2019-09-17 13:41:41.777 22218 RALLYDEBUG rally_openstack.cleanup.manager [-] Deleting neutron.port object s_rally_a3bc222a_Q4upL3L3 (abddd0ae-a180-402d-aa2f-cf15b9b0a084)
2019-09-17 13:41:42.962 22218 RALLYDEBUG rally_openstack.cleanup.manager [-] Deleting neutron.port object s_rally_a3bc222a_Yu2ts8py (acebebef-6585-4886-a385-4854d69d8f0f)
2019-09-17 13:41:43.373 22218 RALLYDEBUG rally_openstack.cleanup.manager [-] Deleting neutron.port object s_rally_a3bc222a_ViAUUWXd (ad0dc3e9-e9d1-40f2-b126-fa07840770da)
2019-09-17 13:41:43.867 22218 RALLYDEBUG rally_openstack.cleanup.manager [-] Deleting neutron.port object s_rally_a3bc222a_kwlUgV4H (ae9ff3ec-07c3-4699-9d9e-740954644485)
2019-09-17 13:41:44.328 22218 RALLYDEBUG rally_openstack.cleanup.manager [-] Deleting neutron.port object s_rally_a3bc222a_tBkFlrrI (aebb4852-1d95-473e-bafb-9e0e8696150a)
2019-09-17 13:41:44.345 22218 RALLYDEBUG rally_openstack.cleanup.manager [-] Deleting neutron.port object s_rally_a3bc222a_E65qynNB (af77d64b-7def-41f5-a6f2-0e2ea066c6a2)
2019-09-17 13:41:44.634 22218 RALLYDEBUG rally_openstack.cleanup.manager [-] Deleting neutron.port object s_rally_a3bc222a_uxDUyk0A (af8d40c2-29a8-43f0-8bff-3c37ccb1fd80)
2019-09-17 13:41:45.903 22218 RALLYDEBUG rally_openstack.cleanup.manager [-] Deleting neutron.port object s_rally_a3bc222a_PHyXNCRN (b0ea9e4b-9cbf-4934-8178-0db3ab5c99ae)
2019-09-17 13:41:45.949 22218 RALLYDEBUG rally_openstack.cleanup.manager [-] Deleting neutron.port object s_rally_a3bc222a_247FRFL9 (b128a5ad-3761-484d-bee4-35aaa40d44c4)
2019-09-17 13:41:45.951 22218 RALLYDEBUG rally_openstack.cleanup.manager [-] Deleting neutron.port object s_rally_a3bc222a_N1Hi8j6n (b1a76f6e-6f2a-498a-b021-bf23a6ab273b)
2019-09-17 13:41:45.998 22218 RALLYDEBUG rally_openstack.cleanup.manager [-] Deleting neutron.port object s_rally_a3bc222a_iHP3s7b1 (b1c07200-0477-4a5d-87ed-968bb489c84b)
2019-09-17 13:41:46.190 22218 RALLYDEBUG rally_openstack.cleanup.manager [-] Deleting neutron.port object s_rally_a3bc222a_shRGdAPp (b239b3c0-54b9-40ad-91fe-424f19f31349)
2019-09-17 13:41:46.292 22218 RALLYDEBUG rally_openstack.cleanup.manager [-] Deleting neutron.port object s_rally_a3bc222a_VESvN26y (b2faf653-2f24-4e98-aee1-2119cffe1695)
2019-09-17 13:41:46.460 22218 RALLYDEBUG rally_openstack.cleanup.manager [-] Deleting neutron.port object s_rally_a3bc222a_Y6mERrsd (b31afc27-3009-4d48-98cb-e2f87619203b)
2019-09-17 13:41:46.535 22218 RALLYDEBUG rally_openstack.cleanup.manager [-] Deleting neutron.port object s_rally_a3bc222a_a2WelObJ (b522f1bb-409e-48dc-88ec-f0da62797bb4)
2019-09-17 13:41:46.702 22218 RALLYDEBUG rally_openstack.cleanup.manager [-] Deleting neutron.port object s_rally_a3bc222a_QuGZKP8s (b617564a-cca1-4751-9fea-45a06933abc3)
2019-09-17 13:41:46.723 22218 RALLYDEBUG rally_openstack.cleanup.manager [-] Deleting neutron.port object s_rally_a3bc222a_nJCM3UsF (b62225a5-0cdd-451c-b35a-1060ba5a003f)
2019-09-17 13:41:46.886 22218 RALLYDEBUG rally_openstack.cleanup.manager [-] Deleting neutron.port object s_rally_a3bc222a_ntzRalVA (b6749ed0-7cc6-4381-b6e0-2735c2ccd81e)
2019-09-17 13:41:47.031 22218 RALLYDEBUG rally_openstack.cleanup.manager [-] Deleting neutron.port object s_rally_a3bc222a_CTVnOP3s (b83a41a2-f793-4dff-8efd-aea5e34de754)
2019-09-17 13:41:47.183 22218 RALLYDEBUG rally_openstack.cleanup.manager [-] Deleting neutron.port object s_rally_a3bc222a_zCkx79sU (b8b440b6-16bc-40bc-98fe-11029b606ac5)
2019-09-17 13:41:48.331 22218 RALLYDEBUG rally_openstack.cleanup.manager [-] Deleting neutron.port object s_rally_a3bc222a_UOiWHoIO (b8c98607-a142-4ebe-9ce9-9b0ddfa3d375)
2019-09-17 13:41:48.410 22218 RALLYDEBUG rally_openstack.cleanup.manager [-] Deleting neutron.port object s_rally_a3bc222a_SHpbC1PW (b98dada9-c162-49cb-8ae6-3b142ef7dc4b)
2019-09-17 13:41:48.436 22218 RALLYDEBUG rally_openstack.cleanup.manager [-] Deleting neutron.port object s_rally_a3bc222a_6qX4hUYp (b9a80830-f570-4f94-adba-f50a2b20119b)
2019-09-17 13:41:49.742 22218 RALLYDEBUG rally_openstack.cleanup.manager [-] Deleting neutron.port object s_rally_a3bc222a_yGeXExUO (b9ee6196-4069-4949-8c16-173c340566fa)
2019-09-17 13:41:49.770 22218 RALLYDEBUG rally_openstack.cleanup.manager [-] Deleting neutron.port object s_rally_a3bc222a_cPxQoy0g (b9f30b0a-8f9f-48c0-adc2-3f27da6fc98c)
2019-09-17 13:41:50.288 22218 RALLYDEBUG rally_openstack.cleanup.manager [-] Deleting neutron.port object s_rally_a3bc222a_M3nN4cce (ba7c849b-a6de-49cb-a6fa-0a37a4119985)
2019-09-17 13:41:50.755 22218 RALLYDEBUG rally_openstack.cleanup.manager [-] Deleting neutron.port object s_rally_a3bc222a_Z2zJM0QJ (ba94cb15-02ff-48c5-ad3a-2207a8c0664a)
2019-09-17 13:41:50.840 22218 RALLYDEBUG rally_openstack.cleanup.manager [-] Deleting neutron.port object s_rally_a3bc222a_xFWc8FtF (badfe4c2-092b-4fd2-a076-d5c1a8b04207)
2019-09-17 13:41:50.854 22218 RALLYDEBUG rally_openstack.cleanup.manager [-] Deleting neutron.port object s_rally_a3bc222a_Os2kEmCl (bb5d9636-101d-42d6-89c6-83e0340fc1c3)
2019-09-17 13:41:50.884 22218 RALLYDEBUG rally_openstack.cleanup.manager [-] Deleting neutron.port object s_rally_a3bc222a_CydS2ZH4 (bc40f2d7-d203-4dbc-94ca-be1ab095373b)
2019-09-17 13:41:50.959 22218 RALLYDEBUG rally_openstack.cleanup.manager [-] Deleting neutron.port object s_rally_a3bc222a_x6FBmAOs (bd10c846-2aee-455c-8f22-d4156f9ac057)
2019-09-17 13:41:50.963 22218 RALLYDEBUG rally_openstack.cleanup.manager [-] Deleting neutron.port object s_rally_a3bc222a_Wsi4mBeT (bd2a8832-d84f-46db-9bf0-4ed58139ef7a)
2019-09-17 13:41:50.982 22218 RALLYDEBUG rally_openstack.cleanup.manager [-] Deleting neutron.port object s_rally_a3bc222a_GuFWn427 (bd2e8abb-dd52-46cd-9e4d-005be894bf06)
2019-09-17 13:41:51.339 22218 RALLYDEBUG rally_openstack.cleanup.manager [-] Deleting neutron.port object s_rally_a3bc222a_2Y6DZcze (bdc5f688-b097-42b8-91a4-d90ed1fa6256)
2019-09-17 13:41:51.792 22218 RALLYDEBUG rally_openstack.cleanup.manager [-] Deleting neutron.port object s_rally_a3bc222a_Veq1B4gT (bdff0eaa-044b-4f2e-9cce-b6b2543db96f)
2019-09-17 13:41:52.175 22218 RALLYDEBUG rally_openstack.cleanup.manager [-] Deleting neutron.port object s_rally_a3bc222a_jM8ZC4fv (bf086586-fc7f-46d6-b00f-dc4dc1c04e59)
2019-09-17 13:41:52.316 22218 RALLYDEBUG rally_openstack.cleanup.manager [-] Deleting neutron.port object s_rally_a3bc222a_6h9G2Rbg (bf1e88a9-099a-4dc8-a357-91309bb5c882)
2019-09-17 13:41:52.492 22218 RALLYDEBUG rally_openstack.cleanup.manager [-] Deleting neutron.port object s_rally_a3bc222a_SmJGLd9g (bf5f6bb1-be09-4d09-9b1e-ee1278330a68)
2019-09-17 13:41:52.494 22218 RALLYDEBUG rally_openstack.cleanup.manager [-] Deleting neutron.port object s_rally_a3bc222a_p6pSLlE1 (bf784624-6333-462c-92d2-818b2ed01fb8)
2019-09-17 13:41:53.241 22218 RALLYDEBUG rally_openstack.cleanup.manager [-] Deleting neutron.port object s_rally_a3bc222a_kfGQ5UvM (bff6dbee-db21-4a9e-b4bd-fd2847344ad7)
2019-09-17 13:41:53.631 22218 RALLYDEBUG rally_openstack.cleanup.manager [-] Deleting neutron.port object s_rally_a3bc222a_gOmYZmji (c106595e-945a-46ad-a11a-d2b408d15c00)
2019-09-17 13:41:54.526 22218 RALLYDEBUG rally_openstack.cleanup.manager [-] Deleting neutron.port object s_rally_a3bc222a_2qVEjCRN (c18f6f74-466c-4b5a-83eb-5cbc7e4930fc)
2019-09-17 13:41:54.701 22218 RALLYDEBUG rally_openstack.cleanup.manager [-] Deleting neutron.port object s_rally_a3bc222a_RmUKXYci (c2ecb6fa-b9e6-40d5-8154-29a5c7ecf5dd)
2019-09-17 13:41:54.791 22218 RALLYDEBUG rally_openstack.cleanup.manager [-] Deleting neutron.port object s_rally_a3bc222a_Rynd7UAW (c3852df5-c694-47b4-943f-29482d50ec0a)
2019-09-17 13:41:55.193 22218 RALLYDEBUG rally_openstack.cleanup.manager [-] Deleting neutron.port object s_rally_a3bc222a_fZX2yRrF (c40d06d1-4f84-49d5-9ab0-d9a1562f1157)
2019-09-17 13:41:55.259 22218 RALLYDEBUG rally_openstack.cleanup.manager [-] Deleting neutron.port object s_rally_a3bc222a_CN0vkcv1 (c6455829-e22f-4e9c-bb0b-7e5c16df4ba4)
2019-09-17 13:41:55.362 22218 RALLYDEBUG rally_openstack.cleanup.manager [-] Deleting neutron.port object s_rally_a3bc222a_zGI0Bt01 (c737729f-dd7d-4777-b238-bfe25730ceed)
2019-09-17 13:41:55.399 22218 RALLYDEBUG rally_openstack.cleanup.manager [-] Deleting neutron.port object s_rally_a3bc222a_KJf2fnPE (c7cececf-25ec-4500-9aec-f3c4db63be4f)
2019-09-17 13:41:55.809 22218 RALLYDEBUG rally_openstack.cleanup.manager [-] Deleting neutron.port object s_rally_a3bc222a_XJB52y20 (c84dd07f-2f19-420e-a050-fad7da9e4e1f)
2019-09-17 13:41:56.127 22218 RALLYDEBUG rally_openstack.cleanup.manager [-] Deleting neutron.port object s_rally_a3bc222a_evFu2Qtt (c9429e43-da63-4aac-ab12-2c29a65e9178)
2019-09-17 13:41:56.142 22218 RALLYDEBUG rally_openstack.cleanup.manager [-] Deleting neutron.port object s_rally_a3bc222a_FwdHm4bm (c94d8308-3780-4d36-b724-d264d4cc128b)
2019-09-17 13:41:56.370 22218 RALLYDEBUG rally_openstack.cleanup.manager [-] Deleting neutron.port object s_rally_a3bc222a_7BATkVyW (ca913f35-dd2c-40d6-a102-3b1c9083cc01)
2019-09-17 13:41:56.983 22218 RALLYDEBUG rally_openstack.cleanup.manager [-] Deleting neutron.port object s_rally_a3bc222a_qxWTUsWo (cc747a06-f037-4651-b29b-981328bb4f06)
2019-09-17 13:41:57.158 22218 RALLYDEBUG rally_openstack.cleanup.manager [-] Deleting neutron.port object s_rally_a3bc222a_0sLLK5SB (cd845d4e-89bb-4af2-80d4-8b4681c82afc)
2019-09-17 13:41:57.249 22218 RALLYDEBUG rally_openstack.cleanup.manager [-] Deleting neutron.port object s_rally_a3bc222a_JE3pb41E (ce5fd6ed-1395-4a9d-856e-4661ec53e0a8)
2019-09-17 13:41:57.829 22218 RALLYDEBUG rally_openstack.cleanup.manager [-] Deleting neutron.port object s_rally_a3bc222a_DadTdEvx (cf4489dd-c46d-4c7c-9dd9-bdc2128d663a)
2019-09-17 13:41:58.404 22218 RALLYDEBUG rally_openstack.cleanup.manager [-] Deleting neutron.port object s_rally_a3bc222a_eXhM2cdD (cf660baa-29b5-46f8-bb15-2afb94e2ee37)
2019-09-17 13:41:58.688 22218 RALLYDEBUG rally_openstack.cleanup.manager [-] Deleting neutron.port object s_rally_a3bc222a_KDb3EMDQ (cfc24da5-e751-4b59-8f0b-a6d654777bbe)
2019-09-17 13:41:59.130 22218 RALLYDEBUG rally_openstack.cleanup.manager [-] Deleting neutron.port object s_rally_a3bc222a_1nhsd1cu (d05af5e3-0986-41ff-8c79-ff222e396dbf)
2019-09-17 13:41:59.377 22218 RALLYDEBUG rally_openstack.cleanup.manager [-] Deleting neutron.port object s_rally_a3bc222a_vjkmECaP (d0bcd236-25c8-4fa5-acbf-73880663e760)
2019-09-17 13:41:59.379 22218 RALLYDEBUG rally_openstack.cleanup.manager [-] Deleting neutron.port object s_rally_a3bc222a_TrKLsNFI (d1e0619b-ee91-4d30-b710-632068648165)
2019-09-17 13:41:59.394 22218 RALLYDEBUG rally_openstack.cleanup.manager [-] Deleting neutron.port object s_rally_a3bc222a_db218YSQ (d408a4b5-b1b3-408b-ac59-c97851c095ef)
2019-09-17 13:41:59.473 22218 RALLYDEBUG rally_openstack.cleanup.manager [-] Deleting neutron.port object s_rally_a3bc222a_N9rB0OdH (d47003b8-a31a-4ff5-a183-906c91327ab0)
2019-09-17 13:41:59.492 22218 RALLYDEBUG rally_openstack.cleanup.manager [-] Deleting neutron.port object s_rally_a3bc222a_zqXiCeoD (d4e6c7fb-cfa5-4008-8d8d-1e6d353879c3)
2019-09-17 13:41:59.858 22218 RALLYDEBUG rally_openstack.cleanup.manager [-] Deleting neutron.port object s_rally_a3bc222a_nMONSfA2 (d766e4f1-ecbd-423c-9dd4-98277f5e0a0e)
2019-09-17 13:42:00.118 22218 RALLYDEBUG rally_openstack.cleanup.manager [-] Deleting neutron.port object s_rally_a3bc222a_loXO6KMD (d7be36c4-ecd1-403d-a37f-6991717fb7f3)
2019-09-17 13:42:00.462 22218 RALLYDEBUG rally_openstack.cleanup.manager [-] Deleting neutron.port object s_rally_a3bc222a_LctJ9VSi (d7d1c898-3f68-4c7e-98e5-10f91adc5a6d)
2019-09-17 13:42:01.078 22218 RALLYDEBUG rally_openstack.cleanup.manager [-] Deleting neutron.port object s_rally_a3bc222a_uK2lFZTA (d803dc67-2f47-49d0-a5f8-4da0d9ffdfdc)
2019-09-17 13:42:01.170 22218 RALLYDEBUG rally_openstack.cleanup.manager [-] Deleting neutron.port object s_rally_a3bc222a_wb3yGWxR (d83a0a9d-9976-4922-bd35-cbdb5fb8bc6a)
2019-09-17 13:42:01.351 22218 RALLYDEBUG rally_openstack.cleanup.manager [-] Deleting neutron.port object s_rally_a3bc222a_WRbrybCO (d85f4824-6e3d-4b68-b987-758fb146d742)
2019-09-17 13:42:01.458 22218 RALLYDEBUG rally_openstack.cleanup.manager [-] Deleting neutron.port object s_rally_a3bc222a_A2ipfrq0 (d903c05d-8bfc-4634-8021-b7a556746daf)
2019-09-17 13:42:01.576 22218 RALLYDEBUG rally_openstack.cleanup.manager [-] Deleting neutron.port object s_rally_a3bc222a_Ry1Qk98F (d93674ec-1386-41b1-865f-162224e21f23)
2019-09-17 13:42:01.887 22218 RALLYDEBUG rally_openstack.cleanup.manager [-] Deleting neutron.port object s_rally_a3bc222a_dL9YrY4C (d99e3367-6147-49ac-a5cf-3c56b1cd8a2c)
2019-09-17 13:42:01.900 22218 RALLYDEBUG rally_openstack.cleanup.manager [-] Deleting neutron.port object s_rally_a3bc222a_XIPJoegJ (db1a2bd6-8874-4774-8183-5fbc3b3df92a)
2019-09-17 13:42:02.129 22218 RALLYDEBUG rally_openstack.cleanup.manager [-] Deleting neutron.port object s_rally_a3bc222a_VLJTyXBS (dd472a9d-8be6-4096-8576-09bbd9e9c0a2)
2019-09-17 13:42:02.254 22218 RALLYDEBUG rally_openstack.cleanup.manager [-] Deleting neutron.port object s_rally_a3bc222a_1i60FE7D (ddd14c30-e84d-47d5-b0e5-1e40ff84241e)
2019-09-17 13:42:02.570 22218 RALLYDEBUG rally_openstack.cleanup.manager [-] Deleting neutron.port object s_rally_a3bc222a_hA2GxrcM (ddddc6ed-027d-4b0c-ac30-b765b8a2ed6c)
2019-09-17 13:42:02.975 22218 RALLYDEBUG rally_openstack.cleanup.manager [-] Deleting neutron.port object s_rally_a3bc222a_VGbJr2k1 (dea283da-c794-41ce-9ee4-073b289e1baf)
2019-09-17 13:42:03.109 22218 RALLYDEBUG rally_openstack.cleanup.manager [-] Deleting neutron.port object s_rally_a3bc222a_z1o4tNfw (dea54bd2-f614-47b9-ae54-58dee0964528)
2019-09-17 13:42:04.416 22218 RALLYDEBUG rally_openstack.cleanup.manager [-] Deleting neutron.port object s_rally_a3bc222a_RTMk2NGe (def07177-b1d8-4e37-9f1f-11a3b5eddf00)
2019-09-17 13:42:04.699 22218 RALLYDEBUG rally_openstack.cleanup.manager [-] Deleting neutron.port object s_rally_a3bc222a_jJ6ociB6 (dfe0269b-5036-409d-8121-a283ce56d597)
2019-09-17 13:42:04.727 22218 RALLYDEBUG rally_openstack.cleanup.manager [-] Deleting neutron.port object s_rally_a3bc222a_0Kz5ZT9U (dffdb2db-7ecc-4858-a262-2d474a6ed2d7)
2019-09-17 13:42:04.844 22218 RALLYDEBUG rally_openstack.cleanup.manager [-] Deleting neutron.port object s_rally_a3bc222a_6JDMf9Oh (e0f95584-6f87-484f-8ceb-b31ecb55a820)
2019-09-17 13:42:05.129 22218 RALLYDEBUG rally_openstack.cleanup.manager [-] Deleting neutron.port object s_rally_a3bc222a_Yt8yKVnB (e111420e-4098-4859-80ae-2d1ead428eb4)
2019-09-17 13:42:05.298 22218 RALLYDEBUG rally_openstack.cleanup.manager [-] Deleting neutron.port object s_rally_a3bc222a_7SUqMVtM (e28848c7-4362-4ed6-9179-c1f5751265a5)
2019-09-17 13:42:06.136 22218 RALLYDEBUG rally_openstack.cleanup.manager [-] Deleting neutron.port object s_rally_a3bc222a_t20HUUOO (e3393a79-224f-4f34-9637-3828e9e77506)
2019-09-17 13:42:06.461 22218 RALLYDEBUG rally_openstack.cleanup.manager [-] Deleting neutron.port object s_rally_a3bc222a_u6VxsuKb (e50e92d1-ea2b-4f0a-a42a-722b910bd02a)
2019-09-17 13:42:06.551 22218 RALLYDEBUG rally_openstack.cleanup.manager [-] Deleting neutron.port object s_rally_a3bc222a_fArrBl7G (e5e9881d-53d9-4889-95a7-6caf3b143422)
2019-09-17 13:42:06.553 22218 RALLYDEBUG rally_openstack.cleanup.manager [-] Deleting neutron.port object s_rally_a3bc222a_Wo4LEBOI (e5fd89bc-83a9-4ade-aacb-8bbc64f94788)
2019-09-17 13:42:06.624 22218 RALLYDEBUG rally_openstack.cleanup.manager [-] Deleting neutron.port object s_rally_a3bc222a_jnFT6al3 (e843a0a1-3832-4836-99b7-ee28cec4201a)
2019-09-17 13:42:06.645 22218 RALLYDEBUG rally_openstack.cleanup.manager [-] Deleting neutron.port object s_rally_a3bc222a_2YzgfiMV (e9d62a3f-a6b4-4eb5-9098-8b15d29795f8)
2019-09-17 13:42:06.955 22218 RALLYDEBUG rally_openstack.cleanup.manager [-] Deleting neutron.port object s_rally_a3bc222a_EL3A7Zp5 (eb8dfa3a-2aa9-4c5a-8a01-aa4c6fe897eb)
2019-09-17 13:42:07.248 22218 RALLYDEBUG rally_openstack.cleanup.manager [-] Deleting neutron.port object s_rally_a3bc222a_C8ar73ww (eba700e6-7966-4368-95eb-7e0c53edca4d)
2019-09-17 13:42:08.057 22218 RALLYDEBUG rally_openstack.cleanup.manager [-] Deleting neutron.port object s_rally_a3bc222a_ygBGpKQ0 (ec05933a-31ee-4ef5-ba50-72df1bbb777a)
2019-09-17 13:42:08.151 22218 RALLYDEBUG rally_openstack.cleanup.manager [-] Deleting neutron.port object s_rally_a3bc222a_Vzftkosf (ecbfc16e-155e-4a0c-97c7-74f4c345d4d5)
2019-09-17 13:42:08.163 22218 RALLYDEBUG rally_openstack.cleanup.manager [-] Deleting neutron.port object s_rally_a3bc222a_p6gF6EX9 (ed7e67c1-35e4-4625-9a65-8ca01972847c)
2019-09-17 13:42:08.275 22218 RALLYDEBUG rally_openstack.cleanup.manager [-] Deleting neutron.port object s_rally_a3bc222a_Q1Na0d5t (ee20cb10-eb6a-4a76-937e-3a86d34e93c1)
2019-09-17 13:42:08.277 22218 RALLYDEBUG rally_openstack.cleanup.manager [-] Deleting neutron.port object s_rally_a3bc222a_arMEDtcX (edf18363-e291-4c20-8e7c-02e25ca55c69)
2019-09-17 13:42:08.377 22218 RALLYDEBUG rally_openstack.cleanup.manager [-] Deleting neutron.port object s_rally_a3bc222a_27255svX (ee63447c-50d2-46f1-b73c-811acab445b7)
2019-09-17 13:42:08.741 22218 RALLYDEBUG rally_openstack.cleanup.manager [-] Deleting neutron.port object s_rally_a3bc222a_kYDhATjf (eeb69c04-80e1-4284-ac74-f96a0cab3761)
2019-09-17 13:42:09.230 22218 RALLYDEBUG rally_openstack.cleanup.manager [-] Deleting neutron.port object s_rally_a3bc222a_cncMpJhZ (eed4a1aa-5f6a-4f19-aaef-e8e39a572412)
2019-09-17 13:42:09.414 22218 RALLYDEBUG rally_openstack.cleanup.manager [-] Deleting neutron.port object s_rally_a3bc222a_CBBpbwxC (ef5ec4cb-04f3-4e1d-a5bc-c5b835f9e6d2)
2019-09-17 13:42:09.430 22218 RALLYDEBUG rally_openstack.cleanup.manager [-] Deleting neutron.port object s_rally_a3bc222a_Azg8zcMf (f050ed1d-4d82-4c35-911e-bfe229003239)
2019-09-17 13:42:09.600 22218 RALLYDEBUG rally_openstack.cleanup.manager [-] Deleting neutron.port object s_rally_a3bc222a_BZ1ZMP0x (f223e680-d50c-4593-a544-b44cfd90f60e)
2019-09-17 13:42:10.877 22218 RALLYDEBUG rally_openstack.cleanup.manager [-] Deleting neutron.port object s_rally_a3bc222a_T8O7YGag (f3305cbb-6237-4294-ace6-1dfec2e59180)
2019-09-17 13:42:11.028 22218 RALLYDEBUG rally_openstack.cleanup.manager [-] Deleting neutron.port object s_rally_a3bc222a_NGxVX60B (f36be636-fe73-4460-89d8-153a1e72d8c4)
2019-09-17 13:42:11.240 22218 RALLYDEBUG rally_openstack.cleanup.manager [-] Deleting neutron.port object s_rally_a3bc222a_PM8cGiWy (f4171770-8a67-415a-ab27-ecd21ead20f7)
2019-09-17 13:42:11.602 22218 RALLYDEBUG rally_openstack.cleanup.manager [-] Deleting neutron.port object s_rally_a3bc222a_AV0LRVwW (f46085d1-637e-4e94-87b9-a7455ef63d79)
2019-09-17 13:42:12.012 22218 RALLYDEBUG rally_openstack.cleanup.manager [-] Deleting neutron.port object s_rally_a3bc222a_a8t5GNY4 (f7e46001-f204-4ead-b8a9-868fbe200207)
2019-09-17 13:42:12.028 22218 RALLYDEBUG rally_openstack.cleanup.manager [-] Deleting neutron.port object s_rally_a3bc222a_eGRGeocT (f8725cc9-dd89-4482-8f5f-de9ae4246081)
2019-09-17 13:42:12.766 22218 RALLYDEBUG rally_openstack.cleanup.manager [-] Deleting neutron.port object s_rally_a3bc222a_wiv0ZQol (f8c7bab9-77b1-489d-8fda-75c03d31be00)
2019-09-17 13:42:12.976 22218 RALLYDEBUG rally_openstack.cleanup.manager [-] Deleting neutron.port object s_rally_a3bc222a_9zDVJnMi (f9ce667c-e83e-406c-8dc2-2b60d223d491)
2019-09-17 13:42:13.011 22218 RALLYDEBUG rally_openstack.cleanup.manager [-] Deleting neutron.port object s_rally_a3bc222a_XVeGDiO6 (fa6fcbea-aaf8-4992-9a8c-c9b0eb27472f)
2019-09-17 13:42:13.195 22218 RALLYDEBUG rally_openstack.cleanup.manager [-] Deleting neutron.port object s_rally_a3bc222a_TyjEuRdv (fab6446c-7553-42c4-b879-ca047faac896)
2019-09-17 13:42:13.344 22218 RALLYDEBUG rally_openstack.cleanup.manager [-] Deleting neutron.port object s_rally_a3bc222a_p6hJd1u4 (fadcbb07-2080-4d63-8b1a-8f0e705f066e)
2019-09-17 13:42:13.677 22218 RALLYDEBUG rally_openstack.cleanup.manager [-] Deleting neutron.port object s_rally_a3bc222a_r5SFFedM (fc664f87-6a74-480b-85bb-21ecb0a70b3e)
2019-09-17 13:42:14.118 22218 RALLYDEBUG rally_openstack.cleanup.manager [-] Deleting neutron.port object s_rally_a3bc222a_mIeRJEnU (fd6d0704-8a50-4676-bb16-117a6474aad9)
2019-09-17 13:42:14.464 22218 RALLYDEBUG rally_openstack.cleanup.manager [-] Deleting neutron.port object s_rally_a3bc222a_gGQ6DNpf (fe167b47-d147-41f9-a783-8b664f93e943)
2019-09-17 13:42:14.470 22218 RALLYDEBUG rally_openstack.cleanup.manager [-] Deleting neutron.port object s_rally_a3bc222a_ueHXyaxh (fe9eddf8-53ad-4798-a14c-8174621cf512)
2019-09-17 13:42:14.569 22218 RALLYDEBUG rally_openstack.cleanup.manager [-] Deleting neutron.port object s_rally_a3bc222a_oHrX8NUv (fed316af-03d7-473b-915c-7480d9495f77)
2019-09-17 13:42:14.902 22218 RALLYDEBUG rally_openstack.cleanup.manager [-] Deleting neutron.port object s_rally_a3bc222a_ojCtoqGW (ff0a9f30-eca1-46fc-838f-644c963552a5)
2019-09-17 13:42:15.314 22218 RALLYDEBUG rally_openstack.cleanup.manager [-] Deleting neutron.port object s_rally_a3bc222a_kDKG7cRh (ff35509f-790c-43b2-bfa0-459ec19aebd3)
2019-09-17 13:42:15.651 22218 RALLYDEBUG rally_openstack.cleanup.manager [-] Deleting neutron.port object s_rally_a3bc222a_ndNyKKgA (ff8888b7-b1fb-4d42-b4e0-2afd611f5c5c)
2019-09-17 13:42:18.636 22218 RALLYDEBUG rally_openstack.cleanup.manager [-] Cleaning up neutron subnet objects
2019-09-17 13:42:19.104 22218 RALLYDEBUG rally_openstack.cleanup.manager [-] Cleaning up neutron network objects
2019-09-17 13:42:20.025 22218 RALLYDEBUG rally_openstack.cleanup.manager [-] Deleting neutron.network object s_rally_a3bc222a_G3ENL33N (2bde4ea8-22a5-4c3b-88ff-1c0e0812d762)
2019-09-17 13:42:20.029 22218 RALLYDEBUG rally_openstack.cleanup.manager [-] Deleting neutron.network object s_rally_a3bc222a_YO32YUXu (426969ce-5b45-4a85-be2f-6ddb0632adc6)
2019-09-17 13:42:20.033 22218 RALLYDEBUG rally_openstack.cleanup.manager [-] Deleting neutron.network object s_rally_a3bc222a_lMjhDAvY (46bf5c94-6fbe-4201-847b-8ee86895c60e)
2019-09-17 13:42:20.039 22218 RALLYDEBUG rally_openstack.cleanup.manager [-] Deleting neutron.network object s_rally_a3bc222a_6tbc5fJv (a46dae64-b64c-4e5d-8779-69f38568afa6)
2019-09-17 13:42:20.041 22218 RALLYDEBUG rally_openstack.cleanup.manager [-] Deleting neutron.network object s_rally_a3bc222a_mLZTIrut (ae02d392-5381-42f5-9055-892152440563)
2019-09-17 13:42:20.050 22218 RALLYDEBUG rally_openstack.cleanup.manager [-] Deleting neutron.network object s_rally_a3bc222a_7XiVwgfq (b0f96705-b3af-4119-8700-6b529be49566)
2019-09-17 13:42:20.060 22218 RALLYDEBUG rally_openstack.cleanup.manager [-] Deleting neutron.network object s_rally_a3bc222a_JnVQ4ZMQ (f16c4a20-cc94-4054-a7f3-e8ba0704448d)
2019-09-17 13:42:20.061 22218 RALLYDEBUG rally_openstack.cleanup.manager [-] Deleting neutron.network object s_rally_a3bc222a_zu6HgBwN (dab52e71-1f37-4be4-8219-3ec3e8aa6f1e)
2019-09-17 13:42:25.270 22218 RALLYDEBUG rally_openstack.cleanup.manager [-] Cleaning up neutron router objects
2019-09-17 13:42:25.787 22218 RALLYDEBUG rally_openstack.cleanup.manager [-] Cleaning up neutron security_group objects
2019-09-17 13:42:26.306 22218 INFO rally.task.context [-] Task 1ea46657-b6b7-4aa0-a90e-15adc81350fd | Context cleanup@openstack cleanup() finished in 1.98 min
2019-09-17 13:42:26.307 22218 INFO rally.task.context [-] Task 1ea46657-b6b7-4aa0-a90e-15adc81350fd | Context quotas@openstack cleanup() started
2019-09-17 13:42:26.324 22218 INFO rally.task.context [-] Task 1ea46657-b6b7-4aa0-a90e-15adc81350fd | Context quotas@openstack cleanup() finished in 16.91 msec
2019-09-17 13:42:26.324 22218 INFO rally.task.context [-] Task 1ea46657-b6b7-4aa0-a90e-15adc81350fd | Context users@openstack cleanup() started
2019-09-17 13:42:29.473 22218 INFO rally.task.context [-] Task 1ea46657-b6b7-4aa0-a90e-15adc81350fd | Context users@openstack cleanup() finished in 3.15 sec
2019-09-17 13:42:29.808 22218 INFO rally.task.engine [-] Load duration is: 111.199307
2019-09-17 13:42:29.809 22218 INFO rally.task.engine [-] Full runner duration is: 111.236858
2019-09-17 13:42:29.809 22218 INFO rally.task.engine [-] Full duration is: 236.45485
2019-09-17 13:42:29.880 22218 INFO rally.task.engine [-] Running workload: position = 1 config = { "version": 2, "title": "A cropped version of a bigger task.", "description": "Auto-generated task from a single workload (uuid=4f705fbf-a678-460b-b13d-835802648c4d)", "subtasks": [ { "title": "NeutronNetworks.create_and_update_ports", "description": "Create and update a given number of ports.", "scenario": { "NeutronNetworks.create_and_update_ports": { "network_create_args": {}, "port_create_args": {}, "ports_per_network": 5, "port_update_args": { "admin_state_up": false, "device_id": "dummy_id", "device_owner": "dummy_owner", "name": "_port_updated" } } }, "contexts": { "users": { "tenants": 1, "users_per_tenant": 1 }, "quotas": { "neutron": { "network": -1, "port": -1 } } }, "runner": { "constant": { "times": 40, "concurrency": 20 } }, "hooks": [], "sla": { "failure_rate": { "max": 0 } } } ] }
2019-09-17 13:42:29.891 22218 RALLYDEBUG rally_openstack.contexts.keystone.users [-] Creating 1 tenants using 20 threads
2019-09-17 13:42:30.959 22218 RALLYDEBUG rally_openstack.contexts.keystone.users [-] Creating 1 users using 20 threads
2019-09-17 13:42:32.662 22218 INFO rally.task.context [-] Task 1ea46657-b6b7-4aa0-a90e-15adc81350fd | Context users@openstack setup() finished in 2.77 sec
2019-09-17 13:42:33.273 22218 INFO rally.task.context [-] Task 1ea46657-b6b7-4aa0-a90e-15adc81350fd | Context quotas@openstack setup() finished in 0.61 sec
2019-09-17 13:42:33.273 22218 INFO rally.task.context [-] Task 1ea46657-b6b7-4aa0-a90e-15adc81350fd | Context cleanup@openstack setup() finished in 0.00 msec
2019-09-17 13:42:33.278 22218 RALLYDEBUG rally.task.runner [-] Starting the constant runner (task UUID: 1ea46657-b6b7-4aa0-a90e-15adc81350fd). timeout: 0 concurrency: 20 concurrency_per_worker: 1 times: 40 concurrency_overhead: 0 processes_to_start: 20 max_cpu_used: 40
2019-09-17 13:42:33.287 26203 RALLYDEBUG rally.task.runner [-] Starting a worker. concurrency: 1 args: {"network_create_args": {}, "port_create_args": {}, "ports_per_network": 5, "port_update_args": {"admin_state_up": false, "device_id": "dummy_id", "device_owner": "dummy_owner", "name": "_port_updated"}} times: 40 method_name: run timeout: 0 duration: None cls:
2019-09-17 13:42:33.289 26204 RALLYDEBUG rally.task.runner [-] Starting a worker. concurrency: 1 args: {"network_create_args": {}, "port_create_args": {}, "ports_per_network": 5, "port_update_args": {"admin_state_up": false, "device_id": "dummy_id", "device_owner": "dummy_owner", "name": "_port_updated"}} times: 40 method_name: run timeout: 0 duration: None cls:
2019-09-17 13:42:33.290 26205 RALLYDEBUG rally.task.runner [-] Starting a worker. concurrency: 1 args: {"network_create_args": {}, "port_create_args": {}, "ports_per_network": 5, "port_update_args": {"admin_state_up": false, "device_id": "dummy_id", "device_owner": "dummy_owner", "name": "_port_updated"}} times: 40 method_name: run timeout: 0 duration: None cls:
2019-09-17 13:42:33.291 26203 INFO rally.task.runner [-] Task 1ea46657-b6b7-4aa0-a90e-15adc81350fd | ITER: 1 START
2019-09-17 13:42:33.292 26203 WARNING rally_openstack.scenarios.neutron.utils [-] Running this scenario without either the 'network' or 'existing_network' context is deprecated
2019-09-17 13:42:33.292 26204 INFO rally.task.runner [-] Task 1ea46657-b6b7-4aa0-a90e-15adc81350fd | ITER: 2 START
2019-09-17 13:42:33.292 26206 RALLYDEBUG rally.task.runner [-] Starting a worker. concurrency: 1 args: {"network_create_args": {}, "port_create_args": {}, "ports_per_network": 5, "port_update_args": {"admin_state_up": false, "device_id": "dummy_id", "device_owner": "dummy_owner", "name": "_port_updated"}} times: 40 method_name: run timeout: 0 duration: None cls:
2019-09-17 13:42:33.293 26204 WARNING rally_openstack.scenarios.neutron.utils [-] Running this scenario without either the 'network' or 'existing_network' context is deprecated
2019-09-17 13:42:33.294 26205 INFO rally.task.runner [-] Task 1ea46657-b6b7-4aa0-a90e-15adc81350fd | ITER: 3 START
2019-09-17 13:42:33.294 26205 WARNING rally_openstack.scenarios.neutron.utils [-] Running this scenario without either the 'network' or 'existing_network' context is deprecated
2019-09-17 13:42:33.294 26209 RALLYDEBUG rally.task.runner [-] Starting a worker. concurrency: 1 args: {"network_create_args": {}, "port_create_args": {}, "ports_per_network": 5, "port_update_args": {"admin_state_up": false, "device_id": "dummy_id", "device_owner": "dummy_owner", "name": "_port_updated"}} times: 40 method_name: run timeout: 0 duration: None cls:
2019-09-17 13:42:33.296 26206 INFO rally.task.runner [-] Task 1ea46657-b6b7-4aa0-a90e-15adc81350fd | ITER: 4 START
2019-09-17 13:42:33.296 26206 WARNING rally_openstack.scenarios.neutron.utils [-] Running this scenario without either the 'network' or 'existing_network' context is deprecated
2019-09-17 13:42:33.296 26213 RALLYDEBUG rally.task.runner [-] Starting a worker. concurrency: 1 args: {"network_create_args": {}, "port_create_args": {}, "ports_per_network": 5, "port_update_args": {"admin_state_up": false, "device_id": "dummy_id", "device_owner": "dummy_owner", "name": "_port_updated"}} times: 40 method_name: run timeout: 0 duration: None cls:
2019-09-17 13:42:33.298 26209 INFO rally.task.runner [-] Task 1ea46657-b6b7-4aa0-a90e-15adc81350fd | ITER: 5 START
2019-09-17 13:42:33.299 26209 WARNING rally_openstack.scenarios.neutron.utils [-] Running this scenario without either the 'network' or 'existing_network' context is deprecated
2019-09-17 13:42:33.298 26216 RALLYDEBUG rally.task.runner [-] Starting a worker. concurrency: 1 args: {"network_create_args": {}, "port_create_args": {}, "ports_per_network": 5, "port_update_args": {"admin_state_up": false, "device_id": "dummy_id", "device_owner": "dummy_owner", "name": "_port_updated"}} times: 40 method_name: run timeout: 0 duration: None cls:
2019-09-17 13:42:33.299 26213 INFO rally.task.runner [-] Task 1ea46657-b6b7-4aa0-a90e-15adc81350fd | ITER: 6 START
2019-09-17 13:42:33.300 26213 WARNING rally_openstack.scenarios.neutron.utils [-] Running this scenario without either the 'network' or 'existing_network' context is deprecated
2019-09-17 13:42:33.301 26220 RALLYDEBUG rally.task.runner [-] Starting a worker. concurrency: 1 args: {"network_create_args": {}, "port_create_args": {}, "ports_per_network": 5, "port_update_args": {"admin_state_up": false, "device_id": "dummy_id", "device_owner": "dummy_owner", "name": "_port_updated"}} times: 40 method_name: run timeout: 0 duration: None cls:
2019-09-17 13:42:33.302 26216 INFO rally.task.runner [-] Task 1ea46657-b6b7-4aa0-a90e-15adc81350fd | ITER: 7 START
2019-09-17 13:42:33.303 26216 WARNING rally_openstack.scenarios.neutron.utils [-] Running this scenario without either the 'network' or 'existing_network' context is deprecated
2019-09-17 13:42:33.305 26220 INFO rally.task.runner [-] Task 1ea46657-b6b7-4aa0-a90e-15adc81350fd | ITER: 8 START
2019-09-17 13:42:33.305 26220 WARNING rally_openstack.scenarios.neutron.utils [-] Running this scenario without either the 'network' or 'existing_network' context is deprecated
2019-09-17 13:42:33.306 26225 RALLYDEBUG rally.task.runner [-] Starting a worker. concurrency: 1 args: {"network_create_args": {}, "port_create_args": {}, "ports_per_network": 5, "port_update_args": {"admin_state_up": false, "device_id": "dummy_id", "device_owner": "dummy_owner", "name": "_port_updated"}} times: 40 method_name: run timeout: 0 duration: None cls:
2019-09-17 13:42:33.310 26228 RALLYDEBUG rally.task.runner [-] Starting a worker. concurrency: 1 args: {"network_create_args": {}, "port_create_args": {}, "ports_per_network": 5, "port_update_args": {"admin_state_up": false, "device_id": "dummy_id", "device_owner": "dummy_owner", "name": "_port_updated"}} times: 40 method_name: run timeout: 0 duration: None cls:
2019-09-17 13:42:33.311 26225 INFO rally.task.runner [-] Task 1ea46657-b6b7-4aa0-a90e-15adc81350fd | ITER: 9 START
2019-09-17 13:42:33.312 26225 WARNING rally_openstack.scenarios.neutron.utils [-] Running this scenario without either the 'network' or 'existing_network' context is deprecated
2019-09-17 13:42:33.314 26228 INFO rally.task.runner [-] Task 1ea46657-b6b7-4aa0-a90e-15adc81350fd | ITER: 10 START
2019-09-17 13:42:33.315 26228 WARNING rally_openstack.scenarios.neutron.utils [-] Running this scenario without either the 'network' or 'existing_network' context is deprecated
2019-09-17 13:42:33.315 26231 RALLYDEBUG rally.task.runner [-] Starting a worker. concurrency: 1 args: {"network_create_args": {}, "port_create_args": {}, "ports_per_network": 5, "port_update_args": {"admin_state_up": false, "device_id": "dummy_id", "device_owner": "dummy_owner", "name": "_port_updated"}} times: 40 method_name: run timeout: 0 duration: None cls:
2019-09-17 13:42:33.319 26231 INFO rally.task.runner [-] Task 1ea46657-b6b7-4aa0-a90e-15adc81350fd | ITER: 11 START
2019-09-17 13:42:33.318 26234 RALLYDEBUG rally.task.runner [-] Starting a worker. concurrency: 1 args: {"network_create_args": {}, "port_create_args": {}, "ports_per_network": 5, "port_update_args": {"admin_state_up": false, "device_id": "dummy_id", "device_owner": "dummy_owner", "name": "_port_updated"}} times: 40 method_name: run timeout: 0 duration: None cls:
2019-09-17 13:42:33.319 26231 WARNING rally_openstack.scenarios.neutron.utils [-] Running this scenario without either the 'network' or 'existing_network' context is deprecated
2019-09-17 13:42:33.321 26235 RALLYDEBUG rally.task.runner [-] Starting a worker. concurrency: 1 args: {"network_create_args": {}, "port_create_args": {}, "ports_per_network": 5, "port_update_args": {"admin_state_up": false, "device_id": "dummy_id", "device_owner": "dummy_owner", "name": "_port_updated"}} times: 40 method_name: run timeout: 0 duration: None cls:
2019-09-17 13:42:33.322 26234 INFO rally.task.runner [-] Task 1ea46657-b6b7-4aa0-a90e-15adc81350fd | ITER: 12 START
2019-09-17 13:42:33.323 26234 WARNING rally_openstack.scenarios.neutron.utils [-] Running this scenario without either the 'network' or 'existing_network' context is deprecated
2019-09-17 13:42:33.324 26238 RALLYDEBUG rally.task.runner [-] Starting a worker. concurrency: 1 args: {"network_create_args": {}, "port_create_args": {}, "ports_per_network": 5, "port_update_args": {"admin_state_up": false, "device_id": "dummy_id", "device_owner": "dummy_owner", "name": "_port_updated"}} times: 40 method_name: run timeout: 0 duration: None cls:
2019-09-17 13:42:33.325 26235 INFO rally.task.runner [-] Task 1ea46657-b6b7-4aa0-a90e-15adc81350fd | ITER: 13 START
2019-09-17 13:42:33.325 26235 WARNING rally_openstack.scenarios.neutron.utils [-] Running this scenario without either the 'network' or 'existing_network' context is deprecated
2019-09-17 13:42:33.327 26238 INFO rally.task.runner [-] Task 1ea46657-b6b7-4aa0-a90e-15adc81350fd | ITER: 14 START
2019-09-17 13:42:33.328 26238 WARNING rally_openstack.scenarios.neutron.utils [-] Running this scenario without either the 'network' or 'existing_network' context is deprecated
2019-09-17 13:42:33.328 26241 RALLYDEBUG rally.task.runner [-] Starting a worker. concurrency: 1 args: {"network_create_args": {}, "port_create_args": {}, "ports_per_network": 5, "port_update_args": {"admin_state_up": false, "device_id": "dummy_id", "device_owner": "dummy_owner", "name": "_port_updated"}} times: 40 method_name: run timeout: 0 duration: None cls:
2019-09-17 13:42:33.331 26246 RALLYDEBUG rally.task.runner [-] Starting a worker. concurrency: 1 args: {"network_create_args": {}, "port_create_args": {}, "ports_per_network": 5, "port_update_args": {"admin_state_up": false, "device_id": "dummy_id", "device_owner": "dummy_owner", "name": "_port_updated"}} times: 40 method_name: run timeout: 0 duration: None cls:
2019-09-17 13:42:33.332 26241 INFO rally.task.runner [-] Task 1ea46657-b6b7-4aa0-a90e-15adc81350fd | ITER: 15 START
2019-09-17 13:42:33.333 26241 WARNING rally_openstack.scenarios.neutron.utils [-] Running this scenario without either the 'network' or 'existing_network' context is deprecated
2019-09-17 13:42:33.334 26246 INFO rally.task.runner [-] Task 1ea46657-b6b7-4aa0-a90e-15adc81350fd | ITER: 16 START
2019-09-17 13:42:33.335 26246 WARNING rally_openstack.scenarios.neutron.utils [-] Running this scenario without either the 'network' or 'existing_network' context is deprecated
2019-09-17 13:42:33.336 26249 RALLYDEBUG rally.task.runner [-] Starting a worker. concurrency: 1 args: {"network_create_args": {}, "port_create_args": {}, "ports_per_network": 5, "port_update_args": {"admin_state_up": false, "device_id": "dummy_id", "device_owner": "dummy_owner", "name": "_port_updated"}} times: 40 method_name: run timeout: 0 duration: None cls:
2019-09-17 13:42:33.339 26252 RALLYDEBUG rally.task.runner [-] Starting a worker. concurrency: 1 args: {"network_create_args": {}, "port_create_args": {}, "ports_per_network": 5, "port_update_args": {"admin_state_up": false, "device_id": "dummy_id", "device_owner": "dummy_owner", "name": "_port_updated"}} times: 40 method_name: run timeout: 0 duration: None cls:
2019-09-17 13:42:33.340 26249 INFO rally.task.runner [-] Task 1ea46657-b6b7-4aa0-a90e-15adc81350fd | ITER: 17 START
2019-09-17 13:42:33.341 26249 WARNING rally_openstack.scenarios.neutron.utils [-] Running this scenario without either the 'network' or 'existing_network' context is deprecated
2019-09-17 13:42:33.343 26252 INFO rally.task.runner [-] Task 1ea46657-b6b7-4aa0-a90e-15adc81350fd | ITER: 18 START
2019-09-17 13:42:33.343 26252 WARNING rally_openstack.scenarios.neutron.utils [-] Running this scenario without either the 'network' or 'existing_network' context is deprecated
2019-09-17 13:42:33.344 26254 RALLYDEBUG rally.task.runner [-] Starting a worker. concurrency: 1 args: {"network_create_args": {}, "port_create_args": {}, "ports_per_network": 5, "port_update_args": {"admin_state_up": false, "device_id": "dummy_id", "device_owner": "dummy_owner", "name": "_port_updated"}} times: 40 method_name: run timeout: 0 duration: None cls:
2019-09-17 13:42:33.348 26254 INFO rally.task.runner [-] Task 1ea46657-b6b7-4aa0-a90e-15adc81350fd | ITER: 19 START
2019-09-17 13:42:33.349 26254 WARNING rally_openstack.scenarios.neutron.utils [-] Running this scenario without either the 'network' or 'existing_network' context is deprecated
2019-09-17 13:42:33.348 26258 RALLYDEBUG rally.task.runner [-] Starting a worker. concurrency: 1 args: {"network_create_args": {}, "port_create_args": {}, "ports_per_network": 5, "port_update_args": {"admin_state_up": false, "device_id": "dummy_id", "device_owner": "dummy_owner", "name": "_port_updated"}} times: 40 method_name: run timeout: 0 duration: None cls:
2019-09-17 13:42:33.352 26258 INFO rally.task.runner [-] Task 1ea46657-b6b7-4aa0-a90e-15adc81350fd | ITER: 20 START
2019-09-17 13:42:33.352 26258 WARNING rally_openstack.scenarios.neutron.utils [-] Running this scenario without either the 'network' or 'existing_network' context is deprecated
2019-09-17 13:42:58.309 26206 INFO rally.task.runner [-] Task 1ea46657-b6b7-4aa0-a90e-15adc81350fd | ITER: 4 END: OK
2019-09-17 13:42:58.313 26206 INFO rally.task.runner [-] Task 1ea46657-b6b7-4aa0-a90e-15adc81350fd | ITER: 21 START
2019-09-17 13:42:58.314 26206 WARNING rally_openstack.scenarios.neutron.utils [-] Running this scenario without either the 'network' or 'existing_network' context is deprecated
2019-09-17 13:43:00.143 26204 INFO rally.task.runner [-] Task 1ea46657-b6b7-4aa0-a90e-15adc81350fd | ITER: 2 END: OK
2019-09-17 13:43:00.145 26204 INFO rally.task.runner [-] Task 1ea46657-b6b7-4aa0-a90e-15adc81350fd | ITER: 22 START
2019-09-17 13:43:00.146 26204 WARNING rally_openstack.scenarios.neutron.utils [-] Running this scenario without either the 'network' or 'existing_network' context is deprecated
2019-09-17 13:43:03.732 26225 INFO rally.task.runner [-] Task 1ea46657-b6b7-4aa0-a90e-15adc81350fd | ITER: 9 END: OK
2019-09-17 13:43:03.735 26225 INFO rally.task.runner [-] Task 1ea46657-b6b7-4aa0-a90e-15adc81350fd | ITER: 23 START
2019-09-17 13:43:03.735 26225 WARNING rally_openstack.scenarios.neutron.utils [-] Running this scenario without either the 'network' or 'existing_network' context is deprecated
2019-09-17 13:43:04.159 26228 INFO rally.task.runner [-] Task 1ea46657-b6b7-4aa0-a90e-15adc81350fd | ITER: 10 END: OK
2019-09-17 13:43:04.161 26228 INFO rally.task.runner [-] Task 1ea46657-b6b7-4aa0-a90e-15adc81350fd | ITER: 24 START
2019-09-17 13:43:04.162 26228 WARNING rally_openstack.scenarios.neutron.utils [-] Running this scenario without either the 'network' or 'existing_network' context is deprecated
2019-09-17 13:43:04.301 26234 INFO rally.task.runner [-] Task 1ea46657-b6b7-4aa0-a90e-15adc81350fd | ITER: 12 END: OK
2019-09-17 13:43:04.304 26234 INFO rally.task.runner [-] Task 1ea46657-b6b7-4aa0-a90e-15adc81350fd | ITER: 25 START
2019-09-17 13:43:04.304 26234 WARNING rally_openstack.scenarios.neutron.utils [-] Running this scenario without either the 'network' or 'existing_network' context is deprecated
2019-09-17 13:43:07.115 26213 INFO rally.task.runner [-] Task 1ea46657-b6b7-4aa0-a90e-15adc81350fd | ITER: 6 END: OK
2019-09-17 13:43:07.117 26213 INFO rally.task.runner [-] Task 1ea46657-b6b7-4aa0-a90e-15adc81350fd | ITER: 26 START
2019-09-17 13:43:07.118 26213 WARNING rally_openstack.scenarios.neutron.utils [-] Running this scenario without either the 'network' or 'existing_network' context is deprecated
2019-09-17 13:43:08.254 26209 INFO rally.task.runner [-] Task 1ea46657-b6b7-4aa0-a90e-15adc81350fd | ITER: 5 END: OK
2019-09-17 13:43:08.256 26209 INFO rally.task.runner [-] Task 1ea46657-b6b7-4aa0-a90e-15adc81350fd | ITER: 27 START
2019-09-17 13:43:08.257 26209 WARNING rally_openstack.scenarios.neutron.utils [-] Running this scenario without either the 'network' or 'existing_network' context is deprecated
2019-09-17 13:43:08.892 26205 INFO rally.task.runner [-] Task 1ea46657-b6b7-4aa0-a90e-15adc81350fd | ITER: 3 END: OK
2019-09-17 13:43:08.895 26205 INFO rally.task.runner [-] Task 1ea46657-b6b7-4aa0-a90e-15adc81350fd | ITER: 28 START
2019-09-17 13:43:08.895 26205 WARNING rally_openstack.scenarios.neutron.utils [-] Running this scenario without either the 'network' or 'existing_network' context is deprecated
2019-09-17 13:43:10.839 26216 INFO rally.task.runner [-] Task 1ea46657-b6b7-4aa0-a90e-15adc81350fd | ITER: 7 END: OK
2019-09-17 13:43:10.842 26216 INFO rally.task.runner [-] Task 1ea46657-b6b7-4aa0-a90e-15adc81350fd | ITER: 29 START
2019-09-17 13:43:10.842 26216 WARNING rally_openstack.scenarios.neutron.utils [-] Running this scenario without either the 'network' or 'existing_network' context is deprecated
2019-09-17 13:43:10.879 26203 INFO rally.task.runner [-] Task 1ea46657-b6b7-4aa0-a90e-15adc81350fd | ITER: 1 END: OK
2019-09-17 13:43:10.882 26203 INFO rally.task.runner [-] Task 1ea46657-b6b7-4aa0-a90e-15adc81350fd | ITER: 30 START
2019-09-17 13:43:10.883 26203 WARNING rally_openstack.scenarios.neutron.utils [-] Running this scenario without either the 'network' or 'existing_network' context is deprecated
2019-09-17 13:43:16.217 26252 INFO rally.task.runner [-] Task 1ea46657-b6b7-4aa0-a90e-15adc81350fd | ITER: 18 END: OK
2019-09-17 13:43:16.221 26252 INFO rally.task.runner [-] Task 1ea46657-b6b7-4aa0-a90e-15adc81350fd | ITER: 31 START
2019-09-17 13:43:16.221 26252 WARNING rally_openstack.scenarios.neutron.utils [-] Running this scenario without either the 'network' or 'existing_network' context is deprecated
2019-09-17 13:43:16.560 26254 INFO rally.task.runner [-] Task 1ea46657-b6b7-4aa0-a90e-15adc81350fd | ITER: 19 END: OK
2019-09-17 13:43:16.562 26254 INFO rally.task.runner [-] Task 1ea46657-b6b7-4aa0-a90e-15adc81350fd | ITER: 32 START
2019-09-17 13:43:16.563 26254 WARNING rally_openstack.scenarios.neutron.utils [-] Running this scenario without either the 'network' or 'existing_network' context is deprecated
2019-09-17 13:43:17.536 26258 INFO rally.task.runner [-] Task 1ea46657-b6b7-4aa0-a90e-15adc81350fd | ITER: 20 END: OK
2019-09-17 13:43:17.539 26258 INFO rally.task.runner [-] Task 1ea46657-b6b7-4aa0-a90e-15adc81350fd | ITER: 33 START
2019-09-17 13:43:17.539 26258 WARNING rally_openstack.scenarios.neutron.utils [-] Running this scenario without either the 'network' or 'existing_network' context is deprecated
2019-09-17 13:43:22.776 26241 INFO rally.task.runner [-] Task 1ea46657-b6b7-4aa0-a90e-15adc81350fd | ITER: 15 END: OK
2019-09-17 13:43:22.780 26241 INFO rally.task.runner [-] Task 1ea46657-b6b7-4aa0-a90e-15adc81350fd | ITER: 34 START
2019-09-17 13:43:22.781 26241 WARNING rally_openstack.scenarios.neutron.utils [-] Running this scenario without either the 'network' or 'existing_network' context is deprecated
2019-09-17 13:43:24.237 26225 INFO rally.task.runner [-] Task 1ea46657-b6b7-4aa0-a90e-15adc81350fd | ITER: 23 END: OK
2019-09-17 13:43:24.240 26225 INFO rally.task.runner [-] Task 1ea46657-b6b7-4aa0-a90e-15adc81350fd | ITER: 35 START
2019-09-17 13:43:24.240 26225 WARNING rally_openstack.scenarios.neutron.utils [-] Running this scenario without either the 'network' or 'existing_network' context is deprecated
2019-09-17 13:43:26.986 26235 INFO rally.task.runner [-] Task 1ea46657-b6b7-4aa0-a90e-15adc81350fd | ITER: 13 END: OK
2019-09-17 13:43:26.993 26235 INFO rally.task.runner [-] Task 1ea46657-b6b7-4aa0-a90e-15adc81350fd | ITER: 36 START
2019-09-17 13:43:26.994 26235 WARNING rally_openstack.scenarios.neutron.utils [-] Running this scenario without either the 'network' or 'existing_network' context is deprecated
2019-09-17 13:43:28.314 26206 INFO rally.task.runner [-] Task 1ea46657-b6b7-4aa0-a90e-15adc81350fd | ITER: 21 END: OK
2019-09-17 13:43:28.319 26206 INFO rally.task.runner [-] Task 1ea46657-b6b7-4aa0-a90e-15adc81350fd | ITER: 37 START
2019-09-17 13:43:28.319 26206 WARNING rally_openstack.scenarios.neutron.utils [-] Running this scenario without either the 'network' or 'existing_network' context is deprecated
2019-09-17 13:43:29.152 26246 INFO rally.task.runner [-] Task 1ea46657-b6b7-4aa0-a90e-15adc81350fd | ITER: 16 END: OK
2019-09-17 13:43:29.159 26246 INFO rally.task.runner [-] Task 1ea46657-b6b7-4aa0-a90e-15adc81350fd | ITER: 38 START
2019-09-17 13:43:29.159 26246 WARNING rally_openstack.scenarios.neutron.utils [-] Running this scenario without either the 'network' or 'existing_network' context is deprecated
2019-09-17 13:43:29.802 26204 INFO rally.task.runner [-] Task 1ea46657-b6b7-4aa0-a90e-15adc81350fd | ITER: 22 END: OK
2019-09-17 13:43:29.805 26204 INFO rally.task.runner [-] Task 1ea46657-b6b7-4aa0-a90e-15adc81350fd | ITER: 39 START
2019-09-17 13:43:29.806 26204 WARNING rally_openstack.scenarios.neutron.utils [-] Running this scenario without either the 'network' or 'existing_network' context is deprecated
2019-09-17 13:43:30.427 26228 INFO rally.task.runner [-] Task 1ea46657-b6b7-4aa0-a90e-15adc81350fd | ITER: 24 END: OK
2019-09-17 13:43:30.432 26228 INFO rally.task.runner [-] Task 1ea46657-b6b7-4aa0-a90e-15adc81350fd | ITER: 40 START
2019-09-17 13:43:30.432 26228 WARNING rally_openstack.scenarios.neutron.utils [-] Running this scenario without either the 'network' or 'existing_network' context is deprecated
2019-09-17 13:43:32.978 26220 INFO rally.task.runner [-] Task 1ea46657-b6b7-4aa0-a90e-15adc81350fd | ITER: 8 END: OK
2019-09-17 13:43:33.040 26231 INFO rally.task.runner [-] Task 1ea46657-b6b7-4aa0-a90e-15adc81350fd | ITER: 11 END: OK
2019-09-17 13:43:33.392 26205 INFO rally.task.runner [-] Task 1ea46657-b6b7-4aa0-a90e-15adc81350fd | ITER: 28 END: OK
2019-09-17 13:43:34.473 26249 INFO rally.task.runner [-] Task 1ea46657-b6b7-4aa0-a90e-15adc81350fd | ITER: 17 END: OK
2019-09-17 13:43:35.078 26234 INFO rally.task.runner [-] Task 1ea46657-b6b7-4aa0-a90e-15adc81350fd | ITER: 25 END: OK
2019-09-17 13:43:35.725 26258 INFO rally.task.runner [-] Task 1ea46657-b6b7-4aa0-a90e-15adc81350fd | ITER: 33 END: OK
2019-09-17 13:43:37.182 26238 INFO rally.task.runner [-] Task 1ea46657-b6b7-4aa0-a90e-15adc81350fd | ITER: 14 END: OK
2019-09-17 13:43:42.390 26209 INFO rally.task.runner [-] Task 1ea46657-b6b7-4aa0-a90e-15adc81350fd | ITER: 27 END: OK
2019-09-17 13:43:43.301 26213 INFO rally.task.runner [-] Task 1ea46657-b6b7-4aa0-a90e-15adc81350fd | ITER: 26 END: OK
2019-09-17 13:43:48.430 26225 INFO rally.task.runner [-] Task 1ea46657-b6b7-4aa0-a90e-15adc81350fd | ITER: 35 END: OK
2019-09-17 13:43:50.035 26246 INFO rally.task.runner [-] Task 1ea46657-b6b7-4aa0-a90e-15adc81350fd | ITER: 38 END: OK
2019-09-17 13:43:50.240 26204 INFO rally.task.runner [-] Task 1ea46657-b6b7-4aa0-a90e-15adc81350fd | ITER: 39 END: OK
2019-09-17 13:43:50.634 26252 INFO rally.task.runner [-] Task 1ea46657-b6b7-4aa0-a90e-15adc81350fd | ITER: 31 END: OK
2019-09-17 13:43:52.136 26254 INFO rally.task.runner [-] Task 1ea46657-b6b7-4aa0-a90e-15adc81350fd | ITER: 32 END: OK
2019-09-17 13:43:54.032 26203 INFO rally.task.runner [-] Task 1ea46657-b6b7-4aa0-a90e-15adc81350fd | ITER: 30 END: OK
2019-09-17 13:43:54.665 26206 INFO rally.task.runner [-] Task 1ea46657-b6b7-4aa0-a90e-15adc81350fd | ITER: 37 END: OK
2019-09-17 13:43:54.967 26241 INFO rally.task.runner [-] Task 1ea46657-b6b7-4aa0-a90e-15adc81350fd | ITER: 34 END: OK
2019-09-17 13:43:55.137 26216 INFO rally.task.runner [-] Task 1ea46657-b6b7-4aa0-a90e-15adc81350fd | ITER: 29 END: OK
2019-09-17 13:43:56.504 26235 INFO rally.task.runner [-] Task 1ea46657-b6b7-4aa0-a90e-15adc81350fd | ITER: 36 END: OK
2019-09-17 13:43:57.134 26228 INFO rally.task.runner [-] Task 1ea46657-b6b7-4aa0-a90e-15adc81350fd | ITER: 40 END: OK
2019-09-17 13:43:57.157 22218 INFO rally.task.context [-] Task 1ea46657-b6b7-4aa0-a90e-15adc81350fd | Context cleanup@openstack cleanup() started
2019-09-17 13:43:57.159 22218 RALLYDEBUG rally_openstack.cleanup.manager [-] Cleaning up neutron vip objects
2019-09-17 13:43:57.653 22218 RALLYDEBUG rally_openstack.cleanup.manager [-] Cleaning up neutron health_monitor objects
