2019-09-17 13:08:25.120 22209 RALLYDEBUG rally.api [-] INFO logs from urllib3 and requests module are hide.
2019-09-17 13:08:25.120 22209 RALLYDEBUG rally.api [-] urllib3 insecure warnings are hidden.
2019-09-17 13:08:25.120 22209 RALLYDEBUG rally.api [-] ERROR log from boto module is hide.
2019-09-17 13:08:28.038 22211 RALLYDEBUG rally.api [-] INFO logs from urllib3 and requests module are hide.
2019-09-17 13:08:28.038 22211 RALLYDEBUG rally.api [-] urllib3 insecure warnings are hidden.
2019-09-17 13:08:28.038 22211 RALLYDEBUG rally.api [-] ERROR log from boto module is hide.
2019-09-17 13:08:29.789 22211 WARNING rally_openstack.platforms.existing [-] endpoint is deprecated and not used.
2019-09-17 13:08:30.923 22213 RALLYDEBUG rally.api [-] INFO logs from urllib3 and requests module are hide.
2019-09-17 13:08:30.923 22213 RALLYDEBUG rally.api [-] urllib3 insecure warnings are hidden.
2019-09-17 13:08:30.923 22213 RALLYDEBUG rally.api [-] ERROR log from boto module is hide.
2019-09-17 13:08:34.826 22216 RALLYDEBUG rally.api [-] INFO logs from urllib3 and requests module are hide.
2019-09-17 13:08:34.826 22216 RALLYDEBUG rally.api [-] urllib3 insecure warnings are hidden.
2019-09-17 13:08:34.827 22216 RALLYDEBUG rally.api [-] ERROR log from boto module is hide.
2019-09-17 13:08:36.554 22218 RALLYDEBUG rally.api [-] INFO logs from urllib3 and requests module are hide.
2019-09-17 13:08:36.554 22218 RALLYDEBUG rally.api [-] urllib3 insecure warnings are hidden.
2019-09-17 13:08:36.554 22218 RALLYDEBUG rally.api [-] ERROR log from boto module is hide.
2019-09-17 13:08:38.235 22218 INFO rally.common.plugin.discover [-] Loading plugins from directories /root/.rally/plugins/*
2019-09-17 13:08:38.236 22218 INFO rally.common.plugin.discover [-] Loaded module with plugins: /root/.rally/plugins/__init__.py
2019-09-17 13:08:38.239 22218 INFO rally.common.plugin.discover [-] Loaded module with plugins: /root/.rally/plugins/trunk_scenario.py
2019-09-17 13:08:38.438 22218 INFO rally.task.engine [-] Task 1ea46657-b6b7-4aa0-a90e-15adc81350fd | Starting: Task validation.
2019-09-17 13:08:38.450 22218 INFO rally.task.engine [-] Task 1ea46657-b6b7-4aa0-a90e-15adc81350fd | Starting: Task validation of syntax.
2019-09-17 13:08:38.674 22218 INFO rally.task.engine [-] Task 1ea46657-b6b7-4aa0-a90e-15adc81350fd | Completed: Task validation of syntax.
2019-09-17 13:08:38.676 22218 INFO rally.task.engine [-] Task 1ea46657-b6b7-4aa0-a90e-15adc81350fd | Starting: Task validation of required platforms.
2019-09-17 13:08:38.778 22218 INFO rally.task.engine [-] Task 1ea46657-b6b7-4aa0-a90e-15adc81350fd | Completed: Task validation of required platforms.
2019-09-17 13:08:38.778 22218 INFO rally.task.engine [-] Task 1ea46657-b6b7-4aa0-a90e-15adc81350fd | Starting: Task validation of semantic.
2019-09-17 13:08:38.779 22218 INFO rally.task.engine [-] Check health of the environment 'e6c95c25-161a-4494-9bcc-4a58163fb0c0'.
2019-09-17 13:08:39.423 22218 INFO rally.task.engine [-] Platform existing@openstack (available: True): OK!
2019-09-17 13:08:39.434 22218 RALLYDEBUG rally_openstack.contexts.keystone.users [-] Creating 1 tenants using 20 threads
2019-09-17 13:08:40.432 22218 RALLYDEBUG rally_openstack.contexts.keystone.users [-] Creating 1 users using 20 threads
2019-09-17 13:08:42.026 22218 INFO rally.task.context [-] Task 1ea46657-b6b7-4aa0-a90e-15adc81350fd | Context users@openstack setup() finished in 2.59 sec
2019-09-17 13:08:47.815 22218 INFO rally.task.context [-] Task 1ea46657-b6b7-4aa0-a90e-15adc81350fd | Context users@openstack cleanup() started
2019-09-17 13:08:51.221 22218 INFO rally.task.context [-] Task 1ea46657-b6b7-4aa0-a90e-15adc81350fd | Context users@openstack cleanup() finished in 3.41 sec
2019-09-17 13:08:51.222 22218 INFO rally.task.engine [-] Task 1ea46657-b6b7-4aa0-a90e-15adc81350fd | Completed: Task validation of semantic.
2019-09-17 13:08:51.222 22218 INFO rally.task.engine [-] Task 1ea46657-b6b7-4aa0-a90e-15adc81350fd | Completed: Task validation.
2019-09-17 13:08:51.222 22218 INFO rally.api [-] Task 1ea46657-b6b7-4aa0-a90e-15adc81350fd input file is valid.
2019-09-17 13:08:51.222 22218 INFO rally.api [-] Run Task 1ea46657-b6b7-4aa0-a90e-15adc81350fd against Deployment e6c95c25-161a-4494-9bcc-4a58163fb0c0
2019-09-17 13:08:51.223 22218 INFO rally.task.engine [-] Task 1ea46657-b6b7-4aa0-a90e-15adc81350fd | Starting: Running task.
2019-09-17 13:08:51.270 22218 INFO rally.task.engine [-] Running workload: position = 0 config = { "version": 2, "title": "A cropped version of a bigger task.", "description": "Auto-generated task from a single workload (uuid=eebabd55-28f9-4677-be0f-9870902b188c)", "subtasks": [ { "title": "NeutronNetworks.create_and_list_networks", "description": "Check performance of list_networks action and ensure > network quotas are not exceeded", "scenario": { "NeutronNetworks.create_and_list_networks": {} }, "contexts": { "users": { "tenants": 1, "users_per_tenant": 1 }, "quotas": { "neutron": { "network": 119 } } }, "runner": { "constant": { "times": 100, "concurrency": 20 } }, "hooks": [], "sla": { "max_avg_duration_per_atomic": { "neutron.list_networks": 15 }, "failure_rate": { "max": 0 } } } ] }
2019-09-17 13:08:51.283 22218 RALLYDEBUG rally_openstack.contexts.keystone.users [-] Creating 1 tenants using 20 threads
2019-09-17 13:08:52.349 22218 RALLYDEBUG rally_openstack.contexts.keystone.users [-] Creating 1 users using 20 threads
2019-09-17 13:08:53.950 22218 INFO rally.task.context [-] Task 1ea46657-b6b7-4aa0-a90e-15adc81350fd | Context users@openstack setup() finished in 2.67 sec
2019-09-17 13:08:54.575 22218 INFO rally.task.context [-] Task 1ea46657-b6b7-4aa0-a90e-15adc81350fd | Context quotas@openstack setup() finished in 0.62 sec
2019-09-17 13:08:54.576 22218 INFO rally.task.context [-] Task 1ea46657-b6b7-4aa0-a90e-15adc81350fd | Context cleanup@openstack setup() finished in 0.00 msec
2019-09-17 13:08:54.581 22218 RALLYDEBUG rally.task.runner [-] Starting the constant runner (task UUID: 1ea46657-b6b7-4aa0-a90e-15adc81350fd). timeout: 0 concurrency: 20 concurrency_per_worker: 1 times: 100 concurrency_overhead: 0 processes_to_start: 20 max_cpu_used: 40
2019-09-17 13:08:54.589 22343 RALLYDEBUG rally.task.runner [-] Starting a worker. concurrency: 1 args: {} times: 100 method_name: run timeout: 0 duration: None cls:
2019-09-17 13:08:54.590 22344 RALLYDEBUG rally.task.runner [-] Starting a worker. concurrency: 1 args: {} times: 100 method_name: run timeout: 0 duration: None cls:
2019-09-17 13:08:54.592 22343 INFO rally.task.runner [-] Task 1ea46657-b6b7-4aa0-a90e-15adc81350fd | ITER: 1 START
2019-09-17 13:08:54.592 22345 RALLYDEBUG rally.task.runner [-] Starting a worker. concurrency: 1 args: {} times: 100 method_name: run timeout: 0 duration: None cls:
2019-09-17 13:08:54.593 22344 INFO rally.task.runner [-] Task 1ea46657-b6b7-4aa0-a90e-15adc81350fd | ITER: 2 START
2019-09-17 13:08:54.594 22348 RALLYDEBUG rally.task.runner [-] Starting a worker. concurrency: 1 args: {} times: 100 method_name: run timeout: 0 duration: None cls:
2019-09-17 13:08:54.595 22345 INFO rally.task.runner [-] Task 1ea46657-b6b7-4aa0-a90e-15adc81350fd | ITER: 3 START
2019-09-17 13:08:54.596 22348 INFO rally.task.runner [-] Task 1ea46657-b6b7-4aa0-a90e-15adc81350fd | ITER: 4 START
2019-09-17 13:08:54.597 22353 RALLYDEBUG rally.task.runner [-] Starting a worker. concurrency: 1 args: {} times: 100 method_name: run timeout: 0 duration: None cls:
2019-09-17 13:08:54.600 22353 INFO rally.task.runner [-] Task 1ea46657-b6b7-4aa0-a90e-15adc81350fd | ITER: 5 START
2019-09-17 13:08:54.600 22356 RALLYDEBUG rally.task.runner [-] Starting a worker. concurrency: 1 args: {} times: 100 method_name: run timeout: 0 duration: None cls:
2019-09-17 13:08:54.602 22358 RALLYDEBUG rally.task.runner [-] Starting a worker. concurrency: 1 args: {} times: 100 method_name: run timeout: 0 duration: None cls:
2019-09-17 13:08:54.604 22356 INFO rally.task.runner [-] Task 1ea46657-b6b7-4aa0-a90e-15adc81350fd | ITER: 6 START
2019-09-17 13:08:54.605 22358 INFO rally.task.runner [-] Task 1ea46657-b6b7-4aa0-a90e-15adc81350fd | ITER: 7 START
2019-09-17 13:08:54.605 22361 RALLYDEBUG rally.task.runner [-] Starting a worker. concurrency: 1 args: {} times: 100 method_name: run timeout: 0 duration: None cls:
2019-09-17 13:08:54.608 22365 RALLYDEBUG rally.task.runner [-] Starting a worker. concurrency: 1 args: {} times: 100 method_name: run timeout: 0 duration: None cls:
2019-09-17 13:08:54.608 22361 INFO rally.task.runner [-] Task 1ea46657-b6b7-4aa0-a90e-15adc81350fd | ITER: 8 START
2019-09-17 13:08:54.611 22366 RALLYDEBUG rally.task.runner [-] Starting a worker. concurrency: 1 args: {} times: 100 method_name: run timeout: 0 duration: None cls:
2019-09-17 13:08:54.612 22365 INFO rally.task.runner [-] Task 1ea46657-b6b7-4aa0-a90e-15adc81350fd | ITER: 9 START
2019-09-17 13:08:54.612 22369 RALLYDEBUG rally.task.runner [-] Starting a worker. concurrency: 1 args: {} times: 100 method_name: run timeout: 0 duration: None cls:
2019-09-17 13:08:54.615 22366 INFO rally.task.runner [-] Task 1ea46657-b6b7-4aa0-a90e-15adc81350fd | ITER: 10 START
2019-09-17 13:08:54.615 22372 RALLYDEBUG rally.task.runner [-] Starting a worker. concurrency: 1 args: {} times: 100 method_name: run timeout: 0 duration: None cls:
2019-09-17 13:08:54.616 22369 INFO rally.task.runner [-] Task 1ea46657-b6b7-4aa0-a90e-15adc81350fd | ITER: 11 START
2019-09-17 13:08:54.619 22372 INFO rally.task.runner [-] Task 1ea46657-b6b7-4aa0-a90e-15adc81350fd | ITER: 12 START
2019-09-17 13:08:54.619 22377 RALLYDEBUG rally.task.runner [-] Starting a worker. concurrency: 1 args: {} times: 100 method_name: run timeout: 0 duration: None cls:
2019-09-17 13:08:54.623 22377 INFO rally.task.runner [-] Task 1ea46657-b6b7-4aa0-a90e-15adc81350fd | ITER: 13 START
2019-09-17 13:08:54.623 22380 RALLYDEBUG rally.task.runner [-] Starting a worker. concurrency: 1 args: {} times: 100 method_name: run timeout: 0 duration: None cls:
2019-09-17 13:08:54.626 22383 RALLYDEBUG rally.task.runner [-] Starting a worker. concurrency: 1 args: {} times: 100 method_name: run timeout: 0 duration: None cls:
2019-09-17 13:08:54.627 22380 INFO rally.task.runner [-] Task 1ea46657-b6b7-4aa0-a90e-15adc81350fd | ITER: 14 START
2019-09-17 13:08:54.629 22383 INFO rally.task.runner [-] Task 1ea46657-b6b7-4aa0-a90e-15adc81350fd | ITER: 15 START
2019-09-17 13:08:54.629 22384 RALLYDEBUG rally.task.runner [-] Starting a worker. concurrency: 1 args: {} times: 100 method_name: run timeout: 0 duration: None cls:
2019-09-17 13:08:54.631 22388 RALLYDEBUG rally.task.runner [-] Starting a worker. concurrency: 1 args: {} times: 100 method_name: run timeout: 0 duration: None cls:
2019-09-17 13:08:54.633 22384 INFO rally.task.runner [-] Task 1ea46657-b6b7-4aa0-a90e-15adc81350fd | ITER: 16 START
2019-09-17 13:08:54.635 22388 INFO rally.task.runner [-] Task 1ea46657-b6b7-4aa0-a90e-15adc81350fd | ITER: 17 START
2019-09-17 13:08:54.635 22390 RALLYDEBUG rally.task.runner [-] Starting a worker. concurrency: 1 args: {} times: 100 method_name: run timeout: 0 duration: None cls:
2019-09-17 13:08:54.638 22395 RALLYDEBUG rally.task.runner [-] Starting a worker. concurrency: 1 args: {} times: 100 method_name: run timeout: 0 duration: None cls:
2019-09-17 13:08:54.639 22390 INFO rally.task.runner [-] Task 1ea46657-b6b7-4aa0-a90e-15adc81350fd | ITER: 18 START
2019-09-17 13:08:54.639 22396 RALLYDEBUG rally.task.runner [-] Starting a worker. concurrency: 1 args: {} times: 100 method_name: run timeout: 0 duration: None cls:
2019-09-17 13:08:54.641 22395 INFO rally.task.runner [-] Task 1ea46657-b6b7-4aa0-a90e-15adc81350fd | ITER: 19 START
2019-09-17 13:08:54.643 22396 INFO rally.task.runner [-] Task 1ea46657-b6b7-4aa0-a90e-15adc81350fd | ITER: 20 START
2019-09-17 13:08:56.246 22345 INFO rally.task.runner [-] Task 1ea46657-b6b7-4aa0-a90e-15adc81350fd | ITER: 3 END: OK
2019-09-17 13:08:56.248 22345 INFO rally.task.runner [-] Task 1ea46657-b6b7-4aa0-a90e-15adc81350fd | ITER: 21 START
2019-09-17 13:08:56.312 22348 INFO rally.task.runner [-] Task 1ea46657-b6b7-4aa0-a90e-15adc81350fd | ITER: 4 END: OK
2019-09-17 13:08:56.315 22348 INFO rally.task.runner [-] Task 1ea46657-b6b7-4aa0-a90e-15adc81350fd | ITER: 22 START
2019-09-17 13:08:56.559 22344 INFO rally.task.runner [-] Task 1ea46657-b6b7-4aa0-a90e-15adc81350fd | ITER: 2 END: OK
2019-09-17 13:08:56.562 22344 INFO rally.task.runner [-] Task 1ea46657-b6b7-4aa0-a90e-15adc81350fd | ITER: 23 START
2019-09-17 13:08:56.569 22343 INFO rally.task.runner [-] Task 1ea46657-b6b7-4aa0-a90e-15adc81350fd | ITER: 1 END: OK
2019-09-17 13:08:56.571 22343 INFO rally.task.runner [-] Task 1ea46657-b6b7-4aa0-a90e-15adc81350fd | ITER: 24 START
2019-09-17 13:08:56.995 22361 INFO rally.task.runner [-] Task 1ea46657-b6b7-4aa0-a90e-15adc81350fd | ITER: 8 END: OK
2019-09-17 13:08:56.997 22361 INFO rally.task.runner [-] Task 1ea46657-b6b7-4aa0-a90e-15adc81350fd | ITER: 25 START
2019-09-17 13:08:57.460 22365 INFO rally.task.runner [-] Task 1ea46657-b6b7-4aa0-a90e-15adc81350fd | ITER: 9 END: OK
2019-09-17 13:08:57.462 22365 INFO rally.task.runner [-] Task 1ea46657-b6b7-4aa0-a90e-15adc81350fd | ITER: 26 START
2019-09-17 13:08:57.816 22380 INFO rally.task.runner [-] Task 1ea46657-b6b7-4aa0-a90e-15adc81350fd | ITER: 14 END: OK
2019-09-17 13:08:57.818 22380 INFO rally.task.runner [-] Task 1ea46657-b6b7-4aa0-a90e-15adc81350fd | ITER: 27 START
2019-09-17 13:08:57.931 22356 INFO rally.task.runner [-] Task 1ea46657-b6b7-4aa0-a90e-15adc81350fd | ITER: 6 END: OK
2019-09-17 13:08:57.934 22356 INFO rally.task.runner [-] Task 1ea46657-b6b7-4aa0-a90e-15adc81350fd | ITER: 28 START
2019-09-17 13:08:58.350 22358 INFO rally.task.runner [-] Task 1ea46657-b6b7-4aa0-a90e-15adc81350fd | ITER: 7 END: OK
2019-09-17 13:08:58.352 22358 INFO rally.task.runner [-] Task 1ea46657-b6b7-4aa0-a90e-15adc81350fd | ITER: 29 START
2019-09-17 13:08:58.492 22353 INFO rally.task.runner [-] Task 1ea46657-b6b7-4aa0-a90e-15adc81350fd | ITER: 5 END: OK
2019-09-17 13:08:58.494 22353 INFO rally.task.runner [-] Task 1ea46657-b6b7-4aa0-a90e-15adc81350fd | ITER: 30 START
2019-09-17 13:08:58.736 22369 INFO rally.task.runner [-] Task 1ea46657-b6b7-4aa0-a90e-15adc81350fd | ITER: 11 END: OK
2019-09-17 13:08:58.739 22369 INFO rally.task.runner [-] Task 1ea46657-b6b7-4aa0-a90e-15adc81350fd | ITER: 31 START
2019-09-17 13:08:58.872 22372 INFO rally.task.runner [-] Task 1ea46657-b6b7-4aa0-a90e-15adc81350fd | ITER: 12 END: OK
2019-09-17 13:08:58.874 22372 INFO rally.task.runner [-] Task 1ea46657-b6b7-4aa0-a90e-15adc81350fd | ITER: 32 START
2019-09-17 13:08:58.892 22366 INFO rally.task.runner [-] Task 1ea46657-b6b7-4aa0-a90e-15adc81350fd | ITER: 10 END: OK
2019-09-17 13:08:58.894 22366 INFO rally.task.runner [-] Task 1ea46657-b6b7-4aa0-a90e-15adc81350fd | ITER: 33 START
2019-09-17 13:08:59.127 22384 INFO rally.task.runner [-] Task 1ea46657-b6b7-4aa0-a90e-15adc81350fd | ITER: 16 END: OK
2019-09-17 13:08:59.130 22384 INFO rally.task.runner [-] Task 1ea46657-b6b7-4aa0-a90e-15adc81350fd | ITER: 34 START
2019-09-17 13:08:59.291 22383 INFO rally.task.runner [-] Task 1ea46657-b6b7-4aa0-a90e-15adc81350fd | ITER: 15 END: OK
2019-09-17 13:08:59.293 22383 INFO rally.task.runner [-] Task 1ea46657-b6b7-4aa0-a90e-15adc81350fd | ITER: 35 START
2019-09-17 13:08:59.518 22390 INFO rally.task.runner [-] Task 1ea46657-b6b7-4aa0-a90e-15adc81350fd | ITER: 18 END: OK
2019-09-17 13:08:59.520 22390 INFO rally.task.runner [-] Task 1ea46657-b6b7-4aa0-a90e-15adc81350fd | ITER: 36 START
2019-09-17 13:08:59.896 22396 INFO rally.task.runner [-] Task 1ea46657-b6b7-4aa0-a90e-15adc81350fd | ITER: 20 END: OK
2019-09-17 13:08:59.899 22396 INFO rally.task.runner [-] Task 1ea46657-b6b7-4aa0-a90e-15adc81350fd | ITER: 37 START
2019-09-17 13:08:59.907 22377 INFO rally.task.runner [-] Task 1ea46657-b6b7-4aa0-a90e-15adc81350fd | ITER: 13 END: OK
2019-09-17 13:08:59.910 22377 INFO rally.task.runner [-] Task 1ea46657-b6b7-4aa0-a90e-15adc81350fd | ITER: 38 START
2019-09-17 13:09:00.396 22395 INFO rally.task.runner [-] Task 1ea46657-b6b7-4aa0-a90e-15adc81350fd | ITER: 19 END: OK
2019-09-17 13:09:00.398 22395 INFO rally.task.runner [-] Task 1ea46657-b6b7-4aa0-a90e-15adc81350fd | ITER: 39 START
2019-09-17 13:09:00.401 22388 INFO rally.task.runner [-] Task 1ea46657-b6b7-4aa0-a90e-15adc81350fd | ITER: 17 END: OK
2019-09-17 13:09:00.403 22388 INFO rally.task.runner [-] Task 1ea46657-b6b7-4aa0-a90e-15adc81350fd | ITER: 40 START
2019-09-17 13:09:00.880 22348 INFO rally.task.runner [-] Task 1ea46657-b6b7-4aa0-a90e-15adc81350fd | ITER: 22 END: OK
2019-09-17 13:09:00.882 22348 INFO rally.task.runner [-] Task 1ea46657-b6b7-4aa0-a90e-15adc81350fd | ITER: 41 START
2019-09-17 13:09:01.020 22344 INFO rally.task.runner [-] Task 1ea46657-b6b7-4aa0-a90e-15adc81350fd | ITER: 23 END: OK
2019-09-17 13:09:01.023 22344 INFO rally.task.runner [-] Task 1ea46657-b6b7-4aa0-a90e-15adc81350fd | ITER: 42 START
2019-09-17 13:09:01.077 22345 INFO rally.task.runner [-] Task 1ea46657-b6b7-4aa0-a90e-15adc81350fd | ITER: 21 END: OK
2019-09-17 13:09:01.079 22345 INFO rally.task.runner [-] Task 1ea46657-b6b7-4aa0-a90e-15adc81350fd | ITER: 43 START
2019-09-17 13:09:02.007 22343 INFO rally.task.runner [-] Task 1ea46657-b6b7-4aa0-a90e-15adc81350fd | ITER: 24 END: OK
2019-09-17 13:09:02.010 22343 INFO rally.task.runner [-] Task 1ea46657-b6b7-4aa0-a90e-15adc81350fd | ITER: 44 START
2019-09-17 13:09:02.050 22361 INFO rally.task.runner [-] Task 1ea46657-b6b7-4aa0-a90e-15adc81350fd | ITER: 25 END: OK
2019-09-17 13:09:02.053 22361 INFO rally.task.runner [-] Task 1ea46657-b6b7-4aa0-a90e-15adc81350fd | ITER: 45 START
2019-09-17 13:09:02.062 22365 INFO rally.task.runner [-] Task 1ea46657-b6b7-4aa0-a90e-15adc81350fd | ITER: 26 END: OK
2019-09-17 13:09:02.064 22365 INFO rally.task.runner [-] Task 1ea46657-b6b7-4aa0-a90e-15adc81350fd | ITER: 46 START
2019-09-17 13:09:02.071 22380 INFO rally.task.runner [-] Task 1ea46657-b6b7-4aa0-a90e-15adc81350fd | ITER: 27 END: OK
2019-09-17 13:09:02.074 22380 INFO rally.task.runner [-] Task 1ea46657-b6b7-4aa0-a90e-15adc81350fd | ITER: 47 START
2019-09-17 13:09:02.416 22356 INFO rally.task.runner [-] Task 1ea46657-b6b7-4aa0-a90e-15adc81350fd | ITER: 28 END: OK
2019-09-17 13:09:02.418 22356 INFO rally.task.runner [-] Task 1ea46657-b6b7-4aa0-a90e-15adc81350fd | ITER: 48 START
2019-09-17 13:09:02.823 22358 INFO rally.task.runner [-] Task 1ea46657-b6b7-4aa0-a90e-15adc81350fd | ITER: 29 END: OK
2019-09-17 13:09:02.825 22358 INFO rally.task.runner [-] Task 1ea46657-b6b7-4aa0-a90e-15adc81350fd | ITER: 49 START
2019-09-17 13:09:02.849 22372 INFO rally.task.runner [-] Task 1ea46657-b6b7-4aa0-a90e-15adc81350fd | ITER: 32 END: OK
2019-09-17 13:09:02.852 22372 INFO rally.task.runner [-] Task 1ea46657-b6b7-4aa0-a90e-15adc81350fd | ITER: 50 START
2019-09-17 13:09:03.266 22366 INFO rally.task.runner [-] Task 1ea46657-b6b7-4aa0-a90e-15adc81350fd | ITER: 33 END: OK
2019-09-17 13:09:03.268 22366 INFO rally.task.runner [-] Task 1ea46657-b6b7-4aa0-a90e-15adc81350fd | ITER: 51 START
2019-09-17 13:09:03.616 22383 INFO rally.task.runner [-] Task 1ea46657-b6b7-4aa0-a90e-15adc81350fd | ITER: 35 END: OK
2019-09-17 13:09:03.619 22383 INFO rally.task.runner [-] Task 1ea46657-b6b7-4aa0-a90e-15adc81350fd | ITER: 52 START
2019-09-17 13:09:03.739 22384 INFO rally.task.runner [-] Task 1ea46657-b6b7-4aa0-a90e-15adc81350fd | ITER: 34 END: OK
2019-09-17 13:09:03.741 22384 INFO rally.task.runner [-] Task 1ea46657-b6b7-4aa0-a90e-15adc81350fd | ITER: 53 START
2019-09-17 13:09:04.045 22369 INFO rally.task.runner [-] Task 1ea46657-b6b7-4aa0-a90e-15adc81350fd | ITER: 31 END: OK
2019-09-17 13:09:04.047 22369 INFO rally.task.runner [-] Task 1ea46657-b6b7-4aa0-a90e-15adc81350fd | ITER: 54 START
2019-09-17 13:09:04.309 22353 INFO rally.task.runner [-] Task 1ea46657-b6b7-4aa0-a90e-15adc81350fd | ITER: 30 END: OK
2019-09-17 13:09:04.312 22353 INFO rally.task.runner [-] Task 1ea46657-b6b7-4aa0-a90e-15adc81350fd | ITER: 55 START
2019-09-17 13:09:05.148 22390 INFO rally.task.runner [-] Task 1ea46657-b6b7-4aa0-a90e-15adc81350fd | ITER: 36 END: OK
2019-09-17 13:09:05.150 22390 INFO rally.task.runner [-] Task 1ea46657-b6b7-4aa0-a90e-15adc81350fd | ITER: 56 START
2019-09-17 13:09:05.247 22396 INFO rally.task.runner [-] Task 1ea46657-b6b7-4aa0-a90e-15adc81350fd | ITER: 37 END: OK
2019-09-17 13:09:05.250 22396 INFO rally.task.runner [-] Task 1ea46657-b6b7-4aa0-a90e-15adc81350fd | ITER: 57 START
2019-09-17 13:09:05.515 22395 INFO rally.task.runner [-] Task 1ea46657-b6b7-4aa0-a90e-15adc81350fd | ITER: 39 END: OK
2019-09-17 13:09:05.517 22395 INFO rally.task.runner [-] Task 1ea46657-b6b7-4aa0-a90e-15adc81350fd | ITER: 58 START
2019-09-17 13:09:05.518 22348 INFO rally.task.runner [-] Task 1ea46657-b6b7-4aa0-a90e-15adc81350fd | ITER: 41 END: OK
2019-09-17 13:09:05.520 22348 INFO rally.task.runner [-] Task 1ea46657-b6b7-4aa0-a90e-15adc81350fd | ITER: 59 START
2019-09-17 13:09:05.626 22377 INFO rally.task.runner [-] Task 1ea46657-b6b7-4aa0-a90e-15adc81350fd | ITER: 38 END: OK
2019-09-17 13:09:05.629 22377 INFO rally.task.runner [-] Task 1ea46657-b6b7-4aa0-a90e-15adc81350fd | ITER: 60 START
2019-09-17 13:09:05.843 22388 INFO rally.task.runner [-] Task 1ea46657-b6b7-4aa0-a90e-15adc81350fd | ITER: 40 END: OK
2019-09-17 13:09:05.845 22388 INFO rally.task.runner [-] Task 1ea46657-b6b7-4aa0-a90e-15adc81350fd | ITER: 61 START
2019-09-17 13:09:06.212 22344 INFO rally.task.runner [-] Task 1ea46657-b6b7-4aa0-a90e-15adc81350fd | ITER: 42 END: OK
2019-09-17 13:09:06.214 22344 INFO rally.task.runner [-] Task 1ea46657-b6b7-4aa0-a90e-15adc81350fd | ITER: 62 START
2019-09-17 13:09:07.630 22365 INFO rally.task.runner [-] Task 1ea46657-b6b7-4aa0-a90e-15adc81350fd | ITER: 46 END: OK
2019-09-17 13:09:07.632 22365 INFO rally.task.runner [-] Task 1ea46657-b6b7-4aa0-a90e-15adc81350fd | ITER: 63 START
2019-09-17 13:09:07.646 22380 INFO rally.task.runner [-] Task 1ea46657-b6b7-4aa0-a90e-15adc81350fd | ITER: 47 END: OK
2019-09-17 13:09:07.649 22380 INFO rally.task.runner [-] Task 1ea46657-b6b7-4aa0-a90e-15adc81350fd | ITER: 64 START
2019-09-17 13:09:07.847 22361 INFO rally.task.runner [-] Task 1ea46657-b6b7-4aa0-a90e-15adc81350fd | ITER: 45 END: OK
2019-09-17 13:09:07.849 22361 INFO rally.task.runner [-] Task 1ea46657-b6b7-4aa0-a90e-15adc81350fd | ITER: 65 START
2019-09-17 13:09:08.351 22345 INFO rally.task.runner [-] Task 1ea46657-b6b7-4aa0-a90e-15adc81350fd | ITER: 43 END: OK
2019-09-17 13:09:08.352 22356 INFO rally.task.runner [-] Task 1ea46657-b6b7-4aa0-a90e-15adc81350fd | ITER: 48 END: OK
2019-09-17 13:09:08.353 22345 INFO rally.task.runner [-] Task 1ea46657-b6b7-4aa0-a90e-15adc81350fd | ITER: 66 START
2019-09-17 13:09:08.354 22356 INFO rally.task.runner [-] Task 1ea46657-b6b7-4aa0-a90e-15adc81350fd | ITER: 67 START
2019-09-17 13:09:08.662 22358 INFO rally.task.runner [-] Task 1ea46657-b6b7-4aa0-a90e-15adc81350fd | ITER: 49 END: OK
2019-09-17 13:09:08.665 22358 INFO rally.task.runner [-] Task 1ea46657-b6b7-4aa0-a90e-15adc81350fd | ITER: 68 START
2019-09-17 13:09:08.748 22343 INFO rally.task.runner [-] Task 1ea46657-b6b7-4aa0-a90e-15adc81350fd | ITER: 44 END: OK
2019-09-17 13:09:08.751 22343 INFO rally.task.runner [-] Task 1ea46657-b6b7-4aa0-a90e-15adc81350fd | ITER: 69 START
2019-09-17 13:09:09.159 22366 INFO rally.task.runner [-] Task 1ea46657-b6b7-4aa0-a90e-15adc81350fd | ITER: 51 END: OK
2019-09-17 13:09:09.162 22366 INFO rally.task.runner [-] Task 1ea46657-b6b7-4aa0-a90e-15adc81350fd | ITER: 70 START
2019-09-17 13:09:09.441 22372 INFO rally.task.runner [-] Task 1ea46657-b6b7-4aa0-a90e-15adc81350fd | ITER: 50 END: OK
2019-09-17 13:09:09.443 22372 INFO rally.task.runner [-] Task 1ea46657-b6b7-4aa0-a90e-15adc81350fd | ITER: 71 START
2019-09-17 13:09:09.557 22390 INFO rally.task.runner [-] Task 1ea46657-b6b7-4aa0-a90e-15adc81350fd | ITER: 56 END: OK
2019-09-17 13:09:09.559 22390 INFO rally.task.runner [-] Task 1ea46657-b6b7-4aa0-a90e-15adc81350fd | ITER: 72 START
2019-09-17 13:09:09.577 22384 INFO rally.task.runner [-] Task 1ea46657-b6b7-4aa0-a90e-15adc81350fd | ITER: 53 END: OK
2019-09-17 13:09:09.580 22384 INFO rally.task.runner [-] Task 1ea46657-b6b7-4aa0-a90e-15adc81350fd | ITER: 73 START
2019-09-17 13:09:09.616 22383 INFO rally.task.runner [-] Task 1ea46657-b6b7-4aa0-a90e-15adc81350fd | ITER: 52 END: OK
2019-09-17 13:09:09.619 22383 INFO rally.task.runner [-] Task 1ea46657-b6b7-4aa0-a90e-15adc81350fd | ITER: 74 START
2019-09-17 13:09:11.642 22395 INFO rally.task.runner [-] Task 1ea46657-b6b7-4aa0-a90e-15adc81350fd | ITER: 58 END: OK
2019-09-17 13:09:11.644 22395 INFO rally.task.runner [-] Task 1ea46657-b6b7-4aa0-a90e-15adc81350fd | ITER: 75 START
2019-09-17 13:09:11.683 22345 INFO rally.task.runner [-] Task 1ea46657-b6b7-4aa0-a90e-15adc81350fd | ITER: 66 END: OK
2019-09-17 13:09:11.685 22345 INFO rally.task.runner [-] Task 1ea46657-b6b7-4aa0-a90e-15adc81350fd | ITER: 76 START
2019-09-17 13:09:11.880 22353 INFO rally.task.runner [-] Task 1ea46657-b6b7-4aa0-a90e-15adc81350fd | ITER: 55 END: OK
2019-09-17 13:09:11.882 22353 INFO rally.task.runner [-] Task 1ea46657-b6b7-4aa0-a90e-15adc81350fd | ITER: 77 START
2019-09-17 13:09:11.981 22369 INFO rally.task.runner [-] Task 1ea46657-b6b7-4aa0-a90e-15adc81350fd | ITER: 54 END: OK
2019-09-17 13:09:11.983 22369 INFO rally.task.runner [-] Task 1ea46657-b6b7-4aa0-a90e-15adc81350fd | ITER: 78 START
2019-09-17 13:09:12.050 22396 INFO rally.task.runner [-] Task 1ea46657-b6b7-4aa0-a90e-15adc81350fd | ITER: 57 END: OK
2019-09-17 13:09:12.053 22396 INFO rally.task.runner [-] Task 1ea46657-b6b7-4aa0-a90e-15adc81350fd | ITER: 79 START
2019-09-17 13:09:12.185 22366 INFO rally.task.runner [-] Task 1ea46657-b6b7-4aa0-a90e-15adc81350fd | ITER: 70 END: OK
2019-09-17 13:09:12.187 22366 INFO rally.task.runner [-] Task 1ea46657-b6b7-4aa0-a90e-15adc81350fd | ITER: 80 START
2019-09-17 13:09:12.369 22361 INFO rally.task.runner [-] Task 1ea46657-b6b7-4aa0-a90e-15adc81350fd | ITER: 65 END: OK
2019-09-17 13:09:12.371 22361 INFO rally.task.runner [-] Task 1ea46657-b6b7-4aa0-a90e-15adc81350fd | ITER: 81 START
2019-09-17 13:09:12.840 22356 INFO rally.task.runner [-] Task 1ea46657-b6b7-4aa0-a90e-15adc81350fd | ITER: 67 END: OK
2019-09-17 13:09:12.843 22356 INFO rally.task.runner [-] Task 1ea46657-b6b7-4aa0-a90e-15adc81350fd | ITER: 82 START
2019-09-17 13:09:13.255 22358 INFO rally.task.runner [-] Task 1ea46657-b6b7-4aa0-a90e-15adc81350fd | ITER: 68 END: OK
2019-09-17 13:09:13.258 22358 INFO rally.task.runner [-] Task 1ea46657-b6b7-4aa0-a90e-15adc81350fd | ITER: 83 START
2019-09-17 13:09:13.734 22344 INFO rally.task.runner [-] Task 1ea46657-b6b7-4aa0-a90e-15adc81350fd | ITER: 62 END: OK
2019-09-17 13:09:13.736 22344 INFO rally.task.runner [-] Task 1ea46657-b6b7-4aa0-a90e-15adc81350fd | ITER: 84 START
2019-09-17 13:09:14.102 22348 INFO rally.task.runner [-] Task 1ea46657-b6b7-4aa0-a90e-15adc81350fd | ITER: 59 END: OK
2019-09-17 13:09:14.104 22348 INFO rally.task.runner [-] Task 1ea46657-b6b7-4aa0-a90e-15adc81350fd | ITER: 85 START
2019-09-17 13:09:14.180 22390 INFO rally.task.runner [-] Task 1ea46657-b6b7-4aa0-a90e-15adc81350fd | ITER: 72 END: OK
2019-09-17 13:09:14.183 22390 INFO rally.task.runner [-] Task 1ea46657-b6b7-4aa0-a90e-15adc81350fd | ITER: 86 START
2019-09-17 13:09:14.404 22377 INFO rally.task.runner [-] Task 1ea46657-b6b7-4aa0-a90e-15adc81350fd | ITER: 60 END: OK
2019-09-17 13:09:14.406 22377 INFO rally.task.runner [-] Task 1ea46657-b6b7-4aa0-a90e-15adc81350fd | ITER: 87 START
2019-09-17 13:09:14.560 22343 INFO rally.task.runner [-] Task 1ea46657-b6b7-4aa0-a90e-15adc81350fd | ITER: 69 END: OK
2019-09-17 13:09:14.563 22343 INFO rally.task.runner [-] Task 1ea46657-b6b7-4aa0-a90e-15adc81350fd | ITER: 88 START
2019-09-17 13:09:14.654 22345 INFO rally.task.runner [-] Task 1ea46657-b6b7-4aa0-a90e-15adc81350fd | ITER: 76 END: OK
2019-09-17 13:09:14.656 22345 INFO rally.task.runner [-] Task 1ea46657-b6b7-4aa0-a90e-15adc81350fd | ITER: 89 START
2019-09-17 13:09:15.294 22372 INFO rally.task.runner [-] Task 1ea46657-b6b7-4aa0-a90e-15adc81350fd | ITER: 71 END: OK
2019-09-17 13:09:15.297 22372 INFO rally.task.runner [-] Task 1ea46657-b6b7-4aa0-a90e-15adc81350fd | ITER: 90 START
2019-09-17 13:09:15.569 22380 INFO rally.task.runner [-] Task 1ea46657-b6b7-4aa0-a90e-15adc81350fd | ITER: 64 END: OK
2019-09-17 13:09:15.571 22380 INFO rally.task.runner [-] Task 1ea46657-b6b7-4aa0-a90e-15adc81350fd | ITER: 91 START
2019-09-17 13:09:15.850 22395 INFO rally.task.runner [-] Task 1ea46657-b6b7-4aa0-a90e-15adc81350fd | ITER: 75 END: OK
2019-09-17 13:09:15.853 22395 INFO rally.task.runner [-] Task 1ea46657-b6b7-4aa0-a90e-15adc81350fd | ITER: 92 START
2019-09-17 13:09:16.118 22383 INFO rally.task.runner [-] Task 1ea46657-b6b7-4aa0-a90e-15adc81350fd | ITER: 74 END: OK
2019-09-17 13:09:16.120 22383 INFO rally.task.runner [-] Task 1ea46657-b6b7-4aa0-a90e-15adc81350fd | ITER: 93 START
2019-09-17 13:09:16.259 22365 INFO rally.task.runner [-] Task 1ea46657-b6b7-4aa0-a90e-15adc81350fd | ITER: 63 END: OK
2019-09-17 13:09:16.261 22365 INFO rally.task.runner [-] Task 1ea46657-b6b7-4aa0-a90e-15adc81350fd | ITER: 94 START
2019-09-17 13:09:16.586 22384 INFO rally.task.runner [-] Task 1ea46657-b6b7-4aa0-a90e-15adc81350fd | ITER: 73 END: OK
2019-09-17 13:09:16.588 22384 INFO rally.task.runner [-] Task 1ea46657-b6b7-4aa0-a90e-15adc81350fd | ITER: 95 START
2019-09-17 13:09:16.593 22388 INFO rally.task.runner [-] Task 1ea46657-b6b7-4aa0-a90e-15adc81350fd | ITER: 61 END: OK
2019-09-17 13:09:16.596 22388 INFO rally.task.runner [-] Task 1ea46657-b6b7-4aa0-a90e-15adc81350fd | ITER: 96 START
2019-09-17 13:09:17.971 22369 INFO rally.task.runner [-] Task 1ea46657-b6b7-4aa0-a90e-15adc81350fd | ITER: 78 END: OK
2019-09-17 13:09:17.974 22369 INFO rally.task.runner [-] Task 1ea46657-b6b7-4aa0-a90e-15adc81350fd | ITER: 97 START
2019-09-17 13:09:17.980 22353 INFO rally.task.runner [-] Task 1ea46657-b6b7-4aa0-a90e-15adc81350fd | ITER: 77 END: OK
2019-09-17 13:09:17.983 22353 INFO rally.task.runner [-] Task 1ea46657-b6b7-4aa0-a90e-15adc81350fd | ITER: 98 START
2019-09-17 13:09:18.212 22344 INFO rally.task.runner [-] Task 1ea46657-b6b7-4aa0-a90e-15adc81350fd | ITER: 84 END: OK
2019-09-17 13:09:18.214 22344 INFO rally.task.runner [-] Task 1ea46657-b6b7-4aa0-a90e-15adc81350fd | ITER: 99 START
2019-09-17 13:09:18.801 22358 INFO rally.task.runner [-] Task 1ea46657-b6b7-4aa0-a90e-15adc81350fd | ITER: 83 END: OK
2019-09-17 13:09:18.804 22358 INFO rally.task.runner [-] Task 1ea46657-b6b7-4aa0-a90e-15adc81350fd | ITER: 100 START
2019-09-17 13:09:19.207 22366 INFO rally.task.runner [-] Task 1ea46657-b6b7-4aa0-a90e-15adc81350fd | ITER: 80 END: OK
2019-09-17 13:09:19.626 22343 INFO rally.task.runner [-] Task 1ea46657-b6b7-4aa0-a90e-15adc81350fd | ITER: 88 END: OK
2019-09-17 13:09:19.627 22396 INFO rally.task.runner [-] Task 1ea46657-b6b7-4aa0-a90e-15adc81350fd | ITER: 79 END: OK
2019-09-17 13:09:20.014 22356 INFO rally.task.runner [-] Task 1ea46657-b6b7-4aa0-a90e-15adc81350fd | ITER: 82 END: OK
2019-09-17 13:09:20.098 22380 INFO rally.task.runner [-] Task 1ea46657-b6b7-4aa0-a90e-15adc81350fd | ITER: 91 END: OK
2019-09-17 13:09:20.098 22395 INFO rally.task.runner [-] Task 1ea46657-b6b7-4aa0-a90e-15adc81350fd | ITER: 92 END: OK
2019-09-17 13:09:20.104 22365 INFO rally.task.runner [-] Task 1ea46657-b6b7-4aa0-a90e-15adc81350fd | ITER: 94 END: OK
2019-09-17 13:09:20.114 22361 INFO rally.task.runner [-] Task 1ea46657-b6b7-4aa0-a90e-15adc81350fd | ITER: 81 END: OK
2019-09-17 13:09:20.141 22384 INFO rally.task.runner [-] Task 1ea46657-b6b7-4aa0-a90e-15adc81350fd | ITER: 95 END: OK
2019-09-17 13:09:21.316 22358 INFO rally.task.runner [-] Task 1ea46657-b6b7-4aa0-a90e-15adc81350fd | ITER: 100 END: OK
2019-09-17 13:09:21.327 22390 INFO rally.task.runner [-] Task 1ea46657-b6b7-4aa0-a90e-15adc81350fd | ITER: 86 END: OK
2019-09-17 13:09:21.344 22348 INFO rally.task.runner [-] Task 1ea46657-b6b7-4aa0-a90e-15adc81350fd | ITER: 85 END: OK
2019-09-17 13:09:21.785 22369 INFO rally.task.runner [-] Task 1ea46657-b6b7-4aa0-a90e-15adc81350fd | ITER: 97 END: OK
2019-09-17 13:09:21.893 22345 INFO rally.task.runner [-] Task 1ea46657-b6b7-4aa0-a90e-15adc81350fd | ITER: 89 END: OK
2019-09-17 13:09:21.894 22388 INFO rally.task.runner [-] Task 1ea46657-b6b7-4aa0-a90e-15adc81350fd | ITER: 96 END: OK
2019-09-17 13:09:21.904 22383 INFO rally.task.runner [-] Task 1ea46657-b6b7-4aa0-a90e-15adc81350fd | ITER: 93 END: OK
2019-09-17 13:09:21.905 22372 INFO rally.task.runner [-] Task 1ea46657-b6b7-4aa0-a90e-15adc81350fd | ITER: 90 END: OK
2019-09-17 13:09:22.135 22344 INFO rally.task.runner [-] Task 1ea46657-b6b7-4aa0-a90e-15adc81350fd | ITER: 99 END: OK
2019-09-17 13:09:22.370 22353 INFO rally.task.runner [-] Task 1ea46657-b6b7-4aa0-a90e-15adc81350fd | ITER: 98 END: OK
2019-09-17 13:09:22.375 22377 INFO rally.task.runner [-] Task 1ea46657-b6b7-4aa0-a90e-15adc81350fd | ITER: 87 END: OK
2019-09-17 13:09:22.396 22218 INFO rally.task.context [-] Task 1ea46657-b6b7-4aa0-a90e-15adc81350fd | Context cleanup@openstack cleanup() started
2019-09-17 13:09:22.398 22218 RALLYDEBUG rally_openstack.cleanup.manager [-] Cleaning up neutron vip objects
2019-09-17 13:09:22.883 22218 RALLYDEBUG rally_openstack.cleanup.manager [-] Cleaning up neutron health_monitor objects
2019-09-17 13:09:23.361 22218 RALLYDEBUG rally_openstack.cleanup.manager [-] Cleaning up neutron pool objects
2019-09-17 13:09:23.852 22218 RALLYDEBUG rally_openstack.cleanup.manager [-] Cleaning up neutron loadbalancer objects
2019-09-17 13:09:24.336 22218 RALLYDEBUG rally_openstack.cleanup.manager [-] Cleaning up neutron floatingip objects
2019-09-17 13:09:24.879 22218 RALLYDEBUG rally_openstack.cleanup.manager [-] Cleaning up neutron port objects
2019-09-17 13:09:25.372 22218 RALLYDEBUG rally_openstack.cleanup.manager [-] Cleaning up neutron subnet objects
2019-09-17 13:09:25.877 22218 RALLYDEBUG rally_openstack.cleanup.manager [-] Cleaning up neutron network objects
2019-09-17 13:09:26.717 22218 RALLYDEBUG rally_openstack.cleanup.manager [-] Deleting neutron.network object s_rally_eebabd55_kKpYuuWI (014f05e5-ef30-461d-83f0-c48597428cc2)
2019-09-17 13:09:26.719 22218 RALLYDEBUG rally_openstack.cleanup.manager [-] Deleting neutron.network object s_rally_eebabd55_VhEdRpMj (048de08d-22a2-41e8-97d9-60c00a7b85c9)
2019-09-17 13:09:26.724 22218 RALLYDEBUG rally_openstack.cleanup.manager [-] Deleting neutron.network object s_rally_eebabd55_SjGbhsQ3 (0ec80592-8d92-43ac-afff-564585df13e8)
2019-09-17 13:09:26.726 22218 RALLYDEBUG rally_openstack.cleanup.manager [-] Deleting neutron.network object s_rally_eebabd55_1fh8Iw4k (01887234-2344-4966-b6ab-176219ec6f4c)
2019-09-17 13:09:26.726 22218 RALLYDEBUG rally_openstack.cleanup.manager [-] Deleting neutron.network object s_rally_eebabd55_0TXpOM1p (09407842-4527-4050-99bd-fd2602269f02)
2019-09-17 13:09:26.727 22218 RALLYDEBUG rally_openstack.cleanup.manager [-] Deleting neutron.network object s_rally_eebabd55_Yfnevtid (0402a597-10af-464f-a588-6460f2efb4ab)
2019-09-17 13:09:26.727 22218 RALLYDEBUG rally_openstack.cleanup.manager [-] Deleting neutron.network object s_rally_eebabd55_3Cb4vHu0 (0860d56c-ad41-4d2e-b8b6-e30d35803ead)
2019-09-17 13:09:26.729 22218 RALLYDEBUG rally_openstack.cleanup.manager [-] Deleting neutron.network object s_rally_eebabd55_8PtDMsE9 (21e58e8a-6f50-4944-9dd9-ef49aa0e800d)
2019-09-17 13:09:26.731 22218 RALLYDEBUG rally_openstack.cleanup.manager [-] Deleting neutron.network object s_rally_eebabd55_bYjfHvq3 (0d7cd42f-bc06-41da-b8db-af7efe750567)
2019-09-17 13:09:26.737 22218 RALLYDEBUG rally_openstack.cleanup.manager [-] Deleting neutron.network object s_rally_eebabd55_ELo1ddjZ (25241fda-505f-404f-a345-292a226213b0)
2019-09-17 13:09:26.742 22218 RALLYDEBUG rally_openstack.cleanup.manager [-] Deleting neutron.network object s_rally_eebabd55_3MI9HUYs (28fc051d-f233-4f38-9087-da4bc878c5d7)
2019-09-17 13:09:26.760 22218 RALLYDEBUG rally_openstack.cleanup.manager [-] Deleting neutron.network object s_rally_eebabd55_MYboWyUI (29a65aa7-4d18-4dd6-8b33-ca673dd734c6)
2019-09-17 13:09:26.762 22218 RALLYDEBUG rally_openstack.cleanup.manager [-] Deleting neutron.network object s_rally_eebabd55_KPbMUVLk (2b90b294-c9ab-4a76-af82-62feea0dd82b)
2019-09-17 13:09:26.774 22218 RALLYDEBUG rally_openstack.cleanup.manager [-] Deleting neutron.network object s_rally_eebabd55_AalYR1Jc (3656e583-ead2-429d-a19b-2394e13b8cb4)
2019-09-17 13:09:26.792 22218 RALLYDEBUG rally_openstack.cleanup.manager [-] Deleting neutron.network object s_rally_eebabd55_8hZTXVtP (2d28786d-149e-4c81-a5b5-044d3c30578d)
2019-09-17 13:09:26.803 22218 RALLYDEBUG rally_openstack.cleanup.manager [-] Deleting neutron.network object s_rally_eebabd55_boJeHzmf (38091880-54b6-48d4-91bc-0884e3072931)
2019-09-17 13:09:26.814 22218 RALLYDEBUG rally_openstack.cleanup.manager [-] Deleting neutron.network object s_rally_eebabd55_1GW1Cmjb (36aa3198-f2f9-4860-8524-72e20e8c8791)
2019-09-17 13:09:26.839 22218 RALLYDEBUG rally_openstack.cleanup.manager [-] Deleting neutron.network object s_rally_eebabd55_L8TDTpSp (389f0d91-bf1d-43e9-90c2-3867d160f70c)
2019-09-17 13:09:26.839 22218 RALLYDEBUG rally_openstack.cleanup.manager [-] Deleting neutron.network object s_rally_eebabd55_7IYsHpxo (41c95ba9-ff4a-4255-a4b6-a68efa366870)
2019-09-17 13:09:26.842 22218 RALLYDEBUG rally_openstack.cleanup.manager [-] Deleting neutron.network object s_rally_eebabd55_kCgYbs7E (39a68cd8-f36d-4f5c-9a6c-b269e48206cf)
2019-09-17 13:09:30.767 22218 RALLYDEBUG rally_openstack.cleanup.manager [-] Deleting neutron.network object s_rally_eebabd55_biZjqkQb (42c68b77-2033-4679-8421-b705d1f596e7)
2019-09-17 13:09:31.056 22218 RALLYDEBUG rally_openstack.cleanup.manager [-] Deleting neutron.network object s_rally_eebabd55_R8TS22Gq (445d0447-5548-4f72-8f44-b79af18afd32)
2019-09-17 13:09:32.236 22218 RALLYDEBUG rally_openstack.cleanup.manager [-] Deleting neutron.network object s_rally_eebabd55_lPKex71c (45e32470-729c-4b21-a7e7-2f751741dd7d)
2019-09-17 13:09:32.510 22218 RALLYDEBUG rally_openstack.cleanup.manager [-] Deleting neutron.network object s_rally_eebabd55_PyaCbuTh (461ea0e9-e1e7-4140-9948-bacc7afc5270)
2019-09-17 13:09:32.650 22218 RALLYDEBUG rally_openstack.cleanup.manager [-] Deleting neutron.network object s_rally_eebabd55_qDg02OG9 (4682275b-73fe-49d3-b175-98b0599730a5)
2019-09-17 13:09:32.817 22218 RALLYDEBUG rally_openstack.cleanup.manager [-] Deleting neutron.network object s_rally_eebabd55_clyAJbxy (4c8473f7-8faa-4ea3-9e6f-a17b7ea27545)
2019-09-17 13:09:33.674 22218 RALLYDEBUG rally_openstack.cleanup.manager [-] Deleting neutron.network object s_rally_eebabd55_YiVjX23L (4ca27a25-b279-46e6-a051-f504079548c7)
2019-09-17 13:09:33.833 22218 RALLYDEBUG rally_openstack.cleanup.manager [-] Deleting neutron.network object s_rally_eebabd55_NXDuSmDf (5037013d-5411-455e-9f22-a4620269f2cf)
2019-09-17 13:09:34.780 22218 RALLYDEBUG rally_openstack.cleanup.manager [-] Deleting neutron.network object s_rally_eebabd55_egojIQsu (5107de34-1dcb-4d62-b6db-369e4fd881de)
2019-09-17 13:09:34.783 22218 RALLYDEBUG rally_openstack.cleanup.manager [-] Deleting neutron.network object s_rally_eebabd55_X9mE85CO (53e51dba-3daa-4cf4-b5ee-e9fba85d9725)
2019-09-17 13:09:35.029 22218 RALLYDEBUG rally_openstack.cleanup.manager [-] Deleting neutron.network object s_rally_eebabd55_fMqKhVfX (550806a2-a9bd-45ac-9adc-e485bb5cd6e4)
2019-09-17 13:09:35.324 22218 RALLYDEBUG rally_openstack.cleanup.manager [-] Deleting neutron.network object s_rally_eebabd55_6kNusdD5 (5810ecd5-b9b4-448f-9564-2c948c50bd5c)
2019-09-17 13:09:35.466 22218 RALLYDEBUG rally_openstack.cleanup.manager [-] Deleting neutron.network object s_rally_eebabd55_VXpLWd1z (59cf4e81-f645-414f-87d2-64e916868725)
2019-09-17 13:09:35.511 22218 RALLYDEBUG rally_openstack.cleanup.manager [-] Deleting neutron.network object s_rally_eebabd55_L1eLsTMj (5ba55752-dbad-41d1-8a6a-50c9e83726a4)
2019-09-17 13:09:35.803 22218 RALLYDEBUG rally_openstack.cleanup.manager [-] Deleting neutron.network object s_rally_eebabd55_BBbetZZn (5c1f384a-0a14-46f1-ac9e-0e23ef5392c9)
2019-09-17 13:09:35.940 22218 RALLYDEBUG rally_openstack.cleanup.manager [-] Deleting neutron.network object s_rally_eebabd55_jqLzFaK7 (5dcf3619-0d49-484e-9ece-c5e6c1d6fd98)
2019-09-17 13:09:36.325 22218 RALLYDEBUG rally_openstack.cleanup.manager [-] Deleting neutron.network object s_rally_eebabd55_ten2EwC4 (5de7a1b8-fae5-418b-81f5-f97fcc26958f)
2019-09-17 13:09:36.636 22218 RALLYDEBUG rally_openstack.cleanup.manager [-] Deleting neutron.network object s_rally_eebabd55_1JDUaBjP (5f0bdd69-c8cc-46bf-8cda-4642c5d55759)
2019-09-17 13:09:37.278 22218 RALLYDEBUG rally_openstack.cleanup.manager [-] Deleting neutron.network object s_rally_eebabd55_xLFDai1f (5feac2eb-8a84-44b1-8d92-1ec0e2984f5d)
2019-09-17 13:09:37.372 22218 RALLYDEBUG rally_openstack.cleanup.manager [-] Deleting neutron.network object s_rally_eebabd55_2SjZaTFG (60917473-7226-4a61-ae43-91a00d1461f7)
2019-09-17 13:09:37.758 22218 RALLYDEBUG rally_openstack.cleanup.manager [-] Deleting neutron.network object s_rally_eebabd55_hIp9NjDa (67253585-8291-41f3-8281-fa3e1f429ded)
2019-09-17 13:09:38.762 22218 RALLYDEBUG rally_openstack.cleanup.manager [-] Deleting neutron.network object s_rally_eebabd55_sr3kouds (6ec9ac8c-7770-4b73-8db2-6e7472e61e19)
2019-09-17 13:09:38.803 22218 RALLYDEBUG rally_openstack.cleanup.manager [-] Deleting neutron.network object s_rally_eebabd55_cMl4qpSC (73440316-6040-416c-9d46-1d4463006d01)
2019-09-17 13:09:38.957 22218 RALLYDEBUG rally_openstack.cleanup.manager [-] Deleting neutron.network object s_rally_eebabd55_GrWCFPGe (78e977d3-bcf8-4758-8813-8681a350b88c)
2019-09-17 13:09:39.767 22218 RALLYDEBUG rally_openstack.cleanup.manager [-] Deleting neutron.network object s_rally_eebabd55_gaLhXDTl (81c38da9-7439-4d52-a305-3f55bd01809d)
2019-09-17 13:09:39.809 22218 RALLYDEBUG rally_openstack.cleanup.manager [-] Deleting neutron.network object s_rally_eebabd55_Fe2pjp5h (831d00e2-0fdf-4d1a-b81d-3564037b5282)
2019-09-17 13:09:40.381 22218 RALLYDEBUG rally_openstack.cleanup.manager [-] Deleting neutron.network object s_rally_eebabd55_Oj1XMw7g (83fb00c6-7edd-44e3-b029-b0f71aa3440c)
2019-09-17 13:09:40.588 22218 RALLYDEBUG rally_openstack.cleanup.manager [-] Deleting neutron.network object s_rally_eebabd55_sArBGmrn (84eaab64-4724-4484-9a8d-f9cf15351623)
2019-09-17 13:09:40.601 22218 RALLYDEBUG rally_openstack.cleanup.manager [-] Deleting neutron.network object s_rally_eebabd55_itbqAIDC (8866a459-7e1c-47dd-b0a3-c1e45869f337)
2019-09-17 13:09:40.729 22218 RALLYDEBUG rally_openstack.cleanup.manager [-] Deleting neutron.network object s_rally_eebabd55_8tsrl4j8 (8c3e347b-4ccd-40c2-9dbd-e9c52526b7dc)
2019-09-17 13:09:40.819 22218 RALLYDEBUG rally_openstack.cleanup.manager [-] Deleting neutron.network object s_rally_eebabd55_qip3H4Z5 (8df1cb00-5ca3-48e2-a2f0-6574c9af1d78)
2019-09-17 13:09:40.858 22218 RALLYDEBUG rally_openstack.cleanup.manager [-] Deleting neutron.network object s_rally_eebabd55_NUkhvhkR (8e13b425-5338-4405-959f-a1b64f7814aa)
2019-09-17 13:09:41.039 22218 RALLYDEBUG rally_openstack.cleanup.manager [-] Deleting neutron.network object s_rally_eebabd55_0ZUWiSBj (90759587-ab4d-4301-9a3e-8fcf69010626)
2019-09-17 13:09:41.275 22218 RALLYDEBUG rally_openstack.cleanup.manager [-] Deleting neutron.network object s_rally_eebabd55_Q4TSthiQ (94ae9313-4329-40db-b3b7-1c2775a5339d)
2019-09-17 13:09:42.250 22218 RALLYDEBUG rally_openstack.cleanup.manager [-] Deleting neutron.network object s_rally_eebabd55_Hb6uWgz2 (a27ad716-8734-4cce-83a3-c8823cceb585)
2019-09-17 13:09:42.351 22218 RALLYDEBUG rally_openstack.cleanup.manager [-] Deleting neutron.network object s_rally_eebabd55_rlfvQzCW (a783d32a-811f-4bdd-a0bf-c93cb6e03232)
2019-09-17 13:09:43.117 22218 RALLYDEBUG rally_openstack.cleanup.manager [-] Deleting neutron.network object s_rally_eebabd55_xR58c7zY (a847a37c-398c-4e62-b296-0779b7ca5a31)
2019-09-17 13:09:43.464 22218 RALLYDEBUG rally_openstack.cleanup.manager [-] Deleting neutron.network object s_rally_eebabd55_bGh5yDxu (a976aa8a-256d-4ab0-9201-78a4b045741e)
2019-09-17 13:09:43.785 22218 RALLYDEBUG rally_openstack.cleanup.manager [-] Deleting neutron.network object s_rally_eebabd55_4ekbXWk7 (aa065ba5-f0b4-4ae8-928d-22093c2d7eef)
2019-09-17 13:09:43.907 22218 RALLYDEBUG rally_openstack.cleanup.manager [-] Deleting neutron.network object s_rally_eebabd55_fGjIiYkq (ab0bbf6a-3e49-42d9-867f-a7d7af4c2e08)
2019-09-17 13:09:45.345 22218 RALLYDEBUG rally_openstack.cleanup.manager [-] Deleting neutron.network object s_rally_eebabd55_XvtbrVZU (ac925284-ec47-403d-90c6-037ab4acc64b)
2019-09-17 13:09:45.436 22218 RALLYDEBUG rally_openstack.cleanup.manager [-] Deleting neutron.network object s_rally_eebabd55_1g2sPh3g (af3728f8-f86a-4ac7-9cd1-253e04f19ed7)
2019-09-17 13:09:45.799 22218 RALLYDEBUG rally_openstack.cleanup.manager [-] Deleting neutron.network object s_rally_eebabd55_gMyBDjC6 (b394c310-829a-4732-ab61-9e3ae04f8c93)
2019-09-17 13:09:45.893 22218 RALLYDEBUG rally_openstack.cleanup.manager [-] Deleting neutron.network object s_rally_eebabd55_nxCO8Rk6 (b5ece8a3-d30c-442b-a9ec-499683a48885)
2019-09-17 13:09:46.220 22218 RALLYDEBUG rally_openstack.cleanup.manager [-] Deleting neutron.network object s_rally_eebabd55_YGqkj5Be (b6ae0823-e191-4dec-8c81-54bb10bd0eb9)
2019-09-17 13:09:46.222 22218 RALLYDEBUG rally_openstack.cleanup.manager [-] Deleting neutron.network object s_rally_eebabd55_gsGaUHum (b7099a32-9cc3-4751-9782-dfed1b8f5aeb)
2019-09-17 13:09:46.239 22218 RALLYDEBUG rally_openstack.cleanup.manager [-] Deleting neutron.network object s_rally_eebabd55_7ZLn08Lx (b914679a-cf1d-4f70-85eb-01decd6f4a84)
2019-09-17 13:09:46.248 22218 RALLYDEBUG rally_openstack.cleanup.manager [-] Deleting neutron.network object s_rally_eebabd55_ZgOPBNc4 (bdcdafcd-9ca8-43e9-9689-b0832f3e0e8b)
2019-09-17 13:09:46.282 22218 RALLYDEBUG rally_openstack.cleanup.manager [-] Deleting neutron.network object s_rally_eebabd55_5CD7Z0mH (be1973c1-7a75-403d-9867-8011ab15bc45)
2019-09-17 13:09:47.411 22218 RALLYDEBUG rally_openstack.cleanup.manager [-] Deleting neutron.network object s_rally_eebabd55_V4pybD4l (c1c24902-87e7-481b-a44e-999beb3bd61c)
2019-09-17 13:09:47.543 22218 RALLYDEBUG rally_openstack.cleanup.manager [-] Deleting neutron.network object s_rally_eebabd55_5KMu4nnI (c2d94ee2-4798-44e7-972c-ed8ed6088009)
2019-09-17 13:09:47.577 22218 RALLYDEBUG rally_openstack.cleanup.manager [-] Deleting neutron.network object s_rally_eebabd55_ZL8tCwl4 (c8f46fbc-349c-4e61-be22-14b4a2f98f05)
2019-09-17 13:09:48.341 22218 RALLYDEBUG rally_openstack.cleanup.manager [-] Deleting neutron.network object s_rally_eebabd55_LULkNxW5 (ca43b8ba-f000-4381-9041-669c6c200312)
2019-09-17 13:09:48.698 22218 RALLYDEBUG rally_openstack.cleanup.manager [-] Deleting neutron.network object s_rally_eebabd55_xPuQtJSZ (cb1131d1-2644-4493-90b1-98d479d231cd)
2019-09-17 13:09:48.746 22218 RALLYDEBUG rally_openstack.cleanup.manager [-] Deleting neutron.network object s_rally_eebabd55_4hSXOWDv (cb5ac1fa-0068-4d39-8c74-8c6a457e0eac)
2019-09-17 13:09:48.833 22218 RALLYDEBUG rally_openstack.cleanup.manager [-] Deleting neutron.network object s_rally_eebabd55_ktZ60foJ (cb60d2e9-f06e-4f77-ab6e-b69a0e0b49ad)
2019-09-17 13:09:49.806 22218 RALLYDEBUG rally_openstack.cleanup.manager [-] Deleting neutron.network object s_rally_eebabd55_nKVDbDe1 (cd6435e2-9922-47d8-a05b-39f195a8b2bc)
2019-09-17 13:09:50.688 22218 RALLYDEBUG rally_openstack.cleanup.manager [-] Deleting neutron.network object s_rally_eebabd55_Rn8InYhU (d5900183-7816-4336-b88e-72af3170b39d)
2019-09-17 13:09:50.698 22218 RALLYDEBUG rally_openstack.cleanup.manager [-] Deleting neutron.network object s_rally_eebabd55_J0ELDlhP (d5caa133-4ed6-4f0d-a900-cf8e1cb54661)
2019-09-17 13:09:51.086 22218 RALLYDEBUG rally_openstack.cleanup.manager [-] Deleting neutron.network object s_rally_eebabd55_nkIp3Vnz (dc9dee89-c51d-4278-bc74-4276659f5fab)
2019-09-17 13:09:51.448 22218 RALLYDEBUG rally_openstack.cleanup.manager [-] Deleting neutron.network object s_rally_eebabd55_KHWWT9Ib (dd863cd4-4885-4ff4-a155-b00dbe7d99fd)
2019-09-17 13:09:52.145 22218 RALLYDEBUG rally_openstack.cleanup.manager [-] Deleting neutron.network object s_rally_eebabd55_WZHY2veL (dea91598-cc53-4993-a064-fb3583bc1bf6)
2019-09-17 13:09:52.387 22218 RALLYDEBUG rally_openstack.cleanup.manager [-] Deleting neutron.network object s_rally_eebabd55_EgzJuiv2 (e2955287-8f7a-46ec-929e-9917a57a20b6)
2019-09-17 13:09:52.880 22218 RALLYDEBUG rally_openstack.cleanup.manager [-] Deleting neutron.network object s_rally_eebabd55_nKEwh1H6 (e309831f-7c6c-498f-8622-8c8a4ca30a35)
2019-09-17 13:09:52.916 22218 RALLYDEBUG rally_openstack.cleanup.manager [-] Deleting neutron.network object s_rally_eebabd55_QEzUoIOX (e61541d3-c736-48ef-b98c-5e3450caa62e)
2019-09-17 13:09:52.919 22218 RALLYDEBUG rally_openstack.cleanup.manager [-] Deleting neutron.network object s_rally_eebabd55_7U92UQDh (e7f2f8df-185a-40e1-beaa-41d9da0cb57f)
2019-09-17 13:09:52.966 22218 RALLYDEBUG rally_openstack.cleanup.manager [-] Deleting neutron.network object s_rally_eebabd55_ziJZF6zp (e8a4fe4d-4743-4b54-9a8c-1a05c15dfbca)
2019-09-17 13:09:53.001 22218 RALLYDEBUG rally_openstack.cleanup.manager [-] Deleting neutron.network object s_rally_eebabd55_UnvhVf6n (e9e26f05-5c79-4547-a32b-7b43b3a36b6c)
2019-09-17 13:09:53.013 22218 RALLYDEBUG rally_openstack.cleanup.manager [-] Deleting neutron.network object s_rally_eebabd55_8WxsW4YV (ee018e6d-c7c3-4028-91a8-f4f312c9d073)
2019-09-17 13:09:54.467 22218 RALLYDEBUG rally_openstack.cleanup.manager [-] Deleting neutron.network object s_rally_eebabd55_LKVGQwme (f24b4800-c99e-40cb-8437-7ebc8d5804b0)
2019-09-17 13:09:54.497 22218 RALLYDEBUG rally_openstack.cleanup.manager [-] Deleting neutron.network object s_rally_eebabd55_lufBUnpB (f467f320-e5aa-4240-b8a4-1ea9ec451d8a)
2019-09-17 13:09:54.567 22218 RALLYDEBUG rally_openstack.cleanup.manager [-] Deleting neutron.network object s_rally_eebabd55_xOjx5jXJ (f55871ca-2c8c-49e4-9715-9c292419b854)
