2019-09-17 13:19:39.591 22218 INFO rally.task.engine [-] Running workload: position = 2 config = { "version": 2, "title": "A cropped version of a bigger task.", "description": "Auto-generated task from a single workload (uuid=03bd7f1a-c73a-4d72-98ed-37285e77f81f)", "subtasks": [ { "title": "NeutronNetworks.create_and_delete_subnets", "description": "Create and delete a given number of subnets.", "scenario": { "NeutronNetworks.create_and_delete_subnets": { "network_create_args": {}, "subnet_create_args": {}, "subnet_cidr_start": "1.1.0.0/30", "subnets_per_network": 2 } }, "contexts": { "users": { "tenants": 1, "users_per_tenant": 1 }, "quotas": { "neutron": { "network": -1, "subnet": -1 } } }, "runner": { "constant": { "times": 40, "concurrency": 20 } }, "hooks": [], "sla": { "failure_rate": { "max": 0 } } } ] }
2019-09-17 13:19:39.606 22218 RALLYDEBUG rally_openstack.contexts.keystone.users [-] Creating 1 tenants using 20 threads
2019-09-17 13:19:40.695 22218 RALLYDEBUG rally_openstack.contexts.keystone.users [-] Creating 1 users using 20 threads
2019-09-17 13:19:42.394 22218 INFO rally.task.context [-] Task 1ea46657-b6b7-4aa0-a90e-15adc81350fd | Context users@openstack setup() finished in 2.79 sec
2019-09-17 13:19:42.960 22218 INFO rally.task.context [-] Task 1ea46657-b6b7-4aa0-a90e-15adc81350fd | Context quotas@openstack setup() finished in 0.57 sec
2019-09-17 13:19:42.961 22218 INFO rally.task.context [-] Task 1ea46657-b6b7-4aa0-a90e-15adc81350fd | Context cleanup@openstack setup() finished in 0.01 msec
2019-09-17 13:19:42.965 22218 RALLYDEBUG rally.task.runner [-] Starting the constant runner (task UUID: 1ea46657-b6b7-4aa0-a90e-15adc81350fd). timeout: 0 concurrency: 20 concurrency_per_worker: 1 times: 40 concurrency_overhead: 0 processes_to_start: 20 max_cpu_used: 40
2019-09-17 13:19:42.974 24373 RALLYDEBUG rally.task.runner [-] Starting a worker. concurrency: 1 args: {"network_create_args": {}, "subnet_create_args": {}, "subnet_cidr_start": "1.1.0.0/30", "subnets_per_network": 2} times: 40 method_name: run timeout: 0 duration: None cls:
2019-09-17 13:19:42.975 24374 RALLYDEBUG rally.task.runner [-] Starting a worker. concurrency: 1 args: {"network_create_args": {}, "subnet_create_args": {}, "subnet_cidr_start": "1.1.0.0/30", "subnets_per_network": 2} times: 40 method_name: run timeout: 0 duration: None cls:
2019-09-17 13:19:42.977 24373 INFO rally.task.runner [-] Task 1ea46657-b6b7-4aa0-a90e-15adc81350fd | ITER: 1 START
2019-09-17 13:19:42.978 24375 RALLYDEBUG rally.task.runner [-] Starting a worker. concurrency: 1 args: {"network_create_args": {}, "subnet_create_args": {}, "subnet_cidr_start": "1.1.0.0/30", "subnets_per_network": 2} times: 40 method_name: run timeout: 0 duration: None cls:
2019-09-17 13:19:42.978 24373 WARNING rally_openstack.scenarios.neutron.utils [-] Running this scenario without either the 'network' or 'existing_network' context is deprecated
2019-09-17 13:19:42.978 24374 INFO rally.task.runner [-] Task 1ea46657-b6b7-4aa0-a90e-15adc81350fd | ITER: 2 START
2019-09-17 13:19:42.979 24374 WARNING rally_openstack.scenarios.neutron.utils [-] Running this scenario without either the 'network' or 'existing_network' context is deprecated
2019-09-17 13:19:42.980 24376 RALLYDEBUG rally.task.runner [-] Starting a worker. concurrency: 1 args: {"network_create_args": {}, "subnet_create_args": {}, "subnet_cidr_start": "1.1.0.0/30", "subnets_per_network": 2} times: 40 method_name: run timeout: 0 duration: None cls:
2019-09-17 13:19:42.981 24375 INFO rally.task.runner [-] Task 1ea46657-b6b7-4aa0-a90e-15adc81350fd | ITER: 3 START
2019-09-17 13:19:42.982 24375 WARNING rally_openstack.scenarios.neutron.utils [-] Running this scenario without either the 'network' or 'existing_network' context is deprecated
2019-09-17 13:19:42.982 24380 RALLYDEBUG rally.task.runner [-] Starting a worker. concurrency: 1 args: {"network_create_args": {}, "subnet_create_args": {}, "subnet_cidr_start": "1.1.0.0/30", "subnets_per_network": 2} times: 40 method_name: run timeout: 0 duration: None cls:
2019-09-17 13:19:42.983 24376 INFO rally.task.runner [-] Task 1ea46657-b6b7-4aa0-a90e-15adc81350fd | ITER: 4 START
2019-09-17 13:19:42.983 24376 WARNING rally_openstack.scenarios.neutron.utils [-] Running this scenario without either the 'network' or 'existing_network' context is deprecated
2019-09-17 13:19:42.983 24383 RALLYDEBUG rally.task.runner [-] Starting a worker. concurrency: 1 args: {"network_create_args": {}, "subnet_create_args": {}, "subnet_cidr_start": "1.1.0.0/30", "subnets_per_network": 2} times: 40 method_name: run timeout: 0 duration: None cls:
2019-09-17 13:19:42.985 24380 INFO rally.task.runner [-] Task 1ea46657-b6b7-4aa0-a90e-15adc81350fd | ITER: 5 START
2019-09-17 13:19:42.985 24380 WARNING rally_openstack.scenarios.neutron.utils [-] Running this scenario without either the 'network' or 'existing_network' context is deprecated
2019-09-17 13:19:42.985 24386 RALLYDEBUG rally.task.runner [-] Starting a worker. concurrency: 1 args: {"network_create_args": {}, "subnet_create_args": {}, "subnet_cidr_start": "1.1.0.0/30", "subnets_per_network": 2} times: 40 method_name: run timeout: 0 duration: None cls:
2019-09-17 13:19:42.987 24383 INFO rally.task.runner [-] Task 1ea46657-b6b7-4aa0-a90e-15adc81350fd | ITER: 6 START
2019-09-17 13:19:42.987 24383 WARNING rally_openstack.scenarios.neutron.utils [-] Running this scenario without either the 'network' or 'existing_network' context is deprecated
2019-09-17 13:19:42.987 24390 RALLYDEBUG rally.task.runner [-] Starting a worker. concurrency: 1 args: {"network_create_args": {}, "subnet_create_args": {}, "subnet_cidr_start": "1.1.0.0/30", "subnets_per_network": 2} times: 40 method_name: run timeout: 0 duration: None cls:
2019-09-17 13:19:42.988 24386 INFO rally.task.runner [-] Task 1ea46657-b6b7-4aa0-a90e-15adc81350fd | ITER: 7 START
2019-09-17 13:19:42.989 24386 WARNING rally_openstack.scenarios.neutron.utils [-] Running this scenario without either the 'network' or 'existing_network' context is deprecated
2019-09-17 13:19:42.990 24390 INFO rally.task.runner [-] Task 1ea46657-b6b7-4aa0-a90e-15adc81350fd | ITER: 8 START
2019-09-17 13:19:42.990 24393 RALLYDEBUG rally.task.runner [-] Starting a worker. concurrency: 1 args: {"network_create_args": {}, "subnet_create_args": {}, "subnet_cidr_start": "1.1.0.0/30", "subnets_per_network": 2} times: 40 method_name: run timeout: 0 duration: None cls:
2019-09-17 13:19:42.991 24390 WARNING rally_openstack.scenarios.neutron.utils [-] Running this scenario without either the 'network' or 'existing_network' context is deprecated
2019-09-17 13:19:42.993 24393 INFO rally.task.runner [-] Task 1ea46657-b6b7-4aa0-a90e-15adc81350fd | ITER: 9 START
2019-09-17 13:19:42.993 24396 RALLYDEBUG rally.task.runner [-] Starting a worker. concurrency: 1 args: {"network_create_args": {}, "subnet_create_args": {}, "subnet_cidr_start": "1.1.0.0/30", "subnets_per_network": 2} times: 40 method_name: run timeout: 0 duration: None cls:
2019-09-17 13:19:42.994 24393 WARNING rally_openstack.scenarios.neutron.utils [-] Running this scenario without either the 'network' or 'existing_network' context is deprecated
2019-09-17 13:19:42.996 24396 INFO rally.task.runner [-] Task 1ea46657-b6b7-4aa0-a90e-15adc81350fd | ITER: 10 START
2019-09-17 13:19:42.997 24396 WARNING rally_openstack.scenarios.neutron.utils [-] Running this scenario without either the 'network' or 'existing_network' context is deprecated
2019-09-17 13:19:42.999 24401 RALLYDEBUG rally.task.runner [-] Starting a worker. concurrency: 1 args: {"network_create_args": {}, "subnet_create_args": {}, "subnet_cidr_start": "1.1.0.0/30", "subnets_per_network": 2} times: 40 method_name: run timeout: 0 duration: None cls:
2019-09-17 13:19:43.000 24404 RALLYDEBUG rally.task.runner [-] Starting a worker. concurrency: 1 args: {"network_create_args": {}, "subnet_create_args": {}, "subnet_cidr_start": "1.1.0.0/30", "subnets_per_network": 2} times: 40 method_name: run timeout: 0 duration: None cls:
2019-09-17 13:19:43.002 24401 INFO rally.task.runner [-] Task 1ea46657-b6b7-4aa0-a90e-15adc81350fd | ITER: 11 START
2019-09-17 13:19:43.003 24401 WARNING rally_openstack.scenarios.neutron.utils [-] Running this scenario without either the 'network' or 'existing_network' context is deprecated
2019-09-17 13:19:43.004 24404 INFO rally.task.runner [-] Task 1ea46657-b6b7-4aa0-a90e-15adc81350fd | ITER: 12 START
2019-09-17 13:19:43.004 24405 RALLYDEBUG rally.task.runner [-] Starting a worker. concurrency: 1 args: {"network_create_args": {}, "subnet_create_args": {}, "subnet_cidr_start": "1.1.0.0/30", "subnets_per_network": 2} times: 40 method_name: run timeout: 0 duration: None cls:
2019-09-17 13:19:43.005 24404 WARNING rally_openstack.scenarios.neutron.utils [-] Running this scenario without either the 'network' or 'existing_network' context is deprecated
2019-09-17 13:19:43.008 24410 RALLYDEBUG rally.task.runner [-] Starting a worker. concurrency: 1 args: {"network_create_args": {}, "subnet_create_args": {}, "subnet_cidr_start": "1.1.0.0/30", "subnets_per_network": 2} times: 40 method_name: run timeout: 0 duration: None cls:
2019-09-17 13:19:43.009 24411 RALLYDEBUG rally.task.runner [-] Starting a worker. concurrency: 1 args: {"network_create_args": {}, "subnet_create_args": {}, "subnet_cidr_start": "1.1.0.0/30", "subnets_per_network": 2} times: 40 method_name: run timeout: 0 duration: None cls:
2019-09-17 13:19:43.010 24405 INFO rally.task.runner [-] Task 1ea46657-b6b7-4aa0-a90e-15adc81350fd | ITER: 13 START
2019-09-17 13:19:43.011 24405 WARNING rally_openstack.scenarios.neutron.utils [-] Running this scenario without either the 'network' or 'existing_network' context is deprecated
2019-09-17 13:19:43.011 24410 INFO rally.task.runner [-] Task 1ea46657-b6b7-4aa0-a90e-15adc81350fd | ITER: 14 START
2019-09-17 13:19:43.012 24410 WARNING rally_openstack.scenarios.neutron.utils [-] Running this scenario without either the 'network' or 'existing_network' context is deprecated
2019-09-17 13:19:43.012 24414 RALLYDEBUG rally.task.runner [-] Starting a worker. concurrency: 1 args: {"network_create_args": {}, "subnet_create_args": {}, "subnet_cidr_start": "1.1.0.0/30", "subnets_per_network": 2} times: 40 method_name: run timeout: 0 duration: None cls:
2019-09-17 13:19:43.013 24411 INFO rally.task.runner [-] Task 1ea46657-b6b7-4aa0-a90e-15adc81350fd | ITER: 15 START
2019-09-17 13:19:43.014 24411 WARNING rally_openstack.scenarios.neutron.utils [-] Running this scenario without either the 'network' or 'existing_network' context is deprecated
2019-09-17 13:19:43.015 24414 INFO rally.task.runner [-] Task 1ea46657-b6b7-4aa0-a90e-15adc81350fd | ITER: 16 START
2019-09-17 13:19:43.016 24414 WARNING rally_openstack.scenarios.neutron.utils [-] Running this scenario without either the 'network' or 'existing_network' context is deprecated
2019-09-17 13:19:43.016 24419 RALLYDEBUG rally.task.runner [-] Starting a worker. concurrency: 1 args: {"network_create_args": {}, "subnet_create_args": {}, "subnet_cidr_start": "1.1.0.0/30", "subnets_per_network": 2} times: 40 method_name: run timeout: 0 duration: None cls:
2019-09-17 13:19:43.019 24419 INFO rally.task.runner [-] Task 1ea46657-b6b7-4aa0-a90e-15adc81350fd | ITER: 17 START
2019-09-17 13:19:43.020 24419 WARNING rally_openstack.scenarios.neutron.utils [-] Running this scenario without either the 'network' or 'existing_network' context is deprecated
2019-09-17 13:19:43.020 24422 RALLYDEBUG rally.task.runner [-] Starting a worker. concurrency: 1 args: {"network_create_args": {}, "subnet_create_args": {}, "subnet_cidr_start": "1.1.0.0/30", "subnets_per_network": 2} times: 40 method_name: run timeout: 0 duration: None cls:
2019-09-17 13:19:43.023 24422 INFO rally.task.runner [-] Task 1ea46657-b6b7-4aa0-a90e-15adc81350fd | ITER: 18 START
2019-09-17 13:19:43.024 24422 WARNING rally_openstack.scenarios.neutron.utils [-] Running this scenario without either the 'network' or 'existing_network' context is deprecated
2019-09-17 13:19:43.024 24425 RALLYDEBUG rally.task.runner [-] Starting a worker. concurrency: 1 args: {"network_create_args": {}, "subnet_create_args": {}, "subnet_cidr_start": "1.1.0.0/30", "subnets_per_network": 2} times: 40 method_name: run timeout: 0 duration: None cls:
2019-09-17 13:19:43.027 24425 INFO rally.task.runner [-] Task 1ea46657-b6b7-4aa0-a90e-15adc81350fd | ITER: 19 START
2019-09-17 13:19:43.028 24425 WARNING rally_openstack.scenarios.neutron.utils [-] Running this scenario without either the 'network' or 'existing_network' context is deprecated
2019-09-17 13:19:43.027 24428 RALLYDEBUG rally.task.runner [-] Starting a worker. concurrency: 1 args: {"network_create_args": {}, "subnet_create_args": {}, "subnet_cidr_start": "1.1.0.0/30", "subnets_per_network": 2} times: 40 method_name: run timeout: 0 duration: None cls:
2019-09-17 13:19:43.030 24428 INFO rally.task.runner [-] Task 1ea46657-b6b7-4aa0-a90e-15adc81350fd | ITER: 20 START
2019-09-17 13:19:43.031 24428 WARNING rally_openstack.scenarios.neutron.utils [-] Running this scenario without either the 'network' or 'existing_network' context is deprecated
2019-09-17 13:19:44.112 24374 RALLYDEBUG rally_openstack.wrappers.network [-] CIDR generated: 1.1.4.96/30
2019-09-17 13:19:44.127 24380 RALLYDEBUG rally_openstack.wrappers.network [-] CIDR generated: 1.1.4.100/30
2019-09-17 13:19:44.195 24373 RALLYDEBUG rally_openstack.wrappers.network [-] CIDR generated: 1.1.4.104/30
2019-09-17 13:19:44.289 24376 RALLYDEBUG rally_openstack.wrappers.network [-] CIDR generated: 1.1.4.108/30
2019-09-17 13:19:44.762 24386 RALLYDEBUG rally_openstack.wrappers.network [-] CIDR generated: 1.1.4.112/30
2019-09-17 13:19:45.782 24380 RALLYDEBUG rally_openstack.wrappers.network [-] CIDR generated: 1.1.4.116/30
2019-09-17 13:19:45.834 24375 RALLYDEBUG rally_openstack.wrappers.network [-] CIDR generated: 1.1.4.120/30
2019-09-17 13:19:47.281 24404 RALLYDEBUG rally_openstack.wrappers.network [-] CIDR generated: 1.1.4.124/30
2019-09-17 13:19:47.544 24401 RALLYDEBUG rally_openstack.wrappers.network [-] CIDR generated: 1.1.4.128/30
2019-09-17 13:19:47.594 24390 RALLYDEBUG rally_openstack.wrappers.network [-] CIDR generated: 1.1.4.132/30
2019-09-17 13:19:47.709 24383 RALLYDEBUG rally_openstack.wrappers.network [-] CIDR generated: 1.1.4.136/30
2019-09-17 13:19:48.012 24422 RALLYDEBUG rally_openstack.wrappers.network [-] CIDR generated: 1.1.4.140/30
2019-09-17 13:19:48.069 24405 RALLYDEBUG rally_openstack.wrappers.network [-] CIDR generated: 1.1.4.144/30
2019-09-17 13:19:48.271 24428 RALLYDEBUG rally_openstack.wrappers.network [-] CIDR generated: 1.1.4.148/30
2019-09-17 13:19:48.386 24414 RALLYDEBUG rally_openstack.wrappers.network [-] CIDR generated: 1.1.4.152/30
2019-09-17 13:19:48.429 24419 RALLYDEBUG rally_openstack.wrappers.network [-] CIDR generated: 1.1.4.156/30
2019-09-17 13:19:48.430 24396 RALLYDEBUG rally_openstack.wrappers.network [-] CIDR generated: 1.1.4.160/30
2019-09-17 13:19:49.106 24410 RALLYDEBUG rally_openstack.wrappers.network [-] CIDR generated: 1.1.4.164/30
2019-09-17 13:19:49.362 24393 RALLYDEBUG rally_openstack.wrappers.network [-] CIDR generated: 1.1.4.168/30
2019-09-17 13:19:49.591 24374 RALLYDEBUG rally_openstack.wrappers.network [-] CIDR generated: 1.1.4.172/30
2019-09-17 13:19:51.064 24386 RALLYDEBUG rally_openstack.wrappers.network [-] CIDR generated: 1.1.4.176/30
2019-09-17 13:19:51.673 24376 RALLYDEBUG rally_openstack.wrappers.network [-] CIDR generated: 1.1.4.180/30
2019-09-17 13:19:52.011 24375 RALLYDEBUG rally_openstack.wrappers.network [-] CIDR generated: 1.1.4.184/30
2019-09-17 13:19:52.289 24425 RALLYDEBUG rally_openstack.wrappers.network [-] CIDR generated: 1.1.4.188/30
2019-09-17 13:19:52.458 24410 RALLYDEBUG rally_openstack.wrappers.network [-] CIDR generated: 1.1.4.192/30
2019-09-17 13:19:52.852 24401 RALLYDEBUG rally_openstack.wrappers.network [-] CIDR generated: 1.1.4.196/30
2019-09-17 13:19:52.907 24428 RALLYDEBUG rally_openstack.wrappers.network [-] CIDR generated: 1.1.4.200/30
2019-09-17 13:19:53.311 24404 RALLYDEBUG rally_openstack.wrappers.network [-] CIDR generated: 1.1.4.204/30
2019-09-17 13:19:53.505 24373 RALLYDEBUG rally_openstack.wrappers.network [-] CIDR generated: 1.1.4.208/30
2019-09-17 13:19:53.539 24411 RALLYDEBUG rally_openstack.wrappers.network [-] CIDR generated: 1.1.4.212/30
2019-09-17 13:19:53.676 24414 RALLYDEBUG rally_openstack.wrappers.network [-] CIDR generated: 1.1.4.216/30
2019-09-17 13:19:54.108 24405 RALLYDEBUG rally_openstack.wrappers.network [-] CIDR generated: 1.1.4.220/30
2019-09-17 13:19:54.541 24383 RALLYDEBUG rally_openstack.wrappers.network [-] CIDR generated: 1.1.4.224/30
2019-09-17 13:19:59.112 24390 RALLYDEBUG rally_openstack.wrappers.network [-] CIDR generated: 1.1.4.228/30
2019-09-17 13:19:59.133 24393 RALLYDEBUG rally_openstack.wrappers.network [-] CIDR generated: 1.1.4.232/30
2019-09-17 13:20:00.279 24425 RALLYDEBUG rally_openstack.wrappers.network [-] CIDR generated: 1.1.4.236/30
2019-09-17 13:20:02.755 24396 RALLYDEBUG rally_openstack.wrappers.network [-] CIDR generated: 1.1.4.240/30
2019-09-17 13:20:03.880 24419 RALLYDEBUG rally_openstack.wrappers.network [-] CIDR generated: 1.1.4.244/30
2019-09-17 13:20:05.533 24401 INFO rally.task.runner [-] Task 1ea46657-b6b7-4aa0-a90e-15adc81350fd | ITER: 11 END: OK
2019-09-17 13:20:05.536 24401 INFO rally.task.runner [-] Task 1ea46657-b6b7-4aa0-a90e-15adc81350fd | ITER: 21 START
2019-09-17 13:20:05.536 24401 WARNING rally_openstack.scenarios.neutron.utils [-] Running this scenario without either the 'network' or 'existing_network' context is deprecated
2019-09-17 13:20:05.726 24380 INFO rally.task.runner [-] Task 1ea46657-b6b7-4aa0-a90e-15adc81350fd | ITER: 5 END: OK
2019-09-17 13:20:05.728 24380 INFO rally.task.runner [-] Task 1ea46657-b6b7-4aa0-a90e-15adc81350fd | ITER: 22 START
2019-09-17 13:20:05.729 24380 WARNING rally_openstack.scenarios.neutron.utils [-] Running this scenario without either the 'network' or 'existing_network' context is deprecated
2019-09-17 13:20:05.785 24414 INFO rally.task.runner [-] Task 1ea46657-b6b7-4aa0-a90e-15adc81350fd | ITER: 16 END: OK
2019-09-17 13:20:05.788 24414 INFO rally.task.runner [-] Task 1ea46657-b6b7-4aa0-a90e-15adc81350fd | ITER: 23 START
2019-09-17 13:20:05.788 24414 WARNING rally_openstack.scenarios.neutron.utils [-] Running this scenario without either the 'network' or 'existing_network' context is deprecated
2019-09-17 13:20:06.665 24383 INFO rally.task.runner [-] Task 1ea46657-b6b7-4aa0-a90e-15adc81350fd | ITER: 6 END: OK
2019-09-17 13:20:06.667 24383 INFO rally.task.runner [-] Task 1ea46657-b6b7-4aa0-a90e-15adc81350fd | ITER: 24 START
2019-09-17 13:20:06.668 24383 WARNING rally_openstack.scenarios.neutron.utils [-] Running this scenario without either the 'network' or 'existing_network' context is deprecated
2019-09-17 13:20:07.542 24422 RALLYDEBUG rally_openstack.wrappers.network [-] CIDR generated: 1.1.4.248/30
2019-09-17 13:20:08.360 24380 RALLYDEBUG rally_openstack.wrappers.network [-] CIDR generated: 1.1.4.252/30
2019-09-17 13:20:09.292 24404 INFO rally.task.runner [-] Task 1ea46657-b6b7-4aa0-a90e-15adc81350fd | ITER: 12 END: OK
2019-09-17 13:20:09.295 24404 INFO rally.task.runner [-] Task 1ea46657-b6b7-4aa0-a90e-15adc81350fd | ITER: 25 START
2019-09-17 13:20:09.295 24404 WARNING rally_openstack.scenarios.neutron.utils [-] Running this scenario without either the 'network' or 'existing_network' context is deprecated
2019-09-17 13:20:09.297 24414 RALLYDEBUG rally_openstack.wrappers.network [-] CIDR generated: 1.1.5.0/30
2019-09-17 13:20:09.552 24405 INFO rally.task.runner [-] Task 1ea46657-b6b7-4aa0-a90e-15adc81350fd | ITER: 13 END: OK
2019-09-17 13:20:09.554 24401 RALLYDEBUG rally_openstack.wrappers.network [-] CIDR generated: 1.1.5.4/30
2019-09-17 13:20:09.557 24405 INFO rally.task.runner [-] Task 1ea46657-b6b7-4aa0-a90e-15adc81350fd | ITER: 26 START
2019-09-17 13:20:09.557 24405 WARNING rally_openstack.scenarios.neutron.utils [-] Running this scenario without either the 'network' or 'existing_network' context is deprecated
2019-09-17 13:20:10.832 24383 RALLYDEBUG rally_openstack.wrappers.network [-] CIDR generated: 1.1.5.8/30
2019-09-17 13:20:10.999 24375 INFO rally.task.runner [-] Task 1ea46657-b6b7-4aa0-a90e-15adc81350fd | ITER: 3 END: OK
2019-09-17 13:20:11.003 24375 INFO rally.task.runner [-] Task 1ea46657-b6b7-4aa0-a90e-15adc81350fd | ITER: 27 START
2019-09-17 13:20:11.003 24375 WARNING rally_openstack.scenarios.neutron.utils [-] Running this scenario without either the 'network' or 'existing_network' context is deprecated
2019-09-17 13:20:11.654 24386 INFO rally.task.runner [-] Task 1ea46657-b6b7-4aa0-a90e-15adc81350fd | ITER: 7 END: OK
2019-09-17 13:20:11.657 24386 INFO rally.task.runner [-] Task 1ea46657-b6b7-4aa0-a90e-15adc81350fd | ITER: 28 START
2019-09-17 13:20:11.657 24386 WARNING rally_openstack.scenarios.neutron.utils [-] Running this scenario without either the 'network' or 'existing_network' context is deprecated
2019-09-17 13:20:13.077 24375 RALLYDEBUG rally_openstack.wrappers.network [-] CIDR generated: 1.1.5.12/30
2019-09-17 13:20:13.386 24404 RALLYDEBUG rally_openstack.wrappers.network [-] CIDR generated: 1.1.5.16/30
2019-09-17 13:20:13.386 24410 INFO rally.task.runner [-] Task 1ea46657-b6b7-4aa0-a90e-15adc81350fd | ITER: 14 END: OK
2019-09-17 13:20:13.389 24410 INFO rally.task.runner [-] Task 1ea46657-b6b7-4aa0-a90e-15adc81350fd | ITER: 29 START
2019-09-17 13:20:13.389 24410 WARNING rally_openstack.scenarios.neutron.utils [-] Running this scenario without either the 'network' or 'existing_network' context is deprecated
2019-09-17 13:20:13.815 24405 RALLYDEBUG rally_openstack.wrappers.network [-] CIDR generated: 1.1.5.20/30
2019-09-17 13:20:14.197 24386 RALLYDEBUG rally_openstack.wrappers.network [-] CIDR generated: 1.1.5.24/30
2019-09-17 13:20:14.720 24374 INFO rally.task.runner [-] Task 1ea46657-b6b7-4aa0-a90e-15adc81350fd | ITER: 2 END: OK
2019-09-17 13:20:14.723 24374 INFO rally.task.runner [-] Task 1ea46657-b6b7-4aa0-a90e-15adc81350fd | ITER: 30 START
2019-09-17 13:20:14.723 24374 WARNING rally_openstack.scenarios.neutron.utils [-] Running this scenario without either the 'network' or 'existing_network' context is deprecated
2019-09-17 13:20:15.497 24410 RALLYDEBUG rally_openstack.wrappers.network [-] CIDR generated: 1.1.5.28/30
2019-09-17 13:20:16.120 24411 RALLYDEBUG rally_openstack.wrappers.network [-] CIDR generated: 1.1.5.32/30
2019-09-17 13:20:16.708 24376 INFO rally.task.runner [-] Task 1ea46657-b6b7-4aa0-a90e-15adc81350fd | ITER: 4 END: OK
2019-09-17 13:20:16.710 24376 INFO rally.task.runner [-] Task 1ea46657-b6b7-4aa0-a90e-15adc81350fd | ITER: 31 START
2019-09-17 13:20:16.710 24376 WARNING rally_openstack.scenarios.neutron.utils [-] Running this scenario without either the 'network' or 'existing_network' context is deprecated
2019-09-17 13:20:16.871 24374 RALLYDEBUG rally_openstack.wrappers.network [-] CIDR generated: 1.1.5.36/30
2019-09-17 13:20:17.253 24380 RALLYDEBUG rally_openstack.wrappers.network [-] CIDR generated: 1.1.5.40/30
2019-09-17 13:20:17.575 24383 RALLYDEBUG rally_openstack.wrappers.network [-] CIDR generated: 1.1.5.44/30
2019-09-17 13:20:17.785 24428 INFO rally.task.runner [-] Task 1ea46657-b6b7-4aa0-a90e-15adc81350fd | ITER: 20 END: OK
2019-09-17 13:20:17.789 24428 INFO rally.task.runner [-] Task 1ea46657-b6b7-4aa0-a90e-15adc81350fd | ITER: 32 START
2019-09-17 13:20:17.789 24428 WARNING rally_openstack.scenarios.neutron.utils [-] Running this scenario without either the 'network' or 'existing_network' context is deprecated
2019-09-17 13:20:18.205 24375 RALLYDEBUG rally_openstack.wrappers.network [-] CIDR generated: 1.1.5.48/30
2019-09-17 13:20:18.775 24386 RALLYDEBUG rally_openstack.wrappers.network [-] CIDR generated: 1.1.5.52/30
2019-09-17 13:20:19.173 24404 RALLYDEBUG rally_openstack.wrappers.network [-] CIDR generated: 1.1.5.56/30
2019-09-17 13:20:19.306 24376 RALLYDEBUG rally_openstack.wrappers.network [-] CIDR generated: 1.1.5.60/30
2019-09-17 13:20:20.028 24414 RALLYDEBUG rally_openstack.wrappers.network [-] CIDR generated: 1.1.5.64/30
2019-09-17 13:20:20.038 24410 RALLYDEBUG rally_openstack.wrappers.network [-] CIDR generated: 1.1.5.68/30
2019-09-17 13:20:20.164 24401 RALLYDEBUG rally_openstack.wrappers.network [-] CIDR generated: 1.1.5.72/30
2019-09-17 13:20:20.962 24428 RALLYDEBUG rally_openstack.wrappers.network [-] CIDR generated: 1.1.5.76/30
2019-09-17 13:20:21.638 24373 INFO rally.task.runner [-] Task 1ea46657-b6b7-4aa0-a90e-15adc81350fd | ITER: 1 END: OK
2019-09-17 13:20:21.640 24373 INFO rally.task.runner [-] Task 1ea46657-b6b7-4aa0-a90e-15adc81350fd | ITER: 33 START
2019-09-17 13:20:21.641 24373 WARNING rally_openstack.scenarios.neutron.utils [-] Running this scenario without either the 'network' or 'existing_network' context is deprecated
2019-09-17 13:20:22.405 24374 RALLYDEBUG rally_openstack.wrappers.network [-] CIDR generated: 1.1.5.80/30
2019-09-17 13:20:23.076 24373 RALLYDEBUG rally_openstack.wrappers.network [-] CIDR generated: 1.1.5.84/30
2019-09-17 13:20:27.753 24373 RALLYDEBUG rally_openstack.wrappers.network [-] CIDR generated: 1.1.5.88/30
2019-09-17 13:20:28.347 24376 RALLYDEBUG rally_openstack.wrappers.network [-] CIDR generated: 1.1.5.92/30
2019-09-17 13:20:30.740 24380 INFO rally.task.runner [-] Task 1ea46657-b6b7-4aa0-a90e-15adc81350fd | ITER: 22 END: OK
2019-09-17 13:20:30.743 24380 INFO rally.task.runner [-] Task 1ea46657-b6b7-4aa0-a90e-15adc81350fd | ITER: 34 START
2019-09-17 13:20:30.744 24380 WARNING rally_openstack.scenarios.neutron.utils [-] Running this scenario without either the 'network' or 'existing_network' context is deprecated
2019-09-17 13:20:32.562 24428 RALLYDEBUG rally_openstack.wrappers.network [-] CIDR generated: 1.1.5.96/30
2019-09-17 13:20:32.826 24405 RALLYDEBUG rally_openstack.wrappers.network [-] CIDR generated: 1.1.5.100/30
2019-09-17 13:20:33.378 24380 RALLYDEBUG rally_openstack.wrappers.network [-] CIDR generated: 1.1.5.104/30
2019-09-17 13:20:34.726 24383 INFO rally.task.runner [-] Task 1ea46657-b6b7-4aa0-a90e-15adc81350fd | ITER: 24 END: OK
2019-09-17 13:20:34.737 24383 INFO rally.task.runner [-] Task 1ea46657-b6b7-4aa0-a90e-15adc81350fd | ITER: 35 START
2019-09-17 13:20:34.738 24383 WARNING rally_openstack.scenarios.neutron.utils [-] Running this scenario without either the 'network' or 'existing_network' context is deprecated
2019-09-17 13:20:35.972 24383 RALLYDEBUG rally_openstack.wrappers.network [-] CIDR generated: 1.1.5.108/30
2019-09-17 13:20:38.309 24380 RALLYDEBUG rally_openstack.wrappers.network [-] CIDR generated: 1.1.5.112/30
2019-09-17 13:20:39.059 24404 INFO rally.task.runner [-] Task 1ea46657-b6b7-4aa0-a90e-15adc81350fd | ITER: 25 END: OK
2019-09-17 13:20:39.061 24404 INFO rally.task.runner [-] Task 1ea46657-b6b7-4aa0-a90e-15adc81350fd | ITER: 36 START
2019-09-17 13:20:39.062 24404 WARNING rally_openstack.scenarios.neutron.utils [-] Running this scenario without either the 'network' or 'existing_network' context is deprecated
2019-09-17 13:20:41.145 24404 RALLYDEBUG rally_openstack.wrappers.network [-] CIDR generated: 1.1.5.116/30
2019-09-17 13:20:41.515 24383 RALLYDEBUG rally_openstack.wrappers.network [-] CIDR generated: 1.1.5.120/30
2019-09-17 13:20:43.072 24374 INFO rally.task.runner [-] Task 1ea46657-b6b7-4aa0-a90e-15adc81350fd | ITER: 30 END: OK
2019-09-17 13:20:43.077 24374 INFO rally.task.runner [-] Task 1ea46657-b6b7-4aa0-a90e-15adc81350fd | ITER: 37 START
2019-09-17 13:20:43.078 24374 WARNING rally_openstack.scenarios.neutron.utils [-] Running this scenario without either the 'network' or 'existing_network' context is deprecated
2019-09-17 13:20:44.312 24401 INFO rally.task.runner [-] Task 1ea46657-b6b7-4aa0-a90e-15adc81350fd | ITER: 21 END: OK
2019-09-17 13:20:44.318 24401 INFO rally.task.runner [-] Task 1ea46657-b6b7-4aa0-a90e-15adc81350fd | ITER: 38 START
2019-09-17 13:20:44.318 24401 WARNING rally_openstack.scenarios.neutron.utils [-] Running this scenario without either the 'network' or 'existing_network' context is deprecated
2019-09-17 13:20:45.059 24414 INFO rally.task.runner [-] Task 1ea46657-b6b7-4aa0-a90e-15adc81350fd | ITER: 23 END: OK
2019-09-17 13:20:45.062 24414 INFO rally.task.runner [-] Task 1ea46657-b6b7-4aa0-a90e-15adc81350fd | ITER: 39 START
2019-09-17 13:20:45.062 24414 WARNING rally_openstack.scenarios.neutron.utils [-] Running this scenario without either the 'network' or 'existing_network' context is deprecated
2019-09-17 13:20:45.499 24401 RALLYDEBUG rally_openstack.wrappers.network [-] CIDR generated: 1.1.5.124/30
2019-09-17 13:20:45.829 24374 RALLYDEBUG rally_openstack.wrappers.network [-] CIDR generated: 1.1.5.128/30
2019-09-17 13:20:47.425 24414 RALLYDEBUG rally_openstack.wrappers.network [-] CIDR generated: 1.1.5.132/30
2019-09-17 13:20:51.386 24410 INFO rally.task.runner [-] Task 1ea46657-b6b7-4aa0-a90e-15adc81350fd | ITER: 29 END: OK
2019-09-17 13:20:51.391 24410 INFO rally.task.runner [-] Task 1ea46657-b6b7-4aa0-a90e-15adc81350fd | ITER: 40 START
2019-09-17 13:20:51.391 24410 WARNING rally_openstack.scenarios.neutron.utils [-] Running this scenario without either the 'network' or 'existing_network' context is deprecated
2019-09-17 13:20:52.105 24375 INFO rally.task.runner [-] Task 1ea46657-b6b7-4aa0-a90e-15adc81350fd | ITER: 27 END: OK
2019-09-17 13:20:52.155 24401 RALLYDEBUG rally_openstack.wrappers.network [-] CIDR generated: 1.1.5.136/30
2019-09-17 13:20:53.050 24414 RALLYDEBUG rally_openstack.wrappers.network [-] CIDR generated: 1.1.5.140/30
2019-09-17 13:20:53.357 24374 RALLYDEBUG rally_openstack.wrappers.network [-] CIDR generated: 1.1.5.144/30
2019-09-17 13:20:53.786 24410 RALLYDEBUG rally_openstack.wrappers.network [-] CIDR generated: 1.1.5.148/30
2019-09-17 13:20:54.469 24390 INFO rally.task.runner [-] Task 1ea46657-b6b7-4aa0-a90e-15adc81350fd | ITER: 8 END: OK
2019-09-17 13:20:55.555 24373 INFO rally.task.runner [-] Task 1ea46657-b6b7-4aa0-a90e-15adc81350fd | ITER: 33 END: OK
2019-09-17 13:20:56.620 24404 RALLYDEBUG rally_openstack.wrappers.network [-] CIDR generated: 1.1.5.152/30
2019-09-17 13:20:56.800 24425 INFO rally.task.runner [-] Task 1ea46657-b6b7-4aa0-a90e-15adc81350fd | ITER: 19 END: OK
2019-09-17 13:20:58.058 24380 INFO rally.task.runner [-] Task 1ea46657-b6b7-4aa0-a90e-15adc81350fd | ITER: 34 END: OK
2019-09-17 13:20:58.576 24376 INFO rally.task.runner [-] Task 1ea46657-b6b7-4aa0-a90e-15adc81350fd | ITER: 31 END: OK
2019-09-17 13:20:59.194 24383 INFO rally.task.runner [-] Task 1ea46657-b6b7-4aa0-a90e-15adc81350fd | ITER: 35 END: OK
2019-09-17 13:20:59.200 24419 INFO rally.task.runner [-] Task 1ea46657-b6b7-4aa0-a90e-15adc81350fd | ITER: 17 END: OK
2019-09-17 13:20:59.267 24386 INFO rally.task.runner [-] Task 1ea46657-b6b7-4aa0-a90e-15adc81350fd | ITER: 28 END: OK
2019-09-17 13:20:59.742 24410 RALLYDEBUG rally_openstack.wrappers.network [-] CIDR generated: 1.1.5.156/30
2019-09-17 13:21:02.839 24411 INFO rally.task.runner [-] Task 1ea46657-b6b7-4aa0-a90e-15adc81350fd | ITER: 15 END: OK
2019-09-17 13:21:03.810 24374 INFO rally.task.runner [-] Task 1ea46657-b6b7-4aa0-a90e-15adc81350fd | ITER: 37 END: OK
2019-09-17 13:21:03.930 24393 INFO rally.task.runner [-] Task 1ea46657-b6b7-4aa0-a90e-15adc81350fd | ITER: 9 END: OK
2019-09-17 13:21:03.932 24428 INFO rally.task.runner [-] Task 1ea46657-b6b7-4aa0-a90e-15adc81350fd | ITER: 32 END: OK
2019-09-17 13:21:03.974 24396 INFO rally.task.runner [-] Task 1ea46657-b6b7-4aa0-a90e-15adc81350fd | ITER: 10 END: OK
2019-09-17 13:21:04.272 24401 INFO rally.task.runner [-] Task 1ea46657-b6b7-4aa0-a90e-15adc81350fd | ITER: 38 END: OK
2019-09-17 13:21:04.411 24414 INFO rally.task.runner [-] Task 1ea46657-b6b7-4aa0-a90e-15adc81350fd | ITER: 39 END: OK
2019-09-17 13:21:05.343 24404 INFO rally.task.runner [-] Task 1ea46657-b6b7-4aa0-a90e-15adc81350fd | ITER: 36 END: OK
2019-09-17 13:21:05.982 24410 INFO rally.task.runner [-] Task 1ea46657-b6b7-4aa0-a90e-15adc81350fd | ITER: 40 END: OK
2019-09-17 13:21:06.142 24422 INFO rally.task.runner [-] Task 1ea46657-b6b7-4aa0-a90e-15adc81350fd | ITER: 18 END: OK
2019-09-17 13:21:06.985 24405 INFO rally.task.runner [-] Task 1ea46657-b6b7-4aa0-a90e-15adc81350fd | ITER: 26 END: OK
2019-09-17 13:21:07.011 22218 INFO rally.task.context [-] Task 1ea46657-b6b7-4aa0-a90e-15adc81350fd | Context cleanup@openstack cleanup() started
2019-09-17 13:21:07.012 22218 RALLYDEBUG rally_openstack.cleanup.manager [-] Cleaning up neutron vip objects
2019-09-17 13:21:07.461 22218 RALLYDEBUG rally_openstack.cleanup.manager [-] Cleaning up neutron health_monitor objects
2019-09-17 13:21:07.917 22218 RALLYDEBUG rally_openstack.cleanup.manager [-] Cleaning up neutron pool objects
2019-09-17 13:21:08.371 22218 RALLYDEBUG rally_openstack.cleanup.manager [-] Cleaning up neutron loadbalancer objects
2019-09-17 13:21:08.826 22218 RALLYDEBUG rally_openstack.cleanup.manager [-] Cleaning up neutron floatingip objects
2019-09-17 13:21:09.326 22218 RALLYDEBUG rally_openstack.cleanup.manager [-] Cleaning up neutron port objects
2019-09-17 13:21:09.841 22218 RALLYDEBUG rally_openstack.cleanup.manager [-] Cleaning up neutron subnet objects
2019-09-17 13:21:10.326 22218 RALLYDEBUG rally_openstack.cleanup.manager [-] Cleaning up neutron network objects
2019-09-17 13:21:11.000 22218 RALLYDEBUG rally_openstack.cleanup.manager [-] Deleting neutron.network object s_rally_03bd7f1a_XjCE8eXc (031660c8-ac8d-4954-9c63-e15b2190b117)
2019-09-17 13:21:11.003 22218 RALLYDEBUG rally_openstack.cleanup.manager [-] Deleting neutron.network object s_rally_03bd7f1a_XvsXt9RB (17bf4ef1-85ae-4ee1-931b-df99554f5ec1)
2019-09-17 13:21:11.006 22218 RALLYDEBUG rally_openstack.cleanup.manager [-] Deleting neutron.network object s_rally_03bd7f1a_XKVAyYpr (203c0800-f325-4482-bfb8-f0de0f301080)
2019-09-17 13:21:11.010 22218 RALLYDEBUG rally_openstack.cleanup.manager [-] Deleting neutron.network object s_rally_03bd7f1a_bqWAddUF (2dc73985-a672-42c4-8980-1f12ac0ad74d)
2019-09-17 13:21:11.016 22218 RALLYDEBUG rally_openstack.cleanup.manager [-] Deleting neutron.network object s_rally_03bd7f1a_tYt5Ogej (44b700bb-2ad2-4e80-9ba2-7fa4e94ce647)
2019-09-17 13:21:11.024 22218 RALLYDEBUG rally_openstack.cleanup.manager [-] Deleting neutron.network object s_rally_03bd7f1a_eO0LnxnJ (5572056e-1274-4fad-85c4-8f7d4bf721bc)
2019-09-17 13:21:11.027 22218 RALLYDEBUG rally_openstack.cleanup.manager [-] Deleting neutron.network object s_rally_03bd7f1a_L58NTrkS (58a0f272-5f62-4d5e-b66d-e8829daa197f)
2019-09-17 13:21:11.034 22218 RALLYDEBUG rally_openstack.cleanup.manager [-] Deleting neutron.network object s_rally_03bd7f1a_CvleJOXI (5b46d4be-733c-43ea-be1f-d59708f2c9e0)
2019-09-17 13:21:11.036 22218 RALLYDEBUG rally_openstack.cleanup.manager [-] Deleting neutron.network object s_rally_03bd7f1a_xDWGvDfK (5ea564d9-48ba-452f-bac9-b01bf02b7804)
2019-09-17 13:21:11.041 22218 RALLYDEBUG rally_openstack.cleanup.manager [-] Deleting neutron.network object s_rally_03bd7f1a_fUjbYQVY (65376e80-8936-4d97-a9bd-828398a2ef40)
2019-09-17 13:21:11.047 22218 RALLYDEBUG rally_openstack.cleanup.manager [-] Deleting neutron.network object s_rally_03bd7f1a_3BSXpvdU (66a699fd-37fb-483b-843e-83b06cc66abe)
2019-09-17 13:21:11.059 22218 RALLYDEBUG rally_openstack.cleanup.manager [-] Deleting neutron.network object s_rally_03bd7f1a_r5BBhjV1 (6a5ed647-34cb-4845-acc1-2f45692cd03b)
2019-09-17 13:21:11.065 22218 RALLYDEBUG rally_openstack.cleanup.manager [-] Deleting neutron.network object s_rally_03bd7f1a_D7qHuMhe (6da2225d-b984-4186-8dc6-8308104b89df)
2019-09-17 13:21:11.069 22218 RALLYDEBUG rally_openstack.cleanup.manager [-] Deleting neutron.network object s_rally_03bd7f1a_ZTflRTWd (801b6b50-fa1e-43ad-a1a7-d238c70c8444)
2019-09-17 13:21:11.083 22218 RALLYDEBUG rally_openstack.cleanup.manager [-] Deleting neutron.network object s_rally_03bd7f1a_wlzt71Cp (84490cb6-8335-4974-9b90-61eebc78c238)
2019-09-17 13:21:11.090 22218 RALLYDEBUG rally_openstack.cleanup.manager [-] Deleting neutron.network object s_rally_03bd7f1a_xIAcnVBB (85ff57c7-7d3b-4e89-9957-f8a347b56160)
2019-09-17 13:21:11.110 22218 RALLYDEBUG rally_openstack.cleanup.manager [-] Deleting neutron.network object s_rally_03bd7f1a_IBNiCOdL (8c4da143-fa33-4f07-82b8-6bb37b47ad65)
2019-09-17 13:21:11.127 22218 RALLYDEBUG rally_openstack.cleanup.manager [-] Deleting neutron.network object s_rally_03bd7f1a_MMK6IkDO (8d787617-53d6-47a9-b496-f8a73fe6ed30)
2019-09-17 13:21:11.135 22218 RALLYDEBUG rally_openstack.cleanup.manager [-] Deleting neutron.network object s_rally_03bd7f1a_HxT2W5pD (91539546-3e7e-45a9-836f-0a28b522651f)
2019-09-17 13:21:11.148 22218 RALLYDEBUG rally_openstack.cleanup.manager [-] Deleting neutron.network object s_rally_03bd7f1a_pDnrif4D (98a81dda-c8a9-48c6-b7db-99a19d8c5c1e)
2019-09-17 13:21:13.823 22218 RALLYDEBUG rally_openstack.cleanup.manager [-] Deleting neutron.network object s_rally_03bd7f1a_kcfy8YDA (9997ef59-a915-4df6-9a00-85db01a40dbd)
2019-09-17 13:21:15.261 22218 RALLYDEBUG rally_openstack.cleanup.manager [-] Deleting neutron.network object s_rally_03bd7f1a_BqG4iiLF (b251ac10-6023-4ad8-b14c-ed895b2a7333)
2019-09-17 13:21:15.710 22218 RALLYDEBUG rally_openstack.cleanup.manager [-] Deleting neutron.network object s_rally_03bd7f1a_QBCmj6vP (b318d518-0ec6-4ce7-b7ae-dca46786da33)
2019-09-17 13:21:16.622 22218 RALLYDEBUG rally_openstack.cleanup.manager [-] Deleting neutron.network object s_rally_03bd7f1a_DELcZtqu (b52a7474-ab46-48cc-bcd4-adf40436e4d2)
2019-09-17 13:21:16.681 22218 RALLYDEBUG rally_openstack.cleanup.manager [-] Deleting neutron.network object s_rally_03bd7f1a_yjuihmrr (b5e25dde-bb5f-4bc0-8ea0-c2ad13f2b45d)
2019-09-17 13:21:18.269 22218 RALLYDEBUG rally_openstack.cleanup.manager [-] Deleting neutron.network object s_rally_03bd7f1a_b3LSxPFB (b60aa86e-3e0b-4ac0-82fc-6d59be2b7aae)
2019-09-17 13:21:18.432 22218 RALLYDEBUG rally_openstack.cleanup.manager [-] Deleting neutron.network object s_rally_03bd7f1a_GqcbOFyU (bc87a667-0430-4b5f-9a9c-ccee83240871)
2019-09-17 13:21:18.505 22218 RALLYDEBUG rally_openstack.cleanup.manager [-] Deleting neutron.network object s_rally_03bd7f1a_eG0JFh2M (c4bfcf74-d484-4752-93b3-cb0281a0de21)
2019-09-17 13:21:18.781 22218 RALLYDEBUG rally_openstack.cleanup.manager [-] Deleting neutron.network object s_rally_03bd7f1a_utB03eTK (cce5788c-bf71-4cfb-815e-dd0e092be28b)
2019-09-17 13:21:18.867 22218 RALLYDEBUG rally_openstack.cleanup.manager [-] Deleting neutron.network object s_rally_03bd7f1a_WIz7xUbg (ce038ced-aa6e-4437-9599-d648e5bdd390)
2019-09-17 13:21:19.045 22218 RALLYDEBUG rally_openstack.cleanup.manager [-] Deleting neutron.network object s_rally_03bd7f1a_PXudbLfe (cf2957ef-d647-47e7-a217-2536b0a24521)
2019-09-17 13:21:19.090 22218 RALLYDEBUG rally_openstack.cleanup.manager [-] Deleting neutron.network object s_rally_03bd7f1a_FOKwi2Ny (d1275ed3-0f6c-48fb-ba60-6ac8811c40c5)
2019-09-17 13:21:20.044 22218 RALLYDEBUG rally_openstack.cleanup.manager [-] Deleting neutron.network object s_rally_03bd7f1a_gYhwVd6K (d36fd185-17e4-4846-9b39-5811ea15ba0d)
2019-09-17 13:21:20.671 22218 RALLYDEBUG rally_openstack.cleanup.manager [-] Deleting neutron.network object s_rally_03bd7f1a_EADxXGXf (e17a5fa2-710d-4b37-968e-fc85aec1fc7b)
2019-09-17 13:21:20.981 22218 RALLYDEBUG rally_openstack.cleanup.manager [-] Deleting neutron.network object s_rally_03bd7f1a_BtijES41 (e36940b2-19ab-43ed-a2f7-b8a72f4a6985)
2019-09-17 13:21:21.468 22218 RALLYDEBUG rally_openstack.cleanup.manager [-] Deleting neutron.network object s_rally_03bd7f1a_aE25G4fN (eb632045-06d4-4b12-aef9-93f9d41d3bc9)
2019-09-17 13:21:22.538 22218 RALLYDEBUG rally_openstack.cleanup.manager [-] Deleting neutron.network object s_rally_03bd7f1a_iSWrlAwT (eed48393-6799-4505-be5b-fb59c42a6240)
2019-09-17 13:21:22.790 22218 RALLYDEBUG rally_openstack.cleanup.manager [-] Deleting neutron.network object s_rally_03bd7f1a_vpUZZY7Q (f1e75b77-c548-4d81-9448-5580388e25d4)
2019-09-17 13:21:22.804 22218 RALLYDEBUG rally_openstack.cleanup.manager [-] Deleting neutron.network object s_rally_03bd7f1a_dzpPqW6u (f481ff3f-ec5d-43f8-816b-66a4788a29b3)
2019-09-17 13:21:22.826 22218 RALLYDEBUG rally_openstack.cleanup.manager [-] Deleting neutron.network object s_rally_03bd7f1a_7M6hd4Ab (f794183b-92c1-4f84-aee8-ea9653728007)
2019-09-17 13:21:27.768 22218 RALLYDEBUG rally_openstack.cleanup.manager [-] Cleaning up neutron router objects
2019-09-17 13:21:28.300 22218 RALLYDEBUG rally_openstack.cleanup.manager [-] Cleaning up neutron security_group objects
2019-09-17 13:21:28.825 22218 INFO rally.task.context [-] Task 1ea46657-b6b7-4aa0-a90e-15adc81350fd | Context cleanup@openstack cleanup() finished in 21.81 sec
2019-09-17 13:21:28.826 22218 INFO rally.task.context [-] Task 1ea46657-b6b7-4aa0-a90e-15adc81350fd | Context quotas@openstack cleanup() started
2019-09-17 13:21:28.840 22218 INFO rally.task.context [-] Task 1ea46657-b6b7-4aa0-a90e-15adc81350fd | Context quotas@openstack cleanup() finished in 14.88 msec
2019-09-17 13:21:28.841 22218 INFO rally.task.context [-] Task 1ea46657-b6b7-4aa0-a90e-15adc81350fd | Context users@openstack cleanup() started
2019-09-17 13:21:32.054 22218 INFO rally.task.context [-] Task 1ea46657-b6b7-4aa0-a90e-15adc81350fd | Context users@openstack cleanup() finished in 3.21 sec
2019-09-17 13:21:33.906 22218 INFO rally.task.engine [-] Load duration is: 84.006597
2019-09-17 13:21:33.906 22218 INFO rally.task.engine [-] Full runner duration is: 84.045395
2019-09-17 13:21:33.906 22218 INFO rally.task.engine [-] Full duration is: 112.450119
2019-09-17 13:21:34.000 22218 INFO rally.task.engine [-] Running workload: position = 0 config = { "version": 2, "title": "A cropped version of a bigger task.", "description": "Auto-generated task from a single workload (uuid=9d0101f8-e8d7-426d-9e4b-e7f72fc4000c)", "subtasks": [ { "title": "NeutronNetworks.create_and_list_routers", "description": "Create and a given number of routers and list all routers.", "scenario": { "NeutronNetworks.create_and_list_routers": { "network_create_args": null, "subnet_create_args": null, "subnet_cidr_start": "1.1.0.0/30", "subnets_per_network": 2, "router_create_args": null } }, "contexts": { "users": { "tenants": 1, "users_per_tenant": 1 }, "quotas": { "neutron": { "network": -1, "subnet": -1, "router": -1 } } }, "runner": { "constant": { "times": 40, "concurrency": 20 } }, "hooks": [], "sla": { "failure_rate": { "max": 0 } } } ] }
2019-09-17 13:21:34.013 22218 RALLYDEBUG rally_openstack.contexts.keystone.users [-] Creating 1 tenants using 20 threads
2019-09-17 13:21:35.125 22218 RALLYDEBUG rally_openstack.contexts.keystone.users [-] Creating 1 users using 20 threads
2019-09-17 13:21:36.719 22218 INFO rally.task.context [-] Task 1ea46657-b6b7-4aa0-a90e-15adc81350fd | Context users@openstack setup() finished in 2.71 sec
2019-09-17 13:21:37.281 22218 INFO rally.task.context [-] Task 1ea46657-b6b7-4aa0-a90e-15adc81350fd | Context quotas@openstack setup() finished in 0.56 sec
2019-09-17 13:21:37.282 22218 INFO rally.task.context [-] Task 1ea46657-b6b7-4aa0-a90e-15adc81350fd | Context cleanup@openstack setup() finished in 0.00 msec
2019-09-17 13:21:37.286 22218 RALLYDEBUG rally.task.runner [-] Starting the constant runner (task UUID: 1ea46657-b6b7-4aa0-a90e-15adc81350fd). timeout: 0 concurrency: 20 concurrency_per_worker: 1 times: 40 concurrency_overhead: 0 processes_to_start: 20 max_cpu_used: 40
2019-09-17 13:21:37.295 24755 RALLYDEBUG rally.task.runner [-] Starting a worker. concurrency: 1 args: {"network_create_args": null, "subnet_create_args": null, "subnet_cidr_start": "1.1.0.0/30", "subnets_per_network": 2, "router_create_args": null} times: 40 method_name: run timeout: 0 duration: None cls:
2019-09-17 13:21:37.296 24756 RALLYDEBUG rally.task.runner [-] Starting a worker. concurrency: 1 args: {"network_create_args": null, "subnet_create_args": null, "subnet_cidr_start": "1.1.0.0/30", "subnets_per_network": 2, "router_create_args": null} times: 40 method_name: run timeout: 0 duration: None cls:
2019-09-17 13:21:37.298 24755 INFO rally.task.runner [-] Task 1ea46657-b6b7-4aa0-a90e-15adc81350fd | ITER: 1 START
2019-09-17 13:21:37.298 24757 RALLYDEBUG rally.task.runner [-] Starting a worker. concurrency: 1 args: {"network_create_args": null, "subnet_create_args": null, "subnet_cidr_start": "1.1.0.0/30", "subnets_per_network": 2, "router_create_args": null} times: 40 method_name: run timeout: 0 duration: None cls:
2019-09-17 13:21:37.299 24756 INFO rally.task.runner [-] Task 1ea46657-b6b7-4aa0-a90e-15adc81350fd | ITER: 2 START
2019-09-17 13:21:37.300 24758 RALLYDEBUG rally.task.runner [-] Starting a worker. concurrency: 1 args: {"network_create_args": null, "subnet_create_args": null, "subnet_cidr_start": "1.1.0.0/30", "subnets_per_network": 2, "router_create_args": null} times: 40 method_name: run timeout: 0 duration: None cls:
2019-09-17 13:21:37.301 24757 INFO rally.task.runner [-] Task 1ea46657-b6b7-4aa0-a90e-15adc81350fd | ITER: 3 START
2019-09-17 13:21:37.303 24758 INFO rally.task.runner [-] Task 1ea46657-b6b7-4aa0-a90e-15adc81350fd | ITER: 4 START
2019-09-17 13:21:37.302 24763 RALLYDEBUG rally.task.runner [-] Starting a worker. concurrency: 1 args: {"network_create_args": null, "subnet_create_args": null, "subnet_cidr_start": "1.1.0.0/30", "subnets_per_network": 2, "router_create_args": null} times: 40 method_name: run timeout: 0 duration: None cls:
2019-09-17 13:21:37.306 24763 INFO rally.task.runner [-] Task 1ea46657-b6b7-4aa0-a90e-15adc81350fd | ITER: 5 START
2019-09-17 13:21:37.307 24768 RALLYDEBUG rally.task.runner [-] Starting a worker. concurrency: 1 args: {"network_create_args": null, "subnet_create_args": null, "subnet_cidr_start": "1.1.0.0/30", "subnets_per_network": 2, "router_create_args": null} times: 40 method_name: run timeout: 0 duration: None cls:
2019-09-17 13:21:37.310 24771 RALLYDEBUG rally.task.runner [-] Starting a worker. concurrency: 1 args: {"network_create_args": null, "subnet_create_args": null, "subnet_cidr_start": "1.1.0.0/30", "subnets_per_network": 2, "router_create_args": null} times: 40 method_name: run timeout: 0 duration: None cls:
2019-09-17 13:21:37.311 24768 INFO rally.task.runner [-] Task 1ea46657-b6b7-4aa0-a90e-15adc81350fd | ITER: 6 START
2019-09-17 13:21:37.314 24771 INFO rally.task.runner [-] Task 1ea46657-b6b7-4aa0-a90e-15adc81350fd | ITER: 7 START
2019-09-17 13:21:37.315 24774 RALLYDEBUG rally.task.runner [-] Starting a worker. concurrency: 1 args: {"network_create_args": null, "subnet_create_args": null, "subnet_cidr_start": "1.1.0.0/30", "subnets_per_network": 2, "router_create_args": null} times: 40 method_name: run timeout: 0 duration: None cls:
2019-09-17 13:21:37.319 24777 RALLYDEBUG rally.task.runner [-] Starting a worker. concurrency: 1 args: {"network_create_args": null, "subnet_create_args": null, "subnet_cidr_start": "1.1.0.0/30", "subnets_per_network": 2, "router_create_args": null} times: 40 method_name: run timeout: 0 duration: None cls:
2019-09-17 13:21:37.319 24774 INFO rally.task.runner [-] Task 1ea46657-b6b7-4aa0-a90e-15adc81350fd | ITER: 8 START
2019-09-17 13:21:37.322 24777 INFO rally.task.runner [-] Task 1ea46657-b6b7-4aa0-a90e-15adc81350fd | ITER: 9 START
2019-09-17 13:21:37.323 24780 RALLYDEBUG rally.task.runner [-] Starting a worker. concurrency: 1 args: {"network_create_args": null, "subnet_create_args": null, "subnet_cidr_start": "1.1.0.0/30", "subnets_per_network": 2, "router_create_args": null} times: 40 method_name: run timeout: 0 duration: None cls:
2019-09-17 13:21:37.327 24780 INFO rally.task.runner [-] Task 1ea46657-b6b7-4aa0-a90e-15adc81350fd | ITER: 10 START
2019-09-17 13:21:37.327 24783 RALLYDEBUG rally.task.runner [-] Starting a worker. concurrency: 1 args: {"network_create_args": null, "subnet_create_args": null, "subnet_cidr_start": "1.1.0.0/30", "subnets_per_network": 2, "router_create_args": null} times: 40 method_name: run timeout: 0 duration: None cls:
2019-09-17 13:21:37.330 24783 INFO rally.task.runner [-] Task 1ea46657-b6b7-4aa0-a90e-15adc81350fd | ITER: 11 START
2019-09-17 13:21:37.331 24786 RALLYDEBUG rally.task.runner [-] Starting a worker. concurrency: 1 args: {"network_create_args": null, "subnet_create_args": null, "subnet_cidr_start": "1.1.0.0/30", "subnets_per_network": 2, "router_create_args": null} times: 40 method_name: run timeout: 0 duration: None cls:
2019-09-17 13:21:37.333 24788 RALLYDEBUG rally.task.runner [-] Starting a worker. concurrency: 1 args: {"network_create_args": null, "subnet_create_args": null, "subnet_cidr_start": "1.1.0.0/30", "subnets_per_network": 2, "router_create_args": null} times: 40 method_name: run timeout: 0 duration: None cls:
2019-09-17 13:21:37.334 24786 INFO rally.task.runner [-] Task 1ea46657-b6b7-4aa0-a90e-15adc81350fd | ITER: 12 START
2019-09-17 13:21:37.335 24790 RALLYDEBUG rally.task.runner [-] Starting a worker. concurrency: 1 args: {"network_create_args": null, "subnet_create_args": null, "subnet_cidr_start": "1.1.0.0/30", "subnets_per_network": 2, "router_create_args": null} times: 40 method_name: run timeout: 0 duration: None cls:
2019-09-17 13:21:37.337 24793 RALLYDEBUG rally.task.runner [-] Starting a worker. concurrency: 1 args: {"network_create_args": null, "subnet_create_args": null, "subnet_cidr_start": "1.1.0.0/30", "subnets_per_network": 2, "router_create_args": null} times: 40 method_name: run timeout: 0 duration: None cls:
2019-09-17 13:21:37.338 24788 INFO rally.task.runner [-] Task 1ea46657-b6b7-4aa0-a90e-15adc81350fd | ITER: 13 START
2019-09-17 13:21:37.340 24790 INFO rally.task.runner [-] Task 1ea46657-b6b7-4aa0-a90e-15adc81350fd | ITER: 14 START
2019-09-17 13:21:37.340 24793 INFO rally.task.runner [-] Task 1ea46657-b6b7-4aa0-a90e-15adc81350fd | ITER: 15 START
