2019-09-17 13:33:11.306 25527 RALLYDEBUG rally.task.runner [-] Starting a worker. concurrency: 1 args: {"network_create_args": {}, "subnet_create_args": {}, "subnet_cidr_start": "1.1.0.0/30", "subnets_per_network": 2, "router_create_args": {}} times: 40 method_name: run timeout: 0 duration: None cls:
2019-09-17 13:33:11.306 25522 INFO rally.task.runner [-] Task 1ea46657-b6b7-4aa0-a90e-15adc81350fd | ITER: 4 START
2019-09-17 13:33:11.309 25527 INFO rally.task.runner [-] Task 1ea46657-b6b7-4aa0-a90e-15adc81350fd | ITER: 5 START
2019-09-17 13:33:11.309 25530 RALLYDEBUG rally.task.runner [-] Starting a worker. concurrency: 1 args: {"network_create_args": {}, "subnet_create_args": {}, "subnet_cidr_start": "1.1.0.0/30", "subnets_per_network": 2, "router_create_args": {}} times: 40 method_name: run timeout: 0 duration: None cls:
2019-09-17 13:33:11.311 25533 RALLYDEBUG rally.task.runner [-] Starting a worker. concurrency: 1 args: {"network_create_args": {}, "subnet_create_args": {}, "subnet_cidr_start": "1.1.0.0/30", "subnets_per_network": 2, "router_create_args": {}} times: 40 method_name: run timeout: 0 duration: None cls:
2019-09-17 13:33:11.313 25530 INFO rally.task.runner [-] Task 1ea46657-b6b7-4aa0-a90e-15adc81350fd | ITER: 6 START
2019-09-17 13:33:11.314 25533 INFO rally.task.runner [-] Task 1ea46657-b6b7-4aa0-a90e-15adc81350fd | ITER: 7 START
2019-09-17 13:33:11.316 25536 RALLYDEBUG rally.task.runner [-] Starting a worker. concurrency: 1 args: {"network_create_args": {}, "subnet_create_args": {}, "subnet_cidr_start": "1.1.0.0/30", "subnets_per_network": 2, "router_create_args": {}} times: 40 method_name: run timeout: 0 duration: None cls:
2019-09-17 13:33:11.320 25536 INFO rally.task.runner [-] Task 1ea46657-b6b7-4aa0-a90e-15adc81350fd | ITER: 8 START
2019-09-17 13:33:11.320 25541 RALLYDEBUG rally.task.runner [-] Starting a worker. concurrency: 1 args: {"network_create_args": {}, "subnet_create_args": {}, "subnet_cidr_start": "1.1.0.0/30", "subnets_per_network": 2, "router_create_args": {}} times: 40 method_name: run timeout: 0 duration: None cls:
2019-09-17 13:33:11.324 25541 INFO rally.task.runner [-] Task 1ea46657-b6b7-4aa0-a90e-15adc81350fd | ITER: 9 START
2019-09-17 13:33:11.325 25544 RALLYDEBUG rally.task.runner [-] Starting a worker. concurrency: 1 args: {"network_create_args": {}, "subnet_create_args": {}, "subnet_cidr_start": "1.1.0.0/30", "subnets_per_network": 2, "router_create_args": {}} times: 40 method_name: run timeout: 0 duration: None cls:
2019-09-17 13:33:11.328 25544 INFO rally.task.runner [-] Task 1ea46657-b6b7-4aa0-a90e-15adc81350fd | ITER: 10 START
2019-09-17 13:33:11.330 25547 RALLYDEBUG rally.task.runner [-] Starting a worker. concurrency: 1 args: {"network_create_args": {}, "subnet_create_args": {}, "subnet_cidr_start": "1.1.0.0/30", "subnets_per_network": 2, "router_create_args": {}} times: 40 method_name: run timeout: 0 duration: None cls:
2019-09-17 13:33:11.333 25547 INFO rally.task.runner [-] Task 1ea46657-b6b7-4aa0-a90e-15adc81350fd | ITER: 11 START
2019-09-17 13:33:11.334 25550 RALLYDEBUG rally.task.runner [-] Starting a worker. concurrency: 1 args: {"network_create_args": {}, "subnet_create_args": {}, "subnet_cidr_start": "1.1.0.0/30", "subnets_per_network": 2, "router_create_args": {}} times: 40 method_name: run timeout: 0 duration: None cls:
2019-09-17 13:33:11.337 25550 INFO rally.task.runner [-] Task 1ea46657-b6b7-4aa0-a90e-15adc81350fd | ITER: 12 START
2019-09-17 13:33:11.338 25553 RALLYDEBUG rally.task.runner [-] Starting a worker. concurrency: 1 args: {"network_create_args": {}, "subnet_create_args": {}, "subnet_cidr_start": "1.1.0.0/30", "subnets_per_network": 2, "router_create_args": {}} times: 40 method_name: run timeout: 0 duration: None cls:
2019-09-17 13:33:11.341 25553 INFO rally.task.runner [-] Task 1ea46657-b6b7-4aa0-a90e-15adc81350fd | ITER: 13 START
2019-09-17 13:33:11.343 25556 RALLYDEBUG rally.task.runner [-] Starting a worker. concurrency: 1 args: {"network_create_args": {}, "subnet_create_args": {}, "subnet_cidr_start": "1.1.0.0/30", "subnets_per_network": 2, "router_create_args": {}} times: 40 method_name: run timeout: 0 duration: None cls:
2019-09-17 13:33:11.346 25556 INFO rally.task.runner [-] Task 1ea46657-b6b7-4aa0-a90e-15adc81350fd | ITER: 14 START
2019-09-17 13:33:11.347 25559 RALLYDEBUG rally.task.runner [-] Starting a worker. concurrency: 1 args: {"network_create_args": {}, "subnet_create_args": {}, "subnet_cidr_start": "1.1.0.0/30", "subnets_per_network": 2, "router_create_args": {}} times: 40 method_name: run timeout: 0 duration: None cls:
2019-09-17 13:33:11.350 25559 INFO rally.task.runner [-] Task 1ea46657-b6b7-4aa0-a90e-15adc81350fd | ITER: 15 START
2019-09-17 13:33:11.352 25562 RALLYDEBUG rally.task.runner [-] Starting a worker. concurrency: 1 args: {"network_create_args": {}, "subnet_create_args": {}, "subnet_cidr_start": "1.1.0.0/30", "subnets_per_network": 2, "router_create_args": {}} times: 40 method_name: run timeout: 0 duration: None cls:
2019-09-17 13:33:11.355 25562 INFO rally.task.runner [-] Task 1ea46657-b6b7-4aa0-a90e-15adc81350fd | ITER: 16 START
2019-09-17 13:33:11.356 25565 RALLYDEBUG rally.task.runner [-] Starting a worker. concurrency: 1 args: {"network_create_args": {}, "subnet_create_args": {}, "subnet_cidr_start": "1.1.0.0/30", "subnets_per_network": 2, "router_create_args": {}} times: 40 method_name: run timeout: 0 duration: None cls:
2019-09-17 13:33:11.359 25565 INFO rally.task.runner [-] Task 1ea46657-b6b7-4aa0-a90e-15adc81350fd | ITER: 17 START
2019-09-17 13:33:11.360 25568 RALLYDEBUG rally.task.runner [-] Starting a worker. concurrency: 1 args: {"network_create_args": {}, "subnet_create_args": {}, "subnet_cidr_start": "1.1.0.0/30", "subnets_per_network": 2, "router_create_args": {}} times: 40 method_name: run timeout: 0 duration: None cls:
2019-09-17 13:33:11.363 25568 INFO rally.task.runner [-] Task 1ea46657-b6b7-4aa0-a90e-15adc81350fd | ITER: 18 START
2019-09-17 13:33:11.364 25571 RALLYDEBUG rally.task.runner [-] Starting a worker. concurrency: 1 args: {"network_create_args": {}, "subnet_create_args": {}, "subnet_cidr_start": "1.1.0.0/30", "subnets_per_network": 2, "router_create_args": {}} times: 40 method_name: run timeout: 0 duration: None cls:
2019-09-17 13:33:11.367 25571 INFO rally.task.runner [-] Task 1ea46657-b6b7-4aa0-a90e-15adc81350fd | ITER: 19 START
2019-09-17 13:33:11.368 25574 RALLYDEBUG rally.task.runner [-] Starting a worker. concurrency: 1 args: {"network_create_args": {}, "subnet_create_args": {}, "subnet_cidr_start": "1.1.0.0/30", "subnets_per_network": 2, "router_create_args": {}} times: 40 method_name: run timeout: 0 duration: None cls:
2019-09-17 13:33:11.372 25574 INFO rally.task.runner [-] Task 1ea46657-b6b7-4aa0-a90e-15adc81350fd | ITER: 20 START
2019-09-17 13:33:12.414 25522 RALLYDEBUG rally_openstack.wrappers.network [-] CIDR generated: 1.1.8.32/30
2019-09-17 13:33:12.588 25520 RALLYDEBUG rally_openstack.wrappers.network [-] CIDR generated: 1.1.8.36/30
2019-09-17 13:33:12.595 25521 RALLYDEBUG rally_openstack.wrappers.network [-] CIDR generated: 1.1.8.40/30
2019-09-17 13:33:12.655 25519 RALLYDEBUG rally_openstack.wrappers.network [-] CIDR generated: 1.1.8.44/30
2019-09-17 13:33:13.086 25527 RALLYDEBUG rally_openstack.wrappers.network [-] CIDR generated: 1.1.8.48/30
2019-09-17 13:33:13.631 25533 RALLYDEBUG rally_openstack.wrappers.network [-] CIDR generated: 1.1.8.52/30
2019-09-17 13:33:14.036 25536 RALLYDEBUG rally_openstack.wrappers.network [-] CIDR generated: 1.1.8.56/30
2019-09-17 13:33:14.445 25541 RALLYDEBUG rally_openstack.wrappers.network [-] CIDR generated: 1.1.8.60/30
2019-09-17 13:33:15.579 25530 RALLYDEBUG rally_openstack.wrappers.network [-] CIDR generated: 1.1.8.64/30
2019-09-17 13:33:16.454 25544 RALLYDEBUG rally_openstack.wrappers.network [-] CIDR generated: 1.1.8.68/30
2019-09-17 13:33:16.676 25562 RALLYDEBUG rally_openstack.wrappers.network [-] CIDR generated: 1.1.8.72/30
2019-09-17 13:33:16.688 25556 RALLYDEBUG rally_openstack.wrappers.network [-] CIDR generated: 1.1.8.76/30
2019-09-17 13:33:16.706 25568 RALLYDEBUG rally_openstack.wrappers.network [-] CIDR generated: 1.1.8.80/30
2019-09-17 13:33:16.807 25565 RALLYDEBUG rally_openstack.wrappers.network [-] CIDR generated: 1.1.8.84/30
2019-09-17 13:33:16.929 25527 RALLYDEBUG rally_openstack.wrappers.network [-] CIDR generated: 1.1.8.88/30
2019-09-17 13:33:16.933 25553 RALLYDEBUG rally_openstack.wrappers.network [-] CIDR generated: 1.1.8.92/30
2019-09-17 13:33:17.185 25547 RALLYDEBUG rally_openstack.wrappers.network [-] CIDR generated: 1.1.8.96/30
2019-09-17 13:33:17.222 25574 RALLYDEBUG rally_openstack.wrappers.network [-] CIDR generated: 1.1.8.100/30
2019-09-17 13:33:17.223 25550 RALLYDEBUG rally_openstack.wrappers.network [-] CIDR generated: 1.1.8.104/30
2019-09-17 13:33:17.413 25522 RALLYDEBUG rally_openstack.wrappers.network [-] CIDR generated: 1.1.8.108/30
2019-09-17 13:33:17.865 25571 RALLYDEBUG rally_openstack.wrappers.network [-] CIDR generated: 1.1.8.112/30
2019-09-17 13:33:18.664 25533 RALLYDEBUG rally_openstack.wrappers.network [-] CIDR generated: 1.1.8.116/30
2019-09-17 13:33:18.760 25559 RALLYDEBUG rally_openstack.wrappers.network [-] CIDR generated: 1.1.8.120/30
2019-09-17 13:33:18.985 25536 RALLYDEBUG rally_openstack.wrappers.network [-] CIDR generated: 1.1.8.124/30
2019-09-17 13:33:19.533 25519 RALLYDEBUG rally_openstack.wrappers.network [-] CIDR generated: 1.1.8.128/30
2019-09-17 13:33:19.856 25530 RALLYDEBUG rally_openstack.wrappers.network [-] CIDR generated: 1.1.8.132/30
2019-09-17 13:33:20.781 25520 RALLYDEBUG rally_openstack.wrappers.network [-] CIDR generated: 1.1.8.136/30
2019-09-17 13:33:21.975 25521 RALLYDEBUG rally_openstack.wrappers.network [-] CIDR generated: 1.1.8.140/30
2019-09-17 13:33:22.151 25541 RALLYDEBUG rally_openstack.wrappers.network [-] CIDR generated: 1.1.8.144/30
2019-09-17 13:33:24.299 25544 RALLYDEBUG rally_openstack.wrappers.network [-] CIDR generated: 1.1.8.148/30
2019-09-17 13:33:24.306 25553 RALLYDEBUG rally_openstack.wrappers.network [-] CIDR generated: 1.1.8.152/30
2019-09-17 13:33:24.701 25556 RALLYDEBUG rally_openstack.wrappers.network [-] CIDR generated: 1.1.8.156/30
2019-09-17 13:33:25.991 25559 RALLYDEBUG rally_openstack.wrappers.network [-] CIDR generated: 1.1.8.160/30
2019-09-17 13:33:26.089 25550 RALLYDEBUG rally_openstack.wrappers.network [-] CIDR generated: 1.1.8.164/30
2019-09-17 13:33:26.280 25568 RALLYDEBUG rally_openstack.wrappers.network [-] CIDR generated: 1.1.8.168/30
2019-09-17 13:33:26.792 25571 RALLYDEBUG rally_openstack.wrappers.network [-] CIDR generated: 1.1.8.172/30
2019-09-17 13:33:26.819 25562 RALLYDEBUG rally_openstack.wrappers.network [-] CIDR generated: 1.1.8.176/30
2019-09-17 13:33:27.042 25565 RALLYDEBUG rally_openstack.wrappers.network [-] CIDR generated: 1.1.8.180/30
2019-09-17 13:33:27.230 25574 RALLYDEBUG rally_openstack.wrappers.network [-] CIDR generated: 1.1.8.184/30
2019-09-17 13:33:27.714 25547 RALLYDEBUG rally_openstack.wrappers.network [-] CIDR generated: 1.1.8.188/30
2019-09-17 13:34:21.341 25536 INFO rally.task.runner [-] Task 1ea46657-b6b7-4aa0-a90e-15adc81350fd | ITER: 8 END: OK
2019-09-17 13:34:21.347 25536 INFO rally.task.runner [-] Task 1ea46657-b6b7-4aa0-a90e-15adc81350fd | ITER: 21 START
2019-09-17 13:34:21.860 25533 INFO rally.task.runner [-] Task 1ea46657-b6b7-4aa0-a90e-15adc81350fd | ITER: 7 END: OK
2019-09-17 13:34:21.865 25533 INFO rally.task.runner [-] Task 1ea46657-b6b7-4aa0-a90e-15adc81350fd | ITER: 22 START
2019-09-17 13:34:24.150 25536 RALLYDEBUG rally_openstack.wrappers.network [-] CIDR generated: 1.1.8.192/30
2019-09-17 13:34:24.184 25530 INFO rally.task.runner [-] Task 1ea46657-b6b7-4aa0-a90e-15adc81350fd | ITER: 6 END: OK
2019-09-17 13:34:24.188 25530 INFO rally.task.runner [-] Task 1ea46657-b6b7-4aa0-a90e-15adc81350fd | ITER: 23 START
2019-09-17 13:34:25.202 25530 RALLYDEBUG rally_openstack.wrappers.network [-] CIDR generated: 1.1.8.196/30
2019-09-17 13:34:25.881 25533 RALLYDEBUG rally_openstack.wrappers.network [-] CIDR generated: 1.1.8.200/30
2019-09-17 13:34:26.400 25530 RALLYDEBUG rally_openstack.wrappers.network [-] CIDR generated: 1.1.8.204/30
2019-09-17 13:34:34.761 25536 RALLYDEBUG rally_openstack.wrappers.network [-] CIDR generated: 1.1.8.208/30
2019-09-17 13:34:38.466 25533 RALLYDEBUG rally_openstack.wrappers.network [-] CIDR generated: 1.1.8.212/30
2019-09-17 13:34:46.344 25530 INFO rally.task.runner [-] Task 1ea46657-b6b7-4aa0-a90e-15adc81350fd | ITER: 23 END: OK
2019-09-17 13:34:46.348 25530 INFO rally.task.runner [-] Task 1ea46657-b6b7-4aa0-a90e-15adc81350fd | ITER: 24 START
2019-09-17 13:34:47.022 25530 RALLYDEBUG rally_openstack.wrappers.network [-] CIDR generated: 1.1.8.216/30
2019-09-17 13:34:47.901 25530 RALLYDEBUG rally_openstack.wrappers.network [-] CIDR generated: 1.1.8.220/30
2019-09-17 13:35:03.366 25541 INFO rally.task.runner [-] Task 1ea46657-b6b7-4aa0-a90e-15adc81350fd | ITER: 9 END: OK
2019-09-17 13:35:03.371 25541 INFO rally.task.runner [-] Task 1ea46657-b6b7-4aa0-a90e-15adc81350fd | ITER: 25 START
2019-09-17 13:35:04.411 25530 INFO rally.task.runner [-] Task 1ea46657-b6b7-4aa0-a90e-15adc81350fd | ITER: 24 END: OK
2019-09-17 13:35:04.415 25530 INFO rally.task.runner [-] Task 1ea46657-b6b7-4aa0-a90e-15adc81350fd | ITER: 26 START
2019-09-17 13:35:05.211 25556 INFO rally.task.runner [-] Task 1ea46657-b6b7-4aa0-a90e-15adc81350fd | ITER: 14 END: OK
2019-09-17 13:35:05.216 25556 INFO rally.task.runner [-] Task 1ea46657-b6b7-4aa0-a90e-15adc81350fd | ITER: 27 START
2019-09-17 13:35:05.287 25530 RALLYDEBUG rally_openstack.wrappers.network [-] CIDR generated: 1.1.8.224/30
2019-09-17 13:35:06.565 25530 RALLYDEBUG rally_openstack.wrappers.network [-] CIDR generated: 1.1.8.228/30
2019-09-17 13:35:07.667 25556 RALLYDEBUG rally_openstack.wrappers.network [-] CIDR generated: 1.1.8.232/30
2019-09-17 13:35:08.176 25559 INFO rally.task.runner [-] Task 1ea46657-b6b7-4aa0-a90e-15adc81350fd | ITER: 15 END: OK
2019-09-17 13:35:08.181 25559 INFO rally.task.runner [-] Task 1ea46657-b6b7-4aa0-a90e-15adc81350fd | ITER: 28 START
2019-09-17 13:35:09.875 25541 RALLYDEBUG rally_openstack.wrappers.network [-] CIDR generated: 1.1.8.236/30
2019-09-17 13:35:10.761 25522 INFO rally.task.runner [-] Task 1ea46657-b6b7-4aa0-a90e-15adc81350fd | ITER: 4 END: OK
2019-09-17 13:35:10.765 25522 INFO rally.task.runner [-] Task 1ea46657-b6b7-4aa0-a90e-15adc81350fd | ITER: 29 START
2019-09-17 13:35:11.485 25571 INFO rally.task.runner [-] Task 1ea46657-b6b7-4aa0-a90e-15adc81350fd | ITER: 19 END: OK
2019-09-17 13:35:11.491 25571 INFO rally.task.runner [-] Task 1ea46657-b6b7-4aa0-a90e-15adc81350fd | ITER: 30 START
2019-09-17 13:35:11.579 25527 INFO rally.task.runner [-] Task 1ea46657-b6b7-4aa0-a90e-15adc81350fd | ITER: 5 END: OK
2019-09-17 13:35:11.584 25527 INFO rally.task.runner [-] Task 1ea46657-b6b7-4aa0-a90e-15adc81350fd | ITER: 31 START
2019-09-17 13:35:12.316 25522 RALLYDEBUG rally_openstack.wrappers.network [-] CIDR generated: 1.1.8.240/30
2019-09-17 13:35:13.080 25519 INFO rally.task.runner [-] Task 1ea46657-b6b7-4aa0-a90e-15adc81350fd | ITER: 1 END: OK
2019-09-17 13:35:13.085 25519 INFO rally.task.runner [-] Task 1ea46657-b6b7-4aa0-a90e-15adc81350fd | ITER: 32 START
2019-09-17 13:35:13.207 25559 RALLYDEBUG rally_openstack.wrappers.network [-] CIDR generated: 1.1.8.244/30
2019-09-17 13:35:13.360 25571 RALLYDEBUG rally_openstack.wrappers.network [-] CIDR generated: 1.1.8.248/30
2019-09-17 13:35:13.480 25527 RALLYDEBUG rally_openstack.wrappers.network [-] CIDR generated: 1.1.8.252/30
2019-09-17 13:35:13.865 25556 RALLYDEBUG rally_openstack.wrappers.network [-] CIDR generated: 1.1.9.0/30
2019-09-17 13:35:15.113 25565 INFO rally.task.runner [-] Task 1ea46657-b6b7-4aa0-a90e-15adc81350fd | ITER: 17 END: OK
2019-09-17 13:35:15.117 25565 INFO rally.task.runner [-] Task 1ea46657-b6b7-4aa0-a90e-15adc81350fd | ITER: 33 START
2019-09-17 13:35:15.519 25519 RALLYDEBUG rally_openstack.wrappers.network [-] CIDR generated: 1.1.9.4/30
2019-09-17 13:35:16.803 25520 INFO rally.task.runner [-] Task 1ea46657-b6b7-4aa0-a90e-15adc81350fd | ITER: 2 END: OK
2019-09-17 13:35:16.807 25520 INFO rally.task.runner [-] Task 1ea46657-b6b7-4aa0-a90e-15adc81350fd | ITER: 34 START
2019-09-17 13:35:18.320 25520 RALLYDEBUG rally_openstack.wrappers.network [-] CIDR generated: 1.1.9.8/30
2019-09-17 13:35:19.265 25565 RALLYDEBUG rally_openstack.wrappers.network [-] CIDR generated: 1.1.9.12/30
2019-09-17 13:35:19.673 25527 RALLYDEBUG rally_openstack.wrappers.network [-] CIDR generated: 1.1.9.16/30
2019-09-17 13:35:20.188 25574 INFO rally.task.runner [-] Task 1ea46657-b6b7-4aa0-a90e-15adc81350fd | ITER: 20 END: OK
2019-09-17 13:35:20.192 25574 INFO rally.task.runner [-] Task 1ea46657-b6b7-4aa0-a90e-15adc81350fd | ITER: 35 START
2019-09-17 13:35:21.455 25522 RALLYDEBUG rally_openstack.wrappers.network [-] CIDR generated: 1.1.9.20/30
2019-09-17 13:35:21.495 25562 INFO rally.task.runner [-] Task 1ea46657-b6b7-4aa0-a90e-15adc81350fd | ITER: 16 END: OK
2019-09-17 13:35:21.501 25562 INFO rally.task.runner [-] Task 1ea46657-b6b7-4aa0-a90e-15adc81350fd | ITER: 36 START
2019-09-17 13:35:21.630 25559 RALLYDEBUG rally_openstack.wrappers.network [-] CIDR generated: 1.1.9.24/30
2019-09-17 13:35:22.953 25574 RALLYDEBUG rally_openstack.wrappers.network [-] CIDR generated: 1.1.9.28/30
2019-09-17 13:35:23.716 25547 INFO rally.task.runner [-] Task 1ea46657-b6b7-4aa0-a90e-15adc81350fd | ITER: 11 END: OK
2019-09-17 13:35:23.721 25547 INFO rally.task.runner [-] Task 1ea46657-b6b7-4aa0-a90e-15adc81350fd | ITER: 37 START
2019-09-17 13:35:23.930 25571 RALLYDEBUG rally_openstack.wrappers.network [-] CIDR generated: 1.1.9.32/30
2019-09-17 13:35:24.565 25553 INFO rally.task.runner [-] Task 1ea46657-b6b7-4aa0-a90e-15adc81350fd | ITER: 13 END: OK
2019-09-17 13:35:24.571 25553 INFO rally.task.runner [-] Task 1ea46657-b6b7-4aa0-a90e-15adc81350fd | ITER: 38 START
2019-09-17 13:35:24.595 25541 RALLYDEBUG rally_openstack.wrappers.network [-] CIDR generated: 1.1.9.36/30
2019-09-17 13:35:25.454 25547 RALLYDEBUG rally_openstack.wrappers.network [-] CIDR generated: 1.1.9.40/30
2019-09-17 13:35:27.040 25553 RALLYDEBUG rally_openstack.wrappers.network [-] CIDR generated: 1.1.9.44/30
2019-09-17 13:35:27.389 25562 RALLYDEBUG rally_openstack.wrappers.network [-] CIDR generated: 1.1.9.48/30
2019-09-17 13:35:27.723 25519 RALLYDEBUG rally_openstack.wrappers.network [-] CIDR generated: 1.1.9.52/30
2019-09-17 13:35:28.016 25520 RALLYDEBUG rally_openstack.wrappers.network [-] CIDR generated: 1.1.9.56/30
2019-09-17 13:35:28.332 25574 RALLYDEBUG rally_openstack.wrappers.network [-] CIDR generated: 1.1.9.60/30
2019-09-17 13:35:28.622 25565 RALLYDEBUG rally_openstack.wrappers.network [-] CIDR generated: 1.1.9.64/30
2019-09-17 13:35:30.200 25547 RALLYDEBUG rally_openstack.wrappers.network [-] CIDR generated: 1.1.9.68/30
2019-09-17 13:35:32.535 25553 RALLYDEBUG rally_openstack.wrappers.network [-] CIDR generated: 1.1.9.72/30
2019-09-17 13:35:34.710 25550 INFO rally.task.runner [-] Task 1ea46657-b6b7-4aa0-a90e-15adc81350fd | ITER: 12 END: OK
2019-09-17 13:35:34.714 25550 INFO rally.task.runner [-] Task 1ea46657-b6b7-4aa0-a90e-15adc81350fd | ITER: 39 START
2019-09-17 13:35:37.182 25562 RALLYDEBUG rally_openstack.wrappers.network [-] CIDR generated: 1.1.9.76/30
2019-09-17 13:35:37.486 25550 RALLYDEBUG rally_openstack.wrappers.network [-] CIDR generated: 1.1.9.80/30
2019-09-17 13:35:37.947 25544 INFO rally.task.runner [-] Task 1ea46657-b6b7-4aa0-a90e-15adc81350fd | ITER: 10 END: OK
2019-09-17 13:35:37.950 25544 INFO rally.task.runner [-] Task 1ea46657-b6b7-4aa0-a90e-15adc81350fd | ITER: 40 START
2019-09-17 13:35:40.658 25544 RALLYDEBUG rally_openstack.wrappers.network [-] CIDR generated: 1.1.9.84/30
2019-09-17 13:35:42.029 25521 INFO rally.task.runner [-] Task 1ea46657-b6b7-4aa0-a90e-15adc81350fd | ITER: 3 END: OK
2019-09-17 13:35:44.316 25568 INFO rally.task.runner [-] Task 1ea46657-b6b7-4aa0-a90e-15adc81350fd | ITER: 18 END: OK
2019-09-17 13:35:46.880 25544 RALLYDEBUG rally_openstack.wrappers.network [-] CIDR generated: 1.1.9.88/30
2019-09-17 13:35:48.710 25550 RALLYDEBUG rally_openstack.wrappers.network [-] CIDR generated: 1.1.9.92/30
2019-09-17 13:36:02.531 25536 INFO rally.task.runner [-] Task 1ea46657-b6b7-4aa0-a90e-15adc81350fd | ITER: 21 END: OK
2019-09-17 13:36:17.861 25533 INFO rally.task.runner [-] Task 1ea46657-b6b7-4aa0-a90e-15adc81350fd | ITER: 22 END: OK
2019-09-17 13:36:26.665 25527 INFO rally.task.runner [-] Task 1ea46657-b6b7-4aa0-a90e-15adc81350fd | ITER: 31 END: OK
2019-09-17 13:36:26.998 25541 INFO rally.task.runner [-] Task 1ea46657-b6b7-4aa0-a90e-15adc81350fd | ITER: 25 END: OK
2019-09-17 13:36:28.150 25559 INFO rally.task.runner [-] Task 1ea46657-b6b7-4aa0-a90e-15adc81350fd | ITER: 28 END: OK
2019-09-17 13:36:28.312 25556 INFO rally.task.runner [-] Task 1ea46657-b6b7-4aa0-a90e-15adc81350fd | ITER: 27 END: OK
2019-09-17 13:36:30.403 25562 INFO rally.task.runner [-] Task 1ea46657-b6b7-4aa0-a90e-15adc81350fd | ITER: 36 END: OK
2019-09-17 13:36:31.884 25574 INFO rally.task.runner [-] Task 1ea46657-b6b7-4aa0-a90e-15adc81350fd | ITER: 35 END: OK
2019-09-17 13:36:33.095 25530 INFO rally.task.runner [-] Task 1ea46657-b6b7-4aa0-a90e-15adc81350fd | ITER: 26 END: OK
2019-09-17 13:36:37.470 25547 INFO rally.task.runner [-] Task 1ea46657-b6b7-4aa0-a90e-15adc81350fd | ITER: 37 END: OK
2019-09-17 13:36:41.974 25553 INFO rally.task.runner [-] Task 1ea46657-b6b7-4aa0-a90e-15adc81350fd | ITER: 38 END: OK
2019-09-17 13:36:42.454 25544 INFO rally.task.runner [-] Task 1ea46657-b6b7-4aa0-a90e-15adc81350fd | ITER: 40 END: OK
2019-09-17 13:37:00.630 25571 INFO rally.task.runner [-] Task 1ea46657-b6b7-4aa0-a90e-15adc81350fd | ITER: 30 END: OK
2019-09-17 13:37:09.819 25565 INFO rally.task.runner [-] Task 1ea46657-b6b7-4aa0-a90e-15adc81350fd | ITER: 33 END: OK
2019-09-17 13:37:10.586 25522 INFO rally.task.runner [-] Task 1ea46657-b6b7-4aa0-a90e-15adc81350fd | ITER: 29 END: OK
2019-09-17 13:37:11.406 25520 INFO rally.task.runner [-] Task 1ea46657-b6b7-4aa0-a90e-15adc81350fd | ITER: 34 END: OK
2019-09-17 13:37:12.844 25519 INFO rally.task.runner [-] Task 1ea46657-b6b7-4aa0-a90e-15adc81350fd | ITER: 32 END: OK
2019-09-17 13:37:15.157 25550 INFO rally.task.runner [-] Task 1ea46657-b6b7-4aa0-a90e-15adc81350fd | ITER: 39 END: OK
2019-09-17 13:37:15.177 22218 INFO rally.task.context [-] Task 1ea46657-b6b7-4aa0-a90e-15adc81350fd | Context cleanup@openstack cleanup() started
2019-09-17 13:37:15.179 22218 RALLYDEBUG rally_openstack.cleanup.manager [-] Cleaning up neutron vip objects
2019-09-17 13:37:15.689 22218 RALLYDEBUG rally_openstack.cleanup.manager [-] Cleaning up neutron health_monitor objects
2019-09-17 13:37:16.226 22218 RALLYDEBUG rally_openstack.cleanup.manager [-] Cleaning up neutron pool objects
2019-09-17 13:37:16.713 22218 RALLYDEBUG rally_openstack.cleanup.manager [-] Cleaning up neutron loadbalancer objects
2019-09-17 13:37:17.190 22218 RALLYDEBUG rally_openstack.cleanup.manager [-] Cleaning up neutron floatingip objects
2019-09-17 13:37:17.729 22218 RALLYDEBUG rally_openstack.cleanup.manager [-] Cleaning up neutron port objects
2019-09-17 13:37:18.428 22218 RALLYDEBUG rally_openstack.cleanup.manager [-] Cleaning up neutron subnet objects
2019-09-17 13:37:19.093 22218 RALLYDEBUG rally_openstack.cleanup.manager [-] Deleting neutron.subnet object s_rally_63cd2869_2VwqmVWl (05b7eed9-57aa-460e-a8a9-40051166cba5)
2019-09-17 13:37:19.097 22218 RALLYDEBUG rally_openstack.cleanup.manager [-] Deleting neutron.subnet object s_rally_63cd2869_Ncsj1ZzJ (082e8ed3-f8ff-46b5-9770-e99b805a4e84)
2019-09-17 13:37:19.099 22218 RALLYDEBUG rally_openstack.cleanup.manager [-] Deleting neutron.subnet object s_rally_63cd2869_3pD7L6Df (09a01862-3c06-4b65-bcba-13b6607b09d6)
2019-09-17 13:37:19.104 22218 RALLYDEBUG rally_openstack.cleanup.manager [-] Deleting neutron.subnet object s_rally_63cd2869_sxeaGkhz (0e7d149e-a786-42c3-9d8f-9060cad58c1e)
2019-09-17 13:37:19.109 22218 RALLYDEBUG rally_openstack.cleanup.manager [-] Deleting neutron.subnet object s_rally_63cd2869_fOjRIoPi (0fe3db6f-2fe1-4917-b7d7-9943a6f679c5)
2019-09-17 13:37:19.114 22218 RALLYDEBUG rally_openstack.cleanup.manager [-] Deleting neutron.subnet object s_rally_63cd2869_P1rgmU0p (10ff05f3-99da-4d3a-a1f6-74f1615c1b84)
2019-09-17 13:37:19.115 22218 RALLYDEBUG rally_openstack.cleanup.manager [-] Deleting neutron.subnet object s_rally_63cd2869_58Tnp1jW (1040fc28-61c9-4bc0-bb8e-e1714af65f7f)
2019-09-17 13:37:19.123 22218 RALLYDEBUG rally_openstack.cleanup.manager [-] Deleting neutron.subnet object s_rally_63cd2869_MLukXjcD (179598ce-a117-4bbf-817c-4b87e433ab7d)
2019-09-17 13:37:19.137 22218 RALLYDEBUG rally_openstack.cleanup.manager [-] Deleting neutron.subnet object s_rally_63cd2869_Rzcg6Fq1 (19238b8a-0eba-4a4a-9ce7-c13eee0fadd8)
2019-09-17 13:37:19.144 22218 RALLYDEBUG rally_openstack.cleanup.manager [-] Deleting neutron.subnet object s_rally_63cd2869_gt5iGyMf (19838c10-5f92-463c-a0e7-d14d05c11c01)
2019-09-17 13:37:19.154 22218 RALLYDEBUG rally_openstack.cleanup.manager [-] Deleting neutron.subnet object s_rally_63cd2869_75nwdZYq (1a96ad0f-efb9-485a-88a9-e409eb896d5b)
2019-09-17 13:37:19.165 22218 RALLYDEBUG rally_openstack.cleanup.manager [-] Deleting neutron.subnet object s_rally_63cd2869_hn7poEv6 (240d6541-b48b-4064-9841-0b9e9e58de8c)
2019-09-17 13:37:19.176 22218 RALLYDEBUG rally_openstack.cleanup.manager [-] Deleting neutron.subnet object s_rally_63cd2869_so3YsNRD (2411c1f9-de82-426b-a953-2a653086e9cd)
2019-09-17 13:37:19.183 22218 RALLYDEBUG rally_openstack.cleanup.manager [-] Deleting neutron.subnet object s_rally_63cd2869_HvmGQl6s (272dbc92-95c2-44e9-ad58-b5293f88a5e3)
2019-09-17 13:37:19.192 22218 RALLYDEBUG rally_openstack.cleanup.manager [-] Deleting neutron.subnet object s_rally_63cd2869_oEDiMbzq (2e64af51-18cb-494a-93e0-5ddd523e1cd4)
2019-09-17 13:37:19.216 22218 RALLYDEBUG rally_openstack.cleanup.manager [-] Deleting neutron.subnet object s_rally_63cd2869_qDIsdZH6 (34bed032-5c23-41db-9ba3-9c1ba889a680)
2019-09-17 13:37:19.221 22218 RALLYDEBUG rally_openstack.cleanup.manager [-] Deleting neutron.subnet object s_rally_63cd2869_Luisf6k7 (351ed954-a629-4868-a839-55e30ae37764)
2019-09-17 13:37:19.236 22218 RALLYDEBUG rally_openstack.cleanup.manager [-] Deleting neutron.subnet object s_rally_63cd2869_N7zTOpXr (353a6b17-05f3-48b3-ad78-3fad7e624eba)
2019-09-17 13:37:19.242 22218 RALLYDEBUG rally_openstack.cleanup.manager [-] Deleting neutron.subnet object s_rally_63cd2869_mZ3d4FaJ (37632b86-18d2-4611-b951-5a4de0456de4)
2019-09-17 13:37:19.249 22218 RALLYDEBUG rally_openstack.cleanup.manager [-] Deleting neutron.subnet object s_rally_63cd2869_0er0mB2v (3add7471-0c14-4ba2-a0f2-1e5afeda9597)
2019-09-17 13:37:24.952 22218 RALLYDEBUG rally_openstack.cleanup.manager [-] Deleting neutron.subnet object s_rally_63cd2869_CmwEqPqe (3cd512ec-22fe-47e3-84d0-8ba6188a2287)
2019-09-17 13:37:27.117 22218 RALLYDEBUG rally_openstack.cleanup.manager [-] Deleting neutron.subnet object s_rally_63cd2869_uSSFmuyt (40232bf8-60b7-4fe8-bc83-c885616e0b6e)
2019-09-17 13:37:27.374 22218 RALLYDEBUG rally_openstack.cleanup.manager [-] Deleting neutron.subnet object s_rally_63cd2869_ne5Mei9b (45541feb-9c5a-4c37-a309-4ac408ba9c6c)
2019-09-17 13:37:27.913 22218 RALLYDEBUG rally_openstack.cleanup.manager [-] Deleting neutron.subnet object s_rally_63cd2869_Gh559bFJ (4960deb4-f9df-4d6c-bd75-a5e0ef40d2dd)
2019-09-17 13:37:27.978 22218 RALLYDEBUG rally_openstack.cleanup.manager [-] Deleting neutron.subnet object s_rally_63cd2869_8ahce83a (4b892952-1fc1-4439-9142-e56c1927ccab)
2019-09-17 13:37:28.868 22218 RALLYDEBUG rally_openstack.cleanup.manager [-] Deleting neutron.subnet object s_rally_63cd2869_QpsHHEC0 (4dd6c54f-558f-4382-8663-cab466f034fb)
2019-09-17 13:37:30.761 22218 RALLYDEBUG rally_openstack.cleanup.manager [-] Deleting neutron.subnet object s_rally_63cd2869_XQPHSd1w (5336b75d-9773-4329-bf5b-22826da27028)
2019-09-17 13:37:31.094 22218 RALLYDEBUG rally_openstack.cleanup.manager [-] Deleting neutron.subnet object s_rally_63cd2869_WFGuRys7 (56c8085b-d0c4-466b-9fef-3710a8bb4183)
2019-09-17 13:37:31.147 22218 RALLYDEBUG rally_openstack.cleanup.manager [-] Deleting neutron.subnet object s_rally_63cd2869_F6UdulnB (56de8368-b6bf-4887-958e-8f8225de091a)
2019-09-17 13:37:31.149 22218 RALLYDEBUG rally_openstack.cleanup.manager [-] Deleting neutron.subnet object s_rally_63cd2869_p1mlhPSU (5873f668-57ab-44e0-a6ef-edea19aa0d95)
2019-09-17 13:37:31.687 22218 RALLYDEBUG rally_openstack.cleanup.manager [-] Deleting neutron.subnet object s_rally_63cd2869_LybC7adM (5a20b91b-0246-4ad8-9811-b4fad8e6814a)
2019-09-17 13:37:33.705 22218 RALLYDEBUG rally_openstack.cleanup.manager [-] Deleting neutron.subnet object s_rally_63cd2869_mP1Sm1C8 (5b3e0935-d72e-4af5-ba64-be7711323230)
2019-09-17 13:37:33.738 22218 RALLYDEBUG rally_openstack.cleanup.manager [-] Deleting neutron.subnet object s_rally_63cd2869_jn9iTRgP (5e142369-3458-443b-aaa9-7c61187ab8d5)
2019-09-17 13:37:33.990 22218 RALLYDEBUG rally_openstack.cleanup.manager [-] Deleting neutron.subnet object s_rally_63cd2869_pwnGVwMg (62954dcd-dd7c-4330-aa98-5e601e99597c)
2019-09-17 13:37:34.052 22218 RALLYDEBUG rally_openstack.cleanup.manager [-] Deleting neutron.subnet object s_rally_63cd2869_8Ed6gsxb (672d2920-56d5-4d93-9086-848829315e47)
2019-09-17 13:37:34.122 22218 RALLYDEBUG rally_openstack.cleanup.manager [-] Deleting neutron.subnet object s_rally_63cd2869_d4CCCVNT (68ed7c7e-da59-47be-a840-b0ef73db7811)
2019-09-17 13:37:34.239 22218 RALLYDEBUG rally_openstack.cleanup.manager [-] Deleting neutron.subnet object s_rally_63cd2869_40ZRLiWP (6a781bae-0205-4150-953a-7c802870e3da)
2019-09-17 13:37:34.258 22218 RALLYDEBUG rally_openstack.cleanup.manager [-] Deleting neutron.subnet object s_rally_63cd2869_UQtANGdk (6b4f6272-7d45-4b77-a88f-fccf4342a96b)
2019-09-17 13:37:36.719 22218 RALLYDEBUG rally_openstack.cleanup.manager [-] Deleting neutron.subnet object s_rally_63cd2869_pER3BxdZ (70ae4f3d-b2b6-491d-8c07-8b7a5c4349b7)
2019-09-17 13:37:37.043 22218 RALLYDEBUG rally_openstack.cleanup.manager [-] Deleting neutron.subnet object s_rally_63cd2869_qwSVG7Oq (72d602f6-c402-43ab-b9cc-6698c33731d9)
2019-09-17 13:37:37.061 22218 RALLYDEBUG rally_openstack.cleanup.manager [-] Deleting neutron.subnet object s_rally_63cd2869_RkamjTEZ (771c16de-cb90-46cc-bb17-86b11149985d)
2019-09-17 13:37:38.108 22218 RALLYDEBUG rally_openstack.cleanup.manager [-] Deleting neutron.subnet object s_rally_63cd2869_kA4xYRMX (7bc0ae66-21ed-4fb9-96d6-a114f710c55c)
2019-09-17 13:37:38.631 22218 RALLYDEBUG rally_openstack.cleanup.manager [-] Deleting neutron.subnet object s_rally_63cd2869_EgwBS9i2 (8295b106-3ada-48bd-b53d-ad9d5dee7518)
2019-09-17 13:37:38.635 22218 RALLYDEBUG rally_openstack.cleanup.manager [-] Deleting neutron.subnet object s_rally_63cd2869_m0ax533b (851b55b1-bc61-4842-9f02-73606f016dcf)
2019-09-17 13:37:39.107 22218 RALLYDEBUG rally_openstack.cleanup.manager [-] Deleting neutron.subnet object s_rally_63cd2869_RQtw2OzA (86e4832d-4f00-40cf-846c-d31badc0ff54)
2019-09-17 13:37:39.306 22218 RALLYDEBUG rally_openstack.cleanup.manager [-] Deleting neutron.subnet object s_rally_63cd2869_MhBFj3RL (898f3468-24ab-4de5-b2f3-73454cde7ee9)
2019-09-17 13:37:39.840 22218 RALLYDEBUG rally_openstack.cleanup.manager [-] Deleting neutron.subnet object s_rally_63cd2869_DqxG5bKK (8fe53dda-286e-4a98-afb9-ad08a3d591c4)
2019-09-17 13:37:41.672 22218 RALLYDEBUG rally_openstack.cleanup.manager [-] Deleting neutron.subnet object s_rally_63cd2869_xbCwcx5h (94072d99-cb7c-48e6-b0b2-0f83a51b66f9)
2019-09-17 13:37:41.690 22218 RALLYDEBUG rally_openstack.cleanup.manager [-] Deleting neutron.subnet object s_rally_63cd2869_aAKsjjRD (956967b1-fe4f-4422-9c0b-ddfd2d355f8a)
2019-09-17 13:37:43.609 22218 RALLYDEBUG rally_openstack.cleanup.manager [-] Deleting neutron.subnet object s_rally_63cd2869_l8DVfgwl (9638bf7e-4b95-4dbf-9d52-aa70a190f256)
2019-09-17 13:37:43.680 22218 RALLYDEBUG rally_openstack.cleanup.manager [-] Deleting neutron.subnet object s_rally_63cd2869_XdKFSDh9 (9ab1908c-ded0-4be4-ae0a-9953bcb4e9d5)
2019-09-17 13:37:43.785 22218 RALLYDEBUG rally_openstack.cleanup.manager [-] Deleting neutron.subnet object s_rally_63cd2869_UuaCL1hM (a5557895-64ed-4bc0-a455-47f1ec00038f)
2019-09-17 13:37:44.782 22218 RALLYDEBUG rally_openstack.cleanup.manager [-] Deleting neutron.subnet object s_rally_63cd2869_MD5MQXaE (acf12955-8f04-4393-a69d-cedb437e083c)
2019-09-17 13:37:46.197 22218 RALLYDEBUG rally_openstack.cleanup.manager [-] Deleting neutron.subnet object s_rally_63cd2869_VPFMg9S0 (b4e63dd7-c708-4c1b-9bf4-6fcb1cb52f8f)
2019-09-17 13:37:46.326 22218 RALLYDEBUG rally_openstack.cleanup.manager [-] Deleting neutron.subnet object s_rally_63cd2869_J4MFkcT6 (b9cf1ad0-49d9-415b-911b-c4984f02946d)
2019-09-17 13:37:46.579 22218 RALLYDEBUG rally_openstack.cleanup.manager [-] Deleting neutron.subnet object s_rally_63cd2869_eca2kPh6 (bd0d25bf-8d1c-440c-a4e2-052bbcbb9bd4)
2019-09-17 13:37:46.920 22218 RALLYDEBUG rally_openstack.cleanup.manager [-] Deleting neutron.subnet object s_rally_63cd2869_pxG2zN9M (be62ee07-254d-43af-8e73-055527ec8696)
2019-09-17 13:37:48.229 22218 RALLYDEBUG rally_openstack.cleanup.manager [-] Deleting neutron.subnet object s_rally_63cd2869_ihhMUI7Z (c30b6e26-a565-4187-bc11-0209512002d2)
2019-09-17 13:37:48.452 22218 RALLYDEBUG rally_openstack.cleanup.manager [-] Deleting neutron.subnet object s_rally_63cd2869_vZJgpttk (c46099e5-7361-4dd8-98cd-e3ce95f63b17)
2019-09-17 13:37:48.506 22218 RALLYDEBUG rally_openstack.cleanup.manager [-] Deleting neutron.subnet object s_rally_63cd2869_ydEp0x4h (c4f3c00b-3a94-4841-8644-5bf8a2ebeaa3)
2019-09-17 13:37:48.652 22218 RALLYDEBUG rally_openstack.cleanup.manager [-] Deleting neutron.subnet object s_rally_63cd2869_7YTq0lJB (c7d3084b-3075-453d-b9c0-354b3d9dbc1e)
2019-09-17 13:37:51.954 22218 RALLYDEBUG rally_openstack.cleanup.manager [-] Deleting neutron.subnet object s_rally_63cd2869_xm100bUr (cb5cf3a7-8339-4e52-96f7-7c7434a684f1)
2019-09-17 13:37:51.966 22218 RALLYDEBUG rally_openstack.cleanup.manager [-] Deleting neutron.subnet object s_rally_63cd2869_esJKRP19 (cca35cb5-8112-49d5-b9f9-3162137be43e)
2019-09-17 13:37:51.990 22218 RALLYDEBUG rally_openstack.cleanup.manager [-] Deleting neutron.subnet object s_rally_63cd2869_Hh2o5d6g (ce376869-72f0-4a94-b35e-3412c6794614)
2019-09-17 13:37:52.493 22218 RALLYDEBUG rally_openstack.cleanup.manager [-] Deleting neutron.subnet object s_rally_63cd2869_zhKiBt4w (d1aa5ab3-87af-4cd6-8195-ec9f0b5a5704)
2019-09-17 13:37:54.973 22218 RALLYDEBUG rally_openstack.cleanup.manager [-] Deleting neutron.subnet object s_rally_63cd2869_Vfnup04q (d6401406-6311-4d7a-b702-c17d63cabc08)
2019-09-17 13:37:54.993 22218 RALLYDEBUG rally_openstack.cleanup.manager [-] Deleting neutron.subnet object s_rally_63cd2869_hmfkey3X (da346989-122b-426d-bc86-5f876bfcc831)
2019-09-17 13:37:55.485 22218 RALLYDEBUG rally_openstack.cleanup.manager [-] Deleting neutron.subnet object s_rally_63cd2869_eJAYZTS0 (da91f34f-937a-4221-a8f1-212ea751e938)
2019-09-17 13:37:55.824 22218 RALLYDEBUG rally_openstack.cleanup.manager [-] Deleting neutron.subnet object s_rally_63cd2869_QMkkNBbP (de59cfc8-e5f0-412e-928a-40ef03e21a8e)
2019-09-17 13:37:56.226 22218 RALLYDEBUG rally_openstack.cleanup.manager [-] Deleting neutron.subnet object s_rally_63cd2869_qj7qglYP (e12bec6e-57fd-417b-9acb-d6df9e013e0a)
2019-09-17 13:37:56.276 22218 RALLYDEBUG rally_openstack.cleanup.manager [-] Deleting neutron.subnet object s_rally_63cd2869_ho8DaktJ (e226dae6-0068-4b53-9327-5cb317845ffd)
2019-09-17 13:37:56.456 22218 RALLYDEBUG rally_openstack.cleanup.manager [-] Deleting neutron.subnet object s_rally_63cd2869_Tw6g9sWs (e258eab6-17fa-4721-bd01-17bc2c169618)
2019-09-17 13:37:58.042 22218 RALLYDEBUG rally_openstack.cleanup.manager [-] Deleting neutron.subnet object s_rally_63cd2869_sPUXWUcJ (e3b035a7-2b79-4202-bc61-0e2a90618278)
2019-09-17 13:37:59.049 22218 RALLYDEBUG rally_openstack.cleanup.manager [-] Deleting neutron.subnet object s_rally_63cd2869_jGyxlsyp (e41b673f-04e6-4a91-98cc-541ed87aefd8)
2019-09-17 13:37:59.709 22218 RALLYDEBUG rally_openstack.cleanup.manager [-] Deleting neutron.subnet object s_rally_63cd2869_ezOqpvnE (e76183f1-9352-40a7-9c5a-0cd05dfb1ba5)
2019-09-17 13:38:00.900 22218 RALLYDEBUG rally_openstack.cleanup.manager [-] Deleting neutron.subnet object s_rally_63cd2869_VizuKjvY (e9e8903d-bd83-4093-9e28-6efd97cbd8aa)
2019-09-17 13:38:00.933 22218 RALLYDEBUG rally_openstack.cleanup.manager [-] Deleting neutron.subnet object s_rally_63cd2869_KMIfs561 (ea0d72b5-abff-48be-9fe3-6e77e668a38c)
2019-09-17 13:38:01.269 22218 RALLYDEBUG rally_openstack.cleanup.manager [-] Deleting neutron.subnet object s_rally_63cd2869_qUtPm7Ou (f28b3583-681e-4a6f-b166-096f3ea5de38)
2019-09-17 13:38:01.807 22218 RALLYDEBUG rally_openstack.cleanup.manager [-] Deleting neutron.subnet object s_rally_63cd2869_nVXXmRFy (f2d8f065-f39c-4915-aab2-24e3b60e9e91)
2019-09-17 13:38:02.541 22218 RALLYDEBUG rally_openstack.cleanup.manager [-] Deleting neutron.subnet object s_rally_63cd2869_J7VXOTDD (fc11c5f6-0798-4bf4-a6f1-f1f86f32ab77)
2019-09-17 13:38:10.405 22218 RALLYDEBUG rally_openstack.cleanup.manager [-] Cleaning up neutron network objects
2019-09-17 13:38:11.237 22218 RALLYDEBUG rally_openstack.cleanup.manager [-] Deleting neutron.network object s_rally_63cd2869_r8c98iMf (08f1b65e-9ffb-4e79-9fe9-64501e88b536)
2019-09-17 13:38:11.239 22218 RALLYDEBUG rally_openstack.cleanup.manager [-] Deleting neutron.network object s_rally_63cd2869_senTTi04 (0afe0540-5cc1-4989-9c24-0ac6109ea318)
2019-09-17 13:38:11.242 22218 RALLYDEBUG rally_openstack.cleanup.manager [-] Deleting neutron.network object s_rally_63cd2869_kzxEE9NF (11f4878f-c292-402d-89f9-793e25e1b755)
2019-09-17 13:38:11.248 22218 RALLYDEBUG rally_openstack.cleanup.manager [-] Deleting neutron.network object s_rally_63cd2869_YzHK1jTR (14284154-5f76-41a8-abc2-d8d0409135b7)
2019-09-17 13:38:11.252 22218 RALLYDEBUG rally_openstack.cleanup.manager [-] Deleting neutron.network object s_rally_63cd2869_7I9tczgf (1eef494c-eff7-4f9a-907f-f732790fe0dd)
2019-09-17 13:38:11.260 22218 RALLYDEBUG rally_openstack.cleanup.manager [-] Deleting neutron.network object s_rally_63cd2869_qvZt1qmL (1fb2aa4c-fe1a-46e5-91c3-88ddce4cb81d)
2019-09-17 13:38:11.262 22218 RALLYDEBUG rally_openstack.cleanup.manager [-] Deleting neutron.network object s_rally_63cd2869_IyrQziZ2 (26660eea-4da1-4d3c-aa1f-8f2bc74754be)
2019-09-17 13:38:11.272 22218 RALLYDEBUG rally_openstack.cleanup.manager [-] Deleting neutron.network object s_rally_63cd2869_3Oh1jiAd (362a641d-b0bf-4135-a1ed-098d46a9199a)
2019-09-17 13:38:11.278 22218 RALLYDEBUG rally_openstack.cleanup.manager [-] Deleting neutron.network object s_rally_63cd2869_i9sixezI (389ccda7-3c10-4530-b95d-17fd3d3f15af)
2019-09-17 13:38:11.282 22218 RALLYDEBUG rally_openstack.cleanup.manager [-] Deleting neutron.network object s_rally_63cd2869_awx7L6DY (3b55fd62-3802-4f4d-a5e3-8d40f8c579fc)
2019-09-17 13:38:11.295 22218 RALLYDEBUG rally_openstack.cleanup.manager [-] Deleting neutron.network object s_rally_63cd2869_hZRkIc5k (4560599b-45d8-457e-8809-bc4413cf8de9)
2019-09-17 13:38:11.299 22218 RALLYDEBUG rally_openstack.cleanup.manager [-] Deleting neutron.network object s_rally_63cd2869_wkF8a7N1 (66702eb0-7d6e-4fc3-ba67-0102ffc15359)
2019-09-17 13:38:11.308 22218 RALLYDEBUG rally_openstack.cleanup.manager [-] Deleting neutron.network object s_rally_63cd2869_RrDvjuPg (6adb6d29-3e45-422e-bde0-ae72a35818e0)
2019-09-17 13:38:11.314 22218 RALLYDEBUG rally_openstack.cleanup.manager [-] Deleting neutron.network object s_rally_63cd2869_fk7JsOBl (73480241-a079-440c-970f-f353122c8056)
2019-09-17 13:38:11.316 22218 RALLYDEBUG rally_openstack.cleanup.manager [-] Deleting neutron.network object s_rally_63cd2869_3de6KgF3 (6974f331-7723-4689-ac20-45ace2ff3a99)
2019-09-17 13:38:11.327 22218 RALLYDEBUG rally_openstack.cleanup.manager [-] Deleting neutron.network object s_rally_63cd2869_4ENVDY5D (7d239584-87fb-4a32-9e19-a559bbf97f42)
2019-09-17 13:38:11.330 22218 RALLYDEBUG rally_openstack.cleanup.manager [-] Deleting neutron.network object s_rally_63cd2869_VmsZ9VnB (7dae225a-a84e-4248-b7af-b49218199b48)
2019-09-17 13:38:11.335 22218 RALLYDEBUG rally_openstack.cleanup.manager [-] Deleting neutron.network object s_rally_63cd2869_p4kfxxpQ (9351deda-9c6d-43a7-b218-3dc7454849df)
2019-09-17 13:38:11.345 22218 RALLYDEBUG rally_openstack.cleanup.manager [-] Deleting neutron.network object s_rally_63cd2869_stS17JmZ (98d55b03-853e-4e14-997b-2b13ce328fcd)
2019-09-17 13:38:11.352 22218 RALLYDEBUG rally_openstack.cleanup.manager [-] Deleting neutron.network object s_rally_63cd2869_6KjiIaz6 (991485af-c5c5-44d9-9266-36e5d38ddfde)
2019-09-17 13:38:17.323 22218 RALLYDEBUG rally_openstack.cleanup.manager [-] Deleting neutron.network object s_rally_63cd2869_cQ7gg09k (9e73202a-4fe4-4e7f-aae4-dcc467d575e7)
2019-09-17 13:38:17.798 22218 RALLYDEBUG rally_openstack.cleanup.manager [-] Deleting neutron.network object s_rally_63cd2869_qlozBjjb (b0d47988-6852-420e-99af-8bef7ab1fb7a)
2019-09-17 13:38:17.972 22218 RALLYDEBUG rally_openstack.cleanup.manager [-] Deleting neutron.network object s_rally_63cd2869_Mz4kCrTg (b936e920-fb6f-486b-8c5c-7f187c1622f8)
2019-09-17 13:38:18.438 22218 RALLYDEBUG rally_openstack.cleanup.manager [-] Deleting neutron.network object s_rally_63cd2869_vV7J6Rkk (bc49a8e7-c219-41b7-8353-ae4263cc96c3)
2019-09-17 13:38:18.666 22218 RALLYDEBUG rally_openstack.cleanup.manager [-] Deleting neutron.network object s_rally_63cd2869_EN8cBP6g (bd075e1a-6a02-4431-9132-b2876b7d763c)
2019-09-17 13:38:18.763 22218 RALLYDEBUG rally_openstack.cleanup.manager [-] Deleting neutron.network object s_rally_63cd2869_eZJTYsLT (bf0bc586-6e59-41fa-8b28-9827ab0780de)
2019-09-17 13:38:18.798 22218 RALLYDEBUG rally_openstack.cleanup.manager [-] Deleting neutron.network object s_rally_63cd2869_8WmjV1Wn (cc4924f0-e8f5-492f-9bf4-8076adfb873e)
2019-09-17 13:38:18.889 22218 RALLYDEBUG rally_openstack.cleanup.manager [-] Deleting neutron.network object s_rally_63cd2869_sGBsmq5x (d0e2f109-40c2-401e-8cb1-d52490722290)
2019-09-17 13:38:18.918 22218 RALLYDEBUG rally_openstack.cleanup.manager [-] Deleting neutron.network object s_rally_63cd2869_OwBVmD1U (d3571649-d251-4705-bdc9-efddfa8c2bfb)
2019-09-17 13:38:19.368 22218 RALLYDEBUG rally_openstack.cleanup.manager [-] Deleting neutron.network object s_rally_63cd2869_diaZjFMM (d7bd9300-ce7c-474a-a723-a8b8b2a0bf39)
2019-09-17 13:38:19.572 22218 RALLYDEBUG rally_openstack.cleanup.manager [-] Deleting neutron.network object s_rally_63cd2869_xUwB52O8 (dc03995d-542b-4fd6-9b76-e41fbd8d181a)
2019-09-17 13:38:19.747 22218 RALLYDEBUG rally_openstack.cleanup.manager [-] Deleting neutron.network object s_rally_63cd2869_o6CRftKU (dd75d94e-a0c9-4711-9ef4-ab3bed160b62)
2019-09-17 13:38:19.994 22218 RALLYDEBUG rally_openstack.cleanup.manager [-] Deleting neutron.network object s_rally_63cd2869_vw7qtwGZ (de73892a-3ab0-4264-a5e6-1b762a199686)
2019-09-17 13:38:20.839 22218 RALLYDEBUG rally_openstack.cleanup.manager [-] Deleting neutron.network object s_rally_63cd2869_UnYuwOtP (de9bc951-691d-46e2-9ca9-f4d24652d048)
2019-09-17 13:38:21.031 22218 RALLYDEBUG rally_openstack.cleanup.manager [-] Deleting neutron.network object s_rally_63cd2869_dCQJTB5N (e26feb51-4f4b-4c8a-8501-932bab7c3af5)
2019-09-17 13:38:22.103 22218 RALLYDEBUG rally_openstack.cleanup.manager [-] Deleting neutron.network object s_rally_63cd2869_8k904cuo (ed5b9ed3-6f0e-448e-9815-94b2dd1e5c11)
2019-09-17 13:38:22.761 22218 RALLYDEBUG rally_openstack.cleanup.manager [-] Deleting neutron.network object s_rally_63cd2869_GFueYQYO (ee391eba-ae04-45ec-a463-a8a79bb33d41)
2019-09-17 13:38:22.859 22218 RALLYDEBUG rally_openstack.cleanup.manager [-] Deleting neutron.network object s_rally_63cd2869_dFdjboEo (f0dbd5cc-706c-4177-9bab-2af6d484226b)
2019-09-17 13:38:23.310 22218 RALLYDEBUG rally_openstack.cleanup.manager [-] Deleting neutron.network object s_rally_63cd2869_Vj8oqrsR (f4aa6389-3a43-4ffc-b4e2-2024b4bcc177)
2019-09-17 13:38:23.313 22218 RALLYDEBUG rally_openstack.cleanup.manager [-] Deleting neutron.network object s_rally_63cd2869_wp4WZlf2 (fdea14ab-c9ca-4b5c-b1d7-c9039961dc7a)
2019-09-17 13:38:27.662 22218 RALLYDEBUG rally_openstack.cleanup.manager [-] Cleaning up neutron router objects
2019-09-17 13:38:28.207 22218 RALLYDEBUG rally_openstack.cleanup.manager [-] Cleaning up neutron security_group objects
2019-09-17 13:38:28.724 22218 INFO rally.task.context [-] Task 1ea46657-b6b7-4aa0-a90e-15adc81350fd | Context cleanup@openstack cleanup() finished in 1.23 min
2019-09-17 13:38:28.724 22218 INFO rally.task.context [-] Task 1ea46657-b6b7-4aa0-a90e-15adc81350fd | Context quotas@openstack cleanup() started
2019-09-17 13:38:28.807 22218 INFO rally.task.context [-] Task 1ea46657-b6b7-4aa0-a90e-15adc81350fd | Context quotas@openstack cleanup() finished in 82.66 msec
2019-09-17 13:38:28.807 22218 INFO rally.task.context [-] Task 1ea46657-b6b7-4aa0-a90e-15adc81350fd | Context users@openstack cleanup() started
2019-09-17 13:38:31.932 22218 INFO rally.task.context [-] Task 1ea46657-b6b7-4aa0-a90e-15adc81350fd | Context users@openstack cleanup() finished in 3.12 sec
2019-09-17 13:38:32.899 22218 INFO rally.task.engine [-] Load duration is: 243.855339
2019-09-17 13:38:32.899 22218 INFO rally.task.engine [-] Full runner duration is: 243.887856
2019-09-17 13:38:32.900 22218 INFO rally.task.engine [-] Full duration is: 323.917484
2019-09-17 13:38:33.007 22218 INFO rally.task.engine [-] Running workload: position = 0 config = { "version": 2, "title": "A cropped version of a bigger task.", "description": "Auto-generated task from a single workload (uuid=a3bc222a-4203-4da8-8faf-83dd041b4a2a)", "subtasks": [ { "title": "NeutronNetworks.create_and_list_ports", "description": "Check performance of list ports action and ensure > network quotas are not exceeded", "scenario": { "NeutronNetworks.create_and_list_ports": { "network_create_args": null, "port_create_args": null, "ports_per_network": 50 } }, "contexts": { "users": { "tenants": 1, "users_per_tenant": 1 }, "quotas": { "neutron": { "network": -1, "subnet": -1, "router": -1, "port": 811 } } }, "runner": { "constant": { "times": 8, "concurrency": 4 } }, "hooks": [], "sla": { "max_avg_duration_per_atomic": { "neutron.list_ports": 15 }, "failure_rate": { "max": 0 } } } ] }
2019-09-17 13:38:33.020 22218 RALLYDEBUG rally_openstack.contexts.keystone.users [-] Creating 1 tenants using 20 threads
2019-09-17 13:38:34.099 22218 RALLYDEBUG rally_openstack.contexts.keystone.users [-] Creating 1 users using 20 threads
2019-09-17 13:38:35.702 22218 INFO rally.task.context [-] Task 1ea46657-b6b7-4aa0-a90e-15adc81350fd | Context users@openstack setup() finished in 2.68 sec
2019-09-17 13:38:36.277 22218 INFO rally.task.context [-] Task 1ea46657-b6b7-4aa0-a90e-15adc81350fd | Context quotas@openstack setup() finished in 0.57 sec
2019-09-17 13:38:36.278 22218 INFO rally.task.context [-] Task 1ea46657-b6b7-4aa0-a90e-15adc81350fd | Context cleanup@openstack setup() finished in 0.01 msec
2019-09-17 13:38:36.282 22218 RALLYDEBUG rally.task.runner [-] Starting the constant runner (task UUID: 1ea46657-b6b7-4aa0-a90e-15adc81350fd). timeout: 0 concurrency: 4 concurrency_per_worker: 1 times: 8 concurrency_overhead: 0 processes_to_start: 4 max_cpu_used: 40
2019-09-17 13:38:36.290 25901 RALLYDEBUG rally.task.runner [-] Starting a worker. concurrency: 1 args: {"network_create_args": null, "port_create_args": null, "ports_per_network": 50} times: 8 method_name: run timeout: 0 duration: None cls:
2019-09-17 13:38:36.292 25902 RALLYDEBUG rally.task.runner [-] Starting a worker. concurrency: 1 args: {"network_create_args": null, "port_create_args": null, "ports_per_network": 50} times: 8 method_name: run timeout: 0 duration: None cls:
2019-09-17 13:38:36.293 25901 INFO rally.task.runner [-] Task 1ea46657-b6b7-4aa0-a90e-15adc81350fd | ITER: 1 START
2019-09-17 13:38:36.294 25903 RALLYDEBUG rally.task.runner [-] Starting a worker. concurrency: 1 args: {"network_create_args": null, "port_create_args": null, "ports_per_network": 50} times: 8 method_name: run timeout: 0 duration: None cls:
2019-09-17 13:38:36.295 25901 WARNING rally_openstack.scenarios.neutron.utils [-] Running this scenario without either the 'network' or 'existing_network' context is deprecated
2019-09-17 13:38:36.295 25902 INFO rally.task.runner [-] Task 1ea46657-b6b7-4aa0-a90e-15adc81350fd | ITER: 2 START
2019-09-17 13:38:36.296 25902 WARNING rally_openstack.scenarios.neutron.utils [-] Running this scenario without either the 'network' or 'existing_network' context is deprecated
2019-09-17 13:38:36.296 25905 RALLYDEBUG rally.task.runner [-] Starting a worker. concurrency: 1 args: {"network_create_args": null, "port_create_args": null, "ports_per_network": 50} times: 8 method_name: run timeout: 0 duration: None cls:
2019-09-17 13:38:36.297 25903 INFO rally.task.runner [-] Task 1ea46657-b6b7-4aa0-a90e-15adc81350fd | ITER: 3 START
2019-09-17 13:38:36.298 25903 WARNING rally_openstack.scenarios.neutron.utils [-] Running this scenario without either the 'network' or 'existing_network' context is deprecated
2019-09-17 13:38:36.299 25905 INFO rally.task.runner [-] Task 1ea46657-b6b7-4aa0-a90e-15adc81350fd | ITER: 4 START
2019-09-17 13:38:36.300 25905 WARNING rally_openstack.scenarios.neutron.utils [-] Running this scenario without either the 'network' or 'existing_network' context is deprecated
2019-09-17 13:39:13.484 25901 INFO rally.task.runner [-] Task 1ea46657-b6b7-4aa0-a90e-15adc81350fd | ITER: 1 END: OK
2019-09-17 13:39:13.486 25901 INFO rally.task.runner [-] Task 1ea46657-b6b7-4aa0-a90e-15adc81350fd | ITER: 5 START
2019-09-17 13:39:13.487 25901 WARNING rally_openstack.scenarios.neutron.utils [-] Running this scenario without either the 'network' or 'existing_network' context is deprecated
