2019-08-21 13:49:59.816 25513 RALLYDEBUG rally.task.runner [-] Starting a worker. concurrency: 1 args: {"network_create_args": {}, "subnet_create_args": {}, "subnet_cidr_start": "1.1.0.0/30", "subnets_per_network": 2, "router_create_args": {}} times: 40 method_name: run timeout: 0 duration: None cls:
2019-08-21 13:49:59.817 25510 INFO rally.task.runner [-] Task effcd64c-9c58-4620-8e93-6f78cc84c930 | ITER: 4 START
2019-08-21 13:49:59.819 25513 INFO rally.task.runner [-] Task effcd64c-9c58-4620-8e93-6f78cc84c930 | ITER: 5 START
2019-08-21 13:49:59.820 25518 RALLYDEBUG rally.task.runner [-] Starting a worker. concurrency: 1 args: {"network_create_args": {}, "subnet_create_args": {}, "subnet_cidr_start": "1.1.0.0/30", "subnets_per_network": 2, "router_create_args": {}} times: 40 method_name: run timeout: 0 duration: None cls:
2019-08-21 13:49:59.823 25523 RALLYDEBUG rally.task.runner [-] Starting a worker. concurrency: 1 args: {"network_create_args": {}, "subnet_create_args": {}, "subnet_cidr_start": "1.1.0.0/30", "subnets_per_network": 2, "router_create_args": {}} times: 40 method_name: run timeout: 0 duration: None cls:
2019-08-21 13:49:59.824 25518 INFO rally.task.runner [-] Task effcd64c-9c58-4620-8e93-6f78cc84c930 | ITER: 6 START
2019-08-21 13:49:59.826 25523 INFO rally.task.runner [-] Task effcd64c-9c58-4620-8e93-6f78cc84c930 | ITER: 7 START
2019-08-21 13:49:59.827 25525 RALLYDEBUG rally.task.runner [-] Starting a worker. concurrency: 1 args: {"network_create_args": {}, "subnet_create_args": {}, "subnet_cidr_start": "1.1.0.0/30", "subnets_per_network": 2, "router_create_args": {}} times: 40 method_name: run timeout: 0 duration: None cls:
2019-08-21 13:49:59.829 25528 RALLYDEBUG rally.task.runner [-] Starting a worker. concurrency: 1 args: {"network_create_args": {}, "subnet_create_args": {}, "subnet_cidr_start": "1.1.0.0/30", "subnets_per_network": 2, "router_create_args": {}} times: 40 method_name: run timeout: 0 duration: None cls:
2019-08-21 13:49:59.831 25525 INFO rally.task.runner [-] Task effcd64c-9c58-4620-8e93-6f78cc84c930 | ITER: 8 START
2019-08-21 13:49:59.832 25530 RALLYDEBUG rally.task.runner [-] Starting a worker. concurrency: 1 args: {"network_create_args": {}, "subnet_create_args": {}, "subnet_cidr_start": "1.1.0.0/30", "subnets_per_network": 2, "router_create_args": {}} times: 40 method_name: run timeout: 0 duration: None cls:
2019-08-21 13:49:59.833 25528 INFO rally.task.runner [-] Task effcd64c-9c58-4620-8e93-6f78cc84c930 | ITER: 9 START
2019-08-21 13:49:59.835 25534 RALLYDEBUG rally.task.runner [-] Starting a worker. concurrency: 1 args: {"network_create_args": {}, "subnet_create_args": {}, "subnet_cidr_start": "1.1.0.0/30", "subnets_per_network": 2, "router_create_args": {}} times: 40 method_name: run timeout: 0 duration: None cls:
2019-08-21 13:49:59.835 25530 INFO rally.task.runner [-] Task effcd64c-9c58-4620-8e93-6f78cc84c930 | ITER: 10 START
2019-08-21 13:49:59.838 25534 INFO rally.task.runner [-] Task effcd64c-9c58-4620-8e93-6f78cc84c930 | ITER: 11 START
2019-08-21 13:49:59.839 25537 RALLYDEBUG rally.task.runner [-] Starting a worker. concurrency: 1 args: {"network_create_args": {}, "subnet_create_args": {}, "subnet_cidr_start": "1.1.0.0/30", "subnets_per_network": 2, "router_create_args": {}} times: 40 method_name: run timeout: 0 duration: None cls:
2019-08-21 13:49:59.841 25540 RALLYDEBUG rally.task.runner [-] Starting a worker. concurrency: 1 args: {"network_create_args": {}, "subnet_create_args": {}, "subnet_cidr_start": "1.1.0.0/30", "subnets_per_network": 2, "router_create_args": {}} times: 40 method_name: run timeout: 0 duration: None cls:
2019-08-21 13:49:59.843 25537 INFO rally.task.runner [-] Task effcd64c-9c58-4620-8e93-6f78cc84c930 | ITER: 12 START
2019-08-21 13:49:59.844 25540 INFO rally.task.runner [-] Task effcd64c-9c58-4620-8e93-6f78cc84c930 | ITER: 13 START
2019-08-21 13:49:59.844 25542 RALLYDEBUG rally.task.runner [-] Starting a worker. concurrency: 1 args: {"network_create_args": {}, "subnet_create_args": {}, "subnet_cidr_start": "1.1.0.0/30", "subnets_per_network": 2, "router_create_args": {}} times: 40 method_name: run timeout: 0 duration: None cls:
2019-08-21 13:49:59.847 25542 INFO rally.task.runner [-] Task effcd64c-9c58-4620-8e93-6f78cc84c930 | ITER: 14 START
2019-08-21 13:49:59.848 25547 RALLYDEBUG rally.task.runner [-] Starting a worker. concurrency: 1 args: {"network_create_args": {}, "subnet_create_args": {}, "subnet_cidr_start": "1.1.0.0/30", "subnets_per_network": 2, "router_create_args": {}} times: 40 method_name: run timeout: 0 duration: None cls:
2019-08-21 13:49:59.851 25547 INFO rally.task.runner [-] Task effcd64c-9c58-4620-8e93-6f78cc84c930 | ITER: 15 START
2019-08-21 13:49:59.851 25550 RALLYDEBUG rally.task.runner [-] Starting a worker. concurrency: 1 args: {"network_create_args": {}, "subnet_create_args": {}, "subnet_cidr_start": "1.1.0.0/30", "subnets_per_network": 2, "router_create_args": {}} times: 40 method_name: run timeout: 0 duration: None cls:
2019-08-21 13:49:59.854 25553 RALLYDEBUG rally.task.runner [-] Starting a worker. concurrency: 1 args: {"network_create_args": {}, "subnet_create_args": {}, "subnet_cidr_start": "1.1.0.0/30", "subnets_per_network": 2, "router_create_args": {}} times: 40 method_name: run timeout: 0 duration: None cls:
2019-08-21 13:49:59.855 25550 INFO rally.task.runner [-] Task effcd64c-9c58-4620-8e93-6f78cc84c930 | ITER: 16 START
2019-08-21 13:49:59.857 25553 INFO rally.task.runner [-] Task effcd64c-9c58-4620-8e93-6f78cc84c930 | ITER: 17 START
2019-08-21 13:49:59.858 25555 RALLYDEBUG rally.task.runner [-] Starting a worker. concurrency: 1 args: {"network_create_args": {}, "subnet_create_args": {}, "subnet_cidr_start": "1.1.0.0/30", "subnets_per_network": 2, "router_create_args": {}} times: 40 method_name: run timeout: 0 duration: None cls:
2019-08-21 13:49:59.860 25557 RALLYDEBUG rally.task.runner [-] Starting a worker. concurrency: 1 args: {"network_create_args": {}, "subnet_create_args": {}, "subnet_cidr_start": "1.1.0.0/30", "subnets_per_network": 2, "router_create_args": {}} times: 40 method_name: run timeout: 0 duration: None cls:
2019-08-21 13:49:59.862 25555 INFO rally.task.runner [-] Task effcd64c-9c58-4620-8e93-6f78cc84c930 | ITER: 18 START
2019-08-21 13:49:59.863 25560 RALLYDEBUG rally.task.runner [-] Starting a worker. concurrency: 1 args: {"network_create_args": {}, "subnet_create_args": {}, "subnet_cidr_start": "1.1.0.0/30", "subnets_per_network": 2, "router_create_args": {}} times: 40 method_name: run timeout: 0 duration: None cls:
2019-08-21 13:49:59.864 25557 INFO rally.task.runner [-] Task effcd64c-9c58-4620-8e93-6f78cc84c930 | ITER: 19 START
2019-08-21 13:49:59.866 25560 INFO rally.task.runner [-] Task effcd64c-9c58-4620-8e93-6f78cc84c930 | ITER: 20 START
2019-08-21 13:50:00.940 25509 RALLYDEBUG rally_openstack.wrappers.network [-] CIDR generated: 1.1.8.32/30
2019-08-21 13:50:01.564 25523 RALLYDEBUG rally_openstack.wrappers.network [-] CIDR generated: 1.1.8.36/30
2019-08-21 13:50:01.641 25508 RALLYDEBUG rally_openstack.wrappers.network [-] CIDR generated: 1.1.8.40/30
2019-08-21 13:50:01.917 25513 RALLYDEBUG rally_openstack.wrappers.network [-] CIDR generated: 1.1.8.44/30
2019-08-21 13:50:02.286 25518 RALLYDEBUG rally_openstack.wrappers.network [-] CIDR generated: 1.1.8.48/30
2019-08-21 13:50:02.435 25510 RALLYDEBUG rally_openstack.wrappers.network [-] CIDR generated: 1.1.8.52/30
2019-08-21 13:50:02.638 25525 RALLYDEBUG rally_openstack.wrappers.network [-] CIDR generated: 1.1.8.56/30
2019-08-21 13:50:02.844 25507 RALLYDEBUG rally_openstack.wrappers.network [-] CIDR generated: 1.1.8.60/30
2019-08-21 13:50:03.505 25523 RALLYDEBUG rally_openstack.wrappers.network [-] CIDR generated: 1.1.8.64/30
2019-08-21 13:50:04.722 25528 RALLYDEBUG rally_openstack.wrappers.network [-] CIDR generated: 1.1.8.68/30
2019-08-21 13:50:04.745 25540 RALLYDEBUG rally_openstack.wrappers.network [-] CIDR generated: 1.1.8.72/30
2019-08-21 13:50:05.047 25553 RALLYDEBUG rally_openstack.wrappers.network [-] CIDR generated: 1.1.8.76/30
2019-08-21 13:50:05.182 25560 RALLYDEBUG rally_openstack.wrappers.network [-] CIDR generated: 1.1.8.80/30
2019-08-21 13:50:05.318 25534 RALLYDEBUG rally_openstack.wrappers.network [-] CIDR generated: 1.1.8.84/30
2019-08-21 13:50:05.804 25530 RALLYDEBUG rally_openstack.wrappers.network [-] CIDR generated: 1.1.8.88/30
2019-08-21 13:50:05.869 25537 RALLYDEBUG rally_openstack.wrappers.network [-] CIDR generated: 1.1.8.92/30
2019-08-21 13:50:05.891 25542 RALLYDEBUG rally_openstack.wrappers.network [-] CIDR generated: 1.1.8.96/30
2019-08-21 13:50:06.085 25547 RALLYDEBUG rally_openstack.wrappers.network [-] CIDR generated: 1.1.8.100/30
2019-08-21 13:50:07.556 25510 RALLYDEBUG rally_openstack.wrappers.network [-] CIDR generated: 1.1.8.104/30
2019-08-21 13:50:07.842 25508 RALLYDEBUG rally_openstack.wrappers.network [-] CIDR generated: 1.1.8.108/30
2019-08-21 13:50:07.988 25550 RALLYDEBUG rally_openstack.wrappers.network [-] CIDR generated: 1.1.8.112/30
2019-08-21 13:50:08.191 25555 RALLYDEBUG rally_openstack.wrappers.network [-] CIDR generated: 1.1.8.116/30
2019-08-21 13:50:08.192 25509 RALLYDEBUG rally_openstack.wrappers.network [-] CIDR generated: 1.1.8.120/30
2019-08-21 13:50:08.280 25507 RALLYDEBUG rally_openstack.wrappers.network [-] CIDR generated: 1.1.8.124/30
2019-08-21 13:50:09.121 25513 RALLYDEBUG rally_openstack.wrappers.network [-] CIDR generated: 1.1.8.128/30
2019-08-21 13:50:09.930 25540 RALLYDEBUG rally_openstack.wrappers.network [-] CIDR generated: 1.1.8.132/30
2019-08-21 13:50:10.467 25525 RALLYDEBUG rally_openstack.wrappers.network [-] CIDR generated: 1.1.8.136/30
2019-08-21 13:50:11.238 25530 RALLYDEBUG rally_openstack.wrappers.network [-] CIDR generated: 1.1.8.140/30
2019-08-21 13:50:11.893 25557 RALLYDEBUG rally_openstack.wrappers.network [-] CIDR generated: 1.1.8.144/30
2019-08-21 13:50:13.097 25542 RALLYDEBUG rally_openstack.wrappers.network [-] CIDR generated: 1.1.8.148/30
2019-08-21 13:50:13.332 25547 RALLYDEBUG rally_openstack.wrappers.network [-] CIDR generated: 1.1.8.152/30
2019-08-21 13:50:14.247 25537 RALLYDEBUG rally_openstack.wrappers.network [-] CIDR generated: 1.1.8.156/30
2019-08-21 13:50:14.917 25553 RALLYDEBUG rally_openstack.wrappers.network [-] CIDR generated: 1.1.8.160/30
2019-08-21 13:50:15.526 25518 RALLYDEBUG rally_openstack.wrappers.network [-] CIDR generated: 1.1.8.164/30
2019-08-21 13:50:16.438 25560 RALLYDEBUG rally_openstack.wrappers.network [-] CIDR generated: 1.1.8.168/30
2019-08-21 13:50:18.784 25528 RALLYDEBUG rally_openstack.wrappers.network [-] CIDR generated: 1.1.8.172/30
2019-08-21 13:50:18.925 25555 RALLYDEBUG rally_openstack.wrappers.network [-] CIDR generated: 1.1.8.176/30
2019-08-21 13:50:19.186 25550 RALLYDEBUG rally_openstack.wrappers.network [-] CIDR generated: 1.1.8.180/30
2019-08-21 13:50:20.753 25534 RALLYDEBUG rally_openstack.wrappers.network [-] CIDR generated: 1.1.8.184/30
2019-08-21 13:50:25.436 25557 RALLYDEBUG rally_openstack.wrappers.network [-] CIDR generated: 1.1.8.188/30
2019-08-21 13:51:30.659 25523 INFO rally.task.runner [-] Task effcd64c-9c58-4620-8e93-6f78cc84c930 | ITER: 7 END: OK
2019-08-21 13:51:30.666 25523 INFO rally.task.runner [-] Task effcd64c-9c58-4620-8e93-6f78cc84c930 | ITER: 21 START
2019-08-21 13:51:30.757 25510 INFO rally.task.runner [-] Task effcd64c-9c58-4620-8e93-6f78cc84c930 | ITER: 4 END: OK
2019-08-21 13:51:30.761 25510 INFO rally.task.runner [-] Task effcd64c-9c58-4620-8e93-6f78cc84c930 | ITER: 22 START
2019-08-21 13:51:31.792 25513 INFO rally.task.runner [-] Task effcd64c-9c58-4620-8e93-6f78cc84c930 | ITER: 5 END: OK
2019-08-21 13:51:31.796 25513 INFO rally.task.runner [-] Task effcd64c-9c58-4620-8e93-6f78cc84c930 | ITER: 23 START
2019-08-21 13:51:32.149 25507 INFO rally.task.runner [-] Task effcd64c-9c58-4620-8e93-6f78cc84c930 | ITER: 1 END: OK
2019-08-21 13:51:32.152 25507 INFO rally.task.runner [-] Task effcd64c-9c58-4620-8e93-6f78cc84c930 | ITER: 24 START
2019-08-21 13:51:32.378 25523 RALLYDEBUG rally_openstack.wrappers.network [-] CIDR generated: 1.1.8.192/30
2019-08-21 13:51:34.881 25510 RALLYDEBUG rally_openstack.wrappers.network [-] CIDR generated: 1.1.8.196/30
2019-08-21 13:51:35.777 25507 RALLYDEBUG rally_openstack.wrappers.network [-] CIDR generated: 1.1.8.200/30
2019-08-21 13:51:37.584 25525 INFO rally.task.runner [-] Task effcd64c-9c58-4620-8e93-6f78cc84c930 | ITER: 8 END: OK
2019-08-21 13:51:37.588 25525 INFO rally.task.runner [-] Task effcd64c-9c58-4620-8e93-6f78cc84c930 | ITER: 25 START
2019-08-21 13:51:39.079 25513 RALLYDEBUG rally_openstack.wrappers.network [-] CIDR generated: 1.1.8.204/30
2019-08-21 13:51:39.448 25508 INFO rally.task.runner [-] Task effcd64c-9c58-4620-8e93-6f78cc84c930 | ITER: 2 END: OK
2019-08-21 13:51:39.452 25508 INFO rally.task.runner [-] Task effcd64c-9c58-4620-8e93-6f78cc84c930 | ITER: 26 START
2019-08-21 13:51:39.457 25523 RALLYDEBUG rally_openstack.wrappers.network [-] CIDR generated: 1.1.8.208/30
2019-08-21 13:51:40.186 25547 INFO rally.task.runner [-] Task effcd64c-9c58-4620-8e93-6f78cc84c930 | ITER: 15 END: OK
2019-08-21 13:51:40.190 25547 INFO rally.task.runner [-] Task effcd64c-9c58-4620-8e93-6f78cc84c930 | ITER: 27 START
2019-08-21 13:51:40.299 25542 INFO rally.task.runner [-] Task effcd64c-9c58-4620-8e93-6f78cc84c930 | ITER: 14 END: OK
2019-08-21 13:51:40.305 25542 INFO rally.task.runner [-] Task effcd64c-9c58-4620-8e93-6f78cc84c930 | ITER: 28 START
2019-08-21 13:51:40.797 25508 RALLYDEBUG rally_openstack.wrappers.network [-] CIDR generated: 1.1.8.212/30
2019-08-21 13:51:41.385 25547 RALLYDEBUG rally_openstack.wrappers.network [-] CIDR generated: 1.1.8.216/30
2019-08-21 13:51:41.650 25530 INFO rally.task.runner [-] Task effcd64c-9c58-4620-8e93-6f78cc84c930 | ITER: 10 END: OK
2019-08-21 13:51:41.655 25530 INFO rally.task.runner [-] Task effcd64c-9c58-4620-8e93-6f78cc84c930 | ITER: 29 START
2019-08-21 13:51:41.694 25540 INFO rally.task.runner [-] Task effcd64c-9c58-4620-8e93-6f78cc84c930 | ITER: 13 END: OK
2019-08-21 13:51:41.698 25540 INFO rally.task.runner [-] Task effcd64c-9c58-4620-8e93-6f78cc84c930 | ITER: 30 START
2019-08-21 13:51:42.408 25525 RALLYDEBUG rally_openstack.wrappers.network [-] CIDR generated: 1.1.8.220/30
2019-08-21 13:51:42.563 25530 RALLYDEBUG rally_openstack.wrappers.network [-] CIDR generated: 1.1.8.224/30
2019-08-21 13:51:42.723 25537 INFO rally.task.runner [-] Task effcd64c-9c58-4620-8e93-6f78cc84c930 | ITER: 12 END: OK
2019-08-21 13:51:42.727 25537 INFO rally.task.runner [-] Task effcd64c-9c58-4620-8e93-6f78cc84c930 | ITER: 31 START
2019-08-21 13:51:42.821 25540 RALLYDEBUG rally_openstack.wrappers.network [-] CIDR generated: 1.1.8.228/30
2019-08-21 13:51:42.837 25542 RALLYDEBUG rally_openstack.wrappers.network [-] CIDR generated: 1.1.8.232/30
2019-08-21 13:51:44.243 25537 RALLYDEBUG rally_openstack.wrappers.network [-] CIDR generated: 1.1.8.236/30
2019-08-21 13:51:44.836 25530 RALLYDEBUG rally_openstack.wrappers.network [-] CIDR generated: 1.1.8.240/30
2019-08-21 13:51:45.072 25540 RALLYDEBUG rally_openstack.wrappers.network [-] CIDR generated: 1.1.8.244/30
2019-08-21 13:51:46.813 25508 RALLYDEBUG rally_openstack.wrappers.network [-] CIDR generated: 1.1.8.248/30
2019-08-21 13:51:46.846 25553 INFO rally.task.runner [-] Task effcd64c-9c58-4620-8e93-6f78cc84c930 | ITER: 17 END: OK
2019-08-21 13:51:46.850 25553 INFO rally.task.runner [-] Task effcd64c-9c58-4620-8e93-6f78cc84c930 | ITER: 32 START
2019-08-21 13:51:48.379 25537 RALLYDEBUG rally_openstack.wrappers.network [-] CIDR generated: 1.1.8.252/30
2019-08-21 13:51:49.003 25547 RALLYDEBUG rally_openstack.wrappers.network [-] CIDR generated: 1.1.9.0/30
2019-08-21 13:51:49.964 25553 RALLYDEBUG rally_openstack.wrappers.network [-] CIDR generated: 1.1.9.4/30
2019-08-21 13:51:50.262 25542 RALLYDEBUG rally_openstack.wrappers.network [-] CIDR generated: 1.1.9.8/30
2019-08-21 13:51:53.700 25510 RALLYDEBUG rally_openstack.wrappers.network [-] CIDR generated: 1.1.9.12/30
2019-08-21 13:51:56.309 25553 RALLYDEBUG rally_openstack.wrappers.network [-] CIDR generated: 1.1.9.16/30
2019-08-21 13:51:58.251 25507 RALLYDEBUG rally_openstack.wrappers.network [-] CIDR generated: 1.1.9.20/30
2019-08-21 13:51:58.858 25513 RALLYDEBUG rally_openstack.wrappers.network [-] CIDR generated: 1.1.9.24/30
2019-08-21 13:52:07.492 25525 RALLYDEBUG rally_openstack.wrappers.network [-] CIDR generated: 1.1.9.28/30
2019-08-21 13:52:24.953 25523 INFO rally.task.runner [-] Task effcd64c-9c58-4620-8e93-6f78cc84c930 | ITER: 21 END: OK
2019-08-21 13:52:24.956 25523 INFO rally.task.runner [-] Task effcd64c-9c58-4620-8e93-6f78cc84c930 | ITER: 33 START
2019-08-21 13:52:27.178 25523 RALLYDEBUG rally_openstack.wrappers.network [-] CIDR generated: 1.1.9.32/30
2019-08-21 13:52:27.998 25537 INFO rally.task.runner [-] Task effcd64c-9c58-4620-8e93-6f78cc84c930 | ITER: 31 END: OK
2019-08-21 13:52:28.000 25537 INFO rally.task.runner [-] Task effcd64c-9c58-4620-8e93-6f78cc84c930 | ITER: 34 START
2019-08-21 13:52:28.794 25537 RALLYDEBUG rally_openstack.wrappers.network [-] CIDR generated: 1.1.9.36/30
2019-08-21 13:52:30.288 25537 RALLYDEBUG rally_openstack.wrappers.network [-] CIDR generated: 1.1.9.40/30
2019-08-21 13:52:36.761 25523 RALLYDEBUG rally_openstack.wrappers.network [-] CIDR generated: 1.1.9.44/30
2019-08-21 13:52:47.803 25540 INFO rally.task.runner [-] Task effcd64c-9c58-4620-8e93-6f78cc84c930 | ITER: 30 END: OK
2019-08-21 13:52:47.807 25540 INFO rally.task.runner [-] Task effcd64c-9c58-4620-8e93-6f78cc84c930 | ITER: 35 START
2019-08-21 13:52:48.753 25540 RALLYDEBUG rally_openstack.wrappers.network [-] CIDR generated: 1.1.9.48/30
2019-08-21 13:52:51.379 25542 INFO rally.task.runner [-] Task effcd64c-9c58-4620-8e93-6f78cc84c930 | ITER: 28 END: OK
2019-08-21 13:52:51.382 25542 INFO rally.task.runner [-] Task effcd64c-9c58-4620-8e93-6f78cc84c930 | ITER: 36 START
2019-08-21 13:52:51.849 25540 RALLYDEBUG rally_openstack.wrappers.network [-] CIDR generated: 1.1.9.52/30
2019-08-21 13:52:52.376 25542 RALLYDEBUG rally_openstack.wrappers.network [-] CIDR generated: 1.1.9.56/30
2019-08-21 13:52:52.815 25508 INFO rally.task.runner [-] Task effcd64c-9c58-4620-8e93-6f78cc84c930 | ITER: 26 END: OK
2019-08-21 13:52:52.819 25508 INFO rally.task.runner [-] Task effcd64c-9c58-4620-8e93-6f78cc84c930 | ITER: 37 START
2019-08-21 13:52:53.745 25547 INFO rally.task.runner [-] Task effcd64c-9c58-4620-8e93-6f78cc84c930 | ITER: 27 END: OK
2019-08-21 13:52:53.749 25547 INFO rally.task.runner [-] Task effcd64c-9c58-4620-8e93-6f78cc84c930 | ITER: 38 START
2019-08-21 13:52:54.250 25508 RALLYDEBUG rally_openstack.wrappers.network [-] CIDR generated: 1.1.9.60/30
2019-08-21 13:52:54.719 25547 RALLYDEBUG rally_openstack.wrappers.network [-] CIDR generated: 1.1.9.64/30
2019-08-21 13:52:57.003 25537 INFO rally.task.runner [-] Task effcd64c-9c58-4620-8e93-6f78cc84c930 | ITER: 34 END: OK
2019-08-21 13:52:57.006 25537 INFO rally.task.runner [-] Task effcd64c-9c58-4620-8e93-6f78cc84c930 | ITER: 39 START
2019-08-21 13:52:57.208 25547 RALLYDEBUG rally_openstack.wrappers.network [-] CIDR generated: 1.1.9.68/30
2019-08-21 13:52:57.789 25542 RALLYDEBUG rally_openstack.wrappers.network [-] CIDR generated: 1.1.9.72/30
2019-08-21 13:52:58.184 25537 RALLYDEBUG rally_openstack.wrappers.network [-] CIDR generated: 1.1.9.76/30
2019-08-21 13:52:58.263 25530 INFO rally.task.runner [-] Task effcd64c-9c58-4620-8e93-6f78cc84c930 | ITER: 29 END: OK
2019-08-21 13:52:58.266 25530 INFO rally.task.runner [-] Task effcd64c-9c58-4620-8e93-6f78cc84c930 | ITER: 40 START
2019-08-21 13:53:00.507 25508 RALLYDEBUG rally_openstack.wrappers.network [-] CIDR generated: 1.1.9.80/30
2019-08-21 13:53:00.527 25530 RALLYDEBUG rally_openstack.wrappers.network [-] CIDR generated: 1.1.9.84/30
2019-08-21 13:53:00.688 25537 RALLYDEBUG rally_openstack.wrappers.network [-] CIDR generated: 1.1.9.88/30
2019-08-21 13:53:06.277 25553 INFO rally.task.runner [-] Task effcd64c-9c58-4620-8e93-6f78cc84c930 | ITER: 32 END: OK
2019-08-21 13:53:08.089 25530 RALLYDEBUG rally_openstack.wrappers.network [-] CIDR generated: 1.1.9.92/30
2019-08-21 13:53:32.103 25509 INFO rally.task.runner [-] Task effcd64c-9c58-4620-8e93-6f78cc84c930 | ITER: 3 END: OK
2019-08-21 13:53:32.408 25523 INFO rally.task.runner [-] Task effcd64c-9c58-4620-8e93-6f78cc84c930 | ITER: 33 END: OK
2019-08-21 13:53:37.299 25518 INFO rally.task.runner [-] Task effcd64c-9c58-4620-8e93-6f78cc84c930 | ITER: 6 END: OK
2019-08-21 13:53:38.993 25547 INFO rally.task.runner [-] Task effcd64c-9c58-4620-8e93-6f78cc84c930 | ITER: 38 END: OK
2019-08-21 13:53:40.529 25537 INFO rally.task.runner [-] Task effcd64c-9c58-4620-8e93-6f78cc84c930 | ITER: 39 END: OK
2019-08-21 13:53:40.774 25530 INFO rally.task.runner [-] Task effcd64c-9c58-4620-8e93-6f78cc84c930 | ITER: 40 END: OK
2019-08-21 13:53:46.300 25560 INFO rally.task.runner [-] Task effcd64c-9c58-4620-8e93-6f78cc84c930 | ITER: 20 END: OK
2019-08-21 13:53:49.850 25540 INFO rally.task.runner [-] Task effcd64c-9c58-4620-8e93-6f78cc84c930 | ITER: 35 END: OK
2019-08-21 13:53:51.582 25542 INFO rally.task.runner [-] Task effcd64c-9c58-4620-8e93-6f78cc84c930 | ITER: 36 END: OK
2019-08-21 13:53:52.529 25508 INFO rally.task.runner [-] Task effcd64c-9c58-4620-8e93-6f78cc84c930 | ITER: 37 END: OK
2019-08-21 13:53:55.089 25550 INFO rally.task.runner [-] Task effcd64c-9c58-4620-8e93-6f78cc84c930 | ITER: 16 END: OK
2019-08-21 13:53:56.371 25534 INFO rally.task.runner [-] Task effcd64c-9c58-4620-8e93-6f78cc84c930 | ITER: 11 END: OK
2019-08-21 13:53:57.871 25557 INFO rally.task.runner [-] Task effcd64c-9c58-4620-8e93-6f78cc84c930 | ITER: 19 END: OK
2019-08-21 13:53:59.716 25555 INFO rally.task.runner [-] Task effcd64c-9c58-4620-8e93-6f78cc84c930 | ITER: 18 END: OK
2019-08-21 13:54:00.245 25528 INFO rally.task.runner [-] Task effcd64c-9c58-4620-8e93-6f78cc84c930 | ITER: 9 END: OK
2019-08-21 13:54:20.522 25507 INFO rally.task.runner [-] Task effcd64c-9c58-4620-8e93-6f78cc84c930 | ITER: 24 END: OK
2019-08-21 13:54:23.499 25513 INFO rally.task.runner [-] Task effcd64c-9c58-4620-8e93-6f78cc84c930 | ITER: 23 END: OK
2019-08-21 13:54:25.677 25510 INFO rally.task.runner [-] Task effcd64c-9c58-4620-8e93-6f78cc84c930 | ITER: 22 END: OK
2019-08-21 13:54:26.159 25525 INFO rally.task.runner [-] Task effcd64c-9c58-4620-8e93-6f78cc84c930 | ITER: 25 END: OK
2019-08-21 13:54:26.179 22209 INFO rally.task.context [-] Task effcd64c-9c58-4620-8e93-6f78cc84c930 | Context cleanup@openstack cleanup() started
2019-08-21 13:54:26.181 22209 RALLYDEBUG rally_openstack.cleanup.manager [-] Cleaning up neutron vip objects
2019-08-21 13:54:26.678 22209 RALLYDEBUG rally_openstack.cleanup.manager [-] Cleaning up neutron health_monitor objects
2019-08-21 13:54:27.158 22209 RALLYDEBUG rally_openstack.cleanup.manager [-] Cleaning up neutron pool objects
2019-08-21 13:54:27.667 22209 RALLYDEBUG rally_openstack.cleanup.manager [-] Cleaning up neutron loadbalancer objects
2019-08-21 13:54:28.160 22209 RALLYDEBUG rally_openstack.cleanup.manager [-] Cleaning up neutron floatingip objects
2019-08-21 13:54:28.761 22209 RALLYDEBUG rally_openstack.cleanup.manager [-] Cleaning up neutron port objects
2019-08-21 13:54:29.519 22209 RALLYDEBUG rally_openstack.cleanup.manager [-] Cleaning up neutron subnet objects
2019-08-21 13:54:30.170 22209 RALLYDEBUG rally_openstack.cleanup.manager [-] Deleting neutron.subnet object s_rally_d648761b_qf59h1ir (0dc3f058-5ada-4164-9620-131b55ba7cf7)
2019-08-21 13:54:30.174 22209 RALLYDEBUG rally_openstack.cleanup.manager [-] Deleting neutron.subnet object s_rally_d648761b_XPyWQUSh (0e3093d2-0be5-4a44-900b-8f49f9a6a803)
2019-08-21 13:54:30.177 22209 RALLYDEBUG rally_openstack.cleanup.manager [-] Deleting neutron.subnet object s_rally_d648761b_wsI41VPs (0f2f98dd-2426-47f5-ba28-4eebee567cc5)
2019-08-21 13:54:30.183 22209 RALLYDEBUG rally_openstack.cleanup.manager [-] Deleting neutron.subnet object s_rally_d648761b_CRrsq1F4 (108377cf-47a3-4451-9f42-0832d7e6cf9d)
2019-08-21 13:54:30.188 22209 RALLYDEBUG rally_openstack.cleanup.manager [-] Deleting neutron.subnet object s_rally_d648761b_oWnMIvRd (136060aa-8e65-4cd9-b768-765f9bd42a46)
2019-08-21 13:54:30.192 22209 RALLYDEBUG rally_openstack.cleanup.manager [-] Deleting neutron.subnet object s_rally_d648761b_DpLuQr6H (176148c9-a963-4493-8b50-dad88135b32b)
2019-08-21 13:54:30.194 22209 RALLYDEBUG rally_openstack.cleanup.manager [-] Deleting neutron.subnet object s_rally_d648761b_wD9ppW0y (1c3d14ee-956f-475a-86b8-16edb9cedfc1)
2019-08-21 13:54:30.203 22209 RALLYDEBUG rally_openstack.cleanup.manager [-] Deleting neutron.subnet object s_rally_d648761b_BNs1vQEU (20b0d681-6057-438f-9b0e-51e286273ae3)
2019-08-21 13:54:30.207 22209 RALLYDEBUG rally_openstack.cleanup.manager [-] Deleting neutron.subnet object s_rally_d648761b_oJ5YvKsN (23883805-e3a3-4b88-81a4-ea42f8fb9e5c)
2019-08-21 13:54:30.218 22209 RALLYDEBUG rally_openstack.cleanup.manager [-] Deleting neutron.subnet object s_rally_d648761b_gQzRyc8h (239b3744-4d4c-429e-816e-9f6409a13c5d)
2019-08-21 13:54:30.224 22209 RALLYDEBUG rally_openstack.cleanup.manager [-] Deleting neutron.subnet object s_rally_d648761b_E0xYc4LY (2654810e-5f7d-4fe2-be9b-3ef6974a094c)
2019-08-21 13:54:30.229 22209 RALLYDEBUG rally_openstack.cleanup.manager [-] Deleting neutron.subnet object s_rally_d648761b_YbfPRgD4 (2d8c0d2c-28e2-4f9f-b112-732c6ec16c1f)
2019-08-21 13:54:30.238 22209 RALLYDEBUG rally_openstack.cleanup.manager [-] Deleting neutron.subnet object s_rally_d648761b_5fTWs4oV (31e14f1b-9b9c-4e45-a0bd-7d4ee4d1572c)
2019-08-21 13:54:30.244 22209 RALLYDEBUG rally_openstack.cleanup.manager [-] Deleting neutron.subnet object s_rally_d648761b_8emciq67 (329b94a2-7e6b-48b1-8bf0-f7ffcbb96b93)
2019-08-21 13:54:30.284 22209 RALLYDEBUG rally_openstack.cleanup.manager [-] Deleting neutron.subnet object s_rally_d648761b_XyEjRaJZ (348f51e1-0a7e-4c36-b51d-49917eea7210)
2019-08-21 13:54:30.287 22209 RALLYDEBUG rally_openstack.cleanup.manager [-] Deleting neutron.subnet object s_rally_d648761b_l5QoyMyq (3cbaa664-4073-42b1-9104-10e07705bcfc)
2019-08-21 13:54:30.291 22209 RALLYDEBUG rally_openstack.cleanup.manager [-] Deleting neutron.subnet object s_rally_d648761b_zPdUqIPs (3b88eb4e-b771-4d71-9f68-4b961a93637f)
2019-08-21 13:54:30.308 22209 RALLYDEBUG rally_openstack.cleanup.manager [-] Deleting neutron.subnet object s_rally_d648761b_uqcKtl6d (3d5d43b2-f2bf-455f-a9d8-26c3191fe4f0)
2019-08-21 13:54:30.314 22209 RALLYDEBUG rally_openstack.cleanup.manager [-] Deleting neutron.subnet object s_rally_d648761b_l2QzTrIe (3daa2dab-83ac-4316-97ec-c3666489ec97)
2019-08-21 13:54:30.325 22209 RALLYDEBUG rally_openstack.cleanup.manager [-] Deleting neutron.subnet object s_rally_d648761b_f9lhJhJl (424b1ceb-3927-43c7-b9b0-326a3cd8e045)
2019-08-21 13:54:37.801 22209 RALLYDEBUG rally_openstack.cleanup.manager [-] Deleting neutron.subnet object s_rally_d648761b_IOvdStOi (42e1e9e7-1466-403b-9120-112414aef60f)
2019-08-21 13:54:39.318 22209 RALLYDEBUG rally_openstack.cleanup.manager [-] Deleting neutron.subnet object s_rally_d648761b_QEtsQXxZ (43dbed11-fa36-42d6-9a91-4add3e08f88d)
2019-08-21 13:54:39.511 22209 RALLYDEBUG rally_openstack.cleanup.manager [-] Deleting neutron.subnet object s_rally_d648761b_1ur8o5by (46aaefae-908a-49ee-bb4f-d6064a1b73f3)
2019-08-21 13:54:41.056 22209 RALLYDEBUG rally_openstack.cleanup.manager [-] Deleting neutron.subnet object s_rally_d648761b_Rg4YXmIW (4da1acf8-6503-4a2e-b56b-b224964bc4c4)
2019-08-21 13:54:41.862 22209 RALLYDEBUG rally_openstack.cleanup.manager [-] Deleting neutron.subnet object s_rally_d648761b_jfHNghtW (4ec41506-4b22-4a3c-8199-b69b6291e4ec)
2019-08-21 13:54:41.913 22209 RALLYDEBUG rally_openstack.cleanup.manager [-] Deleting neutron.subnet object s_rally_d648761b_cqHgT1AV (4ec59695-56f5-4a8c-861c-2d451ad83e03)
2019-08-21 13:54:42.378 22209 RALLYDEBUG rally_openstack.cleanup.manager [-] Deleting neutron.subnet object s_rally_d648761b_Sm2P1zmN (5493fda6-ad21-47ef-8f9e-dfb7fba6b240)
2019-08-21 13:54:42.461 22209 RALLYDEBUG rally_openstack.cleanup.manager [-] Deleting neutron.subnet object s_rally_d648761b_MV8K3Rnm (55d8288e-095a-468a-ac38-26c2ee5ccabb)
2019-08-21 13:54:42.916 22209 RALLYDEBUG rally_openstack.cleanup.manager [-] Deleting neutron.subnet object s_rally_d648761b_O34cwpde (6483eb70-bb9c-4113-b51d-55ac928df7ef)
2019-08-21 13:54:43.397 22209 RALLYDEBUG rally_openstack.cleanup.manager [-] Deleting neutron.subnet object s_rally_d648761b_K9vhROEL (6c803c97-e4f2-4632-a9f1-34d8f38ec0de)
2019-08-21 13:54:44.054 22209 RALLYDEBUG rally_openstack.cleanup.manager [-] Deleting neutron.subnet object s_rally_d648761b_uzlwlmeN (6d9a4e91-cacc-4834-9b78-662bc49ca36f)
2019-08-21 13:54:44.064 22209 RALLYDEBUG rally_openstack.cleanup.manager [-] Deleting neutron.subnet object s_rally_d648761b_PjnOHxhn (7483cadb-ed20-4da3-9917-1924b4fef1b4)
2019-08-21 13:54:44.881 22209 RALLYDEBUG rally_openstack.cleanup.manager [-] Deleting neutron.subnet object s_rally_d648761b_k6zoDssa (77a03815-1dd2-4115-95d4-ebf4184ce40e)
2019-08-21 13:54:45.088 22209 RALLYDEBUG rally_openstack.cleanup.manager [-] Deleting neutron.subnet object s_rally_d648761b_csWdaS2X (7aa7147f-3b5d-418c-94e8-922f9b3b0bc1)
2019-08-21 13:54:45.381 22209 RALLYDEBUG rally_openstack.cleanup.manager [-] Deleting neutron.subnet object s_rally_d648761b_nxaetBGr (7d8cfc6c-a63e-4570-a137-b80f0878b19c)
2019-08-21 13:54:46.091 22209 RALLYDEBUG rally_openstack.cleanup.manager [-] Deleting neutron.subnet object s_rally_d648761b_FqPqq1Ts (8076e13b-362e-4e4f-8b4c-081061d89603)
2019-08-21 13:54:47.048 22209 RALLYDEBUG rally_openstack.cleanup.manager [-] Deleting neutron.subnet object s_rally_d648761b_1g1p01qy (8232556c-efda-4e87-988a-cf5338d4cead)
2019-08-21 13:54:47.213 22209 RALLYDEBUG rally_openstack.cleanup.manager [-] Deleting neutron.subnet object s_rally_d648761b_FjkdRbTE (832a8ce3-849b-49bd-966a-6fab8aa1053a)
2019-08-21 13:54:49.943 22209 RALLYDEBUG rally_openstack.cleanup.manager [-] Deleting neutron.subnet object s_rally_d648761b_8oGBCaeQ (8506807b-879c-4a52-9c4f-e4f36660e376)
2019-08-21 13:54:51.083 22209 RALLYDEBUG rally_openstack.cleanup.manager [-] Deleting neutron.subnet object s_rally_d648761b_DgZ79XYs (8bf33c32-eda3-4d55-bb62-a7cd5dc1cd6b)
2019-08-21 13:54:51.268 22209 RALLYDEBUG rally_openstack.cleanup.manager [-] Deleting neutron.subnet object s_rally_d648761b_9lE9itv1 (8c0e3b5e-8937-4488-9585-96aea697e023)
2019-08-21 13:54:52.098 22209 RALLYDEBUG rally_openstack.cleanup.manager [-] Deleting neutron.subnet object s_rally_d648761b_LmvCq7QK (90550e3c-fb71-4e79-99da-964bc986c6a0)
2019-08-21 13:54:52.219 22209 RALLYDEBUG rally_openstack.cleanup.manager [-] Deleting neutron.subnet object s_rally_d648761b_HqdOq8My (92214488-6417-40a5-8f99-f78bcc429d6e)
2019-08-21 13:54:52.474 22209 RALLYDEBUG rally_openstack.cleanup.manager [-] Deleting neutron.subnet object s_rally_d648761b_gmSv0hnV (929cb511-3b28-4cf7-a19d-6af6107259c4)
2019-08-21 13:54:53.083 22209 RALLYDEBUG rally_openstack.cleanup.manager [-] Deleting neutron.subnet object s_rally_d648761b_e9DKa2J8 (9b9ffa4b-7614-4b32-9e1d-de8855fccbdc)
2019-08-21 13:54:54.097 22209 RALLYDEBUG rally_openstack.cleanup.manager [-] Deleting neutron.subnet object s_rally_d648761b_tR9jIUtw (a081094f-dae2-47da-8522-5712d93a9f7c)
2019-08-21 13:54:54.223 22209 RALLYDEBUG rally_openstack.cleanup.manager [-] Deleting neutron.subnet object s_rally_d648761b_R7qLXIWf (a75fc4bc-e22d-4634-b129-8915e198cf45)
2019-08-21 13:54:54.412 22209 RALLYDEBUG rally_openstack.cleanup.manager [-] Deleting neutron.subnet object s_rally_d648761b_Ytnhfolw (a90a3d45-3a7f-4bef-84b4-b8c08416c7ae)
2019-08-21 13:54:54.758 22209 RALLYDEBUG rally_openstack.cleanup.manager [-] Deleting neutron.subnet object s_rally_d648761b_5KZ5nde8 (aaac33f9-8e54-450f-984e-4e06cbc232e5)
2019-08-21 13:54:55.645 22209 RALLYDEBUG rally_openstack.cleanup.manager [-] Deleting neutron.subnet object s_rally_d648761b_jgzQWRdR (aca80e8d-dadd-4c3f-a3ee-97fbe75241eb)
2019-08-21 13:54:56.416 22209 RALLYDEBUG rally_openstack.cleanup.manager [-] Deleting neutron.subnet object s_rally_d648761b_bW1I4grB (ad0b3bf6-0b71-4618-85dd-4e3d2b8be4c5)
2019-08-21 13:54:58.692 22209 RALLYDEBUG rally_openstack.cleanup.manager [-] Deleting neutron.subnet object s_rally_d648761b_M84Mtsjv (b0f420b1-6db1-4e9d-b726-176cbde83380)
2019-08-21 13:54:59.263 22209 RALLYDEBUG rally_openstack.cleanup.manager [-] Deleting neutron.subnet object s_rally_d648761b_zNFRs9IY (b0f7d39b-e4e6-4030-82b1-39d48cef24a7)
2019-08-21 13:54:59.297 22209 RALLYDEBUG rally_openstack.cleanup.manager [-] Deleting neutron.subnet object s_rally_d648761b_JbERljId (b250dd80-d5f2-4810-a1fa-06e2a271243c)
2019-08-21 13:54:59.861 22209 RALLYDEBUG rally_openstack.cleanup.manager [-] Deleting neutron.subnet object s_rally_d648761b_rWyxqgfq (b681bacb-fa63-4b12-ab3b-21b13272e1df)
2019-08-21 13:55:01.380 22209 RALLYDEBUG rally_openstack.cleanup.manager [-] Deleting neutron.subnet object s_rally_d648761b_NUpBiWkV (b916a474-12e8-4087-bc7c-ad4a1c7d8565)
2019-08-21 13:55:02.187 22209 RALLYDEBUG rally_openstack.cleanup.manager [-] Deleting neutron.subnet object s_rally_d648761b_nuzPj6Ey (b98282af-5c92-42ea-9b9a-67fa555506a0)
2019-08-21 13:55:04.248 22209 RALLYDEBUG rally_openstack.cleanup.manager [-] Deleting neutron.subnet object s_rally_d648761b_Bxt3SSjf (c2502e8a-b823-4551-ba4c-7c359dd76600)
2019-08-21 13:55:04.250 22209 RALLYDEBUG rally_openstack.cleanup.manager [-] Deleting neutron.subnet object s_rally_d648761b_TOaLohBJ (c388df9d-08f1-4086-a569-2d289b35e644)
2019-08-21 13:55:04.585 22209 RALLYDEBUG rally_openstack.cleanup.manager [-] Deleting neutron.subnet object s_rally_d648761b_Oq7qqu8p (c662b0b7-92e4-497d-91b9-77f7d2f69844)
2019-08-21 13:55:04.946 22209 RALLYDEBUG rally_openstack.cleanup.manager [-] Deleting neutron.subnet object s_rally_d648761b_D7FiWf0s (cb859e62-0396-4bd4-aa9d-582a9eb7df87)
2019-08-21 13:55:04.987 22209 RALLYDEBUG rally_openstack.cleanup.manager [-] Deleting neutron.subnet object s_rally_d648761b_2gv3W4Hg (d6b05f09-4428-40d4-a2d6-bc1af1ac0874)
2019-08-21 13:55:05.280 22209 RALLYDEBUG rally_openstack.cleanup.manager [-] Deleting neutron.subnet object s_rally_d648761b_qZ1I8lJs (d8d203c5-9519-4e67-983b-23ff0409a9ae)
2019-08-21 13:55:05.955 22209 RALLYDEBUG rally_openstack.cleanup.manager [-] Deleting neutron.subnet object s_rally_d648761b_0McNRt27 (d94d7ee6-8021-4896-a984-2405111fbe6a)
2019-08-21 13:55:08.693 22209 RALLYDEBUG rally_openstack.cleanup.manager [-] Deleting neutron.subnet object s_rally_d648761b_Alunn6Pp (da4225fc-3fd5-4ff2-8dfb-603c8b354286)
2019-08-21 13:55:09.314 22209 RALLYDEBUG rally_openstack.cleanup.manager [-] Deleting neutron.subnet object s_rally_d648761b_0cOJstTD (de5f311b-9f1b-4b5b-bb2b-61a203ec7639)
2019-08-21 13:55:09.420 22209 RALLYDEBUG rally_openstack.cleanup.manager [-] Deleting neutron.subnet object s_rally_d648761b_RqoAzOZz (e36f07eb-2f06-443e-88a9-10590174c61e)
2019-08-21 13:55:10.388 22209 RALLYDEBUG rally_openstack.cleanup.manager [-] Deleting neutron.subnet object s_rally_d648761b_rMVovVPV (e38691da-4a9c-413c-932e-ec945e915f59)
2019-08-21 13:55:12.233 22209 RALLYDEBUG rally_openstack.cleanup.manager [-] Deleting neutron.subnet object s_rally_d648761b_PrvAQM3v (e40146a3-1768-4ee0-9926-153fefca518a)
2019-08-21 13:55:12.461 22209 RALLYDEBUG rally_openstack.cleanup.manager [-] Deleting neutron.subnet object s_rally_d648761b_hG0ObomO (e50c0477-fa03-4c58-86aa-2b6a04ff53ec)
2019-08-21 13:55:12.612 22209 RALLYDEBUG rally_openstack.cleanup.manager [-] Deleting neutron.subnet object s_rally_d648761b_2Or1JGxi (e5bdc5e9-5ba7-46bc-80bf-a48ff9a25989)
2019-08-21 13:55:12.735 22209 RALLYDEBUG rally_openstack.cleanup.manager [-] Deleting neutron.subnet object s_rally_d648761b_ckIFCXPW (e770cbd4-80a9-4254-b160-79cd9dd629ef)
2019-08-21 13:55:12.873 22209 RALLYDEBUG rally_openstack.cleanup.manager [-] Deleting neutron.subnet object s_rally_d648761b_y3OOboUD (ee5e4581-be1e-4306-bf16-00b095d4fdcd)
2019-08-21 13:55:13.115 22209 RALLYDEBUG rally_openstack.cleanup.manager [-] Deleting neutron.subnet object s_rally_d648761b_J5B77EHq (ef5c82f9-5196-4320-90c4-e85efa3da6aa)
2019-08-21 13:55:13.795 22209 RALLYDEBUG rally_openstack.cleanup.manager [-] Deleting neutron.subnet object s_rally_d648761b_lrwQA3Qz (ef5fabf3-5da3-40e0-a90a-51a171a9fee6)
2019-08-21 13:55:13.864 22209 RALLYDEBUG rally_openstack.cleanup.manager [-] Deleting neutron.subnet object s_rally_d648761b_TT9CvUli (f0fc8a5b-fd58-4194-94b1-494f697373ad)
2019-08-21 13:55:14.061 22209 RALLYDEBUG rally_openstack.cleanup.manager [-] Deleting neutron.subnet object s_rally_d648761b_a65mKf2w (f638ef3e-0118-4146-a7b0-54e4a09083b9)
2019-08-21 13:55:14.202 22209 RALLYDEBUG rally_openstack.cleanup.manager [-] Deleting neutron.subnet object s_rally_d648761b_ctZ2Y4Yw (f70070a5-c0a8-47d3-8510-29203437747c)
2019-08-21 13:55:15.175 22209 RALLYDEBUG rally_openstack.cleanup.manager [-] Deleting neutron.subnet object s_rally_d648761b_ijTgmO3h (f77b3204-8596-4289-b470-9c1c8b9e69aa)
2019-08-21 13:55:18.544 22209 RALLYDEBUG rally_openstack.cleanup.manager [-] Deleting neutron.subnet object s_rally_d648761b_dvb7y0ny (fd9fa499-63b8-4eac-a991-8c46048d5854)
2019-08-21 13:55:28.515 22209 RALLYDEBUG rally_openstack.cleanup.manager [-] Cleaning up neutron network objects
2019-08-21 13:55:29.181 22209 RALLYDEBUG rally_openstack.cleanup.manager [-] Deleting neutron.network object s_rally_d648761b_zSTTulbh (013eeddb-0384-4585-bd9c-eeba70dadc25)
2019-08-21 13:55:29.181 22209 RALLYDEBUG rally_openstack.cleanup.manager [-] Deleting neutron.network object s_rally_d648761b_Ag3dXKPD (088ea649-24e7-4d61-bbe0-413bba3e22c1)
2019-08-21 13:55:29.185 22209 RALLYDEBUG rally_openstack.cleanup.manager [-] Deleting neutron.network object s_rally_d648761b_FKOvo9DY (100d0992-8e51-4a28-91df-e7e84d2ff74d)
2019-08-21 13:55:29.188 22209 RALLYDEBUG rally_openstack.cleanup.manager [-] Deleting neutron.network object s_rally_d648761b_qe9WTld8 (1d6df3a0-edd8-4caf-89aa-51d3e482b51a)
2019-08-21 13:55:29.194 22209 RALLYDEBUG rally_openstack.cleanup.manager [-] Deleting neutron.network object s_rally_d648761b_vAe5EKcY (20e23c95-97c9-4061-bb5d-1341f6640c13)
2019-08-21 13:55:29.197 22209 RALLYDEBUG rally_openstack.cleanup.manager [-] Deleting neutron.network object s_rally_d648761b_a0iU9SIS (24d0836b-b070-44c0-ad4e-50e83ffcf35b)
2019-08-21 13:55:29.202 22209 RALLYDEBUG rally_openstack.cleanup.manager [-] Deleting neutron.network object s_rally_d648761b_eVsKYpUj (345f6e2b-124e-452b-9563-2c7b1f66ccd6)
2019-08-21 13:55:29.204 22209 RALLYDEBUG rally_openstack.cleanup.manager [-] Deleting neutron.network object s_rally_d648761b_NS0jL44f (35510780-edfd-4dea-9251-ef880563f7bd)
2019-08-21 13:55:29.216 22209 RALLYDEBUG rally_openstack.cleanup.manager [-] Deleting neutron.network object s_rally_d648761b_4jZeQb0h (3d76a40f-0171-499a-96bf-f2115b93ff46)
2019-08-21 13:55:29.221 22209 RALLYDEBUG rally_openstack.cleanup.manager [-] Deleting neutron.network object s_rally_d648761b_EEDRGQH2 (4004dde0-ed8a-46f2-9422-a58680933d82)
2019-08-21 13:55:29.240 22209 RALLYDEBUG rally_openstack.cleanup.manager [-] Deleting neutron.network object s_rally_d648761b_ClrTFCTV (49720197-0fd7-4ad8-8b49-3959695dd9b5)
2019-08-21 13:55:29.243 22209 RALLYDEBUG rally_openstack.cleanup.manager [-] Deleting neutron.network object s_rally_d648761b_ckvKPE8D (63ae0938-3706-40ef-ae34-bea095ad1093)
2019-08-21 13:55:29.254 22209 RALLYDEBUG rally_openstack.cleanup.manager [-] Deleting neutron.network object s_rally_d648761b_O5lLWgAh (697c8d7d-1dc1-4027-8007-38d1534c0eab)
2019-08-21 13:55:29.269 22209 RALLYDEBUG rally_openstack.cleanup.manager [-] Deleting neutron.network object s_rally_d648761b_ra29wevg (7022358f-141b-465c-b9d0-55662bd2919a)
2019-08-21 13:55:29.274 22209 RALLYDEBUG rally_openstack.cleanup.manager [-] Deleting neutron.network object s_rally_d648761b_m4tyFIh8 (760cd1d2-0a43-464c-912f-6d2dd131e4f6)
2019-08-21 13:55:29.277 22209 RALLYDEBUG rally_openstack.cleanup.manager [-] Deleting neutron.network object s_rally_d648761b_fL7uP0yj (69b95916-400b-4e51-ab60-f00c57a50a45)
2019-08-21 13:55:29.293 22209 RALLYDEBUG rally_openstack.cleanup.manager [-] Deleting neutron.network object s_rally_d648761b_9w3Owr8r (84b8b042-fc3e-4caa-aa89-255baa128e7f)
2019-08-21 13:55:29.297 22209 RALLYDEBUG rally_openstack.cleanup.manager [-] Deleting neutron.network object s_rally_d648761b_D1Vs1fAw (85a2bf13-e986-4e00-8171-32fd7207a226)
2019-08-21 13:55:29.304 22209 RALLYDEBUG rally_openstack.cleanup.manager [-] Deleting neutron.network object s_rally_d648761b_ZounpXA8 (89b2aaf8-2a1e-431b-ae82-1b112ae79ba2)
2019-08-21 13:55:29.323 22209 RALLYDEBUG rally_openstack.cleanup.manager [-] Deleting neutron.network object s_rally_d648761b_MJ8k7uMd (8abae3f2-b554-48c1-a28e-9749bcb7a12a)
2019-08-21 13:55:34.372 22209 RALLYDEBUG rally_openstack.cleanup.manager [-] Deleting neutron.network object s_rally_d648761b_0VBXKDs5 (8b087dc7-8acf-42f8-a41a-568db695cd48)
2019-08-21 13:55:34.374 22209 RALLYDEBUG rally_openstack.cleanup.manager [-] Deleting neutron.network object s_rally_d648761b_V10qKXzd (9749b6c3-d426-4f4a-93d4-4609a74db349)
2019-08-21 13:55:34.506 22209 RALLYDEBUG rally_openstack.cleanup.manager [-] Deleting neutron.network object s_rally_d648761b_YJT3SOIp (9d7222fe-b114-4dbb-90c1-28cdfafcc780)
2019-08-21 13:55:34.655 22209 RALLYDEBUG rally_openstack.cleanup.manager [-] Deleting neutron.network object s_rally_d648761b_NdE90NYY (9dc1cd93-586a-4960-b738-a99e34171acb)
2019-08-21 13:55:34.741 22209 RALLYDEBUG rally_openstack.cleanup.manager [-] Deleting neutron.network object s_rally_d648761b_PLtZDbSS (a8aef3a7-6c19-4650-9bdd-d61d7d69b777)
2019-08-21 13:55:36.574 22209 RALLYDEBUG rally_openstack.cleanup.manager [-] Deleting neutron.network object s_rally_d648761b_gas0W2RL (ae085269-30f5-4b35-a10d-9acd1b11eb33)
2019-08-21 13:55:36.671 22209 RALLYDEBUG rally_openstack.cleanup.manager [-] Deleting neutron.network object s_rally_d648761b_5n7y0nQx (aeea5008-a2db-4a98-8204-ec6c72f9e20f)
2019-08-21 13:55:36.676 22209 RALLYDEBUG rally_openstack.cleanup.manager [-] Deleting neutron.network object s_rally_d648761b_hBBkSeG2 (b325f37a-71a8-4732-849f-72e5f1403ba2)
2019-08-21 13:55:36.762 22209 RALLYDEBUG rally_openstack.cleanup.manager [-] Deleting neutron.network object s_rally_d648761b_nROjDHaM (b83a5f76-8e11-4b03-98ce-c0bbaafb2c8a)
2019-08-21 13:55:36.767 22209 RALLYDEBUG rally_openstack.cleanup.manager [-] Deleting neutron.network object s_rally_d648761b_6sO7aeec (bb396519-a15e-491c-a55f-ada2885373c5)
2019-08-21 13:55:37.330 22209 RALLYDEBUG rally_openstack.cleanup.manager [-] Deleting neutron.network object s_rally_d648761b_V5QHfafv (beb786e0-c8ca-4bc7-b74a-84007c8c8e92)
2019-08-21 13:55:37.767 22209 RALLYDEBUG rally_openstack.cleanup.manager [-] Deleting neutron.network object s_rally_d648761b_iEkBOJy1 (c933a536-e6d4-4611-805a-15ea9dc8311f)
2019-08-21 13:55:39.021 22209 RALLYDEBUG rally_openstack.cleanup.manager [-] Deleting neutron.network object s_rally_d648761b_cz7kylUd (c9f7cac0-4552-4177-8056-c038a5ce6bb9)
2019-08-21 13:55:39.083 22209 RALLYDEBUG rally_openstack.cleanup.manager [-] Deleting neutron.network object s_rally_d648761b_OJuMoF3I (d1953b1d-9c20-45ac-8839-90ce536bebbc)
2019-08-21 13:55:39.276 22209 RALLYDEBUG rally_openstack.cleanup.manager [-] Deleting neutron.network object s_rally_d648761b_QLZ77NS5 (d4bd9198-90da-476a-930f-7d02bc1cbd60)
2019-08-21 13:55:39.411 22209 RALLYDEBUG rally_openstack.cleanup.manager [-] Deleting neutron.network object s_rally_d648761b_oTIkz6HS (dac3614e-fd0a-4e06-b9a8-f020892ab4f6)
2019-08-21 13:55:39.689 22209 RALLYDEBUG rally_openstack.cleanup.manager [-] Deleting neutron.network object s_rally_d648761b_9y0XisQA (dedbe6cc-3298-4db2-bc85-03f8fa717142)
2019-08-21 13:55:40.374 22209 RALLYDEBUG rally_openstack.cleanup.manager [-] Deleting neutron.network object s_rally_d648761b_xtW51Qg1 (e649bb00-65a1-41e5-afc8-8acc3b146953)
2019-08-21 13:55:40.417 22209 RALLYDEBUG rally_openstack.cleanup.manager [-] Deleting neutron.network object s_rally_d648761b_qcgYd70F (f377afd3-9ee7-4342-85a7-31d74fb62080)
2019-08-21 13:55:40.440 22209 RALLYDEBUG rally_openstack.cleanup.manager [-] Deleting neutron.network object s_rally_d648761b_XAh8ZMG9 (f6c7b970-7ea1-48cf-ad05-3c76b9ef31c1)
2019-08-21 13:55:46.231 22209 RALLYDEBUG rally_openstack.cleanup.manager [-] Cleaning up neutron router objects
2019-08-21 13:55:46.732 22209 RALLYDEBUG rally_openstack.cleanup.manager [-] Cleaning up neutron security_group objects
2019-08-21 13:55:47.201 22209 INFO rally.task.context [-] Task effcd64c-9c58-4620-8e93-6f78cc84c930 | Context cleanup@openstack cleanup() finished in 1.35 min
2019-08-21 13:55:47.201 22209 INFO rally.task.context [-] Task effcd64c-9c58-4620-8e93-6f78cc84c930 | Context quotas@openstack cleanup() started
2019-08-21 13:55:47.284 22209 INFO rally.task.context [-] Task effcd64c-9c58-4620-8e93-6f78cc84c930 | Context quotas@openstack cleanup() finished in 82.91 msec
2019-08-21 13:55:47.284 22209 INFO rally.task.context [-] Task effcd64c-9c58-4620-8e93-6f78cc84c930 | Context users@openstack cleanup() started
2019-08-21 13:55:50.544 22209 INFO rally.task.context [-] Task effcd64c-9c58-4620-8e93-6f78cc84c930 | Context users@openstack cleanup() finished in 3.26 sec
2019-08-21 13:55:51.407 22209 INFO rally.task.engine [-] Load duration is: 266.346742
2019-08-21 13:55:51.408 22209 INFO rally.task.engine [-] Full runner duration is: 266.380396
2019-08-21 13:55:51.408 22209 INFO rally.task.engine [-] Full duration is: 354.159468
2019-08-21 13:55:51.504 22209 INFO rally.task.engine [-] Running workload: position = 0 config = { "version": 2, "title": "A cropped version of a bigger task.", "description": "Auto-generated task from a single workload (uuid=a40a61b6-eaa9-4de1-a4a6-0d4a2420426d)", "subtasks": [ { "title": "NeutronNetworks.create_and_list_ports", "description": "Check performance of list ports action and ensure > network quotas are not exceeded", "scenario": { "NeutronNetworks.create_and_list_ports": { "network_create_args": null, "port_create_args": null, "ports_per_network": 50 } }, "contexts": { "users": { "tenants": 1, "users_per_tenant": 1 }, "quotas": { "neutron": { "network": -1, "subnet": -1, "router": -1, "port": 811 } } }, "runner": { "constant": { "times": 8, "concurrency": 4 } }, "hooks": [], "sla": { "max_avg_duration_per_atomic": { "neutron.list_ports": 15 }, "failure_rate": { "max": 0 } } } ] }
2019-08-21 13:55:51.514 22209 RALLYDEBUG rally_openstack.contexts.keystone.users [-] Creating 1 tenants using 20 threads
2019-08-21 13:55:52.628 22209 RALLYDEBUG rally_openstack.contexts.keystone.users [-] Creating 1 users using 20 threads
2019-08-21 13:55:54.272 22209 INFO rally.task.context [-] Task effcd64c-9c58-4620-8e93-6f78cc84c930 | Context users@openstack setup() finished in 2.76 sec
2019-08-21 13:55:54.923 22209 INFO rally.task.context [-] Task effcd64c-9c58-4620-8e93-6f78cc84c930 | Context quotas@openstack setup() finished in 0.65 sec
2019-08-21 13:55:54.924 22209 INFO rally.task.context [-] Task effcd64c-9c58-4620-8e93-6f78cc84c930 | Context cleanup@openstack setup() finished in 0.00 msec
2019-08-21 13:55:54.929 22209 RALLYDEBUG rally.task.runner [-] Starting the constant runner (task UUID: effcd64c-9c58-4620-8e93-6f78cc84c930). timeout: 0 concurrency: 4 concurrency_per_worker: 1 times: 8 concurrency_overhead: 0 processes_to_start: 4 max_cpu_used: 40
2019-08-21 13:55:54.936 25889 RALLYDEBUG rally.task.runner [-] Starting a worker. concurrency: 1 args: {"network_create_args": null, "port_create_args": null, "ports_per_network": 50} times: 8 method_name: run timeout: 0 duration: None cls:
2019-08-21 13:55:54.938 25890 RALLYDEBUG rally.task.runner [-] Starting a worker. concurrency: 1 args: {"network_create_args": null, "port_create_args": null, "ports_per_network": 50} times: 8 method_name: run timeout: 0 duration: None cls:
2019-08-21 13:55:54.939 25889 INFO rally.task.runner [-] Task effcd64c-9c58-4620-8e93-6f78cc84c930 | ITER: 1 START
2019-08-21 13:55:54.939 25891 RALLYDEBUG rally.task.runner [-] Starting a worker. concurrency: 1 args: {"network_create_args": null, "port_create_args": null, "ports_per_network": 50} times: 8 method_name: run timeout: 0 duration: None cls:
2019-08-21 13:55:54.940 25889 WARNING rally_openstack.scenarios.neutron.utils [-] Running this scenario without either the 'network' or 'existing_network' context is deprecated
2019-08-21 13:55:54.941 25892 RALLYDEBUG rally.task.runner [-] Starting a worker. concurrency: 1 args: {"network_create_args": null, "port_create_args": null, "ports_per_network": 50} times: 8 method_name: run timeout: 0 duration: None cls:
2019-08-21 13:55:54.941 25890 INFO rally.task.runner [-] Task effcd64c-9c58-4620-8e93-6f78cc84c930 | ITER: 2 START
2019-08-21 13:55:54.942 25891 INFO rally.task.runner [-] Task effcd64c-9c58-4620-8e93-6f78cc84c930 | ITER: 3 START
2019-08-21 13:55:54.942 25890 WARNING rally_openstack.scenarios.neutron.utils [-] Running this scenario without either the 'network' or 'existing_network' context is deprecated
2019-08-21 13:55:54.943 25891 WARNING rally_openstack.scenarios.neutron.utils [-] Running this scenario without either the 'network' or 'existing_network' context is deprecated
2019-08-21 13:55:54.943 25892 INFO rally.task.runner [-] Task effcd64c-9c58-4620-8e93-6f78cc84c930 | ITER: 4 START
2019-08-21 13:55:54.944 25892 WARNING rally_openstack.scenarios.neutron.utils [-] Running this scenario without either the 'network' or 'existing_network' context is deprecated
2019-08-21 13:56:33.419 25889 INFO rally.task.runner [-] Task effcd64c-9c58-4620-8e93-6f78cc84c930 | ITER: 1 END: OK
2019-08-21 13:56:33.423 25889 INFO rally.task.runner [-] Task effcd64c-9c58-4620-8e93-6f78cc84c930 | ITER: 5 START
2019-08-21 13:56:33.423 25889 WARNING rally_openstack.scenarios.neutron.utils [-] Running this scenario without either the 'network' or 'existing_network' context is deprecated
