2019-08-21 13:22:50.638 22200 RALLYDEBUG rally.api [-] INFO logs from urllib3 and requests module are hide.
2019-08-21 13:22:50.638 22200 RALLYDEBUG rally.api [-] urllib3 insecure warnings are hidden.
2019-08-21 13:22:50.638 22200 RALLYDEBUG rally.api [-] ERROR log from boto module is hide.
2019-08-21 13:22:53.332 22202 RALLYDEBUG rally.api [-] INFO logs from urllib3 and requests module are hide.
2019-08-21 13:22:53.332 22202 RALLYDEBUG rally.api [-] urllib3 insecure warnings are hidden.
2019-08-21 13:22:53.332 22202 RALLYDEBUG rally.api [-] ERROR log from boto module is hide.
2019-08-21 13:22:55.181 22202 WARNING rally_openstack.platforms.existing [-] endpoint is deprecated and not used.
2019-08-21 13:22:56.310 22204 RALLYDEBUG rally.api [-] INFO logs from urllib3 and requests module are hide.
2019-08-21 13:22:56.311 22204 RALLYDEBUG rally.api [-] urllib3 insecure warnings are hidden.
2019-08-21 13:22:56.311 22204 RALLYDEBUG rally.api [-] ERROR log from boto module is hide.
2019-08-21 13:23:00.392 22207 RALLYDEBUG rally.api [-] INFO logs from urllib3 and requests module are hide.
2019-08-21 13:23:00.392 22207 RALLYDEBUG rally.api [-] urllib3 insecure warnings are hidden.
2019-08-21 13:23:00.392 22207 RALLYDEBUG rally.api [-] ERROR log from boto module is hide.
2019-08-21 13:23:02.083 22209 RALLYDEBUG rally.api [-] INFO logs from urllib3 and requests module are hide.
2019-08-21 13:23:02.083 22209 RALLYDEBUG rally.api [-] urllib3 insecure warnings are hidden.
2019-08-21 13:23:02.083 22209 RALLYDEBUG rally.api [-] ERROR log from boto module is hide.
2019-08-21 13:23:03.784 22209 INFO rally.common.plugin.discover [-] Loading plugins from directories /root/.rally/plugins/*
2019-08-21 13:23:03.785 22209 INFO rally.common.plugin.discover [-] Loaded module with plugins: /root/.rally/plugins/__init__.py
2019-08-21 13:23:03.788 22209 INFO rally.common.plugin.discover [-] Loaded module with plugins: /root/.rally/plugins/trunk_scenario.py
2019-08-21 13:23:03.988 22209 INFO rally.task.engine [-] Task effcd64c-9c58-4620-8e93-6f78cc84c930 | Starting: Task validation.
2019-08-21 13:23:04.002 22209 INFO rally.task.engine [-] Task effcd64c-9c58-4620-8e93-6f78cc84c930 | Starting: Task validation of syntax.
2019-08-21 13:23:04.223 22209 INFO rally.task.engine [-] Task effcd64c-9c58-4620-8e93-6f78cc84c930 | Completed: Task validation of syntax.
2019-08-21 13:23:04.224 22209 INFO rally.task.engine [-] Task effcd64c-9c58-4620-8e93-6f78cc84c930 | Starting: Task validation of required platforms.
2019-08-21 13:23:04.321 22209 INFO rally.task.engine [-] Task effcd64c-9c58-4620-8e93-6f78cc84c930 | Completed: Task validation of required platforms.
2019-08-21 13:23:04.321 22209 INFO rally.task.engine [-] Task effcd64c-9c58-4620-8e93-6f78cc84c930 | Starting: Task validation of semantic.
2019-08-21 13:23:04.322 22209 INFO rally.task.engine [-] Check health of the environment '0c38f335-8ef2-47f2-a1e5-b09d4e1024bb'.
2019-08-21 13:23:04.981 22209 INFO rally.task.engine [-] Platform existing@openstack (available: True): OK!
2019-08-21 13:23:04.992 22209 RALLYDEBUG rally_openstack.contexts.keystone.users [-] Creating 1 tenants using 20 threads
2019-08-21 13:23:06.026 22209 RALLYDEBUG rally_openstack.contexts.keystone.users [-] Creating 1 users using 20 threads
2019-08-21 13:23:07.678 22209 INFO rally.task.context [-] Task effcd64c-9c58-4620-8e93-6f78cc84c930 | Context users@openstack setup() finished in 2.69 sec
2019-08-21 13:23:13.476 22209 INFO rally.task.context [-] Task effcd64c-9c58-4620-8e93-6f78cc84c930 | Context users@openstack cleanup() started
2019-08-21 13:23:17.256 22209 INFO rally.task.context [-] Task effcd64c-9c58-4620-8e93-6f78cc84c930 | Context users@openstack cleanup() finished in 3.78 sec
2019-08-21 13:23:17.257 22209 INFO rally.task.engine [-] Task effcd64c-9c58-4620-8e93-6f78cc84c930 | Completed: Task validation of semantic.
2019-08-21 13:23:17.257 22209 INFO rally.task.engine [-] Task effcd64c-9c58-4620-8e93-6f78cc84c930 | Completed: Task validation.
2019-08-21 13:23:17.257 22209 INFO rally.api [-] Task effcd64c-9c58-4620-8e93-6f78cc84c930 input file is valid.
2019-08-21 13:23:17.258 22209 INFO rally.api [-] Run Task effcd64c-9c58-4620-8e93-6f78cc84c930 against Deployment 0c38f335-8ef2-47f2-a1e5-b09d4e1024bb
2019-08-21 13:23:17.258 22209 INFO rally.task.engine [-] Task effcd64c-9c58-4620-8e93-6f78cc84c930 | Starting: Running task.
2019-08-21 13:23:17.302 22209 INFO rally.task.engine [-] Running workload: position = 0 config = { "version": 2, "title": "A cropped version of a bigger task.", "description": "Auto-generated task from a single workload (uuid=43e6e024-eefb-4e1c-8cf4-79f94214dddd)", "subtasks": [ { "title": "NeutronNetworks.create_and_list_networks", "description": "Check performance of list_networks action and ensure > network quotas are not exceeded", "scenario": { "NeutronNetworks.create_and_list_networks": {} }, "contexts": { "users": { "tenants": 1, "users_per_tenant": 1 }, "quotas": { "neutron": { "network": 119 } } }, "runner": { "constant": { "times": 100, "concurrency": 20 } }, "hooks": [], "sla": { "max_avg_duration_per_atomic": { "neutron.list_networks": 15 }, "failure_rate": { "max": 0 } } } ] }
2019-08-21 13:23:17.315 22209 RALLYDEBUG rally_openstack.contexts.keystone.users [-] Creating 1 tenants using 20 threads
2019-08-21 13:23:18.426 22209 RALLYDEBUG rally_openstack.contexts.keystone.users [-] Creating 1 users using 20 threads
2019-08-21 13:23:20.142 22209 INFO rally.task.context [-] Task effcd64c-9c58-4620-8e93-6f78cc84c930 | Context users@openstack setup() finished in 2.83 sec
2019-08-21 13:23:20.700 22209 INFO rally.task.context [-] Task effcd64c-9c58-4620-8e93-6f78cc84c930 | Context quotas@openstack setup() finished in 0.56 sec
2019-08-21 13:23:20.700 22209 INFO rally.task.context [-] Task effcd64c-9c58-4620-8e93-6f78cc84c930 | Context cleanup@openstack setup() finished in 0.00 msec
2019-08-21 13:23:20.705 22209 RALLYDEBUG rally.task.runner [-] Starting the constant runner (task UUID: effcd64c-9c58-4620-8e93-6f78cc84c930). timeout: 0 concurrency: 20 concurrency_per_worker: 1 times: 100 concurrency_overhead: 0 processes_to_start: 20 max_cpu_used: 40
2019-08-21 13:23:20.713 22333 RALLYDEBUG rally.task.runner [-] Starting a worker. concurrency: 1 args: {} times: 100 method_name: run timeout: 0 duration: None cls:
2019-08-21 13:23:20.714 22334 RALLYDEBUG rally.task.runner [-] Starting a worker. concurrency: 1 args: {} times: 100 method_name: run timeout: 0 duration: None cls:
2019-08-21 13:23:20.715 22333 INFO rally.task.runner [-] Task effcd64c-9c58-4620-8e93-6f78cc84c930 | ITER: 1 START
2019-08-21 13:23:20.716 22335 RALLYDEBUG rally.task.runner [-] Starting a worker. concurrency: 1 args: {} times: 100 method_name: run timeout: 0 duration: None cls:
2019-08-21 13:23:20.717 22334 INFO rally.task.runner [-] Task effcd64c-9c58-4620-8e93-6f78cc84c930 | ITER: 2 START
2019-08-21 13:23:20.717 22337 RALLYDEBUG rally.task.runner [-] Starting a worker. concurrency: 1 args: {} times: 100 method_name: run timeout: 0 duration: None cls:
2019-08-21 13:23:20.719 22341 RALLYDEBUG rally.task.runner [-] Starting a worker. concurrency: 1 args: {} times: 100 method_name: run timeout: 0 duration: None cls:
2019-08-21 13:23:20.720 22335 INFO rally.task.runner [-] Task effcd64c-9c58-4620-8e93-6f78cc84c930 | ITER: 3 START
2019-08-21 13:23:20.721 22337 INFO rally.task.runner [-] Task effcd64c-9c58-4620-8e93-6f78cc84c930 | ITER: 4 START
2019-08-21 13:23:20.723 22341 INFO rally.task.runner [-] Task effcd64c-9c58-4620-8e93-6f78cc84c930 | ITER: 5 START
2019-08-21 13:23:20.722 22345 RALLYDEBUG rally.task.runner [-] Starting a worker. concurrency: 1 args: {} times: 100 method_name: run timeout: 0 duration: None cls:
2019-08-21 13:23:20.727 22349 RALLYDEBUG rally.task.runner [-] Starting a worker. concurrency: 1 args: {} times: 100 method_name: run timeout: 0 duration: None cls:
2019-08-21 13:23:20.728 22345 INFO rally.task.runner [-] Task effcd64c-9c58-4620-8e93-6f78cc84c930 | ITER: 6 START
2019-08-21 13:23:20.730 22349 INFO rally.task.runner [-] Task effcd64c-9c58-4620-8e93-6f78cc84c930 | ITER: 7 START
2019-08-21 13:23:20.732 22352 RALLYDEBUG rally.task.runner [-] Starting a worker. concurrency: 1 args: {} times: 100 method_name: run timeout: 0 duration: None cls:
2019-08-21 13:23:20.734 22355 RALLYDEBUG rally.task.runner [-] Starting a worker. concurrency: 1 args: {} times: 100 method_name: run timeout: 0 duration: None cls:
2019-08-21 13:23:20.737 22352 INFO rally.task.runner [-] Task effcd64c-9c58-4620-8e93-6f78cc84c930 | ITER: 8 START
2019-08-21 13:23:20.737 22356 RALLYDEBUG rally.task.runner [-] Starting a worker. concurrency: 1 args: {} times: 100 method_name: run timeout: 0 duration: None cls:
2019-08-21 13:23:20.738 22355 INFO rally.task.runner [-] Task effcd64c-9c58-4620-8e93-6f78cc84c930 | ITER: 9 START
2019-08-21 13:23:20.741 22356 INFO rally.task.runner [-] Task effcd64c-9c58-4620-8e93-6f78cc84c930 | ITER: 10 START
2019-08-21 13:23:20.741 22361 RALLYDEBUG rally.task.runner [-] Starting a worker. concurrency: 1 args: {} times: 100 method_name: run timeout: 0 duration: None cls:
2019-08-21 13:23:20.745 22361 INFO rally.task.runner [-] Task effcd64c-9c58-4620-8e93-6f78cc84c930 | ITER: 11 START
2019-08-21 13:23:20.744 22364 RALLYDEBUG rally.task.runner [-] Starting a worker. concurrency: 1 args: {} times: 100 method_name: run timeout: 0 duration: None cls:
2019-08-21 13:23:20.749 22364 INFO rally.task.runner [-] Task effcd64c-9c58-4620-8e93-6f78cc84c930 | ITER: 12 START
2019-08-21 13:23:20.749 22367 RALLYDEBUG rally.task.runner [-] Starting a worker. concurrency: 1 args: {} times: 100 method_name: run timeout: 0 duration: None cls:
2019-08-21 13:23:20.753 22370 RALLYDEBUG rally.task.runner [-] Starting a worker. concurrency: 1 args: {} times: 100 method_name: run timeout: 0 duration: None cls:
2019-08-21 13:23:20.755 22367 INFO rally.task.runner [-] Task effcd64c-9c58-4620-8e93-6f78cc84c930 | ITER: 13 START
2019-08-21 13:23:20.758 22370 INFO rally.task.runner [-] Task effcd64c-9c58-4620-8e93-6f78cc84c930 | ITER: 14 START
2019-08-21 13:23:20.761 22376 RALLYDEBUG rally.task.runner [-] Starting a worker. concurrency: 1 args: {} times: 100 method_name: run timeout: 0 duration: None cls:
2019-08-21 13:23:20.761 22373 RALLYDEBUG rally.task.runner [-] Starting a worker. concurrency: 1 args: {} times: 100 method_name: run timeout: 0 duration: None cls:
2019-08-21 13:23:20.765 22376 INFO rally.task.runner [-] Task effcd64c-9c58-4620-8e93-6f78cc84c930 | ITER: 15 START
2019-08-21 13:23:20.766 22377 RALLYDEBUG rally.task.runner [-] Starting a worker. concurrency: 1 args: {} times: 100 method_name: run timeout: 0 duration: None cls:
2019-08-21 13:23:20.768 22373 INFO rally.task.runner [-] Task effcd64c-9c58-4620-8e93-6f78cc84c930 | ITER: 16 START
2019-08-21 13:23:20.770 22377 INFO rally.task.runner [-] Task effcd64c-9c58-4620-8e93-6f78cc84c930 | ITER: 17 START
2019-08-21 13:23:20.771 22382 RALLYDEBUG rally.task.runner [-] Starting a worker. concurrency: 1 args: {} times: 100 method_name: run timeout: 0 duration: None cls:
2019-08-21 13:23:20.775 22382 INFO rally.task.runner [-] Task effcd64c-9c58-4620-8e93-6f78cc84c930 | ITER: 18 START
2019-08-21 13:23:20.775 22385 RALLYDEBUG rally.task.runner [-] Starting a worker. concurrency: 1 args: {} times: 100 method_name: run timeout: 0 duration: None cls:
2019-08-21 13:23:20.779 22385 INFO rally.task.runner [-] Task effcd64c-9c58-4620-8e93-6f78cc84c930 | ITER: 19 START
2019-08-21 13:23:20.779 22388 RALLYDEBUG rally.task.runner [-] Starting a worker. concurrency: 1 args: {} times: 100 method_name: run timeout: 0 duration: None cls:
2019-08-21 13:23:20.782 22388 INFO rally.task.runner [-] Task effcd64c-9c58-4620-8e93-6f78cc84c930 | ITER: 20 START
2019-08-21 13:23:22.765 22333 INFO rally.task.runner [-] Task effcd64c-9c58-4620-8e93-6f78cc84c930 | ITER: 1 END: OK
2019-08-21 13:23:22.768 22333 INFO rally.task.runner [-] Task effcd64c-9c58-4620-8e93-6f78cc84c930 | ITER: 21 START
2019-08-21 13:23:22.873 22335 INFO rally.task.runner [-] Task effcd64c-9c58-4620-8e93-6f78cc84c930 | ITER: 3 END: OK
2019-08-21 13:23:22.875 22335 INFO rally.task.runner [-] Task effcd64c-9c58-4620-8e93-6f78cc84c930 | ITER: 22 START
2019-08-21 13:23:23.007 22341 INFO rally.task.runner [-] Task effcd64c-9c58-4620-8e93-6f78cc84c930 | ITER: 5 END: OK
2019-08-21 13:23:23.010 22341 INFO rally.task.runner [-] Task effcd64c-9c58-4620-8e93-6f78cc84c930 | ITER: 23 START
2019-08-21 13:23:23.317 22345 INFO rally.task.runner [-] Task effcd64c-9c58-4620-8e93-6f78cc84c930 | ITER: 6 END: OK
2019-08-21 13:23:23.319 22345 INFO rally.task.runner [-] Task effcd64c-9c58-4620-8e93-6f78cc84c930 | ITER: 24 START
2019-08-21 13:23:23.365 22334 INFO rally.task.runner [-] Task effcd64c-9c58-4620-8e93-6f78cc84c930 | ITER: 2 END: OK
2019-08-21 13:23:23.367 22334 INFO rally.task.runner [-] Task effcd64c-9c58-4620-8e93-6f78cc84c930 | ITER: 25 START
2019-08-21 13:23:23.394 22349 INFO rally.task.runner [-] Task effcd64c-9c58-4620-8e93-6f78cc84c930 | ITER: 7 END: OK
2019-08-21 13:23:23.396 22349 INFO rally.task.runner [-] Task effcd64c-9c58-4620-8e93-6f78cc84c930 | ITER: 26 START
2019-08-21 13:23:23.460 22352 INFO rally.task.runner [-] Task effcd64c-9c58-4620-8e93-6f78cc84c930 | ITER: 8 END: OK
2019-08-21 13:23:23.462 22352 INFO rally.task.runner [-] Task effcd64c-9c58-4620-8e93-6f78cc84c930 | ITER: 27 START
2019-08-21 13:23:24.178 22337 INFO rally.task.runner [-] Task effcd64c-9c58-4620-8e93-6f78cc84c930 | ITER: 4 END: OK
2019-08-21 13:23:24.181 22337 INFO rally.task.runner [-] Task effcd64c-9c58-4620-8e93-6f78cc84c930 | ITER: 28 START
2019-08-21 13:23:25.157 22356 INFO rally.task.runner [-] Task effcd64c-9c58-4620-8e93-6f78cc84c930 | ITER: 10 END: OK
2019-08-21 13:23:25.160 22356 INFO rally.task.runner [-] Task effcd64c-9c58-4620-8e93-6f78cc84c930 | ITER: 29 START
2019-08-21 13:23:25.161 22364 INFO rally.task.runner [-] Task effcd64c-9c58-4620-8e93-6f78cc84c930 | ITER: 12 END: OK
2019-08-21 13:23:25.163 22364 INFO rally.task.runner [-] Task effcd64c-9c58-4620-8e93-6f78cc84c930 | ITER: 30 START
2019-08-21 13:23:25.269 22355 INFO rally.task.runner [-] Task effcd64c-9c58-4620-8e93-6f78cc84c930 | ITER: 9 END: OK
2019-08-21 13:23:25.272 22355 INFO rally.task.runner [-] Task effcd64c-9c58-4620-8e93-6f78cc84c930 | ITER: 31 START
2019-08-21 13:23:25.488 22361 INFO rally.task.runner [-] Task effcd64c-9c58-4620-8e93-6f78cc84c930 | ITER: 11 END: OK
2019-08-21 13:23:25.491 22361 INFO rally.task.runner [-] Task effcd64c-9c58-4620-8e93-6f78cc84c930 | ITER: 32 START
2019-08-21 13:23:25.499 22373 INFO rally.task.runner [-] Task effcd64c-9c58-4620-8e93-6f78cc84c930 | ITER: 16 END: OK
2019-08-21 13:23:25.502 22373 INFO rally.task.runner [-] Task effcd64c-9c58-4620-8e93-6f78cc84c930 | ITER: 33 START
2019-08-21 13:23:25.963 22376 INFO rally.task.runner [-] Task effcd64c-9c58-4620-8e93-6f78cc84c930 | ITER: 15 END: OK
2019-08-21 13:23:25.965 22376 INFO rally.task.runner [-] Task effcd64c-9c58-4620-8e93-6f78cc84c930 | ITER: 34 START
2019-08-21 13:23:26.196 22367 INFO rally.task.runner [-] Task effcd64c-9c58-4620-8e93-6f78cc84c930 | ITER: 13 END: OK
2019-08-21 13:23:26.199 22367 INFO rally.task.runner [-] Task effcd64c-9c58-4620-8e93-6f78cc84c930 | ITER: 35 START
2019-08-21 13:23:26.324 22370 INFO rally.task.runner [-] Task effcd64c-9c58-4620-8e93-6f78cc84c930 | ITER: 14 END: OK
2019-08-21 13:23:26.326 22370 INFO rally.task.runner [-] Task effcd64c-9c58-4620-8e93-6f78cc84c930 | ITER: 36 START
2019-08-21 13:23:26.393 22382 INFO rally.task.runner [-] Task effcd64c-9c58-4620-8e93-6f78cc84c930 | ITER: 18 END: OK
2019-08-21 13:23:26.396 22382 INFO rally.task.runner [-] Task effcd64c-9c58-4620-8e93-6f78cc84c930 | ITER: 37 START
2019-08-21 13:23:26.987 22345 INFO rally.task.runner [-] Task effcd64c-9c58-4620-8e93-6f78cc84c930 | ITER: 24 END: OK
2019-08-21 13:23:26.989 22345 INFO rally.task.runner [-] Task effcd64c-9c58-4620-8e93-6f78cc84c930 | ITER: 38 START
2019-08-21 13:23:27.461 22335 INFO rally.task.runner [-] Task effcd64c-9c58-4620-8e93-6f78cc84c930 | ITER: 22 END: OK
2019-08-21 13:23:27.464 22335 INFO rally.task.runner [-] Task effcd64c-9c58-4620-8e93-6f78cc84c930 | ITER: 39 START
2019-08-21 13:23:28.327 22388 INFO rally.task.runner [-] Task effcd64c-9c58-4620-8e93-6f78cc84c930 | ITER: 20 END: OK
2019-08-21 13:23:28.329 22388 INFO rally.task.runner [-] Task effcd64c-9c58-4620-8e93-6f78cc84c930 | ITER: 40 START
2019-08-21 13:23:28.658 22341 INFO rally.task.runner [-] Task effcd64c-9c58-4620-8e93-6f78cc84c930 | ITER: 23 END: OK
2019-08-21 13:23:28.660 22341 INFO rally.task.runner [-] Task effcd64c-9c58-4620-8e93-6f78cc84c930 | ITER: 41 START
2019-08-21 13:23:28.700 22377 INFO rally.task.runner [-] Task effcd64c-9c58-4620-8e93-6f78cc84c930 | ITER: 17 END: OK
2019-08-21 13:23:28.702 22377 INFO rally.task.runner [-] Task effcd64c-9c58-4620-8e93-6f78cc84c930 | ITER: 42 START
2019-08-21 13:23:28.803 22333 INFO rally.task.runner [-] Task effcd64c-9c58-4620-8e93-6f78cc84c930 | ITER: 21 END: OK
2019-08-21 13:23:28.805 22333 INFO rally.task.runner [-] Task effcd64c-9c58-4620-8e93-6f78cc84c930 | ITER: 43 START
2019-08-21 13:23:28.992 22385 INFO rally.task.runner [-] Task effcd64c-9c58-4620-8e93-6f78cc84c930 | ITER: 19 END: OK
2019-08-21 13:23:28.995 22385 INFO rally.task.runner [-] Task effcd64c-9c58-4620-8e93-6f78cc84c930 | ITER: 44 START
2019-08-21 13:23:29.483 22349 INFO rally.task.runner [-] Task effcd64c-9c58-4620-8e93-6f78cc84c930 | ITER: 26 END: OK
2019-08-21 13:23:29.485 22349 INFO rally.task.runner [-] Task effcd64c-9c58-4620-8e93-6f78cc84c930 | ITER: 45 START
2019-08-21 13:23:30.222 22337 INFO rally.task.runner [-] Task effcd64c-9c58-4620-8e93-6f78cc84c930 | ITER: 28 END: OK
2019-08-21 13:23:30.223 22352 INFO rally.task.runner [-] Task effcd64c-9c58-4620-8e93-6f78cc84c930 | ITER: 27 END: OK
2019-08-21 13:23:30.224 22337 INFO rally.task.runner [-] Task effcd64c-9c58-4620-8e93-6f78cc84c930 | ITER: 46 START
2019-08-21 13:23:30.226 22352 INFO rally.task.runner [-] Task effcd64c-9c58-4620-8e93-6f78cc84c930 | ITER: 47 START
2019-08-21 13:23:30.316 22334 INFO rally.task.runner [-] Task effcd64c-9c58-4620-8e93-6f78cc84c930 | ITER: 25 END: OK
2019-08-21 13:23:30.319 22334 INFO rally.task.runner [-] Task effcd64c-9c58-4620-8e93-6f78cc84c930 | ITER: 48 START
2019-08-21 13:23:30.577 22364 INFO rally.task.runner [-] Task effcd64c-9c58-4620-8e93-6f78cc84c930 | ITER: 30 END: OK
2019-08-21 13:23:30.579 22364 INFO rally.task.runner [-] Task effcd64c-9c58-4620-8e93-6f78cc84c930 | ITER: 49 START
2019-08-21 13:23:31.037 22355 INFO rally.task.runner [-] Task effcd64c-9c58-4620-8e93-6f78cc84c930 | ITER: 31 END: OK
2019-08-21 13:23:31.040 22355 INFO rally.task.runner [-] Task effcd64c-9c58-4620-8e93-6f78cc84c930 | ITER: 50 START
2019-08-21 13:23:31.296 22356 INFO rally.task.runner [-] Task effcd64c-9c58-4620-8e93-6f78cc84c930 | ITER: 29 END: OK
2019-08-21 13:23:31.298 22356 INFO rally.task.runner [-] Task effcd64c-9c58-4620-8e93-6f78cc84c930 | ITER: 51 START
2019-08-21 13:23:32.447 22373 INFO rally.task.runner [-] Task effcd64c-9c58-4620-8e93-6f78cc84c930 | ITER: 33 END: OK
2019-08-21 13:23:32.450 22373 INFO rally.task.runner [-] Task effcd64c-9c58-4620-8e93-6f78cc84c930 | ITER: 52 START
2019-08-21 13:23:32.536 22377 INFO rally.task.runner [-] Task effcd64c-9c58-4620-8e93-6f78cc84c930 | ITER: 42 END: OK
2019-08-21 13:23:32.539 22377 INFO rally.task.runner [-] Task effcd64c-9c58-4620-8e93-6f78cc84c930 | ITER: 53 START
2019-08-21 13:23:32.805 22367 INFO rally.task.runner [-] Task effcd64c-9c58-4620-8e93-6f78cc84c930 | ITER: 35 END: OK
2019-08-21 13:23:32.807 22367 INFO rally.task.runner [-] Task effcd64c-9c58-4620-8e93-6f78cc84c930 | ITER: 54 START
2019-08-21 13:23:32.811 22376 INFO rally.task.runner [-] Task effcd64c-9c58-4620-8e93-6f78cc84c930 | ITER: 34 END: OK
2019-08-21 13:23:32.813 22376 INFO rally.task.runner [-] Task effcd64c-9c58-4620-8e93-6f78cc84c930 | ITER: 55 START
2019-08-21 13:23:32.986 22361 INFO rally.task.runner [-] Task effcd64c-9c58-4620-8e93-6f78cc84c930 | ITER: 32 END: OK
2019-08-21 13:23:32.989 22361 INFO rally.task.runner [-] Task effcd64c-9c58-4620-8e93-6f78cc84c930 | ITER: 56 START
2019-08-21 13:23:33.506 22388 INFO rally.task.runner [-] Task effcd64c-9c58-4620-8e93-6f78cc84c930 | ITER: 40 END: OK
2019-08-21 13:23:33.507 22335 INFO rally.task.runner [-] Task effcd64c-9c58-4620-8e93-6f78cc84c930 | ITER: 39 END: OK
2019-08-21 13:23:33.509 22388 INFO rally.task.runner [-] Task effcd64c-9c58-4620-8e93-6f78cc84c930 | ITER: 57 START
2019-08-21 13:23:33.510 22335 INFO rally.task.runner [-] Task effcd64c-9c58-4620-8e93-6f78cc84c930 | ITER: 58 START
2019-08-21 13:23:33.626 22333 INFO rally.task.runner [-] Task effcd64c-9c58-4620-8e93-6f78cc84c930 | ITER: 43 END: OK
2019-08-21 13:23:33.628 22333 INFO rally.task.runner [-] Task effcd64c-9c58-4620-8e93-6f78cc84c930 | ITER: 59 START
2019-08-21 13:23:33.633 22341 INFO rally.task.runner [-] Task effcd64c-9c58-4620-8e93-6f78cc84c930 | ITER: 41 END: OK
2019-08-21 13:23:33.635 22341 INFO rally.task.runner [-] Task effcd64c-9c58-4620-8e93-6f78cc84c930 | ITER: 60 START
2019-08-21 13:23:33.917 22345 INFO rally.task.runner [-] Task effcd64c-9c58-4620-8e93-6f78cc84c930 | ITER: 38 END: OK
2019-08-21 13:23:33.920 22345 INFO rally.task.runner [-] Task effcd64c-9c58-4620-8e93-6f78cc84c930 | ITER: 61 START
2019-08-21 13:23:36.722 22376 INFO rally.task.runner [-] Task effcd64c-9c58-4620-8e93-6f78cc84c930 | ITER: 55 END: OK
2019-08-21 13:23:36.724 22376 INFO rally.task.runner [-] Task effcd64c-9c58-4620-8e93-6f78cc84c930 | ITER: 62 START
2019-08-21 13:23:36.755 22361 INFO rally.task.runner [-] Task effcd64c-9c58-4620-8e93-6f78cc84c930 | ITER: 56 END: OK
2019-08-21 13:23:36.757 22361 INFO rally.task.runner [-] Task effcd64c-9c58-4620-8e93-6f78cc84c930 | ITER: 63 START
2019-08-21 13:23:36.850 22382 INFO rally.task.runner [-] Task effcd64c-9c58-4620-8e93-6f78cc84c930 | ITER: 37 END: OK
2019-08-21 13:23:36.852 22382 INFO rally.task.runner [-] Task effcd64c-9c58-4620-8e93-6f78cc84c930 | ITER: 64 START
2019-08-21 13:23:36.959 22373 INFO rally.task.runner [-] Task effcd64c-9c58-4620-8e93-6f78cc84c930 | ITER: 52 END: OK
2019-08-21 13:23:36.962 22373 INFO rally.task.runner [-] Task effcd64c-9c58-4620-8e93-6f78cc84c930 | ITER: 65 START
2019-08-21 13:23:37.157 22377 INFO rally.task.runner [-] Task effcd64c-9c58-4620-8e93-6f78cc84c930 | ITER: 53 END: OK
2019-08-21 13:23:37.159 22377 INFO rally.task.runner [-] Task effcd64c-9c58-4620-8e93-6f78cc84c930 | ITER: 66 START
2019-08-21 13:23:37.320 22385 INFO rally.task.runner [-] Task effcd64c-9c58-4620-8e93-6f78cc84c930 | ITER: 44 END: OK
2019-08-21 13:23:37.322 22385 INFO rally.task.runner [-] Task effcd64c-9c58-4620-8e93-6f78cc84c930 | ITER: 67 START
2019-08-21 13:23:37.325 22370 INFO rally.task.runner [-] Task effcd64c-9c58-4620-8e93-6f78cc84c930 | ITER: 36 END: OK
2019-08-21 13:23:37.327 22370 INFO rally.task.runner [-] Task effcd64c-9c58-4620-8e93-6f78cc84c930 | ITER: 68 START
2019-08-21 13:23:37.340 22341 INFO rally.task.runner [-] Task effcd64c-9c58-4620-8e93-6f78cc84c930 | ITER: 60 END: OK
2019-08-21 13:23:37.343 22341 INFO rally.task.runner [-] Task effcd64c-9c58-4620-8e93-6f78cc84c930 | ITER: 69 START
2019-08-21 13:23:37.394 22337 INFO rally.task.runner [-] Task effcd64c-9c58-4620-8e93-6f78cc84c930 | ITER: 46 END: OK
2019-08-21 13:23:37.396 22337 INFO rally.task.runner [-] Task effcd64c-9c58-4620-8e93-6f78cc84c930 | ITER: 70 START
2019-08-21 13:23:37.506 22333 INFO rally.task.runner [-] Task effcd64c-9c58-4620-8e93-6f78cc84c930 | ITER: 59 END: OK
2019-08-21 13:23:37.509 22333 INFO rally.task.runner [-] Task effcd64c-9c58-4620-8e93-6f78cc84c930 | ITER: 71 START
2019-08-21 13:23:37.621 22352 INFO rally.task.runner [-] Task effcd64c-9c58-4620-8e93-6f78cc84c930 | ITER: 47 END: OK
2019-08-21 13:23:37.624 22352 INFO rally.task.runner [-] Task effcd64c-9c58-4620-8e93-6f78cc84c930 | ITER: 72 START
2019-08-21 13:23:37.667 22349 INFO rally.task.runner [-] Task effcd64c-9c58-4620-8e93-6f78cc84c930 | ITER: 45 END: OK
2019-08-21 13:23:37.670 22349 INFO rally.task.runner [-] Task effcd64c-9c58-4620-8e93-6f78cc84c930 | ITER: 73 START
2019-08-21 13:23:38.543 22335 INFO rally.task.runner [-] Task effcd64c-9c58-4620-8e93-6f78cc84c930 | ITER: 58 END: OK
2019-08-21 13:23:38.546 22335 INFO rally.task.runner [-] Task effcd64c-9c58-4620-8e93-6f78cc84c930 | ITER: 74 START
2019-08-21 13:23:38.658 22364 INFO rally.task.runner [-] Task effcd64c-9c58-4620-8e93-6f78cc84c930 | ITER: 49 END: OK
2019-08-21 13:23:38.661 22364 INFO rally.task.runner [-] Task effcd64c-9c58-4620-8e93-6f78cc84c930 | ITER: 75 START
2019-08-21 13:23:38.762 22334 INFO rally.task.runner [-] Task effcd64c-9c58-4620-8e93-6f78cc84c930 | ITER: 48 END: OK
2019-08-21 13:23:38.764 22334 INFO rally.task.runner [-] Task effcd64c-9c58-4620-8e93-6f78cc84c930 | ITER: 76 START
2019-08-21 13:23:39.518 22355 INFO rally.task.runner [-] Task effcd64c-9c58-4620-8e93-6f78cc84c930 | ITER: 50 END: OK
2019-08-21 13:23:39.521 22355 INFO rally.task.runner [-] Task effcd64c-9c58-4620-8e93-6f78cc84c930 | ITER: 77 START
2019-08-21 13:23:40.224 22356 INFO rally.task.runner [-] Task effcd64c-9c58-4620-8e93-6f78cc84c930 | ITER: 51 END: OK
2019-08-21 13:23:40.227 22356 INFO rally.task.runner [-] Task effcd64c-9c58-4620-8e93-6f78cc84c930 | ITER: 78 START
2019-08-21 13:23:40.298 22367 INFO rally.task.runner [-] Task effcd64c-9c58-4620-8e93-6f78cc84c930 | ITER: 54 END: OK
2019-08-21 13:23:40.299 22361 INFO rally.task.runner [-] Task effcd64c-9c58-4620-8e93-6f78cc84c930 | ITER: 63 END: OK
2019-08-21 13:23:40.300 22388 INFO rally.task.runner [-] Task effcd64c-9c58-4620-8e93-6f78cc84c930 | ITER: 57 END: OK
2019-08-21 13:23:40.301 22367 INFO rally.task.runner [-] Task effcd64c-9c58-4620-8e93-6f78cc84c930 | ITER: 79 START
2019-08-21 13:23:40.301 22361 INFO rally.task.runner [-] Task effcd64c-9c58-4620-8e93-6f78cc84c930 | ITER: 80 START
2019-08-21 13:23:40.303 22388 INFO rally.task.runner [-] Task effcd64c-9c58-4620-8e93-6f78cc84c930 | ITER: 81 START
2019-08-21 13:23:40.303 22345 INFO rally.task.runner [-] Task effcd64c-9c58-4620-8e93-6f78cc84c930 | ITER: 61 END: OK
2019-08-21 13:23:40.306 22345 INFO rally.task.runner [-] Task effcd64c-9c58-4620-8e93-6f78cc84c930 | ITER: 82 START
2019-08-21 13:23:40.718 22376 INFO rally.task.runner [-] Task effcd64c-9c58-4620-8e93-6f78cc84c930 | ITER: 62 END: OK
2019-08-21 13:23:40.721 22376 INFO rally.task.runner [-] Task effcd64c-9c58-4620-8e93-6f78cc84c930 | ITER: 83 START
2019-08-21 13:23:40.744 22382 INFO rally.task.runner [-] Task effcd64c-9c58-4620-8e93-6f78cc84c930 | ITER: 64 END: OK
2019-08-21 13:23:40.747 22382 INFO rally.task.runner [-] Task effcd64c-9c58-4620-8e93-6f78cc84c930 | ITER: 84 START
2019-08-21 13:23:41.085 22385 INFO rally.task.runner [-] Task effcd64c-9c58-4620-8e93-6f78cc84c930 | ITER: 67 END: OK
2019-08-21 13:23:41.088 22385 INFO rally.task.runner [-] Task effcd64c-9c58-4620-8e93-6f78cc84c930 | ITER: 85 START
2019-08-21 13:23:41.375 22373 INFO rally.task.runner [-] Task effcd64c-9c58-4620-8e93-6f78cc84c930 | ITER: 65 END: OK
2019-08-21 13:23:41.378 22373 INFO rally.task.runner [-] Task effcd64c-9c58-4620-8e93-6f78cc84c930 | ITER: 86 START
2019-08-21 13:23:42.357 22341 INFO rally.task.runner [-] Task effcd64c-9c58-4620-8e93-6f78cc84c930 | ITER: 69 END: OK
2019-08-21 13:23:42.360 22341 INFO rally.task.runner [-] Task effcd64c-9c58-4620-8e93-6f78cc84c930 | ITER: 87 START
2019-08-21 13:23:42.566 22370 INFO rally.task.runner [-] Task effcd64c-9c58-4620-8e93-6f78cc84c930 | ITER: 68 END: OK
2019-08-21 13:23:42.568 22370 INFO rally.task.runner [-] Task effcd64c-9c58-4620-8e93-6f78cc84c930 | ITER: 88 START
2019-08-21 13:23:42.622 22333 INFO rally.task.runner [-] Task effcd64c-9c58-4620-8e93-6f78cc84c930 | ITER: 71 END: OK
2019-08-21 13:23:42.625 22333 INFO rally.task.runner [-] Task effcd64c-9c58-4620-8e93-6f78cc84c930 | ITER: 89 START
2019-08-21 13:23:43.603 22335 INFO rally.task.runner [-] Task effcd64c-9c58-4620-8e93-6f78cc84c930 | ITER: 74 END: OK
2019-08-21 13:23:43.605 22349 INFO rally.task.runner [-] Task effcd64c-9c58-4620-8e93-6f78cc84c930 | ITER: 73 END: OK
2019-08-21 13:23:43.606 22335 INFO rally.task.runner [-] Task effcd64c-9c58-4620-8e93-6f78cc84c930 | ITER: 90 START
2019-08-21 13:23:43.607 22364 INFO rally.task.runner [-] Task effcd64c-9c58-4620-8e93-6f78cc84c930 | ITER: 75 END: OK
2019-08-21 13:23:43.607 22349 INFO rally.task.runner [-] Task effcd64c-9c58-4620-8e93-6f78cc84c930 | ITER: 91 START
2019-08-21 13:23:43.609 22364 INFO rally.task.runner [-] Task effcd64c-9c58-4620-8e93-6f78cc84c930 | ITER: 92 START
2019-08-21 13:23:45.032 22334 INFO rally.task.runner [-] Task effcd64c-9c58-4620-8e93-6f78cc84c930 | ITER: 76 END: OK
2019-08-21 13:23:45.034 22334 INFO rally.task.runner [-] Task effcd64c-9c58-4620-8e93-6f78cc84c930 | ITER: 93 START
2019-08-21 13:23:46.253 22356 INFO rally.task.runner [-] Task effcd64c-9c58-4620-8e93-6f78cc84c930 | ITER: 78 END: OK
2019-08-21 13:23:46.256 22356 INFO rally.task.runner [-] Task effcd64c-9c58-4620-8e93-6f78cc84c930 | ITER: 94 START
2019-08-21 13:23:46.507 22377 INFO rally.task.runner [-] Task effcd64c-9c58-4620-8e93-6f78cc84c930 | ITER: 66 END: OK
2019-08-21 13:23:46.509 22355 INFO rally.task.runner [-] Task effcd64c-9c58-4620-8e93-6f78cc84c930 | ITER: 77 END: OK
2019-08-21 13:23:46.509 22377 INFO rally.task.runner [-] Task effcd64c-9c58-4620-8e93-6f78cc84c930 | ITER: 95 START
2019-08-21 13:23:46.511 22355 INFO rally.task.runner [-] Task effcd64c-9c58-4620-8e93-6f78cc84c930 | ITER: 96 START
2019-08-21 13:23:46.624 22345 INFO rally.task.runner [-] Task effcd64c-9c58-4620-8e93-6f78cc84c930 | ITER: 82 END: OK
2019-08-21 13:23:46.626 22376 INFO rally.task.runner [-] Task effcd64c-9c58-4620-8e93-6f78cc84c930 | ITER: 83 END: OK
2019-08-21 13:23:46.627 22345 INFO rally.task.runner [-] Task effcd64c-9c58-4620-8e93-6f78cc84c930 | ITER: 97 START
2019-08-21 13:23:46.628 22376 INFO rally.task.runner [-] Task effcd64c-9c58-4620-8e93-6f78cc84c930 | ITER: 98 START
2019-08-21 13:23:46.629 22337 INFO rally.task.runner [-] Task effcd64c-9c58-4620-8e93-6f78cc84c930 | ITER: 70 END: OK
2019-08-21 13:23:46.631 22337 INFO rally.task.runner [-] Task effcd64c-9c58-4620-8e93-6f78cc84c930 | ITER: 99 START
2019-08-21 13:23:46.694 22352 INFO rally.task.runner [-] Task effcd64c-9c58-4620-8e93-6f78cc84c930 | ITER: 72 END: OK
2019-08-21 13:23:46.696 22352 INFO rally.task.runner [-] Task effcd64c-9c58-4620-8e93-6f78cc84c930 | ITER: 100 START
2019-08-21 13:23:46.996 22367 INFO rally.task.runner [-] Task effcd64c-9c58-4620-8e93-6f78cc84c930 | ITER: 79 END: OK
2019-08-21 13:23:47.128 22382 INFO rally.task.runner [-] Task effcd64c-9c58-4620-8e93-6f78cc84c930 | ITER: 84 END: OK
2019-08-21 13:23:47.194 22385 INFO rally.task.runner [-] Task effcd64c-9c58-4620-8e93-6f78cc84c930 | ITER: 85 END: OK
2019-08-21 13:23:47.234 22361 INFO rally.task.runner [-] Task effcd64c-9c58-4620-8e93-6f78cc84c930 | ITER: 80 END: OK
2019-08-21 13:23:47.508 22341 INFO rally.task.runner [-] Task effcd64c-9c58-4620-8e93-6f78cc84c930 | ITER: 87 END: OK
2019-08-21 13:23:47.523 22373 INFO rally.task.runner [-] Task effcd64c-9c58-4620-8e93-6f78cc84c930 | ITER: 86 END: OK
2019-08-21 13:23:47.529 22388 INFO rally.task.runner [-] Task effcd64c-9c58-4620-8e93-6f78cc84c930 | ITER: 81 END: OK
2019-08-21 13:23:47.535 22370 INFO rally.task.runner [-] Task effcd64c-9c58-4620-8e93-6f78cc84c930 | ITER: 88 END: OK
2019-08-21 13:23:47.770 22364 INFO rally.task.runner [-] Task effcd64c-9c58-4620-8e93-6f78cc84c930 | ITER: 92 END: OK
2019-08-21 13:23:48.119 22333 INFO rally.task.runner [-] Task effcd64c-9c58-4620-8e93-6f78cc84c930 | ITER: 89 END: OK
2019-08-21 13:23:48.263 22349 INFO rally.task.runner [-] Task effcd64c-9c58-4620-8e93-6f78cc84c930 | ITER: 91 END: OK
2019-08-21 13:23:48.601 22335 INFO rally.task.runner [-] Task effcd64c-9c58-4620-8e93-6f78cc84c930 | ITER: 90 END: OK
2019-08-21 13:23:48.670 22356 INFO rally.task.runner [-] Task effcd64c-9c58-4620-8e93-6f78cc84c930 | ITER: 94 END: OK
2019-08-21 13:23:49.010 22355 INFO rally.task.runner [-] Task effcd64c-9c58-4620-8e93-6f78cc84c930 | ITER: 96 END: OK
2019-08-21 13:23:49.179 22377 INFO rally.task.runner [-] Task effcd64c-9c58-4620-8e93-6f78cc84c930 | ITER: 95 END: OK
2019-08-21 13:23:49.606 22334 INFO rally.task.runner [-] Task effcd64c-9c58-4620-8e93-6f78cc84c930 | ITER: 93 END: OK
2019-08-21 13:23:49.803 22337 INFO rally.task.runner [-] Task effcd64c-9c58-4620-8e93-6f78cc84c930 | ITER: 99 END: OK
2019-08-21 13:23:49.806 22345 INFO rally.task.runner [-] Task effcd64c-9c58-4620-8e93-6f78cc84c930 | ITER: 97 END: OK
2019-08-21 13:23:49.871 22376 INFO rally.task.runner [-] Task effcd64c-9c58-4620-8e93-6f78cc84c930 | ITER: 98 END: OK
2019-08-21 13:23:50.153 22352 INFO rally.task.runner [-] Task effcd64c-9c58-4620-8e93-6f78cc84c930 | ITER: 100 END: OK
2019-08-21 13:23:50.174 22209 INFO rally.task.context [-] Task effcd64c-9c58-4620-8e93-6f78cc84c930 | Context cleanup@openstack cleanup() started
2019-08-21 13:23:50.176 22209 RALLYDEBUG rally_openstack.cleanup.manager [-] Cleaning up neutron vip objects
2019-08-21 13:23:50.655 22209 RALLYDEBUG rally_openstack.cleanup.manager [-] Cleaning up neutron health_monitor objects
2019-08-21 13:23:51.145 22209 RALLYDEBUG rally_openstack.cleanup.manager [-] Cleaning up neutron pool objects
2019-08-21 13:23:51.629 22209 RALLYDEBUG rally_openstack.cleanup.manager [-] Cleaning up neutron loadbalancer objects
2019-08-21 13:23:52.115 22209 RALLYDEBUG rally_openstack.cleanup.manager [-] Cleaning up neutron floatingip objects
2019-08-21 13:23:52.657 22209 RALLYDEBUG rally_openstack.cleanup.manager [-] Cleaning up neutron port objects
2019-08-21 13:23:53.162 22209 RALLYDEBUG rally_openstack.cleanup.manager [-] Cleaning up neutron subnet objects
2019-08-21 13:23:53.666 22209 RALLYDEBUG rally_openstack.cleanup.manager [-] Cleaning up neutron network objects
2019-08-21 13:23:54.494 22209 RALLYDEBUG rally_openstack.cleanup.manager [-] Deleting neutron.network object s_rally_43e6e024_QzwwlHMk (0852fa1c-eb49-47f3-bdfe-273973dfe6ab)
2019-08-21 13:23:54.495 22209 RALLYDEBUG rally_openstack.cleanup.manager [-] Deleting neutron.network object s_rally_43e6e024_EhiBqGST (089e930a-cb9c-4c60-a535-2a92d914f9ce)
2019-08-21 13:23:54.499 22209 RALLYDEBUG rally_openstack.cleanup.manager [-] Deleting neutron.network object s_rally_43e6e024_80THuw85 (011c5c68-c781-450f-84a6-e11884e8c2ce)
2019-08-21 13:23:54.500 22209 RALLYDEBUG rally_openstack.cleanup.manager [-] Deleting neutron.network object s_rally_43e6e024_HvcYCKWu (0a49a572-2e98-47d3-a6a7-6c2d35a1e586)
2019-08-21 13:23:54.502 22209 RALLYDEBUG rally_openstack.cleanup.manager [-] Deleting neutron.network object s_rally_43e6e024_v4zSVNgM (0b9328c0-b787-4c1f-9866-fb5665355252)
2019-08-21 13:23:54.504 22209 RALLYDEBUG rally_openstack.cleanup.manager [-] Deleting neutron.network object s_rally_43e6e024_wWwIB5Wi (0ddfb919-63f8-4c88-9b13-c4feccfed1b4)
2019-08-21 13:23:54.515 22209 RALLYDEBUG rally_openstack.cleanup.manager [-] Deleting neutron.network object s_rally_43e6e024_iIewgRrr (103a52a6-e9c6-420b-8f4e-66e8cffde729)
2019-08-21 13:23:54.523 22209 RALLYDEBUG rally_openstack.cleanup.manager [-] Deleting neutron.network object s_rally_43e6e024_UZDRsFy1 (181e2b49-dafb-45c1-9f16-15bc8f4db15a)
2019-08-21 13:23:54.532 22209 RALLYDEBUG rally_openstack.cleanup.manager [-] Deleting neutron.network object s_rally_43e6e024_Do7YoOU2 (19518454-3a9c-424d-986d-91294a2a8ace)
2019-08-21 13:23:54.534 22209 RALLYDEBUG rally_openstack.cleanup.manager [-] Deleting neutron.network object s_rally_43e6e024_EOrIilnZ (18ea7c1f-2b07-443b-a14f-4dceb62a6b2e)
2019-08-21 13:23:54.549 22209 RALLYDEBUG rally_openstack.cleanup.manager [-] Deleting neutron.network object s_rally_43e6e024_1c2m6mYI (1a49f6e3-5b13-413a-a39c-95a48fb0e987)
2019-08-21 13:23:54.558 22209 RALLYDEBUG rally_openstack.cleanup.manager [-] Deleting neutron.network object s_rally_43e6e024_kkfl37Oa (1c01f746-182c-49ca-bd52-eb0690d24036)
2019-08-21 13:23:54.560 22209 RALLYDEBUG rally_openstack.cleanup.manager [-] Deleting neutron.network object s_rally_43e6e024_MzDprHzR (243179f7-644a-4541-8525-971de788c5db)
2019-08-21 13:23:54.568 22209 RALLYDEBUG rally_openstack.cleanup.manager [-] Deleting neutron.network object s_rally_43e6e024_Sz5YpjLi (27660b7a-095c-4332-9724-32a93d18fd67)
2019-08-21 13:23:54.580 22209 RALLYDEBUG rally_openstack.cleanup.manager [-] Deleting neutron.network object s_rally_43e6e024_XAmugtq4 (2b9ece00-b991-4b9e-8477-0491d2bfbaad)
2019-08-21 13:23:54.596 22209 RALLYDEBUG rally_openstack.cleanup.manager [-] Deleting neutron.network object s_rally_43e6e024_JyLEWTAR (31d8f0aa-99c0-484a-8e9f-2590d2ec4e74)
2019-08-21 13:23:54.598 22209 RALLYDEBUG rally_openstack.cleanup.manager [-] Deleting neutron.network object s_rally_43e6e024_JhMffO22 (2e8f0289-c513-4676-9b10-c1b91b2ffcdd)
2019-08-21 13:23:54.623 22209 RALLYDEBUG rally_openstack.cleanup.manager [-] Deleting neutron.network object s_rally_43e6e024_MfErkp30 (31e3ffe5-72cf-4d0a-8f89-3560049ccbf8)
2019-08-21 13:23:54.634 22209 RALLYDEBUG rally_openstack.cleanup.manager [-] Deleting neutron.network object s_rally_43e6e024_qipGuyme (33c50733-e4db-4f49-87bb-30e0f21432e5)
2019-08-21 13:23:54.652 22209 RALLYDEBUG rally_openstack.cleanup.manager [-] Deleting neutron.network object s_rally_43e6e024_QyBtl2Ce (37c2faf5-bce1-4c8e-92b7-2fa838765e32)
2019-08-21 13:23:57.979 22209 RALLYDEBUG rally_openstack.cleanup.manager [-] Deleting neutron.network object s_rally_43e6e024_7FsA2fe8 (390f4513-5d05-4d38-9982-a718daf3edbd)
2019-08-21 13:23:58.591 22209 RALLYDEBUG rally_openstack.cleanup.manager [-] Deleting neutron.network object s_rally_43e6e024_An7jYG9K (39b9ed5e-e3a2-44ae-ab25-8b2c7f155d71)
2019-08-21 13:23:59.378 22209 RALLYDEBUG rally_openstack.cleanup.manager [-] Deleting neutron.network object s_rally_43e6e024_1CUTQ0KT (3f54c3aa-e7a0-4bab-a3ab-5b66aca44ca2)
2019-08-21 13:23:59.849 22209 RALLYDEBUG rally_openstack.cleanup.manager [-] Deleting neutron.network object s_rally_43e6e024_BsgAq44h (40fbe810-2eb5-4ea6-aac1-53b42fe37683)
2019-08-21 13:24:01.606 22209 RALLYDEBUG rally_openstack.cleanup.manager [-] Deleting neutron.network object s_rally_43e6e024_ZkvUJDWI (41f97c9f-3da6-41ef-b165-3caf6cde156a)
2019-08-21 13:24:01.622 22209 RALLYDEBUG rally_openstack.cleanup.manager [-] Deleting neutron.network object s_rally_43e6e024_Ujm1hU5i (491c7b00-e022-411c-a819-414765f4892a)
2019-08-21 13:24:01.626 22209 RALLYDEBUG rally_openstack.cleanup.manager [-] Deleting neutron.network object s_rally_43e6e024_jpbDWb6k (4ea526df-63df-4c1d-8434-85513150ba9c)
2019-08-21 13:24:01.627 22209 RALLYDEBUG rally_openstack.cleanup.manager [-] Deleting neutron.network object s_rally_43e6e024_MtdNEcaf (4b76b9b4-1135-413c-a3f2-3c19bc8eccef)
2019-08-21 13:24:02.083 22209 RALLYDEBUG rally_openstack.cleanup.manager [-] Deleting neutron.network object s_rally_43e6e024_TkYk5rJK (4f738f4c-2370-4c6d-9ee0-9b41d27da7e0)
2019-08-21 13:24:02.289 22209 RALLYDEBUG rally_openstack.cleanup.manager [-] Deleting neutron.network object s_rally_43e6e024_fOiYMxW4 (531c0350-5a2c-49b2-8af9-5ffa5946eaed)
2019-08-21 13:24:02.323 22209 RALLYDEBUG rally_openstack.cleanup.manager [-] Deleting neutron.network object s_rally_43e6e024_Ii2IyFMV (54111193-0288-4c17-a13e-10ffded9ac14)
2019-08-21 13:24:02.389 22209 RALLYDEBUG rally_openstack.cleanup.manager [-] Deleting neutron.network object s_rally_43e6e024_D6Ytr7Dd (566cae35-e2c0-4007-97ec-b7ba734b3a62)
2019-08-21 13:24:02.394 22209 RALLYDEBUG rally_openstack.cleanup.manager [-] Deleting neutron.network object s_rally_43e6e024_a8Fwc6Se (57016b24-4197-4ac8-9d49-19d3fb769b77)
2019-08-21 13:24:02.644 22209 RALLYDEBUG rally_openstack.cleanup.manager [-] Deleting neutron.network object s_rally_43e6e024_bsIoBedY (5732eca3-e410-42c7-a23b-acd122b8baab)
2019-08-21 13:24:03.531 22209 RALLYDEBUG rally_openstack.cleanup.manager [-] Deleting neutron.network object s_rally_43e6e024_iKRD29BD (576fbcfc-643b-46db-a3e2-c6a030a38ff3)
2019-08-21 13:24:04.853 22209 RALLYDEBUG rally_openstack.cleanup.manager [-] Deleting neutron.network object s_rally_43e6e024_gMAZPLby (57adaca7-2947-48f1-bcab-741787faed32)
2019-08-21 13:24:04.879 22209 RALLYDEBUG rally_openstack.cleanup.manager [-] Deleting neutron.network object s_rally_43e6e024_eTCX4O1b (5cc49e22-f144-4dce-9c33-1d6cb531d7fc)
2019-08-21 13:24:05.087 22209 RALLYDEBUG rally_openstack.cleanup.manager [-] Deleting neutron.network object s_rally_43e6e024_OxaE7Hqx (5cfcba74-ba56-49bc-87df-373dcadf04de)
2019-08-21 13:24:05.394 22209 RALLYDEBUG rally_openstack.cleanup.manager [-] Deleting neutron.network object s_rally_43e6e024_o8njPoA2 (5e81b702-9f2e-4d04-b214-1d44f1ef3972)
2019-08-21 13:24:05.716 22209 RALLYDEBUG rally_openstack.cleanup.manager [-] Deleting neutron.network object s_rally_43e6e024_iKTPOYGN (603c93e4-c341-470c-bbdf-93380d98e0e7)
2019-08-21 13:24:05.717 22209 RALLYDEBUG rally_openstack.cleanup.manager [-] Deleting neutron.network object s_rally_43e6e024_ghGajxLk (5fc9bd8a-4a50-4639-bce5-9943f0499618)
2019-08-21 13:24:05.783 22209 RALLYDEBUG rally_openstack.cleanup.manager [-] Deleting neutron.network object s_rally_43e6e024_sdzktuqv (6286b49c-65b5-483c-b890-c91b44df08ed)
2019-08-21 13:24:05.785 22209 RALLYDEBUG rally_openstack.cleanup.manager [-] Deleting neutron.network object s_rally_43e6e024_RXN0RYdE (641d42f8-553a-45e6-92b9-128bd337df56)
2019-08-21 13:24:06.556 22209 RALLYDEBUG rally_openstack.cleanup.manager [-] Deleting neutron.network object s_rally_43e6e024_tow4FPjO (65c49637-d627-477d-be98-f1faa30de53b)
2019-08-21 13:24:07.460 22209 RALLYDEBUG rally_openstack.cleanup.manager [-] Deleting neutron.network object s_rally_43e6e024_XWS9juau (67f90e5c-4254-4e1f-a96b-e0b0de214c3d)
2019-08-21 13:24:07.930 22209 RALLYDEBUG rally_openstack.cleanup.manager [-] Deleting neutron.network object s_rally_43e6e024_DmXahiC4 (6915bd73-ee77-4ccd-b2f8-63d321e6e1a5)
2019-08-21 13:24:08.302 22209 RALLYDEBUG rally_openstack.cleanup.manager [-] Deleting neutron.network object s_rally_43e6e024_CZwnXE2a (6e2bd5fc-7272-4d21-b779-6c215e8960a3)
2019-08-21 13:24:08.304 22209 RALLYDEBUG rally_openstack.cleanup.manager [-] Deleting neutron.network object s_rally_43e6e024_LeSAgmRe (6f51096e-1b03-49c9-866e-3a2120cff7f0)
2019-08-21 13:24:08.596 22209 RALLYDEBUG rally_openstack.cleanup.manager [-] Deleting neutron.network object s_rally_43e6e024_du472Psj (73a59772-8416-4562-9768-c1e6eec32da0)
2019-08-21 13:24:08.616 22209 RALLYDEBUG rally_openstack.cleanup.manager [-] Deleting neutron.network object s_rally_43e6e024_dWtUYuJq (7afba186-85c0-4155-9953-ea801a93d0fe)
2019-08-21 13:24:08.809 22209 RALLYDEBUG rally_openstack.cleanup.manager [-] Deleting neutron.network object s_rally_43e6e024_VMATEXJE (7c879337-1d3d-44ab-9b34-68706f7d04d5)
2019-08-21 13:24:08.902 22209 RALLYDEBUG rally_openstack.cleanup.manager [-] Deleting neutron.network object s_rally_43e6e024_mIInEArB (7e85d004-fe9e-4ece-bc3c-2478a6ed8625)
2019-08-21 13:24:09.062 22209 RALLYDEBUG rally_openstack.cleanup.manager [-] Deleting neutron.network object s_rally_43e6e024_RR0L9XWj (7fbe74b1-4138-494e-8219-a981280a7481)
2019-08-21 13:24:09.597 22209 RALLYDEBUG rally_openstack.cleanup.manager [-] Deleting neutron.network object s_rally_43e6e024_XCuAvn7Z (7fe5a6df-3406-47e3-8299-9a71de529d00)
2019-08-21 13:24:11.625 22209 RALLYDEBUG rally_openstack.cleanup.manager [-] Deleting neutron.network object s_rally_43e6e024_kLzPjYii (8073caf7-831f-4109-9af9-b99bcc903203)
2019-08-21 13:24:11.673 22209 RALLYDEBUG rally_openstack.cleanup.manager [-] Deleting neutron.network object s_rally_43e6e024_MMLcqWp9 (813a8bcd-3dfa-4bc5-896c-2718c16b7ad1)
2019-08-21 13:24:11.676 22209 RALLYDEBUG rally_openstack.cleanup.manager [-] Deleting neutron.network object s_rally_43e6e024_YjUSSETe (845107be-73e8-49fb-85d3-ef8ca1be8b00)
2019-08-21 13:24:12.175 22209 RALLYDEBUG rally_openstack.cleanup.manager [-] Deleting neutron.network object s_rally_43e6e024_mWmGwKoq (88399e23-a92a-4297-ae83-c77351cbc641)
2019-08-21 13:24:12.381 22209 RALLYDEBUG rally_openstack.cleanup.manager [-] Deleting neutron.network object s_rally_43e6e024_JorqWUm3 (8872a6ea-a3b0-4112-bf65-fc8711625d75)
2019-08-21 13:24:12.440 22209 RALLYDEBUG rally_openstack.cleanup.manager [-] Deleting neutron.network object s_rally_43e6e024_7qL7UpRL (8ae0d30b-2153-4ccd-8950-9dc6aff6106e)
2019-08-21 13:24:12.556 22209 RALLYDEBUG rally_openstack.cleanup.manager [-] Deleting neutron.network object s_rally_43e6e024_pg009ra5 (8e5db4fd-3279-4cd9-9d93-2423c7ca71e1)
2019-08-21 13:24:12.613 22209 RALLYDEBUG rally_openstack.cleanup.manager [-] Deleting neutron.network object s_rally_43e6e024_fU7ur1F4 (8f6d6f85-4355-4a2e-8e49-26ce92bb8fcd)
2019-08-21 13:24:12.619 22209 RALLYDEBUG rally_openstack.cleanup.manager [-] Deleting neutron.network object s_rally_43e6e024_vKEmTokE (8fa0cb9e-8fb4-4114-b922-19d05ec69d01)
2019-08-21 13:24:13.475 22209 RALLYDEBUG rally_openstack.cleanup.manager [-] Deleting neutron.network object s_rally_43e6e024_fN1ursMC (914ad675-df91-4065-b35b-81d72892f8a3)
2019-08-21 13:24:14.080 22209 RALLYDEBUG rally_openstack.cleanup.manager [-] Deleting neutron.network object s_rally_43e6e024_jtMuga36 (928e6b7a-5ed3-48e2-9a8d-6974c9cc892c)
2019-08-21 13:24:14.262 22209 RALLYDEBUG rally_openstack.cleanup.manager [-] Deleting neutron.network object s_rally_43e6e024_WkStJ1jT (9b2d7e42-5f32-4d18-9fa3-aa7a3223c61f)
2019-08-21 13:24:14.438 22209 RALLYDEBUG rally_openstack.cleanup.manager [-] Deleting neutron.network object s_rally_43e6e024_kvhiNCXx (9b57875c-f8a9-43b7-8f94-b905071f49e0)
2019-08-21 13:24:14.444 22209 RALLYDEBUG rally_openstack.cleanup.manager [-] Deleting neutron.network object s_rally_43e6e024_W23lzn1K (a2b676bd-de87-464e-ac6b-fd9a690cbf4a)
2019-08-21 13:24:14.450 22209 RALLYDEBUG rally_openstack.cleanup.manager [-] Deleting neutron.network object s_rally_43e6e024_BDi0Mm6l (a7cb596a-b639-43eb-956a-d191e8668024)
2019-08-21 13:24:15.045 22209 RALLYDEBUG rally_openstack.cleanup.manager [-] Deleting neutron.network object s_rally_43e6e024_vcYN75Xm (a7dab5cd-4f6b-4a4a-8e79-65fc51a205db)
2019-08-21 13:24:15.263 22209 RALLYDEBUG rally_openstack.cleanup.manager [-] Deleting neutron.network object s_rally_43e6e024_ZHERojQZ (aa3209a8-c16b-4528-b88f-d5d60598a7bc)
2019-08-21 13:24:15.477 22209 RALLYDEBUG rally_openstack.cleanup.manager [-] Deleting neutron.network object s_rally_43e6e024_vUslvZoT (abbbe63b-9e74-4d15-b6fa-fbb645218b05)
2019-08-21 13:24:15.953 22209 RALLYDEBUG rally_openstack.cleanup.manager [-] Deleting neutron.network object s_rally_43e6e024_Dezq4PCU (abe79f8c-ee23-4541-90a5-923cb971a9e6)
2019-08-21 13:24:16.740 22209 RALLYDEBUG rally_openstack.cleanup.manager [-] Deleting neutron.network object s_rally_43e6e024_5DUfr07d (abef3139-a426-410c-9943-a90e4dfe0419)
2019-08-21 13:24:16.743 22209 RALLYDEBUG rally_openstack.cleanup.manager [-] Deleting neutron.network object s_rally_43e6e024_yJLdVVBZ (b57f657b-8551-47c2-93c8-8461695ee5d0)
2019-08-21 13:24:16.854 22209 RALLYDEBUG rally_openstack.cleanup.manager [-] Deleting neutron.network object s_rally_43e6e024_cVb2qRiE (b8c6e052-a9f3-4e7a-8fc7-37e73983b359)
2019-08-21 13:24:17.530 22209 RALLYDEBUG rally_openstack.cleanup.manager [-] Deleting neutron.network object s_rally_43e6e024_UYdWw0tU (b9bef98e-ab50-4880-9508-a0675b84c946)
2019-08-21 13:24:17.686 22209 RALLYDEBUG rally_openstack.cleanup.manager [-] Deleting neutron.network object s_rally_43e6e024_Y0bEYskL (b9e70e57-6d31-4a0d-a3ad-88120340d82e)
2019-08-21 13:24:18.994 22209 RALLYDEBUG rally_openstack.cleanup.manager [-] Deleting neutron.network object s_rally_43e6e024_XvGX9Tvi (bc54a7db-8599-4b1f-8078-faa152c414e5)
2019-08-21 13:24:19.435 22209 RALLYDEBUG rally_openstack.cleanup.manager [-] Deleting neutron.network object s_rally_43e6e024_1qCgDOrL (bf447bfa-2d0e-4667-832c-464b2fe6e8ad)
2019-08-21 13:24:19.512 22209 RALLYDEBUG rally_openstack.cleanup.manager [-] Deleting neutron.network object s_rally_43e6e024_wAxozCgl (bfb54a4c-310b-45fa-98f5-e3e28cfab140)
2019-08-21 13:24:19.525 22209 RALLYDEBUG rally_openstack.cleanup.manager [-] Deleting neutron.network object s_rally_43e6e024_mPCwHToE (c7616950-d25f-42a2-8eb5-12d9d09ade19)
2019-08-21 13:24:19.629 22209 RALLYDEBUG rally_openstack.cleanup.manager [-] Deleting neutron.network object s_rally_43e6e024_CURadjgW (c93fafb3-5849-4043-a92d-a397a1b9fafd)
2019-08-21 13:24:20.246 22209 RALLYDEBUG rally_openstack.cleanup.manager [-] Deleting neutron.network object s_rally_43e6e024_3syeuDA7 (cdfac634-9abc-43fe-83c8-19a302cd2f2a)
2019-08-21 13:24:20.316 22209 RALLYDEBUG rally_openstack.cleanup.manager [-] Deleting neutron.network object s_rally_43e6e024_izTXk88S (d0657a65-88f0-44e0-84dc-ecf42cd67ebe)
2019-08-21 13:24:20.851 22209 RALLYDEBUG rally_openstack.cleanup.manager [-] Deleting neutron.network object s_rally_43e6e024_0O7QrLYB (d18181ba-df60-44c0-a45d-8e3e42edf90b)
2019-08-21 13:24:20.954 22209 RALLYDEBUG rally_openstack.cleanup.manager [-] Deleting neutron.network object s_rally_43e6e024_hmrOVGwg (d28d2361-0ab3-4d83-be9d-2ee3435b6abb)
2019-08-21 13:24:21.220 22209 RALLYDEBUG rally_openstack.cleanup.manager [-] Deleting neutron.network object s_rally_43e6e024_D676ajdQ (d4d96b3a-f576-4a93-8062-bb70fcc8f908)
2019-08-21 13:24:21.593 22209 RALLYDEBUG rally_openstack.cleanup.manager [-] Deleting neutron.network object s_rally_43e6e024_LqByVUnT (de301232-0373-447a-b54a-5f870172c2c7)
2019-08-21 13:24:21.662 22209 RALLYDEBUG rally_openstack.cleanup.manager [-] Deleting neutron.network object s_rally_43e6e024_YAlvHGrW (dee63153-7d7c-4e25-8f2c-654b03aa3590)
2019-08-21 13:24:21.873 22209 RALLYDEBUG rally_openstack.cleanup.manager [-] Deleting neutron.network object s_rally_43e6e024_ShcoHdZM (e12739aa-6458-4ca5-a811-5f0e9ad02453)
2019-08-21 13:24:21.875 22209 RALLYDEBUG rally_openstack.cleanup.manager [-] Deleting neutron.network object s_rally_43e6e024_COEkMIaG (e52e81dd-38c8-46fd-b709-10cffab7a681)
