2019-08-21 13:59:08.620 22209 RALLYDEBUG rally_openstack.cleanup.manager [-] Deleting neutron.port object s_rally_a40a61b6_xfZt7a0T (b18d3297-bca7-48a0-a62c-715e63e18f55)
2019-08-21 13:59:09.787 22209 RALLYDEBUG rally_openstack.cleanup.manager [-] Deleting neutron.port object s_rally_a40a61b6_j3YhKMWl (b2875994-1e75-4c7c-8f9d-f0599a96cd42)
2019-08-21 13:59:09.790 22209 RALLYDEBUG rally_openstack.cleanup.manager [-] Deleting neutron.port object s_rally_a40a61b6_kKSdNtYQ (b2d7718a-3a44-4721-a935-1d5d35868b64)
2019-08-21 13:59:09.982 22209 RALLYDEBUG rally_openstack.cleanup.manager [-] Deleting neutron.port object s_rally_a40a61b6_YcBJNYrF (b359b66f-6448-4a10-ad64-1f3c69c487d2)
2019-08-21 13:59:10.072 22209 RALLYDEBUG rally_openstack.cleanup.manager [-] Deleting neutron.port object s_rally_a40a61b6_eVyTzUiN (b38c5b4e-3e5d-4bdf-9812-b3eb70741757)
2019-08-21 13:59:10.174 22209 RALLYDEBUG rally_openstack.cleanup.manager [-] Deleting neutron.port object s_rally_a40a61b6_jWz6HREu (b410c3a5-745e-4c7b-b322-4661cd2bc51b)
2019-08-21 13:59:10.185 22209 RALLYDEBUG rally_openstack.cleanup.manager [-] Deleting neutron.port object s_rally_a40a61b6_y7cLNEu1 (b4e7a07c-ae80-453f-9939-12d8b2968541)
2019-08-21 13:59:10.475 22209 RALLYDEBUG rally_openstack.cleanup.manager [-] Deleting neutron.port object s_rally_a40a61b6_kgMJ3SuT (b50a406b-d6d7-4734-888d-ff2587d66713)
2019-08-21 13:59:10.482 22209 RALLYDEBUG rally_openstack.cleanup.manager [-] Deleting neutron.port object s_rally_a40a61b6_0mJkRbM6 (b5ffd7f6-57f7-4a3e-9a97-312f5ac10c71)
2019-08-21 13:59:10.483 22209 RALLYDEBUG rally_openstack.cleanup.manager [-] Deleting neutron.port object s_rally_a40a61b6_1q1cWYTJ (b5aeadb6-2ad9-4c11-9b4e-4bf1c339f11f)
2019-08-21 13:59:10.744 22209 RALLYDEBUG rally_openstack.cleanup.manager [-] Deleting neutron.port object s_rally_a40a61b6_65maK83n (b709c5dc-3379-4272-997c-2c1559dd4170)
2019-08-21 13:59:10.785 22209 RALLYDEBUG rally_openstack.cleanup.manager [-] Deleting neutron.port object s_rally_a40a61b6_36W1DywX (b813cb99-73b2-47ec-9611-7b513b4b8043)
2019-08-21 13:59:10.831 22209 RALLYDEBUG rally_openstack.cleanup.manager [-] Deleting neutron.port object s_rally_a40a61b6_JZcQzyM8 (b9ab9409-1573-42e8-aa7f-340e6b8a4a64)
2019-08-21 13:59:11.193 22209 RALLYDEBUG rally_openstack.cleanup.manager [-] Deleting neutron.port object s_rally_a40a61b6_7vAxsnDY (ba77b4ae-3fa1-44eb-9802-24ab82aa7622)
2019-08-21 13:59:11.869 22209 RALLYDEBUG rally_openstack.cleanup.manager [-] Deleting neutron.port object s_rally_a40a61b6_7SLnYNSX (ba9fc2e7-92a5-4491-8306-8f68407755f4)
2019-08-21 13:59:12.036 22209 RALLYDEBUG rally_openstack.cleanup.manager [-] Deleting neutron.port object s_rally_a40a61b6_Ikkmz1fQ (bba3a2a5-d53e-4d85-aca1-732e723c81ef)
2019-08-21 13:59:12.172 22209 RALLYDEBUG rally_openstack.cleanup.manager [-] Deleting neutron.port object s_rally_a40a61b6_9zLEOBvu (bbbb7e5f-6dfd-4425-8e21-d10f580e4ed6)
2019-08-21 13:59:12.402 22209 RALLYDEBUG rally_openstack.cleanup.manager [-] Deleting neutron.port object s_rally_a40a61b6_sUXpadAA (bc434501-6fdf-4ee4-b759-372b0ef7bfad)
2019-08-21 13:59:12.426 22209 RALLYDEBUG rally_openstack.cleanup.manager [-] Deleting neutron.port object s_rally_a40a61b6_FEX5Iloe (bc589003-da17-4935-8c59-94387e283d52)
2019-08-21 13:59:12.781 22209 RALLYDEBUG rally_openstack.cleanup.manager [-] Deleting neutron.port object s_rally_a40a61b6_zy6vAihn (bc5de320-8220-4f9a-b5a3-db0f40f33d57)
2019-08-21 13:59:12.810 22209 RALLYDEBUG rally_openstack.cleanup.manager [-] Deleting neutron.port object s_rally_a40a61b6_cA5t42FN (bd84dd75-c7f9-48f0-b4fb-14854175e071)
2019-08-21 13:59:13.560 22209 RALLYDEBUG rally_openstack.cleanup.manager [-] Deleting neutron.port object s_rally_a40a61b6_GLmmzMPT (be8eda6f-62b4-4ce3-88cc-916e416b3618)
2019-08-21 13:59:13.845 22209 RALLYDEBUG rally_openstack.cleanup.manager [-] Deleting neutron.port object s_rally_a40a61b6_jbclCciI (bfe21184-cf6e-4924-ac31-5a400199c633)
2019-08-21 13:59:14.731 22209 RALLYDEBUG rally_openstack.cleanup.manager [-] Deleting neutron.port object s_rally_a40a61b6_zT7yKUMu (bfeb03a3-1c08-4e41-8752-321a86bd3093)
2019-08-21 13:59:15.097 22209 RALLYDEBUG rally_openstack.cleanup.manager [-] Deleting neutron.port object s_rally_a40a61b6_Unhd5DGR (c081f413-fd97-4a60-8224-f62b196234eb)
2019-08-21 13:59:15.477 22209 RALLYDEBUG rally_openstack.cleanup.manager [-] Deleting neutron.port object s_rally_a40a61b6_NxTC0ImO (c12d0b78-1b69-4eb1-907d-2bb266fa8b8b)
2019-08-21 13:59:15.675 22209 RALLYDEBUG rally_openstack.cleanup.manager [-] Deleting neutron.port object s_rally_a40a61b6_MnuyiBYo (c13507c7-2dfa-43fa-b4e2-38b2a7328ab1)
2019-08-21 13:59:16.967 22209 RALLYDEBUG rally_openstack.cleanup.manager [-] Deleting neutron.port object s_rally_a40a61b6_mm9DV2Cy (c1456d4a-b2c5-4c08-b62f-493b3d45a97b)
2019-08-21 13:59:17.041 22209 RALLYDEBUG rally_openstack.cleanup.manager [-] Deleting neutron.port object s_rally_a40a61b6_UJPR7kkP (c19d6a43-558e-4bfe-bc7a-92dfae35bf53)
2019-08-21 13:59:17.486 22209 RALLYDEBUG rally_openstack.cleanup.manager [-] Deleting neutron.port object s_rally_a40a61b6_CYj4yOLz (c1bb4e31-a1f2-45eb-bae3-b2c6f948c0fe)
2019-08-21 13:59:17.501 22209 RALLYDEBUG rally_openstack.cleanup.manager [-] Deleting neutron.port object s_rally_a40a61b6_wA8L11wr (c23d6987-a213-463c-9254-98806f876ecc)
2019-08-21 13:59:17.662 22209 RALLYDEBUG rally_openstack.cleanup.manager [-] Deleting neutron.port object s_rally_a40a61b6_rc0mbXXe (c25ded6d-b178-4f13-aaa8-84ded08f5d44)
2019-08-21 13:59:17.848 22209 RALLYDEBUG rally_openstack.cleanup.manager [-] Deleting neutron.port object s_rally_a40a61b6_SNayKRxK (c2902a36-854f-4ff5-ae5b-c7928f57a59c)
2019-08-21 13:59:17.853 22209 RALLYDEBUG rally_openstack.cleanup.manager [-] Deleting neutron.port object s_rally_a40a61b6_umTSiF4V (c2fd1017-169f-43e6-9b7f-6bebb06abde4)
2019-08-21 13:59:17.888 22209 RALLYDEBUG rally_openstack.cleanup.manager [-] Deleting neutron.port object s_rally_a40a61b6_T3lGPu0G (c38b9ad7-836b-4fc6-bd22-bb134a492905)
2019-08-21 13:59:17.921 22209 RALLYDEBUG rally_openstack.cleanup.manager [-] Deleting neutron.port object s_rally_a40a61b6_vEi9Zby9 (c3d4bc4a-4d39-4de9-923d-f5e22c07436c)
2019-08-21 13:59:17.947 22209 RALLYDEBUG rally_openstack.cleanup.manager [-] Deleting neutron.port object s_rally_a40a61b6_vxWVvTVH (c4bd619f-46fe-4c41-a323-c92ba4e3da7d)
2019-08-21 13:59:18.089 22209 RALLYDEBUG rally_openstack.cleanup.manager [-] Deleting neutron.port object s_rally_a40a61b6_Itbbcklc (c66ac7b4-ae61-42e6-8a4b-335d1d8e0a3f)
2019-08-21 13:59:18.146 22209 RALLYDEBUG rally_openstack.cleanup.manager [-] Deleting neutron.port object s_rally_a40a61b6_EZJayhZu (c71af4fa-7359-4145-b8a1-41ee133f2961)
2019-08-21 13:59:18.314 22209 RALLYDEBUG rally_openstack.cleanup.manager [-] Deleting neutron.port object s_rally_a40a61b6_JCTCffpf (c85280ee-31de-4270-a77d-9d4da484dfef)
2019-08-21 13:59:18.341 22209 RALLYDEBUG rally_openstack.cleanup.manager [-] Deleting neutron.port object s_rally_a40a61b6_fRwXvT99 (c895fb86-aabe-4fba-9aea-237957c0adc5)
2019-08-21 13:59:18.870 22209 RALLYDEBUG rally_openstack.cleanup.manager [-] Deleting neutron.port object s_rally_a40a61b6_GytDsLa9 (c8acf403-5fed-461b-b454-614ac915c0aa)
2019-08-21 13:59:19.400 22209 RALLYDEBUG rally_openstack.cleanup.manager [-] Deleting neutron.port object s_rally_a40a61b6_t0kKfEJa (c8f24e4f-48cb-46de-8561-c9f9a6b30c55)
2019-08-21 13:59:19.541 22209 RALLYDEBUG rally_openstack.cleanup.manager [-] Deleting neutron.port object s_rally_a40a61b6_YpZyoQy3 (c98e295d-aa93-4bfc-982f-4ff075b0d705)
2019-08-21 13:59:19.700 22209 RALLYDEBUG rally_openstack.cleanup.manager [-] Deleting neutron.port object s_rally_a40a61b6_9s47zc0z (c9b4d2ff-5a35-4a5e-b750-0601d2074f77)
2019-08-21 13:59:19.933 22209 RALLYDEBUG rally_openstack.cleanup.manager [-] Deleting neutron.port object s_rally_a40a61b6_ozTNcIBS (c9dfb590-34c3-4e03-a969-3941ea34f930)
2019-08-21 13:59:19.986 22209 RALLYDEBUG rally_openstack.cleanup.manager [-] Deleting neutron.port object s_rally_a40a61b6_Z7sJyQfa (ca69a3e8-bf53-4d7a-816a-f72b1e7d0818)
2019-08-21 13:59:20.004 22209 RALLYDEBUG rally_openstack.cleanup.manager [-] Deleting neutron.port object s_rally_a40a61b6_8PrBgFfm (cbacd9d1-ed14-4c9d-8416-d6b7242ca520)
2019-08-21 13:59:20.013 22209 RALLYDEBUG rally_openstack.cleanup.manager [-] Deleting neutron.port object s_rally_a40a61b6_5p5Vwlsl (cbb5e8a5-f93a-4905-81fd-d9a9a0b27478)
2019-08-21 13:59:20.663 22209 RALLYDEBUG rally_openstack.cleanup.manager [-] Deleting neutron.port object s_rally_a40a61b6_Nvgd4G9x (cbf2b710-d894-40e1-84a9-2df6d67b48d3)
2019-08-21 13:59:20.686 22209 RALLYDEBUG rally_openstack.cleanup.manager [-] Deleting neutron.port object s_rally_a40a61b6_LM74GkI2 (cd8c4c12-5399-4555-a81b-a29586cc2219)
2019-08-21 13:59:20.695 22209 RALLYDEBUG rally_openstack.cleanup.manager [-] Deleting neutron.port object s_rally_a40a61b6_5bNngpJH (cf8087fc-efd4-4047-9f14-53de0ee0d1e4)
2019-08-21 13:59:21.638 22209 RALLYDEBUG rally_openstack.cleanup.manager [-] Deleting neutron.port object s_rally_a40a61b6_mA10SESC (d06fcfe2-e884-48e5-9382-9340e82fbc67)
2019-08-21 13:59:21.922 22209 RALLYDEBUG rally_openstack.cleanup.manager [-] Deleting neutron.port object s_rally_a40a61b6_egVPWQIH (d07c79cb-1d18-4881-b6e6-8e0f5023222a)
2019-08-21 13:59:22.966 22209 RALLYDEBUG rally_openstack.cleanup.manager [-] Deleting neutron.port object s_rally_a40a61b6_MMtv0tBR (d07dfb0d-961f-40a6-b1ed-74470088ca49)
2019-08-21 13:59:22.969 22209 RALLYDEBUG rally_openstack.cleanup.manager [-] Deleting neutron.port object s_rally_a40a61b6_vl3Uf0Vi (d10556e6-3ce3-43a3-b6a5-375674fabac9)
2019-08-21 13:59:23.421 22209 RALLYDEBUG rally_openstack.cleanup.manager [-] Deleting neutron.port object s_rally_a40a61b6_sJsISulM (d1836ff8-dcd9-448b-9612-ebe4d32b3154)
2019-08-21 13:59:24.261 22209 RALLYDEBUG rally_openstack.cleanup.manager [-] Deleting neutron.port object s_rally_a40a61b6_diiFDbX7 (d1d5beaf-5c46-4bad-b168-d8237b6f4944)
2019-08-21 13:59:24.503 22209 RALLYDEBUG rally_openstack.cleanup.manager [-] Deleting neutron.port object s_rally_a40a61b6_EccgaKJ4 (d28aa55b-9b41-4109-b5c5-b86b53a36b8a)
2019-08-21 13:59:24.512 22209 RALLYDEBUG rally_openstack.cleanup.manager [-] Deleting neutron.port object s_rally_a40a61b6_tLzShUKT (d29cad7f-f511-4447-bbd0-c76b98167a05)
2019-08-21 13:59:25.507 22209 RALLYDEBUG rally_openstack.cleanup.manager [-] Deleting neutron.port object s_rally_a40a61b6_SYMBTqJ1 (d2f7daab-b5a0-4ee8-ae7e-5c89df8e7f82)
2019-08-21 13:59:25.973 22209 RALLYDEBUG rally_openstack.cleanup.manager [-] Deleting neutron.port object s_rally_a40a61b6_iQJftm7r (d3d14485-c17e-4805-8955-a790bb78dfc6)
2019-08-21 13:59:26.192 22209 RALLYDEBUG rally_openstack.cleanup.manager [-] Deleting neutron.port object s_rally_a40a61b6_VGFmOodL (d4052a4b-6b0a-46d9-85d6-971b8834b394)
2019-08-21 13:59:26.253 22209 RALLYDEBUG rally_openstack.cleanup.manager [-] Deleting neutron.port object s_rally_a40a61b6_oyv1AWih (d5251931-5792-4224-859a-aa5189c377e7)
2019-08-21 13:59:26.467 22209 RALLYDEBUG rally_openstack.cleanup.manager [-] Deleting neutron.port object s_rally_a40a61b6_H24LA0Rk (d527a8f4-c730-4a78-aa20-333b8fc35ead)
2019-08-21 13:59:26.745 22209 RALLYDEBUG rally_openstack.cleanup.manager [-] Deleting neutron.port object s_rally_a40a61b6_Vr7COOpu (d6e99523-627c-4dbb-bdb6-90982cd01a6c)
2019-08-21 13:59:26.964 22209 RALLYDEBUG rally_openstack.cleanup.manager [-] Deleting neutron.port object s_rally_a40a61b6_BLgKZXx0 (d7937eaa-3a6e-4010-aa16-e9d6537bbb98)
2019-08-21 13:59:26.966 22209 RALLYDEBUG rally_openstack.cleanup.manager [-] Deleting neutron.port object s_rally_a40a61b6_6DWc6eRg (d92f1d79-8f50-46ab-95ee-95632c771505)
2019-08-21 13:59:27.529 22209 RALLYDEBUG rally_openstack.cleanup.manager [-] Deleting neutron.port object s_rally_a40a61b6_MEGlNNWk (d9637703-360a-4545-9c50-a02001465c27)
2019-08-21 13:59:27.709 22209 RALLYDEBUG rally_openstack.cleanup.manager [-] Deleting neutron.port object s_rally_a40a61b6_5YCVPTpT (dba0f389-a641-4fa4-b3d1-6689484e88c3)
2019-08-21 13:59:27.779 22209 RALLYDEBUG rally_openstack.cleanup.manager [-] Deleting neutron.port object s_rally_a40a61b6_57h2BR7N (dc4a0a95-18bc-4089-82a2-443fd1ff7739)
2019-08-21 13:59:27.789 22209 RALLYDEBUG rally_openstack.cleanup.manager [-] Deleting neutron.port object s_rally_a40a61b6_AEmFE5bs (dc7e3560-6120-45e8-893b-4848ff17a260)
2019-08-21 13:59:27.960 22209 RALLYDEBUG rally_openstack.cleanup.manager [-] Deleting neutron.port object s_rally_a40a61b6_TQaaXYga (dd6a34c7-82be-46f7-b38c-4df568a27424)
2019-08-21 13:59:27.981 22209 RALLYDEBUG rally_openstack.cleanup.manager [-] Deleting neutron.port object s_rally_a40a61b6_5rVvn0uN (df80427f-a189-4fd8-b728-c7b594ba6b10)
2019-08-21 13:59:28.456 22209 RALLYDEBUG rally_openstack.cleanup.manager [-] Deleting neutron.port object s_rally_a40a61b6_P5x3z8Ok (dffe3a14-2d79-4fbb-b6d4-060916bc5275)
2019-08-21 13:59:28.728 22209 RALLYDEBUG rally_openstack.cleanup.manager [-] Deleting neutron.port object s_rally_a40a61b6_zK4iToE7 (e08ee598-cbba-4f19-82c1-b42c87a99942)
2019-08-21 13:59:28.829 22209 RALLYDEBUG rally_openstack.cleanup.manager [-] Deleting neutron.port object s_rally_a40a61b6_KOGdYuoj (e165b12f-924b-4241-a466-a0066609d370)
2019-08-21 13:59:28.831 22209 RALLYDEBUG rally_openstack.cleanup.manager [-] Deleting neutron.port object s_rally_a40a61b6_Er8yHqML (e1b108d1-3fbd-44a8-bd55-298cd29ad2f8)
2019-08-21 13:59:29.257 22209 RALLYDEBUG rally_openstack.cleanup.manager [-] Deleting neutron.port object s_rally_a40a61b6_8mNrLpWV (e23535b1-88cc-43b1-9af4-d3995b2ef01b)
2019-08-21 13:59:29.643 22209 RALLYDEBUG rally_openstack.cleanup.manager [-] Deleting neutron.port object s_rally_a40a61b6_rkqHpDcE (e336229e-b02a-4ef0-b771-9e5c98ee15d5)
2019-08-21 13:59:29.813 22209 RALLYDEBUG rally_openstack.cleanup.manager [-] Deleting neutron.port object s_rally_a40a61b6_6BaZQxjk (e3541dcb-efe5-48b0-884b-46fff4c78840)
2019-08-21 13:59:29.817 22209 RALLYDEBUG rally_openstack.cleanup.manager [-] Deleting neutron.port object s_rally_a40a61b6_UvPpolO4 (e379db34-507e-45a6-9635-27572e36dbb6)
2019-08-21 13:59:30.132 22209 RALLYDEBUG rally_openstack.cleanup.manager [-] Deleting neutron.port object s_rally_a40a61b6_HPtuEulA (e3bd9e6f-9dc1-4a45-8968-8037f262f282)
2019-08-21 13:59:31.880 22209 RALLYDEBUG rally_openstack.cleanup.manager [-] Deleting neutron.port object s_rally_a40a61b6_FQVc87QV (e419bf0d-3501-4575-906e-414118b25898)
2019-08-21 13:59:31.891 22209 RALLYDEBUG rally_openstack.cleanup.manager [-] Deleting neutron.port object s_rally_a40a61b6_D5F1Iffz (e4af3bf4-de2a-4662-8e04-73028d9247d7)
2019-08-21 13:59:32.194 22209 RALLYDEBUG rally_openstack.cleanup.manager [-] Deleting neutron.port object s_rally_a40a61b6_nwy0dzf3 (e4b685c4-5867-4505-b79b-74f57fc03e5d)
2019-08-21 13:59:32.197 22209 RALLYDEBUG rally_openstack.cleanup.manager [-] Deleting neutron.port object s_rally_a40a61b6_kJGOhyvt (e4e359eb-accd-4b44-be01-a3894283b730)
2019-08-21 13:59:32.203 22209 RALLYDEBUG rally_openstack.cleanup.manager [-] Deleting neutron.port object s_rally_a40a61b6_GDVq55mu (e50eebfe-e260-45bc-a28a-4dbbc266522a)
2019-08-21 13:59:32.507 22209 RALLYDEBUG rally_openstack.cleanup.manager [-] Deleting neutron.port object s_rally_a40a61b6_vuNdDMfJ (e5b05f8f-79fe-40c8-84a2-2ef6bbbd1b6e)
2019-08-21 13:59:32.587 22209 RALLYDEBUG rally_openstack.cleanup.manager [-] Deleting neutron.port object s_rally_a40a61b6_0oAIVJ4y (e5dc9e9b-5758-405c-b9ec-c835684a4206)
2019-08-21 13:59:33.311 22209 RALLYDEBUG rally_openstack.cleanup.manager [-] Deleting neutron.port object s_rally_a40a61b6_Cewd3MfQ (e5e31be4-c2c8-47d8-8038-fc147959983d)
2019-08-21 13:59:33.312 22209 RALLYDEBUG rally_openstack.cleanup.manager [-] Deleting neutron.port object s_rally_a40a61b6_YsUjYEzS (e67cb1df-7736-4bba-a8c0-f79dbac547fc)
2019-08-21 13:59:33.355 22209 RALLYDEBUG rally_openstack.cleanup.manager [-] Deleting neutron.port object s_rally_a40a61b6_y1jbTNgZ (e819dcc7-233b-4d8f-aa4a-fefc23dfba0b)
2019-08-21 13:59:34.024 22209 RALLYDEBUG rally_openstack.cleanup.manager [-] Deleting neutron.port object s_rally_a40a61b6_nqmEyXZl (e89d5df0-42de-4b14-b8a4-0709da3a8444)
2019-08-21 13:59:34.042 22209 RALLYDEBUG rally_openstack.cleanup.manager [-] Deleting neutron.port object s_rally_a40a61b6_Ek0Ddtmg (eab27767-9fa5-44fd-90f9-0849a27ffa5f)
2019-08-21 13:59:34.251 22209 RALLYDEBUG rally_openstack.cleanup.manager [-] Deleting neutron.port object s_rally_a40a61b6_fO7z73uR (eb99c6be-9850-4ce3-afc7-34c495321be3)
2019-08-21 13:59:34.328 22209 RALLYDEBUG rally_openstack.cleanup.manager [-] Deleting neutron.port object s_rally_a40a61b6_9AZGlRzE (ec472ede-5a11-42ad-8a66-caac00975bdf)
2019-08-21 13:59:34.728 22209 RALLYDEBUG rally_openstack.cleanup.manager [-] Deleting neutron.port object s_rally_a40a61b6_R9Ws01gD (ec4bc11c-98c6-486d-a1e6-762381ba13c1)
2019-08-21 13:59:34.774 22209 RALLYDEBUG rally_openstack.cleanup.manager [-] Deleting neutron.port object s_rally_a40a61b6_86n8irzJ (ec70a02d-21ff-41de-a533-bcedad29f2d8)
2019-08-21 13:59:34.816 22209 RALLYDEBUG rally_openstack.cleanup.manager [-] Deleting neutron.port object s_rally_a40a61b6_tQACEvr3 (ec845b55-fa7d-4588-8888-b8ea321aa7ae)
2019-08-21 13:59:34.840 22209 RALLYDEBUG rally_openstack.cleanup.manager [-] Deleting neutron.port object s_rally_a40a61b6_iTPKdp3b (ed67c020-3eb9-40ab-aa6f-40ee9bded526)
2019-08-21 13:59:34.855 22209 RALLYDEBUG rally_openstack.cleanup.manager [-] Deleting neutron.port object s_rally_a40a61b6_w2nEddOa (edb27f0e-0abc-467a-b30b-b3a75d86da29)
2019-08-21 13:59:35.151 22209 RALLYDEBUG rally_openstack.cleanup.manager [-] Deleting neutron.port object s_rally_a40a61b6_CpPZITLY (ee104460-55f0-4865-8694-6758b4c6f371)
2019-08-21 13:59:35.468 22209 RALLYDEBUG rally_openstack.cleanup.manager [-] Deleting neutron.port object s_rally_a40a61b6_c6xLIU39 (ef2a21b8-0468-4b74-a4a7-f4af0c575052)
2019-08-21 13:59:36.060 22209 RALLYDEBUG rally_openstack.cleanup.manager [-] Deleting neutron.port object s_rally_a40a61b6_Dzq6Xu8r (ef329027-9be1-4242-87a7-4146a7ebf8e9)
2019-08-21 13:59:36.474 22209 RALLYDEBUG rally_openstack.cleanup.manager [-] Deleting neutron.port object s_rally_a40a61b6_lL9JZOAA (ef5a026a-55b5-492d-880b-cf38aa5854e2)
2019-08-21 13:59:36.519 22209 RALLYDEBUG rally_openstack.cleanup.manager [-] Deleting neutron.port object s_rally_a40a61b6_PGDiI8ng (f06fd5e6-83df-47c4-ae05-4aa83180a16c)
2019-08-21 13:59:36.541 22209 RALLYDEBUG rally_openstack.cleanup.manager [-] Deleting neutron.port object s_rally_a40a61b6_fzLmzjnS (f1529dd8-0a95-4a29-80b8-03dfca146ff6)
2019-08-21 13:59:37.526 22209 RALLYDEBUG rally_openstack.cleanup.manager [-] Deleting neutron.port object s_rally_a40a61b6_yyBVB1JR (f1a2cadd-a412-4a7a-9cb0-bf47081a4d50)
2019-08-21 13:59:38.367 22209 RALLYDEBUG rally_openstack.cleanup.manager [-] Deleting neutron.port object s_rally_a40a61b6_Mv4ETuFM (f20126d8-c980-484e-b497-b95c288c5e26)
2019-08-21 13:59:38.737 22209 RALLYDEBUG rally_openstack.cleanup.manager [-] Deleting neutron.port object s_rally_a40a61b6_TVKqVPKK (f2936218-9811-4cbb-ac12-836a149675d7)
2019-08-21 13:59:38.819 22209 RALLYDEBUG rally_openstack.cleanup.manager [-] Deleting neutron.port object s_rally_a40a61b6_kxbiweGV (f4ab5987-c806-44b2-bb2c-9725be1a2ea0)
2019-08-21 13:59:39.362 22209 RALLYDEBUG rally_openstack.cleanup.manager [-] Deleting neutron.port object s_rally_a40a61b6_3cJhN6oC (f552552c-eba3-411a-867a-8c1974749f00)
2019-08-21 13:59:39.689 22209 RALLYDEBUG rally_openstack.cleanup.manager [-] Deleting neutron.port object s_rally_a40a61b6_qTMqJuCe (f55aaa57-1324-46ab-842b-ef29447ca941)
2019-08-21 13:59:39.697 22209 RALLYDEBUG rally_openstack.cleanup.manager [-] Deleting neutron.port object s_rally_a40a61b6_VSfHd7Dz (f6ec3473-5e77-4914-b699-d1e4af87c6d9)
2019-08-21 13:59:39.987 22209 RALLYDEBUG rally_openstack.cleanup.manager [-] Deleting neutron.port object s_rally_a40a61b6_W1w4TR44 (f8cbcb2d-1554-43f1-bde3-cc7fd5de5e24)
2019-08-21 13:59:40.086 22209 RALLYDEBUG rally_openstack.cleanup.manager [-] Deleting neutron.port object s_rally_a40a61b6_tG15YhfJ (f96e533c-7db6-49aa-9b87-67d5f4f443d4)
2019-08-21 13:59:40.131 22209 RALLYDEBUG rally_openstack.cleanup.manager [-] Deleting neutron.port object s_rally_a40a61b6_ZiuP5Z1C (fb908af2-60d1-4962-be4f-bcd3c9d620ce)
2019-08-21 13:59:40.133 22209 RALLYDEBUG rally_openstack.cleanup.manager [-] Deleting neutron.port object s_rally_a40a61b6_PdvnKA92 (fbe73ca8-356e-449d-b7b0-0a5362f7c97b)
2019-08-21 13:59:40.160 22209 RALLYDEBUG rally_openstack.cleanup.manager [-] Deleting neutron.port object s_rally_a40a61b6_mu6tTaaD (fc164590-3c82-43b8-a171-0fcdf167f4d3)
2019-08-21 13:59:40.532 22209 RALLYDEBUG rally_openstack.cleanup.manager [-] Deleting neutron.port object s_rally_a40a61b6_pZr3gdri (fcba8181-bcf5-4294-a68d-4b355d383f2a)
2019-08-21 13:59:40.709 22209 RALLYDEBUG rally_openstack.cleanup.manager [-] Deleting neutron.port object s_rally_a40a61b6_vjG1eRGf (fe5d52ae-0448-4a04-8c7d-10d6d4054572)
2019-08-21 13:59:40.973 22209 RALLYDEBUG rally_openstack.cleanup.manager [-] Deleting neutron.port object s_rally_a40a61b6_oPfjPijs (fed24df1-d4c8-4565-b7dc-0311d8af1114)
2019-08-21 13:59:45.332 22209 RALLYDEBUG rally_openstack.cleanup.manager [-] Cleaning up neutron subnet objects
2019-08-21 13:59:45.840 22209 RALLYDEBUG rally_openstack.cleanup.manager [-] Cleaning up neutron network objects
2019-08-21 13:59:46.451 22209 RALLYDEBUG rally_openstack.cleanup.manager [-] Deleting neutron.network object s_rally_a40a61b6_0pLvUUQ3 (0e2c1d20-0fed-431f-ac70-80232e8154c5)
2019-08-21 13:59:46.453 22209 RALLYDEBUG rally_openstack.cleanup.manager [-] Deleting neutron.network object s_rally_a40a61b6_2TgIWnQA (44b50c36-de78-4a71-9496-af7bb027ff45)
2019-08-21 13:59:46.461 22209 RALLYDEBUG rally_openstack.cleanup.manager [-] Deleting neutron.network object s_rally_a40a61b6_9f9WI9Aj (64d803ee-6389-4465-ac0e-658cad55dd9b)
2019-08-21 13:59:46.463 22209 RALLYDEBUG rally_openstack.cleanup.manager [-] Deleting neutron.network object s_rally_a40a61b6_o9CY0CAf (9ff65750-0f36-4231-82af-b83fbf3518f4)
2019-08-21 13:59:46.466 22209 RALLYDEBUG rally_openstack.cleanup.manager [-] Deleting neutron.network object s_rally_a40a61b6_xk02x887 (58d318fc-f908-4b4c-a43e-516585b65188)
2019-08-21 13:59:46.468 22209 RALLYDEBUG rally_openstack.cleanup.manager [-] Deleting neutron.network object s_rally_a40a61b6_dw9j235A (c7704e31-bee2-4829-b690-a313fb92fac3)
2019-08-21 13:59:46.475 22209 RALLYDEBUG rally_openstack.cleanup.manager [-] Deleting neutron.network object s_rally_a40a61b6_m4uUfCc3 (df75c4ee-f246-43fb-a683-54810448f654)
2019-08-21 13:59:46.485 22209 RALLYDEBUG rally_openstack.cleanup.manager [-] Deleting neutron.network object s_rally_a40a61b6_1c9zO0sS (e2b2d348-c587-485e-86f3-5afbdd7685a7)
2019-08-21 13:59:50.438 22209 RALLYDEBUG rally_openstack.cleanup.manager [-] Cleaning up neutron router objects
2019-08-21 13:59:50.947 22209 RALLYDEBUG rally_openstack.cleanup.manager [-] Cleaning up neutron security_group objects
2019-08-21 13:59:51.469 22209 INFO rally.task.context [-] Task effcd64c-9c58-4620-8e93-6f78cc84c930 | Context cleanup@openstack cleanup() finished in 2.01 min
2019-08-21 13:59:51.469 22209 INFO rally.task.context [-] Task effcd64c-9c58-4620-8e93-6f78cc84c930 | Context quotas@openstack cleanup() started
2019-08-21 13:59:51.485 22209 INFO rally.task.context [-] Task effcd64c-9c58-4620-8e93-6f78cc84c930 | Context quotas@openstack cleanup() finished in 16.40 msec
2019-08-21 13:59:51.486 22209 INFO rally.task.context [-] Task effcd64c-9c58-4620-8e93-6f78cc84c930 | Context users@openstack cleanup() started
2019-08-21 13:59:54.807 22209 INFO rally.task.context [-] Task effcd64c-9c58-4620-8e93-6f78cc84c930 | Context users@openstack cleanup() finished in 3.32 sec
2019-08-21 13:59:56.199 22209 INFO rally.task.engine [-] Load duration is: 116.09109
2019-08-21 13:59:56.200 22209 INFO rally.task.engine [-] Full runner duration is: 116.124754
2019-08-21 13:59:56.200 22209 INFO rally.task.engine [-] Full duration is: 243.294135
2019-08-21 13:59:56.286 22209 INFO rally.task.engine [-] Running workload: position = 1 config = { "version": 2, "title": "A cropped version of a bigger task.", "description": "Auto-generated task from a single workload (uuid=1c27e1a6-54cd-46ac-9a1d-1a3eea84ebd3)", "subtasks": [ { "title": "NeutronNetworks.create_and_update_ports", "description": "Create and update a given number of ports.", "scenario": { "NeutronNetworks.create_and_update_ports": { "network_create_args": {}, "port_create_args": {}, "ports_per_network": 5, "port_update_args": { "admin_state_up": false, "device_id": "dummy_id", "device_owner": "dummy_owner", "name": "_port_updated" } } }, "contexts": { "users": { "tenants": 1, "users_per_tenant": 1 }, "quotas": { "neutron": { "network": -1, "port": -1 } } }, "runner": { "constant": { "times": 40, "concurrency": 20 } }, "hooks": [], "sla": { "failure_rate": { "max": 0 } } } ] }
2019-08-21 13:59:56.296 22209 RALLYDEBUG rally_openstack.contexts.keystone.users [-] Creating 1 tenants using 20 threads
2019-08-21 13:59:57.360 22209 RALLYDEBUG rally_openstack.contexts.keystone.users [-] Creating 1 users using 20 threads
2019-08-21 13:59:58.998 22209 INFO rally.task.context [-] Task effcd64c-9c58-4620-8e93-6f78cc84c930 | Context users@openstack setup() finished in 2.70 sec
2019-08-21 13:59:59.626 22209 INFO rally.task.context [-] Task effcd64c-9c58-4620-8e93-6f78cc84c930 | Context quotas@openstack setup() finished in 0.63 sec
2019-08-21 13:59:59.627 22209 INFO rally.task.context [-] Task effcd64c-9c58-4620-8e93-6f78cc84c930 | Context cleanup@openstack setup() finished in 0.00 msec
2019-08-21 13:59:59.631 22209 RALLYDEBUG rally.task.runner [-] Starting the constant runner (task UUID: effcd64c-9c58-4620-8e93-6f78cc84c930). timeout: 0 concurrency: 20 concurrency_per_worker: 1 times: 40 concurrency_overhead: 0 processes_to_start: 20 max_cpu_used: 40
2019-08-21 13:59:59.638 26191 RALLYDEBUG rally.task.runner [-] Starting a worker. concurrency: 1 args: {"network_create_args": {}, "port_create_args": {}, "ports_per_network": 5, "port_update_args": {"admin_state_up": false, "device_id": "dummy_id", "device_owner": "dummy_owner", "name": "_port_updated"}} times: 40 method_name: run timeout: 0 duration: None cls:
2019-08-21 13:59:59.640 26192 RALLYDEBUG rally.task.runner [-] Starting a worker. concurrency: 1 args: {"network_create_args": {}, "port_create_args": {}, "ports_per_network": 5, "port_update_args": {"admin_state_up": false, "device_id": "dummy_id", "device_owner": "dummy_owner", "name": "_port_updated"}} times: 40 method_name: run timeout: 0 duration: None cls:
2019-08-21 13:59:59.641 26193 RALLYDEBUG rally.task.runner [-] Starting a worker. concurrency: 1 args: {"network_create_args": {}, "port_create_args": {}, "ports_per_network": 5, "port_update_args": {"admin_state_up": false, "device_id": "dummy_id", "device_owner": "dummy_owner", "name": "_port_updated"}} times: 40 method_name: run timeout: 0 duration: None cls:
2019-08-21 13:59:59.641 26191 INFO rally.task.runner [-] Task effcd64c-9c58-4620-8e93-6f78cc84c930 | ITER: 1 START
2019-08-21 13:59:59.642 26191 WARNING rally_openstack.scenarios.neutron.utils [-] Running this scenario without either the 'network' or 'existing_network' context is deprecated
2019-08-21 13:59:59.643 26194 RALLYDEBUG rally.task.runner [-] Starting a worker. concurrency: 1 args: {"network_create_args": {}, "port_create_args": {}, "ports_per_network": 5, "port_update_args": {"admin_state_up": false, "device_id": "dummy_id", "device_owner": "dummy_owner", "name": "_port_updated"}} times: 40 method_name: run timeout: 0 duration: None cls:
2019-08-21 13:59:59.644 26192 INFO rally.task.runner [-] Task effcd64c-9c58-4620-8e93-6f78cc84c930 | ITER: 2 START
2019-08-21 13:59:59.644 26193 INFO rally.task.runner [-] Task effcd64c-9c58-4620-8e93-6f78cc84c930 | ITER: 3 START
2019-08-21 13:59:59.644 26192 WARNING rally_openstack.scenarios.neutron.utils [-] Running this scenario without either the 'network' or 'existing_network' context is deprecated
2019-08-21 13:59:59.645 26193 WARNING rally_openstack.scenarios.neutron.utils [-] Running this scenario without either the 'network' or 'existing_network' context is deprecated
2019-08-21 13:59:59.645 26197 RALLYDEBUG rally.task.runner [-] Starting a worker. concurrency: 1 args: {"network_create_args": {}, "port_create_args": {}, "ports_per_network": 5, "port_update_args": {"admin_state_up": false, "device_id": "dummy_id", "device_owner": "dummy_owner", "name": "_port_updated"}} times: 40 method_name: run timeout: 0 duration: None cls:
2019-08-21 13:59:59.646 26194 INFO rally.task.runner [-] Task effcd64c-9c58-4620-8e93-6f78cc84c930 | ITER: 4 START
2019-08-21 13:59:59.646 26201 RALLYDEBUG rally.task.runner [-] Starting a worker. concurrency: 1 args: {"network_create_args": {}, "port_create_args": {}, "ports_per_network": 5, "port_update_args": {"admin_state_up": false, "device_id": "dummy_id", "device_owner": "dummy_owner", "name": "_port_updated"}} times: 40 method_name: run timeout: 0 duration: None cls:
2019-08-21 13:59:59.647 26194 WARNING rally_openstack.scenarios.neutron.utils [-] Running this scenario without either the 'network' or 'existing_network' context is deprecated
2019-08-21 13:59:59.648 26197 INFO rally.task.runner [-] Task effcd64c-9c58-4620-8e93-6f78cc84c930 | ITER: 5 START
2019-08-21 13:59:59.649 26197 WARNING rally_openstack.scenarios.neutron.utils [-] Running this scenario without either the 'network' or 'existing_network' context is deprecated
2019-08-21 13:59:59.649 26201 INFO rally.task.runner [-] Task effcd64c-9c58-4620-8e93-6f78cc84c930 | ITER: 6 START
2019-08-21 13:59:59.649 26203 RALLYDEBUG rally.task.runner [-] Starting a worker. concurrency: 1 args: {"network_create_args": {}, "port_create_args": {}, "ports_per_network": 5, "port_update_args": {"admin_state_up": false, "device_id": "dummy_id", "device_owner": "dummy_owner", "name": "_port_updated"}} times: 40 method_name: run timeout: 0 duration: None cls:
2019-08-21 13:59:59.650 26201 WARNING rally_openstack.scenarios.neutron.utils [-] Running this scenario without either the 'network' or 'existing_network' context is deprecated
2019-08-21 13:59:59.651 26208 RALLYDEBUG rally.task.runner [-] Starting a worker. concurrency: 1 args: {"network_create_args": {}, "port_create_args": {}, "ports_per_network": 5, "port_update_args": {"admin_state_up": false, "device_id": "dummy_id", "device_owner": "dummy_owner", "name": "_port_updated"}} times: 40 method_name: run timeout: 0 duration: None cls:
2019-08-21 13:59:59.654 26208 INFO rally.task.runner [-] Task effcd64c-9c58-4620-8e93-6f78cc84c930 | ITER: 8 START
2019-08-21 13:59:59.654 26203 INFO rally.task.runner [-] Task effcd64c-9c58-4620-8e93-6f78cc84c930 | ITER: 7 START
2019-08-21 13:59:59.655 26208 WARNING rally_openstack.scenarios.neutron.utils [-] Running this scenario without either the 'network' or 'existing_network' context is deprecated
2019-08-21 13:59:59.655 26203 WARNING rally_openstack.scenarios.neutron.utils [-] Running this scenario without either the 'network' or 'existing_network' context is deprecated
2019-08-21 13:59:59.655 26211 RALLYDEBUG rally.task.runner [-] Starting a worker. concurrency: 1 args: {"network_create_args": {}, "port_create_args": {}, "ports_per_network": 5, "port_update_args": {"admin_state_up": false, "device_id": "dummy_id", "device_owner": "dummy_owner", "name": "_port_updated"}} times: 40 method_name: run timeout: 0 duration: None cls:
2019-08-21 13:59:59.659 26211 INFO rally.task.runner [-] Task effcd64c-9c58-4620-8e93-6f78cc84c930 | ITER: 9 START
2019-08-21 13:59:59.659 26211 WARNING rally_openstack.scenarios.neutron.utils [-] Running this scenario without either the 'network' or 'existing_network' context is deprecated
2019-08-21 13:59:59.661 26216 RALLYDEBUG rally.task.runner [-] Starting a worker. concurrency: 1 args: {"network_create_args": {}, "port_create_args": {}, "ports_per_network": 5, "port_update_args": {"admin_state_up": false, "device_id": "dummy_id", "device_owner": "dummy_owner", "name": "_port_updated"}} times: 40 method_name: run timeout: 0 duration: None cls:
2019-08-21 13:59:59.662 26219 RALLYDEBUG rally.task.runner [-] Starting a worker. concurrency: 1 args: {"network_create_args": {}, "port_create_args": {}, "ports_per_network": 5, "port_update_args": {"admin_state_up": false, "device_id": "dummy_id", "device_owner": "dummy_owner", "name": "_port_updated"}} times: 40 method_name: run timeout: 0 duration: None cls:
2019-08-21 13:59:59.665 26220 RALLYDEBUG rally.task.runner [-] Starting a worker. concurrency: 1 args: {"network_create_args": {}, "port_create_args": {}, "ports_per_network": 5, "port_update_args": {"admin_state_up": false, "device_id": "dummy_id", "device_owner": "dummy_owner", "name": "_port_updated"}} times: 40 method_name: run timeout: 0 duration: None cls:
2019-08-21 13:59:59.665 26219 INFO rally.task.runner [-] Task effcd64c-9c58-4620-8e93-6f78cc84c930 | ITER: 11 START
2019-08-21 13:59:59.666 26219 WARNING rally_openstack.scenarios.neutron.utils [-] Running this scenario without either the 'network' or 'existing_network' context is deprecated
2019-08-21 13:59:59.666 26216 INFO rally.task.runner [-] Task effcd64c-9c58-4620-8e93-6f78cc84c930 | ITER: 10 START
2019-08-21 13:59:59.667 26216 WARNING rally_openstack.scenarios.neutron.utils [-] Running this scenario without either the 'network' or 'existing_network' context is deprecated
2019-08-21 13:59:59.668 26222 RALLYDEBUG rally.task.runner [-] Starting a worker. concurrency: 1 args: {"network_create_args": {}, "port_create_args": {}, "ports_per_network": 5, "port_update_args": {"admin_state_up": false, "device_id": "dummy_id", "device_owner": "dummy_owner", "name": "_port_updated"}} times: 40 method_name: run timeout: 0 duration: None cls:
2019-08-21 13:59:59.668 26220 INFO rally.task.runner [-] Task effcd64c-9c58-4620-8e93-6f78cc84c930 | ITER: 12 START
2019-08-21 13:59:59.669 26220 WARNING rally_openstack.scenarios.neutron.utils [-] Running this scenario without either the 'network' or 'existing_network' context is deprecated
2019-08-21 13:59:59.671 26222 INFO rally.task.runner [-] Task effcd64c-9c58-4620-8e93-6f78cc84c930 | ITER: 13 START
2019-08-21 13:59:59.672 26228 RALLYDEBUG rally.task.runner [-] Starting a worker. concurrency: 1 args: {"network_create_args": {}, "port_create_args": {}, "ports_per_network": 5, "port_update_args": {"admin_state_up": false, "device_id": "dummy_id", "device_owner": "dummy_owner", "name": "_port_updated"}} times: 40 method_name: run timeout: 0 duration: None cls:
2019-08-21 13:59:59.672 26222 WARNING rally_openstack.scenarios.neutron.utils [-] Running this scenario without either the 'network' or 'existing_network' context is deprecated
2019-08-21 13:59:59.675 26228 INFO rally.task.runner [-] Task effcd64c-9c58-4620-8e93-6f78cc84c930 | ITER: 14 START
2019-08-21 13:59:59.675 26228 WARNING rally_openstack.scenarios.neutron.utils [-] Running this scenario without either the 'network' or 'existing_network' context is deprecated
2019-08-21 13:59:59.676 26231 RALLYDEBUG rally.task.runner [-] Starting a worker. concurrency: 1 args: {"network_create_args": {}, "port_create_args": {}, "ports_per_network": 5, "port_update_args": {"admin_state_up": false, "device_id": "dummy_id", "device_owner": "dummy_owner", "name": "_port_updated"}} times: 40 method_name: run timeout: 0 duration: None cls:
2019-08-21 13:59:59.679 26231 INFO rally.task.runner [-] Task effcd64c-9c58-4620-8e93-6f78cc84c930 | ITER: 15 START
2019-08-21 13:59:59.679 26234 RALLYDEBUG rally.task.runner [-] Starting a worker. concurrency: 1 args: {"network_create_args": {}, "port_create_args": {}, "ports_per_network": 5, "port_update_args": {"admin_state_up": false, "device_id": "dummy_id", "device_owner": "dummy_owner", "name": "_port_updated"}} times: 40 method_name: run timeout: 0 duration: None cls:
2019-08-21 13:59:59.680 26231 WARNING rally_openstack.scenarios.neutron.utils [-] Running this scenario without either the 'network' or 'existing_network' context is deprecated
2019-08-21 13:59:59.682 26235 RALLYDEBUG rally.task.runner [-] Starting a worker. concurrency: 1 args: {"network_create_args": {}, "port_create_args": {}, "ports_per_network": 5, "port_update_args": {"admin_state_up": false, "device_id": "dummy_id", "device_owner": "dummy_owner", "name": "_port_updated"}} times: 40 method_name: run timeout: 0 duration: None cls:
2019-08-21 13:59:59.683 26234 INFO rally.task.runner [-] Task effcd64c-9c58-4620-8e93-6f78cc84c930 | ITER: 16 START
2019-08-21 13:59:59.684 26234 WARNING rally_openstack.scenarios.neutron.utils [-] Running this scenario without either the 'network' or 'existing_network' context is deprecated
2019-08-21 13:59:59.684 26238 RALLYDEBUG rally.task.runner [-] Starting a worker. concurrency: 1 args: {"network_create_args": {}, "port_create_args": {}, "ports_per_network": 5, "port_update_args": {"admin_state_up": false, "device_id": "dummy_id", "device_owner": "dummy_owner", "name": "_port_updated"}} times: 40 method_name: run timeout: 0 duration: None cls:
2019-08-21 13:59:59.685 26235 INFO rally.task.runner [-] Task effcd64c-9c58-4620-8e93-6f78cc84c930 | ITER: 17 START
2019-08-21 13:59:59.686 26235 WARNING rally_openstack.scenarios.neutron.utils [-] Running this scenario without either the 'network' or 'existing_network' context is deprecated
2019-08-21 13:59:59.687 26238 INFO rally.task.runner [-] Task effcd64c-9c58-4620-8e93-6f78cc84c930 | ITER: 18 START
2019-08-21 13:59:59.687 26241 RALLYDEBUG rally.task.runner [-] Starting a worker. concurrency: 1 args: {"network_create_args": {}, "port_create_args": {}, "ports_per_network": 5, "port_update_args": {"admin_state_up": false, "device_id": "dummy_id", "device_owner": "dummy_owner", "name": "_port_updated"}} times: 40 method_name: run timeout: 0 duration: None cls:
2019-08-21 13:59:59.688 26238 WARNING rally_openstack.scenarios.neutron.utils [-] Running this scenario without either the 'network' or 'existing_network' context is deprecated
2019-08-21 13:59:59.690 26241 INFO rally.task.runner [-] Task effcd64c-9c58-4620-8e93-6f78cc84c930 | ITER: 19 START
2019-08-21 13:59:59.691 26241 WARNING rally_openstack.scenarios.neutron.utils [-] Running this scenario without either the 'network' or 'existing_network' context is deprecated
2019-08-21 13:59:59.692 26246 RALLYDEBUG rally.task.runner [-] Starting a worker. concurrency: 1 args: {"network_create_args": {}, "port_create_args": {}, "ports_per_network": 5, "port_update_args": {"admin_state_up": false, "device_id": "dummy_id", "device_owner": "dummy_owner", "name": "_port_updated"}} times: 40 method_name: run timeout: 0 duration: None cls:
2019-08-21 13:59:59.696 26246 INFO rally.task.runner [-] Task effcd64c-9c58-4620-8e93-6f78cc84c930 | ITER: 20 START
2019-08-21 13:59:59.697 26246 WARNING rally_openstack.scenarios.neutron.utils [-] Running this scenario without either the 'network' or 'existing_network' context is deprecated
2019-08-21 14:00:23.157 26201 INFO rally.task.runner [-] Task effcd64c-9c58-4620-8e93-6f78cc84c930 | ITER: 6 END: OK
2019-08-21 14:00:23.160 26201 INFO rally.task.runner [-] Task effcd64c-9c58-4620-8e93-6f78cc84c930 | ITER: 21 START
2019-08-21 14:00:23.161 26201 WARNING rally_openstack.scenarios.neutron.utils [-] Running this scenario without either the 'network' or 'existing_network' context is deprecated
2019-08-21 14:00:25.994 26208 INFO rally.task.runner [-] Task effcd64c-9c58-4620-8e93-6f78cc84c930 | ITER: 8 END: OK
2019-08-21 14:00:25.997 26208 INFO rally.task.runner [-] Task effcd64c-9c58-4620-8e93-6f78cc84c930 | ITER: 22 START
2019-08-21 14:00:25.997 26208 WARNING rally_openstack.scenarios.neutron.utils [-] Running this scenario without either the 'network' or 'existing_network' context is deprecated
2019-08-21 14:00:27.262 26222 INFO rally.task.runner [-] Task effcd64c-9c58-4620-8e93-6f78cc84c930 | ITER: 13 END: OK
2019-08-21 14:00:27.266 26222 INFO rally.task.runner [-] Task effcd64c-9c58-4620-8e93-6f78cc84c930 | ITER: 23 START
2019-08-21 14:00:27.267 26222 WARNING rally_openstack.scenarios.neutron.utils [-] Running this scenario without either the 'network' or 'existing_network' context is deprecated
2019-08-21 14:00:33.127 26197 INFO rally.task.runner [-] Task effcd64c-9c58-4620-8e93-6f78cc84c930 | ITER: 5 END: OK
2019-08-21 14:00:33.130 26197 INFO rally.task.runner [-] Task effcd64c-9c58-4620-8e93-6f78cc84c930 | ITER: 24 START
2019-08-21 14:00:33.130 26197 WARNING rally_openstack.scenarios.neutron.utils [-] Running this scenario without either the 'network' or 'existing_network' context is deprecated
2019-08-21 14:00:33.810 26211 INFO rally.task.runner [-] Task effcd64c-9c58-4620-8e93-6f78cc84c930 | ITER: 9 END: OK
2019-08-21 14:00:33.813 26211 INFO rally.task.runner [-] Task effcd64c-9c58-4620-8e93-6f78cc84c930 | ITER: 25 START
2019-08-21 14:00:33.814 26211 WARNING rally_openstack.scenarios.neutron.utils [-] Running this scenario without either the 'network' or 'existing_network' context is deprecated
2019-08-21 14:00:35.906 26241 INFO rally.task.runner [-] Task effcd64c-9c58-4620-8e93-6f78cc84c930 | ITER: 19 END: OK
2019-08-21 14:00:35.909 26241 INFO rally.task.runner [-] Task effcd64c-9c58-4620-8e93-6f78cc84c930 | ITER: 26 START
2019-08-21 14:00:35.910 26241 WARNING rally_openstack.scenarios.neutron.utils [-] Running this scenario without either the 'network' or 'existing_network' context is deprecated
2019-08-21 14:00:37.189 26194 INFO rally.task.runner [-] Task effcd64c-9c58-4620-8e93-6f78cc84c930 | ITER: 4 END: OK
2019-08-21 14:00:37.192 26194 INFO rally.task.runner [-] Task effcd64c-9c58-4620-8e93-6f78cc84c930 | ITER: 27 START
2019-08-21 14:00:37.192 26194 WARNING rally_openstack.scenarios.neutron.utils [-] Running this scenario without either the 'network' or 'existing_network' context is deprecated
2019-08-21 14:00:39.055 26246 INFO rally.task.runner [-] Task effcd64c-9c58-4620-8e93-6f78cc84c930 | ITER: 20 END: OK
2019-08-21 14:00:39.057 26246 INFO rally.task.runner [-] Task effcd64c-9c58-4620-8e93-6f78cc84c930 | ITER: 28 START
2019-08-21 14:00:39.058 26246 WARNING rally_openstack.scenarios.neutron.utils [-] Running this scenario without either the 'network' or 'existing_network' context is deprecated
2019-08-21 14:00:39.762 26203 INFO rally.task.runner [-] Task effcd64c-9c58-4620-8e93-6f78cc84c930 | ITER: 7 END: OK
2019-08-21 14:00:39.766 26203 INFO rally.task.runner [-] Task effcd64c-9c58-4620-8e93-6f78cc84c930 | ITER: 29 START
2019-08-21 14:00:39.767 26203 WARNING rally_openstack.scenarios.neutron.utils [-] Running this scenario without either the 'network' or 'existing_network' context is deprecated
2019-08-21 14:00:42.840 26220 INFO rally.task.runner [-] Task effcd64c-9c58-4620-8e93-6f78cc84c930 | ITER: 12 END: OK
2019-08-21 14:00:42.843 26220 INFO rally.task.runner [-] Task effcd64c-9c58-4620-8e93-6f78cc84c930 | ITER: 30 START
2019-08-21 14:00:42.843 26220 WARNING rally_openstack.scenarios.neutron.utils [-] Running this scenario without either the 'network' or 'existing_network' context is deprecated
2019-08-21 14:00:44.805 26216 INFO rally.task.runner [-] Task effcd64c-9c58-4620-8e93-6f78cc84c930 | ITER: 10 END: OK
2019-08-21 14:00:44.809 26216 INFO rally.task.runner [-] Task effcd64c-9c58-4620-8e93-6f78cc84c930 | ITER: 31 START
2019-08-21 14:00:44.809 26216 WARNING rally_openstack.scenarios.neutron.utils [-] Running this scenario without either the 'network' or 'existing_network' context is deprecated
2019-08-21 14:00:45.288 26219 INFO rally.task.runner [-] Task effcd64c-9c58-4620-8e93-6f78cc84c930 | ITER: 11 END: OK
2019-08-21 14:00:45.291 26219 INFO rally.task.runner [-] Task effcd64c-9c58-4620-8e93-6f78cc84c930 | ITER: 32 START
2019-08-21 14:00:45.291 26219 WARNING rally_openstack.scenarios.neutron.utils [-] Running this scenario without either the 'network' or 'existing_network' context is deprecated
2019-08-21 14:00:45.718 26201 INFO rally.task.runner [-] Task effcd64c-9c58-4620-8e93-6f78cc84c930 | ITER: 21 END: OK
2019-08-21 14:00:45.721 26201 INFO rally.task.runner [-] Task effcd64c-9c58-4620-8e93-6f78cc84c930 | ITER: 33 START
2019-08-21 14:00:45.721 26201 WARNING rally_openstack.scenarios.neutron.utils [-] Running this scenario without either the 'network' or 'existing_network' context is deprecated
2019-08-21 14:00:49.919 26222 INFO rally.task.runner [-] Task effcd64c-9c58-4620-8e93-6f78cc84c930 | ITER: 23 END: OK
2019-08-21 14:00:49.923 26222 INFO rally.task.runner [-] Task effcd64c-9c58-4620-8e93-6f78cc84c930 | ITER: 34 START
2019-08-21 14:00:49.923 26222 WARNING rally_openstack.scenarios.neutron.utils [-] Running this scenario without either the 'network' or 'existing_network' context is deprecated
2019-08-21 14:00:56.068 26197 INFO rally.task.runner [-] Task effcd64c-9c58-4620-8e93-6f78cc84c930 | ITER: 24 END: OK
2019-08-21 14:00:56.071 26197 INFO rally.task.runner [-] Task effcd64c-9c58-4620-8e93-6f78cc84c930 | ITER: 35 START
2019-08-21 14:00:56.072 26197 WARNING rally_openstack.scenarios.neutron.utils [-] Running this scenario without either the 'network' or 'existing_network' context is deprecated
2019-08-21 14:00:56.878 26211 INFO rally.task.runner [-] Task effcd64c-9c58-4620-8e93-6f78cc84c930 | ITER: 25 END: OK
2019-08-21 14:00:56.882 26211 INFO rally.task.runner [-] Task effcd64c-9c58-4620-8e93-6f78cc84c930 | ITER: 36 START
2019-08-21 14:00:56.882 26211 WARNING rally_openstack.scenarios.neutron.utils [-] Running this scenario without either the 'network' or 'existing_network' context is deprecated
2019-08-21 14:00:58.809 26208 INFO rally.task.runner [-] Task effcd64c-9c58-4620-8e93-6f78cc84c930 | ITER: 22 END: OK
2019-08-21 14:00:58.812 26208 INFO rally.task.runner [-] Task effcd64c-9c58-4620-8e93-6f78cc84c930 | ITER: 37 START
2019-08-21 14:00:58.812 26208 WARNING rally_openstack.scenarios.neutron.utils [-] Running this scenario without either the 'network' or 'existing_network' context is deprecated
2019-08-21 14:01:04.281 26228 INFO rally.task.runner [-] Task effcd64c-9c58-4620-8e93-6f78cc84c930 | ITER: 14 END: OK
2019-08-21 14:01:04.285 26228 INFO rally.task.runner [-] Task effcd64c-9c58-4620-8e93-6f78cc84c930 | ITER: 38 START
2019-08-21 14:01:04.286 26228 WARNING rally_openstack.scenarios.neutron.utils [-] Running this scenario without either the 'network' or 'existing_network' context is deprecated
2019-08-21 14:01:04.551 26197 INFO rally.task.runner [-] Task effcd64c-9c58-4620-8e93-6f78cc84c930 | ITER: 35 END: OK
2019-08-21 14:01:04.553 26197 INFO rally.task.runner [-] Task effcd64c-9c58-4620-8e93-6f78cc84c930 | ITER: 39 START
2019-08-21 14:01:04.554 26197 WARNING rally_openstack.scenarios.neutron.utils [-] Running this scenario without either the 'network' or 'existing_network' context is deprecated
2019-08-21 14:01:04.835 26231 INFO rally.task.runner [-] Task effcd64c-9c58-4620-8e93-6f78cc84c930 | ITER: 15 END: OK
2019-08-21 14:01:04.839 26231 INFO rally.task.runner [-] Task effcd64c-9c58-4620-8e93-6f78cc84c930 | ITER: 40 START
2019-08-21 14:01:04.839 26231 WARNING rally_openstack.scenarios.neutron.utils [-] Running this scenario without either the 'network' or 'existing_network' context is deprecated
2019-08-21 14:01:06.412 26234 INFO rally.task.runner [-] Task effcd64c-9c58-4620-8e93-6f78cc84c930 | ITER: 16 END: OK
2019-08-21 14:01:06.455 26192 INFO rally.task.runner [-] Task effcd64c-9c58-4620-8e93-6f78cc84c930 | ITER: 2 END: OK
2019-08-21 14:01:06.592 26191 INFO rally.task.runner [-] Task effcd64c-9c58-4620-8e93-6f78cc84c930 | ITER: 1 END: OK
2019-08-21 14:01:06.970 26238 INFO rally.task.runner [-] Task effcd64c-9c58-4620-8e93-6f78cc84c930 | ITER: 18 END: OK
2019-08-21 14:01:07.111 26235 INFO rally.task.runner [-] Task effcd64c-9c58-4620-8e93-6f78cc84c930 | ITER: 17 END: OK
2019-08-21 14:01:08.426 26193 INFO rally.task.runner [-] Task effcd64c-9c58-4620-8e93-6f78cc84c930 | ITER: 3 END: OK
2019-08-21 14:01:08.904 26241 INFO rally.task.runner [-] Task effcd64c-9c58-4620-8e93-6f78cc84c930 | ITER: 26 END: OK
2019-08-21 14:01:14.810 26194 INFO rally.task.runner [-] Task effcd64c-9c58-4620-8e93-6f78cc84c930 | ITER: 27 END: OK
2019-08-21 14:01:17.857 26220 INFO rally.task.runner [-] Task effcd64c-9c58-4620-8e93-6f78cc84c930 | ITER: 30 END: OK
2019-08-21 14:01:18.013 26246 INFO rally.task.runner [-] Task effcd64c-9c58-4620-8e93-6f78cc84c930 | ITER: 28 END: OK
2019-08-21 14:01:18.936 26219 INFO rally.task.runner [-] Task effcd64c-9c58-4620-8e93-6f78cc84c930 | ITER: 32 END: OK
2019-08-21 14:01:19.517 26216 INFO rally.task.runner [-] Task effcd64c-9c58-4620-8e93-6f78cc84c930 | ITER: 31 END: OK
2019-08-21 14:01:21.319 26203 INFO rally.task.runner [-] Task effcd64c-9c58-4620-8e93-6f78cc84c930 | ITER: 29 END: OK
2019-08-21 14:01:21.335 26208 INFO rally.task.runner [-] Task effcd64c-9c58-4620-8e93-6f78cc84c930 | ITER: 37 END: OK
2019-08-21 14:01:23.367 26222 INFO rally.task.runner [-] Task effcd64c-9c58-4620-8e93-6f78cc84c930 | ITER: 34 END: OK
2019-08-21 14:01:23.940 26201 INFO rally.task.runner [-] Task effcd64c-9c58-4620-8e93-6f78cc84c930 | ITER: 33 END: OK
2019-08-21 14:01:25.380 26197 INFO rally.task.runner [-] Task effcd64c-9c58-4620-8e93-6f78cc84c930 | ITER: 39 END: OK
2019-08-21 14:01:26.032 26231 INFO rally.task.runner [-] Task effcd64c-9c58-4620-8e93-6f78cc84c930 | ITER: 40 END: OK
2019-08-21 14:01:26.075 26228 INFO rally.task.runner [-] Task effcd64c-9c58-4620-8e93-6f78cc84c930 | ITER: 38 END: OK
2019-08-21 14:01:27.112 26211 INFO rally.task.runner [-] Task effcd64c-9c58-4620-8e93-6f78cc84c930 | ITER: 36 END: OK
2019-08-21 14:01:27.132 22209 INFO rally.task.context [-] Task effcd64c-9c58-4620-8e93-6f78cc84c930 | Context cleanup@openstack cleanup() started
2019-08-21 14:01:27.134 22209 RALLYDEBUG rally_openstack.cleanup.manager [-] Cleaning up neutron vip objects
2019-08-21 14:01:27.637 22209 RALLYDEBUG rally_openstack.cleanup.manager [-] Cleaning up neutron health_monitor objects
