2019-08-21 13:34:51.666 22209 INFO rally.task.engine [-] Running workload: position = 2 config = { "version": 2, "title": "A cropped version of a bigger task.", "description": "Auto-generated task from a single workload (uuid=4dd342ce-236e-433c-adcc-1db8e944be13)", "subtasks": [ { "title": "NeutronNetworks.create_and_delete_subnets", "description": "Create and delete a given number of subnets.", "scenario": { "NeutronNetworks.create_and_delete_subnets": { "network_create_args": {}, "subnet_create_args": {}, "subnet_cidr_start": "1.1.0.0/30", "subnets_per_network": 2 } }, "contexts": { "users": { "tenants": 1, "users_per_tenant": 1 }, "quotas": { "neutron": { "network": -1, "subnet": -1 } } }, "runner": { "constant": { "times": 40, "concurrency": 20 } }, "hooks": [], "sla": { "failure_rate": { "max": 0 } } } ] }
2019-08-21 13:34:51.676 22209 RALLYDEBUG rally_openstack.contexts.keystone.users [-] Creating 1 tenants using 20 threads
2019-08-21 13:34:52.832 22209 RALLYDEBUG rally_openstack.contexts.keystone.users [-] Creating 1 users using 20 threads
2019-08-21 13:34:54.468 22209 INFO rally.task.context [-] Task effcd64c-9c58-4620-8e93-6f78cc84c930 | Context users@openstack setup() finished in 2.79 sec
2019-08-21 13:34:55.098 22209 INFO rally.task.context [-] Task effcd64c-9c58-4620-8e93-6f78cc84c930 | Context quotas@openstack setup() finished in 0.63 sec
2019-08-21 13:34:55.098 22209 INFO rally.task.context [-] Task effcd64c-9c58-4620-8e93-6f78cc84c930 | Context cleanup@openstack setup() finished in 0.00 msec
2019-08-21 13:34:55.104 22209 RALLYDEBUG rally.task.runner [-] Starting the constant runner (task UUID: effcd64c-9c58-4620-8e93-6f78cc84c930). timeout: 0 concurrency: 20 concurrency_per_worker: 1 times: 40 concurrency_overhead: 0 processes_to_start: 20 max_cpu_used: 40
2019-08-21 13:34:55.111 24361 RALLYDEBUG rally.task.runner [-] Starting a worker. concurrency: 1 args: {"network_create_args": {}, "subnet_create_args": {}, "subnet_cidr_start": "1.1.0.0/30", "subnets_per_network": 2} times: 40 method_name: run timeout: 0 duration: None cls:
2019-08-21 13:34:55.114 24361 INFO rally.task.runner [-] Task effcd64c-9c58-4620-8e93-6f78cc84c930 | ITER: 1 START
2019-08-21 13:34:55.113 24362 RALLYDEBUG rally.task.runner [-] Starting a worker. concurrency: 1 args: {"network_create_args": {}, "subnet_create_args": {}, "subnet_cidr_start": "1.1.0.0/30", "subnets_per_network": 2} times: 40 method_name: run timeout: 0 duration: None cls:
2019-08-21 13:34:55.114 24361 WARNING rally_openstack.scenarios.neutron.utils [-] Running this scenario without either the 'network' or 'existing_network' context is deprecated
2019-08-21 13:34:55.115 24363 RALLYDEBUG rally.task.runner [-] Starting a worker. concurrency: 1 args: {"network_create_args": {}, "subnet_create_args": {}, "subnet_cidr_start": "1.1.0.0/30", "subnets_per_network": 2} times: 40 method_name: run timeout: 0 duration: None cls:
2019-08-21 13:34:55.116 24365 RALLYDEBUG rally.task.runner [-] Starting a worker. concurrency: 1 args: {"network_create_args": {}, "subnet_create_args": {}, "subnet_cidr_start": "1.1.0.0/30", "subnets_per_network": 2} times: 40 method_name: run timeout: 0 duration: None cls:
2019-08-21 13:34:55.117 24362 INFO rally.task.runner [-] Task effcd64c-9c58-4620-8e93-6f78cc84c930 | ITER: 2 START
2019-08-21 13:34:55.117 24362 WARNING rally_openstack.scenarios.neutron.utils [-] Running this scenario without either the 'network' or 'existing_network' context is deprecated
2019-08-21 13:34:55.118 24363 INFO rally.task.runner [-] Task effcd64c-9c58-4620-8e93-6f78cc84c930 | ITER: 3 START
2019-08-21 13:34:55.118 24367 RALLYDEBUG rally.task.runner [-] Starting a worker. concurrency: 1 args: {"network_create_args": {}, "subnet_create_args": {}, "subnet_cidr_start": "1.1.0.0/30", "subnets_per_network": 2} times: 40 method_name: run timeout: 0 duration: None cls:
2019-08-21 13:34:55.119 24363 WARNING rally_openstack.scenarios.neutron.utils [-] Running this scenario without either the 'network' or 'existing_network' context is deprecated
2019-08-21 13:34:55.119 24365 INFO rally.task.runner [-] Task effcd64c-9c58-4620-8e93-6f78cc84c930 | ITER: 4 START
2019-08-21 13:34:55.120 24370 RALLYDEBUG rally.task.runner [-] Starting a worker. concurrency: 1 args: {"network_create_args": {}, "subnet_create_args": {}, "subnet_cidr_start": "1.1.0.0/30", "subnets_per_network": 2} times: 40 method_name: run timeout: 0 duration: None cls:
2019-08-21 13:34:55.120 24365 WARNING rally_openstack.scenarios.neutron.utils [-] Running this scenario without either the 'network' or 'existing_network' context is deprecated
2019-08-21 13:34:55.121 24367 INFO rally.task.runner [-] Task effcd64c-9c58-4620-8e93-6f78cc84c930 | ITER: 5 START
2019-08-21 13:34:55.122 24367 WARNING rally_openstack.scenarios.neutron.utils [-] Running this scenario without either the 'network' or 'existing_network' context is deprecated
2019-08-21 13:34:55.123 24370 INFO rally.task.runner [-] Task effcd64c-9c58-4620-8e93-6f78cc84c930 | ITER: 6 START
2019-08-21 13:34:55.123 24375 RALLYDEBUG rally.task.runner [-] Starting a worker. concurrency: 1 args: {"network_create_args": {}, "subnet_create_args": {}, "subnet_cidr_start": "1.1.0.0/30", "subnets_per_network": 2} times: 40 method_name: run timeout: 0 duration: None cls:
2019-08-21 13:34:55.124 24370 WARNING rally_openstack.scenarios.neutron.utils [-] Running this scenario without either the 'network' or 'existing_network' context is deprecated
2019-08-21 13:34:55.126 24375 INFO rally.task.runner [-] Task effcd64c-9c58-4620-8e93-6f78cc84c930 | ITER: 7 START
2019-08-21 13:34:55.127 24375 WARNING rally_openstack.scenarios.neutron.utils [-] Running this scenario without either the 'network' or 'existing_network' context is deprecated
2019-08-21 13:34:55.128 24380 RALLYDEBUG rally.task.runner [-] Starting a worker. concurrency: 1 args: {"network_create_args": {}, "subnet_create_args": {}, "subnet_cidr_start": "1.1.0.0/30", "subnets_per_network": 2} times: 40 method_name: run timeout: 0 duration: None cls:
2019-08-21 13:34:55.131 24380 INFO rally.task.runner [-] Task effcd64c-9c58-4620-8e93-6f78cc84c930 | ITER: 8 START
2019-08-21 13:34:55.132 24380 WARNING rally_openstack.scenarios.neutron.utils [-] Running this scenario without either the 'network' or 'existing_network' context is deprecated
2019-08-21 13:34:55.134 24383 RALLYDEBUG rally.task.runner [-] Starting a worker. concurrency: 1 args: {"network_create_args": {}, "subnet_create_args": {}, "subnet_cidr_start": "1.1.0.0/30", "subnets_per_network": 2} times: 40 method_name: run timeout: 0 duration: None cls:
2019-08-21 13:34:55.136 24386 RALLYDEBUG rally.task.runner [-] Starting a worker. concurrency: 1 args: {"network_create_args": {}, "subnet_create_args": {}, "subnet_cidr_start": "1.1.0.0/30", "subnets_per_network": 2} times: 40 method_name: run timeout: 0 duration: None cls:
2019-08-21 13:34:55.137 24383 INFO rally.task.runner [-] Task effcd64c-9c58-4620-8e93-6f78cc84c930 | ITER: 9 START
2019-08-21 13:34:55.138 24383 WARNING rally_openstack.scenarios.neutron.utils [-] Running this scenario without either the 'network' or 'existing_network' context is deprecated
2019-08-21 13:34:55.138 24386 INFO rally.task.runner [-] Task effcd64c-9c58-4620-8e93-6f78cc84c930 | ITER: 10 START
2019-08-21 13:34:55.139 24386 WARNING rally_openstack.scenarios.neutron.utils [-] Running this scenario without either the 'network' or 'existing_network' context is deprecated
2019-08-21 13:34:55.139 24387 RALLYDEBUG rally.task.runner [-] Starting a worker. concurrency: 1 args: {"network_create_args": {}, "subnet_create_args": {}, "subnet_cidr_start": "1.1.0.0/30", "subnets_per_network": 2} times: 40 method_name: run timeout: 0 duration: None cls:
2019-08-21 13:34:55.142 24387 INFO rally.task.runner [-] Task effcd64c-9c58-4620-8e93-6f78cc84c930 | ITER: 11 START
2019-08-21 13:34:55.143 24387 WARNING rally_openstack.scenarios.neutron.utils [-] Running this scenario without either the 'network' or 'existing_network' context is deprecated
2019-08-21 13:34:55.144 24392 RALLYDEBUG rally.task.runner [-] Starting a worker. concurrency: 1 args: {"network_create_args": {}, "subnet_create_args": {}, "subnet_cidr_start": "1.1.0.0/30", "subnets_per_network": 2} times: 40 method_name: run timeout: 0 duration: None cls:
2019-08-21 13:34:55.145 24393 RALLYDEBUG rally.task.runner [-] Starting a worker. concurrency: 1 args: {"network_create_args": {}, "subnet_create_args": {}, "subnet_cidr_start": "1.1.0.0/30", "subnets_per_network": 2} times: 40 method_name: run timeout: 0 duration: None cls:
2019-08-21 13:34:55.147 24392 INFO rally.task.runner [-] Task effcd64c-9c58-4620-8e93-6f78cc84c930 | ITER: 12 START
2019-08-21 13:34:55.148 24392 WARNING rally_openstack.scenarios.neutron.utils [-] Running this scenario without either the 'network' or 'existing_network' context is deprecated
2019-08-21 13:34:55.148 24396 RALLYDEBUG rally.task.runner [-] Starting a worker. concurrency: 1 args: {"network_create_args": {}, "subnet_create_args": {}, "subnet_cidr_start": "1.1.0.0/30", "subnets_per_network": 2} times: 40 method_name: run timeout: 0 duration: None cls:
2019-08-21 13:34:55.149 24393 INFO rally.task.runner [-] Task effcd64c-9c58-4620-8e93-6f78cc84c930 | ITER: 13 START
2019-08-21 13:34:55.150 24393 WARNING rally_openstack.scenarios.neutron.utils [-] Running this scenario without either the 'network' or 'existing_network' context is deprecated
2019-08-21 13:34:55.150 24396 INFO rally.task.runner [-] Task effcd64c-9c58-4620-8e93-6f78cc84c930 | ITER: 14 START
2019-08-21 13:34:55.151 24396 WARNING rally_openstack.scenarios.neutron.utils [-] Running this scenario without either the 'network' or 'existing_network' context is deprecated
2019-08-21 13:34:55.152 24401 RALLYDEBUG rally.task.runner [-] Starting a worker. concurrency: 1 args: {"network_create_args": {}, "subnet_create_args": {}, "subnet_cidr_start": "1.1.0.0/30", "subnets_per_network": 2} times: 40 method_name: run timeout: 0 duration: None cls:
2019-08-21 13:34:55.155 24401 INFO rally.task.runner [-] Task effcd64c-9c58-4620-8e93-6f78cc84c930 | ITER: 15 START
2019-08-21 13:34:55.156 24401 WARNING rally_openstack.scenarios.neutron.utils [-] Running this scenario without either the 'network' or 'existing_network' context is deprecated
2019-08-21 13:34:55.156 24404 RALLYDEBUG rally.task.runner [-] Starting a worker. concurrency: 1 args: {"network_create_args": {}, "subnet_create_args": {}, "subnet_cidr_start": "1.1.0.0/30", "subnets_per_network": 2} times: 40 method_name: run timeout: 0 duration: None cls:
2019-08-21 13:34:55.159 24404 INFO rally.task.runner [-] Task effcd64c-9c58-4620-8e93-6f78cc84c930 | ITER: 16 START
2019-08-21 13:34:55.160 24407 RALLYDEBUG rally.task.runner [-] Starting a worker. concurrency: 1 args: {"network_create_args": {}, "subnet_create_args": {}, "subnet_cidr_start": "1.1.0.0/30", "subnets_per_network": 2} times: 40 method_name: run timeout: 0 duration: None cls:
2019-08-21 13:34:55.160 24404 WARNING rally_openstack.scenarios.neutron.utils [-] Running this scenario without either the 'network' or 'existing_network' context is deprecated
2019-08-21 13:34:55.161 24408 RALLYDEBUG rally.task.runner [-] Starting a worker. concurrency: 1 args: {"network_create_args": {}, "subnet_create_args": {}, "subnet_cidr_start": "1.1.0.0/30", "subnets_per_network": 2} times: 40 method_name: run timeout: 0 duration: None cls:
2019-08-21 13:34:55.164 24407 INFO rally.task.runner [-] Task effcd64c-9c58-4620-8e93-6f78cc84c930 | ITER: 17 START
2019-08-21 13:34:55.164 24408 INFO rally.task.runner [-] Task effcd64c-9c58-4620-8e93-6f78cc84c930 | ITER: 18 START
2019-08-21 13:34:55.164 24407 WARNING rally_openstack.scenarios.neutron.utils [-] Running this scenario without either the 'network' or 'existing_network' context is deprecated
2019-08-21 13:34:55.165 24408 WARNING rally_openstack.scenarios.neutron.utils [-] Running this scenario without either the 'network' or 'existing_network' context is deprecated
2019-08-21 13:34:55.165 24411 RALLYDEBUG rally.task.runner [-] Starting a worker. concurrency: 1 args: {"network_create_args": {}, "subnet_create_args": {}, "subnet_cidr_start": "1.1.0.0/30", "subnets_per_network": 2} times: 40 method_name: run timeout: 0 duration: None cls:
2019-08-21 13:34:55.168 24411 INFO rally.task.runner [-] Task effcd64c-9c58-4620-8e93-6f78cc84c930 | ITER: 19 START
2019-08-21 13:34:55.168 24416 RALLYDEBUG rally.task.runner [-] Starting a worker. concurrency: 1 args: {"network_create_args": {}, "subnet_create_args": {}, "subnet_cidr_start": "1.1.0.0/30", "subnets_per_network": 2} times: 40 method_name: run timeout: 0 duration: None cls:
2019-08-21 13:34:55.168 24411 WARNING rally_openstack.scenarios.neutron.utils [-] Running this scenario without either the 'network' or 'existing_network' context is deprecated
2019-08-21 13:34:55.171 24416 INFO rally.task.runner [-] Task effcd64c-9c58-4620-8e93-6f78cc84c930 | ITER: 20 START
2019-08-21 13:34:55.171 24416 WARNING rally_openstack.scenarios.neutron.utils [-] Running this scenario without either the 'network' or 'existing_network' context is deprecated
2019-08-21 13:34:56.147 24361 RALLYDEBUG rally_openstack.wrappers.network [-] CIDR generated: 1.1.4.96/30
2019-08-21 13:34:56.488 24363 RALLYDEBUG rally_openstack.wrappers.network [-] CIDR generated: 1.1.4.100/30
2019-08-21 13:34:56.639 24367 RALLYDEBUG rally_openstack.wrappers.network [-] CIDR generated: 1.1.4.104/30
2019-08-21 13:34:56.717 24362 RALLYDEBUG rally_openstack.wrappers.network [-] CIDR generated: 1.1.4.108/30
2019-08-21 13:34:57.074 24365 RALLYDEBUG rally_openstack.wrappers.network [-] CIDR generated: 1.1.4.112/30
2019-08-21 13:34:57.826 24361 RALLYDEBUG rally_openstack.wrappers.network [-] CIDR generated: 1.1.4.116/30
2019-08-21 13:34:58.001 24370 RALLYDEBUG rally_openstack.wrappers.network [-] CIDR generated: 1.1.4.120/30
2019-08-21 13:34:58.345 24375 RALLYDEBUG rally_openstack.wrappers.network [-] CIDR generated: 1.1.4.124/30
2019-08-21 13:34:59.764 24392 RALLYDEBUG rally_openstack.wrappers.network [-] CIDR generated: 1.1.4.128/30
2019-08-21 13:34:59.853 24386 RALLYDEBUG rally_openstack.wrappers.network [-] CIDR generated: 1.1.4.132/30
2019-08-21 13:35:00.114 24383 RALLYDEBUG rally_openstack.wrappers.network [-] CIDR generated: 1.1.4.136/30
2019-08-21 13:35:00.137 24401 RALLYDEBUG rally_openstack.wrappers.network [-] CIDR generated: 1.1.4.140/30
2019-08-21 13:35:00.201 24393 RALLYDEBUG rally_openstack.wrappers.network [-] CIDR generated: 1.1.4.144/30
2019-08-21 13:35:00.258 24380 RALLYDEBUG rally_openstack.wrappers.network [-] CIDR generated: 1.1.4.148/30
2019-08-21 13:35:00.532 24408 RALLYDEBUG rally_openstack.wrappers.network [-] CIDR generated: 1.1.4.152/30
2019-08-21 13:35:01.185 24396 RALLYDEBUG rally_openstack.wrappers.network [-] CIDR generated: 1.1.4.156/30
2019-08-21 13:35:01.323 24387 RALLYDEBUG rally_openstack.wrappers.network [-] CIDR generated: 1.1.4.160/30
2019-08-21 13:35:01.324 24411 RALLYDEBUG rally_openstack.wrappers.network [-] CIDR generated: 1.1.4.164/30
2019-08-21 13:35:01.325 24416 RALLYDEBUG rally_openstack.wrappers.network [-] CIDR generated: 1.1.4.168/30
2019-08-21 13:35:02.748 24363 RALLYDEBUG rally_openstack.wrappers.network [-] CIDR generated: 1.1.4.172/30
2019-08-21 13:35:03.725 24401 RALLYDEBUG rally_openstack.wrappers.network [-] CIDR generated: 1.1.4.176/30
2019-08-21 13:35:03.788 24407 RALLYDEBUG rally_openstack.wrappers.network [-] CIDR generated: 1.1.4.180/30
2019-08-21 13:35:03.971 24367 RALLYDEBUG rally_openstack.wrappers.network [-] CIDR generated: 1.1.4.184/30
2019-08-21 13:35:04.049 24392 RALLYDEBUG rally_openstack.wrappers.network [-] CIDR generated: 1.1.4.188/30
2019-08-21 13:35:04.083 24404 RALLYDEBUG rally_openstack.wrappers.network [-] CIDR generated: 1.1.4.192/30
2019-08-21 13:35:04.663 24386 RALLYDEBUG rally_openstack.wrappers.network [-] CIDR generated: 1.1.4.196/30
2019-08-21 13:35:04.824 24370 RALLYDEBUG rally_openstack.wrappers.network [-] CIDR generated: 1.1.4.200/30
2019-08-21 13:35:05.545 24383 RALLYDEBUG rally_openstack.wrappers.network [-] CIDR generated: 1.1.4.204/30
2019-08-21 13:35:06.026 24362 RALLYDEBUG rally_openstack.wrappers.network [-] CIDR generated: 1.1.4.208/30
2019-08-21 13:35:06.079 24365 RALLYDEBUG rally_openstack.wrappers.network [-] CIDR generated: 1.1.4.212/30
2019-08-21 13:35:07.074 24380 RALLYDEBUG rally_openstack.wrappers.network [-] CIDR generated: 1.1.4.216/30
2019-08-21 13:35:09.751 24396 RALLYDEBUG rally_openstack.wrappers.network [-] CIDR generated: 1.1.4.220/30
2019-08-21 13:35:10.322 24408 RALLYDEBUG rally_openstack.wrappers.network [-] CIDR generated: 1.1.4.224/30
2019-08-21 13:35:12.315 24393 RALLYDEBUG rally_openstack.wrappers.network [-] CIDR generated: 1.1.4.228/30
2019-08-21 13:35:12.604 24387 RALLYDEBUG rally_openstack.wrappers.network [-] CIDR generated: 1.1.4.232/30
2019-08-21 13:35:12.610 24407 RALLYDEBUG rally_openstack.wrappers.network [-] CIDR generated: 1.1.4.236/30
2019-08-21 13:35:13.548 24404 RALLYDEBUG rally_openstack.wrappers.network [-] CIDR generated: 1.1.4.240/30
2019-08-21 13:35:13.812 24411 RALLYDEBUG rally_openstack.wrappers.network [-] CIDR generated: 1.1.4.244/30
2019-08-21 13:35:15.221 24416 RALLYDEBUG rally_openstack.wrappers.network [-] CIDR generated: 1.1.4.248/30
2019-08-21 13:35:15.426 24375 RALLYDEBUG rally_openstack.wrappers.network [-] CIDR generated: 1.1.4.252/30
2019-08-21 13:35:15.539 24361 INFO rally.task.runner [-] Task effcd64c-9c58-4620-8e93-6f78cc84c930 | ITER: 1 END: OK
2019-08-21 13:35:15.543 24361 INFO rally.task.runner [-] Task effcd64c-9c58-4620-8e93-6f78cc84c930 | ITER: 21 START
2019-08-21 13:35:15.543 24361 WARNING rally_openstack.scenarios.neutron.utils [-] Running this scenario without either the 'network' or 'existing_network' context is deprecated
2019-08-21 13:35:18.364 24392 INFO rally.task.runner [-] Task effcd64c-9c58-4620-8e93-6f78cc84c930 | ITER: 12 END: OK
2019-08-21 13:35:18.367 24392 INFO rally.task.runner [-] Task effcd64c-9c58-4620-8e93-6f78cc84c930 | ITER: 22 START
2019-08-21 13:35:18.367 24392 WARNING rally_openstack.scenarios.neutron.utils [-] Running this scenario without either the 'network' or 'existing_network' context is deprecated
2019-08-21 13:35:19.307 24401 INFO rally.task.runner [-] Task effcd64c-9c58-4620-8e93-6f78cc84c930 | ITER: 15 END: OK
2019-08-21 13:35:19.310 24401 INFO rally.task.runner [-] Task effcd64c-9c58-4620-8e93-6f78cc84c930 | ITER: 23 START
2019-08-21 13:35:19.310 24401 WARNING rally_openstack.scenarios.neutron.utils [-] Running this scenario without either the 'network' or 'existing_network' context is deprecated
2019-08-21 13:35:19.516 24363 INFO rally.task.runner [-] Task effcd64c-9c58-4620-8e93-6f78cc84c930 | ITER: 3 END: OK
2019-08-21 13:35:19.519 24363 INFO rally.task.runner [-] Task effcd64c-9c58-4620-8e93-6f78cc84c930 | ITER: 24 START
2019-08-21 13:35:19.519 24363 WARNING rally_openstack.scenarios.neutron.utils [-] Running this scenario without either the 'network' or 'existing_network' context is deprecated
2019-08-21 13:35:20.391 24401 RALLYDEBUG rally_openstack.wrappers.network [-] CIDR generated: 1.1.5.0/30
2019-08-21 13:35:22.277 24361 RALLYDEBUG rally_openstack.wrappers.network [-] CIDR generated: 1.1.5.4/30
2019-08-21 13:35:22.411 24401 RALLYDEBUG rally_openstack.wrappers.network [-] CIDR generated: 1.1.5.8/30
2019-08-21 13:35:23.284 24363 RALLYDEBUG rally_openstack.wrappers.network [-] CIDR generated: 1.1.5.12/30
2019-08-21 13:35:23.481 24392 RALLYDEBUG rally_openstack.wrappers.network [-] CIDR generated: 1.1.5.16/30
2019-08-21 13:35:23.916 24383 INFO rally.task.runner [-] Task effcd64c-9c58-4620-8e93-6f78cc84c930 | ITER: 9 END: OK
2019-08-21 13:35:23.919 24383 INFO rally.task.runner [-] Task effcd64c-9c58-4620-8e93-6f78cc84c930 | ITER: 25 START
2019-08-21 13:35:23.919 24383 WARNING rally_openstack.scenarios.neutron.utils [-] Running this scenario without either the 'network' or 'existing_network' context is deprecated
2019-08-21 13:35:25.933 24383 RALLYDEBUG rally_openstack.wrappers.network [-] CIDR generated: 1.1.5.20/30
2019-08-21 13:35:26.693 24386 INFO rally.task.runner [-] Task effcd64c-9c58-4620-8e93-6f78cc84c930 | ITER: 10 END: OK
2019-08-21 13:35:26.696 24386 INFO rally.task.runner [-] Task effcd64c-9c58-4620-8e93-6f78cc84c930 | ITER: 26 START
2019-08-21 13:35:26.696 24386 WARNING rally_openstack.scenarios.neutron.utils [-] Running this scenario without either the 'network' or 'existing_network' context is deprecated
2019-08-21 13:35:26.874 24380 INFO rally.task.runner [-] Task effcd64c-9c58-4620-8e93-6f78cc84c930 | ITER: 8 END: OK
2019-08-21 13:35:26.877 24380 INFO rally.task.runner [-] Task effcd64c-9c58-4620-8e93-6f78cc84c930 | ITER: 27 START
2019-08-21 13:35:26.878 24380 WARNING rally_openstack.scenarios.neutron.utils [-] Running this scenario without either the 'network' or 'existing_network' context is deprecated
2019-08-21 13:35:28.925 24380 RALLYDEBUG rally_openstack.wrappers.network [-] CIDR generated: 1.1.5.24/30
2019-08-21 13:35:29.176 24401 INFO rally.task.runner [-] Task effcd64c-9c58-4620-8e93-6f78cc84c930 | ITER: 23 END: OK
2019-08-21 13:35:29.179 24401 INFO rally.task.runner [-] Task effcd64c-9c58-4620-8e93-6f78cc84c930 | ITER: 28 START
2019-08-21 13:35:29.179 24401 WARNING rally_openstack.scenarios.neutron.utils [-] Running this scenario without either the 'network' or 'existing_network' context is deprecated
2019-08-21 13:35:29.259 24361 RALLYDEBUG rally_openstack.wrappers.network [-] CIDR generated: 1.1.5.28/30
2019-08-21 13:35:30.142 24386 RALLYDEBUG rally_openstack.wrappers.network [-] CIDR generated: 1.1.5.32/30
2019-08-21 13:35:30.144 24383 RALLYDEBUG rally_openstack.wrappers.network [-] CIDR generated: 1.1.5.36/30
2019-08-21 13:35:31.223 24401 RALLYDEBUG rally_openstack.wrappers.network [-] CIDR generated: 1.1.5.40/30
2019-08-21 13:35:32.698 24370 INFO rally.task.runner [-] Task effcd64c-9c58-4620-8e93-6f78cc84c930 | ITER: 6 END: OK
2019-08-21 13:35:32.701 24370 INFO rally.task.runner [-] Task effcd64c-9c58-4620-8e93-6f78cc84c930 | ITER: 29 START
2019-08-21 13:35:32.702 24370 WARNING rally_openstack.scenarios.neutron.utils [-] Running this scenario without either the 'network' or 'existing_network' context is deprecated
2019-08-21 13:35:34.059 24380 RALLYDEBUG rally_openstack.wrappers.network [-] CIDR generated: 1.1.5.44/30
2019-08-21 13:35:34.846 24386 RALLYDEBUG rally_openstack.wrappers.network [-] CIDR generated: 1.1.5.48/30
2019-08-21 13:35:34.995 24361 INFO rally.task.runner [-] Task effcd64c-9c58-4620-8e93-6f78cc84c930 | ITER: 21 END: OK
2019-08-21 13:35:34.997 24361 INFO rally.task.runner [-] Task effcd64c-9c58-4620-8e93-6f78cc84c930 | ITER: 30 START
2019-08-21 13:35:34.998 24361 WARNING rally_openstack.scenarios.neutron.utils [-] Running this scenario without either the 'network' or 'existing_network' context is deprecated
2019-08-21 13:35:35.105 24370 RALLYDEBUG rally_openstack.wrappers.network [-] CIDR generated: 1.1.5.52/30
2019-08-21 13:35:35.315 24392 RALLYDEBUG rally_openstack.wrappers.network [-] CIDR generated: 1.1.5.56/30
2019-08-21 13:35:35.854 24361 RALLYDEBUG rally_openstack.wrappers.network [-] CIDR generated: 1.1.5.60/30
2019-08-21 13:35:38.204 24361 RALLYDEBUG rally_openstack.wrappers.network [-] CIDR generated: 1.1.5.64/30
2019-08-21 13:35:39.513 24408 INFO rally.task.runner [-] Task effcd64c-9c58-4620-8e93-6f78cc84c930 | ITER: 18 END: OK
2019-08-21 13:35:39.517 24408 INFO rally.task.runner [-] Task effcd64c-9c58-4620-8e93-6f78cc84c930 | ITER: 31 START
2019-08-21 13:35:39.517 24408 WARNING rally_openstack.scenarios.neutron.utils [-] Running this scenario without either the 'network' or 'existing_network' context is deprecated
2019-08-21 13:35:40.777 24367 INFO rally.task.runner [-] Task effcd64c-9c58-4620-8e93-6f78cc84c930 | ITER: 5 END: OK
2019-08-21 13:35:40.779 24367 INFO rally.task.runner [-] Task effcd64c-9c58-4620-8e93-6f78cc84c930 | ITER: 32 START
2019-08-21 13:35:40.780 24367 WARNING rally_openstack.scenarios.neutron.utils [-] Running this scenario without either the 'network' or 'existing_network' context is deprecated
2019-08-21 13:35:40.978 24396 INFO rally.task.runner [-] Task effcd64c-9c58-4620-8e93-6f78cc84c930 | ITER: 14 END: OK
2019-08-21 13:35:40.981 24396 INFO rally.task.runner [-] Task effcd64c-9c58-4620-8e93-6f78cc84c930 | ITER: 33 START
2019-08-21 13:35:40.981 24396 WARNING rally_openstack.scenarios.neutron.utils [-] Running this scenario without either the 'network' or 'existing_network' context is deprecated
2019-08-21 13:35:43.732 24396 RALLYDEBUG rally_openstack.wrappers.network [-] CIDR generated: 1.1.5.68/30
2019-08-21 13:35:43.972 24408 RALLYDEBUG rally_openstack.wrappers.network [-] CIDR generated: 1.1.5.72/30
2019-08-21 13:35:44.222 24401 RALLYDEBUG rally_openstack.wrappers.network [-] CIDR generated: 1.1.5.76/30
2019-08-21 13:35:44.739 24367 RALLYDEBUG rally_openstack.wrappers.network [-] CIDR generated: 1.1.5.80/30
2019-08-21 13:35:47.845 24367 RALLYDEBUG rally_openstack.wrappers.network [-] CIDR generated: 1.1.5.84/30
2019-08-21 13:35:47.897 24361 INFO rally.task.runner [-] Task effcd64c-9c58-4620-8e93-6f78cc84c930 | ITER: 30 END: OK
2019-08-21 13:35:47.903 24361 INFO rally.task.runner [-] Task effcd64c-9c58-4620-8e93-6f78cc84c930 | ITER: 34 START
2019-08-21 13:35:47.904 24361 WARNING rally_openstack.scenarios.neutron.utils [-] Running this scenario without either the 'network' or 'existing_network' context is deprecated
2019-08-21 13:35:48.198 24370 RALLYDEBUG rally_openstack.wrappers.network [-] CIDR generated: 1.1.5.88/30
2019-08-21 13:35:48.939 24362 INFO rally.task.runner [-] Task effcd64c-9c58-4620-8e93-6f78cc84c930 | ITER: 2 END: OK
2019-08-21 13:35:48.945 24362 INFO rally.task.runner [-] Task effcd64c-9c58-4620-8e93-6f78cc84c930 | ITER: 35 START
2019-08-21 13:35:48.946 24362 WARNING rally_openstack.scenarios.neutron.utils [-] Running this scenario without either the 'network' or 'existing_network' context is deprecated
2019-08-21 13:35:49.696 24393 INFO rally.task.runner [-] Task effcd64c-9c58-4620-8e93-6f78cc84c930 | ITER: 13 END: OK
2019-08-21 13:35:49.702 24393 INFO rally.task.runner [-] Task effcd64c-9c58-4620-8e93-6f78cc84c930 | ITER: 36 START
2019-08-21 13:35:49.703 24393 WARNING rally_openstack.scenarios.neutron.utils [-] Running this scenario without either the 'network' or 'existing_network' context is deprecated
2019-08-21 13:35:50.168 24361 RALLYDEBUG rally_openstack.wrappers.network [-] CIDR generated: 1.1.5.92/30
2019-08-21 13:35:52.353 24393 RALLYDEBUG rally_openstack.wrappers.network [-] CIDR generated: 1.1.5.96/30
2019-08-21 13:35:52.496 24363 RALLYDEBUG rally_openstack.wrappers.network [-] CIDR generated: 1.1.5.100/30
2019-08-21 13:35:52.499 24396 RALLYDEBUG rally_openstack.wrappers.network [-] CIDR generated: 1.1.5.104/30
2019-08-21 13:35:54.938 24362 RALLYDEBUG rally_openstack.wrappers.network [-] CIDR generated: 1.1.5.108/30
2019-08-21 13:35:56.386 24393 RALLYDEBUG rally_openstack.wrappers.network [-] CIDR generated: 1.1.5.112/30
2019-08-21 13:35:56.607 24367 INFO rally.task.runner [-] Task effcd64c-9c58-4620-8e93-6f78cc84c930 | ITER: 32 END: OK
2019-08-21 13:35:56.611 24367 INFO rally.task.runner [-] Task effcd64c-9c58-4620-8e93-6f78cc84c930 | ITER: 37 START
2019-08-21 13:35:56.611 24367 WARNING rally_openstack.scenarios.neutron.utils [-] Running this scenario without either the 'network' or 'existing_network' context is deprecated
2019-08-21 13:35:57.755 24367 RALLYDEBUG rally_openstack.wrappers.network [-] CIDR generated: 1.1.5.116/30
2019-08-21 13:35:59.411 24408 RALLYDEBUG rally_openstack.wrappers.network [-] CIDR generated: 1.1.5.120/30
2019-08-21 13:36:00.548 24383 INFO rally.task.runner [-] Task effcd64c-9c58-4620-8e93-6f78cc84c930 | ITER: 25 END: OK
2019-08-21 13:36:00.553 24383 INFO rally.task.runner [-] Task effcd64c-9c58-4620-8e93-6f78cc84c930 | ITER: 38 START
2019-08-21 13:36:00.554 24383 WARNING rally_openstack.scenarios.neutron.utils [-] Running this scenario without either the 'network' or 'existing_network' context is deprecated
2019-08-21 13:36:01.832 24361 RALLYDEBUG rally_openstack.wrappers.network [-] CIDR generated: 1.1.5.124/30
2019-08-21 13:36:02.029 24380 INFO rally.task.runner [-] Task effcd64c-9c58-4620-8e93-6f78cc84c930 | ITER: 27 END: OK
2019-08-21 13:36:02.034 24380 INFO rally.task.runner [-] Task effcd64c-9c58-4620-8e93-6f78cc84c930 | ITER: 39 START
2019-08-21 13:36:02.034 24380 WARNING rally_openstack.scenarios.neutron.utils [-] Running this scenario without either the 'network' or 'existing_network' context is deprecated
2019-08-21 13:36:02.086 24386 INFO rally.task.runner [-] Task effcd64c-9c58-4620-8e93-6f78cc84c930 | ITER: 26 END: OK
2019-08-21 13:36:02.091 24386 INFO rally.task.runner [-] Task effcd64c-9c58-4620-8e93-6f78cc84c930 | ITER: 40 START
2019-08-21 13:36:02.092 24386 WARNING rally_openstack.scenarios.neutron.utils [-] Running this scenario without either the 'network' or 'existing_network' context is deprecated
2019-08-21 13:36:03.506 24380 RALLYDEBUG rally_openstack.wrappers.network [-] CIDR generated: 1.1.5.128/30
2019-08-21 13:36:03.621 24367 RALLYDEBUG rally_openstack.wrappers.network [-] CIDR generated: 1.1.5.132/30
2019-08-21 13:36:03.743 24383 RALLYDEBUG rally_openstack.wrappers.network [-] CIDR generated: 1.1.5.136/30
2019-08-21 13:36:04.804 24392 INFO rally.task.runner [-] Task effcd64c-9c58-4620-8e93-6f78cc84c930 | ITER: 22 END: OK
2019-08-21 13:36:05.761 24386 RALLYDEBUG rally_openstack.wrappers.network [-] CIDR generated: 1.1.5.140/30
2019-08-21 13:36:06.368 24362 RALLYDEBUG rally_openstack.wrappers.network [-] CIDR generated: 1.1.5.144/30
2019-08-21 13:36:11.201 24370 INFO rally.task.runner [-] Task effcd64c-9c58-4620-8e93-6f78cc84c930 | ITER: 29 END: OK
2019-08-21 13:36:11.558 24386 RALLYDEBUG rally_openstack.wrappers.network [-] CIDR generated: 1.1.5.148/30
2019-08-21 13:36:12.198 24383 RALLYDEBUG rally_openstack.wrappers.network [-] CIDR generated: 1.1.5.152/30
2019-08-21 13:36:12.284 24393 INFO rally.task.runner [-] Task effcd64c-9c58-4620-8e93-6f78cc84c930 | ITER: 36 END: OK
2019-08-21 13:36:12.409 24380 RALLYDEBUG rally_openstack.wrappers.network [-] CIDR generated: 1.1.5.156/30
2019-08-21 13:36:12.689 24408 INFO rally.task.runner [-] Task effcd64c-9c58-4620-8e93-6f78cc84c930 | ITER: 31 END: OK
2019-08-21 13:36:15.440 24401 INFO rally.task.runner [-] Task effcd64c-9c58-4620-8e93-6f78cc84c930 | ITER: 28 END: OK
2019-08-21 13:36:15.449 24404 INFO rally.task.runner [-] Task effcd64c-9c58-4620-8e93-6f78cc84c930 | ITER: 16 END: OK
2019-08-21 13:36:15.609 24365 INFO rally.task.runner [-] Task effcd64c-9c58-4620-8e93-6f78cc84c930 | ITER: 4 END: OK
2019-08-21 13:36:15.692 24411 INFO rally.task.runner [-] Task effcd64c-9c58-4620-8e93-6f78cc84c930 | ITER: 19 END: OK
2019-08-21 13:36:18.826 24396 INFO rally.task.runner [-] Task effcd64c-9c58-4620-8e93-6f78cc84c930 | ITER: 33 END: OK
2019-08-21 13:36:19.087 24375 INFO rally.task.runner [-] Task effcd64c-9c58-4620-8e93-6f78cc84c930 | ITER: 7 END: OK
2019-08-21 13:36:19.223 24416 INFO rally.task.runner [-] Task effcd64c-9c58-4620-8e93-6f78cc84c930 | ITER: 20 END: OK
2019-08-21 13:36:20.157 24387 INFO rally.task.runner [-] Task effcd64c-9c58-4620-8e93-6f78cc84c930 | ITER: 11 END: OK
2019-08-21 13:36:22.008 24407 INFO rally.task.runner [-] Task effcd64c-9c58-4620-8e93-6f78cc84c930 | ITER: 17 END: OK
2019-08-21 13:36:22.084 24367 INFO rally.task.runner [-] Task effcd64c-9c58-4620-8e93-6f78cc84c930 | ITER: 37 END: OK
2019-08-21 13:36:23.223 24386 INFO rally.task.runner [-] Task effcd64c-9c58-4620-8e93-6f78cc84c930 | ITER: 40 END: OK
2019-08-21 13:36:25.876 24363 INFO rally.task.runner [-] Task effcd64c-9c58-4620-8e93-6f78cc84c930 | ITER: 24 END: OK
2019-08-21 13:36:26.926 24362 INFO rally.task.runner [-] Task effcd64c-9c58-4620-8e93-6f78cc84c930 | ITER: 35 END: OK
2019-08-21 13:36:27.175 24380 INFO rally.task.runner [-] Task effcd64c-9c58-4620-8e93-6f78cc84c930 | ITER: 39 END: OK
2019-08-21 13:36:28.301 24383 INFO rally.task.runner [-] Task effcd64c-9c58-4620-8e93-6f78cc84c930 | ITER: 38 END: OK
2019-08-21 13:36:28.622 24361 INFO rally.task.runner [-] Task effcd64c-9c58-4620-8e93-6f78cc84c930 | ITER: 34 END: OK
2019-08-21 13:36:28.643 22209 INFO rally.task.context [-] Task effcd64c-9c58-4620-8e93-6f78cc84c930 | Context cleanup@openstack cleanup() started
2019-08-21 13:36:28.645 22209 RALLYDEBUG rally_openstack.cleanup.manager [-] Cleaning up neutron vip objects
2019-08-21 13:36:29.167 22209 RALLYDEBUG rally_openstack.cleanup.manager [-] Cleaning up neutron health_monitor objects
2019-08-21 13:36:29.694 22209 RALLYDEBUG rally_openstack.cleanup.manager [-] Cleaning up neutron pool objects
2019-08-21 13:36:30.231 22209 RALLYDEBUG rally_openstack.cleanup.manager [-] Cleaning up neutron loadbalancer objects
2019-08-21 13:36:30.757 22209 RALLYDEBUG rally_openstack.cleanup.manager [-] Cleaning up neutron floatingip objects
2019-08-21 13:36:31.328 22209 RALLYDEBUG rally_openstack.cleanup.manager [-] Cleaning up neutron port objects
2019-08-21 13:36:31.895 22209 RALLYDEBUG rally_openstack.cleanup.manager [-] Cleaning up neutron subnet objects
2019-08-21 13:36:32.483 22209 RALLYDEBUG rally_openstack.cleanup.manager [-] Cleaning up neutron network objects
2019-08-21 13:36:33.225 22209 RALLYDEBUG rally_openstack.cleanup.manager [-] Deleting neutron.network object s_rally_4dd342ce_pDQX27Bb (07fd7bd7-3e34-42b8-bd3c-38a6c6367263)
2019-08-21 13:36:33.228 22209 RALLYDEBUG rally_openstack.cleanup.manager [-] Deleting neutron.network object s_rally_4dd342ce_NxsOqP51 (237170a3-3518-44ef-a58e-598965c9ea57)
2019-08-21 13:36:33.234 22209 RALLYDEBUG rally_openstack.cleanup.manager [-] Deleting neutron.network object s_rally_4dd342ce_E8vaEwn7 (2e68b882-f829-475d-b8c9-accdc8d7fcc5)
2019-08-21 13:36:33.238 22209 RALLYDEBUG rally_openstack.cleanup.manager [-] Deleting neutron.network object s_rally_4dd342ce_lRiahQij (34ba2845-8266-4fcc-8d42-7f2a2b352197)
2019-08-21 13:36:33.242 22209 RALLYDEBUG rally_openstack.cleanup.manager [-] Deleting neutron.network object s_rally_4dd342ce_JYYPV8kF (3addb6ec-7201-4342-aaf3-7faffdd1f2e8)
2019-08-21 13:36:33.252 22209 RALLYDEBUG rally_openstack.cleanup.manager [-] Deleting neutron.network object s_rally_4dd342ce_Vg6GcDbs (44bbd424-a840-4d25-a858-9f468a6149e1)
2019-08-21 13:36:33.253 22209 RALLYDEBUG rally_openstack.cleanup.manager [-] Deleting neutron.network object s_rally_4dd342ce_LlHaYS8b (403bcfd6-4cd1-457c-955c-453095f6e6ad)
2019-08-21 13:36:33.257 22209 RALLYDEBUG rally_openstack.cleanup.manager [-] Deleting neutron.network object s_rally_4dd342ce_SR1KrHc8 (471abf81-eb75-4fed-8903-267606f6dde4)
2019-08-21 13:36:33.268 22209 RALLYDEBUG rally_openstack.cleanup.manager [-] Deleting neutron.network object s_rally_4dd342ce_mk69SJUd (485fee4d-eaa4-4b9b-be10-e00e86063524)
2019-08-21 13:36:33.271 22209 RALLYDEBUG rally_openstack.cleanup.manager [-] Deleting neutron.network object s_rally_4dd342ce_zAtCqmWs (55256cc0-8a65-4b92-ad6a-588f7000638f)
2019-08-21 13:36:33.280 22209 RALLYDEBUG rally_openstack.cleanup.manager [-] Deleting neutron.network object s_rally_4dd342ce_ATSM0ygn (61c20698-b88d-4bbd-bf66-471949ce2e16)
2019-08-21 13:36:33.289 22209 RALLYDEBUG rally_openstack.cleanup.manager [-] Deleting neutron.network object s_rally_4dd342ce_Ka8S9OZQ (67f9da44-1162-4407-9984-078ab4123fc0)
2019-08-21 13:36:33.295 22209 RALLYDEBUG rally_openstack.cleanup.manager [-] Deleting neutron.network object s_rally_4dd342ce_gGJNu4Jm (735211d2-cf55-4984-b4b7-4ad3e2beb3ec)
2019-08-21 13:36:33.313 22209 RALLYDEBUG rally_openstack.cleanup.manager [-] Deleting neutron.network object s_rally_4dd342ce_UGXY32kE (7ababd9a-606f-4d67-af0c-4facccaaca08)
2019-08-21 13:36:33.322 22209 RALLYDEBUG rally_openstack.cleanup.manager [-] Deleting neutron.network object s_rally_4dd342ce_HAVx3lTs (79158b19-6a73-4c2d-925a-8b4f90f688c0)
2019-08-21 13:36:33.341 22209 RALLYDEBUG rally_openstack.cleanup.manager [-] Deleting neutron.network object s_rally_4dd342ce_9oGAkO2w (7d6a1b59-037d-4e37-86f4-9a9d1dd9336b)
2019-08-21 13:36:33.345 22209 RALLYDEBUG rally_openstack.cleanup.manager [-] Deleting neutron.network object s_rally_4dd342ce_pT8YVE7B (87070b2d-225c-451c-a41a-87c7b3a237e4)
2019-08-21 13:36:33.348 22209 RALLYDEBUG rally_openstack.cleanup.manager [-] Deleting neutron.network object s_rally_4dd342ce_s1waXBU5 (a67b9e35-20b8-4203-b430-aee17cc950ff)
2019-08-21 13:36:33.352 22209 RALLYDEBUG rally_openstack.cleanup.manager [-] Deleting neutron.network object s_rally_4dd342ce_K5jfhCNB (8fd4f61c-7625-40de-9958-0de39de309a3)
2019-08-21 13:36:33.374 22209 RALLYDEBUG rally_openstack.cleanup.manager [-] Deleting neutron.network object s_rally_4dd342ce_3AZK0B6w (a3764617-fad7-41a8-a6d3-6a3ccf36da5e)
2019-08-21 13:36:36.628 22209 RALLYDEBUG rally_openstack.cleanup.manager [-] Deleting neutron.network object s_rally_4dd342ce_H2tc9oHQ (a747998a-5ff2-46a0-b9f8-fd2d11098f77)
2019-08-21 13:36:37.891 22209 RALLYDEBUG rally_openstack.cleanup.manager [-] Deleting neutron.network object s_rally_4dd342ce_lAWJhrX3 (ab6a39e2-bc74-4469-98ac-7b668cc14f89)
2019-08-21 13:36:37.893 22209 RALLYDEBUG rally_openstack.cleanup.manager [-] Deleting neutron.network object s_rally_4dd342ce_p9n4M9aN (acb35aa3-79d8-4bdc-81f6-458381b8fd4b)
2019-08-21 13:36:37.927 22209 RALLYDEBUG rally_openstack.cleanup.manager [-] Deleting neutron.network object s_rally_4dd342ce_H2e077gO (afc51bb0-c9fc-4ec4-8e5c-a45ff8c2614f)
2019-08-21 13:36:38.353 22209 RALLYDEBUG rally_openstack.cleanup.manager [-] Deleting neutron.network object s_rally_4dd342ce_XUsBf98r (b02145cd-020f-4489-ac93-7b27e4a0b4d0)
2019-08-21 13:36:39.072 22209 RALLYDEBUG rally_openstack.cleanup.manager [-] Deleting neutron.network object s_rally_4dd342ce_QMqEc0Tg (b391319b-44ef-432b-acf2-96d2f6b20a41)
2019-08-21 13:36:40.830 22209 RALLYDEBUG rally_openstack.cleanup.manager [-] Deleting neutron.network object s_rally_4dd342ce_o7bkaKkJ (b4a52b28-0a51-4050-bfb5-e42ea5b4ebb2)
2019-08-21 13:36:40.959 22209 RALLYDEBUG rally_openstack.cleanup.manager [-] Deleting neutron.network object s_rally_4dd342ce_AuKCjimy (b867da5c-cd0f-4cd9-be40-3e58d20999a3)
2019-08-21 13:36:41.257 22209 RALLYDEBUG rally_openstack.cleanup.manager [-] Deleting neutron.network object s_rally_4dd342ce_6MxDEZTg (bc32f6ad-1e59-4552-a4b9-1c3dfea2c1e9)
2019-08-21 13:36:41.630 22209 RALLYDEBUG rally_openstack.cleanup.manager [-] Deleting neutron.network object s_rally_4dd342ce_epQxXFZ3 (bd3e9c10-367a-4d64-b658-02c5be45e5a4)
2019-08-21 13:36:42.198 22209 RALLYDEBUG rally_openstack.cleanup.manager [-] Deleting neutron.network object s_rally_4dd342ce_I9WeGf8X (c605124c-f524-478f-ba70-b2f90ff33f28)
2019-08-21 13:36:42.929 22209 RALLYDEBUG rally_openstack.cleanup.manager [-] Deleting neutron.network object s_rally_4dd342ce_AHjTHo5u (d3ec27d9-ae97-4509-a757-726a03cc294c)
2019-08-21 13:36:43.052 22209 RALLYDEBUG rally_openstack.cleanup.manager [-] Deleting neutron.network object s_rally_4dd342ce_k1BqSGDb (d5291b6f-a1fc-44c2-aee6-a2574b2ab3b3)
2019-08-21 13:36:43.092 22209 RALLYDEBUG rally_openstack.cleanup.manager [-] Deleting neutron.network object s_rally_4dd342ce_mN5T9orn (e1b10139-4c3a-48b0-abe5-bed990a2f590)
2019-08-21 13:36:43.183 22209 RALLYDEBUG rally_openstack.cleanup.manager [-] Deleting neutron.network object s_rally_4dd342ce_NEuWOAcC (f003d4fe-b8ca-4343-9341-c8e156b08ee3)
2019-08-21 13:36:43.463 22209 RALLYDEBUG rally_openstack.cleanup.manager [-] Deleting neutron.network object s_rally_4dd342ce_UCcVH5XY (f00934d2-334d-4ab8-aa31-5b82e6c0e9f8)
2019-08-21 13:36:43.480 22209 RALLYDEBUG rally_openstack.cleanup.manager [-] Deleting neutron.network object s_rally_4dd342ce_LeM6yEOT (f4f4dd26-c7c5-4694-a182-d3f56cbae3f0)
2019-08-21 13:36:44.050 22209 RALLYDEBUG rally_openstack.cleanup.manager [-] Deleting neutron.network object s_rally_4dd342ce_tzDcsZb7 (f6e15584-edde-4bcc-a8b0-baecee3b8cb9)
2019-08-21 13:36:44.646 22209 RALLYDEBUG rally_openstack.cleanup.manager [-] Deleting neutron.network object s_rally_4dd342ce_ZThOCrmb (fd0a3c30-25d6-4c69-ad77-254e884034da)
2019-08-21 13:36:44.822 22209 RALLYDEBUG rally_openstack.cleanup.manager [-] Deleting neutron.network object s_rally_4dd342ce_pRZbHsJc (ffa0ddbb-c246-4714-806e-78b725eedb99)
2019-08-21 13:36:49.895 22209 RALLYDEBUG rally_openstack.cleanup.manager [-] Cleaning up neutron router objects
2019-08-21 13:36:50.436 22209 RALLYDEBUG rally_openstack.cleanup.manager [-] Cleaning up neutron security_group objects
2019-08-21 13:36:50.954 22209 INFO rally.task.context [-] Task effcd64c-9c58-4620-8e93-6f78cc84c930 | Context cleanup@openstack cleanup() finished in 22.31 sec
2019-08-21 13:36:50.955 22209 INFO rally.task.context [-] Task effcd64c-9c58-4620-8e93-6f78cc84c930 | Context quotas@openstack cleanup() started
2019-08-21 13:36:50.969 22209 INFO rally.task.context [-] Task effcd64c-9c58-4620-8e93-6f78cc84c930 | Context quotas@openstack cleanup() finished in 14.63 msec
2019-08-21 13:36:50.970 22209 INFO rally.task.context [-] Task effcd64c-9c58-4620-8e93-6f78cc84c930 | Context users@openstack cleanup() started
2019-08-21 13:36:54.079 22209 INFO rally.task.context [-] Task effcd64c-9c58-4620-8e93-6f78cc84c930 | Context users@openstack cleanup() finished in 3.11 sec
2019-08-21 13:36:55.976 22209 INFO rally.task.engine [-] Load duration is: 93.507333
2019-08-21 13:36:55.976 22209 INFO rally.task.engine [-] Full runner duration is: 93.539485
2019-08-21 13:36:55.976 22209 INFO rally.task.engine [-] Full duration is: 122.404367
2019-08-21 13:36:56.104 22209 INFO rally.task.engine [-] Running workload: position = 0 config = { "version": 2, "title": "A cropped version of a bigger task.", "description": "Auto-generated task from a single workload (uuid=bd9243dd-83b0-485b-9d0d-0da210b90992)", "subtasks": [ { "title": "NeutronNetworks.create_and_list_routers", "description": "Create and a given number of routers and list all routers.", "scenario": { "NeutronNetworks.create_and_list_routers": { "network_create_args": null, "subnet_create_args": null, "subnet_cidr_start": "1.1.0.0/30", "subnets_per_network": 2, "router_create_args": null } }, "contexts": { "users": { "tenants": 1, "users_per_tenant": 1 }, "quotas": { "neutron": { "network": -1, "subnet": -1, "router": -1 } } }, "runner": { "constant": { "times": 40, "concurrency": 20 } }, "hooks": [], "sla": { "failure_rate": { "max": 0 } } } ] }
2019-08-21 13:36:56.115 22209 RALLYDEBUG rally_openstack.contexts.keystone.users [-] Creating 1 tenants using 20 threads
2019-08-21 13:36:57.202 22209 RALLYDEBUG rally_openstack.contexts.keystone.users [-] Creating 1 users using 20 threads
2019-08-21 13:36:58.845 22209 INFO rally.task.context [-] Task effcd64c-9c58-4620-8e93-6f78cc84c930 | Context users@openstack setup() finished in 2.73 sec
2019-08-21 13:36:59.498 22209 INFO rally.task.context [-] Task effcd64c-9c58-4620-8e93-6f78cc84c930 | Context quotas@openstack setup() finished in 0.65 sec
2019-08-21 13:36:59.499 22209 INFO rally.task.context [-] Task effcd64c-9c58-4620-8e93-6f78cc84c930 | Context cleanup@openstack setup() finished in 0.00 msec
2019-08-21 13:36:59.504 22209 RALLYDEBUG rally.task.runner [-] Starting the constant runner (task UUID: effcd64c-9c58-4620-8e93-6f78cc84c930). timeout: 0 concurrency: 20 concurrency_per_worker: 1 times: 40 concurrency_overhead: 0 processes_to_start: 20 max_cpu_used: 40
2019-08-21 13:36:59.512 24743 RALLYDEBUG rally.task.runner [-] Starting a worker. concurrency: 1 args: {"network_create_args": null, "subnet_create_args": null, "subnet_cidr_start": "1.1.0.0/30", "subnets_per_network": 2, "router_create_args": null} times: 40 method_name: run timeout: 0 duration: None cls:
2019-08-21 13:36:59.515 24743 INFO rally.task.runner [-] Task effcd64c-9c58-4620-8e93-6f78cc84c930 | ITER: 1 START
2019-08-21 13:36:59.514 24744 RALLYDEBUG rally.task.runner [-] Starting a worker. concurrency: 1 args: {"network_create_args": null, "subnet_create_args": null, "subnet_cidr_start": "1.1.0.0/30", "subnets_per_network": 2, "router_create_args": null} times: 40 method_name: run timeout: 0 duration: None cls:
2019-08-21 13:36:59.516 24745 RALLYDEBUG rally.task.runner [-] Starting a worker. concurrency: 1 args: {"network_create_args": null, "subnet_create_args": null, "subnet_cidr_start": "1.1.0.0/30", "subnets_per_network": 2, "router_create_args": null} times: 40 method_name: run timeout: 0 duration: None cls:
2019-08-21 13:36:59.518 24744 INFO rally.task.runner [-] Task effcd64c-9c58-4620-8e93-6f78cc84c930 | ITER: 2 START
2019-08-21 13:36:59.518 24748 RALLYDEBUG rally.task.runner [-] Starting a worker. concurrency: 1 args: {"network_create_args": null, "subnet_create_args": null, "subnet_cidr_start": "1.1.0.0/30", "subnets_per_network": 2, "router_create_args": null} times: 40 method_name: run timeout: 0 duration: None cls:
2019-08-21 13:36:59.519 24745 INFO rally.task.runner [-] Task effcd64c-9c58-4620-8e93-6f78cc84c930 | ITER: 3 START
2019-08-21 13:36:59.520 24749 RALLYDEBUG rally.task.runner [-] Starting a worker. concurrency: 1 args: {"network_create_args": null, "subnet_create_args": null, "subnet_cidr_start": "1.1.0.0/30", "subnets_per_network": 2, "router_create_args": null} times: 40 method_name: run timeout: 0 duration: None cls:
2019-08-21 13:36:59.520 24748 INFO rally.task.runner [-] Task effcd64c-9c58-4620-8e93-6f78cc84c930 | ITER: 4 START
2019-08-21 13:36:59.522 24749 INFO rally.task.runner [-] Task effcd64c-9c58-4620-8e93-6f78cc84c930 | ITER: 5 START
2019-08-21 13:36:59.522 24754 RALLYDEBUG rally.task.runner [-] Starting a worker. concurrency: 1 args: {"network_create_args": null, "subnet_create_args": null, "subnet_cidr_start": "1.1.0.0/30", "subnets_per_network": 2, "router_create_args": null} times: 40 method_name: run timeout: 0 duration: None cls:
2019-08-21 13:36:59.526 24754 INFO rally.task.runner [-] Task effcd64c-9c58-4620-8e93-6f78cc84c930 | ITER: 6 START
2019-08-21 13:36:59.526 24759 RALLYDEBUG rally.task.runner [-] Starting a worker. concurrency: 1 args: {"network_create_args": null, "subnet_create_args": null, "subnet_cidr_start": "1.1.0.0/30", "subnets_per_network": 2, "router_create_args": null} times: 40 method_name: run timeout: 0 duration: None cls:
2019-08-21 13:36:59.529 24759 INFO rally.task.runner [-] Task effcd64c-9c58-4620-8e93-6f78cc84c930 | ITER: 7 START
2019-08-21 13:36:59.530 24762 RALLYDEBUG rally.task.runner [-] Starting a worker. concurrency: 1 args: {"network_create_args": null, "subnet_create_args": null, "subnet_cidr_start": "1.1.0.0/30", "subnets_per_network": 2, "router_create_args": null} times: 40 method_name: run timeout: 0 duration: None cls:
2019-08-21 13:36:59.531 24763 RALLYDEBUG rally.task.runner [-] Starting a worker. concurrency: 1 args: {"network_create_args": null, "subnet_create_args": null, "subnet_cidr_start": "1.1.0.0/30", "subnets_per_network": 2, "router_create_args": null} times: 40 method_name: run timeout: 0 duration: None cls:
2019-08-21 13:36:59.533 24762 INFO rally.task.runner [-] Task effcd64c-9c58-4620-8e93-6f78cc84c930 | ITER: 8 START
2019-08-21 13:36:59.533 24766 RALLYDEBUG rally.task.runner [-] Starting a worker. concurrency: 1 args: {"network_create_args": null, "subnet_create_args": null, "subnet_cidr_start": "1.1.0.0/30", "subnets_per_network": 2, "router_create_args": null} times: 40 method_name: run timeout: 0 duration: None cls:
2019-08-21 13:36:59.533 24763 INFO rally.task.runner [-] Task effcd64c-9c58-4620-8e93-6f78cc84c930 | ITER: 9 START
2019-08-21 13:36:59.535 24766 INFO rally.task.runner [-] Task effcd64c-9c58-4620-8e93-6f78cc84c930 | ITER: 10 START
2019-08-21 13:36:59.535 24768 RALLYDEBUG rally.task.runner [-] Starting a worker. concurrency: 1 args: {"network_create_args": null, "subnet_create_args": null, "subnet_cidr_start": "1.1.0.0/30", "subnets_per_network": 2, "router_create_args": null} times: 40 method_name: run timeout: 0 duration: None cls:
2019-08-21 13:36:59.538 24768 INFO rally.task.runner [-] Task effcd64c-9c58-4620-8e93-6f78cc84c930 | ITER: 11 START
2019-08-21 13:36:59.539 24774 RALLYDEBUG rally.task.runner [-] Starting a worker. concurrency: 1 args: {"network_create_args": null, "subnet_create_args": null, "subnet_cidr_start": "1.1.0.0/30", "subnets_per_network": 2, "router_create_args": null} times: 40 method_name: run timeout: 0 duration: None cls:
2019-08-21 13:36:59.542 24774 INFO rally.task.runner [-] Task effcd64c-9c58-4620-8e93-6f78cc84c930 | ITER: 12 START
2019-08-21 13:36:59.542 24777 RALLYDEBUG rally.task.runner [-] Starting a worker. concurrency: 1 args: {"network_create_args": null, "subnet_create_args": null, "subnet_cidr_start": "1.1.0.0/30", "subnets_per_network": 2, "router_create_args": null} times: 40 method_name: run timeout: 0 duration: None cls:
2019-08-21 13:36:59.545 24777 INFO rally.task.runner [-] Task effcd64c-9c58-4620-8e93-6f78cc84c930 | ITER: 13 START
2019-08-21 13:36:59.546 24780 RALLYDEBUG rally.task.runner [-] Starting a worker. concurrency: 1 args: {"network_create_args": null, "subnet_create_args": null, "subnet_cidr_start": "1.1.0.0/30", "subnets_per_network": 2, "router_create_args": null} times: 40 method_name: run timeout: 0 duration: None cls:
2019-08-21 13:36:59.548 24780 INFO rally.task.runner [-] Task effcd64c-9c58-4620-8e93-6f78cc84c930 | ITER: 14 START
2019-08-21 13:36:59.549 24783 RALLYDEBUG rally.task.runner [-] Starting a worker. concurrency: 1 args: {"network_create_args": null, "subnet_create_args": null, "subnet_cidr_start": "1.1.0.0/30", "subnets_per_network": 2, "router_create_args": null} times: 40 method_name: run timeout: 0 duration: None cls:
2019-08-21 13:36:59.552 24783 INFO rally.task.runner [-] Task effcd64c-9c58-4620-8e93-6f78cc84c930 | ITER: 15 START
