2019-09-16 13:00:23.577 1348 DEBUG novaclient.v2.client [-] REQ: curl -g -i --cacert "/etc/ssl/certs/ca-certificates.crt" -X GET http://172.16.10.36:8774/v2.1/servers/detail -H "Accept: application/json" -H "User-Agent: python-novaclient" -H "X-Auth-Token: {SHA1}000a3aca0e2ec1ec60add4e5fcfaf30039cdaf42" _http_log_request /usr/lib/python2.7/site-packages/keystoneauth1/session.py:448
2019-09-16 13:00:23.752 1348 DEBUG novaclient.v2.client [-] RESP: [200] Connection: keep-alive Content-Length: 15 Content-Type: application/json Date: Mon, 16 Sep 2019 13:00:23 GMT Openstack-Api-Version: compute 2.1 Vary: OpenStack-API-Version, X-OpenStack-Nova-API-Version X-Compute-Request-Id: req-c85c463c-99ce-48ae-8ae6-7de4022f95a3 X-Openstack-Nova-Api-Version: 2.1 X-Openstack-Request-Id: req-c85c463c-99ce-48ae-8ae6-7de4022f95a3 _http_log_response /usr/lib/python2.7/site-packages/keystoneauth1/session.py:479
2019-09-16 13:00:23.752 1348 DEBUG novaclient.v2.client [-] RESP BODY: {"servers": []} _http_log_response /usr/lib/python2.7/site-packages/keystoneauth1/session.py:511
2019-09-16 13:00:23.752 1348 DEBUG novaclient.v2.client [-] GET call to compute for http://172.16.10.36:8774/v2.1/servers/detail used request id req-c85c463c-99ce-48ae-8ae6-7de4022f95a3 request /usr/lib/python2.7/site-packages/keystoneauth1/session.py:844
2019-09-16 13:00:23.757 1348 RALLYDEBUG rally_openstack.cleanup.manager [-] Cleaning up nova server_groups objects
2019-09-16 13:00:24.160 1348 DEBUG novaclient.v2.client [-] REQ: curl -g -i --cacert "/etc/ssl/certs/ca-certificates.crt" -X GET http://172.16.10.36:8774/v2.1/os-server-groups -H "Accept: application/json" -H "User-Agent: python-novaclient" -H "X-Auth-Token: {SHA1}da7ed6ae752cfb959f8ac9ee255fff86dd9615bc" _http_log_request /usr/lib/python2.7/site-packages/keystoneauth1/session.py:448
2019-09-16 13:00:24.246 1348 DEBUG novaclient.v2.client [-] RESP: [200] Connection: keep-alive Content-Length: 21 Content-Type: application/json Date: Mon, 16 Sep 2019 13:00:24 GMT Openstack-Api-Version: compute 2.1 Vary: OpenStack-API-Version, X-OpenStack-Nova-API-Version X-Compute-Request-Id: req-d3120e41-4581-4bcb-af67-372425f99e0f X-Openstack-Nova-Api-Version: 2.1 X-Openstack-Request-Id: req-d3120e41-4581-4bcb-af67-372425f99e0f _http_log_response /usr/lib/python2.7/site-packages/keystoneauth1/session.py:479
2019-09-16 13:00:24.247 1348 DEBUG novaclient.v2.client [-] RESP BODY: {"server_groups": []} _http_log_response /usr/lib/python2.7/site-packages/keystoneauth1/session.py:511
2019-09-16 13:00:24.247 1348 DEBUG novaclient.v2.client [-] GET call to compute for http://172.16.10.36:8774/v2.1/os-server-groups used request id req-d3120e41-4581-4bcb-af67-372425f99e0f request /usr/lib/python2.7/site-packages/keystoneauth1/session.py:844
2019-09-16 13:00:24.664 1348 DEBUG novaclient.v2.client [-] REQ: curl -g -i --cacert "/etc/ssl/certs/ca-certificates.crt" -X GET http://172.16.10.36:8774/v2.1/os-server-groups -H "Accept: application/json" -H "User-Agent: python-novaclient" -H "X-Auth-Token: {SHA1}9f5fa3296f650ffa47fd2212af35c2ddeab7761b" _http_log_request /usr/lib/python2.7/site-packages/keystoneauth1/session.py:448
2019-09-16 13:00:24.754 1348 DEBUG novaclient.v2.client [-] RESP: [200] Connection: keep-alive Content-Length: 21 Content-Type: application/json Date: Mon, 16 Sep 2019 13:00:24 GMT Openstack-Api-Version: compute 2.1 Vary: OpenStack-API-Version, X-OpenStack-Nova-API-Version X-Compute-Request-Id: req-00b81a3d-afab-4df5-8a25-5c07fe470446 X-Openstack-Nova-Api-Version: 2.1 X-Openstack-Request-Id: req-00b81a3d-afab-4df5-8a25-5c07fe470446 _http_log_response /usr/lib/python2.7/site-packages/keystoneauth1/session.py:479
2019-09-16 13:00:24.754 1348 DEBUG novaclient.v2.client [-] RESP BODY: {"server_groups": []} _http_log_response /usr/lib/python2.7/site-packages/keystoneauth1/session.py:511
2019-09-16 13:00:24.754 1348 DEBUG novaclient.v2.client [-] GET call to compute for http://172.16.10.36:8774/v2.1/os-server-groups used request id req-00b81a3d-afab-4df5-8a25-5c07fe470446 request /usr/lib/python2.7/site-packages/keystoneauth1/session.py:844
2019-09-16 13:00:25.157 1348 DEBUG novaclient.v2.client [-] REQ: curl -g -i --cacert "/etc/ssl/certs/ca-certificates.crt" -X GET http://172.16.10.36:8774/v2.1/os-server-groups -H "Accept: application/json" -H "User-Agent: python-novaclient" -H "X-Auth-Token: {SHA1}61d19e2321676af179e8c42aa155d44f2fc2c694" _http_log_request /usr/lib/python2.7/site-packages/keystoneauth1/session.py:448
2019-09-16 13:00:25.241 1348 DEBUG novaclient.v2.client [-] RESP: [200] Connection: keep-alive Content-Length: 21 Content-Type: application/json Date: Mon, 16 Sep 2019 13:00:25 GMT Openstack-Api-Version: compute 2.1 Vary: OpenStack-API-Version, X-OpenStack-Nova-API-Version X-Compute-Request-Id: req-61f5a7f9-2256-416a-8647-2abb397615af X-Openstack-Nova-Api-Version: 2.1 X-Openstack-Request-Id: req-61f5a7f9-2256-416a-8647-2abb397615af _http_log_response /usr/lib/python2.7/site-packages/keystoneauth1/session.py:479
2019-09-16 13:00:25.241 1348 DEBUG novaclient.v2.client [-] RESP BODY: {"server_groups": []} _http_log_response /usr/lib/python2.7/site-packages/keystoneauth1/session.py:511
2019-09-16 13:00:25.241 1348 DEBUG novaclient.v2.client [-] GET call to compute for http://172.16.10.36:8774/v2.1/os-server-groups used request id req-61f5a7f9-2256-416a-8647-2abb397615af request /usr/lib/python2.7/site-packages/keystoneauth1/session.py:844
2019-09-16 13:00:25.246 1348 RALLYDEBUG rally_openstack.cleanup.manager [-] Cleaning up nova keypairs objects
2019-09-16 13:00:25.654 1348 DEBUG novaclient.v2.client [-] REQ: curl -g -i --cacert "/etc/ssl/certs/ca-certificates.crt" -X GET http://172.16.10.36:8774/v2.1/os-keypairs -H "Accept: application/json" -H "User-Agent: python-novaclient" -H "X-Auth-Token: {SHA1}303627017923f035f1873245b97054f406f84bfb" _http_log_request /usr/lib/python2.7/site-packages/keystoneauth1/session.py:448
2019-09-16 13:00:25.742 1348 DEBUG novaclient.v2.client [-] RESP: [200] Connection: keep-alive Content-Length: 16 Content-Type: application/json Date: Mon, 16 Sep 2019 13:00:25 GMT Openstack-Api-Version: compute 2.1 Vary: OpenStack-API-Version, X-OpenStack-Nova-API-Version X-Compute-Request-Id: req-5fa963b6-6a30-4074-b830-53a92c7343cc X-Openstack-Nova-Api-Version: 2.1 X-Openstack-Request-Id: req-5fa963b6-6a30-4074-b830-53a92c7343cc _http_log_response /usr/lib/python2.7/site-packages/keystoneauth1/session.py:479
2019-09-16 13:00:25.742 1348 DEBUG novaclient.v2.client [-] RESP BODY: {"keypairs": []} _http_log_response /usr/lib/python2.7/site-packages/keystoneauth1/session.py:511
2019-09-16 13:00:25.743 1348 DEBUG novaclient.v2.client [-] GET call to compute for http://172.16.10.36:8774/v2.1/os-keypairs used request id req-5fa963b6-6a30-4074-b830-53a92c7343cc request /usr/lib/python2.7/site-packages/keystoneauth1/session.py:844
2019-09-16 13:00:26.141 1348 DEBUG novaclient.v2.client [-] REQ: curl -g -i --cacert "/etc/ssl/certs/ca-certificates.crt" -X GET http://172.16.10.36:8774/v2.1/os-keypairs -H "Accept: application/json" -H "User-Agent: python-novaclient" -H "X-Auth-Token: {SHA1}075e4b0f2859d7b19c646c133b3bb1dfff57c8c4" _http_log_request /usr/lib/python2.7/site-packages/keystoneauth1/session.py:448
2019-09-16 13:00:26.227 1348 DEBUG novaclient.v2.client [-] RESP: [200] Connection: keep-alive Content-Length: 16 Content-Type: application/json Date: Mon, 16 Sep 2019 13:00:26 GMT Openstack-Api-Version: compute 2.1 Vary: OpenStack-API-Version, X-OpenStack-Nova-API-Version X-Compute-Request-Id: req-3a86f9af-f7a3-4e2e-896d-f4ddddd06569 X-Openstack-Nova-Api-Version: 2.1 X-Openstack-Request-Id: req-3a86f9af-f7a3-4e2e-896d-f4ddddd06569 _http_log_response /usr/lib/python2.7/site-packages/keystoneauth1/session.py:479
2019-09-16 13:00:26.227 1348 DEBUG novaclient.v2.client [-] RESP BODY: {"keypairs": []} _http_log_response /usr/lib/python2.7/site-packages/keystoneauth1/session.py:511
2019-09-16 13:00:26.228 1348 DEBUG novaclient.v2.client [-] GET call to compute for http://172.16.10.36:8774/v2.1/os-keypairs used request id req-3a86f9af-f7a3-4e2e-896d-f4ddddd06569 request /usr/lib/python2.7/site-packages/keystoneauth1/session.py:844
2019-09-16 13:00:26.634 1348 DEBUG novaclient.v2.client [-] REQ: curl -g -i --cacert "/etc/ssl/certs/ca-certificates.crt" -X GET http://172.16.10.36:8774/v2.1/os-keypairs -H "Accept: application/json" -H "User-Agent: python-novaclient" -H "X-Auth-Token: {SHA1}94b9508bf29130ec65e3109dcbb850adb2236bf2" _http_log_request /usr/lib/python2.7/site-packages/keystoneauth1/session.py:448
2019-09-16 13:00:26.723 1348 DEBUG novaclient.v2.client [-] RESP: [200] Connection: keep-alive Content-Length: 16 Content-Type: application/json Date: Mon, 16 Sep 2019 13:00:26 GMT Openstack-Api-Version: compute 2.1 Vary: OpenStack-API-Version, X-OpenStack-Nova-API-Version X-Compute-Request-Id: req-0350e784-0f45-4b1e-bc50-70e4f905cf6a X-Openstack-Nova-Api-Version: 2.1 X-Openstack-Request-Id: req-0350e784-0f45-4b1e-bc50-70e4f905cf6a _http_log_response /usr/lib/python2.7/site-packages/keystoneauth1/session.py:479
2019-09-16 13:00:26.723 1348 DEBUG novaclient.v2.client [-] RESP BODY: {"keypairs": []} _http_log_response /usr/lib/python2.7/site-packages/keystoneauth1/session.py:511
2019-09-16 13:00:26.723 1348 DEBUG novaclient.v2.client [-] GET call to compute for http://172.16.10.36:8774/v2.1/os-keypairs used request id req-0350e784-0f45-4b1e-bc50-70e4f905cf6a request /usr/lib/python2.7/site-packages/keystoneauth1/session.py:844
2019-09-16 13:00:27.124 1348 DEBUG novaclient.v2.client [-] REQ: curl -g -i --cacert "/etc/ssl/certs/ca-certificates.crt" -X GET http://172.16.10.36:8774/v2.1/os-keypairs -H "Accept: application/json" -H "User-Agent: python-novaclient" -H "X-Auth-Token: {SHA1}c8394fbbe793c4b85e360c56d89a3aaeae5f74b2" _http_log_request /usr/lib/python2.7/site-packages/keystoneauth1/session.py:448
2019-09-16 13:00:27.213 1348 DEBUG novaclient.v2.client [-] RESP: [200] Connection: keep-alive Content-Length: 16 Content-Type: application/json Date: Mon, 16 Sep 2019 13:00:27 GMT Openstack-Api-Version: compute 2.1 Vary: OpenStack-API-Version, X-OpenStack-Nova-API-Version X-Compute-Request-Id: req-27f50802-be8e-400d-b962-4dcf2590f909 X-Openstack-Nova-Api-Version: 2.1 X-Openstack-Request-Id: req-27f50802-be8e-400d-b962-4dcf2590f909 _http_log_response /usr/lib/python2.7/site-packages/keystoneauth1/session.py:479
2019-09-16 13:00:27.213 1348 DEBUG novaclient.v2.client [-] RESP BODY: {"keypairs": []} _http_log_response /usr/lib/python2.7/site-packages/keystoneauth1/session.py:511
2019-09-16 13:00:27.213 1348 DEBUG novaclient.v2.client [-] GET call to compute for http://172.16.10.36:8774/v2.1/os-keypairs used request id req-27f50802-be8e-400d-b962-4dcf2590f909 request /usr/lib/python2.7/site-packages/keystoneauth1/session.py:844
2019-09-16 13:00:27.739 1348 DEBUG novaclient.v2.client [-] REQ: curl -g -i --cacert "/etc/ssl/certs/ca-certificates.crt" -X GET http://172.16.10.36:8774/v2.1/os-keypairs -H "Accept: application/json" -H "User-Agent: python-novaclient" -H "X-Auth-Token: {SHA1}b328ced6dc743b117502769c61db38ba8a4d15b2" _http_log_request /usr/lib/python2.7/site-packages/keystoneauth1/session.py:448
2019-09-16 13:00:27.825 1348 DEBUG novaclient.v2.client [-] RESP: [200] Connection: keep-alive Content-Length: 16 Content-Type: application/json Date: Mon, 16 Sep 2019 13:00:27 GMT Openstack-Api-Version: compute 2.1 Vary: OpenStack-API-Version, X-OpenStack-Nova-API-Version X-Compute-Request-Id: req-13bb8cf1-783c-489b-bed1-d0bd0cff1ff8 X-Openstack-Nova-Api-Version: 2.1 X-Openstack-Request-Id: req-13bb8cf1-783c-489b-bed1-d0bd0cff1ff8 _http_log_response /usr/lib/python2.7/site-packages/keystoneauth1/session.py:479
2019-09-16 13:00:27.826 1348 DEBUG novaclient.v2.client [-] RESP BODY: {"keypairs": []} _http_log_response /usr/lib/python2.7/site-packages/keystoneauth1/session.py:511
2019-09-16 13:00:27.826 1348 DEBUG novaclient.v2.client [-] GET call to compute for http://172.16.10.36:8774/v2.1/os-keypairs used request id req-13bb8cf1-783c-489b-bed1-d0bd0cff1ff8 request /usr/lib/python2.7/site-packages/keystoneauth1/session.py:844
2019-09-16 13:00:28.342 1348 DEBUG novaclient.v2.client [-] REQ: curl -g -i --cacert "/etc/ssl/certs/ca-certificates.crt" -X GET http://172.16.10.36:8774/v2.1/os-keypairs -H "Accept: application/json" -H "User-Agent: python-novaclient" -H "X-Auth-Token: {SHA1}31a1b22640b84b33e634d4f968803aeb1c2e4df2" _http_log_request /usr/lib/python2.7/site-packages/keystoneauth1/session.py:448
2019-09-16 13:00:28.428 1348 DEBUG novaclient.v2.client [-] RESP: [200] Connection: keep-alive Content-Length: 16 Content-Type: application/json Date: Mon, 16 Sep 2019 13:00:28 GMT Openstack-Api-Version: compute 2.1 Vary: OpenStack-API-Version, X-OpenStack-Nova-API-Version X-Compute-Request-Id: req-e5dc48b8-1675-4db2-bb60-c47e8445c5ae X-Openstack-Nova-Api-Version: 2.1 X-Openstack-Request-Id: req-e5dc48b8-1675-4db2-bb60-c47e8445c5ae _http_log_response /usr/lib/python2.7/site-packages/keystoneauth1/session.py:479
2019-09-16 13:00:28.428 1348 DEBUG novaclient.v2.client [-] RESP BODY: {"keypairs": []} _http_log_response /usr/lib/python2.7/site-packages/keystoneauth1/session.py:511
2019-09-16 13:00:28.428 1348 DEBUG novaclient.v2.client [-] GET call to compute for http://172.16.10.36:8774/v2.1/os-keypairs used request id req-e5dc48b8-1675-4db2-bb60-c47e8445c5ae request /usr/lib/python2.7/site-packages/keystoneauth1/session.py:844
2019-09-16 13:00:28.433 1348 RALLYDEBUG rally_openstack.cleanup.manager [-] Cleaning up cinder backups objects
2019-09-16 13:00:29.946 1348 RALLYDEBUG rally_openstack.cleanup.manager [-] Cleaning up cinder volume_snapshots objects
2019-09-16 13:00:31.525 1348 RALLYDEBUG rally_openstack.cleanup.manager [-] Cleaning up cinder transfers objects
2019-09-16 13:00:33.026 1348 RALLYDEBUG rally_openstack.cleanup.manager [-] Cleaning up cinder volumes objects
2019-09-16 13:00:34.639 1348 INFO rally.task.context [-] Task 7d659aa2-2f00-45e6-9dfd-e048cf7d9207 | Context cleanup@openstack cleanup() finished in 12.67 sec
2019-09-16 13:00:34.640 1348 INFO rally.task.context [-] Task 7d659aa2-2f00-45e6-9dfd-e048cf7d9207 | Context quotas@openstack cleanup() started
2019-09-16 13:00:34.702 1348 INFO rally.task.context [-] Task 7d659aa2-2f00-45e6-9dfd-e048cf7d9207 | Context quotas@openstack cleanup() finished in 62.20 msec
2019-09-16 13:00:34.702 1348 INFO rally.task.context [-] Task 7d659aa2-2f00-45e6-9dfd-e048cf7d9207 | Context api_versions@openstack cleanup() started
2019-09-16 13:00:34.702 1348 INFO rally.task.context [-] Task 7d659aa2-2f00-45e6-9dfd-e048cf7d9207 | Context api_versions@openstack cleanup() finished in 0.19 msec
2019-09-16 13:00:34.703 1348 INFO rally.task.context [-] Task 7d659aa2-2f00-45e6-9dfd-e048cf7d9207 | Context users@openstack cleanup() started
2019-09-16 13:00:40.340 1348 INFO rally.task.context [-] Task 7d659aa2-2f00-45e6-9dfd-e048cf7d9207 | Context users@openstack cleanup() finished in 5.64 sec
2019-09-16 13:00:41.625 1348 INFO rally.task.engine [-] Load duration is: 108.378096
2019-09-16 13:00:41.625 1348 INFO rally.task.engine [-] Full runner duration is: 109.420476
2019-09-16 13:00:41.625 1348 INFO rally.task.engine [-] Full duration is: 135.12881
2019-09-16 13:00:41.709 1348 INFO rally.task.engine [-] Running workload: position = 0 config = { "version": 2, "title": "A cropped version of a bigger task.", "description": "Auto-generated task from a single workload (uuid=67af9df0-47c1-42ff-bbd6-9a51235c94ec)", "subtasks": [ { "title": "CinderVolumes.create_and_list_snapshots", "description": "Create and then list a volume-snapshot.", "scenario": { "CinderVolumes.create_and_list_snapshots": { "detailed": true, "force": false } }, "contexts": { "users": { "tenants": 3, "users_per_tenant": 2 }, "quotas": { "cinder": { "gigabytes": -1, "snapshots": -1, "volumes": -1 } }, "api_versions": { "cinder": { "version": 3, "service_type": "volumev3" } }, "volumes": { "size": 1, "volumes_per_tenant": 1 } }, "runner": { "constant": { "concurrency": 4, "times": 10 } }, "hooks": [], "sla": { "failure_rate": { "max": 0 } } } ] }
2019-09-16 13:00:41.726 1348 RALLYDEBUG rally_openstack.contexts.keystone.users [-] Creating 3 tenants using 20 threads
2019-09-16 13:00:43.041 1348 RALLYDEBUG rally_openstack.contexts.keystone.users [-] Creating 6 users using 20 threads
2019-09-16 13:00:45.940 1348 INFO rally.task.context [-] Task 7d659aa2-2f00-45e6-9dfd-e048cf7d9207 | Context users@openstack setup() finished in 4.21 sec
2019-09-16 13:00:46.525 1348 INFO rally.task.context [-] Task 7d659aa2-2f00-45e6-9dfd-e048cf7d9207 | Context api_versions@openstack setup() finished in 0.58 sec
2019-09-16 13:00:47.733 1348 INFO rally.task.context [-] Task 7d659aa2-2f00-45e6-9dfd-e048cf7d9207 | Context quotas@openstack setup() finished in 1.21 sec
2019-09-16 13:00:58.069 1348 INFO rally.task.context [-] Task 7d659aa2-2f00-45e6-9dfd-e048cf7d9207 | Context volumes@openstack setup() finished in 10.34 sec
2019-09-16 13:00:58.069 1348 INFO rally.task.context [-] Task 7d659aa2-2f00-45e6-9dfd-e048cf7d9207 | Context cleanup@openstack setup() finished in 0.01 msec
2019-09-16 13:00:58.075 1348 RALLYDEBUG rally.task.runner [-] Starting the constant runner (task UUID: 7d659aa2-2f00-45e6-9dfd-e048cf7d9207). timeout: 0 concurrency: 4 concurrency_per_worker: 1 times: 10 concurrency_overhead: 0 processes_to_start: 4 max_cpu_used: 40
2019-09-16 13:00:58.085 1717 RALLYDEBUG rally.task.runner [-] Starting a worker. concurrency: 1 args: {"detailed": true, "force": false} times: 10 method_name: run timeout: 0 duration: None cls:
2019-09-16 13:00:58.087 1718 RALLYDEBUG rally.task.runner [-] Starting a worker. concurrency: 1 args: {"detailed": true, "force": false} times: 10 method_name: run timeout: 0 duration: None cls:
2019-09-16 13:00:58.089 1719 RALLYDEBUG rally.task.runner [-] Starting a worker. concurrency: 1 args: {"detailed": true, "force": false} times: 10 method_name: run timeout: 0 duration: None cls:
2019-09-16 13:00:58.090 1717 INFO rally.task.runner [-] Task 7d659aa2-2f00-45e6-9dfd-e048cf7d9207 | ITER: 1 START
2019-09-16 13:00:58.091 1718 INFO rally.task.runner [-] Task 7d659aa2-2f00-45e6-9dfd-e048cf7d9207 | ITER: 2 START
2019-09-16 13:00:58.092 1720 RALLYDEBUG rally.task.runner [-] Starting a worker. concurrency: 1 args: {"detailed": true, "force": false} times: 10 method_name: run timeout: 0 duration: None cls:
2019-09-16 13:00:58.094 1719 INFO rally.task.runner [-] Task 7d659aa2-2f00-45e6-9dfd-e048cf7d9207 | ITER: 3 START
2019-09-16 13:00:58.096 1720 INFO rally.task.runner [-] Task 7d659aa2-2f00-45e6-9dfd-e048cf7d9207 | ITER: 4 START
2019-09-16 13:01:01.152 1720 INFO rally.task.runner [-] Task 7d659aa2-2f00-45e6-9dfd-e048cf7d9207 | ITER: 4 END: OK
2019-09-16 13:01:01.155 1720 INFO rally.task.runner [-] Task 7d659aa2-2f00-45e6-9dfd-e048cf7d9207 | ITER: 5 START
2019-09-16 13:01:01.217 1719 INFO rally.task.runner [-] Task 7d659aa2-2f00-45e6-9dfd-e048cf7d9207 | ITER: 3 END: OK
2019-09-16 13:01:01.220 1719 INFO rally.task.runner [-] Task 7d659aa2-2f00-45e6-9dfd-e048cf7d9207 | ITER: 6 START
2019-09-16 13:01:01.241 1718 INFO rally.task.runner [-] Task 7d659aa2-2f00-45e6-9dfd-e048cf7d9207 | ITER: 2 END: OK
2019-09-16 13:01:01.245 1718 INFO rally.task.runner [-] Task 7d659aa2-2f00-45e6-9dfd-e048cf7d9207 | ITER: 7 START
2019-09-16 13:01:01.313 1717 INFO rally.task.runner [-] Task 7d659aa2-2f00-45e6-9dfd-e048cf7d9207 | ITER: 1 END: OK
2019-09-16 13:01:01.316 1717 INFO rally.task.runner [-] Task 7d659aa2-2f00-45e6-9dfd-e048cf7d9207 | ITER: 8 START
2019-09-16 13:01:04.125 1720 INFO rally.task.runner [-] Task 7d659aa2-2f00-45e6-9dfd-e048cf7d9207 | ITER: 5 END: OK
2019-09-16 13:01:04.131 1720 INFO rally.task.runner [-] Task 7d659aa2-2f00-45e6-9dfd-e048cf7d9207 | ITER: 9 START
2019-09-16 13:01:04.217 1719 INFO rally.task.runner [-] Task 7d659aa2-2f00-45e6-9dfd-e048cf7d9207 | ITER: 6 END: OK
2019-09-16 13:01:04.220 1719 INFO rally.task.runner [-] Task 7d659aa2-2f00-45e6-9dfd-e048cf7d9207 | ITER: 10 START
2019-09-16 13:01:04.431 1718 INFO rally.task.runner [-] Task 7d659aa2-2f00-45e6-9dfd-e048cf7d9207 | ITER: 7 END: OK
2019-09-16 13:01:04.458 1717 INFO rally.task.runner [-] Task 7d659aa2-2f00-45e6-9dfd-e048cf7d9207 | ITER: 8 END: OK
2019-09-16 13:01:07.135 1720 INFO rally.task.runner [-] Task 7d659aa2-2f00-45e6-9dfd-e048cf7d9207 | ITER: 9 END: OK
2019-09-16 13:01:07.166 1719 INFO rally.task.runner [-] Task 7d659aa2-2f00-45e6-9dfd-e048cf7d9207 | ITER: 10 END: OK
2019-09-16 13:01:07.184 1348 INFO rally.task.context [-] Task 7d659aa2-2f00-45e6-9dfd-e048cf7d9207 | Context cleanup@openstack cleanup() started
2019-09-16 13:01:07.185 1348 RALLYDEBUG rally_openstack.cleanup.manager [-] Cleaning up cinder backups objects
2019-09-16 13:01:08.734 1348 RALLYDEBUG rally_openstack.cleanup.manager [-] Cleaning up cinder volume_snapshots objects
2019-09-16 13:01:10.290 1348 RALLYDEBUG rally_openstack.cleanup.manager [-] Deleting cinder.volume_snapshots object s_rally_67af9df0_D71j0zOy (b7a68b53-df0d-4bc8-bd06-793f1c566dc7)
2019-09-16 13:01:10.293 1348 RALLYDEBUG rally_openstack.cleanup.manager [-] Deleting cinder.volume_snapshots object s_rally_67af9df0_XgAU00tM (d0a5741f-c6d3-4336-a567-9ca7eab862b7)
2019-09-16 13:01:10.295 1348 RALLYDEBUG rally_openstack.cleanup.manager [-] Deleting cinder.volume_snapshots object s_rally_67af9df0_XrxdkgDK (5f276560-106a-4c4b-9c3e-4cd8211273f4)
2019-09-16 13:01:10.301 1348 RALLYDEBUG rally_openstack.cleanup.manager [-] Deleting cinder.volume_snapshots object s_rally_67af9df0_XouA7O07 (3341f8c0-8526-4606-9e79-51b668d4b527)
2019-09-16 13:01:10.301 1348 RALLYDEBUG rally_openstack.cleanup.manager [-] Deleting cinder.volume_snapshots object s_rally_67af9df0_KQuikaai (580c92fd-87ae-4cf5-9445-4e599219cf04)
2019-09-16 13:01:10.301 1348 RALLYDEBUG rally_openstack.cleanup.manager [-] Deleting cinder.volume_snapshots object s_rally_67af9df0_RhVG9Y7N (d8b75341-efad-42a4-a8fb-d0274e9a169f)
2019-09-16 13:01:10.310 1348 RALLYDEBUG rally_openstack.cleanup.manager [-] Deleting cinder.volume_snapshots object s_rally_67af9df0_JDCuKdVS (46bdfd2f-6164-4157-a057-d8b5474df534)
2019-09-16 13:01:10.315 1348 RALLYDEBUG rally_openstack.cleanup.manager [-] Deleting cinder.volume_snapshots object s_rally_67af9df0_ufdhqD4L (04a9cd65-b37e-44da-bfd5-6d82676011d3)
2019-09-16 13:01:10.325 1348 RALLYDEBUG rally_openstack.cleanup.manager [-] Deleting cinder.volume_snapshots object s_rally_67af9df0_lhX7SJRO (0cbe76b2-d3e8-4b88-b9f4-64d49ef6182b)
2019-09-16 13:01:10.328 1348 RALLYDEBUG rally_openstack.cleanup.manager [-] Deleting cinder.volume_snapshots object s_rally_67af9df0_SsUfLwDc (792ee913-5d1e-42d0-83d3-0f880c87604e)
2019-09-16 13:01:15.164 1348 RALLYDEBUG rally_openstack.cleanup.manager [-] Cleaning up cinder transfers objects
2019-09-16 13:01:16.962 1348 RALLYDEBUG rally_openstack.cleanup.manager [-] Cleaning up cinder volumes objects
2019-09-16 13:01:18.747 1348 INFO rally.task.context [-] Task 7d659aa2-2f00-45e6-9dfd-e048cf7d9207 | Context cleanup@openstack cleanup() finished in 11.56 sec
2019-09-16 13:01:18.748 1348 INFO rally.task.context [-] Task 7d659aa2-2f00-45e6-9dfd-e048cf7d9207 | Context volumes@openstack cleanup() started
2019-09-16 13:01:18.748 1348 RALLYDEBUG rally_openstack.cleanup.manager [-] Cleaning up cinder volumes objects
2019-09-16 13:01:20.366 1348 RALLYDEBUG rally_openstack.cleanup.manager [-] Deleting cinder.volumes object c_rally_67af9df0_lFtMzRdw (2ea8e725-6da3-40ef-b941-a2dabcd508cc)
2019-09-16 13:01:20.366 1348 RALLYDEBUG rally_openstack.cleanup.manager [-] Deleting cinder.volumes object c_rally_67af9df0_EieFW7Rw (11b69180-e6fe-41d3-9701-98a81fb3c1bf)
2019-09-16 13:01:20.367 1348 RALLYDEBUG rally_openstack.cleanup.manager [-] Deleting cinder.volumes object c_rally_67af9df0_ggpGR9bm (568a738f-cf44-4311-884f-2cc037d8a2a2)
2019-09-16 13:01:23.293 1348 INFO rally.task.context [-] Task 7d659aa2-2f00-45e6-9dfd-e048cf7d9207 | Context volumes@openstack cleanup() finished in 4.55 sec
2019-09-16 13:01:23.294 1348 INFO rally.task.context [-] Task 7d659aa2-2f00-45e6-9dfd-e048cf7d9207 | Context quotas@openstack cleanup() started
2019-09-16 13:01:23.568 1348 INFO rally.task.context [-] Task 7d659aa2-2f00-45e6-9dfd-e048cf7d9207 | Context quotas@openstack cleanup() finished in 0.27 sec
2019-09-16 13:01:23.569 1348 INFO rally.task.context [-] Task 7d659aa2-2f00-45e6-9dfd-e048cf7d9207 | Context api_versions@openstack cleanup() started
2019-09-16 13:01:23.569 1348 INFO rally.task.context [-] Task 7d659aa2-2f00-45e6-9dfd-e048cf7d9207 | Context api_versions@openstack cleanup() finished in 0.17 msec
2019-09-16 13:01:23.569 1348 INFO rally.task.context [-] Task 7d659aa2-2f00-45e6-9dfd-e048cf7d9207 | Context users@openstack cleanup() started
2019-09-16 13:01:29.529 1348 INFO rally.task.context [-] Task 7d659aa2-2f00-45e6-9dfd-e048cf7d9207 | Context users@openstack cleanup() finished in 5.96 sec
2019-09-16 13:01:29.890 1348 INFO rally.task.engine [-] Load duration is: 9.073721
2019-09-16 13:01:29.891 1348 INFO rally.task.engine [-] Full runner duration is: 9.108443
2019-09-16 13:01:29.891 1348 INFO rally.task.engine [-] Full duration is: 47.806398
2019-09-16 13:01:29.972 1348 INFO rally.task.engine [-] Running workload: position = 0 config = { "version": 2, "title": "A cropped version of a bigger task.", "description": "Auto-generated task from a single workload (uuid=867c2025-1ac9-4ce7-8545-425d2b2646a0)", "subtasks": [ { "title": "CinderVolumes.create_and_list_volume", "description": "Create a volume and list all volumes.", "scenario": { "CinderVolumes.create_and_list_volume": { "detailed": true, "image": { "name": "rally_full-img_7f9a38a4-c5ff-4822-b5a6-9164b5facf64" }, "size": 1 } }, "contexts": { "users": { "tenants": 3, "users_per_tenant": 2 }, "quotas": { "cinder": { "gigabytes": -1, "snapshots": -1, "volumes": -1 } }, "api_versions": { "cinder": { "version": 3, "service_type": "volumev3" } } }, "runner": { "constant": { "concurrency": 4, "times": 10 } }, "hooks": [], "sla": { "failure_rate": { "max": 0 } } } ] }
2019-09-16 13:01:29.990 1348 RALLYDEBUG rally_openstack.contexts.keystone.users [-] Creating 3 tenants using 20 threads
2019-09-16 13:01:31.285 1348 RALLYDEBUG rally_openstack.contexts.keystone.users [-] Creating 6 users using 20 threads
2019-09-16 13:01:34.186 1348 INFO rally.task.context [-] Task 7d659aa2-2f00-45e6-9dfd-e048cf7d9207 | Context users@openstack setup() finished in 4.20 sec
2019-09-16 13:01:34.912 1348 INFO rally.task.context [-] Task 7d659aa2-2f00-45e6-9dfd-e048cf7d9207 | Context api_versions@openstack setup() finished in 0.73 sec
2019-09-16 13:01:37.106 1348 INFO rally.task.context [-] Task 7d659aa2-2f00-45e6-9dfd-e048cf7d9207 | Context quotas@openstack setup() finished in 2.19 sec
2019-09-16 13:01:37.107 1348 INFO rally.task.context [-] Task 7d659aa2-2f00-45e6-9dfd-e048cf7d9207 | Context cleanup@openstack setup() finished in 0.01 msec
2019-09-16 13:01:37.926 1348 RALLYDEBUG rally.task.runner [-] Starting the constant runner (task UUID: 7d659aa2-2f00-45e6-9dfd-e048cf7d9207). timeout: 0 concurrency: 4 concurrency_per_worker: 1 times: 10 concurrency_overhead: 0 processes_to_start: 4 max_cpu_used: 40
2019-09-16 13:01:37.935 1921 RALLYDEBUG rally.task.runner [-] Starting a worker. concurrency: 1 args: {"detailed": true, "image": "64331912-6aba-48e2-a161-48e5912eecc5", "size": 1} times: 10 method_name: run timeout: 0 duration: None cls:
2019-09-16 13:01:37.937 1922 RALLYDEBUG rally.task.runner [-] Starting a worker. concurrency: 1 args: {"detailed": true, "image": "64331912-6aba-48e2-a161-48e5912eecc5", "size": 1} times: 10 method_name: run timeout: 0 duration: None cls:
2019-09-16 13:01:37.940 1923 RALLYDEBUG rally.task.runner [-] Starting a worker. concurrency: 1 args: {"detailed": true, "image": "64331912-6aba-48e2-a161-48e5912eecc5", "size": 1} times: 10 method_name: run timeout: 0 duration: None cls:
2019-09-16 13:01:37.941 1921 INFO rally.task.runner [-] Task 7d659aa2-2f00-45e6-9dfd-e048cf7d9207 | ITER: 1 START
2019-09-16 13:01:37.941 1922 INFO rally.task.runner [-] Task 7d659aa2-2f00-45e6-9dfd-e048cf7d9207 | ITER: 2 START
2019-09-16 13:01:37.943 1924 RALLYDEBUG rally.task.runner [-] Starting a worker. concurrency: 1 args: {"detailed": true, "image": "64331912-6aba-48e2-a161-48e5912eecc5", "size": 1} times: 10 method_name: run timeout: 0 duration: None cls:
2019-09-16 13:01:37.946 1923 INFO rally.task.runner [-] Task 7d659aa2-2f00-45e6-9dfd-e048cf7d9207 | ITER: 3 START
2019-09-16 13:01:37.948 1924 INFO rally.task.runner [-] Task 7d659aa2-2f00-45e6-9dfd-e048cf7d9207 | ITER: 4 START
2019-09-16 13:01:43.434 1921 RALLYDEBUG rally.task.utils [-] Waiting for resource s_rally_867c2025_BYaayaPi. Status changed: DOWNLOADING => AVAILABLE in 2.37844800949
2019-09-16 13:01:43.524 1921 INFO rally.task.runner [-] Task 7d659aa2-2f00-45e6-9dfd-e048cf7d9207 | ITER: 1 END: OK
2019-09-16 13:01:43.528 1921 INFO rally.task.runner [-] Task 7d659aa2-2f00-45e6-9dfd-e048cf7d9207 | ITER: 5 START
2019-09-16 13:01:43.740 1922 RALLYDEBUG rally.task.utils [-] Waiting for resource s_rally_867c2025_Rdk7FlZe. Status changed: DOWNLOADING => AVAILABLE in 2.39168286324
2019-09-16 13:01:43.746 1924 RALLYDEBUG rally.task.utils [-] Waiting for resource s_rally_867c2025_pthRwxQf. Status changed: DOWNLOADING => AVAILABLE in 2.41368317604
2019-09-16 13:01:43.829 1924 INFO rally.task.runner [-] Task 7d659aa2-2f00-45e6-9dfd-e048cf7d9207 | ITER: 4 END: OK
2019-09-16 13:01:43.832 1924 INFO rally.task.runner [-] Task 7d659aa2-2f00-45e6-9dfd-e048cf7d9207 | ITER: 6 START
2019-09-16 13:01:43.894 1922 INFO rally.task.runner [-] Task 7d659aa2-2f00-45e6-9dfd-e048cf7d9207 | ITER: 2 END: OK
2019-09-16 13:01:43.897 1922 INFO rally.task.runner [-] Task 7d659aa2-2f00-45e6-9dfd-e048cf7d9207 | ITER: 7 START
2019-09-16 13:01:44.073 1923 RALLYDEBUG rally.task.utils [-] Waiting for resource s_rally_867c2025_Pho9222J. Status changed: DOWNLOADING => AVAILABLE in 2.48048496246
2019-09-16 13:01:44.162 1923 INFO rally.task.runner [-] Task 7d659aa2-2f00-45e6-9dfd-e048cf7d9207 | ITER: 3 END: OK
2019-09-16 13:01:44.165 1923 INFO rally.task.runner [-] Task 7d659aa2-2f00-45e6-9dfd-e048cf7d9207 | ITER: 8 START
2019-09-16 13:01:49.268 1924 RALLYDEBUG rally.task.utils [-] Waiting for resource s_rally_867c2025_nY5EkcGr. Status changed: DOWNLOADING => AVAILABLE in 2.43003320694
2019-09-16 13:01:49.386 1924 INFO rally.task.runner [-] Task 7d659aa2-2f00-45e6-9dfd-e048cf7d9207 | ITER: 6 END: OK
2019-09-16 13:01:49.389 1924 INFO rally.task.runner [-] Task 7d659aa2-2f00-45e6-9dfd-e048cf7d9207 | ITER: 9 START
2019-09-16 13:01:49.659 1922 RALLYDEBUG rally.task.utils [-] Waiting for resource s_rally_867c2025_ZKuOvwN5. Status changed: DOWNLOADING => AVAILABLE in 2.51460194588
2019-09-16 13:01:49.754 1921 RALLYDEBUG rally.task.utils [-] Waiting for resource s_rally_867c2025_7aupyx9p. Status changed: DOWNLOADING => AVAILABLE in 2.37315297127
2019-09-16 13:01:49.762 1922 INFO rally.task.runner [-] Task 7d659aa2-2f00-45e6-9dfd-e048cf7d9207 | ITER: 7 END: OK
2019-09-16 13:01:49.765 1922 INFO rally.task.runner [-] Task 7d659aa2-2f00-45e6-9dfd-e048cf7d9207 | ITER: 10 START
2019-09-16 13:01:49.790 1923 RALLYDEBUG rally.task.utils [-] Waiting for resource s_rally_867c2025_mqf5V4oM. Status changed: DOWNLOADING => AVAILABLE in 2.45807790756
2019-09-16 13:01:49.897 1923 INFO rally.task.runner [-] Task 7d659aa2-2f00-45e6-9dfd-e048cf7d9207 | ITER: 8 END: OK
2019-09-16 13:01:49.915 1921 INFO rally.task.runner [-] Task 7d659aa2-2f00-45e6-9dfd-e048cf7d9207 | ITER: 5 END: OK
2019-09-16 13:01:54.827 1924 RALLYDEBUG rally.task.utils [-] Waiting for resource s_rally_867c2025_gICoD0GS. Status changed: DOWNLOADING => AVAILABLE in 2.33826303482
2019-09-16 13:01:54.991 1924 INFO rally.task.runner [-] Task 7d659aa2-2f00-45e6-9dfd-e048cf7d9207 | ITER: 9 END: OK
2019-09-16 13:01:55.221 1922 RALLYDEBUG rally.task.utils [-] Waiting for resource s_rally_867c2025_qzSZcqVA. Status changed: DOWNLOADING => AVAILABLE in 2.45309591293
2019-09-16 13:01:55.330 1922 INFO rally.task.runner [-] Task 7d659aa2-2f00-45e6-9dfd-e048cf7d9207 | ITER: 10 END: OK
2019-09-16 13:01:55.350 1348 INFO rally.task.context [-] Task 7d659aa2-2f00-45e6-9dfd-e048cf7d9207 | Context cleanup@openstack cleanup() started
2019-09-16 13:01:55.353 1348 RALLYDEBUG rally_openstack.cleanup.manager [-] Cleaning up cinder backups objects
2019-09-16 13:01:57.165 1348 RALLYDEBUG rally_openstack.cleanup.manager [-] Cleaning up cinder volume_snapshots objects
2019-09-16 13:01:58.907 1348 RALLYDEBUG rally_openstack.cleanup.manager [-] Cleaning up cinder transfers objects
2019-09-16 13:02:00.511 1348 RALLYDEBUG rally_openstack.cleanup.manager [-] Cleaning up cinder volumes objects
2019-09-16 13:02:02.236 1348 RALLYDEBUG rally_openstack.cleanup.manager [-] Deleting cinder.volumes object s_rally_867c2025_ZKuOvwN5 (f4607dd3-55fe-4507-bd63-9d940c3c979c)
2019-09-16 13:02:02.238 1348 RALLYDEBUG rally_openstack.cleanup.manager [-] Deleting cinder.volumes object s_rally_867c2025_qzSZcqVA (f6b91012-2f33-4cb9-9ed5-46e05d896512)
2019-09-16 13:02:02.240 1348 RALLYDEBUG rally_openstack.cleanup.manager [-] Deleting cinder.volumes object s_rally_867c2025_nY5EkcGr (0cd3a1c2-813d-42d4-ba3b-03dd9c31fe76)
2019-09-16 13:02:02.243 1348 RALLYDEBUG rally_openstack.cleanup.manager [-] Deleting cinder.volumes object s_rally_867c2025_mqf5V4oM (e6b3db78-13cf-4bf4-ae3d-e60852fac6f4)
2019-09-16 13:02:02.244 1348 RALLYDEBUG rally_openstack.cleanup.manager [-] Deleting cinder.volumes object s_rally_867c2025_BYaayaPi (73d1e44a-a823-4934-b1ee-daf85a38d0b8)
2019-09-16 13:02:02.245 1348 RALLYDEBUG rally_openstack.cleanup.manager [-] Deleting cinder.volumes object s_rally_867c2025_7aupyx9p (a74800db-9eca-4dc8-a58f-ad0c8bf2b147)
2019-09-16 13:02:02.248 1348 RALLYDEBUG rally_openstack.cleanup.manager [-] Deleting cinder.volumes object s_rally_867c2025_pthRwxQf (7fbf785d-e2b4-467e-b79e-67d3ce82cbff)
2019-09-16 13:02:02.249 1348 RALLYDEBUG rally_openstack.cleanup.manager [-] Deleting cinder.volumes object s_rally_867c2025_gICoD0GS (f691b35b-6179-47e4-a6e1-774b8163d4eb)
2019-09-16 13:02:02.257 1348 RALLYDEBUG rally_openstack.cleanup.manager [-] Deleting cinder.volumes object s_rally_867c2025_Rdk7FlZe (ccb8a713-c741-4ff4-afba-9d66d3ef457a)
2019-09-16 13:02:02.261 1348 RALLYDEBUG rally_openstack.cleanup.manager [-] Deleting cinder.volumes object s_rally_867c2025_Pho9222J (551e6a13-e06d-4cfc-92ca-606acd8108f7)
2019-09-16 13:02:07.724 1348 INFO rally.task.context [-] Task 7d659aa2-2f00-45e6-9dfd-e048cf7d9207 | Context cleanup@openstack cleanup() finished in 12.37 sec
2019-09-16 13:02:07.725 1348 INFO rally.task.context [-] Task 7d659aa2-2f00-45e6-9dfd-e048cf7d9207 | Context quotas@openstack cleanup() started
2019-09-16 13:02:07.877 1348 INFO rally.task.context [-] Task 7d659aa2-2f00-45e6-9dfd-e048cf7d9207 | Context quotas@openstack cleanup() finished in 0.15 sec
2019-09-16 13:02:07.877 1348 INFO rally.task.context [-] Task 7d659aa2-2f00-45e6-9dfd-e048cf7d9207 | Context api_versions@openstack cleanup() started
2019-09-16 13:02:07.877 1348 INFO rally.task.context [-] Task 7d659aa2-2f00-45e6-9dfd-e048cf7d9207 | Context api_versions@openstack cleanup() finished in 0.14 msec
2019-09-16 13:02:07.878 1348 INFO rally.task.context [-] Task 7d659aa2-2f00-45e6-9dfd-e048cf7d9207 | Context users@openstack cleanup() started
2019-09-16 13:02:13.961 1348 INFO rally.task.context [-] Task 7d659aa2-2f00-45e6-9dfd-e048cf7d9207 | Context users@openstack cleanup() finished in 6.08 sec
2019-09-16 13:02:14.123 1348 INFO rally.task.engine [-] Load duration is: 17.386495
2019-09-16 13:02:14.123 1348 INFO rally.task.engine [-] Full runner duration is: 17.424995
2019-09-16 13:02:14.123 1348 INFO rally.task.engine [-] Full duration is: 43.973099
2019-09-16 13:02:14.170 1348 INFO rally.task.engine [-] Running workload: position = 1 config = { "version": 2, "title": "A cropped version of a bigger task.", "description": "Auto-generated task from a single workload (uuid=d77f69fa-6409-44be-b933-8e394942f9c6)", "subtasks": [ { "title": "CinderVolumes.create_and_list_volume", "description": "Create a volume and list all volumes.", "scenario": { "CinderVolumes.create_and_list_volume": { "detailed": true, "size": 1 } }, "contexts": { "users": { "tenants": 3, "users_per_tenant": 2 }, "quotas": { "cinder": { "gigabytes": -1, "snapshots": -1, "volumes": -1 } }, "api_versions": { "cinder": { "version": 3, "service_type": "volumev3" } } }, "runner": { "constant": { "concurrency": 4, "times": 10 } }, "hooks": [], "sla": { "failure_rate": { "max": 0 } } } ] }
2019-09-16 13:02:14.182 1348 RALLYDEBUG rally_openstack.contexts.keystone.users [-] Creating 3 tenants using 20 threads
2019-09-16 13:02:15.314 1348 RALLYDEBUG rally_openstack.contexts.keystone.users [-] Creating 6 users using 20 threads
2019-09-16 13:02:18.217 1348 INFO rally.task.context [-] Task 7d659aa2-2f00-45e6-9dfd-e048cf7d9207 | Context users@openstack setup() finished in 4.03 sec
2019-09-16 13:02:18.796 1348 INFO rally.task.context [-] Task 7d659aa2-2f00-45e6-9dfd-e048cf7d9207 | Context api_versions@openstack setup() finished in 0.58 sec
2019-09-16 13:02:19.962 1348 INFO rally.task.context [-] Task 7d659aa2-2f00-45e6-9dfd-e048cf7d9207 | Context quotas@openstack setup() finished in 1.17 sec
2019-09-16 13:02:19.963 1348 INFO rally.task.context [-] Task 7d659aa2-2f00-45e6-9dfd-e048cf7d9207 | Context cleanup@openstack setup() finished in 0.00 msec
2019-09-16 13:02:19.967 1348 RALLYDEBUG rally.task.runner [-] Starting the constant runner (task UUID: 7d659aa2-2f00-45e6-9dfd-e048cf7d9207). timeout: 0 concurrency: 4 concurrency_per_worker: 1 times: 10 concurrency_overhead: 0 processes_to_start: 4 max_cpu_used: 40
2019-09-16 13:02:19.975 2105 RALLYDEBUG rally.task.runner [-] Starting a worker. concurrency: 1 args: {"detailed": true, "size": 1} times: 10 method_name: run timeout: 0 duration: None cls:
2019-09-16 13:02:19.978 2106 RALLYDEBUG rally.task.runner [-] Starting a worker. concurrency: 1 args: {"detailed": true, "size": 1} times: 10 method_name: run timeout: 0 duration: None cls:
2019-09-16 13:02:19.979 2107 RALLYDEBUG rally.task.runner [-] Starting a worker. concurrency: 1 args: {"detailed": true, "size": 1} times: 10 method_name: run timeout: 0 duration: None cls:
2019-09-16 13:02:19.980 2105 INFO rally.task.runner [-] Task 7d659aa2-2f00-45e6-9dfd-e048cf7d9207 | ITER: 1 START
2019-09-16 13:02:19.981 2108 RALLYDEBUG rally.task.runner [-] Starting a worker. concurrency: 1 args: {"detailed": true, "size": 1} times: 10 method_name: run timeout: 0 duration: None cls:
2019-09-16 13:02:19.982 2106 INFO rally.task.runner [-] Task 7d659aa2-2f00-45e6-9dfd-e048cf7d9207 | ITER: 2 START
2019-09-16 13:02:19.983 2107 INFO rally.task.runner [-] Task 7d659aa2-2f00-45e6-9dfd-e048cf7d9207 | ITER: 3 START
2019-09-16 13:02:19.985 2108 INFO rally.task.runner [-] Task 7d659aa2-2f00-45e6-9dfd-e048cf7d9207 | ITER: 4 START
2019-09-16 13:02:23.274 2106 INFO rally.task.runner [-] Task 7d659aa2-2f00-45e6-9dfd-e048cf7d9207 | ITER: 2 END: OK
2019-09-16 13:02:23.285 2106 INFO rally.task.runner [-] Task 7d659aa2-2f00-45e6-9dfd-e048cf7d9207 | ITER: 5 START
2019-09-16 13:02:23.350 2107 INFO rally.task.runner [-] Task 7d659aa2-2f00-45e6-9dfd-e048cf7d9207 | ITER: 3 END: OK
2019-09-16 13:02:23.354 2107 INFO rally.task.runner [-] Task 7d659aa2-2f00-45e6-9dfd-e048cf7d9207 | ITER: 6 START
2019-09-16 13:02:23.404 2105 INFO rally.task.runner [-] Task 7d659aa2-2f00-45e6-9dfd-e048cf7d9207 | ITER: 1 END: OK
2019-09-16 13:02:23.408 2105 INFO rally.task.runner [-] Task 7d659aa2-2f00-45e6-9dfd-e048cf7d9207 | ITER: 7 START
2019-09-16 13:02:23.420 2108 INFO rally.task.runner [-] Task 7d659aa2-2f00-45e6-9dfd-e048cf7d9207 | ITER: 4 END: OK
2019-09-16 13:02:23.425 2108 INFO rally.task.runner [-] Task 7d659aa2-2f00-45e6-9dfd-e048cf7d9207 | ITER: 8 START
2019-09-16 13:02:26.629 2107 INFO rally.task.runner [-] Task 7d659aa2-2f00-45e6-9dfd-e048cf7d9207 | ITER: 6 END: OK
2019-09-16 13:02:26.632 2107 INFO rally.task.runner [-] Task 7d659aa2-2f00-45e6-9dfd-e048cf7d9207 | ITER: 9 START
2019-09-16 13:02:26.743 2106 INFO rally.task.runner [-] Task 7d659aa2-2f00-45e6-9dfd-e048cf7d9207 | ITER: 5 END: OK
2019-09-16 13:02:26.746 2106 INFO rally.task.runner [-] Task 7d659aa2-2f00-45e6-9dfd-e048cf7d9207 | ITER: 10 START
2019-09-16 13:02:26.767 2108 INFO rally.task.runner [-] Task 7d659aa2-2f00-45e6-9dfd-e048cf7d9207 | ITER: 8 END: OK
2019-09-16 13:02:26.819 2105 INFO rally.task.runner [-] Task 7d659aa2-2f00-45e6-9dfd-e048cf7d9207 | ITER: 7 END: OK
2019-09-16 13:02:29.775 2107 INFO rally.task.runner [-] Task 7d659aa2-2f00-45e6-9dfd-e048cf7d9207 | ITER: 9 END: OK
2019-09-16 13:02:30.042 2106 INFO rally.task.runner [-] Task 7d659aa2-2f00-45e6-9dfd-e048cf7d9207 | ITER: 10 END: OK
2019-09-16 13:02:30.060 1348 INFO rally.task.context [-] Task 7d659aa2-2f00-45e6-9dfd-e048cf7d9207 | Context cleanup@openstack cleanup() started
2019-09-16 13:02:30.062 1348 RALLYDEBUG rally_openstack.cleanup.manager [-] Cleaning up cinder backups objects
2019-09-16 13:02:31.873 1348 RALLYDEBUG rally_openstack.cleanup.manager [-] Cleaning up cinder volume_snapshots objects
2019-09-16 13:02:33.370 1348 RALLYDEBUG rally_openstack.cleanup.manager [-] Cleaning up cinder transfers objects
2019-09-16 13:02:34.865 1348 RALLYDEBUG rally_openstack.cleanup.manager [-] Cleaning up cinder volumes objects
2019-09-16 13:02:36.606 1348 RALLYDEBUG rally_openstack.cleanup.manager [-] Deleting cinder.volumes object s_rally_d77f69fa_PKkyLsIn (c1b0035c-94d4-4403-a464-57574fdd2be7)
2019-09-16 13:02:36.606 1348 RALLYDEBUG rally_openstack.cleanup.manager [-] Deleting cinder.volumes object s_rally_d77f69fa_DURGHDBm (b0aa154b-8743-4715-9bc7-b6603c6d5f83)
2019-09-16 13:02:36.608 1348 RALLYDEBUG rally_openstack.cleanup.manager [-] Deleting cinder.volumes object s_rally_d77f69fa_uHWBL4d8 (61934d93-2b5d-4fb9-9327-ffb804307168)
2019-09-16 13:02:36.609 1348 RALLYDEBUG rally_openstack.cleanup.manager [-] Deleting cinder.volumes object s_rally_d77f69fa_dRbpnZQ4 (038817cd-ec37-40db-ba77-67821e0aa3e1)
2019-09-16 13:02:36.609 1348 RALLYDEBUG rally_openstack.cleanup.manager [-] Deleting cinder.volumes object s_rally_d77f69fa_Ruvq4hL9 (6fc3d7b4-95b7-42f4-91e8-98affd2683df)
2019-09-16 13:02:36.610 1348 RALLYDEBUG rally_openstack.cleanup.manager [-] Deleting cinder.volumes object s_rally_d77f69fa_IlaaDI30 (7dfb7fae-deec-42be-9c75-c954fb6afc46)
2019-09-16 13:02:36.611 1348 RALLYDEBUG rally_openstack.cleanup.manager [-] Deleting cinder.volumes object s_rally_d77f69fa_XAfmO5tE (7e06accf-dcfc-4814-a401-26b265e21bb9)
2019-09-16 13:02:36.611 1348 RALLYDEBUG rally_openstack.cleanup.manager [-] Deleting cinder.volumes object s_rally_d77f69fa_qcuemDpg (bc02cb95-c87e-4abd-9d3a-923b9bd40c28)
2019-09-16 13:02:36.617 1348 RALLYDEBUG rally_openstack.cleanup.manager [-] Deleting cinder.volumes object s_rally_d77f69fa_Jq9ImUux (ca4ef2e7-918a-441b-955c-03a07ed7ac64)
2019-09-16 13:02:36.622 1348 RALLYDEBUG rally_openstack.cleanup.manager [-] Deleting cinder.volumes object s_rally_d77f69fa_EPr0JvsF (22ac36ac-15d2-44dd-949e-63de8d1a959a)
2019-09-16 13:02:42.078 1348 INFO rally.task.context [-] Task 7d659aa2-2f00-45e6-9dfd-e048cf7d9207 | Context cleanup@openstack cleanup() finished in 12.02 sec
2019-09-16 13:02:42.079 1348 INFO rally.task.context [-] Task 7d659aa2-2f00-45e6-9dfd-e048cf7d9207 | Context quotas@openstack cleanup() started
2019-09-16 13:02:42.283 1348 INFO rally.task.context [-] Task 7d659aa2-2f00-45e6-9dfd-e048cf7d9207 | Context quotas@openstack cleanup() finished in 0.20 sec
2019-09-16 13:02:42.284 1348 INFO rally.task.context [-] Task 7d659aa2-2f00-45e6-9dfd-e048cf7d9207 | Context api_versions@openstack cleanup() started
2019-09-16 13:02:42.284 1348 INFO rally.task.context [-] Task 7d659aa2-2f00-45e6-9dfd-e048cf7d9207 | Context api_versions@openstack cleanup() finished in 0.21 msec
2019-09-16 13:02:42.284 1348 INFO rally.task.context [-] Task 7d659aa2-2f00-45e6-9dfd-e048cf7d9207 | Context users@openstack cleanup() started
2019-09-16 13:02:48.395 1348 INFO rally.task.context [-] Task 7d659aa2-2f00-45e6-9dfd-e048cf7d9207 | Context users@openstack cleanup() finished in 6.11 sec
2019-09-16 13:02:50.303 1348 INFO rally.task.engine [-] Load duration is: 10.060767
2019-09-16 13:02:50.303 1348 INFO rally.task.engine [-] Full runner duration is: 10.093064
2019-09-16 13:02:50.304 1348 INFO rally.task.engine [-] Full duration is: 34.214575
2019-09-16 13:02:50.421 1348 INFO rally.task.engine [-] Running workload: position = 0 config = { "version": 2, "title": "A cropped version of a bigger task.", "description": "Auto-generated task from a single workload (uuid=7213e6e9-d6f8-44a0-9d11-8d52d6035995)", "subtasks": [ { "title": "CinderVolumes.create_and_upload_volume_to_image", "description": "Create and upload a volume to image.", "scenario": { "CinderVolumes.create_and_upload_volume_to_image": { "container_format": "bare", "disk_format": "raw", "do_delete": true, "force": false, "size": 1 } }, "contexts": { "users": { "tenants": 3, "users_per_tenant": 2 }, "quotas": { "cinder": { "gigabytes": -1, "snapshots": -1, "volumes": -1 } }, "api_versions": { "cinder": { "version": 3, "service_type": "volumev3" } } }, "runner": { "constant": { "concurrency": 4, "times": 10 } }, "hooks": [], "sla": { "failure_rate": { "max": 0 } } } ] }
2019-09-16 13:02:50.437 1348 RALLYDEBUG rally_openstack.contexts.keystone.users [-] Creating 3 tenants using 20 threads
2019-09-16 13:02:51.640 1348 RALLYDEBUG rally_openstack.contexts.keystone.users [-] Creating 6 users using 20 threads
2019-09-16 13:02:54.528 1348 INFO rally.task.context [-] Task 7d659aa2-2f00-45e6-9dfd-e048cf7d9207 | Context users@openstack setup() finished in 4.09 sec
2019-09-16 13:02:55.054 1348 INFO rally.task.context [-] Task 7d659aa2-2f00-45e6-9dfd-e048cf7d9207 | Context api_versions@openstack setup() finished in 0.53 sec
2019-09-16 13:02:56.176 1348 INFO rally.task.context [-] Task 7d659aa2-2f00-45e6-9dfd-e048cf7d9207 | Context quotas@openstack setup() finished in 1.12 sec
2019-09-16 13:02:56.176 1348 INFO rally.task.context [-] Task 7d659aa2-2f00-45e6-9dfd-e048cf7d9207 | Context cleanup@openstack setup() finished in 0.03 msec
2019-09-16 13:02:56.181 1348 RALLYDEBUG rally.task.runner [-] Starting the constant runner (task UUID: 7d659aa2-2f00-45e6-9dfd-e048cf7d9207). timeout: 0 concurrency: 4 concurrency_per_worker: 1 times: 10 concurrency_overhead: 0 processes_to_start: 4 max_cpu_used: 40
2019-09-16 13:02:56.189 2289 RALLYDEBUG rally.task.runner [-] Starting a worker. concurrency: 1 args: {"container_format": "bare", "disk_format": "raw", "do_delete": true, "force": false, "size": 1} times: 10 method_name: run timeout: 0 duration: None cls:
2019-09-16 13:02:56.191 2290 RALLYDEBUG rally.task.runner [-] Starting a worker. concurrency: 1 args: {"container_format": "bare", "disk_format": "raw", "do_delete": true, "force": false, "size": 1} times: 10 method_name: run timeout: 0 duration: None cls:
2019-09-16 13:02:56.192 2291 RALLYDEBUG rally.task.runner [-] Starting a worker. concurrency: 1 args: {"container_format": "bare", "disk_format": "raw", "do_delete": true, "force": false, "size": 1} times: 10 method_name: run timeout: 0 duration: None cls:
2019-09-16 13:02:56.193 2289 INFO rally.task.runner [-] Task 7d659aa2-2f00-45e6-9dfd-e048cf7d9207 | ITER: 1 START
2019-09-16 13:02:56.194 2292 RALLYDEBUG rally.task.runner [-] Starting a worker. concurrency: 1 args: {"container_format": "bare", "disk_format": "raw", "do_delete": true, "force": false, "size": 1} times: 10 method_name: run timeout: 0 duration: None cls:
2019-09-16 13:02:56.195 2290 INFO rally.task.runner [-] Task 7d659aa2-2f00-45e6-9dfd-e048cf7d9207 | ITER: 2 START
2019-09-16 13:02:56.196 2291 INFO rally.task.runner [-] Task 7d659aa2-2f00-45e6-9dfd-e048cf7d9207 | ITER: 3 START
2019-09-16 13:02:56.198 2292 INFO rally.task.runner [-] Task 7d659aa2-2f00-45e6-9dfd-e048cf7d9207 | ITER: 4 START
2019-09-16 13:03:00.245 2290 RALLYDEBUG rally.task.utils [-] Waiting for resource s_rally_7213e6e9_dJRHnVEc. Status changed: AVAILABLE => UPLOADING in 0.0815660953522
2019-09-16 13:03:00.298 2289 RALLYDEBUG rally.task.utils [-] Waiting for resource s_rally_7213e6e9_qeW2Ce2S. Status changed: AVAILABLE => UPLOADING in 0.0806491374969
2019-09-16 13:03:00.325 2292 RALLYDEBUG rally.task.utils [-] Waiting for resource s_rally_7213e6e9_l7pu23tU. Status changed: AVAILABLE => UPLOADING in 0.0810880661011
2019-09-16 13:03:00.427 2291 RALLYDEBUG rally.task.utils [-] Waiting for resource s_rally_7213e6e9_QBkZCef8. Status changed: AVAILABLE => UPLOADING in 0.0844130516052
2019-09-16 13:03:42.267 2290 RALLYDEBUG rally.task.utils [-] Waiting for resource s_rally_7213e6e9_dJRHnVEc. Status changed: UPLOADING => AVAILABLE in 42.0220708847
2019-09-16 13:03:42.295 2292 RALLYDEBUG rally.task.utils [-] Waiting for resource s_rally_7213e6e9_l7pu23tU. Status changed: UPLOADING => AVAILABLE in 41.9700410366
2019-09-16 13:03:42.558 2290 RALLYDEBUG rally.task.utils [-] Waiting for resource s_rally_7213e6e9_dJRHnVEc. Status changed: AVAILABLE => DELETING in 0.100548028946
2019-09-16 13:03:42.581 2292 RALLYDEBUG rally.task.utils [-] Waiting for resource s_rally_7213e6e9_l7pu23tU. Status changed: AVAILABLE => DELETING in 0.0954270362854
2019-09-16 13:03:44.307 2289 RALLYDEBUG rally.task.utils [-] Waiting for resource s_rally_7213e6e9_qeW2Ce2S. Status changed: UPLOADING => AVAILABLE in 44.0095188618
2019-09-16 13:03:44.700 2289 RALLYDEBUG rally.task.utils [-] Waiting for resource s_rally_7213e6e9_qeW2Ce2S. Status changed: AVAILABLE => DELETING in 0.229457139969
2019-09-16 13:03:44.778 2291 RALLYDEBUG rally.task.utils [-] Waiting for resource s_rally_7213e6e9_QBkZCef8. Status changed: UPLOADING => AVAILABLE in 44.3512089252
2019-09-16 13:03:45.008 2290 INFO rally.task.runner [-] Task 7d659aa2-2f00-45e6-9dfd-e048cf7d9207 | ITER: 2 END: OK
