2019-09-16 12:52:14.046 7 RALLYDEBUG rally.api [-] INFO logs from urllib3 and requests module are hide.
2019-09-16 12:52:14.046 7 RALLYDEBUG rally.api [-] urllib3 insecure warnings are hidden.
2019-09-16 12:52:14.046 7 RALLYDEBUG rally.api [-] ERROR log from boto module is hide.
2019-09-16 12:52:15.629 7 ERROR rally.cli.cliutils [-] Unexpected exception in CLI: DBRecordNotFound: Record for uuid or name is opnfv-rally not found in table envs
2019-09-16 12:52:15.629 7 ERROR rally.cli.cliutils
Traceback (most recent call last):
2019-09-16 12:52:15.629 7 ERROR rally.cli.cliutils
File "/usr/lib/python2.7/site-packages/rally/cli/cliutils.py", line 674, in run
2019-09-16 12:52:15.629 7 ERROR rally.cli.cliutils ret = fn(*fn_args, **fn_kwargs)
2019-09-16 12:52:15.629 7 ERROR rally.cli.cliutils File "", line 2, in destroy
2019-09-16 12:52:15.629 7 ERROR rally.cli.cliutils
File "/usr/lib/python2.7/site-packages/rally/cli/envutils.py", line 69, in default_from_global
2019-09-16 12:52:15.629 7 ERROR rally.cli.cliutils return f(*args, **kwargs)
2019-09-16 12:52:15.629 7 ERROR rally.cli.cliutils File "", line 2, in destroy
2019-09-16 12:52:15.629 7 ERROR rally.cli.cliutils
File "/usr/lib/python2.7/site-packages/rally/plugins/__init__.py", line 51, in ensure_plugins_are_loaded
2019-09-16 12:52:15.629 7 ERROR rally.cli.cliutils return f(*args, **kwargs)
2019-09-16 12:52:15.629 7 ERROR rally.cli.cliutils
File "/usr/lib/python2.7/site-packages/rally/cli/commands/deployment.py", line 140, in destroy
2019-09-16 12:52:15.629 7 ERROR rally.cli.cliutils api.deployment.destroy(deployment=deployment)
2019-09-16 12:52:15.629 7 ERROR rally.cli.cliutils
File "/usr/lib/python2.7/site-packages/rally/api.py", line 115, in destroy
2019-09-16 12:52:15.629 7 ERROR rally.cli.cliutils deploy = objects.Deployment.get(deployment)
2019-09-16 12:52:15.629 7 ERROR rally.cli.cliutils
File "/usr/lib/python2.7/site-packages/rally/common/objects/deploy.py", line 124, in get
2019-09-16 12:52:15.629 7 ERROR rally.cli.cliutils return Deployment(env_mgr.EnvManager.get(deploy))
2019-09-16 12:52:15.629 7 ERROR rally.cli.cliutils
File "/usr/lib/python2.7/site-packages/rally/env/env_mgr.py", line 212, in get
2019-09-16 12:52:15.629 7 ERROR rally.cli.cliutils return cls(db.env_get(uuid_or_name))
2019-09-16 12:52:15.629 7 ERROR rally.cli.cliutils
File "/usr/lib/python2.7/site-packages/rally/common/db/api.py", line 135, in wrapper
2019-09-16 12:52:15.629 7 ERROR rally.cli.cliutils result = f(session, *args, **kwargs)
2019-09-16 12:52:15.629 7 ERROR rally.cli.cliutils
File "/usr/lib/python2.7/site-packages/rally/common/db/api.py", line 521, in env_get
2019-09-16 12:52:15.629 7 ERROR rally.cli.cliutils criteria="uuid or name is %s" % uuid_or_name, table="envs")
2019-09-16 12:52:15.629 7 ERROR rally.cli.cliutils DBRecordNotFound: Record for uuid or name is opnfv-rally not found in table envs
2019-09-16 12:52:15.629 7 ERROR rally.cli.cliutils
2019-09-16 12:52:16.699 9 RALLYDEBUG rally.api [-] INFO logs from urllib3 and requests module are hide.
2019-09-16 12:52:16.700 9 RALLYDEBUG rally.api [-] urllib3 insecure warnings are hidden.
2019-09-16 12:52:16.700 9 RALLYDEBUG rally.api [-] ERROR log from boto module is hide.
2019-09-16 12:52:18.217 9 WARNING rally_openstack.platforms.existing [-] endpoint is deprecated and not used.
2019-09-16 12:52:19.402 11 RALLYDEBUG rally.api [-] INFO logs from urllib3 and requests module are hide.
2019-09-16 12:52:19.402 11 RALLYDEBUG rally.api [-] urllib3 insecure warnings are hidden.
2019-09-16 12:52:19.402 11 RALLYDEBUG rally.api [-] ERROR log from boto module is hide.
2019-09-16 12:52:22.969 14 RALLYDEBUG rally.api [-] INFO logs from urllib3 and requests module are hide.
2019-09-16 12:52:22.969 14 RALLYDEBUG rally.api [-] urllib3 insecure warnings are hidden.
2019-09-16 12:52:22.969 14 RALLYDEBUG rally.api [-] ERROR log from boto module is hide.
2019-09-16 12:52:24.193 16 RALLYDEBUG rally.api [-] INFO logs from urllib3 and requests module are hide.
2019-09-16 12:52:24.193 16 RALLYDEBUG rally.api [-] urllib3 insecure warnings are hidden.
2019-09-16 12:52:24.193 16 RALLYDEBUG rally.api [-] ERROR log from boto module is hide.
2019-09-16 12:52:26.082 16 INFO rally.task.engine [-] Task dc69bdac-3681-43d0-8934-b8b888a09a5c | Starting: Task validation.
2019-09-16 12:52:26.096 16 INFO rally.task.engine [-] Task dc69bdac-3681-43d0-8934-b8b888a09a5c | Starting: Task validation of syntax.
2019-09-16 12:52:26.155 16 INFO rally.task.engine [-] Task dc69bdac-3681-43d0-8934-b8b888a09a5c | Completed: Task validation of syntax.
2019-09-16 12:52:26.156 16 INFO rally.task.engine [-] Task dc69bdac-3681-43d0-8934-b8b888a09a5c | Starting: Task validation of required platforms.
2019-09-16 12:52:26.193 16 INFO rally.task.engine [-] Task dc69bdac-3681-43d0-8934-b8b888a09a5c | Completed: Task validation of required platforms.
2019-09-16 12:52:26.193 16 INFO rally.task.engine [-] Task dc69bdac-3681-43d0-8934-b8b888a09a5c | Starting: Task validation of semantic.
2019-09-16 12:52:26.193 16 INFO rally.task.engine [-] Check health of the environment '144e6a2c-2d7e-4a78-8825-1e9bd99d3ae1'.
2019-09-16 12:52:26.856 16 INFO rally.task.engine [-] Platform existing@openstack (available: True): OK!
2019-09-16 12:52:26.867 16 RALLYDEBUG rally_openstack.contexts.keystone.users [-] Creating 1 tenants using 20 threads
2019-09-16 12:52:27.955 16 RALLYDEBUG rally_openstack.contexts.keystone.users [-] Creating 1 users using 20 threads
2019-09-16 12:52:29.674 16 INFO rally.task.context [-] Task dc69bdac-3681-43d0-8934-b8b888a09a5c | Context users@openstack setup() finished in 2.81 sec
2019-09-16 12:52:29.705 16 INFO rally.task.context [-] Task dc69bdac-3681-43d0-8934-b8b888a09a5c | Context users@openstack cleanup() started
2019-09-16 12:52:34.119 16 INFO rally.task.context [-] Task dc69bdac-3681-43d0-8934-b8b888a09a5c | Context users@openstack cleanup() finished in 4.41 sec
2019-09-16 12:52:34.119 16 INFO rally.task.engine [-] Task dc69bdac-3681-43d0-8934-b8b888a09a5c | Completed: Task validation of semantic.
2019-09-16 12:52:34.120 16 INFO rally.task.engine [-] Task dc69bdac-3681-43d0-8934-b8b888a09a5c | Completed: Task validation.
2019-09-16 12:52:34.120 16 INFO rally.api [-] Task dc69bdac-3681-43d0-8934-b8b888a09a5c input file is valid.
2019-09-16 12:52:34.120 16 INFO rally.api [-] Run Task dc69bdac-3681-43d0-8934-b8b888a09a5c against Deployment 144e6a2c-2d7e-4a78-8825-1e9bd99d3ae1
2019-09-16 12:52:34.120 16 INFO rally.task.engine [-] Task dc69bdac-3681-43d0-8934-b8b888a09a5c | Starting: Running task.
2019-09-16 12:52:34.167 16 INFO rally.task.engine [-] Running workload: position = 0 config = { "version": 2, "title": "A cropped version of a bigger task.", "description": "Auto-generated task from a single workload (uuid=efd98df8-6c76-4c3d-8303-b21ee69eb02c)", "subtasks": [ { "title": "Authenticate.keystone", "description": "Check Keystone Client.", "scenario": { "Authenticate.keystone": {} }, "contexts": { "users": { "tenants": 3, "users_per_tenant": 2 } }, "runner": { "constant": { "concurrency": 4, "times": 10 } }, "hooks": [], "sla": { "failure_rate": { "max": 0 } } } ] }
2019-09-16 12:52:34.180 16 RALLYDEBUG rally_openstack.contexts.keystone.users [-] Creating 3 tenants using 20 threads
2019-09-16 12:52:35.448 16 RALLYDEBUG rally_openstack.contexts.keystone.users [-] Creating 6 users using 20 threads
2019-09-16 12:52:38.248 16 INFO rally.task.context [-] Task dc69bdac-3681-43d0-8934-b8b888a09a5c | Context users@openstack setup() finished in 4.07 sec
2019-09-16 12:52:38.254 16 RALLYDEBUG rally.task.runner [-] Starting the constant runner (task UUID: dc69bdac-3681-43d0-8934-b8b888a09a5c). timeout: 0 concurrency: 4 concurrency_per_worker: 1 times: 10 concurrency_overhead: 0 processes_to_start: 4 max_cpu_used: 40
2019-09-16 12:52:38.264 141 RALLYDEBUG rally.task.runner [-] Starting a worker. concurrency: 1 args: {} times: 10 method_name: run timeout: 0 duration: None cls:
2019-09-16 12:52:38.265 142 RALLYDEBUG rally.task.runner [-] Starting a worker. concurrency: 1 args: {} times: 10 method_name: run timeout: 0 duration: None cls:
2019-09-16 12:52:38.267 141 INFO rally.task.runner [-] Task dc69bdac-3681-43d0-8934-b8b888a09a5c | ITER: 1 START
2019-09-16 12:52:38.267 143 RALLYDEBUG rally.task.runner [-] Starting a worker. concurrency: 1 args: {} times: 10 method_name: run timeout: 0 duration: None cls:
2019-09-16 12:52:38.269 142 INFO rally.task.runner [-] Task dc69bdac-3681-43d0-8934-b8b888a09a5c | ITER: 2 START
2019-09-16 12:52:38.270 143 INFO rally.task.runner [-] Task dc69bdac-3681-43d0-8934-b8b888a09a5c | ITER: 3 START
2019-09-16 12:52:38.270 145 RALLYDEBUG rally.task.runner [-] Starting a worker. concurrency: 1 args: {} times: 10 method_name: run timeout: 0 duration: None cls:
2019-09-16 12:52:38.273 145 INFO rally.task.runner [-] Task dc69bdac-3681-43d0-8934-b8b888a09a5c | ITER: 4 START
2019-09-16 12:52:38.858 145 INFO rally.task.runner [-] Task dc69bdac-3681-43d0-8934-b8b888a09a5c | ITER: 4 END: OK
2019-09-16 12:52:38.861 145 INFO rally.task.runner [-] Task dc69bdac-3681-43d0-8934-b8b888a09a5c | ITER: 5 START
2019-09-16 12:52:38.887 141 INFO rally.task.runner [-] Task dc69bdac-3681-43d0-8934-b8b888a09a5c | ITER: 1 END: OK
2019-09-16 12:52:38.890 141 INFO rally.task.runner [-] Task dc69bdac-3681-43d0-8934-b8b888a09a5c | ITER: 6 START
2019-09-16 12:52:38.898 143 INFO rally.task.runner [-] Task dc69bdac-3681-43d0-8934-b8b888a09a5c | ITER: 3 END: OK
2019-09-16 12:52:38.900 143 INFO rally.task.runner [-] Task dc69bdac-3681-43d0-8934-b8b888a09a5c | ITER: 7 START
2019-09-16 12:52:38.953 142 INFO rally.task.runner [-] Task dc69bdac-3681-43d0-8934-b8b888a09a5c | ITER: 2 END: OK
2019-09-16 12:52:38.956 142 INFO rally.task.runner [-] Task dc69bdac-3681-43d0-8934-b8b888a09a5c | ITER: 8 START
2019-09-16 12:52:39.307 145 INFO rally.task.runner [-] Task dc69bdac-3681-43d0-8934-b8b888a09a5c | ITER: 5 END: OK
2019-09-16 12:52:39.309 145 INFO rally.task.runner [-] Task dc69bdac-3681-43d0-8934-b8b888a09a5c | ITER: 9 START
2019-09-16 12:52:39.335 143 INFO rally.task.runner [-] Task dc69bdac-3681-43d0-8934-b8b888a09a5c | ITER: 7 END: OK
2019-09-16 12:52:39.337 143 INFO rally.task.runner [-] Task dc69bdac-3681-43d0-8934-b8b888a09a5c | ITER: 10 START
2019-09-16 12:52:39.463 141 INFO rally.task.runner [-] Task dc69bdac-3681-43d0-8934-b8b888a09a5c | ITER: 6 END: OK
2019-09-16 12:52:39.477 142 INFO rally.task.runner [-] Task dc69bdac-3681-43d0-8934-b8b888a09a5c | ITER: 8 END: OK
2019-09-16 12:52:39.781 145 INFO rally.task.runner [-] Task dc69bdac-3681-43d0-8934-b8b888a09a5c | ITER: 9 END: OK
2019-09-16 12:52:39.808 143 INFO rally.task.runner [-] Task dc69bdac-3681-43d0-8934-b8b888a09a5c | ITER: 10 END: OK
2019-09-16 12:52:39.824 16 INFO rally.task.context [-] Task dc69bdac-3681-43d0-8934-b8b888a09a5c | Context users@openstack cleanup() started
2019-09-16 12:52:46.131 16 INFO rally.task.context [-] Task dc69bdac-3681-43d0-8934-b8b888a09a5c | Context users@openstack cleanup() finished in 6.31 sec
2019-09-16 12:52:46.219 16 INFO rally.task.engine [-] Load duration is: 1.539559
2019-09-16 12:52:46.219 16 INFO rally.task.engine [-] Full runner duration is: 1.570011
2019-09-16 12:52:46.219 16 INFO rally.task.engine [-] Full duration is: 11.951513
2019-09-16 12:52:46.292 16 INFO rally.task.engine [-] Running workload: position = 0 config = { "version": 2, "title": "A cropped version of a bigger task.", "description": "Auto-generated task from a single workload (uuid=649ee565-b57f-4cd9-a590-3020b80b83b5)", "subtasks": [ { "title": "Authenticate.validate_cinder", "description": "Check Cinder Client to ensure validation of token.", "scenario": { "Authenticate.validate_cinder": { "repetitions": 2 } }, "contexts": { "users": { "tenants": 3, "users_per_tenant": 2 } }, "runner": { "constant": { "concurrency": 4, "times": 10 } }, "hooks": [], "sla": { "failure_rate": { "max": 0 } } } ] }
2019-09-16 12:52:46.304 16 RALLYDEBUG rally_openstack.contexts.keystone.users [-] Creating 3 tenants using 20 threads
2019-09-16 12:52:47.511 16 RALLYDEBUG rally_openstack.contexts.keystone.users [-] Creating 6 users using 20 threads
2019-09-16 12:52:50.412 16 INFO rally.task.context [-] Task dc69bdac-3681-43d0-8934-b8b888a09a5c | Context users@openstack setup() finished in 4.11 sec
2019-09-16 12:52:50.422 16 RALLYDEBUG rally.task.runner [-] Starting the constant runner (task UUID: dc69bdac-3681-43d0-8934-b8b888a09a5c). timeout: 0 concurrency: 4 concurrency_per_worker: 1 times: 10 concurrency_overhead: 0 processes_to_start: 4 max_cpu_used: 40
2019-09-16 12:52:50.430 245 RALLYDEBUG rally.task.runner [-] Starting a worker. concurrency: 1 args: {"repetitions": 2} times: 10 method_name: run timeout: 0 duration: None cls:
2019-09-16 12:52:50.432 246 RALLYDEBUG rally.task.runner [-] Starting a worker. concurrency: 1 args: {"repetitions": 2} times: 10 method_name: run timeout: 0 duration: None cls:
2019-09-16 12:52:50.433 245 INFO rally.task.runner [-] Task dc69bdac-3681-43d0-8934-b8b888a09a5c | ITER: 1 START
2019-09-16 12:52:50.434 247 RALLYDEBUG rally.task.runner [-] Starting a worker. concurrency: 1 args: {"repetitions": 2} times: 10 method_name: run timeout: 0 duration: None cls:
2019-09-16 12:52:50.435 246 INFO rally.task.runner [-] Task dc69bdac-3681-43d0-8934-b8b888a09a5c | ITER: 2 START
2019-09-16 12:52:50.437 250 RALLYDEBUG rally.task.runner [-] Starting a worker. concurrency: 1 args: {"repetitions": 2} times: 10 method_name: run timeout: 0 duration: None cls:
2019-09-16 12:52:50.438 247 INFO rally.task.runner [-] Task dc69bdac-3681-43d0-8934-b8b888a09a5c | ITER: 3 START
2019-09-16 12:52:50.440 250 INFO rally.task.runner [-] Task dc69bdac-3681-43d0-8934-b8b888a09a5c | ITER: 4 START
2019-09-16 12:52:51.351 247 INFO rally.task.runner [-] Task dc69bdac-3681-43d0-8934-b8b888a09a5c | ITER: 3 END: OK
2019-09-16 12:52:51.355 247 INFO rally.task.runner [-] Task dc69bdac-3681-43d0-8934-b8b888a09a5c | ITER: 5 START
2019-09-16 12:52:51.447 245 INFO rally.task.runner [-] Task dc69bdac-3681-43d0-8934-b8b888a09a5c | ITER: 1 END: OK
2019-09-16 12:52:51.450 245 INFO rally.task.runner [-] Task dc69bdac-3681-43d0-8934-b8b888a09a5c | ITER: 6 START
2019-09-16 12:52:51.451 250 INFO rally.task.runner [-] Task dc69bdac-3681-43d0-8934-b8b888a09a5c | ITER: 4 END: OK
2019-09-16 12:52:51.454 250 INFO rally.task.runner [-] Task dc69bdac-3681-43d0-8934-b8b888a09a5c | ITER: 7 START
2019-09-16 12:52:51.462 246 INFO rally.task.runner [-] Task dc69bdac-3681-43d0-8934-b8b888a09a5c | ITER: 2 END: OK
2019-09-16 12:52:51.465 246 INFO rally.task.runner [-] Task dc69bdac-3681-43d0-8934-b8b888a09a5c | ITER: 8 START
2019-09-16 12:52:52.087 245 INFO rally.task.runner [-] Task dc69bdac-3681-43d0-8934-b8b888a09a5c | ITER: 6 END: OK
2019-09-16 12:52:52.089 245 INFO rally.task.runner [-] Task dc69bdac-3681-43d0-8934-b8b888a09a5c | ITER: 9 START
2019-09-16 12:52:52.147 247 INFO rally.task.runner [-] Task dc69bdac-3681-43d0-8934-b8b888a09a5c | ITER: 5 END: OK
2019-09-16 12:52:52.150 247 INFO rally.task.runner [-] Task dc69bdac-3681-43d0-8934-b8b888a09a5c | ITER: 10 START
2019-09-16 12:52:52.276 250 INFO rally.task.runner [-] Task dc69bdac-3681-43d0-8934-b8b888a09a5c | ITER: 7 END: OK
2019-09-16 12:52:52.276 246 INFO rally.task.runner [-] Task dc69bdac-3681-43d0-8934-b8b888a09a5c | ITER: 8 END: OK
2019-09-16 12:52:52.711 245 INFO rally.task.runner [-] Task dc69bdac-3681-43d0-8934-b8b888a09a5c | ITER: 9 END: OK
2019-09-16 12:52:52.780 247 INFO rally.task.runner [-] Task dc69bdac-3681-43d0-8934-b8b888a09a5c | ITER: 10 END: OK
2019-09-16 12:52:52.798 16 INFO rally.task.context [-] Task dc69bdac-3681-43d0-8934-b8b888a09a5c | Context users@openstack cleanup() started
2019-09-16 12:52:59.827 16 INFO rally.task.context [-] Task dc69bdac-3681-43d0-8934-b8b888a09a5c | Context users@openstack cleanup() finished in 7.03 sec
2019-09-16 12:53:00.348 16 INFO rally.task.engine [-] Load duration is: 2.34628
2019-09-16 12:53:00.348 16 INFO rally.task.engine [-] Full runner duration is: 2.376302
2019-09-16 12:53:00.349 16 INFO rally.task.engine [-] Full duration is: 13.523288
2019-09-16 12:53:00.416 16 INFO rally.task.engine [-] Running workload: position = 0 config = { "version": 2, "title": "A cropped version of a bigger task.", "description": "Auto-generated task from a single workload (uuid=88341088-f921-4dab-a55d-0e87772f9604)", "subtasks": [ { "title": "Authenticate.validate_glance", "description": "Check Glance Client to ensure validation of token.", "scenario": { "Authenticate.validate_glance": { "repetitions": 2 } }, "contexts": { "users": { "tenants": 3, "users_per_tenant": 2 } }, "runner": { "constant": { "concurrency": 4, "times": 10 } }, "hooks": [], "sla": { "failure_rate": { "max": 0 } } } ] }
2019-09-16 12:53:00.428 16 RALLYDEBUG rally_openstack.contexts.keystone.users [-] Creating 3 tenants using 20 threads
2019-09-16 12:53:01.751 16 RALLYDEBUG rally_openstack.contexts.keystone.users [-] Creating 6 users using 20 threads
2019-09-16 12:53:04.629 16 INFO rally.task.context [-] Task dc69bdac-3681-43d0-8934-b8b888a09a5c | Context users@openstack setup() finished in 4.20 sec
2019-09-16 12:53:04.633 16 RALLYDEBUG rally.task.runner [-] Starting the constant runner (task UUID: dc69bdac-3681-43d0-8934-b8b888a09a5c). timeout: 0 concurrency: 4 concurrency_per_worker: 1 times: 10 concurrency_overhead: 0 processes_to_start: 4 max_cpu_used: 40
2019-09-16 12:53:04.642 349 RALLYDEBUG rally.task.runner [-] Starting a worker. concurrency: 1 args: {"repetitions": 2} times: 10 method_name: run timeout: 0 duration: None cls:
2019-09-16 12:53:04.643 350 RALLYDEBUG rally.task.runner [-] Starting a worker. concurrency: 1 args: {"repetitions": 2} times: 10 method_name: run timeout: 0 duration: None cls:
2019-09-16 12:53:04.645 351 RALLYDEBUG rally.task.runner [-] Starting a worker. concurrency: 1 args: {"repetitions": 2} times: 10 method_name: run timeout: 0 duration: None cls:
2019-09-16 12:53:04.646 350 INFO rally.task.runner [-] Task dc69bdac-3681-43d0-8934-b8b888a09a5c | ITER: 2 START
2019-09-16 12:53:04.647 349 INFO rally.task.runner [-] Task dc69bdac-3681-43d0-8934-b8b888a09a5c | ITER: 1 START
2019-09-16 12:53:04.647 352 RALLYDEBUG rally.task.runner [-] Starting a worker. concurrency: 1 args: {"repetitions": 2} times: 10 method_name: run timeout: 0 duration: None cls:
2019-09-16 12:53:04.650 351 INFO rally.task.runner [-] Task dc69bdac-3681-43d0-8934-b8b888a09a5c | ITER: 3 START
2019-09-16 12:53:04.651 352 INFO rally.task.runner [-] Task dc69bdac-3681-43d0-8934-b8b888a09a5c | ITER: 4 START
2019-09-16 12:53:05.753 349 INFO rally.task.runner [-] Task dc69bdac-3681-43d0-8934-b8b888a09a5c | ITER: 1 END: OK
2019-09-16 12:53:05.756 349 INFO rally.task.runner [-] Task dc69bdac-3681-43d0-8934-b8b888a09a5c | ITER: 5 START
2019-09-16 12:53:05.842 351 INFO rally.task.runner [-] Task dc69bdac-3681-43d0-8934-b8b888a09a5c | ITER: 3 END: OK
2019-09-16 12:53:05.844 350 INFO rally.task.runner [-] Task dc69bdac-3681-43d0-8934-b8b888a09a5c | ITER: 2 END: OK
2019-09-16 12:53:05.845 351 INFO rally.task.runner [-] Task dc69bdac-3681-43d0-8934-b8b888a09a5c | ITER: 6 START
2019-09-16 12:53:05.848 350 INFO rally.task.runner [-] Task dc69bdac-3681-43d0-8934-b8b888a09a5c | ITER: 7 START
2019-09-16 12:53:05.869 352 INFO rally.task.runner [-] Task dc69bdac-3681-43d0-8934-b8b888a09a5c | ITER: 4 END: OK
2019-09-16 12:53:05.872 352 INFO rally.task.runner [-] Task dc69bdac-3681-43d0-8934-b8b888a09a5c | ITER: 8 START
2019-09-16 12:53:06.392 349 INFO rally.task.runner [-] Task dc69bdac-3681-43d0-8934-b8b888a09a5c | ITER: 5 END: OK
2019-09-16 12:53:06.395 349 INFO rally.task.runner [-] Task dc69bdac-3681-43d0-8934-b8b888a09a5c | ITER: 9 START
2019-09-16 12:53:06.624 352 INFO rally.task.runner [-] Task dc69bdac-3681-43d0-8934-b8b888a09a5c | ITER: 8 END: OK
2019-09-16 12:53:06.627 352 INFO rally.task.runner [-] Task dc69bdac-3681-43d0-8934-b8b888a09a5c | ITER: 10 START
2019-09-16 12:53:06.668 350 INFO rally.task.runner [-] Task dc69bdac-3681-43d0-8934-b8b888a09a5c | ITER: 7 END: OK
2019-09-16 12:53:06.686 351 INFO rally.task.runner [-] Task dc69bdac-3681-43d0-8934-b8b888a09a5c | ITER: 6 END: OK
2019-09-16 12:53:06.981 349 INFO rally.task.runner [-] Task dc69bdac-3681-43d0-8934-b8b888a09a5c | ITER: 9 END: OK
2019-09-16 12:53:07.243 352 INFO rally.task.runner [-] Task dc69bdac-3681-43d0-8934-b8b888a09a5c | ITER: 10 END: OK
2019-09-16 12:53:07.270 16 INFO rally.task.context [-] Task dc69bdac-3681-43d0-8934-b8b888a09a5c | Context users@openstack cleanup() started
2019-09-16 12:53:13.811 16 INFO rally.task.context [-] Task dc69bdac-3681-43d0-8934-b8b888a09a5c | Context users@openstack cleanup() finished in 6.54 sec
2019-09-16 12:53:14.509 16 INFO rally.task.engine [-] Load duration is: 2.595797
2019-09-16 12:53:14.510 16 INFO rally.task.engine [-] Full runner duration is: 2.637223
2019-09-16 12:53:14.510 16 INFO rally.task.engine [-] Full duration is: 13.383733
2019-09-16 12:53:14.589 16 INFO rally.task.engine [-] Running workload: position = 0 config = { "version": 2, "title": "A cropped version of a bigger task.", "description": "Auto-generated task from a single workload (uuid=171c7b4f-cd69-4e60-9231-60d6013c1484)", "subtasks": [ { "title": "Authenticate.validate_heat", "description": "Check Heat Client to ensure validation of token.", "scenario": { "Authenticate.validate_heat": { "repetitions": 2 } }, "contexts": { "users": { "tenants": 3, "users_per_tenant": 2 } }, "runner": { "constant": { "concurrency": 4, "times": 10 } }, "hooks": [], "sla": { "failure_rate": { "max": 0 } } } ] }
2019-09-16 12:53:14.605 16 RALLYDEBUG rally_openstack.contexts.keystone.users [-] Creating 3 tenants using 20 threads
2019-09-16 12:53:15.918 16 RALLYDEBUG rally_openstack.contexts.keystone.users [-] Creating 6 users using 20 threads
2019-09-16 12:53:18.858 16 INFO rally.task.context [-] Task dc69bdac-3681-43d0-8934-b8b888a09a5c | Context users@openstack setup() finished in 4.25 sec
2019-09-16 12:53:18.864 16 RALLYDEBUG rally.task.runner [-] Starting the constant runner (task UUID: dc69bdac-3681-43d0-8934-b8b888a09a5c). timeout: 0 concurrency: 4 concurrency_per_worker: 1 times: 10 concurrency_overhead: 0 processes_to_start: 4 max_cpu_used: 40
2019-09-16 12:53:18.872 453 RALLYDEBUG rally.task.runner [-] Starting a worker. concurrency: 1 args: {"repetitions": 2} times: 10 method_name: run timeout: 0 duration: None cls:
2019-09-16 12:53:18.873 454 RALLYDEBUG rally.task.runner [-] Starting a worker. concurrency: 1 args: {"repetitions": 2} times: 10 method_name: run timeout: 0 duration: None cls:
2019-09-16 12:53:18.875 453 INFO rally.task.runner [-] Task dc69bdac-3681-43d0-8934-b8b888a09a5c | ITER: 1 START
2019-09-16 12:53:18.875 455 RALLYDEBUG rally.task.runner [-] Starting a worker. concurrency: 1 args: {"repetitions": 2} times: 10 method_name: run timeout: 0 duration: None cls:
2019-09-16 12:53:18.876 454 INFO rally.task.runner [-] Task dc69bdac-3681-43d0-8934-b8b888a09a5c | ITER: 2 START
2019-09-16 12:53:18.877 456 RALLYDEBUG rally.task.runner [-] Starting a worker. concurrency: 1 args: {"repetitions": 2} times: 10 method_name: run timeout: 0 duration: None cls:
2019-09-16 12:53:18.879 455 INFO rally.task.runner [-] Task dc69bdac-3681-43d0-8934-b8b888a09a5c | ITER: 3 START
2019-09-16 12:53:18.880 456 INFO rally.task.runner [-] Task dc69bdac-3681-43d0-8934-b8b888a09a5c | ITER: 4 START
2019-09-16 12:53:20.171 453 INFO rally.task.runner [-] Task dc69bdac-3681-43d0-8934-b8b888a09a5c | ITER: 1 END: OK
2019-09-16 12:53:20.174 453 INFO rally.task.runner [-] Task dc69bdac-3681-43d0-8934-b8b888a09a5c | ITER: 5 START
2019-09-16 12:53:20.211 454 INFO rally.task.runner [-] Task dc69bdac-3681-43d0-8934-b8b888a09a5c | ITER: 2 END: OK
2019-09-16 12:53:20.214 454 INFO rally.task.runner [-] Task dc69bdac-3681-43d0-8934-b8b888a09a5c | ITER: 6 START
2019-09-16 12:53:20.227 456 INFO rally.task.runner [-] Task dc69bdac-3681-43d0-8934-b8b888a09a5c | ITER: 4 END: OK
2019-09-16 12:53:20.230 456 INFO rally.task.runner [-] Task dc69bdac-3681-43d0-8934-b8b888a09a5c | ITER: 7 START
2019-09-16 12:53:20.241 455 INFO rally.task.runner [-] Task dc69bdac-3681-43d0-8934-b8b888a09a5c | ITER: 3 END: OK
2019-09-16 12:53:20.244 455 INFO rally.task.runner [-] Task dc69bdac-3681-43d0-8934-b8b888a09a5c | ITER: 8 START
2019-09-16 12:53:20.772 455 INFO rally.task.runner [-] Task dc69bdac-3681-43d0-8934-b8b888a09a5c | ITER: 8 END: OK
2019-09-16 12:53:20.775 455 INFO rally.task.runner [-] Task dc69bdac-3681-43d0-8934-b8b888a09a5c | ITER: 9 START
2019-09-16 12:53:21.166 453 INFO rally.task.runner [-] Task dc69bdac-3681-43d0-8934-b8b888a09a5c | ITER: 5 END: OK
2019-09-16 12:53:21.169 453 INFO rally.task.runner [-] Task dc69bdac-3681-43d0-8934-b8b888a09a5c | ITER: 10 START
2019-09-16 12:53:21.196 454 INFO rally.task.runner [-] Task dc69bdac-3681-43d0-8934-b8b888a09a5c | ITER: 6 END: OK
2019-09-16 12:53:21.217 456 INFO rally.task.runner [-] Task dc69bdac-3681-43d0-8934-b8b888a09a5c | ITER: 7 END: OK
2019-09-16 12:53:21.700 453 INFO rally.task.runner [-] Task dc69bdac-3681-43d0-8934-b8b888a09a5c | ITER: 10 END: OK
2019-09-16 12:53:21.737 455 INFO rally.task.runner [-] Task dc69bdac-3681-43d0-8934-b8b888a09a5c | ITER: 9 END: OK
2019-09-16 12:53:21.762 16 INFO rally.task.context [-] Task dc69bdac-3681-43d0-8934-b8b888a09a5c | Context users@openstack cleanup() started
2019-09-16 12:53:28.231 16 INFO rally.task.context [-] Task dc69bdac-3681-43d0-8934-b8b888a09a5c | Context users@openstack cleanup() finished in 6.47 sec
2019-09-16 12:53:28.657 16 INFO rally.task.engine [-] Load duration is: 2.860768
2019-09-16 12:53:28.658 16 INFO rally.task.engine [-] Full runner duration is: 2.897993
2019-09-16 12:53:28.658 16 INFO rally.task.engine [-] Full duration is: 13.627159
2019-09-16 12:53:28.730 16 INFO rally.task.engine [-] Running workload: position = 0 config = { "version": 2, "title": "A cropped version of a bigger task.", "description": "Auto-generated task from a single workload (uuid=2d360415-e675-4f21-8c9f-fe6ec150067d)", "subtasks": [ { "title": "Authenticate.validate_neutron", "description": "Check Neutron Client to ensure validation of token.", "scenario": { "Authenticate.validate_neutron": { "repetitions": 2 } }, "contexts": { "users": { "tenants": 3, "users_per_tenant": 2 } }, "runner": { "constant": { "concurrency": 4, "times": 10 } }, "hooks": [], "sla": { "failure_rate": { "max": 0 } } } ] }
2019-09-16 12:53:28.743 16 RALLYDEBUG rally_openstack.contexts.keystone.users [-] Creating 3 tenants using 20 threads
2019-09-16 12:53:30.039 16 RALLYDEBUG rally_openstack.contexts.keystone.users [-] Creating 6 users using 20 threads
2019-09-16 12:53:33.125 16 INFO rally.task.context [-] Task dc69bdac-3681-43d0-8934-b8b888a09a5c | Context users@openstack setup() finished in 4.38 sec
2019-09-16 12:53:33.130 16 RALLYDEBUG rally.task.runner [-] Starting the constant runner (task UUID: dc69bdac-3681-43d0-8934-b8b888a09a5c). timeout: 0 concurrency: 4 concurrency_per_worker: 1 times: 10 concurrency_overhead: 0 processes_to_start: 4 max_cpu_used: 40
2019-09-16 12:53:33.138 557 RALLYDEBUG rally.task.runner [-] Starting a worker. concurrency: 1 args: {"repetitions": 2} times: 10 method_name: run timeout: 0 duration: None cls:
2019-09-16 12:53:33.139 558 RALLYDEBUG rally.task.runner [-] Starting a worker. concurrency: 1 args: {"repetitions": 2} times: 10 method_name: run timeout: 0 duration: None cls:
2019-09-16 12:53:33.141 557 INFO rally.task.runner [-] Task dc69bdac-3681-43d0-8934-b8b888a09a5c | ITER: 1 START
2019-09-16 12:53:33.142 559 RALLYDEBUG rally.task.runner [-] Starting a worker. concurrency: 1 args: {"repetitions": 2} times: 10 method_name: run timeout: 0 duration: None cls:
2019-09-16 12:53:33.143 558 INFO rally.task.runner [-] Task dc69bdac-3681-43d0-8934-b8b888a09a5c | ITER: 2 START
2019-09-16 12:53:33.145 560 RALLYDEBUG rally.task.runner [-] Starting a worker. concurrency: 1 args: {"repetitions": 2} times: 10 method_name: run timeout: 0 duration: None cls:
2019-09-16 12:53:33.146 559 INFO rally.task.runner [-] Task dc69bdac-3681-43d0-8934-b8b888a09a5c | ITER: 3 START
2019-09-16 12:53:33.149 560 INFO rally.task.runner [-] Task dc69bdac-3681-43d0-8934-b8b888a09a5c | ITER: 4 START
2019-09-16 12:53:35.284 560 INFO rally.task.runner [-] Task dc69bdac-3681-43d0-8934-b8b888a09a5c | ITER: 4 END: OK
2019-09-16 12:53:35.287 560 INFO rally.task.runner [-] Task dc69bdac-3681-43d0-8934-b8b888a09a5c | ITER: 5 START
2019-09-16 12:53:35.444 557 INFO rally.task.runner [-] Task dc69bdac-3681-43d0-8934-b8b888a09a5c | ITER: 1 END: OK
2019-09-16 12:53:35.447 557 INFO rally.task.runner [-] Task dc69bdac-3681-43d0-8934-b8b888a09a5c | ITER: 6 START
2019-09-16 12:53:35.474 558 INFO rally.task.runner [-] Task dc69bdac-3681-43d0-8934-b8b888a09a5c | ITER: 2 END: OK
2019-09-16 12:53:35.478 558 INFO rally.task.runner [-] Task dc69bdac-3681-43d0-8934-b8b888a09a5c | ITER: 7 START
2019-09-16 12:53:35.564 559 INFO rally.task.runner [-] Task dc69bdac-3681-43d0-8934-b8b888a09a5c | ITER: 3 END: OK
2019-09-16 12:53:35.566 559 INFO rally.task.runner [-] Task dc69bdac-3681-43d0-8934-b8b888a09a5c | ITER: 8 START
2019-09-16 12:53:36.077 560 INFO rally.task.runner [-] Task dc69bdac-3681-43d0-8934-b8b888a09a5c | ITER: 5 END: OK
2019-09-16 12:53:36.080 560 INFO rally.task.runner [-] Task dc69bdac-3681-43d0-8934-b8b888a09a5c | ITER: 9 START
2019-09-16 12:53:36.366 557 INFO rally.task.runner [-] Task dc69bdac-3681-43d0-8934-b8b888a09a5c | ITER: 6 END: OK
2019-09-16 12:53:36.368 557 INFO rally.task.runner [-] Task dc69bdac-3681-43d0-8934-b8b888a09a5c | ITER: 10 START
2019-09-16 12:53:36.979 560 INFO rally.task.runner [-] Task dc69bdac-3681-43d0-8934-b8b888a09a5c | ITER: 9 END: OK
2019-09-16 12:53:37.051 558 INFO rally.task.runner [-] Task dc69bdac-3681-43d0-8934-b8b888a09a5c | ITER: 7 END: OK
2019-09-16 12:53:37.079 559 INFO rally.task.runner [-] Task dc69bdac-3681-43d0-8934-b8b888a09a5c | ITER: 8 END: OK
2019-09-16 12:53:37.569 557 INFO rally.task.runner [-] Task dc69bdac-3681-43d0-8934-b8b888a09a5c | ITER: 10 END: OK
2019-09-16 12:53:37.586 16 INFO rally.task.context [-] Task dc69bdac-3681-43d0-8934-b8b888a09a5c | Context users@openstack cleanup() started
2019-09-16 12:53:43.826 16 INFO rally.task.context [-] Task dc69bdac-3681-43d0-8934-b8b888a09a5c | Context users@openstack cleanup() finished in 6.24 sec
2019-09-16 12:53:44.801 16 INFO rally.task.engine [-] Load duration is: 4.425975
2019-09-16 12:53:44.802 16 INFO rally.task.engine [-] Full runner duration is: 4.456793
2019-09-16 12:53:44.802 16 INFO rally.task.engine [-] Full duration is: 15.083815
2019-09-16 12:53:44.875 16 INFO rally.task.engine [-] Running workload: position = 0 config = { "version": 2, "title": "A cropped version of a bigger task.", "description": "Auto-generated task from a single workload (uuid=2ea8e92c-4a77-4db2-9ec9-0cd808b5e1f5)", "subtasks": [ { "title": "Authenticate.validate_nova", "description": "Check Nova Client to ensure validation of token.", "scenario": { "Authenticate.validate_nova": { "repetitions": 2 } }, "contexts": { "users": { "tenants": 3, "users_per_tenant": 2 } }, "runner": { "constant": { "concurrency": 4, "times": 10 } }, "hooks": [], "sla": { "failure_rate": { "max": 0 } } } ] }
2019-09-16 12:53:44.886 16 RALLYDEBUG rally_openstack.contexts.keystone.users [-] Creating 3 tenants using 20 threads
2019-09-16 12:53:46.214 16 RALLYDEBUG rally_openstack.contexts.keystone.users [-] Creating 6 users using 20 threads
2019-09-16 12:53:49.120 16 INFO rally.task.context [-] Task dc69bdac-3681-43d0-8934-b8b888a09a5c | Context users@openstack setup() finished in 4.23 sec
2019-09-16 12:53:49.126 16 RALLYDEBUG rally.task.runner [-] Starting the constant runner (task UUID: dc69bdac-3681-43d0-8934-b8b888a09a5c). timeout: 0 concurrency: 4 concurrency_per_worker: 1 times: 10 concurrency_overhead: 0 processes_to_start: 4 max_cpu_used: 40
2019-09-16 12:53:49.134 661 RALLYDEBUG rally.task.runner [-] Starting a worker. concurrency: 1 args: {"repetitions": 2} times: 10 method_name: run timeout: 0 duration: None cls:
2019-09-16 12:53:49.137 661 INFO rally.task.runner [-] Task dc69bdac-3681-43d0-8934-b8b888a09a5c | ITER: 1 START
2019-09-16 12:53:49.137 662 RALLYDEBUG rally.task.runner [-] Starting a worker. concurrency: 1 args: {"repetitions": 2} times: 10 method_name: run timeout: 0 duration: None cls:
2019-09-16 12:53:49.139 663 RALLYDEBUG rally.task.runner [-] Starting a worker. concurrency: 1 args: {"repetitions": 2} times: 10 method_name: run timeout: 0 duration: None cls:
2019-09-16 12:53:49.141 662 INFO rally.task.runner [-] Task dc69bdac-3681-43d0-8934-b8b888a09a5c | ITER: 2 START
2019-09-16 12:53:49.141 666 RALLYDEBUG rally.task.runner [-] Starting a worker. concurrency: 1 args: {"repetitions": 2} times: 10 method_name: run timeout: 0 duration: None cls:
2019-09-16 12:53:49.144 663 INFO rally.task.runner [-] Task dc69bdac-3681-43d0-8934-b8b888a09a5c | ITER: 3 START
2019-09-16 12:53:49.145 666 INFO rally.task.runner [-] Task dc69bdac-3681-43d0-8934-b8b888a09a5c | ITER: 4 START
2019-09-16 12:53:49.733 666 DEBUG novaclient.v2.client [-] REQ: curl -g -i --cacert "/etc/ssl/certs/ca-certificates.crt" -X GET http://172.16.10.36:8774/v2.1/flavors/detail -H "Accept: application/json" -H "User-Agent: python-novaclient" -H "X-Auth-Token: {SHA1}2a9a37aa7b1d4f4cb83c465811564b8b7704257e" _http_log_request /usr/lib/python2.7/site-packages/keystoneauth1/session.py:448
2019-09-16 12:53:49.753 661 DEBUG novaclient.v2.client [-] REQ: curl -g -i --cacert "/etc/ssl/certs/ca-certificates.crt" -X GET http://172.16.10.36:8774/v2.1/flavors/detail -H "Accept: application/json" -H "User-Agent: python-novaclient" -H "X-Auth-Token: {SHA1}0922d1f3b05537abb8d63d74c99d5cb0fc389395" _http_log_request /usr/lib/python2.7/site-packages/keystoneauth1/session.py:448
2019-09-16 12:53:49.757 662 DEBUG novaclient.v2.client [-] REQ: curl -g -i --cacert "/etc/ssl/certs/ca-certificates.crt" -X GET http://172.16.10.36:8774/v2.1/flavors/detail -H "Accept: application/json" -H "User-Agent: python-novaclient" -H "X-Auth-Token: {SHA1}23831be8509e81b40a3a0a808e8205e6d225392e" _http_log_request /usr/lib/python2.7/site-packages/keystoneauth1/session.py:448
2019-09-16 12:53:49.778 663 DEBUG novaclient.v2.client [-] REQ: curl -g -i --cacert "/etc/ssl/certs/ca-certificates.crt" -X GET http://172.16.10.36:8774/v2.1/flavors/detail -H "Accept: application/json" -H "User-Agent: python-novaclient" -H "X-Auth-Token: {SHA1}79e30586f37f2285bbcffdbcbb69fe1bbcf5777a" _http_log_request /usr/lib/python2.7/site-packages/keystoneauth1/session.py:448
2019-09-16 12:53:49.934 666 DEBUG novaclient.v2.client [-] RESP: [200] Connection: keep-alive Content-Length: 1019 Content-Type: application/json Date: Mon, 16 Sep 2019 12:53:49 GMT Openstack-Api-Version: compute 2.1 Vary: OpenStack-API-Version, X-OpenStack-Nova-API-Version X-Compute-Request-Id: req-1c94d403-327f-46bb-b9b5-e491b7719eef X-Openstack-Nova-Api-Version: 2.1 X-Openstack-Request-Id: req-1c94d403-327f-46bb-b9b5-e491b7719eef _http_log_response /usr/lib/python2.7/site-packages/keystoneauth1/session.py:479
2019-09-16 12:53:49.934 666 DEBUG novaclient.v2.client [-] RESP BODY: {"flavors": [{"name": "rally_full-flavor_7f9a38a4-c5ff-4822-b5a6-9164b5facf64", "links": [{"href": "http://172.16.10.36:8774/v2.1/flavors/16196b92-c57f-4852-939e-76e44c855685", "rel": "self"}, {"href": "http://172.16.10.36:8774/flavors/16196b92-c57f-4852-939e-76e44c855685", "rel": "bookmark"}], "ram": 1024, "OS-FLV-DISABLED:disabled": false, "vcpus": 1, "swap": "", "os-flavor-access:is_public": true, "rxtx_factor": 1.0, "OS-FLV-EXT-DATA:ephemeral": 0, "disk": 1, "id": "16196b92-c57f-4852-939e-76e44c855685"}, {"name": "rally_full-flavor_alt_7f9a38a4-c5ff-4822-b5a6-9164b5facf64", "links": [{"href": "http://172.16.10.36:8774/v2.1/flavors/bd97384b-8b22-4da2-b307-8f874d069994", "rel": "self"}, {"href": "http://172.16.10.36:8774/flavors/bd97384b-8b22-4da2-b307-8f874d069994", "rel": "bookmark"}], "ram": 1024, "OS-FLV-DISABLED:disabled": false, "vcpus": 1, "swap": "", "os-flavor-access:is_public": true, "rxtx_factor": 1.0, "OS-FLV-EXT-DATA:ephemeral": 0, "disk": 1, "id": "bd97384b-8b22-4da2-b307-8f874d069994"}]} _http_log_response /usr/lib/python2.7/site-packages/keystoneauth1/session.py:511
2019-09-16 12:53:49.935 666 DEBUG novaclient.v2.client [-] GET call to compute for http://172.16.10.36:8774/v2.1/flavors/detail used request id req-1c94d403-327f-46bb-b9b5-e491b7719eef request /usr/lib/python2.7/site-packages/keystoneauth1/session.py:844
2019-09-16 12:53:49.936 666 DEBUG novaclient.v2.client [-] REQ: curl -g -i --cacert "/etc/ssl/certs/ca-certificates.crt" -X GET http://172.16.10.36:8774/v2.1/flavors/detail -H "Accept: application/json" -H "User-Agent: python-novaclient" -H "X-Auth-Token: {SHA1}2a9a37aa7b1d4f4cb83c465811564b8b7704257e" _http_log_request /usr/lib/python2.7/site-packages/keystoneauth1/session.py:448
2019-09-16 12:53:49.964 662 DEBUG novaclient.v2.client [-] RESP: [200] Connection: keep-alive Content-Length: 1019 Content-Type: application/json Date: Mon, 16 Sep 2019 12:53:49 GMT Openstack-Api-Version: compute 2.1 Vary: OpenStack-API-Version, X-OpenStack-Nova-API-Version X-Compute-Request-Id: req-eec4d24e-349a-4e5d-be83-82692ba2b5e2 X-Openstack-Nova-Api-Version: 2.1 X-Openstack-Request-Id: req-eec4d24e-349a-4e5d-be83-82692ba2b5e2 _http_log_response /usr/lib/python2.7/site-packages/keystoneauth1/session.py:479
2019-09-16 12:53:49.964 662 DEBUG novaclient.v2.client [-] RESP BODY: {"flavors": [{"name": "rally_full-flavor_7f9a38a4-c5ff-4822-b5a6-9164b5facf64", "links": [{"href": "http://172.16.10.36:8774/v2.1/flavors/16196b92-c57f-4852-939e-76e44c855685", "rel": "self"}, {"href": "http://172.16.10.36:8774/flavors/16196b92-c57f-4852-939e-76e44c855685", "rel": "bookmark"}], "ram": 1024, "OS-FLV-DISABLED:disabled": false, "vcpus": 1, "swap": "", "os-flavor-access:is_public": true, "rxtx_factor": 1.0, "OS-FLV-EXT-DATA:ephemeral": 0, "disk": 1, "id": "16196b92-c57f-4852-939e-76e44c855685"}, {"name": "rally_full-flavor_alt_7f9a38a4-c5ff-4822-b5a6-9164b5facf64", "links": [{"href": "http://172.16.10.36:8774/v2.1/flavors/bd97384b-8b22-4da2-b307-8f874d069994", "rel": "self"}, {"href": "http://172.16.10.36:8774/flavors/bd97384b-8b22-4da2-b307-8f874d069994", "rel": "bookmark"}], "ram": 1024, "OS-FLV-DISABLED:disabled": false, "vcpus": 1, "swap": "", "os-flavor-access:is_public": true, "rxtx_factor": 1.0, "OS-FLV-EXT-DATA:ephemeral": 0, "disk": 1, "id": "bd97384b-8b22-4da2-b307-8f874d069994"}]} _http_log_response /usr/lib/python2.7/site-packages/keystoneauth1/session.py:511
2019-09-16 12:53:49.965 662 DEBUG novaclient.v2.client [-] GET call to compute for http://172.16.10.36:8774/v2.1/flavors/detail used request id req-eec4d24e-349a-4e5d-be83-82692ba2b5e2 request /usr/lib/python2.7/site-packages/keystoneauth1/session.py:844
2019-09-16 12:53:49.966 662 DEBUG novaclient.v2.client [-] REQ: curl -g -i --cacert "/etc/ssl/certs/ca-certificates.crt" -X GET http://172.16.10.36:8774/v2.1/flavors/detail -H "Accept: application/json" -H "User-Agent: python-novaclient" -H "X-Auth-Token: {SHA1}23831be8509e81b40a3a0a808e8205e6d225392e" _http_log_request /usr/lib/python2.7/site-packages/keystoneauth1/session.py:448
2019-09-16 12:53:49.966 661 DEBUG novaclient.v2.client [-] RESP: [200] Connection: keep-alive Content-Length: 1019 Content-Type: application/json Date: Mon, 16 Sep 2019 12:53:49 GMT Openstack-Api-Version: compute 2.1 Vary: OpenStack-API-Version, X-OpenStack-Nova-API-Version X-Compute-Request-Id: req-aaeee57c-31de-485f-86d0-c0665461cf4c X-Openstack-Nova-Api-Version: 2.1 X-Openstack-Request-Id: req-aaeee57c-31de-485f-86d0-c0665461cf4c _http_log_response /usr/lib/python2.7/site-packages/keystoneauth1/session.py:479
2019-09-16 12:53:49.967 661 DEBUG novaclient.v2.client [-] RESP BODY: {"flavors": [{"name": "rally_full-flavor_7f9a38a4-c5ff-4822-b5a6-9164b5facf64", "links": [{"href": "http://172.16.10.36:8774/v2.1/flavors/16196b92-c57f-4852-939e-76e44c855685", "rel": "self"}, {"href": "http://172.16.10.36:8774/flavors/16196b92-c57f-4852-939e-76e44c855685", "rel": "bookmark"}], "ram": 1024, "OS-FLV-DISABLED:disabled": false, "vcpus": 1, "swap": "", "os-flavor-access:is_public": true, "rxtx_factor": 1.0, "OS-FLV-EXT-DATA:ephemeral": 0, "disk": 1, "id": "16196b92-c57f-4852-939e-76e44c855685"}, {"name": "rally_full-flavor_alt_7f9a38a4-c5ff-4822-b5a6-9164b5facf64", "links": [{"href": "http://172.16.10.36:8774/v2.1/flavors/bd97384b-8b22-4da2-b307-8f874d069994", "rel": "self"}, {"href": "http://172.16.10.36:8774/flavors/bd97384b-8b22-4da2-b307-8f874d069994", "rel": "bookmark"}], "ram": 1024, "OS-FLV-DISABLED:disabled": false, "vcpus": 1, "swap": "", "os-flavor-access:is_public": true, "rxtx_factor": 1.0, "OS-FLV-EXT-DATA:ephemeral": 0, "disk": 1, "id": "bd97384b-8b22-4da2-b307-8f874d069994"}]} _http_log_response /usr/lib/python2.7/site-packages/keystoneauth1/session.py:511
2019-09-16 12:53:49.967 661 DEBUG novaclient.v2.client [-] GET call to compute for http://172.16.10.36:8774/v2.1/flavors/detail used request id req-aaeee57c-31de-485f-86d0-c0665461cf4c request /usr/lib/python2.7/site-packages/keystoneauth1/session.py:844
2019-09-16 12:53:49.968 661 DEBUG novaclient.v2.client [-] REQ: curl -g -i --cacert "/etc/ssl/certs/ca-certificates.crt" -X GET http://172.16.10.36:8774/v2.1/flavors/detail -H "Accept: application/json" -H "User-Agent: python-novaclient" -H "X-Auth-Token: {SHA1}0922d1f3b05537abb8d63d74c99d5cb0fc389395" _http_log_request /usr/lib/python2.7/site-packages/keystoneauth1/session.py:448
2019-09-16 12:53:49.973 666 DEBUG novaclient.v2.client [-] RESP: [200] Connection: keep-alive Content-Length: 1019 Content-Type: application/json Date: Mon, 16 Sep 2019 12:53:49 GMT Openstack-Api-Version: compute 2.1 Vary: OpenStack-API-Version, X-OpenStack-Nova-API-Version X-Compute-Request-Id: req-7d26420e-2b68-4497-a381-31c0e81f9230 X-Openstack-Nova-Api-Version: 2.1 X-Openstack-Request-Id: req-7d26420e-2b68-4497-a381-31c0e81f9230 _http_log_response /usr/lib/python2.7/site-packages/keystoneauth1/session.py:479
2019-09-16 12:53:49.973 666 DEBUG novaclient.v2.client [-] RESP BODY: {"flavors": [{"name": "rally_full-flavor_7f9a38a4-c5ff-4822-b5a6-9164b5facf64", "links": [{"href": "http://172.16.10.36:8774/v2.1/flavors/16196b92-c57f-4852-939e-76e44c855685", "rel": "self"}, {"href": "http://172.16.10.36:8774/flavors/16196b92-c57f-4852-939e-76e44c855685", "rel": "bookmark"}], "ram": 1024, "OS-FLV-DISABLED:disabled": false, "vcpus": 1, "swap": "", "os-flavor-access:is_public": true, "rxtx_factor": 1.0, "OS-FLV-EXT-DATA:ephemeral": 0, "disk": 1, "id": "16196b92-c57f-4852-939e-76e44c855685"}, {"name": "rally_full-flavor_alt_7f9a38a4-c5ff-4822-b5a6-9164b5facf64", "links": [{"href": "http://172.16.10.36:8774/v2.1/flavors/bd97384b-8b22-4da2-b307-8f874d069994", "rel": "self"}, {"href": "http://172.16.10.36:8774/flavors/bd97384b-8b22-4da2-b307-8f874d069994", "rel": "bookmark"}], "ram": 1024, "OS-FLV-DISABLED:disabled": false, "vcpus": 1, "swap": "", "os-flavor-access:is_public": true, "rxtx_factor": 1.0, "OS-FLV-EXT-DATA:ephemeral": 0, "disk": 1, "id": "bd97384b-8b22-4da2-b307-8f874d069994"}]} _http_log_response /usr/lib/python2.7/site-packages/keystoneauth1/session.py:511
2019-09-16 12:53:49.973 666 DEBUG novaclient.v2.client [-] GET call to compute for http://172.16.10.36:8774/v2.1/flavors/detail used request id req-7d26420e-2b68-4497-a381-31c0e81f9230 request /usr/lib/python2.7/site-packages/keystoneauth1/session.py:844
2019-09-16 12:53:49.974 666 INFO rally.task.runner [-] Task dc69bdac-3681-43d0-8934-b8b888a09a5c | ITER: 4 END: OK
2019-09-16 12:53:49.977 666 INFO rally.task.runner [-] Task dc69bdac-3681-43d0-8934-b8b888a09a5c | ITER: 5 START
2019-09-16 12:53:49.994 662 DEBUG novaclient.v2.client [-] RESP: [200] Connection: keep-alive Content-Length: 1019 Content-Type: application/json Date: Mon, 16 Sep 2019 12:53:49 GMT Openstack-Api-Version: compute 2.1 Vary: OpenStack-API-Version, X-OpenStack-Nova-API-Version X-Compute-Request-Id: req-32e413f2-29e6-4bc8-b612-67dfc4537217 X-Openstack-Nova-Api-Version: 2.1 X-Openstack-Request-Id: req-32e413f2-29e6-4bc8-b612-67dfc4537217 _http_log_response /usr/lib/python2.7/site-packages/keystoneauth1/session.py:479
2019-09-16 12:53:49.994 662 DEBUG novaclient.v2.client [-] RESP BODY: {"flavors": [{"name": "rally_full-flavor_7f9a38a4-c5ff-4822-b5a6-9164b5facf64", "links": [{"href": "http://172.16.10.36:8774/v2.1/flavors/16196b92-c57f-4852-939e-76e44c855685", "rel": "self"}, {"href": "http://172.16.10.36:8774/flavors/16196b92-c57f-4852-939e-76e44c855685", "rel": "bookmark"}], "ram": 1024, "OS-FLV-DISABLED:disabled": false, "vcpus": 1, "swap": "", "os-flavor-access:is_public": true, "rxtx_factor": 1.0, "OS-FLV-EXT-DATA:ephemeral": 0, "disk": 1, "id": "16196b92-c57f-4852-939e-76e44c855685"}, {"name": "rally_full-flavor_alt_7f9a38a4-c5ff-4822-b5a6-9164b5facf64", "links": [{"href": "http://172.16.10.36:8774/v2.1/flavors/bd97384b-8b22-4da2-b307-8f874d069994", "rel": "self"}, {"href": "http://172.16.10.36:8774/flavors/bd97384b-8b22-4da2-b307-8f874d069994", "rel": "bookmark"}], "ram": 1024, "OS-FLV-DISABLED:disabled": false, "vcpus": 1, "swap": "", "os-flavor-access:is_public": true, "rxtx_factor": 1.0, "OS-FLV-EXT-DATA:ephemeral": 0, "disk": 1, "id": "bd97384b-8b22-4da2-b307-8f874d069994"}]} _http_log_response /usr/lib/python2.7/site-packages/keystoneauth1/session.py:511
2019-09-16 12:53:49.994 662 DEBUG novaclient.v2.client [-] GET call to compute for http://172.16.10.36:8774/v2.1/flavors/detail used request id req-32e413f2-29e6-4bc8-b612-67dfc4537217 request /usr/lib/python2.7/site-packages/keystoneauth1/session.py:844
2019-09-16 12:53:49.995 662 INFO rally.task.runner [-] Task dc69bdac-3681-43d0-8934-b8b888a09a5c | ITER: 2 END: OK
2019-09-16 12:53:49.997 662 INFO rally.task.runner [-] Task dc69bdac-3681-43d0-8934-b8b888a09a5c | ITER: 6 START
2019-09-16 12:53:49.997 663 DEBUG novaclient.v2.client [-] RESP: [200] Connection: keep-alive Content-Length: 1019 Content-Type: application/json Date: Mon, 16 Sep 2019 12:53:49 GMT Openstack-Api-Version: compute 2.1 Vary: OpenStack-API-Version, X-OpenStack-Nova-API-Version X-Compute-Request-Id: req-0b0afe95-6575-4140-aa48-683b19ba4646 X-Openstack-Nova-Api-Version: 2.1 X-Openstack-Request-Id: req-0b0afe95-6575-4140-aa48-683b19ba4646 _http_log_response /usr/lib/python2.7/site-packages/keystoneauth1/session.py:479
2019-09-16 12:53:49.998 663 DEBUG novaclient.v2.client [-] RESP BODY: {"flavors": [{"name": "rally_full-flavor_7f9a38a4-c5ff-4822-b5a6-9164b5facf64", "links": [{"href": "http://172.16.10.36:8774/v2.1/flavors/16196b92-c57f-4852-939e-76e44c855685", "rel": "self"}, {"href": "http://172.16.10.36:8774/flavors/16196b92-c57f-4852-939e-76e44c855685", "rel": "bookmark"}], "ram": 1024, "OS-FLV-DISABLED:disabled": false, "vcpus": 1, "swap": "", "os-flavor-access:is_public": true, "rxtx_factor": 1.0, "OS-FLV-EXT-DATA:ephemeral": 0, "disk": 1, "id": "16196b92-c57f-4852-939e-76e44c855685"}, {"name": "rally_full-flavor_alt_7f9a38a4-c5ff-4822-b5a6-9164b5facf64", "links": [{"href": "http://172.16.10.36:8774/v2.1/flavors/bd97384b-8b22-4da2-b307-8f874d069994", "rel": "self"}, {"href": "http://172.16.10.36:8774/flavors/bd97384b-8b22-4da2-b307-8f874d069994", "rel": "bookmark"}], "ram": 1024, "OS-FLV-DISABLED:disabled": false, "vcpus": 1, "swap": "", "os-flavor-access:is_public": true, "rxtx_factor": 1.0, "OS-FLV-EXT-DATA:ephemeral": 0, "disk": 1, "id": "bd97384b-8b22-4da2-b307-8f874d069994"}]} _http_log_response /usr/lib/python2.7/site-packages/keystoneauth1/session.py:511
2019-09-16 12:53:49.998 663 DEBUG novaclient.v2.client [-] GET call to compute for http://172.16.10.36:8774/v2.1/flavors/detail used request id req-0b0afe95-6575-4140-aa48-683b19ba4646 request /usr/lib/python2.7/site-packages/keystoneauth1/session.py:844
2019-09-16 12:53:49.999 663 DEBUG novaclient.v2.client [-] REQ: curl -g -i --cacert "/etc/ssl/certs/ca-certificates.crt" -X GET http://172.16.10.36:8774/v2.1/flavors/detail -H "Accept: application/json" -H "User-Agent: python-novaclient" -H "X-Auth-Token: {SHA1}79e30586f37f2285bbcffdbcbb69fe1bbcf5777a" _http_log_request /usr/lib/python2.7/site-packages/keystoneauth1/session.py:448
2019-09-16 12:53:49.999 661 DEBUG novaclient.v2.client [-] RESP: [200] Connection: keep-alive Content-Length: 1019 Content-Type: application/json Date: Mon, 16 Sep 2019 12:53:49 GMT Openstack-Api-Version: compute 2.1 Vary: OpenStack-API-Version, X-OpenStack-Nova-API-Version X-Compute-Request-Id: req-9adb313f-74f6-4c55-8050-fc4a26447498 X-Openstack-Nova-Api-Version: 2.1 X-Openstack-Request-Id: req-9adb313f-74f6-4c55-8050-fc4a26447498 _http_log_response /usr/lib/python2.7/site-packages/keystoneauth1/session.py:479
2019-09-16 12:53:50.000 661 DEBUG novaclient.v2.client [-] RESP BODY: {"flavors": [{"name": "rally_full-flavor_7f9a38a4-c5ff-4822-b5a6-9164b5facf64", "links": [{"href": "http://172.16.10.36:8774/v2.1/flavors/16196b92-c57f-4852-939e-76e44c855685", "rel": "self"}, {"href": "http://172.16.10.36:8774/flavors/16196b92-c57f-4852-939e-76e44c855685", "rel": "bookmark"}], "ram": 1024, "OS-FLV-DISABLED:disabled": false, "vcpus": 1, "swap": "", "os-flavor-access:is_public": true, "rxtx_factor": 1.0, "OS-FLV-EXT-DATA:ephemeral": 0, "disk": 1, "id": "16196b92-c57f-4852-939e-76e44c855685"}, {"name": "rally_full-flavor_alt_7f9a38a4-c5ff-4822-b5a6-9164b5facf64", "links": [{"href": "http://172.16.10.36:8774/v2.1/flavors/bd97384b-8b22-4da2-b307-8f874d069994", "rel": "self"}, {"href": "http://172.16.10.36:8774/flavors/bd97384b-8b22-4da2-b307-8f874d069994", "rel": "bookmark"}], "ram": 1024, "OS-FLV-DISABLED:disabled": false, "vcpus": 1, "swap": "", "os-flavor-access:is_public": true, "rxtx_factor": 1.0, "OS-FLV-EXT-DATA:ephemeral": 0, "disk": 1, "id": "bd97384b-8b22-4da2-b307-8f874d069994"}]} _http_log_response /usr/lib/python2.7/site-packages/keystoneauth1/session.py:511
