2019-09-16 13:15:55.309 1348 RALLYDEBUG rally.task.runner [-] Starting the constant runner (task UUID: 7d659aa2-2f00-45e6-9dfd-e048cf7d9207). timeout: 0 concurrency: 4 concurrency_per_worker: 1 times: 10 concurrency_overhead: 0 processes_to_start: 4 max_cpu_used: 40
2019-09-16 13:15:55.317 4413 RALLYDEBUG rally.task.runner [-] Starting a worker. concurrency: 1 args: {"size": 1} times: 10 method_name: run timeout: 0 duration: None cls:
2019-09-16 13:15:55.318 4414 RALLYDEBUG rally.task.runner [-] Starting a worker. concurrency: 1 args: {"size": 1} times: 10 method_name: run timeout: 0 duration: None cls:
2019-09-16 13:15:55.321 4413 INFO rally.task.runner [-] Task 7d659aa2-2f00-45e6-9dfd-e048cf7d9207 | ITER: 1 START
2019-09-16 13:15:55.321 4415 RALLYDEBUG rally.task.runner [-] Starting a worker. concurrency: 1 args: {"size": 1} times: 10 method_name: run timeout: 0 duration: None cls:
2019-09-16 13:15:55.323 4416 RALLYDEBUG rally.task.runner [-] Starting a worker. concurrency: 1 args: {"size": 1} times: 10 method_name: run timeout: 0 duration: None cls:
2019-09-16 13:15:55.323 4414 INFO rally.task.runner [-] Task 7d659aa2-2f00-45e6-9dfd-e048cf7d9207 | ITER: 2 START
2019-09-16 13:15:55.326 4415 INFO rally.task.runner [-] Task 7d659aa2-2f00-45e6-9dfd-e048cf7d9207 | ITER: 3 START
2019-09-16 13:15:55.327 4416 INFO rally.task.runner [-] Task 7d659aa2-2f00-45e6-9dfd-e048cf7d9207 | ITER: 4 START
2019-09-16 13:15:58.820 4416 RALLYDEBUG rally.task.utils [-] Waiting for resource s_rally_eec2483b_guoQIla2. Status changed: AVAILABLE => DELETING in 0.16348695755
2019-09-16 13:15:58.870 4415 RALLYDEBUG rally.task.utils [-] Waiting for resource s_rally_eec2483b_tHweIA1J. Status changed: AVAILABLE => DELETING in 0.179360866547
2019-09-16 13:15:58.941 4414 RALLYDEBUG rally.task.utils [-] Waiting for resource s_rally_eec2483b_5AWz6lya. Status changed: AVAILABLE => DELETING in 0.173127889633
2019-09-16 13:16:00.783 4413 RALLYDEBUG rally.task.utils [-] Waiting for resource s_rally_eec2483b_pGoU4A8A. Status changed: CREATING => AVAILABLE in 2.47414803505
2019-09-16 13:16:00.869 4416 INFO rally.task.runner [-] Task 7d659aa2-2f00-45e6-9dfd-e048cf7d9207 | ITER: 4 END: OK
2019-09-16 13:16:00.873 4416 INFO rally.task.runner [-] Task 7d659aa2-2f00-45e6-9dfd-e048cf7d9207 | ITER: 5 START
2019-09-16 13:16:00.924 4415 INFO rally.task.runner [-] Task 7d659aa2-2f00-45e6-9dfd-e048cf7d9207 | ITER: 3 END: OK
2019-09-16 13:16:00.928 4415 INFO rally.task.runner [-] Task 7d659aa2-2f00-45e6-9dfd-e048cf7d9207 | ITER: 6 START
2019-09-16 13:16:01.085 4414 INFO rally.task.runner [-] Task 7d659aa2-2f00-45e6-9dfd-e048cf7d9207 | ITER: 2 END: OK
2019-09-16 13:16:01.089 4414 INFO rally.task.runner [-] Task 7d659aa2-2f00-45e6-9dfd-e048cf7d9207 | ITER: 7 START
2019-09-16 13:16:01.125 4413 RALLYDEBUG rally.task.utils [-] Waiting for resource s_rally_eec2483b_pGoU4A8A. Status changed: AVAILABLE => DELETING in 0.186873912811
2019-09-16 13:16:03.177 4413 INFO rally.task.runner [-] Task 7d659aa2-2f00-45e6-9dfd-e048cf7d9207 | ITER: 1 END: OK
2019-09-16 13:16:03.180 4413 INFO rally.task.runner [-] Task 7d659aa2-2f00-45e6-9dfd-e048cf7d9207 | ITER: 8 START
2019-09-16 13:16:04.346 4415 RALLYDEBUG rally.task.utils [-] Waiting for resource s_rally_eec2483b_TNWooMtj. Status changed: AVAILABLE => DELETING in 0.13593006134
2019-09-16 13:16:04.490 4416 RALLYDEBUG rally.task.utils [-] Waiting for resource s_rally_eec2483b_x2CPWexi. Status changed: AVAILABLE => DELETING in 0.139540910721
2019-09-16 13:16:04.700 4414 RALLYDEBUG rally.task.utils [-] Waiting for resource s_rally_eec2483b_dY6YsFuN. Status changed: AVAILABLE => DELETING in 0.183210134506
2019-09-16 13:16:06.408 4415 INFO rally.task.runner [-] Task 7d659aa2-2f00-45e6-9dfd-e048cf7d9207 | ITER: 6 END: OK
2019-09-16 13:16:06.413 4415 INFO rally.task.runner [-] Task 7d659aa2-2f00-45e6-9dfd-e048cf7d9207 | ITER: 9 START
2019-09-16 13:16:06.537 4416 INFO rally.task.runner [-] Task 7d659aa2-2f00-45e6-9dfd-e048cf7d9207 | ITER: 5 END: OK
2019-09-16 13:16:06.540 4416 INFO rally.task.runner [-] Task 7d659aa2-2f00-45e6-9dfd-e048cf7d9207 | ITER: 10 START
2019-09-16 13:16:06.611 4413 RALLYDEBUG rally.task.utils [-] Waiting for resource s_rally_eec2483b_USoiT50S. Status changed: AVAILABLE => DELETING in 0.166319131851
2019-09-16 13:16:06.742 4414 INFO rally.task.runner [-] Task 7d659aa2-2f00-45e6-9dfd-e048cf7d9207 | ITER: 7 END: OK
2019-09-16 13:16:08.659 4413 INFO rally.task.runner [-] Task 7d659aa2-2f00-45e6-9dfd-e048cf7d9207 | ITER: 8 END: OK
2019-09-16 13:16:09.832 4415 RALLYDEBUG rally.task.utils [-] Waiting for resource s_rally_eec2483b_fIchQ44W. Status changed: AVAILABLE => DELETING in 0.0965209007263
2019-09-16 13:16:10.197 4416 RALLYDEBUG rally.task.utils [-] Waiting for resource s_rally_eec2483b_GjKJ4Ash. Status changed: AVAILABLE => DELETING in 0.36318898201
2019-09-16 13:16:11.878 4415 INFO rally.task.runner [-] Task 7d659aa2-2f00-45e6-9dfd-e048cf7d9207 | ITER: 9 END: OK
2019-09-16 13:16:12.243 4416 INFO rally.task.runner [-] Task 7d659aa2-2f00-45e6-9dfd-e048cf7d9207 | ITER: 10 END: OK
2019-09-16 13:16:12.268 1348 INFO rally.task.context [-] Task 7d659aa2-2f00-45e6-9dfd-e048cf7d9207 | Context cleanup@openstack cleanup() started
2019-09-16 13:16:12.269 1348 RALLYDEBUG rally_openstack.cleanup.manager [-] Cleaning up cinder backups objects
2019-09-16 13:16:13.806 1348 RALLYDEBUG rally_openstack.cleanup.manager [-] Cleaning up cinder volume_snapshots objects
2019-09-16 13:16:15.312 1348 RALLYDEBUG rally_openstack.cleanup.manager [-] Cleaning up cinder transfers objects
2019-09-16 13:16:16.818 1348 RALLYDEBUG rally_openstack.cleanup.manager [-] Cleaning up cinder volumes objects
2019-09-16 13:16:18.493 1348 INFO rally.task.context [-] Task 7d659aa2-2f00-45e6-9dfd-e048cf7d9207 | Context cleanup@openstack cleanup() finished in 6.23 sec
2019-09-16 13:16:18.494 1348 INFO rally.task.context [-] Task 7d659aa2-2f00-45e6-9dfd-e048cf7d9207 | Context volumes@openstack cleanup() started
2019-09-16 13:16:18.494 1348 RALLYDEBUG rally_openstack.cleanup.manager [-] Cleaning up cinder volumes objects
2019-09-16 13:16:20.163 1348 RALLYDEBUG rally_openstack.cleanup.manager [-] Deleting cinder.volumes object c_rally_eec2483b_tNEHRHG3 (a47085bb-7c4c-4f71-b967-87905bb02c34)
2019-09-16 13:16:20.164 1348 RALLYDEBUG rally_openstack.cleanup.manager [-] Deleting cinder.volumes object c_rally_eec2483b_s16mwzWa (54b236dd-300c-4307-b186-ffa66ff4f93f)
2019-09-16 13:16:20.165 1348 RALLYDEBUG rally_openstack.cleanup.manager [-] Deleting cinder.volumes object c_rally_eec2483b_JuA4JHom (2971dc0a-0ffd-4ee2-9084-6bdbcce8de71)
2019-09-16 13:16:23.057 1348 INFO rally.task.context [-] Task 7d659aa2-2f00-45e6-9dfd-e048cf7d9207 | Context volumes@openstack cleanup() finished in 4.56 sec
2019-09-16 13:16:23.058 1348 INFO rally.task.context [-] Task 7d659aa2-2f00-45e6-9dfd-e048cf7d9207 | Context quotas@openstack cleanup() started
2019-09-16 13:16:23.182 1348 INFO rally.task.context [-] Task 7d659aa2-2f00-45e6-9dfd-e048cf7d9207 | Context quotas@openstack cleanup() finished in 0.12 sec
2019-09-16 13:16:23.183 1348 INFO rally.task.context [-] Task 7d659aa2-2f00-45e6-9dfd-e048cf7d9207 | Context api_versions@openstack cleanup() started
2019-09-16 13:16:23.183 1348 INFO rally.task.context [-] Task 7d659aa2-2f00-45e6-9dfd-e048cf7d9207 | Context api_versions@openstack cleanup() finished in 0.17 msec
2019-09-16 13:16:23.183 1348 INFO rally.task.context [-] Task 7d659aa2-2f00-45e6-9dfd-e048cf7d9207 | Context users@openstack cleanup() started
2019-09-16 13:16:28.978 1348 INFO rally.task.context [-] Task 7d659aa2-2f00-45e6-9dfd-e048cf7d9207 | Context users@openstack cleanup() finished in 5.79 sec
2019-09-16 13:16:29.968 1348 INFO rally.task.engine [-] Load duration is: 16.919443
2019-09-16 13:16:29.968 1348 INFO rally.task.engine [-] Full runner duration is: 16.959064
2019-09-16 13:16:29.968 1348 INFO rally.task.engine [-] Full duration is: 49.179437
2019-09-16 13:16:30.043 1348 INFO rally.task.engine [-] Running workload: position = 0 config = { "version": 2, "title": "A cropped version of a bigger task.", "description": "Auto-generated task from a single workload (uuid=75095744-8dc7-4c45-958c-5a4323ab93d6)", "subtasks": [ { "title": "CinderQos.create_and_get_qos", "description": "Create a qos, then get details of the qos.", "scenario": { "CinderQos.create_and_get_qos": { "consumer": "both", "write_iops_sec": "10", "read_iops_sec": "1000" } }, "contexts": { "users": { "tenants": 3, "users_per_tenant": 2 }, "api_versions": { "cinder": { "version": 3, "service_type": "volumev3" } } }, "runner": { "constant": { "concurrency": 4, "times": 10 } }, "hooks": [], "sla": { "failure_rate": { "max": 0 } } } ] }
2019-09-16 13:16:30.055 1348 RALLYDEBUG rally_openstack.contexts.keystone.users [-] Creating 3 tenants using 20 threads
2019-09-16 13:16:31.284 1348 RALLYDEBUG rally_openstack.contexts.keystone.users [-] Creating 6 users using 20 threads
2019-09-16 13:16:34.211 1348 INFO rally.task.context [-] Task 7d659aa2-2f00-45e6-9dfd-e048cf7d9207 | Context users@openstack setup() finished in 4.16 sec
2019-09-16 13:16:34.836 1348 INFO rally.task.context [-] Task 7d659aa2-2f00-45e6-9dfd-e048cf7d9207 | Context api_versions@openstack setup() finished in 0.62 sec
2019-09-16 13:16:34.836 1348 INFO rally.task.context [-] Task 7d659aa2-2f00-45e6-9dfd-e048cf7d9207 | Context admin_cleanup@openstack setup() finished in 0.00 msec
2019-09-16 13:16:34.843 1348 RALLYDEBUG rally.task.runner [-] Starting the constant runner (task UUID: 7d659aa2-2f00-45e6-9dfd-e048cf7d9207). timeout: 0 concurrency: 4 concurrency_per_worker: 1 times: 10 concurrency_overhead: 0 processes_to_start: 4 max_cpu_used: 40
2019-09-16 13:16:34.850 4617 RALLYDEBUG rally.task.runner [-] Starting a worker. concurrency: 1 args: {"consumer": "both", "write_iops_sec": "10", "read_iops_sec": "1000"} times: 10 method_name: run timeout: 0 duration: None cls:
2019-09-16 13:16:34.852 4618 RALLYDEBUG rally.task.runner [-] Starting a worker. concurrency: 1 args: {"consumer": "both", "write_iops_sec": "10", "read_iops_sec": "1000"} times: 10 method_name: run timeout: 0 duration: None cls:
2019-09-16 13:16:34.854 4619 RALLYDEBUG rally.task.runner [-] Starting a worker. concurrency: 1 args: {"consumer": "both", "write_iops_sec": "10", "read_iops_sec": "1000"} times: 10 method_name: run timeout: 0 duration: None cls:
2019-09-16 13:16:34.855 4617 INFO rally.task.runner [-] Task 7d659aa2-2f00-45e6-9dfd-e048cf7d9207 | ITER: 1 START
2019-09-16 13:16:34.856 4618 INFO rally.task.runner [-] Task 7d659aa2-2f00-45e6-9dfd-e048cf7d9207 | ITER: 2 START
2019-09-16 13:16:34.857 4620 RALLYDEBUG rally.task.runner [-] Starting a worker. concurrency: 1 args: {"consumer": "both", "write_iops_sec": "10", "read_iops_sec": "1000"} times: 10 method_name: run timeout: 0 duration: None cls:
2019-09-16 13:16:34.859 4619 INFO rally.task.runner [-] Task 7d659aa2-2f00-45e6-9dfd-e048cf7d9207 | ITER: 3 START
2019-09-16 13:16:34.861 4620 INFO rally.task.runner [-] Task 7d659aa2-2f00-45e6-9dfd-e048cf7d9207 | ITER: 4 START
2019-09-16 13:16:35.586 4618 INFO rally.task.runner [-] Task 7d659aa2-2f00-45e6-9dfd-e048cf7d9207 | ITER: 2 END: OK
2019-09-16 13:16:35.590 4618 INFO rally.task.runner [-] Task 7d659aa2-2f00-45e6-9dfd-e048cf7d9207 | ITER: 5 START
2019-09-16 13:16:35.604 4617 INFO rally.task.runner [-] Task 7d659aa2-2f00-45e6-9dfd-e048cf7d9207 | ITER: 1 END: OK
2019-09-16 13:16:35.605 4619 INFO rally.task.runner [-] Task 7d659aa2-2f00-45e6-9dfd-e048cf7d9207 | ITER: 3 END: OK
2019-09-16 13:16:35.607 4617 INFO rally.task.runner [-] Task 7d659aa2-2f00-45e6-9dfd-e048cf7d9207 | ITER: 6 START
2019-09-16 13:16:35.608 4619 INFO rally.task.runner [-] Task 7d659aa2-2f00-45e6-9dfd-e048cf7d9207 | ITER: 7 START
2019-09-16 13:16:35.626 4620 INFO rally.task.runner [-] Task 7d659aa2-2f00-45e6-9dfd-e048cf7d9207 | ITER: 4 END: OK
2019-09-16 13:16:35.629 4620 INFO rally.task.runner [-] Task 7d659aa2-2f00-45e6-9dfd-e048cf7d9207 | ITER: 8 START
2019-09-16 13:16:36.167 4617 INFO rally.task.runner [-] Task 7d659aa2-2f00-45e6-9dfd-e048cf7d9207 | ITER: 6 END: OK
2019-09-16 13:16:36.171 4617 INFO rally.task.runner [-] Task 7d659aa2-2f00-45e6-9dfd-e048cf7d9207 | ITER: 9 START
2019-09-16 13:16:36.233 4618 INFO rally.task.runner [-] Task 7d659aa2-2f00-45e6-9dfd-e048cf7d9207 | ITER: 5 END: OK
2019-09-16 13:16:36.236 4618 INFO rally.task.runner [-] Task 7d659aa2-2f00-45e6-9dfd-e048cf7d9207 | ITER: 10 START
2019-09-16 13:16:36.266 4619 INFO rally.task.runner [-] Task 7d659aa2-2f00-45e6-9dfd-e048cf7d9207 | ITER: 7 END: OK
2019-09-16 13:16:36.302 4620 INFO rally.task.runner [-] Task 7d659aa2-2f00-45e6-9dfd-e048cf7d9207 | ITER: 8 END: OK
2019-09-16 13:16:36.792 4617 INFO rally.task.runner [-] Task 7d659aa2-2f00-45e6-9dfd-e048cf7d9207 | ITER: 9 END: OK
2019-09-16 13:16:36.877 4618 INFO rally.task.runner [-] Task 7d659aa2-2f00-45e6-9dfd-e048cf7d9207 | ITER: 10 END: OK
2019-09-16 13:16:36.894 1348 INFO rally.task.context [-] Task 7d659aa2-2f00-45e6-9dfd-e048cf7d9207 | Context admin_cleanup@openstack cleanup() started
2019-09-16 13:16:36.897 1348 RALLYDEBUG rally_openstack.cleanup.manager [-] Cleaning up cinder volume_types objects
2019-09-16 13:16:37.455 1348 RALLYDEBUG rally_openstack.cleanup.manager [-] Cleaning up cinder image_volumes_cache objects
2019-09-16 13:16:38.335 1348 RALLYDEBUG rally_openstack.cleanup.manager [-] Cleaning up cinder quotas objects
2019-09-16 13:16:39.629 1348 RALLYDEBUG rally_openstack.cleanup.manager [-] Cleaning up cinder qos_specs objects
2019-09-16 13:16:40.258 1348 RALLYDEBUG rally_openstack.cleanup.manager [-] Deleting cinder.qos_specs object s_rally_75095744_2tvmTQ36 (afbdc43d-4751-4175-ae4b-50114a48b975)
2019-09-16 13:16:40.261 1348 RALLYDEBUG rally_openstack.cleanup.manager [-] Deleting cinder.qos_specs object s_rally_75095744_sjYmmeqr (46c9c41c-71c1-4141-9727-15de852565f7)
2019-09-16 13:16:40.269 1348 RALLYDEBUG rally_openstack.cleanup.manager [-] Deleting cinder.qos_specs object s_rally_75095744_LPGg6rP3 (f9d913df-6ebb-49f5-8ef2-547680797a2d)
2019-09-16 13:16:40.274 1348 RALLYDEBUG rally_openstack.cleanup.manager [-] Deleting cinder.qos_specs object s_rally_75095744_TyFDl7WY (508fa5a5-9941-4750-9352-154ba4d0505a)
2019-09-16 13:16:40.287 1348 RALLYDEBUG rally_openstack.cleanup.manager [-] Deleting cinder.qos_specs object s_rally_75095744_7W2vsVhF (12676075-4726-4a66-a1b3-1726010e1626)
2019-09-16 13:16:40.295 1348 RALLYDEBUG rally_openstack.cleanup.manager [-] Deleting cinder.qos_specs object s_rally_75095744_uLFaGQ2s (1d25d48b-1b80-48b5-924a-9d7a06e90613)
2019-09-16 13:16:40.302 1348 RALLYDEBUG rally_openstack.cleanup.manager [-] Deleting cinder.qos_specs object s_rally_75095744_gEi7LxXV (67b97cac-01ad-4d87-8cd0-90f1064a4f16)
2019-09-16 13:16:40.316 1348 RALLYDEBUG rally_openstack.cleanup.manager [-] Deleting cinder.qos_specs object s_rally_75095744_NMZ2UvyK (33410317-590a-4c81-8258-094ab26b07bc)
2019-09-16 13:16:40.320 1348 RALLYDEBUG rally_openstack.cleanup.manager [-] Deleting cinder.qos_specs object s_rally_75095744_Kd9rrs1Y (0be1a05b-1db6-49d9-b71b-1835f486068b)
2019-09-16 13:16:40.333 1348 RALLYDEBUG rally_openstack.cleanup.manager [-] Deleting cinder.qos_specs object s_rally_75095744_T4Nf1wMd (033e8cf2-ab3b-44a6-a8cf-11e53d6f5a5a)
2019-09-16 13:16:43.080 1348 INFO rally.task.context [-] Task 7d659aa2-2f00-45e6-9dfd-e048cf7d9207 | Context admin_cleanup@openstack cleanup() finished in 6.19 sec
2019-09-16 13:16:43.081 1348 INFO rally.task.context [-] Task 7d659aa2-2f00-45e6-9dfd-e048cf7d9207 | Context api_versions@openstack cleanup() started
2019-09-16 13:16:43.081 1348 INFO rally.task.context [-] Task 7d659aa2-2f00-45e6-9dfd-e048cf7d9207 | Context api_versions@openstack cleanup() finished in 0.35 msec
2019-09-16 13:16:43.082 1348 INFO rally.task.context [-] Task 7d659aa2-2f00-45e6-9dfd-e048cf7d9207 | Context users@openstack cleanup() started
2019-09-16 13:16:49.125 1348 INFO rally.task.context [-] Task 7d659aa2-2f00-45e6-9dfd-e048cf7d9207 | Context users@openstack cleanup() finished in 6.04 sec
2019-09-16 13:16:50.127 1348 INFO rally.task.engine [-] Load duration is: 2.019193
2019-09-16 13:16:50.128 1348 INFO rally.task.engine [-] Full runner duration is: 2.052019
2019-09-16 13:16:50.128 1348 INFO rally.task.engine [-] Full duration is: 19.071439
2019-09-16 13:16:50.211 1348 INFO rally.task.engine [-] Running workload: position = 0 config = { "version": 2, "title": "A cropped version of a bigger task.", "description": "Auto-generated task from a single workload (uuid=7a928e37-23a0-4898-bad4-96bf0362fe0f)", "subtasks": [ { "title": "CinderQos.create_and_list_qos", "description": "Create a qos, then list all qos.", "scenario": { "CinderQos.create_and_list_qos": { "consumer": "both", "write_iops_sec": "10", "read_iops_sec": "1000" } }, "contexts": { "users": { "tenants": 3, "users_per_tenant": 2 }, "api_versions": { "cinder": { "version": 3, "service_type": "volumev3" } } }, "runner": { "constant": { "concurrency": 4, "times": 10 } }, "hooks": [], "sla": { "failure_rate": { "max": 0 } } } ] }
2019-09-16 13:16:50.225 1348 RALLYDEBUG rally_openstack.contexts.keystone.users [-] Creating 3 tenants using 20 threads
2019-09-16 13:16:51.638 1348 RALLYDEBUG rally_openstack.contexts.keystone.users [-] Creating 6 users using 20 threads
2019-09-16 13:16:54.555 1348 INFO rally.task.context [-] Task 7d659aa2-2f00-45e6-9dfd-e048cf7d9207 | Context users@openstack setup() finished in 4.33 sec
2019-09-16 13:16:55.123 134