2019-09-16 13:12:12.953 1348 INFO rally.task.context [-] Task 7d659aa2-2f00-45e6-9dfd-e048cf7d9207 | Context users@openstack setup() finished in 4.22 sec
2019-09-16 13:12:13.600 1348 INFO rally.task.context [-] Task 7d659aa2-2f00-45e6-9dfd-e048cf7d9207 | Context api_versions@openstack setup() finished in 0.65 sec
2019-09-16 13:12:14.890 1348 INFO rally.task.context [-] Task 7d659aa2-2f00-45e6-9dfd-e048cf7d9207 | Context quotas@openstack setup() finished in 1.29 sec
2019-09-16 13:12:24.468 1348 INFO rally.task.context [-] Task 7d659aa2-2f00-45e6-9dfd-e048cf7d9207 | Context volumes@openstack setup() finished in 9.58 sec
2019-09-16 13:12:24.468 1348 INFO rally.task.context [-] Task 7d659aa2-2f00-45e6-9dfd-e048cf7d9207 | Context cleanup@openstack setup() finished in 0.01 msec
2019-09-16 13:12:24.473 1348 RALLYDEBUG rally.task.runner [-] Starting the constant runner (task UUID: 7d659aa2-2f00-45e6-9dfd-e048cf7d9207). timeout: 0 concurrency: 4 concurrency_per_worker: 1 times: 10 concurrency_overhead: 0 processes_to_start: 4 max_cpu_used: 40
2019-09-16 13:12:24.480 3473 RALLYDEBUG rally.task.runner [-] Starting a worker. concurrency: 1 args: {"force": false} times: 10 method_name: run timeout: 0 duration: None cls:
2019-09-16 13:12:24.482 3474 RALLYDEBUG rally.task.runner [-] Starting a worker. concurrency: 1 args: {"force": false} times: 10 method_name: run timeout: 0 duration: None cls:
2019-09-16 13:12:24.484 3475 RALLYDEBUG rally.task.runner [-] Starting a worker. concurrency: 1 args: {"force": false} times: 10 method_name: run timeout: 0 duration: None cls:
2019-09-16 13:12:24.484 3473 INFO rally.task.runner [-] Task 7d659aa2-2f00-45e6-9dfd-e048cf7d9207 | ITER: 1 START
2019-09-16 13:12:24.486 3476 RALLYDEBUG rally.task.runner [-] Starting a worker. concurrency: 1 args: {"force": false} times: 10 method_name: run timeout: 0 duration: None cls:
2019-09-16 13:12:24.487 3474 INFO rally.task.runner [-] Task 7d659aa2-2f00-45e6-9dfd-e048cf7d9207 | ITER: 2 START
2019-09-16 13:12:24.488 3475 INFO rally.task.runner [-] Task 7d659aa2-2f00-45e6-9dfd-e048cf7d9207 | ITER: 3 START
2019-09-16 13:12:24.490 3476 INFO rally.task.runner [-] Task 7d659aa2-2f00-45e6-9dfd-e048cf7d9207 | ITER: 4 START
2019-09-16 13:12:27.693 3476 RALLYDEBUG rally.task.utils [-] Waiting for resource s_rally_ae82af3f_UUysJhR6. Status changed: AVAILABLE => DELETING in 0.035444021225
2019-09-16 13:12:27.745 3473 RALLYDEBUG rally.task.utils [-] Waiting for resource s_rally_ae82af3f_GkV8UR9E. Status changed: AVAILABLE => DELETING in 0.0342929363251
2019-09-16 13:12:27.765 3475 RALLYDEBUG rally.task.utils [-] Waiting for resource s_rally_ae82af3f_AOE7BiOE. Status changed: AVAILABLE => DELETING in 0.120132923126
2019-09-16 13:12:27.853 3474 RALLYDEBUG rally.task.utils [-] Waiting for resource s_rally_ae82af3f_4rcZLvME. Status changed: AVAILABLE => DELETING in 0.11357998848
2019-09-16 13:12:29.724 3476 INFO rally.task.runner [-] Task 7d659aa2-2f00-45e6-9dfd-e048cf7d9207 | ITER: 4 END: OK
2019-09-16 13:12:29.727 3476 INFO rally.task.runner [-] Task 7d659aa2-2f00-45e6-9dfd-e048cf7d9207 | ITER: 5 START
2019-09-16 13:12:29.781 3473 INFO rally.task.runner [-] Task 7d659aa2-2f00-45e6-9dfd-e048cf7d9207 | ITER: 1 END: OK
2019-09-16 13:12:29.785 3473 INFO rally.task.runner [-] Task 7d659aa2-2f00-45e6-9dfd-e048cf7d9207 | ITER: 6 START
2019-09-16 13:12:29.816 3475 INFO rally.task.runner [-] Task 7d659aa2-2f00-45e6-9dfd-e048cf7d9207 | ITER: 3 END: OK
2019-09-16 13:12:29.819 3475 INFO rally.task.runner [-] Task 7d659aa2-2f00-45e6-9dfd-e048cf7d9207 | ITER: 7 START
2019-09-16 13:12:29.961 3474 INFO rally.task.runner [-] Task 7d659aa2-2f00-45e6-9dfd-e048cf7d9207 | ITER: 2 END: OK
2019-09-16 13:12:29.964 3474 INFO rally.task.runner [-] Task 7d659aa2-2f00-45e6-9dfd-e048cf7d9207 | ITER: 8 START
2019-09-16 13:12:32.965 3473 RALLYDEBUG rally.task.utils [-] Waiting for resource s_rally_ae82af3f_MwkNGAK5. Status changed: AVAILABLE => DELETING in 0.0421321392059
2019-09-16 13:12:33.089 3474 RALLYDEBUG rally.task.utils [-] Waiting for resource s_rally_ae82af3f_H0gOsnKm. Status changed: AVAILABLE => DELETING in 0.137275934219
2019-09-16 13:12:33.095 3475 RALLYDEBUG rally.task.utils [-] Waiting for resource s_rally_ae82af3f_3zQXb9qQ. Status changed: AVAILABLE => DELETING in 0.1316010952
2019-09-16 13:12:33.101 3476 RALLYDEBUG rally.task.utils [-] Waiting for resource s_rally_ae82af3f_0OnpftQp. Status changed: AVAILABLE => DELETING in 0.124541044235
2019-09-16 13:12:34.996 3473 INFO rally.task.runner [-] Task 7d659aa2-2f00-45e6-9dfd-e048cf7d9207 | ITER: 6 END: OK
2019-09-16 13:12:34.999 3473 INFO rally.task.runner [-] Task 7d659aa2-2f00-45e6-9dfd-e048cf7d9207 | ITER: 9 START
2019-09-16 13:12:35.125 3475 INFO rally.task.runner [-] Task 7d659aa2-2f00-45e6-9dfd-e048cf7d9207 | ITER: 7 END: OK
2019-09-16 13:12:35.128 3475 INFO rally.task.runner [-] Task 7d659aa2-2f00-45e6-9dfd-e048cf7d9207 | ITER: 10 START
2019-09-16 13:12:35.156 3476 INFO rally.task.runner [-] Task 7d659aa2-2f00-45e6-9dfd-e048cf7d9207 | ITER: 5 END: OK
2019-09-16 13:12:35.211 3474 INFO rally.task.runner [-] Task 7d659aa2-2f00-45e6-9dfd-e048cf7d9207 | ITER: 8 END: OK
2019-09-16 13:12:38.229 3473 RALLYDEBUG rally.task.utils [-] Waiting for resource s_rally_ae82af3f_6jhMLmRk. Status changed: AVAILABLE => DELETING in 0.0560657978058
2019-09-16 13:12:38.282 3475 RALLYDEBUG rally.task.utils [-] Waiting for resource s_rally_ae82af3f_kaDhgHWs. Status changed: AVAILABLE => DELETING in 0.115523099899
2019-09-16 13:12:40.260 3473 INFO rally.task.runner [-] Task 7d659aa2-2f00-45e6-9dfd-e048cf7d9207 | ITER: 9 END: OK
2019-09-16 13:12:40.311 3475 INFO rally.task.runner [-] Task 7d659aa2-2f00-45e6-9dfd-e048cf7d9207 | ITER: 10 END: OK
2019-09-16 13:12:40.331 1348 INFO rally.task.context [-] Task 7d659aa2-2f00-45e6-9dfd-e048cf7d9207 | Context cleanup@openstack cleanup() started
2019-09-16 13:12:40.333 1348 RALLYDEBUG rally_openstack.cleanup.manager [-] Cleaning up cinder backups objects
2019-09-16 13:12:41.830 1348 RALLYDEBUG rally_openstack.cleanup.manager [-] Cleaning up cinder volume_snapshots objects
2019-09-16 13:12:43.294 1348 RALLYDEBUG rally_openstack.cleanup.manager [-] Cleaning up cinder transfers objects
2019-09-16 13:12:44.773 1348 RALLYDEBUG rally_openstack.cleanup.manager [-] Cleaning up cinder volumes objects
2019-09-16 13:12:46.486 1348 INFO rally.task.context [-] Task 7d659aa2-2f00-45e6-9dfd-e048cf7d9207 | Context cleanup@openstack cleanup() finished in 6.15 sec
2019-09-16 13:12:46.486 1348 INFO rally.task.context [-] Task 7d659aa2-2f00-45e6-9dfd-e048cf7d9207 | Context volumes@openstack cleanup() started
2019-09-16 13:12:46.487 1348 RALLYDEBUG rally_openstack.cleanup.manager [-] Cleaning up cinder volumes objects
2019-09-16 13:12:48.370 1348 RALLYDEBUG rally_openstack.cleanup.manager [-] Deleting cinder.volumes object c_rally_ae82af3f_2vzWBtgn (87f7a9c1-904a-4475-a923-5fc71586df17)
2019-09-16 13:12:48.371 1348 RALLYDEBUG rally_openstack.cleanup.manager [-] Deleting cinder.volumes object c_rally_ae82af3f_huz8VUq5 (2218578b-7449-4130-863f-bc47af6c9aab)
2019-09-16 13:12:48.373 1348 RALLYDEBUG rally_openstack.cleanup.manager [-] Deleting cinder.volumes object c_rally_ae82af3f_CZRq5eZp (9e9a6d92-40dc-436e-a128-0140e297fadf)
2019-09-16 13:12:51.327 1348 INFO rally.task.context [-] Task 7d659aa2-2f00-45e6-9dfd-e048cf7d9207 | Context volumes@openstack cleanup() finished in 4.84 sec
2019-09-16 13:12:51.327 1348 INFO rally.task.context [-] Task 7d659aa2-2f00-45e6-9dfd-e048cf7d9207 | Context quotas@openstack cleanup() started
2019-09-16 13:12:51.462 1348 INFO rally.task.context [-] Task 7d659aa2-2f00-45e6-9dfd-e048cf7d9207 | Context quotas@openstack cleanup() finished in 0.13 sec
2019-09-16 13:12:51.462 1348 INFO rally.task.context [-] Task 7d659aa2-2f00-45e6-9dfd-e048cf7d9207 | Context api_versions@openstack cleanup() started
2019-09-16 13:12:51.462 1348 INFO rally.task.context [-] Task 7d659aa2-2f00-45e6-9dfd-e048cf7d9207 | Context api_versions@openstack cleanup() finished in 0.15 msec
2019-09-16 13:12:51.462 1348 INFO rally.task.context [-] Task 7d659aa2-2f00-45e6-9dfd-e048cf7d9207 | Context users@openstack cleanup() started
2019-09-16 13:12:57.468 1348 INFO rally.task.context [-] Task 7d659aa2-2f00-45e6-9dfd-e048cf7d9207 | Context users@openstack cleanup() finished in 6.01 sec
2019-09-16 13:12:58.878 1348 INFO rally.task.engine [-] Load duration is: 15.825478
2019-09-16 13:12:58.879 1348 INFO rally.task.engine [-] Full runner duration is: 15.85862
2019-09-16 13:12:58.879 1348 INFO rally.task.engine [-] Full duration is: 48.732981
2019-09-16 13:12:58.966 1348 INFO rally.task.engine [-] Running workload: position = 0 config = { "version": 2, "title": "A cropped version of a bigger task.", "description": "Auto-generated task from a single workload (uuid=b1a34781-884d-4be0-a04d-ec385fae1753)", "subtasks": [ { "title": "CinderVolumes.create_and_delete_volume", "description": "Create and then delete a volume.", "scenario": { "CinderVolumes.create_and_delete_volume": { "size": { "max": 1, "min": 1 } } }, "contexts": { "users": { "tenants": 3, "users_per_tenant": 2 }, "quotas": { "cinder": { "gigabytes": -1, "snapshots": -1, "volumes": -1 } }, "api_versions": { "cinder": { "version": 3, "service_type": "volumev3" } } }, "runner": { "constant": { "concurrency": 4, "times": 10 } }, "hooks": [], "sla": { "failure_rate": { "max": 0 } } } ] }
2019-09-16 13:12:58.978 1348 RALLYDEBUG rally_openstack.contexts.keystone.users [-] Creating 3 tenants using 20 threads
2019-09-16 13:13:00.255 1348 RALLYDEBUG rally_openstack.contexts.keystone.users [-] Creating 6 users using 20 threads
2019-09-16 13:13:03.033 1348 INFO rally.task.context [-] Task 7d659aa2-2f00-45e6-9dfd-e048cf7d9207 | Context users@openstack setup() finished in 4.05 sec
2019-09-16 13:13:03.582 1348 INFO rally.task.context [-] Task 7d659aa2-2f00-45e6-9dfd-e048cf7d9207 | Context api_versions@openstack setup() finished in 0.55 sec
2019-09-16 13:13:04.870 1348 INFO rally.task.context [-] Task 7d659aa2-2f00-45e6-9dfd-e048cf7d9207 | Context quotas@openstack setup() finished in 1.29 sec
2019-09-16 13:13:04.871 1348 INFO rally.task.context [-] Task 7d659aa2-2f00-45e6-9dfd-e048cf7d9207 | Context cleanup@openstack setup() finished in 0.00 msec
2019-09-16 13:13:04.876 1348 RALLYDEBUG rally.task.runner [-] Starting the constant runner (task UUID: 7d659aa2-2f00-45e6-9dfd-e048cf7d9207). timeout: 0 concurrency: 4 concurrency_per_worker: 1 times: 10 concurrency_overhead: 0 processes_to_start: 4 max_cpu_used: 40
2019-09-16 13:13:04.885 3677 RALLYDEBUG rally.task.runner [-] Starting a worker. concurrency: 1 args: {"size": {"max": 1, "min": 1}} times: 10 method_name: run timeout: 0 duration: None cls:
2019-09-16 13:13:04.886 3678 RALLYDEBUG rally.task.runner [-] Starting a worker. concurrency: 1 args: {"size": {"max": 1, "min": 1}} times: 10 method_name: run timeout: 0 duration: None cls:
2019-09-16 13:13:04.888 3679 RALLYDEBUG rally.task.runner [-] Starting a worker. concurrency: 1 args: {"size": {"max": 1, "min": 1}} times: 10 method_name: run timeout: 0 duration: None cls:
2019-09-16 13:13:04.890 3677 INFO rally.task.runner [-] Task 7d659aa2-2f00-45e6-9dfd-e048cf7d9207 | ITER: 1 START
2019-09-16 13:13:04.890 3678 INFO rally.task.runner [-] Task 7d659aa2-2f00-45e6-9dfd-e048cf7d9207 | ITER: 2 START
2019-09-16 13:13:04.891 3680 RALLYDEBUG rally.task.runner [-] Starting a worker. concurrency: 1 args: {"size": {"max": 1, "min": 1}} times: 10 method_name: run timeout: 0 duration: None cls:
2019-09-16 13:13:04.894 3679 INFO rally.task.runner [-] Task 7d659aa2-2f00-45e6-9dfd-e048cf7d9207 | ITER: 3 START
2019-09-16 13:13:04.896 3680 INFO rally.task.runner [-] Task 7d659aa2-2f00-45e6-9dfd-e048cf7d9207 | ITER: 4 START
2019-09-16 13:13:08.545 3679 RALLYDEBUG rally.task.utils [-] Waiting for resource s_rally_b1a34781_DI1DknAM. Status changed: AVAILABLE => DELETING in 0.160556077957
2019-09-16 13:13:08.630 3678 RALLYDEBUG rally.task.utils [-] Waiting for resource s_rally_b1a34781_CvaSehPZ. Status changed: AVAILABLE => DELETING in 0.247302055359
2019-09-16 13:13:08.739 3680 RALLYDEBUG rally.task.utils [-] Waiting for resource s_rally_b1a34781_dsbBCX7y. Status changed: AVAILABLE => DELETING in 0.104688167572
2019-09-16 13:13:08.958 3677 RALLYDEBUG rally.task.utils [-] Waiting for resource s_rally_b1a34781_8gb2hCHv. Status changed: AVAILABLE => DELETING in 0.208240032196
2019-09-16 13:13:10.676 3679 INFO rally.task.runner [-] Task 7d659aa2-2f00-45e6-9dfd-e048cf7d9207 | ITER: 3 END: OK
2019-09-16 13:13:10.680 3679 INFO rally.task.runner [-] Task 7d659aa2-2f00-45e6-9dfd-e048cf7d9207 | ITER: 5 START
2019-09-16 13:13:10.784 3678 INFO rally.task.runner [-] Task 7d659aa2-2f00-45e6-9dfd-e048cf7d9207 | ITER: 2 END: OK
2019-09-16 13:13:10.788 3678 INFO rally.task.runner [-] Task 7d659aa2-2f00-45e6-9dfd-e048cf7d9207 | ITER: 6 START
2019-09-16 13:13:10.800 3680 INFO rally.task.runner [-] Task 7d659aa2-2f00-45e6-9dfd-e048cf7d9207 | ITER: 4 END: OK
2019-09-16 13:13:10.804 3680 INFO rally.task.runner [-] Task 7d659aa2-2f00-45e6-9dfd-e048cf7d9207 | ITER: 7 START
2019-09-16 13:13:11.006 3677 INFO rally.task.runner [-] Task 7d659aa2-2f00-45e6-9dfd-e048cf7d9207 | ITER: 1 END: OK
2019-09-16 13:13:11.010 3677 INFO rally.task.runner [-] Task 7d659aa2-2f00-45e6-9dfd-e048cf7d9207 | ITER: 8 START
2019-09-16 13:13:13.960 3679 RALLYDEBUG rally.task.utils [-] Waiting for resource s_rally_b1a34781_HsarRFVY. Status changed: AVAILABLE => DELETING in 0.0855178833008
2019-09-16 13:13:14.342 3678 RALLYDEBUG rally.task.utils [-] Waiting for resource s_rally_b1a34781_SAMRlhih. Status changed: AVAILABLE => DELETING in 0.0815799236298
2019-09-16 13:13:14.363 3680 RALLYDEBUG rally.task.utils [-] Waiting for resource s_rally_b1a34781_5ZGxwp3z. Status changed: AVAILABLE => DELETING in 0.167515039444
2019-09-16 13:13:14.397 3677 RALLYDEBUG rally.task.utils [-] Waiting for resource s_rally_b1a34781_Z0tpijxH. Status changed: AVAILABLE => DELETING in 0.0996198654175
2019-09-16 13:13:16.033 3679 INFO rally.task.runner [-] Task 7d659aa2-2f00-45e6-9dfd-e048cf7d9207 | ITER: 5 END: OK
2019-09-16 13:13:16.036 3679 INFO rally.task.runner [-] Task 7d659aa2-2f00-45e6-9dfd-e048cf7d9207 | ITER: 9 START
2019-09-16 13:13:16.420 3680 INFO rally.task.runner [-] Task 7d659aa2-2f00-45e6-9dfd-e048cf7d9207 | ITER: 7 END: OK
2019-09-16 13:13:16.423 3680 INFO rally.task.runner [-] Task 7d659aa2-2f00-45e6-9dfd-e048cf7d9207 | ITER: 10 START
2019-09-16 13:13:16.483 3678 INFO rally.task.runner [-] Task 7d659aa2-2f00-45e6-9dfd-e048cf7d9207 | ITER: 6 END: OK
2019-09-16 13:13:16.564 3677 INFO rally.task.runner [-] Task 7d659aa2-2f00-45e6-9dfd-e048cf7d9207 | ITER: 8 END: OK
2019-09-16 13:13:19.413 3679 RALLYDEBUG rally.task.utils [-] Waiting for resource s_rally_b1a34781_VP2Jjzux. Status changed: AVAILABLE => DELETING in 0.0741910934448
2019-09-16 13:13:19.784 3680 RALLYDEBUG rally.task.utils [-] Waiting for resource s_rally_b1a34781_p7Px2Agt. Status changed: AVAILABLE => DELETING in 0.175566911697
2019-09-16 13:13:21.462 3679 INFO rally.task.runner [-] Task 7d659aa2-2f00-45e6-9dfd-e048cf7d9207 | ITER: 9 END: OK
2019-09-16 13:13:21.908 3680 INFO rally.task.runner [-] Task 7d659aa2-2f00-45e6-9dfd-e048cf7d9207 | ITER: 10 END: OK
2019-09-16 13:13:21.929 1348 INFO rally.task.context [-] Task 7d659aa2-2f00-45e6-9dfd-e048cf7d9207 | Context cleanup@openstack cleanup() started
2019-09-16 13:13:21.931 1348 RALLYDEBUG rally_openstack.cleanup.manager [-] Cleaning up cinder backups objects
2019-09-16 13:13:23.483 1348 RALLYDEBUG rally_openstack.cleanup.manager [-] Cleaning up cinder volume_snapshots objects
2019-09-16 13:13:24.995 1348 RALLYDEBUG rally_openstack.cleanup.manager [-] Cleaning up cinder transfers objects
2019-09-16 13:13:26.462 1348 RALLYDEBUG rally_openstack.cleanup.manager [-] Cleaning up cinder volumes objects
2019-09-16 13:13:28.034 1348 INFO rally.task.context [-] Task 7d659aa2-2f00-45e6-9dfd-e048cf7d9207 | Context cleanup@openstack cleanup() finished in 6.11 sec
2019-09-16 13:13:28.035 1348 INFO rally.task.context [-] Task 7d659aa2-2f00-45e6-9dfd-e048cf7d9207 | Context quotas@openstack cleanup() started
2019-09-16 13:13:28.156 1348 INFO rally.task.context [-] Task 7d659aa2-2f00-45e6-9dfd-e048cf7d9207 | Context quotas@openstack cleanup() finished in 0.12 sec
2019-09-16 13:13:28.156 1348 INFO rally.task.context [-] Task 7d659aa2-2f00-45e6-9dfd-e048cf7d9207 | Context api_versions@openstack cleanup() started
2019-09-16 13:13:28.156 1348 INFO rally.task.context [-] Task 7d659aa2-2f00-45e6-9dfd-e048cf7d9207 | Context api_versions@openstack cleanup() finished in 0.20 msec
2019-09-16 13:13:28.157 1348 INFO rally.task.context [-] Task 7d659aa2-2f00-45e6-9dfd-e048cf7d9207 | Context users@openstack cleanup() started
2019-09-16 13:13:33.997 1348 INFO rally.task.context [-] Task 7d659aa2-2f00-45e6-9dfd-e048cf7d9207 | Context users@openstack cleanup() finished in 5.84 sec
2019-09-16 13:13:35.102 1348 INFO rally.task.engine [-] Load duration is: 17.016634
2019-09-16 13:13:35.102 1348 INFO rally.task.engine [-] Full runner duration is: 17.053405
2019-09-16 13:13:35.102 1348 INFO rally.task.engine [-] Full duration is: 35.020632
2019-09-16 13:13:35.149 1348 INFO rally.task.engine [-] Running workload: position = 1 config = { "version": 2, "title": "A cropped version of a bigger task.", "description": "Auto-generated task from a single workload (uuid=751b629a-d951-427f-8dfc-6bc6f062c577)", "subtasks": [ { "title": "CinderVolumes.create_and_delete_volume", "description": "Create and then delete a volume.", "scenario": { "CinderVolumes.create_and_delete_volume": { "image": { "name": "rally_full-img_7f9a38a4-c5ff-4822-b5a6-9164b5facf64" }, "size": 1 } }, "contexts": { "users": { "tenants": 3, "users_per_tenant": 2 }, "quotas": { "cinder": { "gigabytes": -1, "snapshots": -1, "volumes": -1 } }, "api_versions": { "cinder": { "version": 3, "service_type": "volumev3" } } }, "runner": { "constant": { "concurrency": 4, "times": 10 } }, "hooks": [], "sla": { "failure_rate": { "max": 0 } } } ] }
2019-09-16 13:13:35.162 1348 RALLYDEBUG rally_openstack.contexts.keystone.users [-] Creating 3 tenants using 20 threads
2019-09-16 13:13:36.447 1348 RALLYDEBUG rally_openstack.contexts.keystone.users [-] Creating 6 users using 20 threads
2019-09-16 13:13:39.433 1348 INFO rally.task.context [-] Task 7d659aa2-2f00-45e6-9dfd-e048cf7d9207 | Context users@openstack setup() finished in 4.27 sec
2019-09-16 13:13:40.068 1348 INFO rally.task.context [-] Task 7d659aa2-2f00-45e6-9dfd-e048cf7d9207 | Context api_versions@openstack setup() finished in 0.63 sec
2019-09-16 13:13:41.374 1348 INFO rally.task.context [-] Task 7d659aa2-2f00-45e6-9dfd-e048cf7d9207 | Context quotas@openstack setup() finished in 1.31 sec
2019-09-16 13:13:41.375 1348 INFO rally.task.context [-] Task 7d659aa2-2f00-45e6-9dfd-e048cf7d9207 | Context cleanup@openstack setup() finished in 0.01 msec
2019-09-16 13:13:42.128 1348 RALLYDEBUG rally.task.runner [-] Starting the constant runner (task UUID: 7d659aa2-2f00-45e6-9dfd-e048cf7d9207). timeout: 0 concurrency: 4 concurrency_per_worker: 1 times: 10 concurrency_overhead: 0 processes_to_start: 4 max_cpu_used: 40
2019-09-16 13:13:42.137 3861 RALLYDEBUG rally.task.runner [-] Starting a worker. concurrency: 1 args: {"image": "64331912-6aba-48e2-a161-48e5912eecc5", "size": 1} times: 10 method_name: run timeout: 0 duration: None cls:
2019-09-16 13:13:42.138 3862 RALLYDEBUG rally.task.runner [-] Starting a worker. concurrency: 1 args: {"image": "64331912-6aba-48e2-a161-48e5912eecc5", "size": 1} times: 10 method_name: run timeout: 0 duration: None cls:
2019-09-16 13:13:42.140 3863 RALLYDEBUG rally.task.runner [-] Starting a worker. concurrency: 1 args: {"image": "64331912-6aba-48e2-a161-48e5912eecc5", "size": 1} times: 10 method_name: run timeout: 0 duration: None cls:
2019-09-16 13:13:42.141 3861 INFO rally.task.runner [-] Task 7d659aa2-2f00-45e6-9dfd-e048cf7d9207 | ITER: 1 START
2019-09-16 13:13:42.142 3864 RALLYDEBUG rally.task.runner [-] Starting a worker. concurrency: 1 args: {"image": "64331912-6aba-48e2-a161-48e5912eecc5", "size": 1} times: 10 method_name: run timeout: 0 duration: None cls:
2019-09-16 13:13:42.143 3862 INFO rally.task.runner [-] Task 7d659aa2-2f00-45e6-9dfd-e048cf7d9207 | ITER: 2 START
2019-09-16 13:13:42.145 3863 INFO rally.task.runner [-] Task 7d659aa2-2f00-45e6-9dfd-e048cf7d9207 | ITER: 3 START
2019-09-16 13:13:42.147 3864 INFO rally.task.runner [-] Task 7d659aa2-2f00-45e6-9dfd-e048cf7d9207 | ITER: 4 START
2019-09-16 13:13:47.894 3864 RALLYDEBUG rally.task.utils [-] Waiting for resource s_rally_751b629a_ript1EZF. Status changed: DOWNLOADING => AVAILABLE in 2.47033190727
2019-09-16 13:13:47.928 3863 RALLYDEBUG rally.task.utils [-] Waiting for resource s_rally_751b629a_XZrx5y03. Status changed: DOWNLOADING => AVAILABLE in 2.42976212502
2019-09-16 13:13:47.963 3862 RALLYDEBUG rally.task.utils [-] Waiting for resource s_rally_751b629a_0cBMUtgD. Status changed: DOWNLOADING => AVAILABLE in 2.51791191101
2019-09-16 13:13:47.978 3861 RALLYDEBUG rally.task.utils [-] Waiting for resource s_rally_751b629a_hWelxCtF. Status changed: DOWNLOADING => AVAILABLE in 2.5964448452
2019-09-16 13:13:48.090 3863 RALLYDEBUG rally.task.utils [-] Waiting for resource s_rally_751b629a_XZrx5y03. Status changed: AVAILABLE => DELETING in 0.0864670276642
2019-09-16 13:13:48.137 3864 RALLYDEBUG rally.task.utils [-] Waiting for resource s_rally_751b629a_ript1EZF. Status changed: AVAILABLE => DELETING in 0.0884969234467
2019-09-16 13:13:48.158 3861 RALLYDEBUG rally.task.utils [-] Waiting for resource s_rally_751b629a_hWelxCtF. Status changed: AVAILABLE => DELETING in 0.0837550163269
2019-09-16 13:13:48.227 3862 RALLYDEBUG rally.task.utils [-] Waiting for resource s_rally_751b629a_0cBMUtgD. Status changed: AVAILABLE => DELETING in 0.0845830440521
2019-09-16 13:13:50.138 3863 INFO rally.task.runner [-] Task 7d659aa2-2f00-45e6-9dfd-e048cf7d9207 | ITER: 3 END: OK
2019-09-16 13:13:50.141 3863 INFO rally.task.runner [-] Task 7d659aa2-2f00-45e6-9dfd-e048cf7d9207 | ITER: 5 START
2019-09-16 13:13:50.182 3864 INFO rally.task.runner [-] Task 7d659aa2-2f00-45e6-9dfd-e048cf7d9207 | ITER: 4 END: OK
2019-09-16 13:13:50.185 3864 INFO rally.task.runner [-] Task 7d659aa2-2f00-45e6-9dfd-e048cf7d9207 | ITER: 6 START
2019-09-16 13:13:50.210 3861 INFO rally.task.runner [-] Task 7d659aa2-2f00-45e6-9dfd-e048cf7d9207 | ITER: 1 END: OK
2019-09-16 13:13:50.214 3861 INFO rally.task.runner [-] Task 7d659aa2-2f00-45e6-9dfd-e048cf7d9207 | ITER: 7 START
2019-09-16 13:13:50.296 3862 INFO rally.task.runner [-] Task 7d659aa2-2f00-45e6-9dfd-e048cf7d9207 | ITER: 2 END: OK
2019-09-16 13:13:50.299 3862 INFO rally.task.runner [-] Task 7d659aa2-2f00-45e6-9dfd-e048cf7d9207 | ITER: 8 START
2019-09-16 13:13:55.542 3863 RALLYDEBUG rally.task.utils [-] Waiting for resource s_rally_751b629a_z2Mtgn4a. Status changed: DOWNLOADING => AVAILABLE in 2.35706615448
2019-09-16 13:13:55.671 3864 RALLYDEBUG rally.task.utils [-] Waiting for resource s_rally_751b629a_e3VWcWCc. Status changed: DOWNLOADING => AVAILABLE in 2.35667204857
2019-09-16 13:13:55.820 3863 RALLYDEBUG rally.task.utils [-] Waiting for resource s_rally_751b629a_z2Mtgn4a. Status changed: AVAILABLE => DELETING in 0.0941488742828
2019-09-16 13:13:55.877 3861 RALLYDEBUG rally.task.utils [-] Waiting for resource s_rally_751b629a_CuK7cQDE. Status changed: DOWNLOADING => AVAILABLE in 2.53590703011
2019-09-16 13:13:55.925 3862 RALLYDEBUG rally.task.utils [-] Waiting for resource s_rally_751b629a_XpfnNWqP. Status changed: DOWNLOADING => AVAILABLE in 2.49635004997
2019-09-16 13:13:55.974 3864 RALLYDEBUG rally.task.utils [-] Waiting for resource s_rally_751b629a_e3VWcWCc. Status changed: AVAILABLE => DELETING in 0.226273059845
2019-09-16 13:13:56.037 3861 RALLYDEBUG rally.task.utils [-] Waiting for resource s_rally_751b629a_CuK7cQDE. Status changed: AVAILABLE => DELETING in 0.0794742107391
2019-09-16 13:13:56.091 3862 RALLYDEBUG rally.task.utils [-] Waiting for resource s_rally_751b629a_XpfnNWqP. Status changed: AVAILABLE => DELETING in 0.0779929161072
2019-09-16 13:13:57.960 3863 INFO rally.task.runner [-] Task 7d659aa2-2f00-45e6-9dfd-e048cf7d9207 | ITER: 5 END: OK
2019-09-16 13:13:57.963 3863 INFO rally.task.runner [-] Task 7d659aa2-2f00-45e6-9dfd-e048cf7d9207 | ITER: 9 START
2019-09-16 13:13:58.038 3864 INFO rally.task.runner [-] Task 7d659aa2-2f00-45e6-9dfd-e048cf7d9207 | ITER: 6 END: OK
2019-09-16 13:13:58.041 3864 INFO rally.task.runner [-] Task 7d659aa2-2f00-45e6-9dfd-e048cf7d9207 | ITER: 10 START
2019-09-16 13:13:58.091 3861 INFO rally.task.runner [-] Task 7d659aa2-2f00-45e6-9dfd-e048cf7d9207 | ITER: 7 END: OK
2019-09-16 13:13:58.140 3862 INFO rally.task.runner [-] Task 7d659aa2-2f00-45e6-9dfd-e048cf7d9207 | ITER: 8 END: OK
2019-09-16 13:14:03.477 3863 RALLYDEBUG rally.task.utils [-] Waiting for resource s_rally_751b629a_iiA3xNAr. Status changed: DOWNLOADING => AVAILABLE in 2.419672966
2019-09-16 13:14:03.519 3864 RALLYDEBUG rally.task.utils [-] Waiting for resource s_rally_751b629a_ElCuq60b. Status changed: DOWNLOADING => AVAILABLE in 2.47753596306
2019-09-16 13:14:03.690 3864 RALLYDEBUG rally.task.utils [-] Waiting for resource s_rally_751b629a_ElCuq60b. Status changed: AVAILABLE => DELETING in 0.0900659561157
2019-09-16 13:14:03.803 3863 RALLYDEBUG rally.task.utils [-] Waiting for resource s_rally_751b629a_iiA3xNAr. Status changed: AVAILABLE => DELETING in 0.171071052551
2019-09-16 13:14:05.736 3864 INFO rally.task.runner [-] Task 7d659aa2-2f00-45e6-9dfd-e048cf7d9207 | ITER: 10 END: OK
2019-09-16 13:14:05.849 3863 INFO rally.task.runner [-] Task 7d659aa2-2f00-45e6-9dfd-e048cf7d9207 | ITER: 9 END: OK
2019-09-16 13:14:05.872 1348 INFO rally.task.context [-] Task 7d659aa2-2f00-45e6-9dfd-e048cf7d9207 | Context cleanup@openstack cleanup() started
2019-09-16 13:14:05.874 1348 RALLYDEBUG rally_openstack.cleanup.manager [-] Cleaning up cinder backups objects
2019-09-16 13:14:07.381 1348 RALLYDEBUG rally_openstack.cleanup.manager [-] Cleaning up cinder volume_snapshots objects
2019-09-16 13:14:08.889 1348 RALLYDEBUG rally_openstack.cleanup.manager [-] Cleaning up cinder transfers objects
2019-09-16 13:14:10.374 1348 RALLYDEBUG rally_openstack.cleanup.manager [-] Cleaning up cinder volumes objects
2019-09-16 13:14:11.986 1348 INFO rally.task.context [-] Task 7d659aa2-2f00-45e6-9dfd-e048cf7d9207 | Context cleanup@openstack cleanup() finished in 6.11 sec
2019-09-16 13:14:11.987 1348 INFO rally.task.context [-] Task 7d659aa2-2f00-45e6-9dfd-e048cf7d9207 | Context quotas@openstack cleanup() started
2019-09-16 13:14:12.114 1348 INFO rally.task.context [-] Task 7d659aa2-2f00-45e6-9dfd-e048cf7d9207 | Context quotas@openstack cleanup() finished in 0.13 sec
2019-09-16 13:14:12.115 1348 INFO rally.task.context [-] Task 7d659aa2-2f00-45e6-9dfd-e048cf7d9207 | Context api_versions@openstack cleanup() started
2019-09-16 13:14:12.115 1348 INFO rally.task.context [-] Task 7d659aa2-2f00-45e6-9dfd-e048cf7d9207 | Context api_versions@openstack cleanup() finished in 0.17 msec
2019-09-16 13:14:12.115 1348 INFO rally.task.context [-] Task 7d659aa2-2f00-45e6-9dfd-e048cf7d9207 | Context users@openstack cleanup() started
2019-09-16 13:14:18.131 1348 INFO rally.task.context [-] Task 7d659aa2-2f00-45e6-9dfd-e048cf7d9207 | Context users@openstack cleanup() finished in 6.02 sec
2019-09-16 13:14:19.298 1348 INFO rally.task.engine [-] Load duration is: 23.705591
2019-09-16 13:14:19.298 1348 INFO rally.task.engine [-] Full runner duration is: 23.744181
2019-09-16 13:14:19.298 1348 INFO rally.task.engine [-] Full duration is: 42.970158
2019-09-16 13:14:19.347 1348 INFO rally.task.engine [-] Running workload: position = 2 config = { "version": 2, "title": "A cropped version of a bigger task.", "description": "Auto-generated task from a single workload (uuid=c9d48aa8-887e-4730-afcc-9305f44b6720)", "subtasks": [ { "title": "CinderVolumes.create_and_delete_volume", "description": "Create and then delete a volume.", "scenario": { "CinderVolumes.create_and_delete_volume": { "size": 1 } }, "contexts": { "users": { "tenants": 3, "users_per_tenant": 2 }, "quotas": { "cinder": { "gigabytes": -1, "snapshots": -1, "volumes": -1 } }, "api_versions": { "cinder": { "version": 3, "service_type": "volumev3" } } }, "runner": { "constant": { "concurrency": 4, "times": 10 } }, "hooks": [], "sla": { "failure_rate": { "max": 0 } } } ] }
2019-09-16 13:14:19.363 1348 RALLYDEBUG rally_openstack.contexts.keystone.users [-] Creating 3 tenants using 20 threads
2019-09-16 13:14:20.543 1348 RALLYDEBUG rally_openstack.contexts.keystone.users [-] Creating 6 users using 20 threads
2019-09-16 13:14:23.493 1348 INFO rally.task.context [-] Task 7d659aa2-2f00-45e6-9dfd-e048cf7d9207 | Context users@openstack setup() finished in 4.13 sec
2019-09-16 13:14:24.108 1348 INFO rally.task.context [-] Task 7d659aa2-2f00-45e6-9dfd-e048cf7d9207 | Context api_versions@openstack setup() finished in 0.61 sec
2019-09-16 13:14:25.368 1348 INFO rally.task.context [-] Task 7d659aa2-2f00-45e6-9dfd-e048cf7d9207 | Context quotas@openstack setup() finished in 1.26 sec
2019-09-16 13:14:25.369 1348 INFO rally.task.context [-] Task 7d659aa2-2f00-45e6-9dfd-e048cf7d9207 | Context cleanup@openstack setup() finished in 0.00 msec
2019-09-16 13:14:25.376 1348 RALLYDEBUG rally.task.runner [-] Starting the constant runner (task UUID: 7d659aa2-2f00-45e6-9dfd-e048cf7d9207). timeout: 0 concurrency: 4 concurrency_per_worker: 1 times: 10 concurrency_overhead: 0 processes_to_start: 4 max_cpu_used: 40
2019-09-16 13:14:25.385 4045 RALLYDEBUG rally.task.runner [-] Starting a worker. concurrency: 1 args: {"size": 1} times: 10 method_name: run timeout: 0 duration: None cls:
2019-09-16 13:14:25.387 4046 RALLYDEBUG rally.task.runner [-] Starting a worker. concurrency: 1 args: {"size": 1} times: 10 method_name: run timeout: 0 duration: None cls:
2019-09-16 13:14:25.389 4047 RALLYDEBUG rally.task.runner [-] Starting a worker. concurrency: 1 args: {"size": 1} times: 10 method_name: run timeout: 0 duration: None cls:
2019-09-16 13:14:25.391 4045 INFO rally.task.runner [-] Task 7d659aa2-2f00-45e6-9dfd-e048cf7d9207 | ITER: 1 START
2019-09-16 13:14:25.391 4046 INFO rally.task.runner [-] Task 7d659aa2-2f00-45e6-9dfd-e048cf7d9207 | ITER: 2 START
2019-09-16 13:14:25.392 4048 RALLYDEBUG rally.task.runner [-] Starting a worker. concurrency: 1 args: {"size": 1} times: 10 method_name: run timeout: 0 duration: None cls:
2019-09-16 13:14:25.394 4047 INFO rally.task.runner [-] Task 7d659aa2-2f00-45e6-9dfd-e048cf7d9207 | ITER: 3 START
2019-09-16 13:14:25.396 4048 INFO rally.task.runner [-] Task 7d659aa2-2f00-45e6-9dfd-e048cf7d9207 | ITER: 4 START
2019-09-16 13:14:28.863 4045 RALLYDEBUG rally.task.utils [-] Waiting for resource s_rally_c9d48aa8_s7KnnTmy. Status changed: AVAILABLE => DELETING in 0.163763999939
2019-09-16 13:14:28.873 4046 RALLYDEBUG rally.task.utils [-] Waiting for resource s_rally_c9d48aa8_o0pn08HG. Status changed: AVAILABLE => DELETING in 0.0824949741364
2019-09-16 13:14:28.980 4047 RALLYDEBUG rally.task.utils [-] Waiting for resource s_rally_c9d48aa8_bKmHyp7b. Status changed: AVAILABLE => DELETING in 0.166404008865
2019-09-16 13:14:29.099 4048 RALLYDEBUG rally.task.utils [-] Waiting for resource s_rally_c9d48aa8_jGlQO861. Status changed: AVAILABLE => DELETING in 0.0708000659943
2019-09-16 13:14:30.922 4046 INFO rally.task.runner [-] Task 7d659aa2-2f00-45e6-9dfd-e048cf7d9207 | ITER: 2 END: OK
2019-09-16 13:14:30.926 4046 INFO rally.task.runner [-] Task 7d659aa2-2f00-45e6-9dfd-e048cf7d9207 | ITER: 5 START
2019-09-16 13:14:30.993 4045 INFO rally.task.runner [-] Task 7d659aa2-2f00-45e6-9dfd-e048cf7d9207 | ITER: 1 END: OK
2019-09-16 13:14:30.997 4045 INFO rally.task.runner [-] Task 7d659aa2-2f00-45e6-9dfd-e048cf7d9207 | ITER: 6 START
2019-09-16 13:14:31.042 4047 INFO rally.task.runner [-] Task 7d659aa2-2f00-45e6-9dfd-e048cf7d9207 | ITER: 3 END: OK
2019-09-16 13:14:31.045 4047 INFO rally.task.runner [-] Task 7d659aa2-2f00-45e6-9dfd-e048cf7d9207 | ITER: 7 START
2019-09-16 13:14:31.150 4048 INFO rally.task.runner [-] Task 7d659aa2-2f00-45e6-9dfd-e048cf7d9207 | ITER: 4 END: OK
2019-09-16 13:14:31.153 4048 INFO rally.task.runner [-] Task 7d659aa2-2f00-45e6-9dfd-e048cf7d9207 | ITER: 8 START
2019-09-16 13:14:34.444 4046 RALLYDEBUG rally.task.utils [-] Waiting for resource s_rally_c9d48aa8_9IsE1ZE5. Status changed: AVAILABLE => DELETING in 0.0973160266876
2019-09-16 13:14:34.478 4048 RALLYDEBUG rally.task.utils [-] Waiting for resource s_rally_c9d48aa8_LKCSog3v. Status changed: AVAILABLE => DELETING in 0.0808970928192
2019-09-16 13:14:34.589 4045 RALLYDEBUG rally.task.utils [-] Waiting for resource s_rally_c9d48aa8_YqEVunPC. Status changed: AVAILABLE => DELETING in 0.0794470310211
2019-09-16 13:14:34.875 4047 RALLYDEBUG rally.task.utils [-] Waiting for resource s_rally_c9d48aa8_vfQ2SbR7. Status changed: AVAILABLE => DELETING in 0.169686079025
2019-09-16 13:14:36.505 4046 INFO rally.task.runner [-] Task 7d659aa2-2f00-45e6-9dfd-e048cf7d9207 | ITER: 5 END: OK
2019-09-16 13:14:36.508 4046 INFO rally.task.runner [-] Task 7d659aa2-2f00-45e6-9dfd-e048cf7d9207 | ITER: 9 START
2019-09-16 13:14:36.528 4048 INFO rally.task.runner [-] Task 7d659aa2-2f00-45e6-9dfd-e048cf7d9207 | ITER: 8 END: OK
2019-09-16 13:14:36.532 4048 INFO rally.task.runner [-] Task 7d659aa2-2f00-45e6-9dfd-e048cf7d9207 | ITER: 10 START
2019-09-16 13:14:36.641 4045 INFO rally.task.runner [-] Task 7d659aa2-2f00-45e6-9dfd-e048cf7d9207 | ITER: 6 END: OK
2019-09-16 13:14:36.930 4047 INFO rally.task.runner [-] Task 7d659aa2-2f00-45e6-9dfd-e048cf7d9207 | ITER: 7 END: OK
2019-09-16 13:14:39.972 4046 RALLYDEBUG rally.task.utils [-] Waiting for resource s_rally_c9d48aa8_Tg9t71ag. Status changed: AVAILABLE => DELETING in 0.0855638980865
2019-09-16 13:14:39.975 4048 RALLYDEBUG rally.task.utils [-] Waiting for resource s_rally_c9d48aa8_V0AdTZLB. Status changed: AVAILABLE => DELETING in 0.0787169933319
2019-09-16 13:14:42.023 4048 INFO rally.task.runner [-] Task 7d659aa2-2f00-45e6-9dfd-e048cf7d9207 | ITER: 10 END: OK
2019-09-16 13:14:42.034 4046 INFO rally.task.runner [-] Task 7d659aa2-2f00-45e6-9dfd-e048cf7d9207 | ITER: 9 END: OK
2019-09-16 13:14:42.051 1348 INFO rally.task.context [-] Task 7d659aa2-2f00-45e6-9dfd-e048cf7d9207 | Context cleanup@openstack cleanup() started
2019-09-16 13:14:42.053 1348 RALLYDEBUG rally_openstack.cleanup.manager [-] Cleaning up cinder backups objects
2019-09-16 13:14:43.858 1348 RALLYDEBUG rally_openstack.cleanup.manager [-] Cleaning up cinder volume_snapshots objects
2019-09-16 13:14:45.612 1348 RALLYDEBUG rally_openstack.cleanup.manager [-] Cleaning up cinder transfers objects
2019-09-16 13:14:47.221 1348 RALLYDEBUG rally_openstack.cleanup.manager [-] Cleaning up cinder volumes objects
2019-09-16 13:14:48.980 1348 INFO rally.task.context [-] Task 7d659aa2-2f00-45e6-9dfd-e048cf7d9207 | Context cleanup@openstack cleanup() finished in 6.93 sec
2019-09-16 13:14:48.981 1348 INFO rally.task.context [-] Task 7d659aa2-2f00-45e6-9dfd-e048cf7d9207 | Context quotas@openstack cleanup() started
2019-09-16 13:14:49.115 1348 INFO rally.task.context [-] Task 7d659aa2-2f00-45e6-9dfd-e048cf7d9207 | Context quotas@openstack cleanup() finished in 0.13 sec
2019-09-16 13:14:49.115 1348 INFO rally.task.context [-] Task 7d659aa2-2f00-45e6-9dfd-e048cf7d9207 | Context api_versions@openstack cleanup() started
2019-09-16 13:14:49.115 1348 INFO rally.task.context [-] Task 7d659aa2-2f00-45e6-9dfd-e048cf7d9207 | Context api_versions@openstack cleanup() finished in 0.18 msec
2019-09-16 13:14:49.115 1348 INFO rally.task.context [-] Task 7d659aa2-2f00-45e6-9dfd-e048cf7d9207 | Context users@openstack cleanup() started
2019-09-16 13:14:55.110 1348 INFO rally.task.context [-] Task 7d659aa2-2f00-45e6-9dfd-e048cf7d9207 | Context users@openstack cleanup() finished in 5.99 sec
2019-09-16 13:14:55.489 1348 INFO rally.task.engine [-] Load duration is: 16.641626
2019-09-16 13:14:55.490 1348 INFO rally.task.engine [-] Full runner duration is: 16.675393
2019-09-16 13:14:55.490 1348 INFO rally.task.engine [-] Full duration is: 35.750248
2019-09-16 13:14:55.569 1348 INFO rally.task.engine [-] Running workload: position = 0 config = { "version": 2, "title": "A cropped version of a bigger task.", "description": "Auto-generated task from a single workload (uuid=61589598-2268-44a0-bf9a-de95002d3851)", "subtasks": [ { "title": "CinderVolumes.create_and_extend_volume", "description": "Create and extend a volume and then delete it.", "scenario": { "CinderVolumes.create_and_extend_volume": { "new_size": 2, "size": 1 } }, "contexts": { "users": { "tenants": 3, "users_per_tenant": 2 }, "quotas": { "cinder": { "gigabytes": -1, "snapshots": -1, "volumes": -1 } }, "api_versions": { "cinder": { "version": 3, "service_type": "volumev3" } } }, "runner": { "constant": { "concurrency": 4, "times": 10 } }, "hooks": [], "sla": { "failure_rate": { "max": 0 } } } ] }
2019-09-16 13:14:55.583 1348 RALLYDEBUG rally_openstack.contexts.keystone.users [-] Creating 3 tenants using 20 threads
2019-09-16 13:14:56.889 1348 RALLYDEBUG rally_openstack.contexts.keystone.users [-] Creating 6 users using 20 threads
2019-09-16 13:14:59.760 1348 INFO rally.task.context [-] Task 7d659aa2-2f00-45e6-9dfd-e048cf7d9207 | Context users@openstack setup() finished in 4.18 sec
2019-09-16 13:15:00.350 1348 INFO rally.task.context [-] Task 7d659aa2-2f00-45e6-9dfd-e048cf7d9207 | Context api_versions@openstack setup() finished in 0.59 sec
2019-09-16 13:15:01.479 1348 INFO rally.task.context [-] Task 7d659aa2-2f00-45e6-9dfd-e048cf7d9207 | Context quotas@openstack setup() finished in 1.13 sec
2019-09-16 13:15:01.479 1348 INFO rally.task.context [-] Task 7d659aa2-2f00-45e6-9dfd-e048cf7d9207 | Context cleanup@openstack setup() finished in 0.00 msec
2019-09-16 13:15:01.484 1348 RALLYDEBUG rally.task.runner [-] Starting the constant runner (task UUID: 7d659aa2-2f00-45e6-9dfd-e048cf7d9207). timeout: 0 concurrency: 4 concurrency_per_worker: 1 times: 10 concurrency_overhead: 0 processes_to_start: 4 max_cpu_used: 40
2019-09-16 13:15:01.492 4229 RALLYDEBUG rally.task.runner [-] Starting a worker. concurrency: 1 args: {"new_size": 2, "size": 1} times: 10 method_name: run timeout: 0 duration: None cls:
2019-09-16 13:15:01.494 4230 RALLYDEBUG rally.task.runner [-] Starting a worker. concurrency: 1 args: {"new_size": 2, "size": 1} times: 10 method_name: run timeout: 0 duration: None cls:
2019-09-16 13:15:01.496 4231 RALLYDEBUG rally.task.runner [-] Starting a worker. concurrency: 1 args: {"new_size": 2, "size": 1} times: 10 method_name: run timeout: 0 duration: None cls:
2019-09-16 13:15:01.497 4229 INFO rally.task.runner [-] Task 7d659aa2-2f00-45e6-9dfd-e048cf7d9207 | ITER: 1 START
2019-09-16 13:15:01.498 4232 RALLYDEBUG rally.task.runner [-] Starting a worker. concurrency: 1 args: {"new_size": 2, "size": 1} times: 10 method_name: run timeout: 0 duration: None cls:
2019-09-16 13:15:01.499 4230 INFO rally.task.runner [-] Task 7d659aa2-2f00-45e6-9dfd-e048cf7d9207 | ITER: 2 START
2019-09-16 13:15:01.501 4231 INFO rally.task.runner [-] Task 7d659aa2-2f00-45e6-9dfd-e048cf7d9207 | ITER: 3 START
2019-09-16 13:15:01.502 4232 INFO rally.task.runner [-] Task 7d659aa2-2f00-45e6-9dfd-e048cf7d9207 | ITER: 4 START
2019-09-16 13:15:05.006 4230 RALLYDEBUG rally.task.utils [-] Waiting for resource s_rally_61589598_M0EXqtSc. Status changed: AVAILABLE => EXTENDING in 0.176764011383
2019-09-16 13:15:05.064 4232 RALLYDEBUG rally.task.utils [-] Waiting for resource s_rally_61589598_gvG4fJRB. Status changed: AVAILABLE => EXTENDING in 0.214250087738
2019-09-16 13:15:05.211 4231 RALLYDEBUG rally.task.utils [-] Waiting for resource s_rally_61589598_pRx8axRg. Status changed: AVAILABLE => EXTENDING in 0.163753032684
2019-09-16 13:15:05.227 4229 RALLYDEBUG rally.task.utils [-] Waiting for resource s_rally_61589598_QPr3ufai. Status changed: AVAILABLE => EXTENDING in 0.0808689594269
2019-09-16 13:15:07.105 4230 RALLYDEBUG rally.task.utils [-] Waiting for resource s_rally_61589598_M0EXqtSc. Status changed: EXTENDING => AVAILABLE in 2.09872698784
2019-09-16 13:15:07.139 4232 RALLYDEBUG rally.task.utils [-] Waiting for resource s_rally_61589598_gvG4fJRB. Status changed: EXTENDING => AVAILABLE in 2.07493591309
2019-09-16 13:15:07.290 4231 RALLYDEBUG rally.task.utils [-] Waiting for resource s_rally_61589598_pRx8axRg. Status changed: EXTENDING => AVAILABLE in 2.07874679565
2019-09-16 13:15:07.319 4229 RALLYDEBUG rally.task.utils [-] Waiting for resource s_rally_61589598_QPr3ufai. Status changed: EXTENDING => AVAILABLE in 2.09256196022
2019-09-16 13:15:07.346 4230 RALLYDEBUG rally.task.utils [-] Waiting for resource s_rally_61589598_M0EXqtSc. Status changed: AVAILABLE => DELETING in 0.086599111557
2019-09-16 13:15:07.426 4232 RALLYDEBUG rally.task.utils [-] Waiting for resource s_rally_61589598_gvG4fJRB. Status changed: AVAILABLE => DELETING in 0.0914208889008
2019-09-16 13:15:07.473 4231 RALLYDEBUG rally.task.utils [-] Waiting for resource s_rally_61589598_pRx8axRg. Status changed: AVAILABLE => DELETING in 0.101343154907
2019-09-16 13:15:07.483 4229 RALLYDEBUG rally.task.utils [-] Waiting for resource s_rally_61589598_QPr3ufai. Status changed: AVAILABLE => DELETING in 0.0823380947113
2019-09-16 13:15:09.398 4230 INFO rally.task.runner [-] Task 7d659aa2-2f00-45e6-9dfd-e048cf7d9207 | ITER: 2 END: OK
2019-09-16 13:15:09.402 4230 INFO rally.task.runner [-] Task 7d659aa2-2f00-45e6-9dfd-e048cf7d9207 | ITER: 5 START
2019-09-16 13:15:09.476 4232 INFO rally.task.runner [-] Task 7d659aa2-2f00-45e6-9dfd-e048cf7d9207 | ITER: 4 END: OK
2019-09-16 13:15:09.480 4232 INFO rally.task.runner [-] Task 7d659aa2-2f00-45e6-9dfd-e048cf7d9207 | ITER: 6 START
2019-09-16 13:15:09.528 4229 INFO rally.task.runner [-] Task 7d659aa2-2f00-45e6-9dfd-e048cf7d9207 | ITER: 1 END: OK
2019-09-16 13:15:09.533 4229 INFO rally.task.runner [-] Task 7d659aa2-2f00-45e6-9dfd-e048cf7d9207 | ITER: 7 START
2019-09-16 13:15:09.577 4231 INFO rally.task.runner [-] Task 7d659aa2-2f00-45e6-9dfd-e048cf7d9207 | ITER: 3 END: OK
2019-09-16 13:15:09.581 4231 INFO rally.task.runner [-] Task 7d659aa2-2f00-45e6-9dfd-e048cf7d9207 | ITER: 8 START
2019-09-16 13:15:13.047 4230 RALLYDEBUG rally.task.utils [-] Waiting for resource s_rally_61589598_EHvCiF2l. Status changed: AVAILABLE => EXTENDING in 0.113690853119
2019-09-16 13:15:13.055 4229 RALLYDEBUG rally.task.utils [-] Waiting for resource s_rally_61589598_g9SnTQu9. Status changed: AVAILABLE => EXTENDING in 0.188736915588
2019-09-16 13:15:13.128 4232 RALLYDEBUG rally.task.utils [-] Waiting for resource s_rally_61589598_YxhABxUb. Status changed: AVAILABLE => EXTENDING in 0.195284128189
2019-09-16 13:15:13.302 4231 RALLYDEBUG rally.task.utils [-] Waiting for resource s_rally_61589598_G2IeteVh. Status changed: AVAILABLE => EXTENDING in 0.11882519722
2019-09-16 13:15:15.133 4229 RALLYDEBUG rally.task.utils [-] Waiting for resource s_rally_61589598_g9SnTQu9. Status changed: EXTENDING => AVAILABLE in 2.07782101631
2019-09-16 13:15:15.158 4230 RALLYDEBUG rally.task.utils [-] Waiting for resource s_rally_61589598_EHvCiF2l. Status changed: EXTENDING => AVAILABLE in 2.11018896103
2019-09-16 13:15:15.218 4232 RALLYDEBUG rally.task.utils [-] Waiting for resource s_rally_61589598_YxhABxUb. Status changed: EXTENDING => AVAILABLE in 2.0900490284
2019-09-16 13:15:15.320 4229 RALLYDEBUG rally.task.utils [-] Waiting for resource s_rally_61589598_g9SnTQu9. Status changed: AVAILABLE => DELETING in 0.10159611702
2019-09-16 13:15:15.343 4230 RALLYDEBUG rally.task.utils [-] Waiting for resource s_rally_61589598_EHvCiF2l. Status changed: AVAILABLE => DELETING in 0.0968539714813
2019-09-16 13:15:15.374 4231 RALLYDEBUG rally.task.utils [-] Waiting for resource s_rally_61589598_G2IeteVh. Status changed: EXTENDING => AVAILABLE in 2.07158994675
2019-09-16 13:15:15.402 4232 RALLYDEBUG rally.task.utils [-] Waiting for resource s_rally_61589598_YxhABxUb. Status changed: AVAILABLE => DELETING in 0.0965299606323
2019-09-16 13:15:15.602 4231 RALLYDEBUG rally.task.utils [-] Waiting for resource s_rally_61589598_G2IeteVh. Status changed: AVAILABLE => DELETING in 0.0787239074707
2019-09-16 13:15:17.374 4229 INFO rally.task.runner [-] Task 7d659aa2-2f00-45e6-9dfd-e048cf7d9207 | ITER: 7 END: OK
2019-09-16 13:15:17.378 4229 INFO rally.task.runner [-] Task 7d659aa2-2f00-45e6-9dfd-e048cf7d9207 | ITER: 9 START
2019-09-16 13:15:17.396 4230 INFO rally.task.runner [-] Task 7d659aa2-2f00-45e6-9dfd-e048cf7d9207 | ITER: 5 END: OK
2019-09-16 13:15:17.399 4230 INFO rally.task.runner [-] Task 7d659aa2-2f00-45e6-9dfd-e048cf7d9207 | ITER: 10 START
2019-09-16 13:15:17.504 4232 INFO rally.task.runner [-] Task 7d659aa2-2f00-45e6-9dfd-e048cf7d9207 | ITER: 6 END: OK
2019-09-16 13:15:17.727 4231 INFO rally.task.runner [-] Task 7d659aa2-2f00-45e6-9dfd-e048cf7d9207 | ITER: 8 END: OK
2019-09-16 13:15:20.763 4230 RALLYDEBUG rally.task.utils [-] Waiting for resource s_rally_61589598_OqqyOSe6. Status changed: AVAILABLE => EXTENDING in 0.0829129219055
2019-09-16 13:15:20.842 4229 RALLYDEBUG rally.task.utils [-] Waiting for resource s_rally_61589598_V6BRcuJT. Status changed: AVAILABLE => EXTENDING in 0.116438865662
2019-09-16 13:15:22.852 4230 RALLYDEBUG rally.task.utils [-] Waiting for resource s_rally_61589598_OqqyOSe6. Status changed: EXTENDING => AVAILABLE in 2.08947896957
2019-09-16 13:15:22.929 4229 RALLYDEBUG rally.task.utils [-] Waiting for resource s_rally_61589598_V6BRcuJT. Status changed: EXTENDING => AVAILABLE in 2.08754205704
2019-09-16 13:15:23.097 4230 RALLYDEBUG rally.task.utils [-] Waiting for resource s_rally_61589598_OqqyOSe6. Status changed: AVAILABLE => DELETING in 0.156350135803
2019-09-16 13:15:23.163 4229 RALLYDEBUG rally.task.utils [-] Waiting for resource s_rally_61589598_V6BRcuJT. Status changed: AVAILABLE => DELETING in 0.0756270885468
2019-09-16 13:15:25.145 4230 INFO rally.task.runner [-] Task 7d659aa2-2f00-45e6-9dfd-e048cf7d9207 | ITER: 10 END: OK
2019-09-16 13:15:25.208 4229 INFO rally.task.runner [-] Task 7d659aa2-2f00-45e6-9dfd-e048cf7d9207 | ITER: 9 END: OK
2019-09-16 13:15:25.232 1348 INFO rally.task.context [-] Task 7d659aa2-2f00-45e6-9dfd-e048cf7d9207 | Context cleanup@openstack cleanup() started
2019-09-16 13:15:25.233 1348 RALLYDEBUG rally_openstack.cleanup.manager [-] Cleaning up cinder backups objects
2019-09-16 13:15:26.892 1348 RALLYDEBUG rally_openstack.cleanup.manager [-] Cleaning up cinder volume_snapshots objects
2019-09-16 13:15:28.451 1348 RALLYDEBUG rally_openstack.cleanup.manager [-] Cleaning up cinder transfers objects
2019-09-16 13:15:30.225 1348 RALLYDEBUG rally_openstack.cleanup.manager [-] Cleaning up cinder volumes objects
2019-09-16 13:15:32.203 1348 INFO rally.task.context [-] Task 7d659aa2-2f00-45e6-9dfd-e048cf7d9207 | Context cleanup@openstack cleanup() finished in 6.97 sec
2019-09-16 13:15:32.203 1348 INFO rally.task.context [-] Task 7d659aa2-2f00-45e6-9dfd-e048cf7d9207 | Context quotas@openstack cleanup() started
2019-09-16 13:15:32.375 1348 INFO rally.task.context [-] Task 7d659aa2-2f00-45e6-9dfd-e048cf7d9207 | Context quotas@openstack cleanup() finished in 0.17 sec
2019-09-16 13:15:32.375 1348 INFO rally.task.context [-] Task 7d659aa2-2f00-45e6-9dfd-e048cf7d9207 | Context api_versions@openstack cleanup() started
2019-09-16 13:15:32.376 1348 INFO rally.task.context [-] Task 7d659aa2-2f00-45e6-9dfd-e048cf7d9207 | Context api_versions@openstack cleanup() finished in 0.19 msec
2019-09-16 13:15:32.376 1348 INFO rally.task.context [-] Task 7d659aa2-2f00-45e6-9dfd-e048cf7d9207 | Context users@openstack cleanup() started
2019-09-16 13:15:39.203 1348 INFO rally.task.context [-] Task 7d659aa2-2f00-45e6-9dfd-e048cf7d9207 | Context users@openstack cleanup() finished in 6.83 sec
2019-09-16 13:15:39.706 1348 INFO rally.task.engine [-] Load duration is: 23.709721
2019-09-16 13:15:39.706 1348 INFO rally.task.engine [-] Full runner duration is: 23.748177
2019-09-16 13:15:39.707 1348 INFO rally.task.engine [-] Full duration is: 43.621987
2019-09-16 13:15:39.784 1348 INFO rally.task.engine [-] Running workload: position = 0 config = { "version": 2, "title": "A cropped version of a bigger task.", "description": "Auto-generated task from a single workload (uuid=eec2483b-f641-4f42-b6d1-26aaf644e24e)", "subtasks": [ { "title": "CinderVolumes.create_from_volume_and_delete_volume", "description": "Create volume from volume and then delete it.", "scenario": { "CinderVolumes.create_from_volume_and_delete_volume": { "size": 1 } }, "contexts": { "users": { "tenants": 3, "users_per_tenant": 2 }, "quotas": { "cinder": { "gigabytes": -1, "snapshots": -1, "volumes": -1 } }, "api_versions": { "cinder": { "version": 3, "service_type": "volumev3" } }, "volumes": { "size": 1, "volumes_per_tenant": 1 } }, "runner": { "constant": { "concurrency": 4, "times": 10 } }, "hooks": [], "sla": { "failure_rate": { "max": 0 } } } ] }
2019-09-16 13:15:39.801 1348 RALLYDEBUG rally_openstack.contexts.keystone.users [-] Creating 3 tenants using 20 threads
2019-09-16 13:15:40.968 1348 RALLYDEBUG rally_openstack.contexts.keystone.users [-] Creating 6 users using 20 threads
2019-09-16 13:15:43.698 1348 INFO rally.task.context [-] Task 7d659aa2-2f00-45e6-9dfd-e048cf7d9207 | Context users@openstack setup() finished in 3.90 sec
2019-09-16 13:15:44.336 1348 INFO rally.task.context [-] Task 7d659aa2-2f00-45e6-9dfd-e048cf7d9207 | Context api_versions@openstack setup() finished in 0.64 sec
2019-09-16 13:15:45.534 1348 INFO rally.task.context [-] Task 7d659aa2-2f00-45e6-9dfd-e048cf7d9207 | Context quotas@openstack setup() finished in 1.20 sec
2019-09-16 13:15:55.304 1348 INFO rally.task.context [-] Task 7d659aa2-2f00-45e6-9dfd-e048cf7d9207 | Context volumes@openstack setup() finished in 9.77 sec
2019-09-16 13:15:55.304 1348 INFO rally.task.context [-] Task 7d659aa2-2f00-45e6-9dfd-e048cf7d9207 | Context cleanup@openstack setup() finished in 0.00 msec
