2018-12-16 11:13:48.634 12911 DEBUG tempest.lib.common.rest_client [req-ca424f58-e3e1-48a4-aed0-70f25e1e7371 ] Request - Headers: {'Content-Type': 'application/json', 'Accept': 'application/json', 'X-Auth-Token': ''} Body: {"trunk": {"name": "foo", "admin_state_up": false}} Response - Headers: {'status': '200', u'content-length': '413', 'content-location': 'http://172.16.10.35:9696/v2.0/trunks/c2c25cbe-40fc-4044-a8ee-59c1cc6cff66', u'date': 'Sun, 16 Dec 2018 11:13:48 GMT', u'content-type': 'application/json', u'connection': 'close', u'x-openstack-request-id': 'req-ca424f58-e3e1-48a4-aed0-70f25e1e7371'} Body: {"trunk": {"status": "ACTIVE", "sub_ports": [], "name": "foo", "admin_state_up": false, "tenant_id": "e236448cc157408aa23616077d142e03", "created_at": "2018-12-16T11:13:46Z", "tags": [], "updated_at": "2018-12-16T11:13:48Z", "revision_number": 4, "project_id": "e236448cc157408aa23616077d142e03", "port_id": "bcae235f-c739-41a8-8517-9a8765ead81a", "id": "c2c25cbe-40fc-4044-a8ee-59c1cc6cff66", "description": ""}} _log_request_full /root/.rally/verification/verifier-d203fc7e-9c03-4dd4-89e5-5e5b6a139962/repo/tempest/lib/common/rest_client.py:434
2018-12-16 11:13:48.646 12915 INFO tempest.lib.common.rest_client [req-dee4adb3-3203-44dc-8fee-cb96bd2dadea ] Request (TrunkTestJSON:_run_cleanups): 404 GET http://172.16.10.35:9696/v2.0/trunks/26cfb136-f46f-40e0-95c6-171b0dbdf346 0.064s
2018-12-16 11:13:48.646 12915 DEBUG tempest.lib.common.rest_client [req-dee4adb3-3203-44dc-8fee-cb96bd2dadea ] Request - Headers: {'Content-Type': 'application/json', 'Accept': 'application/json', 'X-Auth-Token': ''} Body: None Response - Headers: {'status': '404', u'content-length': '134', 'content-location': 'http://172.16.10.35:9696/v2.0/trunks/26cfb136-f46f-40e0-95c6-171b0dbdf346', u'date': 'Sun, 16 Dec 2018 11:13:48 GMT', u'content-type': 'application/json', u'connection': 'close', u'x-openstack-request-id': 'req-dee4adb3-3203-44dc-8fee-cb96bd2dadea'} Body: {"NeutronError": {"message": "Trunk 26cfb136-f46f-40e0-95c6-171b0dbdf346 could not be found.", "type": "TrunkNotFound", "detail": ""}} _log_request_full /root/.rally/verification/verifier-d203fc7e-9c03-4dd4-89e5-5e5b6a139962/repo/tempest/lib/common/rest_client.py:434
2018-12-16 11:13:48.717 12915 INFO tempest.lib.common.rest_client [req-8a1d7a6c-e0a2-4ac9-94bc-cc9a36450e0b ] Request (TrunkTestJSON:_run_cleanups): 404 GET http://172.16.10.35:9696/v2.0/trunks/095c25c6-dcba-43df-9e73-5bd079d72af8 0.069s
2018-12-16 11:13:48.718 12915 DEBUG tempest.lib.common.rest_client [req-8a1d7a6c-e0a2-4ac9-94bc-cc9a36450e0b ] Request - Headers: {'Content-Type': 'application/json', 'Accept': 'application/json', 'X-Auth-Token': ''} Body: None Response - Headers: {'status': '404', u'content-length': '134', 'content-location': 'http://172.16.10.35:9696/v2.0/trunks/095c25c6-dcba-43df-9e73-5bd079d72af8', u'date': 'Sun, 16 Dec 2018 11:13:48 GMT', u'content-type': 'application/json', u'connection': 'close', u'x-openstack-request-id': 'req-8a1d7a6c-e0a2-4ac9-94bc-cc9a36450e0b'} Body: {"NeutronError": {"message": "Trunk 095c25c6-dcba-43df-9e73-5bd079d72af8 could not be found.", "type": "TrunkNotFound", "detail": ""}} _log_request_full /root/.rally/verification/verifier-d203fc7e-9c03-4dd4-89e5-5e5b6a139962/repo/tempest/lib/common/rest_client.py:434
2018-12-16 11:13:48.759 12912 WARNING tempest.lib.common.ssh [-] Failed to establish authenticated ssh connection to cirros@10.0.15.114 ([Errno None] Unable to connect to port 22 on 10.0.15.114). Number attempts: 3. Retry after 4 seconds.: NoValidConnectionsError: [Errno None] Unable to connect to port 22 on 10.0.15.114
2018-12-16 11:13:48.783 12915 INFO tempest.lib.common.rest_client [req-ed9fc1a5-557d-4dde-9c80-43611d5147b8 ] Request (TrunkTestJSON:_run_cleanups): 404 GET http://172.16.10.35:9696/v2.0/trunks/ead7fa94-37c6-4c3b-8f33-03c0ab89e55b 0.064s
2018-12-16 11:13:48.784 12915 DEBUG tempest.lib.common.rest_client [req-ed9fc1a5-557d-4dde-9c80-43611d5147b8 ] Request - Headers: {'Content-Type': 'application/json', 'Accept': 'application/json', 'X-Auth-Token': ''} Body: None Response - Headers: {'status': '404', u'content-length': '134', 'content-location': 'http://172.16.10.35:9696/v2.0/trunks/ead7fa94-37c6-4c3b-8f33-03c0ab89e55b', u'date': 'Sun, 16 Dec 2018 11:13:48 GMT', u'content-type': 'application/json', u'connection': 'close', u'x-openstack-request-id': 'req-ed9fc1a5-557d-4dde-9c80-43611d5147b8'} Body: {"NeutronError": {"message": "Trunk ead7fa94-37c6-4c3b-8f33-03c0ab89e55b could not be found.", "type": "TrunkNotFound", "detail": ""}} _log_request_full /root/.rally/verification/verifier-d203fc7e-9c03-4dd4-89e5-5e5b6a139962/repo/tempest/lib/common/rest_client.py:434
2018-12-16 11:13:48.960 12915 INFO tempest.lib.common.rest_client [req-a206426f-3c25-440a-bf2d-a980827f04c4 ] Request (TrunkTestJSON:_run_cleanups): 404 DELETE http://172.16.10.35:9696/v2.0/ports/b848a5b0-2094-427f-a861-fb87c7fa3c1b 0.174s
2018-12-16 11:13:48.961 12915 DEBUG tempest.lib.common.rest_client [req-a206426f-3c25-440a-bf2d-a980827f04c4 ] Request - Headers: {'Content-Type': 'application/json', 'Accept': 'application/json', 'X-Auth-Token': ''} Body: None Response - Headers: {'status': '404', u'content-length': '132', 'content-location': 'http://172.16.10.35:9696/v2.0/ports/b848a5b0-2094-427f-a861-fb87c7fa3c1b', u'date': 'Sun, 16 Dec 2018 11:13:48 GMT', u'content-type': 'application/json', u'connection': 'close', u'x-openstack-request-id': 'req-a206426f-3c25-440a-bf2d-a980827f04c4'} Body: {"NeutronError": {"message": "Port b848a5b0-2094-427f-a861-fb87c7fa3c1b could not be found.", "type": "PortNotFound", "detail": ""}} _log_request_full /root/.rally/verification/verifier-d203fc7e-9c03-4dd4-89e5-5e5b6a139962/repo/tempest/lib/common/rest_client.py:434
2018-12-16 11:13:49.115 12911 INFO tempest.lib.common.rest_client [req-88773643-9630-4edc-a95f-bf5498de8117 ] Request (TrunkTestJSON:test_create_update_trunk): 200 PUT http://172.16.10.35:9696/v2.0/trunks/c2c25cbe-40fc-4044-a8ee-59c1cc6cff66 0.479s
2018-12-16 11:13:49.116 12911 DEBUG tempest.lib.common.rest_client [req-88773643-9630-4edc-a95f-bf5498de8117 ] Request - Headers: {'Content-Type': 'application/json', 'Accept': 'application/json', 'X-Auth-Token': ''} Body: {"trunk": {"admin_state_up": true}} Response - Headers: {'status': '200', u'content-length': '412', 'content-location': 'http://172.16.10.35:9696/v2.0/trunks/c2c25cbe-40fc-4044-a8ee-59c1cc6cff66', u'date': 'Sun, 16 Dec 2018 11:13:49 GMT', u'content-type': 'application/json', u'connection': 'close', u'x-openstack-request-id': 'req-88773643-9630-4edc-a95f-bf5498de8117'} Body: {"trunk": {"status": "ACTIVE", "sub_ports": [], "name": "foo", "admin_state_up": true, "tenant_id": "e236448cc157408aa23616077d142e03", "created_at": "2018-12-16T11:13:46Z", "tags": [], "updated_at": "2018-12-16T11:13:49Z", "revision_number": 7, "project_id": "e236448cc157408aa23616077d142e03", "port_id": "bcae235f-c739-41a8-8517-9a8765ead81a", "id": "c2c25cbe-40fc-4044-a8ee-59c1cc6cff66", "description": ""}} _log_request_full /root/.rally/verification/verifier-d203fc7e-9c03-4dd4-89e5-5e5b6a139962/repo/tempest/lib/common/rest_client.py:434
2018-12-16 11:13:49.182 12911 INFO tempest.lib.common.rest_client [req-55b22b68-0965-403a-ae0c-f41ad147c762 ] Request (TrunkTestJSON:_run_cleanups): 404 GET http://172.16.10.35:9696/v2.0/trunks/7c7505ca-beed-4a13-848a-3be0014c2ec8/get_subports 0.064s
2018-12-16 11:13:49.183 12911 DEBUG tempest.lib.common.rest_client [req-55b22b68-0965-403a-ae0c-f41ad147c762 ] Request - Headers: {'Content-Type': 'application/json', 'Accept': 'application/json', 'X-Auth-Token': ''} Body: None Response - Headers: {'status': '404', u'content-length': '134', 'content-location': 'http://172.16.10.35:9696/v2.0/trunks/7c7505ca-beed-4a13-848a-3be0014c2ec8/get_subports', u'date': 'Sun, 16 Dec 2018 11:13:49 GMT', u'content-type': 'application/json', u'connection': 'close', u'x-openstack-request-id': 'req-55b22b68-0965-403a-ae0c-f41ad147c762'} Body: {"NeutronError": {"message": "Trunk 7c7505ca-beed-4a13-848a-3be0014c2ec8 could not be found.", "type": "TrunkNotFound", "detail": ""}} _log_request_full /root/.rally/verification/verifier-d203fc7e-9c03-4dd4-89e5-5e5b6a139962/repo/tempest/lib/common/rest_client.py:434
2018-12-16 11:13:49.203 12915 INFO tempest.lib.common.rest_client [req-c9215fa6-cd91-4543-b2b6-772a29354e17 ] Request (TrunkTestJSON:_run_cleanups): 404 DELETE http://172.16.10.35:9696/v2.0/ports/87875ee5-d264-4fdc-85ce-aac1360bf426 0.241s
2018-12-16 11:13:49.204 12915 DEBUG tempest.lib.common.rest_client [req-c9215fa6-cd91-4543-b2b6-772a29354e17 ] Request - Headers: {'Content-Type': 'application/json', 'Accept': 'application/json', 'X-Auth-Token': ''} Body: None Response - Headers: {'status': '404', u'content-length': '132', 'content-location': 'http://172.16.10.35:9696/v2.0/ports/87875ee5-d264-4fdc-85ce-aac1360bf426', u'date': 'Sun, 16 Dec 2018 11:13:49 GMT', u'content-type': 'application/json', u'connection': 'close', u'x-openstack-request-id': 'req-c9215fa6-cd91-4543-b2b6-772a29354e17'} Body: {"NeutronError": {"message": "Port 87875ee5-d264-4fdc-85ce-aac1360bf426 could not be found.", "type": "PortNotFound", "detail": ""}} _log_request_full /root/.rally/verification/verifier-d203fc7e-9c03-4dd4-89e5-5e5b6a139962/repo/tempest/lib/common/rest_client.py:434
2018-12-16 11:13:49.260 12911 INFO tempest.lib.common.rest_client [req-a3b1a2e4-e726-482e-82db-b621a6fb6d79 ] Request (TrunkTestJSON:_run_cleanups): 404 DELETE http://172.16.10.35:9696/v2.0/trunks/7c7505ca-beed-4a13-848a-3be0014c2ec8 0.075s
2018-12-16 11:13:49.260 12911 DEBUG tempest.lib.common.rest_client [req-a3b1a2e4-e726-482e-82db-b621a6fb6d79 ] Request - Headers: {'Content-Type': 'application/json', 'Accept': 'application/json', 'X-Auth-Token': ''} Body: None Response - Headers: {'status': '404', u'content-length': '134', 'content-location': 'http://172.16.10.35:9696/v2.0/trunks/7c7505ca-beed-4a13-848a-3be0014c2ec8', u'date': 'Sun, 16 Dec 2018 11:13:49 GMT', u'content-type': 'application/json', u'connection': 'close', u'x-openstack-request-id': 'req-a3b1a2e4-e726-482e-82db-b621a6fb6d79'} Body: {"NeutronError": {"message": "Trunk 7c7505ca-beed-4a13-848a-3be0014c2ec8 could not be found.", "type": "TrunkNotFound", "detail": ""}} _log_request_full /root/.rally/verification/verifier-d203fc7e-9c03-4dd4-89e5-5e5b6a139962/repo/tempest/lib/common/rest_client.py:434
2018-12-16 11:13:49.327 12911 INFO tempest.lib.common.rest_client [req-f620c589-e117-48a3-868e-775ab2e06403 ] Request (TrunkTestJSON:_run_cleanups): 404 GET http://172.16.10.35:9696/v2.0/trunks/97599fd1-df54-45d7-add2-714cf883d163/get_subports 0.065s
2018-12-16 11:13:49.328 12911 DEBUG tempest.lib.common.rest_client [req-f620c589-e117-48a3-868e-775ab2e06403 ] Request - Headers: {'Content-Type': 'application/json', 'Accept': 'application/json', 'X-Auth-Token': ''} Body: None Response - Headers: {'status': '404', u'content-length': '134', 'content-location': 'http://172.16.10.35:9696/v2.0/trunks/97599fd1-df54-45d7-add2-714cf883d163/get_subports', u'date': 'Sun, 16 Dec 2018 11:13:49 GMT', u'content-type': 'application/json', u'connection': 'close', u'x-openstack-request-id': 'req-f620c589-e117-48a3-868e-775ab2e06403'} Body: {"NeutronError": {"message": "Trunk 97599fd1-df54-45d7-add2-714cf883d163 could not be found.", "type": "TrunkNotFound", "detail": ""}} _log_request_full /root/.rally/verification/verifier-d203fc7e-9c03-4dd4-89e5-5e5b6a139962/repo/tempest/lib/common/rest_client.py:434
2018-12-16 11:13:49.403 12911 INFO tempest.lib.common.rest_client [req-180db5fc-7e25-44f6-b6bf-25aa5419baa1 ] Request (TrunkTestJSON:_run_cleanups): 404 DELETE http://172.16.10.35:9696/v2.0/trunks/97599fd1-df54-45d7-add2-714cf883d163 0.073s
2018-12-16 11:13:49.403 12911 DEBUG tempest.lib.common.rest_client [req-180db5fc-7e25-44f6-b6bf-25aa5419baa1 ] Request - Headers: {'Content-Type': 'application/json', 'Accept': 'application/json', 'X-Auth-Token': ''} Body: None Response - Headers: {'status': '404', u'content-length': '134', 'content-location': 'http://172.16.10.35:9696/v2.0/trunks/97599fd1-df54-45d7-add2-714cf883d163', u'date': 'Sun, 16 Dec 2018 11:13:49 GMT', u'content-type': 'application/json', u'connection': 'close', u'x-openstack-request-id': 'req-180db5fc-7e25-44f6-b6bf-25aa5419baa1'} Body: {"NeutronError": {"message": "Trunk 97599fd1-df54-45d7-add2-714cf883d163 could not be found.", "type": "TrunkNotFound", "detail": ""}} _log_request_full /root/.rally/verification/verifier-d203fc7e-9c03-4dd4-89e5-5e5b6a139962/repo/tempest/lib/common/rest_client.py:434
2018-12-16 11:13:49.423 12915 INFO tempest.lib.common.rest_client [req-d236b969-c4b4-4e48-aba9-5b084f20c0a2 ] Request (TrunkTestJSON:_run_cleanups): 404 DELETE http://172.16.10.35:9696/v2.0/ports/c17179d8-7b51-49b1-b4b3-f63a8462c855 0.217s
2018-12-16 11:13:49.424 12915 DEBUG tempest.lib.common.rest_client [req-d236b969-c4b4-4e48-aba9-5b084f20c0a2 ] Request - Headers: {'Content-Type': 'application/json', 'Accept': 'application/json', 'X-Auth-Token': ''} Body: None Response - Headers: {'status': '404', u'content-length': '132', 'content-location': 'http://172.16.10.35:9696/v2.0/ports/c17179d8-7b51-49b1-b4b3-f63a8462c855', u'date': 'Sun, 16 Dec 2018 11:13:49 GMT', u'content-type': 'application/json', u'connection': 'close', u'x-openstack-request-id': 'req-d236b969-c4b4-4e48-aba9-5b084f20c0a2'} Body: {"NeutronError": {"message": "Port c17179d8-7b51-49b1-b4b3-f63a8462c855 could not be found.", "type": "PortNotFound", "detail": ""}} _log_request_full /root/.rally/verification/verifier-d203fc7e-9c03-4dd4-89e5-5e5b6a139962/repo/tempest/lib/common/rest_client.py:434
2018-12-16 11:13:49.480 12911 INFO tempest.lib.common.rest_client [req-2d83f144-bf6c-4efc-901f-73c3434d6d6d ] Request (TrunkTestJSON:_run_cleanups): 404 GET http://172.16.10.35:9696/v2.0/trunks/7be2c8dd-8ceb-4839-a7c3-46587a5b1c77/get_subports 0.075s
2018-12-16 11:13:49.480 12911 DEBUG tempest.lib.common.rest_client [req-2d83f144-bf6c-4efc-901f-73c3434d6d6d ] Request - Headers: {'Content-Type': 'application/json', 'Accept': 'application/json', 'X-Auth-Token': ''} Body: None Response - Headers: {'status': '404', u'content-length': '134', 'content-location': 'http://172.16.10.35:9696/v2.0/trunks/7be2c8dd-8ceb-4839-a7c3-46587a5b1c77/get_subports', u'date': 'Sun, 16 Dec 2018 11:13:49 GMT', u'content-type': 'application/json', u'connection': 'close', u'x-openstack-request-id': 'req-2d83f144-bf6c-4efc-901f-73c3434d6d6d'} Body: {"NeutronError": {"message": "Trunk 7be2c8dd-8ceb-4839-a7c3-46587a5b1c77 could not be found.", "type": "TrunkNotFound", "detail": ""}} _log_request_full /root/.rally/verification/verifier-d203fc7e-9c03-4dd4-89e5-5e5b6a139962/repo/tempest/lib/common/rest_client.py:434
2018-12-16 11:13:49.575 12911 INFO tempest.lib.common.rest_client [req-2d7337f0-c671-4981-a18e-3e42a5d9c4d9 ] Request (TrunkTestJSON:_run_cleanups): 404 DELETE http://172.16.10.35:9696/v2.0/trunks/7be2c8dd-8ceb-4839-a7c3-46587a5b1c77 0.093s
2018-12-16 11:13:49.575 12911 DEBUG tempest.lib.common.rest_client [req-2d7337f0-c671-4981-a18e-3e42a5d9c4d9 ] Request - Headers: {'Content-Type': 'application/json', 'Accept': 'application/json', 'X-Auth-Token': ''} Body: None Response - Headers: {'status': '404', u'content-length': '134', 'content-location': 'http://172.16.10.35:9696/v2.0/trunks/7be2c8dd-8ceb-4839-a7c3-46587a5b1c77', u'date': 'Sun, 16 Dec 2018 11:13:49 GMT', u'content-type': 'application/json', u'connection': 'close', u'x-openstack-request-id': 'req-2d7337f0-c671-4981-a18e-3e42a5d9c4d9'} Body: {"NeutronError": {"message": "Trunk 7be2c8dd-8ceb-4839-a7c3-46587a5b1c77 could not be found.", "type": "TrunkNotFound", "detail": ""}} _log_request_full /root/.rally/verification/verifier-d203fc7e-9c03-4dd4-89e5-5e5b6a139962/repo/tempest/lib/common/rest_client.py:434
2018-12-16 11:13:49.611 12915 INFO tempest.lib.common.rest_client [req-0774868e-26b5-4e8b-90d1-d83317395c8f ] Request (TrunkTestJSON:_run_cleanups): 404 DELETE http://172.16.10.35:9696/v2.0/ports/d16adc48-f3e3-4525-9027-7bf5051efc5a 0.185s
2018-12-16 11:13:49.611 12915 DEBUG tempest.lib.common.rest_client [req-0774868e-26b5-4e8b-90d1-d83317395c8f ] Request - Headers: {'Content-Type': 'application/json', 'Accept': 'application/json', 'X-Auth-Token': ''} Body: None Response - Headers: {'status': '404', u'content-length': '132', 'content-location': 'http://172.16.10.35:9696/v2.0/ports/d16adc48-f3e3-4525-9027-7bf5051efc5a', u'date': 'Sun, 16 Dec 2018 11:13:49 GMT', u'content-type': 'application/json', u'connection': 'close', u'x-openstack-request-id': 'req-0774868e-26b5-4e8b-90d1-d83317395c8f'} Body: {"NeutronError": {"message": "Port d16adc48-f3e3-4525-9027-7bf5051efc5a could not be found.", "type": "PortNotFound", "detail": ""}} _log_request_full /root/.rally/verification/verifier-d203fc7e-9c03-4dd4-89e5-5e5b6a139962/repo/tempest/lib/common/rest_client.py:434
2018-12-16 11:13:49.647 12911 INFO tempest.lib.common.rest_client [req-b9ec9a59-82a2-44c5-969b-76f51088e157 ] Request (TrunkTestJSON:_run_cleanups): 404 GET http://172.16.10.35:9696/v2.0/trunks/a7e8cacb-8642-4fa3-b6af-1b2a0ed5c181/get_subports 0.070s
2018-12-16 11:13:49.648 12911 DEBUG tempest.lib.common.rest_client [req-b9ec9a59-82a2-44c5-969b-76f51088e157 ] Request - Headers: {'Content-Type': 'application/json', 'Accept': 'application/json', 'X-Auth-Token': ''} Body: None Response - Headers: {'status': '404', u'content-length': '134', 'content-location': 'http://172.16.10.35:9696/v2.0/trunks/a7e8cacb-8642-4fa3-b6af-1b2a0ed5c181/get_subports', u'date': 'Sun, 16 Dec 2018 11:13:49 GMT', u'content-type': 'application/json', u'connection': 'close', u'x-openstack-request-id': 'req-b9ec9a59-82a2-44c5-969b-76f51088e157'} Body: {"NeutronError": {"message": "Trunk a7e8cacb-8642-4fa3-b6af-1b2a0ed5c181 could not be found.", "type": "TrunkNotFound", "detail": ""}} _log_request_full /root/.rally/verification/verifier-d203fc7e-9c03-4dd4-89e5-5e5b6a139962/repo/tempest/lib/common/rest_client.py:434
2018-12-16 11:13:49.726 12911 INFO tempest.lib.common.rest_client [req-6bedb5ed-6c0a-41b5-88d9-9322fcad4a01 ] Request (TrunkTestJSON:_run_cleanups): 404 DELETE http://172.16.10.35:9696/v2.0/trunks/a7e8cacb-8642-4fa3-b6af-1b2a0ed5c181 0.076s
2018-12-16 11:13:49.727 12911 DEBUG tempest.lib.common.rest_client [req-6bedb5ed-6c0a-41b5-88d9-9322fcad4a01 ] Request - Headers: {'Content-Type': 'application/json', 'Accept': 'application/json', 'X-Auth-Token': ''} Body: None Response - Headers: {'status': '404', u'content-length': '134', 'content-location': 'http://172.16.10.35:9696/v2.0/trunks/a7e8cacb-8642-4fa3-b6af-1b2a0ed5c181', u'date': 'Sun, 16 Dec 2018 11:13:49 GMT', u'content-type': 'application/json', u'connection': 'close', u'x-openstack-request-id': 'req-6bedb5ed-6c0a-41b5-88d9-9322fcad4a01'} Body: {"NeutronError": {"message": "Trunk a7e8cacb-8642-4fa3-b6af-1b2a0ed5c181 could not be found.", "type": "TrunkNotFound", "detail": ""}} _log_request_full /root/.rally/verification/verifier-d203fc7e-9c03-4dd4-89e5-5e5b6a139962/repo/tempest/lib/common/rest_client.py:434
2018-12-16 11:13:49.785 12915 INFO tempest.lib.common.rest_client [req-245950f2-d18f-413b-a6d1-f136862fe9f6 ] Request (TrunkTestJSON:_run_cleanups): 404 DELETE http://172.16.10.35:9696/v2.0/ports/aa3fe0a3-cd81-4c95-9eeb-5fdd654b29cd 0.172s
2018-12-16 11:13:49.786 12915 DEBUG tempest.lib.common.rest_client [req-245950f2-d18f-413b-a6d1-f136862fe9f6 ] Request - Headers: {'Content-Type': 'application/json', 'Accept': 'application/json', 'X-Auth-Token': ''} Body: None Response - Headers: {'status': '404', u'content-length': '132', 'content-location': 'http://172.16.10.35:9696/v2.0/ports/aa3fe0a3-cd81-4c95-9eeb-5fdd654b29cd', u'date': 'Sun, 16 Dec 2018 11:13:49 GMT', u'content-type': 'application/json', u'connection': 'close', u'x-openstack-request-id': 'req-245950f2-d18f-413b-a6d1-f136862fe9f6'} Body: {"NeutronError": {"message": "Port aa3fe0a3-cd81-4c95-9eeb-5fdd654b29cd could not be found.", "type": "PortNotFound", "detail": ""}} _log_request_full /root/.rally/verification/verifier-d203fc7e-9c03-4dd4-89e5-5e5b6a139962/repo/tempest/lib/common/rest_client.py:434
2018-12-16 11:13:49.896 12911 INFO tempest.lib.common.rest_client [req-8f4c69ac-21a0-40dd-a681-1ab648d32d52 ] Request (TrunkTestJSON:_run_cleanups): 200 GET http://172.16.10.35:9696/v2.0/trunks/c2c25cbe-40fc-4044-a8ee-59c1cc6cff66/get_subports 0.168s
2018-12-16 11:13:49.897 12911 DEBUG tempest.lib.common.rest_client [req-8f4c69ac-21a0-40dd-a681-1ab648d32d52 ] Request - Headers: {'Content-Type': 'application/json', 'Accept': 'application/json', 'X-Auth-Token': ''} Body: None Response - Headers: {'status': '200', u'content-length': '17', 'content-location': 'http://172.16.10.35:9696/v2.0/trunks/c2c25cbe-40fc-4044-a8ee-59c1cc6cff66/get_subports', u'date': 'Sun, 16 Dec 2018 11:13:49 GMT', u'content-type': 'application/json', u'connection': 'close', u'x-openstack-request-id': 'req-8f4c69ac-21a0-40dd-a681-1ab648d32d52'} Body: {"sub_ports": []} _log_request_full /root/.rally/verification/verifier-d203fc7e-9c03-4dd4-89e5-5e5b6a139962/repo/tempest/lib/common/rest_client.py:434
2018-12-16 11:13:49.960 12915 INFO tempest.lib.common.rest_client [req-236dbe30-39ab-4078-9941-2d2b7245f3b5 ] Request (TrunkTestJSON:_run_cleanups): 404 DELETE http://172.16.10.35:9696/v2.0/ports/da704717-9820-4663-89df-a586e7befd46 0.172s
2018-12-16 11:13:49.961 12915 DEBUG tempest.lib.common.rest_client [req-236dbe30-39ab-4078-9941-2d2b7245f3b5 ] Request - Headers: {'Content-Type': 'application/json', 'Accept': 'application/json', 'X-Auth-Token': ''} Body: None Response - Headers: {'status': '404', u'content-length': '132', 'content-location': 'http://172.16.10.35:9696/v2.0/ports/da704717-9820-4663-89df-a586e7befd46', u'date': 'Sun, 16 Dec 2018 11:13:49 GMT', u'content-type': 'application/json', u'connection': 'close', u'x-openstack-request-id': 'req-236dbe30-39ab-4078-9941-2d2b7245f3b5'} Body: {"NeutronError": {"message": "Port da704717-9820-4663-89df-a586e7befd46 could not be found.", "type": "PortNotFound", "detail": ""}} _log_request_full /root/.rally/verification/verifier-d203fc7e-9c03-4dd4-89e5-5e5b6a139962/repo/tempest/lib/common/rest_client.py:434
2018-12-16 11:13:50.108 12915 INFO tempest.lib.common.rest_client [req-b5477a1c-7642-450a-be88-d58adbcbbbea ] Request (TrunkTestJSON:_run_cleanups): 404 DELETE http://172.16.10.35:9696/v2.0/networks/0546b5de-1e6f-469f-90a0-7239c5fa5b44 0.145s
2018-12-16 11:13:50.108 12915 DEBUG tempest.lib.common.rest_client [req-b5477a1c-7642-450a-be88-d58adbcbbbea ] Request - Headers: {'Content-Type': 'application/json', 'Accept': 'application/json', 'X-Auth-Token': ''} Body: None Response - Headers: {'status': '404', u'content-length': '138', 'content-location': 'http://172.16.10.35:9696/v2.0/networks/0546b5de-1e6f-469f-90a0-7239c5fa5b44', u'date': 'Sun, 16 Dec 2018 11:13:50 GMT', u'content-type': 'application/json', u'connection': 'close', u'x-openstack-request-id': 'req-b5477a1c-7642-450a-be88-d58adbcbbbea'} Body: {"NeutronError": {"message": "Network 0546b5de-1e6f-469f-90a0-7239c5fa5b44 could not be found.", "type": "NetworkNotFound", "detail": ""}} _log_request_full /root/.rally/verification/verifier-d203fc7e-9c03-4dd4-89e5-5e5b6a139962/repo/tempest/lib/common/rest_client.py:434
2018-12-16 11:13:50.171 12911 INFO tempest.lib.common.rest_client [req-9888fda8-aa92-44ac-b3f0-6ed897ea2eba ] Request (TrunkTestJSON:_run_cleanups): 200 PUT http://172.16.10.35:9696/v2.0/trunks/c2c25cbe-40fc-4044-a8ee-59c1cc6cff66/remove_subports 0.272s
2018-12-16 11:13:50.172 12911 DEBUG tempest.lib.common.rest_client [req-9888fda8-aa92-44ac-b3f0-6ed897ea2eba ] Request - Headers: {'Content-Type': 'application/json', 'Accept': 'application/json', 'X-Auth-Token': ''} Body: {"sub_ports": []} Response - Headers: {'status': '200', u'content-length': '399', 'content-location': 'http://172.16.10.35:9696/v2.0/trunks/c2c25cbe-40fc-4044-a8ee-59c1cc6cff66/remove_subports', u'date': 'Sun, 16 Dec 2018 11:13:50 GMT', u'content-type': 'application/json', u'connection': 'close', u'x-openstack-request-id': 'req-9888fda8-aa92-44ac-b3f0-6ed897ea2eba'} Body: {"status": "DOWN", "sub_ports": [], "name": "foo", "admin_state_up": true, "tenant_id": "e236448cc157408aa23616077d142e03", "created_at": "2018-12-16T11:13:46Z", "tags": [], "updated_at": "2018-12-16T11:13:50Z", "revision_number": 8, "project_id": "e236448cc157408aa23616077d142e03", "port_id": "bcae235f-c739-41a8-8517-9a8765ead81a", "id": "c2c25cbe-40fc-4044-a8ee-59c1cc6cff66", "description": ""} _log_request_full /root/.rally/verification/verifier-d203fc7e-9c03-4dd4-89e5-5e5b6a139962/repo/tempest/lib/common/rest_client.py:434
2018-12-16 11:13:50.227 12915 INFO tempest.lib.common.rest_client [req-1f622ad0-77a6-41da-9888-40e605b826e5 ] Request (TrunkTestJSON:_run_cleanups): 404 DELETE http://172.16.10.35:9696/v2.0/networks/c38128c7-76f5-4fae-935f-7ed0a1d6726e 0.117s
2018-12-16 11:13:50.228 12915 DEBUG tempest.lib.common.rest_client [req-1f622ad0-77a6-41da-9888-40e605b826e5 ] Request - Headers: {'Content-Type': 'application/json', 'Accept': 'application/json', 'X-Auth-Token': ''} Body: None Response - Headers: {'status': '404', u'content-length': '138', 'content-location': 'http://172.16.10.35:9696/v2.0/networks/c38128c7-76f5-4fae-935f-7ed0a1d6726e', u'date': 'Sun, 16 Dec 2018 11:13:50 GMT', u'content-type': 'application/json', u'connection': 'close', u'x-openstack-request-id': 'req-1f622ad0-77a6-41da-9888-40e605b826e5'} Body: {"NeutronError": {"message": "Network c38128c7-76f5-4fae-935f-7ed0a1d6726e could not be found.", "type": "NetworkNotFound", "detail": ""}} _log_request_full /root/.rally/verification/verifier-d203fc7e-9c03-4dd4-89e5-5e5b6a139962/repo/tempest/lib/common/rest_client.py:434
2018-12-16 11:13:50.354 12915 INFO tempest.lib.common.rest_client [req-c4d82396-041f-4b95-beeb-94c9a1d9de31 ] Request (TrunkTestJSON:_run_cleanups): 404 DELETE http://172.16.10.35:9696/v2.0/networks/d44016f5-d334-4227-93cb-a4d8c5970c5e 0.125s
2018-12-16 11:13:50.355 12915 DEBUG tempest.lib.common.rest_client [req-c4d82396-041f-4b95-beeb-94c9a1d9de31 ] Request - Headers: {'Content-Type': 'application/json', 'Accept': 'application/json', 'X-Auth-Token': ''} Body: None Response - Headers: {'status': '404', u'content-length': '138', 'content-location': 'http://172.16.10.35:9696/v2.0/networks/d44016f5-d334-4227-93cb-a4d8c5970c5e', u'date': 'Sun, 16 Dec 2018 11:13:50 GMT', u'content-type': 'application/json', u'connection': 'close', u'x-openstack-request-id': 'req-c4d82396-041f-4b95-beeb-94c9a1d9de31'} Body: {"NeutronError": {"message": "Network d44016f5-d334-4227-93cb-a4d8c5970c5e could not be found.", "type": "NetworkNotFound", "detail": ""}} _log_request_full /root/.rally/verification/verifier-d203fc7e-9c03-4dd4-89e5-5e5b6a139962/repo/tempest/lib/common/rest_client.py:434
2018-12-16 11:13:50.489 12915 INFO tempest.lib.common.rest_client [req-f8ef97ec-4ba0-4227-be51-2b47a420a46a ] Request (TrunkTestJSON:_run_cleanups): 404 DELETE http://172.16.10.35:9696/v2.0/networks/c6615494-2928-431c-b36b-2ab8262638d2 0.132s
2018-12-16 11:13:50.489 12915 DEBUG tempest.lib.common.rest_client [req-f8ef97ec-4ba0-4227-be51-2b47a420a46a ] Request - Headers: {'Content-Type': 'application/json', 'Accept': 'application/json', 'X-Auth-Token': ''} Body: None Response - Headers: {'status': '404', u'content-length': '138', 'content-location': 'http://172.16.10.35:9696/v2.0/networks/c6615494-2928-431c-b36b-2ab8262638d2', u'date': 'Sun, 16 Dec 2018 11:13:50 GMT', u'content-type': 'application/json', u'connection': 'close', u'x-openstack-request-id': 'req-f8ef97ec-4ba0-4227-be51-2b47a420a46a'} Body: {"NeutronError": {"message": "Network c6615494-2928-431c-b36b-2ab8262638d2 could not be found.", "type": "NetworkNotFound", "detail": ""}} _log_request_full /root/.rally/verification/verifier-d203fc7e-9c03-4dd4-89e5-5e5b6a139962/repo/tempest/lib/common/rest_client.py:434
2018-12-16 11:13:50.612 12915 INFO tempest.lib.common.rest_client [req-ed710406-888d-488b-882f-52f4d612fa6f ] Request (TrunkTestJSON:_run_cleanups): 404 DELETE http://172.16.10.35:9696/v2.0/networks/8251f3f1-4027-435f-aedf-71647b7df9ff 0.121s
2018-12-16 11:13:50.613 12915 DEBUG tempest.lib.common.rest_client [req-ed710406-888d-488b-882f-52f4d612fa6f ] Request - Headers: {'Content-Type': 'application/json', 'Accept': 'application/json', 'X-Auth-Token': ''} Body: None Response - Headers: {'status': '404', u'content-length': '138', 'content-location': 'http://172.16.10.35:9696/v2.0/networks/8251f3f1-4027-435f-aedf-71647b7df9ff', u'date': 'Sun, 16 Dec 2018 11:13:50 GMT', u'content-type': 'application/json', u'connection': 'close', u'x-openstack-request-id': 'req-ed710406-888d-488b-882f-52f4d612fa6f'} Body: {"NeutronError": {"message": "Network 8251f3f1-4027-435f-aedf-71647b7df9ff could not be found.", "type": "NetworkNotFound", "detail": ""}} _log_request_full /root/.rally/verification/verifier-d203fc7e-9c03-4dd4-89e5-5e5b6a139962/repo/tempest/lib/common/rest_client.py:434
2018-12-16 11:13:50.820 12911 INFO tempest.lib.common.rest_client [req-994be2c6-5300-42cf-8fbf-237fcd8230dd ] Request (TrunkTestJSON:_run_cleanups): 204 DELETE http://172.16.10.35:9696/v2.0/trunks/c2c25cbe-40fc-4044-a8ee-59c1cc6cff66 0.646s
2018-12-16 11:13:50.821 12911 DEBUG tempest.lib.common.rest_client [req-994be2c6-5300-42cf-8fbf-237fcd8230dd ] Request - Headers: {'Content-Type': 'application/json', 'Accept': 'application/json', 'X-Auth-Token': ''} Body: None Response - Headers: {'status': '204', u'content-length': '0', 'content-location': 'http://172.16.10.35:9696/v2.0/trunks/c2c25cbe-40fc-4044-a8ee-59c1cc6cff66', u'date': 'Sun, 16 Dec 2018 11:13:50 GMT', u'connection': 'close', u'x-openstack-request-id': 'req-994be2c6-5300-42cf-8fbf-237fcd8230dd'} Body: _log_request_full /root/.rally/verification/verifier-d203fc7e-9c03-4dd4-89e5-5e5b6a139962/repo/tempest/lib/common/rest_client.py:434
2018-12-16 11:13:50.886 12911 INFO tempest.lib.common.rest_client [req-9ae86210-1652-4861-9661-82a7468a230c ] Request (TrunkTestJSON:_run_cleanups): 404 GET http://172.16.10.35:9696/v2.0/trunks/7c7505ca-beed-4a13-848a-3be0014c2ec8 0.064s
2018-12-16 11:13:50.887 12911 DEBUG tempest.lib.common.rest_client [req-9ae86210-1652-4861-9661-82a7468a230c ] Request - Headers: {'Content-Type': 'application/json', 'Accept': 'application/json', 'X-Auth-Token': ''} Body: None Response - Headers: {'status': '404', u'content-length': '134', 'content-location': 'http://172.16.10.35:9696/v2.0/trunks/7c7505ca-beed-4a13-848a-3be0014c2ec8', u'date': 'Sun, 16 Dec 2018 11:13:50 GMT', u'content-type': 'application/json', u'connection': 'close', u'x-openstack-request-id': 'req-9ae86210-1652-4861-9661-82a7468a230c'} Body: {"NeutronError": {"message": "Trunk 7c7505ca-beed-4a13-848a-3be0014c2ec8 could not be found.", "type": "TrunkNotFound", "detail": ""}} _log_request_full /root/.rally/verification/verifier-d203fc7e-9c03-4dd4-89e5-5e5b6a139962/repo/tempest/lib/common/rest_client.py:434
2018-12-16 11:13:50.951 12911 INFO tempest.lib.common.rest_client [req-4c59cd2f-901e-4703-bfb8-3a20fb2b3904 ] Request (TrunkTestJSON:_run_cleanups): 404 GET http://172.16.10.35:9696/v2.0/trunks/97599fd1-df54-45d7-add2-714cf883d163 0.062s
2018-12-16 11:13:50.951 12911 DEBUG tempest.lib.common.rest_client [req-4c59cd2f-901e-4703-bfb8-3a20fb2b3904 ] Request - Headers: {'Content-Type': 'application/json', 'Accept': 'application/json', 'X-Auth-Token': ''} Body: None Response - Headers: {'status': '404', u'content-length': '134', 'content-location': 'http://172.16.10.35:9696/v2.0/trunks/97599fd1-df54-45d7-add2-714cf883d163', u'date': 'Sun, 16 Dec 2018 11:13:50 GMT', u'content-type': 'application/json', u'connection': 'close', u'x-openstack-request-id': 'req-4c59cd2f-901e-4703-bfb8-3a20fb2b3904'} Body: {"NeutronError": {"message": "Trunk 97599fd1-df54-45d7-add2-714cf883d163 could not be found.", "type": "TrunkNotFound", "detail": ""}} _log_request_full /root/.rally/verification/verifier-d203fc7e-9c03-4dd4-89e5-5e5b6a139962/repo/tempest/lib/common/rest_client.py:434
2018-12-16 11:13:51.022 12911 INFO tempest.lib.common.rest_client [req-cdefc6d0-5508-44e4-b17e-fba6c8e8db05 ] Request (TrunkTestJSON:_run_cleanups): 404 GET http://172.16.10.35:9696/v2.0/trunks/7be2c8dd-8ceb-4839-a7c3-46587a5b1c77 0.069s
2018-12-16 11:13:51.023 12911 DEBUG tempest.lib.common.rest_client [req-cdefc6d0-5508-44e4-b17e-fba6c8e8db05 ] Request - Headers: {'Content-Type': 'application/json', 'Accept': 'application/json', 'X-Auth-Token': ''} Body: None Response - Headers: {'status': '404', u'content-length': '134', 'content-location': 'http://172.16.10.35:9696/v2.0/trunks/7be2c8dd-8ceb-4839-a7c3-46587a5b1c77', u'date': 'Sun, 16 Dec 2018 11:13:51 GMT', u'content-type': 'application/json', u'connection': 'close', u'x-openstack-request-id': 'req-cdefc6d0-5508-44e4-b17e-fba6c8e8db05'} Body: {"NeutronError": {"message": "Trunk 7be2c8dd-8ceb-4839-a7c3-46587a5b1c77 could not be found.", "type": "TrunkNotFound", "detail": ""}} _log_request_full /root/.rally/verification/verifier-d203fc7e-9c03-4dd4-89e5-5e5b6a139962/repo/tempest/lib/common/rest_client.py:434
2018-12-16 11:13:51.088 12911 INFO tempest.lib.common.rest_client [req-4127dd84-bfff-4cbf-920c-363e3a0e0ffb ] Request (TrunkTestJSON:_run_cleanups): 404 GET http://172.16.10.35:9696/v2.0/trunks/a7e8cacb-8642-4fa3-b6af-1b2a0ed5c181 0.064s
2018-12-16 11:13:51.089 12911 DEBUG tempest.lib.common.rest_client [req-4127dd84-bfff-4cbf-920c-363e3a0e0ffb ] Request - Headers: {'Content-Type': 'application/json', 'Accept': 'application/json', 'X-Auth-Token': ''} Body: None Response - Headers: {'status': '404', u'content-length': '134', 'content-location': 'http://172.16.10.35:9696/v2.0/trunks/a7e8cacb-8642-4fa3-b6af-1b2a0ed5c181', u'date': 'Sun, 16 Dec 2018 11:13:51 GMT', u'content-type': 'application/json', u'connection': 'close', u'x-openstack-request-id': 'req-4127dd84-bfff-4cbf-920c-363e3a0e0ffb'} Body: {"NeutronError": {"message": "Trunk a7e8cacb-8642-4fa3-b6af-1b2a0ed5c181 could not be found.", "type": "TrunkNotFound", "detail": ""}} _log_request_full /root/.rally/verification/verifier-d203fc7e-9c03-4dd4-89e5-5e5b6a139962/repo/tempest/lib/common/rest_client.py:434
2018-12-16 11:13:51.152 12911 INFO tempest.lib.common.rest_client [req-44baacad-3b90-4245-b661-e43f89fc0bf6 ] Request (TrunkTestJSON:_run_cleanups): 404 GET http://172.16.10.35:9696/v2.0/trunks/c2c25cbe-40fc-4044-a8ee-59c1cc6cff66 0.061s
2018-12-16 11:13:51.152 12911 DEBUG tempest.lib.common.rest_client [req-44baacad-3b90-4245-b661-e43f89fc0bf6 ] Request - Headers: {'Content-Type': 'application/json', 'Accept': 'application/json', 'X-Auth-Token': ''} Body: None Response - Headers: {'status': '404', u'content-length': '134', 'content-location': 'http://172.16.10.35:9696/v2.0/trunks/c2c25cbe-40fc-4044-a8ee-59c1cc6cff66', u'date': 'Sun, 16 Dec 2018 11:13:51 GMT', u'content-type': 'application/json', u'connection': 'close', u'x-openstack-request-id': 'req-44baacad-3b90-4245-b661-e43f89fc0bf6'} Body: {"NeutronError": {"message": "Trunk c2c25cbe-40fc-4044-a8ee-59c1cc6cff66 could not be found.", "type": "TrunkNotFound", "detail": ""}} _log_request_full /root/.rally/verification/verifier-d203fc7e-9c03-4dd4-89e5-5e5b6a139962/repo/tempest/lib/common/rest_client.py:434
2018-12-16 11:13:51.340 12911 INFO tempest.lib.common.rest_client [req-616c66be-e056-43af-b264-cf76abf7be7b ] Request (TrunkTestJSON:_run_cleanups): 404 DELETE http://172.16.10.35:9696/v2.0/ports/db52c10c-bf67-4ac2-afd7-6e54c76643dd 0.186s
2018-12-16 11:13:51.341 12911 DEBUG tempest.lib.common.rest_client [req-616c66be-e056-43af-b264-cf76abf7be7b ] Request - Headers: {'Content-Type': 'application/json', 'Accept': 'application/json', 'X-Auth-Token': ''} Body: None Response - Headers: {'status': '404', u'content-length': '132', 'content-location': 'http://172.16.10.35:9696/v2.0/ports/db52c10c-bf67-4ac2-afd7-6e54c76643dd', u'date': 'Sun, 16 Dec 2018 11:13:51 GMT', u'content-type': 'application/json', u'connection': 'close', u'x-openstack-request-id': 'req-616c66be-e056-43af-b264-cf76abf7be7b'} Body: {"NeutronError": {"message": "Port db52c10c-bf67-4ac2-afd7-6e54c76643dd could not be found.", "type": "PortNotFound", "detail": ""}} _log_request_full /root/.rally/verification/verifier-d203fc7e-9c03-4dd4-89e5-5e5b6a139962/repo/tempest/lib/common/rest_client.py:434
2018-12-16 11:13:51.516 12911 INFO tempest.lib.common.rest_client [req-69be6e82-cece-4e17-af02-400ee407d9f0 ] Request (TrunkTestJSON:_run_cleanups): 404 DELETE http://172.16.10.35:9696/v2.0/ports/8cb96359-44ff-4c3e-a1d0-6d595ada4aa4 0.173s
2018-12-16 11:13:51.517 12911 DEBUG tempest.lib.common.rest_client [req-69be6e82-cece-4e17-af02-400ee407d9f0 ] Request - Headers: {'Content-Type': 'application/json', 'Accept': 'application/json', 'X-Auth-Token': ''} Body: None Response - Headers: {'status': '404', u'content-length': '132', 'content-location': 'http://172.16.10.35:9696/v2.0/ports/8cb96359-44ff-4c3e-a1d0-6d595ada4aa4', u'date': 'Sun, 16 Dec 2018 11:13:51 GMT', u'content-type': 'application/json', u'connection': 'close', u'x-openstack-request-id': 'req-69be6e82-cece-4e17-af02-400ee407d9f0'} Body: {"NeutronError": {"message": "Port 8cb96359-44ff-4c3e-a1d0-6d595ada4aa4 could not be found.", "type": "PortNotFound", "detail": ""}} _log_request_full /root/.rally/verification/verifier-d203fc7e-9c03-4dd4-89e5-5e5b6a139962/repo/tempest/lib/common/rest_client.py:434
2018-12-16 11:13:51.705 12911 INFO tempest.lib.common.rest_client [req-52930fa5-3cec-41c1-99f3-3e7b0e14d8cb ] Request (TrunkTestJSON:_run_cleanups): 404 DELETE http://172.16.10.35:9696/v2.0/ports/5b611352-61ed-4f86-914a-7de7ddbd66ff 0.187s
2018-12-16 11:13:51.706 12911 DEBUG tempest.lib.common.rest_client [req-52930fa5-3cec-41c1-99f3-3e7b0e14d8cb ] Request - Headers: {'Content-Type': 'application/json', 'Accept': 'application/json', 'X-Auth-Token': ''} Body: None Response - Headers: {'status': '404', u'content-length': '132', 'content-location': 'http://172.16.10.35:9696/v2.0/ports/5b611352-61ed-4f86-914a-7de7ddbd66ff', u'date': 'Sun, 16 Dec 2018 11:13:51 GMT', u'content-type': 'application/json', u'connection': 'close', u'x-openstack-request-id': 'req-52930fa5-3cec-41c1-99f3-3e7b0e14d8cb'} Body: {"NeutronError": {"message": "Port 5b611352-61ed-4f86-914a-7de7ddbd66ff could not be found.", "type": "PortNotFound", "detail": ""}} _log_request_full /root/.rally/verification/verifier-d203fc7e-9c03-4dd4-89e5-5e5b6a139962/repo/tempest/lib/common/rest_client.py:434
2018-12-16 11:13:51.902 12911 INFO tempest.lib.common.rest_client [req-10d8476f-47a8-4203-aeba-a2d2219ffa9a ] Request (TrunkTestJSON:_run_cleanups): 404 DELETE http://172.16.10.35:9696/v2.0/ports/b1aa497d-868d-4577-aa73-610ab115bcd6 0.194s
2018-12-16 11:13:51.903 12911 DEBUG tempest.lib.common.rest_client [req-10d8476f-47a8-4203-aeba-a2d2219ffa9a ] Request - Headers: {'Content-Type': 'application/json', 'Accept': 'application/json', 'X-Auth-Token': ''} Body: None Response - Headers: {'status': '404', u'content-length': '132', 'content-location': 'http://172.16.10.35:9696/v2.0/ports/b1aa497d-868d-4577-aa73-610ab115bcd6', u'date': 'Sun, 16 Dec 2018 11:13:51 GMT', u'content-type': 'application/json', u'connection': 'close', u'x-openstack-request-id': 'req-10d8476f-47a8-4203-aeba-a2d2219ffa9a'} Body: {"NeutronError": {"message": "Port b1aa497d-868d-4577-aa73-610ab115bcd6 could not be found.", "type": "PortNotFound", "detail": ""}} _log_request_full /root/.rally/verification/verifier-d203fc7e-9c03-4dd4-89e5-5e5b6a139962/repo/tempest/lib/common/rest_client.py:434
2018-12-16 11:13:51.992 12915 INFO tempest.lib.common.rest_client [req-2772465b-8855-4216-ab94-180e2caabee7 ] Request (TrunkTestJSON:test_create_subport_missing_segmentation_id): 201 POST http://172.16.10.35:9696/v2.0/networks 1.376s
2018-12-16 11:13:51.993 12915 DEBUG tempest.lib.common.rest_client [req-2772465b-8855-4216-ab94-180e2caabee7 ] Request - Headers: {'Content-Type': 'application/json', 'Accept': 'application/json', 'X-Auth-Token': ''} Body: {"network": {"name": "tempest-test-network--1005291194"}} Response - Headers: {'status': '201', u'content-length': '569', 'content-location': 'http://172.16.10.35:9696/v2.0/networks', u'date': 'Sun, 16 Dec 2018 11:13:51 GMT', u'content-type': 'application/json', u'connection': 'close', u'x-openstack-request-id': 'req-2772465b-8855-4216-ab94-180e2caabee7'} Body: {"network":{"status":"ACTIVE","router:external":false,"availability_zone_hints":[],"availability_zones":[],"description":"","subnets":[],"shared":false,"tenant_id":"ce535eee799c43e0a090292dfe6933d0","created_at":"2018-12-16T11:13:50Z","tags":[],"ipv6_address_scope":null,"mtu":1450,"updated_at":"2018-12-16T11:13:51Z","admin_state_up":true,"revision_number":2,"ipv4_address_scope":null,"is_default":false,"port_security_enabled":true,"project_id":"ce535eee799c43e0a090292dfe6933d0","id":"d6bc2519-91e4-4353-a0f1-8f90bb00e160","name":"tempest-test-network--1005291194"}} _log_request_full /root/.rally/verification/verifier-d203fc7e-9c03-4dd4-89e5-5e5b6a139962/repo/tempest/lib/common/rest_client.py:434
2018-12-16 11:13:52.075 12911 INFO tempest.lib.common.rest_client [req-00f87243-a3c1-4766-8640-52cd60e5bcf3 ] Request (TrunkTestJSON:_run_cleanups): 404 DELETE http://172.16.10.35:9696/v2.0/ports/22bf9e3c-f883-4fef-be58-e3b7e53a1efb 0.171s
2018-12-16 11:13:52.076 12911 DEBUG tempest.lib.common.rest_client [req-00f87243-a3c1-4766-8640-52cd60e5bcf3 ] Request - Headers: {'Content-Type': 'application/json', 'Accept': 'application/json', 'X-Auth-Token': ''} Body: None Response - Headers: {'status': '404', u'content-length': '132', 'content-location': 'http://172.16.10.35:9696/v2.0/ports/22bf9e3c-f883-4fef-be58-e3b7e53a1efb', u'date': 'Sun, 16 Dec 2018 11:13:52 GMT', u'content-type': 'application/json', u'connection': 'close', u'x-openstack-request-id': 'req-00f87243-a3c1-4766-8640-52cd60e5bcf3'} Body: {"NeutronError": {"message": "Port 22bf9e3c-f883-4fef-be58-e3b7e53a1efb could not be found.", "type": "PortNotFound", "detail": ""}} _log_request_full /root/.rally/verification/verifier-d203fc7e-9c03-4dd4-89e5-5e5b6a139962/repo/tempest/lib/common/rest_client.py:434
2018-12-16 11:13:53.266 12912 WARNING tempest.lib.common.ssh [-] Failed to establish authenticated ssh connection to cirros@10.0.15.114 ([Errno None] Unable to connect to port 22 on 10.0.15.114). Number attempts: 4. Retry after 5 seconds.: NoValidConnectionsError: [Errno None] Unable to connect to port 22 on 10.0.15.114
2018-12-16 11:13:55.274 12911 INFO tempest.lib.common.rest_client [req-b32c884c-9933-40dd-9cb9-6e96628603ed ] Request (TrunkTestJSON:_run_cleanups): 204 DELETE http://172.16.10.35:9696/v2.0/ports/bcae235f-c739-41a8-8517-9a8765ead81a 3.196s
2018-12-16 11:13:55.275 12911 DEBUG tempest.lib.common.rest_client [req-b32c884c-9933-40dd-9cb9-6e96628603ed ] Request - Headers: {'Content-Type': 'application/json', 'Accept': 'application/json', 'X-Auth-Token': ''} Body: None Response - Headers: {'status': '204', u'content-length': '0', 'content-location': 'http://172.16.10.35:9696/v2.0/ports/bcae235f-c739-41a8-8517-9a8765ead81a', u'date': 'Sun, 16 Dec 2018 11:13:55 GMT', u'connection': 'close', u'x-openstack-request-id': 'req-b32c884c-9933-40dd-9cb9-6e96628603ed'} Body: _log_request_full /root/.rally/verification/verifier-d203fc7e-9c03-4dd4-89e5-5e5b6a139962/repo/tempest/lib/common/rest_client.py:434
2018-12-16 11:13:55.397 12911 INFO tempest.lib.common.rest_client [req-a4449c03-8caa-4484-82b3-085b8a1d188c ] Request (TrunkTestJSON:_run_cleanups): 404 DELETE http://172.16.10.35:9696/v2.0/networks/097a0a82-8d83-47b0-94e0-fec7a70ba6de 0.120s
2018-12-16 11:13:55.398 12911 DEBUG tempest.lib.common.rest_client [req-a4449c03-8caa-4484-82b3-085b8a1d188c ] Request - Headers: {'Content-Type': 'application/json', 'Accept': 'application/json', 'X-Auth-Token': ''} Body: None Response - Headers: {'status': '404', u'content-length': '138', 'content-location': 'http://172.16.10.35:9696/v2.0/networks/097a0a82-8d83-47b0-94e0-fec7a70ba6de', u'date': 'Sun, 16 Dec 2018 11:13:55 GMT', u'content-type': 'application/json', u'connection': 'close', u'x-openstack-request-id': 'req-a4449c03-8caa-4484-82b3-085b8a1d188c'} Body: {"NeutronError": {"message": "Network 097a0a82-8d83-47b0-94e0-fec7a70ba6de could not be found.", "type": "NetworkNotFound", "detail": ""}} _log_request_full /root/.rally/verification/verifier-d203fc7e-9c03-4dd4-89e5-5e5b6a139962/repo/tempest/lib/common/rest_client.py:434
2018-12-16 11:13:55.530 12911 INFO tempest.lib.common.rest_client [req-de28178e-1ada-4da2-8705-e3868186d6fc ] Request (TrunkTestJSON:_run_cleanups): 404 DELETE http://172.16.10.35:9696/v2.0/networks/0dbd3a1f-be79-43c6-88e6-8228d91321fc 0.130s
2018-12-16 11:13:55.531 12911 DEBUG tempest.lib.common.rest_client [req-de28178e-1ada-4da2-8705-e3868186d6fc ] Request - Headers: {'Content-Type': 'application/json', 'Accept': 'application/json', 'X-Auth-Token': ''} Body: None Response - Headers: {'status': '404', u'content-length': '138', 'content-location': 'http://172.16.10.35:9696/v2.0/networks/0dbd3a1f-be79-43c6-88e6-8228d91321fc', u'date': 'Sun, 16 Dec 2018 11:13:55 GMT', u'content-type': 'application/json', u'connection': 'close', u'x-openstack-request-id': 'req-de28178e-1ada-4da2-8705-e3868186d6fc'} Body: {"NeutronError": {"message": "Network 0dbd3a1f-be79-43c6-88e6-8228d91321fc could not be found.", "type": "NetworkNotFound", "detail": ""}} _log_request_full /root/.rally/verification/verifier-d203fc7e-9c03-4dd4-89e5-5e5b6a139962/repo/tempest/lib/common/rest_client.py:434
2018-12-16 11:13:55.672 12911 INFO tempest.lib.common.rest_client [req-13ec5e52-90c6-488d-a205-45eaa5f596fe ] Request (TrunkTestJSON:_run_cleanups): 404 DELETE http://172.16.10.35:9696/v2.0/networks/2c8e5377-1721-4dfa-97dd-bc08890e92f9 0.140s
2018-12-16 11:13:55.673 12911 DEBUG tempest.lib.common.rest_client [req-13ec5e52-90c6-488d-a205-45eaa5f596fe ] Request - Headers: {'Content-Type': 'application/json', 'Accept': 'application/json', 'X-Auth-Token': ''} Body: None Response - Headers: {'status': '404', u'content-length': '138', 'content-location': 'http://172.16.10.35:9696/v2.0/networks/2c8e5377-1721-4dfa-97dd-bc08890e92f9', u'date': 'Sun, 16 Dec 2018 11:13:55 GMT', u'content-type': 'application/json', u'connection': 'close', u'x-openstack-request-id': 'req-13ec5e52-90c6-488d-a205-45eaa5f596fe'} Body: {"NeutronError": {"message": "Network 2c8e5377-1721-4dfa-97dd-bc08890e92f9 could not be found.", "type": "NetworkNotFound", "detail": ""}} _log_request_full /root/.rally/verification/verifier-d203fc7e-9c03-4dd4-89e5-5e5b6a139962/repo/tempest/lib/common/rest_client.py:434
2018-12-16 11:13:55.791 12911 INFO tempest.lib.common.rest_client [req-9f367d07-1d70-4698-8c8d-ed21653cdec6 ] Request (TrunkTestJSON:_run_cleanups): 404 DELETE http://172.16.10.35:9696/v2.0/networks/7bc1a4fd-6669-4fde-9710-3d0917e50e49 0.116s
2018-12-16 11:13:55.792 12911 DEBUG tempest.lib.common.rest_client [req-9f367d07-1d70-4698-8c8d-ed21653cdec6 ] Request - Headers: {'Content-Type': 'application/json', 'Accept': 'application/json', 'X-Auth-Token': ''} Body: None Response - Headers: {'status': '404', u'content-length': '138', 'content-location': 'http://172.16.10.35:9696/v2.0/networks/7bc1a4fd-6669-4fde-9710-3d0917e50e49', u'date': 'Sun, 16 Dec 2018 11:13:55 GMT', u'content-type': 'application/json', u'connection': 'close', u'x-openstack-request-id': 'req-9f367d07-1d70-4698-8c8d-ed21653cdec6'} Body: {"NeutronError": {"message": "Network 7bc1a4fd-6669-4fde-9710-3d0917e50e49 could not be found.", "type": "NetworkNotFound", "detail": ""}} _log_request_full /root/.rally/verification/verifier-d203fc7e-9c03-4dd4-89e5-5e5b6a139962/repo/tempest/lib/common/rest_client.py:434
2018-12-16 11:13:55.909 12911 INFO tempest.lib.common.rest_client [req-1543054a-a0f9-480c-a43a-57118d7b753d ] Request (TrunkTestJSON:_run_cleanups): 404 DELETE http://172.16.10.35:9696/v2.0/networks/fa6fa4e0-5e78-4a2f-945b-a3ed7afeb21f 0.115s
2018-12-16 11:13:55.909 12911 DEBUG tempest.lib.common.rest_client [req-1543054a-a0f9-480c-a43a-57118d7b753d ] Request - Headers: {'Content-Type': 'application/json', 'Accept': 'application/json', 'X-Auth-Token': ''} Body: None Response - Headers: {'status': '404', u'content-length': '138', 'content-location': 'http://172.16.10.35:9696/v2.0/networks/fa6fa4e0-5e78-4a2f-945b-a3ed7afeb21f', u'date': 'Sun, 16 Dec 2018 11:13:55 GMT', u'content-type': 'application/json', u'connection': 'close', u'x-openstack-request-id': 'req-1543054a-a0f9-480c-a43a-57118d7b753d'} Body: {"NeutronError": {"message": "Network fa6fa4e0-5e78-4a2f-945b-a3ed7afeb21f could not be found.", "type": "NetworkNotFound", "detail": ""}} _log_request_full /root/.rally/verification/verifier-d203fc7e-9c03-4dd4-89e5-5e5b6a139962/repo/tempest/lib/common/rest_client.py:434
2018-12-16 11:13:56.101 12915 INFO tempest.lib.common.rest_client [req-70339cdf-825b-49a4-934b-969c2582e355 ] Request (TrunkTestJSON:test_create_subport_missing_segmentation_id): 201 POST http://172.16.10.35:9696/v2.0/ports 4.106s
