2019-12-20 22:13:56.780 15 RALLYDEBUG rally_openstack.cleanup.manager [-] Deleting neutron.port object s_rally_c70d554b_iJapR0XR (c8cdea34-de11-481e-9527-f733032dd658)
2019-12-20 22:13:56.811 15 RALLYDEBUG rally_openstack.cleanup.manager [-] Deleting neutron.port object s_rally_c70d554b_qsuhFd1H (c9bbd8d7-18b5-4378-9ec9-eb64686e0672)
2019-12-20 22:13:56.998 15 RALLYDEBUG rally_openstack.cleanup.manager [-] Deleting neutron.port object s_rally_c70d554b_wTmJqkBJ (c9d2b5cc-0873-49d6-8828-247dbcbf36f5)
2019-12-20 22:13:57.209 15 RALLYDEBUG rally_openstack.cleanup.manager [-] Deleting neutron.port object s_rally_c70d554b_AcAGHk52 (ca36ebb6-1a8a-4a55-ba3a-6efa3e2a09ce)
2019-12-20 22:13:58.618 15 RALLYDEBUG rally_openstack.cleanup.manager [-] Deleting neutron.port object s_rally_c70d554b_YLkmWLZQ (ca42caed-8ea0-4c7c-bc0d-2ba75f52b439)
2019-12-20 22:13:58.625 15 RALLYDEBUG rally_openstack.cleanup.manager [-] Deleting neutron.port object s_rally_c70d554b_wADw5kIT (caad1518-6626-4eb4-b057-603f4f05723e)
2019-12-20 22:13:58.668 15 RALLYDEBUG rally_openstack.cleanup.manager [-] Deleting neutron.port object s_rally_c70d554b_hGbjoFKg (cb5e5897-a049-40a7-b876-5ef3865f266b)
2019-12-20 22:13:58.684 15 RALLYDEBUG rally_openstack.cleanup.manager [-] Deleting neutron.port object s_rally_c70d554b_kn0rxOMh (cb9b9c71-ae64-4020-a326-f62948a5ef98)
2019-12-20 22:13:58.689 15 RALLYDEBUG rally_openstack.cleanup.manager [-] Deleting neutron.port object s_rally_c70d554b_bofnYyOp (cc3569ab-c805-4423-a7df-e6223a4d994f)
2019-12-20 22:13:58.753 15 RALLYDEBUG rally_openstack.cleanup.manager [-] Deleting neutron.port object s_rally_c70d554b_iJlGQPMu (cc3e462f-b706-492d-ba7d-6c19c1499eed)
2019-12-20 22:13:58.942 15 RALLYDEBUG rally_openstack.cleanup.manager [-] Deleting neutron.port object s_rally_c70d554b_Xlph3WoS (cd318b3a-42cb-4c18-80f9-d07059c93d08)
2019-12-20 22:13:58.993 15 RALLYDEBUG rally_openstack.cleanup.manager [-] Deleting neutron.port object s_rally_c70d554b_F7omU2aI (cd706e07-c80a-47c7-be37-377de86cd864)
2019-12-20 22:13:59.174 15 RALLYDEBUG rally_openstack.cleanup.manager [-] Deleting neutron.port object s_rally_c70d554b_zurVaBOD (cd81fde4-e0a1-4c58-81c0-8b18b7abf0d5)
2019-12-20 22:13:59.184 15 RALLYDEBUG rally_openstack.cleanup.manager [-] Deleting neutron.port object s_rally_c70d554b_Lu6XIV8j (cd8952e3-d45e-4008-ae54-c30e88f71d35)
2019-12-20 22:13:59.220 15 RALLYDEBUG rally_openstack.cleanup.manager [-] Deleting neutron.port object s_rally_c70d554b_GUUOQNzo (cda1732f-31fa-4715-8efc-9ac98e9c19d2)
2019-12-20 22:13:59.233 15 RALLYDEBUG rally_openstack.cleanup.manager [-] Deleting neutron.port object s_rally_c70d554b_YfEGIPMC (cdc30132-e98b-4d4a-baae-128789e212c9)
2019-12-20 22:13:59.312 15 RALLYDEBUG rally_openstack.cleanup.manager [-] Deleting neutron.port object s_rally_c70d554b_yjaYspAk (ce6f2c51-82bb-4008-8c07-8f799b695e2c)
2019-12-20 22:13:59.606 15 RALLYDEBUG rally_openstack.cleanup.manager [-] Deleting neutron.port object s_rally_c70d554b_NBhtjTix (d033f362-a2fe-4b5a-b887-480c1aaa3976)
2019-12-20 22:13:59.610 15 RALLYDEBUG rally_openstack.cleanup.manager [-] Deleting neutron.port object s_rally_c70d554b_jrZF3MCM (d169d9e9-5576-481e-94a3-6bc576921e02)
2019-12-20 22:13:59.700 15 RALLYDEBUG rally_openstack.cleanup.manager [-] Deleting neutron.port object s_rally_c70d554b_AoGJLush (d1bc760f-5120-4817-a30e-109b984eed80)
2019-12-20 22:13:59.716 15 RALLYDEBUG rally_openstack.cleanup.manager [-] Deleting neutron.port object s_rally_c70d554b_ZdP9qLHe (d31b696e-fcb3-4757-a25d-5b153af87c8f)
2019-12-20 22:13:59.756 15 RALLYDEBUG rally_openstack.cleanup.manager [-] Deleting neutron.port object s_rally_c70d554b_gJGjHVZ4 (d4deeca9-04f1-4edb-af2f-d855dc69e99e)
2019-12-20 22:13:59.951 15 RALLYDEBUG rally_openstack.cleanup.manager [-] Deleting neutron.port object s_rally_c70d554b_sy7bSnq2 (d521c2c5-a4fd-44ba-b205-44b3692feea1)
2019-12-20 22:13:59.973 15 RALLYDEBUG rally_openstack.cleanup.manager [-] Deleting neutron.port object s_rally_c70d554b_Ih4vgndd (d62c9a6a-f731-462b-b1fb-6999df32251e)
2019-12-20 22:14:01.299 15 RALLYDEBUG rally_openstack.cleanup.manager [-] Deleting neutron.port object s_rally_c70d554b_9U8SGXrn (d73e44e8-2421-4f67-a4e0-7822d693d11f)
2019-12-20 22:14:01.339 15 RALLYDEBUG rally_openstack.cleanup.manager [-] Deleting neutron.port object s_rally_c70d554b_sRHvPdQT (d7b76c43-6323-4870-a123-26f0064b56b0)
2019-12-20 22:14:01.367 15 RALLYDEBUG rally_openstack.cleanup.manager [-] Deleting neutron.port object s_rally_c70d554b_3hTj4jCY (d7c02d1c-aea4-4641-9237-477e792c7488)
2019-12-20 22:14:01.376 15 RALLYDEBUG rally_openstack.cleanup.manager [-] Deleting neutron.port object s_rally_c70d554b_zz0XcS03 (d7f9b640-58f0-4bdf-bfd6-cae506d8826d)
2019-12-20 22:14:01.385 15 RALLYDEBUG rally_openstack.cleanup.manager [-] Deleting neutron.port object s_rally_c70d554b_PLWl0qwR (d95bdaeb-cde3-4631-98d0-4949a01908a7)
2019-12-20 22:14:01.386 15 RALLYDEBUG rally_openstack.cleanup.manager [-] Deleting neutron.port object s_rally_c70d554b_VxA69ZUe (d94e376c-8239-4506-b817-875d16aa0c1d)
2019-12-20 22:14:01.392 15 RALLYDEBUG rally_openstack.cleanup.manager [-] Deleting neutron.port object s_rally_c70d554b_K4UxCaLX (d9a6b3e0-4e43-463d-8d6a-a5f31cf2c050)
2019-12-20 22:14:01.430 15 RALLYDEBUG rally_openstack.cleanup.manager [-] Deleting neutron.port object s_rally_c70d554b_Y0qNy6SW (da607e0a-44f1-458e-b714-92eba7bf942a)
2019-12-20 22:14:01.440 15 RALLYDEBUG rally_openstack.cleanup.manager [-] Deleting neutron.port object s_rally_c70d554b_1njgfe8V (db64142e-a182-42b8-95a5-9b9e91ff5dd3)
2019-12-20 22:14:01.736 15 RALLYDEBUG rally_openstack.cleanup.manager [-] Deleting neutron.port object s_rally_c70d554b_PfA9SDEl (dbb7003b-c136-4c83-973c-9a28346bfc3a)
2019-12-20 22:14:01.791 15 RALLYDEBUG rally_openstack.cleanup.manager [-] Deleting neutron.port object s_rally_c70d554b_S6ByH4C9 (dc821fb6-d13c-47b1-9ffd-94004b68ed9b)
2019-12-20 22:14:01.869 15 RALLYDEBUG rally_openstack.cleanup.manager [-] Deleting neutron.port object s_rally_c70d554b_iOc0SAas (dd5bf0f0-ce20-4e59-8177-2847757ba4c5)
2019-12-20 22:14:01.889 15 RALLYDEBUG rally_openstack.cleanup.manager [-] Deleting neutron.port object s_rally_c70d554b_kA03hhOU (dd73e32a-e642-4042-bdce-0deee7593aba)
2019-12-20 22:14:01.895 15 RALLYDEBUG rally_openstack.cleanup.manager [-] Deleting neutron.port object s_rally_c70d554b_DKYzuQLf (dd93d829-52a7-4127-ba82-365ba34fdb79)
2019-12-20 22:14:01.947 15 RALLYDEBUG rally_openstack.cleanup.manager [-] Deleting neutron.port object s_rally_c70d554b_QrAUJ02X (de5b66d4-1980-450b-a15f-c73037fcf5fa)
2019-12-20 22:14:02.029 15 RALLYDEBUG rally_openstack.cleanup.manager [-] Deleting neutron.port object s_rally_c70d554b_Civa8z12 (de68d904-bbdf-4eeb-ae4e-084bb9c8b791)
2019-12-20 22:14:02.268 15 RALLYDEBUG rally_openstack.cleanup.manager [-] Deleting neutron.port object s_rally_c70d554b_1auIaOOy (def877bf-e783-4ce0-89f8-e5abe81554af)
2019-12-20 22:14:04.049 15 RALLYDEBUG rally_openstack.cleanup.manager [-] Deleting neutron.port object s_rally_c70d554b_jcYcyXQb (df532835-ac14-420a-8c87-d5b9a9f13c4a)
2019-12-20 22:14:04.053 15 RALLYDEBUG rally_openstack.cleanup.manager [-] Deleting neutron.port object s_rally_c70d554b_KNYSyrLg (dfb58223-4c0b-4c90-a403-026b5bcf59d5)
2019-12-20 22:14:04.057 15 RALLYDEBUG rally_openstack.cleanup.manager [-] Deleting neutron.port object s_rally_c70d554b_v5xiXL9e (e01493d9-1670-4039-ae71-9463d1d45a6f)
2019-12-20 22:14:04.065 15 RALLYDEBUG rally_openstack.cleanup.manager [-] Deleting neutron.port object s_rally_c70d554b_wIqbSPBH (e03b9b3a-c7c4-4600-8921-d3fd32ce3187)
2019-12-20 22:14:04.071 15 RALLYDEBUG rally_openstack.cleanup.manager [-] Deleting neutron.port object s_rally_c70d554b_HwMexozi (e0548113-b413-4911-9e51-8cea120684b9)
2019-12-20 22:14:04.113 15 RALLYDEBUG rally_openstack.cleanup.manager [-] Deleting neutron.port object s_rally_c70d554b_TowiS6LX (e0eb277f-7f02-4427-9575-4801f36dc08c)
2019-12-20 22:14:04.176 15 RALLYDEBUG rally_openstack.cleanup.manager [-] Deleting neutron.port object s_rally_c70d554b_bfx0sgyD (e2f5e004-15f0-4cf0-9aad-97cfd505a978)
2019-12-20 22:14:04.181 15 RALLYDEBUG rally_openstack.cleanup.manager [-] Deleting neutron.port object s_rally_c70d554b_L2rz6TFu (e35f7254-43ad-47b5-98c0-4e1d70e22dc8)
2019-12-20 22:14:04.186 15 RALLYDEBUG rally_openstack.cleanup.manager [-] Deleting neutron.port object s_rally_c70d554b_MGOdaXQh (e2d7cc50-588c-4800-989b-536dddd1e763)
2019-12-20 22:14:04.192 15 RALLYDEBUG rally_openstack.cleanup.manager [-] Deleting neutron.port object s_rally_c70d554b_sXeFbOEv (e3c13fb3-4746-4f76-b8d5-11f142eedb83)
2019-12-20 22:14:04.301 15 RALLYDEBUG rally_openstack.cleanup.manager [-] Deleting neutron.port object s_rally_c70d554b_5zBKKm6c (e78442f6-d4e6-4ad5-85ca-e7044d5ad48e)
2019-12-20 22:14:04.306 15 RALLYDEBUG rally_openstack.cleanup.manager [-] Deleting neutron.port object s_rally_c70d554b_MS02wXz7 (e7b3ef82-c66a-4a31-9a93-460e0d882f30)
2019-12-20 22:14:04.311 15 RALLYDEBUG rally_openstack.cleanup.manager [-] Deleting neutron.port object s_rally_c70d554b_fnqmvLwk (e7f5e45b-664e-4767-a768-4f3847bfc65f)
2019-12-20 22:14:04.383 15 RALLYDEBUG rally_openstack.cleanup.manager [-] Deleting neutron.port object s_rally_c70d554b_A8JS3kes (e7fd0801-8b8f-4d3c-8524-4878f810b584)
2019-12-20 22:14:04.475 15 RALLYDEBUG rally_openstack.cleanup.manager [-] Deleting neutron.port object s_rally_c70d554b_ZydFlnbp (e8e26a7a-604a-433a-b024-3b172f9bd194)
2019-12-20 22:14:04.633 15 RALLYDEBUG rally_openstack.cleanup.manager [-] Deleting neutron.port object s_rally_c70d554b_pdz3pjEZ (e9d9604a-58fa-433a-a269-9fa0eda01ddc)
2019-12-20 22:14:04.650 15 RALLYDEBUG rally_openstack.cleanup.manager [-] Deleting neutron.port object s_rally_c70d554b_ys0BzHpl (eb586829-be17-4615-9494-2d8f854a94a6)
2019-12-20 22:14:04.732 15 RALLYDEBUG rally_openstack.cleanup.manager [-] Deleting neutron.port object s_rally_c70d554b_ekWeipoO (ec0efb8c-512b-426c-9b53-d369acb7095d)
2019-12-20 22:14:04.791 15 RALLYDEBUG rally_openstack.cleanup.manager [-] Deleting neutron.port object s_rally_c70d554b_Ja3HKosC (ec74f023-85bf-4517-9f61-15a4b6364b3e)
2019-12-20 22:14:04.796 15 RALLYDEBUG rally_openstack.cleanup.manager [-] Deleting neutron.port object s_rally_c70d554b_e5HgZElJ (ec54b6ff-868c-4644-b609-0c4ae78839cc)
2019-12-20 22:14:05.720 15 RALLYDEBUG rally_openstack.cleanup.manager [-] Deleting neutron.port object s_rally_c70d554b_SAhDlyAx (ed2260a4-95be-44eb-b06f-8a2e091dfe75)
2019-12-20 22:14:05.783 15 RALLYDEBUG rally_openstack.cleanup.manager [-] Deleting neutron.port object s_rally_c70d554b_W3SQdCEs (ed2803ef-4d8c-4c8b-8c6c-ce4086423001)
2019-12-20 22:14:05.858 15 RALLYDEBUG rally_openstack.cleanup.manager [-] Deleting neutron.port object s_rally_c70d554b_g0zWoPQl (ef6ebd83-cf8d-49c0-9068-0347acb19786)
2019-12-20 22:14:05.919 15 RALLYDEBUG rally_openstack.cleanup.manager [-] Deleting neutron.port object s_rally_c70d554b_wBAcWbG1 (f014fb4d-6cd6-4618-ada2-1c8dfabac6a8)
2019-12-20 22:14:07.167 15 RALLYDEBUG rally_openstack.cleanup.manager [-] Deleting neutron.port object s_rally_c70d554b_9YX0pkoY (f339f7d4-1c8a-433b-8f63-184d54a23d2e)
2019-12-20 22:14:07.170 15 RALLYDEBUG rally_openstack.cleanup.manager [-] Deleting neutron.port object s_rally_c70d554b_Jvv3Qeuu (f262e117-900b-4756-b93b-342b061b8df7)
2019-12-20 22:14:07.179 15 RALLYDEBUG rally_openstack.cleanup.manager [-] Deleting neutron.port object s_rally_c70d554b_GQX8dJ9k (f3f6e63f-e8f6-47d0-a59e-6663f7ede2f3)
2019-12-20 22:14:07.185 15 RALLYDEBUG rally_openstack.cleanup.manager [-] Deleting neutron.port object s_rally_c70d554b_m8ruhZYA (f47a4648-92b7-4cf1-a67d-285a1cc92a6e)
2019-12-20 22:14:07.189 15 RALLYDEBUG rally_openstack.cleanup.manager [-] Deleting neutron.port object s_rally_c70d554b_2oZ1O3At (f52a1071-c07b-4f53-a0a9-f7252c162165)
2019-12-20 22:14:07.201 15 RALLYDEBUG rally_openstack.cleanup.manager [-] Deleting neutron.port object s_rally_c70d554b_IN7cm7nH (f5cd8d74-1789-47cb-9d2e-5bfde230601d)
2019-12-20 22:14:07.204 15 RALLYDEBUG rally_openstack.cleanup.manager [-] Deleting neutron.port object s_rally_c70d554b_QzS322Rj (f5aab4e1-bb7e-4a5b-9571-70d60a1b2966)
2019-12-20 22:14:07.206 15 RALLYDEBUG rally_openstack.cleanup.manager [-] Deleting neutron.port object s_rally_c70d554b_w6qVrk9C (f55a283a-4923-49fe-88b1-c48b643e86cf)
2019-12-20 22:14:07.281 15 RALLYDEBUG rally_openstack.cleanup.manager [-] Deleting neutron.port object s_rally_c70d554b_3eEEKmX6 (f5f76a5e-026b-4b8b-a4c8-6964518f2dce)
2019-12-20 22:14:07.295 15 RALLYDEBUG rally_openstack.cleanup.manager [-] Deleting neutron.port object s_rally_c70d554b_toPstXQX (f612966a-0fa0-4340-b264-446dbea550dc)
2019-12-20 22:14:07.304 15 RALLYDEBUG rally_openstack.cleanup.manager [-] Deleting neutron.port object s_rally_c70d554b_tGINtY9l (f64fead7-48c1-4cf7-807c-fd797d317f5a)
2019-12-20 22:14:07.322 15 RALLYDEBUG rally_openstack.cleanup.manager [-] Deleting neutron.port object s_rally_c70d554b_Esmqxzvy (f6cac43d-5fdf-43e6-912b-4eaecb7b6900)
2019-12-20 22:14:07.356 15 RALLYDEBUG rally_openstack.cleanup.manager [-] Deleting neutron.port object s_rally_c70d554b_PYL4gUwv (f8278196-3213-48c4-bcfb-9ce4cb98aeac)
2019-12-20 22:14:07.473 15 RALLYDEBUG rally_openstack.cleanup.manager [-] Deleting neutron.port object s_rally_c70d554b_n4muTnW1 (f85d6e18-93cf-4792-b25b-71c157fc21e6)
2019-12-20 22:14:07.631 15 RALLYDEBUG rally_openstack.cleanup.manager [-] Deleting neutron.port object s_rally_c70d554b_8CmWdDT9 (f8c10e33-66dd-48c0-a6e6-819ce367a033)
2019-12-20 22:14:07.680 15 RALLYDEBUG rally_openstack.cleanup.manager [-] Deleting neutron.port object s_rally_c70d554b_NjJHWlqb (f8dc8b22-5a4b-4de4-bdd0-e57ce418be6a)
2019-12-20 22:14:07.829 15 RALLYDEBUG rally_openstack.cleanup.manager [-] Deleting neutron.port object s_rally_c70d554b_QYvaSM2o (f8dfe7d8-ed4b-4e1d-83cd-cc89c453056b)
2019-12-20 22:14:07.849 15 RALLYDEBUG rally_openstack.cleanup.manager [-] Deleting neutron.port object s_rally_c70d554b_uULl2RER (fc16ac47-5aaf-4c7c-b8f8-c40d93adf03e)
2019-12-20 22:14:08.013 15 RALLYDEBUG rally_openstack.cleanup.manager [-] Deleting neutron.port object s_rally_c70d554b_jhSdmsSU (fca4acaf-4639-4e16-ab39-ac3ae081081b)
2019-12-20 22:14:08.184 15 RALLYDEBUG rally_openstack.cleanup.manager [-] Deleting neutron.port object s_rally_c70d554b_X9Uxcj78 (fd87d492-c081-4554-bf93-27d6d3fd0719)
2019-12-20 22:14:10.491 15 RALLYDEBUG rally_openstack.cleanup.manager [-] Deleting neutron.port object s_rally_c70d554b_jjtAhegH (fe46f38e-e46f-4ae0-b2f7-7e0861cba897)
2019-12-20 22:14:10.497 15 RALLYDEBUG rally_openstack.cleanup.manager [-] Deleting neutron.port object s_rally_c70d554b_V87pub83 (fe77af8c-74a5-4af5-90f9-60a323c1cb8e)
2019-12-20 22:14:10.505 15 RALLYDEBUG rally_openstack.cleanup.manager [-] Deleting neutron.port object s_rally_c70d554b_7mZZk3XX (ff1c621d-2f9e-4e81-8159-17a7b05cab4f)
2019-12-20 22:14:10.513 15 RALLYDEBUG rally_openstack.cleanup.manager [-] Deleting neutron.port object s_rally_c70d554b_S1SVcPpK (ff823fbb-76a5-4fff-b66c-f543d50214e8)
2019-12-20 22:14:10.585 15 RALLYDEBUG rally_openstack.cleanup.manager [-] Deleting neutron.port object s_rally_c70d554b_qyPNVNPA (ff8599c0-b3f6-4432-9cfd-94b821ea0fa2)
2019-12-20 22:14:10.744 15 RALLYDEBUG rally_openstack.cleanup.manager [-] Deleting neutron.port object s_rally_c70d554b_3LCK7xvp (ff8fe954-75db-4962-8afb-81479b5fb366)
2019-12-20 22:14:10.929 15 RALLYDEBUG rally_openstack.cleanup.manager [-] Deleting neutron.port object s_rally_c70d554b_DwQTuVoi (ffa2a60f-35b6-4387-a79e-b92cae5aed3f)
2019-12-20 22:14:11.043 15 RALLYDEBUG rally_openstack.cleanup.manager [-] Deleting neutron.port object s_rally_c70d554b_flPzLhfr (ffaf6d56-998d-4dde-b852-8ffba05edfe4)
2019-12-20 22:14:13.471 15 RALLYDEBUG rally_openstack.cleanup.manager [-] Cleaning up neutron subnet objects
2019-12-20 22:14:13.671 15 RALLYDEBUG rally_openstack.cleanup.manager [-] Cleaning up neutron network objects
2019-12-20 22:14:13.915 15 RALLYDEBUG rally_openstack.cleanup.manager [-] Deleting neutron.network object s_rally_c70d554b_3HA8Repf (07d4acda-1127-4f25-bfdb-e17d73ce2899)
2019-12-20 22:14:13.922 15 RALLYDEBUG rally_openstack.cleanup.manager [-] Deleting neutron.network object s_rally_c70d554b_CNyZHKWF (0c6c7974-af01-4e91-bf49-1480e7183c79)
2019-12-20 22:14:13.929 15 RALLYDEBUG rally_openstack.cleanup.manager [-] Deleting neutron.network object s_rally_c70d554b_7GruWAAl (19883153-2095-40cc-b1b0-2768e08b7aec)
2019-12-20 22:14:13.939 15 RALLYDEBUG rally_openstack.cleanup.manager [-] Deleting neutron.network object s_rally_c70d554b_f9ejEcum (315b0a70-f2fc-45e1-b6a8-83082e8d5bdc)
2019-12-20 22:14:13.947 15 RALLYDEBUG rally_openstack.cleanup.manager [-] Deleting neutron.network object s_rally_c70d554b_VQgUDTYH (5bb06fb5-e762-421b-9de8-562a410158a5)
2019-12-20 22:14:13.955 15 RALLYDEBUG rally_openstack.cleanup.manager [-] Deleting neutron.network object s_rally_c70d554b_urDWyeSF (6eb91e21-b9ea-4c79-8abf-826955478e0e)
2019-12-20 22:14:13.960 15 RALLYDEBUG rally_openstack.cleanup.manager [-] Deleting neutron.network object s_rally_c70d554b_gT4WQeBv (b2840a79-11a9-403f-9934-ca1a083e6cce)
2019-12-20 22:14:13.977 15 RALLYDEBUG rally_openstack.cleanup.manager [-] Deleting neutron.network object s_rally_c70d554b_8CHMXlr0 (e7e0bb27-f14f-4fe3-a3a4-95b3d357426a)
2019-12-20 22:14:17.585 15 RALLYDEBUG rally_openstack.cleanup.manager [-] Cleaning up neutron router objects
2019-12-20 22:14:17.781 15 RALLYDEBUG rally_openstack.cleanup.manager [-] Cleaning up neutron security_group objects
2019-12-20 22:14:17.918 15 INFO rally.task.context [-] Task 4bb9781d-059d-4802-8eb6-3a6e6b35cb01 | Context cleanup@openstack cleanup() finished in 1.03 min
2019-12-20 22:14:17.919 15 INFO rally.task.context [-] Task 4bb9781d-059d-4802-8eb6-3a6e6b35cb01 | Context quotas@openstack cleanup() started
2019-12-20 22:14:17.942 15 INFO rally.task.context [-] Task 4bb9781d-059d-4802-8eb6-3a6e6b35cb01 | Context quotas@openstack cleanup() finished in 22.73 msec
2019-12-20 22:14:17.942 15 INFO rally.task.context [-] Task 4bb9781d-059d-4802-8eb6-3a6e6b35cb01 | Context users@openstack cleanup() started
2019-12-20 22:14:19.203 15 INFO rally.task.context [-] Task 4bb9781d-059d-4802-8eb6-3a6e6b35cb01 | Context users@openstack cleanup() finished in 1.26 sec
2019-12-20 22:14:19.491 15 INFO rally.task.engine [-] Load duration is: 132.176979
2019-12-20 22:14:19.492 15 INFO rally.task.engine [-] Full runner duration is: 132.21606
2019-12-20 22:14:19.492 15 INFO rally.task.engine [-] Full duration is: 196.518955
2019-12-20 22:14:19.539 15 INFO rally.task.engine [-] Running workload: position = 1 config = { "version": 2, "title": "A cropped version of a bigger task.", "description": "Auto-generated task from a single workload (uuid=9afea7bc-bb70-44c9-86d0-27e21e9fbb51)", "subtasks": [ { "title": "NeutronNetworks.create_and_update_ports", "description": "Create and update a given number of ports.", "scenario": { "NeutronNetworks.create_and_update_ports": { "network_create_args": {}, "port_create_args": {}, "ports_per_network": 5, "port_update_args": { "admin_state_up": false, "device_id": "dummy_id", "device_owner": "dummy_owner", "name": "_port_updated" } } }, "contexts": { "users": { "tenants": 1, "users_per_tenant": 1 }, "quotas": { "neutron": { "network": -1, "port": -1 } } }, "runner": { "constant": { "times": 40, "concurrency": 20 } }, "hooks": [], "sla": { "failure_rate": { "max": 0 } } } ] }
2019-12-20 22:14:19.556 15 RALLYDEBUG rally_openstack.contexts.keystone.users [-] Creating 1 tenants using 20 threads
2019-12-20 22:14:19.946 15 RALLYDEBUG rally_openstack.contexts.keystone.users [-] Creating 1 users using 20 threads
2019-12-20 22:14:20.585 15 INFO rally.task.context [-] Task 4bb9781d-059d-4802-8eb6-3a6e6b35cb01 | Context users@openstack setup() finished in 1.03 sec
2019-12-20 22:14:20.921 15 INFO rally.task.context [-] Task 4bb9781d-059d-4802-8eb6-3a6e6b35cb01 | Context quotas@openstack setup() finished in 0.34 sec
2019-12-20 22:14:20.922 15 INFO rally.task.context [-] Task 4bb9781d-059d-4802-8eb6-3a6e6b35cb01 | Context cleanup@openstack setup() finished in 0.01 msec
2019-12-20 22:14:20.932 15 RALLYDEBUG rally.task.runner [-] Starting the constant runner (task UUID: 4bb9781d-059d-4802-8eb6-3a6e6b35cb01). timeout: 0 concurrency: 20 concurrency_per_worker: 1 times: 40 concurrency_overhead: 0 processes_to_start: 20 max_cpu_used: 88
2019-12-20 22:14:20.945 4199 RALLYDEBUG rally.task.runner [-] Starting a worker. concurrency: 1 args: {"network_create_args": {}, "port_create_args": {}, "ports_per_network": 5, "port_update_args": {"admin_state_up": false, "device_id": "dummy_id", "device_owner": "dummy_owner", "name": "_port_updated"}} times: 40 method_name: run timeout: 0 duration: None cls:
2019-12-20 22:14:20.947 4200 RALLYDEBUG rally.task.runner [-] Starting a worker. concurrency: 1 args: {"network_create_args": {}, "port_create_args": {}, "ports_per_network": 5, "port_update_args": {"admin_state_up": false, "device_id": "dummy_id", "device_owner": "dummy_owner", "name": "_port_updated"}} times: 40 method_name: run timeout: 0 duration: None cls:
2019-12-20 22:14:20.950 4201 RALLYDEBUG rally.task.runner [-] Starting a worker. concurrency: 1 args: {"network_create_args": {}, "port_create_args": {}, "ports_per_network": 5, "port_update_args": {"admin_state_up": false, "device_id": "dummy_id", "device_owner": "dummy_owner", "name": "_port_updated"}} times: 40 method_name: run timeout: 0 duration: None cls:
2019-12-20 22:14:20.952 4199 INFO rally.task.runner [-] Task 4bb9781d-059d-4802-8eb6-3a6e6b35cb01 | ITER: 1 START
2019-12-20 22:14:20.952 4202 RALLYDEBUG rally.task.runner [-] Starting a worker. concurrency: 1 args: {"network_create_args": {}, "port_create_args": {}, "ports_per_network": 5, "port_update_args": {"admin_state_up": false, "device_id": "dummy_id", "device_owner": "dummy_owner", "name": "_port_updated"}} times: 40 method_name: run timeout: 0 duration: None cls:
2019-12-20 22:14:20.953 4199 WARNING rally_openstack.scenarios.neutron.utils [-] Running this scenario without either the 'network' or 'existing_network' context is deprecated
2019-12-20 22:14:20.953 4200 INFO rally.task.runner [-] Task 4bb9781d-059d-4802-8eb6-3a6e6b35cb01 | ITER: 2 START
2019-12-20 22:14:20.954 4200 WARNING rally_openstack.scenarios.neutron.utils [-] Running this scenario without either the 'network' or 'existing_network' context is deprecated
2019-12-20 22:14:20.956 4201 INFO rally.task.runner [-] Task 4bb9781d-059d-4802-8eb6-3a6e6b35cb01 | ITER: 3 START
2019-12-20 22:14:20.957 4201 WARNING rally_openstack.scenarios.neutron.utils [-] Running this scenario without either the 'network' or 'existing_network' context is deprecated
2019-12-20 22:14:20.956 4204 RALLYDEBUG rally.task.runner [-] Starting a worker. concurrency: 1 args: {"network_create_args": {}, "port_create_args": {}, "ports_per_network": 5, "port_update_args": {"admin_state_up": false, "device_id": "dummy_id", "device_owner": "dummy_owner", "name": "_port_updated"}} times: 40 method_name: run timeout: 0 duration: None cls:
2019-12-20 22:14:20.957 4202 INFO rally.task.runner [-] Task 4bb9781d-059d-4802-8eb6-3a6e6b35cb01 | ITER: 4 START
2019-12-20 22:14:20.958 4202 WARNING rally_openstack.scenarios.neutron.utils [-] Running this scenario without either the 'network' or 'existing_network' context is deprecated
2019-12-20 22:14:20.958 4208 RALLYDEBUG rally.task.runner [-] Starting a worker. concurrency: 1 args: {"network_create_args": {}, "port_create_args": {}, "ports_per_network": 5, "port_update_args": {"admin_state_up": false, "device_id": "dummy_id", "device_owner": "dummy_owner", "name": "_port_updated"}} times: 40 method_name: run timeout: 0 duration: None cls:
2019-12-20 22:14:20.961 4204 INFO rally.task.runner [-] Task 4bb9781d-059d-4802-8eb6-3a6e6b35cb01 | ITER: 5 START
2019-12-20 22:14:20.962 4204 WARNING rally_openstack.scenarios.neutron.utils [-] Running this scenario without either the 'network' or 'existing_network' context is deprecated
2019-12-20 22:14:20.962 4212 RALLYDEBUG rally.task.runner [-] Starting a worker. concurrency: 1 args: {"network_create_args": {}, "port_create_args": {}, "ports_per_network": 5, "port_update_args": {"admin_state_up": false, "device_id": "dummy_id", "device_owner": "dummy_owner", "name": "_port_updated"}} times: 40 method_name: run timeout: 0 duration: None cls:
2019-12-20 22:14:20.963 4208 INFO rally.task.runner [-] Task 4bb9781d-059d-4802-8eb6-3a6e6b35cb01 | ITER: 6 START
2019-12-20 22:14:20.964 4208 WARNING rally_openstack.scenarios.neutron.utils [-] Running this scenario without either the 'network' or 'existing_network' context is deprecated
2019-12-20 22:14:20.965 4214 RALLYDEBUG rally.task.runner [-] Starting a worker. concurrency: 1 args: {"network_create_args": {}, "port_create_args": {}, "ports_per_network": 5, "port_update_args": {"admin_state_up": false, "device_id": "dummy_id", "device_owner": "dummy_owner", "name": "_port_updated"}} times: 40 method_name: run timeout: 0 duration: None cls:
2019-12-20 22:14:20.967 4212 INFO rally.task.runner [-] Task 4bb9781d-059d-4802-8eb6-3a6e6b35cb01 | ITER: 7 START
2019-12-20 22:14:20.968 4212 WARNING rally_openstack.scenarios.neutron.utils [-] Running this scenario without either the 'network' or 'existing_network' context is deprecated
2019-12-20 22:14:20.969 4219 RALLYDEBUG rally.task.runner [-] Starting a worker. concurrency: 1 args: {"network_create_args": {}, "port_create_args": {}, "ports_per_network": 5, "port_update_args": {"admin_state_up": false, "device_id": "dummy_id", "device_owner": "dummy_owner", "name": "_port_updated"}} times: 40 method_name: run timeout: 0 duration: None cls:
2019-12-20 22:14:20.971 4214 INFO rally.task.runner [-] Task 4bb9781d-059d-4802-8eb6-3a6e6b35cb01 | ITER: 8 START
2019-12-20 22:14:20.972 4214 WARNING rally_openstack.scenarios.neutron.utils [-] Running this scenario without either the 'network' or 'existing_network' context is deprecated
2019-12-20 22:14:20.972 4220 RALLYDEBUG rally.task.runner [-] Starting a worker. concurrency: 1 args: {"network_create_args": {}, "port_create_args": {}, "ports_per_network": 5, "port_update_args": {"admin_state_up": false, "device_id": "dummy_id", "device_owner": "dummy_owner", "name": "_port_updated"}} times: 40 method_name: run timeout: 0 duration: None cls:
2019-12-20 22:14:20.975 4219 INFO rally.task.runner [-] Task 4bb9781d-059d-4802-8eb6-3a6e6b35cb01 | ITER: 9 START
2019-12-20 22:14:20.974 4223 RALLYDEBUG rally.task.runner [-] Starting a worker. concurrency: 1 args: {"network_create_args": {}, "port_create_args": {}, "ports_per_network": 5, "port_update_args": {"admin_state_up": false, "device_id": "dummy_id", "device_owner": "dummy_owner", "name": "_port_updated"}} times: 40 method_name: run timeout: 0 duration: None cls:
2019-12-20 22:14:20.976 4219 WARNING rally_openstack.scenarios.neutron.utils [-] Running this scenario without either the 'network' or 'existing_network' context is deprecated
2019-12-20 22:14:20.977 4220 INFO rally.task.runner [-] Task 4bb9781d-059d-4802-8eb6-3a6e6b35cb01 | ITER: 10 START
2019-12-20 22:14:20.977 4220 WARNING rally_openstack.scenarios.neutron.utils [-] Running this scenario without either the 'network' or 'existing_network' context is deprecated
2019-12-20 22:14:20.980 4226 RALLYDEBUG rally.task.runner [-] Starting a worker. concurrency: 1 args: {"network_create_args": {}, "port_create_args": {}, "ports_per_network": 5, "port_update_args": {"admin_state_up": false, "device_id": "dummy_id", "device_owner": "dummy_owner", "name": "_port_updated"}} times: 40 method_name: run timeout: 0 duration: None cls:
2019-12-20 22:14:20.981 4231 RALLYDEBUG rally.task.runner [-] Starting a worker. concurrency: 1 args: {"network_create_args": {}, "port_create_args": {}, "ports_per_network": 5, "port_update_args": {"admin_state_up": false, "device_id": "dummy_id", "device_owner": "dummy_owner", "name": "_port_updated"}} times: 40 method_name: run timeout: 0 duration: None cls:
2019-12-20 22:14:20.981 4227 RALLYDEBUG rally.task.runner [-] Starting a worker. concurrency: 1 args: {"network_create_args": {}, "port_create_args": {}, "ports_per_network": 5, "port_update_args": {"admin_state_up": false, "device_id": "dummy_id", "device_owner": "dummy_owner", "name": "_port_updated"}} times: 40 method_name: run timeout: 0 duration: None cls:
2019-12-20 22:14:20.984 4233 RALLYDEBUG rally.task.runner [-] Starting a worker. concurrency: 1 args: {"network_create_args": {}, "port_create_args": {}, "ports_per_network": 5, "port_update_args": {"admin_state_up": false, "device_id": "dummy_id", "device_owner": "dummy_owner", "name": "_port_updated"}} times: 40 method_name: run timeout: 0 duration: None cls:
2019-12-20 22:14:20.986 4226 INFO rally.task.runner [-] Task 4bb9781d-059d-4802-8eb6-3a6e6b35cb01 | ITER: 12 START
2019-12-20 22:14:20.987 4226 WARNING rally_openstack.scenarios.neutron.utils [-] Running this scenario without either the 'network' or 'existing_network' context is deprecated
2019-12-20 22:14:20.987 4227 INFO rally.task.runner [-] Task 4bb9781d-059d-4802-8eb6-3a6e6b35cb01 | ITER: 14 START
2019-12-20 22:14:20.988 4227 WARNING rally_openstack.scenarios.neutron.utils [-] Running this scenario without either the 'network' or 'existing_network' context is deprecated
2019-12-20 22:14:20.988 4233 INFO rally.task.runner [-] Task 4bb9781d-059d-4802-8eb6-3a6e6b35cb01 | ITER: 15 START
2019-12-20 22:14:20.988 4231 INFO rally.task.runner [-] Task 4bb9781d-059d-4802-8eb6-3a6e6b35cb01 | ITER: 13 START
2019-12-20 22:14:20.989 4223 INFO rally.task.runner [-] Task 4bb9781d-059d-4802-8eb6-3a6e6b35cb01 | ITER: 11 START
2019-12-20 22:14:20.989 4233 WARNING rally_openstack.scenarios.neutron.utils [-] Running this scenario without either the 'network' or 'existing_network' context is deprecated
2019-12-20 22:14:20.989 4236 RALLYDEBUG rally.task.runner [-] Starting a worker. concurrency: 1 args: {"network_create_args": {}, "port_create_args": {}, "ports_per_network": 5, "port_update_args": {"admin_state_up": false, "device_id": "dummy_id", "device_owner": "dummy_owner", "name": "_port_updated"}} times: 40 method_name: run timeout: 0 duration: None cls:
2019-12-20 22:14:20.988 4235 RALLYDEBUG rally.task.runner [-] Starting a worker. concurrency: 1 args: {"network_create_args": {}, "port_create_args": {}, "ports_per_network": 5, "port_update_args": {"admin_state_up": false, "device_id": "dummy_id", "device_owner": "dummy_owner", "name": "_port_updated"}} times: 40 method_name: run timeout: 0 duration: None cls:
2019-12-20 22:14:20.989 4231 WARNING rally_openstack.scenarios.neutron.utils [-] Running this scenario without either the 'network' or 'existing_network' context is deprecated
2019-12-20 22:14:20.990 4223 WARNING rally_openstack.scenarios.neutron.utils [-] Running this scenario without either the 'network' or 'existing_network' context is deprecated
2019-12-20 22:14:20.994 4235 INFO rally.task.runner [-] Task 4bb9781d-059d-4802-8eb6-3a6e6b35cb01 | ITER: 17 START
2019-12-20 22:14:20.994 4242 RALLYDEBUG rally.task.runner [-] Starting a worker. concurrency: 1 args: {"network_create_args": {}, "port_create_args": {}, "ports_per_network": 5, "port_update_args": {"admin_state_up": false, "device_id": "dummy_id", "device_owner": "dummy_owner", "name": "_port_updated"}} times: 40 method_name: run timeout: 0 duration: None cls:
2019-12-20 22:14:20.995 4247 RALLYDEBUG rally.task.runner [-] Starting a worker. concurrency: 1 args: {"network_create_args": {}, "port_create_args": {}, "ports_per_network": 5, "port_update_args": {"admin_state_up": false, "device_id": "dummy_id", "device_owner": "dummy_owner", "name": "_port_updated"}} times: 40 method_name: run timeout: 0 duration: None cls:
2019-12-20 22:14:20.995 4235 WARNING rally_openstack.scenarios.neutron.utils [-] Running this scenario without either the 'network' or 'existing_network' context is deprecated
2019-12-20 22:14:20.997 4236 INFO rally.task.runner [-] Task 4bb9781d-059d-4802-8eb6-3a6e6b35cb01 | ITER: 16 START
2019-12-20 22:14:20.997 4249 RALLYDEBUG rally.task.runner [-] Starting a worker. concurrency: 1 args: {"network_create_args": {}, "port_create_args": {}, "ports_per_network": 5, "port_update_args": {"admin_state_up": false, "device_id": "dummy_id", "device_owner": "dummy_owner", "name": "_port_updated"}} times: 40 method_name: run timeout: 0 duration: None cls:
2019-12-20 22:14:20.998 4236 WARNING rally_openstack.scenarios.neutron.utils [-] Running this scenario without either the 'network' or 'existing_network' context is deprecated
2019-12-20 22:14:21.001 4242 INFO rally.task.runner [-] Task 4bb9781d-059d-4802-8eb6-3a6e6b35cb01 | ITER: 18 START
2019-12-20 22:14:21.002 4249 INFO rally.task.runner [-] Task 4bb9781d-059d-4802-8eb6-3a6e6b35cb01 | ITER: 20 START
2019-12-20 22:14:21.002 4242 WARNING rally_openstack.scenarios.neutron.utils [-] Running this scenario without either the 'network' or 'existing_network' context is deprecated
2019-12-20 22:14:21.003 4249 WARNING rally_openstack.scenarios.neutron.utils [-] Running this scenario without either the 'network' or 'existing_network' context is deprecated
2019-12-20 22:14:21.003 4247 INFO rally.task.runner [-] Task 4bb9781d-059d-4802-8eb6-3a6e6b35cb01 | ITER: 19 START
2019-12-20 22:14:21.004 4247 WARNING rally_openstack.scenarios.neutron.utils [-] Running this scenario without either the 'network' or 'existing_network' context is deprecated
2019-12-20 22:14:29.969 4208 INFO rally.task.runner [-] Task 4bb9781d-059d-4802-8eb6-3a6e6b35cb01 | ITER: 6 END: OK
2019-12-20 22:14:29.973 4208 INFO rally.task.runner [-] Task 4bb9781d-059d-4802-8eb6-3a6e6b35cb01 | ITER: 21 START
2019-12-20 22:14:29.973 4208 WARNING rally_openstack.scenarios.neutron.utils [-] Running this scenario without either the 'network' or 'existing_network' context is deprecated
2019-12-20 22:14:30.157 4214 INFO rally.task.runner [-] Task 4bb9781d-059d-4802-8eb6-3a6e6b35cb01 | ITER: 8 END: OK
2019-12-20 22:14:30.160 4214 INFO rally.task.runner [-] Task 4bb9781d-059d-4802-8eb6-3a6e6b35cb01 | ITER: 22 START
2019-12-20 22:14:30.160 4214 WARNING rally_openstack.scenarios.neutron.utils [-] Running this scenario without either the 'network' or 'existing_network' context is deprecated
2019-12-20 22:14:30.896 4242 INFO rally.task.runner [-] Task 4bb9781d-059d-4802-8eb6-3a6e6b35cb01 | ITER: 18 END: OK
2019-12-20 22:14:30.900 4242 INFO rally.task.runner [-] Task 4bb9781d-059d-4802-8eb6-3a6e6b35cb01 | ITER: 23 START
2019-12-20 22:14:30.901 4242 WARNING rally_openstack.scenarios.neutron.utils [-] Running this scenario without either the 'network' or 'existing_network' context is deprecated
2019-12-20 22:14:30.945 4223 INFO rally.task.runner [-] Task 4bb9781d-059d-4802-8eb6-3a6e6b35cb01 | ITER: 11 END: OK
2019-12-20 22:14:30.948 4223 INFO rally.task.runner [-] Task 4bb9781d-059d-4802-8eb6-3a6e6b35cb01 | ITER: 24 START
2019-12-20 22:14:30.948 4223 WARNING rally_openstack.scenarios.neutron.utils [-] Running this scenario without either the 'network' or 'existing_network' context is deprecated
2019-12-20 22:14:31.517 4204 INFO rally.task.runner [-] Task 4bb9781d-059d-4802-8eb6-3a6e6b35cb01 | ITER: 5 END: OK
2019-12-20 22:14:31.521 4204 INFO rally.task.runner [-] Task 4bb9781d-059d-4802-8eb6-3a6e6b35cb01 | ITER: 25 START
2019-12-20 22:14:31.522 4204 WARNING rally_openstack.scenarios.neutron.utils [-] Running this scenario without either the 'network' or 'existing_network' context is deprecated
2019-12-20 22:14:31.548 4249 INFO rally.task.runner [-] Task 4bb9781d-059d-4802-8eb6-3a6e6b35cb01 | ITER: 20 END: OK
2019-12-20 22:14:31.552 4249 INFO rally.task.runner [-] Task 4bb9781d-059d-4802-8eb6-3a6e6b35cb01 | ITER: 26 START
2019-12-20 22:14:31.553 4249 WARNING rally_openstack.scenarios.neutron.utils [-] Running this scenario without either the 'network' or 'existing_network' context is deprecated
2019-12-20 22:14:37.840 4247 INFO rally.task.runner [-] Task 4bb9781d-059d-4802-8eb6-3a6e6b35cb01 | ITER: 19 END: OK
2019-12-20 22:14:37.845 4247 INFO rally.task.runner [-] Task 4bb9781d-059d-4802-8eb6-3a6e6b35cb01 | ITER: 27 START
2019-12-20 22:14:37.846 4247 WARNING rally_openstack.scenarios.neutron.utils [-] Running this scenario without either the 'network' or 'existing_network' context is deprecated
2019-12-20 22:14:37.944 4226 INFO rally.task.runner [-] Task 4bb9781d-059d-4802-8eb6-3a6e6b35cb01 | ITER: 12 END: OK
2019-12-20 22:14:37.949 4226 INFO rally.task.runner [-] Task 4bb9781d-059d-4802-8eb6-3a6e6b35cb01 | ITER: 28 START
2019-12-20 22:14:37.949 4226 WARNING rally_openstack.scenarios.neutron.utils [-] Running this scenario without either the 'network' or 'existing_network' context is deprecated
2019-12-20 22:14:38.199 4219 INFO rally.task.runner [-] Task 4bb9781d-059d-4802-8eb6-3a6e6b35cb01 | ITER: 9 END: OK
2019-12-20 22:14:38.203 4219 INFO rally.task.runner [-] Task 4bb9781d-059d-4802-8eb6-3a6e6b35cb01 | ITER: 29 START
2019-12-20 22:14:38.203 4219 WARNING rally_openstack.scenarios.neutron.utils [-] Running this scenario without either the 'network' or 'existing_network' context is deprecated
2019-12-20 22:14:38.468 4227 INFO rally.task.runner [-] Task 4bb9781d-059d-4802-8eb6-3a6e6b35cb01 | ITER: 14 END: OK
2019-12-20 22:14:38.472 4227 INFO rally.task.runner [-] Task 4bb9781d-059d-4802-8eb6-3a6e6b35cb01 | ITER: 30 START
2019-12-20 22:14:38.472 4227 WARNING rally_openstack.scenarios.neutron.utils [-] Running this scenario without either the 'network' or 'existing_network' context is deprecated
2019-12-20 22:14:38.489 4202 INFO rally.task.runner [-] Task 4bb9781d-059d-4802-8eb6-3a6e6b35cb01 | ITER: 4 END: OK
2019-12-20 22:14:38.493 4202 INFO rally.task.runner [-] Task 4bb9781d-059d-4802-8eb6-3a6e6b35cb01 | ITER: 31 START
2019-12-20 22:14:38.493 4202 WARNING rally_openstack.scenarios.neutron.utils [-] Running this scenario without either the 'network' or 'existing_network' context is deprecated
2019-12-20 22:14:38.518 4199 INFO rally.task.runner [-] Task 4bb9781d-059d-4802-8eb6-3a6e6b35cb01 | ITER: 1 END: OK
2019-12-20 22:14:38.522 4199 INFO rally.task.runner [-] Task 4bb9781d-059d-4802-8eb6-3a6e6b35cb01 | ITER: 32 START
2019-12-20 22:14:38.523 4199 WARNING rally_openstack.scenarios.neutron.utils [-] Running this scenario without either the 'network' or 'existing_network' context is deprecated
2019-12-20 22:14:39.446 4208 INFO rally.task.runner [-] Task 4bb9781d-059d-4802-8eb6-3a6e6b35cb01 | ITER: 21 END: OK
2019-12-20 22:14:39.450 4208 INFO rally.task.runner [-] Task 4bb9781d-059d-4802-8eb6-3a6e6b35cb01 | ITER: 33 START
2019-12-20 22:14:39.450 4208 WARNING rally_openstack.scenarios.neutron.utils [-] Running this scenario without either the 'network' or 'existing_network' context is deprecated
2019-12-20 22:14:39.940 4235 INFO rally.task.runner [-] Task 4bb9781d-059d-4802-8eb6-3a6e6b35cb01 | ITER: 17 END: OK
2019-12-20 22:14:39.943 4235 INFO rally.task.runner [-] Task 4bb9781d-059d-4802-8eb6-3a6e6b35cb01 | ITER: 34 START
2019-12-20 22:14:39.944 4235 WARNING rally_openstack.scenarios.neutron.utils [-] Running this scenario without either the 'network' or 'existing_network' context is deprecated
2019-12-20 22:14:40.104 4214 INFO rally.task.runner [-] Task 4bb9781d-059d-4802-8eb6-3a6e6b35cb01 | ITER: 22 END: OK
2019-12-20 22:14:40.108 4214 INFO rally.task.runner [-] Task 4bb9781d-059d-4802-8eb6-3a6e6b35cb01 | ITER: 35 START
2019-12-20 22:14:40.109 4214 WARNING rally_openstack.scenarios.neutron.utils [-] Running this scenario without either the 'network' or 'existing_network' context is deprecated
2019-12-20 22:14:41.191 4233 INFO rally.task.runner [-] Task 4bb9781d-059d-4802-8eb6-3a6e6b35cb01 | ITER: 15 END: OK
2019-12-20 22:14:41.195 4233 INFO rally.task.runner [-] Task 4bb9781d-059d-4802-8eb6-3a6e6b35cb01 | ITER: 36 START
2019-12-20 22:14:41.196 4233 WARNING rally_openstack.scenarios.neutron.utils [-] Running this scenario without either the 'network' or 'existing_network' context is deprecated
2019-12-20 22:14:41.499 4242 INFO rally.task.runner [-] Task 4bb9781d-059d-4802-8eb6-3a6e6b35cb01 | ITER: 23 END: OK
2019-12-20 22:14:41.502 4242 INFO rally.task.runner [-] Task 4bb9781d-059d-4802-8eb6-3a6e6b35cb01 | ITER: 37 START
2019-12-20 22:14:41.502 4242 WARNING rally_openstack.scenarios.neutron.utils [-] Running this scenario without either the 'network' or 'existing_network' context is deprecated
2019-12-20 22:14:43.874 4200 INFO rally.task.runner [-] Task 4bb9781d-059d-4802-8eb6-3a6e6b35cb01 | ITER: 2 END: OK
2019-12-20 22:14:43.878 4200 INFO rally.task.runner [-] Task 4bb9781d-059d-4802-8eb6-3a6e6b35cb01 | ITER: 38 START
2019-12-20 22:14:43.879 4200 WARNING rally_openstack.scenarios.neutron.utils [-] Running this scenario without either the 'network' or 'existing_network' context is deprecated
2019-12-20 22:14:43.908 4212 INFO rally.task.runner [-] Task 4bb9781d-059d-4802-8eb6-3a6e6b35cb01 | ITER: 7 END: OK
2019-12-20 22:14:43.913 4212 INFO rally.task.runner [-] Task 4bb9781d-059d-4802-8eb6-3a6e6b35cb01 | ITER: 39 START
2019-12-20 22:14:43.914 4212 WARNING rally_openstack.scenarios.neutron.utils [-] Running this scenario without either the 'network' or 'existing_network' context is deprecated
2019-12-20 22:14:44.607 4201 INFO rally.task.runner [-] Task 4bb9781d-059d-4802-8eb6-3a6e6b35cb01 | ITER: 3 END: OK
2019-12-20 22:14:44.612 4201 INFO rally.task.runner [-] Task 4bb9781d-059d-4802-8eb6-3a6e6b35cb01 | ITER: 40 START
2019-12-20 22:14:44.613 4201 WARNING rally_openstack.scenarios.neutron.utils [-] Running this scenario without either the 'network' or 'existing_network' context is deprecated
2019-12-20 22:14:45.544 4236 INFO rally.task.runner [-] Task 4bb9781d-059d-4802-8eb6-3a6e6b35cb01 | ITER: 16 END: OK
2019-12-20 22:14:45.617 4220 INFO rally.task.runner [-] Task 4bb9781d-059d-4802-8eb6-3a6e6b35cb01 | ITER: 10 END: OK
2019-12-20 22:14:45.650 4231 INFO rally.task.runner [-] Task 4bb9781d-059d-4802-8eb6-3a6e6b35cb01 | ITER: 13 END: OK
2019-12-20 22:14:46.831 4219 INFO rally.task.runner [-] Task 4bb9781d-059d-4802-8eb6-3a6e6b35cb01 | ITER: 29 END: OK
2019-12-20 22:14:46.940 4227 INFO rally.task.runner [-] Task 4bb9781d-059d-4802-8eb6-3a6e6b35cb01 | ITER: 30 END: OK
2019-12-20 22:14:47.147 4223 INFO rally.task.runner [-] Task 4bb9781d-059d-4802-8eb6-3a6e6b35cb01 | ITER: 24 END: OK
2019-12-20 22:14:47.682 4208 INFO rally.task.runner [-] Task 4bb9781d-059d-4802-8eb6-3a6e6b35cb01 | ITER: 33 END: OK
2019-12-20 22:14:47.826 4202 INFO rally.task.runner [-] Task 4bb9781d-059d-4802-8eb6-3a6e6b35cb01 | ITER: 31 END: OK
2019-12-20 22:14:48.064 4249 INFO rally.task.runner [-] Task 4bb9781d-059d-4802-8eb6-3a6e6b35cb01 | ITER: 26 END: OK
2019-12-20 22:14:48.110 4204 INFO rally.task.runner [-] Task 4bb9781d-059d-4802-8eb6-3a6e6b35cb01 | ITER: 25 END: OK
2019-12-20 22:14:49.024 4235 INFO rally.task.runner [-] Task 4bb9781d-059d-4802-8eb6-3a6e6b35cb01 | ITER: 34 END: OK
2019-12-20 22:14:49.205 4214 INFO rally.task.runner [-] Task 4bb9781d-059d-4802-8eb6-3a6e6b35cb01 | ITER: 35 END: OK
2019-12-20 22:14:49.540 4242 INFO rally.task.runner [-] Task 4bb9781d-059d-4802-8eb6-3a6e6b35cb01 | ITER: 37 END: OK
2019-12-20 22:14:50.222 4226 INFO rally.task.runner [-] Task 4bb9781d-059d-4802-8eb6-3a6e6b35cb01 | ITER: 28 END: OK
2019-12-20 22:14:51.427 4200 INFO rally.task.runner [-] Task 4bb9781d-059d-4802-8eb6-3a6e6b35cb01 | ITER: 38 END: OK
2019-12-20 22:14:51.712 4212 INFO rally.task.runner [-] Task 4bb9781d-059d-4802-8eb6-3a6e6b35cb01 | ITER: 39 END: OK
2019-12-20 22:14:51.807 4247 INFO rally.task.runner [-] Task 4bb9781d-059d-4802-8eb6-3a6e6b35cb01 | ITER: 27 END: OK
2019-12-20 22:14:51.978 4199 INFO rally.task.runner [-] Task 4bb9781d-059d-4802-8eb6-3a6e6b35cb01 | ITER: 32 END: OK
2019-12-20 22:14:52.300 4201 INFO rally.task.runner [-] Task 4bb9781d-059d-4802-8eb6-3a6e6b35cb01 | ITER: 40 END: OK
2019-12-20 22:14:52.891 4233 INFO rally.task.runner [-] Task 4bb9781d-059d-4802-8eb6-3a6e6b35cb01 | ITER: 36 END: OK
2019-12-20 22:14:52.913 15 INFO rally.task.context [-] Task 4bb9781d-059d-4802-8eb6-3a6e6b35cb01 | Context cleanup@openstack cleanup() started
2019-12-20 22:14:52.916 15 RALLYDEBUG rally_openstack.cleanup.manager [-] Cleaning up neutron vip objects
2019-12-20 22:14:53.187 15 RALLYDEBUG rally_openstack.cleanup.manager [-] Cleaning up neutron health_monitor objects
2019-12-20 22:14:53.322 15 RALLYDEBUG rally_openstack.cleanup.manager [-] Cleaning up neutron pool objects
2019-12-20 22:14:53.522 15 RALLYDEBUG rally_openstack.cleanup.manager [-] Cleaning up neutron loadbalancer objects
2019-12-20 22:14:53.653 15 RALLYDEBUG rally_openstack.cleanup.manager [-] Cleaning up neutron floatingip objects
2019-12-20 22:14:53.997 15 RALLYDEBUG rally_openstack.cleanup.manager [-] Cleaning up neutron trunk objects
2019-12-20 22:14:54.175 15 RALLYDEBUG rally_openstack.cleanup.manager [-] Cleaning up neutron port objects
2019-12-20 22:14:55.247 15 RALLYDEBUG rally_openstack.cleanup.manager [-] Deleting neutron.port object s_rally_9afea7bc_bNIeQ0lB (007e462a-1fda-4989-ab8c-c4fc6fbc2adf)
2019-12-20 22:14:55.251 15 RALLYDEBUG rally_openstack.cleanup.manager [-] Deleting neutron.port object s_rally_9afea7bc_73CuDxSu (018bd86e-50bf-4e95-a5c2-813da3968aa6)
2019-12-20 22:14:55.262 15 RALLYDEBUG rally_openstack.cleanup.manager [-] Deleting neutron.port object s_rally_9afea7bc_ILVIQXM8 (0374af80-93c4-4080-8e54-37411dfb384d)
2019-12-20 22:14:55.266 15 RALLYDEBUG rally_openstack.cleanup.manager [-] Deleting neutron.port object s_rally_9afea7bc_XJ7gDORa (0444e0de-13f8-494c-9e90-4a4e6620f541)
2019-12-20 22:14:55.272 15 RALLYDEBUG rally_openstack.cleanup.manager [-] Deleting neutron.port object s_rally_9afea7bc_KFsP5koA (058c496f-c875-4494-92ea-e108a03d7351)
2019-12-20 22:14:55.289 15 RALLYDEBUG rally_openstack.cleanup.manager [-] Deleting neutron.port object s_rally_9afea7bc_sxIhOgCQ (0756787f-dedc-4d4e-80d6-bc7ac76cba44)
2019-12-20 22:14:55.301 15 RALLYDEBUG rally_openstack.cleanup.manager [-] Deleting neutron.port object s_rally_9afea7bc_UXGstLxJ (07733052-cd4e-4d29-ae14-4af4c475e1e4)
2019-12-20 22:14:55.316 15 RALLYDEBUG rally_openstack.cleanup.manager [-] Deleting neutron.port object s_rally_9afea7bc_lOfQUEm1 (07f7a9e5-41e4-48b2-b6ca-d123245d4f74)
2019-12-20 22:14:55.336 15 RALLYDEBUG rally_openstack.cleanup.manager [-] Deleting neutron.port object s_rally_9afea7bc_jijzJMZa (086bded6-e28b-40f5-a6a7-89c1130edce5)
2019-12-20 22:14:55.337 15 RALLYDEBUG rally_openstack.cleanup.manager [-] Deleting neutron.port object s_rally_9afea7bc_jKdyN7rX (07a33a7d-e2ea-48e3-b460-891554fbba01)
2019-12-20 22:14:55.339 15 RALLYDEBUG rally_openstack.cleanup.manager [-] Deleting neutron.port object s_rally_9afea7bc_fsZkIqp2 (0967746a-2838-4fe1-8a8f-8b510c53f5a7)
2019-12-20 22:14:55.347 15 RALLYDEBUG rally_openstack.cleanup.manager [-] Deleting neutron.port object s_rally_9afea7bc_BieBkh93 (09cb5152-945e-4386-a8c4-6bea8f1d1264)
2019-12-20 22:14:55.364 15 RALLYDEBUG rally_openstack.cleanup.manager [-] Deleting neutron.port object s_rally_9afea7bc_L7QwhRAa (0b4bc086-3e46-4f33-b7a6-6616d92c00ae)
2019-12-20 22:14:55.369 15 RALLYDEBUG rally_openstack.cleanup.manager [-] Deleting neutron.port object s_rally_9afea7bc_qrccWkvE (0a2ea340-4219-4944-9ca4-5797bc91705b)
2019-12-20 22:14:55.376 15 RALLYDEBUG rally_openstack.cleanup.manager [-] Deleting neutron.port object s_rally_9afea7bc_AXrblUND (0a25c85f-3ca7-4f09-8593-018a3dd732f8)
2019-12-20 22:14:55.393 15 RALLYDEBUG rally_openstack.cleanup.manager [-] Deleting neutron.port object s_rally_9afea7bc_g3XWtOEI (0b52b4fa-6995-401b-9b66-329281c60585)
2019-12-20 22:14:55.400 15 RALLYDEBUG rally_openstack.cleanup.manager [-] Deleting neutron.port object s_rally_9afea7bc_PMimfjEw (0c98955d-aedd-44ae-996f-bd81026b1031)
2019-12-20 22:14:55.410 15 RALLYDEBUG rally_openstack.cleanup.manager [-] Deleting neutron.port object s_rally_9afea7bc_GwVwyc9z (0e58f7af-28c9-465d-bf9b-2adf2a9386c4)
2019-12-20 22:14:55.427 15 RALLYDEBUG rally_openstack.cleanup.manager [-] Deleting neutron.port object s_rally_9afea7bc_6khBJi1A (0fc02feb-b7ae-43c2-aba5-7e1f706105da)
2019-12-20 22:14:55.483 15 RALLYDEBUG rally_openstack.cleanup.manager [-] Deleting neutron.port object s_rally_9afea7bc_9nEt2JFc (11bf5cae-fc55-4ba5-a863-c86b4d13c2de)
2019-12-20 22:14:57.108 15 RALLYDEBUG rally_openstack.cleanup.manager [-] Deleting neutron.port object s_rally_9afea7bc_KmSFwaUw (11fcb79b-9492-4c89-ada9-daacbdf8a691)
2019-12-20 22:14:57.125 15 RALLYDEBUG rally_openstack.cleanup.manager [-] Deleting neutron.port object s_rally_9afea7bc_gRhHWZps (13f6746a-b2a4-4d20-89fe-fc3a64d05d91)
2019-12-20 22:14:57.195 15 RALLYDEBUG rally_openstack.cleanup.manager [-] Deleting neutron.port object s_rally_9afea7bc_cwsnFkKz (156ae7a8-2db9-4c0e-a722-fbd8097d84e4)
2019-12-20 22:14:57.216 15 RALLYDEBUG rally_openstack.cleanup.manager [-] Deleting neutron.port object s_rally_9afea7bc_76Xp03RW (15d56dda-bc5b-4d26-9eb9-95c45e48e39f)
2019-12-20 22:14:57.252 15 RALLYDEBUG rally_openstack.cleanup.manager [-] Deleting neutron.port object s_rally_9afea7bc_p5vzHhzg (1681f82b-5f9a-4653-9ea2-7fc6c53644f7)
2019-12-20 22:14:57.282 15 RALLYDEBUG rally_openstack.cleanup.manager [-] Deleting neutron.port object s_rally_9afea7bc_sSqaA6r3 (16b91d85-4a95-4b0c-932a-6c3d32ffda84)
2019-12-20 22:14:57.540 15 RALLYDEBUG rally_openstack.cleanup.manager [-] Deleting neutron.port object s_rally_9afea7bc_OW8BR7tC (1beb34cf-9e35-4d2d-9574-3ccdfbc4dfe2)
2019-12-20 22:14:57.541 15 RALLYDEBUG rally_openstack.cleanup.manager [-] Deleting neutron.port object s_rally_9afea7bc_LGjV7Rmr (189e9aac-14c9-481c-9237-7eaa0b979fee)
2019-12-20 22:14:57.597 15 RALLYDEBUG rally_openstack.cleanup.manager [-] Deleting neutron.port object s_rally_9afea7bc_K6CIMB2C (1e08a3a7-ec5d-42e9-b44b-89e5630d0621)
2019-12-20 22:14:57.609 15 RALLYDEBUG rally_openstack.cleanup.manager [-] Deleting neutron.port object s_rally_9afea7bc_3NX333k4 (1e39e51b-f182-43b5-8501-ce001ab7f5b4)
