2019-12-20 22:02:39.618 6 RALLYDEBUG rally.api [-] INFO logs from urllib3 and requests module are hide.
2019-12-20 22:02:39.618 6 RALLYDEBUG rally.api [-] urllib3 insecure warnings are hidden.
2019-12-20 22:02:39.618 6 RALLYDEBUG rally.api [-] ERROR log from boto module is hide.
2019-12-20 22:02:41.432 6 ERROR rally.cli.cliutils [-] Unexpected exception in CLI: DBRecordNotFound: Record for uuid or name is opnfv-rally not found in table envs
2019-12-20 22:02:41.432 6 ERROR rally.cli.cliutils
Traceback (most recent call last):
2019-12-20 22:02:41.432 6 ERROR rally.cli.cliutils
File "/usr/lib/python2.7/site-packages/rally/cli/cliutils.py", line 674, in run
2019-12-20 22:02:41.432 6 ERROR rally.cli.cliutils ret = fn(*fn_args, **fn_kwargs)
2019-12-20 22:02:41.432 6 ERROR rally.cli.cliutils File "", line 2, in destroy
2019-12-20 22:02:41.432 6 ERROR rally.cli.cliutils
File "/usr/lib/python2.7/site-packages/rally/cli/envutils.py", line 68, in default_from_global
2019-12-20 22:02:41.432 6 ERROR rally.cli.cliutils return f(*args, **kwargs)
2019-12-20 22:02:41.432 6 ERROR rally.cli.cliutils File "", line 2, in destroy
2019-12-20 22:02:41.432 6 ERROR rally.cli.cliutils
File "/usr/lib/python2.7/site-packages/rally/plugins/__init__.py", line 51, in ensure_plugins_are_loaded
2019-12-20 22:02:41.432 6 ERROR rally.cli.cliutils return f(*args, **kwargs)
2019-12-20 22:02:41.432 6 ERROR rally.cli.cliutils
File "/usr/lib/python2.7/site-packages/rally/cli/commands/deployment.py", line 157, in destroy
2019-12-20 22:02:41.432 6 ERROR rally.cli.cliutils api.deployment.destroy(deployment=deployment)
2019-12-20 22:02:41.432 6 ERROR rally.cli.cliutils
File "/usr/lib/python2.7/site-packages/rally/api.py", line 115, in destroy
2019-12-20 22:02:41.432 6 ERROR rally.cli.cliutils deploy = objects.Deployment.get(deployment)
2019-12-20 22:02:41.432 6 ERROR rally.cli.cliutils
File "/usr/lib/python2.7/site-packages/rally/common/objects/deploy.py", line 124, in get
2019-12-20 22:02:41.432 6 ERROR rally.cli.cliutils return Deployment(env_mgr.EnvManager.get(deploy))
2019-12-20 22:02:41.432 6 ERROR rally.cli.cliutils
File "/usr/lib/python2.7/site-packages/rally/env/env_mgr.py", line 212, in get
2019-12-20 22:02:41.432 6 ERROR rally.cli.cliutils return cls(db.env_get(uuid_or_name))
2019-12-20 22:02:41.432 6 ERROR rally.cli.cliutils
File "/usr/lib/python2.7/site-packages/rally/common/db/api.py", line 135, in wrapper
2019-12-20 22:02:41.432 6 ERROR rally.cli.cliutils result = f(session, *args, **kwargs)
2019-12-20 22:02:41.432 6 ERROR rally.cli.cliutils
File "/usr/lib/python2.7/site-packages/rally/common/db/api.py", line 521, in env_get
2019-12-20 22:02:41.432 6 ERROR rally.cli.cliutils criteria="uuid or name is %s" % uuid_or_name, table="envs")
2019-12-20 22:02:41.432 6 ERROR rally.cli.cliutils DBRecordNotFound: Record for uuid or name is opnfv-rally not found in table envs
2019-12-20 22:02:41.432 6 ERROR rally.cli.cliutils
2019-12-20 22:02:42.397 8 RALLYDEBUG rally.api [-] INFO logs from urllib3 and requests module are hide.
2019-12-20 22:02:42.397 8 RALLYDEBUG rally.api [-] urllib3 insecure warnings are hidden.
2019-12-20 22:02:42.397 8 RALLYDEBUG rally.api [-] ERROR log from boto module is hide.
2019-12-20 22:02:45.377 10 RALLYDEBUG rally.api [-] INFO logs from urllib3 and requests module are hide.
2019-12-20 22:02:45.378 10 RALLYDEBUG rally.api [-] urllib3 insecure warnings are hidden.
2019-12-20 22:02:45.378 10 RALLYDEBUG rally.api [-] ERROR log from boto module is hide.
2019-12-20 22:02:48.428 13 RALLYDEBUG rally.api [-] INFO logs from urllib3 and requests module are hide.
2019-12-20 22:02:48.429 13 RALLYDEBUG rally.api [-] urllib3 insecure warnings are hidden.
2019-12-20 22:02:48.429 13 RALLYDEBUG rally.api [-] ERROR log from boto module is hide.
2019-12-20 22:02:49.842 15 RALLYDEBUG rally.api [-] INFO logs from urllib3 and requests module are hide.
2019-12-20 22:02:49.842 15 RALLYDEBUG rally.api [-] urllib3 insecure warnings are hidden.
2019-12-20 22:02:49.842 15 RALLYDEBUG rally.api [-] ERROR log from boto module is hide.
2019-12-20 22:02:51.212 15 INFO rally.common.plugin.discover [-] Loading plugins from directories /root/.rally/plugins/*
2019-12-20 22:02:51.212 15 INFO rally.common.plugin.discover [-] Loaded module with plugins: /root/.rally/plugins/__init__.py
2019-12-20 22:02:51.215 15 INFO rally.common.plugin.discover [-] Loaded module with plugins: /root/.rally/plugins/trunk_scenario.py
2019-12-20 22:02:51.439 15 INFO rally.task.engine [-] Task 4bb9781d-059d-4802-8eb6-3a6e6b35cb01 | Starting: Task validation.
2019-12-20 22:02:51.444 15 INFO rally.task.engine [-] Task 4bb9781d-059d-4802-8eb6-3a6e6b35cb01 | Starting: Task validation of syntax.
2019-12-20 22:02:51.701 15 INFO rally.task.engine [-] Task 4bb9781d-059d-4802-8eb6-3a6e6b35cb01 | Completed: Task validation of syntax.
2019-12-20 22:02:51.701 15 INFO rally.task.engine [-] Task 4bb9781d-059d-4802-8eb6-3a6e6b35cb01 | Starting: Task validation of required platforms.
2019-12-20 22:02:51.842 15 INFO rally.task.engine [-] Task 4bb9781d-059d-4802-8eb6-3a6e6b35cb01 | Completed: Task validation of required platforms.
2019-12-20 22:02:51.842 15 INFO rally.task.engine [-] Task 4bb9781d-059d-4802-8eb6-3a6e6b35cb01 | Starting: Task validation of semantic.
2019-12-20 22:02:51.843 15 INFO rally.task.engine [-] Check health of the environment '3417c0f7-ef24-4161-a8a6-0351beefd2ab'.
2019-12-20 22:02:52.336 15 INFO rally.task.engine [-] Platform existing@openstack (available: True): OK!
2019-12-20 22:02:52.350 15 RALLYDEBUG rally_openstack.contexts.keystone.users [-] Creating 1 tenants using 20 threads
2019-12-20 22:02:52.667 15 RALLYDEBUG rally_openstack.contexts.keystone.users [-] Creating 1 users using 20 threads
2019-12-20 22:02:53.325 15 INFO rally.task.context [-] Task 4bb9781d-059d-4802-8eb6-3a6e6b35cb01 | Context users@openstack setup() finished in 0.98 sec
2019-12-20 22:02:54.431 15 INFO rally.task.context [-] Task 4bb9781d-059d-4802-8eb6-3a6e6b35cb01 | Context users@openstack cleanup() started
2019-12-20 22:02:55.768 15 INFO rally.task.context [-] Task 4bb9781d-059d-4802-8eb6-3a6e6b35cb01 | Context users@openstack cleanup() finished in 1.34 sec
2019-12-20 22:02:55.769 15 INFO rally.task.engine [-] Task 4bb9781d-059d-4802-8eb6-3a6e6b35cb01 | Completed: Task validation of semantic.
2019-12-20 22:02:55.769 15 INFO rally.task.engine [-] Task 4bb9781d-059d-4802-8eb6-3a6e6b35cb01 | Completed: Task validation.
2019-12-20 22:02:55.769 15 INFO rally.api [-] Task 4bb9781d-059d-4802-8eb6-3a6e6b35cb01 input file is valid.
2019-12-20 22:02:55.769 15 INFO rally.api [-] Run Task 4bb9781d-059d-4802-8eb6-3a6e6b35cb01 against Deployment 3417c0f7-ef24-4161-a8a6-0351beefd2ab
2019-12-20 22:02:55.770 15 INFO rally.task.engine [-] Task 4bb9781d-059d-4802-8eb6-3a6e6b35cb01 | Starting: Running task.
2019-12-20 22:02:55.791 15 INFO rally.task.engine [-] Running workload: position = 0 config = { "version": 2, "title": "A cropped version of a bigger task.", "description": "Auto-generated task from a single workload (uuid=b02602bc-35be-47bf-98c3-d192bfaef4f0)", "subtasks": [ { "title": "NeutronNetworks.create_and_list_networks", "description": "Check performance of list_networks action and ensure > network quotas are not exceeded", "scenario": { "NeutronNetworks.create_and_list_networks": {} }, "contexts": { "users": { "tenants": 1, "users_per_tenant": 1 }, "quotas": { "neutron": { "network": 119 } } }, "runner": { "constant": { "times": 100, "concurrency": 20 } }, "hooks": [], "sla": { "max_avg_duration_per_atomic": { "neutron.list_networks": 15 }, "failure_rate": { "max": 0 } } } ] }
2019-12-20 22:02:55.805 15 RALLYDEBUG rally_openstack.contexts.keystone.users [-] Creating 1 tenants using 20 threads
2019-12-20 22:02:56.189 15 RALLYDEBUG rally_openstack.contexts.keystone.users [-] Creating 1 users using 20 threads
2019-12-20 22:02:56.799 15 INFO rally.task.context [-] Task 4bb9781d-059d-4802-8eb6-3a6e6b35cb01 | Context users@openstack setup() finished in 0.99 sec
2019-12-20 22:02:57.059 15 INFO rally.task.context [-] Task 4bb9781d-059d-4802-8eb6-3a6e6b35cb01 | Context quotas@openstack setup() finished in 0.26 sec
2019-12-20 22:02:57.059 15 INFO rally.task.context [-] Task 4bb9781d-059d-4802-8eb6-3a6e6b35cb01 | Context cleanup@openstack setup() finished in 0.00 msec
2019-12-20 22:02:57.066 15 RALLYDEBUG rally.task.runner [-] Starting the constant runner (task UUID: 4bb9781d-059d-4802-8eb6-3a6e6b35cb01). timeout: 0 concurrency: 20 concurrency_per_worker: 1 times: 100 concurrency_overhead: 0 processes_to_start: 20 max_cpu_used: 88
2019-12-20 22:02:57.073 139 RALLYDEBUG rally.task.runner [-] Starting a worker. concurrency: 1 args: {} times: 100 method_name: run timeout: 0 duration: None cls:
2019-12-20 22:02:57.075 140 RALLYDEBUG rally.task.runner [-] Starting a worker. concurrency: 1 args: {} times: 100 method_name: run timeout: 0 duration: None cls:
2019-12-20 22:02:57.076 141 RALLYDEBUG rally.task.runner [-] Starting a worker. concurrency: 1 args: {} times: 100 method_name: run timeout: 0 duration: None cls:
2019-12-20 22:02:57.078 139 INFO rally.task.runner [-] Task 4bb9781d-059d-4802-8eb6-3a6e6b35cb01 | ITER: 1 START
2019-12-20 22:02:57.078 142 RALLYDEBUG rally.task.runner [-] Starting a worker. concurrency: 1 args: {} times: 100 method_name: run timeout: 0 duration: None cls:
2019-12-20 22:02:57.079 141 INFO rally.task.runner [-] Task 4bb9781d-059d-4802-8eb6-3a6e6b35cb01 | ITER: 3 START
2019-12-20 22:02:57.079 140 INFO rally.task.runner [-] Task 4bb9781d-059d-4802-8eb6-3a6e6b35cb01 | ITER: 2 START
2019-12-20 22:02:57.079 144 RALLYDEBUG rally.task.runner [-] Starting a worker. concurrency: 1 args: {} times: 100 method_name: run timeout: 0 duration: None cls:
2019-12-20 22:02:57.081 146 RALLYDEBUG rally.task.runner [-] Starting a worker. concurrency: 1 args: {} times: 100 method_name: run timeout: 0 duration: None cls:
2019-12-20 22:02:57.081 142 INFO rally.task.runner [-] Task 4bb9781d-059d-4802-8eb6-3a6e6b35cb01 | ITER: 4 START
2019-12-20 22:02:57.082 144 INFO rally.task.runner [-] Task 4bb9781d-059d-4802-8eb6-3a6e6b35cb01 | ITER: 5 START
2019-12-20 22:02:57.082 151 RALLYDEBUG rally.task.runner [-] Starting a worker. concurrency: 1 args: {} times: 100 method_name: run timeout: 0 duration: None cls:
2019-12-20 22:02:57.083 146 INFO rally.task.runner [-] Task 4bb9781d-059d-4802-8eb6-3a6e6b35cb01 | ITER: 6 START
2019-12-20 22:02:57.084 155 RALLYDEBUG rally.task.runner [-] Starting a worker. concurrency: 1 args: {} times: 100 method_name: run timeout: 0 duration: None cls:
2019-12-20 22:02:57.085 151 INFO rally.task.runner [-] Task 4bb9781d-059d-4802-8eb6-3a6e6b35cb01 | ITER: 7 START
2019-12-20 22:02:57.086 158 RALLYDEBUG rally.task.runner [-] Starting a worker. concurrency: 1 args: {} times: 100 method_name: run timeout: 0 duration: None cls:
2019-12-20 22:02:57.087 160 RALLYDEBUG rally.task.runner [-] Starting a worker. concurrency: 1 args: {} times: 100 method_name: run timeout: 0 duration: None cls:
2019-12-20 22:02:57.088 155 INFO rally.task.runner [-] Task 4bb9781d-059d-4802-8eb6-3a6e6b35cb01 | ITER: 8 START
2019-12-20 22:02:57.090 160 INFO rally.task.runner [-] Task 4bb9781d-059d-4802-8eb6-3a6e6b35cb01 | ITER: 10 START
2019-12-20 22:02:57.092 163 RALLYDEBUG rally.task.runner [-] Starting a worker. concurrency: 1 args: {} times: 100 method_name: run timeout: 0 duration: None cls:
2019-12-20 22:02:57.092 170 RALLYDEBUG rally.task.runner [-] Starting a worker. concurrency: 1 args: {} times: 100 method_name: run timeout: 0 duration: None cls:
2019-12-20 22:02:57.093 158 INFO rally.task.runner [-] Task 4bb9781d-059d-4802-8eb6-3a6e6b35cb01 | ITER: 9 START
2019-12-20 22:02:57.093 171 RALLYDEBUG rally.task.runner [-] Starting a worker. concurrency: 1 args: {} times: 100 method_name: run timeout: 0 duration: None cls:
2019-12-20 22:02:57.095 163 INFO rally.task.runner [-] Task 4bb9781d-059d-4802-8eb6-3a6e6b35cb01 | ITER: 11 START
2019-12-20 22:02:57.098 179 RALLYDEBUG rally.task.runner [-] Starting a worker. concurrency: 1 args: {} times: 100 method_name: run timeout: 0 duration: None cls:
2019-12-20 22:02:57.098 165 RALLYDEBUG rally.task.runner [-] Starting a worker. concurrency: 1 args: {} times: 100 method_name: run timeout: 0 duration: None cls:
2019-12-20 22:02:57.098 173 RALLYDEBUG rally.task.runner [-] Starting a worker. concurrency: 1 args: {} times: 100 method_name: run timeout: 0 duration: None cls:
2019-12-20 22:02:57.099 174 RALLYDEBUG rally.task.runner [-] Starting a worker. concurrency: 1 args: {} times: 100 method_name: run timeout: 0 duration: None cls:
2019-12-20 22:02:57.101 170 INFO rally.task.runner [-] Task 4bb9781d-059d-4802-8eb6-3a6e6b35cb01 | ITER: 12 START
2019-12-20 22:02:57.101 165 INFO rally.task.runner [-] Task 4bb9781d-059d-4802-8eb6-3a6e6b35cb01 | ITER: 15 START
2019-12-20 22:02:57.102 171 INFO rally.task.runner [-] Task 4bb9781d-059d-4802-8eb6-3a6e6b35cb01 | ITER: 13 START
2019-12-20 22:02:57.102 173 INFO rally.task.runner [-] Task 4bb9781d-059d-4802-8eb6-3a6e6b35cb01 | ITER: 16 START
2019-12-20 22:02:57.103 183 RALLYDEBUG rally.task.runner [-] Starting a worker. concurrency: 1 args: {} times: 100 method_name: run timeout: 0 duration: None cls:
2019-12-20 22:02:57.104 180 RALLYDEBUG rally.task.runner [-] Starting a worker. concurrency: 1 args: {} times: 100 method_name: run timeout: 0 duration: None cls:
2019-12-20 22:02:57.106 174 INFO rally.task.runner [-] Task 4bb9781d-059d-4802-8eb6-3a6e6b35cb01 | ITER: 17 START
2019-12-20 22:02:57.107 183 INFO rally.task.runner [-] Task 4bb9781d-059d-4802-8eb6-3a6e6b35cb01 | ITER: 18 START
2019-12-20 22:02:57.107 180 INFO rally.task.runner [-] Task 4bb9781d-059d-4802-8eb6-3a6e6b35cb01 | ITER: 19 START
2019-12-20 22:02:57.110 181 RALLYDEBUG rally.task.runner [-] Starting a worker. concurrency: 1 args: {} times: 100 method_name: run timeout: 0 duration: None cls:
2019-12-20 22:02:57.113 179 INFO rally.task.runner [-] Task 4bb9781d-059d-4802-8eb6-3a6e6b35cb01 | ITER: 14 START
2019-12-20 22:02:57.114 181 INFO rally.task.runner [-] Task 4bb9781d-059d-4802-8eb6-3a6e6b35cb01 | ITER: 20 START
2019-12-20 22:02:57.693 174 INFO rally.task.runner [-] Task 4bb9781d-059d-4802-8eb6-3a6e6b35cb01 | ITER: 17 END: OK
2019-12-20 22:02:57.696 174 INFO rally.task.runner [-] Task 4bb9781d-059d-4802-8eb6-3a6e6b35cb01 | ITER: 21 START
2019-12-20 22:02:57.721 140 INFO rally.task.runner [-] Task 4bb9781d-059d-4802-8eb6-3a6e6b35cb01 | ITER: 2 END: OK
2019-12-20 22:02:57.722 142 INFO rally.task.runner [-] Task 4bb9781d-059d-4802-8eb6-3a6e6b35cb01 | ITER: 4 END: OK
2019-12-20 22:02:57.723 140 INFO rally.task.runner [-] Task 4bb9781d-059d-4802-8eb6-3a6e6b35cb01 | ITER: 22 START
2019-12-20 22:02:57.724 142 INFO rally.task.runner [-] Task 4bb9781d-059d-4802-8eb6-3a6e6b35cb01 | ITER: 23 START
2019-12-20 22:02:57.745 181 INFO rally.task.runner [-] Task 4bb9781d-059d-4802-8eb6-3a6e6b35cb01 | ITER: 20 END: OK
2019-12-20 22:02:57.748 181 INFO rally.task.runner [-] Task 4bb9781d-059d-4802-8eb6-3a6e6b35cb01 | ITER: 24 START
2019-12-20 22:02:57.748 183 INFO rally.task.runner [-] Task 4bb9781d-059d-4802-8eb6-3a6e6b35cb01 | ITER: 18 END: OK
2019-12-20 22:02:57.750 183 INFO rally.task.runner [-] Task 4bb9781d-059d-4802-8eb6-3a6e6b35cb01 | ITER: 25 START
2019-12-20 22:02:57.867 170 INFO rally.task.runner [-] Task 4bb9781d-059d-4802-8eb6-3a6e6b35cb01 | ITER: 12 END: OK
2019-12-20 22:02:57.869 170 INFO rally.task.runner [-] Task 4bb9781d-059d-4802-8eb6-3a6e6b35cb01 | ITER: 26 START
2019-12-20 22:02:57.871 171 INFO rally.task.runner [-] Task 4bb9781d-059d-4802-8eb6-3a6e6b35cb01 | ITER: 13 END: OK
2019-12-20 22:02:57.874 171 INFO rally.task.runner [-] Task 4bb9781d-059d-4802-8eb6-3a6e6b35cb01 | ITER: 27 START
2019-12-20 22:02:57.897 151 INFO rally.task.runner [-] Task 4bb9781d-059d-4802-8eb6-3a6e6b35cb01 | ITER: 7 END: OK
2019-12-20 22:02:57.899 151 INFO rally.task.runner [-] Task 4bb9781d-059d-4802-8eb6-3a6e6b35cb01 | ITER: 28 START
2019-12-20 22:02:57.938 165 INFO rally.task.runner [-] Task 4bb9781d-059d-4802-8eb6-3a6e6b35cb01 | ITER: 15 END: OK
2019-12-20 22:02:57.941 165 INFO rally.task.runner [-] Task 4bb9781d-059d-4802-8eb6-3a6e6b35cb01 | ITER: 29 START
2019-12-20 22:02:58.077 163 INFO rally.task.runner [-] Task 4bb9781d-059d-4802-8eb6-3a6e6b35cb01 | ITER: 11 END: OK
2019-12-20 22:02:58.079 163 INFO rally.task.runner [-] Task 4bb9781d-059d-4802-8eb6-3a6e6b35cb01 | ITER: 30 START
2019-12-20 22:02:58.548 139 INFO rally.task.runner [-] Task 4bb9781d-059d-4802-8eb6-3a6e6b35cb01 | ITER: 1 END: OK
2019-12-20 22:02:58.551 139 INFO rally.task.runner [-] Task 4bb9781d-059d-4802-8eb6-3a6e6b35cb01 | ITER: 31 START
2019-12-20 22:02:58.555 158 INFO rally.task.runner [-] Task 4bb9781d-059d-4802-8eb6-3a6e6b35cb01 | ITER: 9 END: OK
2019-12-20 22:02:58.556 173 INFO rally.task.runner [-] Task 4bb9781d-059d-4802-8eb6-3a6e6b35cb01 | ITER: 16 END: OK
2019-12-20 22:02:58.557 146 INFO rally.task.runner [-] Task 4bb9781d-059d-4802-8eb6-3a6e6b35cb01 | ITER: 6 END: OK
2019-12-20 22:02:58.558 173 INFO rally.task.runner [-] Task 4bb9781d-059d-4802-8eb6-3a6e6b35cb01 | ITER: 33 START
2019-12-20 22:02:58.559 158 INFO rally.task.runner [-] Task 4bb9781d-059d-4802-8eb6-3a6e6b35cb01 | ITER: 32 START
2019-12-20 22:02:58.559 146 INFO rally.task.runner [-] Task 4bb9781d-059d-4802-8eb6-3a6e6b35cb01 | ITER: 34 START
2019-12-20 22:02:58.578 141 INFO rally.task.runner [-] Task 4bb9781d-059d-4802-8eb6-3a6e6b35cb01 | ITER: 3 END: OK
2019-12-20 22:02:58.580 141 INFO rally.task.runner [-] Task 4bb9781d-059d-4802-8eb6-3a6e6b35cb01 | ITER: 35 START
2019-12-20 22:02:58.582 144 INFO rally.task.runner [-] Task 4bb9781d-059d-4802-8eb6-3a6e6b35cb01 | ITER: 5 END: OK
2019-12-20 22:02:58.584 144 INFO rally.task.runner [-] Task 4bb9781d-059d-4802-8eb6-3a6e6b35cb01 | ITER: 36 START
2019-12-20 22:02:58.585 155 INFO rally.task.runner [-] Task 4bb9781d-059d-4802-8eb6-3a6e6b35cb01 | ITER: 8 END: OK
2019-12-20 22:02:58.587 160 INFO rally.task.runner [-] Task 4bb9781d-059d-4802-8eb6-3a6e6b35cb01 | ITER: 10 END: OK
2019-12-20 22:02:58.587 155 INFO rally.task.runner [-] Task 4bb9781d-059d-4802-8eb6-3a6e6b35cb01 | ITER: 37 START
2019-12-20 22:02:58.588 180 INFO rally.task.runner [-] Task 4bb9781d-059d-4802-8eb6-3a6e6b35cb01 | ITER: 19 END: OK
2019-12-20 22:02:58.589 160 INFO rally.task.runner [-] Task 4bb9781d-059d-4802-8eb6-3a6e6b35cb01 | ITER: 38 START
2019-12-20 22:02:58.592 180 INFO rally.task.runner [-] Task 4bb9781d-059d-4802-8eb6-3a6e6b35cb01 | ITER: 39 START
2019-12-20 22:02:58.850 142 INFO rally.task.runner [-] Task 4bb9781d-059d-4802-8eb6-3a6e6b35cb01 | ITER: 23 END: OK
2019-12-20 22:02:58.853 142 INFO rally.task.runner [-] Task 4bb9781d-059d-4802-8eb6-3a6e6b35cb01 | ITER: 40 START
2019-12-20 22:02:59.166 181 INFO rally.task.runner [-] Task 4bb9781d-059d-4802-8eb6-3a6e6b35cb01 | ITER: 24 END: OK
2019-12-20 22:02:59.166 183 INFO rally.task.runner [-] Task 4bb9781d-059d-4802-8eb6-3a6e6b35cb01 | ITER: 25 END: OK
2019-12-20 22:02:59.167 179 INFO rally.task.runner [-] Task 4bb9781d-059d-4802-8eb6-3a6e6b35cb01 | ITER: 14 END: OK
2019-12-20 22:02:59.169 181 INFO rally.task.runner [-] Task 4bb9781d-059d-4802-8eb6-3a6e6b35cb01 | ITER: 41 START
2019-12-20 22:02:59.169 179 INFO rally.task.runner [-] Task 4bb9781d-059d-4802-8eb6-3a6e6b35cb01 | ITER: 43 START
2019-12-20 22:02:59.169 183 INFO rally.task.runner [-] Task 4bb9781d-059d-4802-8eb6-3a6e6b35cb01 | ITER: 42 START
2019-12-20 22:02:59.170 171 INFO rally.task.runner [-] Task 4bb9781d-059d-4802-8eb6-3a6e6b35cb01 | ITER: 27 END: OK
2019-12-20 22:02:59.172 171 INFO rally.task.runner [-] Task 4bb9781d-059d-4802-8eb6-3a6e6b35cb01 | ITER: 44 START
2019-12-20 22:02:59.418 140 INFO rally.task.runner [-] Task 4bb9781d-059d-4802-8eb6-3a6e6b35cb01 | ITER: 22 END: OK
2019-12-20 22:02:59.421 140 INFO rally.task.runner [-] Task 4bb9781d-059d-4802-8eb6-3a6e6b35cb01 | ITER: 45 START
2019-12-20 22:02:59.803 174 INFO rally.task.runner [-] Task 4bb9781d-059d-4802-8eb6-3a6e6b35cb01 | ITER: 21 END: OK
2019-12-20 22:02:59.806 174 INFO rally.task.runner [-] Task 4bb9781d-059d-4802-8eb6-3a6e6b35cb01 | ITER: 46 START
2019-12-20 22:02:59.962 170 INFO rally.task.runner [-] Task 4bb9781d-059d-4802-8eb6-3a6e6b35cb01 | ITER: 26 END: OK
2019-12-20 22:02:59.965 170 INFO rally.task.runner [-] Task 4bb9781d-059d-4802-8eb6-3a6e6b35cb01 | ITER: 47 START
2019-12-20 22:02:59.967 146 INFO rally.task.runner [-] Task 4bb9781d-059d-4802-8eb6-3a6e6b35cb01 | ITER: 34 END: OK
2019-12-20 22:02:59.971 146 INFO rally.task.runner [-] Task 4bb9781d-059d-4802-8eb6-3a6e6b35cb01 | ITER: 48 START
2019-12-20 22:02:59.979 165 INFO rally.task.runner [-] Task 4bb9781d-059d-4802-8eb6-3a6e6b35cb01 | ITER: 29 END: OK
2019-12-20 22:02:59.981 139 INFO rally.task.runner [-] Task 4bb9781d-059d-4802-8eb6-3a6e6b35cb01 | ITER: 31 END: OK
2019-12-20 22:02:59.982 165 INFO rally.task.runner [-] Task 4bb9781d-059d-4802-8eb6-3a6e6b35cb01 | ITER: 49 START
2019-12-20 22:02:59.984 139 INFO rally.task.runner [-] Task 4bb9781d-059d-4802-8eb6-3a6e6b35cb01 | ITER: 50 START
2019-12-20 22:03:00.006 158 INFO rally.task.runner [-] Task 4bb9781d-059d-4802-8eb6-3a6e6b35cb01 | ITER: 32 END: OK
2019-12-20 22:03:00.009 158 INFO rally.task.runner [-] Task 4bb9781d-059d-4802-8eb6-3a6e6b35cb01 | ITER: 51 START
2019-12-20 22:03:00.184 173 INFO rally.task.runner [-] Task 4bb9781d-059d-4802-8eb6-3a6e6b35cb01 | ITER: 33 END: OK
2019-12-20 22:03:00.187 173 INFO rally.task.runner [-] Task 4bb9781d-059d-4802-8eb6-3a6e6b35cb01 | ITER: 52 START
2019-12-20 22:03:00.285 151 INFO rally.task.runner [-] Task 4bb9781d-059d-4802-8eb6-3a6e6b35cb01 | ITER: 28 END: OK
2019-12-20 22:03:00.288 151 INFO rally.task.runner [-] Task 4bb9781d-059d-4802-8eb6-3a6e6b35cb01 | ITER: 53 START
2019-12-20 22:03:00.314 160 INFO rally.task.runner [-] Task 4bb9781d-059d-4802-8eb6-3a6e6b35cb01 | ITER: 38 END: OK
2019-12-20 22:03:00.317 160 INFO rally.task.runner [-] Task 4bb9781d-059d-4802-8eb6-3a6e6b35cb01 | ITER: 54 START
2019-12-20 22:03:00.486 180 INFO rally.task.runner [-] Task 4bb9781d-059d-4802-8eb6-3a6e6b35cb01 | ITER: 39 END: OK
2019-12-20 22:03:00.486 163 INFO rally.task.runner [-] Task 4bb9781d-059d-4802-8eb6-3a6e6b35cb01 | ITER: 30 END: OK
2019-12-20 22:03:00.486 144 INFO rally.task.runner [-] Task 4bb9781d-059d-4802-8eb6-3a6e6b35cb01 | ITER: 36 END: OK
2019-12-20 22:03:00.488 180 INFO rally.task.runner [-] Task 4bb9781d-059d-4802-8eb6-3a6e6b35cb01 | ITER: 55 START
2019-12-20 22:03:00.489 163 INFO rally.task.runner [-] Task 4bb9781d-059d-4802-8eb6-3a6e6b35cb01 | ITER: 56 START
2019-12-20 22:03:00.489 144 INFO rally.task.runner [-] Task 4bb9781d-059d-4802-8eb6-3a6e6b35cb01 | ITER: 57 START
2019-12-20 22:03:00.490 155 INFO rally.task.runner [-] Task 4bb9781d-059d-4802-8eb6-3a6e6b35cb01 | ITER: 37 END: OK
2019-12-20 22:03:00.493 155 INFO rally.task.runner [-] Task 4bb9781d-059d-4802-8eb6-3a6e6b35cb01 | ITER: 58 START
2019-12-20 22:03:00.494 141 INFO rally.task.runner [-] Task 4bb9781d-059d-4802-8eb6-3a6e6b35cb01 | ITER: 35 END: OK
2019-12-20 22:03:00.496 141 INFO rally.task.runner [-] Task 4bb9781d-059d-4802-8eb6-3a6e6b35cb01 | ITER: 59 START
2019-12-20 22:03:00.609 142 INFO rally.task.runner [-] Task 4bb9781d-059d-4802-8eb6-3a6e6b35cb01 | ITER: 40 END: OK
2019-12-20 22:03:00.612 142 INFO rally.task.runner [-] Task 4bb9781d-059d-4802-8eb6-3a6e6b35cb01 | ITER: 60 START
2019-12-20 22:03:01.339 174 INFO rally.task.runner [-] Task 4bb9781d-059d-4802-8eb6-3a6e6b35cb01 | ITER: 46 END: OK
2019-12-20 22:03:01.342 140 INFO rally.task.runner [-] Task 4bb9781d-059d-4802-8eb6-3a6e6b35cb01 | ITER: 45 END: OK
2019-12-20 22:03:01.342 174 INFO rally.task.runner [-] Task 4bb9781d-059d-4802-8eb6-3a6e6b35cb01 | ITER: 61 START
2019-12-20 22:03:01.343 165 INFO rally.task.runner [-] Task 4bb9781d-059d-4802-8eb6-3a6e6b35cb01 | ITER: 49 END: OK
2019-12-20 22:03:01.345 140 INFO rally.task.runner [-] Task 4bb9781d-059d-4802-8eb6-3a6e6b35cb01 | ITER: 62 START
2019-12-20 22:03:01.346 165 INFO rally.task.runner [-] Task 4bb9781d-059d-4802-8eb6-3a6e6b35cb01 | ITER: 63 START
2019-12-20 22:03:01.353 181 INFO rally.task.runner [-] Task 4bb9781d-059d-4802-8eb6-3a6e6b35cb01 | ITER: 41 END: OK
2019-12-20 22:03:01.357 181 INFO rally.task.runner [-] Task 4bb9781d-059d-4802-8eb6-3a6e6b35cb01 | ITER: 64 START
2019-12-20 22:03:01.411 171 INFO rally.task.runner [-] Task 4bb9781d-059d-4802-8eb6-3a6e6b35cb01 | ITER: 44 END: OK
2019-12-20 22:03:01.413 180 INFO rally.task.runner [-] Task 4bb9781d-059d-4802-8eb6-3a6e6b35cb01 | ITER: 55 END: OK
2019-12-20 22:03:01.415 171 INFO rally.task.runner [-] Task 4bb9781d-059d-4802-8eb6-3a6e6b35cb01 | ITER: 65 START
2019-12-20 22:03:01.416 183 INFO rally.task.runner [-] Task 4bb9781d-059d-4802-8eb6-3a6e6b35cb01 | ITER: 42 END: OK
2019-12-20 22:03:01.417 180 INFO rally.task.runner [-] Task 4bb9781d-059d-4802-8eb6-3a6e6b35cb01 | ITER: 66 START
2019-12-20 22:03:01.419 183 INFO rally.task.runner [-] Task 4bb9781d-059d-4802-8eb6-3a6e6b35cb01 | ITER: 67 START
2019-12-20 22:03:01.442 179 INFO rally.task.runner [-] Task 4bb9781d-059d-4802-8eb6-3a6e6b35cb01 | ITER: 43 END: OK
2019-12-20 22:03:01.442 155 INFO rally.task.runner [-] Task 4bb9781d-059d-4802-8eb6-3a6e6b35cb01 | ITER: 58 END: OK
2019-12-20 22:03:01.442 146 INFO rally.task.runner [-] Task 4bb9781d-059d-4802-8eb6-3a6e6b35cb01 | ITER: 48 END: OK
2019-12-20 22:03:01.443 144 INFO rally.task.runner [-] Task 4bb9781d-059d-4802-8eb6-3a6e6b35cb01 | ITER: 57 END: OK
2019-12-20 22:03:01.444 179 INFO rally.task.runner [-] Task 4bb9781d-059d-4802-8eb6-3a6e6b35cb01 | ITER: 68 START
2019-12-20 22:03:01.445 155 INFO rally.task.runner [-] Task 4bb9781d-059d-4802-8eb6-3a6e6b35cb01 | ITER: 69 START
2019-12-20 22:03:01.445 146 INFO rally.task.runner [-] Task 4bb9781d-059d-4802-8eb6-3a6e6b35cb01 | ITER: 70 START
2019-12-20 22:03:01.446 144 INFO rally.task.runner [-] Task 4bb9781d-059d-4802-8eb6-3a6e6b35cb01 | ITER: 71 START
2019-12-20 22:03:01.450 158 INFO rally.task.runner [-] Task 4bb9781d-059d-4802-8eb6-3a6e6b35cb01 | ITER: 51 END: OK
2019-12-20 22:03:01.451 141 INFO rally.task.runner [-] Task 4bb9781d-059d-4802-8eb6-3a6e6b35cb01 | ITER: 59 END: OK
2019-12-20 22:03:01.452 158 INFO rally.task.runner [-] Task 4bb9781d-059d-4802-8eb6-3a6e6b35cb01 | ITER: 72 START
2019-12-20 22:03:01.454 141 INFO rally.task.runner [-] Task 4bb9781d-059d-4802-8eb6-3a6e6b35cb01 | ITER: 73 START
2019-12-20 22:03:01.456 163 INFO rally.task.runner [-] Task 4bb9781d-059d-4802-8eb6-3a6e6b35cb01 | ITER: 56 END: OK
2019-12-20 22:03:01.459 163 INFO rally.task.runner [-] Task 4bb9781d-059d-4802-8eb6-3a6e6b35cb01 | ITER: 74 START
2019-12-20 22:03:01.514 173 INFO rally.task.runner [-] Task 4bb9781d-059d-4802-8eb6-3a6e6b35cb01 | ITER: 52 END: OK
2019-12-20 22:03:01.517 173 INFO rally.task.runner [-] Task 4bb9781d-059d-4802-8eb6-3a6e6b35cb01 | ITER: 75 START
2019-12-20 22:03:01.545 139 INFO rally.task.runner [-] Task 4bb9781d-059d-4802-8eb6-3a6e6b35cb01 | ITER: 50 END: OK
2019-12-20 22:03:01.548 139 INFO rally.task.runner [-] Task 4bb9781d-059d-4802-8eb6-3a6e6b35cb01 | ITER: 76 START
2019-12-20 22:03:01.563 170 INFO rally.task.runner [-] Task 4bb9781d-059d-4802-8eb6-3a6e6b35cb01 | ITER: 47 END: OK
2019-12-20 22:03:01.566 170 INFO rally.task.runner [-] Task 4bb9781d-059d-4802-8eb6-3a6e6b35cb01 | ITER: 77 START
2019-12-20 22:03:01.909 160 INFO rally.task.runner [-] Task 4bb9781d-059d-4802-8eb6-3a6e6b35cb01 | ITER: 54 END: OK
2019-12-20 22:03:01.913 160 INFO rally.task.runner [-] Task 4bb9781d-059d-4802-8eb6-3a6e6b35cb01 | ITER: 78 START
2019-12-20 22:03:01.942 151 INFO rally.task.runner [-] Task 4bb9781d-059d-4802-8eb6-3a6e6b35cb01 | ITER: 53 END: OK
2019-12-20 22:03:01.945 151 INFO rally.task.runner [-] Task 4bb9781d-059d-4802-8eb6-3a6e6b35cb01 | ITER: 79 START
2019-12-20 22:03:02.576 142 INFO rally.task.runner [-] Task 4bb9781d-059d-4802-8eb6-3a6e6b35cb01 | ITER: 60 END: OK
2019-12-20 22:03:02.579 142 INFO rally.task.runner [-] Task 4bb9781d-059d-4802-8eb6-3a6e6b35cb01 | ITER: 80 START
2019-12-20 22:03:02.920 165 INFO rally.task.runner [-] Task 4bb9781d-059d-4802-8eb6-3a6e6b35cb01 | ITER: 63 END: OK
2019-12-20 22:03:02.923 165 INFO rally.task.runner [-] Task 4bb9781d-059d-4802-8eb6-3a6e6b35cb01 | ITER: 81 START
2019-12-20 22:03:02.923 141 INFO rally.task.runner [-] Task 4bb9781d-059d-4802-8eb6-3a6e6b35cb01 | ITER: 73 END: OK
2019-12-20 22:03:02.927 141 INFO rally.task.runner [-] Task 4bb9781d-059d-4802-8eb6-3a6e6b35cb01 | ITER: 82 START
2019-12-20 22:03:02.952 140 INFO rally.task.runner [-] Task 4bb9781d-059d-4802-8eb6-3a6e6b35cb01 | ITER: 62 END: OK
2019-12-20 22:03:02.955 140 INFO rally.task.runner [-] Task 4bb9781d-059d-4802-8eb6-3a6e6b35cb01 | ITER: 83 START
2019-12-20 22:03:03.322 158 INFO rally.task.runner [-] Task 4bb9781d-059d-4802-8eb6-3a6e6b35cb01 | ITER: 72 END: OK
2019-12-20 22:03:03.323 181 INFO rally.task.runner [-] Task 4bb9781d-059d-4802-8eb6-3a6e6b35cb01 | ITER: 64 END: OK
2019-12-20 22:03:03.325 158 INFO rally.task.runner [-] Task 4bb9781d-059d-4802-8eb6-3a6e6b35cb01 | ITER: 84 START
2019-12-20 22:03:03.326 181 INFO rally.task.runner [-] Task 4bb9781d-059d-4802-8eb6-3a6e6b35cb01 | ITER: 85 START
2019-12-20 22:03:03.335 180 INFO rally.task.runner [-] Task 4bb9781d-059d-4802-8eb6-3a6e6b35cb01 | ITER: 66 END: OK
2019-12-20 22:03:03.338 180 INFO rally.task.runner [-] Task 4bb9781d-059d-4802-8eb6-3a6e6b35cb01 | ITER: 86 START
2019-12-20 22:03:03.350 144 INFO rally.task.runner [-] Task 4bb9781d-059d-4802-8eb6-3a6e6b35cb01 | ITER: 71 END: OK
2019-12-20 22:03:03.351 146 INFO rally.task.runner [-] Task 4bb9781d-059d-4802-8eb6-3a6e6b35cb01 | ITER: 70 END: OK
2019-12-20 22:03:03.353 174 INFO rally.task.runner [-] Task 4bb9781d-059d-4802-8eb6-3a6e6b35cb01 | ITER: 61 END: OK
2019-12-20 22:03:03.353 144 INFO rally.task.runner [-] Task 4bb9781d-059d-4802-8eb6-3a6e6b35cb01 | ITER: 87 START
2019-12-20 22:03:03.353 146 INFO rally.task.runner [-] Task 4bb9781d-059d-4802-8eb6-3a6e6b35cb01 | ITER: 88 START
2019-12-20 22:03:03.355 171 INFO rally.task.runner [-] Task 4bb9781d-059d-4802-8eb6-3a6e6b35cb01 | ITER: 65 END: OK
2019-12-20 22:03:03.356 174 INFO rally.task.runner [-] Task 4bb9781d-059d-4802-8eb6-3a6e6b35cb01 | ITER: 89 START
2019-12-20 22:03:03.356 179 INFO rally.task.runner [-] Task 4bb9781d-059d-4802-8eb6-3a6e6b35cb01 | ITER: 68 END: OK
2019-12-20 22:03:03.358 171 INFO rally.task.runner [-] Task 4bb9781d-059d-4802-8eb6-3a6e6b35cb01 | ITER: 90 START
2019-12-20 22:03:03.359 179 INFO rally.task.runner [-] Task 4bb9781d-059d-4802-8eb6-3a6e6b35cb01 | ITER: 91 START
2019-12-20 22:03:03.439 170 INFO rally.task.runner [-] Task 4bb9781d-059d-4802-8eb6-3a6e6b35cb01 | ITER: 77 END: OK
2019-12-20 22:03:03.442 170 INFO rally.task.runner [-] Task 4bb9781d-059d-4802-8eb6-3a6e6b35cb01 | ITER: 92 START
2019-12-20 22:03:03.673 163 INFO rally.task.runner [-] Task 4bb9781d-059d-4802-8eb6-3a6e6b35cb01 | ITER: 74 END: OK
2019-12-20 22:03:03.676 163 INFO rally.task.runner [-] Task 4bb9781d-059d-4802-8eb6-3a6e6b35cb01 | ITER: 93 START
2019-12-20 22:03:03.703 155 INFO rally.task.runner [-] Task 4bb9781d-059d-4802-8eb6-3a6e6b35cb01 | ITER: 69 END: OK
2019-12-20 22:03:03.706 155 INFO rally.task.runner [-] Task 4bb9781d-059d-4802-8eb6-3a6e6b35cb01 | ITER: 94 START
2019-12-20 22:03:03.739 183 INFO rally.task.runner [-] Task 4bb9781d-059d-4802-8eb6-3a6e6b35cb01 | ITER: 67 END: OK
2019-12-20 22:03:03.743 183 INFO rally.task.runner [-] Task 4bb9781d-059d-4802-8eb6-3a6e6b35cb01 | ITER: 95 START
2019-12-20 22:03:04.496 173 INFO rally.task.runner [-] Task 4bb9781d-059d-4802-8eb6-3a6e6b35cb01 | ITER: 75 END: OK
2019-12-20 22:03:04.500 173 INFO rally.task.runner [-] Task 4bb9781d-059d-4802-8eb6-3a6e6b35cb01 | ITER: 96 START
2019-12-20 22:03:04.501 139 INFO rally.task.runner [-] Task 4bb9781d-059d-4802-8eb6-3a6e6b35cb01 | ITER: 76 END: OK
2019-12-20 22:03:04.504 139 INFO rally.task.runner [-] Task 4bb9781d-059d-4802-8eb6-3a6e6b35cb01 | ITER: 97 START
2019-12-20 22:03:04.615 160 INFO rally.task.runner [-] Task 4bb9781d-059d-4802-8eb6-3a6e6b35cb01 | ITER: 78 END: OK
2019-12-20 22:03:04.618 140 INFO rally.task.runner [-] Task 4bb9781d-059d-4802-8eb6-3a6e6b35cb01 | ITER: 83 END: OK
2019-12-20 22:03:04.619 160 INFO rally.task.runner [-] Task 4bb9781d-059d-4802-8eb6-3a6e6b35cb01 | ITER: 98 START
2019-12-20 22:03:04.623 140 INFO rally.task.runner [-] Task 4bb9781d-059d-4802-8eb6-3a6e6b35cb01 | ITER: 99 START
2019-12-20 22:03:04.637 141 INFO rally.task.runner [-] Task 4bb9781d-059d-4802-8eb6-3a6e6b35cb01 | ITER: 82 END: OK
2019-12-20 22:03:04.640 141 INFO rally.task.runner [-] Task 4bb9781d-059d-4802-8eb6-3a6e6b35cb01 | ITER: 100 START
2019-12-20 22:03:04.641 165 INFO rally.task.runner [-] Task 4bb9781d-059d-4802-8eb6-3a6e6b35cb01 | ITER: 81 END: OK
2019-12-20 22:03:06.850 179 INFO rally.task.runner [-] Task 4bb9781d-059d-4802-8eb6-3a6e6b35cb01 | ITER: 91 END: OK
2019-12-20 22:03:06.851 151 INFO rally.task.runner [-] Task 4bb9781d-059d-4802-8eb6-3a6e6b35cb01 | ITER: 79 END: OK
2019-12-20 22:03:06.866 181 INFO rally.task.runner [-] Task 4bb9781d-059d-4802-8eb6-3a6e6b35cb01 | ITER: 85 END: OK
2019-12-20 22:03:06.869 158 INFO rally.task.runner [-] Task 4bb9781d-059d-4802-8eb6-3a6e6b35cb01 | ITER: 84 END: OK
2019-12-20 22:03:06.870 180 INFO rally.task.runner [-] Task 4bb9781d-059d-4802-8eb6-3a6e6b35cb01 | ITER: 86 END: OK
2019-12-20 22:03:06.873 171 INFO rally.task.runner [-] Task 4bb9781d-059d-4802-8eb6-3a6e6b35cb01 | ITER: 90 END: OK
2019-12-20 22:03:06.874 174 INFO rally.task.runner [-] Task 4bb9781d-059d-4802-8eb6-3a6e6b35cb01 | ITER: 89 END: OK
2019-12-20 22:03:06.875 170 INFO rally.task.runner [-] Task 4bb9781d-059d-4802-8eb6-3a6e6b35cb01 | ITER: 92 END: OK
2019-12-20 22:03:06.884 146 INFO rally.task.runner [-] Task 4bb9781d-059d-4802-8eb6-3a6e6b35cb01 | ITER: 88 END: OK
2019-12-20 22:03:06.885 163 INFO rally.task.runner [-] Task 4bb9781d-059d-4802-8eb6-3a6e6b35cb01 | ITER: 93 END: OK
2019-12-20 22:03:06.886 139 INFO rally.task.runner [-] Task 4bb9781d-059d-4802-8eb6-3a6e6b35cb01 | ITER: 97 END: OK
2019-12-20 22:03:06.890 183 INFO rally.task.runner [-] Task 4bb9781d-059d-4802-8eb6-3a6e6b35cb01 | ITER: 95 END: OK
2019-12-20 22:03:06.892 173 INFO rally.task.runner [-] Task 4bb9781d-059d-4802-8eb6-3a6e6b35cb01 | ITER: 96 END: OK
2019-12-20 22:03:06.893 155 INFO rally.task.runner [-] Task 4bb9781d-059d-4802-8eb6-3a6e6b35cb01 | ITER: 94 END: OK
2019-12-20 22:03:07.061 141 INFO rally.task.runner [-] Task 4bb9781d-059d-4802-8eb6-3a6e6b35cb01 | ITER: 100 END: OK
2019-12-20 22:03:07.161 140 INFO rally.task.runner [-] Task 4bb9781d-059d-4802-8eb6-3a6e6b35cb01 | ITER: 99 END: OK
2019-12-20 22:03:07.327 160 INFO rally.task.runner [-] Task 4bb9781d-059d-4802-8eb6-3a6e6b35cb01 | ITER: 98 END: OK
2019-12-20 22:03:07.469 144 INFO rally.task.runner [-] Task 4bb9781d-059d-4802-8eb6-3a6e6b35cb01 | ITER: 87 END: OK
2019-12-20 22:03:07.662 142 INFO rally.task.runner [-] Task 4bb9781d-059d-4802-8eb6-3a6e6b35cb01 | ITER: 80 END: OK
2019-12-20 22:03:07.690 15 INFO rally.task.context [-] Task 4bb9781d-059d-4802-8eb6-3a6e6b35cb01 | Context cleanup@openstack cleanup() started
2019-12-20 22:03:07.693 15 RALLYDEBUG rally_openstack.cleanup.manager [-] Cleaning up neutron vip objects
2019-12-20 22:03:07.949 15 RALLYDEBUG rally_openstack.cleanup.manager [-] Cleaning up neutron health_monitor objects
2019-12-20 22:03:08.089 15 RALLYDEBUG rally_openstack.cleanup.manager [-] Cleaning up neutron pool objects
2019-12-20 22:03:08.289 15 RALLYDEBUG rally_openstack.cleanup.manager [-] Cleaning up neutron loadbalancer objects
2019-12-20 22:03:08.425 15 RALLYDEBUG rally_openstack.cleanup.manager [-] Cleaning up neutron floatingip objects
2019-12-20 22:03:08.772 15 RALLYDEBUG rally_openstack.cleanup.manager [-] Cleaning up neutron trunk objects
2019-12-20 22:03:09.111 15 RALLYDEBUG rally_openstack.cleanup.manager [-] Cleaning up neutron port objects
2019-12-20 22:03:09.343 15 RALLYDEBUG rally_openstack.cleanup.manager [-] Cleaning up neutron subnet objects
2019-12-20 22:03:09.684 15 RALLYDEBUG rally_openstack.cleanup.manager [-] Cleaning up neutron network objects
2019-12-20 22:03:10.318 15 RALLYDEBUG rally_openstack.cleanup.manager [-] Deleting neutron.network object s_rally_b02602bc_PZ2KR6jH (0071ae1c-d56b-4c27-b91e-0ef0f29c6d82)
2019-12-20 22:03:10.327 15 RALLYDEBUG rally_openstack.cleanup.manager [-] Deleting neutron.network object s_rally_b02602bc_d6ByhtwA (03c1b727-7702-4084-b045-6dd3bae6723a)
2019-12-20 22:03:10.328 15 RALLYDEBUG rally_openstack.cleanup.manager [-] Deleting neutron.network object s_rally_b02602bc_VDn1mH0R (03af8c79-d979-4923-82ce-78a89745f76b)
2019-12-20 22:03:10.340 15 RALLYDEBUG rally_openstack.cleanup.manager [-] Deleting neutron.network object s_rally_b02602bc_cHWj16Yg (041f8e16-11d4-4691-8043-f9caba03e893)
2019-12-20 22:03:10.342 15 RALLYDEBUG rally_openstack.cleanup.manager [-] Deleting neutron.network object s_rally_b02602bc_px9uEa5L (064379ca-1a07-4bc2-818c-1c630b1d8e4d)
2019-12-20 22:03:10.353 15 RALLYDEBUG rally_openstack.cleanup.manager [-] Deleting neutron.network object s_rally_b02602bc_ZhrFGXOw (0eaec434-f1b6-4b7c-a8a3-7fda49619f54)
2019-12-20 22:03:10.359 15 RALLYDEBUG rally_openstack.cleanup.manager [-] Deleting neutron.network object s_rally_b02602bc_hnCD1dvF (1115b787-1b45-4499-b615-32389f66ddab)
2019-12-20 22:03:10.377 15 RALLYDEBUG rally_openstack.cleanup.manager [-] Deleting neutron.network object s_rally_b02602bc_EtSn4QxJ (1417becd-eb7f-41c3-a6bc-798caff234e2)
2019-12-20 22:03:10.393 15 RALLYDEBUG rally_openstack.cleanup.manager [-] Deleting neutron.network object s_rally_b02602bc_9yy0alhq (1622293d-f5e1-4d92-b1fc-21d4f4b2f107)
2019-12-20 22:03:10.401 15 RALLYDEBUG rally_openstack.cleanup.manager [-] Deleting neutron.network object s_rally_b02602bc_m54jtDQ5 (1ebc7f15-3d64-4138-916e-173315c50002)
2019-12-20 22:03:10.408 15 RALLYDEBUG rally_openstack.cleanup.manager [-] Deleting neutron.network object s_rally_b02602bc_PPVoH2dl (24adefea-4de4-4362-842b-0333a7dcabea)
2019-12-20 22:03:10.414 15 RALLYDEBUG rally_openstack.cleanup.manager [-] Deleting neutron.network object s_rally_b02602bc_QLYpLiWA (200bf1dc-0b61-4acc-ab84-d4cc0708fd0f)
2019-12-20 22:03:10.421 15 RALLYDEBUG rally_openstack.cleanup.manager [-] Deleting neutron.network object s_rally_b02602bc_JVF8IwGI (260aa5df-5950-4968-8acc-c5d613ec9fb6)
2019-12-20 22:03:10.447 15 RALLYDEBUG rally_openstack.cleanup.manager [-] Deleting neutron.network object s_rally_b02602bc_e7Nq056C (27995429-2673-4ad2-87fd-b9d6814ad69a)
2019-12-20 22:03:10.500 15 RALLYDEBUG rally_openstack.cleanup.manager [-] Deleting neutron.network object s_rally_b02602bc_EN1PKdM6 (260c6091-2d97-4bff-afd4-d7fede25f241)
2019-12-20 22:03:10.503 15 RALLYDEBUG rally_openstack.cleanup.manager [-] Deleting neutron.network object s_rally_b02602bc_Nhn6OLqB (28fe070e-f60c-4d14-a547-c4202553568d)
2019-12-20 22:03:10.504 15 RALLYDEBUG rally_openstack.cleanup.manager [-] Deleting neutron.network object s_rally_b02602bc_I0DPPb8K (2c3b5b34-e5c9-43a4-8e82-91808e9e1a69)
2019-12-20 22:03:10.534 15 RALLYDEBUG rally_openstack.cleanup.manager [-] Deleting neutron.network object s_rally_b02602bc_Rkmy6F6b (2cbba0c7-2320-45b9-a414-f79201cececf)
2019-12-20 22:03:10.546 15 RALLYDEBUG rally_openstack.cleanup.manager [-] Deleting neutron.network object s_rally_b02602bc_zq2BSfaU (2daedd97-7a6f-4676-8c29-57b6c58e719c)
2019-12-20 22:03:10.560 15 RALLYDEBUG rally_openstack.cleanup.manager [-] Deleting neutron.network object s_rally_b02602bc_FYjoTwvj (30f52b38-7b0e-433d-b555-d58ed8714199)
2019-12-20 22:03:12.450 15 RALLYDEBUG rally_openstack.cleanup.manager [-] Deleting neutron.network object s_rally_b02602bc_GsKYgj6D (362390c3-4305-4a7f-be95-0be8a9abc23e)
2019-12-20 22:03:12.610 15 RALLYDEBUG rally_openstack.cleanup.manager [-] Deleting neutron.network object s_rally_b02602bc_wNzwVQcM (3a3ee375-9a7d-469e-960c-e41a0e8f333a)
2019-12-20 22:03:12.736 15 RALLYDEBUG rally_openstack.cleanup.manager [-] Deleting neutron.network object s_rally_b02602bc_ddrPUA57 (3a62a170-f0f1-4cef-9bd7-2caca3332a51)
2019-12-20 22:03:12.921 15 RALLYDEBUG rally_openstack.cleanup.manager [-] Deleting neutron.network object s_rally_b02602bc_Xj2nzvI5 (427e9055-57d9-4d24-8f11-1c48b7caf6a1)
2019-12-20 22:03:12.937 15 RALLYDEBUG rally_openstack.cleanup.manager [-] Deleting neutron.network object s_rally_b02602bc_8ko1VQZJ (432dc6f5-6330-4ef5-8cd2-da66c43beeef)
2019-12-20 22:03:12.979 15 RALLYDEBUG rally_openstack.cleanup.manager [-] Deleting neutron.network object s_rally_b02602bc_W94BQnjm (474a123d-30e8-47db-a68e-1da9a8eb2c51)
2019-12-20 22:03:12.983 15 RALLYDEBUG rally_openstack.cleanup.manager [-] Deleting neutron.network object s_rally_b02602bc_dBj6mBLi (4b3279de-d791-4f70-9363-c906398bd5a9)
2019-12-20 22:03:13.044 15 RALLYDEBUG rally_openstack.cleanup.manager [-] Deleting neutron.network object s_rally_b02602bc_8QZR6Dm6 (4cda7450-0fe3-40b0-a540-d8be8febf182)
2019-12-20 22:03:13.048 15 RALLYDEBUG rally_openstack.cleanup.manager [-] Deleting neutron.network object s_rally_b02602bc_9xKkstDI (4f928ad1-c1ca-4aa6-9b7e-2589b46f63ff)
2019-12-20 22:03:13.117 15 RALLYDEBUG rally_openstack.cleanup.manager [-] Deleting neutron.network object s_rally_b02602bc_g3xZyAut (5154916a-721a-4ba6-af62-4bd2a2bcc995)
2019-12-20 22:03:13.606 15 RALLYDEBUG rally_openstack.cleanup.manager [-] Deleting neutron.network object s_rally_b02602bc_6sbLhkjt (54787f41-3204-4584-b47a-26871af63aaf)
2019-12-20 22:03:13.610 15 RALLYDEBUG rally_openstack.cleanup.manager [-] Deleting neutron.network object s_rally_b02602bc_tQDP35AB (57850b37-4e61-4ebf-bf70-083b4f9d4ff6)
2019-12-20 22:03:13.826 15 RALLYDEBUG rally_openstack.cleanup.manager [-] Deleting neutron.network object s_rally_b02602bc_OIvlELYL (5d110f18-24b8-4c90-955b-11757971189e)
2019-12-20 22:03:13.868 15 RALLYDEBUG rally_openstack.cleanup.manager [-] Deleting neutron.network object s_rally_b02602bc_wmAmhIlJ (61f19f00-14fd-483f-a063-a043ac477c4b)
2019-12-20 22:03:13.875 15 RALLYDEBUG rally_openstack.cleanup.manager [-] Deleting neutron.network object s_rally_b02602bc_0yix32Xj (639586c6-70bd-4df1-8b55-4609111b777b)
2019-12-20 22:03:14.081 15 RALLYDEBUG rally_openstack.cleanup.manager [-] Deleting neutron.network object s_rally_b02602bc_mfXJogB1 (6479b741-389f-4a9f-8985-728c54093464)
2019-12-20 22:03:14.159 15 RALLYDEBUG rally_openstack.cleanup.manager [-] Deleting neutron.network object s_rally_b02602bc_z3subY71 (649ba410-6e7c-4850-9dda-238681f54ab6)
2019-12-20 22:03:14.185 15 RALLYDEBUG rally_openstack.cleanup.manager [-] Deleting neutron.network object s_rally_b02602bc_r2bIxbZW (64f14065-96b2-4e8c-adf2-bc9bc21e4c23)
2019-12-20 22:03:14.391 15 RALLYDEBUG rally_openstack.cleanup.manager [-] Deleting neutron.network object s_rally_b02602bc_ZsXHXHuW (6919911d-96b6-466c-b389-2bc37631c512)
2019-12-20 22:03:14.461 15 RALLYDEBUG rally_openstack.cleanup.manager [-] Deleting neutron.network object s_rally_b02602bc_I5K2yPSI (6d3686a8-2ce4-4572-aaec-3807ac57736d)
2019-12-20 22:03:14.495 15 RALLYDEBUG rally_openstack.cleanup.manager [-] Deleting neutron.network object s_rally_b02602bc_PHMs74Cb (6e961ce6-d648-44c6-8418-4a35de161f9e)
2019-12-20 22:03:14.595 15 RALLYDEBUG rally_openstack.cleanup.manager [-] Deleting neutron.network object s_rally_b02602bc_nehuHNdr (73dfe9d9-9f9c-48aa-90af-68d91fd87cfa)
2019-12-20 22:03:15.117 15 RALLYDEBUG rally_openstack.cleanup.manager [-] Deleting neutron.network object s_rally_b02602bc_NP6SdRt6 (74e852e4-1a8b-4d11-a769-9a218afbaba7)
2019-12-20 22:03:15.162 15 RALLYDEBUG rally_openstack.cleanup.manager [-] Deleting neutron.network object s_rally_b02602bc_6rPfv9LX (778ff5a4-2a8c-4e1c-b555-189800f6b0b2)
2019-12-20 22:03:15.494 15 RALLYDEBUG rally_openstack.cleanup.manager [-] Deleting neutron.network object s_rally_b02602bc_zQUsGcnY (79fe17a1-81e9-47f6-8445-90bc0cd461cb)
2019-12-20 22:03:15.551 15 RALLYDEBUG rally_openstack.cleanup.manager [-] Deleting neutron.network object s_rally_b02602bc_TlniQ3YB (7ab226a7-c93d-4fc2-a994-69bf0cd2bb1e)
2019-12-20 22:03:15.621 15 RALLYDEBUG rally_openstack.cleanup.manager [-] Deleting neutron.network object s_rally_b02602bc_SUPSVksq (7caa53b4-9d18-4425-ace2-7c676f1d08dc)
2019-12-20 22:03:15.628 15 RALLYDEBUG rally_openstack.cleanup.manager [-] Deleting neutron.network object s_rally_b02602bc_E1nQTfaX (7ea90248-3b98-4cba-af65-5ccc152e7356)
2019-12-20 22:03:16.073 15 RALLYDEBUG rally_openstack.cleanup.manager [-] Deleting neutron.network object s_rally_b02602bc_SHBP1Bdd (7f700794-f12b-4602-ac99-14b7646fcaae)
2019-12-20 22:03:16.084 15 RALLYDEBUG rally_openstack.cleanup.manager [-] Deleting neutron.network object s_rally_b02602bc_gCcwXNbD (809a98e1-702d-4251-b00c-d79e1e7ebe02)
2019-12-20 22:03:16.136 15 RALLYDEBUG rally_openstack.cleanup.manager [-] Deleting neutron.network object s_rally_b02602bc_MjIb5i3F (83cfe795-3835-45e5-ae5f-2585a0e88b6c)
2019-12-20 22:03:16.214 15 RALLYDEBUG rally_openstack.cleanup.manager [-] Deleting neutron.network object s_rally_b02602bc_eOYq1xiA (85981197-2766-433c-b7d8-b834d42bc43a)
2019-12-20 22:03:16.216 15 RALLYDEBUG rally_openstack.cleanup.manager [-] Deleting neutron.network object s_rally_b02602bc_fgR0RfHA (87c9e0f6-fe62-4f79-8b2b-359f8e5a473a)
2019-12-20 22:03:16.242 15 RALLYDEBUG rally_openstack.cleanup.manager [-] Deleting neutron.network object s_rally_b02602bc_1xe4NEti (8ce3e3b8-ae77-4990-9cb8-91105262c5f1)
2019-12-20 22:03:16.269 15 RALLYDEBUG rally_openstack.cleanup.manager [-] Deleting neutron.network object s_rally_b02602bc_bQOE6KSD (8d45c006-f9d8-4f3e-a7ee-71457f72f804)
2019-12-20 22:03:16.320 15 RALLYDEBUG rally_openstack.cleanup.manager [-] Deleting neutron.network object s_rally_b02602bc_cPwanwfL (91006443-0075-4394-acd5-d3d26a672d91)
2019-12-20 22:03:16.354 15 RALLYDEBUG rally_openstack.cleanup.manager [-] Deleting neutron.network object s_rally_b02602bc_rWjQ9otC (91cb012c-34a9-4926-bdd6-b3c534ea4c85)
2019-12-20 22:03:16.377 15 RALLYDEBUG rally_openstack.cleanup.manager [-] Deleting neutron.network object s_rally_b02602bc_2SaD78P2 (93a51243-f3b4-4fe2-9f37-b95c539970bb)
2019-12-20 22:03:16.484 15 RALLYDEBUG rally_openstack.cleanup.manager [-] Deleting neutron.network object s_rally_b02602bc_lEd8xetb (9998a314-9aa7-49f1-990b-291a3ea95448)
2019-12-20 22:03:16.669 15 RALLYDEBUG rally_openstack.cleanup.manager [-] Deleting neutron.network object s_rally_b02602bc_K5GO1WSb (9bd066c5-7188-46f5-9604-dfa7b993d45e)
2019-12-20 22:03:16.708 15 RALLYDEBUG rally_openstack.cleanup.manager [-] Deleting neutron.network object s_rally_b02602bc_pehMBXuI (9d4c52d8-6c9d-4df7-b5b7-c5caf84cde0d)
2019-12-20 22:03:17.002 15 RALLYDEBUG rally_openstack.cleanup.manager [-] Deleting neutron.network object s_rally_b02602bc_9uptBLFG (a03cdbf1-41ff-461e-9ad0-6ce10187fc4b)
2019-12-20 22:03:17.164 15 RALLYDEBUG rally_openstack.cleanup.manager [-] Deleting neutron.network object s_rally_b02602bc_eFauhALG (a1e796d8-0c75-4d8a-a776-509053950d55)
2019-12-20 22:03:17.321 15 RALLYDEBUG rally_openstack.cleanup.manager [-] Deleting neutron.network object s_rally_b02602bc_UVnEaLzS (a3b97cfa-9872-4978-bfc6-406dc0cc7914)
2019-12-20 22:03:17.613 15 RALLYDEBUG rally_openstack.cleanup.manager [-] Deleting neutron.network object s_rally_b02602bc_wfvtXXX2 (a61afca4-fd28-4efa-aae2-67d235dea672)
2019-12-20 22:03:18.240 15 RALLYDEBUG rally_openstack.cleanup.manager [-] Deleting neutron.network object s_rally_b02602bc_c3BpW5o3 (a73ac9ed-698c-46e9-ae16-d1ac5d90984a)
2019-12-20 22:03:18.419 15 RALLYDEBUG rally_openstack.cleanup.manager [-] Deleting neutron.network object s_rally_b02602bc_OUqfTiSM (aafcd66f-b595-455a-9788-b51bb3f8662c)
2019-12-20 22:03:18.423 15 RALLYDEBUG rally_openstack.cleanup.manager [-] Deleting neutron.network object s_rally_b02602bc_hxYuQznG (af79b0ee-182a-4aef-8bcf-f02cc9758c7e)
2019-12-20 22:03:18.589 15 RALLYDEBUG rally_openstack.cleanup.manager [-] Deleting neutron.network object s_rally_b02602bc_xrVjHcx6 (b1753a68-133f-4c49-872e-b714f929848e)
2019-12-20 22:03:18.632 15 RALLYDEBUG rally_openstack.cleanup.manager [-] Deleting neutron.network object s_rally_b02602bc_XyBqMZw3 (b3f132c5-460a-42aa-b0d2-541572666169)
2019-12-20 22:03:18.694 15 RALLYDEBUG rally_openstack.cleanup.manager [-] Deleting neutron.network object s_rally_b02602bc_fQl9tS07 (b79493b3-631d-4761-b3f4-7de0299eccd7)
2019-12-20 22:03:18.712 15 RALLYDEBUG rally_openstack.cleanup.manager [-] Deleting neutron.network object s_rally_b02602bc_xFV42h1z (bc6c75de-0951-4390-b3e8-f37e7c92f269)
2019-12-20 22:03:18.921 15 RALLYDEBUG rally_openstack.cleanup.manager [-] Deleting neutron.network object s_rally_b02602bc_2sYGmgpH (c1e125c5-3be7-4c96-a226-a7d50bb561ae)
2019-12-20 22:03:19.000 15 RALLYDEBUG rally_openstack.cleanup.manager [-] Deleting neutron.network object s_rally_b02602bc_lnLs4AmB (c886c2d9-b225-4f64-8fef-7d8e92918130)
2019-12-20 22:03:19.004 15 RALLYDEBUG rally_openstack.cleanup.manager [-] Deleting neutron.network object s_rally_b02602bc_a5KWRyGn (c8a830b8-7dc7-4bc2-beee-57405827678d)
2019-12-20 22:03:19.027 15 RALLYDEBUG rally_openstack.cleanup.manager [-] Deleting neutron.network object s_rally_b02602bc_eegBIAL1 (c95fcd6c-c471-4fbf-9b46-97b54ebef971)
2019-12-20 22:03:19.088 15 RALLYDEBUG rally_openstack.cleanup.manager [-] Deleting neutron.network object s_rally_b02602bc_2345mmu5 (d142276b-0876-4bd4-82f5-90b5fab6eb02)
2019-12-20 22:03:19.099 15 RALLYDEBUG rally_openstack.cleanup.manager [-] Deleting neutron.network object s_rally_b02602bc_Q1D68UUI (ce6fb3f1-ecad-4044-800f-e2744a6da3f4)
2019-12-20 22:03:19.115 15 RALLYDEBUG rally_openstack.cleanup.manager [-] Deleting neutron.network object s_rally_b02602bc_3vcXoCFa (d146d339-ba81-4a82-afcb-e88991a26446)
2019-12-20 22:03:19.261 15 RALLYDEBUG rally_openstack.cleanup.manager [-] Deleting neutron.network object s_rally_b02602bc_iuu4mIty (d4bba53c-3e71-46bf-a6c9-c5b832dfa2d4)
2019-12-20 22:03:19.298 15 RALLYDEBUG rally_openstack.cleanup.manager [-] Deleting neutron.network object s_rally_b02602bc_PS5UT400 (d58e8bbd-f4c0-463e-b3b9-2eb3fd9fe6f2)
2019-12-20 22:03:19.303 15 RALLYDEBUG rally_openstack.cleanup.manager [-] Deleting neutron.network object s_rally_b02602bc_xSiAa0NZ (d6fb41e3-8539-4326-9b7e-ce7c9f4f28d3)
