2019-12-20 22:09:43.745 3503 RALLYDEBUG rally.task.runner [-] Starting a worker. concurrency: 1 args: {"network_create_args": {}, "subnet_create_args": {}, "subnet_cidr_start": "1.1.0.0/30", "subnets_per_network": 2, "router_create_args": {}} times: 40 method_name: run timeout: 0 duration: None cls:
2019-12-20 22:09:43.746 3480 INFO rally.task.runner [-] Task 4bb9781d-059d-4802-8eb6-3a6e6b35cb01 | ITER: 6 START
2019-12-20 22:09:43.746 3491 INFO rally.task.runner [-] Task 4bb9781d-059d-4802-8eb6-3a6e6b35cb01 | ITER: 10 START
2019-12-20 22:09:43.746 3497 INFO rally.task.runner [-] Task 4bb9781d-059d-4802-8eb6-3a6e6b35cb01 | ITER: 13 START
2019-12-20 22:09:43.746 3494 INFO rally.task.runner [-] Task 4bb9781d-059d-4802-8eb6-3a6e6b35cb01 | ITER: 11 START
2019-12-20 22:09:43.748 3506 RALLYDEBUG rally.task.runner [-] Starting a worker. concurrency: 1 args: {"network_create_args": {}, "subnet_create_args": {}, "subnet_cidr_start": "1.1.0.0/30", "subnets_per_network": 2, "router_create_args": {}} times: 40 method_name: run timeout: 0 duration: None cls:
2019-12-20 22:09:43.750 3509 RALLYDEBUG rally.task.runner [-] Starting a worker. concurrency: 1 args: {"network_create_args": {}, "subnet_create_args": {}, "subnet_cidr_start": "1.1.0.0/30", "subnets_per_network": 2, "router_create_args": {}} times: 40 method_name: run timeout: 0 duration: None cls:
2019-12-20 22:09:43.751 3499 INFO rally.task.runner [-] Task 4bb9781d-059d-4802-8eb6-3a6e6b35cb01 | ITER: 14 START
2019-12-20 22:09:43.751 3503 INFO rally.task.runner [-] Task 4bb9781d-059d-4802-8eb6-3a6e6b35cb01 | ITER: 15 START
2019-12-20 22:09:43.752 3513 RALLYDEBUG rally.task.runner [-] Starting a worker. concurrency: 1 args: {"network_create_args": {}, "subnet_create_args": {}, "subnet_cidr_start": "1.1.0.0/30", "subnets_per_network": 2, "router_create_args": {}} times: 40 method_name: run timeout: 0 duration: None cls:
2019-12-20 22:09:43.752 3522 RALLYDEBUG rally.task.runner [-] Starting a worker. concurrency: 1 args: {"network_create_args": {}, "subnet_create_args": {}, "subnet_cidr_start": "1.1.0.0/30", "subnets_per_network": 2, "router_create_args": {}} times: 40 method_name: run timeout: 0 duration: None cls:
2019-12-20 22:09:43.753 3521 RALLYDEBUG rally.task.runner [-] Starting a worker. concurrency: 1 args: {"network_create_args": {}, "subnet_create_args": {}, "subnet_cidr_start": "1.1.0.0/30", "subnets_per_network": 2, "router_create_args": {}} times: 40 method_name: run timeout: 0 duration: None cls:
2019-12-20 22:09:43.754 3506 INFO rally.task.runner [-] Task 4bb9781d-059d-4802-8eb6-3a6e6b35cb01 | ITER: 16 START
2019-12-20 22:09:43.756 3522 INFO rally.task.runner [-] Task 4bb9781d-059d-4802-8eb6-3a6e6b35cb01 | ITER: 19 START
2019-12-20 22:09:43.757 3509 INFO rally.task.runner [-] Task 4bb9781d-059d-4802-8eb6-3a6e6b35cb01 | ITER: 17 START
2019-12-20 22:09:43.758 3513 INFO rally.task.runner [-] Task 4bb9781d-059d-4802-8eb6-3a6e6b35cb01 | ITER: 18 START
2019-12-20 22:09:43.760 3521 INFO rally.task.runner [-] Task 4bb9781d-059d-4802-8eb6-3a6e6b35cb01 | ITER: 20 START
2019-12-20 22:09:44.300 3491 RALLYDEBUG rally_openstack.wrappers.network [-] CIDR generated: 1.1.8.32/30
2019-12-20 22:09:44.443 3521 RALLYDEBUG rally_openstack.wrappers.network [-] CIDR generated: 1.1.8.36/30
2019-12-20 22:09:44.452 3497 RALLYDEBUG rally_openstack.wrappers.network [-] CIDR generated: 1.1.8.40/30
2019-12-20 22:09:44.468 3480 RALLYDEBUG rally_openstack.wrappers.network [-] CIDR generated: 1.1.8.44/30
2019-12-20 22:09:44.469 3476 RALLYDEBUG rally_openstack.wrappers.network [-] CIDR generated: 1.1.8.48/30
2019-12-20 22:09:44.476 3503 RALLYDEBUG rally_openstack.wrappers.network [-] CIDR generated: 1.1.8.52/30
2019-12-20 22:09:44.479 3513 RALLYDEBUG rally_openstack.wrappers.network [-] CIDR generated: 1.1.8.56/30
2019-12-20 22:09:44.528 3478 RALLYDEBUG rally_openstack.wrappers.network [-] CIDR generated: 1.1.8.60/30
2019-12-20 22:09:44.533 3509 RALLYDEBUG rally_openstack.wrappers.network [-] CIDR generated: 1.1.8.64/30
2019-12-20 22:09:44.534 3506 RALLYDEBUG rally_openstack.wrappers.network [-] CIDR generated: 1.1.8.68/30
2019-12-20 22:09:44.544 3485 RALLYDEBUG rally_openstack.wrappers.network [-] CIDR generated: 1.1.8.72/30
2019-12-20 22:09:44.668 3477 RALLYDEBUG rally_openstack.wrappers.network [-] CIDR generated: 1.1.8.76/30
2019-12-20 22:09:44.718 3499 RALLYDEBUG rally_openstack.wrappers.network [-] CIDR generated: 1.1.8.80/30
2019-12-20 22:09:44.746 3522 RALLYDEBUG rally_openstack.wrappers.network [-] CIDR generated: 1.1.8.84/30
2019-12-20 22:09:44.862 3479 RALLYDEBUG rally_openstack.wrappers.network [-] CIDR generated: 1.1.8.88/30
2019-12-20 22:09:44.882 3488 RALLYDEBUG rally_openstack.wrappers.network [-] CIDR generated: 1.1.8.92/30
2019-12-20 22:09:44.939 3489 RALLYDEBUG rally_openstack.wrappers.network [-] CIDR generated: 1.1.8.96/30
2019-12-20 22:09:44.953 3494 RALLYDEBUG rally_openstack.wrappers.network [-] CIDR generated: 1.1.8.100/30
2019-12-20 22:09:45.071 3475 RALLYDEBUG rally_openstack.wrappers.network [-] CIDR generated: 1.1.8.104/30
2019-12-20 22:09:45.111 3501 RALLYDEBUG rally_openstack.wrappers.network [-] CIDR generated: 1.1.8.108/30
2019-12-20 22:09:45.222 3491 RALLYDEBUG rally_openstack.wrappers.network [-] CIDR generated: 1.1.8.112/30
2019-12-20 22:09:45.307 3497 RALLYDEBUG rally_openstack.wrappers.network [-] CIDR generated: 1.1.8.116/30
2019-12-20 22:09:45.468 3476 RALLYDEBUG rally_openstack.wrappers.network [-] CIDR generated: 1.1.8.120/30
2019-12-20 22:09:45.704 3521 RALLYDEBUG rally_openstack.wrappers.network [-] CIDR generated: 1.1.8.124/30
2019-12-20 22:09:45.776 3480 RALLYDEBUG rally_openstack.wrappers.network [-] CIDR generated: 1.1.8.128/30
2019-12-20 22:09:45.922 3489 RALLYDEBUG rally_openstack.wrappers.network [-] CIDR generated: 1.1.8.132/30
2019-12-20 22:09:46.065 3513 RALLYDEBUG rally_openstack.wrappers.network [-] CIDR generated: 1.1.8.136/30
2019-12-20 22:09:46.067 3478 RALLYDEBUG rally_openstack.wrappers.network [-] CIDR generated: 1.1.8.140/30
2019-12-20 22:09:46.126 3477 RALLYDEBUG rally_openstack.wrappers.network [-] CIDR generated: 1.1.8.144/30
2019-12-20 22:09:46.169 3485 RALLYDEBUG rally_openstack.wrappers.network [-] CIDR generated: 1.1.8.148/30
2019-12-20 22:09:46.276 3479 RALLYDEBUG rally_openstack.wrappers.network [-] CIDR generated: 1.1.8.152/30
2019-12-20 22:09:46.277 3488 RALLYDEBUG rally_openstack.wrappers.network [-] CIDR generated: 1.1.8.156/30
2019-12-20 22:09:46.504 3503 RALLYDEBUG rally_openstack.wrappers.network [-] CIDR generated: 1.1.8.160/30
2019-12-20 22:09:46.596 3509 RALLYDEBUG rally_openstack.wrappers.network [-] CIDR generated: 1.1.8.164/30
2019-12-20 22:09:46.598 3506 RALLYDEBUG rally_openstack.wrappers.network [-] CIDR generated: 1.1.8.168/30
2019-12-20 22:09:46.767 3494 RALLYDEBUG rally_openstack.wrappers.network [-] CIDR generated: 1.1.8.172/30
2019-12-20 22:09:46.884 3522 RALLYDEBUG rally_openstack.wrappers.network [-] CIDR generated: 1.1.8.176/30
2019-12-20 22:09:46.885 3499 RALLYDEBUG rally_openstack.wrappers.network [-] CIDR generated: 1.1.8.180/30
2019-12-20 22:09:47.007 3475 RALLYDEBUG rally_openstack.wrappers.network [-] CIDR generated: 1.1.8.184/30
2019-12-20 22:09:47.009 3501 RALLYDEBUG rally_openstack.wrappers.network [-] CIDR generated: 1.1.8.188/30
2019-12-20 22:09:59.277 3497 INFO rally.task.runner [-] Task 4bb9781d-059d-4802-8eb6-3a6e6b35cb01 | ITER: 13 END: OK
2019-12-20 22:09:59.280 3497 INFO rally.task.runner [-] Task 4bb9781d-059d-4802-8eb6-3a6e6b35cb01 | ITER: 21 START
2019-12-20 22:09:59.315 3521 INFO rally.task.runner [-] Task 4bb9781d-059d-4802-8eb6-3a6e6b35cb01 | ITER: 20 END: OK
2019-12-20 22:09:59.317 3521 INFO rally.task.runner [-] Task 4bb9781d-059d-4802-8eb6-3a6e6b35cb01 | ITER: 22 START
2019-12-20 22:09:59.682 3491 INFO rally.task.runner [-] Task 4bb9781d-059d-4802-8eb6-3a6e6b35cb01 | ITER: 10 END: OK
2019-12-20 22:09:59.685 3491 INFO rally.task.runner [-] Task 4bb9781d-059d-4802-8eb6-3a6e6b35cb01 | ITER: 23 START
2019-12-20 22:09:59.777 3521 RALLYDEBUG rally_openstack.wrappers.network [-] CIDR generated: 1.1.8.192/30
2019-12-20 22:09:59.791 3480 INFO rally.task.runner [-] Task 4bb9781d-059d-4802-8eb6-3a6e6b35cb01 | ITER: 6 END: OK
2019-12-20 22:09:59.794 3480 INFO rally.task.runner [-] Task 4bb9781d-059d-4802-8eb6-3a6e6b35cb01 | ITER: 24 START
2019-12-20 22:09:59.875 3476 INFO rally.task.runner [-] Task 4bb9781d-059d-4802-8eb6-3a6e6b35cb01 | ITER: 3 END: OK
2019-12-20 22:09:59.878 3476 INFO rally.task.runner [-] Task 4bb9781d-059d-4802-8eb6-3a6e6b35cb01 | ITER: 25 START
2019-12-20 22:10:00.004 3491 RALLYDEBUG rally_openstack.wrappers.network [-] CIDR generated: 1.1.8.196/30
2019-12-20 22:10:00.147 3478 INFO rally.task.runner [-] Task 4bb9781d-059d-4802-8eb6-3a6e6b35cb01 | ITER: 4 END: OK
2019-12-20 22:10:00.150 3478 INFO rally.task.runner [-] Task 4bb9781d-059d-4802-8eb6-3a6e6b35cb01 | ITER: 26 START
2019-12-20 22:10:00.161 3476 RALLYDEBUG rally_openstack.wrappers.network [-] CIDR generated: 1.1.8.200/30
2019-12-20 22:10:00.216 3497 RALLYDEBUG rally_openstack.wrappers.network [-] CIDR generated: 1.1.8.204/30
2019-12-20 22:10:00.316 3489 INFO rally.task.runner [-] Task 4bb9781d-059d-4802-8eb6-3a6e6b35cb01 | ITER: 7 END: OK
2019-12-20 22:10:00.320 3489 INFO rally.task.runner [-] Task 4bb9781d-059d-4802-8eb6-3a6e6b35cb01 | ITER: 27 START
2019-12-20 22:10:00.483 3477 INFO rally.task.runner [-] Task 4bb9781d-059d-4802-8eb6-3a6e6b35cb01 | ITER: 2 END: OK
2019-12-20 22:10:00.486 3477 INFO rally.task.runner [-] Task 4bb9781d-059d-4802-8eb6-3a6e6b35cb01 | ITER: 28 START
2019-12-20 22:10:00.572 3480 RALLYDEBUG rally_openstack.wrappers.network [-] CIDR generated: 1.1.8.208/30
2019-12-20 22:10:00.576 3478 RALLYDEBUG rally_openstack.wrappers.network [-] CIDR generated: 1.1.8.212/30
2019-12-20 22:10:00.609 3489 RALLYDEBUG rally_openstack.wrappers.network [-] CIDR generated: 1.1.8.216/30
2019-12-20 22:10:00.738 3513 INFO rally.task.runner [-] Task 4bb9781d-059d-4802-8eb6-3a6e6b35cb01 | ITER: 18 END: OK
2019-12-20 22:10:00.741 3513 INFO rally.task.runner [-] Task 4bb9781d-059d-4802-8eb6-3a6e6b35cb01 | ITER: 29 START
2019-12-20 22:10:00.820 3477 RALLYDEBUG rally_openstack.wrappers.network [-] CIDR generated: 1.1.8.220/30
2019-12-20 22:10:01.020 3521 RALLYDEBUG rally_openstack.wrappers.network [-] CIDR generated: 1.1.8.224/30
2019-12-20 22:10:01.039 3513 RALLYDEBUG rally_openstack.wrappers.network [-] CIDR generated: 1.1.8.228/30
2019-12-20 22:10:01.284 3478 RALLYDEBUG rally_openstack.wrappers.network [-] CIDR generated: 1.1.8.232/30
2019-12-20 22:10:01.304 3485 INFO rally.task.runner [-] Task 4bb9781d-059d-4802-8eb6-3a6e6b35cb01 | ITER: 8 END: OK
2019-12-20 22:10:01.307 3485 INFO rally.task.runner [-] Task 4bb9781d-059d-4802-8eb6-3a6e6b35cb01 | ITER: 30 START
2019-12-20 22:10:01.337 3497 RALLYDEBUG rally_openstack.wrappers.network [-] CIDR generated: 1.1.8.236/30
2019-12-20 22:10:01.431 3480 RALLYDEBUG rally_openstack.wrappers.network [-] CIDR generated: 1.1.8.240/30
2019-12-20 22:10:01.528 3491 RALLYDEBUG rally_openstack.wrappers.network [-] CIDR generated: 1.1.8.244/30
2019-12-20 22:10:01.730 3513 RALLYDEBUG rally_openstack.wrappers.network [-] CIDR generated: 1.1.8.248/30
2019-12-20 22:10:01.782 3477 RALLYDEBUG rally_openstack.wrappers.network [-] CIDR generated: 1.1.8.252/30
2019-12-20 22:10:02.049 3485 RALLYDEBUG rally_openstack.wrappers.network [-] CIDR generated: 1.1.9.0/30
2019-12-20 22:10:02.290 3476 RALLYDEBUG rally_openstack.wrappers.network [-] CIDR generated: 1.1.9.4/30
2019-12-20 22:10:02.356 3489 RALLYDEBUG rally_openstack.wrappers.network [-] CIDR generated: 1.1.9.8/30
2019-12-20 22:10:02.849 3485 RALLYDEBUG rally_openstack.wrappers.network [-] CIDR generated: 1.1.9.12/30
2019-12-20 22:10:10.579 3475 INFO rally.task.runner [-] Task 4bb9781d-059d-4802-8eb6-3a6e6b35cb01 | ITER: 1 END: OK
2019-12-20 22:10:10.583 3475 INFO rally.task.runner [-] Task 4bb9781d-059d-4802-8eb6-3a6e6b35cb01 | ITER: 31 START
2019-12-20 22:10:10.879 3475 RALLYDEBUG rally_openstack.wrappers.network [-] CIDR generated: 1.1.9.16/30
2019-12-20 22:10:11.048 3501 INFO rally.task.runner [-] Task 4bb9781d-059d-4802-8eb6-3a6e6b35cb01 | ITER: 12 END: OK
2019-12-20 22:10:11.052 3501 INFO rally.task.runner [-] Task 4bb9781d-059d-4802-8eb6-3a6e6b35cb01 | ITER: 32 START
2019-12-20 22:10:11.589 3501 RALLYDEBUG rally_openstack.wrappers.network [-] CIDR generated: 1.1.9.20/30
2019-12-20 22:10:11.987 3488 INFO rally.task.runner [-] Task 4bb9781d-059d-4802-8eb6-3a6e6b35cb01 | ITER: 9 END: OK
2019-12-20 22:10:11.988 3479 INFO rally.task.runner [-] Task 4bb9781d-059d-4802-8eb6-3a6e6b35cb01 | ITER: 5 END: OK
2019-12-20 22:10:11.989 3488 INFO rally.task.runner [-] Task 4bb9781d-059d-4802-8eb6-3a6e6b35cb01 | ITER: 33 START
2019-12-20 22:10:11.991 3479 INFO rally.task.runner [-] Task 4bb9781d-059d-4802-8eb6-3a6e6b35cb01 | ITER: 34 START
2019-12-20 22:10:12.146 3503 INFO rally.task.runner [-] Task 4bb9781d-059d-4802-8eb6-3a6e6b35cb01 | ITER: 15 END: OK
2019-12-20 22:10:12.149 3503 INFO rally.task.runner [-] Task 4bb9781d-059d-4802-8eb6-3a6e6b35cb01 | ITER: 35 START
2019-12-20 22:10:12.163 3494 INFO rally.task.runner [-] Task 4bb9781d-059d-4802-8eb6-3a6e6b35cb01 | ITER: 11 END: OK
2019-12-20 22:10:12.167 3494 INFO rally.task.runner [-] Task 4bb9781d-059d-4802-8eb6-3a6e6b35cb01 | ITER: 36 START
2019-12-20 22:10:12.203 3475 RALLYDEBUG rally_openstack.wrappers.network [-] CIDR generated: 1.1.9.24/30
2019-12-20 22:10:12.357 3488 RALLYDEBUG rally_openstack.wrappers.network [-] CIDR generated: 1.1.9.28/30
2019-12-20 22:10:12.466 3509 INFO rally.task.runner [-] Task 4bb9781d-059d-4802-8eb6-3a6e6b35cb01 | ITER: 17 END: OK
2019-12-20 22:10:12.469 3509 INFO rally.task.runner [-] Task 4bb9781d-059d-4802-8eb6-3a6e6b35cb01 | ITER: 37 START
2019-12-20 22:10:12.480 3506 INFO rally.task.runner [-] Task 4bb9781d-059d-4802-8eb6-3a6e6b35cb01 | ITER: 16 END: OK
2019-12-20 22:10:12.483 3506 INFO rally.task.runner [-] Task 4bb9781d-059d-4802-8eb6-3a6e6b35cb01 | ITER: 38 START
2019-12-20 22:10:12.820 3479 RALLYDEBUG rally_openstack.wrappers.network [-] CIDR generated: 1.1.9.32/30
2019-12-20 22:10:12.849 3522 INFO rally.task.runner [-] Task 4bb9781d-059d-4802-8eb6-3a6e6b35cb01 | ITER: 19 END: OK
2019-12-20 22:10:12.851 3522 INFO rally.task.runner [-] Task 4bb9781d-059d-4802-8eb6-3a6e6b35cb01 | ITER: 39 START
2019-12-20 22:10:12.869 3499 INFO rally.task.runner [-] Task 4bb9781d-059d-4802-8eb6-3a6e6b35cb01 | ITER: 14 END: OK
2019-12-20 22:10:12.872 3499 INFO rally.task.runner [-] Task 4bb9781d-059d-4802-8eb6-3a6e6b35cb01 | ITER: 40 START
2019-12-20 22:10:12.960 3494 RALLYDEBUG rally_openstack.wrappers.network [-] CIDR generated: 1.1.9.36/30
2019-12-20 22:10:13.126 3509 RALLYDEBUG rally_openstack.wrappers.network [-] CIDR generated: 1.1.9.40/30
2019-12-20 22:10:13.161 3488 RALLYDEBUG rally_openstack.wrappers.network [-] CIDR generated: 1.1.9.44/30
2019-12-20 22:10:13.174 3499 RALLYDEBUG rally_openstack.wrappers.network [-] CIDR generated: 1.1.9.48/30
2019-12-20 22:10:13.184 3522 RALLYDEBUG rally_openstack.wrappers.network [-] CIDR generated: 1.1.9.52/30
2019-12-20 22:10:13.543 3479 RALLYDEBUG rally_openstack.wrappers.network [-] CIDR generated: 1.1.9.56/30
2019-12-20 22:10:13.550 3503 RALLYDEBUG rally_openstack.wrappers.network [-] CIDR generated: 1.1.9.60/30
2019-12-20 22:10:13.664 3506 RALLYDEBUG rally_openstack.wrappers.network [-] CIDR generated: 1.1.9.64/30
2019-12-20 22:10:13.744 3494 RALLYDEBUG rally_openstack.wrappers.network [-] CIDR generated: 1.1.9.68/30
2019-12-20 22:10:14.130 3522 RALLYDEBUG rally_openstack.wrappers.network [-] CIDR generated: 1.1.9.72/30
2019-12-20 22:10:14.486 3503 RALLYDEBUG rally_openstack.wrappers.network [-] CIDR generated: 1.1.9.76/30
2019-12-20 22:10:14.683 3499 RALLYDEBUG rally_openstack.wrappers.network [-] CIDR generated: 1.1.9.80/30
2019-12-20 22:10:14.727 3506 RALLYDEBUG rally_openstack.wrappers.network [-] CIDR generated: 1.1.9.84/30
2019-12-20 22:10:14.742 3509 RALLYDEBUG rally_openstack.wrappers.network [-] CIDR generated: 1.1.9.88/30
2019-12-20 22:10:14.747 3478 INFO rally.task.runner [-] Task 4bb9781d-059d-4802-8eb6-3a6e6b35cb01 | ITER: 26 END: OK
2019-12-20 22:10:14.777 3501 RALLYDEBUG rally_openstack.wrappers.network [-] CIDR generated: 1.1.9.92/30
2019-12-20 22:10:14.923 3521 INFO rally.task.runner [-] Task 4bb9781d-059d-4802-8eb6-3a6e6b35cb01 | ITER: 22 END: OK
2019-12-20 22:10:15.051 3513 INFO rally.task.runner [-] Task 4bb9781d-059d-4802-8eb6-3a6e6b35cb01 | ITER: 29 END: OK
2019-12-20 22:10:15.529 3497 INFO rally.task.runner [-] Task 4bb9781d-059d-4802-8eb6-3a6e6b35cb01 | ITER: 21 END: OK
2019-12-20 22:10:15.742 3480 INFO rally.task.runner [-] Task 4bb9781d-059d-4802-8eb6-3a6e6b35cb01 | ITER: 24 END: OK
2019-12-20 22:10:15.801 3491 INFO rally.task.runner [-] Task 4bb9781d-059d-4802-8eb6-3a6e6b35cb01 | ITER: 23 END: OK
2019-12-20 22:10:16.988 3485 INFO rally.task.runner [-] Task 4bb9781d-059d-4802-8eb6-3a6e6b35cb01 | ITER: 30 END: OK
2019-12-20 22:10:20.465 3477 INFO rally.task.runner [-] Task 4bb9781d-059d-4802-8eb6-3a6e6b35cb01 | ITER: 28 END: OK
2019-12-20 22:10:27.688 3494 INFO rally.task.runner [-] Task 4bb9781d-059d-4802-8eb6-3a6e6b35cb01 | ITER: 36 END: OK
2019-12-20 22:10:27.723 3489 INFO rally.task.runner [-] Task 4bb9781d-059d-4802-8eb6-3a6e6b35cb01 | ITER: 27 END: OK
2019-12-20 22:10:28.063 3488 INFO rally.task.runner [-] Task 4bb9781d-059d-4802-8eb6-3a6e6b35cb01 | ITER: 33 END: OK
2019-12-20 22:10:28.065 3522 INFO rally.task.runner [-] Task 4bb9781d-059d-4802-8eb6-3a6e6b35cb01 | ITER: 39 END: OK
2019-12-20 22:10:28.298 3476 INFO rally.task.runner [-] Task 4bb9781d-059d-4802-8eb6-3a6e6b35cb01 | ITER: 25 END: OK
2019-12-20 22:10:28.628 3509 INFO rally.task.runner [-] Task 4bb9781d-059d-4802-8eb6-3a6e6b35cb01 | ITER: 37 END: OK
2019-12-20 22:10:28.675 3503 INFO rally.task.runner [-] Task 4bb9781d-059d-4802-8eb6-3a6e6b35cb01 | ITER: 35 END: OK
2019-12-20 22:10:29.268 3499 INFO rally.task.runner [-] Task 4bb9781d-059d-4802-8eb6-3a6e6b35cb01 | ITER: 40 END: OK
2019-12-20 22:10:29.274 3479 INFO rally.task.runner [-] Task 4bb9781d-059d-4802-8eb6-3a6e6b35cb01 | ITER: 34 END: OK
2019-12-20 22:10:32.183 3501 INFO rally.task.runner [-] Task 4bb9781d-059d-4802-8eb6-3a6e6b35cb01 | ITER: 32 END: OK
2019-12-20 22:10:32.570 3506 INFO rally.task.runner [-] Task 4bb9781d-059d-4802-8eb6-3a6e6b35cb01 | ITER: 38 END: OK
2019-12-20 22:10:35.852 3475 INFO rally.task.runner [-] Task 4bb9781d-059d-4802-8eb6-3a6e6b35cb01 | ITER: 31 END: OK
2019-12-20 22:10:35.878 15 INFO rally.task.context [-] Task 4bb9781d-059d-4802-8eb6-3a6e6b35cb01 | Context cleanup@openstack cleanup() started
2019-12-20 22:10:35.881 15 RALLYDEBUG rally_openstack.cleanup.manager [-] Cleaning up neutron vip objects
2019-12-20 22:10:36.023 15 RALLYDEBUG rally_openstack.cleanup.manager [-] Cleaning up neutron health_monitor objects
2019-12-20 22:10:36.133 15 RALLYDEBUG rally_openstack.cleanup.manager [-] Cleaning up neutron pool objects
2019-12-20 22:10:36.236 15 RALLYDEBUG rally_openstack.cleanup.manager [-] Cleaning up neutron loadbalancer objects
2019-12-20 22:10:36.349 15 RALLYDEBUG rally_openstack.cleanup.manager [-] Cleaning up neutron floatingip objects
2019-12-20 22:10:36.545 15 RALLYDEBUG rally_openstack.cleanup.manager [-] Cleaning up neutron trunk objects
2019-12-20 22:10:36.719 15 RALLYDEBUG rally_openstack.cleanup.manager [-] Cleaning up neutron port objects
2019-12-20 22:10:37.095 15 RALLYDEBUG rally_openstack.cleanup.manager [-] Cleaning up neutron subnet objects
2019-12-20 22:10:38.045 15 RALLYDEBUG rally_openstack.cleanup.manager [-] Deleting neutron.subnet object s_rally_5155f896_XDiPEbrq (02cd2a03-1849-42fd-ac37-6d419dcf3c35)
2019-12-20 22:10:38.053 15 RALLYDEBUG rally_openstack.cleanup.manager [-] Deleting neutron.subnet object s_rally_5155f896_5S4assNH (045c899f-e266-4153-99c4-d9cc7d4c58fa)
2019-12-20 22:10:38.056 15 RALLYDEBUG rally_openstack.cleanup.manager [-] Deleting neutron.subnet object s_rally_5155f896_Vunro9Wr (05180e96-3eb5-4cd8-8fc7-65d64287ac03)
2019-12-20 22:10:38.062 15 RALLYDEBUG rally_openstack.cleanup.manager [-] Deleting neutron.subnet object s_rally_5155f896_sFIUjpiS (0bc72102-1989-4481-ae96-45b5d842db1e)
2019-12-20 22:10:38.068 15 RALLYDEBUG rally_openstack.cleanup.manager [-] Deleting neutron.subnet object s_rally_5155f896_fynuRYnn (0c0a9296-decb-4741-9112-2ea4eef4859f)
2019-12-20 22:10:38.075 15 RALLYDEBUG rally_openstack.cleanup.manager [-] Deleting neutron.subnet object s_rally_5155f896_vuDitFNw (0df20a50-89c2-4061-811e-5009474fff1d)
2019-12-20 22:10:38.081 15 RALLYDEBUG rally_openstack.cleanup.manager [-] Deleting neutron.subnet object s_rally_5155f896_STUV8Uz8 (10079b8f-8a3c-49ff-af13-b8ded6279b56)
2019-12-20 22:10:38.088 15 RALLYDEBUG rally_openstack.cleanup.manager [-] Deleting neutron.subnet object s_rally_5155f896_3TAQJRSk (1423c216-9ef6-46db-965e-f2caa8335489)
2019-12-20 22:10:38.095 15 RALLYDEBUG rally_openstack.cleanup.manager [-] Deleting neutron.subnet object s_rally_5155f896_NBoo6fjK (1522b415-0eb8-4139-8e9c-b3b51be6e4c8)
2019-12-20 22:10:38.102 15 RALLYDEBUG rally_openstack.cleanup.manager [-] Deleting neutron.subnet object s_rally_5155f896_izUtcUuW (15703f0a-3594-4799-a30f-4eeb6d5bb5d7)
2019-12-20 22:10:38.136 15 RALLYDEBUG rally_openstack.cleanup.manager [-] Deleting neutron.subnet object s_rally_5155f896_9o610Clp (1eaa0502-9c69-4b2c-bf54-ffacf48636fd)
2019-12-20 22:10:38.143 15 RALLYDEBUG rally_openstack.cleanup.manager [-] Deleting neutron.subnet object s_rally_5155f896_lO4KQe6D (25bdc686-82df-4245-a2cf-38ea9518acd6)
2019-12-20 22:10:38.148 15 RALLYDEBUG rally_openstack.cleanup.manager [-] Deleting neutron.subnet object s_rally_5155f896_nps39A9X (25c99a95-d61e-4a53-b975-13d0274dd4cb)
2019-12-20 22:10:38.172 15 RALLYDEBUG rally_openstack.cleanup.manager [-] Deleting neutron.subnet object s_rally_5155f896_1AgJ2h5k (26050812-a2d6-41e3-afe0-f7d93b4d1fea)
2019-12-20 22:10:38.205 15 RALLYDEBUG rally_openstack.cleanup.manager [-] Deleting neutron.subnet object s_rally_5155f896_ZD06af3v (26657cfb-9c2a-4f15-af20-d29bf0001c19)
2019-12-20 22:10:38.215 15 RALLYDEBUG rally_openstack.cleanup.manager [-] Deleting neutron.subnet object s_rally_5155f896_t1fc8GCM (2838761c-1f13-4fea-ad30-1e39cf918cea)
2019-12-20 22:10:38.216 15 RALLYDEBUG rally_openstack.cleanup.manager [-] Deleting neutron.subnet object s_rally_5155f896_T0GSb7jp (2ee7fcc5-4ed7-4a10-8565-a7f3b3743fc1)
2019-12-20 22:10:38.284 15 RALLYDEBUG rally_openstack.cleanup.manager [-] Deleting neutron.subnet object s_rally_5155f896_UdopwLwF (39d39fca-1260-404c-9fc4-69a9d6b1f02d)
2019-12-20 22:10:38.291 15 RALLYDEBUG rally_openstack.cleanup.manager [-] Deleting neutron.subnet object s_rally_5155f896_K4rBN3du (31ab25eb-7659-43b9-9022-2d97f9542e45)
2019-12-20 22:10:38.319 15 RALLYDEBUG rally_openstack.cleanup.manager [-] Deleting neutron.subnet object s_rally_5155f896_lObJiSK8 (39d8150a-7d7c-416e-bbc9-9b5be8984493)
2019-12-20 22:10:40.004 15 RALLYDEBUG rally_openstack.cleanup.manager [-] Deleting neutron.subnet object s_rally_5155f896_il00Lrp5 (3a788e3a-133a-48a0-99da-b6626daa7cb3)
2019-12-20 22:10:40.123 15 RALLYDEBUG rally_openstack.cleanup.manager [-] Deleting neutron.subnet object s_rally_5155f896_n7tokIBZ (3aa2f6da-9dcf-4481-831d-7a57e9280ef0)
2019-12-20 22:10:40.212 15 RALLYDEBUG rally_openstack.cleanup.manager [-] Deleting neutron.subnet object s_rally_5155f896_isEpoMYa (3eaa1d8f-4a2a-482c-9369-f80ab9374431)
2019-12-20 22:10:40.471 15 RALLYDEBUG rally_openstack.cleanup.manager [-] Deleting neutron.subnet object s_rally_5155f896_6TZq8a3h (3f228a9d-4797-45b2-b725-9c374ee7e114)
2019-12-20 22:10:40.645 15 RALLYDEBUG rally_openstack.cleanup.manager [-] Deleting neutron.subnet object s_rally_5155f896_FZf8bG1k (41e18fa9-bbdc-421d-a584-52879ced864a)
2019-12-20 22:10:40.649 15 RALLYDEBUG rally_openstack.cleanup.manager [-] Deleting neutron.subnet object s_rally_5155f896_szQPM4CC (4602b21e-0122-4c87-8932-99edee501a7d)
2019-12-20 22:10:40.693 15 RALLYDEBUG rally_openstack.cleanup.manager [-] Deleting neutron.subnet object s_rally_5155f896_waIfx238 (48b16a7a-a94a-4bf1-acf5-70f9ee04d031)
2019-12-20 22:10:40.949 15 RALLYDEBUG rally_openstack.cleanup.manager [-] Deleting neutron.subnet object s_rally_5155f896_Tpb8Xgvg (48b5d444-0248-4b83-bd51-f9a18d7d98e0)
2019-12-20 22:10:41.276 15 RALLYDEBUG rally_openstack.cleanup.manager [-] Deleting neutron.subnet object s_rally_5155f896_QKUg20kN (4bc04441-5acb-4fcb-a515-431b05059317)
2019-12-20 22:10:41.303 15 RALLYDEBUG rally_openstack.cleanup.manager [-] Deleting neutron.subnet object s_rally_5155f896_D4stbeSC (4c98a5dc-7943-46b5-a957-e2e04828134e)
2019-12-20 22:10:41.502 15 RALLYDEBUG rally_openstack.cleanup.manager [-] Deleting neutron.subnet object s_rally_5155f896_qEPT8CfN (5076931e-8bf2-440a-befd-d0b96275bad4)
2019-12-20 22:10:41.520 15 RALLYDEBUG rally_openstack.cleanup.manager [-] Deleting neutron.subnet object s_rally_5155f896_hwjSLH9I (55b16b76-1653-429c-9445-fead0774bb8a)
2019-12-20 22:10:41.561 15 RALLYDEBUG rally_openstack.cleanup.manager [-] Deleting neutron.subnet object s_rally_5155f896_dyh6M4PI (60855e75-67b9-493e-b68c-378774d520c3)
2019-12-20 22:10:42.455 15 RALLYDEBUG rally_openstack.cleanup.manager [-] Deleting neutron.subnet object s_rally_5155f896_62o7JWbS (64af77f9-b7ed-4ef0-b63e-b2a99c52990f)
2019-12-20 22:10:42.572 15 RALLYDEBUG rally_openstack.cleanup.manager [-] Deleting neutron.subnet object s_rally_5155f896_P7Tf8sMc (683d356f-4669-4f12-91a9-6ea0bb0f3bb7)
2019-12-20 22:10:42.670 15 RALLYDEBUG rally_openstack.cleanup.manager [-] Deleting neutron.subnet object s_rally_5155f896_M9hDoSsH (6ce4a7a0-82db-47ff-8f64-d10ca8d67dd8)
2019-12-20 22:10:42.785 15 RALLYDEBUG rally_openstack.cleanup.manager [-] Deleting neutron.subnet object s_rally_5155f896_6ZIuTWso (6d7b1228-c562-4ab2-9216-3393060b7673)
2019-12-20 22:10:42.794 15 RALLYDEBUG rally_openstack.cleanup.manager [-] Deleting neutron.subnet object s_rally_5155f896_NPZTtjt4 (766a6539-7074-4490-aca7-8e25ba5288e5)
2019-12-20 22:10:42.924 15 RALLYDEBUG rally_openstack.cleanup.manager [-] Deleting neutron.subnet object s_rally_5155f896_ycnXO7Gr (7680676a-139a-4a3e-ac1a-92e4aba6fad4)
2019-12-20 22:10:43.234 15 RALLYDEBUG rally_openstack.cleanup.manager [-] Deleting neutron.subnet object s_rally_5155f896_Z8tzCNYH (7c65ae36-ce86-41e5-9299-b591bd40b938)
2019-12-20 22:10:43.238 15 RALLYDEBUG rally_openstack.cleanup.manager [-] Deleting neutron.subnet object s_rally_5155f896_F407q3vd (7df28ab3-3c92-449f-9519-827db235c772)
2019-12-20 22:10:43.245 15 RALLYDEBUG rally_openstack.cleanup.manager [-] Deleting neutron.subnet object s_rally_5155f896_L2B5t2Wq (802f9a12-33ec-40ee-9684-4a1d77ded1dd)
2019-12-20 22:10:43.264 15 RALLYDEBUG rally_openstack.cleanup.manager [-] Deleting neutron.subnet object s_rally_5155f896_jlBFR896 (838fa09d-e062-4d5b-b042-3b0d1b5b02b9)
2019-12-20 22:10:43.346 15 RALLYDEBUG rally_openstack.cleanup.manager [-] Deleting neutron.subnet object s_rally_5155f896_VpXS5oUI (86c11ae2-6b84-4864-b511-0f4ca63fbca7)
2019-12-20 22:10:43.349 15 RALLYDEBUG rally_openstack.cleanup.manager [-] Deleting neutron.subnet object s_rally_5155f896_KgUvxV8y (8dc84ef4-3d06-444c-8c13-473d51223060)
2019-12-20 22:10:43.354 15 RALLYDEBUG rally_openstack.cleanup.manager [-] Deleting neutron.subnet object s_rally_5155f896_iT0CqOeq (9157cdeb-253f-47bb-8004-7f0b71508649)
2019-12-20 22:10:43.584 15 RALLYDEBUG rally_openstack.cleanup.manager [-] Deleting neutron.subnet object s_rally_5155f896_ntcSNJWJ (93b534ae-9ad0-4a18-bc68-704b0f552051)
2019-12-20 22:10:43.731 15 RALLYDEBUG rally_openstack.cleanup.manager [-] Deleting neutron.subnet object s_rally_5155f896_xQVrfIg5 (93ec9fa4-2df1-4373-8ed7-96f6bcdd192a)
2019-12-20 22:10:43.759 15 RALLYDEBUG rally_openstack.cleanup.manager [-] Deleting neutron.subnet object s_rally_5155f896_1fvBa0U1 (94b5989a-0c50-469a-a885-cbed8db3a8a8)
2019-12-20 22:10:43.989 15 RALLYDEBUG rally_openstack.cleanup.manager [-] Deleting neutron.subnet object s_rally_5155f896_jBhu0kHy (952f4609-c181-425a-b8c8-d797b58ad56a)
2019-12-20 22:10:44.304 15 RALLYDEBUG rally_openstack.cleanup.manager [-] Deleting neutron.subnet object s_rally_5155f896_Sc1WXNqQ (96df650c-8d1b-4677-8815-dfba375b5cc4)
2019-12-20 22:10:44.356 15 RALLYDEBUG rally_openstack.cleanup.manager [-] Deleting neutron.subnet object s_rally_5155f896_Mus3hSeU (9b928d1a-fd23-4dea-a30b-074671a55930)
2019-12-20 22:10:44.427 15 RALLYDEBUG rally_openstack.cleanup.manager [-] Deleting neutron.subnet object s_rally_5155f896_3XUTdt79 (9f108c98-5d23-45c4-87fb-bddd9a3e42ac)
2019-12-20 22:10:44.988 15 RALLYDEBUG rally_openstack.cleanup.manager [-] Deleting neutron.subnet object s_rally_5155f896_hEcLsWXT (a0c128b4-77c5-41a3-a822-cbae00ecdbbc)
2019-12-20 22:10:45.057 15 RALLYDEBUG rally_openstack.cleanup.manager [-] Deleting neutron.subnet object s_rally_5155f896_a1ZOR2m1 (a36a9bb9-cd7b-4b52-8a51-3aabf4afdbc7)
2019-12-20 22:10:45.176 15 RALLYDEBUG rally_openstack.cleanup.manager [-] Deleting neutron.subnet object s_rally_5155f896_F28U1t6v (a7036b43-7df1-4338-888f-60b6c6dacba3)
2019-12-20 22:10:45.409 15 RALLYDEBUG rally_openstack.cleanup.manager [-] Deleting neutron.subnet object s_rally_5155f896_1vqzEMxo (a85ff139-95f9-4d16-bd6d-f3ce0b22f921)
2019-12-20 22:10:45.525 15 RALLYDEBUG rally_openstack.cleanup.manager [-] Deleting neutron.subnet object s_rally_5155f896_cFyOonFo (ab33b8ec-a9ee-40bc-9d5f-c5ecdb7639e6)
2019-12-20 22:10:45.661 15 RALLYDEBUG rally_openstack.cleanup.manager [-] Deleting neutron.subnet object s_rally_5155f896_CPdi4Dxp (add5efd6-f212-45cc-b7b9-62579a772d59)
2019-12-20 22:10:45.793 15 RALLYDEBUG rally_openstack.cleanup.manager [-] Deleting neutron.subnet object s_rally_5155f896_OUcmRRuq (af2e3d7f-10f6-46e2-90c1-f25db7bba093)
2019-12-20 22:10:45.799 15 RALLYDEBUG rally_openstack.cleanup.manager [-] Deleting neutron.subnet object s_rally_5155f896_vDEkS6Ex (b023bb08-ec2c-4604-98fb-8b2256eedede)
2019-12-20 22:10:45.947 15 RALLYDEBUG rally_openstack.cleanup.manager [-] Deleting neutron.subnet object s_rally_5155f896_rD1KG2uu (b10e0600-8275-4209-bba8-4bfda48624d3)
2019-12-20 22:10:46.312 15 RALLYDEBUG rally_openstack.cleanup.manager [-] Deleting neutron.subnet object s_rally_5155f896_5sdnIogS (b3818aaa-d4a0-49d7-9a97-e4aa054fa818)
2019-12-20 22:10:46.524 15 RALLYDEBUG rally_openstack.cleanup.manager [-] Deleting neutron.subnet object s_rally_5155f896_UAAMhiy4 (b4c9f3dd-ebfc-46c2-84a4-2f48633113a6)
2019-12-20 22:10:46.642 15 RALLYDEBUG rally_openstack.cleanup.manager [-] Deleting neutron.subnet object s_rally_5155f896_XRmTZY8W (b6915810-0258-41da-970b-3a3bc0476142)
2019-12-20 22:10:46.688 15 RALLYDEBUG rally_openstack.cleanup.manager [-] Deleting neutron.subnet object s_rally_5155f896_TMsm7uON (ba6ef008-12b5-47cc-a0ca-53cb6ed9ad5a)
2019-12-20 22:10:46.722 15 RALLYDEBUG rally_openstack.cleanup.manager [-] Deleting neutron.subnet object s_rally_5155f896_2wBXYxc0 (bb4faf86-bcd4-426e-bb79-3fbd78b53ee8)
2019-12-20 22:10:47.064 15 RALLYDEBUG rally_openstack.cleanup.manager [-] Deleting neutron.subnet object s_rally_5155f896_MvhKMWyB (bf30e637-6160-44e5-9265-b51a0873523f)
2019-12-20 22:10:47.180 15 RALLYDEBUG rally_openstack.cleanup.manager [-] Deleting neutron.subnet object s_rally_5155f896_0fYImJHR (c0ade5b0-b4c2-4ea1-b2a2-b03f41a9717d)
2019-12-20 22:10:47.221 15 RALLYDEBUG rally_openstack.cleanup.manager [-] Deleting neutron.subnet object s_rally_5155f896_tNphA5f5 (c6233efe-7640-415a-9194-13f6f8e2e76a)
2019-12-20 22:10:47.253 15 RALLYDEBUG rally_openstack.cleanup.manager [-] Deleting neutron.subnet object s_rally_5155f896_5wWoPBEC (c63ac33c-8d28-408a-a017-2cbb2695068c)
2019-12-20 22:10:47.415 15 RALLYDEBUG rally_openstack.cleanup.manager [-] Deleting neutron.subnet object s_rally_5155f896_frSDbp6x (c97d8db9-7881-4a11-acb0-079c3063db4a)
2019-12-20 22:10:47.542 15 RALLYDEBUG rally_openstack.cleanup.manager [-] Deleting neutron.subnet object s_rally_5155f896_UDqfL4Fb (cb0a84cf-7116-4c66-8fc2-5e87be699f19)
2019-12-20 22:10:47.698 15 RALLYDEBUG rally_openstack.cleanup.manager [-] Deleting neutron.subnet object s_rally_5155f896_eHZDG3dt (cce3598e-8759-4f1d-9c54-72b1b5322b38)
2019-12-20 22:10:48.234 15 RALLYDEBUG rally_openstack.cleanup.manager [-] Deleting neutron.subnet object s_rally_5155f896_poqus1my (d1000b92-3b2f-47e9-8f88-57b4de37f320)
2019-12-20 22:10:48.243 15 RALLYDEBUG rally_openstack.cleanup.manager [-] Deleting neutron.subnet object s_rally_5155f896_ERaka7I2 (d347c79e-9b80-49a7-9921-48f023d5f6eb)
2019-12-20 22:10:48.262 15 RALLYDEBUG rally_openstack.cleanup.manager [-] Deleting neutron.subnet object s_rally_5155f896_Vr4Eujfv (e3290f57-c313-421a-9651-a8481feee18c)
2019-12-20 22:10:48.279 15 RALLYDEBUG rally_openstack.cleanup.manager [-] Deleting neutron.subnet object s_rally_5155f896_GC2rsRL0 (f22b6d3b-e0c6-4d4f-a875-1327a950cfa7)
2019-12-20 22:10:48.322 15 RALLYDEBUG rally_openstack.cleanup.manager [-] Deleting neutron.subnet object s_rally_5155f896_HrV78mRT (f86141ac-9b57-4a96-a67b-885db8235f96)
2019-12-20 22:10:48.389 15 RALLYDEBUG rally_openstack.cleanup.manager [-] Deleting neutron.subnet object s_rally_5155f896_7caYnOiW (fe09ccf1-2b1c-46ac-a6f6-e1f419fc095c)
2019-12-20 22:10:53.355 15 RALLYDEBUG rally_openstack.cleanup.manager [-] Cleaning up neutron network objects
2019-12-20 22:10:53.749 15 RALLYDEBUG rally_openstack.cleanup.manager [-] Deleting neutron.network object s_rally_5155f896_7f58n7Qk (0341c75d-9a2b-496c-96f9-1f77518a1365)
2019-12-20 22:10:53.753 15 RALLYDEBUG rally_openstack.cleanup.manager [-] Deleting neutron.network object s_rally_5155f896_QSCkca2J (112ec669-1683-4361-a8f7-6c095481eadb)
2019-12-20 22:10:53.762 15 RALLYDEBUG rally_openstack.cleanup.manager [-] Deleting neutron.network object s_rally_5155f896_sQOXiKVp (13c26850-d83d-441e-ab73-8716a652ba9f)
2019-12-20 22:10:53.777 15 RALLYDEBUG rally_openstack.cleanup.manager [-] Deleting neutron.network object s_rally_5155f896_BWIjDnj0 (1927f9e6-4683-458d-9ecd-9ca3fb4b6fe6)
2019-12-20 22:10:53.778 15 RALLYDEBUG rally_openstack.cleanup.manager [-] Deleting neutron.network object s_rally_5155f896_3HRAsmsS (29d70f66-cdf8-4ce4-afdc-0a06645db1c5)
2019-12-20 22:10:53.791 15 RALLYDEBUG rally_openstack.cleanup.manager [-] Deleting neutron.network object s_rally_5155f896_QYyz9ini (2d8ff355-1b07-40d9-a228-4f4552841e5c)
2019-12-20 22:10:53.799 15 RALLYDEBUG rally_openstack.cleanup.manager [-] Deleting neutron.network object s_rally_5155f896_Zv122Pf6 (2de410cd-a904-436a-981e-23151e4b3d24)
2019-12-20 22:10:53.817 15 RALLYDEBUG rally_openstack.cleanup.manager [-] Deleting neutron.network object s_rally_5155f896_oLJAJfBD (32645223-d5b6-4031-b197-d9caabc88cf0)
2019-12-20 22:10:53.831 15 RALLYDEBUG rally_openstack.cleanup.manager [-] Deleting neutron.network object s_rally_5155f896_7fGSwV15 (335be52e-d780-4bb2-ace5-62564c9f89b8)
2019-12-20 22:10:53.837 15 RALLYDEBUG rally_openstack.cleanup.manager [-] Deleting neutron.network object s_rally_5155f896_Wk2gDhoE (34ab886e-7ab9-4da8-be4f-35b86cdd9416)
2019-12-20 22:10:53.851 15 RALLYDEBUG rally_openstack.cleanup.manager [-] Deleting neutron.network object s_rally_5155f896_QhwAnh5u (3cac63e6-a49a-4529-8eef-3d23aeee1a34)
2019-12-20 22:10:53.867 15 RALLYDEBUG rally_openstack.cleanup.manager [-] Deleting neutron.network object s_rally_5155f896_rQ0nE7SF (3cdc600b-cd4f-48fa-a078-283a3653af79)
2019-12-20 22:10:53.904 15 RALLYDEBUG rally_openstack.cleanup.manager [-] Deleting neutron.network object s_rally_5155f896_hs9UVUbu (3f5dc844-576b-4d35-9603-98cb949240d1)
2019-12-20 22:10:53.940 15 RALLYDEBUG rally_openstack.cleanup.manager [-] Deleting neutron.network object s_rally_5155f896_H9z8W3c8 (52bd6286-4d7e-4a45-b9a0-e777ce4eefa1)
2019-12-20 22:10:53.943 15 RALLYDEBUG rally_openstack.cleanup.manager [-] Deleting neutron.network object s_rally_5155f896_yJpUw2oT (56416fbc-eaff-4de3-87cc-ab146a60e2fe)
2019-12-20 22:10:53.962 15 RALLYDEBUG rally_openstack.cleanup.manager [-] Deleting neutron.network object s_rally_5155f896_2bmoiSSE (51bddd8d-b592-40a8-becb-661ef69536fa)
2019-12-20 22:10:54.001 15 RALLYDEBUG rally_openstack.cleanup.manager [-] Deleting neutron.network object s_rally_5155f896_7smRVAsD (666bd542-169b-45a0-8b39-573122ae2378)
2019-12-20 22:10:54.021 15 RALLYDEBUG rally_openstack.cleanup.manager [-] Deleting neutron.network object s_rally_5155f896_YjUdQ9HS (59907dc0-8f0c-4bcc-bf6f-4cedd3f70f79)
2019-12-20 22:10:54.026 15 RALLYDEBUG rally_openstack.cleanup.manager [-] Deleting neutron.network object s_rally_5155f896_LFojEDn6 (71280746-1392-43b5-8319-dca379f5b4de)
2019-12-20 22:10:54.038 15 RALLYDEBUG rally_openstack.cleanup.manager [-] Deleting neutron.network object s_rally_5155f896_a63KkAUS (70de005d-7ec5-4358-b442-f6db206e583b)
2019-12-20 22:10:56.013 15 RALLYDEBUG rally_openstack.cleanup.manager [-] Deleting neutron.network object s_rally_5155f896_f5ACBlG4 (82f8f547-16f9-4e2b-8749-12ad83616a03)
2019-12-20 22:10:56.083 15 RALLYDEBUG rally_openstack.cleanup.manager [-] Deleting neutron.network object s_rally_5155f896_iABQffj0 (91ac3644-c28c-43f1-8c5c-e4f7db0e48ef)
2019-12-20 22:10:56.477 15 RALLYDEBUG rally_openstack.cleanup.manager [-] Deleting neutron.network object s_rally_5155f896_6p2ZuQlk (98386441-f4e7-4029-8bc8-55ce94502853)
2019-12-20 22:10:56.518 15 RALLYDEBUG rally_openstack.cleanup.manager [-] Deleting neutron.network object s_rally_5155f896_l0KwIKfS (a4d82399-91ea-4a3c-ae63-758eab690e49)
2019-12-20 22:10:56.550 15 RALLYDEBUG rally_openstack.cleanup.manager [-] Deleting neutron.network object s_rally_5155f896_N3jWq6gz (a52ef301-0ad5-4c0b-9f75-3ce5df2709c3)
2019-12-20 22:10:56.953 15 RALLYDEBUG rally_openstack.cleanup.manager [-] Deleting neutron.network object s_rally_5155f896_InuWYaYu (a7514ac1-dd30-4338-b592-0fff0f1550f4)
2019-12-20 22:10:56.969 15 RALLYDEBUG rally_openstack.cleanup.manager [-] Deleting neutron.network object s_rally_5155f896_GZDn5Lyp (a7ac128f-d220-4fbb-bb58-7f8ebd1f6915)
2019-12-20 22:10:56.978 15 RALLYDEBUG rally_openstack.cleanup.manager [-] Deleting neutron.network object s_rally_5155f896_IkscKxcJ (aab173b1-0568-4898-b584-fb1d0b7f370b)
2019-12-20 22:10:56.994 15 RALLYDEBUG rally_openstack.cleanup.manager [-] Deleting neutron.network object s_rally_5155f896_1KYtFiI8 (ab9c0d59-5f27-441b-a552-e5eb728f5ad6)
2019-12-20 22:10:57.003 15 RALLYDEBUG rally_openstack.cleanup.manager [-] Deleting neutron.network object s_rally_5155f896_W4SsXVXG (b405491a-e13c-4c47-afbc-41e3bed8452e)
2019-12-20 22:10:57.055 15 RALLYDEBUG rally_openstack.cleanup.manager [-] Deleting neutron.network object s_rally_5155f896_18Io24JQ (b596bf1d-f27b-4e66-9e4e-b5eb3352ea20)
2019-12-20 22:10:57.073 15 RALLYDEBUG rally_openstack.cleanup.manager [-] Deleting neutron.network object s_rally_5155f896_VzztKuY8 (bcaa9fdf-dd54-40c1-a181-515bc72c6431)
2019-12-20 22:10:57.096 15 RALLYDEBUG rally_openstack.cleanup.manager [-] Deleting neutron.network object s_rally_5155f896_8nm9o7Zc (bde9d6a1-9fb5-4889-8af4-b19ece79b73f)
2019-12-20 22:10:57.333 15 RALLYDEBUG rally_openstack.cleanup.manager [-] Deleting neutron.network object s_rally_5155f896_O0uaKrqv (c8952bc7-9f05-48a1-a04c-6466b3750549)
2019-12-20 22:10:57.379 15 RALLYDEBUG rally_openstack.cleanup.manager [-] Deleting neutron.network object s_rally_5155f896_TSBFtvHs (cc513436-5a3b-481f-b260-8671fed932b9)
2019-12-20 22:10:57.702 15 RALLYDEBUG rally_openstack.cleanup.manager [-] Deleting neutron.network object s_rally_5155f896_aL0PTDKD (cca67741-e25f-4891-8b85-4e4225f97716)
2019-12-20 22:10:57.827 15 RALLYDEBUG rally_openstack.cleanup.manager [-] Deleting neutron.network object s_rally_5155f896_b6J6CBpk (d595d878-1a74-4558-977a-abed9e3c4fd0)
2019-12-20 22:10:57.899 15 RALLYDEBUG rally_openstack.cleanup.manager [-] Deleting neutron.network object s_rally_5155f896_tCCkfOe9 (dc573d10-b385-408e-90d5-58e594b6fd83)
2019-12-20 22:10:58.030 15 RALLYDEBUG rally_openstack.cleanup.manager [-] Deleting neutron.network object s_rally_5155f896_ltzLbxWk (e7919a68-08e3-4fc7-aa78-21c1f703f200)
2019-12-20 22:10:58.315 15 RALLYDEBUG rally_openstack.cleanup.manager [-] Deleting neutron.network object s_rally_5155f896_yjg9IENK (f3169ece-1fb6-4fc0-b5f5-b53e2ae22dc2)
2019-12-20 22:11:00.558 15 RALLYDEBUG rally_openstack.cleanup.manager [-] Cleaning up neutron router objects
2019-12-20 22:11:00.785 15 RALLYDEBUG rally_openstack.cleanup.manager [-] Cleaning up neutron security_group objects
2019-12-20 22:11:00.995 15 INFO rally.task.context [-] Task 4bb9781d-059d-4802-8eb6-3a6e6b35cb01 | Context cleanup@openstack cleanup() finished in 25.12 sec
2019-12-20 22:11:00.995 15 INFO rally.task.context [-] Task 4bb9781d-059d-4802-8eb6-3a6e6b35cb01 | Context quotas@openstack cleanup() started
2019-12-20 22:11:01.018 15 INFO rally.task.context [-] Task 4bb9781d-059d-4802-8eb6-3a6e6b35cb01 | Context quotas@openstack cleanup() finished in 22.87 msec
2019-12-20 22:11:01.018 15 INFO rally.task.context [-] Task 4bb9781d-059d-4802-8eb6-3a6e6b35cb01 | Context users@openstack cleanup() started
2019-12-20 22:11:02.236 15 INFO rally.task.context [-] Task 4bb9781d-059d-4802-8eb6-3a6e6b35cb01 | Context users@openstack cleanup() finished in 1.22 sec
2019-12-20 22:11:02.561 15 INFO rally.task.engine [-] Load duration is: 52.126517
2019-12-20 22:11:02.561 15 INFO rally.task.engine [-] Full runner duration is: 52.171061
2019-12-20 22:11:02.561 15 INFO rally.task.engine [-] Full duration is: 79.918329
2019-12-20 22:11:02.663 15 INFO rally.task.engine [-] Running workload: position = 0 config = { "version": 2, "title": "A cropped version of a bigger task.", "description": "Auto-generated task from a single workload (uuid=c70d554b-db82-490a-982e-4968e38536d1)", "subtasks": [ { "title": "NeutronNetworks.create_and_list_ports", "description": "Check performance of list ports action and ensure > network quotas are not exceeded", "scenario": { "NeutronNetworks.create_and_list_ports": { "network_create_args": null, "port_create_args": null, "ports_per_network": 50 } }, "contexts": { "users": { "tenants": 1, "users_per_tenant": 1 }, "quotas": { "neutron": { "network": -1, "subnet": -1, "router": -1, "port": 811 } } }, "runner": { "constant": { "times": 8, "concurrency": 4 } }, "hooks": [], "sla": { "max_avg_duration_per_atomic": { "neutron.list_ports": 15 }, "failure_rate": { "max": 0 } } } ] }
2019-12-20 22:11:02.687 15 RALLYDEBUG rally_openstack.contexts.keystone.users [-] Creating 1 tenants using 20 threads
2019-12-20 22:11:03.203 15 RALLYDEBUG rally_openstack.contexts.keystone.users [-] Creating 1 users using 20 threads
2019-12-20 22:11:03.791 15 INFO rally.task.context [-] Task 4bb9781d-059d-4802-8eb6-3a6e6b35cb01 | Context users@openstack setup() finished in 1.10 sec
2019-12-20 22:11:04.145 15 INFO rally.task.context [-] Task 4bb9781d-059d-4802-8eb6-3a6e6b35cb01 | Context quotas@openstack setup() finished in 0.35 sec
2019-12-20 22:11:04.146 15 INFO rally.task.context [-] Task 4bb9781d-059d-4802-8eb6-3a6e6b35cb01 | Context cleanup@openstack setup() finished in 0.00 msec
2019-12-20 22:11:04.155 15 RALLYDEBUG rally.task.runner [-] Starting the constant runner (task UUID: 4bb9781d-059d-4802-8eb6-3a6e6b35cb01). timeout: 0 concurrency: 4 concurrency_per_worker: 1 times: 8 concurrency_overhead: 0 processes_to_start: 4 max_cpu_used: 88
2019-12-20 22:11:04.167 3877 RALLYDEBUG rally.task.runner [-] Starting a worker. concurrency: 1 args: {"network_create_args": null, "port_create_args": null, "ports_per_network": 50} times: 8 method_name: run timeout: 0 duration: None cls:
2019-12-20 22:11:04.169 3878 RALLYDEBUG rally.task.runner [-] Starting a worker. concurrency: 1 args: {"network_create_args": null, "port_create_args": null, "ports_per_network": 50} times: 8 method_name: run timeout: 0 duration: None cls:
2019-12-20 22:11:04.172 3877 INFO rally.task.runner [-] Task 4bb9781d-059d-4802-8eb6-3a6e6b35cb01 | ITER: 1 START
2019-12-20 22:11:04.172 3879 RALLYDEBUG rally.task.runner [-] Starting a worker. concurrency: 1 args: {"network_create_args": null, "port_create_args": null, "ports_per_network": 50} times: 8 method_name: run timeout: 0 duration: None cls:
2019-12-20 22:11:04.173 3877 WARNING rally_openstack.scenarios.neutron.utils [-] Running this scenario without either the 'network' or 'existing_network' context is deprecated
2019-12-20 22:11:04.173 3878 INFO rally.task.runner [-] Task 4bb9781d-059d-4802-8eb6-3a6e6b35cb01 | ITER: 2 START
2019-12-20 22:11:04.174 3878 WARNING rally_openstack.scenarios.neutron.utils [-] Running this scenario without either the 'network' or 'existing_network' context is deprecated
2019-12-20 22:11:04.175 3879 INFO rally.task.runner [-] Task 4bb9781d-059d-4802-8eb6-3a6e6b35cb01 | ITER: 3 START
2019-12-20 22:11:04.176 3879 WARNING rally_openstack.scenarios.neutron.utils [-] Running this scenario without either the 'network' or 'existing_network' context is deprecated
2019-12-20 22:11:04.177 3880 RALLYDEBUG rally.task.runner [-] Starting a worker. concurrency: 1 args: {"network_create_args": null, "port_create_args": null, "ports_per_network": 50} times: 8 method_name: run timeout: 0 duration: None cls:
2019-12-20 22:11:04.181 3880 INFO rally.task.runner [-] Task 4bb9781d-059d-4802-8eb6-3a6e6b35cb01 | ITER: 4 START
2019-12-20 22:11:04.182 3880 WARNING rally_openstack.scenarios.neutron.utils [-] Running this scenario without either the 'network' or 'existing_network' context is deprecated
2019-12-20 22:11:46.682 3878 INFO rally.task.runner [-] Task 4bb9781d-059d-4802-8eb6-3a6e6b35cb01 | ITER: 2 END: OK
2019-12-20 22:11:46.689 3878 INFO rally.task.runner [-] Task 4bb9781d-059d-4802-8eb6-3a6e6b35cb01 | ITER: 5 START
2019-12-20 22:11:46.690 3878 WARNING rally_openstack.scenarios.neutron.utils [-] Running this scenario without either the 'network' or 'existing_network' context is deprecated
2019-12-20 22:11:53.762 3877 INFO rally.task.runner [-] Task 4bb9781d-059d-4802-8eb6-3a6e6b35cb01 | ITER: 1 END: OK
2019-12-20 22:11:53.767 3877 INFO rally.task.runner [-] Task 4bb9781d-059d-4802-8eb6-3a6e6b35cb01 | ITER: 6 START
2019-12-20 22:11:53.768 3877 WARNING rally_openstack.scenarios.neutron.utils [-] Running this scenario without either the 'network' or 'existing_network' context is deprecated
2019-12-20 22:12:27.184 3878 INFO rally.task.runner [-] Task 4bb9781d-059d-4802-8eb6-3a6e6b35cb01 | ITER: 5 END: OK
2019-12-20 22:12:27.187 3878 INFO rally.task.runner [-] Task 4bb9781d-059d-4802-8eb6-3a6e6b35cb01 | ITER: 7 START
2019-12-20 22:12:27.187 3878 WARNING rally_openstack.scenarios.neutron.utils [-] Running this scenario without either the 'network' or 'existing_network' context is deprecated
2019-12-20 22:12:27.532 3879 INFO rally.task.runner [-] Task 4bb9781d-059d-4802-8eb6-3a6e6b35cb01 | ITER: 3 END: OK
2019-12-20 22:12:27.537 3879 INFO rally.task.runner [-] Task 4bb9781d-059d-4802-8eb6-3a6e6b35cb01 | ITER: 8 START
2019-12-20 22:12:27.537 3879 WARNING rally_openstack.scenarios.neutron.utils [-] Running this scenario without either the 'network' or 'existing_network' context is deprecated
2019-12-20 22:12:28.048 3880 INFO rally.task.runner [-] Task 4bb9781d-059d-4802-8eb6-3a6e6b35cb01 | ITER: 4 END: OK
2019-12-20 22:12:36.321 3877 INFO rally.task.runner [-] Task 4bb9781d-059d-4802-8eb6-3a6e6b35cb01 | ITER: 6 END: OK
2019-12-20 22:13:08.880 3878 INFO rally.task.runner [-] Task 4bb9781d-059d-4802-8eb6-3a6e6b35cb01 | ITER: 7 END: OK
2019-12-20 22:13:16.350 3879 INFO rally.task.runner [-] Task 4bb9781d-059d-4802-8eb6-3a6e6b35cb01 | ITER: 8 END: OK
2019-12-20 22:13:16.371 15 INFO rally.task.context [-] Task 4bb9781d-059d-4802-8eb6-3a6e6b35cb01 | Context cleanup@openstack cleanup() started
2019-12-20 22:13:16.375 15 RALLYDEBUG rally_openstack.cleanup.manager [-] Cleaning up neutron vip objects
2019-12-20 22:13:16.595 15 RALLYDEBUG rally_openstack.cleanup.manager [-] Cleaning up neutron health_monitor objects
2019-12-20 22:13:16.725 15 RALLYDEBUG rally_openstack.cleanup.manager [-] Cleaning up neutron pool objects
2019-12-20 22:13:16.902 15 RALLYDEBUG rally_openstack.cleanup.manager [-] Cleaning up neutron loadbalancer objects
2019-12-20 22:13:17.038 15 RALLYDEBUG rally_openstack.cleanup.manager [-] Cleaning up neutron floatingip objects
2019-12-20 22:13:17.350 15 RALLYDEBUG rally_openstack.cleanup.manager [-] Cleaning up neutron trunk objects
2019-12-20 22:13:17.540 15 RALLYDEBUG rally_openstack.cleanup.manager [-] Cleaning up neutron port objects
2019-12-20 22:13:18.627 15 RALLYDEBUG rally_openstack.cleanup.manager [-] Deleting neutron.port object s_rally_c70d554b_AGsScq7J (00483843-32e7-4bb8-9fb4-66d1279477d0)
2019-12-20 22:13:18.628 15 RALLYDEBUG rally_openstack.cleanup.manager [-] Deleting neutron.port object s_rally_c70d554b_D9PXjZSr (00f8c22d-10cf-4b58-bb4e-b7a0a5628179)
2019-12-20 22:13:18.637 15 RALLYDEBUG rally_openstack.cleanup.manager [-] Deleting neutron.port object s_rally_c70d554b_gynRYJNv (022660f0-4904-4786-986f-7a47cc9db082)
2019-12-20 22:13:18.638 15 RALLYDEBUG rally_openstack.cleanup.manager [-] Deleting neutron.port object s_rally_c70d554b_cYITcGJW (0081f22e-e2e7-4f9c-a746-93e4502095ef)
2019-12-20 22:13:18.642 15 RALLYDEBUG rally_openstack.cleanup.manager [-] Deleting neutron.port object s_rally_c70d554b_i7jIdcQy (01b0194d-812b-4dc5-b610-02757aaf4f72)
2019-12-20 22:13:18.646 15 RALLYDEBUG rally_openstack.cleanup.manager [-] Deleting neutron.port object s_rally_c70d554b_1OM88DWS (042cd2b6-ce8f-413c-a727-b6628008b7b7)
2019-12-20 22:13:18.654 15 RALLYDEBUG rally_openstack.cleanup.manager [-] Deleting neutron.port object s_rally_c70d554b_cxgVy2bb (044b4412-69da-4389-816d-42b2f6a14225)
2019-12-20 22:13:18.659 15 RALLYDEBUG rally_openstack.cleanup.manager [-] Deleting neutron.port object s_rally_c70d554b_IQYsnVvp (04cfbfcc-99d8-4ede-8e01-3509fc899791)
2019-12-20 22:13:18.683 15 RALLYDEBUG rally_openstack.cleanup.manager [-] Deleting neutron.port object s_rally_c70d554b_7BbJ8whx (0816cebb-7cdd-4685-93d1-f2e737d652a5)
2019-12-20 22:13:18.692 15 RALLYDEBUG rally_openstack.cleanup.manager [-] Deleting neutron.port object s_rally_c70d554b_5bf8SqCq (04f95ce9-76f2-4df4-b0fd-89fe6a6f663b)
