2019-12-20 22:05:49.956 15 INFO rally.task.context [-] Task 4bb9781d-059d-4802-8eb6-3a6e6b35cb01 | Context users@openstack setup() finished in 1.00 sec
2019-12-20 22:05:50.182 15 INFO rally.task.context [-] Task 4bb9781d-059d-4802-8eb6-3a6e6b35cb01 | Context quotas@openstack setup() finished in 0.23 sec
2019-12-20 22:05:50.183 15 INFO rally.task.context [-] Task 4bb9781d-059d-4802-8eb6-3a6e6b35cb01 | Context cleanup@openstack setup() finished in 0.01 msec
2019-12-20 22:05:50.192 15 RALLYDEBUG rally.task.runner [-] Starting the constant runner (task UUID: 4bb9781d-059d-4802-8eb6-3a6e6b35cb01). timeout: 0 concurrency: 20 concurrency_per_worker: 1 times: 40 concurrency_overhead: 0 processes_to_start: 20 max_cpu_used: 88
2019-12-20 22:05:50.202 2269 RALLYDEBUG rally.task.runner [-] Starting a worker. concurrency: 1 args: {"network_create_args": {}, "subnet_create_args": {}, "subnet_cidr_start": "1.1.0.0/30", "subnets_per_network": 2} times: 40 method_name: run timeout: 0 duration: None cls:
2019-12-20 22:05:50.206 2269 INFO rally.task.runner [-] Task 4bb9781d-059d-4802-8eb6-3a6e6b35cb01 | ITER: 1 START
2019-12-20 22:05:50.206 2270 RALLYDEBUG rally.task.runner [-] Starting a worker. concurrency: 1 args: {"network_create_args": {}, "subnet_create_args": {}, "subnet_cidr_start": "1.1.0.0/30", "subnets_per_network": 2} times: 40 method_name: run timeout: 0 duration: None cls:
2019-12-20 22:05:50.207 2269 WARNING rally_openstack.scenarios.neutron.utils [-] Running this scenario without either the 'network' or 'existing_network' context is deprecated
2019-12-20 22:05:50.210 2271 RALLYDEBUG rally.task.runner [-] Starting a worker. concurrency: 1 args: {"network_create_args": {}, "subnet_create_args": {}, "subnet_cidr_start": "1.1.0.0/30", "subnets_per_network": 2} times: 40 method_name: run timeout: 0 duration: None cls:
2019-12-20 22:05:50.212 2270 INFO rally.task.runner [-] Task 4bb9781d-059d-4802-8eb6-3a6e6b35cb01 | ITER: 2 START
2019-12-20 22:05:50.213 2270 WARNING rally_openstack.scenarios.neutron.utils [-] Running this scenario without either the 'network' or 'existing_network' context is deprecated
2019-12-20 22:05:50.213 2272 RALLYDEBUG rally.task.runner [-] Starting a worker. concurrency: 1 args: {"network_create_args": {}, "subnet_create_args": {}, "subnet_cidr_start": "1.1.0.0/30", "subnets_per_network": 2} times: 40 method_name: run timeout: 0 duration: None cls:
2019-12-20 22:05:50.215 2275 RALLYDEBUG rally.task.runner [-] Starting a worker. concurrency: 1 args: {"network_create_args": {}, "subnet_create_args": {}, "subnet_cidr_start": "1.1.0.0/30", "subnets_per_network": 2} times: 40 method_name: run timeout: 0 duration: None cls:
2019-12-20 22:05:50.218 2279 RALLYDEBUG rally.task.runner [-] Starting a worker. concurrency: 1 args: {"network_create_args": {}, "subnet_create_args": {}, "subnet_cidr_start": "1.1.0.0/30", "subnets_per_network": 2} times: 40 method_name: run timeout: 0 duration: None cls:
2019-12-20 22:05:50.220 2276 RALLYDEBUG rally.task.runner [-] Starting a worker. concurrency: 1 args: {"network_create_args": {}, "subnet_create_args": {}, "subnet_cidr_start": "1.1.0.0/30", "subnets_per_network": 2} times: 40 method_name: run timeout: 0 duration: None cls:
2019-12-20 22:05:50.221 2283 RALLYDEBUG rally.task.runner [-] Starting a worker. concurrency: 1 args: {"network_create_args": {}, "subnet_create_args": {}, "subnet_cidr_start": "1.1.0.0/30", "subnets_per_network": 2} times: 40 method_name: run timeout: 0 duration: None cls:
2019-12-20 22:05:50.221 2280 RALLYDEBUG rally.task.runner [-] Starting a worker. concurrency: 1 args: {"network_create_args": {}, "subnet_create_args": {}, "subnet_cidr_start": "1.1.0.0/30", "subnets_per_network": 2} times: 40 method_name: run timeout: 0 duration: None cls:
2019-12-20 22:05:50.222 2271 INFO rally.task.runner [-] Task 4bb9781d-059d-4802-8eb6-3a6e6b35cb01 | ITER: 3 START
2019-12-20 22:05:50.222 2275 INFO rally.task.runner [-] Task 4bb9781d-059d-4802-8eb6-3a6e6b35cb01 | ITER: 5 START
2019-12-20 22:05:50.223 2272 INFO rally.task.runner [-] Task 4bb9781d-059d-4802-8eb6-3a6e6b35cb01 | ITER: 4 START
2019-12-20 22:05:50.223 2271 WARNING rally_openstack.scenarios.neutron.utils [-] Running this scenario without either the 'network' or 'existing_network' context is deprecated
2019-12-20 22:05:50.223 2275 WARNING rally_openstack.scenarios.neutron.utils [-] Running this scenario without either the 'network' or 'existing_network' context is deprecated
2019-12-20 22:05:50.223 2279 INFO rally.task.runner [-] Task 4bb9781d-059d-4802-8eb6-3a6e6b35cb01 | ITER: 6 START
2019-12-20 22:05:50.224 2272 WARNING rally_openstack.scenarios.neutron.utils [-] Running this scenario without either the 'network' or 'existing_network' context is deprecated
2019-12-20 22:05:50.224 2279 WARNING rally_openstack.scenarios.neutron.utils [-] Running this scenario without either the 'network' or 'existing_network' context is deprecated
2019-12-20 22:05:50.225 2283 INFO rally.task.runner [-] Task 4bb9781d-059d-4802-8eb6-3a6e6b35cb01 | ITER: 8 START
2019-12-20 22:05:50.225 2285 RALLYDEBUG rally.task.runner [-] Starting a worker. concurrency: 1 args: {"network_create_args": {}, "subnet_create_args": {}, "subnet_cidr_start": "1.1.0.0/30", "subnets_per_network": 2} times: 40 method_name: run timeout: 0 duration: None cls:
2019-12-20 22:05:50.226 2276 INFO rally.task.runner [-] Task 4bb9781d-059d-4802-8eb6-3a6e6b35cb01 | ITER: 7 START
2019-12-20 22:05:50.226 2283 WARNING rally_openstack.scenarios.neutron.utils [-] Running this scenario without either the 'network' or 'existing_network' context is deprecated
2019-12-20 22:05:50.227 2276 WARNING rally_openstack.scenarios.neutron.utils [-] Running this scenario without either the 'network' or 'existing_network' context is deprecated
2019-12-20 22:05:50.228 2280 INFO rally.task.runner [-] Task 4bb9781d-059d-4802-8eb6-3a6e6b35cb01 | ITER: 9 START
2019-12-20 22:05:50.229 2280 WARNING rally_openstack.scenarios.neutron.utils [-] Running this scenario without either the 'network' or 'existing_network' context is deprecated
2019-12-20 22:05:50.228 2288 RALLYDEBUG rally.task.runner [-] Starting a worker. concurrency: 1 args: {"network_create_args": {}, "subnet_create_args": {}, "subnet_cidr_start": "1.1.0.0/30", "subnets_per_network": 2} times: 40 method_name: run timeout: 0 duration: None cls:
2019-12-20 22:05:50.229 2292 RALLYDEBUG rally.task.runner [-] Starting a worker. concurrency: 1 args: {"network_create_args": {}, "subnet_create_args": {}, "subnet_cidr_start": "1.1.0.0/30", "subnets_per_network": 2} times: 40 method_name: run timeout: 0 duration: None cls:
2019-12-20 22:05:50.230 2285 INFO rally.task.runner [-] Task 4bb9781d-059d-4802-8eb6-3a6e6b35cb01 | ITER: 10 START
2019-12-20 22:05:50.231 2285 WARNING rally_openstack.scenarios.neutron.utils [-] Running this scenario without either the 'network' or 'existing_network' context is deprecated
2019-12-20 22:05:50.233 2292 INFO rally.task.runner [-] Task 4bb9781d-059d-4802-8eb6-3a6e6b35cb01 | ITER: 12 START
2019-12-20 22:05:50.233 2298 RALLYDEBUG rally.task.runner [-] Starting a worker. concurrency: 1 args: {"network_create_args": {}, "subnet_create_args": {}, "subnet_cidr_start": "1.1.0.0/30", "subnets_per_network": 2} times: 40 method_name: run timeout: 0 duration: None cls:
2019-12-20 22:05:50.234 2292 WARNING rally_openstack.scenarios.neutron.utils [-] Running this scenario without either the 'network' or 'existing_network' context is deprecated
2019-12-20 22:05:50.236 2288 INFO rally.task.runner [-] Task 4bb9781d-059d-4802-8eb6-3a6e6b35cb01 | ITER: 11 START
2019-12-20 22:05:50.237 2288 WARNING rally_openstack.scenarios.neutron.utils [-] Running this scenario without either the 'network' or 'existing_network' context is deprecated
2019-12-20 22:05:50.236 2300 RALLYDEBUG rally.task.runner [-] Starting a worker. concurrency: 1 args: {"network_create_args": {}, "subnet_create_args": {}, "subnet_cidr_start": "1.1.0.0/30", "subnets_per_network": 2} times: 40 method_name: run timeout: 0 duration: None cls:
2019-12-20 22:05:50.239 2298 INFO rally.task.runner [-] Task 4bb9781d-059d-4802-8eb6-3a6e6b35cb01 | ITER: 13 START
2019-12-20 22:05:50.239 2303 RALLYDEBUG rally.task.runner [-] Starting a worker. concurrency: 1 args: {"network_create_args": {}, "subnet_create_args": {}, "subnet_cidr_start": "1.1.0.0/30", "subnets_per_network": 2} times: 40 method_name: run timeout: 0 duration: None cls:
2019-12-20 22:05:50.240 2298 WARNING rally_openstack.scenarios.neutron.utils [-] Running this scenario without either the 'network' or 'existing_network' context is deprecated
2019-12-20 22:05:50.241 2307 RALLYDEBUG rally.task.runner [-] Starting a worker. concurrency: 1 args: {"network_create_args": {}, "subnet_create_args": {}, "subnet_cidr_start": "1.1.0.0/30", "subnets_per_network": 2} times: 40 method_name: run timeout: 0 duration: None cls:
2019-12-20 22:05:50.244 2309 RALLYDEBUG rally.task.runner [-] Starting a worker. concurrency: 1 args: {"network_create_args": {}, "subnet_create_args": {}, "subnet_cidr_start": "1.1.0.0/30", "subnets_per_network": 2} times: 40 method_name: run timeout: 0 duration: None cls:
2019-12-20 22:05:50.246 2300 INFO rally.task.runner [-] Task 4bb9781d-059d-4802-8eb6-3a6e6b35cb01 | ITER: 14 START
2019-12-20 22:05:50.247 2307 INFO rally.task.runner [-] Task 4bb9781d-059d-4802-8eb6-3a6e6b35cb01 | ITER: 16 START
2019-12-20 22:05:50.247 2300 WARNING rally_openstack.scenarios.neutron.utils [-] Running this scenario without either the 'network' or 'existing_network' context is deprecated
2019-12-20 22:05:50.246 2312 RALLYDEBUG rally.task.runner [-] Starting a worker. concurrency: 1 args: {"network_create_args": {}, "subnet_create_args": {}, "subnet_cidr_start": "1.1.0.0/30", "subnets_per_network": 2} times: 40 method_name: run timeout: 0 duration: None cls:
2019-12-20 22:05:50.247 2307 WARNING rally_openstack.scenarios.neutron.utils [-] Running this scenario without either the 'network' or 'existing_network' context is deprecated
2019-12-20 22:05:50.248 2313 RALLYDEBUG rally.task.runner [-] Starting a worker. concurrency: 1 args: {"network_create_args": {}, "subnet_create_args": {}, "subnet_cidr_start": "1.1.0.0/30", "subnets_per_network": 2} times: 40 method_name: run timeout: 0 duration: None cls:
2019-12-20 22:05:50.249 2315 RALLYDEBUG rally.task.runner [-] Starting a worker. concurrency: 1 args: {"network_create_args": {}, "subnet_create_args": {}, "subnet_cidr_start": "1.1.0.0/30", "subnets_per_network": 2} times: 40 method_name: run timeout: 0 duration: None cls:
2019-12-20 22:05:50.251 2309 INFO rally.task.runner [-] Task 4bb9781d-059d-4802-8eb6-3a6e6b35cb01 | ITER: 17 START
2019-12-20 22:05:50.252 2309 WARNING rally_openstack.scenarios.neutron.utils [-] Running this scenario without either the 'network' or 'existing_network' context is deprecated
2019-12-20 22:05:50.254 2303 INFO rally.task.runner [-] Task 4bb9781d-059d-4802-8eb6-3a6e6b35cb01 | ITER: 15 START
2019-12-20 22:05:50.254 2315 INFO rally.task.runner [-] Task 4bb9781d-059d-4802-8eb6-3a6e6b35cb01 | ITER: 20 START
2019-12-20 22:05:50.255 2303 WARNING rally_openstack.scenarios.neutron.utils [-] Running this scenario without either the 'network' or 'existing_network' context is deprecated
2019-12-20 22:05:50.255 2315 WARNING rally_openstack.scenarios.neutron.utils [-] Running this scenario without either the 'network' or 'existing_network' context is deprecated
2019-12-20 22:05:50.255 2313 INFO rally.task.runner [-] Task 4bb9781d-059d-4802-8eb6-3a6e6b35cb01 | ITER: 19 START
2019-12-20 22:05:50.256 2313 WARNING rally_openstack.scenarios.neutron.utils [-] Running this scenario without either the 'network' or 'existing_network' context is deprecated
2019-12-20 22:05:50.256 2312 INFO rally.task.runner [-] Task 4bb9781d-059d-4802-8eb6-3a6e6b35cb01 | ITER: 18 START
2019-12-20 22:05:50.257 2312 WARNING rally_openstack.scenarios.neutron.utils [-] Running this scenario without either the 'network' or 'existing_network' context is deprecated
2019-12-20 22:05:50.809 2280 RALLYDEBUG rally_openstack.wrappers.network [-] CIDR generated: 1.1.4.96/30
2019-12-20 22:05:50.831 2298 RALLYDEBUG rally_openstack.wrappers.network [-] CIDR generated: 1.1.4.100/30
2019-12-20 22:05:50.886 2303 RALLYDEBUG rally_openstack.wrappers.network [-] CIDR generated: 1.1.4.104/30
2019-12-20 22:05:50.965 2313 RALLYDEBUG rally_openstack.wrappers.network [-] CIDR generated: 1.1.4.108/30
2019-12-20 22:05:50.989 2307 RALLYDEBUG rally_openstack.wrappers.network [-] CIDR generated: 1.1.4.112/30
2019-12-20 22:05:50.993 2271 RALLYDEBUG rally_openstack.wrappers.network [-] CIDR generated: 1.1.4.116/30
2019-12-20 22:05:51.070 2276 RALLYDEBUG rally_openstack.wrappers.network [-] CIDR generated: 1.1.4.120/30
2019-12-20 22:05:51.135 2315 RALLYDEBUG rally_openstack.wrappers.network [-] CIDR generated: 1.1.4.124/30
2019-12-20 22:05:51.150 2279 RALLYDEBUG rally_openstack.wrappers.network [-] CIDR generated: 1.1.4.128/30
2019-12-20 22:05:51.153 2269 RALLYDEBUG rally_openstack.wrappers.network [-] CIDR generated: 1.1.4.132/30
2019-12-20 22:05:51.187 2312 RALLYDEBUG rally_openstack.wrappers.network [-] CIDR generated: 1.1.4.136/30
2019-12-20 22:05:51.276 2272 RALLYDEBUG rally_openstack.wrappers.network [-] CIDR generated: 1.1.4.140/30
2019-12-20 22:05:51.386 2300 RALLYDEBUG rally_openstack.wrappers.network [-] CIDR generated: 1.1.4.144/30
2019-12-20 22:05:51.525 2283 RALLYDEBUG rally_openstack.wrappers.network [-] CIDR generated: 1.1.4.148/30
2019-12-20 22:05:51.570 2292 RALLYDEBUG rally_openstack.wrappers.network [-] CIDR generated: 1.1.4.152/30
2019-12-20 22:05:51.571 2285 RALLYDEBUG rally_openstack.wrappers.network [-] CIDR generated: 1.1.4.156/30
2019-12-20 22:05:51.579 2275 RALLYDEBUG rally_openstack.wrappers.network [-] CIDR generated: 1.1.4.160/30
2019-12-20 22:05:51.583 2288 RALLYDEBUG rally_openstack.wrappers.network [-] CIDR generated: 1.1.4.164/30
2019-12-20 22:05:51.794 2309 RALLYDEBUG rally_openstack.wrappers.network [-] CIDR generated: 1.1.4.168/30
2019-12-20 22:05:51.795 2270 RALLYDEBUG rally_openstack.wrappers.network [-] CIDR generated: 1.1.4.172/30
2019-12-20 22:05:51.948 2312 RALLYDEBUG rally_openstack.wrappers.network [-] CIDR generated: 1.1.4.176/30
2019-12-20 22:05:52.179 2272 RALLYDEBUG rally_openstack.wrappers.network [-] CIDR generated: 1.1.4.180/30
2019-12-20 22:05:52.348 2313 RALLYDEBUG rally_openstack.wrappers.network [-] CIDR generated: 1.1.4.184/30
2019-12-20 22:05:52.445 2280 RALLYDEBUG rally_openstack.wrappers.network [-] CIDR generated: 1.1.4.188/30
2019-12-20 22:05:52.495 2283 RALLYDEBUG rally_openstack.wrappers.network [-] CIDR generated: 1.1.4.192/30
2019-12-20 22:05:52.513 2271 RALLYDEBUG rally_openstack.wrappers.network [-] CIDR generated: 1.1.4.196/30
2019-12-20 22:05:52.560 2276 RALLYDEBUG rally_openstack.wrappers.network [-] CIDR generated: 1.1.4.200/30
2019-12-20 22:05:52.969 2300 RALLYDEBUG rally_openstack.wrappers.network [-] CIDR generated: 1.1.4.204/30
2019-12-20 22:05:53.008 2307 RALLYDEBUG rally_openstack.wrappers.network [-] CIDR generated: 1.1.4.208/30
2019-12-20 22:05:53.064 2315 RALLYDEBUG rally_openstack.wrappers.network [-] CIDR generated: 1.1.4.212/30
2019-12-20 22:05:53.065 2303 RALLYDEBUG rally_openstack.wrappers.network [-] CIDR generated: 1.1.4.216/30
2019-12-20 22:05:53.387 2288 RALLYDEBUG rally_openstack.wrappers.network [-] CIDR generated: 1.1.4.220/30
2019-12-20 22:05:53.388 2275 RALLYDEBUG rally_openstack.wrappers.network [-] CIDR generated: 1.1.4.224/30
2019-12-20 22:05:53.553 2298 RALLYDEBUG rally_openstack.wrappers.network [-] CIDR generated: 1.1.4.228/30
2019-12-20 22:05:53.554 2269 RALLYDEBUG rally_openstack.wrappers.network [-] CIDR generated: 1.1.4.232/30
2019-12-20 22:05:53.669 2309 RALLYDEBUG rally_openstack.wrappers.network [-] CIDR generated: 1.1.4.236/30
2019-12-20 22:05:53.734 2285 RALLYDEBUG rally_openstack.wrappers.network [-] CIDR generated: 1.1.4.240/30
2019-12-20 22:05:53.737 2270 RALLYDEBUG rally_openstack.wrappers.network [-] CIDR generated: 1.1.4.244/30
2019-12-20 22:05:53.743 2279 RALLYDEBUG rally_openstack.wrappers.network [-] CIDR generated: 1.1.4.248/30
2019-12-20 22:05:53.753 2292 RALLYDEBUG rally_openstack.wrappers.network [-] CIDR generated: 1.1.4.252/30
2019-12-20 22:05:54.047 2313 INFO rally.task.runner [-] Task 4bb9781d-059d-4802-8eb6-3a6e6b35cb01 | ITER: 19 END: OK
2019-12-20 22:05:54.050 2313 INFO rally.task.runner [-] Task 4bb9781d-059d-4802-8eb6-3a6e6b35cb01 | ITER: 21 START
2019-12-20 22:05:54.050 2313 WARNING rally_openstack.scenarios.neutron.utils [-] Running this scenario without either the 'network' or 'existing_network' context is deprecated
2019-12-20 22:05:54.333 2280 INFO rally.task.runner [-] Task 4bb9781d-059d-4802-8eb6-3a6e6b35cb01 | ITER: 9 END: OK
2019-12-20 22:05:54.336 2280 INFO rally.task.runner [-] Task 4bb9781d-059d-4802-8eb6-3a6e6b35cb01 | ITER: 22 START
2019-12-20 22:05:54.337 2280 WARNING rally_openstack.scenarios.neutron.utils [-] Running this scenario without either the 'network' or 'existing_network' context is deprecated
2019-12-20 22:05:54.387 2313 RALLYDEBUG rally_openstack.wrappers.network [-] CIDR generated: 1.1.5.0/30
2019-12-20 22:05:54.463 2272 INFO rally.task.runner [-] Task 4bb9781d-059d-4802-8eb6-3a6e6b35cb01 | ITER: 4 END: OK
2019-12-20 22:05:54.466 2272 INFO rally.task.runner [-] Task 4bb9781d-059d-4802-8eb6-3a6e6b35cb01 | ITER: 23 START
2019-12-20 22:05:54.466 2272 WARNING rally_openstack.scenarios.neutron.utils [-] Running this scenario without either the 'network' or 'existing_network' context is deprecated
2019-12-20 22:05:54.476 2312 INFO rally.task.runner [-] Task 4bb9781d-059d-4802-8eb6-3a6e6b35cb01 | ITER: 18 END: OK
2019-12-20 22:05:54.479 2312 INFO rally.task.runner [-] Task 4bb9781d-059d-4802-8eb6-3a6e6b35cb01 | ITER: 24 START
2019-12-20 22:05:54.480 2312 WARNING rally_openstack.scenarios.neutron.utils [-] Running this scenario without either the 'network' or 'existing_network' context is deprecated
2019-12-20 22:05:54.650 2276 INFO rally.task.runner [-] Task 4bb9781d-059d-4802-8eb6-3a6e6b35cb01 | ITER: 7 END: OK
2019-12-20 22:05:54.653 2276 INFO rally.task.runner [-] Task 4bb9781d-059d-4802-8eb6-3a6e6b35cb01 | ITER: 25 START
2019-12-20 22:05:54.653 2276 WARNING rally_openstack.scenarios.neutron.utils [-] Running this scenario without either the 'network' or 'existing_network' context is deprecated
2019-12-20 22:05:54.749 2280 RALLYDEBUG rally_openstack.wrappers.network [-] CIDR generated: 1.1.5.4/30
2019-12-20 22:05:54.801 2312 RALLYDEBUG rally_openstack.wrappers.network [-] CIDR generated: 1.1.5.8/30
2019-12-20 22:05:54.812 2272 RALLYDEBUG rally_openstack.wrappers.network [-] CIDR generated: 1.1.5.12/30
2019-12-20 22:05:54.900 2276 RALLYDEBUG rally_openstack.wrappers.network [-] CIDR generated: 1.1.5.16/30
2019-12-20 22:05:54.954 2283 INFO rally.task.runner [-] Task 4bb9781d-059d-4802-8eb6-3a6e6b35cb01 | ITER: 8 END: OK
2019-12-20 22:05:54.957 2283 INFO rally.task.runner [-] Task 4bb9781d-059d-4802-8eb6-3a6e6b35cb01 | ITER: 26 START
2019-12-20 22:05:54.957 2283 WARNING rally_openstack.scenarios.neutron.utils [-] Running this scenario without either the 'network' or 'existing_network' context is deprecated
2019-12-20 22:05:55.071 2271 INFO rally.task.runner [-] Task 4bb9781d-059d-4802-8eb6-3a6e6b35cb01 | ITER: 3 END: OK
2019-12-20 22:05:55.073 2271 INFO rally.task.runner [-] Task 4bb9781d-059d-4802-8eb6-3a6e6b35cb01 | ITER: 27 START
2019-12-20 22:05:55.074 2271 WARNING rally_openstack.scenarios.neutron.utils [-] Running this scenario without either the 'network' or 'existing_network' context is deprecated
2019-12-20 22:05:55.234 2313 RALLYDEBUG rally_openstack.wrappers.network [-] CIDR generated: 1.1.5.20/30
2019-12-20 22:05:55.323 2283 RALLYDEBUG rally_openstack.wrappers.network [-] CIDR generated: 1.1.5.24/30
2019-12-20 22:05:55.382 2307 INFO rally.task.runner [-] Task 4bb9781d-059d-4802-8eb6-3a6e6b35cb01 | ITER: 16 END: OK
2019-12-20 22:05:55.385 2307 INFO rally.task.runner [-] Task 4bb9781d-059d-4802-8eb6-3a6e6b35cb01 | ITER: 28 START
2019-12-20 22:05:55.386 2307 WARNING rally_openstack.scenarios.neutron.utils [-] Running this scenario without either the 'network' or 'existing_network' context is deprecated
2019-12-20 22:05:55.477 2271 RALLYDEBUG rally_openstack.wrappers.network [-] CIDR generated: 1.1.5.28/30
2019-12-20 22:05:55.666 2272 RALLYDEBUG rally_openstack.wrappers.network [-] CIDR generated: 1.1.5.32/30
2019-12-20 22:05:56.037 2280 RALLYDEBUG rally_openstack.wrappers.network [-] CIDR generated: 1.1.5.36/30
2019-12-20 22:05:56.116 2312 RALLYDEBUG rally_openstack.wrappers.network [-] CIDR generated: 1.1.5.40/30
2019-12-20 22:05:56.176 2283 RALLYDEBUG rally_openstack.wrappers.network [-] CIDR generated: 1.1.5.44/30
2019-12-20 22:05:56.291 2307 RALLYDEBUG rally_openstack.wrappers.network [-] CIDR generated: 1.1.5.48/30
2019-12-20 22:05:56.740 2276 RALLYDEBUG rally_openstack.wrappers.network [-] CIDR generated: 1.1.5.52/30
2019-12-20 22:05:57.054 2300 INFO rally.task.runner [-] Task 4bb9781d-059d-4802-8eb6-3a6e6b35cb01 | ITER: 14 END: OK
2019-12-20 22:05:57.057 2300 INFO rally.task.runner [-] Task 4bb9781d-059d-4802-8eb6-3a6e6b35cb01 | ITER: 29 START
2019-12-20 22:05:57.057 2300 WARNING rally_openstack.scenarios.neutron.utils [-] Running this scenario without either the 'network' or 'existing_network' context is deprecated
2019-12-20 22:05:57.089 2307 RALLYDEBUG rally_openstack.wrappers.network [-] CIDR generated: 1.1.5.56/30
2019-12-20 22:05:57.283 2271 RALLYDEBUG rally_openstack.wrappers.network [-] CIDR generated: 1.1.5.60/30
2019-12-20 22:05:57.316 2300 RALLYDEBUG rally_openstack.wrappers.network [-] CIDR generated: 1.1.5.64/30
2019-12-20 22:05:57.435 2315 INFO rally.task.runner [-] Task 4bb9781d-059d-4802-8eb6-3a6e6b35cb01 | ITER: 20 END: OK
2019-12-20 22:05:57.438 2315 INFO rally.task.runner [-] Task 4bb9781d-059d-4802-8eb6-3a6e6b35cb01 | ITER: 30 START
2019-12-20 22:05:57.438 2315 WARNING rally_openstack.scenarios.neutron.utils [-] Running this scenario without either the 'network' or 'existing_network' context is deprecated
2019-12-20 22:05:57.439 2303 INFO rally.task.runner [-] Task 4bb9781d-059d-4802-8eb6-3a6e6b35cb01 | ITER: 15 END: OK
2019-12-20 22:05:57.441 2303 INFO rally.task.runner [-] Task 4bb9781d-059d-4802-8eb6-3a6e6b35cb01 | ITER: 31 START
2019-12-20 22:05:57.442 2303 WARNING rally_openstack.scenarios.neutron.utils [-] Running this scenario without either the 'network' or 'existing_network' context is deprecated
2019-12-20 22:05:57.459 2313 INFO rally.task.runner [-] Task 4bb9781d-059d-4802-8eb6-3a6e6b35cb01 | ITER: 21 END: OK
2019-12-20 22:05:57.461 2313 INFO rally.task.runner [-] Task 4bb9781d-059d-4802-8eb6-3a6e6b35cb01 | ITER: 32 START
2019-12-20 22:05:57.461 2313 WARNING rally_openstack.scenarios.neutron.utils [-] Running this scenario without either the 'network' or 'existing_network' context is deprecated
2019-12-20 22:05:57.504 2288 INFO rally.task.runner [-] Task 4bb9781d-059d-4802-8eb6-3a6e6b35cb01 | ITER: 11 END: OK
2019-12-20 22:05:57.506 2288 INFO rally.task.runner [-] Task 4bb9781d-059d-4802-8eb6-3a6e6b35cb01 | ITER: 33 START
2019-12-20 22:05:57.507 2288 WARNING rally_openstack.scenarios.neutron.utils [-] Running this scenario without either the 'network' or 'existing_network' context is deprecated
2019-12-20 22:05:57.509 2275 INFO rally.task.runner [-] Task 4bb9781d-059d-4802-8eb6-3a6e6b35cb01 | ITER: 5 END: OK
2019-12-20 22:05:57.511 2275 INFO rally.task.runner [-] Task 4bb9781d-059d-4802-8eb6-3a6e6b35cb01 | ITER: 34 START
2019-12-20 22:05:57.511 2275 WARNING rally_openstack.scenarios.neutron.utils [-] Running this scenario without either the 'network' or 'existing_network' context is deprecated
2019-12-20 22:05:57.716 2303 RALLYDEBUG rally_openstack.wrappers.network [-] CIDR generated: 1.1.5.68/30
2019-12-20 22:05:57.843 2279 INFO rally.task.runner [-] Task 4bb9781d-059d-4802-8eb6-3a6e6b35cb01 | ITER: 6 END: OK
2019-12-20 22:05:57.846 2279 INFO rally.task.runner [-] Task 4bb9781d-059d-4802-8eb6-3a6e6b35cb01 | ITER: 35 START
2019-12-20 22:05:57.846 2279 WARNING rally_openstack.scenarios.neutron.utils [-] Running this scenario without either the 'network' or 'existing_network' context is deprecated
2019-12-20 22:05:57.903 2298 INFO rally.task.runner [-] Task 4bb9781d-059d-4802-8eb6-3a6e6b35cb01 | ITER: 13 END: OK
2019-12-20 22:05:57.919 2312 INFO rally.task.runner [-] Task 4bb9781d-059d-4802-8eb6-3a6e6b35cb01 | ITER: 24 END: OK
2019-12-20 22:05:58.078 2309 INFO rally.task.runner [-] Task 4bb9781d-059d-4802-8eb6-3a6e6b35cb01 | ITER: 17 END: OK
2019-12-20 22:05:58.084 2270 INFO rally.task.runner [-] Task 4bb9781d-059d-4802-8eb6-3a6e6b35cb01 | ITER: 2 END: OK
2019-12-20 22:05:58.084 2285 INFO rally.task.runner [-] Task 4bb9781d-059d-4802-8eb6-3a6e6b35cb01 | ITER: 10 END: OK
2019-12-20 22:05:58.085 2292 INFO rally.task.runner [-] Task 4bb9781d-059d-4802-8eb6-3a6e6b35cb01 | ITER: 12 END: OK
2019-12-20 22:05:58.188 2298 INFO rally.task.runner [-] Task 4bb9781d-059d-4802-8eb6-3a6e6b35cb01 | ITER: 36 START
2019-12-20 22:05:58.188 2309 INFO rally.task.runner [-] Task 4bb9781d-059d-4802-8eb6-3a6e6b35cb01 | ITER: 38 START
2019-12-20 22:05:58.188 2312 INFO rally.task.runner [-] Task 4bb9781d-059d-4802-8eb6-3a6e6b35cb01 | ITER: 37 START
2019-12-20 22:05:58.189 2298 WARNING rally_openstack.scenarios.neutron.utils [-] Running this scenario without either the 'network' or 'existing_network' context is deprecated
2019-12-20 22:05:58.189 2312 WARNING rally_openstack.scenarios.neutron.utils [-] Running this scenario without either the 'network' or 'existing_network' context is deprecated
2019-12-20 22:05:58.189 2309 WARNING rally_openstack.scenarios.neutron.utils [-] Running this scenario without either the 'network' or 'existing_network' context is deprecated
2019-12-20 22:05:58.189 2292 INFO rally.task.runner [-] Task 4bb9781d-059d-4802-8eb6-3a6e6b35cb01 | ITER: 40 START
2019-12-20 22:05:58.189 2292 WARNING rally_openstack.scenarios.neutron.utils [-] Running this scenario without either the 'network' or 'existing_network' context is deprecated
2019-12-20 22:05:58.190 2285 INFO rally.task.runner [-] Task 4bb9781d-059d-4802-8eb6-3a6e6b35cb01 | ITER: 39 START
2019-12-20 22:05:58.190 2285 WARNING rally_openstack.scenarios.neutron.utils [-] Running this scenario without either the 'network' or 'existing_network' context is deprecated
2019-12-20 22:05:58.431 2313 RALLYDEBUG rally_openstack.wrappers.network [-] CIDR generated: 1.1.5.72/30
2019-12-20 22:05:58.431 2315 RALLYDEBUG rally_openstack.wrappers.network [-] CIDR generated: 1.1.5.76/30
2019-12-20 22:05:58.441 2288 RALLYDEBUG rally_openstack.wrappers.network [-] CIDR generated: 1.1.5.80/30
2019-12-20 22:05:58.461 2300 RALLYDEBUG rally_openstack.wrappers.network [-] CIDR generated: 1.1.5.84/30
2019-12-20 22:05:58.535 2269 INFO rally.task.runner [-] Task 4bb9781d-059d-4802-8eb6-3a6e6b35cb01 | ITER: 1 END: OK
2019-12-20 22:05:58.550 2275 RALLYDEBUG rally_openstack.wrappers.network [-] CIDR generated: 1.1.5.88/30
2019-12-20 22:05:58.636 2312 RALLYDEBUG rally_openstack.wrappers.network [-] CIDR generated: 1.1.5.92/30
2019-12-20 22:05:58.640 2292 RALLYDEBUG rally_openstack.wrappers.network [-] CIDR generated: 1.1.5.96/30
2019-12-20 22:05:58.643 2309 RALLYDEBUG rally_openstack.wrappers.network [-] CIDR generated: 1.1.5.100/30
2019-12-20 22:05:58.655 2280 INFO rally.task.runner [-] Task 4bb9781d-059d-4802-8eb6-3a6e6b35cb01 | ITER: 22 END: OK
2019-12-20 22:05:58.691 2279 RALLYDEBUG rally_openstack.wrappers.network [-] CIDR generated: 1.1.5.104/30
2019-12-20 22:05:58.927 2298 RALLYDEBUG rally_openstack.wrappers.network [-] CIDR generated: 1.1.5.108/30
2019-12-20 22:05:59.077 2272 INFO rally.task.runner [-] Task 4bb9781d-059d-4802-8eb6-3a6e6b35cb01 | ITER: 23 END: OK
2019-12-20 22:05:59.259 2285 RALLYDEBUG rally_openstack.wrappers.network [-] CIDR generated: 1.1.5.112/30
2019-12-20 22:05:59.946 2309 RALLYDEBUG rally_openstack.wrappers.network [-] CIDR generated: 1.1.5.116/30
2019-12-20 22:06:00.000 2279 RALLYDEBUG rally_openstack.wrappers.network [-] CIDR generated: 1.1.5.120/30
2019-12-20 22:06:00.208 2283 INFO rally.task.runner [-] Task 4bb9781d-059d-4802-8eb6-3a6e6b35cb01 | ITER: 26 END: OK
2019-12-20 22:06:00.510 2313 RALLYDEBUG rally_openstack.wrappers.network [-] CIDR generated: 1.1.5.124/30
2019-12-20 22:06:00.552 2298 RALLYDEBUG rally_openstack.wrappers.network [-] CIDR generated: 1.1.5.128/30
2019-12-20 22:06:00.566 2303 RALLYDEBUG rally_openstack.wrappers.network [-] CIDR generated: 1.1.5.132/30
2019-12-20 22:06:00.591 2315 RALLYDEBUG rally_openstack.wrappers.network [-] CIDR generated: 1.1.5.136/30
2019-12-20 22:06:00.597 2275 RALLYDEBUG rally_openstack.wrappers.network [-] CIDR generated: 1.1.5.144/30
2019-12-20 22:06:00.597 2288 RALLYDEBUG rally_openstack.wrappers.network [-] CIDR generated: 1.1.5.140/30
2019-12-20 22:06:00.816 2292 RALLYDEBUG rally_openstack.wrappers.network [-] CIDR generated: 1.1.5.148/30
2019-12-20 22:06:00.842 2300 INFO rally.task.runner [-] Task 4bb9781d-059d-4802-8eb6-3a6e6b35cb01 | ITER: 29 END: OK
2019-12-20 22:06:00.875 2312 RALLYDEBUG rally_openstack.wrappers.network [-] CIDR generated: 1.1.5.152/30
2019-12-20 22:06:01.027 2307 INFO rally.task.runner [-] Task 4bb9781d-059d-4802-8eb6-3a6e6b35cb01 | ITER: 28 END: OK
2019-12-20 22:06:01.046 2276 INFO rally.task.runner [-] Task 4bb9781d-059d-4802-8eb6-3a6e6b35cb01 | ITER: 25 END: OK
2019-12-20 22:06:01.134 2271 INFO rally.task.runner [-] Task 4bb9781d-059d-4802-8eb6-3a6e6b35cb01 | ITER: 27 END: OK
2019-12-20 22:06:01.646 2285 RALLYDEBUG rally_openstack.wrappers.network [-] CIDR generated: 1.1.5.156/30
2019-12-20 22:06:01.743 2309 INFO rally.task.runner [-] Task 4bb9781d-059d-4802-8eb6-3a6e6b35cb01 | ITER: 38 END: OK
2019-12-20 22:06:02.318 2279 INFO rally.task.runner [-] Task 4bb9781d-059d-4802-8eb6-3a6e6b35cb01 | ITER: 35 END: OK
2019-12-20 22:06:03.089 2298 INFO rally.task.runner [-] Task 4bb9781d-059d-4802-8eb6-3a6e6b35cb01 | ITER: 36 END: OK
2019-12-20 22:06:04.053 2285 INFO rally.task.runner [-] Task 4bb9781d-059d-4802-8eb6-3a6e6b35cb01 | ITER: 39 END: OK
2019-12-20 22:06:04.714 2275 INFO rally.task.runner [-] Task 4bb9781d-059d-4802-8eb6-3a6e6b35cb01 | ITER: 34 END: OK
2019-12-20 22:06:04.716 2288 INFO rally.task.runner [-] Task 4bb9781d-059d-4802-8eb6-3a6e6b35cb01 | ITER: 33 END: OK
2019-12-20 22:06:04.803 2313 INFO rally.task.runner [-] Task 4bb9781d-059d-4802-8eb6-3a6e6b35cb01 | ITER: 32 END: OK
2019-12-20 22:06:04.810 2315 INFO rally.task.runner [-] Task 4bb9781d-059d-4802-8eb6-3a6e6b35cb01 | ITER: 30 END: OK
2019-12-20 22:06:04.906 2292 INFO rally.task.runner [-] Task 4bb9781d-059d-4802-8eb6-3a6e6b35cb01 | ITER: 40 END: OK
2019-12-20 22:06:04.909 2312 INFO rally.task.runner [-] Task 4bb9781d-059d-4802-8eb6-3a6e6b35cb01 | ITER: 37 END: OK
2019-12-20 22:06:08.058 2303 INFO rally.task.runner [-] Task 4bb9781d-059d-4802-8eb6-3a6e6b35cb01 | ITER: 31 END: OK
2019-12-20 22:06:08.081 15 INFO rally.task.context [-] Task 4bb9781d-059d-4802-8eb6-3a6e6b35cb01 | Context cleanup@openstack cleanup() started
2019-12-20 22:06:08.084 15 RALLYDEBUG rally_openstack.cleanup.manager [-] Cleaning up neutron vip objects
2019-12-20 22:06:08.195 15 RALLYDEBUG rally_openstack.cleanup.manager [-] Cleaning up neutron health_monitor objects
2019-12-20 22:06:08.347 15 RALLYDEBUG rally_openstack.cleanup.manager [-] Cleaning up neutron pool objects
2019-12-20 22:06:08.469 15 RALLYDEBUG rally_openstack.cleanup.manager [-] Cleaning up neutron loadbalancer objects
2019-12-20 22:06:08.590 15 RALLYDEBUG rally_openstack.cleanup.manager [-] Cleaning up neutron floatingip objects
2019-12-20 22:06:08.769 15 RALLYDEBUG rally_openstack.cleanup.manager [-] Cleaning up neutron trunk objects
2019-12-20 22:06:08.940 15 RALLYDEBUG rally_openstack.cleanup.manager [-] Cleaning up neutron port objects
2019-12-20 22:06:09.136 15 RALLYDEBUG rally_openstack.cleanup.manager [-] Cleaning up neutron subnet objects
2019-12-20 22:06:09.327 15 RALLYDEBUG rally_openstack.cleanup.manager [-] Cleaning up neutron network objects
2019-12-20 22:06:09.788 15 RALLYDEBUG rally_openstack.cleanup.manager [-] Deleting neutron.network object s_rally_49fddff3_08QUIjMa (0fa1d0d8-76a2-4f15-afbb-72d8bd0732c7)
2019-12-20 22:06:09.792 15 RALLYDEBUG rally_openstack.cleanup.manager [-] Deleting neutron.network object s_rally_49fddff3_xsvyNAth (068bf52e-26df-4a55-a83e-6b4428d78a0e)
2019-12-20 22:06:09.796 15 RALLYDEBUG rally_openstack.cleanup.manager [-] Deleting neutron.network object s_rally_49fddff3_DuKS85J8 (10784940-c969-400b-96da-def4c7d20b92)
2019-12-20 22:06:09.798 15 RALLYDEBUG rally_openstack.cleanup.manager [-] Deleting neutron.network object s_rally_49fddff3_ijsi46HO (0cc22bf6-35c1-435e-9bca-92f7f06adcb1)
2019-12-20 22:06:09.799 15 RALLYDEBUG rally_openstack.cleanup.manager [-] Deleting neutron.network object s_rally_49fddff3_zFFJjr1J (0f65e862-6154-4856-a506-ca9583ab409a)
2019-12-20 22:06:09.806 15 RALLYDEBUG rally_openstack.cleanup.manager [-] Deleting neutron.network object s_rally_49fddff3_dTn6FT5D (111b9f05-7e66-4422-8631-01e5fef092e1)
2019-12-20 22:06:09.811 15 RALLYDEBUG rally_openstack.cleanup.manager [-] Deleting neutron.network object s_rally_49fddff3_keKb9J8s (16e9f5cc-39b9-4f9b-a9cf-6343bab07d10)
2019-12-20 22:06:09.825 15 RALLYDEBUG rally_openstack.cleanup.manager [-] Deleting neutron.network object s_rally_49fddff3_Sd04Oz9c (17fc8411-e8b0-4b70-8162-a88456cd88e4)
2019-12-20 22:06:09.835 15 RALLYDEBUG rally_openstack.cleanup.manager [-] Deleting neutron.network object s_rally_49fddff3_x4H23eXn (1983b5b9-fece-40b1-a6cd-e82128a0837e)
2019-12-20 22:06:09.844 15 RALLYDEBUG rally_openstack.cleanup.manager [-] Deleting neutron.network object s_rally_49fddff3_rueOlo7L (2015f26a-c95e-4098-bae8-dbb5a43768dc)
2019-12-20 22:06:09.864 15 RALLYDEBUG rally_openstack.cleanup.manager [-] Deleting neutron.network object s_rally_49fddff3_iy8f3ypI (266591b3-99ce-4330-9db7-0399a8237d34)
2019-12-20 22:06:09.890 15 RALLYDEBUG rally_openstack.cleanup.manager [-] Deleting neutron.network object s_rally_49fddff3_n5jXajc8 (29e527cb-7f96-4c3a-81a8-34362c5fa12b)
2019-12-20 22:06:09.893 15 RALLYDEBUG rally_openstack.cleanup.manager [-] Deleting neutron.network object s_rally_49fddff3_PL1KgUG3 (2a81f7d7-907d-4e7c-959d-b279fdb2fe95)
2019-12-20 22:06:09.889 15 RALLYDEBUG rally_openstack.cleanup.manager [-] Deleting neutron.network object s_rally_49fddff3_cMjnL52V (269b1b79-f15a-4fbe-a1d5-73bbafe55e25)
2019-12-20 22:06:09.904 15 RALLYDEBUG rally_openstack.cleanup.manager [-] Deleting neutron.network object s_rally_49fddff3_5wlY3Rmz (321210f1-3121-4e44-83cb-456addfb3c3d)
2019-12-20 22:06:09.916 15 RALLYDEBUG rally_openstack.cleanup.manager [-] Deleting neutron.network object s_rally_49fddff3_e0XBgNAY (3bce0159-7583-4ecb-8805-002263be8146)
2019-12-20 22:06:09.925 15 RALLYDEBUG rally_openstack.cleanup.manager [-] Deleting neutron.network object s_rally_49fddff3_vroHQagV (3e02630b-72eb-4f1e-8c69-04adee481fe5)
2019-12-20 22:06:09.999 15 RALLYDEBUG rally_openstack.cleanup.manager [-] Deleting neutron.network object s_rally_49fddff3_nzVjEH6b (3e37bb1b-e40d-4a79-a59a-7d4335fce2ab)
2019-12-20 22:06:10.003 15 RALLYDEBUG rally_openstack.cleanup.manager [-] Deleting neutron.network object s_rally_49fddff3_fiRLpswn (42854c02-e3fe-4ceb-b4b5-dff80dc360e6)
2019-12-20 22:06:10.022 15 RALLYDEBUG rally_openstack.cleanup.manager [-] Deleting neutron.network object s_rally_49fddff3_vzLFYaP1 (48bf368a-414d-410f-8faf-f00667161760)
2019-12-20 22:06:12.013 15 RALLYDEBUG rally_openstack.cleanup.manager [-] Deleting neutron.network object s_rally_49fddff3_dWn8Jujm (56e4b523-f0f8-4051-b25a-13f8f938e2c7)
2019-12-20 22:06:12.117 15 RALLYDEBUG rally_openstack.cleanup.manager [-] Deleting neutron.network object s_rally_49fddff3_lZSTS96d (777d3c30-6110-4ca8-bea6-8644c231679d)
2019-12-20 22:06:12.239 15 RALLYDEBUG rally_openstack.cleanup.manager [-] Deleting neutron.network object s_rally_49fddff3_tkvFyBIH (7e491ec9-fac7-41fc-b9a0-3931fe4a47be)
2019-12-20 22:06:12.440 15 RALLYDEBUG rally_openstack.cleanup.manager [-] Deleting neutron.network object s_rally_49fddff3_11GywNlY (7fd643f4-1117-4afe-b693-59dab225525c)
2019-12-20 22:06:12.536 15 RALLYDEBUG rally_openstack.cleanup.manager [-] Deleting neutron.network object s_rally_49fddff3_w87HRpeH (83114073-dc93-48a3-a313-dd0369f49da6)
2019-12-20 22:06:12.691 15 RALLYDEBUG rally_openstack.cleanup.manager [-] Deleting neutron.network object s_rally_49fddff3_GeTLbYQL (8692b838-8387-4ff0-bd4b-01b2b0a79499)
2019-12-20 22:06:12.708 15 RALLYDEBUG rally_openstack.cleanup.manager [-] Deleting neutron.network object s_rally_49fddff3_DmVd81BA (95bd3448-2333-40d9-8058-3fd1cbccbbd2)
2019-12-20 22:06:12.763 15 RALLYDEBUG rally_openstack.cleanup.manager [-] Deleting neutron.network object s_rally_49fddff3_uIiTdy1k (9667533a-605f-40ff-8b26-102a25803de9)
2019-12-20 22:06:12.907 15 RALLYDEBUG rally_openstack.cleanup.manager [-] Deleting neutron.network object s_rally_49fddff3_HePtr1Xa (a08933b9-b225-416a-8a63-a55e7ea274e1)
2019-12-20 22:06:12.919 15 RALLYDEBUG rally_openstack.cleanup.manager [-] Deleting neutron.network object s_rally_49fddff3_WyQwXcJ3 (afa2d4cc-0237-4d9e-a851-5cfb4d7136c1)
2019-12-20 22:06:12.945 15 RALLYDEBUG rally_openstack.cleanup.manager [-] Deleting neutron.network object s_rally_49fddff3_WLYJWUEO (b4a552b2-190e-438e-a8ca-99e785b0bff9)
2019-12-20 22:06:12.954 15 RALLYDEBUG rally_openstack.cleanup.manager [-] Deleting neutron.network object s_rally_49fddff3_8vX7qF62 (bb7e8eb0-16a6-4508-8010-8b95f545e55f)
2019-12-20 22:06:12.997 15 RALLYDEBUG rally_openstack.cleanup.manager [-] Deleting neutron.network object s_rally_49fddff3_73MxahQM (c168b22b-1004-4a4e-aaff-d41fb7441f5a)
2019-12-20 22:06:13.070 15 RALLYDEBUG rally_openstack.cleanup.manager [-] Deleting neutron.network object s_rally_49fddff3_iag9n8mG (c5d8e16d-626c-438b-a321-baa82b715e82)
2019-12-20 22:06:13.107 15 RALLYDEBUG rally_openstack.cleanup.manager [-] Deleting neutron.network object s_rally_49fddff3_E87XY7oj (c69ccabe-9e8c-4892-91ba-c466d33e6bed)
2019-12-20 22:06:13.110 15 RALLYDEBUG rally_openstack.cleanup.manager [-] Deleting neutron.network object s_rally_49fddff3_l7xkBejk (ceba63de-ec9c-4f55-8cc1-5754bacf03c7)
2019-12-20 22:06:14.471 15 RALLYDEBUG rally_openstack.cleanup.manager [-] Deleting neutron.network object s_rally_49fddff3_h3r8UqsV (cf2300e9-a18b-4686-91aa-95cd5bcdd382)
2019-12-20 22:06:14.562 15 RALLYDEBUG rally_openstack.cleanup.manager [-] Deleting neutron.network object s_rally_49fddff3_nVaADpCn (e9ea4fbb-a156-4217-abc8-6deeb83194e5)
2019-12-20 22:06:15.137 15 RALLYDEBUG rally_openstack.cleanup.manager [-] Deleting neutron.network object s_rally_49fddff3_Ylda44s3 (f86c9bab-d1aa-4c79-b96f-d77f621f423b)
2019-12-20 22:06:15.146 15 RALLYDEBUG rally_openstack.cleanup.manager [-] Deleting neutron.network object s_rally_49fddff3_3tLAp6ag (fdc49383-efbd-4b59-bb78-f33eb9bd8894)
2019-12-20 22:06:17.797 15 RALLYDEBUG rally_openstack.cleanup.manager [-] Cleaning up neutron router objects
2019-12-20 22:06:17.989 15 RALLYDEBUG rally_openstack.cleanup.manager [-] Cleaning up neutron security_group objects
2019-12-20 22:06:18.226 15 INFO rally.task.context [-] Task 4bb9781d-059d-4802-8eb6-3a6e6b35cb01 | Context cleanup@openstack cleanup() finished in 10.15 sec
2019-12-20 22:06:18.227 15 INFO rally.task.context [-] Task 4bb9781d-059d-4802-8eb6-3a6e6b35cb01 | Context quotas@openstack cleanup() started
2019-12-20 22:06:18.243 15 INFO rally.task.context [-] Task 4bb9781d-059d-4802-8eb6-3a6e6b35cb01 | Context quotas@openstack cleanup() finished in 16.41 msec
2019-12-20 22:06:18.243 15 INFO rally.task.context [-] Task 4bb9781d-059d-4802-8eb6-3a6e6b35cb01 | Context users@openstack cleanup() started
2019-12-20 22:06:19.314 15 INFO rally.task.context [-] Task 4bb9781d-059d-4802-8eb6-3a6e6b35cb01 | Context users@openstack cleanup() finished in 1.07 sec
2019-12-20 22:06:21.093 15 INFO rally.task.engine [-] Load duration is: 17.851079
2019-12-20 22:06:21.094 15 INFO rally.task.engine [-] Full runner duration is: 17.889566
2019-12-20 22:06:21.094 15 INFO rally.task.engine [-] Full duration is: 30.356392
2019-12-20 22:06:21.159 15 INFO rally.task.engine [-] Running workload: position = 0 config = { "version": 2, "title": "A cropped version of a bigger task.", "description": "Auto-generated task from a single workload (uuid=476afe91-9471-497e-a7ce-4544146f419e)", "subtasks": [ { "title": "NeutronNetworks.create_and_list_routers", "description": "Create and a given number of routers and list all routers.", "scenario": { "NeutronNetworks.create_and_list_routers": { "network_create_args": null, "subnet_create_args": null, "subnet_cidr_start": "1.1.0.0/30", "subnets_per_network": 2, "router_create_args": null } }, "contexts": { "users": { "tenants": 1, "users_per_tenant": 1 }, "quotas": { "neutron": { "network": -1, "subnet": -1, "router": -1 } } }, "runner": { "constant": { "times": 40, "concurrency": 20 } }, "hooks": [], "sla": { "failure_rate": { "max": 0 } } } ] }
2019-12-20 22:06:21.188 15 RALLYDEBUG rally_openstack.contexts.keystone.users [-] Creating 1 tenants using 20 threads
2019-12-20 22:06:21.603 15 RALLYDEBUG rally_openstack.contexts.keystone.users [-] Creating 1 users using 20 threads
2019-12-20 22:06:22.187 15 INFO rally.task.context [-] Task 4bb9781d-059d-4802-8eb6-3a6e6b35cb01 | Context users@openstack setup() finished in 1.00 sec
2019-12-20 22:06:22.461 15 INFO rally.task.context [-] Task 4bb9781d-059d-4802-8eb6-3a6e6b35cb01 | Context quotas@openstack setup() finished in 0.27 sec
2019-12-20 22:06:22.461 15 INFO rally.task.context [-] Task 4bb9781d-059d-4802-8eb6-3a6e6b35cb01 | Context cleanup@openstack setup() finished in 0.01 msec
2019-12-20 22:06:22.468 15 RALLYDEBUG rally.task.runner [-] Starting the constant runner (task UUID: 4bb9781d-059d-4802-8eb6-3a6e6b35cb01). timeout: 0 concurrency: 20 concurrency_per_worker: 1 times: 40 concurrency_overhead: 0 processes_to_start: 20 max_cpu_used: 88
2019-12-20 22:06:22.477 2671 RALLYDEBUG rally.task.runner [-] Starting a worker. concurrency: 1 args: {"network_create_args": null, "subnet_create_args": null, "subnet_cidr_start": "1.1.0.0/30", "subnets_per_network": 2, "router_create_args": null} times: 40 method_name: run timeout: 0 duration: None cls:
2019-12-20 22:06:22.479 2672 RALLYDEBUG rally.task.runner [-] Starting a worker. concurrency: 1 args: {"network_create_args": null, "subnet_create_args": null, "subnet_cidr_start": "1.1.0.0/30", "subnets_per_network": 2, "router_create_args": null} times: 40 method_name: run timeout: 0 duration: None cls:
2019-12-20 22:06:22.482 2673 RALLYDEBUG rally.task.runner [-] Starting a worker. concurrency: 1 args: {"network_create_args": null, "subnet_create_args": null, "subnet_cidr_start": "1.1.0.0/30", "subnets_per_network": 2, "router_create_args": null} times: 40 method_name: run timeout: 0 duration: None cls:
2019-12-20 22:06:22.483 2674 RALLYDEBUG rally.task.runner [-] Starting a worker. concurrency: 1 args: {"network_create_args": null, "subnet_create_args": null, "subnet_cidr_start": "1.1.0.0/30", "subnets_per_network": 2, "router_create_args": null} times: 40 method_name: run timeout: 0 duration: None cls:
2019-12-20 22:06:22.484 2672 INFO rally.task.runner [-] Task 4bb9781d-059d-4802-8eb6-3a6e6b35cb01 | ITER: 2 START
2019-12-20 22:06:22.484 2671 INFO rally.task.runner [-] Task 4bb9781d-059d-4802-8eb6-3a6e6b35cb01 | ITER: 1 START
2019-12-20 22:06:22.487 2674 INFO rally.task.runner [-] Task 4bb9781d-059d-4802-8eb6-3a6e6b35cb01 | ITER: 4 START
2019-12-20 22:06:22.487 2676 RALLYDEBUG rally.task.runner [-] Starting a worker. concurrency: 1 args: {"network_create_args": null, "subnet_create_args": null, "subnet_cidr_start": "1.1.0.0/30", "subnets_per_network": 2, "router_create_args": null} times: 40 method_name: run timeout: 0 duration: None cls:
2019-12-20 22:06:22.488 2673 INFO rally.task.runner [-] Task 4bb9781d-059d-4802-8eb6-3a6e6b35cb01 | ITER: 3 START
2019-12-20 22:06:22.488 2677 RALLYDEBUG rally.task.runner [-] Starting a worker. concurrency: 1 args: {"network_create_args": null, "subnet_create_args": null, "subnet_cidr_start": "1.1.0.0/30", "subnets_per_network": 2, "router_create_args": null} times: 40 method_name: run timeout: 0 duration: None cls:
2019-12-20 22:06:22.490 2676 INFO rally.task.runner [-] Task 4bb9781d-059d-4802-8eb6-3a6e6b35cb01 | ITER: 5 START
2019-12-20 22:06:22.492 2682 RALLYDEBUG rally.task.runner [-] Starting a worker. concurrency: 1 args: {"network_create_args": null, "subnet_create_args": null, "subnet_cidr_start": "1.1.0.0/30", "subnets_per_network": 2, "router_create_args": null} times: 40 method_name: run timeout: 0 duration: None cls:
2019-12-20 22:06:22.493 2677 INFO rally.task.runner [-] Task 4bb9781d-059d-4802-8eb6-3a6e6b35cb01 | ITER: 6 START
2019-12-20 22:06:22.495 2686 RALLYDEBUG rally.task.runner [-] Starting a worker. concurrency: 1 args: {"network_create_args": null, "subnet_create_args": null, "subnet_cidr_start": "1.1.0.0/30", "subnets_per_network": 2, "router_create_args": null} times: 40 method_name: run timeout: 0 duration: None cls:
2019-12-20 22:06:22.497 2691 RALLYDEBUG rally.task.runner [-] Starting a worker. concurrency: 1 args: {"network_create_args": null, "subnet_create_args": null, "subnet_cidr_start": "1.1.0.0/30", "subnets_per_network": 2, "router_create_args": null} times: 40 method_name: run timeout: 0 duration: None cls:
2019-12-20 22:06:22.500 2686 INFO rally.task.runner [-] Task 4bb9781d-059d-4802-8eb6-3a6e6b35cb01 | ITER: 8 START
2019-12-20 22:06:22.502 2691 INFO rally.task.runner [-] Task 4bb9781d-059d-4802-8eb6-3a6e6b35cb01 | ITER: 9 START
2019-12-20 22:06:22.502 2682 INFO rally.task.runner [-] Task 4bb9781d-059d-4802-8eb6-3a6e6b35cb01 | ITER: 7 START
2019-12-20 22:06:22.504 2692 RALLYDEBUG rally.task.runner [-] Starting a worker. concurrency: 1 args: {"network_create_args": null, "subnet_create_args": null, "subnet_cidr_start": "1.1.0.0/30", "subnets_per_network": 2, "router_create_args": null} times: 40 method_name: run timeout: 0 duration: None cls:
2019-12-20 22:06:22.505 2696 RALLYDEBUG rally.task.runner [-] Starting a worker. concurrency: 1 args: {"network_create_args": null, "subnet_create_args": null, "subnet_cidr_start": "1.1.0.0/30", "subnets_per_network": 2, "router_create_args": null} times: 40 method_name: run timeout: 0 duration: None cls:
2019-12-20 22:06:22.509 2692 INFO rally.task.runner [-] Task 4bb9781d-059d-4802-8eb6-3a6e6b35cb01 | ITER: 10 START
2019-12-20 22:06:22.510 2701 RALLYDEBUG rally.task.runner [-] Starting a worker. concurrency: 1 args: {"network_create_args": null, "subnet_create_args": null, "subnet_cidr_start": "1.1.0.0/30", "subnets_per_network": 2, "router_create_args": null} times: 40 method_name: run timeout: 0 duration: None cls:
2019-12-20 22:06:22.512 2696 INFO rally.task.runner [-] Task 4bb9781d-059d-4802-8eb6-3a6e6b35cb01 | ITER: 11 START
2019-12-20 22:06:22.513 2700 RALLYDEBUG rally.task.runner [-] Starting a worker. concurrency: 1 args: {"network_create_args": null, "subnet_create_args": null, "subnet_cidr_start": "1.1.0.0/30", "subnets_per_network": 2, "router_create_args": null} times: 40 method_name: run timeout: 0 duration: None cls:
2019-12-20 22:06:22.514 2701 INFO rally.task.runner [-] Task 4bb9781d-059d-4802-8eb6-3a6e6b35cb01 | ITER: 12 START
2019-12-20 22:06:22.516 2705 RALLYDEBUG rally.task.runner [-] Starting a worker. concurrency: 1 args: {"network_create_args": null, "subnet_create_args": null, "subnet_cidr_start": "1.1.0.0/30", "subnets_per_network": 2, "router_create_args": null} times: 40 method_name: run timeout: 0 duration: None cls:
2019-12-20 22:06:22.519 2700 INFO rally.task.runner [-] Task 4bb9781d-059d-4802-8eb6-3a6e6b35cb01 | ITER: 13 START
2019-12-20 22:06:22.519 2708 RALLYDEBUG rally.task.runner [-] Starting a worker. concurrency: 1 args: {"network_create_args": null, "subnet_create_args": null, "subnet_cidr_start": "1.1.0.0/30", "subnets_per_network": 2, "router_create_args": null} times: 40 method_name: run timeout: 0 duration: None cls:
2019-12-20 22:06:22.522 2710 RALLYDEBUG rally.task.runner [-] Starting a worker. concurrency: 1 args: {"network_create_args": null, "subnet_create_args": null, "subnet_cidr_start": "1.1.0.0/30", "subnets_per_network": 2, "router_create_args": null} times: 40 method_name: run timeout: 0 duration: None cls:
2019-12-20 22:06:22.524 2708 INFO rally.task.runner [-] Task 4bb9781d-059d-4802-8eb6-3a6e6b35cb01 | ITER: 15 START
2019-12-20 22:06:22.526 2710 INFO rally.task.runner [-] Task 4bb9781d-059d-4802-8eb6-3a6e6b35cb01 | ITER: 16 START
2019-12-20 22:06:22.529 2705 INFO rally.task.runner [-] Task 4bb9781d-059d-4802-8eb6-3a6e6b35cb01 | ITER: 14 START
2019-12-20 22:06:22.530 2717 RALLYDEBUG rally.task.runner [-] Starting a worker. concurrency: 1 args: {"network_create_args": null, "subnet_create_args": null, "subnet_cidr_start": "1.1.0.0/30", "subnets_per_network": 2, "router_create_args": null} times: 40 method_name: run timeout: 0 duration: None cls:
2019-12-20 22:06:22.530 2713 RALLYDEBUG rally.task.runner [-] Starting a worker. concurrency: 1 args: {"network_create_args": null, "subnet_create_args": null, "subnet_cidr_start": "1.1.0.0/30", "subnets_per_network": 2, "router_create_args": null} times: 40 method_name: run timeout: 0 duration: None cls:
2019-12-20 22:06:22.534 2720 RALLYDEBUG rally.task.runner [-] Starting a worker. concurrency: 1 args: {"network_create_args": null, "subnet_create_args": null, "subnet_cidr_start": "1.1.0.0/30", "subnets_per_network": 2, "router_create_args": null} times: 40 method_name: run timeout: 0 duration: None cls:
2019-12-20 22:06:22.535 2717 INFO rally.task.runner [-] Task 4bb9781d-059d-4802-8eb6-3a6e6b35cb01 | ITER: 17 START
2019-12-20 22:06:22.536 2713 INFO rally.task.runner [-] Task 4bb9781d-059d-4802-8eb6-3a6e6b35cb01 | ITER: 18 START
