2019-12-29 22:18:53.786 3499 RALLYDEBUG rally.task.runner [-] Starting a worker. concurrency: 1 args: {"network_create_args": {}, "subnet_create_args": {}, "subnet_cidr_start": "1.1.0.0/30", "subnets_per_network": 2, "router_create_args": {}} times: 40 method_name: run timeout: 0 duration: None cls:
2019-12-29 22:18:53.787 3494 INFO rally.task.runner [-] Task 86fbd751-d7dc-496e-8e1f-828bd2374b23 | ITER: 10 START
2019-12-29 22:18:53.789 3502 RALLYDEBUG rally.task.runner [-] Starting a worker. concurrency: 1 args: {"network_create_args": {}, "subnet_create_args": {}, "subnet_cidr_start": "1.1.0.0/30", "subnets_per_network": 2, "router_create_args": {}} times: 40 method_name: run timeout: 0 duration: None cls:
2019-12-29 22:18:53.789 3505 RALLYDEBUG rally.task.runner [-] Starting a worker. concurrency: 1 args: {"network_create_args": {}, "subnet_create_args": {}, "subnet_cidr_start": "1.1.0.0/30", "subnets_per_network": 2, "router_create_args": {}} times: 40 method_name: run timeout: 0 duration: None cls:
2019-12-29 22:18:53.791 3499 INFO rally.task.runner [-] Task 86fbd751-d7dc-496e-8e1f-828bd2374b23 | ITER: 11 START
2019-12-29 22:18:53.792 3508 RALLYDEBUG rally.task.runner [-] Starting a worker. concurrency: 1 args: {"network_create_args": {}, "subnet_create_args": {}, "subnet_cidr_start": "1.1.0.0/30", "subnets_per_network": 2, "router_create_args": {}} times: 40 method_name: run timeout: 0 duration: None cls:
2019-12-29 22:18:53.794 3502 INFO rally.task.runner [-] Task 86fbd751-d7dc-496e-8e1f-828bd2374b23 | ITER: 12 START
2019-12-29 22:18:53.795 3505 INFO rally.task.runner [-] Task 86fbd751-d7dc-496e-8e1f-828bd2374b23 | ITER: 13 START
2019-12-29 22:18:53.798 3508 INFO rally.task.runner [-] Task 86fbd751-d7dc-496e-8e1f-828bd2374b23 | ITER: 14 START
2019-12-29 22:18:53.798 3509 RALLYDEBUG rally.task.runner [-] Starting a worker. concurrency: 1 args: {"network_create_args": {}, "subnet_create_args": {}, "subnet_cidr_start": "1.1.0.0/30", "subnets_per_network": 2, "router_create_args": {}} times: 40 method_name: run timeout: 0 duration: None cls:
2019-12-29 22:18:53.799 3517 RALLYDEBUG rally.task.runner [-] Starting a worker. concurrency: 1 args: {"network_create_args": {}, "subnet_create_args": {}, "subnet_cidr_start": "1.1.0.0/30", "subnets_per_network": 2, "router_create_args": {}} times: 40 method_name: run timeout: 0 duration: None cls:
2019-12-29 22:18:53.799 3512 RALLYDEBUG rally.task.runner [-] Starting a worker. concurrency: 1 args: {"network_create_args": {}, "subnet_create_args": {}, "subnet_cidr_start": "1.1.0.0/30", "subnets_per_network": 2, "router_create_args": {}} times: 40 method_name: run timeout: 0 duration: None cls:
2019-12-29 22:18:53.803 3509 INFO rally.task.runner [-] Task 86fbd751-d7dc-496e-8e1f-828bd2374b23 | ITER: 15 START
2019-12-29 22:18:53.803 3520 RALLYDEBUG rally.task.runner [-] Starting a worker. concurrency: 1 args: {"network_create_args": {}, "subnet_create_args": {}, "subnet_cidr_start": "1.1.0.0/30", "subnets_per_network": 2, "router_create_args": {}} times: 40 method_name: run timeout: 0 duration: None cls:
2019-12-29 22:18:53.805 3512 INFO rally.task.runner [-] Task 86fbd751-d7dc-496e-8e1f-828bd2374b23 | ITER: 17 START
2019-12-29 22:18:53.805 3521 RALLYDEBUG rally.task.runner [-] Starting a worker. concurrency: 1 args: {"network_create_args": {}, "subnet_create_args": {}, "subnet_cidr_start": "1.1.0.0/30", "subnets_per_network": 2, "router_create_args": {}} times: 40 method_name: run timeout: 0 duration: None cls:
2019-12-29 22:18:53.806 3517 INFO rally.task.runner [-] Task 86fbd751-d7dc-496e-8e1f-828bd2374b23 | ITER: 16 START
2019-12-29 22:18:53.808 3520 INFO rally.task.runner [-] Task 86fbd751-d7dc-496e-8e1f-828bd2374b23 | ITER: 18 START
2019-12-29 22:18:53.807 3524 RALLYDEBUG rally.task.runner [-] Starting a worker. concurrency: 1 args: {"network_create_args": {}, "subnet_create_args": {}, "subnet_cidr_start": "1.1.0.0/30", "subnets_per_network": 2, "router_create_args": {}} times: 40 method_name: run timeout: 0 duration: None cls:
2019-12-29 22:18:53.809 3521 INFO rally.task.runner [-] Task 86fbd751-d7dc-496e-8e1f-828bd2374b23 | ITER: 19 START
2019-12-29 22:18:53.812 3524 INFO rally.task.runner [-] Task 86fbd751-d7dc-496e-8e1f-828bd2374b23 | ITER: 20 START
2019-12-29 22:18:54.354 3478 RALLYDEBUG rally_openstack.wrappers.network [-] CIDR generated: 1.1.8.32/30
2019-12-29 22:18:54.415 3475 RALLYDEBUG rally_openstack.wrappers.network [-] CIDR generated: 1.1.8.36/30
2019-12-29 22:18:54.479 3517 RALLYDEBUG rally_openstack.wrappers.network [-] CIDR generated: 1.1.8.40/30
2019-12-29 22:18:54.481 3508 RALLYDEBUG rally_openstack.wrappers.network [-] CIDR generated: 1.1.8.44/30
2019-12-29 22:18:54.481 3494 RALLYDEBUG rally_openstack.wrappers.network [-] CIDR generated: 1.1.8.48/30
2019-12-29 22:18:54.486 3509 RALLYDEBUG rally_openstack.wrappers.network [-] CIDR generated: 1.1.8.52/30
2019-12-29 22:18:54.489 3479 RALLYDEBUG rally_openstack.wrappers.network [-] CIDR generated: 1.1.8.56/30
2019-12-29 22:18:54.506 3520 RALLYDEBUG rally_openstack.wrappers.network [-] CIDR generated: 1.1.8.60/30
2019-12-29 22:18:54.512 3521 RALLYDEBUG rally_openstack.wrappers.network [-] CIDR generated: 1.1.8.64/30
2019-12-29 22:18:54.530 3480 RALLYDEBUG rally_openstack.wrappers.network [-] CIDR generated: 1.1.8.68/30
2019-12-29 22:18:54.541 3502 RALLYDEBUG rally_openstack.wrappers.network [-] CIDR generated: 1.1.8.72/30
2019-12-29 22:18:54.613 3499 RALLYDEBUG rally_openstack.wrappers.network [-] CIDR generated: 1.1.8.76/30
2019-12-29 22:18:54.620 3487 RALLYDEBUG rally_openstack.wrappers.network [-] CIDR generated: 1.1.8.80/30
2019-12-29 22:18:54.636 3476 RALLYDEBUG rally_openstack.wrappers.network [-] CIDR generated: 1.1.8.84/30
2019-12-29 22:18:54.936 3524 RALLYDEBUG rally_openstack.wrappers.network [-] CIDR generated: 1.1.8.88/30
2019-12-29 22:18:55.123 3512 RALLYDEBUG rally_openstack.wrappers.network [-] CIDR generated: 1.1.8.92/30
2019-12-29 22:18:55.176 3491 RALLYDEBUG rally_openstack.wrappers.network [-] CIDR generated: 1.1.8.96/30
2019-12-29 22:18:55.243 3505 RALLYDEBUG rally_openstack.wrappers.network [-] CIDR generated: 1.1.8.100/30
2019-12-29 22:18:55.317 3475 RALLYDEBUG rally_openstack.wrappers.network [-] CIDR generated: 1.1.8.104/30
2019-12-29 22:18:55.353 3477 RALLYDEBUG rally_openstack.wrappers.network [-] CIDR generated: 1.1.8.108/30
2019-12-29 22:18:55.356 3490 RALLYDEBUG rally_openstack.wrappers.network [-] CIDR generated: 1.1.8.112/30
2019-12-29 22:18:55.387 3517 RALLYDEBUG rally_openstack.wrappers.network [-] CIDR generated: 1.1.8.116/30
2019-12-29 22:18:55.401 3494 RALLYDEBUG rally_openstack.wrappers.network [-] CIDR generated: 1.1.8.120/30
2019-12-29 22:18:55.409 3521 RALLYDEBUG rally_openstack.wrappers.network [-] CIDR generated: 1.1.8.124/30
2019-12-29 22:18:55.452 3478 RALLYDEBUG rally_openstack.wrappers.network [-] CIDR generated: 1.1.8.128/30
2019-12-29 22:18:55.469 3508 RALLYDEBUG rally_openstack.wrappers.network [-] CIDR generated: 1.1.8.132/30
2019-12-29 22:18:55.995 3512 RALLYDEBUG rally_openstack.wrappers.network [-] CIDR generated: 1.1.8.136/30
2019-12-29 22:18:56.100 3520 RALLYDEBUG rally_openstack.wrappers.network [-] CIDR generated: 1.1.8.140/30
2019-12-29 22:18:56.142 3505 RALLYDEBUG rally_openstack.wrappers.network [-] CIDR generated: 1.1.8.144/30
2019-12-29 22:18:56.202 3491 RALLYDEBUG rally_openstack.wrappers.network [-] CIDR generated: 1.1.8.148/30
2019-12-29 22:18:56.222 3480 RALLYDEBUG rally_openstack.wrappers.network [-] CIDR generated: 1.1.8.152/30
2019-12-29 22:18:56.465 3476 RALLYDEBUG rally_openstack.wrappers.network [-] CIDR generated: 1.1.8.156/30
2019-12-29 22:18:56.828 3490 RALLYDEBUG rally_openstack.wrappers.network [-] CIDR generated: 1.1.8.160/30
2019-12-29 22:18:56.848 3502 RALLYDEBUG rally_openstack.wrappers.network [-] CIDR generated: 1.1.8.164/30
2019-12-29 22:18:56.895 3477 RALLYDEBUG rally_openstack.wrappers.network [-] CIDR generated: 1.1.8.168/30
2019-12-29 22:18:56.898 3479 RALLYDEBUG rally_openstack.wrappers.network [-] CIDR generated: 1.1.8.172/30
2019-12-29 22:18:56.903 3509 RALLYDEBUG rally_openstack.wrappers.network [-] CIDR generated: 1.1.8.176/30
2019-12-29 22:18:56.946 3487 RALLYDEBUG rally_openstack.wrappers.network [-] CIDR generated: 1.1.8.180/30
2019-12-29 22:18:56.947 3499 RALLYDEBUG rally_openstack.wrappers.network [-] CIDR generated: 1.1.8.184/30
2019-12-29 22:18:57.116 3524 RALLYDEBUG rally_openstack.wrappers.network [-] CIDR generated: 1.1.8.188/30
2019-12-29 22:19:09.842 3520 INFO rally.task.runner [-] Task 86fbd751-d7dc-496e-8e1f-828bd2374b23 | ITER: 18 END: OK
2019-12-29 22:19:09.845 3520 INFO rally.task.runner [-] Task 86fbd751-d7dc-496e-8e1f-828bd2374b23 | ITER: 21 START
2019-12-29 22:19:09.912 3505 INFO rally.task.runner [-] Task 86fbd751-d7dc-496e-8e1f-828bd2374b23 | ITER: 13 END: OK
2019-12-29 22:19:09.915 3505 INFO rally.task.runner [-] Task 86fbd751-d7dc-496e-8e1f-828bd2374b23 | ITER: 22 START
2019-12-29 22:19:10.163 3520 RALLYDEBUG rally_openstack.wrappers.network [-] CIDR generated: 1.1.8.192/30
2019-12-29 22:19:10.182 3494 INFO rally.task.runner [-] Task 86fbd751-d7dc-496e-8e1f-828bd2374b23 | ITER: 10 END: OK
2019-12-29 22:19:10.185 3494 INFO rally.task.runner [-] Task 86fbd751-d7dc-496e-8e1f-828bd2374b23 | ITER: 23 START
2019-12-29 22:19:10.244 3505 RALLYDEBUG rally_openstack.wrappers.network [-] CIDR generated: 1.1.8.196/30
2019-12-29 22:19:10.412 3491 INFO rally.task.runner [-] Task 86fbd751-d7dc-496e-8e1f-828bd2374b23 | ITER: 9 END: OK
2019-12-29 22:19:10.415 3491 INFO rally.task.runner [-] Task 86fbd751-d7dc-496e-8e1f-828bd2374b23 | ITER: 24 START
2019-12-29 22:19:10.519 3478 INFO rally.task.runner [-] Task 86fbd751-d7dc-496e-8e1f-828bd2374b23 | ITER: 4 END: OK
2019-12-29 22:19:10.522 3478 INFO rally.task.runner [-] Task 86fbd751-d7dc-496e-8e1f-828bd2374b23 | ITER: 25 START
2019-12-29 22:19:10.532 3508 INFO rally.task.runner [-] Task 86fbd751-d7dc-496e-8e1f-828bd2374b23 | ITER: 14 END: OK
2019-12-29 22:19:10.535 3508 INFO rally.task.runner [-] Task 86fbd751-d7dc-496e-8e1f-828bd2374b23 | ITER: 26 START
2019-12-29 22:19:10.554 3476 INFO rally.task.runner [-] Task 86fbd751-d7dc-496e-8e1f-828bd2374b23 | ITER: 1 END: OK
2019-12-29 22:19:10.557 3476 INFO rally.task.runner [-] Task 86fbd751-d7dc-496e-8e1f-828bd2374b23 | ITER: 27 START
2019-12-29 22:19:10.736 3491 RALLYDEBUG rally_openstack.wrappers.network [-] CIDR generated: 1.1.8.200/30
2019-12-29 22:19:10.759 3478 RALLYDEBUG rally_openstack.wrappers.network [-] CIDR generated: 1.1.8.204/30
2019-12-29 22:19:10.791 3508 RALLYDEBUG rally_openstack.wrappers.network [-] CIDR generated: 1.1.8.208/30
2019-12-29 22:19:10.869 3517 INFO rally.task.runner [-] Task 86fbd751-d7dc-496e-8e1f-828bd2374b23 | ITER: 16 END: OK
2019-12-29 22:19:10.872 3517 INFO rally.task.runner [-] Task 86fbd751-d7dc-496e-8e1f-828bd2374b23 | ITER: 28 START
2019-12-29 22:19:11.003 3476 RALLYDEBUG rally_openstack.wrappers.network [-] CIDR generated: 1.1.8.212/30
2019-12-29 22:19:11.040 3520 RALLYDEBUG rally_openstack.wrappers.network [-] CIDR generated: 1.1.8.216/30
2019-12-29 22:19:11.060 3480 INFO rally.task.runner [-] Task 86fbd751-d7dc-496e-8e1f-828bd2374b23 | ITER: 6 END: OK
2019-12-29 22:19:11.064 3480 INFO rally.task.runner [-] Task 86fbd751-d7dc-496e-8e1f-828bd2374b23 | ITER: 29 START
2019-12-29 22:19:11.191 3512 INFO rally.task.runner [-] Task 86fbd751-d7dc-496e-8e1f-828bd2374b23 | ITER: 17 END: OK
2019-12-29 22:19:11.193 3512 INFO rally.task.runner [-] Task 86fbd751-d7dc-496e-8e1f-828bd2374b23 | ITER: 30 START
2019-12-29 22:19:11.235 3494 RALLYDEBUG rally_openstack.wrappers.network [-] CIDR generated: 1.1.8.220/30
2019-12-29 22:19:11.433 3512 RALLYDEBUG rally_openstack.wrappers.network [-] CIDR generated: 1.1.8.224/30
2019-12-29 22:19:11.510 3521 INFO rally.task.runner [-] Task 86fbd751-d7dc-496e-8e1f-828bd2374b23 | ITER: 19 END: OK
2019-12-29 22:19:11.513 3521 INFO rally.task.runner [-] Task 86fbd751-d7dc-496e-8e1f-828bd2374b23 | ITER: 31 START
2019-12-29 22:19:11.546 3491 RALLYDEBUG rally_openstack.wrappers.network [-] CIDR generated: 1.1.8.228/30
2019-12-29 22:19:11.813 3521 RALLYDEBUG rally_openstack.wrappers.network [-] CIDR generated: 1.1.8.232/30
2019-12-29 22:19:11.859 3505 RALLYDEBUG rally_openstack.wrappers.network [-] CIDR generated: 1.1.8.236/30
2019-12-29 22:19:11.932 3476 RALLYDEBUG rally_openstack.wrappers.network [-] CIDR generated: 1.1.8.240/30
2019-12-29 22:19:11.965 3517 RALLYDEBUG rally_openstack.wrappers.network [-] CIDR generated: 1.1.8.244/30
2019-12-29 22:19:12.002 3494 RALLYDEBUG rally_openstack.wrappers.network [-] CIDR generated: 1.1.8.248/30
2019-12-29 22:19:12.125 3475 INFO rally.task.runner [-] Task 86fbd751-d7dc-496e-8e1f-828bd2374b23 | ITER: 2 END: OK
2019-12-29 22:19:12.127 3475 INFO rally.task.runner [-] Task 86fbd751-d7dc-496e-8e1f-828bd2374b23 | ITER: 32 START
2019-12-29 22:19:12.233 3512 RALLYDEBUG rally_openstack.wrappers.network [-] CIDR generated: 1.1.8.252/30
2019-12-29 22:19:12.236 3480 RALLYDEBUG rally_openstack.wrappers.network [-] CIDR generated: 1.1.9.0/30
2019-12-29 22:19:12.420 3478 RALLYDEBUG rally_openstack.wrappers.network [-] CIDR generated: 1.1.9.4/30
2019-12-29 22:19:12.569 3475 RALLYDEBUG rally_openstack.wrappers.network [-] CIDR generated: 1.1.9.8/30
2019-12-29 22:19:12.700 3517 RALLYDEBUG rally_openstack.wrappers.network [-] CIDR generated: 1.1.9.12/30
2019-12-29 22:19:12.846 3508 RALLYDEBUG rally_openstack.wrappers.network [-] CIDR generated: 1.1.9.16/30
2019-12-29 22:19:13.471 3521 RALLYDEBUG rally_openstack.wrappers.network [-] CIDR generated: 1.1.9.20/30
2019-12-29 22:19:13.600 3480 RALLYDEBUG rally_openstack.wrappers.network [-] CIDR generated: 1.1.9.24/30
2019-12-29 22:19:14.874 3475 RALLYDEBUG rally_openstack.wrappers.network [-] CIDR generated: 1.1.9.28/30
2019-12-29 22:19:21.026 3502 INFO rally.task.runner [-] Task 86fbd751-d7dc-496e-8e1f-828bd2374b23 | ITER: 12 END: OK
2019-12-29 22:19:21.031 3502 INFO rally.task.runner [-] Task 86fbd751-d7dc-496e-8e1f-828bd2374b23 | ITER: 33 START
2019-12-29 22:19:21.603 3502 RALLYDEBUG rally_openstack.wrappers.network [-] CIDR generated: 1.1.9.32/30
2019-12-29 22:19:22.223 3524 INFO rally.task.runner [-] Task 86fbd751-d7dc-496e-8e1f-828bd2374b23 | ITER: 20 END: OK
2019-12-29 22:19:22.227 3524 INFO rally.task.runner [-] Task 86fbd751-d7dc-496e-8e1f-828bd2374b23 | ITER: 34 START
2019-12-29 22:19:22.426 3479 INFO rally.task.runner [-] Task 86fbd751-d7dc-496e-8e1f-828bd2374b23 | ITER: 5 END: OK
2019-12-29 22:19:22.430 3479 INFO rally.task.runner [-] Task 86fbd751-d7dc-496e-8e1f-828bd2374b23 | ITER: 35 START
2019-12-29 22:19:22.449 3509 INFO rally.task.runner [-] Task 86fbd751-d7dc-496e-8e1f-828bd2374b23 | ITER: 15 END: OK
2019-12-29 22:19:22.452 3509 INFO rally.task.runner [-] Task 86fbd751-d7dc-496e-8e1f-828bd2374b23 | ITER: 36 START
2019-12-29 22:19:22.649 3524 RALLYDEBUG rally_openstack.wrappers.network [-] CIDR generated: 1.1.9.36/30
2019-12-29 22:19:22.743 3509 RALLYDEBUG rally_openstack.wrappers.network [-] CIDR generated: 1.1.9.40/30
2019-12-29 22:19:22.887 3479 RALLYDEBUG rally_openstack.wrappers.network [-] CIDR generated: 1.1.9.44/30
2019-12-29 22:19:22.905 3490 INFO rally.task.runner [-] Task 86fbd751-d7dc-496e-8e1f-828bd2374b23 | ITER: 8 END: OK
2019-12-29 22:19:22.907 3477 INFO rally.task.runner [-] Task 86fbd751-d7dc-496e-8e1f-828bd2374b23 | ITER: 3 END: OK
2019-12-29 22:19:22.909 3490 INFO rally.task.runner [-] Task 86fbd751-d7dc-496e-8e1f-828bd2374b23 | ITER: 37 START
2019-12-29 22:19:22.910 3477 INFO rally.task.runner [-] Task 86fbd751-d7dc-496e-8e1f-828bd2374b23 | ITER: 38 START
2019-12-29 22:19:23.103 3499 INFO rally.task.runner [-] Task 86fbd751-d7dc-496e-8e1f-828bd2374b23 | ITER: 11 END: OK
2019-12-29 22:19:23.106 3499 INFO rally.task.runner [-] Task 86fbd751-d7dc-496e-8e1f-828bd2374b23 | ITER: 39 START
2019-12-29 22:19:23.143 3487 INFO rally.task.runner [-] Task 86fbd751-d7dc-496e-8e1f-828bd2374b23 | ITER: 7 END: OK
2019-12-29 22:19:23.147 3487 INFO rally.task.runner [-] Task 86fbd751-d7dc-496e-8e1f-828bd2374b23 | ITER: 40 START
2019-12-29 22:19:23.275 3477 RALLYDEBUG rally_openstack.wrappers.network [-] CIDR generated: 1.1.9.48/30
2019-12-29 22:19:23.516 3499 RALLYDEBUG rally_openstack.wrappers.network [-] CIDR generated: 1.1.9.52/30
2019-12-29 22:19:23.566 3487 RALLYDEBUG rally_openstack.wrappers.network [-] CIDR generated: 1.1.9.56/30
2019-12-29 22:19:23.614 3509 RALLYDEBUG rally_openstack.wrappers.network [-] CIDR generated: 1.1.9.60/30
2019-12-29 22:19:23.755 3479 RALLYDEBUG rally_openstack.wrappers.network [-] CIDR generated: 1.1.9.64/30
2019-12-29 22:19:24.101 3477 RALLYDEBUG rally_openstack.wrappers.network [-] CIDR generated: 1.1.9.68/30
2019-12-29 22:19:24.137 3490 RALLYDEBUG rally_openstack.wrappers.network [-] CIDR generated: 1.1.9.72/30
2019-12-29 22:19:24.192 3502 RALLYDEBUG rally_openstack.wrappers.network [-] CIDR generated: 1.1.9.76/30
2019-12-29 22:19:24.279 3524 RALLYDEBUG rally_openstack.wrappers.network [-] CIDR generated: 1.1.9.80/30
2019-12-29 22:19:25.052 3490 RALLYDEBUG rally_openstack.wrappers.network [-] CIDR generated: 1.1.9.84/30
2019-12-29 22:19:25.204 3491 INFO rally.task.runner [-] Task 86fbd751-d7dc-496e-8e1f-828bd2374b23 | ITER: 24 END: OK
2019-12-29 22:19:25.515 3505 INFO rally.task.runner [-] Task 86fbd751-d7dc-496e-8e1f-828bd2374b23 | ITER: 22 END: OK
2019-12-29 22:19:25.685 3499 RALLYDEBUG rally_openstack.wrappers.network [-] CIDR generated: 1.1.9.88/30
2019-12-29 22:19:25.687 3487 RALLYDEBUG rally_openstack.wrappers.network [-] CIDR generated: 1.1.9.92/30
2019-12-29 22:19:25.963 3478 INFO rally.task.runner [-] Task 86fbd751-d7dc-496e-8e1f-828bd2374b23 | ITER: 25 END: OK
2019-12-29 22:19:26.305 3512 INFO rally.task.runner [-] Task 86fbd751-d7dc-496e-8e1f-828bd2374b23 | ITER: 30 END: OK
2019-12-29 22:19:26.775 3476 INFO rally.task.runner [-] Task 86fbd751-d7dc-496e-8e1f-828bd2374b23 | ITER: 27 END: OK
2019-12-29 22:19:27.327 3521 INFO rally.task.runner [-] Task 86fbd751-d7dc-496e-8e1f-828bd2374b23 | ITER: 31 END: OK
2019-12-29 22:19:27.844 3520 INFO rally.task.runner [-] Task 86fbd751-d7dc-496e-8e1f-828bd2374b23 | ITER: 21 END: OK
2019-12-29 22:19:29.403 3517 INFO rally.task.runner [-] Task 86fbd751-d7dc-496e-8e1f-828bd2374b23 | ITER: 28 END: OK
2019-12-29 22:19:35.356 3494 INFO rally.task.runner [-] Task 86fbd751-d7dc-496e-8e1f-828bd2374b23 | ITER: 23 END: OK
2019-12-29 22:19:37.900 3475 INFO rally.task.runner [-] Task 86fbd751-d7dc-496e-8e1f-828bd2374b23 | ITER: 32 END: OK
2019-12-29 22:19:38.213 3524 INFO rally.task.runner [-] Task 86fbd751-d7dc-496e-8e1f-828bd2374b23 | ITER: 34 END: OK
2019-12-29 22:19:38.261 3508 INFO rally.task.runner [-] Task 86fbd751-d7dc-496e-8e1f-828bd2374b23 | ITER: 26 END: OK
2019-12-29 22:19:38.494 3479 INFO rally.task.runner [-] Task 86fbd751-d7dc-496e-8e1f-828bd2374b23 | ITER: 35 END: OK
2019-12-29 22:19:38.784 3509 INFO rally.task.runner [-] Task 86fbd751-d7dc-496e-8e1f-828bd2374b23 | ITER: 36 END: OK
2019-12-29 22:19:38.854 3477 INFO rally.task.runner [-] Task 86fbd751-d7dc-496e-8e1f-828bd2374b23 | ITER: 38 END: OK
2019-12-29 22:19:39.250 3480 INFO rally.task.runner [-] Task 86fbd751-d7dc-496e-8e1f-828bd2374b23 | ITER: 29 END: OK
2019-12-29 22:19:40.764 3502 INFO rally.task.runner [-] Task 86fbd751-d7dc-496e-8e1f-828bd2374b23 | ITER: 33 END: OK
2019-12-29 22:19:41.674 3490 INFO rally.task.runner [-] Task 86fbd751-d7dc-496e-8e1f-828bd2374b23 | ITER: 37 END: OK
2019-12-29 22:19:50.750 3487 INFO rally.task.runner [-] Task 86fbd751-d7dc-496e-8e1f-828bd2374b23 | ITER: 40 END: OK
2019-12-29 22:19:50.752 3499 INFO rally.task.runner [-] Task 86fbd751-d7dc-496e-8e1f-828bd2374b23 | ITER: 39 END: OK
2019-12-29 22:19:50.773 15 INFO rally.task.context [-] Task 86fbd751-d7dc-496e-8e1f-828bd2374b23 | Context cleanup@openstack cleanup() started
2019-12-29 22:19:50.775 15 RALLYDEBUG rally_openstack.cleanup.manager [-] Cleaning up neutron vip objects
2019-12-29 22:19:50.902 15 RALLYDEBUG rally_openstack.cleanup.manager [-] Cleaning up neutron health_monitor objects
2019-12-29 22:19:51.014 15 RALLYDEBUG rally_openstack.cleanup.manager [-] Cleaning up neutron pool objects
2019-12-29 22:19:51.145 15 RALLYDEBUG rally_openstack.cleanup.manager [-] Cleaning up neutron loadbalancer objects
2019-12-29 22:19:51.287 15 RALLYDEBUG rally_openstack.cleanup.manager [-] Cleaning up neutron floatingip objects
2019-12-29 22:19:51.518 15 RALLYDEBUG rally_openstack.cleanup.manager [-] Cleaning up neutron trunk objects
2019-12-29 22:19:51.653 15 RALLYDEBUG rally_openstack.cleanup.manager [-] Cleaning up neutron port objects
2019-12-29 22:19:51.973 15 RALLYDEBUG rally_openstack.cleanup.manager [-] Cleaning up neutron subnet objects
2019-12-29 22:19:52.464 15 RALLYDEBUG rally_openstack.cleanup.manager [-] Deleting neutron.subnet object s_rally_2495a88c_E31kmuXp (012d5eef-c35b-48c2-bce4-ba688c1b11ac)
2019-12-29 22:19:52.471 15 RALLYDEBUG rally_openstack.cleanup.manager [-] Deleting neutron.subnet object s_rally_2495a88c_U1QJnMk5 (09106426-2f5f-49a3-8d93-9eb3c56781b5)
2019-12-29 22:19:52.479 15 RALLYDEBUG rally_openstack.cleanup.manager [-] Deleting neutron.subnet object s_rally_2495a88c_YrhoWvQW (0e2226fb-aa2c-460c-847d-2dc2b917bcdb)
2019-12-29 22:19:52.485 15 RALLYDEBUG rally_openstack.cleanup.manager [-] Deleting neutron.subnet object s_rally_2495a88c_wRgECp5Y (0fc43946-4543-4e42-8468-82793991962d)
2019-12-29 22:19:52.493 15 RALLYDEBUG rally_openstack.cleanup.manager [-] Deleting neutron.subnet object s_rally_2495a88c_fkyIBf9f (15bea0a9-b81d-40ef-8f04-d9b821002c05)
2019-12-29 22:19:52.500 15 RALLYDEBUG rally_openstack.cleanup.manager [-] Deleting neutron.subnet object s_rally_2495a88c_817AmKxU (1786f665-15a2-4abd-b890-484a799f8b1b)
2019-12-29 22:19:52.511 15 RALLYDEBUG rally_openstack.cleanup.manager [-] Deleting neutron.subnet object s_rally_2495a88c_ZgYvl2kw (189c4ce4-43d4-4225-ad12-9fedfe53213e)
2019-12-29 22:19:52.529 15 RALLYDEBUG rally_openstack.cleanup.manager [-] Deleting neutron.subnet object s_rally_2495a88c_4aHc06v9 (1ad7a47b-590d-4594-bc53-6861b45f6ec9)
2019-12-29 22:19:52.534 15 RALLYDEBUG rally_openstack.cleanup.manager [-] Deleting neutron.subnet object s_rally_2495a88c_N2A4PZ47 (1da7965c-eb39-46c7-b1a2-ae1a9625b6fe)
2019-12-29 22:19:52.545 15 RALLYDEBUG rally_openstack.cleanup.manager [-] Deleting neutron.subnet object s_rally_2495a88c_7opQxdZE (22dbb056-7fa4-421c-a551-8b1ad21e43c6)
2019-12-29 22:19:52.557 15 RALLYDEBUG rally_openstack.cleanup.manager [-] Deleting neutron.subnet object s_rally_2495a88c_D01BpXcR (28567780-a6c2-4597-b37c-a6d753fdc051)
2019-12-29 22:19:52.568 15 RALLYDEBUG rally_openstack.cleanup.manager [-] Deleting neutron.subnet object s_rally_2495a88c_jzMs33hm (2c4cdd88-4805-4dd9-b331-907a9043bc47)
2019-12-29 22:19:52.591 15 RALLYDEBUG rally_openstack.cleanup.manager [-] Deleting neutron.subnet object s_rally_2495a88c_KC6XdRyx (2d28f2ef-f91c-4d14-aa9f-06a603a42a48)
2019-12-29 22:19:52.595 15 RALLYDEBUG rally_openstack.cleanup.manager [-] Deleting neutron.subnet object s_rally_2495a88c_BTGcOXzC (2fcc21fa-34aa-40ee-8efd-fe3526709668)
2019-12-29 22:19:52.636 15 RALLYDEBUG rally_openstack.cleanup.manager [-] Deleting neutron.subnet object s_rally_2495a88c_R3HqDMMu (34f1503d-d68a-4a4d-9298-49f51ea0b913)
2019-12-29 22:19:52.648 15 RALLYDEBUG rally_openstack.cleanup.manager [-] Deleting neutron.subnet object s_rally_2495a88c_4zCZwjj0 (360fb0bb-c858-413f-abbb-b63c1e5586e7)
2019-12-29 22:19:52.668 15 RALLYDEBUG rally_openstack.cleanup.manager [-] Deleting neutron.subnet object s_rally_2495a88c_a6rOGmxg (37bb1295-e5e4-45b9-a63a-ac159922c6ac)
2019-12-29 22:19:52.682 15 RALLYDEBUG rally_openstack.cleanup.manager [-] Deleting neutron.subnet object s_rally_2495a88c_SFndJ3qw (3742e74c-6cbc-4b14-9999-32d6ebf5acd6)
2019-12-29 22:19:52.687 15 RALLYDEBUG rally_openstack.cleanup.manager [-] Deleting neutron.subnet object s_rally_2495a88c_EnpTWXXe (3a244249-7795-444a-a6b8-d0582a70b4bc)
2019-12-29 22:19:52.696 15 RALLYDEBUG rally_openstack.cleanup.manager [-] Deleting neutron.subnet object s_rally_2495a88c_yOT6HNmx (3bc8e6dd-52f3-465b-9bb8-2b13d19d799f)
2019-12-29 22:19:54.442 15 RALLYDEBUG rally_openstack.cleanup.manager [-] Deleting neutron.subnet object s_rally_2495a88c_Ax2QKu9n (482d4e10-707b-40ee-aca7-aad14412fb42)
2019-12-29 22:19:54.512 15 RALLYDEBUG rally_openstack.cleanup.manager [-] Deleting neutron.subnet object s_rally_2495a88c_wfRbYrRu (4b0133d8-f259-483d-a8fe-913819be3331)
2019-12-29 22:19:54.571 15 RALLYDEBUG rally_openstack.cleanup.manager [-] Deleting neutron.subnet object s_rally_2495a88c_lvJkXPVU (4c9a94ba-c7a1-431b-8bb1-2efad9528412)
2019-12-29 22:19:54.573 15 RALLYDEBUG rally_openstack.cleanup.manager [-] Deleting neutron.subnet object s_rally_2495a88c_uRdMrLUZ (4f4c20c0-60b5-45dc-be8b-de0f4d498635)
2019-12-29 22:19:54.616 15 RALLYDEBUG rally_openstack.cleanup.manager [-] Deleting neutron.subnet object s_rally_2495a88c_5QMz7h1s (51747046-6ba1-4963-a500-6322eb41614a)
2019-12-29 22:19:54.651 15 RALLYDEBUG rally_openstack.cleanup.manager [-] Deleting neutron.subnet object s_rally_2495a88c_yQmsH4qt (5347ed21-3a23-4e21-900b-d9ffbdd6ca98)
2019-12-29 22:19:55.097 15 RALLYDEBUG rally_openstack.cleanup.manager [-] Deleting neutron.subnet object s_rally_2495a88c_jBlVcqvm (5a9979ba-b0ee-43aa-8585-314810635d97)
2019-12-29 22:19:55.320 15 RALLYDEBUG rally_openstack.cleanup.manager [-] Deleting neutron.subnet object s_rally_2495a88c_B5VVAORj (62153065-2862-4839-95c6-855dae2a82d0)
2019-12-29 22:19:55.370 15 RALLYDEBUG rally_openstack.cleanup.manager [-] Deleting neutron.subnet object s_rally_2495a88c_UmaJWsPJ (6a1fa262-0255-4741-b649-070388b6d087)
2019-12-29 22:19:55.412 15 RALLYDEBUG rally_openstack.cleanup.manager [-] Deleting neutron.subnet object s_rally_2495a88c_7wAel3Mo (6d1de577-8979-4536-9495-aa2434c37b65)
2019-12-29 22:19:55.466 15 RALLYDEBUG rally_openstack.cleanup.manager [-] Deleting neutron.subnet object s_rally_2495a88c_7rzd3nWl (735d6dcb-f6f3-49ef-bd5d-88888ad553c0)
2019-12-29 22:19:55.496 15 RALLYDEBUG rally_openstack.cleanup.manager [-] Deleting neutron.subnet object s_rally_2495a88c_a2LnE4Fc (73c87ec2-123d-4d84-b249-b631f3dad4f8)
2019-12-29 22:19:55.864 15 RALLYDEBUG rally_openstack.cleanup.manager [-] Deleting neutron.subnet object s_rally_2495a88c_WWJEQhl2 (74467738-e209-440b-9c2a-6ddc9802ca27)
2019-12-29 22:19:55.904 15 RALLYDEBUG rally_openstack.cleanup.manager [-] Deleting neutron.subnet object s_rally_2495a88c_ntXAtOFr (775989d1-9709-4d96-b7e5-3e7f9cb9588a)
2019-12-29 22:19:56.256 15 RALLYDEBUG rally_openstack.cleanup.manager [-] Deleting neutron.subnet object s_rally_2495a88c_KdrMWjQs (792338b7-8c03-4ecb-afad-b119851619b6)
2019-12-29 22:19:56.330 15 RALLYDEBUG rally_openstack.cleanup.manager [-] Deleting neutron.subnet object s_rally_2495a88c_5wicY3KA (8021e097-d5ea-401d-9c79-4129c3eb9271)
2019-12-29 22:19:56.350 15 RALLYDEBUG rally_openstack.cleanup.manager [-] Deleting neutron.subnet object s_rally_2495a88c_alW1B9xO (85e3059d-4c38-4775-8cd1-170cb01f2e9e)
2019-12-29 22:19:56.387 15 RALLYDEBUG rally_openstack.cleanup.manager [-] Deleting neutron.subnet object s_rally_2495a88c_SgVbGOk9 (86b5b431-064d-45ed-b092-8403b8384d06)
2019-12-29 22:19:56.561 15 RALLYDEBUG rally_openstack.cleanup.manager [-] Deleting neutron.subnet object s_rally_2495a88c_Q7MNg0s5 (87a190c2-ae91-488d-a086-753631a9b580)
2019-12-29 22:19:56.636 15 RALLYDEBUG rally_openstack.cleanup.manager [-] Deleting neutron.subnet object s_rally_2495a88c_TYUXXApC (8c0aa9e0-4fdb-4eca-b3ad-ad6184a11c8a)
2019-12-29 22:19:57.064 15 RALLYDEBUG rally_openstack.cleanup.manager [-] Deleting neutron.subnet object s_rally_2495a88c_8A5UZHVS (8f2ca957-0357-4a56-9cb9-f26380ddc9fc)
2019-12-29 22:19:57.073 15 RALLYDEBUG rally_openstack.cleanup.manager [-] Deleting neutron.subnet object s_rally_2495a88c_7S7uuacx (94789549-130c-497c-b982-4bcb3a622686)
2019-12-29 22:19:57.281 15 RALLYDEBUG rally_openstack.cleanup.manager [-] Deleting neutron.subnet object s_rally_2495a88c_SJfls3Yf (9c45b8d1-793c-489e-8322-0b7cdb59ecec)
2019-12-29 22:19:57.584 15 RALLYDEBUG rally_openstack.cleanup.manager [-] Deleting neutron.subnet object s_rally_2495a88c_bVnClh1L (a013db0f-5752-4852-b03e-dc812e3fd8f9)
2019-12-29 22:19:57.715 15 RALLYDEBUG rally_openstack.cleanup.manager [-] Deleting neutron.subnet object s_rally_2495a88c_7D4nsaEF (a936f55b-3d82-41be-a162-bf25c1373df0)
2019-12-29 22:19:57.974 15 RALLYDEBUG rally_openstack.cleanup.manager [-] Deleting neutron.subnet object s_rally_2495a88c_KCQ3VEbl (ac5518a4-ec77-486f-be16-ec98aa0db00f)
2019-12-29 22:19:57.976 15 RALLYDEBUG rally_openstack.cleanup.manager [-] Deleting neutron.subnet object s_rally_2495a88c_XlQuBRTF (ac32f6f5-ef22-4611-b00c-22095587ea0d)
2019-12-29 22:19:58.240 15 RALLYDEBUG rally_openstack.cleanup.manager [-] Deleting neutron.subnet object s_rally_2495a88c_dC3C7TlJ (aca36056-a273-458d-9993-f01520fc5367)
2019-12-29 22:19:58.270 15 RALLYDEBUG rally_openstack.cleanup.manager [-] Deleting neutron.subnet object s_rally_2495a88c_iovjlpHX (aca395b3-2fa4-4bbb-b5aa-6bfbfd03f448)
2019-12-29 22:19:58.404 15 RALLYDEBUG rally_openstack.cleanup.manager [-] Deleting neutron.subnet object s_rally_2495a88c_8sEq1r9W (ad37bf86-65d0-4737-a6c6-e96785a8a623)
2019-12-29 22:19:58.477 15 RALLYDEBUG rally_openstack.cleanup.manager [-] Deleting neutron.subnet object s_rally_2495a88c_oBHm1Pt5 (b067dff0-9752-45d3-8f30-63cd37f1891d)
2019-12-29 22:19:58.924 15 RALLYDEBUG rally_openstack.cleanup.manager [-] Deleting neutron.subnet object s_rally_2495a88c_zCTDvsia (b6c2d3e8-e093-43a8-b810-9d1495893818)
2019-12-29 22:19:59.087 15 RALLYDEBUG rally_openstack.cleanup.manager [-] Deleting neutron.subnet object s_rally_2495a88c_Gj0shn8F (b6f2cb82-4a6b-4c2b-8070-6f6f81b58bf2)
2019-12-29 22:19:59.099 15 RALLYDEBUG rally_openstack.cleanup.manager [-] Deleting neutron.subnet object s_rally_2495a88c_pvO0SJ3J (b7b6de1e-8ec6-48d4-9c90-0ce1b7067c74)
2019-12-29 22:19:59.184 15 RALLYDEBUG rally_openstack.cleanup.manager [-] Deleting neutron.subnet object s_rally_2495a88c_irnOmqTU (b8444db5-79c4-440c-b48c-9751d7d9cda6)
2019-12-29 22:19:59.193 15 RALLYDEBUG rally_openstack.cleanup.manager [-] Deleting neutron.subnet object s_rally_2495a88c_9gr18qa5 (b85a8200-4e98-4cac-9850-eeb8e0f654f1)
2019-12-29 22:19:59.249 15 RALLYDEBUG rally_openstack.cleanup.manager [-] Deleting neutron.subnet object s_rally_2495a88c_sBcTUHEW (be2e35a4-61be-485a-a28c-39c773d15454)
2019-12-29 22:19:59.595 15 RALLYDEBUG rally_openstack.cleanup.manager [-] Deleting neutron.subnet object s_rally_2495a88c_UaU0QDi2 (bfa331d3-9e13-423c-85a6-63e6826e47bf)
2019-12-29 22:19:59.678 15 RALLYDEBUG rally_openstack.cleanup.manager [-] Deleting neutron.subnet object s_rally_2495a88c_ECuzKH3p (c26674d8-214f-40b9-bbf3-fad2ae9f005c)
2019-12-29 22:19:59.808 15 RALLYDEBUG rally_openstack.cleanup.manager [-] Deleting neutron.subnet object s_rally_2495a88c_gHxJt9q7 (c2b41747-aaa1-40fb-a4c6-38bd6e02d54d)
2019-12-29 22:19:59.931 15 RALLYDEBUG rally_openstack.cleanup.manager [-] Deleting neutron.subnet object s_rally_2495a88c_bt2WEul2 (c66dddd7-db38-434e-a66c-b76318baf14f)
2019-12-29 22:19:59.952 15 RALLYDEBUG rally_openstack.cleanup.manager [-] Deleting neutron.subnet object s_rally_2495a88c_4bt5mMqf (c93214a2-2551-438a-8cb4-3eb6e5bf7f26)
2019-12-29 22:20:00.089 15 RALLYDEBUG rally_openstack.cleanup.manager [-] Deleting neutron.subnet object s_rally_2495a88c_f8bFaM4g (ca333d93-04e4-4485-9feb-78c9c816e958)
2019-12-29 22:20:00.143 15 RALLYDEBUG rally_openstack.cleanup.manager [-] Deleting neutron.subnet object s_rally_2495a88c_kh69hO2N (d10dfaf1-07e9-4350-ad8d-e08a1116c9d9)
2019-12-29 22:20:00.204 15 RALLYDEBUG rally_openstack.cleanup.manager [-] Deleting neutron.subnet object s_rally_2495a88c_bUVPYe1B (d8b9d724-187f-463f-a52b-865addee0a09)
2019-12-29 22:20:00.225 15 RALLYDEBUG rally_openstack.cleanup.manager [-] Deleting neutron.subnet object s_rally_2495a88c_X8jHWMbk (dadc6761-da93-4126-a04b-30d327a7b475)
2019-12-29 22:20:01.001 15 RALLYDEBUG rally_openstack.cleanup.manager [-] Deleting neutron.subnet object s_rally_2495a88c_wqVotqJO (de90b0c6-0d78-4623-b5a9-59a1abbf4cd3)
2019-12-29 22:20:01.017 15 RALLYDEBUG rally_openstack.cleanup.manager [-] Deleting neutron.subnet object s_rally_2495a88c_wd27UmQU (df30570f-bcc7-4607-99f5-1da716234f25)
2019-12-29 22:20:01.407 15 RALLYDEBUG rally_openstack.cleanup.manager [-] Deleting neutron.subnet object s_rally_2495a88c_yvRrpo9N (e06b83c0-de32-40ce-b5ec-5d6a5c3cac5d)
2019-12-29 22:20:01.444 15 RALLYDEBUG rally_openstack.cleanup.manager [-] Deleting neutron.subnet object s_rally_2495a88c_lWO37oYx (e07ce5a1-1cfb-45d4-8ef2-0aa92bbae488)
2019-12-29 22:20:01.478 15 RALLYDEBUG rally_openstack.cleanup.manager [-] Deleting neutron.subnet object s_rally_2495a88c_C5zd5XdW (ea331394-16ef-4d80-8e08-4e28b90bce18)
2019-12-29 22:20:01.504 15 RALLYDEBUG rally_openstack.cleanup.manager [-] Deleting neutron.subnet object s_rally_2495a88c_ESBdYkNK (eabc2722-d167-483f-9da1-bc7ffc0424f1)
2019-12-29 22:20:01.631 15 RALLYDEBUG rally_openstack.cleanup.manager [-] Deleting neutron.subnet object s_rally_2495a88c_cMuDawoc (eca85930-6010-43a3-bc58-a5b1eed3b2ed)
2019-12-29 22:20:01.691 15 RALLYDEBUG rally_openstack.cleanup.manager [-] Deleting neutron.subnet object s_rally_2495a88c_YhG6WsU2 (ed3527f5-21ee-490b-8ba7-00390971a387)
2019-12-29 22:20:01.799 15 RALLYDEBUG rally_openstack.cleanup.manager [-] Deleting neutron.subnet object s_rally_2495a88c_dURTfozi (ed516682-a1f0-43ca-80b6-d32d35542f12)
2019-12-29 22:20:01.823 15 RALLYDEBUG rally_openstack.cleanup.manager [-] Deleting neutron.subnet object s_rally_2495a88c_uNd3Lo4K (f1bf64b4-a520-459c-96c9-5a602de414ec)
2019-12-29 22:20:01.900 15 RALLYDEBUG rally_openstack.cleanup.manager [-] Deleting neutron.subnet object s_rally_2495a88c_XZafUY4V (f4afa653-9b55-4d32-a9eb-80f57d5c267d)
2019-12-29 22:20:02.100 15 RALLYDEBUG rally_openstack.cleanup.manager [-] Deleting neutron.subnet object s_rally_2495a88c_RWmZeW4a (f7b0e0e1-4ec3-4d8f-901d-3dab4449b9ca)
2019-12-29 22:20:02.145 15 RALLYDEBUG rally_openstack.cleanup.manager [-] Deleting neutron.subnet object s_rally_2495a88c_zXgvRo24 (fdc47fd7-dab3-42a0-934f-88e9c8016f49)
2019-12-29 22:20:02.201 15 RALLYDEBUG rally_openstack.cleanup.manager [-] Deleting neutron.subnet object s_rally_2495a88c_DWlssj7D (ff2142a8-d8d5-4690-8335-b3fed055f657)
2019-12-29 22:20:06.072 15 RALLYDEBUG rally_openstack.cleanup.manager [-] Cleaning up neutron network objects
2019-12-29 22:20:07.222 15 RALLYDEBUG rally_openstack.cleanup.manager [-] Deleting neutron.network object s_rally_2495a88c_0RCNZvg1 (06e92777-03e8-4cb0-ae15-c6442a2c794f)
2019-12-29 22:20:07.226 15 RALLYDEBUG rally_openstack.cleanup.manager [-] Deleting neutron.network object s_rally_2495a88c_OIACg5BU (17164235-6cc8-4682-bc38-7a9876989116)
2019-12-29 22:20:07.241 15 RALLYDEBUG rally_openstack.cleanup.manager [-] Deleting neutron.network object s_rally_2495a88c_wpptXsDo (1b9347cc-16b3-450e-9a62-5ad3fc8e294c)
2019-12-29 22:20:07.244 15 RALLYDEBUG rally_openstack.cleanup.manager [-] Deleting neutron.network object s_rally_2495a88c_Na4Aqeu6 (1bbb5b59-a989-4472-9d5e-dbc1263c3a7f)
2019-12-29 22:20:07.253 15 RALLYDEBUG rally_openstack.cleanup.manager [-] Deleting neutron.network object s_rally_2495a88c_Pypectk5 (1fc35765-6a0a-40b3-b22b-03d947326462)
2019-12-29 22:20:07.260 15 RALLYDEBUG rally_openstack.cleanup.manager [-] Deleting neutron.network object s_rally_2495a88c_fhIBOQ8F (279183e6-d5a8-47fc-9351-efed1186dc97)
2019-12-29 22:20:07.269 15 RALLYDEBUG rally_openstack.cleanup.manager [-] Deleting neutron.network object s_rally_2495a88c_zPduwwq8 (296fabac-6bc8-40f5-accb-ef4ab420886e)
2019-12-29 22:20:07.282 15 RALLYDEBUG rally_openstack.cleanup.manager [-] Deleting neutron.network object s_rally_2495a88c_vWYbOTqU (3b2827b2-5c9e-4b7c-bff8-af5bc4ccef16)
2019-12-29 22:20:07.290 15 RALLYDEBUG rally_openstack.cleanup.manager [-] Deleting neutron.network object s_rally_2495a88c_fvZtv68K (3b867eb0-5316-4abe-8f66-b69a95d1a959)
2019-12-29 22:20:07.300 15 RALLYDEBUG rally_openstack.cleanup.manager [-] Deleting neutron.network object s_rally_2495a88c_CdUplfEZ (3e8df496-fa4c-40e5-8a38-5fc73ab7c446)
2019-12-29 22:20:07.319 15 RALLYDEBUG rally_openstack.cleanup.manager [-] Deleting neutron.network object s_rally_2495a88c_r5ZaqqgF (41d935fd-4e58-4555-86d3-5b2ddb59f548)
2019-12-29 22:20:07.339 15 RALLYDEBUG rally_openstack.cleanup.manager [-] Deleting neutron.network object s_rally_2495a88c_qWLW4zIH (469d544d-0bac-425c-b0a5-396b7631fbe0)
2019-12-29 22:20:07.344 15 RALLYDEBUG rally_openstack.cleanup.manager [-] Deleting neutron.network object s_rally_2495a88c_yt5Il2g4 (430150c8-f58f-453b-abb7-56e218b15cd3)
2019-12-29 22:20:07.363 15 RALLYDEBUG rally_openstack.cleanup.manager [-] Deleting neutron.network object s_rally_2495a88c_MOjaUDia (5822b80f-8161-433a-82d9-2ef917f26a5d)
2019-12-29 22:20:07.363 15 RALLYDEBUG rally_openstack.cleanup.manager [-] Deleting neutron.network object s_rally_2495a88c_xXNB8aMj (47346da2-1e79-446d-8ac7-c01eb2e7e4b5)
2019-12-29 22:20:07.381 15 RALLYDEBUG rally_openstack.cleanup.manager [-] Deleting neutron.network object s_rally_2495a88c_PYbHsCil (623afb06-4215-4a39-b964-1b11a12f171b)
2019-12-29 22:20:07.392 15 RALLYDEBUG rally_openstack.cleanup.manager [-] Deleting neutron.network object s_rally_2495a88c_Zi6BwWyW (6367aae4-5304-4b6d-893d-35970269e3de)
2019-12-29 22:20:07.396 15 RALLYDEBUG rally_openstack.cleanup.manager [-] Deleting neutron.network object s_rally_2495a88c_TxlxaINE (6ac7bce5-9f1f-47c9-9bf7-64d8866f30b3)
2019-12-29 22:20:07.451 15 RALLYDEBUG rally_openstack.cleanup.manager [-] Deleting neutron.network object s_rally_2495a88c_n5HnCB6n (7c5aecb2-b142-4038-9d8e-8126a8d6ebbe)
2019-12-29 22:20:07.452 15 RALLYDEBUG rally_openstack.cleanup.manager [-] Deleting neutron.network object s_rally_2495a88c_AbTXhhkJ (7278ed78-1057-4473-a695-76006de45bc0)
2019-12-29 22:20:09.261 15 RALLYDEBUG rally_openstack.cleanup.manager [-] Deleting neutron.network object s_rally_2495a88c_4m3bM8zg (7e6507d4-9b0b-49fb-9735-7ff5365d4728)
2019-12-29 22:20:09.813 15 RALLYDEBUG rally_openstack.cleanup.manager [-] Deleting neutron.network object s_rally_2495a88c_bZ9oEhIX (8561a06b-2701-4d10-baee-06f0913d3acd)
2019-12-29 22:20:09.876 15 RALLYDEBUG rally_openstack.cleanup.manager [-] Deleting neutron.network object s_rally_2495a88c_2x8fyUUC (8b1ba32e-8fca-4613-952d-20a6d09d6c3d)
2019-12-29 22:20:09.881 15 RALLYDEBUG rally_openstack.cleanup.manager [-] Deleting neutron.network object s_rally_2495a88c_x8bnWezJ (931d1230-cf0e-46ac-9481-f81dd22b711e)
2019-12-29 22:20:10.029 15 RALLYDEBUG rally_openstack.cleanup.manager [-] Deleting neutron.network object s_rally_2495a88c_iQPZYvTi (942239e9-d456-4c54-a674-f7fb374ffecb)
2019-12-29 22:20:10.060 15 RALLYDEBUG rally_openstack.cleanup.manager [-] Deleting neutron.network object s_rally_2495a88c_5WlZcpcF (945d0f1a-f34b-45e4-8148-1fee2d5df325)
2019-12-29 22:20:10.061 15 RALLYDEBUG rally_openstack.cleanup.manager [-] Deleting neutron.network object s_rally_2495a88c_dRTKdHPT (a17d90ee-f8f0-43e9-a692-2596c3984955)
2019-12-29 22:20:10.070 15 RALLYDEBUG rally_openstack.cleanup.manager [-] Deleting neutron.network object s_rally_2495a88c_mihVG1TT (a27e8366-8c45-4e4c-bf5a-09ccafd3fab0)
2019-12-29 22:20:10.203 15 RALLYDEBUG rally_openstack.cleanup.manager [-] Deleting neutron.network object s_rally_2495a88c_qcRsy8L4 (a766024c-3295-4f31-bdd3-f6bfc1bfb307)
2019-12-29 22:20:10.398 15 RALLYDEBUG rally_openstack.cleanup.manager [-] Deleting neutron.network object s_rally_2495a88c_mHlQ03Gc (b115bf82-39e7-4b36-9aeb-a94a6c3ad486)
2019-12-29 22:20:10.501 15 RALLYDEBUG rally_openstack.cleanup.manager [-] Deleting neutron.network object s_rally_2495a88c_2w2nDw1T (b583ec78-b15e-4630-ba81-3e9bd8b54e22)
2019-12-29 22:20:10.803 15 RALLYDEBUG rally_openstack.cleanup.manager [-] Deleting neutron.network object s_rally_2495a88c_yTloyKqq (baf4c4c7-c73a-4873-bbcf-c85ec7ad8905)
2019-12-29 22:20:10.896 15 RALLYDEBUG rally_openstack.cleanup.manager [-] Deleting neutron.network object s_rally_2495a88c_d65CMSgD (c000688c-8b95-4f36-84a7-c2c7296f5d06)
2019-12-29 22:20:10.900 15 RALLYDEBUG rally_openstack.cleanup.manager [-] Deleting neutron.network object s_rally_2495a88c_PbmmlNWD (c58ca754-5883-4c67-8369-112a4ffe4ab2)
2019-12-29 22:20:11.099 15 RALLYDEBUG rally_openstack.cleanup.manager [-] Deleting neutron.network object s_rally_2495a88c_JsFouc88 (c70afb75-0b8d-4689-94b3-2e8922a0f043)
2019-12-29 22:20:11.105 15 RALLYDEBUG rally_openstack.cleanup.manager [-] Deleting neutron.network object s_rally_2495a88c_vB9nGyig (c77830c9-6f87-46f1-a353-e8f75f44a6f4)
2019-12-29 22:20:11.208 15 RALLYDEBUG rally_openstack.cleanup.manager [-] Deleting neutron.network object s_rally_2495a88c_inXl6lMT (d68ceceb-b6c6-41ba-8509-dc3f61081880)
2019-12-29 22:20:11.233 15 RALLYDEBUG rally_openstack.cleanup.manager [-] Deleting neutron.network object s_rally_2495a88c_iE6lDbDj (d74fc4dd-c3db-49f7-b28a-9c3053a288cf)
2019-12-29 22:20:11.234 15 RALLYDEBUG rally_openstack.cleanup.manager [-] Deleting neutron.network object s_rally_2495a88c_58rYL5cE (da6c004b-387d-407f-890a-719cbbc631d4)
2019-12-29 22:20:11.261 15 RALLYDEBUG rally_openstack.cleanup.manager [-] Deleting neutron.network object s_rally_2495a88c_jbiNw59Q (ffa7dbaa-d80d-4403-991d-b63d4bd18ef3)
2019-12-29 22:20:14.788 15 RALLYDEBUG rally_openstack.cleanup.manager [-] Cleaning up neutron router objects
2019-12-29 22:20:14.986 15 RALLYDEBUG rally_openstack.cleanup.manager [-] Cleaning up neutron security_group objects
2019-12-29 22:20:15.138 15 INFO rally.task.context [-] Task 86fbd751-d7dc-496e-8e1f-828bd2374b23 | Context cleanup@openstack cleanup() finished in 24.37 sec
2019-12-29 22:20:15.138 15 INFO rally.task.context [-] Task 86fbd751-d7dc-496e-8e1f-828bd2374b23 | Context quotas@openstack cleanup() started
2019-12-29 22:20:15.157 15 INFO rally.task.context [-] Task 86fbd751-d7dc-496e-8e1f-828bd2374b23 | Context quotas@openstack cleanup() finished in 19.05 msec
2019-12-29 22:20:15.158 15 INFO rally.task.context [-] Task 86fbd751-d7dc-496e-8e1f-828bd2374b23 | Context users@openstack cleanup() started
2019-12-29 22:20:16.816 15 INFO rally.task.context [-] Task 86fbd751-d7dc-496e-8e1f-828bd2374b23 | Context users@openstack cleanup() finished in 1.66 sec
2019-12-29 22:20:18.245 15 INFO rally.task.engine [-] Load duration is: 56.979663
2019-12-29 22:20:18.245 15 INFO rally.task.engine [-] Full runner duration is: 57.018218
2019-12-29 22:20:18.246 15 INFO rally.task.engine [-] Full duration is: 84.958536
2019-12-29 22:20:18.324 15 INFO rally.task.engine [-] Running workload: position = 0 config = { "version": 2, "title": "A cropped version of a bigger task.", "description": "Auto-generated task from a single workload (uuid=938020b6-0e2c-40ef-8ff3-88ba94edfe23)", "subtasks": [ { "title": "NeutronNetworks.create_and_list_ports", "description": "Check performance of list ports action and ensure > network quotas are not exceeded", "scenario": { "NeutronNetworks.create_and_list_ports": { "network_create_args": null, "port_create_args": null, "ports_per_network": 50 } }, "contexts": { "users": { "tenants": 1, "users_per_tenant": 1 }, "quotas": { "neutron": { "network": -1, "subnet": -1, "router": -1, "port": 811 } } }, "runner": { "constant": { "times": 8, "concurrency": 4 } }, "hooks": [], "sla": { "max_avg_duration_per_atomic": { "neutron.list_ports": 15 }, "failure_rate": { "max": 0 } } } ] }
2019-12-29 22:20:18.342 15 RALLYDEBUG rally_openstack.contexts.keystone.users [-] Creating 1 tenants using 20 threads
2019-12-29 22:20:18.727 15 RALLYDEBUG rally_openstack.contexts.keystone.users [-] Creating 1 users using 20 threads
2019-12-29 22:20:19.363 15 INFO rally.task.context [-] Task 86fbd751-d7dc-496e-8e1f-828bd2374b23 | Context users@openstack setup() finished in 1.02 sec
2019-12-29 22:20:19.678 15 INFO rally.task.context [-] Task 86fbd751-d7dc-496e-8e1f-828bd2374b23 | Context quotas@openstack setup() finished in 0.31 sec
2019-12-29 22:20:19.679 15 INFO rally.task.context [-] Task 86fbd751-d7dc-496e-8e1f-828bd2374b23 | Context cleanup@openstack setup() finished in 0.01 msec
2019-12-29 22:20:19.688 15 RALLYDEBUG rally.task.runner [-] Starting the constant runner (task UUID: 86fbd751-d7dc-496e-8e1f-828bd2374b23). timeout: 0 concurrency: 4 concurrency_per_worker: 1 times: 8 concurrency_overhead: 0 processes_to_start: 4 max_cpu_used: 88
2019-12-29 22:20:19.701 3877 RALLYDEBUG rally.task.runner [-] Starting a worker. concurrency: 1 args: {"network_create_args": null, "port_create_args": null, "ports_per_network": 50} times: 8 method_name: run timeout: 0 duration: None cls:
2019-12-29 22:20:19.703 3878 RALLYDEBUG rally.task.runner [-] Starting a worker. concurrency: 1 args: {"network_create_args": null, "port_create_args": null, "ports_per_network": 50} times: 8 method_name: run timeout: 0 duration: None cls:
2019-12-29 22:20:19.707 3878 INFO rally.task.runner [-] Task 86fbd751-d7dc-496e-8e1f-828bd2374b23 | ITER: 2 START
2019-12-29 22:20:19.708 3877 INFO rally.task.runner [-] Task 86fbd751-d7dc-496e-8e1f-828bd2374b23 | ITER: 1 START
2019-12-29 22:20:19.708 3878 WARNING rally_openstack.scenarios.neutron.utils [-] Running this scenario without either the 'network' or 'existing_network' context is deprecated
2019-12-29 22:20:19.708 3880 RALLYDEBUG rally.task.runner [-] Starting a worker. concurrency: 1 args: {"network_create_args": null, "port_create_args": null, "ports_per_network": 50} times: 8 method_name: run timeout: 0 duration: None cls:
2019-12-29 22:20:19.709 3877 WARNING rally_openstack.scenarios.neutron.utils [-] Running this scenario without either the 'network' or 'existing_network' context is deprecated
2019-12-29 22:20:19.711 3879 RALLYDEBUG rally.task.runner [-] Starting a worker. concurrency: 1 args: {"network_create_args": null, "port_create_args": null, "ports_per_network": 50} times: 8 method_name: run timeout: 0 duration: None cls:
2019-12-29 22:20:19.713 3880 INFO rally.task.runner [-] Task 86fbd751-d7dc-496e-8e1f-828bd2374b23 | ITER: 3 START
2019-12-29 22:20:19.714 3880 WARNING rally_openstack.scenarios.neutron.utils [-] Running this scenario without either the 'network' or 'existing_network' context is deprecated
2019-12-29 22:20:19.715 3879 INFO rally.task.runner [-] Task 86fbd751-d7dc-496e-8e1f-828bd2374b23 | ITER: 4 START
2019-12-29 22:20:19.716 3879 WARNING rally_openstack.scenarios.neutron.utils [-] Running this scenario without either the 'network' or 'existing_network' context is deprecated
2019-12-29 22:21:01.994 3880 INFO rally.task.runner [-] Task 86fbd751-d7dc-496e-8e1f-828bd2374b23 | ITER: 3 END: OK
2019-12-29 22:21:01.998 3880 INFO rally.task.runner [-] Task 86fbd751-d7dc-496e-8e1f-828bd2374b23 | ITER: 5 START
2019-12-29 22:21:01.999 3880 WARNING rally_openstack.scenarios.neutron.utils [-] Running this scenario without either the 'network' or 'existing_network' context is deprecated
2019-12-29 22:21:05.263 3877 INFO rally.task.runner [-] Task 86fbd751-d7dc-496e-8e1f-828bd2374b23 | ITER: 1 END: OK
2019-12-29 22:21:05.268 3877 INFO rally.task.runner [-] Task 86fbd751-d7dc-496e-8e1f-828bd2374b23 | ITER: 6 START
2019-12-29 22:21:05.269 3877 WARNING rally_openstack.scenarios.neutron.utils [-] Running this scenario without either the 'network' or 'existing_network' context is deprecated
2019-12-29 22:21:44.957 3879 INFO rally.task.runner [-] Task 86fbd751-d7dc-496e-8e1f-828bd2374b23 | ITER: 4 END: OK
2019-12-29 22:21:44.959 3879 INFO rally.task.runner [-] Task 86fbd751-d7dc-496e-8e1f-828bd2374b23 | ITER: 7 START
2019-12-29 22:21:44.960 3879 WARNING rally_openstack.scenarios.neutron.utils [-] Running this scenario without either the 'network' or 'existing_network' context is deprecated
2019-12-29 22:21:45.389 3878 INFO rally.task.runner [-] Task 86fbd751-d7dc-496e-8e1f-828bd2374b23 | ITER: 2 END: OK
2019-12-29 22:21:45.391 3878 INFO rally.task.runner [-] Task 86fbd751-d7dc-496e-8e1f-828bd2374b23 | ITER: 8 START
2019-12-29 22:21:45.391 3878 WARNING rally_openstack.scenarios.neutron.utils [-] Running this scenario without either the 'network' or 'existing_network' context is deprecated
2019-12-29 22:21:48.611 3880 INFO rally.task.runner [-] Task 86fbd751-d7dc-496e-8e1f-828bd2374b23 | ITER: 5 END: OK
2019-12-29 22:21:49.503 3877 INFO rally.task.runner [-] Task 86fbd751-d7dc-496e-8e1f-828bd2374b23 | ITER: 6 END: OK
2019-12-29 22:23:16.874 3878 INFO rally.task.runner [-] Task 86fbd751-d7dc-496e-8e1f-828bd2374b23 | ITER: 8 END: OK
2019-12-29 22:23:17.625 3879 INFO rally.task.runner [-] Task 86fbd751-d7dc-496e-8e1f-828bd2374b23 | ITER: 7 END: OK
2019-12-29 22:23:17.653 15 INFO rally.task.context [-] Task 86fbd751-d7dc-496e-8e1f-828bd2374b23 | Context cleanup@openstack cleanup() started
2019-12-29 22:23:17.657 15 RALLYDEBUG rally_openstack.cleanup.manager [-] Cleaning up neutron vip objects
2019-12-29 22:23:17.951 15 RALLYDEBUG rally_openstack.cleanup.manager [-] Cleaning up neutron health_monitor objects
2019-12-29 22:23:18.086 15 RALLYDEBUG rally_openstack.cleanup.manager [-] Cleaning up neutron pool objects
2019-12-29 22:23:18.225 15 RALLYDEBUG rally_openstack.cleanup.manager [-] Cleaning up neutron loadbalancer objects
2019-12-29 22:23:18.370 15 RALLYDEBUG rally_openstack.cleanup.manager [-] Cleaning up neutron floatingip objects
2019-12-29 22:23:18.757 15 RALLYDEBUG rally_openstack.cleanup.manager [-] Cleaning up neutron trunk objects
2019-12-29 22:23:18.927 15 RALLYDEBUG rally_openstack.cleanup.manager [-] Cleaning up neutron port objects
2019-12-29 22:23:20.633 15 RALLYDEBUG rally_openstack.cleanup.manager [-] Deleting neutron.port object s_rally_938020b6_Aym65WPe (0166ccd5-3246-4ba7-9f49-4b8544acbd8c)
2019-12-29 22:23:20.687 15 RALLYDEBUG rally_openstack.cleanup.manager [-] Deleting neutron.port object s_rally_938020b6_getHTFOj (024b6a65-9c7c-4e6f-9537-a65c9e9115cd)
2019-12-29 22:23:20.701 15 RALLYDEBUG rally_openstack.cleanup.manager [-] Deleting neutron.port object s_rally_938020b6_k0fiN93p (029f8ff8-7524-452d-9eac-98fdbcb826fb)
