2019-12-29 22:23:55.015 15 RALLYDEBUG rally_openstack.cleanup.manager [-] Deleting neutron.port object s_rally_938020b6_bKj9vcQO (bc2734f6-66a6-4915-b4aa-bf16458ff688)
2019-12-29 22:23:55.033 15 RALLYDEBUG rally_openstack.cleanup.manager [-] Deleting neutron.port object s_rally_938020b6_ApMwdZfj (bc2a187f-ab74-4e27-8673-ccba0c32e110)
2019-12-29 22:23:55.037 15 RALLYDEBUG rally_openstack.cleanup.manager [-] Deleting neutron.port object s_rally_938020b6_y86rYfcC (bc335e16-b975-4ac6-8fa9-e5bfc5e1017d)
2019-12-29 22:23:55.126 15 RALLYDEBUG rally_openstack.cleanup.manager [-] Deleting neutron.port object s_rally_938020b6_XpduWXBj (bc35e661-0ae1-4891-89b9-9095ca2adaf3)
2019-12-29 22:23:55.146 15 RALLYDEBUG rally_openstack.cleanup.manager [-] Deleting neutron.port object s_rally_938020b6_JHMJnzqN (bc3cffba-4c77-41fa-a9fc-343c5bef848f)
2019-12-29 22:23:55.190 15 RALLYDEBUG rally_openstack.cleanup.manager [-] Deleting neutron.port object s_rally_938020b6_W0ibyZbc (bc4d262e-474c-49c6-849f-1d962225910f)
2019-12-29 22:23:55.200 15 RALLYDEBUG rally_openstack.cleanup.manager [-] Deleting neutron.port object s_rally_938020b6_gR4cNd40 (be009fba-fa96-46fc-a9b5-89860af30cee)
2019-12-29 22:23:55.325 15 RALLYDEBUG rally_openstack.cleanup.manager [-] Deleting neutron.port object s_rally_938020b6_l2ejPvNS (be13af85-6ca2-4bfd-8fe3-034e2f3c3725)
2019-12-29 22:23:55.874 15 RALLYDEBUG rally_openstack.cleanup.manager [-] Deleting neutron.port object s_rally_938020b6_BHDjnO40 (be621667-0e35-4e5c-8b5f-3604454c6c14)
2019-12-29 22:23:55.888 15 RALLYDEBUG rally_openstack.cleanup.manager [-] Deleting neutron.port object s_rally_938020b6_daxGBoxj (c02644bf-c959-4abd-9d03-b0ffa452b0e0)
2019-12-29 22:23:55.892 15 RALLYDEBUG rally_openstack.cleanup.manager [-] Deleting neutron.port object s_rally_938020b6_FzUEZgd5 (c1440361-4824-4cb9-ad5c-aca5fb20b14b)
2019-12-29 22:23:55.921 15 RALLYDEBUG rally_openstack.cleanup.manager [-] Deleting neutron.port object s_rally_938020b6_J9yN8Z5I (c15f19e4-7a8c-4cf8-b453-7c97205f3e4f)
2019-12-29 22:23:56.005 15 RALLYDEBUG rally_openstack.cleanup.manager [-] Deleting neutron.port object s_rally_938020b6_D1hvH81E (c21d6b1c-e1cb-41e7-ba3f-b64faa43a3c9)
2019-12-29 22:23:56.008 15 RALLYDEBUG rally_openstack.cleanup.manager [-] Deleting neutron.port object s_rally_938020b6_JIOsDpHS (c169759b-a4cc-4dc1-92db-2d9864667b77)
2019-12-29 22:23:56.332 15 RALLYDEBUG rally_openstack.cleanup.manager [-] Deleting neutron.port object s_rally_938020b6_DVjsZBF1 (c3243559-058b-434a-8873-acd6f194c44f)
2019-12-29 22:23:56.447 15 RALLYDEBUG rally_openstack.cleanup.manager [-] Deleting neutron.port object s_rally_938020b6_IpGBNwZL (c38e5a0a-546e-4da3-a3a8-f198448b155f)
2019-12-29 22:23:56.451 15 RALLYDEBUG rally_openstack.cleanup.manager [-] Deleting neutron.port object s_rally_938020b6_xnjYSnu5 (c3b7dc82-e8b9-4bb4-8dd1-d52e7123c887)
2019-12-29 22:23:56.800 15 RALLYDEBUG rally_openstack.cleanup.manager [-] Deleting neutron.port object s_rally_938020b6_dUL56aZe (c3c3afd5-e6b2-4fff-bde0-e83e6b69c855)
2019-12-29 22:23:56.840 15 RALLYDEBUG rally_openstack.cleanup.manager [-] Deleting neutron.port object s_rally_938020b6_bojh2SxD (c56c0df8-592a-4843-913e-b80bc80a2117)
2019-12-29 22:23:56.845 15 RALLYDEBUG rally_openstack.cleanup.manager [-] Deleting neutron.port object s_rally_938020b6_x5sCUy5Q (c57843c6-a58e-4baa-8724-68fe9fa05fe5)
2019-12-29 22:23:56.849 15 RALLYDEBUG rally_openstack.cleanup.manager [-] Deleting neutron.port object s_rally_938020b6_ZhRqqI8V (c5e76d61-89a0-4694-aa8c-ef9398bbe567)
2019-12-29 22:23:56.891 15 RALLYDEBUG rally_openstack.cleanup.manager [-] Deleting neutron.port object s_rally_938020b6_8QNEbfyk (c64a6668-d358-4a30-8fd8-9b40742de0f5)
2019-12-29 22:23:56.946 15 RALLYDEBUG rally_openstack.cleanup.manager [-] Deleting neutron.port object s_rally_938020b6_VRBym62B (c765286f-28b3-4421-9667-35f50a74bb0f)
2019-12-29 22:23:57.029 15 RALLYDEBUG rally_openstack.cleanup.manager [-] Deleting neutron.port object s_rally_938020b6_QivMvexd (c7dc4dd2-ce1d-4cae-99b7-646eabf30216)
2019-12-29 22:23:57.033 15 RALLYDEBUG rally_openstack.cleanup.manager [-] Deleting neutron.port object s_rally_938020b6_E0ccFkog (c7e5d0f6-b765-4b4c-b0fe-17be3c3bea82)
2019-12-29 22:23:57.518 15 RALLYDEBUG rally_openstack.cleanup.manager [-] Deleting neutron.port object s_rally_938020b6_5xOrmmR2 (c8b1a238-b8dd-4641-bbb0-8c1aa8ace701)
2019-12-29 22:23:57.572 15 RALLYDEBUG rally_openstack.cleanup.manager [-] Deleting neutron.port object s_rally_938020b6_xSepcilE (c9490fb3-36ce-4fec-a2c5-de20de6665d0)
2019-12-29 22:23:57.675 15 RALLYDEBUG rally_openstack.cleanup.manager [-] Deleting neutron.port object s_rally_938020b6_HhfCgepb (c9b26a48-dfbc-4e65-9003-5dbb3369d082)
2019-12-29 22:23:57.716 15 RALLYDEBUG rally_openstack.cleanup.manager [-] Deleting neutron.port object s_rally_938020b6_vCXtd1aK (cb01b54b-1198-4854-8e5f-1298e346039f)
2019-12-29 22:23:57.748 15 RALLYDEBUG rally_openstack.cleanup.manager [-] Deleting neutron.port object s_rally_938020b6_z87rV4tq (ce26754c-8f19-443b-b7f4-603f26aef62b)
2019-12-29 22:23:57.998 15 RALLYDEBUG rally_openstack.cleanup.manager [-] Deleting neutron.port object s_rally_938020b6_ivNf0BIO (cfb3efb3-9b03-48a6-bda0-e3128c0cb84f)
2019-12-29 22:23:58.014 15 RALLYDEBUG rally_openstack.cleanup.manager [-] Deleting neutron.port object s_rally_938020b6_zyOdJA8l (d0290d98-9cf2-48e0-94ce-88c1bafeece1)
2019-12-29 22:23:58.021 15 RALLYDEBUG rally_openstack.cleanup.manager [-] Deleting neutron.port object s_rally_938020b6_a3So0ClA (d06fe8b9-9e44-43c6-9ca9-8ee8892e9192)
2019-12-29 22:23:58.617 15 RALLYDEBUG rally_openstack.cleanup.manager [-] Deleting neutron.port object s_rally_938020b6_HipEfZ4x (d0865deb-b2ec-4b5a-aa01-3700a81ef5b7)
2019-12-29 22:23:58.635 15 RALLYDEBUG rally_openstack.cleanup.manager [-] Deleting neutron.port object s_rally_938020b6_XsmGX2NV (d3520d9e-cb02-42b0-b0f6-4d3077ff0c0e)
2019-12-29 22:23:58.649 15 RALLYDEBUG rally_openstack.cleanup.manager [-] Deleting neutron.port object s_rally_938020b6_HdTbiJkW (d35ca496-8204-40d3-826f-3ff9e471ba59)
2019-12-29 22:23:58.651 15 RALLYDEBUG rally_openstack.cleanup.manager [-] Deleting neutron.port object s_rally_938020b6_bi1f030P (d46909e6-136d-4b00-a209-ef83dc068769)
2019-12-29 22:23:58.728 15 RALLYDEBUG rally_openstack.cleanup.manager [-] Deleting neutron.port object s_rally_938020b6_SuBk2lgc (d46efd03-5b90-4a63-bf69-344ab8f10832)
2019-12-29 22:23:58.731 15 RALLYDEBUG rally_openstack.cleanup.manager [-] Deleting neutron.port object s_rally_938020b6_OiiJlK2i (d47fda35-791c-4385-becd-ae87c46f2cd4)
2019-12-29 22:23:58.740 15 RALLYDEBUG rally_openstack.cleanup.manager [-] Deleting neutron.port object s_rally_938020b6_fqkrESh9 (d5c5ac10-893f-4e61-88be-424a923d2a76)
2019-12-29 22:23:59.316 15 RALLYDEBUG rally_openstack.cleanup.manager [-] Deleting neutron.port object s_rally_938020b6_DihUcTQx (d6377214-db0e-467e-a009-253a4c9dadf8)
2019-12-29 22:23:59.363 15 RALLYDEBUG rally_openstack.cleanup.manager [-] Deleting neutron.port object s_rally_938020b6_U86r7ofx (d72142c0-35d3-4b29-86f0-e80a343fa9c8)
2019-12-29 22:23:59.386 15 RALLYDEBUG rally_openstack.cleanup.manager [-] Deleting neutron.port object s_rally_938020b6_ePcTPqEi (d830bd64-ef32-4050-adf1-49eef8644241)
2019-12-29 22:23:59.401 15 RALLYDEBUG rally_openstack.cleanup.manager [-] Deleting neutron.port object s_rally_938020b6_6dcNeXUv (d857d813-df8d-4954-b652-0a56b91227ce)
2019-12-29 22:23:59.478 15 RALLYDEBUG rally_openstack.cleanup.manager [-] Deleting neutron.port object s_rally_938020b6_eEKbqo7U (d93fe0ba-377d-4d15-9575-1fe27ce569f1)
2019-12-29 22:23:59.519 15 RALLYDEBUG rally_openstack.cleanup.manager [-] Deleting neutron.port object s_rally_938020b6_UiNkbFMh (d97f8a16-e03b-4548-8af6-da7a7ffbcbdf)
2019-12-29 22:23:59.525 15 RALLYDEBUG rally_openstack.cleanup.manager [-] Deleting neutron.port object s_rally_938020b6_YPJNx5wj (d9d21c6f-d3d8-417a-93ad-6cc7b79bcc19)
2019-12-29 22:23:59.875 15 RALLYDEBUG rally_openstack.cleanup.manager [-] Deleting neutron.port object s_rally_938020b6_eKDLH0js (db0239ff-d346-4ab6-b973-b7dcef673321)
2019-12-29 22:23:59.880 15 RALLYDEBUG rally_openstack.cleanup.manager [-] Deleting neutron.port object s_rally_938020b6_1ZHesPeT (dbd0aec9-d3ae-4f48-84cc-e981a2eedf8f)
2019-12-29 22:23:59.887 15 RALLYDEBUG rally_openstack.cleanup.manager [-] Deleting neutron.port object s_rally_938020b6_bWN9W5xv (dc183eb4-32f0-45c7-852b-74bcb5472664)
2019-12-29 22:23:59.891 15 RALLYDEBUG rally_openstack.cleanup.manager [-] Deleting neutron.port object s_rally_938020b6_bfZSu1GK (dc35b294-8feb-4c36-9c92-9037465296e0)
2019-12-29 22:23:59.970 15 RALLYDEBUG rally_openstack.cleanup.manager [-] Deleting neutron.port object s_rally_938020b6_L8rHOP8k (dc5bff6d-f802-474c-8863-04f073737da4)
2019-12-29 22:24:00.279 15 RALLYDEBUG rally_openstack.cleanup.manager [-] Deleting neutron.port object s_rally_938020b6_lMtyovcb (dcae6311-09bc-4e53-b3c5-55328b6aec46)
2019-12-29 22:24:00.445 15 RALLYDEBUG rally_openstack.cleanup.manager [-] Deleting neutron.port object s_rally_938020b6_n7z4zAzI (dd1a45a2-b928-42c8-a132-24dcc1d50ec3)
2019-12-29 22:24:00.487 15 RALLYDEBUG rally_openstack.cleanup.manager [-] Deleting neutron.port object s_rally_938020b6_ODinlR1X (dd868513-3567-4e7f-a9e9-3ce533a688b6)
2019-12-29 22:24:01.060 15 RALLYDEBUG rally_openstack.cleanup.manager [-] Deleting neutron.port object s_rally_938020b6_zexHVBpr (e00701ad-4549-459a-93da-0e8ff550b9c0)
2019-12-29 22:24:01.253 15 RALLYDEBUG rally_openstack.cleanup.manager [-] Deleting neutron.port object s_rally_938020b6_nwiLPQiv (e01465c7-95e9-4f25-9a49-10300d28fa99)
2019-12-29 22:24:01.320 15 RALLYDEBUG rally_openstack.cleanup.manager [-] Deleting neutron.port object s_rally_938020b6_mdyYrwpm (e04fe8e3-8879-469e-a54c-3b1cbb32c0a4)
2019-12-29 22:24:01.339 15 RALLYDEBUG rally_openstack.cleanup.manager [-] Deleting neutron.port object s_rally_938020b6_OaLL5tX2 (e19e747f-4d64-44a5-8579-114b8d6357d8)
2019-12-29 22:24:01.383 15 RALLYDEBUG rally_openstack.cleanup.manager [-] Deleting neutron.port object s_rally_938020b6_Yl86UfiG (e2732116-f837-4b16-8e3e-eb673ecb429e)
2019-12-29 22:24:01.462 15 RALLYDEBUG rally_openstack.cleanup.manager [-] Deleting neutron.port object s_rally_938020b6_GIrs3fjt (e390aa39-0a52-4f41-b7d5-0f2814098273)
2019-12-29 22:24:01.464 15 RALLYDEBUG rally_openstack.cleanup.manager [-] Deleting neutron.port object s_rally_938020b6_dP76IHeb (e43a9000-9d05-4ddd-ae1c-f1f5e3d54d2c)
2019-12-29 22:24:01.574 15 RALLYDEBUG rally_openstack.cleanup.manager [-] Deleting neutron.port object s_rally_938020b6_pSQ6uHY1 (e522be2c-4f7d-42ec-85ba-9d766e289255)
2019-12-29 22:24:01.582 15 RALLYDEBUG rally_openstack.cleanup.manager [-] Deleting neutron.port object s_rally_938020b6_eK2w02LZ (e649ece0-9b4d-4d4d-aedd-b3bf505d06e2)
2019-12-29 22:24:01.801 15 RALLYDEBUG rally_openstack.cleanup.manager [-] Deleting neutron.port object s_rally_938020b6_wvOnOGw3 (e683489b-63df-403f-a42a-8820d5d39b34)
2019-12-29 22:24:01.802 15 RALLYDEBUG rally_openstack.cleanup.manager [-] Deleting neutron.port object s_rally_938020b6_tMaOruzI (e67ff9dc-8e76-48d0-896e-ffe12a7791ab)
2019-12-29 22:24:01.830 15 RALLYDEBUG rally_openstack.cleanup.manager [-] Deleting neutron.port object s_rally_938020b6_a6GW1xaT (e79fd9c2-0f2c-4f90-8ef1-91d038392bee)
2019-12-29 22:24:01.902 15 RALLYDEBUG rally_openstack.cleanup.manager [-] Deleting neutron.port object s_rally_938020b6_cpK3o0C6 (e8f1f3f9-28f7-406a-bdf8-0a0fc16b1d36)
2019-12-29 22:24:02.292 15 RALLYDEBUG rally_openstack.cleanup.manager [-] Deleting neutron.port object s_rally_938020b6_gRaZCCel (e901581f-4611-4821-a375-c228b62675fe)
2019-12-29 22:24:02.311 15 RALLYDEBUG rally_openstack.cleanup.manager [-] Deleting neutron.port object s_rally_938020b6_JPLRfIeU (eb8e8536-11a8-444e-b817-e54bad486493)
2019-12-29 22:24:02.412 15 RALLYDEBUG rally_openstack.cleanup.manager [-] Deleting neutron.port object s_rally_938020b6_SVsT5RHI (ebd981af-f129-4bd0-81ab-bcb555e9e7a2)
2019-12-29 22:24:02.417 15 RALLYDEBUG rally_openstack.cleanup.manager [-] Deleting neutron.port object s_rally_938020b6_OE5Qdj1D (ebe7e411-66a4-4c6d-9a99-36c5c8d183a1)
2019-12-29 22:24:02.418 15 RALLYDEBUG rally_openstack.cleanup.manager [-] Deleting neutron.port object s_rally_938020b6_bZpIiDgj (ec4a26fa-3436-4231-a743-690e200b1afc)
2019-12-29 22:24:02.463 15 RALLYDEBUG rally_openstack.cleanup.manager [-] Deleting neutron.port object s_rally_938020b6_R5DTduLM (ec58a9be-4e5b-41ec-976f-8baebacf3968)
2019-12-29 22:24:02.732 15 RALLYDEBUG rally_openstack.cleanup.manager [-] Deleting neutron.port object s_rally_938020b6_jRFiIGAj (ec790678-7d8b-4192-a848-1385eea71367)
2019-12-29 22:24:03.268 15 RALLYDEBUG rally_openstack.cleanup.manager [-] Deleting neutron.port object s_rally_938020b6_0KM4n9GV (ecab8755-5fd2-480f-a139-c7337519fb40)
2019-12-29 22:24:03.309 15 RALLYDEBUG rally_openstack.cleanup.manager [-] Deleting neutron.port object s_rally_938020b6_POZ9HsAE (ed069b61-9097-422e-b8aa-efd886140ea8)
2019-12-29 22:24:03.312 15 RALLYDEBUG rally_openstack.cleanup.manager [-] Deleting neutron.port object s_rally_938020b6_PuvVkUsf (ed4fae2e-6a5f-40e8-aa66-889f190a1283)
2019-12-29 22:24:03.387 15 RALLYDEBUG rally_openstack.cleanup.manager [-] Deleting neutron.port object s_rally_938020b6_fM968gjo (ed695d5d-890b-4128-ac21-fdad9e717e19)
2019-12-29 22:24:03.507 15 RALLYDEBUG rally_openstack.cleanup.manager [-] Deleting neutron.port object s_rally_938020b6_ngg27KHS (f0df179d-f8b6-4518-8712-b1eaf6bdfb57)
2019-12-29 22:24:03.596 15 RALLYDEBUG rally_openstack.cleanup.manager [-] Deleting neutron.port object s_rally_938020b6_OF0czA1H (f2030a15-f993-4731-9e74-ce98a206b658)
2019-12-29 22:24:03.795 15 RALLYDEBUG rally_openstack.cleanup.manager [-] Deleting neutron.port object s_rally_938020b6_dII6pSZq (f246d22e-952a-468b-ab8d-4946f2ef1475)
2019-12-29 22:24:03.922 15 RALLYDEBUG rally_openstack.cleanup.manager [-] Deleting neutron.port object s_rally_938020b6_tbl3sJwt (f3e839eb-6dcd-4ecc-aaf7-56d28a0c0170)
2019-12-29 22:24:03.930 15 RALLYDEBUG rally_openstack.cleanup.manager [-] Deleting neutron.port object s_rally_938020b6_cxd3IJo2 (f4cdfa44-1ee1-40f1-8214-05eb479ab938)
2019-12-29 22:24:03.938 15 RALLYDEBUG rally_openstack.cleanup.manager [-] Deleting neutron.port object s_rally_938020b6_kLf2XqHZ (f52b7af6-0a07-4420-a3a4-f31cd183641b)
2019-12-29 22:24:03.950 15 RALLYDEBUG rally_openstack.cleanup.manager [-] Deleting neutron.port object s_rally_938020b6_4qon5woe (f6a5326c-9aef-44e8-83fa-ceaeea3e8123)
2019-12-29 22:24:04.128 15 RALLYDEBUG rally_openstack.cleanup.manager [-] Deleting neutron.port object s_rally_938020b6_ECQVoFxZ (f6b79706-9c86-4a50-94f7-0520a28633fe)
2019-12-29 22:24:04.177 15 RALLYDEBUG rally_openstack.cleanup.manager [-] Deleting neutron.port object s_rally_938020b6_26YZu5cc (f71f7a8c-6c0f-45a1-98d2-20c81b1ef574)
2019-12-29 22:24:04.344 15 RALLYDEBUG rally_openstack.cleanup.manager [-] Deleting neutron.port object s_rally_938020b6_EqmcKbEc (f7f43cda-940d-4102-8af5-fc38c0936806)
2019-12-29 22:24:04.358 15 RALLYDEBUG rally_openstack.cleanup.manager [-] Deleting neutron.port object s_rally_938020b6_H7nYKu98 (f8f14945-93eb-4768-8e29-513fe280c704)
2019-12-29 22:24:04.362 15 RALLYDEBUG rally_openstack.cleanup.manager [-] Deleting neutron.port object s_rally_938020b6_zOqh8Tmh (f987ac7a-5c8e-4594-8ba8-56d9e392530b)
2019-12-29 22:24:04.678 15 RALLYDEBUG rally_openstack.cleanup.manager [-] Deleting neutron.port object s_rally_938020b6_4tcA8hIa (fa3eb55c-65a1-4c50-aa31-80fe71b343ff)
2019-12-29 22:24:04.716 15 RALLYDEBUG rally_openstack.cleanup.manager [-] Deleting neutron.port object s_rally_938020b6_ob3JU4vw (fa769c57-1d30-4009-b659-5139326da4f8)
2019-12-29 22:24:04.736 15 RALLYDEBUG rally_openstack.cleanup.manager [-] Deleting neutron.port object s_rally_938020b6_dipguf1l (fa85a7f4-f886-4972-8b37-d8b260fb612f)
2019-12-29 22:24:04.752 15 RALLYDEBUG rally_openstack.cleanup.manager [-] Deleting neutron.port object s_rally_938020b6_ft5hbcCe (fbcb5a34-5b02-4b96-9f57-e5da7cb21331)
2019-12-29 22:24:05.118 15 RALLYDEBUG rally_openstack.cleanup.manager [-] Deleting neutron.port object s_rally_938020b6_CmZwoZyA (fd48c3a4-336d-4bdd-9d5c-8cb81c7447cd)
2019-12-29 22:24:05.201 15 RALLYDEBUG rally_openstack.cleanup.manager [-] Deleting neutron.port object s_rally_938020b6_fwhs114l (fd675992-2ff7-4153-8a16-84498c385f23)
2019-12-29 22:24:05.222 15 RALLYDEBUG rally_openstack.cleanup.manager [-] Deleting neutron.port object s_rally_938020b6_7k0OoGe3 (fddcd29f-71cb-4cfb-a08c-30dbccb76897)
2019-12-29 22:24:05.659 15 RALLYDEBUG rally_openstack.cleanup.manager [-] Deleting neutron.port object s_rally_938020b6_2m99GtFM (fe9d8147-5cf0-4010-9470-2560c3153728)
2019-12-29 22:24:05.760 15 RALLYDEBUG rally_openstack.cleanup.manager [-] Deleting neutron.port object s_rally_938020b6_hdfsyvOC (ff34c598-3a3f-45d9-adb7-47725d381798)
2019-12-29 22:24:08.230 15 RALLYDEBUG rally_openstack.cleanup.manager [-] Cleaning up neutron subnet objects
2019-12-29 22:24:08.404 15 RALLYDEBUG rally_openstack.cleanup.manager [-] Cleaning up neutron network objects
2019-12-29 22:24:08.832 15 RALLYDEBUG rally_openstack.cleanup.manager [-] Deleting neutron.network object s_rally_938020b6_SdOuGdiH (468b529c-1efd-4d9b-9001-7ae0eca6c86a)
2019-12-29 22:24:08.838 15 RALLYDEBUG rally_openstack.cleanup.manager [-] Deleting neutron.network object s_rally_938020b6_MrmOPZMG (79f27b03-ed31-4cbe-a255-081b83eca936)
2019-12-29 22:24:08.841 15 RALLYDEBUG rally_openstack.cleanup.manager [-] Deleting neutron.network object s_rally_938020b6_X9cmCwvX (8550f506-c590-437f-950d-92cb78ccae89)
2019-12-29 22:24:08.848 15 RALLYDEBUG rally_openstack.cleanup.manager [-] Deleting neutron.network object s_rally_938020b6_fjhRx941 (96e7f81e-c402-40e2-9731-54b920ba9b4f)
2019-12-29 22:24:08.853 15 RALLYDEBUG rally_openstack.cleanup.manager [-] Deleting neutron.network object s_rally_938020b6_8HAN9QEX (bc9426c0-9162-4e99-ba5a-a68a5571449a)
2019-12-29 22:24:08.859 15 RALLYDEBUG rally_openstack.cleanup.manager [-] Deleting neutron.network object s_rally_938020b6_rn0sGN5X (d7e52c48-8e8f-4ff4-bf99-8bb822b6b7cf)
2019-12-29 22:24:08.868 15 RALLYDEBUG rally_openstack.cleanup.manager [-] Deleting neutron.network object s_rally_938020b6_439HbphA (df32adcf-1ec8-4b57-97c8-3ac4a982cddf)
2019-12-29 22:24:08.871 15 RALLYDEBUG rally_openstack.cleanup.manager [-] Deleting neutron.network object s_rally_938020b6_LsKzYRTr (e1fea834-2591-48f6-9e1f-c19dd8ed090e)
2019-12-29 22:24:11.701 15 RALLYDEBUG rally_openstack.cleanup.manager [-] Cleaning up neutron router objects
2019-12-29 22:24:11.876 15 RALLYDEBUG rally_openstack.cleanup.manager [-] Cleaning up neutron security_group objects
2019-12-29 22:24:12.052 15 INFO rally.task.context [-] Task 86fbd751-d7dc-496e-8e1f-828bd2374b23 | Context cleanup@openstack cleanup() finished in 54.40 sec
2019-12-29 22:24:12.052 15 INFO rally.task.context [-] Task 86fbd751-d7dc-496e-8e1f-828bd2374b23 | Context quotas@openstack cleanup() started
2019-12-29 22:24:12.192 15 INFO rally.task.context [-] Task 86fbd751-d7dc-496e-8e1f-828bd2374b23 | Context quotas@openstack cleanup() finished in 0.14 sec
2019-12-29 22:24:12.193 15 INFO rally.task.context [-] Task 86fbd751-d7dc-496e-8e1f-828bd2374b23 | Context users@openstack cleanup() started
2019-12-29 22:24:14.341 15 INFO rally.task.context [-] Task 86fbd751-d7dc-496e-8e1f-828bd2374b23 | Context users@openstack cleanup() finished in 2.15 sec
2019-12-29 22:24:15.298 15 INFO rally.task.engine [-] Load duration is: 177.91703
2019-12-29 22:24:15.298 15 INFO rally.task.engine [-] Full runner duration is: 177.965156
2019-12-29 22:24:15.298 15 INFO rally.task.engine [-] Full duration is: 236.003488
2019-12-29 22:24:15.357 15 INFO rally.task.engine [-] Running workload: position = 1 config = { "version": 2, "title": "A cropped version of a bigger task.", "description": "Auto-generated task from a single workload (uuid=3ef23a90-84e7-4e89-8cdd-19b9c95e8e98)", "subtasks": [ { "title": "NeutronNetworks.create_and_update_ports", "description": "Create and update a given number of ports.", "scenario": { "NeutronNetworks.create_and_update_ports": { "network_create_args": {}, "port_create_args": {}, "ports_per_network": 5, "port_update_args": { "admin_state_up": false, "device_id": "dummy_id", "device_owner": "dummy_owner", "name": "_port_updated" } } }, "contexts": { "users": { "tenants": 1, "users_per_tenant": 1 }, "quotas": { "neutron": { "network": -1, "port": -1 } } }, "runner": { "constant": { "times": 40, "concurrency": 20 } }, "hooks": [], "sla": { "failure_rate": { "max": 0 } } } ] }
2019-12-29 22:24:15.373 15 RALLYDEBUG rally_openstack.contexts.keystone.users [-] Creating 1 tenants using 20 threads
2019-12-29 22:24:15.652 15 RALLYDEBUG rally_openstack.contexts.keystone.users [-] Creating 1 users using 20 threads
2019-12-29 22:24:16.126 15 INFO rally.task.context [-] Task 86fbd751-d7dc-496e-8e1f-828bd2374b23 | Context users@openstack setup() finished in 0.75 sec
2019-12-29 22:24:16.357 15 INFO rally.task.context [-] Task 86fbd751-d7dc-496e-8e1f-828bd2374b23 | Context quotas@openstack setup() finished in 0.23 sec
2019-12-29 22:24:16.357 15 INFO rally.task.context [-] Task 86fbd751-d7dc-496e-8e1f-828bd2374b23 | Context cleanup@openstack setup() finished in 0.00 msec
2019-12-29 22:24:16.363 15 RALLYDEBUG rally.task.runner [-] Starting the constant runner (task UUID: 86fbd751-d7dc-496e-8e1f-828bd2374b23). timeout: 0 concurrency: 20 concurrency_per_worker: 1 times: 40 concurrency_overhead: 0 processes_to_start: 20 max_cpu_used: 88
2019-12-29 22:24:16.373 4200 RALLYDEBUG rally.task.runner [-] Starting a worker. concurrency: 1 args: {"network_create_args": {}, "port_create_args": {}, "ports_per_network": 5, "port_update_args": {"admin_state_up": false, "device_id": "dummy_id", "device_owner": "dummy_owner", "name": "_port_updated"}} times: 40 method_name: run timeout: 0 duration: None cls:
2019-12-29 22:24:16.374 4199 RALLYDEBUG rally.task.runner [-] Starting a worker. concurrency: 1 args: {"network_create_args": {}, "port_create_args": {}, "ports_per_network": 5, "port_update_args": {"admin_state_up": false, "device_id": "dummy_id", "device_owner": "dummy_owner", "name": "_port_updated"}} times: 40 method_name: run timeout: 0 duration: None cls:
2019-12-29 22:24:16.376 4201 RALLYDEBUG rally.task.runner [-] Starting a worker. concurrency: 1 args: {"network_create_args": {}, "port_create_args": {}, "ports_per_network": 5, "port_update_args": {"admin_state_up": false, "device_id": "dummy_id", "device_owner": "dummy_owner", "name": "_port_updated"}} times: 40 method_name: run timeout: 0 duration: None cls:
2019-12-29 22:24:16.377 4202 RALLYDEBUG rally.task.runner [-] Starting a worker. concurrency: 1 args: {"network_create_args": {}, "port_create_args": {}, "ports_per_network": 5, "port_update_args": {"admin_state_up": false, "device_id": "dummy_id", "device_owner": "dummy_owner", "name": "_port_updated"}} times: 40 method_name: run timeout: 0 duration: None cls:
2019-12-29 22:24:16.378 4199 INFO rally.task.runner [-] Task 86fbd751-d7dc-496e-8e1f-828bd2374b23 | ITER: 2 START
2019-12-29 22:24:16.378 4200 INFO rally.task.runner [-] Task 86fbd751-d7dc-496e-8e1f-828bd2374b23 | ITER: 1 START
2019-12-29 22:24:16.378 4199 WARNING rally_openstack.scenarios.neutron.utils [-] Running this scenario without either the 'network' or 'existing_network' context is deprecated
2019-12-29 22:24:16.379 4200 WARNING rally_openstack.scenarios.neutron.utils [-] Running this scenario without either the 'network' or 'existing_network' context is deprecated
2019-12-29 22:24:16.379 4203 RALLYDEBUG rally.task.runner [-] Starting a worker. concurrency: 1 args: {"network_create_args": {}, "port_create_args": {}, "ports_per_network": 5, "port_update_args": {"admin_state_up": false, "device_id": "dummy_id", "device_owner": "dummy_owner", "name": "_port_updated"}} times: 40 method_name: run timeout: 0 duration: None cls:
2019-12-29 22:24:16.380 4202 INFO rally.task.runner [-] Task 86fbd751-d7dc-496e-8e1f-828bd2374b23 | ITER: 4 START
2019-12-29 22:24:16.381 4202 WARNING rally_openstack.scenarios.neutron.utils [-] Running this scenario without either the 'network' or 'existing_network' context is deprecated
2019-12-29 22:24:16.381 4205 RALLYDEBUG rally.task.runner [-] Starting a worker. concurrency: 1 args: {"network_create_args": {}, "port_create_args": {}, "ports_per_network": 5, "port_update_args": {"admin_state_up": false, "device_id": "dummy_id", "device_owner": "dummy_owner", "name": "_port_updated"}} times: 40 method_name: run timeout: 0 duration: None cls:
2019-12-29 22:24:16.382 4201 INFO rally.task.runner [-] Task 86fbd751-d7dc-496e-8e1f-828bd2374b23 | ITER: 3 START
2019-12-29 22:24:16.382 4209 RALLYDEBUG rally.task.runner [-] Starting a worker. concurrency: 1 args: {"network_create_args": {}, "port_create_args": {}, "ports_per_network": 5, "port_update_args": {"admin_state_up": false, "device_id": "dummy_id", "device_owner": "dummy_owner", "name": "_port_updated"}} times: 40 method_name: run timeout: 0 duration: None cls:
2019-12-29 22:24:16.383 4201 WARNING rally_openstack.scenarios.neutron.utils [-] Running this scenario without either the 'network' or 'existing_network' context is deprecated
2019-12-29 22:24:16.383 4203 INFO rally.task.runner [-] Task 86fbd751-d7dc-496e-8e1f-828bd2374b23 | ITER: 5 START
2019-12-29 22:24:16.384 4203 WARNING rally_openstack.scenarios.neutron.utils [-] Running this scenario without either the 'network' or 'existing_network' context is deprecated
2019-12-29 22:24:16.385 4205 INFO rally.task.runner [-] Task 86fbd751-d7dc-496e-8e1f-828bd2374b23 | ITER: 6 START
2019-12-29 22:24:16.385 4205 WARNING rally_openstack.scenarios.neutron.utils [-] Running this scenario without either the 'network' or 'existing_network' context is deprecated
2019-12-29 22:24:16.385 4209 INFO rally.task.runner [-] Task 86fbd751-d7dc-496e-8e1f-828bd2374b23 | ITER: 7 START
2019-12-29 22:24:16.386 4214 RALLYDEBUG rally.task.runner [-] Starting a worker. concurrency: 1 args: {"network_create_args": {}, "port_create_args": {}, "ports_per_network": 5, "port_update_args": {"admin_state_up": false, "device_id": "dummy_id", "device_owner": "dummy_owner", "name": "_port_updated"}} times: 40 method_name: run timeout: 0 duration: None cls:
2019-12-29 22:24:16.386 4209 WARNING rally_openstack.scenarios.neutron.utils [-] Running this scenario without either the 'network' or 'existing_network' context is deprecated
2019-12-29 22:24:16.389 4214 INFO rally.task.runner [-] Task 86fbd751-d7dc-496e-8e1f-828bd2374b23 | ITER: 8 START
2019-12-29 22:24:16.390 4214 WARNING rally_openstack.scenarios.neutron.utils [-] Running this scenario without either the 'network' or 'existing_network' context is deprecated
2019-12-29 22:24:16.389 4218 RALLYDEBUG rally.task.runner [-] Starting a worker. concurrency: 1 args: {"network_create_args": {}, "port_create_args": {}, "ports_per_network": 5, "port_update_args": {"admin_state_up": false, "device_id": "dummy_id", "device_owner": "dummy_owner", "name": "_port_updated"}} times: 40 method_name: run timeout: 0 duration: None cls:
2019-12-29 22:24:16.390 4222 RALLYDEBUG rally.task.runner [-] Starting a worker. concurrency: 1 args: {"network_create_args": {}, "port_create_args": {}, "ports_per_network": 5, "port_update_args": {"admin_state_up": false, "device_id": "dummy_id", "device_owner": "dummy_owner", "name": "_port_updated"}} times: 40 method_name: run timeout: 0 duration: None cls:
2019-12-29 22:24:16.392 4224 RALLYDEBUG rally.task.runner [-] Starting a worker. concurrency: 1 args: {"network_create_args": {}, "port_create_args": {}, "ports_per_network": 5, "port_update_args": {"admin_state_up": false, "device_id": "dummy_id", "device_owner": "dummy_owner", "name": "_port_updated"}} times: 40 method_name: run timeout: 0 duration: None cls:
2019-12-29 22:24:16.393 4222 INFO rally.task.runner [-] Task 86fbd751-d7dc-496e-8e1f-828bd2374b23 | ITER: 10 START
2019-12-29 22:24:16.394 4222 WARNING rally_openstack.scenarios.neutron.utils [-] Running this scenario without either the 'network' or 'existing_network' context is deprecated
2019-12-29 22:24:16.394 4218 INFO rally.task.runner [-] Task 86fbd751-d7dc-496e-8e1f-828bd2374b23 | ITER: 9 START
2019-12-29 22:24:16.395 4218 WARNING rally_openstack.scenarios.neutron.utils [-] Running this scenario without either the 'network' or 'existing_network' context is deprecated
2019-12-29 22:24:16.394 4226 RALLYDEBUG rally.task.runner [-] Starting a worker. concurrency: 1 args: {"network_create_args": {}, "port_create_args": {}, "ports_per_network": 5, "port_update_args": {"admin_state_up": false, "device_id": "dummy_id", "device_owner": "dummy_owner", "name": "_port_updated"}} times: 40 method_name: run timeout: 0 duration: None cls:
2019-12-29 22:24:16.395 4224 INFO rally.task.runner [-] Task 86fbd751-d7dc-496e-8e1f-828bd2374b23 | ITER: 11 START
2019-12-29 22:24:16.396 4224 WARNING rally_openstack.scenarios.neutron.utils [-] Running this scenario without either the 'network' or 'existing_network' context is deprecated
2019-12-29 22:24:16.397 4229 RALLYDEBUG rally.task.runner [-] Starting a worker. concurrency: 1 args: {"network_create_args": {}, "port_create_args": {}, "ports_per_network": 5, "port_update_args": {"admin_state_up": false, "device_id": "dummy_id", "device_owner": "dummy_owner", "name": "_port_updated"}} times: 40 method_name: run timeout: 0 duration: None cls:
2019-12-29 22:24:16.398 4226 INFO rally.task.runner [-] Task 86fbd751-d7dc-496e-8e1f-828bd2374b23 | ITER: 12 START
2019-12-29 22:24:16.398 4226 WARNING rally_openstack.scenarios.neutron.utils [-] Running this scenario without either the 'network' or 'existing_network' context is deprecated
2019-12-29 22:24:16.399 4233 RALLYDEBUG rally.task.runner [-] Starting a worker. concurrency: 1 args: {"network_create_args": {}, "port_create_args": {}, "ports_per_network": 5, "port_update_args": {"admin_state_up": false, "device_id": "dummy_id", "device_owner": "dummy_owner", "name": "_port_updated"}} times: 40 method_name: run timeout: 0 duration: None cls:
2019-12-29 22:24:16.401 4235 RALLYDEBUG rally.task.runner [-] Starting a worker. concurrency: 1 args: {"network_create_args": {}, "port_create_args": {}, "ports_per_network": 5, "port_update_args": {"admin_state_up": false, "device_id": "dummy_id", "device_owner": "dummy_owner", "name": "_port_updated"}} times: 40 method_name: run timeout: 0 duration: None cls:
2019-12-29 22:24:16.402 4233 INFO rally.task.runner [-] Task 86fbd751-d7dc-496e-8e1f-828bd2374b23 | ITER: 14 START
2019-12-29 22:24:16.402 4229 INFO rally.task.runner [-] Task 86fbd751-d7dc-496e-8e1f-828bd2374b23 | ITER: 13 START
2019-12-29 22:24:16.402 4233 WARNING rally_openstack.scenarios.neutron.utils [-] Running this scenario without either the 'network' or 'existing_network' context is deprecated
2019-12-29 22:24:16.403 4229 WARNING rally_openstack.scenarios.neutron.utils [-] Running this scenario without either the 'network' or 'existing_network' context is deprecated
2019-12-29 22:24:16.404 4238 RALLYDEBUG rally.task.runner [-] Starting a worker. concurrency: 1 args: {"network_create_args": {}, "port_create_args": {}, "ports_per_network": 5, "port_update_args": {"admin_state_up": false, "device_id": "dummy_id", "device_owner": "dummy_owner", "name": "_port_updated"}} times: 40 method_name: run timeout: 0 duration: None cls:
2019-12-29 22:24:16.407 4238 INFO rally.task.runner [-] Task 86fbd751-d7dc-496e-8e1f-828bd2374b23 | ITER: 16 START
2019-12-29 22:24:16.408 4235 INFO rally.task.runner [-] Task 86fbd751-d7dc-496e-8e1f-828bd2374b23 | ITER: 15 START
2019-12-29 22:24:16.408 4238 WARNING rally_openstack.scenarios.neutron.utils [-] Running this scenario without either the 'network' or 'existing_network' context is deprecated
2019-12-29 22:24:16.408 4235 WARNING rally_openstack.scenarios.neutron.utils [-] Running this scenario without either the 'network' or 'existing_network' context is deprecated
2019-12-29 22:24:16.409 4245 RALLYDEBUG rally.task.runner [-] Starting a worker. concurrency: 1 args: {"network_create_args": {}, "port_create_args": {}, "ports_per_network": 5, "port_update_args": {"admin_state_up": false, "device_id": "dummy_id", "device_owner": "dummy_owner", "name": "_port_updated"}} times: 40 method_name: run timeout: 0 duration: None cls:
2019-12-29 22:24:16.409 4242 RALLYDEBUG rally.task.runner [-] Starting a worker. concurrency: 1 args: {"network_create_args": {}, "port_create_args": {}, "ports_per_network": 5, "port_update_args": {"admin_state_up": false, "device_id": "dummy_id", "device_owner": "dummy_owner", "name": "_port_updated"}} times: 40 method_name: run timeout: 0 duration: None cls:
2019-12-29 22:24:16.411 4247 RALLYDEBUG rally.task.runner [-] Starting a worker. concurrency: 1 args: {"network_create_args": {}, "port_create_args": {}, "ports_per_network": 5, "port_update_args": {"admin_state_up": false, "device_id": "dummy_id", "device_owner": "dummy_owner", "name": "_port_updated"}} times: 40 method_name: run timeout: 0 duration: None cls:
2019-12-29 22:24:16.412 4250 RALLYDEBUG rally.task.runner [-] Starting a worker. concurrency: 1 args: {"network_create_args": {}, "port_create_args": {}, "ports_per_network": 5, "port_update_args": {"admin_state_up": false, "device_id": "dummy_id", "device_owner": "dummy_owner", "name": "_port_updated"}} times: 40 method_name: run timeout: 0 duration: None cls:
2019-12-29 22:24:16.413 4245 INFO rally.task.runner [-] Task 86fbd751-d7dc-496e-8e1f-828bd2374b23 | ITER: 17 START
2019-12-29 22:24:16.413 4245 WARNING rally_openstack.scenarios.neutron.utils [-] Running this scenario without either the 'network' or 'existing_network' context is deprecated
2019-12-29 22:24:16.415 4247 INFO rally.task.runner [-] Task 86fbd751-d7dc-496e-8e1f-828bd2374b23 | ITER: 19 START
2019-12-29 22:24:16.415 4242 INFO rally.task.runner [-] Task 86fbd751-d7dc-496e-8e1f-828bd2374b23 | ITER: 18 START
2019-12-29 22:24:16.415 4250 INFO rally.task.runner [-] Task 86fbd751-d7dc-496e-8e1f-828bd2374b23 | ITER: 20 START
2019-12-29 22:24:16.416 4247 WARNING rally_openstack.scenarios.neutron.utils [-] Running this scenario without either the 'network' or 'existing_network' context is deprecated
2019-12-29 22:24:16.416 4242 WARNING rally_openstack.scenarios.neutron.utils [-] Running this scenario without either the 'network' or 'existing_network' context is deprecated
2019-12-29 22:24:16.416 4250 WARNING rally_openstack.scenarios.neutron.utils [-] Running this scenario without either the 'network' or 'existing_network' context is deprecated
2019-12-29 22:24:23.305 4201 INFO rally.task.runner [-] Task 86fbd751-d7dc-496e-8e1f-828bd2374b23 | ITER: 3 END: OK
2019-12-29 22:24:23.308 4201 INFO rally.task.runner [-] Task 86fbd751-d7dc-496e-8e1f-828bd2374b23 | ITER: 21 START
2019-12-29 22:24:23.309 4201 WARNING rally_openstack.scenarios.neutron.utils [-] Running this scenario without either the 'network' or 'existing_network' context is deprecated
2019-12-29 22:24:23.633 4203 INFO rally.task.runner [-] Task 86fbd751-d7dc-496e-8e1f-828bd2374b23 | ITER: 5 END: OK
2019-12-29 22:24:23.636 4203 INFO rally.task.runner [-] Task 86fbd751-d7dc-496e-8e1f-828bd2374b23 | ITER: 22 START
2019-12-29 22:24:23.636 4203 WARNING rally_openstack.scenarios.neutron.utils [-] Running this scenario without either the 'network' or 'existing_network' context is deprecated
2019-12-29 22:24:24.260 4224 INFO rally.task.runner [-] Task 86fbd751-d7dc-496e-8e1f-828bd2374b23 | ITER: 11 END: OK
2019-12-29 22:24:24.264 4224 INFO rally.task.runner [-] Task 86fbd751-d7dc-496e-8e1f-828bd2374b23 | ITER: 23 START
2019-12-29 22:24:24.264 4224 WARNING rally_openstack.scenarios.neutron.utils [-] Running this scenario without either the 'network' or 'existing_network' context is deprecated
2019-12-29 22:24:24.270 4205 INFO rally.task.runner [-] Task 86fbd751-d7dc-496e-8e1f-828bd2374b23 | ITER: 6 END: OK
2019-12-29 22:24:24.274 4205 INFO rally.task.runner [-] Task 86fbd751-d7dc-496e-8e1f-828bd2374b23 | ITER: 24 START
2019-12-29 22:24:24.275 4205 WARNING rally_openstack.scenarios.neutron.utils [-] Running this scenario without either the 'network' or 'existing_network' context is deprecated
2019-12-29 22:24:24.317 4214 INFO rally.task.runner [-] Task 86fbd751-d7dc-496e-8e1f-828bd2374b23 | ITER: 8 END: OK
2019-12-29 22:24:24.320 4214 INFO rally.task.runner [-] Task 86fbd751-d7dc-496e-8e1f-828bd2374b23 | ITER: 25 START
2019-12-29 22:24:24.321 4214 WARNING rally_openstack.scenarios.neutron.utils [-] Running this scenario without either the 'network' or 'existing_network' context is deprecated
2019-12-29 22:24:24.406 4209 INFO rally.task.runner [-] Task 86fbd751-d7dc-496e-8e1f-828bd2374b23 | ITER: 7 END: OK
2019-12-29 22:24:24.408 4209 INFO rally.task.runner [-] Task 86fbd751-d7dc-496e-8e1f-828bd2374b23 | ITER: 26 START
2019-12-29 22:24:24.409 4209 WARNING rally_openstack.scenarios.neutron.utils [-] Running this scenario without either the 'network' or 'existing_network' context is deprecated
2019-12-29 22:24:24.532 4247 INFO rally.task.runner [-] Task 86fbd751-d7dc-496e-8e1f-828bd2374b23 | ITER: 19 END: OK
2019-12-29 22:24:24.534 4247 INFO rally.task.runner [-] Task 86fbd751-d7dc-496e-8e1f-828bd2374b23 | ITER: 27 START
2019-12-29 22:24:24.535 4247 WARNING rally_openstack.scenarios.neutron.utils [-] Running this scenario without either the 'network' or 'existing_network' context is deprecated
2019-12-29 22:24:24.630 4233 INFO rally.task.runner [-] Task 86fbd751-d7dc-496e-8e1f-828bd2374b23 | ITER: 14 END: OK
2019-12-29 22:24:24.634 4233 INFO rally.task.runner [-] Task 86fbd751-d7dc-496e-8e1f-828bd2374b23 | ITER: 28 START
2019-12-29 22:24:24.634 4233 WARNING rally_openstack.scenarios.neutron.utils [-] Running this scenario without either the 'network' or 'existing_network' context is deprecated
2019-12-29 22:24:24.646 4202 INFO rally.task.runner [-] Task 86fbd751-d7dc-496e-8e1f-828bd2374b23 | ITER: 4 END: OK
2019-12-29 22:24:24.649 4202 INFO rally.task.runner [-] Task 86fbd751-d7dc-496e-8e1f-828bd2374b23 | ITER: 29 START
2019-12-29 22:24:24.649 4202 WARNING rally_openstack.scenarios.neutron.utils [-] Running this scenario without either the 'network' or 'existing_network' context is deprecated
2019-12-29 22:24:24.859 4200 INFO rally.task.runner [-] Task 86fbd751-d7dc-496e-8e1f-828bd2374b23 | ITER: 1 END: OK
2019-12-29 22:24:24.862 4200 INFO rally.task.runner [-] Task 86fbd751-d7dc-496e-8e1f-828bd2374b23 | ITER: 30 START
2019-12-29 22:24:24.863 4200 WARNING rally_openstack.scenarios.neutron.utils [-] Running this scenario without either the 'network' or 'existing_network' context is deprecated
2019-12-29 22:24:25.563 4218 INFO rally.task.runner [-] Task 86fbd751-d7dc-496e-8e1f-828bd2374b23 | ITER: 9 END: OK
2019-12-29 22:24:25.568 4218 INFO rally.task.runner [-] Task 86fbd751-d7dc-496e-8e1f-828bd2374b23 | ITER: 31 START
2019-12-29 22:24:25.568 4218 WARNING rally_openstack.scenarios.neutron.utils [-] Running this scenario without either the 'network' or 'existing_network' context is deprecated
2019-12-29 22:24:29.581 4242 INFO rally.task.runner [-] Task 86fbd751-d7dc-496e-8e1f-828bd2374b23 | ITER: 18 END: OK
2019-12-29 22:24:29.585 4242 INFO rally.task.runner [-] Task 86fbd751-d7dc-496e-8e1f-828bd2374b23 | ITER: 32 START
2019-12-29 22:24:29.586 4242 WARNING rally_openstack.scenarios.neutron.utils [-] Running this scenario without either the 'network' or 'existing_network' context is deprecated
2019-12-29 22:24:29.611 4235 INFO rally.task.runner [-] Task 86fbd751-d7dc-496e-8e1f-828bd2374b23 | ITER: 15 END: OK
2019-12-29 22:24:29.614 4235 INFO rally.task.runner [-] Task 86fbd751-d7dc-496e-8e1f-828bd2374b23 | ITER: 33 START
2019-12-29 22:24:29.614 4235 WARNING rally_openstack.scenarios.neutron.utils [-] Running this scenario without either the 'network' or 'existing_network' context is deprecated
2019-12-29 22:24:30.102 4229 INFO rally.task.runner [-] Task 86fbd751-d7dc-496e-8e1f-828bd2374b23 | ITER: 13 END: OK
2019-12-29 22:24:30.106 4229 INFO rally.task.runner [-] Task 86fbd751-d7dc-496e-8e1f-828bd2374b23 | ITER: 34 START
2019-12-29 22:24:30.106 4229 WARNING rally_openstack.scenarios.neutron.utils [-] Running this scenario without either the 'network' or 'existing_network' context is deprecated
2019-12-29 22:24:30.435 4245 INFO rally.task.runner [-] Task 86fbd751-d7dc-496e-8e1f-828bd2374b23 | ITER: 17 END: OK
2019-12-29 22:24:30.439 4245 INFO rally.task.runner [-] Task 86fbd751-d7dc-496e-8e1f-828bd2374b23 | ITER: 35 START
2019-12-29 22:24:30.440 4245 WARNING rally_openstack.scenarios.neutron.utils [-] Running this scenario without either the 'network' or 'existing_network' context is deprecated
2019-12-29 22:24:30.822 4199 INFO rally.task.runner [-] Task 86fbd751-d7dc-496e-8e1f-828bd2374b23 | ITER: 2 END: OK
2019-12-29 22:24:30.825 4199 INFO rally.task.runner [-] Task 86fbd751-d7dc-496e-8e1f-828bd2374b23 | ITER: 36 START
2019-12-29 22:24:30.826 4199 WARNING rally_openstack.scenarios.neutron.utils [-] Running this scenario without either the 'network' or 'existing_network' context is deprecated
2019-12-29 22:24:30.857 4238 INFO rally.task.runner [-] Task 86fbd751-d7dc-496e-8e1f-828bd2374b23 | ITER: 16 END: OK
2019-12-29 22:24:30.861 4238 INFO rally.task.runner [-] Task 86fbd751-d7dc-496e-8e1f-828bd2374b23 | ITER: 37 START
2019-12-29 22:24:30.861 4238 WARNING rally_openstack.scenarios.neutron.utils [-] Running this scenario without either the 'network' or 'existing_network' context is deprecated
2019-12-29 22:24:30.994 4201 INFO rally.task.runner [-] Task 86fbd751-d7dc-496e-8e1f-828bd2374b23 | ITER: 21 END: OK
2019-12-29 22:24:30.998 4201 INFO rally.task.runner [-] Task 86fbd751-d7dc-496e-8e1f-828bd2374b23 | ITER: 38 START
2019-12-29 22:24:30.998 4201 WARNING rally_openstack.scenarios.neutron.utils [-] Running this scenario without either the 'network' or 'existing_network' context is deprecated
2019-12-29 22:24:31.283 4203 INFO rally.task.runner [-] Task 86fbd751-d7dc-496e-8e1f-828bd2374b23 | ITER: 22 END: OK
2019-12-29 22:24:31.286 4203 INFO rally.task.runner [-] Task 86fbd751-d7dc-496e-8e1f-828bd2374b23 | ITER: 39 START
2019-12-29 22:24:31.287 4203 WARNING rally_openstack.scenarios.neutron.utils [-] Running this scenario without either the 'network' or 'existing_network' context is deprecated
2019-12-29 22:24:31.905 4209 INFO rally.task.runner [-] Task 86fbd751-d7dc-496e-8e1f-828bd2374b23 | ITER: 26 END: OK
2019-12-29 22:24:31.907 4209 INFO rally.task.runner [-] Task 86fbd751-d7dc-496e-8e1f-828bd2374b23 | ITER: 40 START
2019-12-29 22:24:31.908 4209 WARNING rally_openstack.scenarios.neutron.utils [-] Running this scenario without either the 'network' or 'existing_network' context is deprecated
2019-12-29 22:24:31.917 4214 INFO rally.task.runner [-] Task 86fbd751-d7dc-496e-8e1f-828bd2374b23 | ITER: 25 END: OK
2019-12-29 22:24:32.026 4247 INFO rally.task.runner [-] Task 86fbd751-d7dc-496e-8e1f-828bd2374b23 | ITER: 27 END: OK
2019-12-29 22:24:32.266 4205 INFO rally.task.runner [-] Task 86fbd751-d7dc-496e-8e1f-828bd2374b23 | ITER: 24 END: OK
2019-12-29 22:24:32.818 4200 INFO rally.task.runner [-] Task 86fbd751-d7dc-496e-8e1f-828bd2374b23 | ITER: 30 END: OK
2019-12-29 22:24:33.014 4224 INFO rally.task.runner [-] Task 86fbd751-d7dc-496e-8e1f-828bd2374b23 | ITER: 23 END: OK
2019-12-29 22:24:33.868 4218 INFO rally.task.runner [-] Task 86fbd751-d7dc-496e-8e1f-828bd2374b23 | ITER: 31 END: OK
2019-12-29 22:24:36.502 4250 INFO rally.task.runner [-] Task 86fbd751-d7dc-496e-8e1f-828bd2374b23 | ITER: 20 END: OK
2019-12-29 22:24:36.971 4222 INFO rally.task.runner [-] Task 86fbd751-d7dc-496e-8e1f-828bd2374b23 | ITER: 10 END: OK
2019-12-29 22:24:36.973 4235 INFO rally.task.runner [-] Task 86fbd751-d7dc-496e-8e1f-828bd2374b23 | ITER: 33 END: OK
2019-12-29 22:24:37.187 4226 INFO rally.task.runner [-] Task 86fbd751-d7dc-496e-8e1f-828bd2374b23 | ITER: 12 END: OK
2019-12-29 22:24:37.217 4229 INFO rally.task.runner [-] Task 86fbd751-d7dc-496e-8e1f-828bd2374b23 | ITER: 34 END: OK
2019-12-29 22:24:37.258 4201 INFO rally.task.runner [-] Task 86fbd751-d7dc-496e-8e1f-828bd2374b23 | ITER: 38 END: OK
2019-12-29 22:24:38.302 4245 INFO rally.task.runner [-] Task 86fbd751-d7dc-496e-8e1f-828bd2374b23 | ITER: 35 END: OK
2019-12-29 22:24:38.478 4233 INFO rally.task.runner [-] Task 86fbd751-d7dc-496e-8e1f-828bd2374b23 | ITER: 28 END: OK
2019-12-29 22:24:38.633 4202 INFO rally.task.runner [-] Task 86fbd751-d7dc-496e-8e1f-828bd2374b23 | ITER: 29 END: OK
2019-12-29 22:24:39.136 4209 INFO rally.task.runner [-] Task 86fbd751-d7dc-496e-8e1f-828bd2374b23 | ITER: 40 END: OK
2019-12-29 22:24:40.909 4242 INFO rally.task.runner [-] Task 86fbd751-d7dc-496e-8e1f-828bd2374b23 | ITER: 32 END: OK
2019-12-29 22:24:42.040 4199 INFO rally.task.runner [-] Task 86fbd751-d7dc-496e-8e1f-828bd2374b23 | ITER: 36 END: OK
2019-12-29 22:24:44.006 4238 INFO rally.task.runner [-] Task 86fbd751-d7dc-496e-8e1f-828bd2374b23 | ITER: 37 END: OK
2019-12-29 22:24:44.366 4203 INFO rally.task.runner [-] Task 86fbd751-d7dc-496e-8e1f-828bd2374b23 | ITER: 39 END: OK
2019-12-29 22:24:44.386 15 INFO rally.task.context [-] Task 86fbd751-d7dc-496e-8e1f-828bd2374b23 | Context cleanup@openstack cleanup() started
2019-12-29 22:24:44.388 15 RALLYDEBUG rally_openstack.cleanup.manager [-] Cleaning up neutron vip objects
2019-12-29 22:24:44.483 15 RALLYDEBUG rally_openstack.cleanup.manager [-] Cleaning up neutron health_monitor objects
2019-12-29 22:24:44.575 15 RALLYDEBUG rally_openstack.cleanup.manager [-] Cleaning up neutron pool objects
2019-12-29 22:24:44.656 15 RALLYDEBUG rally_openstack.cleanup.manager [-] Cleaning up neutron loadbalancer objects
2019-12-29 22:24:44.743 15 RALLYDEBUG rally_openstack.cleanup.manager [-] Cleaning up neutron floatingip objects
2019-12-29 22:24:44.900 15 RALLYDEBUG rally_openstack.cleanup.manager [-] Cleaning up neutron trunk objects
2019-12-29 22:24:44.999 15 RALLYDEBUG rally_openstack.cleanup.manager [-] Cleaning up neutron port objects
2019-12-29 22:24:45.515 15 RALLYDEBUG rally_openstack.cleanup.manager [-] Deleting neutron.port object s_rally_3ef23a90_peYro8aB (04d7dad9-59d3-408c-8132-d0c4bdaf2514)
2019-12-29 22:24:45.519 15 RALLYDEBUG rally_openstack.cleanup.manager [-] Deleting neutron.port object s_rally_3ef23a90_CZsC48f8 (05354a79-ca2c-4080-9636-b6edc1dc938e)
2019-12-29 22:24:45.529 15 RALLYDEBUG rally_openstack.cleanup.manager [-] Deleting neutron.port object s_rally_3ef23a90_4owne2fb (0874e535-1a7b-45a7-a34e-2b19363e1ed8)
2019-12-29 22:24:45.531 15 RALLYDEBUG rally_openstack.cleanup.manager [-] Deleting neutron.port object s_rally_3ef23a90_9s84JyfY (012ec9b6-94d8-4cf5-8912-561d5a037b09)
2019-12-29 22:24:45.534 15 RALLYDEBUG rally_openstack.cleanup.manager [-] Deleting neutron.port object s_rally_3ef23a90_vcc9qtJt (093e1cc0-f392-4dce-86e8-e8b0ce7f920d)
2019-12-29 22:24:45.540 15 RALLYDEBUG rally_openstack.cleanup.manager [-] Deleting neutron.port object s_rally_3ef23a90_6OozcQtd (09ad81fd-1af9-447f-a6c3-be15129c38f4)
2019-12-29 22:24:45.548 15 RALLYDEBUG rally_openstack.cleanup.manager [-] Deleting neutron.port object s_rally_3ef23a90_5N6fnqQi (0ad4f7a9-5d15-442e-ae6f-615c0f49a39b)
2019-12-29 22:24:45.555 15 RALLYDEBUG rally_openstack.cleanup.manager [-] Deleting neutron.port object s_rally_3ef23a90_0QCvpk2C (0b6841d9-4ce9-4177-a149-b537b8987040)
2019-12-29 22:24:45.575 15 RALLYDEBUG rally_openstack.cleanup.manager [-] Deleting neutron.port object s_rally_3ef23a90_Maq715Hz (0cec787f-2698-401a-aa25-5d7546c90d9f)
2019-12-29 22:24:45.584 15 RALLYDEBUG rally_openstack.cleanup.manager [-] Deleting neutron.port object s_rally_3ef23a90_jvJ9EGTx (0de25784-5492-4b76-b21c-23a2718c66e0)
2019-12-29 22:24:45.597 15 RALLYDEBUG rally_openstack.cleanup.manager [-] Deleting neutron.port object s_rally_3ef23a90_IFZn1Yxx (0e8155a1-4722-4cb8-9fe2-98a03bc36656)
2019-12-29 22:24:45.600 15 RALLYDEBUG rally_openstack.cleanup.manager [-] Deleting neutron.port object s_rally_3ef23a90_KJocK0X0 (11c72f7b-2b85-4354-81a7-f5ec4f5c7178)
2019-12-29 22:24:45.624 15 RALLYDEBUG rally_openstack.cleanup.manager [-] Deleting neutron.port object s_rally_3ef23a90_jDIs6KUc (135e9129-189b-46ba-82ad-aafba57a4d2c)
2019-12-29 22:24:45.650 15 RALLYDEBUG rally_openstack.cleanup.manager [-] Deleting neutron.port object s_rally_3ef23a90_pwbXtBZ0 (14f94fb0-ff4d-4b8d-baca-b2157dba39eb)
2019-12-29 22:24:45.654 15 RALLYDEBUG rally_openstack.cleanup.manager [-] Deleting neutron.port object s_rally_3ef23a90_HBzRI83b (141e8b8b-758c-4201-ab72-1d9cd5760dfd)
2019-12-29 22:24:45.670 15 RALLYDEBUG rally_openstack.cleanup.manager [-] Deleting neutron.port object s_rally_3ef23a90_AqMBQVNi (191b5cac-ba52-448e-9864-5fca71ec64d9)
2019-12-29 22:24:45.684 15 RALLYDEBUG rally_openstack.cleanup.manager [-] Deleting neutron.port object s_rally_3ef23a90_M0rckVHM (1c31807e-8571-4e78-bbaa-a1d2db7cde29)
2019-12-29 22:24:45.705 15 RALLYDEBUG rally_openstack.cleanup.manager [-] Deleting neutron.port object s_rally_3ef23a90_SRtxaOuz (1df647d5-a3a0-4fa3-a0d8-55c2f8b48a24)
2019-12-29 22:24:45.714 15 RALLYDEBUG rally_openstack.cleanup.manager [-] Deleting neutron.port object s_rally_3ef23a90_o4lqrtNO (1f123245-dbf2-4276-b538-3c18e3b83445)
2019-12-29 22:24:45.731 15 RALLYDEBUG rally_openstack.cleanup.manager [-] Deleting neutron.port object s_rally_3ef23a90_s552GPD6 (22695cc5-5a79-4301-97f9-4b95b2a8e4a3)
2019-12-29 22:24:47.352 15 RALLYDEBUG rally_openstack.cleanup.manager [-] Deleting neutron.port object s_rally_3ef23a90_b8XI9fUk (236c3c3e-5031-4cba-ad65-786c0eec65ed)
2019-12-29 22:24:47.384 15 RALLYDEBUG rally_openstack.cleanup.manager [-] Deleting neutron.port object s_rally_3ef23a90_eU5P4sSE (25d2bdda-6619-41b6-9e05-b1a26b2bd9d3)
2019-12-29 22:24:47.399 15 RALLYDEBUG rally_openstack.cleanup.manager [-] Deleting neutron.port object s_rally_3ef23a90_ce8olqLB (27a3e08a-6465-43e1-b92c-f27c140aa833)
