2019-12-29 22:14:54.737 15 INFO rally.task.engine [-] Running workload: position = 2 config = { "version": 2, "title": "A cropped version of a bigger task.", "description": "Auto-generated task from a single workload (uuid=9fa49282-4ec1-4060-9196-9423d84e8726)", "subtasks": [ { "title": "NeutronNetworks.create_and_delete_subnets", "description": "Create and delete a given number of subnets.", "scenario": { "NeutronNetworks.create_and_delete_subnets": { "network_create_args": {}, "subnet_create_args": {}, "subnet_cidr_start": "1.1.0.0/30", "subnets_per_network": 2 } }, "contexts": { "users": { "tenants": 1, "users_per_tenant": 1 }, "quotas": { "neutron": { "network": -1, "subnet": -1 } } }, "runner": { "constant": { "times": 40, "concurrency": 20 } }, "hooks": [], "sla": { "failure_rate": { "max": 0 } } } ] }
2019-12-29 22:14:54.761 15 RALLYDEBUG rally_openstack.contexts.keystone.users [-] Creating 1 tenants using 20 threads
2019-12-29 22:14:55.157 15 RALLYDEBUG rally_openstack.contexts.keystone.users [-] Creating 1 users using 20 threads
2019-12-29 22:14:55.825 15 INFO rally.task.context [-] Task 86fbd751-d7dc-496e-8e1f-828bd2374b23 | Context users@openstack setup() finished in 1.06 sec
2019-12-29 22:14:56.131 15 INFO rally.task.context [-] Task 86fbd751-d7dc-496e-8e1f-828bd2374b23 | Context quotas@openstack setup() finished in 0.31 sec
2019-12-29 22:14:56.132 15 INFO rally.task.context [-] Task 86fbd751-d7dc-496e-8e1f-828bd2374b23 | Context cleanup@openstack setup() finished in 0.01 msec
2019-12-29 22:14:56.142 15 RALLYDEBUG rally.task.runner [-] Starting the constant runner (task UUID: 86fbd751-d7dc-496e-8e1f-828bd2374b23). timeout: 0 concurrency: 20 concurrency_per_worker: 1 times: 40 concurrency_overhead: 0 processes_to_start: 20 max_cpu_used: 88
2019-12-29 22:14:56.155 2269 RALLYDEBUG rally.task.runner [-] Starting a worker. concurrency: 1 args: {"network_create_args": {}, "subnet_create_args": {}, "subnet_cidr_start": "1.1.0.0/30", "subnets_per_network": 2} times: 40 method_name: run timeout: 0 duration: None cls:
2019-12-29 22:14:56.158 2270 RALLYDEBUG rally.task.runner [-] Starting a worker. concurrency: 1 args: {"network_create_args": {}, "subnet_create_args": {}, "subnet_cidr_start": "1.1.0.0/30", "subnets_per_network": 2} times: 40 method_name: run timeout: 0 duration: None cls:
2019-12-29 22:14:56.161 2269 INFO rally.task.runner [-] Task 86fbd751-d7dc-496e-8e1f-828bd2374b23 | ITER: 1 START
2019-12-29 22:14:56.161 2271 RALLYDEBUG rally.task.runner [-] Starting a worker. concurrency: 1 args: {"network_create_args": {}, "subnet_create_args": {}, "subnet_cidr_start": "1.1.0.0/30", "subnets_per_network": 2} times: 40 method_name: run timeout: 0 duration: None cls:
2019-12-29 22:14:56.163 2269 WARNING rally_openstack.scenarios.neutron.utils [-] Running this scenario without either the 'network' or 'existing_network' context is deprecated
2019-12-29 22:14:56.164 2270 INFO rally.task.runner [-] Task 86fbd751-d7dc-496e-8e1f-828bd2374b23 | ITER: 2 START
2019-12-29 22:14:56.165 2272 RALLYDEBUG rally.task.runner [-] Starting a worker. concurrency: 1 args: {"network_create_args": {}, "subnet_create_args": {}, "subnet_cidr_start": "1.1.0.0/30", "subnets_per_network": 2} times: 40 method_name: run timeout: 0 duration: None cls:
2019-12-29 22:14:56.165 2270 WARNING rally_openstack.scenarios.neutron.utils [-] Running this scenario without either the 'network' or 'existing_network' context is deprecated
2019-12-29 22:14:56.167 2271 INFO rally.task.runner [-] Task 86fbd751-d7dc-496e-8e1f-828bd2374b23 | ITER: 3 START
2019-12-29 22:14:56.167 2274 RALLYDEBUG rally.task.runner [-] Starting a worker. concurrency: 1 args: {"network_create_args": {}, "subnet_create_args": {}, "subnet_cidr_start": "1.1.0.0/30", "subnets_per_network": 2} times: 40 method_name: run timeout: 0 duration: None cls:
2019-12-29 22:14:56.167 2271 WARNING rally_openstack.scenarios.neutron.utils [-] Running this scenario without either the 'network' or 'existing_network' context is deprecated
2019-12-29 22:14:56.169 2272 INFO rally.task.runner [-] Task 86fbd751-d7dc-496e-8e1f-828bd2374b23 | ITER: 4 START
2019-12-29 22:14:56.171 2272 WARNING rally_openstack.scenarios.neutron.utils [-] Running this scenario without either the 'network' or 'existing_network' context is deprecated
2019-12-29 22:14:56.171 2278 RALLYDEBUG rally.task.runner [-] Starting a worker. concurrency: 1 args: {"network_create_args": {}, "subnet_create_args": {}, "subnet_cidr_start": "1.1.0.0/30", "subnets_per_network": 2} times: 40 method_name: run timeout: 0 duration: None cls:
2019-12-29 22:14:56.172 2274 INFO rally.task.runner [-] Task 86fbd751-d7dc-496e-8e1f-828bd2374b23 | ITER: 5 START
2019-12-29 22:14:56.173 2274 WARNING rally_openstack.scenarios.neutron.utils [-] Running this scenario without either the 'network' or 'existing_network' context is deprecated
2019-12-29 22:14:56.173 2281 RALLYDEBUG rally.task.runner [-] Starting a worker. concurrency: 1 args: {"network_create_args": {}, "subnet_create_args": {}, "subnet_cidr_start": "1.1.0.0/30", "subnets_per_network": 2} times: 40 method_name: run timeout: 0 duration: None cls:
2019-12-29 22:14:56.177 2278 INFO rally.task.runner [-] Task 86fbd751-d7dc-496e-8e1f-828bd2374b23 | ITER: 6 START
2019-12-29 22:14:56.178 2278 WARNING rally_openstack.scenarios.neutron.utils [-] Running this scenario without either the 'network' or 'existing_network' context is deprecated
2019-12-29 22:14:56.177 2284 RALLYDEBUG rally.task.runner [-] Starting a worker. concurrency: 1 args: {"network_create_args": {}, "subnet_create_args": {}, "subnet_cidr_start": "1.1.0.0/30", "subnets_per_network": 2} times: 40 method_name: run timeout: 0 duration: None cls:
2019-12-29 22:14:56.180 2287 RALLYDEBUG rally.task.runner [-] Starting a worker. concurrency: 1 args: {"network_create_args": {}, "subnet_create_args": {}, "subnet_cidr_start": "1.1.0.0/30", "subnets_per_network": 2} times: 40 method_name: run timeout: 0 duration: None cls:
2019-12-29 22:14:56.182 2281 INFO rally.task.runner [-] Task 86fbd751-d7dc-496e-8e1f-828bd2374b23 | ITER: 7 START
2019-12-29 22:14:56.183 2284 INFO rally.task.runner [-] Task 86fbd751-d7dc-496e-8e1f-828bd2374b23 | ITER: 8 START
2019-12-29 22:14:56.183 2281 WARNING rally_openstack.scenarios.neutron.utils [-] Running this scenario without either the 'network' or 'existing_network' context is deprecated
2019-12-29 22:14:56.184 2284 WARNING rally_openstack.scenarios.neutron.utils [-] Running this scenario without either the 'network' or 'existing_network' context is deprecated
2019-12-29 22:14:56.184 2290 RALLYDEBUG rally.task.runner [-] Starting a worker. concurrency: 1 args: {"network_create_args": {}, "subnet_create_args": {}, "subnet_cidr_start": "1.1.0.0/30", "subnets_per_network": 2} times: 40 method_name: run timeout: 0 duration: None cls:
2019-12-29 22:14:56.187 2293 RALLYDEBUG rally.task.runner [-] Starting a worker. concurrency: 1 args: {"network_create_args": {}, "subnet_create_args": {}, "subnet_cidr_start": "1.1.0.0/30", "subnets_per_network": 2} times: 40 method_name: run timeout: 0 duration: None cls:
2019-12-29 22:14:56.189 2290 INFO rally.task.runner [-] Task 86fbd751-d7dc-496e-8e1f-828bd2374b23 | ITER: 10 START
2019-12-29 22:14:56.189 2287 INFO rally.task.runner [-] Task 86fbd751-d7dc-496e-8e1f-828bd2374b23 | ITER: 9 START
2019-12-29 22:14:56.190 2290 WARNING rally_openstack.scenarios.neutron.utils [-] Running this scenario without either the 'network' or 'existing_network' context is deprecated
2019-12-29 22:14:56.190 2287 WARNING rally_openstack.scenarios.neutron.utils [-] Running this scenario without either the 'network' or 'existing_network' context is deprecated
2019-12-29 22:14:56.190 2295 RALLYDEBUG rally.task.runner [-] Starting a worker. concurrency: 1 args: {"network_create_args": {}, "subnet_create_args": {}, "subnet_cidr_start": "1.1.0.0/30", "subnets_per_network": 2} times: 40 method_name: run timeout: 0 duration: None cls:
2019-12-29 22:14:56.193 2293 INFO rally.task.runner [-] Task 86fbd751-d7dc-496e-8e1f-828bd2374b23 | ITER: 11 START
2019-12-29 22:14:56.193 2300 RALLYDEBUG rally.task.runner [-] Starting a worker. concurrency: 1 args: {"network_create_args": {}, "subnet_create_args": {}, "subnet_cidr_start": "1.1.0.0/30", "subnets_per_network": 2} times: 40 method_name: run timeout: 0 duration: None cls:
2019-12-29 22:14:56.195 2293 WARNING rally_openstack.scenarios.neutron.utils [-] Running this scenario without either the 'network' or 'existing_network' context is deprecated
2019-12-29 22:14:56.194 2298 RALLYDEBUG rally.task.runner [-] Starting a worker. concurrency: 1 args: {"network_create_args": {}, "subnet_create_args": {}, "subnet_cidr_start": "1.1.0.0/30", "subnets_per_network": 2} times: 40 method_name: run timeout: 0 duration: None cls:
2019-12-29 22:14:56.198 2295 INFO rally.task.runner [-] Task 86fbd751-d7dc-496e-8e1f-828bd2374b23 | ITER: 12 START
2019-12-29 22:14:56.198 2300 INFO rally.task.runner [-] Task 86fbd751-d7dc-496e-8e1f-828bd2374b23 | ITER: 13 START
2019-12-29 22:14:56.197 2303 RALLYDEBUG rally.task.runner [-] Starting a worker. concurrency: 1 args: {"network_create_args": {}, "subnet_create_args": {}, "subnet_cidr_start": "1.1.0.0/30", "subnets_per_network": 2} times: 40 method_name: run timeout: 0 duration: None cls:
2019-12-29 22:14:56.199 2300 WARNING rally_openstack.scenarios.neutron.utils [-] Running this scenario without either the 'network' or 'existing_network' context is deprecated
2019-12-29 22:14:56.199 2295 WARNING rally_openstack.scenarios.neutron.utils [-] Running this scenario without either the 'network' or 'existing_network' context is deprecated
2019-12-29 22:14:56.200 2298 INFO rally.task.runner [-] Task 86fbd751-d7dc-496e-8e1f-828bd2374b23 | ITER: 14 START
2019-12-29 22:14:56.200 2306 RALLYDEBUG rally.task.runner [-] Starting a worker. concurrency: 1 args: {"network_create_args": {}, "subnet_create_args": {}, "subnet_cidr_start": "1.1.0.0/30", "subnets_per_network": 2} times: 40 method_name: run timeout: 0 duration: None cls:
2019-12-29 22:14:56.201 2298 WARNING rally_openstack.scenarios.neutron.utils [-] Running this scenario without either the 'network' or 'existing_network' context is deprecated
2019-12-29 22:14:56.204 2303 INFO rally.task.runner [-] Task 86fbd751-d7dc-496e-8e1f-828bd2374b23 | ITER: 15 START
2019-12-29 22:14:56.204 2308 RALLYDEBUG rally.task.runner [-] Starting a worker. concurrency: 1 args: {"network_create_args": {}, "subnet_create_args": {}, "subnet_cidr_start": "1.1.0.0/30", "subnets_per_network": 2} times: 40 method_name: run timeout: 0 duration: None cls:
2019-12-29 22:14:56.205 2303 WARNING rally_openstack.scenarios.neutron.utils [-] Running this scenario without either the 'network' or 'existing_network' context is deprecated
2019-12-29 22:14:56.206 2306 INFO rally.task.runner [-] Task 86fbd751-d7dc-496e-8e1f-828bd2374b23 | ITER: 16 START
2019-12-29 22:14:56.207 2314 RALLYDEBUG rally.task.runner [-] Starting a worker. concurrency: 1 args: {"network_create_args": {}, "subnet_create_args": {}, "subnet_cidr_start": "1.1.0.0/30", "subnets_per_network": 2} times: 40 method_name: run timeout: 0 duration: None cls:
2019-12-29 22:14:56.208 2306 WARNING rally_openstack.scenarios.neutron.utils [-] Running this scenario without either the 'network' or 'existing_network' context is deprecated
2019-12-29 22:14:56.209 2308 INFO rally.task.runner [-] Task 86fbd751-d7dc-496e-8e1f-828bd2374b23 | ITER: 17 START
2019-12-29 22:14:56.210 2308 WARNING rally_openstack.scenarios.neutron.utils [-] Running this scenario without either the 'network' or 'existing_network' context is deprecated
2019-12-29 22:14:56.210 2315 RALLYDEBUG rally.task.runner [-] Starting a worker. concurrency: 1 args: {"network_create_args": {}, "subnet_create_args": {}, "subnet_cidr_start": "1.1.0.0/30", "subnets_per_network": 2} times: 40 method_name: run timeout: 0 duration: None cls:
2019-12-29 22:14:56.212 2319 RALLYDEBUG rally.task.runner [-] Starting a worker. concurrency: 1 args: {"network_create_args": {}, "subnet_create_args": {}, "subnet_cidr_start": "1.1.0.0/30", "subnets_per_network": 2} times: 40 method_name: run timeout: 0 duration: None cls:
2019-12-29 22:14:56.215 2314 INFO rally.task.runner [-] Task 86fbd751-d7dc-496e-8e1f-828bd2374b23 | ITER: 18 START
2019-12-29 22:14:56.216 2315 INFO rally.task.runner [-] Task 86fbd751-d7dc-496e-8e1f-828bd2374b23 | ITER: 19 START
2019-12-29 22:14:56.217 2319 INFO rally.task.runner [-] Task 86fbd751-d7dc-496e-8e1f-828bd2374b23 | ITER: 20 START
2019-12-29 22:14:56.217 2314 WARNING rally_openstack.scenarios.neutron.utils [-] Running this scenario without either the 'network' or 'existing_network' context is deprecated
2019-12-29 22:14:56.218 2315 WARNING rally_openstack.scenarios.neutron.utils [-] Running this scenario without either the 'network' or 'existing_network' context is deprecated
2019-12-29 22:14:56.218 2319 WARNING rally_openstack.scenarios.neutron.utils [-] Running this scenario without either the 'network' or 'existing_network' context is deprecated
2019-12-29 22:14:56.651 2274 RALLYDEBUG rally_openstack.wrappers.network [-] CIDR generated: 1.1.4.96/30
2019-12-29 22:14:56.674 2290 RALLYDEBUG rally_openstack.wrappers.network [-] CIDR generated: 1.1.4.100/30
2019-12-29 22:14:56.702 2281 RALLYDEBUG rally_openstack.wrappers.network [-] CIDR generated: 1.1.4.104/30
2019-12-29 22:14:56.711 2295 RALLYDEBUG rally_openstack.wrappers.network [-] CIDR generated: 1.1.4.108/30
2019-12-29 22:14:56.816 2300 RALLYDEBUG rally_openstack.wrappers.network [-] CIDR generated: 1.1.4.112/30
2019-12-29 22:14:56.842 2319 RALLYDEBUG rally_openstack.wrappers.network [-] CIDR generated: 1.1.4.116/30
2019-12-29 22:14:56.845 2306 RALLYDEBUG rally_openstack.wrappers.network [-] CIDR generated: 1.1.4.120/30
2019-12-29 22:14:56.875 2278 RALLYDEBUG rally_openstack.wrappers.network [-] CIDR generated: 1.1.4.124/30
2019-12-29 22:14:56.881 2269 RALLYDEBUG rally_openstack.wrappers.network [-] CIDR generated: 1.1.4.128/30
2019-12-29 22:14:56.917 2287 RALLYDEBUG rally_openstack.wrappers.network [-] CIDR generated: 1.1.4.132/30
2019-12-29 22:14:56.937 2315 RALLYDEBUG rally_openstack.wrappers.network [-] CIDR generated: 1.1.4.136/30
2019-12-29 22:14:56.987 2303 RALLYDEBUG rally_openstack.wrappers.network [-] CIDR generated: 1.1.4.140/30
2019-12-29 22:14:57.015 2308 RALLYDEBUG rally_openstack.wrappers.network [-] CIDR generated: 1.1.4.144/30
2019-12-29 22:14:57.079 2284 RALLYDEBUG rally_openstack.wrappers.network [-] CIDR generated: 1.1.4.148/30
2019-12-29 22:14:57.603 2295 RALLYDEBUG rally_openstack.wrappers.network [-] CIDR generated: 1.1.4.152/30
2019-12-29 22:14:57.606 2281 RALLYDEBUG rally_openstack.wrappers.network [-] CIDR generated: 1.1.4.156/30
2019-12-29 22:14:57.629 2298 RALLYDEBUG rally_openstack.wrappers.network [-] CIDR generated: 1.1.4.160/30
2019-12-29 22:14:57.639 2300 RALLYDEBUG rally_openstack.wrappers.network [-] CIDR generated: 1.1.4.164/30
2019-12-29 22:14:57.667 2270 RALLYDEBUG rally_openstack.wrappers.network [-] CIDR generated: 1.1.4.168/30
2019-12-29 22:14:57.670 2271 RALLYDEBUG rally_openstack.wrappers.network [-] CIDR generated: 1.1.4.172/30
2019-12-29 22:14:57.696 2272 RALLYDEBUG rally_openstack.wrappers.network [-] CIDR generated: 1.1.4.176/30
2019-12-29 22:14:57.796 2314 RALLYDEBUG rally_openstack.wrappers.network [-] CIDR generated: 1.1.4.180/30
2019-12-29 22:14:57.801 2293 RALLYDEBUG rally_openstack.wrappers.network [-] CIDR generated: 1.1.4.184/30
2019-12-29 22:14:57.809 2306 RALLYDEBUG rally_openstack.wrappers.network [-] CIDR generated: 1.1.4.188/30
2019-12-29 22:14:57.888 2278 RALLYDEBUG rally_openstack.wrappers.network [-] CIDR generated: 1.1.4.192/30
2019-12-29 22:14:57.894 2269 RALLYDEBUG rally_openstack.wrappers.network [-] CIDR generated: 1.1.4.196/30
2019-12-29 22:14:57.971 2308 RALLYDEBUG rally_openstack.wrappers.network [-] CIDR generated: 1.1.4.200/30
2019-12-29 22:14:58.205 2274 RALLYDEBUG rally_openstack.wrappers.network [-] CIDR generated: 1.1.4.204/30
2019-12-29 22:14:58.495 2319 RALLYDEBUG rally_openstack.wrappers.network [-] CIDR generated: 1.1.4.208/30
2019-12-29 22:14:58.535 2290 RALLYDEBUG rally_openstack.wrappers.network [-] CIDR generated: 1.1.4.212/30
2019-12-29 22:14:58.754 2284 RALLYDEBUG rally_openstack.wrappers.network [-] CIDR generated: 1.1.4.216/30
2019-12-29 22:14:58.821 2287 RALLYDEBUG rally_openstack.wrappers.network [-] CIDR generated: 1.1.4.220/30
2019-12-29 22:14:59.160 2271 RALLYDEBUG rally_openstack.wrappers.network [-] CIDR generated: 1.1.4.224/30
2019-12-29 22:14:59.162 2270 RALLYDEBUG rally_openstack.wrappers.network [-] CIDR generated: 1.1.4.228/30
2019-12-29 22:14:59.188 2298 RALLYDEBUG rally_openstack.wrappers.network [-] CIDR generated: 1.1.4.232/30
2019-12-29 22:14:59.191 2272 RALLYDEBUG rally_openstack.wrappers.network [-] CIDR generated: 1.1.4.236/30
2019-12-29 22:14:59.367 2314 RALLYDEBUG rally_openstack.wrappers.network [-] CIDR generated: 1.1.4.240/30
2019-12-29 22:14:59.368 2293 RALLYDEBUG rally_openstack.wrappers.network [-] CIDR generated: 1.1.4.244/30
2019-12-29 22:14:59.398 2303 RALLYDEBUG rally_openstack.wrappers.network [-] CIDR generated: 1.1.4.248/30
2019-12-29 22:14:59.399 2315 RALLYDEBUG rally_openstack.wrappers.network [-] CIDR generated: 1.1.4.252/30
2019-12-29 22:15:00.191 2281 INFO rally.task.runner [-] Task 86fbd751-d7dc-496e-8e1f-828bd2374b23 | ITER: 7 END: OK
2019-12-29 22:15:00.196 2281 INFO rally.task.runner [-] Task 86fbd751-d7dc-496e-8e1f-828bd2374b23 | ITER: 21 START
2019-12-29 22:15:00.197 2281 WARNING rally_openstack.scenarios.neutron.utils [-] Running this scenario without either the 'network' or 'existing_network' context is deprecated
2019-12-29 22:15:00.245 2274 INFO rally.task.runner [-] Task 86fbd751-d7dc-496e-8e1f-828bd2374b23 | ITER: 5 END: OK
2019-12-29 22:15:00.249 2274 INFO rally.task.runner [-] Task 86fbd751-d7dc-496e-8e1f-828bd2374b23 | ITER: 22 START
2019-12-29 22:15:00.250 2274 WARNING rally_openstack.scenarios.neutron.utils [-] Running this scenario without either the 'network' or 'existing_network' context is deprecated
2019-12-29 22:15:00.382 2300 INFO rally.task.runner [-] Task 86fbd751-d7dc-496e-8e1f-828bd2374b23 | ITER: 13 END: OK
2019-12-29 22:15:00.385 2300 INFO rally.task.runner [-] Task 86fbd751-d7dc-496e-8e1f-828bd2374b23 | ITER: 23 START
2019-12-29 22:15:00.386 2300 WARNING rally_openstack.scenarios.neutron.utils [-] Running this scenario without either the 'network' or 'existing_network' context is deprecated
2019-12-29 22:15:00.431 2290 INFO rally.task.runner [-] Task 86fbd751-d7dc-496e-8e1f-828bd2374b23 | ITER: 10 END: OK
2019-12-29 22:15:00.434 2290 INFO rally.task.runner [-] Task 86fbd751-d7dc-496e-8e1f-828bd2374b23 | ITER: 24 START
2019-12-29 22:15:00.434 2290 WARNING rally_openstack.scenarios.neutron.utils [-] Running this scenario without either the 'network' or 'existing_network' context is deprecated
2019-12-29 22:15:00.439 2295 INFO rally.task.runner [-] Task 86fbd751-d7dc-496e-8e1f-828bd2374b23 | ITER: 12 END: OK
2019-12-29 22:15:00.442 2295 INFO rally.task.runner [-] Task 86fbd751-d7dc-496e-8e1f-828bd2374b23 | ITER: 25 START
2019-12-29 22:15:00.443 2295 WARNING rally_openstack.scenarios.neutron.utils [-] Running this scenario without either the 'network' or 'existing_network' context is deprecated
2019-12-29 22:15:00.611 2284 INFO rally.task.runner [-] Task 86fbd751-d7dc-496e-8e1f-828bd2374b23 | ITER: 8 END: OK
2019-12-29 22:15:00.614 2284 INFO rally.task.runner [-] Task 86fbd751-d7dc-496e-8e1f-828bd2374b23 | ITER: 26 START
2019-12-29 22:15:00.615 2284 WARNING rally_openstack.scenarios.neutron.utils [-] Running this scenario without either the 'network' or 'existing_network' context is deprecated
2019-12-29 22:15:00.676 2281 RALLYDEBUG rally_openstack.wrappers.network [-] CIDR generated: 1.1.5.0/30
2019-12-29 22:15:00.726 2308 INFO rally.task.runner [-] Task 86fbd751-d7dc-496e-8e1f-828bd2374b23 | ITER: 17 END: OK
2019-12-29 22:15:00.729 2308 INFO rally.task.runner [-] Task 86fbd751-d7dc-496e-8e1f-828bd2374b23 | ITER: 27 START
2019-12-29 22:15:00.729 2308 WARNING rally_openstack.scenarios.neutron.utils [-] Running this scenario without either the 'network' or 'existing_network' context is deprecated
2019-12-29 22:15:00.744 2278 INFO rally.task.runner [-] Task 86fbd751-d7dc-496e-8e1f-828bd2374b23 | ITER: 6 END: OK
2019-12-29 22:15:00.747 2278 INFO rally.task.runner [-] Task 86fbd751-d7dc-496e-8e1f-828bd2374b23 | ITER: 28 START
2019-12-29 22:15:00.747 2278 WARNING rally_openstack.scenarios.neutron.utils [-] Running this scenario without either the 'network' or 'existing_network' context is deprecated
2019-12-29 22:15:00.799 2295 RALLYDEBUG rally_openstack.wrappers.network [-] CIDR generated: 1.1.5.4/30
2019-12-29 22:15:00.802 2290 RALLYDEBUG rally_openstack.wrappers.network [-] CIDR generated: 1.1.5.8/30
2019-12-29 22:15:00.851 2287 INFO rally.task.runner [-] Task 86fbd751-d7dc-496e-8e1f-828bd2374b23 | ITER: 9 END: OK
2019-12-29 22:15:00.852 2319 INFO rally.task.runner [-] Task 86fbd751-d7dc-496e-8e1f-828bd2374b23 | ITER: 20 END: OK
2019-12-29 22:15:00.854 2287 INFO rally.task.runner [-] Task 86fbd751-d7dc-496e-8e1f-828bd2374b23 | ITER: 29 START
2019-12-29 22:15:00.854 2287 WARNING rally_openstack.scenarios.neutron.utils [-] Running this scenario without either the 'network' or 'existing_network' context is deprecated
2019-12-29 22:15:00.855 2319 INFO rally.task.runner [-] Task 86fbd751-d7dc-496e-8e1f-828bd2374b23 | ITER: 30 START
2019-12-29 22:15:00.855 2319 WARNING rally_openstack.scenarios.neutron.utils [-] Running this scenario without either the 'network' or 'existing_network' context is deprecated
2019-12-29 22:15:00.857 2306 INFO rally.task.runner [-] Task 86fbd751-d7dc-496e-8e1f-828bd2374b23 | ITER: 16 END: OK
2019-12-29 22:15:00.860 2306 INFO rally.task.runner [-] Task 86fbd751-d7dc-496e-8e1f-828bd2374b23 | ITER: 31 START
2019-12-29 22:15:00.861 2306 WARNING rally_openstack.scenarios.neutron.utils [-] Running this scenario without either the 'network' or 'existing_network' context is deprecated
2019-12-29 22:15:00.864 2269 INFO rally.task.runner [-] Task 86fbd751-d7dc-496e-8e1f-828bd2374b23 | ITER: 1 END: OK
2019-12-29 22:15:00.867 2269 INFO rally.task.runner [-] Task 86fbd751-d7dc-496e-8e1f-828bd2374b23 | ITER: 32 START
2019-12-29 22:15:00.868 2269 WARNING rally_openstack.scenarios.neutron.utils [-] Running this scenario without either the 'network' or 'existing_network' context is deprecated
2019-12-29 22:15:00.931 2300 RALLYDEBUG rally_openstack.wrappers.network [-] CIDR generated: 1.1.5.12/30
2019-12-29 22:15:00.949 2284 RALLYDEBUG rally_openstack.wrappers.network [-] CIDR generated: 1.1.5.16/30
2019-12-29 22:15:01.117 2278 RALLYDEBUG rally_openstack.wrappers.network [-] CIDR generated: 1.1.5.20/30
2019-12-29 22:15:01.135 2308 RALLYDEBUG rally_openstack.wrappers.network [-] CIDR generated: 1.1.5.24/30
2019-12-29 22:15:01.256 2287 RALLYDEBUG rally_openstack.wrappers.network [-] CIDR generated: 1.1.5.28/30
2019-12-29 22:15:01.347 2269 RALLYDEBUG rally_openstack.wrappers.network [-] CIDR generated: 1.1.5.32/30
2019-12-29 22:15:01.352 2306 RALLYDEBUG rally_openstack.wrappers.network [-] CIDR generated: 1.1.5.36/30
2019-12-29 22:15:01.515 2319 RALLYDEBUG rally_openstack.wrappers.network [-] CIDR generated: 1.1.5.40/30
2019-12-29 22:15:01.516 2295 RALLYDEBUG rally_openstack.wrappers.network [-] CIDR generated: 1.1.5.44/30
2019-12-29 22:15:01.613 2290 RALLYDEBUG rally_openstack.wrappers.network [-] CIDR generated: 1.1.5.48/30
2019-12-29 22:15:01.615 2274 RALLYDEBUG rally_openstack.wrappers.network [-] CIDR generated: 1.1.5.52/30
2019-12-29 22:15:01.886 2284 RALLYDEBUG rally_openstack.wrappers.network [-] CIDR generated: 1.1.5.56/30
2019-12-29 22:15:02.036 2278 RALLYDEBUG rally_openstack.wrappers.network [-] CIDR generated: 1.1.5.60/30
2019-12-29 22:15:02.534 2274 RALLYDEBUG rally_openstack.wrappers.network [-] CIDR generated: 1.1.5.64/30
2019-12-29 22:15:02.810 2308 RALLYDEBUG rally_openstack.wrappers.network [-] CIDR generated: 1.1.5.68/30
2019-12-29 22:15:02.814 2281 RALLYDEBUG rally_openstack.wrappers.network [-] CIDR generated: 1.1.5.72/30
2019-12-29 22:15:03.086 2287 RALLYDEBUG rally_openstack.wrappers.network [-] CIDR generated: 1.1.5.76/30
2019-12-29 22:15:03.139 2300 RALLYDEBUG rally_openstack.wrappers.network [-] CIDR generated: 1.1.5.80/30
2019-12-29 22:15:04.090 2271 INFO rally.task.runner [-] Task 86fbd751-d7dc-496e-8e1f-828bd2374b23 | ITER: 3 END: OK
2019-12-29 22:15:04.093 2271 INFO rally.task.runner [-] Task 86fbd751-d7dc-496e-8e1f-828bd2374b23 | ITER: 33 START
2019-12-29 22:15:04.094 2271 WARNING rally_openstack.scenarios.neutron.utils [-] Running this scenario without either the 'network' or 'existing_network' context is deprecated
2019-12-29 22:15:04.095 2270 INFO rally.task.runner [-] Task 86fbd751-d7dc-496e-8e1f-828bd2374b23 | ITER: 2 END: OK
2019-12-29 22:15:04.098 2270 INFO rally.task.runner [-] Task 86fbd751-d7dc-496e-8e1f-828bd2374b23 | ITER: 34 START
2019-12-29 22:15:04.098 2270 WARNING rally_openstack.scenarios.neutron.utils [-] Running this scenario without either the 'network' or 'existing_network' context is deprecated
2019-12-29 22:15:04.141 2290 INFO rally.task.runner [-] Task 86fbd751-d7dc-496e-8e1f-828bd2374b23 | ITER: 24 END: OK
2019-12-29 22:15:04.144 2290 INFO rally.task.runner [-] Task 86fbd751-d7dc-496e-8e1f-828bd2374b23 | ITER: 35 START
2019-12-29 22:15:04.144 2290 WARNING rally_openstack.scenarios.neutron.utils [-] Running this scenario without either the 'network' or 'existing_network' context is deprecated
2019-12-29 22:15:04.213 2272 INFO rally.task.runner [-] Task 86fbd751-d7dc-496e-8e1f-828bd2374b23 | ITER: 4 END: OK
2019-12-29 22:15:04.216 2298 INFO rally.task.runner [-] Task 86fbd751-d7dc-496e-8e1f-828bd2374b23 | ITER: 14 END: OK
2019-12-29 22:15:04.217 2272 INFO rally.task.runner [-] Task 86fbd751-d7dc-496e-8e1f-828bd2374b23 | ITER: 36 START
2019-12-29 22:15:04.217 2272 WARNING rally_openstack.scenarios.neutron.utils [-] Running this scenario without either the 'network' or 'existing_network' context is deprecated
2019-12-29 22:15:04.219 2298 INFO rally.task.runner [-] Task 86fbd751-d7dc-496e-8e1f-828bd2374b23 | ITER: 37 START
2019-12-29 22:15:04.219 2298 WARNING rally_openstack.scenarios.neutron.utils [-] Running this scenario without either the 'network' or 'existing_network' context is deprecated
2019-12-29 22:15:04.252 2269 RALLYDEBUG rally_openstack.wrappers.network [-] CIDR generated: 1.1.5.84/30
2019-12-29 22:15:04.352 2306 RALLYDEBUG rally_openstack.wrappers.network [-] CIDR generated: 1.1.5.88/30
2019-12-29 22:15:04.356 2319 RALLYDEBUG rally_openstack.wrappers.network [-] CIDR generated: 1.1.5.92/30
2019-12-29 22:15:04.441 2293 INFO rally.task.runner [-] Task 86fbd751-d7dc-496e-8e1f-828bd2374b23 | ITER: 11 END: OK
2019-12-29 22:15:04.443 2314 INFO rally.task.runner [-] Task 86fbd751-d7dc-496e-8e1f-828bd2374b23 | ITER: 18 END: OK
2019-12-29 22:15:04.444 2293 INFO rally.task.runner [-] Task 86fbd751-d7dc-496e-8e1f-828bd2374b23 | ITER: 38 START
2019-12-29 22:15:04.445 2293 WARNING rally_openstack.scenarios.neutron.utils [-] Running this scenario without either the 'network' or 'existing_network' context is deprecated
2019-12-29 22:15:04.446 2314 INFO rally.task.runner [-] Task 86fbd751-d7dc-496e-8e1f-828bd2374b23 | ITER: 39 START
2019-12-29 22:15:04.446 2314 WARNING rally_openstack.scenarios.neutron.utils [-] Running this scenario without either the 'network' or 'existing_network' context is deprecated
2019-12-29 22:15:04.467 2272 RALLYDEBUG rally_openstack.wrappers.network [-] CIDR generated: 1.1.5.96/30
2019-12-29 22:15:04.467 2295 INFO rally.task.runner [-] Task 86fbd751-d7dc-496e-8e1f-828bd2374b23 | ITER: 25 END: OK
2019-12-29 22:15:04.469 2271 RALLYDEBUG rally_openstack.wrappers.network [-] CIDR generated: 1.1.5.100/30
2019-12-29 22:15:04.472 2295 INFO rally.task.runner [-] Task 86fbd751-d7dc-496e-8e1f-828bd2374b23 | ITER: 40 START
2019-12-29 22:15:04.473 2295 WARNING rally_openstack.scenarios.neutron.utils [-] Running this scenario without either the 'network' or 'existing_network' context is deprecated
2019-12-29 22:15:04.475 2290 RALLYDEBUG rally_openstack.wrappers.network [-] CIDR generated: 1.1.5.104/30
2019-12-29 22:15:04.508 2298 RALLYDEBUG rally_openstack.wrappers.network [-] CIDR generated: 1.1.5.108/30
2019-12-29 22:15:04.561 2270 RALLYDEBUG rally_openstack.wrappers.network [-] CIDR generated: 1.1.5.112/30
2019-12-29 22:15:04.660 2284 INFO rally.task.runner [-] Task 86fbd751-d7dc-496e-8e1f-828bd2374b23 | ITER: 26 END: OK
2019-12-29 22:15:04.664 2278 INFO rally.task.runner [-] Task 86fbd751-d7dc-496e-8e1f-828bd2374b23 | ITER: 28 END: OK
2019-12-29 22:15:04.857 2287 INFO rally.task.runner [-] Task 86fbd751-d7dc-496e-8e1f-828bd2374b23 | ITER: 29 END: OK
2019-12-29 22:15:04.894 2315 INFO rally.task.runner [-] Task 86fbd751-d7dc-496e-8e1f-828bd2374b23 | ITER: 19 END: OK
2019-12-29 22:15:04.895 2303 INFO rally.task.runner [-] Task 86fbd751-d7dc-496e-8e1f-828bd2374b23 | ITER: 15 END: OK
2019-12-29 22:15:04.904 2295 RALLYDEBUG rally_openstack.wrappers.network [-] CIDR generated: 1.1.5.116/30
2019-12-29 22:15:04.925 2314 RALLYDEBUG rally_openstack.wrappers.network [-] CIDR generated: 1.1.5.120/30
2019-12-29 22:15:05.002 2308 INFO rally.task.runner [-] Task 86fbd751-d7dc-496e-8e1f-828bd2374b23 | ITER: 27 END: OK
2019-12-29 22:15:05.282 2298 RALLYDEBUG rally_openstack.wrappers.network [-] CIDR generated: 1.1.5.124/30
2019-12-29 22:15:05.287 2272 RALLYDEBUG rally_openstack.wrappers.network [-] CIDR generated: 1.1.5.128/30
2019-12-29 22:15:05.728 2274 INFO rally.task.runner [-] Task 86fbd751-d7dc-496e-8e1f-828bd2374b23 | ITER: 22 END: OK
2019-12-29 22:15:05.937 2293 RALLYDEBUG rally_openstack.wrappers.network [-] CIDR generated: 1.1.5.132/30
2019-12-29 22:15:06.140 2290 RALLYDEBUG rally_openstack.wrappers.network [-] CIDR generated: 1.1.5.136/30
2019-12-29 22:15:06.311 2270 RALLYDEBUG rally_openstack.wrappers.network [-] CIDR generated: 1.1.5.140/30
2019-12-29 22:15:06.546 2281 INFO rally.task.runner [-] Task 86fbd751-d7dc-496e-8e1f-828bd2374b23 | ITER: 21 END: OK
2019-12-29 22:15:06.814 2300 INFO rally.task.runner [-] Task 86fbd751-d7dc-496e-8e1f-828bd2374b23 | ITER: 23 END: OK
2019-12-29 22:15:06.898 2271 RALLYDEBUG rally_openstack.wrappers.network [-] CIDR generated: 1.1.5.144/30
2019-12-29 22:15:07.163 2295 RALLYDEBUG rally_openstack.wrappers.network [-] CIDR generated: 1.1.5.148/30
2019-12-29 22:15:07.165 2314 RALLYDEBUG rally_openstack.wrappers.network [-] CIDR generated: 1.1.5.152/30
2019-12-29 22:15:07.237 2293 RALLYDEBUG rally_openstack.wrappers.network [-] CIDR generated: 1.1.5.156/30
2019-12-29 22:15:07.878 2298 INFO rally.task.runner [-] Task 86fbd751-d7dc-496e-8e1f-828bd2374b23 | ITER: 37 END: OK
2019-12-29 22:15:07.974 2272 INFO rally.task.runner [-] Task 86fbd751-d7dc-496e-8e1f-828bd2374b23 | ITER: 36 END: OK
2019-12-29 22:15:07.974 2290 INFO rally.task.runner [-] Task 86fbd751-d7dc-496e-8e1f-828bd2374b23 | ITER: 35 END: OK
2019-12-29 22:15:08.306 2270 INFO rally.task.runner [-] Task 86fbd751-d7dc-496e-8e1f-828bd2374b23 | ITER: 34 END: OK
2019-12-29 22:15:10.648 2271 INFO rally.task.runner [-] Task 86fbd751-d7dc-496e-8e1f-828bd2374b23 | ITER: 33 END: OK
2019-12-29 22:15:11.329 2306 INFO rally.task.runner [-] Task 86fbd751-d7dc-496e-8e1f-828bd2374b23 | ITER: 31 END: OK
2019-12-29 22:15:11.424 2269 INFO rally.task.runner [-] Task 86fbd751-d7dc-496e-8e1f-828bd2374b23 | ITER: 32 END: OK
2019-12-29 22:15:11.483 2319 INFO rally.task.runner [-] Task 86fbd751-d7dc-496e-8e1f-828bd2374b23 | ITER: 30 END: OK
2019-12-29 22:15:11.594 2295 INFO rally.task.runner [-] Task 86fbd751-d7dc-496e-8e1f-828bd2374b23 | ITER: 40 END: OK
2019-12-29 22:15:11.606 2314 INFO rally.task.runner [-] Task 86fbd751-d7dc-496e-8e1f-828bd2374b23 | ITER: 39 END: OK
2019-12-29 22:15:11.772 2293 INFO rally.task.runner [-] Task 86fbd751-d7dc-496e-8e1f-828bd2374b23 | ITER: 38 END: OK
2019-12-29 22:15:11.790 15 INFO rally.task.context [-] Task 86fbd751-d7dc-496e-8e1f-828bd2374b23 | Context cleanup@openstack cleanup() started
2019-12-29 22:15:11.792 15 RALLYDEBUG rally_openstack.cleanup.manager [-] Cleaning up neutron vip objects
2019-12-29 22:15:11.886 15 RALLYDEBUG rally_openstack.cleanup.manager [-] Cleaning up neutron health_monitor objects
2019-12-29 22:15:11.961 15 RALLYDEBUG rally_openstack.cleanup.manager [-] Cleaning up neutron pool objects
2019-12-29 22:15:12.041 15 RALLYDEBUG rally_openstack.cleanup.manager [-] Cleaning up neutron loadbalancer objects
2019-12-29 22:15:12.127 15 RALLYDEBUG rally_openstack.cleanup.manager [-] Cleaning up neutron floatingip objects
2019-12-29 22:15:12.330 15 RALLYDEBUG rally_openstack.cleanup.manager [-] Cleaning up neutron trunk objects
2019-12-29 22:15:12.473 15 RALLYDEBUG rally_openstack.cleanup.manager [-] Cleaning up neutron port objects
2019-12-29 22:15:12.668 15 RALLYDEBUG rally_openstack.cleanup.manager [-] Cleaning up neutron subnet objects
2019-12-29 22:15:13.126 15 RALLYDEBUG rally_openstack.cleanup.manager [-] Cleaning up neutron network objects
2019-12-29 22:15:14.289 15 RALLYDEBUG rally_openstack.cleanup.manager [-] Deleting neutron.network object s_rally_9fa49282_6G5tjAdM (10467e60-a933-437c-a46a-c167742b80c5)
2019-12-29 22:15:14.291 15 RALLYDEBUG rally_openstack.cleanup.manager [-] Deleting neutron.network object s_rally_9fa49282_8ixrmXwK (10dad4be-7ca6-49f5-a544-b89847ff8ca8)
2019-12-29 22:15:14.298 15 RALLYDEBUG rally_openstack.cleanup.manager [-] Deleting neutron.network object s_rally_9fa49282_yQSNcKDb (35407ad3-4c17-494e-a9f1-698fb8919bf7)
2019-12-29 22:15:14.303 15 RALLYDEBUG rally_openstack.cleanup.manager [-] Deleting neutron.network object s_rally_9fa49282_zoThAfGZ (3a126709-3a53-46a7-8ffa-a0139cef5474)
2019-12-29 22:15:14.306 15 RALLYDEBUG rally_openstack.cleanup.manager [-] Deleting neutron.network object s_rally_9fa49282_dpVFx07r (42d45610-0a5d-42be-9f42-69489ad520ee)
2019-12-29 22:15:14.317 15 RALLYDEBUG rally_openstack.cleanup.manager [-] Deleting neutron.network object s_rally_9fa49282_JgIaf9lM (455ba4bd-623d-44a1-83eb-d1d550835ad4)
2019-12-29 22:15:14.319 15 RALLYDEBUG rally_openstack.cleanup.manager [-] Deleting neutron.network object s_rally_9fa49282_Jz0twdnl (471cbd00-e8aa-4716-b9ef-02a68efa90d9)
2019-12-29 22:15:14.331 15 RALLYDEBUG rally_openstack.cleanup.manager [-] Deleting neutron.network object s_rally_9fa49282_mYJlk3o0 (51828d0b-5560-4518-8745-7116b5db2398)
2019-12-29 22:15:14.333 15 RALLYDEBUG rally_openstack.cleanup.manager [-] Deleting neutron.network object s_rally_9fa49282_ZWcGNWmT (4a0b3bb5-d90c-4b71-8e36-8dbd6f814b64)
2019-12-29 22:15:14.340 15 RALLYDEBUG rally_openstack.cleanup.manager [-] Deleting neutron.network object s_rally_9fa49282_llplfnd3 (5694fc66-bf5c-411f-9d67-874b1973a5ef)
2019-12-29 22:15:14.348 15 RALLYDEBUG rally_openstack.cleanup.manager [-] Deleting neutron.network object s_rally_9fa49282_AFz96yKa (583ed58e-ce1a-4c5f-8bcb-ce9fede9a499)
2019-12-29 22:15:14.355 15 RALLYDEBUG rally_openstack.cleanup.manager [-] Deleting neutron.network object s_rally_9fa49282_7MJIdeKT (59c81bfd-b2bd-46f8-b2fb-ea5f6e3b4ade)
2019-12-29 22:15:14.369 15 RALLYDEBUG rally_openstack.cleanup.manager [-] Deleting neutron.network object s_rally_9fa49282_b7uYoFTG (5bccbc92-3f60-4804-be88-da5b58b452e7)
2019-12-29 22:15:14.387 15 RALLYDEBUG rally_openstack.cleanup.manager [-] Deleting neutron.network object s_rally_9fa49282_r6mCp4rT (62b9314a-598d-4059-a7ef-13115583b094)
2019-12-29 22:15:14.392 15 RALLYDEBUG rally_openstack.cleanup.manager [-] Deleting neutron.network object s_rally_9fa49282_L0YD4NAh (78b76b51-1285-4fd9-9de1-89727a11f1af)
2019-12-29 22:15:14.395 15 RALLYDEBUG rally_openstack.cleanup.manager [-] Deleting neutron.network object s_rally_9fa49282_zk2oJi1S (80f12560-e0ba-48cb-b4c4-4cb7051454f1)
2019-12-29 22:15:14.416 15 RALLYDEBUG rally_openstack.cleanup.manager [-] Deleting neutron.network object s_rally_9fa49282_P4oRSn16 (89615a9c-b5fe-4a83-bf60-4c47ef96e502)
2019-12-29 22:15:14.424 15 RALLYDEBUG rally_openstack.cleanup.manager [-] Deleting neutron.network object s_rally_9fa49282_I20gxeVQ (8c45438a-c807-4073-8944-829c0f023e2a)
2019-12-29 22:15:14.427 15 RALLYDEBUG rally_openstack.cleanup.manager [-] Deleting neutron.network object s_rally_9fa49282_r5vW9jhm (9a35e768-e11b-4eb5-955f-3a6583d9964a)
2019-12-29 22:15:14.443 15 RALLYDEBUG rally_openstack.cleanup.manager [-] Deleting neutron.network object s_rally_9fa49282_NtKTOiNc (9f01b405-8a9e-42fb-b5f3-51105489d12d)
2019-12-29 22:15:16.455 15 RALLYDEBUG rally_openstack.cleanup.manager [-] Deleting neutron.network object s_rally_9fa49282_vTqw4yR5 (9f62d63f-76e6-4638-acdf-28bd59920dbf)
2019-12-29 22:15:16.484 15 RALLYDEBUG rally_openstack.cleanup.manager [-] Deleting neutron.network object s_rally_9fa49282_4CMqF43r (a15441b6-b936-4be2-8149-a9b9a3c58dff)
2019-12-29 22:15:16.509 15 RALLYDEBUG rally_openstack.cleanup.manager [-] Deleting neutron.network object s_rally_9fa49282_IH4BbFhm (a2ccaa8f-c278-499a-b825-9733c952312b)
2019-12-29 22:15:16.701 15 RALLYDEBUG rally_openstack.cleanup.manager [-] Deleting neutron.network object s_rally_9fa49282_TJ0hdPxu (a4b641bc-82d6-4b77-a349-5487d52764a9)
2019-12-29 22:15:17.071 15 RALLYDEBUG rally_openstack.cleanup.manager [-] Deleting neutron.network object s_rally_9fa49282_O4sphSxQ (a74e1203-5c11-492b-8944-5d22bcac1581)
2019-12-29 22:15:17.076 15 RALLYDEBUG rally_openstack.cleanup.manager [-] Deleting neutron.network object s_rally_9fa49282_NFRyfKnQ (a9bcd7a9-e3a7-42f1-9e5f-f9c565c976de)
2019-12-29 22:15:17.091 15 RALLYDEBUG rally_openstack.cleanup.manager [-] Deleting neutron.network object s_rally_9fa49282_lAsuGMaD (b186e39a-c944-444b-af0d-657fda4779b2)
2019-12-29 22:15:17.132 15 RALLYDEBUG rally_openstack.cleanup.manager [-] Deleting neutron.network object s_rally_9fa49282_pjo6YrUr (b3965f1f-a011-45d8-a487-00ac4d5de2fa)
2019-12-29 22:15:17.250 15 RALLYDEBUG rally_openstack.cleanup.manager [-] Deleting neutron.network object s_rally_9fa49282_RiIcKLB0 (c39faf82-0e81-41a4-8c62-4ac23517a838)
2019-12-29 22:15:17.251 15 RALLYDEBUG rally_openstack.cleanup.manager [-] Deleting neutron.network object s_rally_9fa49282_5MHspPfr (b43d51ae-ec27-489e-b8aa-0d5b59f2fff0)
2019-12-29 22:15:17.311 15 RALLYDEBUG rally_openstack.cleanup.manager [-] Deleting neutron.network object s_rally_9fa49282_gKuA00zK (c9f73bf6-aca4-4893-9eab-b9a669151c1a)
2019-12-29 22:15:17.870 15 RALLYDEBUG rally_openstack.cleanup.manager [-] Deleting neutron.network object s_rally_9fa49282_PjtefdSt (cf96472f-af76-4b3d-b67f-cfae0572a3c1)
2019-12-29 22:15:17.876 15 RALLYDEBUG rally_openstack.cleanup.manager [-] Deleting neutron.network object s_rally_9fa49282_pQoiAYjq (d05b8300-096f-44aa-9f40-df3eeb673aa2)
2019-12-29 22:15:17.901 15 RALLYDEBUG rally_openstack.cleanup.manager [-] Deleting neutron.network object s_rally_9fa49282_DxnR9o1H (d74b3c83-3154-46db-afc1-3731785f3476)
2019-12-29 22:15:17.918 15 RALLYDEBUG rally_openstack.cleanup.manager [-] Deleting neutron.network object s_rally_9fa49282_c28TgkZL (db56437e-58cd-4c65-a8e0-3f11aade1b65)
2019-12-29 22:15:18.903 15 RALLYDEBUG rally_openstack.cleanup.manager [-] Deleting neutron.network object s_rally_9fa49282_4rHbJPfL (ded81a96-d804-4a4e-aef0-97ad97944fd3)
2019-12-29 22:15:18.945 15 RALLYDEBUG rally_openstack.cleanup.manager [-] Deleting neutron.network object s_rally_9fa49282_PZD06PZD (e73a2308-323d-42fe-9ed3-bf405c7160b2)
2019-12-29 22:15:18.948 15 RALLYDEBUG rally_openstack.cleanup.manager [-] Deleting neutron.network object s_rally_9fa49282_H9LenSIR (e76b77f8-1400-4d37-a7e2-af163fadecea)
2019-12-29 22:15:19.001 15 RALLYDEBUG rally_openstack.cleanup.manager [-] Deleting neutron.network object s_rally_9fa49282_OpPgzdN3 (e76e2627-8c4f-4501-8be7-f31782e76cb3)
2019-12-29 22:15:19.313 15 RALLYDEBUG rally_openstack.cleanup.manager [-] Deleting neutron.network object s_rally_9fa49282_Ng1qUdTm (f4e60ea6-7d78-4b24-8488-f099702f9c07)
2019-12-29 22:15:22.177 15 RALLYDEBUG rally_openstack.cleanup.manager [-] Cleaning up neutron router objects
2019-12-29 22:15:22.358 15 RALLYDEBUG rally_openstack.cleanup.manager [-] Cleaning up neutron security_group objects
2019-12-29 22:15:23.382 15 INFO rally.task.context [-] Task 86fbd751-d7dc-496e-8e1f-828bd2374b23 | Context cleanup@openstack cleanup() finished in 11.59 sec
2019-12-29 22:15:23.383 15 INFO rally.task.context [-] Task 86fbd751-d7dc-496e-8e1f-828bd2374b23 | Context quotas@openstack cleanup() started
2019-12-29 22:15:23.411 15 INFO rally.task.context [-] Task 86fbd751-d7dc-496e-8e1f-828bd2374b23 | Context quotas@openstack cleanup() finished in 28.80 msec
2019-12-29 22:15:23.412 15 INFO rally.task.context [-] Task 86fbd751-d7dc-496e-8e1f-828bd2374b23 | Context users@openstack cleanup() started
2019-12-29 22:15:25.332 15 INFO rally.task.context [-] Task 86fbd751-d7dc-496e-8e1f-828bd2374b23 | Context users@openstack cleanup() finished in 1.92 sec
2019-12-29 22:15:26.869 15 INFO rally.task.engine [-] Load duration is: 15.609554
2019-12-29 22:15:26.869 15 INFO rally.task.engine [-] Full runner duration is: 15.649061
2019-12-29 22:15:26.870 15 INFO rally.task.engine [-] Full duration is: 30.574894
2019-12-29 22:15:26.944 15 INFO rally.task.engine [-] Running workload: position = 0 config = { "version": 2, "title": "A cropped version of a bigger task.", "description": "Auto-generated task from a single workload (uuid=fdfcb443-c55f-43a2-ae3f-0a1bf06bf619)", "subtasks": [ { "title": "NeutronNetworks.create_and_list_routers", "description": "Create and a given number of routers and list all routers.", "scenario": { "NeutronNetworks.create_and_list_routers": { "network_create_args": null, "subnet_create_args": null, "subnet_cidr_start": "1.1.0.0/30", "subnets_per_network": 2, "router_create_args": null } }, "contexts": { "users": { "tenants": 1, "users_per_tenant": 1 }, "quotas": { "neutron": { "network": -1, "subnet": -1, "router": -1 } } }, "runner": { "constant": { "times": 40, "concurrency": 20 } }, "hooks": [], "sla": { "failure_rate": { "max": 0 } } } ] }
2019-12-29 22:15:26.964 15 RALLYDEBUG rally_openstack.contexts.keystone.users [-] Creating 1 tenants using 20 threads
2019-12-29 22:15:27.313 15 RALLYDEBUG rally_openstack.contexts.keystone.users [-] Creating 1 users using 20 threads
2019-12-29 22:15:27.889 15 INFO rally.task.context [-] Task 86fbd751-d7dc-496e-8e1f-828bd2374b23 | Context users@openstack setup() finished in 0.92 sec
2019-12-29 22:15:28.388 15 INFO rally.task.context [-] Task 86fbd751-d7dc-496e-8e1f-828bd2374b23 | Context quotas@openstack setup() finished in 0.50 sec
2019-12-29 22:15:28.388 15 INFO rally.task.context [-] Task 86fbd751-d7dc-496e-8e1f-828bd2374b23 | Context cleanup@openstack setup() finished in 0.01 msec
2019-12-29 22:15:28.398 15 RALLYDEBUG rally.task.runner [-] Starting the constant runner (task UUID: 86fbd751-d7dc-496e-8e1f-828bd2374b23). timeout: 0 concurrency: 20 concurrency_per_worker: 1 times: 40 concurrency_overhead: 0 processes_to_start: 20 max_cpu_used: 88
2019-12-29 22:15:28.413 2672 RALLYDEBUG rally.task.runner [-] Starting a worker. concurrency: 1 args: {"network_create_args": null, "subnet_create_args": null, "subnet_cidr_start": "1.1.0.0/30", "subnets_per_network": 2, "router_create_args": null} times: 40 method_name: run timeout: 0 duration: None cls:
2019-12-29 22:15:28.414 2671 RALLYDEBUG rally.task.runner [-] Starting a worker. concurrency: 1 args: {"network_create_args": null, "subnet_create_args": null, "subnet_cidr_start": "1.1.0.0/30", "subnets_per_network": 2, "router_create_args": null} times: 40 method_name: run timeout: 0 duration: None cls:
2019-12-29 22:15:28.418 2672 INFO rally.task.runner [-] Task 86fbd751-d7dc-496e-8e1f-828bd2374b23 | ITER: 1 START
2019-12-29 22:15:28.417 2673 RALLYDEBUG rally.task.runner [-] Starting a worker. concurrency: 1 args: {"network_create_args": null, "subnet_create_args": null, "subnet_cidr_start": "1.1.0.0/30", "subnets_per_network": 2, "router_create_args": null} times: 40 method_name: run timeout: 0 duration: None cls:
2019-12-29 22:15:28.419 2671 INFO rally.task.runner [-] Task 86fbd751-d7dc-496e-8e1f-828bd2374b23 | ITER: 2 START
2019-12-29 22:15:28.422 2673 INFO rally.task.runner [-] Task 86fbd751-d7dc-496e-8e1f-828bd2374b23 | ITER: 3 START
2019-12-29 22:15:28.422 2674 RALLYDEBUG rally.task.runner [-] Starting a worker. concurrency: 1 args: {"network_create_args": null, "subnet_create_args": null, "subnet_cidr_start": "1.1.0.0/30", "subnets_per_network": 2, "router_create_args": null} times: 40 method_name: run timeout: 0 duration: None cls:
2019-12-29 22:15:28.426 2675 RALLYDEBUG rally.task.runner [-] Starting a worker. concurrency: 1 args: {"network_create_args": null, "subnet_create_args": null, "subnet_cidr_start": "1.1.0.0/30", "subnets_per_network": 2, "router_create_args": null} times: 40 method_name: run timeout: 0 duration: None cls:
2019-12-29 22:15:28.427 2680 RALLYDEBUG rally.task.runner [-] Starting a worker. concurrency: 1 args: {"network_create_args": null, "subnet_create_args": null, "subnet_cidr_start": "1.1.0.0/30", "subnets_per_network": 2, "router_create_args": null} times: 40 method_name: run timeout: 0 duration: None cls:
2019-12-29 22:15:28.429 2674 INFO rally.task.runner [-] Task 86fbd751-d7dc-496e-8e1f-828bd2374b23 | ITER: 4 START
2019-12-29 22:15:28.429 2683 RALLYDEBUG rally.task.runner [-] Starting a worker. concurrency: 1 args: {"network_create_args": null, "subnet_create_args": null, "subnet_cidr_start": "1.1.0.0/30", "subnets_per_network": 2, "router_create_args": null} times: 40 method_name: run timeout: 0 duration: None cls:
2019-12-29 22:15:28.433 2683 INFO rally.task.runner [-] Task 86fbd751-d7dc-496e-8e1f-828bd2374b23 | ITER: 7 START
2019-12-29 22:15:28.434 2680 INFO rally.task.runner [-] Task 86fbd751-d7dc-496e-8e1f-828bd2374b23 | ITER: 6 START
2019-12-29 22:15:28.435 2675 INFO rally.task.runner [-] Task 86fbd751-d7dc-496e-8e1f-828bd2374b23 | ITER: 5 START
2019-12-29 22:15:28.434 2684 RALLYDEBUG rally.task.runner [-] Starting a worker. concurrency: 1 args: {"network_create_args": null, "subnet_create_args": null, "subnet_cidr_start": "1.1.0.0/30", "subnets_per_network": 2, "router_create_args": null} times: 40 method_name: run timeout: 0 duration: None cls:
2019-12-29 22:15:28.437 2687 RALLYDEBUG rally.task.runner [-] Starting a worker. concurrency: 1 args: {"network_create_args": null, "subnet_create_args": null, "subnet_cidr_start": "1.1.0.0/30", "subnets_per_network": 2, "router_create_args": null} times: 40 method_name: run timeout: 0 duration: None cls:
2019-12-29 22:15:28.438 2693 RALLYDEBUG rally.task.runner [-] Starting a worker. concurrency: 1 args: {"network_create_args": null, "subnet_create_args": null, "subnet_cidr_start": "1.1.0.0/30", "subnets_per_network": 2, "router_create_args": null} times: 40 method_name: run timeout: 0 duration: None cls:
2019-12-29 22:15:28.441 2684 INFO rally.task.runner [-] Task 86fbd751-d7dc-496e-8e1f-828bd2374b23 | ITER: 8 START
2019-12-29 22:15:28.442 2693 INFO rally.task.runner [-] Task 86fbd751-d7dc-496e-8e1f-828bd2374b23 | ITER: 10 START
2019-12-29 22:15:28.443 2687 INFO rally.task.runner [-] Task 86fbd751-d7dc-496e-8e1f-828bd2374b23 | ITER: 9 START
2019-12-29 22:15:28.442 2695 RALLYDEBUG rally.task.runner [-] Starting a worker. concurrency: 1 args: {"network_create_args": null, "subnet_create_args": null, "subnet_cidr_start": "1.1.0.0/30", "subnets_per_network": 2, "router_create_args": null} times: 40 method_name: run timeout: 0 duration: None cls:
2019-12-29 22:15:28.447 2695 INFO rally.task.runner [-] Task 86fbd751-d7dc-496e-8e1f-828bd2374b23 | ITER: 11 START
2019-12-29 22:15:28.447 2696 RALLYDEBUG rally.task.runner [-] Starting a worker. concurrency: 1 args: {"network_create_args": null, "subnet_create_args": null, "subnet_cidr_start": "1.1.0.0/30", "subnets_per_network": 2, "router_create_args": null} times: 40 method_name: run timeout: 0 duration: None cls:
2019-12-29 22:15:28.450 2702 RALLYDEBUG rally.task.runner [-] Starting a worker. concurrency: 1 args: {"network_create_args": null, "subnet_create_args": null, "subnet_cidr_start": "1.1.0.0/30", "subnets_per_network": 2, "router_create_args": null} times: 40 method_name: run timeout: 0 duration: None cls:
2019-12-29 22:15:28.451 2704 RALLYDEBUG rally.task.runner [-] Starting a worker. concurrency: 1 args: {"network_create_args": null, "subnet_create_args": null, "subnet_cidr_start": "1.1.0.0/30", "subnets_per_network": 2, "router_create_args": null} times: 40 method_name: run timeout: 0 duration: None cls:
2019-12-29 22:15:28.453 2696 INFO rally.task.runner [-] Task 86fbd751-d7dc-496e-8e1f-828bd2374b23 | ITER: 12 START
2019-12-29 22:15:28.455 2702 INFO rally.task.runner [-] Task 86fbd751-d7dc-496e-8e1f-828bd2374b23 | ITER: 13 START
2019-12-29 22:15:28.455 2708 RALLYDEBUG rally.task.runner [-] Starting a worker. concurrency: 1 args: {"network_create_args": null, "subnet_create_args": null, "subnet_cidr_start": "1.1.0.0/30", "subnets_per_network": 2, "router_create_args": null} times: 40 method_name: run timeout: 0 duration: None cls:
2019-12-29 22:15:28.457 2707 RALLYDEBUG rally.task.runner [-] Starting a worker. concurrency: 1 args: {"network_create_args": null, "subnet_create_args": null, "subnet_cidr_start": "1.1.0.0/30", "subnets_per_network": 2, "router_create_args": null} times: 40 method_name: run timeout: 0 duration: None cls:
2019-12-29 22:15:28.458 2708 INFO rally.task.runner [-] Task 86fbd751-d7dc-496e-8e1f-828bd2374b23 | ITER: 15 START
2019-12-29 22:15:28.459 2704 INFO rally.task.runner [-] Task 86fbd751-d7dc-496e-8e1f-828bd2374b23 | ITER: 14 START
2019-12-29 22:15:28.462 2707 INFO rally.task.runner [-] Task 86fbd751-d7dc-496e-8e1f-828bd2374b23 | ITER: 16 START
