2019-12-29 22:11:42.499 6 RALLYDEBUG rally.api [-] INFO logs from urllib3 and requests module are hide.
2019-12-29 22:11:42.500 6 RALLYDEBUG rally.api [-] urllib3 insecure warnings are hidden.
2019-12-29 22:11:42.500 6 RALLYDEBUG rally.api [-] ERROR log from boto module is hide.
2019-12-29 22:11:44.096 6 ERROR rally.cli.cliutils [-] Unexpected exception in CLI: DBRecordNotFound: Record for uuid or name is opnfv-rally not found in table envs
2019-12-29 22:11:44.096 6 ERROR rally.cli.cliutils
Traceback (most recent call last):
2019-12-29 22:11:44.096 6 ERROR rally.cli.cliutils
File "/usr/lib/python2.7/site-packages/rally/cli/cliutils.py", line 674, in run
2019-12-29 22:11:44.096 6 ERROR rally.cli.cliutils ret = fn(*fn_args, **fn_kwargs)
2019-12-29 22:11:44.096 6 ERROR rally.cli.cliutils File "", line 2, in destroy
2019-12-29 22:11:44.096 6 ERROR rally.cli.cliutils
File "/usr/lib/python2.7/site-packages/rally/cli/envutils.py", line 68, in default_from_global
2019-12-29 22:11:44.096 6 ERROR rally.cli.cliutils return f(*args, **kwargs)
2019-12-29 22:11:44.096 6 ERROR rally.cli.cliutils File "", line 2, in destroy
2019-12-29 22:11:44.096 6 ERROR rally.cli.cliutils
File "/usr/lib/python2.7/site-packages/rally/plugins/__init__.py", line 51, in ensure_plugins_are_loaded
2019-12-29 22:11:44.096 6 ERROR rally.cli.cliutils return f(*args, **kwargs)
2019-12-29 22:11:44.096 6 ERROR rally.cli.cliutils
File "/usr/lib/python2.7/site-packages/rally/cli/commands/deployment.py", line 157, in destroy
2019-12-29 22:11:44.096 6 ERROR rally.cli.cliutils api.deployment.destroy(deployment=deployment)
2019-12-29 22:11:44.096 6 ERROR rally.cli.cliutils
File "/usr/lib/python2.7/site-packages/rally/api.py", line 115, in destroy
2019-12-29 22:11:44.096 6 ERROR rally.cli.cliutils deploy = objects.Deployment.get(deployment)
2019-12-29 22:11:44.096 6 ERROR rally.cli.cliutils
File "/usr/lib/python2.7/site-packages/rally/common/objects/deploy.py", line 124, in get
2019-12-29 22:11:44.096 6 ERROR rally.cli.cliutils return Deployment(env_mgr.EnvManager.get(deploy))
2019-12-29 22:11:44.096 6 ERROR rally.cli.cliutils
File "/usr/lib/python2.7/site-packages/rally/env/env_mgr.py", line 212, in get
2019-12-29 22:11:44.096 6 ERROR rally.cli.cliutils return cls(db.env_get(uuid_or_name))
2019-12-29 22:11:44.096 6 ERROR rally.cli.cliutils
File "/usr/lib/python2.7/site-packages/rally/common/db/api.py", line 135, in wrapper
2019-12-29 22:11:44.096 6 ERROR rally.cli.cliutils result = f(session, *args, **kwargs)
2019-12-29 22:11:44.096 6 ERROR rally.cli.cliutils
File "/usr/lib/python2.7/site-packages/rally/common/db/api.py", line 521, in env_get
2019-12-29 22:11:44.096 6 ERROR rally.cli.cliutils criteria="uuid or name is %s" % uuid_or_name, table="envs")
2019-12-29 22:11:44.096 6 ERROR rally.cli.cliutils DBRecordNotFound: Record for uuid or name is opnfv-rally not found in table envs
2019-12-29 22:11:44.096 6 ERROR rally.cli.cliutils
2019-12-29 22:11:45.057 8 RALLYDEBUG rally.api [-] INFO logs from urllib3 and requests module are hide.
2019-12-29 22:11:45.057 8 RALLYDEBUG rally.api [-] urllib3 insecure warnings are hidden.
2019-12-29 22:11:45.058 8 RALLYDEBUG rally.api [-] ERROR log from boto module is hide.
2019-12-29 22:11:47.924 10 RALLYDEBUG rally.api [-] INFO logs from urllib3 and requests module are hide.
2019-12-29 22:11:47.924 10 RALLYDEBUG rally.api [-] urllib3 insecure warnings are hidden.
2019-12-29 22:11:47.924 10 RALLYDEBUG rally.api [-] ERROR log from boto module is hide.
2019-12-29 22:11:51.177 13 RALLYDEBUG rally.api [-] INFO logs from urllib3 and requests module are hide.
2019-12-29 22:11:51.178 13 RALLYDEBUG rally.api [-] urllib3 insecure warnings are hidden.
2019-12-29 22:11:51.178 13 RALLYDEBUG rally.api [-] ERROR log from boto module is hide.
2019-12-29 22:11:52.745 15 RALLYDEBUG rally.api [-] INFO logs from urllib3 and requests module are hide.
2019-12-29 22:11:52.746 15 RALLYDEBUG rally.api [-] urllib3 insecure warnings are hidden.
2019-12-29 22:11:52.746 15 RALLYDEBUG rally.api [-] ERROR log from boto module is hide.
2019-12-29 22:11:54.382 15 INFO rally.common.plugin.discover [-] Loading plugins from directories /root/.rally/plugins/*
2019-12-29 22:11:54.382 15 INFO rally.common.plugin.discover [-] Loaded module with plugins: /root/.rally/plugins/__init__.py
2019-12-29 22:11:54.386 15 INFO rally.common.plugin.discover [-] Loaded module with plugins: /root/.rally/plugins/trunk_scenario.py
2019-12-29 22:11:54.612 15 INFO rally.task.engine [-] Task 86fbd751-d7dc-496e-8e1f-828bd2374b23 | Starting: Task validation.
2019-12-29 22:11:54.623 15 INFO rally.task.engine [-] Task 86fbd751-d7dc-496e-8e1f-828bd2374b23 | Starting: Task validation of syntax.
2019-12-29 22:11:54.887 15 INFO rally.task.engine [-] Task 86fbd751-d7dc-496e-8e1f-828bd2374b23 | Completed: Task validation of syntax.
2019-12-29 22:11:54.888 15 INFO rally.task.engine [-] Task 86fbd751-d7dc-496e-8e1f-828bd2374b23 | Starting: Task validation of required platforms.
2019-12-29 22:11:55.010 15 INFO rally.task.engine [-] Task 86fbd751-d7dc-496e-8e1f-828bd2374b23 | Completed: Task validation of required platforms.
2019-12-29 22:11:55.010 15 INFO rally.task.engine [-] Task 86fbd751-d7dc-496e-8e1f-828bd2374b23 | Starting: Task validation of semantic.
2019-12-29 22:11:55.010 15 INFO rally.task.engine [-] Check health of the environment 'c132a1f5-d042-4493-b5dc-adb800d25490'.
2019-12-29 22:11:55.529 15 INFO rally.task.engine [-] Platform existing@openstack (available: True): OK!
2019-12-29 22:11:55.543 15 RALLYDEBUG rally_openstack.contexts.keystone.users [-] Creating 1 tenants using 20 threads
2019-12-29 22:11:55.893 15 RALLYDEBUG rally_openstack.contexts.keystone.users [-] Creating 1 users using 20 threads
2019-12-29 22:11:56.481 15 INFO rally.task.context [-] Task 86fbd751-d7dc-496e-8e1f-828bd2374b23 | Context users@openstack setup() finished in 0.94 sec
2019-12-29 22:11:57.607 15 INFO rally.task.context [-] Task 86fbd751-d7dc-496e-8e1f-828bd2374b23 | Context users@openstack cleanup() started
2019-12-29 22:11:59.450 15 INFO rally.task.context [-] Task 86fbd751-d7dc-496e-8e1f-828bd2374b23 | Context users@openstack cleanup() finished in 1.84 sec
2019-12-29 22:11:59.451 15 INFO rally.task.engine [-] Task 86fbd751-d7dc-496e-8e1f-828bd2374b23 | Completed: Task validation of semantic.
2019-12-29 22:11:59.451 15 INFO rally.task.engine [-] Task 86fbd751-d7dc-496e-8e1f-828bd2374b23 | Completed: Task validation.
2019-12-29 22:11:59.451 15 INFO rally.api [-] Task 86fbd751-d7dc-496e-8e1f-828bd2374b23 input file is valid.
2019-12-29 22:11:59.451 15 INFO rally.api [-] Run Task 86fbd751-d7dc-496e-8e1f-828bd2374b23 against Deployment c132a1f5-d042-4493-b5dc-adb800d25490
2019-12-29 22:11:59.452 15 INFO rally.task.engine [-] Task 86fbd751-d7dc-496e-8e1f-828bd2374b23 | Starting: Running task.
2019-12-29 22:11:59.485 15 INFO rally.task.engine [-] Running workload: position = 0 config = { "version": 2, "title": "A cropped version of a bigger task.", "description": "Auto-generated task from a single workload (uuid=7855a8b7-7b7f-4aea-9f3e-4505b00d4e6c)", "subtasks": [ { "title": "NeutronNetworks.create_and_list_networks", "description": "Check performance of list_networks action and ensure > network quotas are not exceeded", "scenario": { "NeutronNetworks.create_and_list_networks": {} }, "contexts": { "users": { "tenants": 1, "users_per_tenant": 1 }, "quotas": { "neutron": { "network": 119 } } }, "runner": { "constant": { "times": 100, "concurrency": 20 } }, "hooks": [], "sla": { "max_avg_duration_per_atomic": { "neutron.list_networks": 15 }, "failure_rate": { "max": 0 } } } ] }
2019-12-29 22:11:59.503 15 RALLYDEBUG rally_openstack.contexts.keystone.users [-] Creating 1 tenants using 20 threads
2019-12-29 22:11:59.900 15 RALLYDEBUG rally_openstack.contexts.keystone.users [-] Creating 1 users using 20 threads
2019-12-29 22:12:00.518 15 INFO rally.task.context [-] Task 86fbd751-d7dc-496e-8e1f-828bd2374b23 | Context users@openstack setup() finished in 1.01 sec
2019-12-29 22:12:00.757 15 INFO rally.task.context [-] Task 86fbd751-d7dc-496e-8e1f-828bd2374b23 | Context quotas@openstack setup() finished in 0.24 sec
2019-12-29 22:12:00.758 15 INFO rally.task.context [-] Task 86fbd751-d7dc-496e-8e1f-828bd2374b23 | Context cleanup@openstack setup() finished in 0.02 msec
2019-12-29 22:12:00.766 15 RALLYDEBUG rally.task.runner [-] Starting the constant runner (task UUID: 86fbd751-d7dc-496e-8e1f-828bd2374b23). timeout: 0 concurrency: 20 concurrency_per_worker: 1 times: 100 concurrency_overhead: 0 processes_to_start: 20 max_cpu_used: 88
2019-12-29 22:12:00.775 139 RALLYDEBUG rally.task.runner [-] Starting a worker. concurrency: 1 args: {} times: 100 method_name: run timeout: 0 duration: None cls:
2019-12-29 22:12:00.779 139 INFO rally.task.runner [-] Task 86fbd751-d7dc-496e-8e1f-828bd2374b23 | ITER: 1 START
2019-12-29 22:12:00.780 140 RALLYDEBUG rally.task.runner [-] Starting a worker. concurrency: 1 args: {} times: 100 method_name: run timeout: 0 duration: None cls:
2019-12-29 22:12:00.783 141 RALLYDEBUG rally.task.runner [-] Starting a worker. concurrency: 1 args: {} times: 100 method_name: run timeout: 0 duration: None cls:
2019-12-29 22:12:00.785 144 RALLYDEBUG rally.task.runner [-] Starting a worker. concurrency: 1 args: {} times: 100 method_name: run timeout: 0 duration: None cls:
2019-12-29 22:12:00.787 145 RALLYDEBUG rally.task.runner [-] Starting a worker. concurrency: 1 args: {} times: 100 method_name: run timeout: 0 duration: None cls:
2019-12-29 22:12:00.790 144 INFO rally.task.runner [-] Task 86fbd751-d7dc-496e-8e1f-828bd2374b23 | ITER: 4 START
2019-12-29 22:12:00.791 147 RALLYDEBUG rally.task.runner [-] Starting a worker. concurrency: 1 args: {} times: 100 method_name: run timeout: 0 duration: None cls:
2019-12-29 22:12:00.793 141 INFO rally.task.runner [-] Task 86fbd751-d7dc-496e-8e1f-828bd2374b23 | ITER: 3 START
2019-12-29 22:12:00.793 140 INFO rally.task.runner [-] Task 86fbd751-d7dc-496e-8e1f-828bd2374b23 | ITER: 2 START
2019-12-29 22:12:00.794 151 RALLYDEBUG rally.task.runner [-] Starting a worker. concurrency: 1 args: {} times: 100 method_name: run timeout: 0 duration: None cls:
2019-12-29 22:12:00.796 147 INFO rally.task.runner [-] Task 86fbd751-d7dc-496e-8e1f-828bd2374b23 | ITER: 6 START
2019-12-29 22:12:00.799 153 RALLYDEBUG rally.task.runner [-] Starting a worker. concurrency: 1 args: {} times: 100 method_name: run timeout: 0 duration: None cls:
2019-12-29 22:12:00.802 145 INFO rally.task.runner [-] Task 86fbd751-d7dc-496e-8e1f-828bd2374b23 | ITER: 5 START
2019-12-29 22:12:00.802 156 RALLYDEBUG rally.task.runner [-] Starting a worker. concurrency: 1 args: {} times: 100 method_name: run timeout: 0 duration: None cls:
2019-12-29 22:12:00.803 163 RALLYDEBUG rally.task.runner [-] Starting a worker. concurrency: 1 args: {} times: 100 method_name: run timeout: 0 duration: None cls:
2019-12-29 22:12:00.804 151 INFO rally.task.runner [-] Task 86fbd751-d7dc-496e-8e1f-828bd2374b23 | ITER: 7 START
2019-12-29 22:12:00.804 159 RALLYDEBUG rally.task.runner [-] Starting a worker. concurrency: 1 args: {} times: 100 method_name: run timeout: 0 duration: None cls:
2019-12-29 22:12:00.806 156 INFO rally.task.runner [-] Task 86fbd751-d7dc-496e-8e1f-828bd2374b23 | ITER: 9 START
2019-12-29 22:12:00.807 163 INFO rally.task.runner [-] Task 86fbd751-d7dc-496e-8e1f-828bd2374b23 | ITER: 10 START
2019-12-29 22:12:00.808 153 INFO rally.task.runner [-] Task 86fbd751-d7dc-496e-8e1f-828bd2374b23 | ITER: 8 START
2019-12-29 22:12:00.809 167 RALLYDEBUG rally.task.runner [-] Starting a worker. concurrency: 1 args: {} times: 100 method_name: run timeout: 0 duration: None cls:
2019-12-29 22:12:00.811 159 INFO rally.task.runner [-] Task 86fbd751-d7dc-496e-8e1f-828bd2374b23 | ITER: 11 START
2019-12-29 22:12:00.811 164 RALLYDEBUG rally.task.runner [-] Starting a worker. concurrency: 1 args: {} times: 100 method_name: run timeout: 0 duration: None cls:
2019-12-29 22:12:00.811 172 RALLYDEBUG rally.task.runner [-] Starting a worker. concurrency: 1 args: {} times: 100 method_name: run timeout: 0 duration: None cls:
2019-12-29 22:12:00.815 164 INFO rally.task.runner [-] Task 86fbd751-d7dc-496e-8e1f-828bd2374b23 | ITER: 13 START
2019-12-29 22:12:00.815 167 INFO rally.task.runner [-] Task 86fbd751-d7dc-496e-8e1f-828bd2374b23 | ITER: 12 START
2019-12-29 22:12:00.815 172 INFO rally.task.runner [-] Task 86fbd751-d7dc-496e-8e1f-828bd2374b23 | ITER: 14 START
2019-12-29 22:12:00.819 177 RALLYDEBUG rally.task.runner [-] Starting a worker. concurrency: 1 args: {} times: 100 method_name: run timeout: 0 duration: None cls:
2019-12-29 22:12:00.819 175 RALLYDEBUG rally.task.runner [-] Starting a worker. concurrency: 1 args: {} times: 100 method_name: run timeout: 0 duration: None cls:
2019-12-29 22:12:00.821 184 RALLYDEBUG rally.task.runner [-] Starting a worker. concurrency: 1 args: {} times: 100 method_name: run timeout: 0 duration: None cls:
2019-12-29 22:12:00.822 177 INFO rally.task.runner [-] Task 86fbd751-d7dc-496e-8e1f-828bd2374b23 | ITER: 15 START
2019-12-29 22:12:00.823 175 INFO rally.task.runner [-] Task 86fbd751-d7dc-496e-8e1f-828bd2374b23 | ITER: 16 START
2019-12-29 22:12:00.825 183 RALLYDEBUG rally.task.runner [-] Starting a worker. concurrency: 1 args: {} times: 100 method_name: run timeout: 0 duration: None cls:
2019-12-29 22:12:00.826 184 INFO rally.task.runner [-] Task 86fbd751-d7dc-496e-8e1f-828bd2374b23 | ITER: 17 START
2019-12-29 22:12:00.826 190 RALLYDEBUG rally.task.runner [-] Starting a worker. concurrency: 1 args: {} times: 100 method_name: run timeout: 0 duration: None cls:
2019-12-29 22:12:00.826 185 RALLYDEBUG rally.task.runner [-] Starting a worker. concurrency: 1 args: {} times: 100 method_name: run timeout: 0 duration: None cls:
2019-12-29 22:12:00.829 183 INFO rally.task.runner [-] Task 86fbd751-d7dc-496e-8e1f-828bd2374b23 | ITER: 18 START
2019-12-29 22:12:00.833 190 INFO rally.task.runner [-] Task 86fbd751-d7dc-496e-8e1f-828bd2374b23 | ITER: 19 START
2019-12-29 22:12:00.831 185 INFO rally.task.runner [-] Task 86fbd751-d7dc-496e-8e1f-828bd2374b23 | ITER: 20 START
2019-12-29 22:12:01.633 164 INFO rally.task.runner [-] Task 86fbd751-d7dc-496e-8e1f-828bd2374b23 | ITER: 13 END: OK
2019-12-29 22:12:01.636 164 INFO rally.task.runner [-] Task 86fbd751-d7dc-496e-8e1f-828bd2374b23 | ITER: 21 START
2019-12-29 22:12:01.673 151 INFO rally.task.runner [-] Task 86fbd751-d7dc-496e-8e1f-828bd2374b23 | ITER: 7 END: OK
2019-12-29 22:12:01.676 151 INFO rally.task.runner [-] Task 86fbd751-d7dc-496e-8e1f-828bd2374b23 | ITER: 22 START
2019-12-29 22:12:01.683 156 INFO rally.task.runner [-] Task 86fbd751-d7dc-496e-8e1f-828bd2374b23 | ITER: 9 END: OK
2019-12-29 22:12:01.687 156 INFO rally.task.runner [-] Task 86fbd751-d7dc-496e-8e1f-828bd2374b23 | ITER: 23 START
2019-12-29 22:12:01.721 177 INFO rally.task.runner [-] Task 86fbd751-d7dc-496e-8e1f-828bd2374b23 | ITER: 15 END: OK
2019-12-29 22:12:01.724 177 INFO rally.task.runner [-] Task 86fbd751-d7dc-496e-8e1f-828bd2374b23 | ITER: 24 START
2019-12-29 22:12:01.731 140 INFO rally.task.runner [-] Task 86fbd751-d7dc-496e-8e1f-828bd2374b23 | ITER: 2 END: OK
2019-12-29 22:12:01.732 141 INFO rally.task.runner [-] Task 86fbd751-d7dc-496e-8e1f-828bd2374b23 | ITER: 3 END: OK
2019-12-29 22:12:01.734 140 INFO rally.task.runner [-] Task 86fbd751-d7dc-496e-8e1f-828bd2374b23 | ITER: 25 START
2019-12-29 22:12:01.734 141 INFO rally.task.runner [-] Task 86fbd751-d7dc-496e-8e1f-828bd2374b23 | ITER: 26 START
2019-12-29 22:12:01.763 175 INFO rally.task.runner [-] Task 86fbd751-d7dc-496e-8e1f-828bd2374b23 | ITER: 16 END: OK
2019-12-29 22:12:01.765 175 INFO rally.task.runner [-] Task 86fbd751-d7dc-496e-8e1f-828bd2374b23 | ITER: 27 START
2019-12-29 22:12:01.768 185 INFO rally.task.runner [-] Task 86fbd751-d7dc-496e-8e1f-828bd2374b23 | ITER: 20 END: OK
2019-12-29 22:12:01.768 153 INFO rally.task.runner [-] Task 86fbd751-d7dc-496e-8e1f-828bd2374b23 | ITER: 8 END: OK
2019-12-29 22:12:01.771 185 INFO rally.task.runner [-] Task 86fbd751-d7dc-496e-8e1f-828bd2374b23 | ITER: 28 START
2019-12-29 22:12:01.771 153 INFO rally.task.runner [-] Task 86fbd751-d7dc-496e-8e1f-828bd2374b23 | ITER: 29 START
2019-12-29 22:12:01.810 190 INFO rally.task.runner [-] Task 86fbd751-d7dc-496e-8e1f-828bd2374b23 | ITER: 19 END: OK
2019-12-29 22:12:01.813 190 INFO rally.task.runner [-] Task 86fbd751-d7dc-496e-8e1f-828bd2374b23 | ITER: 30 START
2019-12-29 22:12:01.993 167 INFO rally.task.runner [-] Task 86fbd751-d7dc-496e-8e1f-828bd2374b23 | ITER: 12 END: OK
2019-12-29 22:12:01.995 145 INFO rally.task.runner [-] Task 86fbd751-d7dc-496e-8e1f-828bd2374b23 | ITER: 5 END: OK
2019-12-29 22:12:01.996 167 INFO rally.task.runner [-] Task 86fbd751-d7dc-496e-8e1f-828bd2374b23 | ITER: 31 START
2019-12-29 22:12:01.997 145 INFO rally.task.runner [-] Task 86fbd751-d7dc-496e-8e1f-828bd2374b23 | ITER: 32 START
2019-12-29 22:12:02.220 139 INFO rally.task.runner [-] Task 86fbd751-d7dc-496e-8e1f-828bd2374b23 | ITER: 1 END: OK
2019-12-29 22:12:02.221 147 INFO rally.task.runner [-] Task 86fbd751-d7dc-496e-8e1f-828bd2374b23 | ITER: 6 END: OK
2019-12-29 22:12:02.222 139 INFO rally.task.runner [-] Task 86fbd751-d7dc-496e-8e1f-828bd2374b23 | ITER: 33 START
2019-12-29 22:12:02.223 183 INFO rally.task.runner [-] Task 86fbd751-d7dc-496e-8e1f-828bd2374b23 | ITER: 18 END: OK
2019-12-29 22:12:02.224 147 INFO rally.task.runner [-] Task 86fbd751-d7dc-496e-8e1f-828bd2374b23 | ITER: 34 START
2019-12-29 22:12:02.227 183 INFO rally.task.runner [-] Task 86fbd751-d7dc-496e-8e1f-828bd2374b23 | ITER: 35 START
2019-12-29 22:12:02.494 159 INFO rally.task.runner [-] Task 86fbd751-d7dc-496e-8e1f-828bd2374b23 | ITER: 11 END: OK
2019-12-29 22:12:02.496 164 INFO rally.task.runner [-] Task 86fbd751-d7dc-496e-8e1f-828bd2374b23 | ITER: 21 END: OK
2019-12-29 22:12:02.497 141 INFO rally.task.runner [-] Task 86fbd751-d7dc-496e-8e1f-828bd2374b23 | ITER: 26 END: OK
2019-12-29 22:12:02.499 164 INFO rally.task.runner [-] Task 86fbd751-d7dc-496e-8e1f-828bd2374b23 | ITER: 36 START
2019-12-29 22:12:02.499 159 INFO rally.task.runner [-] Task 86fbd751-d7dc-496e-8e1f-828bd2374b23 | ITER: 37 START
2019-12-29 22:12:02.500 141 INFO rally.task.runner [-] Task 86fbd751-d7dc-496e-8e1f-828bd2374b23 | ITER: 38 START
2019-12-29 22:12:02.537 184 INFO rally.task.runner [-] Task 86fbd751-d7dc-496e-8e1f-828bd2374b23 | ITER: 17 END: OK
2019-12-29 22:12:02.540 184 INFO rally.task.runner [-] Task 86fbd751-d7dc-496e-8e1f-828bd2374b23 | ITER: 39 START
2019-12-29 22:12:02.541 172 INFO rally.task.runner [-] Task 86fbd751-d7dc-496e-8e1f-828bd2374b23 | ITER: 14 END: OK
2019-12-29 22:12:02.543 144 INFO rally.task.runner [-] Task 86fbd751-d7dc-496e-8e1f-828bd2374b23 | ITER: 4 END: OK
2019-12-29 22:12:02.543 163 INFO rally.task.runner [-] Task 86fbd751-d7dc-496e-8e1f-828bd2374b23 | ITER: 10 END: OK
2019-12-29 22:12:02.545 175 INFO rally.task.runner [-] Task 86fbd751-d7dc-496e-8e1f-828bd2374b23 | ITER: 27 END: OK
2019-12-29 22:12:02.545 172 INFO rally.task.runner [-] Task 86fbd751-d7dc-496e-8e1f-828bd2374b23 | ITER: 40 START
2019-12-29 22:12:02.545 144 INFO rally.task.runner [-] Task 86fbd751-d7dc-496e-8e1f-828bd2374b23 | ITER: 41 START
2019-12-29 22:12:02.546 163 INFO rally.task.runner [-] Task 86fbd751-d7dc-496e-8e1f-828bd2374b23 | ITER: 42 START
2019-12-29 22:12:02.549 175 INFO rally.task.runner [-] Task 86fbd751-d7dc-496e-8e1f-828bd2374b23 | ITER: 43 START
2019-12-29 22:12:02.579 156 INFO rally.task.runner [-] Task 86fbd751-d7dc-496e-8e1f-828bd2374b23 | ITER: 23 END: OK
2019-12-29 22:12:02.581 156 INFO rally.task.runner [-] Task 86fbd751-d7dc-496e-8e1f-828bd2374b23 | ITER: 44 START
2019-12-29 22:12:02.627 185 INFO rally.task.runner [-] Task 86fbd751-d7dc-496e-8e1f-828bd2374b23 | ITER: 28 END: OK
2019-12-29 22:12:02.630 185 INFO rally.task.runner [-] Task 86fbd751-d7dc-496e-8e1f-828bd2374b23 | ITER: 45 START
2019-12-29 22:12:02.942 153 INFO rally.task.runner [-] Task 86fbd751-d7dc-496e-8e1f-828bd2374b23 | ITER: 29 END: OK
2019-12-29 22:12:02.945 153 INFO rally.task.runner [-] Task 86fbd751-d7dc-496e-8e1f-828bd2374b23 | ITER: 46 START
2019-12-29 22:12:03.015 147 INFO rally.task.runner [-] Task 86fbd751-d7dc-496e-8e1f-828bd2374b23 | ITER: 34 END: OK
2019-12-29 22:12:03.019 147 INFO rally.task.runner [-] Task 86fbd751-d7dc-496e-8e1f-828bd2374b23 | ITER: 47 START
2019-12-29 22:12:03.052 183 INFO rally.task.runner [-] Task 86fbd751-d7dc-496e-8e1f-828bd2374b23 | ITER: 35 END: OK
2019-12-29 22:12:03.055 183 INFO rally.task.runner [-] Task 86fbd751-d7dc-496e-8e1f-828bd2374b23 | ITER: 48 START
2019-12-29 22:12:03.094 145 INFO rally.task.runner [-] Task 86fbd751-d7dc-496e-8e1f-828bd2374b23 | ITER: 32 END: OK
2019-12-29 22:12:03.095 140 INFO rally.task.runner [-] Task 86fbd751-d7dc-496e-8e1f-828bd2374b23 | ITER: 25 END: OK
2019-12-29 22:12:03.097 145 INFO rally.task.runner [-] Task 86fbd751-d7dc-496e-8e1f-828bd2374b23 | ITER: 49 START
2019-12-29 22:12:03.097 140 INFO rally.task.runner [-] Task 86fbd751-d7dc-496e-8e1f-828bd2374b23 | ITER: 50 START
2019-12-29 22:12:03.104 177 INFO rally.task.runner [-] Task 86fbd751-d7dc-496e-8e1f-828bd2374b23 | ITER: 24 END: OK
2019-12-29 22:12:03.107 177 INFO rally.task.runner [-] Task 86fbd751-d7dc-496e-8e1f-828bd2374b23 | ITER: 51 START
2019-12-29 22:12:03.121 141 INFO rally.task.runner [-] Task 86fbd751-d7dc-496e-8e1f-828bd2374b23 | ITER: 38 END: OK
2019-12-29 22:12:03.124 141 INFO rally.task.runner [-] Task 86fbd751-d7dc-496e-8e1f-828bd2374b23 | ITER: 52 START
2019-12-29 22:12:03.180 163 INFO rally.task.runner [-] Task 86fbd751-d7dc-496e-8e1f-828bd2374b23 | ITER: 42 END: OK
2019-12-29 22:12:03.183 163 INFO rally.task.runner [-] Task 86fbd751-d7dc-496e-8e1f-828bd2374b23 | ITER: 53 START
2019-12-29 22:12:03.397 190 INFO rally.task.runner [-] Task 86fbd751-d7dc-496e-8e1f-828bd2374b23 | ITER: 30 END: OK
2019-12-29 22:12:03.399 159 INFO rally.task.runner [-] Task 86fbd751-d7dc-496e-8e1f-828bd2374b23 | ITER: 37 END: OK
2019-12-29 22:12:03.400 190 INFO rally.task.runner [-] Task 86fbd751-d7dc-496e-8e1f-828bd2374b23 | ITER: 54 START
2019-12-29 22:12:03.402 159 INFO rally.task.runner [-] Task 86fbd751-d7dc-496e-8e1f-828bd2374b23 | ITER: 55 START
2019-12-29 22:12:03.403 164 INFO rally.task.runner [-] Task 86fbd751-d7dc-496e-8e1f-828bd2374b23 | ITER: 36 END: OK
2019-12-29 22:12:03.407 164 INFO rally.task.runner [-] Task 86fbd751-d7dc-496e-8e1f-828bd2374b23 | ITER: 56 START
2019-12-29 22:12:03.479 139 INFO rally.task.runner [-] Task 86fbd751-d7dc-496e-8e1f-828bd2374b23 | ITER: 33 END: OK
2019-12-29 22:12:03.481 139 INFO rally.task.runner [-] Task 86fbd751-d7dc-496e-8e1f-828bd2374b23 | ITER: 57 START
2019-12-29 22:12:03.612 153 INFO rally.task.runner [-] Task 86fbd751-d7dc-496e-8e1f-828bd2374b23 | ITER: 46 END: OK
2019-12-29 22:12:03.615 153 INFO rally.task.runner [-] Task 86fbd751-d7dc-496e-8e1f-828bd2374b23 | ITER: 58 START
2019-12-29 22:12:03.636 184 INFO rally.task.runner [-] Task 86fbd751-d7dc-496e-8e1f-828bd2374b23 | ITER: 39 END: OK
2019-12-29 22:12:03.638 184 INFO rally.task.runner [-] Task 86fbd751-d7dc-496e-8e1f-828bd2374b23 | ITER: 59 START
2019-12-29 22:12:03.764 172 INFO rally.task.runner [-] Task 86fbd751-d7dc-496e-8e1f-828bd2374b23 | ITER: 40 END: OK
2019-12-29 22:12:03.767 172 INFO rally.task.runner [-] Task 86fbd751-d7dc-496e-8e1f-828bd2374b23 | ITER: 60 START
2019-12-29 22:12:03.786 151 INFO rally.task.runner [-] Task 86fbd751-d7dc-496e-8e1f-828bd2374b23 | ITER: 22 END: OK
2019-12-29 22:12:03.788 151 INFO rally.task.runner [-] Task 86fbd751-d7dc-496e-8e1f-828bd2374b23 | ITER: 61 START
2019-12-29 22:12:03.812 147 INFO rally.task.runner [-] Task 86fbd751-d7dc-496e-8e1f-828bd2374b23 | ITER: 47 END: OK
2019-12-29 22:12:03.815 163 INFO rally.task.runner [-] Task 86fbd751-d7dc-496e-8e1f-828bd2374b23 | ITER: 53 END: OK
2019-12-29 22:12:03.816 147 INFO rally.task.runner [-] Task 86fbd751-d7dc-496e-8e1f-828bd2374b23 | ITER: 62 START
2019-12-29 22:12:03.818 163 INFO rally.task.runner [-] Task 86fbd751-d7dc-496e-8e1f-828bd2374b23 | ITER: 63 START
2019-12-29 22:12:03.908 167 INFO rally.task.runner [-] Task 86fbd751-d7dc-496e-8e1f-828bd2374b23 | ITER: 31 END: OK
2019-12-29 22:12:03.910 167 INFO rally.task.runner [-] Task 86fbd751-d7dc-496e-8e1f-828bd2374b23 | ITER: 64 START
2019-12-29 22:12:03.923 177 INFO rally.task.runner [-] Task 86fbd751-d7dc-496e-8e1f-828bd2374b23 | ITER: 51 END: OK
2019-12-29 22:12:03.926 177 INFO rally.task.runner [-] Task 86fbd751-d7dc-496e-8e1f-828bd2374b23 | ITER: 65 START
2019-12-29 22:12:04.118 140 INFO rally.task.runner [-] Task 86fbd751-d7dc-496e-8e1f-828bd2374b23 | ITER: 50 END: OK
2019-12-29 22:12:04.121 140 INFO rally.task.runner [-] Task 86fbd751-d7dc-496e-8e1f-828bd2374b23 | ITER: 66 START
2019-12-29 22:12:04.212 159 INFO rally.task.runner [-] Task 86fbd751-d7dc-496e-8e1f-828bd2374b23 | ITER: 55 END: OK
2019-12-29 22:12:04.215 159 INFO rally.task.runner [-] Task 86fbd751-d7dc-496e-8e1f-828bd2374b23 | ITER: 67 START
2019-12-29 22:12:04.231 141 INFO rally.task.runner [-] Task 86fbd751-d7dc-496e-8e1f-828bd2374b23 | ITER: 52 END: OK
2019-12-29 22:12:04.233 141 INFO rally.task.runner [-] Task 86fbd751-d7dc-496e-8e1f-828bd2374b23 | ITER: 68 START
2019-12-29 22:12:04.275 153 INFO rally.task.runner [-] Task 86fbd751-d7dc-496e-8e1f-828bd2374b23 | ITER: 58 END: OK
2019-12-29 22:12:04.278 153 INFO rally.task.runner [-] Task 86fbd751-d7dc-496e-8e1f-828bd2374b23 | ITER: 69 START
2019-12-29 22:12:04.311 190 INFO rally.task.runner [-] Task 86fbd751-d7dc-496e-8e1f-828bd2374b23 | ITER: 54 END: OK
2019-12-29 22:12:04.314 190 INFO rally.task.runner [-] Task 86fbd751-d7dc-496e-8e1f-828bd2374b23 | ITER: 70 START
2019-12-29 22:12:04.333 185 INFO rally.task.runner [-] Task 86fbd751-d7dc-496e-8e1f-828bd2374b23 | ITER: 45 END: OK
2019-12-29 22:12:04.335 185 INFO rally.task.runner [-] Task 86fbd751-d7dc-496e-8e1f-828bd2374b23 | ITER: 71 START
2019-12-29 22:12:04.377 175 INFO rally.task.runner [-] Task 86fbd751-d7dc-496e-8e1f-828bd2374b23 | ITER: 43 END: OK
2019-12-29 22:12:04.379 175 INFO rally.task.runner [-] Task 86fbd751-d7dc-496e-8e1f-828bd2374b23 | ITER: 72 START
2019-12-29 22:12:04.479 139 INFO rally.task.runner [-] Task 86fbd751-d7dc-496e-8e1f-828bd2374b23 | ITER: 57 END: OK
2019-12-29 22:12:04.481 139 INFO rally.task.runner [-] Task 86fbd751-d7dc-496e-8e1f-828bd2374b23 | ITER: 73 START
2019-12-29 22:12:04.497 144 INFO rally.task.runner [-] Task 86fbd751-d7dc-496e-8e1f-828bd2374b23 | ITER: 41 END: OK
2019-12-29 22:12:04.501 144 INFO rally.task.runner [-] Task 86fbd751-d7dc-496e-8e1f-828bd2374b23 | ITER: 74 START
2019-12-29 22:12:04.580 145 INFO rally.task.runner [-] Task 86fbd751-d7dc-496e-8e1f-828bd2374b23 | ITER: 49 END: OK
2019-12-29 22:12:04.583 145 INFO rally.task.runner [-] Task 86fbd751-d7dc-496e-8e1f-828bd2374b23 | ITER: 75 START
2019-12-29 22:12:04.631 183 INFO rally.task.runner [-] Task 86fbd751-d7dc-496e-8e1f-828bd2374b23 | ITER: 48 END: OK
2019-12-29 22:12:04.635 183 INFO rally.task.runner [-] Task 86fbd751-d7dc-496e-8e1f-828bd2374b23 | ITER: 76 START
2019-12-29 22:12:06.156 167 INFO rally.task.runner [-] Task 86fbd751-d7dc-496e-8e1f-828bd2374b23 | ITER: 64 END: OK
2019-12-29 22:12:06.157 151 INFO rally.task.runner [-] Task 86fbd751-d7dc-496e-8e1f-828bd2374b23 | ITER: 61 END: OK
2019-12-29 22:12:06.159 140 INFO rally.task.runner [-] Task 86fbd751-d7dc-496e-8e1f-828bd2374b23 | ITER: 66 END: OK
2019-12-29 22:12:06.160 167 INFO rally.task.runner [-] Task 86fbd751-d7dc-496e-8e1f-828bd2374b23 | ITER: 77 START
2019-12-29 22:12:06.163 151 INFO rally.task.runner [-] Task 86fbd751-d7dc-496e-8e1f-828bd2374b23 | ITER: 78 START
2019-12-29 22:12:06.163 147 INFO rally.task.runner [-] Task 86fbd751-d7dc-496e-8e1f-828bd2374b23 | ITER: 62 END: OK
2019-12-29 22:12:06.163 140 INFO rally.task.runner [-] Task 86fbd751-d7dc-496e-8e1f-828bd2374b23 | ITER: 79 START
2019-12-29 22:12:06.166 147 INFO rally.task.runner [-] Task 86fbd751-d7dc-496e-8e1f-828bd2374b23 | ITER: 80 START
2019-12-29 22:12:06.269 163 INFO rally.task.runner [-] Task 86fbd751-d7dc-496e-8e1f-828bd2374b23 | ITER: 63 END: OK
2019-12-29 22:12:06.272 163 INFO rally.task.runner [-] Task 86fbd751-d7dc-496e-8e1f-828bd2374b23 | ITER: 81 START
2019-12-29 22:12:06.272 172 INFO rally.task.runner [-] Task 86fbd751-d7dc-496e-8e1f-828bd2374b23 | ITER: 60 END: OK
2019-12-29 22:12:06.275 172 INFO rally.task.runner [-] Task 86fbd751-d7dc-496e-8e1f-828bd2374b23 | ITER: 82 START
2019-12-29 22:12:06.831 141 INFO rally.task.runner [-] Task 86fbd751-d7dc-496e-8e1f-828bd2374b23 | ITER: 68 END: OK
2019-12-29 22:12:06.834 141 INFO rally.task.runner [-] Task 86fbd751-d7dc-496e-8e1f-828bd2374b23 | ITER: 83 START
2019-12-29 22:12:06.886 144 INFO rally.task.runner [-] Task 86fbd751-d7dc-496e-8e1f-828bd2374b23 | ITER: 74 END: OK
2019-12-29 22:12:06.890 144 INFO rally.task.runner [-] Task 86fbd751-d7dc-496e-8e1f-828bd2374b23 | ITER: 84 START
2019-12-29 22:12:06.942 139 INFO rally.task.runner [-] Task 86fbd751-d7dc-496e-8e1f-828bd2374b23 | ITER: 73 END: OK
2019-12-29 22:12:06.945 139 INFO rally.task.runner [-] Task 86fbd751-d7dc-496e-8e1f-828bd2374b23 | ITER: 85 START
2019-12-29 22:12:06.961 159 INFO rally.task.runner [-] Task 86fbd751-d7dc-496e-8e1f-828bd2374b23 | ITER: 67 END: OK
2019-12-29 22:12:06.964 159 INFO rally.task.runner [-] Task 86fbd751-d7dc-496e-8e1f-828bd2374b23 | ITER: 86 START
2019-12-29 22:12:07.035 145 INFO rally.task.runner [-] Task 86fbd751-d7dc-496e-8e1f-828bd2374b23 | ITER: 75 END: OK
2019-12-29 22:12:07.038 145 INFO rally.task.runner [-] Task 86fbd751-d7dc-496e-8e1f-828bd2374b23 | ITER: 87 START
2019-12-29 22:12:07.045 147 INFO rally.task.runner [-] Task 86fbd751-d7dc-496e-8e1f-828bd2374b23 | ITER: 80 END: OK
2019-12-29 22:12:07.048 147 INFO rally.task.runner [-] Task 86fbd751-d7dc-496e-8e1f-828bd2374b23 | ITER: 88 START
2019-12-29 22:12:07.094 164 INFO rally.task.runner [-] Task 86fbd751-d7dc-496e-8e1f-828bd2374b23 | ITER: 56 END: OK
2019-12-29 22:12:07.097 164 INFO rally.task.runner [-] Task 86fbd751-d7dc-496e-8e1f-828bd2374b23 | ITER: 89 START
2019-12-29 22:12:07.174 167 INFO rally.task.runner [-] Task 86fbd751-d7dc-496e-8e1f-828bd2374b23 | ITER: 77 END: OK
2019-12-29 22:12:07.176 167 INFO rally.task.runner [-] Task 86fbd751-d7dc-496e-8e1f-828bd2374b23 | ITER: 90 START
2019-12-29 22:12:07.180 156 INFO rally.task.runner [-] Task 86fbd751-d7dc-496e-8e1f-828bd2374b23 | ITER: 44 END: OK
2019-12-29 22:12:07.183 156 INFO rally.task.runner [-] Task 86fbd751-d7dc-496e-8e1f-828bd2374b23 | ITER: 91 START
2019-12-29 22:12:07.253 184 INFO rally.task.runner [-] Task 86fbd751-d7dc-496e-8e1f-828bd2374b23 | ITER: 59 END: OK
2019-12-29 22:12:07.256 184 INFO rally.task.runner [-] Task 86fbd751-d7dc-496e-8e1f-828bd2374b23 | ITER: 92 START
2019-12-29 22:12:07.451 183 INFO rally.task.runner [-] Task 86fbd751-d7dc-496e-8e1f-828bd2374b23 | ITER: 76 END: OK
2019-12-29 22:12:07.454 183 INFO rally.task.runner [-] Task 86fbd751-d7dc-496e-8e1f-828bd2374b23 | ITER: 93 START
2019-12-29 22:12:07.522 144 INFO rally.task.runner [-] Task 86fbd751-d7dc-496e-8e1f-828bd2374b23 | ITER: 84 END: OK
2019-12-29 22:12:07.523 175 INFO rally.task.runner [-] Task 86fbd751-d7dc-496e-8e1f-828bd2374b23 | ITER: 72 END: OK
2019-12-29 22:12:07.525 144 INFO rally.task.runner [-] Task 86fbd751-d7dc-496e-8e1f-828bd2374b23 | ITER: 94 START
2019-12-29 22:12:07.526 175 INFO rally.task.runner [-] Task 86fbd751-d7dc-496e-8e1f-828bd2374b23 | ITER: 95 START
2019-12-29 22:12:08.786 177 INFO rally.task.runner [-] Task 86fbd751-d7dc-496e-8e1f-828bd2374b23 | ITER: 65 END: OK
2019-12-29 22:12:08.790 177 INFO rally.task.runner [-] Task 86fbd751-d7dc-496e-8e1f-828bd2374b23 | ITER: 96 START
2019-12-29 22:12:08.845 153 INFO rally.task.runner [-] Task 86fbd751-d7dc-496e-8e1f-828bd2374b23 | ITER: 69 END: OK
2019-12-29 22:12:08.849 153 INFO rally.task.runner [-] Task 86fbd751-d7dc-496e-8e1f-828bd2374b23 | ITER: 97 START
2019-12-29 22:12:08.881 147 INFO rally.task.runner [-] Task 86fbd751-d7dc-496e-8e1f-828bd2374b23 | ITER: 88 END: OK
2019-12-29 22:12:08.883 190 INFO rally.task.runner [-] Task 86fbd751-d7dc-496e-8e1f-828bd2374b23 | ITER: 70 END: OK
2019-12-29 22:12:08.884 147 INFO rally.task.runner [-] Task 86fbd751-d7dc-496e-8e1f-828bd2374b23 | ITER: 98 START
2019-12-29 22:12:08.884 185 INFO rally.task.runner [-] Task 86fbd751-d7dc-496e-8e1f-828bd2374b23 | ITER: 71 END: OK
2019-12-29 22:12:08.885 145 INFO rally.task.runner [-] Task 86fbd751-d7dc-496e-8e1f-828bd2374b23 | ITER: 87 END: OK
2019-12-29 22:12:08.886 190 INFO rally.task.runner [-] Task 86fbd751-d7dc-496e-8e1f-828bd2374b23 | ITER: 99 START
2019-12-29 22:12:08.888 183 INFO rally.task.runner [-] Task 86fbd751-d7dc-496e-8e1f-828bd2374b23 | ITER: 93 END: OK
2019-12-29 22:12:08.888 185 INFO rally.task.runner [-] Task 86fbd751-d7dc-496e-8e1f-828bd2374b23 | ITER: 100 START
2019-12-29 22:12:08.890 151 INFO rally.task.runner [-] Task 86fbd751-d7dc-496e-8e1f-828bd2374b23 | ITER: 78 END: OK
2019-12-29 22:12:08.890 141 INFO rally.task.runner [-] Task 86fbd751-d7dc-496e-8e1f-828bd2374b23 | ITER: 83 END: OK
2019-12-29 22:12:08.894 140 INFO rally.task.runner [-] Task 86fbd751-d7dc-496e-8e1f-828bd2374b23 | ITER: 79 END: OK
2019-12-29 22:12:08.899 163 INFO rally.task.runner [-] Task 86fbd751-d7dc-496e-8e1f-828bd2374b23 | ITER: 81 END: OK
2019-12-29 22:12:08.907 139 INFO rally.task.runner [-] Task 86fbd751-d7dc-496e-8e1f-828bd2374b23 | ITER: 85 END: OK
2019-12-29 22:12:08.908 184 INFO rally.task.runner [-] Task 86fbd751-d7dc-496e-8e1f-828bd2374b23 | ITER: 92 END: OK
2019-12-29 22:12:08.916 159 INFO rally.task.runner [-] Task 86fbd751-d7dc-496e-8e1f-828bd2374b23 | ITER: 86 END: OK
2019-12-29 22:12:08.933 172 INFO rally.task.runner [-] Task 86fbd751-d7dc-496e-8e1f-828bd2374b23 | ITER: 82 END: OK
2019-12-29 22:12:08.996 164 INFO rally.task.runner [-] Task 86fbd751-d7dc-496e-8e1f-828bd2374b23 | ITER: 89 END: OK
2019-12-29 22:12:09.003 167 INFO rally.task.runner [-] Task 86fbd751-d7dc-496e-8e1f-828bd2374b23 | ITER: 90 END: OK
2019-12-29 22:12:09.424 156 INFO rally.task.runner [-] Task 86fbd751-d7dc-496e-8e1f-828bd2374b23 | ITER: 91 END: OK
2019-12-29 22:12:10.141 175 INFO rally.task.runner [-] Task 86fbd751-d7dc-496e-8e1f-828bd2374b23 | ITER: 95 END: OK
2019-12-29 22:12:10.144 147 INFO rally.task.runner [-] Task 86fbd751-d7dc-496e-8e1f-828bd2374b23 | ITER: 98 END: OK
2019-12-29 22:12:10.418 177 INFO rally.task.runner [-] Task 86fbd751-d7dc-496e-8e1f-828bd2374b23 | ITER: 96 END: OK
2019-12-29 22:12:10.481 144 INFO rally.task.runner [-] Task 86fbd751-d7dc-496e-8e1f-828bd2374b23 | ITER: 94 END: OK
2019-12-29 22:12:10.825 190 INFO rally.task.runner [-] Task 86fbd751-d7dc-496e-8e1f-828bd2374b23 | ITER: 99 END: OK
2019-12-29 22:12:10.842 185 INFO rally.task.runner [-] Task 86fbd751-d7dc-496e-8e1f-828bd2374b23 | ITER: 100 END: OK
2019-12-29 22:12:11.387 153 INFO rally.task.runner [-] Task 86fbd751-d7dc-496e-8e1f-828bd2374b23 | ITER: 97 END: OK
2019-12-29 22:12:11.410 15 INFO rally.task.context [-] Task 86fbd751-d7dc-496e-8e1f-828bd2374b23 | Context cleanup@openstack cleanup() started
2019-12-29 22:12:11.414 15 RALLYDEBUG rally_openstack.cleanup.manager [-] Cleaning up neutron vip objects
2019-12-29 22:12:11.594 15 RALLYDEBUG rally_openstack.cleanup.manager [-] Cleaning up neutron health_monitor objects
2019-12-29 22:12:11.715 15 RALLYDEBUG rally_openstack.cleanup.manager [-] Cleaning up neutron pool objects
2019-12-29 22:12:11.826 15 RALLYDEBUG rally_openstack.cleanup.manager [-] Cleaning up neutron loadbalancer objects
2019-12-29 22:12:11.936 15 RALLYDEBUG rally_openstack.cleanup.manager [-] Cleaning up neutron floatingip objects
2019-12-29 22:12:12.128 15 RALLYDEBUG rally_openstack.cleanup.manager [-] Cleaning up neutron trunk objects
2019-12-29 22:12:12.261 15 RALLYDEBUG rally_openstack.cleanup.manager [-] Cleaning up neutron port objects
2019-12-29 22:12:12.421 15 RALLYDEBUG rally_openstack.cleanup.manager [-] Cleaning up neutron subnet objects
2019-12-29 22:12:12.676 15 RALLYDEBUG rally_openstack.cleanup.manager [-] Cleaning up neutron network objects
2019-12-29 22:12:13.145 15 RALLYDEBUG rally_openstack.cleanup.manager [-] Deleting neutron.network object s_rally_7855a8b7_T6kykrTh (008854a2-ab7a-4ad9-ab0c-3a7610a94e22)
2019-12-29 22:12:13.150 15 RALLYDEBUG rally_openstack.cleanup.manager [-] Deleting neutron.network object s_rally_7855a8b7_hRw2b3RB (04802eb5-6301-408e-9c38-e32d76a7d9ad)
2019-12-29 22:12:13.151 15 RALLYDEBUG rally_openstack.cleanup.manager [-] Deleting neutron.network object s_rally_7855a8b7_Psomirb6 (02e4eef6-a91a-4e4d-8092-48d9590132cd)
2019-12-29 22:12:13.155 15 RALLYDEBUG rally_openstack.cleanup.manager [-] Deleting neutron.network object s_rally_7855a8b7_Nq8qZig7 (008727bd-2964-49c8-bbd5-4b0c3f34fd65)
2019-12-29 22:12:13.155 15 RALLYDEBUG rally_openstack.cleanup.manager [-] Deleting neutron.network object s_rally_7855a8b7_rGT2r0n7 (017d3714-2d61-47d9-b6d6-a2fed3a6fd4f)
2019-12-29 22:12:13.155 15 RALLYDEBUG rally_openstack.cleanup.manager [-] Deleting neutron.network object s_rally_7855a8b7_YqWQydlX (07793c9f-53d9-47fa-aa1a-e7e52e225186)
2019-12-29 22:12:13.163 15 RALLYDEBUG rally_openstack.cleanup.manager [-] Deleting neutron.network object s_rally_7855a8b7_ovzD0TCl (07f27f00-da02-4c43-9fc4-ae0f0df54177)
2019-12-29 22:12:13.168 15 RALLYDEBUG rally_openstack.cleanup.manager [-] Deleting neutron.network object s_rally_7855a8b7_BpC1PTzw (08015d24-0b52-454e-b1ef-db8bc4881558)
2019-12-29 22:12:13.186 15 RALLYDEBUG rally_openstack.cleanup.manager [-] Deleting neutron.network object s_rally_7855a8b7_y2SvVRNj (0864817d-3c55-4360-a219-753a9b83d3b2)
2019-12-29 22:12:13.195 15 RALLYDEBUG rally_openstack.cleanup.manager [-] Deleting neutron.network object s_rally_7855a8b7_8zwvikVM (0accc431-e255-4726-8120-c4adc9f2d9c7)
2019-12-29 22:12:13.197 15 RALLYDEBUG rally_openstack.cleanup.manager [-] Deleting neutron.network object s_rally_7855a8b7_bUydIBcb (0b16684c-38da-479a-9075-b880022e3959)
2019-12-29 22:12:13.208 15 RALLYDEBUG rally_openstack.cleanup.manager [-] Deleting neutron.network object s_rally_7855a8b7_0ziFEhIJ (139b80a5-3db6-4590-9f0f-fafb1df05c6b)
2019-12-29 22:12:13.213 15 RALLYDEBUG rally_openstack.cleanup.manager [-] Deleting neutron.network object s_rally_7855a8b7_Q95q58gl (15d75764-fdaf-4f62-8bc6-a03192292cd2)
2019-12-29 22:12:13.221 15 RALLYDEBUG rally_openstack.cleanup.manager [-] Deleting neutron.network object s_rally_7855a8b7_wbx7LWHu (17c7d0cd-46d5-4ab8-b3ce-a5a9f44fd8e7)
2019-12-29 22:12:13.227 15 RALLYDEBUG rally_openstack.cleanup.manager [-] Deleting neutron.network object s_rally_7855a8b7_yVChg87g (17e4c8a6-4597-46ee-a9fb-3df345fbe61d)
2019-12-29 22:12:13.234 15 RALLYDEBUG rally_openstack.cleanup.manager [-] Deleting neutron.network object s_rally_7855a8b7_vk5D5GxN (195d3530-8196-4cc5-b702-9812f6f54568)
2019-12-29 22:12:13.244 15 RALLYDEBUG rally_openstack.cleanup.manager [-] Deleting neutron.network object s_rally_7855a8b7_LAYGkT8G (1e1a757b-b958-4768-81f3-94abbf2d1f0e)
2019-12-29 22:12:13.259 15 RALLYDEBUG rally_openstack.cleanup.manager [-] Deleting neutron.network object s_rally_7855a8b7_R11b5HkA (27cf73b4-53e2-4fd0-93a5-ee6408338bce)
2019-12-29 22:12:13.275 15 RALLYDEBUG rally_openstack.cleanup.manager [-] Deleting neutron.network object s_rally_7855a8b7_RamVH7Cn (280bbeb6-8584-4ec2-af0c-e99bdf46cc69)
2019-12-29 22:12:13.277 15 RALLYDEBUG rally_openstack.cleanup.manager [-] Deleting neutron.network object s_rally_7855a8b7_rl9GJyTK (284f5d67-e55c-487f-869e-d461214cf433)
2019-12-29 22:12:15.140 15 RALLYDEBUG rally_openstack.cleanup.manager [-] Deleting neutron.network object s_rally_7855a8b7_y5bjG7GE (2996ff7c-6bfa-4822-a24f-1911dcc84a78)
2019-12-29 22:12:15.143 15 RALLYDEBUG rally_openstack.cleanup.manager [-] Deleting neutron.network object s_rally_7855a8b7_7f9Lq80U (2c98756b-3e35-4675-b665-0237fed6cd42)
2019-12-29 22:12:15.152 15 RALLYDEBUG rally_openstack.cleanup.manager [-] Deleting neutron.network object s_rally_7855a8b7_ATcmopRY (2fc3fa71-4951-4d7a-9cde-2db2ef94feea)
2019-12-29 22:12:15.225 15 RALLYDEBUG rally_openstack.cleanup.manager [-] Deleting neutron.network object s_rally_7855a8b7_UkWt8O0h (30441b5f-826a-4d73-be5c-958c76894868)
2019-12-29 22:12:15.230 15 RALLYDEBUG rally_openstack.cleanup.manager [-] Deleting neutron.network object s_rally_7855a8b7_HpYA5MEu (35b067f1-7f15-40f0-a27f-9c194479a9cf)
2019-12-29 22:12:15.260 15 RALLYDEBUG rally_openstack.cleanup.manager [-] Deleting neutron.network object s_rally_7855a8b7_OR9u350J (36e38b3c-8f72-42d2-9a8e-7560e2aaea83)
2019-12-29 22:12:16.031 15 RALLYDEBUG rally_openstack.cleanup.manager [-] Deleting neutron.network object s_rally_7855a8b7_VjIqk8ZN (3744578e-f555-4f63-9e4d-b1aafd613fcb)
2019-12-29 22:12:16.436 15 RALLYDEBUG rally_openstack.cleanup.manager [-] Deleting neutron.network object s_rally_7855a8b7_9Fj2cg20 (38a9c7e6-e4ab-4cd3-b3c7-65da602fc631)
2019-12-29 22:12:16.440 15 RALLYDEBUG rally_openstack.cleanup.manager [-] Deleting neutron.network object s_rally_7855a8b7_aiwDIZb1 (39710695-690f-4779-b6f5-93a96e2c990a)
2019-12-29 22:12:16.590 15 RALLYDEBUG rally_openstack.cleanup.manager [-] Deleting neutron.network object s_rally_7855a8b7_CexZIlp3 (398272d3-de61-44df-9d60-34bf945386c1)
2019-12-29 22:12:16.603 15 RALLYDEBUG rally_openstack.cleanup.manager [-] Deleting neutron.network object s_rally_7855a8b7_re8gFmQv (39ec803c-e418-44d9-9505-b8758c57e84c)
2019-12-29 22:12:16.764 15 RALLYDEBUG rally_openstack.cleanup.manager [-] Deleting neutron.network object s_rally_7855a8b7_dnWJlwzu (3b19dae4-ed08-4d96-9e1e-552a70fb8090)
2019-12-29 22:12:16.960 15 RALLYDEBUG rally_openstack.cleanup.manager [-] Deleting neutron.network object s_rally_7855a8b7_aYFcCHNi (424730ad-280e-49ae-9006-88ebfe4b57c5)
2019-12-29 22:12:16.997 15 RALLYDEBUG rally_openstack.cleanup.manager [-] Deleting neutron.network object s_rally_7855a8b7_8gHJr7kK (424bd000-e223-49de-90b8-3ab6014c0c31)
2019-12-29 22:12:17.011 15 RALLYDEBUG rally_openstack.cleanup.manager [-] Deleting neutron.network object s_rally_7855a8b7_1ONVh9BZ (452904b4-21de-4f9a-a62e-96995f08dbfa)
2019-12-29 22:12:17.053 15 RALLYDEBUG rally_openstack.cleanup.manager [-] Deleting neutron.network object s_rally_7855a8b7_8S18IfbH (49696135-3c52-4675-b9f6-fe03259d6456)
2019-12-29 22:12:17.095 15 RALLYDEBUG rally_openstack.cleanup.manager [-] Deleting neutron.network object s_rally_7855a8b7_nhnCoBVh (4b98001d-ce06-485c-8e8a-91b164309d2f)
2019-12-29 22:12:17.265 15 RALLYDEBUG rally_openstack.cleanup.manager [-] Deleting neutron.network object s_rally_7855a8b7_aJzNUKJt (4c50414e-2c3e-4289-b10c-74fdc411f360)
2019-12-29 22:12:17.277 15 RALLYDEBUG rally_openstack.cleanup.manager [-] Deleting neutron.network object s_rally_7855a8b7_neHcMST3 (4eedaf69-bb95-4ee9-9869-a6130ac3f6b4)
2019-12-29 22:12:17.305 15 RALLYDEBUG rally_openstack.cleanup.manager [-] Deleting neutron.network object s_rally_7855a8b7_KTNcPD8u (4f493328-79cb-49ed-869c-b923e66cfe70)
2019-12-29 22:12:17.312 15 RALLYDEBUG rally_openstack.cleanup.manager [-] Deleting neutron.network object s_rally_7855a8b7_yrATCaMl (4fe7509a-c5bb-4943-ab8e-1640aff9ab2f)
2019-12-29 22:12:17.910 15 RALLYDEBUG rally_openstack.cleanup.manager [-] Deleting neutron.network object s_rally_7855a8b7_k2fc6eje (542ef37f-17d5-4a8c-8c42-3e150e798467)
2019-12-29 22:12:17.959 15 RALLYDEBUG rally_openstack.cleanup.manager [-] Deleting neutron.network object s_rally_7855a8b7_W1Js9HI5 (57d5ad66-9184-4889-bba5-b33500915c46)
2019-12-29 22:12:18.354 15 RALLYDEBUG rally_openstack.cleanup.manager [-] Deleting neutron.network object s_rally_7855a8b7_MnDemjww (5b9bb6eb-6ed2-4092-aea7-7f94b6a8e19d)
2019-12-29 22:12:18.370 15 RALLYDEBUG rally_openstack.cleanup.manager [-] Deleting neutron.network object s_rally_7855a8b7_vtifwIsM (5cf59781-57e0-4d1e-adb2-7e86a572eedd)
2019-12-29 22:12:18.534 15 RALLYDEBUG rally_openstack.cleanup.manager [-] Deleting neutron.network object s_rally_7855a8b7_FA2d5sn0 (5d8159be-5a54-4cae-8d77-4998daa8a056)
2019-12-29 22:12:18.536 15 RALLYDEBUG rally_openstack.cleanup.manager [-] Deleting neutron.network object s_rally_7855a8b7_jsUd2Bc5 (5e86a9c3-45d8-43de-bbbc-87d4f1cf036b)
2019-12-29 22:12:18.548 15 RALLYDEBUG rally_openstack.cleanup.manager [-] Deleting neutron.network object s_rally_7855a8b7_AQCzVaYZ (5f509f7f-58e3-4748-9742-158e3e1024e8)
2019-12-29 22:12:19.275 15 RALLYDEBUG rally_openstack.cleanup.manager [-] Deleting neutron.network object s_rally_7855a8b7_4XJnRxTW (6078671a-b5f9-4755-a962-a2fc899e99f6)
2019-12-29 22:12:19.433 15 RALLYDEBUG rally_openstack.cleanup.manager [-] Deleting neutron.network object s_rally_7855a8b7_RFuqj9y5 (635e8ca5-39f4-4b61-a90b-822df813a1c9)
2019-12-29 22:12:19.623 15 RALLYDEBUG rally_openstack.cleanup.manager [-] Deleting neutron.network object s_rally_7855a8b7_Uoz5194O (63a699a0-7a98-42a9-b93e-3776fe3913e1)
2019-12-29 22:12:19.639 15 RALLYDEBUG rally_openstack.cleanup.manager [-] Deleting neutron.network object s_rally_7855a8b7_hbojbA4h (64d64691-acaf-4134-8490-ce5fd3e61882)
2019-12-29 22:12:19.745 15 RALLYDEBUG rally_openstack.cleanup.manager [-] Deleting neutron.network object s_rally_7855a8b7_XV31yiwy (68abc0ba-23b3-48c5-98cb-66c06631f029)
2019-12-29 22:12:19.748 15 RALLYDEBUG rally_openstack.cleanup.manager [-] Deleting neutron.network object s_rally_7855a8b7_V5P86igw (69d0baa6-dc5b-4b92-bede-e592ca2811e4)
2019-12-29 22:12:19.752 15 RALLYDEBUG rally_openstack.cleanup.manager [-] Deleting neutron.network object s_rally_7855a8b7_o3qChJWY (6b39a80c-1b34-4d28-9ad6-2ccfe95404be)
2019-12-29 22:12:19.805 15 RALLYDEBUG rally_openstack.cleanup.manager [-] Deleting neutron.network object s_rally_7855a8b7_0sly2qw2 (6d263b79-8273-44c9-be4d-565a8aef9f3e)
2019-12-29 22:12:19.885 15 RALLYDEBUG rally_openstack.cleanup.manager [-] Deleting neutron.network object s_rally_7855a8b7_siErV3dV (7a1460c7-eb53-4961-998b-3858256125d9)
2019-12-29 22:12:19.966 15 RALLYDEBUG rally_openstack.cleanup.manager [-] Deleting neutron.network object s_rally_7855a8b7_9uGU32hL (7a71428e-4711-4e30-8ef4-bbbec42e7a27)
2019-12-29 22:12:20.021 15 RALLYDEBUG rally_openstack.cleanup.manager [-] Deleting neutron.network object s_rally_7855a8b7_ao6tC2QL (7b2710ca-143c-4df9-8674-de446462ecce)
2019-12-29 22:12:20.186 15 RALLYDEBUG rally_openstack.cleanup.manager [-] Deleting neutron.network object s_rally_7855a8b7_GT09raol (7b4551bf-2843-43e7-8af0-87bbc1b6763d)
2019-12-29 22:12:20.196 15 RALLYDEBUG rally_openstack.cleanup.manager [-] Deleting neutron.network object s_rally_7855a8b7_7mHOOS7f (7fa7aa01-7783-4f38-9f38-c5685d992c96)
2019-12-29 22:12:20.460 15 RALLYDEBUG rally_openstack.cleanup.manager [-] Deleting neutron.network object s_rally_7855a8b7_DtKwvlS4 (807e822a-0d1a-46b0-83ef-ff14be66cce1)
2019-12-29 22:12:20.664 15 RALLYDEBUG rally_openstack.cleanup.manager [-] Deleting neutron.network object s_rally_7855a8b7_GIa1iFlR (83b29981-b180-4e8d-9a97-cc439f17c78f)
2019-12-29 22:12:20.668 15 RALLYDEBUG rally_openstack.cleanup.manager [-] Deleting neutron.network object s_rally_7855a8b7_y3KFIDRk (842a6b39-9f70-4d83-bf3a-1361e5ef6a64)
2019-12-29 22:12:20.978 15 RALLYDEBUG rally_openstack.cleanup.manager [-] Deleting neutron.network object s_rally_7855a8b7_AKk66W94 (86b43b6c-f89c-4283-ae2b-bb1e3ef16a18)
2019-12-29 22:12:21.124 15 RALLYDEBUG rally_openstack.cleanup.manager [-] Deleting neutron.network object s_rally_7855a8b7_kcET0wWC (881023c8-f3fc-42e9-a6f8-b4cfb836b1a3)
2019-12-29 22:12:21.286 15 RALLYDEBUG rally_openstack.cleanup.manager [-] Deleting neutron.network object s_rally_7855a8b7_GfD27OEu (8eaef170-b93c-4bc3-a688-918f7386da72)
2019-12-29 22:12:21.432 15 RALLYDEBUG rally_openstack.cleanup.manager [-] Deleting neutron.network object s_rally_7855a8b7_9K7NXyuR (90cbe1f1-4a2f-46c3-bd44-bbcf3de87b33)
2019-12-29 22:12:21.458 15 RALLYDEBUG rally_openstack.cleanup.manager [-] Deleting neutron.network object s_rally_7855a8b7_uJnCVm9X (9304d614-b795-4b59-882c-73ad68d2fc64)
2019-12-29 22:12:21.764 15 RALLYDEBUG rally_openstack.cleanup.manager [-] Deleting neutron.network object s_rally_7855a8b7_D0tO4Lpq (93828a18-d38a-4698-b4a5-e33796d11bfb)
2019-12-29 22:12:21.764 15 RALLYDEBUG rally_openstack.cleanup.manager [-] Deleting neutron.network object s_rally_7855a8b7_UqdLSp0y (936d15eb-f08f-4fe5-a766-998c6da67c7d)
2019-12-29 22:12:21.794 15 RALLYDEBUG rally_openstack.cleanup.manager [-] Deleting neutron.network object s_rally_7855a8b7_jMi9fVXp (93c9d0cf-6a1f-476f-8135-96aef9ad7ed5)
2019-12-29 22:12:21.906 15 RALLYDEBUG rally_openstack.cleanup.manager [-] Deleting neutron.network object s_rally_7855a8b7_d5felD5e (9d3c7e68-6609-4fd2-93d9-d3adefb0a0b1)
2019-12-29 22:12:22.091 15 RALLYDEBUG rally_openstack.cleanup.manager [-] Deleting neutron.network object s_rally_7855a8b7_yADbAIMk (9edab5a0-93cf-4181-92a0-1ff20360ef7c)
2019-12-29 22:12:22.126 15 RALLYDEBUG rally_openstack.cleanup.manager [-] Deleting neutron.network object s_rally_7855a8b7_CNQ5348u (9f26f9c9-b3c2-4ffa-89b9-0e04c04573e0)
2019-12-29 22:12:22.397 15 RALLYDEBUG rally_openstack.cleanup.manager [-] Deleting neutron.network object s_rally_7855a8b7_UvuUZpbJ (a3185df2-5bad-44f4-bdd3-161e2a2f1490)
2019-12-29 22:12:22.555 15 RALLYDEBUG rally_openstack.cleanup.manager [-] Deleting neutron.network object s_rally_7855a8b7_Kduk5RJ7 (a33f1ad1-7720-4c62-b719-97f5ef5fb15f)
2019-12-29 22:12:22.568 15 RALLYDEBUG rally_openstack.cleanup.manager [-] Deleting neutron.network object s_rally_7855a8b7_NM5p2X6m (b00546f7-de62-4457-b6bc-e2c62a95165b)
2019-12-29 22:12:22.750 15 RALLYDEBUG rally_openstack.cleanup.manager [-] Deleting neutron.network object s_rally_7855a8b7_MW85GdN9 (b77e6ceb-af45-4b53-8b2d-e7b68859ea71)
2019-12-29 22:12:22.895 15 RALLYDEBUG rally_openstack.cleanup.manager [-] Deleting neutron.network object s_rally_7855a8b7_WjJ6P04z (b8417c0c-b3d5-4040-beb2-312cc0a24533)
2019-12-29 22:12:23.036 15 RALLYDEBUG rally_openstack.cleanup.manager [-] Deleting neutron.network object s_rally_7855a8b7_0MXINqSk (c3623530-d863-4369-8dd4-5c55fe60dc66)
2019-12-29 22:12:23.040 15 RALLYDEBUG rally_openstack.cleanup.manager [-] Deleting neutron.network object s_rally_7855a8b7_avyMNXRm (c3708d8b-5347-4d44-8e3a-abeb25508cae)
