2019-12-29 22:12:49.517 725 DEBUG novaclient.v2.client [-] RESP BODY: {"flavors": [{"name": "m1.tiny", "links": [{"href": "http://172.30.13.91/compute/v2.1/flavors/1", "rel": "self"}, {"href": "http://172.30.13.91/compute/flavors/1", "rel": "bookmark"}], "ram": 512, "OS-FLV-DISABLED:disabled": false, "vcpus": 1, "swap": "", "os-flavor-access:is_public": true, "rxtx_factor": 1.0, "OS-FLV-EXT-DATA:ephemeral": 0, "disk": 1, "id": "1"}, {"name": "m1.small", "links": [{"href": "http://172.30.13.91/compute/v2.1/flavors/2", "rel": "self"}, {"href": "http://172.30.13.91/compute/flavors/2", "rel": "bookmark"}], "ram": 2048, "OS-FLV-DISABLED:disabled": false, "vcpus": 1, "swap": "", "os-flavor-access:is_public": true, "rxtx_factor": 1.0, "OS-FLV-EXT-DATA:ephemeral": 0, "disk": 20, "id": "2"}, {"name": "rally_jobs-flavor_alt_8dee2c1e-59f8-4687-b548-7369693d1d70", "links": [{"href": "http://172.30.13.91/compute/v2.1/flavors/2b1e6ec9-0499-4bfe-98c9-f4235ce97563", "rel": "self"}, {"href": "http://172.30.13.91/compute/flavors/2b1e6ec9-0499-4bfe-98c9-f4235ce97563", "rel": "bookmark"}], "ram": 1024, "OS-FLV-DISABLED:disabled": false, "vcpus": 1, "swap": "", "os-flavor-access:is_public": true, "rxtx_factor": 1.0, "OS-FLV-EXT-DATA:ephemeral": 0, "disk": 1, "id": "2b1e6ec9-0499-4bfe-98c9-f4235ce97563"}, {"name": "m1.medium", "links": [{"href": "http://172.30.13.91/compute/v2.1/flavors/3", "rel": "self"}, {"href": "http://172.30.13.91/compute/flavors/3", "rel": "bookmark"}], "ram": 4096, "OS-FLV-DISABLED:disabled": false, "vcpus": 2, "swap": "", "os-flavor-access:is_public": true, "rxtx_factor": 1.0, "OS-FLV-EXT-DATA:ephemeral": 0, "disk": 40, "id": "3"}, {"name": "m1.large", "links": [{"href": "http://172.30.13.91/compute/v2.1/flavors/4", "rel": "self"}, {"href": "http://172.30.13.91/compute/flavors/4", "rel": "bookmark"}], "ram": 8192, "OS-FLV-DISABLED:disabled": false, "vcpus": 4, "swap": "", "os-flavor-access:is_public": true, "rxtx_factor": 1.0, "OS-FLV-EXT-DATA:ephemeral": 0, "disk": 80, "id": "4"}, {"name": "m1.nano", "links": [{"href": "http://172.30.13.91/compute/v2.1/flavors/42", "rel": "self"}, {"href": "http://172.30.13.91/compute/flavors/42", "rel": "bookmark"}], "ram": 64, "OS-FLV-DISABLED:disabled": false, "vcpus": 1, "swap": "", "os-flavor-access:is_public": true, "rxtx_factor": 1.0, "OS-FLV-EXT-DATA:ephemeral": 0, "disk": 1, "id": "42"}, {"name": "m1.xlarge", "links": [{"href": "http://172.30.13.91/compute/v2.1/flavors/5", "rel": "self"}, {"href": "http://172.30.13.91/compute/flavors/5", "rel": "bookmark"}], "ram": 16384, "OS-FLV-DISABLED:disabled": false, "vcpus": 8, "swap": "", "os-flavor-access:is_public": true, "rxtx_factor": 1.0, "OS-FLV-EXT-DATA:ephemeral": 0, "disk": 160, "id": "5"}, {"name": "rally_jobs-flavor_8dee2c1e-59f8-4687-b548-7369693d1d70", "links": [{"href": "http://172.30.13.91/compute/v2.1/flavors/6a16bfb6-3d03-4767-b47f-191466a1febb", "rel": "self"}, {"href": "http://172.30.13.91/compute/flavors/6a16bfb6-3d03-4767-b47f-191466a1febb", "rel": "bookmark"}], "ram": 512, "OS-FLV-DISABLED:disabled": false, "vcpus": 1, "swap": "", "os-flavor-access:is_public": true, "rxtx_factor": 1.0, "OS-FLV-EXT-DATA:ephemeral": 0, "disk": 1, "id": "6a16bfb6-3d03-4767-b47f-191466a1febb"}, {"name": "m1.micro", "links": [{"href": "http://172.30.13.91/compute/v2.1/flavors/84", "rel": "self"}, {"href": "http://172.30.13.91/compute/flavors/84", "rel": "bookmark"}], "ram": 128, "OS-FLV-DISABLED:disabled": false, "vcpus": 1, "swap": "", "os-flavor-access:is_public": true, "rxtx_factor": 1.0, "OS-FLV-EXT-DATA:ephemeral": 0, "disk": 1, "id": "84"}, {"name": "rally_full-flavor_25a42968-1720-49e4-9333-2a3d65640b36", "links": [{"href": "http://172.30.13.91/compute/v2.1/flavors/9b5813d5-8b36-4818-a60b-cccdd690390e", "rel": "self"}, {"href": "http://172.30.13.91/compute/flavors/9b5813d5-8b36-4818-a60b-cccdd690390e", "rel": "bookmark"}], "ram": 512, "OS-FLV-DISABLED:disabled": false, "vcpus": 1, "swap": "", "os-flavor-access:is_public": true, "rxtx_factor": 1.0, "OS-FLV-EXT-DATA:ephemeral": 0, "disk": 1, "id": "9b5813d5-8b36-4818-a60b-cccdd690390e"}, {"name": "cirros256", "links": [{"href": "http://172.30.13.91/compute/v2.1/flavors/c1", "rel": "self"}, {"href": "http://172.30.13.91/compute/flavors/c1", "rel": "bookmark"}], "ram": 256, "OS-FLV-DISABLED:disabled": false, "vcpus": 1, "swap": "", "os-flavor-access:is_public": true, "rxtx_factor": 1.0, "OS-FLV-EXT-DATA:ephemeral": 0, "disk": 0, "id": "c1"}, {"name": "rally_full-flavor_alt_25a42968-1720-49e4-9333-2a3d65640b36", "links": [{"href": "http://172.30.13.91/compute/v2.1/flavors/ce4f587d-3a89-497b-96f1-76e502bca6a6", "rel": "self"}, {"href": "http://172.30.13.91/compute/flavors/ce4f587d-3a89-497b-96f1-76e502bca6a6", "rel": "bookmark"}], "ram": 1024, "OS-FLV-DISABLED:disabled": false, "vcpus": 1, "swap": "", "os-flavor-access:is_public": true, "rxtx_factor": 1.0, "OS-FLV-EXT-DATA:ephemeral": 0, "disk": 1, "id": "ce4f587d-3a89-497b-96f1-76e502bca6a6"}, {"name": "ds512M", "links": [{"href": "http://172.30.13.91/compute/v2.1/flavors/d1", "rel": "self"}, {"href": "http://172.30.13.91/compute/flavors/d1", "rel": "bookmark"}], "ram": 512, "OS-FLV-DISABLED:disabled": false, "vcpus": 1, "swap": "", "os-flavor-access:is_public": true, "rxtx_factor": 1.0, "OS-FLV-EXT-DATA:ephemeral": 0, "disk": 5, "id": "d1"}, {"name": "ds1G", "links": [{"href": "http://172.30.13.91/compute/v2.1/flavors/d2", "rel": "self"}, {"href": "http://172.30.13.91/compute/flavors/d2", "rel": "bookmark"}], "ram": 1024, "OS-FLV-DISABLED:disabled": false, "vcpus": 1, "swap": "", "os-flavor-access:is_public": true, "rxtx_factor": 1.0, "OS-FLV-EXT-DATA:ephemeral": 0, "disk": 10, "id": "d2"}, {"name": "ds2G", "links": [{"href": "http://172.30.13.91/compute/v2.1/flavors/d3", "rel": "self"}, {"href": "http://172.30.13.91/compute/flavors/d3", "rel": "bookmark"}], "ram": 2048, "OS-FLV-DISABLED:disabled": false, "vcpus": 2, "swap": "", "os-flavor-access:is_public": true, "rxtx_factor": 1.0, "OS-FLV-EXT-DATA:ephemeral": 0, "disk": 10, "id": "d3"}, {"name": "ds4G", "links": [{"href": "http://172.30.13.91/compute/v2.1/flavors/d4", "rel": "self"}, {"href": "http://172.30.13.91/compute/flavors/d4", "rel": "bookmark"}], "ram": 4096, "OS-FLV-DISABLED:disabled": false, "vcpus": 4, "swap": "", "os-flavor-access:is_public": true, "rxtx_factor": 1.0, "OS-FLV-EXT-DATA:ephemeral": 0, "disk": 20, "id": "d4"}]} _http_log_response /usr/lib/python2.7/site-packages/keystoneauth1/session.py:511
2019-12-29 22:12:49.517 725 DEBUG novaclient.v2.client [-] GET call to compute for http://172.30.13.91/compute/v2.1/flavors/detail used request id req-2ada77b2-71e7-43e9-8d35-e88d06f22a21 request /usr/lib/python2.7/site-packages/keystoneauth1/session.py:844
2019-12-29 22:12:49.654 725 DEBUG novaclient.v2.client [-] REQ: curl -g -i -X GET http://172.30.13.91/compute/v2.1/flavors/9b5813d5-8b36-4818-a60b-cccdd690390e -H "Accept: application/json" -H "User-Agent: python-novaclient" -H "X-Auth-Token: {SHA1}0b82e9d516b18a463ba92cc166d7f9dae6452a88" _http_log_request /usr/lib/python2.7/site-packages/keystoneauth1/session.py:448
2019-12-29 22:12:50.049 725 DEBUG novaclient.v2.client [-] RESP: [200] Connection: close Content-Length: 516 Content-Type: application/json Date: Sun, 29 Dec 2019 22:12:49 GMT OpenStack-API-Version: compute 2.1 Server: Apache/2.4.18 (Ubuntu) Vary: OpenStack-API-Version,X-OpenStack-Nova-API-Version X-OpenStack-Nova-API-Version: 2.1 x-compute-request-id: req-0b433aca-556d-4dd4-9e8a-3491a240d5d1 x-openstack-request-id: req-0b433aca-556d-4dd4-9e8a-3491a240d5d1 _http_log_response /usr/lib/python2.7/site-packages/keystoneauth1/session.py:479
2019-12-29 22:12:50.050 725 DEBUG novaclient.v2.client [-] RESP BODY: {"flavor": {"name": "rally_full-flavor_25a42968-1720-49e4-9333-2a3d65640b36", "links": [{"href": "http://172.30.13.91/compute/v2.1/flavors/9b5813d5-8b36-4818-a60b-cccdd690390e", "rel": "self"}, {"href": "http://172.30.13.91/compute/flavors/9b5813d5-8b36-4818-a60b-cccdd690390e", "rel": "bookmark"}], "ram": 512, "OS-FLV-DISABLED:disabled": false, "vcpus": 1, "swap": "", "os-flavor-access:is_public": true, "rxtx_factor": 1.0, "OS-FLV-EXT-DATA:ephemeral": 0, "disk": 1, "id": "9b5813d5-8b36-4818-a60b-cccdd690390e"}} _http_log_response /usr/lib/python2.7/site-packages/keystoneauth1/session.py:511
2019-12-29 22:12:50.050 725 DEBUG novaclient.v2.client [-] GET call to compute for http://172.30.13.91/compute/v2.1/flavors/9b5813d5-8b36-4818-a60b-cccdd690390e used request id req-0b433aca-556d-4dd4-9e8a-3491a240d5d1 request /usr/lib/python2.7/site-packages/keystoneauth1/session.py:844
2019-12-29 22:12:50.473 725 INFO rally.task.context [-] Task a78fd81a-b8d6-4452-8d36-47e18f36d26d | Context users@openstack cleanup() started
2019-12-29 22:12:51.988 725 INFO rally.task.context [-] Task a78fd81a-b8d6-4452-8d36-47e18f36d26d | Context users@openstack cleanup() finished in 1.52 sec
2019-12-29 22:12:51.989 725 INFO rally.task.engine [-] Task a78fd81a-b8d6-4452-8d36-47e18f36d26d | Completed: Task validation of semantic.
2019-12-29 22:12:51.989 725 INFO rally.task.engine [-] Task a78fd81a-b8d6-4452-8d36-47e18f36d26d | Completed: Task validation.
2019-12-29 22:12:51.989 725 INFO rally.api [-] Task a78fd81a-b8d6-4452-8d36-47e18f36d26d input file is valid.
2019-12-29 22:12:51.989 725 INFO rally.api [-] Run Task a78fd81a-b8d6-4452-8d36-47e18f36d26d against Deployment f9b6a18c-e33e-4a3f-91a3-974b5fecdb35
2019-12-29 22:12:51.990 725 INFO rally.task.engine [-] Task a78fd81a-b8d6-4452-8d36-47e18f36d26d | Starting: Running task.
2019-12-29 22:12:52.021 725 INFO rally.task.engine [-] Running workload: position = 0 config = { "version": 2, "title": "A cropped version of a bigger task.", "description": "Auto-generated task from a single workload (uuid=484bdfbc-6446-462d-8827-2610afbe89ff)", "subtasks": [ { "title": "GlanceImages.create_and_delete_image", "description": "Create and then delete an image.", "scenario": { "GlanceImages.create_and_delete_image": { "container_format": "bare", "disk_format": "qcow2", "image_location": "/home/opnfv/functest/images/cirros-0.4.0-x86_64-disk.img" } }, "contexts": { "users": { "tenants": 3, "users_per_tenant": 2 } }, "runner": { "constant": { "concurrency": 4, "times": 10 } }, "hooks": [], "sla": { "failure_rate": { "max": 0 } } } ] }
2019-12-29 22:12:52.039 725 RALLYDEBUG rally_openstack.contexts.keystone.users [-] Creating 3 tenants using 20 threads
2019-12-29 22:12:52.474 725 RALLYDEBUG rally_openstack.contexts.keystone.users [-] Creating 6 users using 20 threads
2019-12-29 22:12:53.126 725 INFO rally.task.context [-] Task a78fd81a-b8d6-4452-8d36-47e18f36d26d | Context users@openstack setup() finished in 1.09 sec
2019-12-29 22:12:53.127 725 INFO rally.task.context [-] Task a78fd81a-b8d6-4452-8d36-47e18f36d26d | Context cleanup@openstack setup() finished in 0.00 msec
2019-12-29 22:12:53.135 725 RALLYDEBUG rally.task.runner [-] Starting the constant runner (task UUID: a78fd81a-b8d6-4452-8d36-47e18f36d26d). timeout: 0 concurrency: 4 concurrency_per_worker: 1 times: 10 concurrency_overhead: 0 processes_to_start: 4 max_cpu_used: 88
2019-12-29 22:12:53.144 849 RALLYDEBUG rally.task.runner [-] Starting a worker. concurrency: 1 args: {"container_format": "bare", "disk_format": "qcow2", "image_location": "/home/opnfv/functest/images/cirros-0.4.0-x86_64-disk.img"} times: 10 method_name: run timeout: 0 duration: None cls:
2019-12-29 22:12:53.148 849 INFO rally.task.runner [-] Task a78fd81a-b8d6-4452-8d36-47e18f36d26d | ITER: 1 START
2019-12-29 22:12:53.148 850 RALLYDEBUG rally.task.runner [-] Starting a worker. concurrency: 1 args: {"container_format": "bare", "disk_format": "qcow2", "image_location": "/home/opnfv/functest/images/cirros-0.4.0-x86_64-disk.img"} times: 10 method_name: run timeout: 0 duration: None cls:
2019-12-29 22:12:53.149 851 RALLYDEBUG rally.task.runner [-] Starting a worker. concurrency: 1 args: {"container_format": "bare", "disk_format": "qcow2", "image_location": "/home/opnfv/functest/images/cirros-0.4.0-x86_64-disk.img"} times: 10 method_name: run timeout: 0 duration: None cls:
2019-12-29 22:12:53.153 851 INFO rally.task.runner [-] Task a78fd81a-b8d6-4452-8d36-47e18f36d26d | ITER: 3 START
2019-12-29 22:12:53.153 850 INFO rally.task.runner [-] Task a78fd81a-b8d6-4452-8d36-47e18f36d26d | ITER: 2 START
2019-12-29 22:12:53.154 854 RALLYDEBUG rally.task.runner [-] Starting a worker. concurrency: 1 args: {"container_format": "bare", "disk_format": "qcow2", "image_location": "/home/opnfv/functest/images/cirros-0.4.0-x86_64-disk.img"} times: 10 method_name: run timeout: 0 duration: None cls:
2019-12-29 22:12:53.159 854 INFO rally.task.runner [-] Task a78fd81a-b8d6-4452-8d36-47e18f36d26d | ITER: 4 START
2019-12-29 22:12:55.582 851 RALLYDEBUG rally.task.utils [-] Waiting for resource u'2f92cd98-a3d3-4870-8c54-45ca901cbf59'. Status changed: NONE => QUEUED in 0.0399479866028
2019-12-29 22:12:55.585 850 RALLYDEBUG rally.task.utils [-] Waiting for resource u'31589e73-21f0-441b-a73c-6590514a3c3e'. Status changed: NONE => QUEUED in 0.0442581176758
2019-12-29 22:12:55.612 849 RALLYDEBUG rally.task.utils [-] Waiting for resource u'aa0b1849-98f3-40a7-9e8b-c9b9eabd2cb0'. Status changed: NONE => QUEUED in 0.0348842144012
2019-12-29 22:12:55.640 854 RALLYDEBUG rally.task.utils [-] Waiting for resource u'a14b4dc0-f005-4266-984c-d9a764533c27'. Status changed: NONE => QUEUED in 0.0386400222778
2019-12-29 22:12:56.614 850 RALLYDEBUG rally.task.utils [-] Waiting for resource s_rally_484bdfbc_aNJV1pVI. Status changed: QUEUED => ACTIVE in 0.0274558067322
2019-12-29 22:12:56.620 854 RALLYDEBUG rally.task.utils [-] Waiting for resource s_rally_484bdfbc_2GUpiLnf. Status changed: QUEUED => ACTIVE in 0.022665977478
2019-12-29 22:12:56.621 849 RALLYDEBUG rally.task.utils [-] Waiting for resource s_rally_484bdfbc_xd2g3yVf. Status changed: QUEUED => ACTIVE in 0.0245649814606
2019-12-29 22:12:56.626 851 RALLYDEBUG rally.task.utils [-] Waiting for resource s_rally_484bdfbc_K6IXkDAj. Status changed: QUEUED => ACTIVE in 0.0259358882904
2019-12-29 22:12:57.606 854 INFO rally.task.runner [-] Task a78fd81a-b8d6-4452-8d36-47e18f36d26d | ITER: 4 END: OK
2019-12-29 22:12:57.610 854 INFO rally.task.runner [-] Task a78fd81a-b8d6-4452-8d36-47e18f36d26d | ITER: 5 START
2019-12-29 22:12:57.613 850 INFO rally.task.runner [-] Task a78fd81a-b8d6-4452-8d36-47e18f36d26d | ITER: 2 END: OK
2019-12-29 22:12:57.617 850 INFO rally.task.runner [-] Task a78fd81a-b8d6-4452-8d36-47e18f36d26d | ITER: 6 START
2019-12-29 22:12:57.619 849 INFO rally.task.runner [-] Task a78fd81a-b8d6-4452-8d36-47e18f36d26d | ITER: 1 END: OK
2019-12-29 22:12:57.623 849 INFO rally.task.runner [-] Task a78fd81a-b8d6-4452-8d36-47e18f36d26d | ITER: 7 START
2019-12-29 22:12:57.624 851 INFO rally.task.runner [-] Task a78fd81a-b8d6-4452-8d36-47e18f36d26d | ITER: 3 END: OK
2019-12-29 22:12:57.628 851 INFO rally.task.runner [-] Task a78fd81a-b8d6-4452-8d36-47e18f36d26d | ITER: 8 START
2019-12-29 22:12:59.914 849 RALLYDEBUG rally.task.utils [-] Waiting for resource u'393b5dbf-97db-4c1c-b340-09275fd0e867'. Status changed: NONE => QUEUED in 0.0495941638947
2019-12-29 22:12:59.936 851 RALLYDEBUG rally.task.utils [-] Waiting for resource u'74eff56e-603a-4f4f-b487-8dfe049b6499'. Status changed: NONE => QUEUED in 0.0438179969788
2019-12-29 22:13:00.038 854 RALLYDEBUG rally.task.utils [-] Waiting for resource u'01391754-3c00-4bda-b3ae-e665a7fb14f6'. Status changed: NONE => QUEUED in 0.0411670207977
2019-12-29 22:13:00.039 850 RALLYDEBUG rally.task.utils [-] Waiting for resource u'd7b614f4-62c7-4b50-a488-b8b16f6edc12'. Status changed: NONE => QUEUED in 0.0401191711426
2019-12-29 22:13:00.613 854 RALLYDEBUG rally.task.utils [-] Waiting for resource s_rally_484bdfbc_vRoCj5MI. Status changed: QUEUED => ACTIVE in 0.0274188518524
2019-12-29 22:13:00.615 850 RALLYDEBUG rally.task.utils [-] Waiting for resource s_rally_484bdfbc_eoky0Y69. Status changed: QUEUED => ACTIVE in 0.0293078422546
2019-12-29 22:13:00.615 849 RALLYDEBUG rally.task.utils [-] Waiting for resource s_rally_484bdfbc_h2mtmbDx. Status changed: QUEUED => ACTIVE in 0.0277209281921
2019-12-29 22:13:00.626 851 RALLYDEBUG rally.task.utils [-] Waiting for resource s_rally_484bdfbc_Qmx6TIEW. Status changed: QUEUED => ACTIVE in 0.0252730846405
2019-12-29 22:13:01.611 851 INFO rally.task.runner [-] Task a78fd81a-b8d6-4452-8d36-47e18f36d26d | ITER: 8 END: OK
2019-12-29 22:13:01.611 854 INFO rally.task.runner [-] Task a78fd81a-b8d6-4452-8d36-47e18f36d26d | ITER: 5 END: OK
2019-12-29 22:13:01.614 849 INFO rally.task.runner [-] Task a78fd81a-b8d6-4452-8d36-47e18f36d26d | ITER: 7 END: OK
2019-12-29 22:13:01.614 854 INFO rally.task.runner [-] Task a78fd81a-b8d6-4452-8d36-47e18f36d26d | ITER: 10 START
2019-12-29 22:13:01.614 851 INFO rally.task.runner [-] Task a78fd81a-b8d6-4452-8d36-47e18f36d26d | ITER: 9 START
2019-12-29 22:13:01.617 850 INFO rally.task.runner [-] Task a78fd81a-b8d6-4452-8d36-47e18f36d26d | ITER: 6 END: OK
2019-12-29 22:13:04.042 851 RALLYDEBUG rally.task.utils [-] Waiting for resource u'153d6782-ee43-4df9-9ad3-c004dc444e20'. Status changed: NONE => QUEUED in 0.0362539291382
2019-12-29 22:13:04.043 854 RALLYDEBUG rally.task.utils [-] Waiting for resource u'b4463b29-0273-441b-bd8b-d4524737529e'. Status changed: NONE => QUEUED in 0.0416851043701
2019-12-29 22:13:04.614 851 RALLYDEBUG rally.task.utils [-] Waiting for resource s_rally_484bdfbc_byc5SJ1U. Status changed: QUEUED => ACTIVE in 0.0285968780518
2019-12-29 22:13:04.616 854 RALLYDEBUG rally.task.utils [-] Waiting for resource s_rally_484bdfbc_HXMLL7cA. Status changed: QUEUED => ACTIVE in 0.0248248577118
2019-12-29 22:13:05.591 851 INFO rally.task.runner [-] Task a78fd81a-b8d6-4452-8d36-47e18f36d26d | ITER: 9 END: OK
2019-12-29 22:13:05.591 854 INFO rally.task.runner [-] Task a78fd81a-b8d6-4452-8d36-47e18f36d26d | ITER: 10 END: OK
2019-12-29 22:13:05.610 725 INFO rally.task.context [-] Task a78fd81a-b8d6-4452-8d36-47e18f36d26d | Context cleanup@openstack cleanup() started
2019-12-29 22:13:05.612 725 RALLYDEBUG rally_openstack.cleanup.manager [-] Cleaning up glance images objects
2019-12-29 22:13:06.375 725 INFO rally.task.context [-] Task a78fd81a-b8d6-4452-8d36-47e18f36d26d | Context cleanup@openstack cleanup() finished in 0.77 sec
2019-12-29 22:13:06.375 725 INFO rally.task.context [-] Task a78fd81a-b8d6-4452-8d36-47e18f36d26d | Context users@openstack cleanup() started
2019-12-29 22:13:09.116 725 INFO rally.task.context [-] Task a78fd81a-b8d6-4452-8d36-47e18f36d26d | Context users@openstack cleanup() finished in 2.74 sec
2019-12-29 22:13:10.113 725 INFO rally.task.engine [-] Load duration is: 12.229182
2019-12-29 22:13:10.113 725 INFO rally.task.engine [-] Full runner duration is: 12.475402
2019-12-29 22:13:10.114 725 INFO rally.task.engine [-] Full duration is: 17.07904
2019-12-29 22:13:10.161 725 INFO rally.task.engine [-] Running workload: position = 0 config = { "version": 2, "title": "A cropped version of a bigger task.", "description": "Auto-generated task from a single workload (uuid=501e24c7-db1c-4aef-83b3-15d97f16c8ba)", "subtasks": [ { "title": "GlanceImages.create_and_list_image", "description": "Create an image and then list all images.", "scenario": { "GlanceImages.create_and_list_image": { "container_format": "bare", "disk_format": "qcow2", "image_location": "/home/opnfv/functest/images/cirros-0.4.0-x86_64-disk.img" } }, "contexts": { "users": { "tenants": 3, "users_per_tenant": 2 } }, "runner": { "constant": { "concurrency": 4, "times": 10 } }, "hooks": [], "sla": { "failure_rate": { "max": 0 } } } ] }
2019-12-29 22:13:10.180 725 RALLYDEBUG rally_openstack.contexts.keystone.users [-] Creating 3 tenants using 20 threads
2019-12-29 22:13:10.657 725 RALLYDEBUG rally_openstack.contexts.keystone.users [-] Creating 6 users using 20 threads
2019-12-29 22:13:11.298 725 INFO rally.task.context [-] Task a78fd81a-b8d6-4452-8d36-47e18f36d26d | Context users@openstack setup() finished in 1.12 sec
2019-12-29 22:13:11.298 725 INFO rally.task.context [-] Task a78fd81a-b8d6-4452-8d36-47e18f36d26d | Context cleanup@openstack setup() finished in 0.00 msec
2019-12-29 22:13:11.304 725 RALLYDEBUG rally.task.runner [-] Starting the constant runner (task UUID: a78fd81a-b8d6-4452-8d36-47e18f36d26d). timeout: 0 concurrency: 4 concurrency_per_worker: 1 times: 10 concurrency_overhead: 0 processes_to_start: 4 max_cpu_used: 88
2019-12-29 22:13:11.312 973 RALLYDEBUG rally.task.runner [-] Starting a worker. concurrency: 1 args: {"container_format": "bare", "disk_format": "qcow2", "image_location": "/home/opnfv/functest/images/cirros-0.4.0-x86_64-disk.img"} times: 10 method_name: run timeout: 0 duration: None cls:
2019-12-29 22:13:11.315 974 RALLYDEBUG rally.task.runner [-] Starting a worker. concurrency: 1 args: {"container_format": "bare", "disk_format": "qcow2", "image_location": "/home/opnfv/functest/images/cirros-0.4.0-x86_64-disk.img"} times: 10 method_name: run timeout: 0 duration: None cls:
2019-12-29 22:13:11.317 973 INFO rally.task.runner [-] Task a78fd81a-b8d6-4452-8d36-47e18f36d26d | ITER: 1 START
2019-12-29 22:13:11.319 975 RALLYDEBUG rally.task.runner [-] Starting a worker. concurrency: 1 args: {"container_format": "bare", "disk_format": "qcow2", "image_location": "/home/opnfv/functest/images/cirros-0.4.0-x86_64-disk.img"} times: 10 method_name: run timeout: 0 duration: None cls:
2019-12-29 22:13:11.321 974 INFO rally.task.runner [-] Task a78fd81a-b8d6-4452-8d36-47e18f36d26d | ITER: 2 START
2019-12-29 22:13:11.324 976 RALLYDEBUG rally.task.runner [-] Starting a worker. concurrency: 1 args: {"container_format": "bare", "disk_format": "qcow2", "image_location": "/home/opnfv/functest/images/cirros-0.4.0-x86_64-disk.img"} times: 10 method_name: run timeout: 0 duration: None cls:
2019-12-29 22:13:11.325 975 INFO rally.task.runner [-] Task a78fd81a-b8d6-4452-8d36-47e18f36d26d | ITER: 3 START
2019-12-29 22:13:11.329 976 INFO rally.task.runner [-] Task a78fd81a-b8d6-4452-8d36-47e18f36d26d | ITER: 4 START
2019-12-29 22:13:13.655 974 RALLYDEBUG rally.task.utils [-] Waiting for resource u'5161f3b3-07bd-4123-8024-57c5d2ae8bb0'. Status changed: NONE => QUEUED in 0.0262379646301
2019-12-29 22:13:13.677 975 RALLYDEBUG rally.task.utils [-] Waiting for resource u'6c72065d-59d1-4cdf-9efd-9ffa18947958'. Status changed: NONE => QUEUED in 0.0291290283203
2019-12-29 22:13:13.685 973 RALLYDEBUG rally.task.utils [-] Waiting for resource u'e98a670a-22b8-4711-a955-f81aa6e5c17d'. Status changed: NONE => QUEUED in 0.0278179645538
2019-12-29 22:13:13.691 976 RALLYDEBUG rally.task.utils [-] Waiting for resource u'e723132e-b52a-42b3-967d-e670ad3e1a0f'. Status changed: NONE => QUEUED in 0.0390229225159
2019-12-29 22:13:14.579 975 RALLYDEBUG rally.task.utils [-] Waiting for resource s_rally_501e24c7_WwJtx7JM. Status changed: QUEUED => ACTIVE in 0.0163269042969
2019-12-29 22:13:14.583 973 RALLYDEBUG rally.task.utils [-] Waiting for resource s_rally_501e24c7_dEPLNqLH. Status changed: QUEUED => ACTIVE in 0.0176069736481
2019-12-29 22:13:14.587 974 RALLYDEBUG rally.task.utils [-] Waiting for resource s_rally_501e24c7_tYf5HAfx. Status changed: QUEUED => ACTIVE in 0.0246150493622
2019-12-29 22:13:14.591 976 RALLYDEBUG rally.task.utils [-] Waiting for resource s_rally_501e24c7_uHZSJSXC. Status changed: QUEUED => ACTIVE in 0.0174870491028
2019-12-29 22:13:14.626 973 INFO rally.task.runner [-] Task a78fd81a-b8d6-4452-8d36-47e18f36d26d | ITER: 1 END: OK
2019-12-29 22:13:14.628 974 INFO rally.task.runner [-] Task a78fd81a-b8d6-4452-8d36-47e18f36d26d | ITER: 2 END: OK
2019-12-29 22:13:14.629 973 INFO rally.task.runner [-] Task a78fd81a-b8d6-4452-8d36-47e18f36d26d | ITER: 5 START
2019-12-29 22:13:14.630 975 INFO rally.task.runner [-] Task a78fd81a-b8d6-4452-8d36-47e18f36d26d | ITER: 3 END: OK
2019-12-29 22:13:14.630 974 INFO rally.task.runner [-] Task a78fd81a-b8d6-4452-8d36-47e18f36d26d | ITER: 6 START
2019-12-29 22:13:14.633 975 INFO rally.task.runner [-] Task a78fd81a-b8d6-4452-8d36-47e18f36d26d | ITER: 7 START
2019-12-29 22:13:14.635 976 INFO rally.task.runner [-] Task a78fd81a-b8d6-4452-8d36-47e18f36d26d | ITER: 4 END: OK
2019-12-29 22:13:14.638 976 INFO rally.task.runner [-] Task a78fd81a-b8d6-4452-8d36-47e18f36d26d | ITER: 8 START
2019-12-29 22:13:16.855 974 RALLYDEBUG rally.task.utils [-] Waiting for resource u'8815fb77-90dd-425c-bbe2-926bdcd458eb'. Status changed: NONE => QUEUED in 0.0286290645599
2019-12-29 22:13:16.869 975 RALLYDEBUG rally.task.utils [-] Waiting for resource u'b03cab8e-7a46-4772-8368-31b15a2c3516'. Status changed: NONE => QUEUED in 0.0277531147003
2019-12-29 22:13:16.876 973 RALLYDEBUG rally.task.utils [-] Waiting for resource u'5ddeba31-b6b9-4f9e-816f-db36947f4202'. Status changed: NONE => QUEUED in 0.0333459377289
2019-12-29 22:13:16.929 976 RALLYDEBUG rally.task.utils [-] Waiting for resource u'b49ee408-b54c-4f77-8fe6-5951da9cfd6b'. Status changed: NONE => QUEUED in 0.0317149162292
2019-12-29 22:13:17.212 975 RALLYDEBUG rally.task.utils [-] Waiting for resource s_rally_501e24c7_hJLyzMdv. Status changed: QUEUED => ACTIVE in 0.0227720737457
2019-12-29 22:13:17.220 973 RALLYDEBUG rally.task.utils [-] Waiting for resource s_rally_501e24c7_EHyz5n8w. Status changed: QUEUED => ACTIVE in 0.0257520675659
2019-12-29 22:13:17.230 974 RALLYDEBUG rally.task.utils [-] Waiting for resource s_rally_501e24c7_4FoVLzZT. Status changed: QUEUED => ACTIVE in 0.0286161899567
2019-12-29 22:13:17.270 975 INFO rally.task.runner [-] Task a78fd81a-b8d6-4452-8d36-47e18f36d26d | ITER: 7 END: OK
2019-12-29 22:13:17.273 975 INFO rally.task.runner [-] Task a78fd81a-b8d6-4452-8d36-47e18f36d26d | ITER: 9 START
2019-12-29 22:13:17.295 974 INFO rally.task.runner [-] Task a78fd81a-b8d6-4452-8d36-47e18f36d26d | ITER: 6 END: OK
2019-12-29 22:13:17.295 973 INFO rally.task.runner [-] Task a78fd81a-b8d6-4452-8d36-47e18f36d26d | ITER: 5 END: OK
2019-12-29 22:13:17.299 974 INFO rally.task.runner [-] Task a78fd81a-b8d6-4452-8d36-47e18f36d26d | ITER: 10 START
2019-12-29 22:13:18.229 976 RALLYDEBUG rally.task.utils [-] Waiting for resource s_rally_501e24c7_Z3dxdgRY. Status changed: QUEUED => ACTIVE in 0.0214719772339
2019-12-29 22:13:18.287 976 INFO rally.task.runner [-] Task a78fd81a-b8d6-4452-8d36-47e18f36d26d | ITER: 8 END: OK
2019-12-29 22:13:19.965 975 RALLYDEBUG rally.task.utils [-] Waiting for resource u'bebd968f-de4f-4be4-9c36-ab0388a776b6'. Status changed: NONE => QUEUED in 0.201870918274
2019-12-29 22:13:19.976 974 RALLYDEBUG rally.task.utils [-] Waiting for resource u'9b2fdeed-e62c-4fab-b496-d7cf3ba10ea5'. Status changed: NONE => QUEUED in 0.205865859985
2019-12-29 22:13:21.232 974 RALLYDEBUG rally.task.utils [-] Waiting for resource s_rally_501e24c7_AfavXBN2. Status changed: QUEUED => ACTIVE in 0.0225949287415
2019-12-29 22:13:21.252 975 RALLYDEBUG rally.task.utils [-] Waiting for resource s_rally_501e24c7_v1RYy99l. Status changed: QUEUED => ACTIVE in 0.0236370563507
2019-12-29 22:13:21.293 974 INFO rally.task.runner [-] Task a78fd81a-b8d6-4452-8d36-47e18f36d26d | ITER: 10 END: OK
2019-12-29 22:13:21.306 975 INFO rally.task.runner [-] Task a78fd81a-b8d6-4452-8d36-47e18f36d26d | ITER: 9 END: OK
2019-12-29 22:13:21.328 725 INFO rally.task.context [-] Task a78fd81a-b8d6-4452-8d36-47e18f36d26d | Context cleanup@openstack cleanup() started
2019-12-29 22:13:21.330 725 RALLYDEBUG rally_openstack.cleanup.manager [-] Cleaning up glance images objects
2019-12-29 22:13:22.079 725 RALLYDEBUG rally_openstack.cleanup.manager [-] Deleting glance.images object s_rally_501e24c7_AfavXBN2 (9b2fdeed-e62c-4fab-b496-d7cf3ba10ea5)
2019-12-29 22:13:22.082 725 RALLYDEBUG rally_openstack.cleanup.manager [-] Deleting glance.images object s_rally_501e24c7_hJLyzMdv (b03cab8e-7a46-4772-8368-31b15a2c3516)
2019-12-29 22:13:22.087 725 RALLYDEBUG rally_openstack.cleanup.manager [-] Deleting glance.images object s_rally_501e24c7_4FoVLzZT (8815fb77-90dd-425c-bbe2-926bdcd458eb)
2019-12-29 22:13:22.099 725 RALLYDEBUG rally_openstack.cleanup.manager [-] Deleting glance.images object s_rally_501e24c7_tYf5HAfx (5161f3b3-07bd-4123-8024-57c5d2ae8bb0)
2019-12-29 22:13:22.104 725 RALLYDEBUG rally_openstack.cleanup.manager [-] Deleting glance.images object s_rally_501e24c7_EHyz5n8w (5ddeba31-b6b9-4f9e-816f-db36947f4202)
2019-12-29 22:13:22.111 725 RALLYDEBUG rally_openstack.cleanup.manager [-] Deleting glance.images object s_rally_501e24c7_dEPLNqLH (e98a670a-22b8-4711-a955-f81aa6e5c17d)
2019-12-29 22:13:22.125 725 RALLYDEBUG rally_openstack.cleanup.manager [-] Deleting glance.images object s_rally_501e24c7_WwJtx7JM (6c72065d-59d1-4cdf-9efd-9ffa18947958)
2019-12-29 22:13:22.133 725 RALLYDEBUG rally_openstack.cleanup.manager [-] Deleting glance.images object s_rally_501e24c7_v1RYy99l (bebd968f-de4f-4be4-9c36-ab0388a776b6)
2019-12-29 22:13:22.133 725 RALLYDEBUG rally_openstack.cleanup.manager [-] Deleting glance.images object s_rally_501e24c7_uHZSJSXC (e723132e-b52a-42b3-967d-e670ad3e1a0f)
2019-12-29 22:13:22.145 725 RALLYDEBUG rally_openstack.cleanup.manager [-] Deleting glance.images object s_rally_501e24c7_Z3dxdgRY (b49ee408-b54c-4f77-8fe6-5951da9cfd6b)
2019-12-29 22:13:23.411 725 DEBUG glanceclient.common.http [-] Request returned failure status 404. _handle_response /usr/lib/python2.7/site-packages/glanceclient/common/http.py:125
2019-12-29 22:13:23.414 725 DEBUG glanceclient.common.http [-] Request returned failure status 404. _handle_response /usr/lib/python2.7/site-packages/glanceclient/common/http.py:125
2019-12-29 22:13:23.419 725 DEBUG glanceclient.common.http [-] Request returned failure status 404. _handle_response /usr/lib/python2.7/site-packages/glanceclient/common/http.py:125
2019-12-29 22:13:23.422 725 DEBUG glanceclient.common.http [-] Request returned failure status 404. _handle_response /usr/lib/python2.7/site-packages/glanceclient/common/http.py:125
2019-12-29 22:13:23.423 725 DEBUG glanceclient.common.http [-] Request returned failure status 404. _handle_response /usr/lib/python2.7/site-packages/glanceclient/common/http.py:125
2019-12-29 22:13:23.425 725 DEBUG glanceclient.common.http [-] Request returned failure status 404. _handle_response /usr/lib/python2.7/site-packages/glanceclient/common/http.py:125
2019-12-29 22:13:23.427 725 DEBUG glanceclient.common.http [-] Request returned failure status 404. _handle_response /usr/lib/python2.7/site-packages/glanceclient/common/http.py:125
2019-12-29 22:13:23.429 725 DEBUG glanceclient.common.http [-] Request returned failure status 404. _handle_response /usr/lib/python2.7/site-packages/glanceclient/common/http.py:125
2019-12-29 22:13:23.430 725 DEBUG glanceclient.common.http [-] Request returned failure status 404. _handle_response /usr/lib/python2.7/site-packages/glanceclient/common/http.py:125
2019-12-29 22:13:23.436 725 DEBUG glanceclient.common.http [-] Request returned failure status 404. _handle_response /usr/lib/python2.7/site-packages/glanceclient/common/http.py:125
2019-12-29 22:13:23.440 725 DEBUG glanceclient.common.http [-] Request returned failure status 404. _handle_response /usr/lib/python2.7/site-packages/glanceclient/common/http.py:125
2019-12-29 22:13:23.450 725 DEBUG glanceclient.common.http [-] Request returned failure status 404. _handle_response /usr/lib/python2.7/site-packages/glanceclient/common/http.py:125
2019-12-29 22:13:23.451 725 DEBUG glanceclient.common.http [-] Request returned failure status 404. _handle_response /usr/lib/python2.7/site-packages/glanceclient/common/http.py:125
2019-12-29 22:13:23.452 725 DEBUG glanceclient.common.http [-] Request returned failure status 404. _handle_response /usr/lib/python2.7/site-packages/glanceclient/common/http.py:125
2019-12-29 22:13:23.455 725 DEBUG glanceclient.common.http [-] Request returned failure status 404. _handle_response /usr/lib/python2.7/site-packages/glanceclient/common/http.py:125
2019-12-29 22:13:23.455 725 DEBUG glanceclient.common.http [-] Request returned failure status 404. _handle_response /usr/lib/python2.7/site-packages/glanceclient/common/http.py:125
2019-12-29 22:13:23.463 725 DEBUG glanceclient.common.http [-] Request returned failure status 404. _handle_response /usr/lib/python2.7/site-packages/glanceclient/common/http.py:125
2019-12-29 22:13:23.466 725 DEBUG glanceclient.common.http [-] Request returned failure status 404. _handle_response /usr/lib/python2.7/site-packages/glanceclient/common/http.py:125
2019-12-29 22:13:23.467 725 DEBUG glanceclient.common.http [-] Request returned failure status 404. _handle_response /usr/lib/python2.7/site-packages/glanceclient/common/http.py:125
2019-12-29 22:13:23.468 725 DEBUG glanceclient.common.http [-] Request returned failure status 404. _handle_response /usr/lib/python2.7/site-packages/glanceclient/common/http.py:125
2019-12-29 22:13:24.471 725 INFO rally.task.context [-] Task a78fd81a-b8d6-4452-8d36-47e18f36d26d | Context cleanup@openstack cleanup() finished in 3.14 sec
2019-12-29 22:13:24.471 725 INFO rally.task.context [-] Task a78fd81a-b8d6-4452-8d36-47e18f36d26d | Context users@openstack cleanup() started
2019-12-29 22:13:27.038 725 INFO rally.task.context [-] Task a78fd81a-b8d6-4452-8d36-47e18f36d26d | Context users@openstack cleanup() finished in 2.57 sec
2019-12-29 22:13:28.320 725 INFO rally.task.engine [-] Load duration is: 9.826015
2019-12-29 22:13:28.321 725 INFO rally.task.engine [-] Full runner duration is: 10.02402
2019-12-29 22:13:28.321 725 INFO rally.task.engine [-] Full duration is: 16.860042
2019-12-29 22:13:28.374 725 INFO rally.task.engine [-] Running workload: position = 0 config = { "version": 2, "title": "A cropped version of a bigger task.", "description": "Auto-generated task from a single workload (uuid=24cb52a0-1cf9-4dc3-8c27-5f1952c610f3)", "subtasks": [ { "title": "GlanceImages.list_images", "description": "List all images.", "scenario": { "GlanceImages.list_images": {} }, "contexts": { "users": { "tenants": 3, "users_per_tenant": 2 } }, "runner": { "constant": { "concurrency": 4, "times": 10 } }, "hooks": [], "sla": { "failure_rate": { "max": 0 } } } ] }
2019-12-29 22:13:28.389 725 RALLYDEBUG rally_openstack.contexts.keystone.users [-] Creating 3 tenants using 20 threads
2019-12-29 22:13:28.826 725 RALLYDEBUG rally_openstack.contexts.keystone.users [-] Creating 6 users using 20 threads
2019-12-29 22:13:29.528 725 INFO rally.task.context [-] Task a78fd81a-b8d6-4452-8d36-47e18f36d26d | Context users@openstack setup() finished in 1.14 sec
2019-12-29 22:13:29.533 725 RALLYDEBUG rally.task.runner [-] Starting the constant runner (task UUID: a78fd81a-b8d6-4452-8d36-47e18f36d26d). timeout: 0 concurrency: 4 concurrency_per_worker: 1 times: 10 concurrency_overhead: 0 processes_to_start: 4 max_cpu_used: 88
2019-12-29 22:13:29.540 1097 RALLYDEBUG rally.task.runner [-] Starting a worker. concurrency: 1 args: {} times: 10 method_name: run timeout: 0 duration: None cls:
2019-12-29 22:13:29.543 1099 RALLYDEBUG rally.task.runner [-] Starting a worker. concurrency: 1 args: {} times: 10 method_name: run timeout: 0 duration: None cls:
2019-12-29 22:13:29.544 1097 INFO rally.task.runner [-] Task a78fd81a-b8d6-4452-8d36-47e18f36d26d | ITER: 1 START
2019-12-29 22:13:29.546 1098 RALLYDEBUG rally.task.runner [-] Starting a worker. concurrency: 1 args: {} times: 10 method_name: run timeout: 0 duration: None cls:
2019-12-29 22:13:29.547 1099 INFO rally.task.runner [-] Task a78fd81a-b8d6-4452-8d36-47e18f36d26d | ITER: 2 START
2019-12-29 22:13:29.547 1100 RALLYDEBUG rally.task.runner [-] Starting a worker. concurrency: 1 args: {} times: 10 method_name: run timeout: 0 duration: None cls:
2019-12-29 22:13:29.550 1098 INFO rally.task.runner [-] Task a78fd81a-b8d6-4452-8d36-47e18f36d26d | ITER: 3 START
2019-12-29 22:13:29.552 1100 INFO rally.task.runner [-] Task a78fd81a-b8d6-4452-8d36-47e18f36d26d | ITER: 4 START
2019-12-29 22:13:29.883 1098 INFO rally.task.runner [-] Task a78fd81a-b8d6-4452-8d36-47e18f36d26d | ITER: 3 END: OK
2019-12-29 22:13:29.886 1098 INFO rally.task.runner [-] Task a78fd81a-b8d6-4452-8d36-47e18f36d26d | ITER: 5 START
2019-12-29 22:13:29.897 1100 INFO rally.task.runner [-] Task a78fd81a-b8d6-4452-8d36-47e18f36d26d | ITER: 4 END: OK
2019-12-29 22:13:29.900 1100 INFO rally.task.runner [-] Task a78fd81a-b8d6-4452-8d36-47e18f36d26d | ITER: 6 START
2019-12-29 22:13:29.921 1097 INFO rally.task.runner [-] Task a78fd81a-b8d6-4452-8d36-47e18f36d26d | ITER: 1 END: OK
2019-12-29 22:13:29.925 1097 INFO rally.task.runner [-] Task a78fd81a-b8d6-4452-8d36-47e18f36d26d | ITER: 7 START
2019-12-29 22:13:29.942 1099 INFO rally.task.runner [-] Task a78fd81a-b8d6-4452-8d36-47e18f36d26d | ITER: 2 END: OK
2019-12-29 22:13:29.945 1099 INFO rally.task.runner [-] Task a78fd81a-b8d6-4452-8d36-47e18f36d26d | ITER: 8 START
2019-12-29 22:13:30.199 1100 INFO rally.task.runner [-] Task a78fd81a-b8d6-4452-8d36-47e18f36d26d | ITER: 6 END: OK
2019-12-29 22:13:30.202 1100 INFO rally.task.runner [-] Task a78fd81a-b8d6-4452-8d36-47e18f36d26d | ITER: 9 START
2019-12-29 22:13:30.205 1098 INFO rally.task.runner [-] Task a78fd81a-b8d6-4452-8d36-47e18f36d26d | ITER: 5 END: OK
2019-12-29 22:13:30.208 1098 INFO rally.task.runner [-] Task a78fd81a-b8d6-4452-8d36-47e18f36d26d | ITER: 10 START
2019-12-29 22:13:30.241 1097 INFO rally.task.runner [-] Task a78fd81a-b8d6-4452-8d36-47e18f36d26d | ITER: 7 END: OK
2019-12-29 22:13:30.297 1099 INFO rally.task.runner [-] Task a78fd81a-b8d6-4452-8d36-47e18f36d26d | ITER: 8 END: OK
2019-12-29 22:13:30.419 1098 INFO rally.task.runner [-] Task a78fd81a-b8d6-4452-8d36-47e18f36d26d | ITER: 10 END: OK
2019-12-29 22:13:30.590 1100 INFO rally.task.runner [-] Task a78fd81a-b8d6-4452-8d36-47e18f36d26d | ITER: 9 END: OK
2019-12-29 22:13:30.613 725 INFO rally.task.context [-] Task a78fd81a-b8d6-4452-8d36-47e18f36d26d | Context users@openstack cleanup() started
2019-12-29 22:13:35.225 725 INFO rally.task.context [-] Task a78fd81a-b8d6-4452-8d36-47e18f36d26d | Context users@openstack cleanup() finished in 4.61 sec
2019-12-29 22:13:36.440 725 INFO rally.task.engine [-] Load duration is: 0.845509
2019-12-29 22:13:36.441 725 INFO rally.task.engine [-] Full runner duration is: 1.080006
2019-12-29 22:13:36.441 725 INFO rally.task.engine [-] Full duration is: 6.837263
2019-12-29 22:13:36.485 725 INFO rally.task.engine [-] Running workload: position = 0 config = { "version": 2, "title": "A cropped version of a bigger task.", "description": "Auto-generated task from a single workload (uuid=d58c7402-a314-41cd-a5a0-b42e3302e7ab)", "subtasks": [ { "title": "GlanceImages.create_image_and_boot_instances", "description": "Create an image and boot several instances from it.", "scenario": { "GlanceImages.create_image_and_boot_instances": { "container_format": "bare", "disk_format": "qcow2", "image_location": "/home/opnfv/functest/images/cirros-0.4.0-x86_64-disk.img", "flavor": { "name": "rally_full-flavor_25a42968-1720-49e4-9333-2a3d65640b36" }, "number_instances": 2, "nics": [ { "net-id": "22f4f5f7-e91c-42c0-8ffa-41a44f153aea" } ] } }, "contexts": { "users": { "tenants": 3, "users_per_tenant": 2 }, "quotas": { "nova": { "cores": -1, "floating_ips": -1, "instances": -1, "ram": -1, "security_group_rules": -1, "security_groups": -1 } } }, "runner": { "constant": { "concurrency": 4, "times": 10 } }, "hooks": [], "sla": { "failure_rate": { "max": 0 } } } ] }
2019-12-29 22:13:36.505 725 RALLYDEBUG rally_openstack.contexts.keystone.users [-] Creating 3 tenants using 20 threads
2019-12-29 22:13:36.980 725 RALLYDEBUG rally_openstack.contexts.keystone.users [-] Creating 6 users using 20 threads
2019-12-29 22:13:37.873 725 INFO rally.task.context [-] Task a78fd81a-b8d6-4452-8d36-47e18f36d26d | Context users@openstack setup() finished in 1.37 sec
2019-12-29 22:13:37.942 725 DEBUG novaclient.v2.client [-] REQ: curl -g -i -X PUT http://172.30.13.91/compute/v2.1/os-quota-sets/2b87b73b2e3f40ce88182824029a5f81 -H "Accept: application/json" -H "Content-Type: application/json" -H "User-Agent: python-novaclient" -H "X-Auth-Token: {SHA1}d11ea7d8395688143f4b957dad24e3e2dc79df4d" -d '{"quota_set": {"ram": -1, "floating_ips": -1, "security_group_rules": -1, "instances": -1, "cores": -1, "security_groups": -1}}' _http_log_request /usr/lib/python2.7/site-packages/keystoneauth1/session.py:448
2019-12-29 22:13:38.297 725 DEBUG novaclient.v2.client [-] RESP: [200] Connection: close Content-Length: 326 Content-Type: application/json Date: Sun, 29 Dec 2019 22:13:37 GMT OpenStack-API-Version: compute 2.1 Server: Apache/2.4.18 (Ubuntu) Vary: OpenStack-API-Version,X-OpenStack-Nova-API-Version X-OpenStack-Nova-API-Version: 2.1 x-compute-request-id: req-e8b16aa0-1a96-48e5-8284-a6d42fab5d44 x-openstack-request-id: req-e8b16aa0-1a96-48e5-8284-a6d42fab5d44 _http_log_response /usr/lib/python2.7/site-packages/keystoneauth1/session.py:479
2019-12-29 22:13:38.298 725 DEBUG novaclient.v2.client [-] RESP BODY: {"quota_set": {"injected_file_content_bytes": 10240, "metadata_items": 128, "server_group_members": 10, "server_groups": 10, "ram": -1, "floating_ips": -1, "key_pairs": 100, "instances": -1, "security_group_rules": -1, "injected_files": 5, "cores": -1, "fixed_ips": -1, "injected_file_path_bytes": 255, "security_groups": -1}} _http_log_response /usr/lib/python2.7/site-packages/keystoneauth1/session.py:511
2019-12-29 22:13:38.298 725 DEBUG novaclient.v2.client [-] PUT call to compute for http://172.30.13.91/compute/v2.1/os-quota-sets/2b87b73b2e3f40ce88182824029a5f81 used request id req-e8b16aa0-1a96-48e5-8284-a6d42fab5d44 request /usr/lib/python2.7/site-packages/keystoneauth1/session.py:844
2019-12-29 22:13:38.300 725 DEBUG novaclient.v2.client [-] REQ: curl -g -i -X PUT http://172.30.13.91/compute/v2.1/os-quota-sets/3ac9514a21814535a1f12359725922ef -H "Accept: application/json" -H "Content-Type: application/json" -H "User-Agent: python-novaclient" -H "X-Auth-Token: {SHA1}d11ea7d8395688143f4b957dad24e3e2dc79df4d" -d '{"quota_set": {"ram": -1, "floating_ips": -1, "security_group_rules": -1, "instances": -1, "cores": -1, "security_groups": -1}}' _http_log_request /usr/lib/python2.7/site-packages/keystoneauth1/session.py:448
2019-12-29 22:13:38.493 725 DEBUG novaclient.v2.client [-] RESP: [200] Connection: close Content-Length: 326 Content-Type: application/json Date: Sun, 29 Dec 2019 22:13:38 GMT OpenStack-API-Version: compute 2.1 Server: Apache/2.4.18 (Ubuntu) Vary: OpenStack-API-Version,X-OpenStack-Nova-API-Version X-OpenStack-Nova-API-Version: 2.1 x-compute-request-id: req-0b8aaeda-861c-438e-af6f-25d8afa4b257 x-openstack-request-id: req-0b8aaeda-861c-438e-af6f-25d8afa4b257 _http_log_response /usr/lib/python2.7/site-packages/keystoneauth1/session.py:479
2019-12-29 22:13:38.494 725 DEBUG novaclient.v2.client [-] RESP BODY: {"quota_set": {"injected_file_content_bytes": 10240, "metadata_items": 128, "server_group_members": 10, "server_groups": 10, "ram": -1, "floating_ips": -1, "key_pairs": 100, "instances": -1, "security_group_rules": -1, "injected_files": 5, "cores": -1, "fixed_ips": -1, "injected_file_path_bytes": 255, "security_groups": -1}} _http_log_response /usr/lib/python2.7/site-packages/keystoneauth1/session.py:511
2019-12-29 22:13:38.494 725 DEBUG novaclient.v2.client [-] PUT call to compute for http://172.30.13.91/compute/v2.1/os-quota-sets/3ac9514a21814535a1f12359725922ef used request id req-0b8aaeda-861c-438e-af6f-25d8afa4b257 request /usr/lib/python2.7/site-packages/keystoneauth1/session.py:844
2019-12-29 22:13:38.496 725 DEBUG novaclient.v2.client [-] REQ: curl -g -i -X PUT http://172.30.13.91/compute/v2.1/os-quota-sets/a248413077314cf583da9fe5aacd56b0 -H "Accept: application/json" -H "Content-Type: application/json" -H "User-Agent: python-novaclient" -H "X-Auth-Token: {SHA1}d11ea7d8395688143f4b957dad24e3e2dc79df4d" -d '{"quota_set": {"ram": -1, "floating_ips": -1, "security_group_rules": -1, "instances": -1, "cores": -1, "security_groups": -1}}' _http_log_request /usr/lib/python2.7/site-packages/keystoneauth1/session.py:448
2019-12-29 22:13:38.716 725 DEBUG novaclient.v2.client [-] RESP: [200] Connection: close Content-Length: 326 Content-Type: application/json Date: Sun, 29 Dec 2019 22:13:38 GMT OpenStack-API-Version: compute 2.1 Server: Apache/2.4.18 (Ubuntu) Vary: OpenStack-API-Version,X-OpenStack-Nova-API-Version X-OpenStack-Nova-API-Version: 2.1 x-compute-request-id: req-e145c7fd-b7cd-481c-9408-ae161633de61 x-openstack-request-id: req-e145c7fd-b7cd-481c-9408-ae161633de61 _http_log_response /usr/lib/python2.7/site-packages/keystoneauth1/session.py:479
2019-12-29 22:13:38.717 725 DEBUG novaclient.v2.client [-] RESP BODY: {"quota_set": {"injected_file_content_bytes": 10240, "metadata_items": 128, "server_group_members": 10, "server_groups": 10, "ram": -1, "floating_ips": -1, "key_pairs": 100, "instances": -1, "security_group_rules": -1, "injected_files": 5, "cores": -1, "fixed_ips": -1, "injected_file_path_bytes": 255, "security_groups": -1}} _http_log_response /usr/lib/python2.7/site-packages/keystoneauth1/session.py:511
2019-12-29 22:13:38.717 725 DEBUG novaclient.v2.client [-] PUT call to compute for http://172.30.13.91/compute/v2.1/os-quota-sets/a248413077314cf583da9fe5aacd56b0 used request id req-e145c7fd-b7cd-481c-9408-ae161633de61 request /usr/lib/python2.7/site-packages/keystoneauth1/session.py:844
2019-12-29 22:13:38.717 725 INFO rally.task.context [-] Task a78fd81a-b8d6-4452-8d36-47e18f36d26d | Context quotas@openstack setup() finished in 0.84 sec
2019-12-29 22:13:38.718 725 INFO rally.task.context [-] Task a78fd81a-b8d6-4452-8d36-47e18f36d26d | Context cleanup@openstack setup() finished in 0.02 msec
2019-12-29 22:13:38.776 725 DEBUG novaclient.v2.client [-] REQ: curl -g -i -X GET http://172.30.13.91/compute/v2.1/flavors/detail -H "Accept: application/json" -H "User-Agent: python-novaclient" -H "X-Auth-Token: {SHA1}1c6280b074805a231f5eb7ab70426264376544e3" _http_log_request /usr/lib/python2.7/site-packages/keystoneauth1/session.py:448
2019-12-29 22:13:38.882 725 DEBUG novaclient.v2.client [-] RESP: [200] Connection: close Content-Length: 6330 Content-Type: application/json Date: Sun, 29 Dec 2019 22:13:38 GMT OpenStack-API-Version: compute 2.1 Server: Apache/2.4.18 (Ubuntu) Vary: OpenStack-API-Version,X-OpenStack-Nova-API-Version X-OpenStack-Nova-API-Version: 2.1 x-compute-request-id: req-c78ce2eb-03db-48cf-a1cd-2d654785d2eb x-openstack-request-id: req-c78ce2eb-03db-48cf-a1cd-2d654785d2eb _http_log_response /usr/lib/python2.7/site-packages/keystoneauth1/session.py:479
