2019-12-29 22:17:07.630 725 DEBUG novaclient.v2.client [-] RESP: [200] Connection: close Content-Length: 16 Content-Type: application/json Date: Sun, 29 Dec 2019 22:17:07 GMT OpenStack-API-Version: compute 2.1 Server: Apache/2.4.18 (Ubuntu) Vary: OpenStack-API-Version,X-OpenStack-Nova-API-Version X-OpenStack-Nova-API-Version: 2.1 x-compute-request-id: req-8a4b3efb-3a30-49eb-991f-c1a1f1843eba x-openstack-request-id: req-8a4b3efb-3a30-49eb-991f-c1a1f1843eba _http_log_response /usr/lib/python2.7/site-packages/keystoneauth1/session.py:479
2019-12-29 22:17:07.630 725 DEBUG novaclient.v2.client [-] RESP BODY: {"keypairs": []} _http_log_response /usr/lib/python2.7/site-packages/keystoneauth1/session.py:511
2019-12-29 22:17:07.630 725 DEBUG novaclient.v2.client [-] GET call to compute for http://172.30.13.91/compute/v2.1/os-keypairs used request id req-8a4b3efb-3a30-49eb-991f-c1a1f1843eba request /usr/lib/python2.7/site-packages/keystoneauth1/session.py:844
2019-12-29 22:17:07.771 725 DEBUG novaclient.v2.client [-] REQ: curl -g -i -X GET http://172.30.13.91/compute/v2.1/os-keypairs -H "Accept: application/json" -H "User-Agent: python-novaclient" -H "X-Auth-Token: {SHA1}9564738460698661a562eafd6050cfa10f91f394" _http_log_request /usr/lib/python2.7/site-packages/keystoneauth1/session.py:448
2019-12-29 22:17:07.828 725 DEBUG novaclient.v2.client [-] RESP: [200] Connection: close Content-Length: 16 Content-Type: application/json Date: Sun, 29 Dec 2019 22:17:07 GMT OpenStack-API-Version: compute 2.1 Server: Apache/2.4.18 (Ubuntu) Vary: OpenStack-API-Version,X-OpenStack-Nova-API-Version X-OpenStack-Nova-API-Version: 2.1 x-compute-request-id: req-b30c49af-91f2-4496-9904-653ed50e2d8a x-openstack-request-id: req-b30c49af-91f2-4496-9904-653ed50e2d8a _http_log_response /usr/lib/python2.7/site-packages/keystoneauth1/session.py:479
2019-12-29 22:17:07.828 725 DEBUG novaclient.v2.client [-] RESP BODY: {"keypairs": []} _http_log_response /usr/lib/python2.7/site-packages/keystoneauth1/session.py:511
2019-12-29 22:17:07.828 725 DEBUG novaclient.v2.client [-] GET call to compute for http://172.30.13.91/compute/v2.1/os-keypairs used request id req-b30c49af-91f2-4496-9904-653ed50e2d8a request /usr/lib/python2.7/site-packages/keystoneauth1/session.py:844
2019-12-29 22:17:07.884 725 DEBUG novaclient.v2.client [-] REQ: curl -g -i -X GET http://172.30.13.91/compute/v2.1/os-keypairs -H "Accept: application/json" -H "User-Agent: python-novaclient" -H "X-Auth-Token: {SHA1}6d17142bdfed9e1af71b061223aeaf2fb09be393" _http_log_request /usr/lib/python2.7/site-packages/keystoneauth1/session.py:448
2019-12-29 22:17:07.944 725 DEBUG novaclient.v2.client [-] RESP: [200] Connection: close Content-Length: 16 Content-Type: application/json Date: Sun, 29 Dec 2019 22:17:07 GMT OpenStack-API-Version: compute 2.1 Server: Apache/2.4.18 (Ubuntu) Vary: OpenStack-API-Version,X-OpenStack-Nova-API-Version X-OpenStack-Nova-API-Version: 2.1 x-compute-request-id: req-71e46905-b880-474b-8c54-f12199b1e2e6 x-openstack-request-id: req-71e46905-b880-474b-8c54-f12199b1e2e6 _http_log_response /usr/lib/python2.7/site-packages/keystoneauth1/session.py:479
2019-12-29 22:17:07.944 725 DEBUG novaclient.v2.client [-] RESP BODY: {"keypairs": []} _http_log_response /usr/lib/python2.7/site-packages/keystoneauth1/session.py:511
2019-12-29 22:17:07.944 725 DEBUG novaclient.v2.client [-] GET call to compute for http://172.30.13.91/compute/v2.1/os-keypairs used request id req-71e46905-b880-474b-8c54-f12199b1e2e6 request /usr/lib/python2.7/site-packages/keystoneauth1/session.py:844
2019-12-29 22:17:08.046 725 DEBUG novaclient.v2.client [-] REQ: curl -g -i -X GET http://172.30.13.91/compute/v2.1/os-keypairs -H "Accept: application/json" -H "User-Agent: python-novaclient" -H "X-Auth-Token: {SHA1}9383396dff98bda1a97836bcd5612f21a802da37" _http_log_request /usr/lib/python2.7/site-packages/keystoneauth1/session.py:448
2019-12-29 22:17:08.096 725 DEBUG novaclient.v2.client [-] RESP: [200] Connection: close Content-Length: 16 Content-Type: application/json Date: Sun, 29 Dec 2019 22:17:08 GMT OpenStack-API-Version: compute 2.1 Server: Apache/2.4.18 (Ubuntu) Vary: OpenStack-API-Version,X-OpenStack-Nova-API-Version X-OpenStack-Nova-API-Version: 2.1 x-compute-request-id: req-60b7c473-269c-4ee1-a27c-06bf94aeb208 x-openstack-request-id: req-60b7c473-269c-4ee1-a27c-06bf94aeb208 _http_log_response /usr/lib/python2.7/site-packages/keystoneauth1/session.py:479
2019-12-29 22:17:08.096 725 DEBUG novaclient.v2.client [-] RESP BODY: {"keypairs": []} _http_log_response /usr/lib/python2.7/site-packages/keystoneauth1/session.py:511
2019-12-29 22:17:08.097 725 DEBUG novaclient.v2.client [-] GET call to compute for http://172.30.13.91/compute/v2.1/os-keypairs used request id req-60b7c473-269c-4ee1-a27c-06bf94aeb208 request /usr/lib/python2.7/site-packages/keystoneauth1/session.py:844
2019-12-29 22:17:08.101 725 RALLYDEBUG rally_openstack.cleanup.manager [-] Cleaning up glance images objects
2019-12-29 22:17:08.683 725 RALLYDEBUG rally_openstack.cleanup.manager [-] Deleting glance.images object s_rally_d58c7402_q3n7GS3A (3729a4ef-e927-4e49-82a3-52bfe0ce7e36)
2019-12-29 22:17:08.686 725 RALLYDEBUG rally_openstack.cleanup.manager [-] Deleting glance.images object s_rally_d58c7402_gEp9ez1c (ed772d65-67f2-4a33-99c9-6a768c2920a0)
2019-12-29 22:17:08.693 725 RALLYDEBUG rally_openstack.cleanup.manager [-] Deleting glance.images object s_rally_d58c7402_WJNHR5Pq (b7f1fd3a-281e-4087-82d7-e48416efd329)
2019-12-29 22:17:08.700 725 RALLYDEBUG rally_openstack.cleanup.manager [-] Deleting glance.images object s_rally_d58c7402_6xpqjoWy (419fdb60-27b7-4a35-afa1-c915a9ca8389)
2019-12-29 22:17:08.707 725 RALLYDEBUG rally_openstack.cleanup.manager [-] Deleting glance.images object s_rally_d58c7402_Adr5sSg1 (aab1aa76-bf1f-4637-baf8-515c3cc55293)
2019-12-29 22:17:08.718 725 RALLYDEBUG rally_openstack.cleanup.manager [-] Deleting glance.images object s_rally_d58c7402_zKit4Vtz (7a4eaee5-2cba-4b21-87cc-231e5e62e29a)
2019-12-29 22:17:08.723 725 RALLYDEBUG rally_openstack.cleanup.manager [-] Deleting glance.images object s_rally_d58c7402_1LFDeMMB (4e1ae09f-74f3-4775-8ee6-f722d914ac88)
2019-12-29 22:17:08.728 725 RALLYDEBUG rally_openstack.cleanup.manager [-] Deleting glance.images object s_rally_d58c7402_kbrhtXEC (991ebe59-0dd2-4f46-8832-5fa3e1c48009)
2019-12-29 22:17:08.734 725 RALLYDEBUG rally_openstack.cleanup.manager [-] Deleting glance.images object s_rally_d58c7402_yLSYt6BV (5fbebaad-da12-4f8f-832c-1ba55c5b4ec9)
2019-12-29 22:17:08.740 725 RALLYDEBUG rally_openstack.cleanup.manager [-] Deleting glance.images object s_rally_d58c7402_ijLs6toP (3512254a-ce46-4df0-a438-c81d390d2943)
2019-12-29 22:17:09.038 725 DEBUG glanceclient.common.http [-] Request returned failure status 404. _handle_response /usr/lib/python2.7/site-packages/glanceclient/common/http.py:125
2019-12-29 22:17:09.039 725 DEBUG glanceclient.common.http [-] Request returned failure status 404. _handle_response /usr/lib/python2.7/site-packages/glanceclient/common/http.py:125
2019-12-29 22:17:09.047 725 DEBUG glanceclient.common.http [-] Request returned failure status 404. _handle_response /usr/lib/python2.7/site-packages/glanceclient/common/http.py:125
2019-12-29 22:17:09.054 725 DEBUG glanceclient.common.http [-] Request returned failure status 404. _handle_response /usr/lib/python2.7/site-packages/glanceclient/common/http.py:125
2019-12-29 22:17:09.055 725 DEBUG glanceclient.common.http [-] Request returned failure status 404. _handle_response /usr/lib/python2.7/site-packages/glanceclient/common/http.py:125
2019-12-29 22:17:09.060 725 DEBUG glanceclient.common.http [-] Request returned failure status 404. _handle_response /usr/lib/python2.7/site-packages/glanceclient/common/http.py:125
2019-12-29 22:17:10.150 725 DEBUG glanceclient.common.http [-] Request returned failure status 404. _handle_response /usr/lib/python2.7/site-packages/glanceclient/common/http.py:125
2019-12-29 22:17:10.153 725 DEBUG glanceclient.common.http [-] Request returned failure status 404. _handle_response /usr/lib/python2.7/site-packages/glanceclient/common/http.py:125
2019-12-29 22:17:10.154 725 DEBUG glanceclient.common.http [-] Request returned failure status 404. _handle_response /usr/lib/python2.7/site-packages/glanceclient/common/http.py:125
2019-12-29 22:17:10.158 725 DEBUG glanceclient.common.http [-] Request returned failure status 404. _handle_response /usr/lib/python2.7/site-packages/glanceclient/common/http.py:125
2019-12-29 22:17:10.159 725 DEBUG glanceclient.common.http [-] Request returned failure status 404. _handle_response /usr/lib/python2.7/site-packages/glanceclient/common/http.py:125
2019-12-29 22:17:10.166 725 DEBUG glanceclient.common.http [-] Request returned failure status 404. _handle_response /usr/lib/python2.7/site-packages/glanceclient/common/http.py:125
2019-12-29 22:17:10.172 725 DEBUG glanceclient.common.http [-] Request returned failure status 404. _handle_response /usr/lib/python2.7/site-packages/glanceclient/common/http.py:125
2019-12-29 22:17:10.176 725 DEBUG glanceclient.common.http [-] Request returned failure status 404. _handle_response /usr/lib/python2.7/site-packages/glanceclient/common/http.py:125
2019-12-29 22:17:10.177 725 DEBUG glanceclient.common.http [-] Request returned failure status 404. _handle_response /usr/lib/python2.7/site-packages/glanceclient/common/http.py:125
2019-12-29 22:17:10.183 725 DEBUG glanceclient.common.http [-] Request returned failure status 404. _handle_response /usr/lib/python2.7/site-packages/glanceclient/common/http.py:125
2019-12-29 22:17:10.194 725 DEBUG glanceclient.common.http [-] Request returned failure status 404. _handle_response /usr/lib/python2.7/site-packages/glanceclient/common/http.py:125
2019-12-29 22:17:10.207 725 DEBUG glanceclient.common.http [-] Request returned failure status 404. _handle_response /usr/lib/python2.7/site-packages/glanceclient/common/http.py:125
2019-12-29 22:17:10.243 725 DEBUG glanceclient.common.http [-] Request returned failure status 404. _handle_response /usr/lib/python2.7/site-packages/glanceclient/common/http.py:125
2019-12-29 22:17:10.256 725 DEBUG glanceclient.common.http [-] Request returned failure status 404. _handle_response /usr/lib/python2.7/site-packages/glanceclient/common/http.py:125
2019-12-29 22:17:11.259 725 INFO rally.task.context [-] Task a78fd81a-b8d6-4452-8d36-47e18f36d26d | Context cleanup@openstack cleanup() finished in 17.56 sec
2019-12-29 22:17:11.259 725 INFO rally.task.context [-] Task a78fd81a-b8d6-4452-8d36-47e18f36d26d | Context quotas@openstack cleanup() started
2019-12-29 22:17:11.260 725 DEBUG novaclient.v2.client [-] REQ: curl -g -i -X DELETE http://172.30.13.91/compute/v2.1/os-quota-sets/2b87b73b2e3f40ce88182824029a5f81 -H "Accept: application/json" -H "User-Agent: python-novaclient" -H "X-Auth-Token: {SHA1}d11ea7d8395688143f4b957dad24e3e2dc79df4d" _http_log_request /usr/lib/python2.7/site-packages/keystoneauth1/session.py:448
2019-12-29 22:17:11.272 725 DEBUG novaclient.v2.client [-] RESP: [202] Connection: close Content-Length: 0 Content-Type: application/json Date: Sun, 29 Dec 2019 22:17:11 GMT OpenStack-API-Version: compute 2.1 Server: Apache/2.4.18 (Ubuntu) Vary: OpenStack-API-Version,X-OpenStack-Nova-API-Version X-OpenStack-Nova-API-Version: 2.1 x-compute-request-id: req-729dea71-f05a-467d-9e3f-204c7456752a x-openstack-request-id: req-729dea71-f05a-467d-9e3f-204c7456752a _http_log_response /usr/lib/python2.7/site-packages/keystoneauth1/session.py:479
2019-12-29 22:17:11.272 725 DEBUG novaclient.v2.client [-] DELETE call to compute for http://172.30.13.91/compute/v2.1/os-quota-sets/2b87b73b2e3f40ce88182824029a5f81 used request id req-729dea71-f05a-467d-9e3f-204c7456752a request /usr/lib/python2.7/site-packages/keystoneauth1/session.py:844
2019-12-29 22:17:11.273 725 DEBUG novaclient.v2.client [-] REQ: curl -g -i -X DELETE http://172.30.13.91/compute/v2.1/os-quota-sets/3ac9514a21814535a1f12359725922ef -H "Accept: application/json" -H "User-Agent: python-novaclient" -H "X-Auth-Token: {SHA1}d11ea7d8395688143f4b957dad24e3e2dc79df4d" _http_log_request /usr/lib/python2.7/site-packages/keystoneauth1/session.py:448
2019-12-29 22:17:11.288 725 DEBUG novaclient.v2.client [-] RESP: [202] Connection: close Content-Length: 0 Content-Type: application/json Date: Sun, 29 Dec 2019 22:17:11 GMT OpenStack-API-Version: compute 2.1 Server: Apache/2.4.18 (Ubuntu) Vary: OpenStack-API-Version,X-OpenStack-Nova-API-Version X-OpenStack-Nova-API-Version: 2.1 x-compute-request-id: req-89965054-dad0-4d94-bdc5-e83f4bd693ab x-openstack-request-id: req-89965054-dad0-4d94-bdc5-e83f4bd693ab _http_log_response /usr/lib/python2.7/site-packages/keystoneauth1/session.py:479
2019-12-29 22:17:11.288 725 DEBUG novaclient.v2.client [-] DELETE call to compute for http://172.30.13.91/compute/v2.1/os-quota-sets/3ac9514a21814535a1f12359725922ef used request id req-89965054-dad0-4d94-bdc5-e83f4bd693ab request /usr/lib/python2.7/site-packages/keystoneauth1/session.py:844
2019-12-29 22:17:11.289 725 DEBUG novaclient.v2.client [-] REQ: curl -g -i -X DELETE http://172.30.13.91/compute/v2.1/os-quota-sets/a248413077314cf583da9fe5aacd56b0 -H "Accept: application/json" -H "User-Agent: python-novaclient" -H "X-Auth-Token: {SHA1}d11ea7d8395688143f4b957dad24e3e2dc79df4d" _http_log_request /usr/lib/python2.7/site-packages/keystoneauth1/session.py:448
2019-12-29 22:17:11.304 725 DEBUG novaclient.v2.client [-] RESP: [202] Connection: close Content-Length: 0 Content-Type: application/json Date: Sun, 29 Dec 2019 22:17:11 GMT OpenStack-API-Version: compute 2.1 Server: Apache/2.4.18 (Ubuntu) Vary: OpenStack-API-Version,X-OpenStack-Nova-API-Version X-OpenStack-Nova-API-Version: 2.1 x-compute-request-id: req-2db33edf-875b-4949-a2c0-6da868660698 x-openstack-request-id: req-2db33edf-875b-4949-a2c0-6da868660698 _http_log_response /usr/lib/python2.7/site-packages/keystoneauth1/session.py:479
2019-12-29 22:17:11.304 725 DEBUG novaclient.v2.client [-] DELETE call to compute for http://172.30.13.91/compute/v2.1/os-quota-sets/a248413077314cf583da9fe5aacd56b0 used request id req-2db33edf-875b-4949-a2c0-6da868660698 request /usr/lib/python2.7/site-packages/keystoneauth1/session.py:844
2019-12-29 22:17:11.304 725 INFO rally.task.context [-] Task a78fd81a-b8d6-4452-8d36-47e18f36d26d | Context quotas@openstack cleanup() finished in 45.12 msec
2019-12-29 22:17:11.305 725 INFO rally.task.context [-] Task a78fd81a-b8d6-4452-8d36-47e18f36d26d | Context users@openstack cleanup() started
2019-12-29 22:17:13.931 725 INFO rally.task.context [-] Task a78fd81a-b8d6-4452-8d36-47e18f36d26d | Context users@openstack cleanup() finished in 2.63 sec
2019-12-29 22:17:15.170 725 INFO rally.task.engine [-] Load duration is: 193.603529
2019-12-29 22:17:15.171 725 INFO rally.task.engine [-] Full runner duration is: 194.81009
2019-12-29 22:17:15.171 725 INFO rally.task.engine [-] Full duration is: 217.428651
2019-12-29 22:17:15.215 725 INFO rally.task.engine [-] Running workload: position = 0 config = { "version": 2, "title": "A cropped version of a bigger task.", "description": "Auto-generated task from a single workload (uuid=8c3f03f2-5abf-4a2a-a995-e66166c1ac79)", "subtasks": [ { "title": "GlanceImages.create_and_deactivate_image", "description": "Create an image, then deactivate it.", "scenario": { "GlanceImages.create_and_deactivate_image": { "container_format": "bare", "disk_format": "qcow2", "image_location": "/home/opnfv/functest/images/cirros-0.4.0-x86_64-disk.img" } }, "contexts": { "users": { "tenants": 3, "users_per_tenant": 2 } }, "runner": { "constant": { "concurrency": 4, "times": 10 } }, "hooks": [], "sla": { "failure_rate": { "max": 0 } } } ] }
2019-12-29 22:17:15.231 725 RALLYDEBUG rally_openstack.contexts.keystone.users [-] Creating 3 tenants using 20 threads
2019-12-29 22:17:15.534 725 RALLYDEBUG rally_openstack.contexts.keystone.users [-] Creating 6 users using 20 threads
2019-12-29 22:17:16.074 725 INFO rally.task.context [-] Task a78fd81a-b8d6-4452-8d36-47e18f36d26d | Context users@openstack setup() finished in 0.84 sec
2019-12-29 22:17:16.074 725 INFO rally.task.context [-] Task a78fd81a-b8d6-4452-8d36-47e18f36d26d | Context cleanup@openstack setup() finished in 0.01 msec
2019-12-29 22:17:16.078 725 RALLYDEBUG rally.task.runner [-] Starting the constant runner (task UUID: a78fd81a-b8d6-4452-8d36-47e18f36d26d). timeout: 0 concurrency: 4 concurrency_per_worker: 1 times: 10 concurrency_overhead: 0 processes_to_start: 4 max_cpu_used: 88
2019-12-29 22:17:16.087 1385 RALLYDEBUG rally.task.runner [-] Starting a worker. concurrency: 1 args: {"container_format": "bare", "disk_format": "qcow2", "image_location": "/home/opnfv/functest/images/cirros-0.4.0-x86_64-disk.img"} times: 10 method_name: run timeout: 0 duration: None cls:
2019-12-29 22:17:16.090 1386 RALLYDEBUG rally.task.runner [-] Starting a worker. concurrency: 1 args: {"container_format": "bare", "disk_format": "qcow2", "image_location": "/home/opnfv/functest/images/cirros-0.4.0-x86_64-disk.img"} times: 10 method_name: run timeout: 0 duration: None cls:
2019-12-29 22:17:16.091 1385 INFO rally.task.runner [-] Task a78fd81a-b8d6-4452-8d36-47e18f36d26d | ITER: 1 START
2019-12-29 22:17:16.091 1388 RALLYDEBUG rally.task.runner [-] Starting a worker. concurrency: 1 args: {"container_format": "bare", "disk_format": "qcow2", "image_location": "/home/opnfv/functest/images/cirros-0.4.0-x86_64-disk.img"} times: 10 method_name: run timeout: 0 duration: None cls:
2019-12-29 22:17:16.092 1387 RALLYDEBUG rally.task.runner [-] Starting a worker. concurrency: 1 args: {"container_format": "bare", "disk_format": "qcow2", "image_location": "/home/opnfv/functest/images/cirros-0.4.0-x86_64-disk.img"} times: 10 method_name: run timeout: 0 duration: None cls:
2019-12-29 22:17:16.095 1386 INFO rally.task.runner [-] Task a78fd81a-b8d6-4452-8d36-47e18f36d26d | ITER: 2 START
2019-12-29 22:17:16.096 1388 INFO rally.task.runner [-] Task a78fd81a-b8d6-4452-8d36-47e18f36d26d | ITER: 3 START
2019-12-29 22:17:16.099 1387 INFO rally.task.runner [-] Task a78fd81a-b8d6-4452-8d36-47e18f36d26d | ITER: 4 START
2019-12-29 22:17:18.481 1387 RALLYDEBUG rally.task.utils [-] Waiting for resource u'7656b2c9-40ec-44ab-b2de-625ebd1f42d7'. Status changed: NONE => QUEUED in 0.0244340896606
2019-12-29 22:17:18.484 1385 RALLYDEBUG rally.task.utils [-] Waiting for resource u'6760ca2e-a6cc-48bb-b5bf-168cc8b52c0e'. Status changed: NONE => QUEUED in 0.0324540138245
2019-12-29 22:17:18.487 1388 RALLYDEBUG rally.task.utils [-] Waiting for resource u'd72913f1-804f-4839-a645-54c1a4ef8834'. Status changed: NONE => QUEUED in 0.0289340019226
2019-12-29 22:17:18.499 1386 RALLYDEBUG rally.task.utils [-] Waiting for resource u'c00c4f12-8532-402f-932e-f38790a957c7'. Status changed: NONE => QUEUED in 0.0372760295868
2019-12-29 22:17:18.819 1385 RALLYDEBUG rally.task.utils [-] Waiting for resource s_rally_8c3f03f2_0JNjmmmo. Status changed: QUEUED => ACTIVE in 0.0166811943054
2019-12-29 22:17:18.821 1388 RALLYDEBUG rally.task.utils [-] Waiting for resource s_rally_8c3f03f2_ateHS5Yg. Status changed: QUEUED => ACTIVE in 0.0171761512756
2019-12-29 22:17:18.825 1387 RALLYDEBUG rally.task.utils [-] Waiting for resource s_rally_8c3f03f2_48SnCdwh. Status changed: QUEUED => ACTIVE in 0.0179150104523
2019-12-29 22:17:18.867 1385 INFO rally.task.runner [-] Task a78fd81a-b8d6-4452-8d36-47e18f36d26d | ITER: 1 END: OK
2019-12-29 22:17:18.869 1385 INFO rally.task.runner [-] Task a78fd81a-b8d6-4452-8d36-47e18f36d26d | ITER: 5 START
2019-12-29 22:17:18.875 1388 INFO rally.task.runner [-] Task a78fd81a-b8d6-4452-8d36-47e18f36d26d | ITER: 3 END: OK
2019-12-29 22:17:18.878 1388 INFO rally.task.runner [-] Task a78fd81a-b8d6-4452-8d36-47e18f36d26d | ITER: 6 START
2019-12-29 22:17:18.883 1387 INFO rally.task.runner [-] Task a78fd81a-b8d6-4452-8d36-47e18f36d26d | ITER: 4 END: OK
2019-12-29 22:17:18.886 1387 INFO rally.task.runner [-] Task a78fd81a-b8d6-4452-8d36-47e18f36d26d | ITER: 7 START
2019-12-29 22:17:18.941 1386 RALLYDEBUG rally.task.utils [-] Waiting for resource s_rally_8c3f03f2_qI7qZFqO. Status changed: QUEUED => ACTIVE in 0.0179948806763
2019-12-29 22:17:18.998 1386 INFO rally.task.runner [-] Task a78fd81a-b8d6-4452-8d36-47e18f36d26d | ITER: 2 END: OK
2019-12-29 22:17:19.001 1386 INFO rally.task.runner [-] Task a78fd81a-b8d6-4452-8d36-47e18f36d26d | ITER: 8 START
2019-12-29 22:17:21.113 1385 RALLYDEBUG rally.task.utils [-] Waiting for resource u'0be34c87-9939-4b9a-bbbe-872d74f68964'. Status changed: NONE => QUEUED in 0.0358109474182
2019-12-29 22:17:21.136 1387 RALLYDEBUG rally.task.utils [-] Waiting for resource u'1e9d452c-7192-4c1d-8c6b-f06178d8006a'. Status changed: NONE => QUEUED in 0.0381150245667
2019-12-29 22:17:21.203 1388 RALLYDEBUG rally.task.utils [-] Waiting for resource u'731d3fcf-e4c5-4b78-ace0-beefb4b9838e'. Status changed: NONE => QUEUED in 0.125982046127
2019-12-29 22:17:21.348 1386 RALLYDEBUG rally.task.utils [-] Waiting for resource u'3f7de548-f13c-4ab2-8a6f-243157923e50'. Status changed: NONE => QUEUED in 0.0342748165131
2019-12-29 22:17:21.518 1385 RALLYDEBUG rally.task.utils [-] Waiting for resource s_rally_8c3f03f2_djrahWwK. Status changed: QUEUED => ACTIVE in 0.0232830047607
2019-12-29 22:17:21.578 1385 INFO rally.task.runner [-] Task a78fd81a-b8d6-4452-8d36-47e18f36d26d | ITER: 5 END: OK
2019-12-29 22:17:21.582 1385 INFO rally.task.runner [-] Task a78fd81a-b8d6-4452-8d36-47e18f36d26d | ITER: 9 START
2019-12-29 22:17:22.521 1388 RALLYDEBUG rally.task.utils [-] Waiting for resource s_rally_8c3f03f2_lNJCoGpO. Status changed: QUEUED => ACTIVE in 0.0235319137573
2019-12-29 22:17:22.525 1386 RALLYDEBUG rally.task.utils [-] Waiting for resource s_rally_8c3f03f2_u8ST5tlM. Status changed: QUEUED => ACTIVE in 0.0250699520111
2019-12-29 22:17:22.527 1387 RALLYDEBUG rally.task.utils [-] Waiting for resource s_rally_8c3f03f2_NBJPlSI6. Status changed: QUEUED => ACTIVE in 0.026309967041
2019-12-29 22:17:22.574 1388 INFO rally.task.runner [-] Task a78fd81a-b8d6-4452-8d36-47e18f36d26d | ITER: 6 END: OK
2019-12-29 22:17:22.574 1386 INFO rally.task.runner [-] Task a78fd81a-b8d6-4452-8d36-47e18f36d26d | ITER: 8 END: OK
2019-12-29 22:17:22.577 1388 INFO rally.task.runner [-] Task a78fd81a-b8d6-4452-8d36-47e18f36d26d | ITER: 10 START
2019-12-29 22:17:22.594 1387 INFO rally.task.runner [-] Task a78fd81a-b8d6-4452-8d36-47e18f36d26d | ITER: 7 END: OK
2019-12-29 22:17:24.015 1385 RALLYDEBUG rally.task.utils [-] Waiting for resource u'3cbc3041-6b99-46ab-89a2-789020ae06b0'. Status changed: NONE => QUEUED in 0.0374698638916
2019-12-29 22:17:24.531 1385 RALLYDEBUG rally.task.utils [-] Waiting for resource s_rally_8c3f03f2_gv9IoAxc. Status changed: QUEUED => ACTIVE in 0.0187780857086
2019-12-29 22:17:24.599 1385 INFO rally.task.runner [-] Task a78fd81a-b8d6-4452-8d36-47e18f36d26d | ITER: 9 END: OK
2019-12-29 22:17:24.862 1388 RALLYDEBUG rally.task.utils [-] Waiting for resource u'4c1d6093-a445-4cda-ae53-0295f7f87890'. Status changed: NONE => QUEUED in 0.0364890098572
2019-12-29 22:17:25.648 1388 RALLYDEBUG rally.task.utils [-] Waiting for resource s_rally_8c3f03f2_r4ZrHSoQ. Status changed: QUEUED => ACTIVE in 0.0332090854645
2019-12-29 22:17:25.723 1388 INFO rally.task.runner [-] Task a78fd81a-b8d6-4452-8d36-47e18f36d26d | ITER: 10 END: OK
2019-12-29 22:17:25.745 725 INFO rally.task.context [-] Task a78fd81a-b8d6-4452-8d36-47e18f36d26d | Context cleanup@openstack cleanup() started
2019-12-29 22:17:25.747 725 RALLYDEBUG rally_openstack.cleanup.manager [-] Cleaning up glance images objects
2019-12-29 22:17:26.483 725 RALLYDEBUG rally_openstack.cleanup.manager [-] Deleting glance.images object s_rally_8c3f03f2_r4ZrHSoQ (4c1d6093-a445-4cda-ae53-0295f7f87890)
2019-12-29 22:17:26.488 725 RALLYDEBUG rally_openstack.cleanup.manager [-] Deleting glance.images object s_rally_8c3f03f2_u8ST5tlM (3f7de548-f13c-4ab2-8a6f-243157923e50)
2019-12-29 22:17:26.495 725 RALLYDEBUG rally_openstack.cleanup.manager [-] Deleting glance.images object s_rally_8c3f03f2_ateHS5Yg (d72913f1-804f-4839-a645-54c1a4ef8834)
2019-12-29 22:17:26.501 725 RALLYDEBUG rally_openstack.cleanup.manager [-] Deleting glance.images object s_rally_8c3f03f2_gv9IoAxc (3cbc3041-6b99-46ab-89a2-789020ae06b0)
2019-12-29 22:17:26.507 725 RALLYDEBUG rally_openstack.cleanup.manager [-] Deleting glance.images object s_rally_8c3f03f2_NBJPlSI6 (1e9d452c-7192-4c1d-8c6b-f06178d8006a)
2019-12-29 22:17:26.514 725 RALLYDEBUG rally_openstack.cleanup.manager [-] Deleting glance.images object s_rally_8c3f03f2_0JNjmmmo (6760ca2e-a6cc-48bb-b5bf-168cc8b52c0e)
2019-12-29 22:17:26.524 725 RALLYDEBUG rally_openstack.cleanup.manager [-] Deleting glance.images object s_rally_8c3f03f2_lNJCoGpO (731d3fcf-e4c5-4b78-ace0-beefb4b9838e)
2019-12-29 22:17:26.538 725 RALLYDEBUG rally_openstack.cleanup.manager [-] Deleting glance.images object s_rally_8c3f03f2_djrahWwK (0be34c87-9939-4b9a-bbbe-872d74f68964)
2019-12-29 22:17:26.553 725 RALLYDEBUG rally_openstack.cleanup.manager [-] Deleting glance.images object s_rally_8c3f03f2_qI7qZFqO (c00c4f12-8532-402f-932e-f38790a957c7)
2019-12-29 22:17:26.568 725 RALLYDEBUG rally_openstack.cleanup.manager [-] Deleting glance.images object s_rally_8c3f03f2_48SnCdwh (7656b2c9-40ec-44ab-b2de-625ebd1f42d7)
2019-12-29 22:17:27.612 725 DEBUG glanceclient.common.http [-] Request returned failure status 404. _handle_response /usr/lib/python2.7/site-packages/glanceclient/common/http.py:125
2019-12-29 22:17:27.627 725 DEBUG glanceclient.common.http [-] Request returned failure status 404. _handle_response /usr/lib/python2.7/site-packages/glanceclient/common/http.py:125
2019-12-29 22:17:27.633 725 DEBUG glanceclient.common.http [-] Request returned failure status 404. _handle_response /usr/lib/python2.7/site-packages/glanceclient/common/http.py:125
2019-12-29 22:17:27.635 725 DEBUG glanceclient.common.http [-] Request returned failure status 404. _handle_response /usr/lib/python2.7/site-packages/glanceclient/common/http.py:125
2019-12-29 22:17:27.637 725 DEBUG glanceclient.common.http [-] Request returned failure status 404. _handle_response /usr/lib/python2.7/site-packages/glanceclient/common/http.py:125
2019-12-29 22:17:27.638 725 DEBUG glanceclient.common.http [-] Request returned failure status 404. _handle_response /usr/lib/python2.7/site-packages/glanceclient/common/http.py:125
2019-12-29 22:17:27.641 725 DEBUG glanceclient.common.http [-] Request returned failure status 404. _handle_response /usr/lib/python2.7/site-packages/glanceclient/common/http.py:125
2019-12-29 22:17:27.643 725 DEBUG glanceclient.common.http [-] Request returned failure status 404. _handle_response /usr/lib/python2.7/site-packages/glanceclient/common/http.py:125
2019-12-29 22:17:27.645 725 DEBUG glanceclient.common.http [-] Request returned failure status 404. _handle_response /usr/lib/python2.7/site-packages/glanceclient/common/http.py:125
2019-12-29 22:17:27.646 725 DEBUG glanceclient.common.http [-] Request returned failure status 404. _handle_response /usr/lib/python2.7/site-packages/glanceclient/common/http.py:125
2019-12-29 22:17:27.647 725 DEBUG glanceclient.common.http [-] Request returned failure status 404. _handle_response /usr/lib/python2.7/site-packages/glanceclient/common/http.py:125
2019-12-29 22:17:27.648 725 DEBUG glanceclient.common.http [-] Request returned failure status 404. _handle_response /usr/lib/python2.7/site-packages/glanceclient/common/http.py:125
2019-12-29 22:17:27.659 725 DEBUG glanceclient.common.http [-] Request returned failure status 404. _handle_response /usr/lib/python2.7/site-packages/glanceclient/common/http.py:125
2019-12-29 22:17:27.662 725 DEBUG glanceclient.common.http [-] Request returned failure status 404. _handle_response /usr/lib/python2.7/site-packages/glanceclient/common/http.py:125
2019-12-29 22:17:27.664 725 DEBUG glanceclient.common.http [-] Request returned failure status 404. _handle_response /usr/lib/python2.7/site-packages/glanceclient/common/http.py:125
2019-12-29 22:17:27.666 725 DEBUG glanceclient.common.http [-] Request returned failure status 404. _handle_response /usr/lib/python2.7/site-packages/glanceclient/common/http.py:125
2019-12-29 22:17:27.671 725 DEBUG glanceclient.common.http [-] Request returned failure status 404. _handle_response /usr/lib/python2.7/site-packages/glanceclient/common/http.py:125
2019-12-29 22:17:27.674 725 DEBUG glanceclient.common.http [-] Request returned failure status 404. _handle_response /usr/lib/python2.7/site-packages/glanceclient/common/http.py:125
2019-12-29 22:17:27.677 725 DEBUG glanceclient.common.http [-] Request returned failure status 404. _handle_response /usr/lib/python2.7/site-packages/glanceclient/common/http.py:125
2019-12-29 22:17:27.680 725 DEBUG glanceclient.common.http [-] Request returned failure status 404. _handle_response /usr/lib/python2.7/site-packages/glanceclient/common/http.py:125
2019-12-29 22:17:28.682 725 INFO rally.task.context [-] Task a78fd81a-b8d6-4452-8d36-47e18f36d26d | Context cleanup@openstack cleanup() finished in 2.94 sec
2019-12-29 22:17:28.683 725 INFO rally.task.context [-] Task a78fd81a-b8d6-4452-8d36-47e18f36d26d | Context users@openstack cleanup() started
2019-12-29 22:17:30.803 725 INFO rally.task.context [-] Task a78fd81a-b8d6-4452-8d36-47e18f36d26d | Context users@openstack cleanup() finished in 2.12 sec
2019-12-29 22:17:31.298 725 INFO rally.task.engine [-] Load duration is: 9.471624
2019-12-29 22:17:31.298 725 INFO rally.task.engine [-] Full runner duration is: 9.666388
2019-12-29 22:17:31.298 725 INFO rally.task.engine [-] Full duration is: 15.572919
2019-12-29 22:17:31.342 725 INFO rally.task.engine [-] Running workload: position = 0 config = { "version": 2, "title": "A cropped version of a bigger task.", "description": "Auto-generated task from a single workload (uuid=69c7eaf0-f4be-4a8d-b094-d8447182dbc9)", "subtasks": [ { "title": "GlanceImages.create_and_download_image", "description": "Create an image, then download data of the image.", "scenario": { "GlanceImages.create_and_download_image": { "container_format": "bare", "disk_format": "qcow2", "image_location": "/home/opnfv/functest/images/cirros-0.4.0-x86_64-disk.img" } }, "contexts": { "users": { "tenants": 3, "users_per_tenant": 2 } }, "runner": { "constant": { "concurrency": 4, "times": 10 } }, "hooks": [], "sla": { "failure_rate": { "max": 0 } } } ] }
2019-12-29 22:17:31.355 725 RALLYDEBUG rally_openstack.contexts.keystone.users [-] Creating 3 tenants using 20 threads
2019-12-29 22:17:31.822 725 RALLYDEBUG rally_openstack.contexts.keystone.users [-] Creating 6 users using 20 threads
2019-12-29 22:17:32.466 725 INFO rally.task.context [-] Task a78fd81a-b8d6-4452-8d36-47e18f36d26d | Context users@openstack setup() finished in 1.11 sec
2019-12-29 22:17:32.466 725 INFO rally.task.context [-] Task a78fd81a-b8d6-4452-8d36-47e18f36d26d | Context cleanup@openstack setup() finished in 0.00 msec
2019-12-29 22:17:32.473 725 RALLYDEBUG rally.task.runner [-] Starting the constant runner (task UUID: a78fd81a-b8d6-4452-8d36-47e18f36d26d). timeout: 0 concurrency: 4 concurrency_per_worker: 1 times: 10 concurrency_overhead: 0 processes_to_start: 4 max_cpu_used: 88
2019-12-29 22:17:32.483 1509 RALLYDEBUG rally.task.runner [-] Starting a worker. concurrency: 1 args: {"container_format": "bare", "disk_format": "qcow2", "image_location": "/home/opnfv/functest/images/cirros-0.4.0-x86_64-disk.img"} times: 10 method_name: run timeout: 0 duration: None cls:
2019-12-29 22:17:32.487 1511 RALLYDEBUG rally.task.runner [-] Starting a worker. concurrency: 1 args: {"container_format": "bare", "disk_format": "qcow2", "image_location": "/home/opnfv/functest/images/cirros-0.4.0-x86_64-disk.img"} times: 10 method_name: run timeout: 0 duration: None cls:
2019-12-29 22:17:32.487 1510 RALLYDEBUG rally.task.runner [-] Starting a worker. concurrency: 1 args: {"container_format": "bare", "disk_format": "qcow2", "image_location": "/home/opnfv/functest/images/cirros-0.4.0-x86_64-disk.img"} times: 10 method_name: run timeout: 0 duration: None cls:
2019-12-29 22:17:32.488 1509 INFO rally.task.runner [-] Task a78fd81a-b8d6-4452-8d36-47e18f36d26d | ITER: 1 START
2019-12-29 22:17:32.491 1511 INFO rally.task.runner [-] Task a78fd81a-b8d6-4452-8d36-47e18f36d26d | ITER: 2 START
2019-12-29 22:17:32.494 1510 INFO rally.task.runner [-] Task a78fd81a-b8d6-4452-8d36-47e18f36d26d | ITER: 3 START
2019-12-29 22:17:32.494 1512 RALLYDEBUG rally.task.runner [-] Starting a worker. concurrency: 1 args: {"container_format": "bare", "disk_format": "qcow2", "image_location": "/home/opnfv/functest/images/cirros-0.4.0-x86_64-disk.img"} times: 10 method_name: run timeout: 0 duration: None cls:
2019-12-29 22:17:32.498 1512 INFO rally.task.runner [-] Task a78fd81a-b8d6-4452-8d36-47e18f36d26d | ITER: 4 START
2019-12-29 22:17:34.929 1511 RALLYDEBUG rally.task.utils [-] Waiting for resource u'27da1875-1fe4-4fe6-91c6-6ec9774be261'. Status changed: NONE => QUEUED in 0.040354013443
2019-12-29 22:17:34.930 1512 RALLYDEBUG rally.task.utils [-] Waiting for resource u'0d0fbf13-7653-41bf-a02e-2473eaa7cdfb'. Status changed: NONE => QUEUED in 0.0425419807434
2019-12-29 22:17:34.934 1509 RALLYDEBUG rally.task.utils [-] Waiting for resource u'4c285d96-cd41-4473-8c1a-3fcc86cd8795'. Status changed: NONE => QUEUED in 0.0480358600616
2019-12-29 22:17:34.939 1510 RALLYDEBUG rally.task.utils [-] Waiting for resource u'1055f637-e820-4d69-b8ed-90c2af1ca582'. Status changed: NONE => QUEUED in 0.0431790351868
2019-12-29 22:17:35.279 1509 RALLYDEBUG rally.task.utils [-] Waiting for resource s_rally_69c7eaf0_EMpoJtP5. Status changed: QUEUED => ACTIVE in 0.0184500217438
2019-12-29 22:17:35.281 1512 RALLYDEBUG rally.task.utils [-] Waiting for resource s_rally_69c7eaf0_f6sMSje4. Status changed: QUEUED => ACTIVE in 0.0251739025116
2019-12-29 22:17:35.282 1511 RALLYDEBUG rally.task.utils [-] Waiting for resource s_rally_69c7eaf0_u3xzCTMt. Status changed: QUEUED => ACTIVE in 0.0195519924164
2019-12-29 22:17:35.455 1512 INFO rally.task.runner [-] Task a78fd81a-b8d6-4452-8d36-47e18f36d26d | ITER: 4 END: OK
2019-12-29 22:17:35.459 1512 INFO rally.task.runner [-] Task a78fd81a-b8d6-4452-8d36-47e18f36d26d | ITER: 5 START
2019-12-29 22:17:35.467 1509 INFO rally.task.runner [-] Task a78fd81a-b8d6-4452-8d36-47e18f36d26d | ITER: 1 END: OK
2019-12-29 22:17:35.471 1509 INFO rally.task.runner [-] Task a78fd81a-b8d6-4452-8d36-47e18f36d26d | ITER: 6 START
2019-12-29 22:17:35.474 1511 INFO rally.task.runner [-] Task a78fd81a-b8d6-4452-8d36-47e18f36d26d | ITER: 2 END: OK
2019-12-29 22:17:35.477 1511 INFO rally.task.runner [-] Task a78fd81a-b8d6-4452-8d36-47e18f36d26d | ITER: 7 START
2019-12-29 22:17:36.275 1510 RALLYDEBUG rally.task.utils [-] Waiting for resource s_rally_69c7eaf0_5PEA7MUG. Status changed: QUEUED => ACTIVE in 0.0166058540344
2019-12-29 22:17:36.423 1510 INFO rally.task.runner [-] Task a78fd81a-b8d6-4452-8d36-47e18f36d26d | ITER: 3 END: OK
2019-12-29 22:17:36.427 1510 INFO rally.task.runner [-] Task a78fd81a-b8d6-4452-8d36-47e18f36d26d | ITER: 8 START
2019-12-29 22:17:37.732 1512 RALLYDEBUG rally.task.utils [-] Waiting for resource u'0153a7ad-a6a6-439e-bef4-50c25aaebcdd'. Status changed: NONE => QUEUED in 0.0254321098328
2019-12-29 22:17:37.790 1511 RALLYDEBUG rally.task.utils [-] Waiting for resource u'66086e04-1518-41b5-b12b-45b75d690c0a'. Status changed: NONE => QUEUED in 0.0292680263519
2019-12-29 22:17:37.809 1509 RALLYDEBUG rally.task.utils [-] Waiting for resource u'0a3eed5a-844b-4c50-8ce4-8f0a1dc2fd6d'. Status changed: NONE => QUEUED in 0.0350289344788
2019-12-29 22:17:38.274 1511 RALLYDEBUG rally.task.utils [-] Waiting for resource s_rally_69c7eaf0_yMnJ1uit. Status changed: QUEUED => ACTIVE in 0.0182819366455
2019-12-29 22:17:38.274 1509 RALLYDEBUG rally.task.utils [-] Waiting for resource s_rally_69c7eaf0_g1ElUx5J. Status changed: QUEUED => ACTIVE in 0.018238067627
2019-12-29 22:17:38.277 1512 RALLYDEBUG rally.task.utils [-] Waiting for resource s_rally_69c7eaf0_F0o5yBQb. Status changed: QUEUED => ACTIVE in 0.0175161361694
2019-12-29 22:17:38.433 1512 INFO rally.task.runner [-] Task a78fd81a-b8d6-4452-8d36-47e18f36d26d | ITER: 5 END: OK
2019-12-29 22:17:38.435 1511 INFO rally.task.runner [-] Task a78fd81a-b8d6-4452-8d36-47e18f36d26d | ITER: 7 END: OK
2019-12-29 22:17:38.436 1512 INFO rally.task.runner [-] Task a78fd81a-b8d6-4452-8d36-47e18f36d26d | ITER: 9 START
2019-12-29 22:17:38.439 1511 INFO rally.task.runner [-] Task a78fd81a-b8d6-4452-8d36-47e18f36d26d | ITER: 10 START
2019-12-29 22:17:38.446 1509 INFO rally.task.runner [-] Task a78fd81a-b8d6-4452-8d36-47e18f36d26d | ITER: 6 END: OK
2019-12-29 22:17:38.680 1510 RALLYDEBUG rally.task.utils [-] Waiting for resource u'313c42fa-144b-4e4a-b074-9dcd57c8ec3c'. Status changed: NONE => QUEUED in 0.0293121337891
2019-12-29 22:17:39.303 1510 RALLYDEBUG rally.task.utils [-] Waiting for resource s_rally_69c7eaf0_v3u1GZ1j. Status changed: QUEUED => ACTIVE in 0.0228960514069
2019-12-29 22:17:39.491 1510 INFO rally.task.runner [-] Task a78fd81a-b8d6-4452-8d36-47e18f36d26d | ITER: 8 END: OK
2019-12-29 22:17:40.682 1512 RALLYDEBUG rally.task.utils [-] Waiting for resource u'80796c67-b42b-4527-9cfd-acbfe53fdb5c'. Status changed: NONE => QUEUED in 0.0344679355621
2019-12-29 22:17:40.772 1511 RALLYDEBUG rally.task.utils [-] Waiting for resource u'dc8374c4-36eb-4940-a024-fbe118613d23'. Status changed: NONE => QUEUED in 0.0325911045074
2019-12-29 22:17:41.288 1511 RALLYDEBUG rally.task.utils [-] Waiting for resource s_rally_69c7eaf0_c89sJHZr. Status changed: QUEUED => ACTIVE in 0.0184500217438
2019-12-29 22:17:41.310 1512 RALLYDEBUG rally.task.utils [-] Waiting for resource s_rally_69c7eaf0_6WNhdc3f. Status changed: QUEUED => ACTIVE in 0.0218589305878
2019-12-29 22:17:41.491 1512 INFO rally.task.runner [-] Task a78fd81a-b8d6-4452-8d36-47e18f36d26d | ITER: 9 END: OK
2019-12-29 22:17:41.494 1511 INFO rally.task.runner [-] Task a78fd81a-b8d6-4452-8d36-47e18f36d26d | ITER: 10 END: OK
2019-12-29 22:17:41.518 725 INFO rally.task.context [-] Task a78fd81a-b8d6-4452-8d36-47e18f36d26d | Context cleanup@openstack cleanup() started
2019-12-29 22:17:41.520 725 RALLYDEBUG rally_openstack.cleanup.manager [-] Cleaning up glance images objects
2019-12-29 22:17:42.051 725 RALLYDEBUG rally_openstack.cleanup.manager [-] Deleting glance.images object s_rally_69c7eaf0_6WNhdc3f (80796c67-b42b-4527-9cfd-acbfe53fdb5c)
2019-12-29 22:17:42.051 725 RALLYDEBUG rally_openstack.cleanup.manager [-] Deleting glance.images object s_rally_69c7eaf0_v3u1GZ1j (313c42fa-144b-4e4a-b074-9dcd57c8ec3c)
2019-12-29 22:17:42.053 725 RALLYDEBUG rally_openstack.cleanup.manager [-] Deleting glance.images object s_rally_69c7eaf0_yMnJ1uit (66086e04-1518-41b5-b12b-45b75d690c0a)
2019-12-29 22:17:42.056 725 RALLYDEBUG rally_openstack.cleanup.manager [-] Deleting glance.images object s_rally_69c7eaf0_g1ElUx5J (0a3eed5a-844b-4c50-8ce4-8f0a1dc2fd6d)
2019-12-29 22:17:42.061 725 RALLYDEBUG rally_openstack.cleanup.manager [-] Deleting glance.images object s_rally_69c7eaf0_F0o5yBQb (0153a7ad-a6a6-439e-bef4-50c25aaebcdd)
2019-12-29 22:17:42.067 725 RALLYDEBUG rally_openstack.cleanup.manager [-] Deleting glance.images object s_rally_69c7eaf0_u3xzCTMt (27da1875-1fe4-4fe6-91c6-6ec9774be261)
2019-12-29 22:17:42.071 725 RALLYDEBUG rally_openstack.cleanup.manager [-] Deleting glance.images object s_rally_69c7eaf0_c89sJHZr (dc8374c4-36eb-4940-a024-fbe118613d23)
2019-12-29 22:17:42.078 725 RALLYDEBUG rally_openstack.cleanup.manager [-] Deleting glance.images object s_rally_69c7eaf0_EMpoJtP5 (4c285d96-cd41-4473-8c1a-3fcc86cd8795)
2019-12-29 22:17:42.081 725 RALLYDEBUG rally_openstack.cleanup.manager [-] Deleting glance.images object s_rally_69c7eaf0_5PEA7MUG (1055f637-e820-4d69-b8ed-90c2af1ca582)
2019-12-29 22:17:42.089 725 RALLYDEBUG rally_openstack.cleanup.manager [-] Deleting glance.images object s_rally_69c7eaf0_f6sMSje4 (0d0fbf13-7653-41bf-a02e-2473eaa7cdfb)
2019-12-29 22:17:43.332 725 DEBUG glanceclient.common.http [-] Request returned failure status 404. _handle_response /usr/lib/python2.7/site-packages/glanceclient/common/http.py:125
2019-12-29 22:17:43.335 725 DEBUG glanceclient.common.http [-] Request returned failure status 404. _handle_response /usr/lib/python2.7/site-packages/glanceclient/common/http.py:125
2019-12-29 22:17:43.337 725 DEBUG glanceclient.common.http [-] Request returned failure status 404. _handle_response /usr/lib/python2.7/site-packages/glanceclient/common/http.py:125
2019-12-29 22:17:43.338 725 DEBUG glanceclient.common.http [-] Request returned failure status 404. _handle_response /usr/lib/python2.7/site-packages/glanceclient/common/http.py:125
2019-12-29 22:17:43.340 725 DEBUG glanceclient.common.http [-] Request returned failure status 404. _handle_response /usr/lib/python2.7/site-packages/glanceclient/common/http.py:125
2019-12-29 22:17:43.341 725 DEBUG glanceclient.common.http [-] Request returned failure status 404. _handle_response /usr/lib/python2.7/site-packages/glanceclient/common/http.py:125
2019-12-29 22:17:43.342 725 DEBUG glanceclient.common.http [-] Request returned failure status 404. _handle_response /usr/lib/python2.7/site-packages/glanceclient/common/http.py:125
2019-12-29 22:17:43.343 725 DEBUG glanceclient.common.http [-] Request returned failure status 404. _handle_response /usr/lib/python2.7/site-packages/glanceclient/common/http.py:125
2019-12-29 22:17:43.344 725 DEBUG glanceclient.common.http [-] Request returned failure status 404. _handle_response /usr/lib/python2.7/site-packages/glanceclient/common/http.py:125
2019-12-29 22:17:43.345 725 DEBUG glanceclient.common.http [-] Request returned failure status 404. _handle_response /usr/lib/python2.7/site-packages/glanceclient/common/http.py:125
2019-12-29 22:17:43.347 725 DEBUG glanceclient.common.http [-] Request returned failure status 404. _handle_response /usr/lib/python2.7/site-packages/glanceclient/common/http.py:125
2019-12-29 22:17:43.354 725 DEBUG glanceclient.common.http [-] Request returned failure status 404. _handle_response /usr/lib/python2.7/site-packages/glanceclient/common/http.py:125
2019-12-29 22:17:43.358 725 DEBUG glanceclient.common.http [-] Request returned failure status 404. _handle_response /usr/lib/python2.7/site-packages/glanceclient/common/http.py:125
2019-12-29 22:17:43.366 725 DEBUG glanceclient.common.http [-] Request returned failure status 404. _handle_response /usr/lib/python2.7/site-packages/glanceclient/common/http.py:125
2019-12-29 22:17:43.368 725 DEBUG glanceclient.common.http [-] Request returned failure status 404. _handle_response /usr/lib/python2.7/site-packages/glanceclient/common/http.py:125
2019-12-29 22:17:43.368 725 DEBUG glanceclient.common.http [-] Request returned failure status 404. _handle_response /usr/lib/python2.7/site-packages/glanceclient/common/http.py:125
2019-12-29 22:17:43.375 725 DEBUG glanceclient.common.http [-] Request returned failure status 404. _handle_response /usr/lib/python2.7/site-packages/glanceclient/common/http.py:125
2019-12-29 22:17:43.377 725 DEBUG glanceclient.common.http [-] Request returned failure status 404. _handle_response /usr/lib/python2.7/site-packages/glanceclient/common/http.py:125
2019-12-29 22:17:43.378 725 DEBUG glanceclient.common.http [-] Request returned failure status 404. _handle_response /usr/lib/python2.7/site-packages/glanceclient/common/http.py:125
2019-12-29 22:17:43.379 725 DEBUG glanceclient.common.http [-] Request returned failure status 404. _handle_response /usr/lib/python2.7/site-packages/glanceclient/common/http.py:125
2019-12-29 22:17:44.382 725 INFO rally.task.context [-] Task a78fd81a-b8d6-4452-8d36-47e18f36d26d | Context cleanup@openstack cleanup() finished in 2.86 sec
2019-12-29 22:17:44.382 725 INFO rally.task.context [-] Task a78fd81a-b8d6-4452-8d36-47e18f36d26d | Context users@openstack cleanup() started
2019-12-29 22:17:46.481 725 INFO rally.task.context [-] Task a78fd81a-b8d6-4452-8d36-47e18f36d26d | Context users@openstack cleanup() finished in 2.10 sec
2019-12-29 22:17:47.403 725 INFO rally.task.engine [-] Load duration is: 8.83
2019-12-29 22:17:47.404 725 INFO rally.task.engine [-] Full runner duration is: 9.044885
2019-12-29 22:17:47.404 725 INFO rally.task.engine [-] Full duration is: 15.126875
2019-12-29 22:17:47.455 725 INFO rally.task.engine [-] Running workload: position = 0 config = { "version": 2, "title": "A cropped version of a bigger task.", "description": "Auto-generated task from a single workload (uuid=6d9a3af8-12b6-482d-9163-7bbc0430b5df)", "subtasks": [ { "title": "GlanceImages.create_and_get_image", "description": "Create and get detailed information of an image.", "scenario": { "GlanceImages.create_and_get_image": { "container_format": "bare", "disk_format": "qcow2", "image_location": "/home/opnfv/functest/images/cirros-0.4.0-x86_64-disk.img" } }, "contexts": { "users": { "tenants": 3, "users_per_tenant": 2 } }, "runner": { "constant": { "concurrency": 4, "times": 10 } }, "hooks": [], "sla": { "failure_rate": { "max": 0 } } } ] }
2019-12-29 22:17:47.478 725 RALLYDEBUG rally_openstack.contexts.keystone.users [-] Creating 3 tenants using 20 threads
2019-12-29 22:17:47.898 725 RALLYDEBUG rally_openstack.contexts.keystone.users [-] Creating 6 users using 20 threads
2019-12-29 22:17:48.621 725 INFO rally.task.context [-] Task a78fd81a-b8d6-4452-8d36-47e18f36d26d | Context users@openstack setup() finished in 1.14 sec
2019-12-29 22:17:48.621 725 INFO rally.task.context [-] Task a78fd81a-b8d6-4452-8d36-47e18f36d26d | Context cleanup@openstack setup() finished in 0.01 msec
2019-12-29 22:17:48.629 725 RALLYDEBUG rally.task.runner [-] Starting the constant runner (task UUID: a78fd81a-b8d6-4452-8d36-47e18f36d26d). timeout: 0 concurrency: 4 concurrency_per_worker: 1 times: 10 concurrency_overhead: 0 processes_to_start: 4 max_cpu_used: 88
2019-12-29 22:17:48.641 1634 RALLYDEBUG rally.task.runner [-] Starting a worker. concurrency: 1 args: {"container_format": "bare", "disk_format": "qcow2", "image_location": "/home/opnfv/functest/images/cirros-0.4.0-x86_64-disk.img"} times: 10 method_name: run timeout: 0 duration: None cls:
2019-12-29 22:17:48.642 1633 RALLYDEBUG rally.task.runner [-] Starting a worker. concurrency: 1 args: {"container_format": "bare", "disk_format": "qcow2", "image_location": "/home/opnfv/functest/images/cirros-0.4.0-x86_64-disk.img"} times: 10 method_name: run timeout: 0 duration: None cls:
2019-12-29 22:17:48.645 1636 RALLYDEBUG rally.task.runner [-] Starting a worker. concurrency: 1 args: {"container_format": "bare", "disk_format": "qcow2", "image_location": "/home/opnfv/functest/images/cirros-0.4.0-x86_64-disk.img"} times: 10 method_name: run timeout: 0 duration: None cls:
2019-12-29 22:17:48.645 1634 INFO rally.task.runner [-] Task a78fd81a-b8d6-4452-8d36-47e18f36d26d | ITER: 1 START
2019-12-29 22:17:48.647 1633 INFO rally.task.runner [-] Task a78fd81a-b8d6-4452-8d36-47e18f36d26d | ITER: 2 START
2019-12-29 22:17:48.650 1636 INFO rally.task.runner [-] Task a78fd81a-b8d6-4452-8d36-47e18f36d26d | ITER: 3 START
2019-12-29 22:17:48.650 1635 RALLYDEBUG rally.task.runner [-] Starting a worker. concurrency: 1 args: {"container_format": "bare", "disk_format": "qcow2", "image_location": "/home/opnfv/functest/images/cirros-0.4.0-x86_64-disk.img"} times: 10 method_name: run timeout: 0 duration: None cls:
2019-12-29 22:17:48.656 1635 INFO rally.task.runner [-] Task a78fd81a-b8d6-4452-8d36-47e18f36d26d | ITER: 4 START
2019-12-29 22:17:51.037 1634 RALLYDEBUG rally.task.utils [-] Waiting for resource u'0abe520d-6416-4e60-8ad7-ebadbde5508a'. Status changed: NONE => QUEUED in 0.0373780727386
2019-12-29 22:17:51.050 1636 RALLYDEBUG rally.task.utils [-] Waiting for resource u'64264d5c-12a8-4549-8630-e0918de46948'. Status changed: NONE => QUEUED in 0.0439419746399
2019-12-29 22:17:51.052 1633 RALLYDEBUG rally.task.utils [-] Waiting for resource u'2344c7bf-9628-4399-8489-ed6b56aa376a'. Status changed: NONE => QUEUED in 0.0402519702911
2019-12-29 22:17:51.068 1635 RALLYDEBUG rally.task.utils [-] Waiting for resource u'26ba777d-eaeb-442a-a464-ce55283b8916'. Status changed: NONE => QUEUED in 0.0293610095978
2019-12-29 22:17:52.267 1635 RALLYDEBUG rally.task.utils [-] Waiting for resource s_rally_6d9a3af8_O7otIrH3. Status changed: QUEUED => ACTIVE in 0.0209670066833
2019-12-29 22:17:52.268 1634 RALLYDEBUG rally.task.utils [-] Waiting for resource s_rally_6d9a3af8_M9xgE47d. Status changed: QUEUED => ACTIVE in 0.0188608169556
2019-12-29 22:17:52.272 1636 RALLYDEBUG rally.task.utils [-] Waiting for resource s_rally_6d9a3af8_5tuy8tPR. Status changed: QUEUED => ACTIVE in 0.01886677742
2019-12-29 22:17:52.276 1633 RALLYDEBUG rally.task.utils [-] Waiting for resource s_rally_6d9a3af8_jdBKTSeg. Status changed: QUEUED => ACTIVE in 0.026435136795
2019-12-29 22:17:52.290 1635 INFO rally.task.runner [-] Task a78fd81a-b8d6-4452-8d36-47e18f36d26d | ITER: 4 END: OK
2019-12-29 22:17:52.292 1636 INFO rally.task.runner [-] Task a78fd81a-b8d6-4452-8d36-47e18f36d26d | ITER: 3 END: OK
2019-12-29 22:17:52.293 1635 INFO rally.task.runner [-] Task a78fd81a-b8d6-4452-8d36-47e18f36d26d | ITER: 5 START
2019-12-29 22:17:52.294 1634 INFO rally.task.runner [-] Task a78fd81a-b8d6-4452-8d36-47e18f36d26d | ITER: 1 END: OK
2019-12-29 22:17:52.296 1636 INFO rally.task.runner [-] Task a78fd81a-b8d6-4452-8d36-47e18f36d26d | ITER: 6 START
2019-12-29 22:17:52.298 1634 INFO rally.task.runner [-] Task a78fd81a-b8d6-4452-8d36-47e18f36d26d | ITER: 7 START
2019-12-29 22:17:52.299 1633 INFO rally.task.runner [-] Task a78fd81a-b8d6-4452-8d36-47e18f36d26d | ITER: 2 END: OK
2019-12-29 22:17:52.303 1633 INFO rally.task.runner [-] Task a78fd81a-b8d6-4452-8d36-47e18f36d26d | ITER: 8 START
2019-12-29 22:17:54.566 1633 RALLYDEBUG rally.task.utils [-] Waiting for resource u'e5dd43d4-becb-4101-afad-5e01ba58bf5d'. Status changed: NONE => QUEUED in 0.0438468456268
