2020-01-03 13:07:28.754 725 DEBUG novaclient.v2.client [-] DELETE call to compute for http://172.30.13.91/compute/v2.1/os-quota-sets/9ae30436ad2342d0b3b33e4a8c4fe703 used request id req-8c37bc89-0bf2-4eb2-b2ef-afd486794ac6 request /usr/lib/python2.7/site-packages/keystoneauth1/session.py:844
2020-01-03 13:07:28.755 725 DEBUG novaclient.v2.client [-] REQ: curl -g -i -X DELETE http://172.30.13.91/compute/v2.1/os-quota-sets/827f21f14887485abd9a5af66daaa8ff -H "Accept: application/json" -H "User-Agent: python-novaclient" -H "X-Auth-Token: {SHA1}d57ea3672e291c253b622702c4b8a370b80b6b89" _http_log_request /usr/lib/python2.7/site-packages/keystoneauth1/session.py:448
2020-01-03 13:07:28.771 725 DEBUG novaclient.v2.client [-] RESP: [202] Connection: close Content-Length: 0 Content-Type: application/json Date: Fri, 03 Jan 2020 13:07:28 GMT OpenStack-API-Version: compute 2.1 Server: Apache/2.4.18 (Ubuntu) Vary: OpenStack-API-Version,X-OpenStack-Nova-API-Version X-OpenStack-Nova-API-Version: 2.1 x-compute-request-id: req-1f5aef07-2568-4276-ba80-a0c298986fb5 x-openstack-request-id: req-1f5aef07-2568-4276-ba80-a0c298986fb5 _http_log_response /usr/lib/python2.7/site-packages/keystoneauth1/session.py:479
2020-01-03 13:07:28.771 725 DEBUG novaclient.v2.client [-] DELETE call to compute for http://172.30.13.91/compute/v2.1/os-quota-sets/827f21f14887485abd9a5af66daaa8ff used request id req-1f5aef07-2568-4276-ba80-a0c298986fb5 request /usr/lib/python2.7/site-packages/keystoneauth1/session.py:844
2020-01-03 13:07:28.772 725 INFO rally.task.context [-] Task 93afe148-c5d7-4545-8018-5abb06190f6d | Context quotas@openstack cleanup() finished in 60.24 msec
2020-01-03 13:07:28.772 725 INFO rally.task.context [-] Task 93afe148-c5d7-4545-8018-5abb06190f6d | Context users@openstack cleanup() started
2020-01-03 13:07:30.739 725 INFO rally.task.context [-] Task 93afe148-c5d7-4545-8018-5abb06190f6d | Context users@openstack cleanup() finished in 1.97 sec
2020-01-03 13:07:30.966 725 INFO rally.task.engine [-] Load duration is: 53.717403
2020-01-03 13:07:30.966 725 INFO rally.task.engine [-] Full runner duration is: 55.022366
2020-01-03 13:07:30.966 725 INFO rally.task.engine [-] Full duration is: 74.147082
2020-01-03 13:07:31.016 725 INFO rally.task.engine [-] Running workload: position = 0 config = { "version": 2, "title": "A cropped version of a bigger task.", "description": "Auto-generated task from a single workload (uuid=1931f48b-f98a-496d-a03f-70d5f237f1c0)", "subtasks": [ { "title": "GlanceImages.create_and_deactivate_image", "description": "Create an image, then deactivate it.", "scenario": { "GlanceImages.create_and_deactivate_image": { "container_format": "bare", "disk_format": "qcow2", "image_location": "/home/opnfv/functest/images/cirros-0.4.0-x86_64-disk.img" } }, "contexts": { "users": { "tenants": 3, "users_per_tenant": 2 } }, "runner": { "constant": { "concurrency": 4, "times": 10 } }, "hooks": [], "sla": { "failure_rate": { "max": 0 } } } ] }
2020-01-03 13:07:31.033 725 RALLYDEBUG rally_openstack.contexts.keystone.users [-] Creating 3 tenants using 20 threads
2020-01-03 13:07:31.612 725 RALLYDEBUG rally_openstack.contexts.keystone.users [-] Creating 6 users using 20 threads
2020-01-03 13:07:32.397 725 INFO rally.task.context [-] Task 93afe148-c5d7-4545-8018-5abb06190f6d | Context users@openstack setup() finished in 1.36 sec
2020-01-03 13:07:32.398 725 INFO rally.task.context [-] Task 93afe148-c5d7-4545-8018-5abb06190f6d | Context cleanup@openstack setup() finished in 0.01 msec
2020-01-03 13:07:32.407 725 RALLYDEBUG rally.task.runner [-] Starting the constant runner (task UUID: 93afe148-c5d7-4545-8018-5abb06190f6d). timeout: 0 concurrency: 4 concurrency_per_worker: 1 times: 10 concurrency_overhead: 0 processes_to_start: 4 max_cpu_used: 88
2020-01-03 13:07:32.419 1386 RALLYDEBUG rally.task.runner [-] Starting a worker. concurrency: 1 args: {"container_format": "bare", "disk_format": "qcow2", "image_location": "/home/opnfv/functest/images/cirros-0.4.0-x86_64-disk.img"} times: 10 method_name: run timeout: 0 duration: None cls:
2020-01-03 13:07:32.419 1385 RALLYDEBUG rally.task.runner [-] Starting a worker. concurrency: 1 args: {"container_format": "bare", "disk_format": "qcow2", "image_location": "/home/opnfv/functest/images/cirros-0.4.0-x86_64-disk.img"} times: 10 method_name: run timeout: 0 duration: None cls:
2020-01-03 13:07:32.422 1387 RALLYDEBUG rally.task.runner [-] Starting a worker. concurrency: 1 args: {"container_format": "bare", "disk_format": "qcow2", "image_location": "/home/opnfv/functest/images/cirros-0.4.0-x86_64-disk.img"} times: 10 method_name: run timeout: 0 duration: None cls:
2020-01-03 13:07:32.423 1386 INFO rally.task.runner [-] Task 93afe148-c5d7-4545-8018-5abb06190f6d | ITER: 1 START
2020-01-03 13:07:32.425 1385 INFO rally.task.runner [-] Task 93afe148-c5d7-4545-8018-5abb06190f6d | ITER: 2 START
2020-01-03 13:07:32.425 1387 INFO rally.task.runner [-] Task 93afe148-c5d7-4545-8018-5abb06190f6d | ITER: 3 START
2020-01-03 13:07:32.429 1388 RALLYDEBUG rally.task.runner [-] Starting a worker. concurrency: 1 args: {"container_format": "bare", "disk_format": "qcow2", "image_location": "/home/opnfv/functest/images/cirros-0.4.0-x86_64-disk.img"} times: 10 method_name: run timeout: 0 duration: None cls:
2020-01-03 13:07:32.433 1388 INFO rally.task.runner [-] Task 93afe148-c5d7-4545-8018-5abb06190f6d | ITER: 4 START
2020-01-03 13:07:34.911 1387 RALLYDEBUG rally.task.utils [-] Waiting for resource u'27c5602c-d576-4af1-8eea-54dcfef4f9ba'. Status changed: NONE => QUEUED in 0.048327922821
2020-01-03 13:07:34.923 1385 RALLYDEBUG rally.task.utils [-] Waiting for resource u'f05ab3d8-7f30-400a-b540-f1e99ca7be43'. Status changed: NONE => QUEUED in 0.0426211357117
2020-01-03 13:07:34.930 1386 RALLYDEBUG rally.task.utils [-] Waiting for resource u'878c1e45-06bd-4804-aeda-3631941f434d'. Status changed: NONE => QUEUED in 0.0511820316315
2020-01-03 13:07:34.936 1388 RALLYDEBUG rally.task.utils [-] Waiting for resource u'cc178106-0584-4ac2-a496-e97fd8a5565e'. Status changed: NONE => QUEUED in 0.0535900592804
2020-01-03 13:07:35.720 1385 RALLYDEBUG rally.task.utils [-] Waiting for resource s_rally_1931f48b_OFZ1rjUe. Status changed: QUEUED => ACTIVE in 0.0253858566284
2020-01-03 13:07:35.722 1388 RALLYDEBUG rally.task.utils [-] Waiting for resource s_rally_1931f48b_dEJZZ3MB. Status changed: QUEUED => ACTIVE in 0.0232720375061
2020-01-03 13:07:35.722 1387 RALLYDEBUG rally.task.utils [-] Waiting for resource s_rally_1931f48b_s4EvXqCI. Status changed: QUEUED => ACTIVE in 0.0282781124115
2020-01-03 13:07:35.737 1386 RALLYDEBUG rally.task.utils [-] Waiting for resource s_rally_1931f48b_fzTON08M. Status changed: QUEUED => ACTIVE in 0.0277080535889
2020-01-03 13:07:35.809 1385 INFO rally.task.runner [-] Task 93afe148-c5d7-4545-8018-5abb06190f6d | ITER: 2 END: OK
2020-01-03 13:07:35.812 1386 INFO rally.task.runner [-] Task 93afe148-c5d7-4545-8018-5abb06190f6d | ITER: 1 END: OK
2020-01-03 13:07:35.813 1385 INFO rally.task.runner [-] Task 93afe148-c5d7-4545-8018-5abb06190f6d | ITER: 5 START
2020-01-03 13:07:35.817 1386 INFO rally.task.runner [-] Task 93afe148-c5d7-4545-8018-5abb06190f6d | ITER: 6 START
2020-01-03 13:07:35.819 1387 INFO rally.task.runner [-] Task 93afe148-c5d7-4545-8018-5abb06190f6d | ITER: 3 END: OK
2020-01-03 13:07:35.822 1387 INFO rally.task.runner [-] Task 93afe148-c5d7-4545-8018-5abb06190f6d | ITER: 7 START
2020-01-03 13:07:35.830 1388 INFO rally.task.runner [-] Task 93afe148-c5d7-4545-8018-5abb06190f6d | ITER: 4 END: OK
2020-01-03 13:07:35.834 1388 INFO rally.task.runner [-] Task 93afe148-c5d7-4545-8018-5abb06190f6d | ITER: 8 START
2020-01-03 13:07:38.238 1386 RALLYDEBUG rally.task.utils [-] Waiting for resource u'abdd812d-bc20-4d81-bd39-09f6c99e1bd5'. Status changed: NONE => QUEUED in 0.0468490123749
2020-01-03 13:07:38.244 1385 RALLYDEBUG rally.task.utils [-] Waiting for resource u'a55c56f9-dc2d-4a1c-bedc-20cfacc7387d'. Status changed: NONE => QUEUED in 0.0524878501892
2020-01-03 13:07:38.282 1387 RALLYDEBUG rally.task.utils [-] Waiting for resource u'ffb07999-4757-4fc4-a39b-8dfaf645b7de'. Status changed: NONE => QUEUED in 0.0433959960938
2020-01-03 13:07:38.301 1388 RALLYDEBUG rally.task.utils [-] Waiting for resource u'a3820055-02b5-4d54-84ee-eafa7d908d54'. Status changed: NONE => QUEUED in 0.047758102417
2020-01-03 13:07:53.745 1385 RALLYDEBUG rally.task.utils [-] Waiting for resource s_rally_1931f48b_J23pkT7x. Status changed: QUEUED => ACTIVE in 0.0175058841705
2020-01-03 13:07:53.751 1387 RALLYDEBUG rally.task.utils [-] Waiting for resource s_rally_1931f48b_HOgM8Evg. Status changed: QUEUED => ACTIVE in 0.0189712047577
2020-01-03 13:07:53.756 1388 RALLYDEBUG rally.task.utils [-] Waiting for resource s_rally_1931f48b_Rbt4WXub. Status changed: QUEUED => ACTIVE in 0.0241410732269
2020-01-03 13:07:53.805 1385 INFO rally.task.runner [-] Task 93afe148-c5d7-4545-8018-5abb06190f6d | ITER: 5 END: OK
2020-01-03 13:07:53.808 1385 INFO rally.task.runner [-] Task 93afe148-c5d7-4545-8018-5abb06190f6d | ITER: 9 START
2020-01-03 13:07:53.811 1387 INFO rally.task.runner [-] Task 93afe148-c5d7-4545-8018-5abb06190f6d | ITER: 7 END: OK
2020-01-03 13:07:53.816 1387 INFO rally.task.runner [-] Task 93afe148-c5d7-4545-8018-5abb06190f6d | ITER: 10 START
2020-01-03 13:07:53.819 1388 INFO rally.task.runner [-] Task 93afe148-c5d7-4545-8018-5abb06190f6d | ITER: 8 END: OK
2020-01-03 13:07:53.844 1386 RALLYDEBUG rally.task.utils [-] Waiting for resource s_rally_1931f48b_nhdyPJgI. Status changed: QUEUED => ACTIVE in 0.0209250450134
2020-01-03 13:07:53.921 1386 INFO rally.task.runner [-] Task 93afe148-c5d7-4545-8018-5abb06190f6d | ITER: 6 END: OK
2020-01-03 13:07:56.055 1387 RALLYDEBUG rally.task.utils [-] Waiting for resource u'ddcccca2-9ee1-4d01-8b03-6ce6047c5b11'. Status changed: NONE => QUEUED in 0.0341579914093
2020-01-03 13:07:56.071 1385 RALLYDEBUG rally.task.utils [-] Waiting for resource u'dc05b2fc-b7e5-4652-a15b-b39c12af2477'. Status changed: NONE => QUEUED in 0.0380899906158
2020-01-03 13:08:00.886 1385 RALLYDEBUG rally.task.utils [-] Waiting for resource s_rally_1931f48b_gnJ6ceVd. Status changed: QUEUED => ACTIVE in 0.0289471149445
2020-01-03 13:08:00.903 1387 RALLYDEBUG rally.task.utils [-] Waiting for resource s_rally_1931f48b_LZW62i8g. Status changed: QUEUED => ACTIVE in 0.0187628269196
2020-01-03 13:08:00.957 1387 INFO rally.task.runner [-] Task 93afe148-c5d7-4545-8018-5abb06190f6d | ITER: 10 END: OK
2020-01-03 13:08:00.981 1385 INFO rally.task.runner [-] Task 93afe148-c5d7-4545-8018-5abb06190f6d | ITER: 9 END: OK
2020-01-03 13:08:01.001 725 INFO rally.task.context [-] Task 93afe148-c5d7-4545-8018-5abb06190f6d | Context cleanup@openstack cleanup() started
2020-01-03 13:08:01.005 725 RALLYDEBUG rally_openstack.cleanup.manager [-] Cleaning up glance images objects
2020-01-03 13:08:01.698 725 RALLYDEBUG rally_openstack.cleanup.manager [-] Deleting glance.images object s_rally_1931f48b_LZW62i8g (ddcccca2-9ee1-4d01-8b03-6ce6047c5b11)
2020-01-03 13:08:01.704 725 RALLYDEBUG rally_openstack.cleanup.manager [-] Deleting glance.images object s_rally_1931f48b_OFZ1rjUe (f05ab3d8-7f30-400a-b540-f1e99ca7be43)
2020-01-03 13:08:01.710 725 RALLYDEBUG rally_openstack.cleanup.manager [-] Deleting glance.images object s_rally_1931f48b_fzTON08M (878c1e45-06bd-4804-aeda-3631941f434d)
2020-01-03 13:08:01.718 725 RALLYDEBUG rally_openstack.cleanup.manager [-] Deleting glance.images object s_rally_1931f48b_s4EvXqCI (27c5602c-d576-4af1-8eea-54dcfef4f9ba)
2020-01-03 13:08:01.727 725 RALLYDEBUG rally_openstack.cleanup.manager [-] Deleting glance.images object s_rally_1931f48b_gnJ6ceVd (dc05b2fc-b7e5-4652-a15b-b39c12af2477)
2020-01-03 13:08:01.734 725 RALLYDEBUG rally_openstack.cleanup.manager [-] Deleting glance.images object s_rally_1931f48b_HOgM8Evg (ffb07999-4757-4fc4-a39b-8dfaf645b7de)
2020-01-03 13:08:01.744 725 RALLYDEBUG rally_openstack.cleanup.manager [-] Deleting glance.images object s_rally_1931f48b_nhdyPJgI (abdd812d-bc20-4d81-bd39-09f6c99e1bd5)
2020-01-03 13:08:01.752 725 RALLYDEBUG rally_openstack.cleanup.manager [-] Deleting glance.images object s_rally_1931f48b_Rbt4WXub (a3820055-02b5-4d54-84ee-eafa7d908d54)
2020-01-03 13:08:01.757 725 RALLYDEBUG rally_openstack.cleanup.manager [-] Deleting glance.images object s_rally_1931f48b_J23pkT7x (a55c56f9-dc2d-4a1c-bedc-20cfacc7387d)
2020-01-03 13:08:01.790 725 RALLYDEBUG rally_openstack.cleanup.manager [-] Deleting glance.images object s_rally_1931f48b_dEJZZ3MB (cc178106-0584-4ac2-a496-e97fd8a5565e)
2020-01-03 13:08:02.749 725 DEBUG glanceclient.common.http [-] Request returned failure status 404. _handle_response /usr/lib/python2.7/site-packages/glanceclient/common/http.py:125
2020-01-03 13:08:02.755 725 DEBUG glanceclient.common.http [-] Request returned failure status 404. _handle_response /usr/lib/python2.7/site-packages/glanceclient/common/http.py:125
2020-01-03 13:08:02.762 725 DEBUG glanceclient.common.http [-] Request returned failure status 404. _handle_response /usr/lib/python2.7/site-packages/glanceclient/common/http.py:125
2020-01-03 13:08:02.765 725 DEBUG glanceclient.common.http [-] Request returned failure status 404. _handle_response /usr/lib/python2.7/site-packages/glanceclient/common/http.py:125
2020-01-03 13:08:02.767 725 DEBUG glanceclient.common.http [-] Request returned failure status 404. _handle_response /usr/lib/python2.7/site-packages/glanceclient/common/http.py:125
2020-01-03 13:08:02.768 725 DEBUG glanceclient.common.http [-] Request returned failure status 404. _handle_response /usr/lib/python2.7/site-packages/glanceclient/common/http.py:125
2020-01-03 13:08:02.769 725 DEBUG glanceclient.common.http [-] Request returned failure status 404. _handle_response /usr/lib/python2.7/site-packages/glanceclient/common/http.py:125
2020-01-03 13:08:02.770 725 DEBUG glanceclient.common.http [-] Request returned failure status 404. _handle_response /usr/lib/python2.7/site-packages/glanceclient/common/http.py:125
2020-01-03 13:08:02.771 725 DEBUG glanceclient.common.http [-] Request returned failure status 404. _handle_response /usr/lib/python2.7/site-packages/glanceclient/common/http.py:125
2020-01-03 13:08:02.775 725 DEBUG glanceclient.common.http [-] Request returned failure status 404. _handle_response /usr/lib/python2.7/site-packages/glanceclient/common/http.py:125
2020-01-03 13:08:02.778 725 DEBUG glanceclient.common.http [-] Request returned failure status 404. _handle_response /usr/lib/python2.7/site-packages/glanceclient/common/http.py:125
2020-01-03 13:08:02.778 725 DEBUG glanceclient.common.http [-] Request returned failure status 404. _handle_response /usr/lib/python2.7/site-packages/glanceclient/common/http.py:125
2020-01-03 13:08:02.779 725 DEBUG glanceclient.common.http [-] Request returned failure status 404. _handle_response /usr/lib/python2.7/site-packages/glanceclient/common/http.py:125
2020-01-03 13:08:02.790 725 DEBUG glanceclient.common.http [-] Request returned failure status 404. _handle_response /usr/lib/python2.7/site-packages/glanceclient/common/http.py:125
2020-01-03 13:08:02.792 725 DEBUG glanceclient.common.http [-] Request returned failure status 404. _handle_response /usr/lib/python2.7/site-packages/glanceclient/common/http.py:125
2020-01-03 13:08:02.796 725 DEBUG glanceclient.common.http [-] Request returned failure status 404. _handle_response /usr/lib/python2.7/site-packages/glanceclient/common/http.py:125
2020-01-03 13:08:02.799 725 DEBUG glanceclient.common.http [-] Request returned failure status 404. _handle_response /usr/lib/python2.7/site-packages/glanceclient/common/http.py:125
2020-01-03 13:08:02.801 725 DEBUG glanceclient.common.http [-] Request returned failure status 404. _handle_response /usr/lib/python2.7/site-packages/glanceclient/common/http.py:125
2020-01-03 13:08:02.810 725 DEBUG glanceclient.common.http [-] Request returned failure status 404. _handle_response /usr/lib/python2.7/site-packages/glanceclient/common/http.py:125
2020-01-03 13:08:02.811 725 DEBUG glanceclient.common.http [-] Request returned failure status 404. _handle_response /usr/lib/python2.7/site-packages/glanceclient/common/http.py:125
2020-01-03 13:08:03.814 725 INFO rally.task.context [-] Task 93afe148-c5d7-4545-8018-5abb06190f6d | Context cleanup@openstack cleanup() finished in 2.81 sec
2020-01-03 13:08:03.814 725 INFO rally.task.context [-] Task 93afe148-c5d7-4545-8018-5abb06190f6d | Context users@openstack cleanup() started
2020-01-03 13:08:06.318 725 INFO rally.task.context [-] Task 93afe148-c5d7-4545-8018-5abb06190f6d | Context users@openstack cleanup() finished in 2.50 sec
2020-01-03 13:08:07.204 725 INFO rally.task.engine [-] Load duration is: 28.34628
2020-01-03 13:08:07.205 725 INFO rally.task.engine [-] Full runner duration is: 28.595245
2020-01-03 13:08:07.205 725 INFO rally.task.engine [-] Full duration is: 35.28673
2020-01-03 13:08:07.271 725 INFO rally.task.engine [-] Running workload: position = 0 config = { "version": 2, "title": "A cropped version of a bigger task.", "description": "Auto-generated task from a single workload (uuid=22d48fcb-dc88-45af-8a28-a1f00faab4f7)", "subtasks": [ { "title": "GlanceImages.create_and_download_image", "description": "Create an image, then download data of the image.", "scenario": { "GlanceImages.create_and_download_image": { "container_format": "bare", "disk_format": "qcow2", "image_location": "/home/opnfv/functest/images/cirros-0.4.0-x86_64-disk.img" } }, "contexts": { "users": { "tenants": 3, "users_per_tenant": 2 } }, "runner": { "constant": { "concurrency": 4, "times": 10 } }, "hooks": [], "sla": { "failure_rate": { "max": 0 } } } ] }
2020-01-03 13:08:07.291 725 RALLYDEBUG rally_openstack.contexts.keystone.users [-] Creating 3 tenants using 20 threads
2020-01-03 13:08:07.831 725 RALLYDEBUG rally_openstack.contexts.keystone.users [-] Creating 6 users using 20 threads
2020-01-03 13:08:08.644 725 INFO rally.task.context [-] Task 93afe148-c5d7-4545-8018-5abb06190f6d | Context users@openstack setup() finished in 1.35 sec
2020-01-03 13:08:08.644 725 INFO rally.task.context [-] Task 93afe148-c5d7-4545-8018-5abb06190f6d | Context cleanup@openstack setup() finished in 0.01 msec
2020-01-03 13:08:08.652 725 RALLYDEBUG rally.task.runner [-] Starting the constant runner (task UUID: 93afe148-c5d7-4545-8018-5abb06190f6d). timeout: 0 concurrency: 4 concurrency_per_worker: 1 times: 10 concurrency_overhead: 0 processes_to_start: 4 max_cpu_used: 88
2020-01-03 13:08:08.662 1509 RALLYDEBUG rally.task.runner [-] Starting a worker. concurrency: 1 args: {"container_format": "bare", "disk_format": "qcow2", "image_location": "/home/opnfv/functest/images/cirros-0.4.0-x86_64-disk.img"} times: 10 method_name: run timeout: 0 duration: None cls:
2020-01-03 13:08:08.667 1509 INFO rally.task.runner [-] Task 93afe148-c5d7-4545-8018-5abb06190f6d | ITER: 1 START
2020-01-03 13:08:08.667 1511 RALLYDEBUG rally.task.runner [-] Starting a worker. concurrency: 1 args: {"container_format": "bare", "disk_format": "qcow2", "image_location": "/home/opnfv/functest/images/cirros-0.4.0-x86_64-disk.img"} times: 10 method_name: run timeout: 0 duration: None cls:
2020-01-03 13:08:08.669 1510 RALLYDEBUG rally.task.runner [-] Starting a worker. concurrency: 1 args: {"container_format": "bare", "disk_format": "qcow2", "image_location": "/home/opnfv/functest/images/cirros-0.4.0-x86_64-disk.img"} times: 10 method_name: run timeout: 0 duration: None cls:
2020-01-03 13:08:08.670 1512 RALLYDEBUG rally.task.runner [-] Starting a worker. concurrency: 1 args: {"container_format": "bare", "disk_format": "qcow2", "image_location": "/home/opnfv/functest/images/cirros-0.4.0-x86_64-disk.img"} times: 10 method_name: run timeout: 0 duration: None cls:
2020-01-03 13:08:08.673 1511 INFO rally.task.runner [-] Task 93afe148-c5d7-4545-8018-5abb06190f6d | ITER: 2 START
2020-01-03 13:08:08.674 1510 INFO rally.task.runner [-] Task 93afe148-c5d7-4545-8018-5abb06190f6d | ITER: 3 START
2020-01-03 13:08:08.675 1512 INFO rally.task.runner [-] Task 93afe148-c5d7-4545-8018-5abb06190f6d | ITER: 4 START
2020-01-03 13:08:11.109 1512 RALLYDEBUG rally.task.utils [-] Waiting for resource u'ec11ccdd-64f6-4690-89e7-cdb445198d60'. Status changed: NONE => QUEUED in 0.027951002121
2020-01-03 13:08:11.113 1509 RALLYDEBUG rally.task.utils [-] Waiting for resource u'1dae9eae-4e13-4eb9-9abc-6811dc9e5afa'. Status changed: NONE => QUEUED in 0.0269169807434
2020-01-03 13:08:11.123 1511 RALLYDEBUG rally.task.utils [-] Waiting for resource u'6f87c37e-8f3e-4f76-b417-798de62d699d'. Status changed: NONE => QUEUED in 0.0239899158478
2020-01-03 13:08:11.146 1510 RALLYDEBUG rally.task.utils [-] Waiting for resource u'6434c42b-3943-46f0-9683-b19a6514d9d8'. Status changed: NONE => QUEUED in 0.037871837616
2020-01-03 13:08:11.595 1509 RALLYDEBUG rally.task.utils [-] Waiting for resource s_rally_22d48fcb_JvTzLgfo. Status changed: QUEUED => ACTIVE in 0.0191719532013
2020-01-03 13:08:11.597 1511 RALLYDEBUG rally.task.utils [-] Waiting for resource s_rally_22d48fcb_tQpk4Zyv. Status changed: QUEUED => ACTIVE in 0.018562078476
2020-01-03 13:08:11.604 1512 RALLYDEBUG rally.task.utils [-] Waiting for resource s_rally_22d48fcb_NRa2j9rP. Status changed: QUEUED => ACTIVE in 0.0169460773468
2020-01-03 13:08:11.608 1510 RALLYDEBUG rally.task.utils [-] Waiting for resource s_rally_22d48fcb_UyfNcJS2. Status changed: QUEUED => ACTIVE in 0.022166967392
2020-01-03 13:08:11.754 1510 INFO rally.task.runner [-] Task 93afe148-c5d7-4545-8018-5abb06190f6d | ITER: 3 END: OK
2020-01-03 13:08:11.756 1511 INFO rally.task.runner [-] Task 93afe148-c5d7-4545-8018-5abb06190f6d | ITER: 2 END: OK
2020-01-03 13:08:11.758 1510 INFO rally.task.runner [-] Task 93afe148-c5d7-4545-8018-5abb06190f6d | ITER: 5 START
2020-01-03 13:08:11.759 1511 INFO rally.task.runner [-] Task 93afe148-c5d7-4545-8018-5abb06190f6d | ITER: 6 START
2020-01-03 13:08:11.760 1509 INFO rally.task.runner [-] Task 93afe148-c5d7-4545-8018-5abb06190f6d | ITER: 1 END: OK
2020-01-03 13:08:11.763 1509 INFO rally.task.runner [-] Task 93afe148-c5d7-4545-8018-5abb06190f6d | ITER: 7 START
2020-01-03 13:08:11.789 1512 INFO rally.task.runner [-] Task 93afe148-c5d7-4545-8018-5abb06190f6d | ITER: 4 END: OK
2020-01-03 13:08:11.792 1512 INFO rally.task.runner [-] Task 93afe148-c5d7-4545-8018-5abb06190f6d | ITER: 8 START
2020-01-03 13:08:14.083 1512 RALLYDEBUG rally.task.utils [-] Waiting for resource u'4a020957-2864-47bd-a505-17e79635032c'. Status changed: NONE => QUEUED in 0.0398869514465
2020-01-03 13:08:14.083 1511 RALLYDEBUG rally.task.utils [-] Waiting for resource u'd8d837f1-7de7-49fa-b683-c6636e483fbd'. Status changed: NONE => QUEUED in 0.0312509536743
2020-01-03 13:08:14.091 1509 RALLYDEBUG rally.task.utils [-] Waiting for resource u'c092d723-d146-485c-95e0-5fe6be4d202c'. Status changed: NONE => QUEUED in 0.0290319919586
2020-01-03 13:08:14.146 1510 RALLYDEBUG rally.task.utils [-] Waiting for resource u'b04339f1-d499-4c72-9b8c-4e1bc0390930'. Status changed: NONE => QUEUED in 0.0332109928131
2020-01-03 13:08:14.472 1509 RALLYDEBUG rally.task.utils [-] Waiting for resource s_rally_22d48fcb_Cu3rldZQ. Status changed: QUEUED => ACTIVE in 0.0165300369263
2020-01-03 13:08:14.488 1511 RALLYDEBUG rally.task.utils [-] Waiting for resource s_rally_22d48fcb_knFij1Vg. Status changed: QUEUED => ACTIVE in 0.0281929969788
2020-01-03 13:08:14.498 1512 RALLYDEBUG rally.task.utils [-] Waiting for resource s_rally_22d48fcb_yMafDifh. Status changed: QUEUED => ACTIVE in 0.0160880088806
2020-01-03 13:08:14.652 1509 INFO rally.task.runner [-] Task 93afe148-c5d7-4545-8018-5abb06190f6d | ITER: 7 END: OK
2020-01-03 13:08:14.655 1509 INFO rally.task.runner [-] Task 93afe148-c5d7-4545-8018-5abb06190f6d | ITER: 9 START
2020-01-03 13:08:14.662 1512 INFO rally.task.runner [-] Task 93afe148-c5d7-4545-8018-5abb06190f6d | ITER: 8 END: OK
2020-01-03 13:08:14.665 1512 INFO rally.task.runner [-] Task 93afe148-c5d7-4545-8018-5abb06190f6d | ITER: 10 START
2020-01-03 13:08:14.668 1511 INFO rally.task.runner [-] Task 93afe148-c5d7-4545-8018-5abb06190f6d | ITER: 6 END: OK
2020-01-03 13:08:15.513 1510 RALLYDEBUG rally.task.utils [-] Waiting for resource s_rally_22d48fcb_aNNH7oSk. Status changed: QUEUED => ACTIVE in 0.0320520401001
2020-01-03 13:08:15.740 1510 INFO rally.task.runner [-] Task 93afe148-c5d7-4545-8018-5abb06190f6d | ITER: 5 END: OK
2020-01-03 13:08:16.907 1512 RALLYDEBUG rally.task.utils [-] Waiting for resource u'9d3ca516-9aec-44d5-a270-c98d80b88e5b'. Status changed: NONE => QUEUED in 0.0436210632324
2020-01-03 13:08:17.027 1509 RALLYDEBUG rally.task.utils [-] Waiting for resource u'1097fbd6-d1da-48a2-ac40-9ea80856dedd'. Status changed: NONE => QUEUED in 0.0492029190063
2020-01-03 13:08:17.515 1512 RALLYDEBUG rally.task.utils [-] Waiting for resource s_rally_22d48fcb_7nbRB2Ft. Status changed: QUEUED => ACTIVE in 0.0280029773712
2020-01-03 13:08:17.515 1509 RALLYDEBUG rally.task.utils [-] Waiting for resource s_rally_22d48fcb_ayndHdVc. Status changed: QUEUED => ACTIVE in 0.0281629562378
2020-01-03 13:08:17.717 1512 INFO rally.task.runner [-] Task 93afe148-c5d7-4545-8018-5abb06190f6d | ITER: 10 END: OK
2020-01-03 13:08:17.724 1509 INFO rally.task.runner [-] Task 93afe148-c5d7-4545-8018-5abb06190f6d | ITER: 9 END: OK
2020-01-03 13:08:17.743 725 INFO rally.task.context [-] Task 93afe148-c5d7-4545-8018-5abb06190f6d | Context cleanup@openstack cleanup() started
2020-01-03 13:08:17.745 725 RALLYDEBUG rally_openstack.cleanup.manager [-] Cleaning up glance images objects
2020-01-03 13:08:18.536 725 RALLYDEBUG rally_openstack.cleanup.manager [-] Deleting glance.images object s_rally_22d48fcb_yMafDifh (4a020957-2864-47bd-a505-17e79635032c)
2020-01-03 13:08:18.544 725 RALLYDEBUG rally_openstack.cleanup.manager [-] Deleting glance.images object s_rally_22d48fcb_NRa2j9rP (ec11ccdd-64f6-4690-89e7-cdb445198d60)
2020-01-03 13:08:18.553 725 RALLYDEBUG rally_openstack.cleanup.manager [-] Deleting glance.images object s_rally_22d48fcb_7nbRB2Ft (9d3ca516-9aec-44d5-a270-c98d80b88e5b)
2020-01-03 13:08:18.556 725 RALLYDEBUG rally_openstack.cleanup.manager [-] Deleting glance.images object s_rally_22d48fcb_knFij1Vg (d8d837f1-7de7-49fa-b683-c6636e483fbd)
2020-01-03 13:08:18.564 725 RALLYDEBUG rally_openstack.cleanup.manager [-] Deleting glance.images object s_rally_22d48fcb_tQpk4Zyv (6f87c37e-8f3e-4f76-b417-798de62d699d)
2020-01-03 13:08:18.574 725 RALLYDEBUG rally_openstack.cleanup.manager [-] Deleting glance.images object s_rally_22d48fcb_UyfNcJS2 (6434c42b-3943-46f0-9683-b19a6514d9d8)
2020-01-03 13:08:18.589 725 RALLYDEBUG rally_openstack.cleanup.manager [-] Deleting glance.images object s_rally_22d48fcb_JvTzLgfo (1dae9eae-4e13-4eb9-9abc-6811dc9e5afa)
2020-01-03 13:08:18.605 725 RALLYDEBUG rally_openstack.cleanup.manager [-] Deleting glance.images object s_rally_22d48fcb_Cu3rldZQ (c092d723-d146-485c-95e0-5fe6be4d202c)
2020-01-03 13:08:18.606 725 RALLYDEBUG rally_openstack.cleanup.manager [-] Deleting glance.images object s_rally_22d48fcb_ayndHdVc (1097fbd6-d1da-48a2-ac40-9ea80856dedd)
2020-01-03 13:08:18.617 725 RALLYDEBUG rally_openstack.cleanup.manager [-] Deleting glance.images object s_rally_22d48fcb_aNNH7oSk (b04339f1-d499-4c72-9b8c-4e1bc0390930)
2020-01-03 13:08:19.543 725 DEBUG glanceclient.common.http [-] Request returned failure status 404. _handle_response /usr/lib/python2.7/site-packages/glanceclient/common/http.py:125
2020-01-03 13:08:19.558 725 DEBUG glanceclient.common.http [-] Request returned failure status 404. _handle_response /usr/lib/python2.7/site-packages/glanceclient/common/http.py:125
2020-01-03 13:08:19.564 725 DEBUG glanceclient.common.http [-] Request returned failure status 404. _handle_response /usr/lib/python2.7/site-packages/glanceclient/common/http.py:125
2020-01-03 13:08:19.565 725 DEBUG glanceclient.common.http [-] Request returned failure status 404. _handle_response /usr/lib/python2.7/site-packages/glanceclient/common/http.py:125
2020-01-03 13:08:19.572 725 DEBUG glanceclient.common.http [-] Request returned failure status 404. _handle_response /usr/lib/python2.7/site-packages/glanceclient/common/http.py:125
2020-01-03 13:08:19.574 725 DEBUG glanceclient.common.http [-] Request returned failure status 404. _handle_response /usr/lib/python2.7/site-packages/glanceclient/common/http.py:125
2020-01-03 13:08:19.575 725 DEBUG glanceclient.common.http [-] Request returned failure status 404. _handle_response /usr/lib/python2.7/site-packages/glanceclient/common/http.py:125
2020-01-03 13:08:19.576 725 DEBUG glanceclient.common.http [-] Request returned failure status 404. _handle_response /usr/lib/python2.7/site-packages/glanceclient/common/http.py:125
2020-01-03 13:08:19.577 725 DEBUG glanceclient.common.http [-] Request returned failure status 404. _handle_response /usr/lib/python2.7/site-packages/glanceclient/common/http.py:125
2020-01-03 13:08:19.582 725 DEBUG glanceclient.common.http [-] Request returned failure status 404. _handle_response /usr/lib/python2.7/site-packages/glanceclient/common/http.py:125
2020-01-03 13:08:19.586 725 DEBUG glanceclient.common.http [-] Request returned failure status 404. _handle_response /usr/lib/python2.7/site-packages/glanceclient/common/http.py:125
2020-01-03 13:08:19.587 725 DEBUG glanceclient.common.http [-] Request returned failure status 404. _handle_response /usr/lib/python2.7/site-packages/glanceclient/common/http.py:125
2020-01-03 13:08:19.593 725 DEBUG glanceclient.common.http [-] Request returned failure status 404. _handle_response /usr/lib/python2.7/site-packages/glanceclient/common/http.py:125
2020-01-03 13:08:19.597 725 DEBUG glanceclient.common.http [-] Request returned failure status 404. _handle_response /usr/lib/python2.7/site-packages/glanceclient/common/http.py:125
2020-01-03 13:08:19.602 725 DEBUG glanceclient.common.http [-] Request returned failure status 404. _handle_response /usr/lib/python2.7/site-packages/glanceclient/common/http.py:125
2020-01-03 13:08:19.605 725 DEBUG glanceclient.common.http [-] Request returned failure status 404. _handle_response /usr/lib/python2.7/site-packages/glanceclient/common/http.py:125
2020-01-03 13:08:19.610 725 DEBUG glanceclient.common.http [-] Request returned failure status 404. _handle_response /usr/lib/python2.7/site-packages/glanceclient/common/http.py:125
2020-01-03 13:08:19.610 725 DEBUG glanceclient.common.http [-] Request returned failure status 404. _handle_response /usr/lib/python2.7/site-packages/glanceclient/common/http.py:125
2020-01-03 13:08:19.613 725 DEBUG glanceclient.common.http [-] Request returned failure status 404. _handle_response /usr/lib/python2.7/site-packages/glanceclient/common/http.py:125
2020-01-03 13:08:19.614 725 DEBUG glanceclient.common.http [-] Request returned failure status 404. _handle_response /usr/lib/python2.7/site-packages/glanceclient/common/http.py:125
2020-01-03 13:08:20.617 725 INFO rally.task.context [-] Task 93afe148-c5d7-4545-8018-5abb06190f6d | Context cleanup@openstack cleanup() finished in 2.87 sec
2020-01-03 13:08:20.618 725 INFO rally.task.context [-] Task 93afe148-c5d7-4545-8018-5abb06190f6d | Context users@openstack cleanup() started
2020-01-03 13:08:23.537 725 INFO rally.task.context [-] Task 93afe148-c5d7-4545-8018-5abb06190f6d | Context users@openstack cleanup() finished in 2.92 sec
2020-01-03 13:08:25.394 725 INFO rally.task.engine [-] Load duration is: 8.82372
2020-01-03 13:08:25.394 725 INFO rally.task.engine [-] Full runner duration is: 9.09082
2020-01-03 13:08:25.395 725 INFO rally.task.engine [-] Full duration is: 16.248425
2020-01-03 13:08:25.450 725 INFO rally.task.engine [-] Running workload: position = 0 config = { "version": 2, "title": "A cropped version of a bigger task.", "description": "Auto-generated task from a single workload (uuid=9384a0ea-e246-424e-a29b-90ebf6fe0b12)", "subtasks": [ { "title": "GlanceImages.create_and_get_image", "description": "Create and get detailed information of an image.", "scenario": { "GlanceImages.create_and_get_image": { "container_format": "bare", "disk_format": "qcow2", "image_location": "/home/opnfv/functest/images/cirros-0.4.0-x86_64-disk.img" } }, "contexts": { "users": { "tenants": 3, "users_per_tenant": 2 } }, "runner": { "constant": { "concurrency": 4, "times": 10 } }, "hooks": [], "sla": { "failure_rate": { "max": 0 } } } ] }
2020-01-03 13:08:25.470 725 RALLYDEBUG rally_openstack.contexts.keystone.users [-] Creating 3 tenants using 20 threads
2020-01-03 13:08:25.865 725 RALLYDEBUG rally_openstack.contexts.keystone.users [-] Creating 6 users using 20 threads
2020-01-03 13:08:26.485 725 INFO rally.task.context [-] Task 93afe148-c5d7-4545-8018-5abb06190f6d | Context users@openstack setup() finished in 1.02 sec
2020-01-03 13:08:26.485 725 INFO rally.task.context [-] Task 93afe148-c5d7-4545-8018-5abb06190f6d | Context cleanup@openstack setup() finished in 0.00 msec
2020-01-03 13:08:26.490 725 RALLYDEBUG rally.task.runner [-] Starting the constant runner (task UUID: 93afe148-c5d7-4545-8018-5abb06190f6d). timeout: 0 concurrency: 4 concurrency_per_worker: 1 times: 10 concurrency_overhead: 0 processes_to_start: 4 max_cpu_used: 88
2020-01-03 13:08:26.499 1633 RALLYDEBUG rally.task.runner [-] Starting a worker. concurrency: 1 args: {"container_format": "bare", "disk_format": "qcow2", "image_location": "/home/opnfv/functest/images/cirros-0.4.0-x86_64-disk.img"} times: 10 method_name: run timeout: 0 duration: None cls:
2020-01-03 13:08:26.500 1634 RALLYDEBUG rally.task.runner [-] Starting a worker. concurrency: 1 args: {"container_format": "bare", "disk_format": "qcow2", "image_location": "/home/opnfv/functest/images/cirros-0.4.0-x86_64-disk.img"} times: 10 method_name: run timeout: 0 duration: None cls:
2020-01-03 13:08:26.503 1633 INFO rally.task.runner [-] Task 93afe148-c5d7-4545-8018-5abb06190f6d | ITER: 1 START
2020-01-03 13:08:26.503 1635 RALLYDEBUG rally.task.runner [-] Starting a worker. concurrency: 1 args: {"container_format": "bare", "disk_format": "qcow2", "image_location": "/home/opnfv/functest/images/cirros-0.4.0-x86_64-disk.img"} times: 10 method_name: run timeout: 0 duration: None cls:
2020-01-03 13:08:26.504 1634 INFO rally.task.runner [-] Task 93afe148-c5d7-4545-8018-5abb06190f6d | ITER: 2 START
2020-01-03 13:08:26.504 1636 RALLYDEBUG rally.task.runner [-] Starting a worker. concurrency: 1 args: {"container_format": "bare", "disk_format": "qcow2", "image_location": "/home/opnfv/functest/images/cirros-0.4.0-x86_64-disk.img"} times: 10 method_name: run timeout: 0 duration: None cls:
2020-01-03 13:08:26.508 1636 INFO rally.task.runner [-] Task 93afe148-c5d7-4545-8018-5abb06190f6d | ITER: 4 START
2020-01-03 13:08:26.508 1635 INFO rally.task.runner [-] Task 93afe148-c5d7-4545-8018-5abb06190f6d | ITER: 3 START
2020-01-03 13:08:28.879 1636 RALLYDEBUG rally.task.utils [-] Waiting for resource u'ee20c708-08fd-415f-bc09-c22d325c773d'. Status changed: NONE => QUEUED in 0.0420119762421
2020-01-03 13:08:28.884 1634 RALLYDEBUG rally.task.utils [-] Waiting for resource u'30cd1e49-ce67-4ee5-8b4a-b12159530f0e'. Status changed: NONE => QUEUED in 0.0459640026093
2020-01-03 13:08:28.901 1633 RALLYDEBUG rally.task.utils [-] Waiting for resource u'716b556a-a333-42a3-a8e2-95916c960610'. Status changed: NONE => QUEUED in 0.0417850017548
2020-01-03 13:08:28.905 1635 RALLYDEBUG rally.task.utils [-] Waiting for resource u'bb243ae0-2eb4-4dc3-92af-2db36cdb0362'. Status changed: NONE => QUEUED in 0.0375649929047
2020-01-03 13:08:29.606 1635 RALLYDEBUG rally.task.utils [-] Waiting for resource s_rally_9384a0ea_NLITc2Vd. Status changed: QUEUED => ACTIVE in 0.0190119743347
2020-01-03 13:08:29.608 1634 RALLYDEBUG rally.task.utils [-] Waiting for resource s_rally_9384a0ea_xAeBHto2. Status changed: QUEUED => ACTIVE in 0.0199358463287
2020-01-03 13:08:29.617 1633 RALLYDEBUG rally.task.utils [-] Waiting for resource s_rally_9384a0ea_GZN9gEyv. Status changed: QUEUED => ACTIVE in 0.0246019363403
2020-01-03 13:08:29.620 1636 RALLYDEBUG rally.task.utils [-] Waiting for resource s_rally_9384a0ea_aatyn0SZ. Status changed: QUEUED => ACTIVE in 0.0188550949097
2020-01-03 13:08:29.624 1635 INFO rally.task.runner [-] Task 93afe148-c5d7-4545-8018-5abb06190f6d | ITER: 3 END: OK
2020-01-03 13:08:29.627 1635 INFO rally.task.runner [-] Task 93afe148-c5d7-4545-8018-5abb06190f6d | ITER: 5 START
2020-01-03 13:08:29.632 1634 INFO rally.task.runner [-] Task 93afe148-c5d7-4545-8018-5abb06190f6d | ITER: 2 END: OK
2020-01-03 13:08:29.636 1634 INFO rally.task.runner [-] Task 93afe148-c5d7-4545-8018-5abb06190f6d | ITER: 6 START
2020-01-03 13:08:29.637 1636 INFO rally.task.runner [-] Task 93afe148-c5d7-4545-8018-5abb06190f6d | ITER: 4 END: OK
2020-01-03 13:08:29.641 1633 INFO rally.task.runner [-] Task 93afe148-c5d7-4545-8018-5abb06190f6d | ITER: 1 END: OK
2020-01-03 13:08:29.641 1636 INFO rally.task.runner [-] Task 93afe148-c5d7-4545-8018-5abb06190f6d | ITER: 7 START
2020-01-03 13:08:29.644 1633 INFO rally.task.runner [-] Task 93afe148-c5d7-4545-8018-5abb06190f6d | ITER: 8 START
2020-01-03 13:08:31.911 1635 RALLYDEBUG rally.task.utils [-] Waiting for resource u'0058fb1a-faea-464b-bc69-0b73cec7969f'. Status changed: NONE => QUEUED in 0.0486419200897
2020-01-03 13:08:31.930 1633 RALLYDEBUG rally.task.utils [-] Waiting for resource u'8e0d137f-9c4e-4278-ac8e-3d9066471486'. Status changed: NONE => QUEUED in 0.0476620197296
2020-01-03 13:08:31.967 1634 RALLYDEBUG rally.task.utils [-] Waiting for resource u'69ef17dd-84a2-4fd8-b2f5-e1622a71ac54'. Status changed: NONE => QUEUED in 0.0406069755554
2020-01-03 13:08:31.978 1636 RALLYDEBUG rally.task.utils [-] Waiting for resource u'2defd132-128d-42da-9c48-30bd38168422'. Status changed: NONE => QUEUED in 0.0432789325714
2020-01-03 13:08:32.398 1635 RALLYDEBUG rally.task.utils [-] Waiting for resource s_rally_9384a0ea_duLFBeYP. Status changed: QUEUED => ACTIVE in 0.0260992050171
2020-01-03 13:08:32.409 1633 RALLYDEBUG rally.task.utils [-] Waiting for resource s_rally_9384a0ea_XPbJlRCY. Status changed: QUEUED => ACTIVE in 0.0269219875336
2020-01-03 13:08:32.426 1635 INFO rally.task.runner [-] Task 93afe148-c5d7-4545-8018-5abb06190f6d | ITER: 5 END: OK
2020-01-03 13:08:32.431 1635 INFO rally.task.runner [-] Task 93afe148-c5d7-4545-8018-5abb06190f6d | ITER: 9 START
2020-01-03 13:08:32.435 1633 INFO rally.task.runner [-] Task 93afe148-c5d7-4545-8018-5abb06190f6d | ITER: 8 END: OK
2020-01-03 13:08:32.439 1633 INFO rally.task.runner [-] Task 93afe148-c5d7-4545-8018-5abb06190f6d | ITER: 10 START
2020-01-03 13:08:33.412 1634 RALLYDEBUG rally.task.utils [-] Waiting for resource s_rally_9384a0ea_jZBvTnIo. Status changed: QUEUED => ACTIVE in 0.0237581729889
2020-01-03 13:08:33.424 1636 RALLYDEBUG rally.task.utils [-] Waiting for resource s_rally_9384a0ea_X6f1bl1O. Status changed: QUEUED => ACTIVE in 0.0285420417786
2020-01-03 13:08:33.441 1634 INFO rally.task.runner [-] Task 93afe148-c5d7-4545-8018-5abb06190f6d | ITER: 6 END: OK
2020-01-03 13:08:33.453 1636 INFO rally.task.runner [-] Task 93afe148-c5d7-4545-8018-5abb06190f6d | ITER: 7 END: OK
2020-01-03 13:08:34.779 1635 RALLYDEBUG rally.task.utils [-] Waiting for resource u'75540d1a-08f2-43f1-94d1-5e1d2fbacfb8'. Status changed: NONE => QUEUED in 0.0466709136963
2020-01-03 13:08:34.827 1633 RALLYDEBUG rally.task.utils [-] Waiting for resource u'6b18bafe-17dd-4bb8-9b27-ce9146c200a7'. Status changed: NONE => QUEUED in 0.0416400432587
2020-01-03 13:08:35.422 1635 RALLYDEBUG rally.task.utils [-] Waiting for resource s_rally_9384a0ea_bETPIo0k. Status changed: QUEUED => ACTIVE in 0.026477098465
2020-01-03 13:08:35.437 1633 RALLYDEBUG rally.task.utils [-] Waiting for resource s_rally_9384a0ea_OWxaYhmU. Status changed: QUEUED => ACTIVE in 0.0329098701477
2020-01-03 13:08:35.449 1635 INFO rally.task.runner [-] Task 93afe148-c5d7-4545-8018-5abb06190f6d | ITER: 9 END: OK
2020-01-03 13:08:35.459 1633 INFO rally.task.runner [-] Task 93afe148-c5d7-4545-8018-5abb06190f6d | ITER: 10 END: OK
2020-01-03 13:08:35.477 725 INFO rally.task.context [-] Task 93afe148-c5d7-4545-8018-5abb06190f6d | Context cleanup@openstack cleanup() started
2020-01-03 13:08:35.479 725 RALLYDEBUG rally_openstack.cleanup.manager [-] Cleaning up glance images objects
2020-01-03 13:08:36.299 725 RALLYDEBUG rally_openstack.cleanup.manager [-] Deleting glance.images object s_rally_9384a0ea_bETPIo0k (75540d1a-08f2-43f1-94d1-5e1d2fbacfb8)
2020-01-03 13:08:36.304 725 RALLYDEBUG rally_openstack.cleanup.manager [-] Deleting glance.images object s_rally_9384a0ea_duLFBeYP (0058fb1a-faea-464b-bc69-0b73cec7969f)
2020-01-03 13:08:36.310 725 RALLYDEBUG rally_openstack.cleanup.manager [-] Deleting glance.images object s_rally_9384a0ea_NLITc2Vd (bb243ae0-2eb4-4dc3-92af-2db36cdb0362)
2020-01-03 13:08:36.321 725 RALLYDEBUG rally_openstack.cleanup.manager [-] Deleting glance.images object s_rally_9384a0ea_GZN9gEyv (716b556a-a333-42a3-a8e2-95916c960610)
2020-01-03 13:08:36.326 725 RALLYDEBUG rally_openstack.cleanup.manager [-] Deleting glance.images object s_rally_9384a0ea_OWxaYhmU (6b18bafe-17dd-4bb8-9b27-ce9146c200a7)
2020-01-03 13:08:36.330 725 RALLYDEBUG rally_openstack.cleanup.manager [-] Deleting glance.images object s_rally_9384a0ea_jZBvTnIo (69ef17dd-84a2-4fd8-b2f5-e1622a71ac54)
2020-01-03 13:08:36.339 725 RALLYDEBUG rally_openstack.cleanup.manager [-] Deleting glance.images object s_rally_9384a0ea_X6f1bl1O (2defd132-128d-42da-9c48-30bd38168422)
2020-01-03 13:08:36.349 725 RALLYDEBUG rally_openstack.cleanup.manager [-] Deleting glance.images object s_rally_9384a0ea_xAeBHto2 (30cd1e49-ce67-4ee5-8b4a-b12159530f0e)
2020-01-03 13:08:36.359 725 RALLYDEBUG rally_openstack.cleanup.manager [-] Deleting glance.images object s_rally_9384a0ea_XPbJlRCY (8e0d137f-9c4e-4278-ac8e-3d9066471486)
2020-01-03 13:08:36.372 725 RALLYDEBUG rally_openstack.cleanup.manager [-] Deleting glance.images object s_rally_9384a0ea_aatyn0SZ (ee20c708-08fd-415f-bc09-c22d325c773d)
2020-01-03 13:08:37.521 725 DEBUG glanceclient.common.http [-] Request returned failure status 404. _handle_response /usr/lib/python2.7/site-packages/glanceclient/common/http.py:125
2020-01-03 13:08:37.522 725 DEBUG glanceclient.common.http [-] Request returned failure status 404. _handle_response /usr/lib/python2.7/site-packages/glanceclient/common/http.py:125
2020-01-03 13:08:37.523 725 DEBUG glanceclient.common.http [-] Request returned failure status 404. _handle_response /usr/lib/python2.7/site-packages/glanceclient/common/http.py:125
2020-01-03 13:08:37.526 725 DEBUG glanceclient.common.http [-] Request returned failure status 404. _handle_response /usr/lib/python2.7/site-packages/glanceclient/common/http.py:125
2020-01-03 13:08:37.528 725 DEBUG glanceclient.common.http [-] Request returned failure status 404. _handle_response /usr/lib/python2.7/site-packages/glanceclient/common/http.py:125
2020-01-03 13:08:37.530 725 DEBUG glanceclient.common.http [-] Request returned failure status 404. _handle_response /usr/lib/python2.7/site-packages/glanceclient/common/http.py:125
2020-01-03 13:08:37.530 725 DEBUG glanceclient.common.http [-] Request returned failure status 404. _handle_response /usr/lib/python2.7/site-packages/glanceclient/common/http.py:125
2020-01-03 13:08:37.535 725 DEBUG glanceclient.common.http [-] Request returned failure status 404. _handle_response /usr/lib/python2.7/site-packages/glanceclient/common/http.py:125
2020-01-03 13:08:37.536 725 DEBUG glanceclient.common.http [-] Request returned failure status 404. _handle_response /usr/lib/python2.7/site-packages/glanceclient/common/http.py:125
2020-01-03 13:08:37.538 725 DEBUG glanceclient.common.http [-] Request returned failure status 404. _handle_response /usr/lib/python2.7/site-packages/glanceclient/common/http.py:125
2020-01-03 13:08:37.556 725 DEBUG glanceclient.common.http [-] Request returned failure status 404. _handle_response /usr/lib/python2.7/site-packages/glanceclient/common/http.py:125
2020-01-03 13:08:37.560 725 DEBUG glanceclient.common.http [-] Request returned failure status 404. _handle_response /usr/lib/python2.7/site-packages/glanceclient/common/http.py:125
2020-01-03 13:08:37.561 725 DEBUG glanceclient.common.http [-] Request returned failure status 404. _handle_response /usr/lib/python2.7/site-packages/glanceclient/common/http.py:125
2020-01-03 13:08:37.563 725 DEBUG glanceclient.common.http [-] Request returned failure status 404. _handle_response /usr/lib/python2.7/site-packages/glanceclient/common/http.py:125
2020-01-03 13:08:37.567 725 DEBUG glanceclient.common.http [-] Request returned failure status 404. _handle_response /usr/lib/python2.7/site-packages/glanceclient/common/http.py:125
2020-01-03 13:08:37.573 725 DEBUG glanceclient.common.http [-] Request returned failure status 404. _handle_response /usr/lib/python2.7/site-packages/glanceclient/common/http.py:125
2020-01-03 13:08:37.576 725 DEBUG glanceclient.common.http [-] Request returned failure status 404. _handle_response /usr/lib/python2.7/site-packages/glanceclient/common/http.py:125
2020-01-03 13:08:37.580 725 DEBUG glanceclient.common.http [-] Request returned failure status 404. _handle_response /usr/lib/python2.7/site-packages/glanceclient/common/http.py:125
2020-01-03 13:08:37.585 725 DEBUG glanceclient.common.http [-] Request returned failure status 404. _handle_response /usr/lib/python2.7/site-packages/glanceclient/common/http.py:125
2020-01-03 13:08:37.586 725 DEBUG glanceclient.common.http [-] Request returned failure status 404. _handle_response /usr/lib/python2.7/site-packages/glanceclient/common/http.py:125
2020-01-03 13:08:38.589 725 INFO rally.task.context [-] Task 93afe148-c5d7-4545-8018-5abb06190f6d | Context cleanup@openstack cleanup() finished in 3.11 sec
2020-01-03 13:08:38.589 725 INFO rally.task.context [-] Task 93afe148-c5d7-4545-8018-5abb06190f6d | Context users@openstack cleanup() started
2020-01-03 13:08:42.502 725 INFO rally.task.context [-] Task 93afe148-c5d7-4545-8018-5abb06190f6d | Context users@openstack cleanup() finished in 3.91 sec
2020-01-03 13:08:43.586 725 INFO rally.task.engine [-] Load duration is: 8.784657
2020-01-03 13:08:43.586 725 INFO rally.task.engine [-] Full runner duration is: 8.986781
2020-01-03 13:08:43.587 725 INFO rally.task.engine [-] Full duration is: 17.034263
2020-01-03 13:08:43.641 725 INFO rally.task.engine [-] Running workload: position = 0 config = { "version": 2, "title": "A cropped version of a bigger task.", "description": "Auto-generated task from a single workload (uuid=5ef03990-add0-47f5-b6bc-bbf33ddf4071)", "subtasks": [ { "title": "GlanceImages.create_and_update_image", "description": "Create an image then update it.", "scenario": { "GlanceImages.create_and_update_image": { "container_format": "bare", "disk_format": "qcow2", "image_location": "/home/opnfv/functest/images/cirros-0.4.0-x86_64-disk.img" } }, "contexts": { "users": { "tenants": 3, "users_per_tenant": 2 } }, "runner": { "constant": { "concurrency": 4, "times": 10 } }, "hooks": [], "sla": { "failure_rate": { "max": 0 } } } ] }
2020-01-03 13:08:43.660 725 RALLYDEBUG rally_openstack.contexts.keystone.users [-] Creating 3 tenants using 20 threads
2020-01-03 13:08:44.129 725 RALLYDEBUG rally_openstack.contexts.keystone.users [-] Creating 6 users using 20 threads
2020-01-03 13:08:44.804 725 INFO rally.task.context [-] Task 93afe148-c5d7-4545-8018-5abb06190f6d | Context users@openstack setup() finished in 1.14 sec
2020-01-03 13:08:44.804 725 INFO rally.task.context [-] Task 93afe148-c5d7-4545-8018-5abb06190f6d | Context cleanup@openstack setup() finished in 0.00 msec
2020-01-03 13:08:44.810 725 RALLYDEBUG rally.task.runner [-] Starting the constant runner (task UUID: 93afe148-c5d7-4545-8018-5abb06190f6d). timeout: 0 concurrency: 4 concurrency_per_worker: 1 times: 10 concurrency_overhead: 0 processes_to_start: 4 max_cpu_used: 88
2020-01-03 13:08:44.821 1757 RALLYDEBUG rally.task.runner [-] Starting a worker. concurrency: 1 args: {"container_format": "bare", "disk_format": "qcow2", "image_location": "/home/opnfv/functest/images/cirros-0.4.0-x86_64-disk.img"} times: 10 method_name: run timeout: 0 duration: None cls:
2020-01-03 13:08:44.822 1759 RALLYDEBUG rally.task.runner [-] Starting a worker. concurrency: 1 args: {"container_format": "bare", "disk_format": "qcow2", "image_location": "/home/opnfv/functest/images/cirros-0.4.0-x86_64-disk.img"} times: 10 method_name: run timeout: 0 duration: None cls:
2020-01-03 13:08:44.824 1758 RALLYDEBUG rally.task.runner [-] Starting a worker. concurrency: 1 args: {"container_format": "bare", "disk_format": "qcow2", "image_location": "/home/opnfv/functest/images/cirros-0.4.0-x86_64-disk.img"} times: 10 method_name: run timeout: 0 duration: None cls:
2020-01-03 13:08:44.826 1760 RALLYDEBUG rally.task.runner [-] Starting a worker. concurrency: 1 args: {"container_format": "bare", "disk_format": "qcow2", "image_location": "/home/opnfv/functest/images/cirros-0.4.0-x86_64-disk.img"} times: 10 method_name: run timeout: 0 duration: None cls:
2020-01-03 13:08:44.828 1757 INFO rally.task.runner [-] Task 93afe148-c5d7-4545-8018-5abb06190f6d | ITER: 1 START
2020-01-03 13:08:44.829 1759 INFO rally.task.runner [-] Task 93afe148-c5d7-4545-8018-5abb06190f6d | ITER: 2 START
2020-01-03 13:08:44.830 1758 INFO rally.task.runner [-] Task 93afe148-c5d7-4545-8018-5abb06190f6d | ITER: 3 START
2020-01-03 13:08:44.832 1760 INFO rally.task.runner [-] Task 93afe148-c5d7-4545-8018-5abb06190f6d | ITER: 4 START
2020-01-03 13:08:47.486 1757 RALLYDEBUG rally.task.utils [-] Waiting for resource u'9893595e-3eac-45bb-a4e5-26935519e8c9'. Status changed: NONE => QUEUED in 0.213799953461
2020-01-03 13:08:47.523 1759 RALLYDEBUG rally.task.utils [-] Waiting for resource u'cf2c4435-4b45-4e47-a758-c58238f2f56d'. Status changed: NONE => QUEUED in 0.215615987778
2020-01-03 13:08:47.528 1758 RALLYDEBUG rally.task.utils [-] Waiting for resource u'39f1b929-a65f-4ec4-ab4c-f6b1648d2eec'. Status changed: NONE => QUEUED in 0.246167898178
