2020-01-03 13:05:47.424 851 INFO rally.task.runner [-] Task 93afe148-c5d7-4545-8018-5abb06190f6d | ITER: 10 END: OK
2020-01-03 13:05:47.449 725 INFO rally.task.context [-] Task 93afe148-c5d7-4545-8018-5abb06190f6d | Context cleanup@openstack cleanup() started
2020-01-03 13:05:47.452 725 RALLYDEBUG rally_openstack.cleanup.manager [-] Cleaning up glance images objects
2020-01-03 13:05:48.235 725 INFO rally.task.context [-] Task 93afe148-c5d7-4545-8018-5abb06190f6d | Context cleanup@openstack cleanup() finished in 0.79 sec
2020-01-03 13:05:48.236 725 INFO rally.task.context [-] Task 93afe148-c5d7-4545-8018-5abb06190f6d | Context users@openstack cleanup() started
2020-01-03 13:05:51.509 725 INFO rally.task.context [-] Task 93afe148-c5d7-4545-8018-5abb06190f6d | Context users@openstack cleanup() finished in 3.27 sec
2020-01-03 13:05:52.087 725 INFO rally.task.engine [-] Load duration is: 11.826477
2020-01-03 13:05:52.088 725 INFO rally.task.engine [-] Full runner duration is: 12.12182
2020-01-03 13:05:52.088 725 INFO rally.task.engine [-] Full duration is: 17.521337
2020-01-03 13:05:52.130 725 INFO rally.task.engine [-] Running workload: position = 0 config = { "version": 2, "title": "A cropped version of a bigger task.", "description": "Auto-generated task from a single workload (uuid=00d5f6ee-4e53-4d15-92f6-d1bc3b7da9ee)", "subtasks": [ { "title": "GlanceImages.create_and_list_image", "description": "Create an image and then list all images.", "scenario": { "GlanceImages.create_and_list_image": { "container_format": "bare", "disk_format": "qcow2", "image_location": "/home/opnfv/functest/images/cirros-0.4.0-x86_64-disk.img" } }, "contexts": { "users": { "tenants": 3, "users_per_tenant": 2 } }, "runner": { "constant": { "concurrency": 4, "times": 10 } }, "hooks": [], "sla": { "failure_rate": { "max": 0 } } } ] }
2020-01-03 13:05:52.142 725 RALLYDEBUG rally_openstack.contexts.keystone.users [-] Creating 3 tenants using 20 threads
2020-01-03 13:05:52.666 725 RALLYDEBUG rally_openstack.contexts.keystone.users [-] Creating 6 users using 20 threads
2020-01-03 13:05:53.526 725 INFO rally.task.context [-] Task 93afe148-c5d7-4545-8018-5abb06190f6d | Context users@openstack setup() finished in 1.38 sec
2020-01-03 13:05:53.526 725 INFO rally.task.context [-] Task 93afe148-c5d7-4545-8018-5abb06190f6d | Context cleanup@openstack setup() finished in 0.00 msec
2020-01-03 13:05:53.533 725 RALLYDEBUG rally.task.runner [-] Starting the constant runner (task UUID: 93afe148-c5d7-4545-8018-5abb06190f6d). timeout: 0 concurrency: 4 concurrency_per_worker: 1 times: 10 concurrency_overhead: 0 processes_to_start: 4 max_cpu_used: 88
2020-01-03 13:05:53.542 973 RALLYDEBUG rally.task.runner [-] Starting a worker. concurrency: 1 args: {"container_format": "bare", "disk_format": "qcow2", "image_location": "/home/opnfv/functest/images/cirros-0.4.0-x86_64-disk.img"} times: 10 method_name: run timeout: 0 duration: None cls:
2020-01-03 13:05:53.544 974 RALLYDEBUG rally.task.runner [-] Starting a worker. concurrency: 1 args: {"container_format": "bare", "disk_format": "qcow2", "image_location": "/home/opnfv/functest/images/cirros-0.4.0-x86_64-disk.img"} times: 10 method_name: run timeout: 0 duration: None cls:
2020-01-03 13:05:53.547 973 INFO rally.task.runner [-] Task 93afe148-c5d7-4545-8018-5abb06190f6d | ITER: 1 START
2020-01-03 13:05:53.547 976 RALLYDEBUG rally.task.runner [-] Starting a worker. concurrency: 1 args: {"container_format": "bare", "disk_format": "qcow2", "image_location": "/home/opnfv/functest/images/cirros-0.4.0-x86_64-disk.img"} times: 10 method_name: run timeout: 0 duration: None cls:
2020-01-03 13:05:53.549 974 INFO rally.task.runner [-] Task 93afe148-c5d7-4545-8018-5abb06190f6d | ITER: 2 START
2020-01-03 13:05:53.550 975 RALLYDEBUG rally.task.runner [-] Starting a worker. concurrency: 1 args: {"container_format": "bare", "disk_format": "qcow2", "image_location": "/home/opnfv/functest/images/cirros-0.4.0-x86_64-disk.img"} times: 10 method_name: run timeout: 0 duration: None cls:
2020-01-03 13:05:53.552 976 INFO rally.task.runner [-] Task 93afe148-c5d7-4545-8018-5abb06190f6d | ITER: 3 START
2020-01-03 13:05:53.557 975 INFO rally.task.runner [-] Task 93afe148-c5d7-4545-8018-5abb06190f6d | ITER: 4 START
2020-01-03 13:05:55.964 973 RALLYDEBUG rally.task.utils [-] Waiting for resource u'5c041838-4745-49ad-9552-e56b24d678e1'. Status changed: NONE => QUEUED in 0.0485060214996
2020-01-03 13:05:55.982 976 RALLYDEBUG rally.task.utils [-] Waiting for resource u'4e502522-a028-45ec-80e2-592fcd78503c'. Status changed: NONE => QUEUED in 0.0336911678314
2020-01-03 13:05:55.987 975 RALLYDEBUG rally.task.utils [-] Waiting for resource u'feff8bf5-c387-46b7-a8cc-fa0b5f807db3'. Status changed: NONE => QUEUED in 0.0431840419769
2020-01-03 13:05:55.991 974 RALLYDEBUG rally.task.utils [-] Waiting for resource u'f761fe11-5dbf-45bd-add2-3a138023451b'. Status changed: NONE => QUEUED in 0.0411329269409
2020-01-03 13:05:56.360 973 RALLYDEBUG rally.task.utils [-] Waiting for resource s_rally_00d5f6ee_6RiGSydB. Status changed: QUEUED => ACTIVE in 0.0233981609344
2020-01-03 13:05:56.376 974 RALLYDEBUG rally.task.utils [-] Waiting for resource s_rally_00d5f6ee_MQo4lV6R. Status changed: QUEUED => ACTIVE in 0.0252940654755
2020-01-03 13:05:56.411 973 INFO rally.task.runner [-] Task 93afe148-c5d7-4545-8018-5abb06190f6d | ITER: 1 END: OK
2020-01-03 13:05:56.414 973 INFO rally.task.runner [-] Task 93afe148-c5d7-4545-8018-5abb06190f6d | ITER: 5 START
2020-01-03 13:05:56.441 974 INFO rally.task.runner [-] Task 93afe148-c5d7-4545-8018-5abb06190f6d | ITER: 2 END: OK
2020-01-03 13:05:56.444 974 INFO rally.task.runner [-] Task 93afe148-c5d7-4545-8018-5abb06190f6d | ITER: 6 START
2020-01-03 13:05:57.370 976 RALLYDEBUG rally.task.utils [-] Waiting for resource s_rally_00d5f6ee_1bSYVWqP. Status changed: QUEUED => ACTIVE in 0.02068400383
2020-01-03 13:05:57.373 975 RALLYDEBUG rally.task.utils [-] Waiting for resource s_rally_00d5f6ee_vfG0QPCK. Status changed: QUEUED => ACTIVE in 0.0245881080627
2020-01-03 13:05:57.417 975 INFO rally.task.runner [-] Task 93afe148-c5d7-4545-8018-5abb06190f6d | ITER: 4 END: OK
2020-01-03 13:05:57.420 975 INFO rally.task.runner [-] Task 93afe148-c5d7-4545-8018-5abb06190f6d | ITER: 7 START
2020-01-03 13:05:57.427 976 INFO rally.task.runner [-] Task 93afe148-c5d7-4545-8018-5abb06190f6d | ITER: 3 END: OK
2020-01-03 13:05:57.431 976 INFO rally.task.runner [-] Task 93afe148-c5d7-4545-8018-5abb06190f6d | ITER: 8 START
2020-01-03 13:05:58.817 974 RALLYDEBUG rally.task.utils [-] Waiting for resource u'e765539e-3d0a-4212-974b-e724878a14f4'. Status changed: NONE => QUEUED in 0.0370941162109
2020-01-03 13:05:58.823 973 RALLYDEBUG rally.task.utils [-] Waiting for resource u'2ad2f5fb-3c1e-4fdd-afcf-2f2bf1be92eb'. Status changed: NONE => QUEUED in 0.0425360202789
2020-01-03 13:05:59.359 973 RALLYDEBUG rally.task.utils [-] Waiting for resource s_rally_00d5f6ee_a0VJB9x0. Status changed: QUEUED => ACTIVE in 0.017834186554
2020-01-03 13:05:59.378 974 RALLYDEBUG rally.task.utils [-] Waiting for resource s_rally_00d5f6ee_L7JuXKfU. Status changed: QUEUED => ACTIVE in 0.0181908607483
2020-01-03 13:05:59.425 973 INFO rally.task.runner [-] Task 93afe148-c5d7-4545-8018-5abb06190f6d | ITER: 5 END: OK
2020-01-03 13:05:59.430 973 INFO rally.task.runner [-] Task 93afe148-c5d7-4545-8018-5abb06190f6d | ITER: 9 START
2020-01-03 13:05:59.439 974 INFO rally.task.runner [-] Task 93afe148-c5d7-4545-8018-5abb06190f6d | ITER: 6 END: OK
2020-01-03 13:05:59.443 974 INFO rally.task.runner [-] Task 93afe148-c5d7-4545-8018-5abb06190f6d | ITER: 10 START
2020-01-03 13:05:59.720 975 RALLYDEBUG rally.task.utils [-] Waiting for resource u'94a32498-6044-4f0e-bd11-5abba3123495'. Status changed: NONE => QUEUED in 0.0376269817352
2020-01-03 13:05:59.725 976 RALLYDEBUG rally.task.utils [-] Waiting for resource u'ad99909f-1249-4a56-9a66-07c477ed925e'. Status changed: NONE => QUEUED in 0.0384719371796
2020-01-03 13:06:00.690 976 RALLYDEBUG rally.task.utils [-] Waiting for resource s_rally_00d5f6ee_oz84aA2J. Status changed: QUEUED => ACTIVE in 0.0266139507294
2020-01-03 13:06:00.696 975 RALLYDEBUG rally.task.utils [-] Waiting for resource s_rally_00d5f6ee_MpwUMSrw. Status changed: QUEUED => ACTIVE in 0.0298418998718
2020-01-03 13:06:00.765 976 INFO rally.task.runner [-] Task 93afe148-c5d7-4545-8018-5abb06190f6d | ITER: 8 END: OK
2020-01-03 13:06:00.772 975 INFO rally.task.runner [-] Task 93afe148-c5d7-4545-8018-5abb06190f6d | ITER: 7 END: OK
2020-01-03 13:06:01.762 974 RALLYDEBUG rally.task.utils [-] Waiting for resource u'9a240e04-5701-4baa-8fb6-10db905b62dc'. Status changed: NONE => QUEUED in 0.0542981624603
2020-01-03 13:06:01.821 973 RALLYDEBUG rally.task.utils [-] Waiting for resource u'81347069-9514-4352-8daf-871370e71e0f'. Status changed: NONE => QUEUED in 0.0470600128174
2020-01-03 13:06:02.442 973 RALLYDEBUG rally.task.utils [-] Waiting for resource s_rally_00d5f6ee_ra1MshNL. Status changed: QUEUED => ACTIVE in 0.0219969749451
2020-01-03 13:06:02.462 974 RALLYDEBUG rally.task.utils [-] Waiting for resource s_rally_00d5f6ee_HGcXJ1IF. Status changed: QUEUED => ACTIVE in 0.028862953186
2020-01-03 13:06:02.515 973 INFO rally.task.runner [-] Task 93afe148-c5d7-4545-8018-5abb06190f6d | ITER: 9 END: OK
2020-01-03 13:06:02.534 974 INFO rally.task.runner [-] Task 93afe148-c5d7-4545-8018-5abb06190f6d | ITER: 10 END: OK
2020-01-03 13:06:02.558 725 INFO rally.task.context [-] Task 93afe148-c5d7-4545-8018-5abb06190f6d | Context cleanup@openstack cleanup() started
2020-01-03 13:06:02.560 725 RALLYDEBUG rally_openstack.cleanup.manager [-] Cleaning up glance images objects
2020-01-03 13:06:03.391 725 RALLYDEBUG rally_openstack.cleanup.manager [-] Deleting glance.images object s_rally_00d5f6ee_oz84aA2J (ad99909f-1249-4a56-9a66-07c477ed925e)
2020-01-03 13:06:03.393 725 RALLYDEBUG rally_openstack.cleanup.manager [-] Deleting glance.images object s_rally_00d5f6ee_vfG0QPCK (feff8bf5-c387-46b7-a8cc-fa0b5f807db3)
2020-01-03 13:06:03.399 725 RALLYDEBUG rally_openstack.cleanup.manager [-] Deleting glance.images object s_rally_00d5f6ee_1bSYVWqP (4e502522-a028-45ec-80e2-592fcd78503c)
2020-01-03 13:06:03.407 725 RALLYDEBUG rally_openstack.cleanup.manager [-] Deleting glance.images object s_rally_00d5f6ee_HGcXJ1IF (9a240e04-5701-4baa-8fb6-10db905b62dc)
2020-01-03 13:06:03.408 725 RALLYDEBUG rally_openstack.cleanup.manager [-] Deleting glance.images object s_rally_00d5f6ee_6RiGSydB (5c041838-4745-49ad-9552-e56b24d678e1)
2020-01-03 13:06:03.414 725 RALLYDEBUG rally_openstack.cleanup.manager [-] Deleting glance.images object s_rally_00d5f6ee_MpwUMSrw (94a32498-6044-4f0e-bd11-5abba3123495)
2020-01-03 13:06:03.419 725 RALLYDEBUG rally_openstack.cleanup.manager [-] Deleting glance.images object s_rally_00d5f6ee_a0VJB9x0 (2ad2f5fb-3c1e-4fdd-afcf-2f2bf1be92eb)
2020-01-03 13:06:03.425 725 RALLYDEBUG rally_openstack.cleanup.manager [-] Deleting glance.images object s_rally_00d5f6ee_MQo4lV6R (f761fe11-5dbf-45bd-add2-3a138023451b)
2020-01-03 13:06:03.429 725 RALLYDEBUG rally_openstack.cleanup.manager [-] Deleting glance.images object s_rally_00d5f6ee_ra1MshNL (81347069-9514-4352-8daf-871370e71e0f)
2020-01-03 13:06:03.445 725 RALLYDEBUG rally_openstack.cleanup.manager [-] Deleting glance.images object s_rally_00d5f6ee_L7JuXKfU (e765539e-3d0a-4212-974b-e724878a14f4)
2020-01-03 13:06:04.502 725 DEBUG glanceclient.common.http [-] Request returned failure status 404. _handle_response /usr/lib/python2.7/site-packages/glanceclient/common/http.py:125
2020-01-03 13:06:04.510 725 DEBUG glanceclient.common.http [-] Request returned failure status 404. _handle_response /usr/lib/python2.7/site-packages/glanceclient/common/http.py:125
2020-01-03 13:06:04.511 725 DEBUG glanceclient.common.http [-] Request returned failure status 404. _handle_response /usr/lib/python2.7/site-packages/glanceclient/common/http.py:125
2020-01-03 13:06:04.511 725 DEBUG glanceclient.common.http [-] Request returned failure status 404. _handle_response /usr/lib/python2.7/site-packages/glanceclient/common/http.py:125
2020-01-03 13:06:04.514 725 DEBUG glanceclient.common.http [-] Request returned failure status 404. _handle_response /usr/lib/python2.7/site-packages/glanceclient/common/http.py:125
2020-01-03 13:06:04.517 725 DEBUG glanceclient.common.http [-] Request returned failure status 404. _handle_response /usr/lib/python2.7/site-packages/glanceclient/common/http.py:125
2020-01-03 13:06:04.519 725 DEBUG glanceclient.common.http [-] Request returned failure status 404. _handle_response /usr/lib/python2.7/site-packages/glanceclient/common/http.py:125
2020-01-03 13:06:04.519 725 DEBUG glanceclient.common.http [-] Request returned failure status 404. _handle_response /usr/lib/python2.7/site-packages/glanceclient/common/http.py:125
2020-01-03 13:06:04.522 725 DEBUG glanceclient.common.http [-] Request returned failure status 404. _handle_response /usr/lib/python2.7/site-packages/glanceclient/common/http.py:125
2020-01-03 13:06:04.523 725 DEBUG glanceclient.common.http [-] Request returned failure status 404. _handle_response /usr/lib/python2.7/site-packages/glanceclient/common/http.py:125
2020-01-03 13:06:04.524 725 DEBUG glanceclient.common.http [-] Request returned failure status 404. _handle_response /usr/lib/python2.7/site-packages/glanceclient/common/http.py:125
2020-01-03 13:06:04.540 725 DEBUG glanceclient.common.http [-] Request returned failure status 404. _handle_response /usr/lib/python2.7/site-packages/glanceclient/common/http.py:125
2020-01-03 13:06:04.542 725 DEBUG glanceclient.common.http [-] Request returned failure status 404. _handle_response /usr/lib/python2.7/site-packages/glanceclient/common/http.py:125
2020-01-03 13:06:04.544 725 DEBUG glanceclient.common.http [-] Request returned failure status 404. _handle_response /usr/lib/python2.7/site-packages/glanceclient/common/http.py:125
2020-01-03 13:06:04.546 725 DEBUG glanceclient.common.http [-] Request returned failure status 404. _handle_response /usr/lib/python2.7/site-packages/glanceclient/common/http.py:125
2020-01-03 13:06:04.550 725 DEBUG glanceclient.common.http [-] Request returned failure status 404. _handle_response /usr/lib/python2.7/site-packages/glanceclient/common/http.py:125
2020-01-03 13:06:04.555 725 DEBUG glanceclient.common.http [-] Request returned failure status 404. _handle_response /usr/lib/python2.7/site-packages/glanceclient/common/http.py:125
2020-01-03 13:06:04.556 725 DEBUG glanceclient.common.http [-] Request returned failure status 404. _handle_response /usr/lib/python2.7/site-packages/glanceclient/common/http.py:125
2020-01-03 13:06:04.556 725 DEBUG glanceclient.common.http [-] Request returned failure status 404. _handle_response /usr/lib/python2.7/site-packages/glanceclient/common/http.py:125
2020-01-03 13:06:04.560 725 DEBUG glanceclient.common.http [-] Request returned failure status 404. _handle_response /usr/lib/python2.7/site-packages/glanceclient/common/http.py:125
2020-01-03 13:06:05.563 725 INFO rally.task.context [-] Task 93afe148-c5d7-4545-8018-5abb06190f6d | Context cleanup@openstack cleanup() finished in 3.01 sec
2020-01-03 13:06:05.564 725 INFO rally.task.context [-] Task 93afe148-c5d7-4545-8018-5abb06190f6d | Context users@openstack cleanup() started
2020-01-03 13:06:09.055 725 INFO rally.task.context [-] Task 93afe148-c5d7-4545-8018-5abb06190f6d | Context users@openstack cleanup() finished in 3.49 sec
2020-01-03 13:06:10.404 725 INFO rally.task.engine [-] Load duration is: 8.810433
2020-01-03 13:06:10.404 725 INFO rally.task.engine [-] Full runner duration is: 9.025223
2020-01-03 13:06:10.404 725 INFO rally.task.engine [-] Full duration is: 16.913607
2020-01-03 13:06:10.461 725 INFO rally.task.engine [-] Running workload: position = 0 config = { "version": 2, "title": "A cropped version of a bigger task.", "description": "Auto-generated task from a single workload (uuid=9c15e45e-3053-41a4-bed7-c62d9ca5d05b)", "subtasks": [ { "title": "GlanceImages.list_images", "description": "List all images.", "scenario": { "GlanceImages.list_images": {} }, "contexts": { "users": { "tenants": 3, "users_per_tenant": 2 } }, "runner": { "constant": { "concurrency": 4, "times": 10 } }, "hooks": [], "sla": { "failure_rate": { "max": 0 } } } ] }
2020-01-03 13:06:10.481 725 RALLYDEBUG rally_openstack.contexts.keystone.users [-] Creating 3 tenants using 20 threads
2020-01-03 13:06:10.967 725 RALLYDEBUG rally_openstack.contexts.keystone.users [-] Creating 6 users using 20 threads
2020-01-03 13:06:11.708 725 INFO rally.task.context [-] Task 93afe148-c5d7-4545-8018-5abb06190f6d | Context users@openstack setup() finished in 1.23 sec
2020-01-03 13:06:11.714 725 RALLYDEBUG rally.task.runner [-] Starting the constant runner (task UUID: 93afe148-c5d7-4545-8018-5abb06190f6d). timeout: 0 concurrency: 4 concurrency_per_worker: 1 times: 10 concurrency_overhead: 0 processes_to_start: 4 max_cpu_used: 88
2020-01-03 13:06:11.724 1097 RALLYDEBUG rally.task.runner [-] Starting a worker. concurrency: 1 args: {} times: 10 method_name: run timeout: 0 duration: None cls:
2020-01-03 13:06:11.728 1099 RALLYDEBUG rally.task.runner [-] Starting a worker. concurrency: 1 args: {} times: 10 method_name: run timeout: 0 duration: None cls:
2020-01-03 13:06:11.730 1097 INFO rally.task.runner [-] Task 93afe148-c5d7-4545-8018-5abb06190f6d | ITER: 1 START
2020-01-03 13:06:11.730 1100 RALLYDEBUG rally.task.runner [-] Starting a worker. concurrency: 1 args: {} times: 10 method_name: run timeout: 0 duration: None cls:
2020-01-03 13:06:11.731 1098 RALLYDEBUG rally.task.runner [-] Starting a worker. concurrency: 1 args: {} times: 10 method_name: run timeout: 0 duration: None cls:
2020-01-03 13:06:11.734 1099 INFO rally.task.runner [-] Task 93afe148-c5d7-4545-8018-5abb06190f6d | ITER: 2 START
2020-01-03 13:06:11.735 1100 INFO rally.task.runner [-] Task 93afe148-c5d7-4545-8018-5abb06190f6d | ITER: 3 START
2020-01-03 13:06:11.737 1098 INFO rally.task.runner [-] Task 93afe148-c5d7-4545-8018-5abb06190f6d | ITER: 4 START
2020-01-03 13:06:12.119 1097 INFO rally.task.runner [-] Task 93afe148-c5d7-4545-8018-5abb06190f6d | ITER: 1 END: OK
2020-01-03 13:06:12.121 1100 INFO rally.task.runner [-] Task 93afe148-c5d7-4545-8018-5abb06190f6d | ITER: 3 END: OK
2020-01-03 13:06:12.122 1097 INFO rally.task.runner [-] Task 93afe148-c5d7-4545-8018-5abb06190f6d | ITER: 5 START
2020-01-03 13:06:12.124 1099 INFO rally.task.runner [-] Task 93afe148-c5d7-4545-8018-5abb06190f6d | ITER: 2 END: OK
2020-01-03 13:06:12.125 1100 INFO rally.task.runner [-] Task 93afe148-c5d7-4545-8018-5abb06190f6d | ITER: 6 START
2020-01-03 13:06:12.129 1099 INFO rally.task.runner [-] Task 93afe148-c5d7-4545-8018-5abb06190f6d | ITER: 7 START
2020-01-03 13:06:12.134 1098 INFO rally.task.runner [-] Task 93afe148-c5d7-4545-8018-5abb06190f6d | ITER: 4 END: OK
2020-01-03 13:06:12.138 1098 INFO rally.task.runner [-] Task 93afe148-c5d7-4545-8018-5abb06190f6d | ITER: 8 START
2020-01-03 13:06:12.314 1098 INFO rally.task.runner [-] Task 93afe148-c5d7-4545-8018-5abb06190f6d | ITER: 8 END: OK
2020-01-03 13:06:12.318 1098 INFO rally.task.runner [-] Task 93afe148-c5d7-4545-8018-5abb06190f6d | ITER: 9 START
2020-01-03 13:06:12.391 1099 INFO rally.task.runner [-] Task 93afe148-c5d7-4545-8018-5abb06190f6d | ITER: 7 END: OK
2020-01-03 13:06:12.393 1099 INFO rally.task.runner [-] Task 93afe148-c5d7-4545-8018-5abb06190f6d | ITER: 10 START
2020-01-03 13:06:12.414 1100 INFO rally.task.runner [-] Task 93afe148-c5d7-4545-8018-5abb06190f6d | ITER: 6 END: OK
2020-01-03 13:06:12.437 1097 INFO rally.task.runner [-] Task 93afe148-c5d7-4545-8018-5abb06190f6d | ITER: 5 END: OK
2020-01-03 13:06:12.639 1098 INFO rally.task.runner [-] Task 93afe148-c5d7-4545-8018-5abb06190f6d | ITER: 9 END: OK
2020-01-03 13:06:12.671 1099 INFO rally.task.runner [-] Task 93afe148-c5d7-4545-8018-5abb06190f6d | ITER: 10 END: OK
2020-01-03 13:06:12.690 725 INFO rally.task.context [-] Task 93afe148-c5d7-4545-8018-5abb06190f6d | Context users@openstack cleanup() started
2020-01-03 13:06:14.927 725 INFO rally.task.context [-] Task 93afe148-c5d7-4545-8018-5abb06190f6d | Context users@openstack cleanup() finished in 2.24 sec
2020-01-03 13:06:16.523 725 INFO rally.task.engine [-] Load duration is: 0.741323
2020-01-03 13:06:16.523 725 INFO rally.task.engine [-] Full runner duration is: 0.97586
2020-01-03 13:06:16.524 725 INFO rally.task.engine [-] Full duration is: 4.447424
2020-01-03 13:06:16.573 725 INFO rally.task.engine [-] Running workload: position = 0 config = { "version": 2, "title": "A cropped version of a bigger task.", "description": "Auto-generated task from a single workload (uuid=2459bb98-7a06-4285-948c-61f219371e06)", "subtasks": [ { "title": "GlanceImages.create_image_and_boot_instances", "description": "Create an image and boot several instances from it.", "scenario": { "GlanceImages.create_image_and_boot_instances": { "container_format": "bare", "disk_format": "qcow2", "image_location": "/home/opnfv/functest/images/cirros-0.4.0-x86_64-disk.img", "flavor": { "name": "rally_full-flavor_ed9f565a-de23-4e78-85af-41cda04ac9af" }, "number_instances": 2, "nics": [ { "net-id": "8f3baabf-9152-4edd-a58b-6e554cc78178" } ] } }, "contexts": { "users": { "tenants": 3, "users_per_tenant": 2 }, "quotas": { "nova": { "cores": -1, "floating_ips": -1, "instances": -1, "ram": -1, "security_group_rules": -1, "security_groups": -1 } } }, "runner": { "constant": { "concurrency": 4, "times": 10 } }, "hooks": [], "sla": { "failure_rate": { "max": 0 } } } ] }
2020-01-03 13:06:16.595 725 RALLYDEBUG rally_openstack.contexts.keystone.users [-] Creating 3 tenants using 20 threads
2020-01-03 13:06:17.068 725 RALLYDEBUG rally_openstack.contexts.keystone.users [-] Creating 6 users using 20 threads
2020-01-03 13:06:17.896 725 INFO rally.task.context [-] Task 93afe148-c5d7-4545-8018-5abb06190f6d | Context users@openstack setup() finished in 1.30 sec
2020-01-03 13:06:17.961 725 DEBUG novaclient.v2.client [-] REQ: curl -g -i -X PUT http://172.30.13.91/compute/v2.1/os-quota-sets/432b4989651a4b7fbd389f5f45729ff0 -H "Accept: application/json" -H "Content-Type: application/json" -H "User-Agent: python-novaclient" -H "X-Auth-Token: {SHA1}d57ea3672e291c253b622702c4b8a370b80b6b89" -d '{"quota_set": {"ram": -1, "floating_ips": -1, "security_group_rules": -1, "instances": -1, "cores": -1, "security_groups": -1}}' _http_log_request /usr/lib/python2.7/site-packages/keystoneauth1/session.py:448
2020-01-03 13:06:18.283 725 DEBUG novaclient.v2.client [-] RESP: [200] Connection: close Content-Length: 326 Content-Type: application/json Date: Fri, 03 Jan 2020 13:06:17 GMT OpenStack-API-Version: compute 2.1 Server: Apache/2.4.18 (Ubuntu) Vary: OpenStack-API-Version,X-OpenStack-Nova-API-Version X-OpenStack-Nova-API-Version: 2.1 x-compute-request-id: req-95c58aa5-63e7-4b91-87fb-0c8170750bfd x-openstack-request-id: req-95c58aa5-63e7-4b91-87fb-0c8170750bfd _http_log_response /usr/lib/python2.7/site-packages/keystoneauth1/session.py:479
2020-01-03 13:06:18.284 725 DEBUG novaclient.v2.client [-] RESP BODY: {"quota_set": {"injected_file_content_bytes": 10240, "metadata_items": 128, "server_group_members": 10, "server_groups": 10, "ram": -1, "floating_ips": -1, "key_pairs": 100, "instances": -1, "security_group_rules": -1, "injected_files": 5, "cores": -1, "fixed_ips": -1, "injected_file_path_bytes": 255, "security_groups": -1}} _http_log_response /usr/lib/python2.7/site-packages/keystoneauth1/session.py:511
2020-01-03 13:06:18.284 725 DEBUG novaclient.v2.client [-] PUT call to compute for http://172.30.13.91/compute/v2.1/os-quota-sets/432b4989651a4b7fbd389f5f45729ff0 used request id req-95c58aa5-63e7-4b91-87fb-0c8170750bfd request /usr/lib/python2.7/site-packages/keystoneauth1/session.py:844
2020-01-03 13:06:18.286 725 DEBUG novaclient.v2.client [-] REQ: curl -g -i -X PUT http://172.30.13.91/compute/v2.1/os-quota-sets/9ae30436ad2342d0b3b33e4a8c4fe703 -H "Accept: application/json" -H "Content-Type: application/json" -H "User-Agent: python-novaclient" -H "X-Auth-Token: {SHA1}d57ea3672e291c253b622702c4b8a370b80b6b89" -d '{"quota_set": {"ram": -1, "floating_ips": -1, "security_group_rules": -1, "instances": -1, "cores": -1, "security_groups": -1}}' _http_log_request /usr/lib/python2.7/site-packages/keystoneauth1/session.py:448
2020-01-03 13:06:18.489 725 DEBUG novaclient.v2.client [-] RESP: [200] Connection: close Content-Length: 326 Content-Type: application/json Date: Fri, 03 Jan 2020 13:06:18 GMT OpenStack-API-Version: compute 2.1 Server: Apache/2.4.18 (Ubuntu) Vary: OpenStack-API-Version,X-OpenStack-Nova-API-Version X-OpenStack-Nova-API-Version: 2.1 x-compute-request-id: req-b3a240a8-5ae4-456e-bae4-4580bfc7ba26 x-openstack-request-id: req-b3a240a8-5ae4-456e-bae4-4580bfc7ba26 _http_log_response /usr/lib/python2.7/site-packages/keystoneauth1/session.py:479
2020-01-03 13:06:18.490 725 DEBUG novaclient.v2.client [-] RESP BODY: {"quota_set": {"injected_file_content_bytes": 10240, "metadata_items": 128, "server_group_members": 10, "server_groups": 10, "ram": -1, "floating_ips": -1, "key_pairs": 100, "instances": -1, "security_group_rules": -1, "injected_files": 5, "cores": -1, "fixed_ips": -1, "injected_file_path_bytes": 255, "security_groups": -1}} _http_log_response /usr/lib/python2.7/site-packages/keystoneauth1/session.py:511
2020-01-03 13:06:18.490 725 DEBUG novaclient.v2.client [-] PUT call to compute for http://172.30.13.91/compute/v2.1/os-quota-sets/9ae30436ad2342d0b3b33e4a8c4fe703 used request id req-b3a240a8-5ae4-456e-bae4-4580bfc7ba26 request /usr/lib/python2.7/site-packages/keystoneauth1/session.py:844
2020-01-03 13:06:18.492 725 DEBUG novaclient.v2.client [-] REQ: curl -g -i -X PUT http://172.30.13.91/compute/v2.1/os-quota-sets/827f21f14887485abd9a5af66daaa8ff -H "Accept: application/json" -H "Content-Type: application/json" -H "User-Agent: python-novaclient" -H "X-Auth-Token: {SHA1}d57ea3672e291c253b622702c4b8a370b80b6b89" -d '{"quota_set": {"ram": -1, "floating_ips": -1, "security_group_rules": -1, "instances": -1, "cores": -1, "security_groups": -1}}' _http_log_request /usr/lib/python2.7/site-packages/keystoneauth1/session.py:448
2020-01-03 13:06:18.705 725 DEBUG novaclient.v2.client [-] RESP: [200] Connection: close Content-Length: 326 Content-Type: application/json Date: Fri, 03 Jan 2020 13:06:18 GMT OpenStack-API-Version: compute 2.1 Server: Apache/2.4.18 (Ubuntu) Vary: OpenStack-API-Version,X-OpenStack-Nova-API-Version X-OpenStack-Nova-API-Version: 2.1 x-compute-request-id: req-33429015-0564-46df-a9db-9db2d2737ad3 x-openstack-request-id: req-33429015-0564-46df-a9db-9db2d2737ad3 _http_log_response /usr/lib/python2.7/site-packages/keystoneauth1/session.py:479
2020-01-03 13:06:18.706 725 DEBUG novaclient.v2.client [-] RESP BODY: {"quota_set": {"injected_file_content_bytes": 10240, "metadata_items": 128, "server_group_members": 10, "server_groups": 10, "ram": -1, "floating_ips": -1, "key_pairs": 100, "instances": -1, "security_group_rules": -1, "injected_files": 5, "cores": -1, "fixed_ips": -1, "injected_file_path_bytes": 255, "security_groups": -1}} _http_log_response /usr/lib/python2.7/site-packages/keystoneauth1/session.py:511
2020-01-03 13:06:18.706 725 DEBUG novaclient.v2.client [-] PUT call to compute for http://172.30.13.91/compute/v2.1/os-quota-sets/827f21f14887485abd9a5af66daaa8ff used request id req-33429015-0564-46df-a9db-9db2d2737ad3 request /usr/lib/python2.7/site-packages/keystoneauth1/session.py:844
2020-01-03 13:06:18.707 725 INFO rally.task.context [-] Task 93afe148-c5d7-4545-8018-5abb06190f6d | Context quotas@openstack setup() finished in 0.81 sec
2020-01-03 13:06:18.707 725 INFO rally.task.context [-] Task 93afe148-c5d7-4545-8018-5abb06190f6d | Context cleanup@openstack setup() finished in 0.02 msec
2020-01-03 13:06:18.789 725 DEBUG novaclient.v2.client [-] REQ: curl -g -i -X GET http://172.30.13.91/compute/v2.1/flavors/detail -H "Accept: application/json" -H "User-Agent: python-novaclient" -H "X-Auth-Token: {SHA1}f326a68b0dfdc9c18f367f4e23fff489133b6451" _http_log_request /usr/lib/python2.7/site-packages/keystoneauth1/session.py:448
2020-01-03 13:06:18.957 725 DEBUG novaclient.v2.client [-] RESP: [200] Connection: close Content-Length: 5814 Content-Type: application/json Date: Fri, 03 Jan 2020 13:06:18 GMT OpenStack-API-Version: compute 2.1 Server: Apache/2.4.18 (Ubuntu) Vary: OpenStack-API-Version,X-OpenStack-Nova-API-Version X-OpenStack-Nova-API-Version: 2.1 x-compute-request-id: req-7cf7ed87-bb0d-4443-9e47-f3961d0bf617 x-openstack-request-id: req-7cf7ed87-bb0d-4443-9e47-f3961d0bf617 _http_log_response /usr/lib/python2.7/site-packages/keystoneauth1/session.py:479
2020-01-03 13:06:18.959 725 DEBUG novaclient.v2.client [-] RESP BODY: {"flavors": [{"name": "rally_full-flavor_ed9f565a-de23-4e78-85af-41cda04ac9af", "links": [{"href": "http://172.30.13.91/compute/v2.1/flavors/05723549-ae64-4268-aebd-67eb8276800b", "rel": "self"}, {"href": "http://172.30.13.91/compute/flavors/05723549-ae64-4268-aebd-67eb8276800b", "rel": "bookmark"}], "ram": 512, "OS-FLV-DISABLED:disabled": false, "vcpus": 1, "swap": "", "os-flavor-access:is_public": true, "rxtx_factor": 1.0, "OS-FLV-EXT-DATA:ephemeral": 0, "disk": 1, "id": "05723549-ae64-4268-aebd-67eb8276800b"}, {"name": "m1.tiny", "links": [{"href": "http://172.30.13.91/compute/v2.1/flavors/1", "rel": "self"}, {"href": "http://172.30.13.91/compute/flavors/1", "rel": "bookmark"}], "ram": 512, "OS-FLV-DISABLED:disabled": false, "vcpus": 1, "swap": "", "os-flavor-access:is_public": true, "rxtx_factor": 1.0, "OS-FLV-EXT-DATA:ephemeral": 0, "disk": 1, "id": "1"}, {"name": "m1.small", "links": [{"href": "http://172.30.13.91/compute/v2.1/flavors/2", "rel": "self"}, {"href": "http://172.30.13.91/compute/flavors/2", "rel": "bookmark"}], "ram": 2048, "OS-FLV-DISABLED:disabled": false, "vcpus": 1, "swap": "", "os-flavor-access:is_public": true, "rxtx_factor": 1.0, "OS-FLV-EXT-DATA:ephemeral": 0, "disk": 20, "id": "2"}, {"name": "rally_full-flavor_alt_ed9f565a-de23-4e78-85af-41cda04ac9af", "links": [{"href": "http://172.30.13.91/compute/v2.1/flavors/2ec02df1-5d0f-44b0-8cc3-d99e0916b357", "rel": "self"}, {"href": "http://172.30.13.91/compute/flavors/2ec02df1-5d0f-44b0-8cc3-d99e0916b357", "rel": "bookmark"}], "ram": 1024, "OS-FLV-DISABLED:disabled": false, "vcpus": 1, "swap": "", "os-flavor-access:is_public": true, "rxtx_factor": 1.0, "OS-FLV-EXT-DATA:ephemeral": 0, "disk": 1, "id": "2ec02df1-5d0f-44b0-8cc3-d99e0916b357"}, {"name": "m1.medium", "links": [{"href": "http://172.30.13.91/compute/v2.1/flavors/3", "rel": "self"}, {"href": "http://172.30.13.91/compute/flavors/3", "rel": "bookmark"}], "ram": 4096, "OS-FLV-DISABLED:disabled": false, "vcpus": 2, "swap": "", "os-flavor-access:is_public": true, "rxtx_factor": 1.0, "OS-FLV-EXT-DATA:ephemeral": 0, "disk": 40, "id": "3"}, {"name": "m1.large", "links": [{"href": "http://172.30.13.91/compute/v2.1/flavors/4", "rel": "self"}, {"href": "http://172.30.13.91/compute/flavors/4", "rel": "bookmark"}], "ram": 8192, "OS-FLV-DISABLED:disabled": false, "vcpus": 4, "swap": "", "os-flavor-access:is_public": true, "rxtx_factor": 1.0, "OS-FLV-EXT-DATA:ephemeral": 0, "disk": 80, "id": "4"}, {"name": "m1.nano", "links": [{"href": "http://172.30.13.91/compute/v2.1/flavors/42", "rel": "self"}, {"href": "http://172.30.13.91/compute/flavors/42", "rel": "bookmark"}], "ram": 64, "OS-FLV-DISABLED:disabled": false, "vcpus": 1, "swap": "", "os-flavor-access:is_public": true, "rxtx_factor": 1.0, "OS-FLV-EXT-DATA:ephemeral": 0, "disk": 1, "id": "42"}, {"name": "m1.xlarge", "links": [{"href": "http://172.30.13.91/compute/v2.1/flavors/5", "rel": "self"}, {"href": "http://172.30.13.91/compute/flavors/5", "rel": "bookmark"}], "ram": 16384, "OS-FLV-DISABLED:disabled": false, "vcpus": 8, "swap": "", "os-flavor-access:is_public": true, "rxtx_factor": 1.0, "OS-FLV-EXT-DATA:ephemeral": 0, "disk": 160, "id": "5"}, {"name": "m1.micro", "links": [{"href": "http://172.30.13.91/compute/v2.1/flavors/84", "rel": "self"}, {"href": "http://172.30.13.91/compute/flavors/84", "rel": "bookmark"}], "ram": 128, "OS-FLV-DISABLED:disabled": false, "vcpus": 1, "swap": "", "os-flavor-access:is_public": true, "rxtx_factor": 1.0, "OS-FLV-EXT-DATA:ephemeral": 0, "disk": 1, "id": "84"}, {"name": "cirros256", "links": [{"href": "http://172.30.13.91/compute/v2.1/flavors/c1", "rel": "self"}, {"href": "http://172.30.13.91/compute/flavors/c1", "rel": "bookmark"}], "ram": 256, "OS-FLV-DISABLED:disabled": false, "vcpus": 1, "swap": "", "os-flavor-access:is_public": true, "rxtx_factor": 1.0, "OS-FLV-EXT-DATA:ephemeral": 0, "disk": 0, "id": "c1"}, {"name": "ds512M", "links": [{"href": "http://172.30.13.91/compute/v2.1/flavors/d1", "rel": "self"}, {"href": "http://172.30.13.91/compute/flavors/d1", "rel": "bookmark"}], "ram": 512, "OS-FLV-DISABLED:disabled": false, "vcpus": 1, "swap": "", "os-flavor-access:is_public": true, "rxtx_factor": 1.0, "OS-FLV-EXT-DATA:ephemeral": 0, "disk": 5, "id": "d1"}, {"name": "ds1G", "links": [{"href": "http://172.30.13.91/compute/v2.1/flavors/d2", "rel": "self"}, {"href": "http://172.30.13.91/compute/flavors/d2", "rel": "bookmark"}], "ram": 1024, "OS-FLV-DISABLED:disabled": false, "vcpus": 1, "swap": "", "os-flavor-access:is_public": true, "rxtx_factor": 1.0, "OS-FLV-EXT-DATA:ephemeral": 0, "disk": 10, "id": "d2"}, {"name": "ds2G", "links": [{"href": "http://172.30.13.91/compute/v2.1/flavors/d3", "rel": "self"}, {"href": "http://172.30.13.91/compute/flavors/d3", "rel": "bookmark"}], "ram": 2048, "OS-FLV-DISABLED:disabled": false, "vcpus": 2, "swap": "", "os-flavor-access:is_public": true, "rxtx_factor": 1.0, "OS-FLV-EXT-DATA:ephemeral": 0, "disk": 10, "id": "d3"}, {"name": "ds4G", "links": [{"href": "http://172.30.13.91/compute/v2.1/flavors/d4", "rel": "self"}, {"href": "http://172.30.13.91/compute/flavors/d4", "rel": "bookmark"}], "ram": 4096, "OS-FLV-DISABLED:disabled": false, "vcpus": 4, "swap": "", "os-flavor-access:is_public": true, "rxtx_factor": 1.0, "OS-FLV-EXT-DATA:ephemeral": 0, "disk": 20, "id": "d4"}, {"name": "vmtp-flavor_91780afc-57d5-459e-8191-cb54140b93ab", "links": [{"href": "http://172.30.13.91/compute/v2.1/flavors/e1d52bd9-00fe-4630-8139-b8fb99052125", "rel": "self"}, {"href": "http://172.30.13.91/compute/flavors/e1d52bd9-00fe-4630-8139-b8fb99052125", "rel": "bookmark"}], "ram": 2048, "OS-FLV-DISABLED:disabled": false, "vcpus": 1, "swap": "", "os-flavor-access:is_public": true, "rxtx_factor": 1.0, "OS-FLV-EXT-DATA:ephemeral": 0, "disk": 0, "id": "e1d52bd9-00fe-4630-8139-b8fb99052125"}]} _http_log_response /usr/lib/python2.7/site-packages/keystoneauth1/session.py:511
2020-01-03 13:06:18.959 725 DEBUG novaclient.v2.client [-] GET call to compute for http://172.30.13.91/compute/v2.1/flavors/detail used request id req-7cf7ed87-bb0d-4443-9e47-f3961d0bf617 request /usr/lib/python2.7/site-packages/keystoneauth1/session.py:844
2020-01-03 13:06:18.962 725 RALLYDEBUG rally.task.runner [-] Starting the constant runner (task UUID: 93afe148-c5d7-4545-8018-5abb06190f6d). timeout: 0 concurrency: 4 concurrency_per_worker: 1 times: 10 concurrency_overhead: 0 processes_to_start: 4 max_cpu_used: 88
2020-01-03 13:06:18.974 1201 RALLYDEBUG rally.task.runner [-] Starting a worker. concurrency: 1 args: {"container_format": "bare", "disk_format": "qcow2", "image_location": "/home/opnfv/functest/images/cirros-0.4.0-x86_64-disk.img", "flavor": "05723549-ae64-4268-aebd-67eb8276800b", "number_instances": 2, "nics": [{"net-id": "8f3baabf-9152-4edd-a58b-6e554cc78178"}]} times: 10 method_name: run timeout: 0 duration: None cls:
2020-01-03 13:06:18.977 1202 RALLYDEBUG rally.task.runner [-] Starting a worker. concurrency: 1 args: {"container_format": "bare", "disk_format": "qcow2", "image_location": "/home/opnfv/functest/images/cirros-0.4.0-x86_64-disk.img", "flavor": "05723549-ae64-4268-aebd-67eb8276800b", "number_instances": 2, "nics": [{"net-id": "8f3baabf-9152-4edd-a58b-6e554cc78178"}]} times: 10 method_name: run timeout: 0 duration: None cls:
2020-01-03 13:06:18.980 1203 RALLYDEBUG rally.task.runner [-] Starting a worker. concurrency: 1 args: {"container_format": "bare", "disk_format": "qcow2", "image_location": "/home/opnfv/functest/images/cirros-0.4.0-x86_64-disk.img", "flavor": "05723549-ae64-4268-aebd-67eb8276800b", "number_instances": 2, "nics": [{"net-id": "8f3baabf-9152-4edd-a58b-6e554cc78178"}]} times: 10 method_name: run timeout: 0 duration: None cls:
2020-01-03 13:06:18.982 1201 INFO rally.task.runner [-] Task 93afe148-c5d7-4545-8018-5abb06190f6d | ITER: 1 START
2020-01-03 13:06:18.984 1202 INFO rally.task.runner [-] Task 93afe148-c5d7-4545-8018-5abb06190f6d | ITER: 2 START
2020-01-03 13:06:18.984 1204 RALLYDEBUG rally.task.runner [-] Starting a worker. concurrency: 1 args: {"container_format": "bare", "disk_format": "qcow2", "image_location": "/home/opnfv/functest/images/cirros-0.4.0-x86_64-disk.img", "flavor": "05723549-ae64-4268-aebd-67eb8276800b", "number_instances": 2, "nics": [{"net-id": "8f3baabf-9152-4edd-a58b-6e554cc78178"}]} times: 10 method_name: run timeout: 0 duration: None cls:
2020-01-03 13:06:18.988 1203 INFO rally.task.runner [-] Task 93afe148-c5d7-4545-8018-5abb06190f6d | ITER: 3 START
2020-01-03 13:06:18.992 1204 INFO rally.task.runner [-] Task 93afe148-c5d7-4545-8018-5abb06190f6d | ITER: 4 START
2020-01-03 13:06:19.244 1202 WARNING rally_openstack.scenarios.glance.images [-] 'kwargs' is deprecated in Rally v0.8.0: Use 'boot_server_kwargs' for additional parameters when booting servers.
2020-01-03 13:06:19.252 1203 WARNING rally_openstack.scenarios.glance.images [-] 'kwargs' is deprecated in Rally v0.8.0: Use 'boot_server_kwargs' for additional parameters when booting servers.
2020-01-03 13:06:19.261 1204 WARNING rally_openstack.scenarios.glance.images [-] 'kwargs' is deprecated in Rally v0.8.0: Use 'boot_server_kwargs' for additional parameters when booting servers.
2020-01-03 13:06:19.310 1201 WARNING rally_openstack.scenarios.glance.images [-] 'kwargs' is deprecated in Rally v0.8.0: Use 'boot_server_kwargs' for additional parameters when booting servers.
2020-01-03 13:06:21.513 1204 RALLYDEBUG rally.task.utils [-] Waiting for resource u'6efcc9a4-791a-405f-929a-db90e1bc2c10'. Status changed: NONE => QUEUED in 0.0342020988464
2020-01-03 13:06:21.527 1203 RALLYDEBUG rally.task.utils [-] Waiting for resource u'3c5a3070-4338-4d9f-834e-a372a208d7b6'. Status changed: NONE => QUEUED in 0.0376908779144
2020-01-03 13:06:21.544 1202 RALLYDEBUG rally.task.utils [-] Waiting for resource u'8a813e1a-44de-4266-96b3-e0c2b37cf8a5'. Status changed: NONE => QUEUED in 0.0392060279846
2020-01-03 13:06:21.601 1201 RALLYDEBUG rally.task.utils [-] Waiting for resource u'2407c9b1-eabd-46c4-ae65-2f3ece8f35d3'. Status changed: NONE => QUEUED in 0.0444588661194
2020-01-03 13:06:21.888 1203 RALLYDEBUG rally.task.utils [-] Waiting for resource s_rally_2459bb98_DMAP0mRw. Status changed: QUEUED => ACTIVE in 0.0244388580322
2020-01-03 13:06:21.893 1203 DEBUG novaclient.v2.client [-] REQ: curl -g -i -X POST http://172.30.13.91/compute/v2.1/servers -H "Accept: application/json" -H "Content-Type: application/json" -H "User-Agent: python-novaclient" -H "X-Auth-Token: {SHA1}d3b7b100006065cccae43e216bda5c1731b4937b" -d '{"server": {"name": "s_rally_2459bb98_WxINYWGX_0", "imageRef": "3c5a3070-4338-4d9f-834e-a372a208d7b6", "flavorRef": "05723549-ae64-4268-aebd-67eb8276800b", "max_count": 1, "min_count": 1, "networks": [{"uuid": "8f3baabf-9152-4edd-a58b-6e554cc78178"}]}}' _http_log_request /usr/lib/python2.7/site-packages/keystoneauth1/session.py:448
2020-01-03 13:06:21.894 1204 RALLYDEBUG rally.task.utils [-] Waiting for resource s_rally_2459bb98_S7HWGOQ0. Status changed: QUEUED => ACTIVE in 0.0287480354309
2020-01-03 13:06:21.896 1202 RALLYDEBUG rally.task.utils [-] Waiting for resource s_rally_2459bb98_kMXF85XA. Status changed: QUEUED => ACTIVE in 0.0261931419373
2020-01-03 13:06:21.897 1201 RALLYDEBUG rally.task.utils [-] Waiting for resource s_rally_2459bb98_TRTyA3WI. Status changed: QUEUED => ACTIVE in 0.0251178741455
2020-01-03 13:06:21.897 1204 DEBUG novaclient.v2.client [-] REQ: curl -g -i -X POST http://172.30.13.91/compute/v2.1/servers -H "Accept: application/json" -H "Content-Type: application/json" -H "User-Agent: python-novaclient" -H "X-Auth-Token: {SHA1}b5e2aca8efb5306b6d86ca189fbfcff98451b4d0" -d '{"server": {"name": "s_rally_2459bb98_HTRcAZom_0", "imageRef": "6efcc9a4-791a-405f-929a-db90e1bc2c10", "flavorRef": "05723549-ae64-4268-aebd-67eb8276800b", "max_count": 1, "min_count": 1, "networks": [{"uuid": "8f3baabf-9152-4edd-a58b-6e554cc78178"}]}}' _http_log_request /usr/lib/python2.7/site-packages/keystoneauth1/session.py:448
2020-01-03 13:06:21.901 1202 DEBUG novaclient.v2.client [-] REQ: curl -g -i -X POST http://172.30.13.91/compute/v2.1/servers -H "Accept: application/json" -H "Content-Type: application/json" -H "User-Agent: python-novaclient" -H "X-Auth-Token: {SHA1}e7eb757e21ba05955d0105151ed815fce5e0d310" -d '{"server": {"name": "s_rally_2459bb98_eWFRJtfe_0", "imageRef": "8a813e1a-44de-4266-96b3-e0c2b37cf8a5", "flavorRef": "05723549-ae64-4268-aebd-67eb8276800b", "max_count": 1, "min_count": 1, "networks": [{"uuid": "8f3baabf-9152-4edd-a58b-6e554cc78178"}]}}' _http_log_request /usr/lib/python2.7/site-packages/keystoneauth1/session.py:448
2020-01-03 13:06:21.901 1201 DEBUG novaclient.v2.client [-] REQ: curl -g -i -X POST http://172.30.13.91/compute/v2.1/servers -H "Accept: application/json" -H "Content-Type: application/json" -H "User-Agent: python-novaclient" -H "X-Auth-Token: {SHA1}0ffeccac0e768f96e3ac026cc18250d1c4f2997c" -d '{"server": {"name": "s_rally_2459bb98_aE7PKx5e_0", "imageRef": "2407c9b1-eabd-46c4-ae65-2f3ece8f35d3", "flavorRef": "05723549-ae64-4268-aebd-67eb8276800b", "max_count": 1, "min_count": 1, "networks": [{"uuid": "8f3baabf-9152-4edd-a58b-6e554cc78178"}]}}' _http_log_request /usr/lib/python2.7/site-packages/keystoneauth1/session.py:448
2020-01-03 13:06:22.688 1204 DEBUG novaclient.v2.client [-] RESP: [202] Connection: close Content-Length: 382 Content-Type: application/json Date: Fri, 03 Jan 2020 13:06:21 GMT OpenStack-API-Version: compute 2.1 Server: Apache/2.4.18 (Ubuntu) Vary: OpenStack-API-Version,X-OpenStack-Nova-API-Version X-OpenStack-Nova-API-Version: 2.1 location: http://172.30.13.91/compute/v2.1/servers/ffa47c2d-1979-4a38-9fca-0ff015afd54d x-compute-request-id: req-f7f8eaa4-7320-4d12-9536-63971d4ac4d6 x-openstack-request-id: req-f7f8eaa4-7320-4d12-9536-63971d4ac4d6 _http_log_response /usr/lib/python2.7/site-packages/keystoneauth1/session.py:479
2020-01-03 13:06:22.688 1204 DEBUG novaclient.v2.client [-] RESP BODY: {"server": {"security_groups": [{"name": "default"}], "OS-DCF:diskConfig": "MANUAL", "id": "ffa47c2d-1979-4a38-9fca-0ff015afd54d", "links": [{"href": "http://172.30.13.91/compute/v2.1/servers/ffa47c2d-1979-4a38-9fca-0ff015afd54d", "rel": "self"}, {"href": "http://172.30.13.91/compute/servers/ffa47c2d-1979-4a38-9fca-0ff015afd54d", "rel": "bookmark"}], "adminPass": "ee6FZE8tiD3M"}} _http_log_response /usr/lib/python2.7/site-packages/keystoneauth1/session.py:511
2020-01-03 13:06:22.689 1204 DEBUG novaclient.v2.client [-] POST call to compute for http://172.30.13.91/compute/v2.1/servers used request id req-f7f8eaa4-7320-4d12-9536-63971d4ac4d6 request /usr/lib/python2.7/site-packages/keystoneauth1/session.py:844
2020-01-03 13:06:22.691 1204 DEBUG novaclient.v2.client [-] REQ: curl -g -i -X POST http://172.30.13.91/compute/v2.1/servers -H "Accept: application/json" -H "Content-Type: application/json" -H "User-Agent: python-novaclient" -H "X-Auth-Token: {SHA1}b5e2aca8efb5306b6d86ca189fbfcff98451b4d0" -d '{"server": {"name": "s_rally_2459bb98_HTRcAZom_1", "imageRef": "6efcc9a4-791a-405f-929a-db90e1bc2c10", "flavorRef": "05723549-ae64-4268-aebd-67eb8276800b", "max_count": 1, "min_count": 1, "networks": [{"uuid": "8f3baabf-9152-4edd-a58b-6e554cc78178"}]}}' _http_log_request /usr/lib/python2.7/site-packages/keystoneauth1/session.py:448
2020-01-03 13:06:22.703 1201 DEBUG novaclient.v2.client [-] RESP: [202] Connection: close Content-Length: 382 Content-Type: application/json Date: Fri, 03 Jan 2020 13:06:21 GMT OpenStack-API-Version: compute 2.1 Server: Apache/2.4.18 (Ubuntu) Vary: OpenStack-API-Version,X-OpenStack-Nova-API-Version X-OpenStack-Nova-API-Version: 2.1 location: http://172.30.13.91/compute/v2.1/servers/99160281-f064-4a2a-8307-7d531ec94b7b x-compute-request-id: req-93b22869-a2d3-4380-9705-6fca2a832596 x-openstack-request-id: req-93b22869-a2d3-4380-9705-6fca2a832596 _http_log_response /usr/lib/python2.7/site-packages/keystoneauth1/session.py:479
2020-01-03 13:06:22.704 1201 DEBUG novaclient.v2.client [-] RESP BODY: {"server": {"security_groups": [{"name": "default"}], "OS-DCF:diskConfig": "MANUAL", "id": "99160281-f064-4a2a-8307-7d531ec94b7b", "links": [{"href": "http://172.30.13.91/compute/v2.1/servers/99160281-f064-4a2a-8307-7d531ec94b7b", "rel": "self"}, {"href": "http://172.30.13.91/compute/servers/99160281-f064-4a2a-8307-7d531ec94b7b", "rel": "bookmark"}], "adminPass": "Whrr4d85m2yD"}} _http_log_response /usr/lib/python2.7/site-packages/keystoneauth1/session.py:511
2020-01-03 13:06:22.704 1201 DEBUG novaclient.v2.client [-] POST call to compute for http://172.30.13.91/compute/v2.1/servers used request id req-93b22869-a2d3-4380-9705-6fca2a832596 request /usr/lib/python2.7/site-packages/keystoneauth1/session.py:844
2020-01-03 13:06:22.706 1201 DEBUG novaclient.v2.client [-] REQ: curl -g -i -X POST http://172.30.13.91/compute/v2.1/servers -H "Accept: application/json" -H "Content-Type: application/json" -H "User-Agent: python-novaclient" -H "X-Auth-Token: {SHA1}0ffeccac0e768f96e3ac026cc18250d1c4f2997c" -d '{"server": {"name": "s_rally_2459bb98_aE7PKx5e_1", "imageRef": "2407c9b1-eabd-46c4-ae65-2f3ece8f35d3", "flavorRef": "05723549-ae64-4268-aebd-67eb8276800b", "max_count": 1, "min_count": 1, "networks": [{"uuid": "8f3baabf-9152-4edd-a58b-6e554cc78178"}]}}' _http_log_request /usr/lib/python2.7/site-packages/keystoneauth1/session.py:448
2020-01-03 13:06:23.458 1202 DEBUG novaclient.v2.client [-] RESP: [202] Connection: close Content-Length: 382 Content-Type: application/json Date: Fri, 03 Jan 2020 13:06:21 GMT OpenStack-API-Version: compute 2.1 Server: Apache/2.4.18 (Ubuntu) Vary: OpenStack-API-Version,X-OpenStack-Nova-API-Version X-OpenStack-Nova-API-Version: 2.1 location: http://172.30.13.91/compute/v2.1/servers/33c59134-0750-4ed7-afdf-e29d8708acc4 x-compute-request-id: req-04d8044e-f3af-4b86-a710-615adf96f6f5 x-openstack-request-id: req-04d8044e-f3af-4b86-a710-615adf96f6f5 _http_log_response /usr/lib/python2.7/site-packages/keystoneauth1/session.py:479
2020-01-03 13:06:23.459 1202 DEBUG novaclient.v2.client [-] RESP BODY: {"server": {"security_groups": [{"name": "default"}], "OS-DCF:diskConfig": "MANUAL", "id": "33c59134-0750-4ed7-afdf-e29d8708acc4", "links": [{"href": "http://172.30.13.91/compute/v2.1/servers/33c59134-0750-4ed7-afdf-e29d8708acc4", "rel": "self"}, {"href": "http://172.30.13.91/compute/servers/33c59134-0750-4ed7-afdf-e29d8708acc4", "rel": "bookmark"}], "adminPass": "Z6uaH7NZfB6D"}} _http_log_response /usr/lib/python2.7/site-packages/keystoneauth1/session.py:511
2020-01-03 13:06:23.459 1202 DEBUG novaclient.v2.client [-] POST call to compute for http://172.30.13.91/compute/v2.1/servers used request id req-04d8044e-f3af-4b86-a710-615adf96f6f5 request /usr/lib/python2.7/site-packages/keystoneauth1/session.py:844
2020-01-03 13:06:23.460 1202 DEBUG novaclient.v2.client [-] REQ: curl -g -i -X POST http://172.30.13.91/compute/v2.1/servers -H "Accept: application/json" -H "Content-Type: application/json" -H "User-Agent: python-novaclient" -H "X-Auth-Token: {SHA1}e7eb757e21ba05955d0105151ed815fce5e0d310" -d '{"server": {"name": "s_rally_2459bb98_eWFRJtfe_1", "imageRef": "8a813e1a-44de-4266-96b3-e0c2b37cf8a5", "flavorRef": "05723549-ae64-4268-aebd-67eb8276800b", "max_count": 1, "min_count": 1, "networks": [{"uuid": "8f3baabf-9152-4edd-a58b-6e554cc78178"}]}}' _http_log_request /usr/lib/python2.7/site-packages/keystoneauth1/session.py:448
2020-01-03 13:06:23.462 1201 DEBUG novaclient.v2.client [-] RESP: [202] Connection: close Content-Length: 382 Content-Type: application/json Date: Fri, 03 Jan 2020 13:06:22 GMT OpenStack-API-Version: compute 2.1 Server: Apache/2.4.18 (Ubuntu) Vary: OpenStack-API-Version,X-OpenStack-Nova-API-Version X-OpenStack-Nova-API-Version: 2.1 location: http://172.30.13.91/compute/v2.1/servers/8a12d017-864d-4a6f-92a8-6ab6663b27a7 x-compute-request-id: req-f10f1f05-20e5-44a9-967c-3b4389d3e0d5 x-openstack-request-id: req-f10f1f05-20e5-44a9-967c-3b4389d3e0d5 _http_log_response /usr/lib/python2.7/site-packages/keystoneauth1/session.py:479
2020-01-03 13:06:23.462 1201 DEBUG novaclient.v2.client [-] RESP BODY: {"server": {"security_groups": [{"name": "default"}], "OS-DCF:diskConfig": "MANUAL", "id": "8a12d017-864d-4a6f-92a8-6ab6663b27a7", "links": [{"href": "http://172.30.13.91/compute/v2.1/servers/8a12d017-864d-4a6f-92a8-6ab6663b27a7", "rel": "self"}, {"href": "http://172.30.13.91/compute/servers/8a12d017-864d-4a6f-92a8-6ab6663b27a7", "rel": "bookmark"}], "adminPass": "H5VCnCyu3qgK"}} _http_log_response /usr/lib/python2.7/site-packages/keystoneauth1/session.py:511
2020-01-03 13:06:23.462 1201 DEBUG novaclient.v2.client [-] POST call to compute for http://172.30.13.91/compute/v2.1/servers used request id req-f10f1f05-20e5-44a9-967c-3b4389d3e0d5 request /usr/lib/python2.7/site-packages/keystoneauth1/session.py:844
2020-01-03 13:06:23.464 1201 DEBUG novaclient.v2.client [-] REQ: curl -g -i -X GET http://172.30.13.91/compute/v2.1/servers/detail -H "Accept: application/json" -H "User-Agent: python-novaclient" -H "X-Auth-Token: {SHA1}0ffeccac0e768f96e3ac026cc18250d1c4f2997c" _http_log_request /usr/lib/python2.7/site-packages/keystoneauth1/session.py:448
