2020-01-03 13:11:00.200 1843 INFO rally.task.context [-] Task a10f886f-f6e9-4562-931e-3b2e4bd6daab | Context cleanup@openstack setup() finished in 0.01 msec
2020-01-03 13:11:00.207 1843 RALLYDEBUG rally.task.runner [-] Starting the constant runner (task UUID: a10f886f-f6e9-4562-931e-3b2e4bd6daab). timeout: 0 concurrency: 4 concurrency_per_worker: 1 times: 10 concurrency_overhead: 0 processes_to_start: 4 max_cpu_used: 88
2020-01-03 13:11:00.218 2212 RALLYDEBUG rally.task.runner [-] Starting a worker. concurrency: 1 args: {"detailed": true, "force": false} times: 10 method_name: run timeout: 0 duration: None cls:
2020-01-03 13:11:00.218 2211 RALLYDEBUG rally.task.runner [-] Starting a worker. concurrency: 1 args: {"detailed": true, "force": false} times: 10 method_name: run timeout: 0 duration: None cls:
2020-01-03 13:11:00.220 2213 RALLYDEBUG rally.task.runner [-] Starting a worker. concurrency: 1 args: {"detailed": true, "force": false} times: 10 method_name: run timeout: 0 duration: None cls:
2020-01-03 13:11:00.221 2214 RALLYDEBUG rally.task.runner [-] Starting a worker. concurrency: 1 args: {"detailed": true, "force": false} times: 10 method_name: run timeout: 0 duration: None cls:
2020-01-03 13:11:00.225 2212 INFO rally.task.runner [-] Task a10f886f-f6e9-4562-931e-3b2e4bd6daab | ITER: 1 START
2020-01-03 13:11:00.226 2214 INFO rally.task.runner [-] Task a10f886f-f6e9-4562-931e-3b2e4bd6daab | ITER: 4 START
2020-01-03 13:11:00.227 2211 INFO rally.task.runner [-] Task a10f886f-f6e9-4562-931e-3b2e4bd6daab | ITER: 2 START
2020-01-03 13:11:00.228 2213 INFO rally.task.runner [-] Task a10f886f-f6e9-4562-931e-3b2e4bd6daab | ITER: 3 START
2020-01-03 13:11:02.680 2211 INFO rally.task.runner [-] Task a10f886f-f6e9-4562-931e-3b2e4bd6daab | ITER: 2 END: OK
2020-01-03 13:11:02.681 2213 INFO rally.task.runner [-] Task a10f886f-f6e9-4562-931e-3b2e4bd6daab | ITER: 3 END: OK
2020-01-03 13:11:02.683 2212 INFO rally.task.runner [-] Task a10f886f-f6e9-4562-931e-3b2e4bd6daab | ITER: 1 END: OK
2020-01-03 13:11:02.685 2213 INFO rally.task.runner [-] Task a10f886f-f6e9-4562-931e-3b2e4bd6daab | ITER: 6 START
2020-01-03 13:11:02.686 2211 INFO rally.task.runner [-] Task a10f886f-f6e9-4562-931e-3b2e4bd6daab | ITER: 5 START
2020-01-03 13:11:02.689 2212 INFO rally.task.runner [-] Task a10f886f-f6e9-4562-931e-3b2e4bd6daab | ITER: 7 START
2020-01-03 13:11:02.761 2214 INFO rally.task.runner [-] Task a10f886f-f6e9-4562-931e-3b2e4bd6daab | ITER: 4 END: OK
2020-01-03 13:11:02.767 2214 INFO rally.task.runner [-] Task a10f886f-f6e9-4562-931e-3b2e4bd6daab | ITER: 8 START
2020-01-03 13:11:05.105 2213 INFO rally.task.runner [-] Task a10f886f-f6e9-4562-931e-3b2e4bd6daab | ITER: 6 END: OK
2020-01-03 13:11:05.111 2213 INFO rally.task.runner [-] Task a10f886f-f6e9-4562-931e-3b2e4bd6daab | ITER: 9 START
2020-01-03 13:11:05.166 2211 INFO rally.task.runner [-] Task a10f886f-f6e9-4562-931e-3b2e4bd6daab | ITER: 5 END: OK
2020-01-03 13:11:05.171 2211 INFO rally.task.runner [-] Task a10f886f-f6e9-4562-931e-3b2e4bd6daab | ITER: 10 START
2020-01-03 13:11:05.196 2212 INFO rally.task.runner [-] Task a10f886f-f6e9-4562-931e-3b2e4bd6daab | ITER: 7 END: OK
2020-01-03 13:11:05.208 2214 INFO rally.task.runner [-] Task a10f886f-f6e9-4562-931e-3b2e4bd6daab | ITER: 8 END: OK
2020-01-03 13:11:07.537 2213 INFO rally.task.runner [-] Task a10f886f-f6e9-4562-931e-3b2e4bd6daab | ITER: 9 END: OK
2020-01-03 13:11:07.677 2211 INFO rally.task.runner [-] Task a10f886f-f6e9-4562-931e-3b2e4bd6daab | ITER: 10 END: OK
2020-01-03 13:11:07.698 1843 INFO rally.task.context [-] Task a10f886f-f6e9-4562-931e-3b2e4bd6daab | Context cleanup@openstack cleanup() started
2020-01-03 13:11:07.701 1843 RALLYDEBUG rally_openstack.cleanup.manager [-] Cleaning up cinder backups objects
2020-01-03 13:11:08.186 1843 RALLYDEBUG rally_openstack.cleanup.manager [-] Cleaning up cinder volume_snapshots objects
2020-01-03 13:11:08.658 1843 RALLYDEBUG rally_openstack.cleanup.manager [-] Deleting cinder.volume_snapshots object s_rally_9ac424a5_yPPGTjGM (a6343593-c8f1-44cd-a830-0a42dd43bf5a)
2020-01-03 13:11:08.663 1843 RALLYDEBUG rally_openstack.cleanup.manager [-] Deleting cinder.volume_snapshots object s_rally_9ac424a5_nZGsSKb7 (69104b6f-a74a-4564-8c0d-456d8f4adeb1)
2020-01-03 13:11:08.671 1843 RALLYDEBUG rally_openstack.cleanup.manager [-] Deleting cinder.volume_snapshots object s_rally_9ac424a5_XF5gs3Am (2cbde6fb-a632-44bd-9b21-608bebd5583c)
2020-01-03 13:11:08.681 1843 RALLYDEBUG rally_openstack.cleanup.manager [-] Deleting cinder.volume_snapshots object s_rally_9ac424a5_WvgH9DKX (e904197f-6093-458e-a940-07144e8be23b)
2020-01-03 13:11:08.685 1843 RALLYDEBUG rally_openstack.cleanup.manager [-] Deleting cinder.volume_snapshots object s_rally_9ac424a5_sctUDRG5 (fdca78f8-74c3-48c9-8953-68cf1b3af8b4)
2020-01-03 13:11:08.692 1843 RALLYDEBUG rally_openstack.cleanup.manager [-] Deleting cinder.volume_snapshots object s_rally_9ac424a5_8Q2iP5CP (eec02789-5f39-42f7-8ee2-093114aca7b5)
2020-01-03 13:11:08.700 1843 RALLYDEBUG rally_openstack.cleanup.manager [-] Deleting cinder.volume_snapshots object s_rally_9ac424a5_JSgpVQFX (9bff39a8-377c-4540-8d73-434f731aa8dc)
2020-01-03 13:11:08.711 1843 RALLYDEBUG rally_openstack.cleanup.manager [-] Deleting cinder.volume_snapshots object s_rally_9ac424a5_rAt4AECx (81a3de0b-1694-4db4-8523-b4f56c338a54)
2020-01-03 13:11:08.736 1843 RALLYDEBUG rally_openstack.cleanup.manager [-] Deleting cinder.volume_snapshots object s_rally_9ac424a5_7D4yUhFy (cfc1f5e0-050f-4c2f-a4b7-26c06a1f202f)
2020-01-03 13:11:08.745 1843 RALLYDEBUG rally_openstack.cleanup.manager [-] Deleting cinder.volume_snapshots object s_rally_9ac424a5_OifLBmuD (67fbf5ce-a964-4ac0-91c2-b40d02949b7a)
2020-01-03 13:11:12.162 1843 RALLYDEBUG rally_openstack.cleanup.manager [-] Cleaning up cinder transfers objects
2020-01-03 13:11:12.535 1843 RALLYDEBUG rally_openstack.cleanup.manager [-] Cleaning up cinder volumes objects
2020-01-03 13:11:13.057 1843 INFO rally.task.context [-] Task a10f886f-f6e9-4562-931e-3b2e4bd6daab | Context cleanup@openstack cleanup() finished in 5.36 sec
2020-01-03 13:11:13.058 1843 INFO rally.task.context [-] Task a10f886f-f6e9-4562-931e-3b2e4bd6daab | Context volumes@openstack cleanup() started
2020-01-03 13:11:13.059 1843 RALLYDEBUG rally_openstack.cleanup.manager [-] Cleaning up cinder volumes objects
2020-01-03 13:11:13.599 1843 RALLYDEBUG rally_openstack.cleanup.manager [-] Deleting cinder.volumes object c_rally_9ac424a5_PmZxEUnU (fa08631f-6d5f-4d36-ad2d-04cda680bd54)
2020-01-03 13:11:13.599 1843 RALLYDEBUG rally_openstack.cleanup.manager [-] Deleting cinder.volumes object c_rally_9ac424a5_E1TfJa0q (bcd612d1-8a6e-4721-ad1f-4b58e65b0743)
2020-01-03 13:11:13.604 1843 RALLYDEBUG rally_openstack.cleanup.manager [-] Deleting cinder.volumes object c_rally_9ac424a5_h1ENHThU (7677f439-da45-4a9a-bf6e-930eee286dd6)
2020-01-03 13:11:15.904 1843 INFO rally.task.context [-] Task a10f886f-f6e9-4562-931e-3b2e4bd6daab | Context volumes@openstack cleanup() finished in 2.85 sec
2020-01-03 13:11:15.905 1843 INFO rally.task.context [-] Task a10f886f-f6e9-4562-931e-3b2e4bd6daab | Context quotas@openstack cleanup() started
2020-01-03 13:11:15.999 1843 INFO rally.task.context [-] Task a10f886f-f6e9-4562-931e-3b2e4bd6daab | Context quotas@openstack cleanup() finished in 94.73 msec
2020-01-03 13:11:16.000 1843 INFO rally.task.context [-] Task a10f886f-f6e9-4562-931e-3b2e4bd6daab | Context api_versions@openstack cleanup() started
2020-01-03 13:11:16.000 1843 INFO rally.task.context [-] Task a10f886f-f6e9-4562-931e-3b2e4bd6daab | Context api_versions@openstack cleanup() finished in 0.32 msec
2020-01-03 13:11:16.001 1843 INFO rally.task.context [-] Task a10f886f-f6e9-4562-931e-3b2e4bd6daab | Context users@openstack cleanup() started
2020-01-03 13:11:18.660 1843 INFO rally.task.context [-] Task a10f886f-f6e9-4562-931e-3b2e4bd6daab | Context users@openstack cleanup() finished in 2.66 sec
2020-01-03 13:11:20.251 1843 INFO rally.task.engine [-] Load duration is: 7.449683
2020-01-03 13:11:20.251 1843 INFO rally.task.engine [-] Full runner duration is: 7.491312
2020-01-03 13:11:20.252 1843 INFO rally.task.engine [-] Full duration is: 28.536984
2020-01-03 13:11:20.291 1843 INFO rally.task.engine [-] Running workload: position = 0 config = { "version": 2, "title": "A cropped version of a bigger task.", "description": "Auto-generated task from a single workload (uuid=cff20865-912a-4e56-93a4-e1c46e2eddd5)", "subtasks": [ { "title": "CinderVolumes.create_and_list_volume", "description": "Create a volume and list all volumes.", "scenario": { "CinderVolumes.create_and_list_volume": { "detailed": true, "image": { "name": "rally_full-img_ed9f565a-de23-4e78-85af-41cda04ac9af" }, "size": 1 } }, "contexts": { "users": { "tenants": 3, "users_per_tenant": 2 }, "quotas": { "cinder": { "gigabytes": -1, "snapshots": -1, "volumes": -1 } }, "api_versions": { "cinder": { "version": 3, "service_type": "volumev3" } } }, "runner": { "constant": { "concurrency": 4, "times": 10 } }, "hooks": [], "sla": { "failure_rate": { "max": 0 } } } ] }
2020-01-03 13:11:20.309 1843 RALLYDEBUG rally_openstack.contexts.keystone.users [-] Creating 3 tenants using 20 threads
2020-01-03 13:11:20.789 1843 RALLYDEBUG rally_openstack.contexts.keystone.users [-] Creating 6 users using 20 threads
2020-01-03 13:11:21.398 1843 INFO rally.task.context [-] Task a10f886f-f6e9-4562-931e-3b2e4bd6daab | Context users@openstack setup() finished in 1.09 sec
2020-01-03 13:11:21.536 1843 INFO rally.task.context [-] Task a10f886f-f6e9-4562-931e-3b2e4bd6daab | Context api_versions@openstack setup() finished in 0.14 sec
2020-01-03 13:11:22.179 1843 INFO rally.task.context [-] Task a10f886f-f6e9-4562-931e-3b2e4bd6daab | Context quotas@openstack setup() finished in 0.64 sec
2020-01-03 13:11:22.180 1843 INFO rally.task.context [-] Task a10f886f-f6e9-4562-931e-3b2e4bd6daab | Context cleanup@openstack setup() finished in 0.00 msec
2020-01-03 13:11:22.386 1843 RALLYDEBUG rally.task.runner [-] Starting the constant runner (task UUID: a10f886f-f6e9-4562-931e-3b2e4bd6daab). timeout: 0 concurrency: 4 concurrency_per_worker: 1 times: 10 concurrency_overhead: 0 processes_to_start: 4 max_cpu_used: 88
2020-01-03 13:11:22.397 2415 RALLYDEBUG rally.task.runner [-] Starting a worker. concurrency: 1 args: {"detailed": true, "image": "5778def0-d8fc-4323-9bac-67702d2fb215", "size": 1} times: 10 method_name: run timeout: 0 duration: None cls:
2020-01-03 13:11:22.401 2416 RALLYDEBUG rally.task.runner [-] Starting a worker. concurrency: 1 args: {"detailed": true, "image": "5778def0-d8fc-4323-9bac-67702d2fb215", "size": 1} times: 10 method_name: run timeout: 0 duration: None cls:
2020-01-03 13:11:22.403 2417 RALLYDEBUG rally.task.runner [-] Starting a worker. concurrency: 1 args: {"detailed": true, "image": "5778def0-d8fc-4323-9bac-67702d2fb215", "size": 1} times: 10 method_name: run timeout: 0 duration: None cls:
2020-01-03 13:11:22.404 2415 INFO rally.task.runner [-] Task a10f886f-f6e9-4562-931e-3b2e4bd6daab | ITER: 1 START
2020-01-03 13:11:22.407 2418 RALLYDEBUG rally.task.runner [-] Starting a worker. concurrency: 1 args: {"detailed": true, "image": "5778def0-d8fc-4323-9bac-67702d2fb215", "size": 1} times: 10 method_name: run timeout: 0 duration: None cls:
2020-01-03 13:11:22.409 2416 INFO rally.task.runner [-] Task a10f886f-f6e9-4562-931e-3b2e4bd6daab | ITER: 2 START
2020-01-03 13:11:22.410 2417 INFO rally.task.runner [-] Task a10f886f-f6e9-4562-931e-3b2e4bd6daab | ITER: 3 START
2020-01-03 13:11:22.415 2418 INFO rally.task.runner [-] Task a10f886f-f6e9-4562-931e-3b2e4bd6daab | ITER: 4 START
2020-01-03 13:11:27.156 2416 RALLYDEBUG rally.task.utils [-] Waiting for resource s_rally_cff20865_ZK4qtNix. Status changed: DOWNLOADING => AVAILABLE in 2.21687698364
2020-01-03 13:11:27.240 2416 INFO rally.task.runner [-] Task a10f886f-f6e9-4562-931e-3b2e4bd6daab | ITER: 2 END: OK
2020-01-03 13:11:27.246 2416 INFO rally.task.runner [-] Task a10f886f-f6e9-4562-931e-3b2e4bd6daab | ITER: 5 START
2020-01-03 13:11:27.281 2415 RALLYDEBUG rally.task.utils [-] Waiting for resource s_rally_cff20865_TBAh7mbK. Status changed: DOWNLOADING => AVAILABLE in 2.24376416206
2020-01-03 13:11:27.286 2418 RALLYDEBUG rally.task.utils [-] Waiting for resource s_rally_cff20865_d1PuXeTm. Status changed: DOWNLOADING => AVAILABLE in 2.20735001564
2020-01-03 13:11:27.363 2418 INFO rally.task.runner [-] Task a10f886f-f6e9-4562-931e-3b2e4bd6daab | ITER: 4 END: OK
2020-01-03 13:11:27.368 2418 INFO rally.task.runner [-] Task a10f886f-f6e9-4562-931e-3b2e4bd6daab | ITER: 6 START
2020-01-03 13:11:27.398 2415 INFO rally.task.runner [-] Task a10f886f-f6e9-4562-931e-3b2e4bd6daab | ITER: 1 END: OK
2020-01-03 13:11:27.404 2415 INFO rally.task.runner [-] Task a10f886f-f6e9-4562-931e-3b2e4bd6daab | ITER: 7 START
2020-01-03 13:11:27.459 2417 RALLYDEBUG rally.task.utils [-] Waiting for resource s_rally_cff20865_fHSvzDcc. Status changed: DOWNLOADING => AVAILABLE in 2.43266701698
2020-01-03 13:11:27.552 2417 INFO rally.task.runner [-] Task a10f886f-f6e9-4562-931e-3b2e4bd6daab | ITER: 3 END: OK
2020-01-03 13:11:27.557 2417 INFO rally.task.runner [-] Task a10f886f-f6e9-4562-931e-3b2e4bd6daab | ITER: 8 START
2020-01-03 13:11:32.116 2418 RALLYDEBUG rally.task.utils [-] Waiting for resource s_rally_cff20865_h37pbCey. Status changed: DOWNLOADING => AVAILABLE in 2.26163601875
2020-01-03 13:11:32.128 2415 RALLYDEBUG rally.task.utils [-] Waiting for resource s_rally_cff20865_YXDy3Gzp. Status changed: DOWNLOADING => AVAILABLE in 2.27427697182
2020-01-03 13:11:32.158 2416 RALLYDEBUG rally.task.utils [-] Waiting for resource s_rally_cff20865_X3X6gfKn. Status changed: DOWNLOADING => AVAILABLE in 2.24170398712
2020-01-03 13:11:32.229 2415 INFO rally.task.runner [-] Task a10f886f-f6e9-4562-931e-3b2e4bd6daab | ITER: 7 END: OK
2020-01-03 13:11:32.235 2415 INFO rally.task.runner [-] Task a10f886f-f6e9-4562-931e-3b2e4bd6daab | ITER: 9 START
2020-01-03 13:11:32.241 2418 INFO rally.task.runner [-] Task a10f886f-f6e9-4562-931e-3b2e4bd6daab | ITER: 6 END: OK
2020-01-03 13:11:32.246 2418 INFO rally.task.runner [-] Task a10f886f-f6e9-4562-931e-3b2e4bd6daab | ITER: 10 START
2020-01-03 13:11:32.273 2416 INFO rally.task.runner [-] Task a10f886f-f6e9-4562-931e-3b2e4bd6daab | ITER: 5 END: OK
2020-01-03 13:11:32.303 2417 RALLYDEBUG rally.task.utils [-] Waiting for resource s_rally_cff20865_EStwoFEl. Status changed: DOWNLOADING => AVAILABLE in 2.25119614601
2020-01-03 13:11:32.413 2417 INFO rally.task.runner [-] Task a10f886f-f6e9-4562-931e-3b2e4bd6daab | ITER: 8 END: OK
2020-01-03 13:11:37.060 2415 RALLYDEBUG rally.task.utils [-] Waiting for resource s_rally_cff20865_40ZdvLDp. Status changed: DOWNLOADING => AVAILABLE in 2.28933119774
2020-01-03 13:11:37.356 2415 INFO rally.task.runner [-] Task a10f886f-f6e9-4562-931e-3b2e4bd6daab | ITER: 9 END: OK
2020-01-03 13:11:37.434 2418 RALLYDEBUG rally.task.utils [-] Waiting for resource s_rally_cff20865_sn9aY4Zy. Status changed: DOWNLOADING => AVAILABLE in 2.26526093483
2020-01-03 13:11:37.576 2418 INFO rally.task.runner [-] Task a10f886f-f6e9-4562-931e-3b2e4bd6daab | ITER: 10 END: OK
2020-01-03 13:11:37.602 1843 INFO rally.task.context [-] Task a10f886f-f6e9-4562-931e-3b2e4bd6daab | Context cleanup@openstack cleanup() started
2020-01-03 13:11:37.605 1843 RALLYDEBUG rally_openstack.cleanup.manager [-] Cleaning up cinder backups objects
2020-01-03 13:11:38.230 1843 RALLYDEBUG rally_openstack.cleanup.manager [-] Cleaning up cinder volume_snapshots objects
2020-01-03 13:11:38.679 1843 RALLYDEBUG rally_openstack.cleanup.manager [-] Cleaning up cinder transfers objects
2020-01-03 13:11:39.103 1843 RALLYDEBUG rally_openstack.cleanup.manager [-] Cleaning up cinder volumes objects
2020-01-03 13:11:39.703 1843 RALLYDEBUG rally_openstack.cleanup.manager [-] Deleting cinder.volumes object s_rally_cff20865_EStwoFEl (5f6e13be-839b-4622-88da-c7cec8a688ec)
2020-01-03 13:11:39.707 1843 RALLYDEBUG rally_openstack.cleanup.manager [-] Deleting cinder.volumes object s_rally_cff20865_YXDy3Gzp (18cdb6d2-3657-408f-8b0c-8e37350aa5c6)
2020-01-03 13:11:39.716 1843 RALLYDEBUG rally_openstack.cleanup.manager [-] Deleting cinder.volumes object s_rally_cff20865_d1PuXeTm (0a0d331d-b76e-49ba-942c-1f1db9dfb957)
2020-01-03 13:11:39.719 1843 RALLYDEBUG rally_openstack.cleanup.manager [-] Deleting cinder.volumes object s_rally_cff20865_sn9aY4Zy (6375139d-b3a0-4bc7-9be9-158ad83468d1)
2020-01-03 13:11:39.729 1843 RALLYDEBUG rally_openstack.cleanup.manager [-] Deleting cinder.volumes object s_rally_cff20865_h37pbCey (9289fe68-2761-4aa8-8f10-f8706337d927)
2020-01-03 13:11:39.733 1843 RALLYDEBUG rally_openstack.cleanup.manager [-] Deleting cinder.volumes object s_rally_cff20865_fHSvzDcc (7c731566-de1f-490a-a75a-7a99280f7440)
2020-01-03 13:11:39.742 1843 RALLYDEBUG rally_openstack.cleanup.manager [-] Deleting cinder.volumes object s_rally_cff20865_TBAh7mbK (36336b72-0fa3-4acd-92ee-7569e2b13060)
2020-01-03 13:11:39.763 1843 RALLYDEBUG rally_openstack.cleanup.manager [-] Deleting cinder.volumes object s_rally_cff20865_X3X6gfKn (3875b297-4327-44a5-9edb-8c039b5a3e5b)
2020-01-03 13:11:39.766 1843 RALLYDEBUG rally_openstack.cleanup.manager [-] Deleting cinder.volumes object s_rally_cff20865_40ZdvLDp (929623cf-0dbd-4dad-9d69-155a21f90e73)
2020-01-03 13:11:39.775 1843 RALLYDEBUG rally_openstack.cleanup.manager [-] Deleting cinder.volumes object s_rally_cff20865_ZK4qtNix (467c02e6-07a4-4ae5-9819-84bb6c38b6f4)
2020-01-03 13:11:43.137 1843 INFO rally.task.context [-] Task a10f886f-f6e9-4562-931e-3b2e4bd6daab | Context cleanup@openstack cleanup() finished in 5.54 sec
2020-01-03 13:11:43.137 1843 INFO rally.task.context [-] Task a10f886f-f6e9-4562-931e-3b2e4bd6daab | Context quotas@openstack cleanup() started
2020-01-03 13:11:43.227 1843 INFO rally.task.context [-] Task a10f886f-f6e9-4562-931e-3b2e4bd6daab | Context quotas@openstack cleanup() finished in 89.85 msec
2020-01-03 13:11:43.228 1843 INFO rally.task.context [-] Task a10f886f-f6e9-4562-931e-3b2e4bd6daab | Context api_versions@openstack cleanup() started
2020-01-03 13:11:43.228 1843 INFO rally.task.context [-] Task a10f886f-f6e9-4562-931e-3b2e4bd6daab | Context api_versions@openstack cleanup() finished in 0.30 msec
2020-01-03 13:11:43.229 1843 INFO rally.task.context [-] Task a10f886f-f6e9-4562-931e-3b2e4bd6daab | Context users@openstack cleanup() started
2020-01-03 13:11:46.769 1843 INFO rally.task.context [-] Task a10f886f-f6e9-4562-931e-3b2e4bd6daab | Context users@openstack cleanup() finished in 3.54 sec
2020-01-03 13:11:48.435 1843 INFO rally.task.engine [-] Load duration is: 15.168508
2020-01-03 13:11:48.435 1843 INFO rally.task.engine [-] Full runner duration is: 15.215954
2020-01-03 13:11:48.436 1843 INFO rally.task.engine [-] Full duration is: 26.462632
2020-01-03 13:11:48.486 1843 INFO rally.task.engine [-] Running workload: position = 1 config = { "version": 2, "title": "A cropped version of a bigger task.", "description": "Auto-generated task from a single workload (uuid=65e12294-922c-4adf-9d3b-0b74b08a133e)", "subtasks": [ { "title": "CinderVolumes.create_and_list_volume", "description": "Create a volume and list all volumes.", "scenario": { "CinderVolumes.create_and_list_volume": { "detailed": true, "size": 1 } }, "contexts": { "users": { "tenants": 3, "users_per_tenant": 2 }, "quotas": { "cinder": { "gigabytes": -1, "snapshots": -1, "volumes": -1 } }, "api_versions": { "cinder": { "version": 3, "service_type": "volumev3" } } }, "runner": { "constant": { "concurrency": 4, "times": 10 } }, "hooks": [], "sla": { "failure_rate": { "max": 0 } } } ] }
2020-01-03 13:11:48.515 1843 RALLYDEBUG rally_openstack.contexts.keystone.users [-] Creating 3 tenants using 20 threads
2020-01-03 13:11:48.982 1843 RALLYDEBUG rally_openstack.contexts.keystone.users [-] Creating 6 users using 20 threads
2020-01-03 13:11:49.748 1843 INFO rally.task.context [-] Task a10f886f-f6e9-4562-931e-3b2e4bd6daab | Context users@openstack setup() finished in 1.23 sec
2020-01-03 13:11:49.989 1843 INFO rally.task.context [-] Task a10f886f-f6e9-4562-931e-3b2e4bd6daab | Context api_versions@openstack setup() finished in 0.24 sec
2020-01-03 13:11:50.712 1843 INFO rally.task.context [-] Task a10f886f-f6e9-4562-931e-3b2e4bd6daab | Context quotas@openstack setup() finished in 0.72 sec
2020-01-03 13:11:50.712 1843 INFO rally.task.context [-] Task a10f886f-f6e9-4562-931e-3b2e4bd6daab | Context cleanup@openstack setup() finished in 0.02 msec
2020-01-03 13:11:50.718 1843 RALLYDEBUG rally.task.runner [-] Starting the constant runner (task UUID: a10f886f-f6e9-4562-931e-3b2e4bd6daab). timeout: 0 concurrency: 4 concurrency_per_worker: 1 times: 10 concurrency_overhead: 0 processes_to_start: 4 max_cpu_used: 88
2020-01-03 13:11:50.727 2599 RALLYDEBUG rally.task.runner [-] Starting a worker. concurrency: 1 args: {"detailed": true, "size": 1} times: 10 method_name: run timeout: 0 duration: None cls:
2020-01-03 13:11:50.728 2600 RALLYDEBUG rally.task.runner [-] Starting a worker. concurrency: 1 args: {"detailed": true, "size": 1} times: 10 method_name: run timeout: 0 duration: None cls:
2020-01-03 13:11:50.731 2601 RALLYDEBUG rally.task.runner [-] Starting a worker. concurrency: 1 args: {"detailed": true, "size": 1} times: 10 method_name: run timeout: 0 duration: None cls:
2020-01-03 13:11:50.734 2602 RALLYDEBUG rally.task.runner [-] Starting a worker. concurrency: 1 args: {"detailed": true, "size": 1} times: 10 method_name: run timeout: 0 duration: None cls:
2020-01-03 13:11:50.735 2599 INFO rally.task.runner [-] Task a10f886f-f6e9-4562-931e-3b2e4bd6daab | ITER: 1 START
2020-01-03 13:11:50.737 2600 INFO rally.task.runner [-] Task a10f886f-f6e9-4562-931e-3b2e4bd6daab | ITER: 2 START
2020-01-03 13:11:50.739 2601 INFO rally.task.runner [-] Task a10f886f-f6e9-4562-931e-3b2e4bd6daab | ITER: 3 START
2020-01-03 13:11:50.744 2602 INFO rally.task.runner [-] Task a10f886f-f6e9-4562-931e-3b2e4bd6daab | ITER: 4 START
2020-01-03 13:11:53.512 2602 INFO rally.task.runner [-] Task a10f886f-f6e9-4562-931e-3b2e4bd6daab | ITER: 4 END: OK
2020-01-03 13:11:53.517 2602 INFO rally.task.runner [-] Task a10f886f-f6e9-4562-931e-3b2e4bd6daab | ITER: 5 START
2020-01-03 13:11:53.546 2600 INFO rally.task.runner [-] Task a10f886f-f6e9-4562-931e-3b2e4bd6daab | ITER: 2 END: OK
2020-01-03 13:11:53.551 2600 INFO rally.task.runner [-] Task a10f886f-f6e9-4562-931e-3b2e4bd6daab | ITER: 6 START
2020-01-03 13:11:53.604 2599 INFO rally.task.runner [-] Task a10f886f-f6e9-4562-931e-3b2e4bd6daab | ITER: 1 END: OK
2020-01-03 13:11:53.605 2601 INFO rally.task.runner [-] Task a10f886f-f6e9-4562-931e-3b2e4bd6daab | ITER: 3 END: OK
2020-01-03 13:11:53.609 2601 INFO rally.task.runner [-] Task a10f886f-f6e9-4562-931e-3b2e4bd6daab | ITER: 7 START
2020-01-03 13:11:53.611 2599 INFO rally.task.runner [-] Task a10f886f-f6e9-4562-931e-3b2e4bd6daab | ITER: 8 START
2020-01-03 13:11:56.173 2601 INFO rally.task.runner [-] Task a10f886f-f6e9-4562-931e-3b2e4bd6daab | ITER: 7 END: OK
2020-01-03 13:11:56.179 2601 INFO rally.task.runner [-] Task a10f886f-f6e9-4562-931e-3b2e4bd6daab | ITER: 9 START
2020-01-03 13:11:56.202 2600 INFO rally.task.runner [-] Task a10f886f-f6e9-4562-931e-3b2e4bd6daab | ITER: 6 END: OK
2020-01-03 13:11:56.207 2600 INFO rally.task.runner [-] Task a10f886f-f6e9-4562-931e-3b2e4bd6daab | ITER: 10 START
2020-01-03 13:11:56.250 2599 INFO rally.task.runner [-] Task a10f886f-f6e9-4562-931e-3b2e4bd6daab | ITER: 8 END: OK
2020-01-03 13:11:56.351 2602 INFO rally.task.runner [-] Task a10f886f-f6e9-4562-931e-3b2e4bd6daab | ITER: 5 END: OK
2020-01-03 13:11:58.874 2600 INFO rally.task.runner [-] Task a10f886f-f6e9-4562-931e-3b2e4bd6daab | ITER: 10 END: OK
2020-01-03 13:11:58.884 2601 INFO rally.task.runner [-] Task a10f886f-f6e9-4562-931e-3b2e4bd6daab | ITER: 9 END: OK
2020-01-03 13:11:58.904 1843 INFO rally.task.context [-] Task a10f886f-f6e9-4562-931e-3b2e4bd6daab | Context cleanup@openstack cleanup() started
2020-01-03 13:11:58.906 1843 RALLYDEBUG rally_openstack.cleanup.manager [-] Cleaning up cinder backups objects
2020-01-03 13:11:59.414 1843 RALLYDEBUG rally_openstack.cleanup.manager [-] Cleaning up cinder volume_snapshots objects
2020-01-03 13:11:59.830 1843 RALLYDEBUG rally_openstack.cleanup.manager [-] Cleaning up cinder transfers objects
2020-01-03 13:12:00.207 1843 RALLYDEBUG rally_openstack.cleanup.manager [-] Cleaning up cinder volumes objects
2020-01-03 13:12:00.936 1843 RALLYDEBUG rally_openstack.cleanup.manager [-] Deleting cinder.volumes object s_rally_65e12294_3mES7kLS (8832e62b-8208-41fc-a2ec-a4d169510bfa)
2020-01-03 13:12:00.944 1843 RALLYDEBUG rally_openstack.cleanup.manager [-] Deleting cinder.volumes object s_rally_65e12294_0WQ8KCyJ (0d1baaf5-6f09-4ccb-819a-2a6844e6e312)
2020-01-03 13:12:00.945 1843 RALLYDEBUG rally_openstack.cleanup.manager [-] Deleting cinder.volumes object s_rally_65e12294_1da8w1Rv (728a0a1d-3d64-4647-9636-369f6ccd7704)
2020-01-03 13:12:00.955 1843 RALLYDEBUG rally_openstack.cleanup.manager [-] Deleting cinder.volumes object s_rally_65e12294_9qgflp55 (df75c716-a327-4927-9fb4-1d8974408c11)
2020-01-03 13:12:00.956 1843 RALLYDEBUG rally_openstack.cleanup.manager [-] Deleting cinder.volumes object s_rally_65e12294_ckNgpEPp (fbfb19a9-7435-4590-a47d-b2e77a58a832)
2020-01-03 13:12:00.962 1843 RALLYDEBUG rally_openstack.cleanup.manager [-] Deleting cinder.volumes object s_rally_65e12294_wfwDmDDz (012068d8-e8b0-42e8-a552-4fbd4c656854)
2020-01-03 13:12:00.983 1843 RALLYDEBUG rally_openstack.cleanup.manager [-] Deleting cinder.volumes object s_rally_65e12294_QtFJ0sPX (f2c801fb-f07f-43c2-b23e-3ea348ba29b7)
2020-01-03 13:12:01.010 1843 RALLYDEBUG rally_openstack.cleanup.manager [-] Deleting cinder.volumes object s_rally_65e12294_scqV0zyT (8500b375-14a6-4e9f-9177-4f2c9dc4231f)
2020-01-03 13:12:01.012 1843 RALLYDEBUG rally_openstack.cleanup.manager [-] Deleting cinder.volumes object s_rally_65e12294_XPDJaGGW (03fff8cd-5a46-43d9-9a0c-8fb8e17d8785)
2020-01-03 13:12:01.021 1843 RALLYDEBUG rally_openstack.cleanup.manager [-] Deleting cinder.volumes object s_rally_65e12294_zqwCDLxz (dce2be64-6936-4fa7-be10-3a782a151acc)
2020-01-03 13:12:03.550 1843 INFO rally.task.context [-] Task a10f886f-f6e9-4562-931e-3b2e4bd6daab | Context cleanup@openstack cleanup() finished in 4.65 sec
2020-01-03 13:12:03.550 1843 INFO rally.task.context [-] Task a10f886f-f6e9-4562-931e-3b2e4bd6daab | Context quotas@openstack cleanup() started
2020-01-03 13:12:03.641 1843 INFO rally.task.context [-] Task a10f886f-f6e9-4562-931e-3b2e4bd6daab | Context quotas@openstack cleanup() finished in 90.86 msec
2020-01-03 13:12:03.642 1843 INFO rally.task.context [-] Task a10f886f-f6e9-4562-931e-3b2e4bd6daab | Context api_versions@openstack cleanup() started
2020-01-03 13:12:03.642 1843 INFO rally.task.context [-] Task a10f886f-f6e9-4562-931e-3b2e4bd6daab | Context api_versions@openstack cleanup() finished in 0.24 msec
2020-01-03 13:12:03.642 1843 INFO rally.task.context [-] Task a10f886f-f6e9-4562-931e-3b2e4bd6daab | Context users@openstack cleanup() started
2020-01-03 13:12:07.137 1843 INFO rally.task.context [-] Task a10f886f-f6e9-4562-931e-3b2e4bd6daab | Context users@openstack cleanup() finished in 3.49 sec
2020-01-03 13:12:08.626 1843 INFO rally.task.engine [-] Load duration is: 8.145885
2020-01-03 13:12:08.627 1843 INFO rally.task.engine [-] Full runner duration is: 8.185972
2020-01-03 13:12:08.627 1843 INFO rally.task.engine [-] Full duration is: 18.626309
2020-01-03 13:12:08.681 1843 INFO rally.task.engine [-] Running workload: position = 0 config = { "version": 2, "title": "A cropped version of a bigger task.", "description": "Auto-generated task from a single workload (uuid=9766c92b-3b64-4119-bf33-cf643434477a)", "subtasks": [ { "title": "CinderVolumes.create_and_upload_volume_to_image", "description": "Create and upload a volume to image.", "scenario": { "CinderVolumes.create_and_upload_volume_to_image": { "container_format": "bare", "disk_format": "raw", "do_delete": true, "force": false, "size": 1 } }, "contexts": { "users": { "tenants": 3, "users_per_tenant": 2 }, "quotas": { "cinder": { "gigabytes": -1, "snapshots": -1, "volumes": -1 } }, "api_versions": { "cinder": { "version": 3, "service_type": "volumev3" } } }, "runner": { "constant": { "concurrency": 4, "times": 10 } }, "hooks": [], "sla": { "failure_rate": { "max": 0 } } } ] }
2020-01-03 13:12:08.702 1843 RALLYDEBUG rally_openstack.contexts.keystone.users [-] Creating 3 tenants using 20 threads
2020-01-03 13:12:09.315 1843 RALLYDEBUG rally_openstack.contexts.keystone.users [-] Creating 6 users using 20 threads
2020-01-03 13:12:10.113 1843 INFO rally.task.context [-] Task a10f886f-f6e9-4562-931e-3b2e4bd6daab | Context users@openstack setup() finished in 1.41 sec
2020-01-03 13:12:10.236 1843 INFO rally.task.context [-] Task a10f886f-f6e9-4562-931e-3b2e4bd6daab | Context api_versions@openstack setup() finished in 0.12 sec
2020-01-03 13:12:11.002 1843 INFO rally.task.context [-] Task a10f886f-f6e9-4562-931e-3b2e4bd6daab | Context quotas@openstack setup() finished in 0.77 sec
2020-01-03 13:12:11.002 1843 INFO rally.task.context [-] Task a10f886f-f6e9-4562-931e-3b2e4bd6daab | Context cleanup@openstack setup() finished in 0.00 msec
2020-01-03 13:12:11.008 1843 RALLYDEBUG rally.task.runner [-] Starting the constant runner (task UUID: a10f886f-f6e9-4562-931e-3b2e4bd6daab). timeout: 0 concurrency: 4 concurrency_per_worker: 1 times: 10 concurrency_overhead: 0 processes_to_start: 4 max_cpu_used: 88
2020-01-03 13:12:11.020 2783 RALLYDEBUG rally.task.runner [-] Starting a worker. concurrency: 1 args: {"container_format": "bare", "disk_format": "raw", "do_delete": true, "force": false, "size": 1} times: 10 method_name: run timeout: 0 duration: None cls:
2020-01-03 13:12:11.024 2784 RALLYDEBUG rally.task.runner [-] Starting a worker. concurrency: 1 args: {"container_format": "bare", "disk_format": "raw", "do_delete": true, "force": false, "size": 1} times: 10 method_name: run timeout: 0 duration: None cls:
2020-01-03 13:12:11.025 2785 RALLYDEBUG rally.task.runner [-] Starting a worker. concurrency: 1 args: {"container_format": "bare", "disk_format": "raw", "do_delete": true, "force": false, "size": 1} times: 10 method_name: run timeout: 0 duration: None cls:
2020-01-03 13:12:11.026 2786 RALLYDEBUG rally.task.runner [-] Starting a worker. concurrency: 1 args: {"container_format": "bare", "disk_format": "raw", "do_delete": true, "force": false, "size": 1} times: 10 method_name: run timeout: 0 duration: None cls:
2020-01-03 13:12:11.031 2783 INFO rally.task.runner [-] Task a10f886f-f6e9-4562-931e-3b2e4bd6daab | ITER: 1 START
2020-01-03 13:12:11.037 2786 INFO rally.task.runner [-] Task a10f886f-f6e9-4562-931e-3b2e4bd6daab | ITER: 4 START
2020-01-03 13:12:11.038 2784 INFO rally.task.runner [-] Task a10f886f-f6e9-4562-931e-3b2e4bd6daab | ITER: 2 START
2020-01-03 13:12:11.039 2785 INFO rally.task.runner [-] Task a10f886f-f6e9-4562-931e-3b2e4bd6daab | ITER: 3 START
2020-01-03 13:12:13.951 2786 RALLYDEBUG rally.task.utils [-] Waiting for resource s_rally_9766c92b_kJgSj7qS. Status changed: AVAILABLE => UPLOADING in 0.064090013504
2020-01-03 13:12:14.016 2783 RALLYDEBUG rally.task.utils [-] Waiting for resource s_rally_9766c92b_XDdMEve8. Status changed: AVAILABLE => UPLOADING in 0.0958819389343
2020-01-03 13:12:14.165 2785 RALLYDEBUG rally.task.utils [-] Waiting for resource s_rally_9766c92b_Vmfj9CjK. Status changed: AVAILABLE => UPLOADING in 0.094496011734
2020-01-03 13:12:15.305 2784 RALLYDEBUG rally.task.utils [-] Waiting for resource s_rally_9766c92b_JDWQHyP2. Status changed: AVAILABLE => UPLOADING in 0.0833530426025
2020-01-03 13:13:37.353 2785 RALLYDEBUG rally.task.utils [-] Waiting for resource s_rally_9766c92b_Vmfj9CjK. Status changed: UPLOADING => AVAILABLE in 83.1880691051
2020-01-03 13:13:37.534 2786 RALLYDEBUG rally.task.utils [-] Waiting for resource s_rally_9766c92b_kJgSj7qS. Status changed: UPLOADING => AVAILABLE in 83.5829000473
2020-01-03 13:13:37.644 2785 RALLYDEBUG rally.task.utils [-] Waiting for resource s_rally_9766c92b_Vmfj9CjK. Status changed: AVAILABLE => DELETING in 0.100428819656
2020-01-03 13:13:37.701 2783 RALLYDEBUG rally.task.utils [-] Waiting for resource s_rally_9766c92b_XDdMEve8. Status changed: UPLOADING => AVAILABLE in 83.6851458549
2020-01-03 13:13:37.768 2786 RALLYDEBUG rally.task.utils [-] Waiting for resource s_rally_9766c92b_kJgSj7qS. Status changed: AVAILABLE => DELETING in 0.0924382209778
2020-01-03 13:13:37.966 2783 RALLYDEBUG rally.task.utils [-] Waiting for resource s_rally_9766c92b_XDdMEve8. Status changed: AVAILABLE => DELETING in 0.0669801235199
2020-01-03 13:13:38.612 2784 RALLYDEBUG rally.task.utils [-] Waiting for resource s_rally_9766c92b_JDWQHyP2. Status changed: UPLOADING => AVAILABLE in 83.3072948456
2020-01-03 13:13:38.866 2784 RALLYDEBUG rally.task.utils [-] Waiting for resource s_rally_9766c92b_JDWQHyP2. Status changed: AVAILABLE => DELETING in 0.0899438858032
2020-01-03 13:13:40.627 2785 INFO rally.task.runner [-] Task a10f886f-f6e9-4562-931e-3b2e4bd6daab | ITER: 3 END: OK
2020-01-03 13:13:40.640 2785 INFO rally.task.runner [-] Task a10f886f-f6e9-4562-931e-3b2e4bd6daab | ITER: 5 START
2020-01-03 13:13:41.672 2783 INFO rally.task.runner [-] Task a10f886f-f6e9-4562-931e-3b2e4bd6daab | ITER: 1 END: OK
2020-01-03 13:13:41.677 2783 INFO rally.task.runner [-] Task a10f886f-f6e9-4562-931e-3b2e4bd6daab | ITER: 6 START
2020-01-03 13:13:41.678 2784 INFO rally.task.runner [-] Task a10f886f-f6e9-4562-931e-3b2e4bd6daab | ITER: 2 END: OK
2020-01-03 13:13:41.683 2786 INFO rally.task.runner [-] Task a10f886f-f6e9-4562-931e-3b2e4bd6daab | ITER: 4 END: OK
2020-01-03 13:13:41.683 2784 INFO rally.task.runner [-] Task a10f886f-f6e9-4562-931e-3b2e4bd6daab | ITER: 7 START
2020-01-03 13:13:41.688 2786 INFO rally.task.runner [-] Task a10f886f-f6e9-4562-931e-3b2e4bd6daab | ITER: 8 START
2020-01-03 13:13:43.581 2785 RALLYDEBUG rally.task.utils [-] Waiting for resource s_rally_9766c92b_wogbjB8U. Status changed: AVAILABLE => UPLOADING in 0.0535178184509
2020-01-03 13:13:44.426 2786 RALLYDEBUG rally.task.utils [-] Waiting for resource s_rally_9766c92b_U1GhfG25. Status changed: AVAILABLE => UPLOADING in 0.0520439147949
2020-01-03 13:13:44.467 2783 RALLYDEBUG rally.task.utils [-] Waiting for resource s_rally_9766c92b_tEavf5JC. Status changed: AVAILABLE => UPLOADING in 0.0799350738525
2020-01-03 13:13:44.539 2784 RALLYDEBUG rally.task.utils [-] Waiting for resource s_rally_9766c92b_gkNVpu69. Status changed: AVAILABLE => UPLOADING in 0.0653510093689
2020-01-03 13:14:14.929 2785 RALLYDEBUG rally.task.utils [-] Waiting for resource s_rally_9766c92b_wogbjB8U. Status changed: UPLOADING => AVAILABLE in 31.3485980034
2020-01-03 13:14:15.135 2785 RALLYDEBUG rally.task.utils [-] Waiting for resource s_rally_9766c92b_wogbjB8U. Status changed: AVAILABLE => DELETING in 0.0787818431854
2020-01-03 13:14:15.600 2786 RALLYDEBUG rally.task.utils [-] Waiting for resource s_rally_9766c92b_U1GhfG25. Status changed: UPLOADING => AVAILABLE in 31.1742019653
2020-01-03 13:14:15.623 2783 RALLYDEBUG rally.task.utils [-] Waiting for resource s_rally_9766c92b_tEavf5JC. Status changed: UPLOADING => AVAILABLE in 31.1556119919
2020-01-03 13:14:15.647 2784 RALLYDEBUG rally.task.utils [-] Waiting for resource s_rally_9766c92b_gkNVpu69. Status changed: UPLOADING => AVAILABLE in 31.1084349155
2020-01-03 13:14:15.838 2783 RALLYDEBUG rally.task.utils [-] Waiting for resource s_rally_9766c92b_tEavf5JC. Status changed: AVAILABLE => DELETING in 0.0863327980042
2020-01-03 13:14:15.839 2786 RALLYDEBUG rally.task.utils [-] Waiting for resource s_rally_9766c92b_U1GhfG25. Status changed: AVAILABLE => DELETING in 0.0871980190277
2020-01-03 13:14:15.856 2784 RALLYDEBUG rally.task.utils [-] Waiting for resource s_rally_9766c92b_gkNVpu69. Status changed: AVAILABLE => DELETING in 0.0721199512482
2020-01-03 13:14:18.330 2786 INFO rally.task.runner [-] Task a10f886f-f6e9-4562-931e-3b2e4bd6daab | ITER: 8 END: OK
2020-01-03 13:14:18.334 2785 INFO rally.task.runner [-] Task a10f886f-f6e9-4562-931e-3b2e4bd6daab | ITER: 5 END: OK
2020-01-03 13:14:18.334 2783 INFO rally.task.runner [-] Task a10f886f-f6e9-4562-931e-3b2e4bd6daab | ITER: 6 END: OK
2020-01-03 13:14:18.335 2784 INFO rally.task.runner [-] Task a10f886f-f6e9-4562-931e-3b2e4bd6daab | ITER: 7 END: OK
2020-01-03 13:14:18.338 2786 INFO rally.task.runner [-] Task a10f886f-f6e9-4562-931e-3b2e4bd6daab | ITER: 9 START
2020-01-03 13:14:18.338 2785 INFO rally.task.runner [-] Task a10f886f-f6e9-4562-931e-3b2e4bd6daab | ITER: 10 START
2020-01-03 13:14:21.371 2785 RALLYDEBUG rally.task.utils [-] Waiting for resource s_rally_9766c92b_dYfqpOJR. Status changed: AVAILABLE => UPLOADING in 0.0587069988251
2020-01-03 13:14:21.407 2786 RALLYDEBUG rally.task.utils [-] Waiting for resource s_rally_9766c92b_Ia2N75FW. Status changed: AVAILABLE => UPLOADING in 0.0848069190979
2020-01-03 13:14:40.121 2785 RALLYDEBUG rally.task.utils [-] Waiting for resource s_rally_9766c92b_dYfqpOJR. Status changed: UPLOADING => AVAILABLE in 18.7497959137
2020-01-03 13:14:40.387 2785 RALLYDEBUG rally.task.utils [-] Waiting for resource s_rally_9766c92b_dYfqpOJR. Status changed: AVAILABLE => DELETING in 0.0912108421326
2020-01-03 13:14:42.160 2786 RALLYDEBUG rally.task.utils [-] Waiting for resource s_rally_9766c92b_Ia2N75FW. Status changed: UPLOADING => AVAILABLE in 20.7523028851
2020-01-03 13:14:42.357 2786 RALLYDEBUG rally.task.utils [-] Waiting for resource s_rally_9766c92b_Ia2N75FW. Status changed: AVAILABLE => DELETING in 0.0674540996552
2020-01-03 13:14:43.533 2785 INFO rally.task.runner [-] Task a10f886f-f6e9-4562-931e-3b2e4bd6daab | ITER: 10 END: OK
2020-01-03 13:14:45.524 2786 INFO rally.task.runner [-] Task a10f886f-f6e9-4562-931e-3b2e4bd6daab | ITER: 9 END: OK
2020-01-03 13:14:45.551 1843 INFO rally.task.context [-] Task a10f886f-f6e9-4562-931e-3b2e4bd6daab | Context cleanup@openstack cleanup() started
2020-01-03 13:14:45.556 1843 RALLYDEBUG rally_openstack.cleanup.manager [-] Cleaning up cinder backups objects
2020-01-03 13:14:45.994 1843 RALLYDEBUG rally_openstack.cleanup.manager [-] Cleaning up cinder volume_snapshots objects
2020-01-03 13:14:46.442 1843 RALLYDEBUG rally_openstack.cleanup.manager [-] Cleaning up cinder transfers objects
2020-01-03 13:14:46.932 1843 RALLYDEBUG rally_openstack.cleanup.manager [-] Cleaning up cinder volumes objects
2020-01-03 13:14:47.551 1843 RALLYDEBUG rally_openstack.cleanup.manager [-] Cleaning up glance images objects
2020-01-03 13:14:48.395 1843 INFO rally.task.context [-] Task a10f886f-f6e9-4562-931e-3b2e4bd6daab | Context cleanup@openstack cleanup() finished in 2.84 sec
2020-01-03 13:14:48.395 1843 INFO rally.task.context [-] Task a10f886f-f6e9-4562-931e-3b2e4bd6daab | Context quotas@openstack cleanup() started
2020-01-03 13:14:48.496 1843 INFO rally.task.context [-] Task a10f886f-f6e9-4562-931e-3b2e4bd6daab | Context quotas@openstack cleanup() finished in 0.10 sec
2020-01-03 13:14:48.497 1843 INFO rally.task.context [-] Task a10f886f-f6e9-4562-931e-3b2e4bd6daab | Context api_versions@openstack cleanup() started
2020-01-03 13:14:48.497 1843 INFO rally.task.context [-] Task a10f886f-f6e9-4562-931e-3b2e4bd6daab | Context api_versions@openstack cleanup() finished in 0.21 msec
2020-01-03 13:14:48.497 1843 INFO rally.task.context [-] Task a10f886f-f6e9-4562-931e-3b2e4bd6daab | Context users@openstack cleanup() started
2020-01-03 13:14:51.032 1843 INFO rally.task.context [-] Task a10f886f-f6e9-4562-931e-3b2e4bd6daab | Context users@openstack cleanup() finished in 2.54 sec
2020-01-03 13:14:51.781 1843 INFO rally.task.engine [-] Load duration is: 154.274558
2020-01-03 13:14:51.781 1843 INFO rally.task.engine [-] Full runner duration is: 154.543452
2020-01-03 13:14:51.781 1843 INFO rally.task.engine [-] Full duration is: 162.333236
2020-01-03 13:14:51.838 1843 INFO rally.task.engine [-] Running workload: position = 0 config = { "version": 2, "title": "A cropped version of a bigger task.", "description": "Auto-generated task from a single workload (uuid=6c21a868-ab98-46c9-836c-ac2e42cb39ed)", "subtasks": [ { "title": "CinderVolumes.create_nested_snapshots_and_attach_volume", "description": "Create a volume from snapshot and attach/detach the volume", "scenario": { "CinderVolumes.create_nested_snapshots_and_attach_volume": { "flavor": { "name": "rally_full-flavor_ed9f565a-de23-4e78-85af-41cda04ac9af" }, "image": { "name": "rally_full-img_ed9f565a-de23-4e78-85af-41cda04ac9af" }, "nested_level": 1, "size": { "max": 1, "min": 1 }, "create_vm_params": { "nics": [ { "net-id": "8f3baabf-9152-4edd-a58b-6e554cc78178" } ] } } }, "contexts": { "users": { "tenants": 3, "users_per_tenant": 2 }, "quotas": { "cinder": { "gigabytes": -1, "snapshots": -1, "volumes": -1 } }, "api_versions": { "cinder": { "version": 3, "service_type": "volumev3" } } }, "runner": { "constant": { "concurrency": 4, "times": 10 } }, "hooks": [], "sla": { "failure_rate": { "max": 0 } } } ] }
2020-01-03 13:14:51.859 1843 RALLYDEBUG rally_openstack.contexts.keystone.users [-] Creating 3 tenants using 20 threads
2020-01-03 13:14:52.290 1843 RALLYDEBUG rally_openstack.contexts.keystone.users [-] Creating 6 users using 20 threads
2020-01-03 13:14:52.924 1843 INFO rally.task.context [-] Task a10f886f-f6e9-4562-931e-3b2e4bd6daab | Context users@openstack setup() finished in 1.07 sec
2020-01-03 13:14:53.066 1843 INFO rally.task.context [-] Task a10f886f-f6e9-4562-931e-3b2e4bd6daab | Context api_versions@openstack setup() finished in 0.14 sec
2020-01-03 13:14:53.714 1843 INFO rally.task.context [-] Task a10f886f-f6e9-4562-931e-3b2e4bd6daab | Context quotas@openstack setup() finished in 0.65 sec
2020-01-03 13:14:53.715 1843 INFO rally.task.context [-] Task a10f886f-f6e9-4562-931e-3b2e4bd6daab | Context cleanup@openstack setup() finished in 0.01 msec
2020-01-03 13:14:53.960 1843 DEBUG novaclient.v2.client [-] REQ: curl -g -i -X GET http://172.30.13.91/compute/v2.1/flavors/detail -H "Accept: application/json" -H "User-Agent: python-novaclient" -H "X-Auth-Token: {SHA1}5b608d05452068b2fcb0239e4e8261706250068a" _http_log_request /usr/lib/python2.7/site-packages/keystoneauth1/session.py:448
2020-01-03 13:14:54.181 1843 DEBUG novaclient.v2.client [-] RESP: [200] Connection: close Content-Length: 5814 Content-Type: application/json Date: Fri, 03 Jan 2020 13:14:53 GMT OpenStack-API-Version: compute 2.1 Server: Apache/2.4.18 (Ubuntu) Vary: OpenStack-API-Version,X-OpenStack-Nova-API-Version X-OpenStack-Nova-API-Version: 2.1 x-compute-request-id: req-4a26e86e-27e4-4bba-a5c1-87921cfcac93 x-openstack-request-id: req-4a26e86e-27e4-4bba-a5c1-87921cfcac93 _http_log_response /usr/lib/python2.7/site-packages/keystoneauth1/session.py:479
2020-01-03 13:14:54.182 1843 DEBUG novaclient.v2.client [-] RESP BODY: {"flavors": [{"name": "rally_full-flavor_ed9f565a-de23-4e78-85af-41cda04ac9af", "links": [{"href": "http://172.30.13.91/compute/v2.1/flavors/05723549-ae64-4268-aebd-67eb8276800b", "rel": "self"}, {"href": "http://172.30.13.91/compute/flavors/05723549-ae64-4268-aebd-67eb8276800b", "rel": "bookmark"}], "ram": 512, "OS-FLV-DISABLED:disabled": false, "vcpus": 1, "swap": "", "os-flavor-access:is_public": true, "rxtx_factor": 1.0, "OS-FLV-EXT-DATA:ephemeral": 0, "disk": 1, "id": "05723549-ae64-4268-aebd-67eb8276800b"}, {"name": "m1.tiny", "links": [{"href": "http://172.30.13.91/compute/v2.1/flavors/1", "rel": "self"}, {"href": "http://172.30.13.91/compute/flavors/1", "rel": "bookmark"}], "ram": 512, "OS-FLV-DISABLED:disabled": false, "vcpus": 1, "swap": "", "os-flavor-access:is_public": true, "rxtx_factor": 1.0, "OS-FLV-EXT-DATA:ephemeral": 0, "disk": 1, "id": "1"}, {"name": "m1.small", "links": [{"href": "http://172.30.13.91/compute/v2.1/flavors/2", "rel": "self"}, {"href": "http://172.30.13.91/compute/flavors/2", "rel": "bookmark"}], "ram": 2048, "OS-FLV-DISABLED:disabled": false, "vcpus": 1, "swap": "", "os-flavor-access:is_public": true, "rxtx_factor": 1.0, "OS-FLV-EXT-DATA:ephemeral": 0, "disk": 20, "id": "2"}, {"name": "rally_full-flavor_alt_ed9f565a-de23-4e78-85af-41cda04ac9af", "links": [{"href": "http://172.30.13.91/compute/v2.1/flavors/2ec02df1-5d0f-44b0-8cc3-d99e0916b357", "rel": "self"}, {"href": "http://172.30.13.91/compute/flavors/2ec02df1-5d0f-44b0-8cc3-d99e0916b357", "rel": "bookmark"}], "ram": 1024, "OS-FLV-DISABLED:disabled": false, "vcpus": 1, "swap": "", "os-flavor-access:is_public": true, "rxtx_factor": 1.0, "OS-FLV-EXT-DATA:ephemeral": 0, "disk": 1, "id": "2ec02df1-5d0f-44b0-8cc3-d99e0916b357"}, {"name": "m1.medium", "links": [{"href": "http://172.30.13.91/compute/v2.1/flavors/3", "rel": "self"}, {"href": "http://172.30.13.91/compute/flavors/3", "rel": "bookmark"}], "ram": 4096, "OS-FLV-DISABLED:disabled": false, "vcpus": 2, "swap": "", "os-flavor-access:is_public": true, "rxtx_factor": 1.0, "OS-FLV-EXT-DATA:ephemeral": 0, "disk": 40, "id": "3"}, {"name": "m1.large", "links": [{"href": "http://172.30.13.91/compute/v2.1/flavors/4", "rel": "self"}, {"href": "http://172.30.13.91/compute/flavors/4", "rel": "bookmark"}], "ram": 8192, "OS-FLV-DISABLED:disabled": false, "vcpus": 4, "swap": "", "os-flavor-access:is_public": true, "rxtx_factor": 1.0, "OS-FLV-EXT-DATA:ephemeral": 0, "disk": 80, "id": "4"}, {"name": "m1.nano", "links": [{"href": "http://172.30.13.91/compute/v2.1/flavors/42", "rel": "self"}, {"href": "http://172.30.13.91/compute/flavors/42", "rel": "bookmark"}], "ram": 64, "OS-FLV-DISABLED:disabled": false, "vcpus": 1, "swap": "", "os-flavor-access:is_public": true, "rxtx_factor": 1.0, "OS-FLV-EXT-DATA:ephemeral": 0, "disk": 1, "id": "42"}, {"name": "m1.xlarge", "links": [{"href": "http://172.30.13.91/compute/v2.1/flavors/5", "rel": "self"}, {"href": "http://172.30.13.91/compute/flavors/5", "rel": "bookmark"}], "ram": 16384, "OS-FLV-DISABLED:disabled": false, "vcpus": 8, "swap": "", "os-flavor-access:is_public": true, "rxtx_factor": 1.0, "OS-FLV-EXT-DATA:ephemeral": 0, "disk": 160, "id": "5"}, {"name": "m1.micro", "links": [{"href": "http://172.30.13.91/compute/v2.1/flavors/84", "rel": "self"}, {"href": "http://172.30.13.91/compute/flavors/84", "rel": "bookmark"}], "ram": 128, "OS-FLV-DISABLED:disabled": false, "vcpus": 1, "swap": "", "os-flavor-access:is_public": true, "rxtx_factor": 1.0, "OS-FLV-EXT-DATA:ephemeral": 0, "disk": 1, "id": "84"}, {"name": "cirros256", "links": [{"href": "http://172.30.13.91/compute/v2.1/flavors/c1", "rel": "self"}, {"href": "http://172.30.13.91/compute/flavors/c1", "rel": "bookmark"}], "ram": 256, "OS-FLV-DISABLED:disabled": false, "vcpus": 1, "swap": "", "os-flavor-access:is_public": true, "rxtx_factor": 1.0, "OS-FLV-EXT-DATA:ephemeral": 0, "disk": 0, "id": "c1"}, {"name": "ds512M", "links": [{"href": "http://172.30.13.91/compute/v2.1/flavors/d1", "rel": "self"}, {"href": "http://172.30.13.91/compute/flavors/d1", "rel": "bookmark"}], "ram": 512, "OS-FLV-DISABLED:disabled": false, "vcpus": 1, "swap": "", "os-flavor-access:is_public": true, "rxtx_factor": 1.0, "OS-FLV-EXT-DATA:ephemeral": 0, "disk": 5, "id": "d1"}, {"name": "ds1G", "links": [{"href": "http://172.30.13.91/compute/v2.1/flavors/d2", "rel": "self"}, {"href": "http://172.30.13.91/compute/flavors/d2", "rel": "bookmark"}], "ram": 1024, "OS-FLV-DISABLED:disabled": false, "vcpus": 1, "swap": "", "os-flavor-access:is_public": true, "rxtx_factor": 1.0, "OS-FLV-EXT-DATA:ephemeral": 0, "disk": 10, "id": "d2"}, {"name": "ds2G", "links": [{"href": "http://172.30.13.91/compute/v2.1/flavors/d3", "rel": "self"}, {"href": "http://172.30.13.91/compute/flavors/d3", "rel": "bookmark"}], "ram": 2048, "OS-FLV-DISABLED:disabled": false, "vcpus": 2, "swap": "", "os-flavor-access:is_public": true, "rxtx_factor": 1.0, "OS-FLV-EXT-DATA:ephemeral": 0, "disk": 10, "id": "d3"}, {"name": "ds4G", "links": [{"href": "http://172.30.13.91/compute/v2.1/flavors/d4", "rel": "self"}, {"href": "http://172.30.13.91/compute/flavors/d4", "rel": "bookmark"}], "ram": 4096, "OS-FLV-DISABLED:disabled": false, "vcpus": 4, "swap": "", "os-flavor-access:is_public": true, "rxtx_factor": 1.0, "OS-FLV-EXT-DATA:ephemeral": 0, "disk": 20, "id": "d4"}, {"name": "vmtp-flavor_91780afc-57d5-459e-8191-cb54140b93ab", "links": [{"href": "http://172.30.13.91/compute/v2.1/flavors/e1d52bd9-00fe-4630-8139-b8fb99052125", "rel": "self"}, {"href": "http://172.30.13.91/compute/flavors/e1d52bd9-00fe-4630-8139-b8fb99052125", "rel": "bookmark"}], "ram": 2048, "OS-FLV-DISABLED:disabled": false, "vcpus": 1, "swap": "", "os-flavor-access:is_public": true, "rxtx_factor": 1.0, "OS-FLV-EXT-DATA:ephemeral": 0, "disk": 0, "id": "e1d52bd9-00fe-4630-8139-b8fb99052125"}]} _http_log_response /usr/lib/python2.7/site-packages/keystoneauth1/session.py:511
2020-01-03 13:14:54.182 1843 DEBUG novaclient.v2.client [-] GET call to compute for http://172.30.13.91/compute/v2.1/flavors/detail used request id req-4a26e86e-27e4-4bba-a5c1-87921cfcac93 request /usr/lib/python2.7/site-packages/keystoneauth1/session.py:844
2020-01-03 13:14:54.185 1843 RALLYDEBUG rally.task.runner [-] Starting the constant runner (task UUID: a10f886f-f6e9-4562-931e-3b2e4bd6daab). timeout: 0 concurrency: 4 concurrency_per_worker: 1 times: 10 concurrency_overhead: 0 processes_to_start: 4 max_cpu_used: 88
2020-01-03 13:14:54.196 2987 RALLYDEBUG rally.task.runner [-] Starting a worker. concurrency: 1 args: {"flavor": "05723549-ae64-4268-aebd-67eb8276800b", "image": "5778def0-d8fc-4323-9bac-67702d2fb215", "nested_level": 1, "size": {"max": 1, "min": 1}, "create_vm_params": {"nics": [{"net-id": "8f3baabf-9152-4edd-a58b-6e554cc78178"}]}} times: 10 method_name: run timeout: 0 duration: None cls:
2020-01-03 13:14:54.199 2988 RALLYDEBUG rally.task.runner [-] Starting a worker. concurrency: 1 args: {"flavor": "05723549-ae64-4268-aebd-67eb8276800b", "image": "5778def0-d8fc-4323-9bac-67702d2fb215", "nested_level": 1, "size": {"max": 1, "min": 1}, "create_vm_params": {"nics": [{"net-id": "8f3baabf-9152-4edd-a58b-6e554cc78178"}]}} times: 10 method_name: run timeout: 0 duration: None cls:
