2019-12-27 21:26:38.596 6 RALLYDEBUG rally.api [-] INFO logs from urllib3 and requests module are hide.
2019-12-27 21:26:38.596 6 RALLYDEBUG rally.api [-] urllib3 insecure warnings are hidden.
2019-12-27 21:26:38.596 6 RALLYDEBUG rally.api [-] ERROR log from boto module is hide.
2019-12-27 21:26:40.824 6 ERROR rally.cli.cliutils [-] Unexpected exception in CLI: rally.exceptions.DBRecordNotFound: Record for uuid or name is opnfv-rally not found in table envs
2019-12-27 21:26:40.824 6 ERROR rally.cli.cliutils
Traceback (most recent call last):
2019-12-27 21:26:40.824 6 ERROR rally.cli.cliutils
File "/usr/lib/python3.6/site-packages/rally/cli/cliutils.py", line 674, in run
2019-12-27 21:26:40.824 6 ERROR rally.cli.cliutils ret = fn(*fn_args, **fn_kwargs)
2019-12-27 21:26:40.824 6 ERROR rally.cli.cliutils File "", line 2, in destroy
2019-12-27 21:26:40.824 6 ERROR rally.cli.cliutils
File "/usr/lib/python3.6/site-packages/rally/cli/envutils.py", line 68, in default_from_global
2019-12-27 21:26:40.824 6 ERROR rally.cli.cliutils return f(*args, **kwargs)
2019-12-27 21:26:40.824 6 ERROR rally.cli.cliutils File "", line 2, in destroy
2019-12-27 21:26:40.824 6 ERROR rally.cli.cliutils
File "/usr/lib/python3.6/site-packages/rally/plugins/__init__.py", line 51, in ensure_plugins_are_loaded
2019-12-27 21:26:40.824 6 ERROR rally.cli.cliutils return f(*args, **kwargs)
2019-12-27 21:26:40.824 6 ERROR rally.cli.cliutils
File "/usr/lib/python3.6/site-packages/rally/cli/commands/deployment.py", line 157, in destroy
2019-12-27 21:26:40.824 6 ERROR rally.cli.cliutils api.deployment.destroy(deployment=deployment)
2019-12-27 21:26:40.824 6 ERROR rally.cli.cliutils
File "/usr/lib/python3.6/site-packages/rally/api.py", line 115, in destroy
2019-12-27 21:26:40.824 6 ERROR rally.cli.cliutils deploy = objects.Deployment.get(deployment)
2019-12-27 21:26:40.824 6 ERROR rally.cli.cliutils
File "/usr/lib/python3.6/site-packages/rally/common/objects/deploy.py", line 124, in get
2019-12-27 21:26:40.824 6 ERROR rally.cli.cliutils return Deployment(env_mgr.EnvManager.get(deploy))
2019-12-27 21:26:40.824 6 ERROR rally.cli.cliutils
File "/usr/lib/python3.6/site-packages/rally/env/env_mgr.py", line 212, in get
2019-12-27 21:26:40.824 6 ERROR rally.cli.cliutils return cls(db.env_get(uuid_or_name))
2019-12-27 21:26:40.824 6 ERROR rally.cli.cliutils
File "/usr/lib/python3.6/site-packages/rally/common/db/api.py", line 135, in wrapper
2019-12-27 21:26:40.824 6 ERROR rally.cli.cliutils result = f(session, *args, **kwargs)
2019-12-27 21:26:40.824 6 ERROR rally.cli.cliutils
File "/usr/lib/python3.6/site-packages/rally/common/db/api.py", line 521, in env_get
2019-12-27 21:26:40.824 6 ERROR rally.cli.cliutils criteria="uuid or name is %s" % uuid_or_name, table="envs")
2019-12-27 21:26:40.824 6 ERROR rally.cli.cliutils rally.exceptions.DBRecordNotFound: Record for uuid or name is opnfv-rally not found in table envs
2019-12-27 21:26:40.824 6 ERROR rally.cli.cliutils
2019-12-27 21:26:42.254 8 RALLYDEBUG rally.api [-] INFO logs from urllib3 and requests module are hide.
2019-12-27 21:26:42.255 8 RALLYDEBUG rally.api [-] urllib3 insecure warnings are hidden.
2019-12-27 21:26:42.255 8 RALLYDEBUG rally.api [-] ERROR log from boto module is hide.
2019-12-27 21:26:46.020 10 RALLYDEBUG rally.api [-] INFO logs from urllib3 and requests module are hide.
2019-12-27 21:26:46.020 10 RALLYDEBUG rally.api [-] urllib3 insecure warnings are hidden.
2019-12-27 21:26:46.021 10 RALLYDEBUG rally.api [-] ERROR log from boto module is hide.
2019-12-27 21:26:50.130 13 RALLYDEBUG rally.api [-] INFO logs from urllib3 and requests module are hide.
2019-12-27 21:26:50.130 13 RALLYDEBUG rally.api [-] urllib3 insecure warnings are hidden.
2019-12-27 21:26:50.130 13 RALLYDEBUG rally.api [-] ERROR log from boto module is hide.
2019-12-27 21:26:53.258 15 RALLYDEBUG rally.api [-] INFO logs from urllib3 and requests module are hide.
2019-12-27 21:26:53.259 15 RALLYDEBUG rally.api [-] urllib3 insecure warnings are hidden.
2019-12-27 21:26:53.259 15 RALLYDEBUG rally.api [-] ERROR log from boto module is hide.
2019-12-27 21:26:55.356 15 INFO rally.common.plugin.discover [-] Loading plugins from directories /root/.rally/plugins/*
2019-12-27 21:26:55.357 15 INFO rally.common.plugin.discover [-] Loaded module with plugins: /root/.rally/plugins/__init__.py
2019-12-27 21:26:55.676 15 INFO rally.task.engine [-] Task f527893f-5cff-43db-b69f-849e9c95c15e | Starting: Task validation.
2019-12-27 21:26:55.689 15 INFO rally.task.engine [-] Task f527893f-5cff-43db-b69f-849e9c95c15e | Starting: Task validation of syntax.
2019-12-27 21:26:56.053 15 INFO rally.task.engine [-] Task f527893f-5cff-43db-b69f-849e9c95c15e | Completed: Task validation of syntax.
2019-12-27 21:26:56.054 15 INFO rally.task.engine [-] Task f527893f-5cff-43db-b69f-849e9c95c15e | Starting: Task validation of required platforms.
2019-12-27 21:26:56.240 15 INFO rally.task.engine [-] Task f527893f-5cff-43db-b69f-849e9c95c15e | Completed: Task validation of required platforms.
2019-12-27 21:26:56.240 15 INFO rally.task.engine [-] Task f527893f-5cff-43db-b69f-849e9c95c15e | Starting: Task validation of semantic.
2019-12-27 21:26:56.240 15 INFO rally.task.engine [-] Check health of the environment '67ac3208-f95e-4bfe-bee7-2ac458e77637'.
2019-12-27 21:26:56.716 15 INFO rally.task.engine [-] Platform existing@openstack (available: True): OK!
2019-12-27 21:26:56.728 15 RALLYDEBUG rally_openstack.contexts.keystone.users [-] Creating 1 tenants using 20 threads
2019-12-27 21:26:57.101 15 RALLYDEBUG rally_openstack.contexts.keystone.users [-] Creating 1 users using 20 threads
2019-12-27 21:26:57.736 15 INFO rally.task.context [-] Task f527893f-5cff-43db-b69f-849e9c95c15e | Context users@openstack setup() finished in 1.01 sec
2019-12-27 21:27:01.044 15 INFO rally.task.context [-] Task f527893f-5cff-43db-b69f-849e9c95c15e | Context users@openstack cleanup() started
2019-12-27 21:27:02.354 15 INFO rally.task.context [-] Task f527893f-5cff-43db-b69f-849e9c95c15e | Context users@openstack cleanup() finished in 1.31 sec
2019-12-27 21:27:02.355 15 INFO rally.task.engine [-] Task f527893f-5cff-43db-b69f-849e9c95c15e | Completed: Task validation of semantic.
2019-12-27 21:27:02.355 15 INFO rally.task.engine [-] Task f527893f-5cff-43db-b69f-849e9c95c15e | Completed: Task validation.
2019-12-27 21:27:02.355 15 INFO rally.api [-] Task f527893f-5cff-43db-b69f-849e9c95c15e input file is valid.
2019-12-27 21:27:02.356 15 INFO rally.api [-] Run Task f527893f-5cff-43db-b69f-849e9c95c15e against Deployment 67ac3208-f95e-4bfe-bee7-2ac458e77637
2019-12-27 21:27:02.356 15 INFO rally.task.engine [-] Task f527893f-5cff-43db-b69f-849e9c95c15e | Starting: Running task.
2019-12-27 21:27:02.411 15 INFO rally.task.engine [-] Running workload: position = 0 config = { "version": 2, "title": "A cropped version of a bigger task.", "description": "Auto-generated task from a single workload (uuid=f55efeee-951d-415e-b345-7c994e0fbcf5)", "subtasks": [ { "title": "NeutronNetworks.create_and_list_networks", "description": "Check performance of list_networks action and ensure > network quotas are not exceeded", "scenario": { "NeutronNetworks.create_and_list_networks": {} }, "contexts": { "users": { "tenants": 1, "users_per_tenant": 1 }, "quotas": { "neutron": { "network": 119 } } }, "runner": { "constant": { "times": 100, "concurrency": 20 } }, "hooks": [], "sla": { "max_avg_duration_per_atomic": { "neutron.list_networks": 15 }, "failure_rate": { "max": 0 } } } ] }
2019-12-27 21:27:02.430 15 RALLYDEBUG rally_openstack.contexts.keystone.users [-] Creating 1 tenants using 20 threads
2019-12-27 21:27:02.886 15 RALLYDEBUG rally_openstack.contexts.keystone.users [-] Creating 1 users using 20 threads
2019-12-27 21:27:03.551 15 INFO rally.task.context [-] Task f527893f-5cff-43db-b69f-849e9c95c15e | Context users@openstack setup() finished in 1.12 sec
2019-12-27 21:27:03.801 15 INFO rally.task.context [-] Task f527893f-5cff-43db-b69f-849e9c95c15e | Context quotas@openstack setup() finished in 0.25 sec
2019-12-27 21:27:03.801 15 INFO rally.task.context [-] Task f527893f-5cff-43db-b69f-849e9c95c15e | Context cleanup@openstack setup() finished in 0.01 msec
2019-12-27 21:27:03.813 15 RALLYDEBUG rally.task.runner [-] Starting the constant runner (task UUID: f527893f-5cff-43db-b69f-849e9c95c15e). times: 100 concurrency: 20 timeout: 0 max_cpu_used: 88 processes_to_start: 20 concurrency_per_worker: 1 concurrency_overhead: 0
2019-12-27 21:27:03.823 139 RALLYDEBUG rally.task.runner [-] Starting a worker. times: 100 duration: None concurrency: 1 timeout: 0 cls: method_name: run args: {}
2019-12-27 21:27:03.826 140 RALLYDEBUG rally.task.runner [-] Starting a worker. times: 100 duration: None concurrency: 1 timeout: 0 cls: method_name: run args: {}
2019-12-27 21:27:03.828 141 RALLYDEBUG rally.task.runner [-] Starting a worker. times: 100 duration: None concurrency: 1 timeout: 0 cls: method_name: run args: {}
2019-12-27 21:27:03.829 139 INFO rally.task.runner [-] Task f527893f-5cff-43db-b69f-849e9c95c15e | ITER: 1 START
2019-12-27 21:27:03.831 140 INFO rally.task.runner [-] Task f527893f-5cff-43db-b69f-849e9c95c15e | ITER: 2 START
2019-12-27 21:27:03.831 142 RALLYDEBUG rally.task.runner [-] Starting a worker. times: 100 duration: None concurrency: 1 timeout: 0 cls: method_name: run args: {}
2019-12-27 21:27:03.832 145 RALLYDEBUG rally.task.runner [-] Starting a worker. times: 100 duration: None concurrency: 1 timeout: 0 cls: method_name: run args: {}
2019-12-27 21:27:03.833 141 INFO rally.task.runner [-] Task f527893f-5cff-43db-b69f-849e9c95c15e | ITER: 3 START
2019-12-27 21:27:03.836 142 INFO rally.task.runner [-] Task f527893f-5cff-43db-b69f-849e9c95c15e | ITER: 4 START
2019-12-27 21:27:03.837 145 INFO rally.task.runner [-] Task f527893f-5cff-43db-b69f-849e9c95c15e | ITER: 5 START
2019-12-27 21:27:03.836 148 RALLYDEBUG rally.task.runner [-] Starting a worker. times: 100 duration: None concurrency: 1 timeout: 0 cls: method_name: run args: {}
2019-12-27 21:27:03.839 151 RALLYDEBUG rally.task.runner [-] Starting a worker. times: 100 duration: None concurrency: 1 timeout: 0 cls: method_name: run args: {}
2019-12-27 21:27:03.841 148 INFO rally.task.runner [-] Task f527893f-5cff-43db-b69f-849e9c95c15e | ITER: 6 START
2019-12-27 21:27:03.841 156 RALLYDEBUG rally.task.runner [-] Starting a worker. times: 100 duration: None concurrency: 1 timeout: 0 cls: method_name: run args: {}
2019-12-27 21:27:03.844 151 INFO rally.task.runner [-] Task f527893f-5cff-43db-b69f-849e9c95c15e | ITER: 7 START
2019-12-27 21:27:03.843 157 RALLYDEBUG rally.task.runner [-] Starting a worker. times: 100 duration: None concurrency: 1 timeout: 0 cls: method_name: run args: {}
2019-12-27 21:27:03.847 156 INFO rally.task.runner [-] Task f527893f-5cff-43db-b69f-849e9c95c15e | ITER: 8 START
2019-12-27 21:27:03.847 160 RALLYDEBUG rally.task.runner [-] Starting a worker. times: 100 duration: None concurrency: 1 timeout: 0 cls: method_name: run args: {}
2019-12-27 21:27:03.849 157 INFO rally.task.runner [-] Task f527893f-5cff-43db-b69f-849e9c95c15e | ITER: 9 START
2019-12-27 21:27:03.849 163 RALLYDEBUG rally.task.runner [-] Starting a worker. times: 100 duration: None concurrency: 1 timeout: 0 cls: method_name: run args: {}
2019-12-27 21:27:03.851 167 RALLYDEBUG rally.task.runner [-] Starting a worker. times: 100 duration: None concurrency: 1 timeout: 0 cls: method_name: run args: {}
2019-12-27 21:27:03.852 160 INFO rally.task.runner [-] Task f527893f-5cff-43db-b69f-849e9c95c15e | ITER: 10 START
2019-12-27 21:27:03.854 163 INFO rally.task.runner [-] Task f527893f-5cff-43db-b69f-849e9c95c15e | ITER: 11 START
2019-12-27 21:27:03.855 167 INFO rally.task.runner [-] Task f527893f-5cff-43db-b69f-849e9c95c15e | ITER: 12 START
2019-12-27 21:27:03.855 169 RALLYDEBUG rally.task.runner [-] Starting a worker. times: 100 duration: None concurrency: 1 timeout: 0 cls: method_name: run args: {}
2019-12-27 21:27:03.858 174 RALLYDEBUG rally.task.runner [-] Starting a worker. times: 100 duration: None concurrency: 1 timeout: 0 cls: method_name: run args: {}
2019-12-27 21:27:03.859 177 RALLYDEBUG rally.task.runner [-] Starting a worker. times: 100 duration: None concurrency: 1 timeout: 0 cls: method_name: run args: {}
2019-12-27 21:27:03.860 169 INFO rally.task.runner [-] Task f527893f-5cff-43db-b69f-849e9c95c15e | ITER: 13 START
2019-12-27 21:27:03.863 177 INFO rally.task.runner [-] Task f527893f-5cff-43db-b69f-849e9c95c15e | ITER: 15 START
2019-12-27 21:27:03.863 174 INFO rally.task.runner [-] Task f527893f-5cff-43db-b69f-849e9c95c15e | ITER: 14 START
2019-12-27 21:27:03.864 178 RALLYDEBUG rally.task.runner [-] Starting a worker. times: 100 duration: None concurrency: 1 timeout: 0 cls: method_name: run args: {}
2019-12-27 21:27:03.866 183 RALLYDEBUG rally.task.runner [-] Starting a worker. times: 100 duration: None concurrency: 1 timeout: 0 cls: method_name: run args: {}
2019-12-27 21:27:03.868 178 INFO rally.task.runner [-] Task f527893f-5cff-43db-b69f-849e9c95c15e | ITER: 16 START
2019-12-27 21:27:03.870 186 RALLYDEBUG rally.task.runner [-] Starting a worker. times: 100 duration: None concurrency: 1 timeout: 0 cls: method_name: run args: {}
2019-12-27 21:27:03.871 183 INFO rally.task.runner [-] Task f527893f-5cff-43db-b69f-849e9c95c15e | ITER: 17 START
2019-12-27 21:27:03.871 187 RALLYDEBUG rally.task.runner [-] Starting a worker. times: 100 duration: None concurrency: 1 timeout: 0 cls: method_name: run args: {}
2019-12-27 21:27:03.874 191 RALLYDEBUG rally.task.runner [-] Starting a worker. times: 100 duration: None concurrency: 1 timeout: 0 cls: method_name: run args: {}
2019-12-27 21:27:03.875 186 INFO rally.task.runner [-] Task f527893f-5cff-43db-b69f-849e9c95c15e | ITER: 18 START
2019-12-27 21:27:03.876 187 INFO rally.task.runner [-] Task f527893f-5cff-43db-b69f-849e9c95c15e | ITER: 19 START
2019-12-27 21:27:03.878 191 INFO rally.task.runner [-] Task f527893f-5cff-43db-b69f-849e9c95c15e | ITER: 20 START
2019-12-27 21:27:04.796 145 INFO rally.task.runner [-] Task f527893f-5cff-43db-b69f-849e9c95c15e | ITER: 5 END: OK
2019-12-27 21:27:04.799 145 INFO rally.task.runner [-] Task f527893f-5cff-43db-b69f-849e9c95c15e | ITER: 21 START
2019-12-27 21:27:04.843 163 INFO rally.task.runner [-] Task f527893f-5cff-43db-b69f-849e9c95c15e | ITER: 11 END: OK
2019-12-27 21:27:04.846 163 INFO rally.task.runner [-] Task f527893f-5cff-43db-b69f-849e9c95c15e | ITER: 22 START
2019-12-27 21:27:04.875 148 INFO rally.task.runner [-] Task f527893f-5cff-43db-b69f-849e9c95c15e | ITER: 6 END: OK
2019-12-27 21:27:04.878 140 INFO rally.task.runner [-] Task f527893f-5cff-43db-b69f-849e9c95c15e | ITER: 2 END: OK
2019-12-27 21:27:04.879 148 INFO rally.task.runner [-] Task f527893f-5cff-43db-b69f-849e9c95c15e | ITER: 23 START
2019-12-27 21:27:04.881 140 INFO rally.task.runner [-] Task f527893f-5cff-43db-b69f-849e9c95c15e | ITER: 24 START
2019-12-27 21:27:04.892 141 INFO rally.task.runner [-] Task f527893f-5cff-43db-b69f-849e9c95c15e | ITER: 3 END: OK
2019-12-27 21:27:04.895 141 INFO rally.task.runner [-] Task f527893f-5cff-43db-b69f-849e9c95c15e | ITER: 25 START
2019-12-27 21:27:05.412 139 INFO rally.task.runner [-] Task f527893f-5cff-43db-b69f-849e9c95c15e | ITER: 1 END: OK
2019-12-27 21:27:05.413 151 INFO rally.task.runner [-] Task f527893f-5cff-43db-b69f-849e9c95c15e | ITER: 7 END: OK
2019-12-27 21:27:05.414 142 INFO rally.task.runner [-] Task f527893f-5cff-43db-b69f-849e9c95c15e | ITER: 4 END: OK
2019-12-27 21:27:05.414 169 INFO rally.task.runner [-] Task f527893f-5cff-43db-b69f-849e9c95c15e | ITER: 13 END: OK
2019-12-27 21:27:05.414 174 INFO rally.task.runner [-] Task f527893f-5cff-43db-b69f-849e9c95c15e | ITER: 14 END: OK
2019-12-27 21:27:05.415 183 INFO rally.task.runner [-] Task f527893f-5cff-43db-b69f-849e9c95c15e | ITER: 17 END: OK
2019-12-27 21:27:05.415 178 INFO rally.task.runner [-] Task f527893f-5cff-43db-b69f-849e9c95c15e | ITER: 16 END: OK
2019-12-27 21:27:05.416 139 INFO rally.task.runner [-] Task f527893f-5cff-43db-b69f-849e9c95c15e | ITER: 26 START
2019-12-27 21:27:05.417 151 INFO rally.task.runner [-] Task f527893f-5cff-43db-b69f-849e9c95c15e | ITER: 27 START
2019-12-27 21:27:05.418 169 INFO rally.task.runner [-] Task f527893f-5cff-43db-b69f-849e9c95c15e | ITER: 28 START
2019-12-27 21:27:05.418 142 INFO rally.task.runner [-] Task f527893f-5cff-43db-b69f-849e9c95c15e | ITER: 29 START
2019-12-27 21:27:05.419 183 INFO rally.task.runner [-] Task f527893f-5cff-43db-b69f-849e9c95c15e | ITER: 30 START
2019-12-27 21:27:05.418 178 INFO rally.task.runner [-] Task f527893f-5cff-43db-b69f-849e9c95c15e | ITER: 31 START
2019-12-27 21:27:05.419 174 INFO rally.task.runner [-] Task f527893f-5cff-43db-b69f-849e9c95c15e | ITER: 32 START
2019-12-27 21:27:05.424 186 INFO rally.task.runner [-] Task f527893f-5cff-43db-b69f-849e9c95c15e | ITER: 18 END: OK
2019-12-27 21:27:05.427 186 INFO rally.task.runner [-] Task f527893f-5cff-43db-b69f-849e9c95c15e | ITER: 33 START
2019-12-27 21:27:05.450 191 INFO rally.task.runner [-] Task f527893f-5cff-43db-b69f-849e9c95c15e | ITER: 20 END: OK
2019-12-27 21:27:05.455 191 INFO rally.task.runner [-] Task f527893f-5cff-43db-b69f-849e9c95c15e | ITER: 34 START
2019-12-27 21:27:05.466 156 INFO rally.task.runner [-] Task f527893f-5cff-43db-b69f-849e9c95c15e | ITER: 8 END: OK
2019-12-27 21:27:05.470 156 INFO rally.task.runner [-] Task f527893f-5cff-43db-b69f-849e9c95c15e | ITER: 35 START
2019-12-27 21:27:05.483 157 INFO rally.task.runner [-] Task f527893f-5cff-43db-b69f-849e9c95c15e | ITER: 9 END: OK
2019-12-27 21:27:05.487 157 INFO rally.task.runner [-] Task f527893f-5cff-43db-b69f-849e9c95c15e | ITER: 36 START
2019-12-27 21:27:05.500 167 INFO rally.task.runner [-] Task f527893f-5cff-43db-b69f-849e9c95c15e | ITER: 12 END: OK
2019-12-27 21:27:05.505 167 INFO rally.task.runner [-] Task f527893f-5cff-43db-b69f-849e9c95c15e | ITER: 37 START
2019-12-27 21:27:05.542 177 INFO rally.task.runner [-] Task f527893f-5cff-43db-b69f-849e9c95c15e | ITER: 15 END: OK
2019-12-27 21:27:05.545 177 INFO rally.task.runner [-] Task f527893f-5cff-43db-b69f-849e9c95c15e | ITER: 38 START
2019-12-27 21:27:05.556 187 INFO rally.task.runner [-] Task f527893f-5cff-43db-b69f-849e9c95c15e | ITER: 19 END: OK
2019-12-27 21:27:05.559 187 INFO rally.task.runner [-] Task f527893f-5cff-43db-b69f-849e9c95c15e | ITER: 39 START
2019-12-27 21:27:05.784 163 INFO rally.task.runner [-] Task f527893f-5cff-43db-b69f-849e9c95c15e | ITER: 22 END: OK
2019-12-27 21:27:05.788 163 INFO rally.task.runner [-] Task f527893f-5cff-43db-b69f-849e9c95c15e | ITER: 40 START
2019-12-27 21:27:05.913 160 INFO rally.task.runner [-] Task f527893f-5cff-43db-b69f-849e9c95c15e | ITER: 10 END: OK
2019-12-27 21:27:05.917 160 INFO rally.task.runner [-] Task f527893f-5cff-43db-b69f-849e9c95c15e | ITER: 41 START
2019-12-27 21:27:06.047 141 INFO rally.task.runner [-] Task f527893f-5cff-43db-b69f-849e9c95c15e | ITER: 25 END: OK
2019-12-27 21:27:06.050 141 INFO rally.task.runner [-] Task f527893f-5cff-43db-b69f-849e9c95c15e | ITER: 42 START
2019-12-27 21:27:06.140 151 INFO rally.task.runner [-] Task f527893f-5cff-43db-b69f-849e9c95c15e | ITER: 27 END: OK
2019-12-27 21:27:06.144 151 INFO rally.task.runner [-] Task f527893f-5cff-43db-b69f-849e9c95c15e | ITER: 43 START
2019-12-27 21:27:06.151 145 INFO rally.task.runner [-] Task f527893f-5cff-43db-b69f-849e9c95c15e | ITER: 21 END: OK
2019-12-27 21:27:06.155 145 INFO rally.task.runner [-] Task f527893f-5cff-43db-b69f-849e9c95c15e | ITER: 44 START
2019-12-27 21:27:06.185 139 INFO rally.task.runner [-] Task f527893f-5cff-43db-b69f-849e9c95c15e | ITER: 26 END: OK
2019-12-27 21:27:06.189 139 INFO rally.task.runner [-] Task f527893f-5cff-43db-b69f-849e9c95c15e | ITER: 45 START
2019-12-27 21:27:06.195 174 INFO rally.task.runner [-] Task f527893f-5cff-43db-b69f-849e9c95c15e | ITER: 32 END: OK
2019-12-27 21:27:06.198 174 INFO rally.task.runner [-] Task f527893f-5cff-43db-b69f-849e9c95c15e | ITER: 46 START
2019-12-27 21:27:06.235 148 INFO rally.task.runner [-] Task f527893f-5cff-43db-b69f-849e9c95c15e | ITER: 23 END: OK
2019-12-27 21:27:06.238 148 INFO rally.task.runner [-] Task f527893f-5cff-43db-b69f-849e9c95c15e | ITER: 47 START
2019-12-27 21:27:06.300 140 INFO rally.task.runner [-] Task f527893f-5cff-43db-b69f-849e9c95c15e | ITER: 24 END: OK
2019-12-27 21:27:06.305 140 INFO rally.task.runner [-] Task f527893f-5cff-43db-b69f-849e9c95c15e | ITER: 48 START
2019-12-27 21:27:06.432 142 INFO rally.task.runner [-] Task f527893f-5cff-43db-b69f-849e9c95c15e | ITER: 29 END: OK
2019-12-27 21:27:06.436 142 INFO rally.task.runner [-] Task f527893f-5cff-43db-b69f-849e9c95c15e | ITER: 49 START
2019-12-27 21:27:06.462 186 INFO rally.task.runner [-] Task f527893f-5cff-43db-b69f-849e9c95c15e | ITER: 33 END: OK
2019-12-27 21:27:06.466 186 INFO rally.task.runner [-] Task f527893f-5cff-43db-b69f-849e9c95c15e | ITER: 50 START
2019-12-27 21:27:06.471 183 INFO rally.task.runner [-] Task f527893f-5cff-43db-b69f-849e9c95c15e | ITER: 30 END: OK
2019-12-27 21:27:06.473 169 INFO rally.task.runner [-] Task f527893f-5cff-43db-b69f-849e9c95c15e | ITER: 28 END: OK
2019-12-27 21:27:06.474 183 INFO rally.task.runner [-] Task f527893f-5cff-43db-b69f-849e9c95c15e | ITER: 51 START
2019-12-27 21:27:06.476 169 INFO rally.task.runner [-] Task f527893f-5cff-43db-b69f-849e9c95c15e | ITER: 52 START
2019-12-27 21:27:06.479 178 INFO rally.task.runner [-] Task f527893f-5cff-43db-b69f-849e9c95c15e | ITER: 31 END: OK
2019-12-27 21:27:06.482 178 INFO rally.task.runner [-] Task f527893f-5cff-43db-b69f-849e9c95c15e | ITER: 53 START
2019-12-27 21:27:06.651 160 INFO rally.task.runner [-] Task f527893f-5cff-43db-b69f-849e9c95c15e | ITER: 41 END: OK
2019-12-27 21:27:06.651 141 INFO rally.task.runner [-] Task f527893f-5cff-43db-b69f-849e9c95c15e | ITER: 42 END: OK
2019-12-27 21:27:06.654 141 INFO rally.task.runner [-] Task f527893f-5cff-43db-b69f-849e9c95c15e | ITER: 55 START
2019-12-27 21:27:06.654 160 INFO rally.task.runner [-] Task f527893f-5cff-43db-b69f-849e9c95c15e | ITER: 54 START
2019-12-27 21:27:07.108 163 INFO rally.task.runner [-] Task f527893f-5cff-43db-b69f-849e9c95c15e | ITER: 40 END: OK
2019-12-27 21:27:07.112 163 INFO rally.task.runner [-] Task f527893f-5cff-43db-b69f-849e9c95c15e | ITER: 56 START
2019-12-27 21:27:07.210 177 INFO rally.task.runner [-] Task f527893f-5cff-43db-b69f-849e9c95c15e | ITER: 38 END: OK
2019-12-27 21:27:07.213 177 INFO rally.task.runner [-] Task f527893f-5cff-43db-b69f-849e9c95c15e | ITER: 57 START
2019-12-27 21:27:07.217 145 INFO rally.task.runner [-] Task f527893f-5cff-43db-b69f-849e9c95c15e | ITER: 44 END: OK
2019-12-27 21:27:07.220 145 INFO rally.task.runner [-] Task f527893f-5cff-43db-b69f-849e9c95c15e | ITER: 58 START
2019-12-27 21:27:07.234 151 INFO rally.task.runner [-] Task f527893f-5cff-43db-b69f-849e9c95c15e | ITER: 43 END: OK
2019-12-27 21:27:07.237 151 INFO rally.task.runner [-] Task f527893f-5cff-43db-b69f-849e9c95c15e | ITER: 59 START
2019-12-27 21:27:07.238 140 INFO rally.task.runner [-] Task f527893f-5cff-43db-b69f-849e9c95c15e | ITER: 48 END: OK
2019-12-27 21:27:07.241 140 INFO rally.task.runner [-] Task f527893f-5cff-43db-b69f-849e9c95c15e | ITER: 60 START
2019-12-27 21:27:07.260 183 INFO rally.task.runner [-] Task f527893f-5cff-43db-b69f-849e9c95c15e | ITER: 51 END: OK
2019-12-27 21:27:07.264 183 INFO rally.task.runner [-] Task f527893f-5cff-43db-b69f-849e9c95c15e | ITER: 61 START
2019-12-27 21:27:07.339 148 INFO rally.task.runner [-] Task f527893f-5cff-43db-b69f-849e9c95c15e | ITER: 47 END: OK
2019-12-27 21:27:07.343 148 INFO rally.task.runner [-] Task f527893f-5cff-43db-b69f-849e9c95c15e | ITER: 62 START
2019-12-27 21:27:07.347 187 INFO rally.task.runner [-] Task f527893f-5cff-43db-b69f-849e9c95c15e | ITER: 39 END: OK
2019-12-27 21:27:07.350 187 INFO rally.task.runner [-] Task f527893f-5cff-43db-b69f-849e9c95c15e | ITER: 63 START
2019-12-27 21:27:07.352 191 INFO rally.task.runner [-] Task f527893f-5cff-43db-b69f-849e9c95c15e | ITER: 34 END: OK
2019-12-27 21:27:07.356 191 INFO rally.task.runner [-] Task f527893f-5cff-43db-b69f-849e9c95c15e | ITER: 64 START
2019-12-27 21:27:07.517 156 INFO rally.task.runner [-] Task f527893f-5cff-43db-b69f-849e9c95c15e | ITER: 35 END: OK
2019-12-27 21:27:07.521 156 INFO rally.task.runner [-] Task f527893f-5cff-43db-b69f-849e9c95c15e | ITER: 65 START
2019-12-27 21:27:07.540 142 INFO rally.task.runner [-] Task f527893f-5cff-43db-b69f-849e9c95c15e | ITER: 49 END: OK
2019-12-27 21:27:07.544 142 INFO rally.task.runner [-] Task f527893f-5cff-43db-b69f-849e9c95c15e | ITER: 66 START
2019-12-27 21:27:07.572 186 INFO rally.task.runner [-] Task f527893f-5cff-43db-b69f-849e9c95c15e | ITER: 50 END: OK
2019-12-27 21:27:07.576 186 INFO rally.task.runner [-] Task f527893f-5cff-43db-b69f-849e9c95c15e | ITER: 67 START
2019-12-27 21:27:07.587 157 INFO rally.task.runner [-] Task f527893f-5cff-43db-b69f-849e9c95c15e | ITER: 36 END: OK
2019-12-27 21:27:07.591 157 INFO rally.task.runner [-] Task f527893f-5cff-43db-b69f-849e9c95c15e | ITER: 68 START
2019-12-27 21:27:07.673 169 INFO rally.task.runner [-] Task f527893f-5cff-43db-b69f-849e9c95c15e | ITER: 52 END: OK
2019-12-27 21:27:07.677 169 INFO rally.task.runner [-] Task f527893f-5cff-43db-b69f-849e9c95c15e | ITER: 69 START
2019-12-27 21:27:07.824 163 INFO rally.task.runner [-] Task f527893f-5cff-43db-b69f-849e9c95c15e | ITER: 56 END: OK
2019-12-27 21:27:07.826 141 INFO rally.task.runner [-] Task f527893f-5cff-43db-b69f-849e9c95c15e | ITER: 55 END: OK
2019-12-27 21:27:07.828 163 INFO rally.task.runner [-] Task f527893f-5cff-43db-b69f-849e9c95c15e | ITER: 70 START
2019-12-27 21:27:07.830 141 INFO rally.task.runner [-] Task f527893f-5cff-43db-b69f-849e9c95c15e | ITER: 71 START
2019-12-27 21:27:07.916 145 INFO rally.task.runner [-] Task f527893f-5cff-43db-b69f-849e9c95c15e | ITER: 58 END: OK
2019-12-27 21:27:07.919 145 INFO rally.task.runner [-] Task f527893f-5cff-43db-b69f-849e9c95c15e | ITER: 72 START
2019-12-27 21:27:07.939 140 INFO rally.task.runner [-] Task f527893f-5cff-43db-b69f-849e9c95c15e | ITER: 60 END: OK
2019-12-27 21:27:07.942 140 INFO rally.task.runner [-] Task f527893f-5cff-43db-b69f-849e9c95c15e | ITER: 73 START
2019-12-27 21:27:07.948 160 INFO rally.task.runner [-] Task f527893f-5cff-43db-b69f-849e9c95c15e | ITER: 54 END: OK
2019-12-27 21:27:07.951 160 INFO rally.task.runner [-] Task f527893f-5cff-43db-b69f-849e9c95c15e | ITER: 74 START
2019-12-27 21:27:07.954 139 INFO rally.task.runner [-] Task f527893f-5cff-43db-b69f-849e9c95c15e | ITER: 45 END: OK
2019-12-27 21:27:07.958 139 INFO rally.task.runner [-] Task f527893f-5cff-43db-b69f-849e9c95c15e | ITER: 75 START
2019-12-27 21:27:07.965 174 INFO rally.task.runner [-] Task f527893f-5cff-43db-b69f-849e9c95c15e | ITER: 46 END: OK
2019-12-27 21:27:07.968 174 INFO rally.task.runner [-] Task f527893f-5cff-43db-b69f-849e9c95c15e | ITER: 76 START
2019-12-27 21:27:08.045 183 INFO rally.task.runner [-] Task f527893f-5cff-43db-b69f-849e9c95c15e | ITER: 61 END: OK
2019-12-27 21:27:08.048 183 INFO rally.task.runner [-] Task f527893f-5cff-43db-b69f-849e9c95c15e | ITER: 77 START
2019-12-27 21:27:08.071 187 INFO rally.task.runner [-] Task f527893f-5cff-43db-b69f-849e9c95c15e | ITER: 63 END: OK
2019-12-27 21:27:08.074 187 INFO rally.task.runner [-] Task f527893f-5cff-43db-b69f-849e9c95c15e | ITER: 78 START
2019-12-27 21:27:08.076 156 INFO rally.task.runner [-] Task f527893f-5cff-43db-b69f-849e9c95c15e | ITER: 65 END: OK
2019-12-27 21:27:08.079 156 INFO rally.task.runner [-] Task f527893f-5cff-43db-b69f-849e9c95c15e | ITER: 79 START
2019-12-27 21:27:08.083 148 INFO rally.task.runner [-] Task f527893f-5cff-43db-b69f-849e9c95c15e | ITER: 62 END: OK
2019-12-27 21:27:08.086 148 INFO rally.task.runner [-] Task f527893f-5cff-43db-b69f-849e9c95c15e | ITER: 80 START
2019-12-27 21:27:08.088 177 INFO rally.task.runner [-] Task f527893f-5cff-43db-b69f-849e9c95c15e | ITER: 57 END: OK
2019-12-27 21:27:08.088 178 INFO rally.task.runner [-] Task f527893f-5cff-43db-b69f-849e9c95c15e | ITER: 53 END: OK
2019-12-27 21:27:08.091 177 INFO rally.task.runner [-] Task f527893f-5cff-43db-b69f-849e9c95c15e | ITER: 81 START
2019-12-27 21:27:08.091 178 INFO rally.task.runner [-] Task f527893f-5cff-43db-b69f-849e9c95c15e | ITER: 82 START
2019-12-27 21:27:08.104 191 INFO rally.task.runner [-] Task f527893f-5cff-43db-b69f-849e9c95c15e | ITER: 64 END: OK
2019-12-27 21:27:08.107 191 INFO rally.task.runner [-] Task f527893f-5cff-43db-b69f-849e9c95c15e | ITER: 83 START
2019-12-27 21:27:08.235 167 INFO rally.task.runner [-] Task f527893f-5cff-43db-b69f-849e9c95c15e | ITER: 37 END: OK
2019-12-27 21:27:08.238 167 INFO rally.task.runner [-] Task f527893f-5cff-43db-b69f-849e9c95c15e | ITER: 84 START
2019-12-27 21:27:08.285 151 INFO rally.task.runner [-] Task f527893f-5cff-43db-b69f-849e9c95c15e | ITER: 59 END: OK
2019-12-27 21:27:08.289 151 INFO rally.task.runner [-] Task f527893f-5cff-43db-b69f-849e9c95c15e | ITER: 85 START
2019-12-27 21:27:08.469 157 INFO rally.task.runner [-] Task f527893f-5cff-43db-b69f-849e9c95c15e | ITER: 68 END: OK
2019-12-27 21:27:08.473 157 INFO rally.task.runner [-] Task f527893f-5cff-43db-b69f-849e9c95c15e | ITER: 86 START
2019-12-27 21:27:08.487 186 INFO rally.task.runner [-] Task f527893f-5cff-43db-b69f-849e9c95c15e | ITER: 67 END: OK
2019-12-27 21:27:08.491 186 INFO rally.task.runner [-] Task f527893f-5cff-43db-b69f-849e9c95c15e | ITER: 87 START
2019-12-27 21:27:08.493 142 INFO rally.task.runner [-] Task f527893f-5cff-43db-b69f-849e9c95c15e | ITER: 66 END: OK
2019-12-27 21:27:08.497 142 INFO rally.task.runner [-] Task f527893f-5cff-43db-b69f-849e9c95c15e | ITER: 88 START
2019-12-27 21:27:08.767 141 INFO rally.task.runner [-] Task f527893f-5cff-43db-b69f-849e9c95c15e | ITER: 71 END: OK
2019-12-27 21:27:08.771 141 INFO rally.task.runner [-] Task f527893f-5cff-43db-b69f-849e9c95c15e | ITER: 89 START
2019-12-27 21:27:08.823 160 INFO rally.task.runner [-] Task f527893f-5cff-43db-b69f-849e9c95c15e | ITER: 74 END: OK
2019-12-27 21:27:08.827 160 INFO rally.task.runner [-] Task f527893f-5cff-43db-b69f-849e9c95c15e | ITER: 90 START
2019-12-27 21:27:08.900 148 INFO rally.task.runner [-] Task f527893f-5cff-43db-b69f-849e9c95c15e | ITER: 80 END: OK
2019-12-27 21:27:08.903 148 INFO rally.task.runner [-] Task f527893f-5cff-43db-b69f-849e9c95c15e | ITER: 91 START
2019-12-27 21:27:08.983 187 INFO rally.task.runner [-] Task f527893f-5cff-43db-b69f-849e9c95c15e | ITER: 78 END: OK
2019-12-27 21:27:08.987 187 INFO rally.task.runner [-] Task f527893f-5cff-43db-b69f-849e9c95c15e | ITER: 92 START
2019-12-27 21:27:09.103 169 INFO rally.task.runner [-] Task f527893f-5cff-43db-b69f-849e9c95c15e | ITER: 69 END: OK
2019-12-27 21:27:09.107 169 INFO rally.task.runner [-] Task f527893f-5cff-43db-b69f-849e9c95c15e | ITER: 93 START
2019-12-27 21:27:09.188 167 INFO rally.task.runner [-] Task f527893f-5cff-43db-b69f-849e9c95c15e | ITER: 84 END: OK
2019-12-27 21:27:09.192 167 INFO rally.task.runner [-] Task f527893f-5cff-43db-b69f-849e9c95c15e | ITER: 94 START
2019-12-27 21:27:09.244 163 INFO rally.task.runner [-] Task f527893f-5cff-43db-b69f-849e9c95c15e | ITER: 70 END: OK
2019-12-27 21:27:09.246 163 INFO rally.task.runner [-] Task f527893f-5cff-43db-b69f-849e9c95c15e | ITER: 95 START
2019-12-27 21:27:09.292 178 INFO rally.task.runner [-] Task f527893f-5cff-43db-b69f-849e9c95c15e | ITER: 82 END: OK
2019-12-27 21:27:09.293 142 INFO rally.task.runner [-] Task f527893f-5cff-43db-b69f-849e9c95c15e | ITER: 88 END: OK
2019-12-27 21:27:09.296 178 INFO rally.task.runner [-] Task f527893f-5cff-43db-b69f-849e9c95c15e | ITER: 96 START
2019-12-27 21:27:09.296 142 INFO rally.task.runner [-] Task f527893f-5cff-43db-b69f-849e9c95c15e | ITER: 97 START
2019-12-27 21:27:09.453 174 INFO rally.task.runner [-] Task f527893f-5cff-43db-b69f-849e9c95c15e | ITER: 76 END: OK
2019-12-27 21:27:09.456 174 INFO rally.task.runner [-] Task f527893f-5cff-43db-b69f-849e9c95c15e | ITER: 98 START
2019-12-27 21:27:09.472 151 INFO rally.task.runner [-] Task f527893f-5cff-43db-b69f-849e9c95c15e | ITER: 85 END: OK
2019-12-27 21:27:09.475 151 INFO rally.task.runner [-] Task f527893f-5cff-43db-b69f-849e9c95c15e | ITER: 99 START
2019-12-27 21:27:09.500 139 INFO rally.task.runner [-] Task f527893f-5cff-43db-b69f-849e9c95c15e | ITER: 75 END: OK
2019-12-27 21:27:09.504 139 INFO rally.task.runner [-] Task f527893f-5cff-43db-b69f-849e9c95c15e | ITER: 100 START
2019-12-27 21:27:09.763 157 INFO rally.task.runner [-] Task f527893f-5cff-43db-b69f-849e9c95c15e | ITER: 86 END: OK
2019-12-27 21:27:09.827 141 INFO rally.task.runner [-] Task f527893f-5cff-43db-b69f-849e9c95c15e | ITER: 89 END: OK
2019-12-27 21:27:09.827 160 INFO rally.task.runner [-] Task f527893f-5cff-43db-b69f-849e9c95c15e | ITER: 90 END: OK
2019-12-27 21:27:09.829 145 INFO rally.task.runner [-] Task f527893f-5cff-43db-b69f-849e9c95c15e | ITER: 72 END: OK
2019-12-27 21:27:09.939 140 INFO rally.task.runner [-] Task f527893f-5cff-43db-b69f-849e9c95c15e | ITER: 73 END: OK
2019-12-27 21:27:09.947 156 INFO rally.task.runner [-] Task f527893f-5cff-43db-b69f-849e9c95c15e | ITER: 79 END: OK
2019-12-27 21:27:09.947 167 INFO rally.task.runner [-] Task f527893f-5cff-43db-b69f-849e9c95c15e | ITER: 94 END: OK
2019-12-27 21:27:09.947 169 INFO rally.task.runner [-] Task f527893f-5cff-43db-b69f-849e9c95c15e | ITER: 93 END: OK
2019-12-27 21:27:09.954 177 INFO rally.task.runner [-] Task f527893f-5cff-43db-b69f-849e9c95c15e | ITER: 81 END: OK
2019-12-27 21:27:09.981 178 INFO rally.task.runner [-] Task f527893f-5cff-43db-b69f-849e9c95c15e | ITER: 96 END: OK
2019-12-27 21:27:09.988 183 INFO rally.task.runner [-] Task f527893f-5cff-43db-b69f-849e9c95c15e | ITER: 77 END: OK
2019-12-27 21:27:10.088 186 INFO rally.task.runner [-] Task f527893f-5cff-43db-b69f-849e9c95c15e | ITER: 87 END: OK
2019-12-27 21:27:10.171 163 INFO rally.task.runner [-] Task f527893f-5cff-43db-b69f-849e9c95c15e | ITER: 95 END: OK
2019-12-27 21:27:10.186 191 INFO rally.task.runner [-] Task f527893f-5cff-43db-b69f-849e9c95c15e | ITER: 83 END: OK
2019-12-27 21:27:10.301 174 INFO rally.task.runner [-] Task f527893f-5cff-43db-b69f-849e9c95c15e | ITER: 98 END: OK
2019-12-27 21:27:10.484 187 INFO rally.task.runner [-] Task f527893f-5cff-43db-b69f-849e9c95c15e | ITER: 92 END: OK
2019-12-27 21:27:10.492 148 INFO rally.task.runner [-] Task f527893f-5cff-43db-b69f-849e9c95c15e | ITER: 91 END: OK
2019-12-27 21:27:10.663 142 INFO rally.task.runner [-] Task f527893f-5cff-43db-b69f-849e9c95c15e | ITER: 97 END: OK
2019-12-27 21:27:11.065 151 INFO rally.task.runner [-] Task f527893f-5cff-43db-b69f-849e9c95c15e | ITER: 99 END: OK
2019-12-27 21:27:11.071 139 INFO rally.task.runner [-] Task f527893f-5cff-43db-b69f-849e9c95c15e | ITER: 100 END: OK
2019-12-27 21:27:11.102 15 INFO rally.task.context [-] Task f527893f-5cff-43db-b69f-849e9c95c15e | Context cleanup@openstack cleanup() started
2019-12-27 21:27:11.106 15 RALLYDEBUG rally_openstack.cleanup.manager [-] Cleaning up neutron vip objects
2019-12-27 21:27:11.227 15 RALLYDEBUG rally_openstack.cleanup.manager [-] Cleaning up neutron health_monitor objects
2019-12-27 21:27:11.369 15 RALLYDEBUG rally_openstack.cleanup.manager [-] Cleaning up neutron pool objects
2019-12-27 21:27:11.516 15 RALLYDEBUG rally_openstack.cleanup.manager [-] Cleaning up neutron loadbalancer objects
2019-12-27 21:27:11.674 15 RALLYDEBUG rally_openstack.cleanup.manager [-] Cleaning up neutron floatingip objects
2019-12-27 21:27:11.859 15 RALLYDEBUG rally_openstack.cleanup.manager [-] Cleaning up neutron trunk objects
2019-12-27 21:27:12.001 15 RALLYDEBUG rally_openstack.cleanup.manager [-] Cleaning up neutron port objects
2019-12-27 21:27:12.172 15 RALLYDEBUG rally_openstack.cleanup.manager [-] Cleaning up neutron subnet objects
2019-12-27 21:27:12.349 15 RALLYDEBUG rally_openstack.cleanup.manager [-] Cleaning up neutron network objects
2019-12-27 21:27:13.036 15 RALLYDEBUG rally_openstack.cleanup.manager [-] Deleting neutron.network object s_rally_f55efeee_ulTsIJy7 (09677ab3-803f-45b8-8d2a-6ad45e53e032)
2019-12-27 21:27:13.043 15 RALLYDEBUG rally_openstack.cleanup.manager [-] Deleting neutron.network object s_rally_f55efeee_9oalNZb1 (09bca273-67ac-44d0-91d3-b95a88cd8887)
2019-12-27 21:27:13.049 15 RALLYDEBUG rally_openstack.cleanup.manager [-] Deleting neutron.network object s_rally_f55efeee_jdG8z9rg (1012844f-b6a4-463a-ba8e-b808921502d6)
2019-12-27 21:27:13.065 15 RALLYDEBUG rally_openstack.cleanup.manager [-] Deleting neutron.network object s_rally_f55efeee_NC6b16BI (159b0c4d-84b1-47c1-b36e-40ea1251994b)
2019-12-27 21:27:13.077 15 RALLYDEBUG rally_openstack.cleanup.manager [-] Deleting neutron.network object s_rally_f55efeee_JCLme5ew (18c10f4b-01d5-4119-98a1-ed44b5c630f6)
2019-12-27 21:27:13.092 15 RALLYDEBUG rally_openstack.cleanup.manager [-] Deleting neutron.network object s_rally_f55efeee_vUTeOzy6 (203d8779-6793-4655-9082-4c31605ea019)
2019-12-27 21:27:13.103 15 RALLYDEBUG rally_openstack.cleanup.manager [-] Deleting neutron.network object s_rally_f55efeee_ApYD97r5 (20fc4294-310b-4440-9a1e-4f3867675f55)
2019-12-27 21:27:13.122 15 RALLYDEBUG rally_openstack.cleanup.manager [-] Deleting neutron.network object s_rally_f55efeee_3IeLbmHU (216cca49-fb87-4c82-89e8-ab92081995bb)
2019-12-27 21:27:13.141 15 RALLYDEBUG rally_openstack.cleanup.manager [-] Deleting neutron.network object s_rally_f55efeee_oL6WUg2i (2231115b-ddb5-4fb2-8c1e-4700bd82b1eb)
2019-12-27 21:27:13.151 15 RALLYDEBUG rally_openstack.cleanup.manager [-] Deleting neutron.network object s_rally_f55efeee_AEyIt5Pg (226ee31a-985a-4817-ae03-61d393a668a0)
2019-12-27 21:27:13.157 15 RALLYDEBUG rally_openstack.cleanup.manager [-] Deleting neutron.network object s_rally_f55efeee_5HtoAuyu (240ce71a-504a-4ad9-ab7e-1e94fe0ab1ce)
2019-12-27 21:27:13.175 15 RALLYDEBUG rally_openstack.cleanup.manager [-] Deleting neutron.network object s_rally_f55efeee_EdReFM14 (241f047e-f90c-47a9-8b9f-c1acb6c20432)
2019-12-27 21:27:13.207 15 RALLYDEBUG rally_openstack.cleanup.manager [-] Deleting neutron.network object s_rally_f55efeee_9ZC5xSDt (2683164d-b080-4736-955b-5664b4740242)
2019-12-27 21:27:13.223 15 RALLYDEBUG rally_openstack.cleanup.manager [-] Deleting neutron.network object s_rally_f55efeee_ytmUv3FO (2abbbc97-909c-484c-9801-d8d19eeac298)
2019-12-27 21:27:13.249 15 RALLYDEBUG rally_openstack.cleanup.manager [-] Deleting neutron.network object s_rally_f55efeee_iuhgMmk0 (2b4b60fc-3320-4d8c-b277-665ee9df4810)
2019-12-27 21:27:13.254 15 RALLYDEBUG rally_openstack.cleanup.manager [-] Deleting neutron.network object s_rally_f55efeee_dJAYmGdl (2eccb75a-9531-4fa7-8bfe-f08299b97504)
2019-12-27 21:27:13.274 15 RALLYDEBUG rally_openstack.cleanup.manager [-] Deleting neutron.network object s_rally_f55efeee_7MTrZYft (31979f56-0b34-4ebf-8793-554430e8551e)
2019-12-27 21:27:13.302 15 RALLYDEBUG rally_openstack.cleanup.manager [-] Deleting neutron.network object s_rally_f55efeee_Kp4ML3T3 (34971d7e-8b16-4235-8f54-487f4a30920c)
2019-12-27 21:27:13.312 15 RALLYDEBUG rally_openstack.cleanup.manager [-] Deleting neutron.network object s_rally_f55efeee_K1pzIxSG (3c97bc40-b7f7-499b-90a6-13cc5136fc64)
2019-12-27 21:27:13.347 15 RALLYDEBUG rally_openstack.cleanup.manager [-] Deleting neutron.network object s_rally_f55efeee_UOeXxx25 (3e31309e-c88e-48b0-834f-e659c7167742)
2019-12-27 21:27:15.165 15 RALLYDEBUG rally_openstack.cleanup.manager [-] Deleting neutron.network object s_rally_f55efeee_WJs0j7rj (3f2c0a10-1e75-4ee2-894f-da3f08a62ad6)
2019-12-27 21:27:15.251 15 RALLYDEBUG rally_openstack.cleanup.manager [-] Deleting neutron.network object s_rally_f55efeee_KIQ0dHBd (4374d901-c8f4-4f27-9e8f-9a89708049a2)
2019-12-27 21:27:15.418 15 RALLYDEBUG rally_openstack.cleanup.manager [-] Deleting neutron.network object s_rally_f55efeee_KoY0UQJY (44d76395-32eb-4dfc-8cf5-c2850cb84362)
2019-12-27 21:27:15.508 15 RALLYDEBUG rally_openstack.cleanup.manager [-] Deleting neutron.network object s_rally_f55efeee_dVgDmOuT (4906295f-19bf-4403-8174-bafd7d04e6f0)
2019-12-27 21:27:15.519 15 RALLYDEBUG rally_openstack.cleanup.manager [-] Deleting neutron.network object s_rally_f55efeee_6pqDsuZU (555258d9-a927-4a1f-9b8e-d389b216cc2d)
2019-12-27 21:27:15.554 15 RALLYDEBUG rally_openstack.cleanup.manager [-] Deleting neutron.network object s_rally_f55efeee_EoLVF1Ku (55e67ea3-6af5-4910-90e6-a2088337ce6d)
2019-12-27 21:27:15.809 15 RALLYDEBUG rally_openstack.cleanup.manager [-] Deleting neutron.network object s_rally_f55efeee_p2JtCRg6 (5a4a01d6-40be-4fc5-b88f-cc5e1c9b4b55)
2019-12-27 21:27:15.865 15 RALLYDEBUG rally_openstack.cleanup.manager [-] Deleting neutron.network object s_rally_f55efeee_QtTxBr7F (5edb00ac-335a-4df9-ba03-5985a0f61575)
2019-12-27 21:27:15.876 15 RALLYDEBUG rally_openstack.cleanup.manager [-] Deleting neutron.network object s_rally_f55efeee_C4HmJ76i (635efa02-f3f2-4664-947d-e941bc77a29a)
2019-12-27 21:27:15.997 15 RALLYDEBUG rally_openstack.cleanup.manager [-] Deleting neutron.network object s_rally_f55efeee_da9baq3w (6417f8ce-f549-4b5a-8040-ec84aca3b53d)
2019-12-27 21:27:16.007 15 RALLYDEBUG rally_openstack.cleanup.manager [-] Deleting neutron.network object s_rally_f55efeee_jfET3HDa (65c846ae-3c64-43eb-b103-a5d7c273c667)
2019-12-27 21:27:16.486 15 RALLYDEBUG rally_openstack.cleanup.manager [-] Deleting neutron.network object s_rally_f55efeee_DTR6S3Pu (66198e19-aa7d-423a-bc06-c196808f98dd)
2019-12-27 21:27:16.535 15 RALLYDEBUG rally_openstack.cleanup.manager [-] Deleting neutron.network object s_rally_f55efeee_ArpV2hDR (67634878-99a7-407d-9531-ab6532f9887f)
2019-12-27 21:27:16.540 15 RALLYDEBUG rally_openstack.cleanup.manager [-] Deleting neutron.network object s_rally_f55efeee_l5tOKuzC (6a591d79-3afd-4e3c-af31-88ce2555c169)
2019-12-27 21:27:16.575 15 RALLYDEBUG rally_openstack.cleanup.manager [-] Deleting neutron.network object s_rally_f55efeee_molt4D9y (6afb5a66-b90d-4693-b51b-10b18c67fd87)
2019-12-27 21:27:16.926 15 RALLYDEBUG rally_openstack.cleanup.manager [-] Deleting neutron.network object s_rally_f55efeee_snHThTJX (6c6d27b4-dcf6-4976-84dd-abf24c29076e)
2019-12-27 21:27:16.976 15 RALLYDEBUG rally_openstack.cleanup.manager [-] Deleting neutron.network object s_rally_f55efeee_CKUAvj4G (72253156-034c-47fc-aa6d-d8bf686fdb1f)
2019-12-27 21:27:17.009 15 RALLYDEBUG rally_openstack.cleanup.manager [-] Deleting neutron.network object s_rally_f55efeee_HDrzPxet (757e59f1-5e0c-42e4-a65c-84daf8d52fb7)
2019-12-27 21:27:17.024 15 RALLYDEBUG rally_openstack.cleanup.manager [-] Deleting neutron.network object s_rally_f55efeee_lN8PfM3Q (76a172db-2471-415e-8e16-a4e3e4e57b6f)
2019-12-27 21:27:17.054 15 RALLYDEBUG rally_openstack.cleanup.manager [-] Deleting neutron.network object s_rally_f55efeee_Ht8evZFi (7724840f-b038-498b-8b25-4a8170cf275c)
2019-12-27 21:27:17.540 15 RALLYDEBUG rally_openstack.cleanup.manager [-] Deleting neutron.network object s_rally_f55efeee_kv22KKF8 (7b9ff075-f90f-487f-99e6-9039e2dd3ed8)
2019-12-27 21:27:17.577 15 RALLYDEBUG rally_openstack.cleanup.manager [-] Deleting neutron.network object s_rally_f55efeee_JDcrsrn6 (7d77a0e1-c97e-41e6-8a7b-8a58733bcb01)
2019-12-27 21:27:17.666 15 RALLYDEBUG rally_openstack.cleanup.manager [-] Deleting neutron.network object s_rally_f55efeee_TAXqamQz (7e481ca4-eba7-4ed6-a7b8-4ae8f26debdb)
2019-12-27 21:27:17.704 15 RALLYDEBUG rally_openstack.cleanup.manager [-] Deleting neutron.network object s_rally_f55efeee_SbFUYs1Y (8027b7ab-f4e3-4710-80fe-750eb7ac18f6)
2019-12-27 21:27:17.714 15 RALLYDEBUG rally_openstack.cleanup.manager [-] Deleting neutron.network object s_rally_f55efeee_mQ3FBLHu (807b9034-e931-4e45-87b1-4b3ba74c0ed1)
2019-12-27 21:27:17.823 15 RALLYDEBUG rally_openstack.cleanup.manager [-] Deleting neutron.network object s_rally_f55efeee_XQGjVeOf (83761c84-db37-4ddd-9de9-add43c00840e)
2019-12-27 21:27:18.023 15 RALLYDEBUG rally_openstack.cleanup.manager [-] Deleting neutron.network object s_rally_f55efeee_aPMuX16V (85e90593-57a3-4eff-aef0-1f6ee2488c00)
2019-12-27 21:27:18.102 15 RALLYDEBUG rally_openstack.cleanup.manager [-] Deleting neutron.network object s_rally_f55efeee_iPtIvmxb (86bc1f22-51c0-434d-aae0-1a85fc65e66c)
2019-12-27 21:27:18.107 15 RALLYDEBUG rally_openstack.cleanup.manager [-] Deleting neutron.network object s_rally_f55efeee_WrU9aWKQ (870257e7-c947-4c4a-8fb8-3a8450117a20)
2019-12-27 21:27:18.120 15 RALLYDEBUG rally_openstack.cleanup.manager [-] Deleting neutron.network object s_rally_f55efeee_nKUm1aA5 (897c6c50-1620-4d91-b36e-9ae8f461e8de)
2019-12-27 21:27:18.338 15 RALLYDEBUG rally_openstack.cleanup.manager [-] Deleting neutron.network object s_rally_f55efeee_8l9NlAky (8b2e4a60-81ad-4331-9ed0-782243620eec)
2019-12-27 21:27:18.667 15 RALLYDEBUG rally_openstack.cleanup.manager [-] Deleting neutron.network object s_rally_f55efeee_CkoeMrAW (8e179ba7-6201-40b4-9f3d-fa6d41c72a39)
2019-12-27 21:27:18.739 15 RALLYDEBUG rally_openstack.cleanup.manager [-] Deleting neutron.network object s_rally_f55efeee_r4ZILuDl (92fa32a9-bf90-400c-b30e-c62f9bf37afc)
2019-12-27 21:27:18.752 15 RALLYDEBUG rally_openstack.cleanup.manager [-] Deleting neutron.network object s_rally_f55efeee_jQ4uPVwV (9aefbc67-b95c-4883-8864-87564feaae54)
2019-12-27 21:27:18.765 15 RALLYDEBUG rally_openstack.cleanup.manager [-] Deleting neutron.network object s_rally_f55efeee_BYXn8o70 (a19aa2ee-e2f4-4452-9ac5-fd03ae1597fc)
2019-12-27 21:27:19.287 15 RALLYDEBUG rally_openstack.cleanup.manager [-] Deleting neutron.network object s_rally_f55efeee_yYB1NYdF (a67c849a-31e2-4770-a949-e523e632ab4c)
2019-12-27 21:27:19.283 15 RALLYDEBUG rally_openstack.cleanup.manager [-] Deleting neutron.network object s_rally_f55efeee_o8okedO0 (a5a0b12d-9b75-496e-9e95-43e56bf4ef5a)
2019-12-27 21:27:19.426 15 RALLYDEBUG rally_openstack.cleanup.manager [-] Deleting neutron.network object s_rally_f55efeee_11UALQPd (a6fefcf1-47c5-4479-b11c-e0928a3a2938)
2019-12-27 21:27:19.525 15 RALLYDEBUG rally_openstack.cleanup.manager [-] Deleting neutron.network object s_rally_f55efeee_bsxszImf (a94d9e14-65e6-4b1f-8edf-c8466bc7def0)
2019-12-27 21:27:19.807 15 RALLYDEBUG rally_openstack.cleanup.manager [-] Deleting neutron.network object s_rally_f55efeee_uvoGqFjJ (aae249d2-1664-401a-b0d4-af6f7435825e)
2019-12-27 21:27:20.303 15 RALLYDEBUG rally_openstack.cleanup.manager [-] Deleting neutron.network object s_rally_f55efeee_qtMSGeVE (aedd7c55-1ee0-4c82-b7b5-b1c838e0d30b)
2019-12-27 21:27:20.314 15 RALLYDEBUG rally_openstack.cleanup.manager [-] Deleting neutron.network object s_rally_f55efeee_EFccjAqc (af2735dd-6281-43be-bfc0-43cb3facae38)
2019-12-27 21:27:20.329 15 RALLYDEBUG rally_openstack.cleanup.manager [-] Deleting neutron.network object s_rally_f55efeee_KsZT3WhR (af4fbe89-0b48-4c76-a68e-d5b204d1d12a)
2019-12-27 21:27:20.356 15 RALLYDEBUG rally_openstack.cleanup.manager [-] Deleting neutron.network object s_rally_f55efeee_ANg4lKlp (b1a3e1ab-1878-4433-9fcf-4f2df4df5942)
2019-12-27 21:27:20.401 15 RALLYDEBUG rally_openstack.cleanup.manager [-] Deleting neutron.network object s_rally_f55efeee_KVBbuew2 (b1cb5224-c726-49a0-9077-2b552327afc4)
2019-12-27 21:27:20.424 15 RALLYDEBUG rally_openstack.cleanup.manager [-] Deleting neutron.network object s_rally_f55efeee_i96q8wz7 (b49af427-14d8-4f24-b648-8c69505ce183)
2019-12-27 21:27:20.438 15 RALLYDEBUG rally_openstack.cleanup.manager [-] Deleting neutron.network object s_rally_f55efeee_qeRj3QVb (b50c2c72-21de-44e7-b63d-8ee5a15159b0)
2019-12-27 21:27:20.477 15 RALLYDEBUG rally_openstack.cleanup.manager [-] Deleting neutron.network object s_rally_f55efeee_ZxdHQ33W (b882fdb3-faf7-4703-8f57-8f40918dd9e1)
2019-12-27 21:27:20.560 15 RALLYDEBUG rally_openstack.cleanup.manager [-] Deleting neutron.network object s_rally_f55efeee_nMjqSB2H (b8d8fad7-5f58-4cbf-b60a-fb6522d24b48)
2019-12-27 21:27:20.634 15 RALLYDEBUG rally_openstack.cleanup.manager [-] Deleting neutron.network object s_rally_f55efeee_HX687Ebw (b9a42676-3076-4a29-88d6-3ecf83243846)
2019-12-27 21:27:20.861 15 RALLYDEBUG rally_openstack.cleanup.manager [-] Deleting neutron.network object s_rally_f55efeee_p52tahvz (bcb4a44f-6bea-4a3e-adc7-97f4f7283c0a)
2019-12-27 21:27:20.886 15 RALLYDEBUG rally_openstack.cleanup.manager [-] Deleting neutron.network object s_rally_f55efeee_DA6Z59fs (bcd7613e-b7da-4f4b-96d0-feb5b9ce6c08)
2019-12-27 21:27:20.935 15 RALLYDEBUG rally_openstack.cleanup.manager [-] Deleting neutron.network object s_rally_f55efeee_xKYztt4q (bd731e21-c670-4da1-89fd-6df0d46c034c)
2019-12-27 21:27:21.181 15 RALLYDEBUG rally_openstack.cleanup.manager [-] Deleting neutron.network object s_rally_f55efeee_tnUFGZsm (be0b96a0-b075-49cf-80af-bf8e1ff3fd38)
2019-12-27 21:27:21.336 15 RALLYDEBUG rally_openstack.cleanup.manager [-] Deleting neutron.network object s_rally_f55efeee_w4QDFgX2 (c049067c-db99-4ea7-81b5-e07384c8b080)
2019-12-27 21:27:21.348 15 RALLYDEBUG rally_openstack.cleanup.manager [-] Deleting neutron.network object s_rally_f55efeee_1cbP9OQ7 (c11d047f-9eb4-49ca-b9de-acd6d11f5a05)
2019-12-27 21:27:21.495 15 RALLYDEBUG rally_openstack.cleanup.manager [-] Deleting neutron.network object s_rally_f55efeee_QBcQYJkY (c149e826-65bd-4af4-a12a-8f6bbfe86037)
2019-12-27 21:27:21.522 15 RALLYDEBUG rally_openstack.cleanup.manager [-] Deleting neutron.network object s_rally_f55efeee_Z6g2BR5l (c3523a48-64e2-4689-90cb-320d6ab5f2de)
2019-12-27 21:27:21.950 15 RALLYDEBUG rally_openstack.cleanup.manager [-] Deleting neutron.network object s_rally_f55efeee_6X6RDFuZ (c7dfbed1-a1cf-48d7-bc67-cda3b3d26a55)
2019-12-27 21:27:21.971 15 RALLYDEBUG rally_openstack.cleanup.manager [-] Deleting neutron.network object s_rally_f55efeee_QCmoCXzY (cc2f564f-15bb-4a9a-8dc5-69d6f7572ab1)
2019-12-27 21:27:22.223 15 RALLYDEBUG rally_openstack.cleanup.manager [-] Deleting neutron.network object s_rally_f55efeee_dn6TWJRo (cdc50020-add1-4f77-ae75-072ecc440ddd)
2019-12-27 21:27:22.351 15 RALLYDEBUG rally_openstack.cleanup.manager [-] Deleting neutron.network object s_rally_f55efeee_o5QjHfmu (d59bcf20-b658-4cf6-80c2-ec78a9f1cb99)
