2019-12-27 21:47:41.178 15 RALLYDEBUG rally_openstack.cleanup.manager [-] Deleting neutron.security_group object s_rally_7bad55fa_yWmQkCMc (39011fc0-b64e-4567-9ecf-4300faa7006a)
2019-12-27 21:47:41.189 15 RALLYDEBUG rally_openstack.cleanup.manager [-] Deleting neutron.security_group object s_rally_7bad55fa_HPilUtaV (39af66e9-6f03-41ca-bd23-fa16b7bb657b)
2019-12-27 21:47:41.207 15 RALLYDEBUG rally_openstack.cleanup.manager [-] Deleting neutron.security_group object s_rally_7bad55fa_z6tMVlPc (620ad02c-43ce-4234-8077-3f55a23b890e)
2019-12-27 21:47:41.210 15 RALLYDEBUG rally_openstack.cleanup.manager [-] Deleting neutron.security_group object s_rally_7bad55fa_46U5UmXx (5af6ef24-0d01-40ed-85d1-34bbe4325323)
2019-12-27 21:47:41.215 15 RALLYDEBUG rally_openstack.cleanup.manager [-] Deleting neutron.security_group object s_rally_7bad55fa_iboWm0H6 (743c215e-2bf5-4961-8e55-ea2f5a406899)
2019-12-27 21:47:41.221 15 RALLYDEBUG rally_openstack.cleanup.manager [-] Deleting neutron.security_group object s_rally_7bad55fa_61zrOmKl (8100f975-ea16-43b5-96cd-2a0b8d1eeffe)
2019-12-27 21:47:41.238 15 RALLYDEBUG rally_openstack.cleanup.manager [-] Deleting neutron.security_group object s_rally_7bad55fa_YDFPUzLw (875ef01a-cba1-47ae-84fe-79caf8fdb326)
2019-12-27 21:47:41.258 15 RALLYDEBUG rally_openstack.cleanup.manager [-] Deleting neutron.security_group object s_rally_7bad55fa_nYc5iHsj (8a9f30f9-7010-4a50-b640-05f1e78849ec)
2019-12-27 21:47:41.263 15 RALLYDEBUG rally_openstack.cleanup.manager [-] Deleting neutron.security_group object s_rally_7bad55fa_SkyPURHu (9785346d-24a9-43ed-99c2-d9df21c35ff8)
2019-12-27 21:47:41.311 15 RALLYDEBUG rally_openstack.cleanup.manager [-] Deleting neutron.security_group object s_rally_7bad55fa_3I19xK6Z (9cf56799-5629-4dee-9562-2279d5d08e74)
2019-12-27 21:47:42.061 15 RALLYDEBUG rally_openstack.cleanup.manager [-] Deleting neutron.security_group object s_rally_7bad55fa_4ngCZbS5 (ae3ceb4f-fc56-4548-b6ba-f8982de30113)
2019-12-27 21:47:42.223 15 RALLYDEBUG rally_openstack.cleanup.manager [-] Deleting neutron.security_group object s_rally_7bad55fa_fQUYYGsK (b39e7f28-53bb-4fa6-a794-49c9a264011f)
2019-12-27 21:47:42.418 15 RALLYDEBUG rally_openstack.cleanup.manager [-] Deleting neutron.security_group object s_rally_7bad55fa_RiizkSVU (be07a0c1-e74e-4ecd-a974-db0a02bef0ab)
2019-12-27 21:47:42.558 15 RALLYDEBUG rally_openstack.cleanup.manager [-] Deleting neutron.security_group object s_rally_7bad55fa_z2tvgxSe (ce6bab67-94e6-4772-9f9d-c8236763ad40)
2019-12-27 21:47:42.568 15 RALLYDEBUG rally_openstack.cleanup.manager [-] Deleting neutron.security_group object s_rally_7bad55fa_r94AquBS (cfef3634-ded9-4997-8e2d-c81eb527b537)
2019-12-27 21:47:42.648 15 RALLYDEBUG rally_openstack.cleanup.manager [-] Deleting neutron.security_group object s_rally_7bad55fa_zuzcdeBt (e028db95-6305-4a72-b28e-4af83d20c834)
2019-12-27 21:47:42.660 15 RALLYDEBUG rally_openstack.cleanup.manager [-] Deleting neutron.security_group object s_rally_7bad55fa_z1EcjYFH (e9655bff-7a48-4667-916a-8f3b6ae43d58)
2019-12-27 21:47:42.673 15 RALLYDEBUG rally_openstack.cleanup.manager [-] Deleting neutron.security_group object s_rally_7bad55fa_hOXQ04rh (f496a2e4-ac34-4847-8af3-2cc1290d8ecc)
2019-12-27 21:47:42.697 15 RALLYDEBUG rally_openstack.cleanup.manager [-] Deleting neutron.security_group object s_rally_7bad55fa_puRaHU9y (f70b0f5c-031b-4790-904a-c8f89497c176)
2019-12-27 21:47:42.738 15 RALLYDEBUG rally_openstack.cleanup.manager [-] Deleting neutron.security_group object s_rally_7bad55fa_UtKE1zC3 (fba6cc41-4c09-4679-bbcd-9cfcce3feaa1)
2019-12-27 21:47:44.003 15 INFO rally.task.context [-] Task f527893f-5cff-43db-b69f-849e9c95c15e | Context cleanup@openstack cleanup() finished in 8.73 sec
2019-12-27 21:47:44.003 15 INFO rally.task.context [-] Task f527893f-5cff-43db-b69f-849e9c95c15e | Context quotas@openstack cleanup() started
2019-12-27 21:47:44.039 15 INFO rally.task.context [-] Task f527893f-5cff-43db-b69f-849e9c95c15e | Context quotas@openstack cleanup() finished in 35.26 msec
2019-12-27 21:47:44.039 15 INFO rally.task.context [-] Task f527893f-5cff-43db-b69f-849e9c95c15e | Context users@openstack cleanup() started
2019-12-27 21:47:45.827 15 INFO rally.task.context [-] Task f527893f-5cff-43db-b69f-849e9c95c15e | Context users@openstack cleanup() finished in 1.79 sec
2019-12-27 21:47:46.893 15 INFO rally.task.engine [-] Load duration is: 2.789538
2019-12-27 21:47:46.894 15 INFO rally.task.engine [-] Full runner duration is: 2.834896
2019-12-27 21:47:46.894 15 INFO rally.task.engine [-] Full duration is: 15.039196
2019-12-27 21:47:46.965 15 INFO rally.task.engine [-] Running workload: position = 6 config = { "version": 2, "title": "A cropped version of a bigger task.", "description": "Auto-generated task from a single workload (uuid=206660da-f51e-40e4-ad0f-0f55ef7b6558)", "subtasks": [ { "title": "NeutronSecurityGroup.create_and_update_security_groups", "description": "Create and update Neutron security-groups.", "scenario": { "NeutronSecurityGroup.create_and_update_security_groups": { "security_group_create_args": {}, "security_group_update_args": {} } }, "contexts": { "users": { "tenants": 2, "users_per_tenant": 3 }, "quotas": { "neutron": { "security_group": -1 } } }, "runner": { "constant": { "times": 50, "concurrency": 10 } }, "hooks": [], "sla": { "failure_rate": { "max": 0 } } } ] }
2019-12-27 21:47:46.984 15 RALLYDEBUG rally_openstack.contexts.keystone.users [-] Creating 2 tenants using 20 threads
2019-12-27 21:47:47.398 15 RALLYDEBUG rally_openstack.contexts.keystone.users [-] Creating 6 users using 20 threads
2019-12-27 21:47:48.279 15 INFO rally.task.context [-] Task f527893f-5cff-43db-b69f-849e9c95c15e | Context users@openstack setup() finished in 1.30 sec
2019-12-27 21:47:48.598 15 INFO rally.task.context [-] Task f527893f-5cff-43db-b69f-849e9c95c15e | Context quotas@openstack setup() finished in 0.32 sec
2019-12-27 21:47:48.598 15 INFO rally.task.context [-] Task f527893f-5cff-43db-b69f-849e9c95c15e | Context cleanup@openstack setup() finished in 0.01 msec
2019-12-27 21:47:48.607 15 RALLYDEBUG rally.task.runner [-] Starting the constant runner (task UUID: f527893f-5cff-43db-b69f-849e9c95c15e). times: 50 concurrency: 10 timeout: 0 max_cpu_used: 88 processes_to_start: 10 concurrency_per_worker: 1 concurrency_overhead: 0
2019-12-27 21:47:48.618 8796 RALLYDEBUG rally.task.runner [-] Starting a worker. times: 50 duration: None concurrency: 1 timeout: 0 cls: method_name: run args: {"security_group_create_args": {}, "security_group_update_args": {}}
2019-12-27 21:47:48.621 8797 RALLYDEBUG rally.task.runner [-] Starting a worker. times: 50 duration: None concurrency: 1 timeout: 0 cls: method_name: run args: {"security_group_create_args": {}, "security_group_update_args": {}}
2019-12-27 21:47:48.624 8798 RALLYDEBUG rally.task.runner [-] Starting a worker. times: 50 duration: None concurrency: 1 timeout: 0 cls: method_name: run args: {"security_group_create_args": {}, "security_group_update_args": {}}
2019-12-27 21:47:48.626 8796 INFO rally.task.runner [-] Task f527893f-5cff-43db-b69f-849e9c95c15e | ITER: 1 START
2019-12-27 21:47:48.626 8799 RALLYDEBUG rally.task.runner [-] Starting a worker. times: 50 duration: None concurrency: 1 timeout: 0 cls: method_name: run args: {"security_group_create_args": {}, "security_group_update_args": {}}
2019-12-27 21:47:48.629 8797 INFO rally.task.runner [-] Task f527893f-5cff-43db-b69f-849e9c95c15e | ITER: 2 START
2019-12-27 21:47:48.629 8801 RALLYDEBUG rally.task.runner [-] Starting a worker. times: 50 duration: None concurrency: 1 timeout: 0 cls: method_name: run args: {"security_group_create_args": {}, "security_group_update_args": {}}
2019-12-27 21:47:48.630 8798 INFO rally.task.runner [-] Task f527893f-5cff-43db-b69f-849e9c95c15e | ITER: 3 START
2019-12-27 21:47:48.632 8804 RALLYDEBUG rally.task.runner [-] Starting a worker. times: 50 duration: None concurrency: 1 timeout: 0 cls: method_name: run args: {"security_group_create_args": {}, "security_group_update_args": {}}
2019-12-27 21:47:48.633 8799 INFO rally.task.runner [-] Task f527893f-5cff-43db-b69f-849e9c95c15e | ITER: 4 START
2019-12-27 21:47:48.635 8801 INFO rally.task.runner [-] Task f527893f-5cff-43db-b69f-849e9c95c15e | ITER: 5 START
2019-12-27 21:47:48.635 8808 RALLYDEBUG rally.task.runner [-] Starting a worker. times: 50 duration: None concurrency: 1 timeout: 0 cls: method_name: run args: {"security_group_create_args": {}, "security_group_update_args": {}}
2019-12-27 21:47:48.638 8804 INFO rally.task.runner [-] Task f527893f-5cff-43db-b69f-849e9c95c15e | ITER: 6 START
2019-12-27 21:47:48.638 8811 RALLYDEBUG rally.task.runner [-] Starting a worker. times: 50 duration: None concurrency: 1 timeout: 0 cls: method_name: run args: {"security_group_create_args": {}, "security_group_update_args": {}}
2019-12-27 21:47:48.640 8814 RALLYDEBUG rally.task.runner [-] Starting a worker. times: 50 duration: None concurrency: 1 timeout: 0 cls: method_name: run args: {"security_group_create_args": {}, "security_group_update_args": {}}
2019-12-27 21:47:48.642 8808 INFO rally.task.runner [-] Task f527893f-5cff-43db-b69f-849e9c95c15e | ITER: 7 START
2019-12-27 21:47:48.643 8817 RALLYDEBUG rally.task.runner [-] Starting a worker. times: 50 duration: None concurrency: 1 timeout: 0 cls: method_name: run args: {"security_group_create_args": {}, "security_group_update_args": {}}
2019-12-27 21:47:48.645 8811 INFO rally.task.runner [-] Task f527893f-5cff-43db-b69f-849e9c95c15e | ITER: 8 START
2019-12-27 21:47:48.647 8814 INFO rally.task.runner [-] Task f527893f-5cff-43db-b69f-849e9c95c15e | ITER: 9 START
2019-12-27 21:47:48.650 8817 INFO rally.task.runner [-] Task f527893f-5cff-43db-b69f-849e9c95c15e | ITER: 10 START
2019-12-27 21:47:49.237 8804 INFO rally.task.runner [-] Task f527893f-5cff-43db-b69f-849e9c95c15e | ITER: 6 END: OK
2019-12-27 21:47:49.243 8804 INFO rally.task.runner [-] Task f527893f-5cff-43db-b69f-849e9c95c15e | ITER: 11 START
2019-12-27 21:47:49.262 8817 INFO rally.task.runner [-] Task f527893f-5cff-43db-b69f-849e9c95c15e | ITER: 10 END: OK
2019-12-27 21:47:49.268 8817 INFO rally.task.runner [-] Task f527893f-5cff-43db-b69f-849e9c95c15e | ITER: 12 START
2019-12-27 21:47:49.626 8804 INFO rally.task.runner [-] Task f527893f-5cff-43db-b69f-849e9c95c15e | ITER: 11 END: OK
2019-12-27 21:47:49.632 8804 INFO rally.task.runner [-] Task f527893f-5cff-43db-b69f-849e9c95c15e | ITER: 13 START
2019-12-27 21:47:49.653 8817 INFO rally.task.runner [-] Task f527893f-5cff-43db-b69f-849e9c95c15e | ITER: 12 END: OK
2019-12-27 21:47:49.657 8817 INFO rally.task.runner [-] Task f527893f-5cff-43db-b69f-849e9c95c15e | ITER: 14 START
2019-12-27 21:47:49.762 8797 INFO rally.task.runner [-] Task f527893f-5cff-43db-b69f-849e9c95c15e | ITER: 2 END: OK
2019-12-27 21:47:49.768 8797 INFO rally.task.runner [-] Task f527893f-5cff-43db-b69f-849e9c95c15e | ITER: 15 START
2019-12-27 21:47:49.772 8798 INFO rally.task.runner [-] Task f527893f-5cff-43db-b69f-849e9c95c15e | ITER: 3 END: OK
2019-12-27 21:47:49.777 8798 INFO rally.task.runner [-] Task f527893f-5cff-43db-b69f-849e9c95c15e | ITER: 16 START
2019-12-27 21:47:49.848 8811 INFO rally.task.runner [-] Task f527893f-5cff-43db-b69f-849e9c95c15e | ITER: 8 END: OK
2019-12-27 21:47:49.854 8811 INFO rally.task.runner [-] Task f527893f-5cff-43db-b69f-849e9c95c15e | ITER: 17 START
2019-12-27 21:47:49.858 8808 INFO rally.task.runner [-] Task f527893f-5cff-43db-b69f-849e9c95c15e | ITER: 7 END: OK
2019-12-27 21:47:49.865 8808 INFO rally.task.runner [-] Task f527893f-5cff-43db-b69f-849e9c95c15e | ITER: 18 START
2019-12-27 21:47:49.948 8799 INFO rally.task.runner [-] Task f527893f-5cff-43db-b69f-849e9c95c15e | ITER: 4 END: OK
2019-12-27 21:47:49.953 8799 INFO rally.task.runner [-] Task f527893f-5cff-43db-b69f-849e9c95c15e | ITER: 19 START
2019-12-27 21:47:49.957 8801 INFO rally.task.runner [-] Task f527893f-5cff-43db-b69f-849e9c95c15e | ITER: 5 END: OK
2019-12-27 21:47:49.963 8801 INFO rally.task.runner [-] Task f527893f-5cff-43db-b69f-849e9c95c15e | ITER: 20 START
2019-12-27 21:47:50.141 8798 INFO rally.task.runner [-] Task f527893f-5cff-43db-b69f-849e9c95c15e | ITER: 16 END: OK
2019-12-27 21:47:50.146 8798 INFO rally.task.runner [-] Task f527893f-5cff-43db-b69f-849e9c95c15e | ITER: 21 START
2019-12-27 21:47:50.149 8797 INFO rally.task.runner [-] Task f527893f-5cff-43db-b69f-849e9c95c15e | ITER: 15 END: OK
2019-12-27 21:47:50.154 8797 INFO rally.task.runner [-] Task f527893f-5cff-43db-b69f-849e9c95c15e | ITER: 22 START
2019-12-27 21:47:50.229 8804 INFO rally.task.runner [-] Task f527893f-5cff-43db-b69f-849e9c95c15e | ITER: 13 END: OK
2019-12-27 21:47:50.235 8804 INFO rally.task.runner [-] Task f527893f-5cff-43db-b69f-849e9c95c15e | ITER: 23 START
2019-12-27 21:47:50.245 8817 INFO rally.task.runner [-] Task f527893f-5cff-43db-b69f-849e9c95c15e | ITER: 14 END: OK
2019-12-27 21:47:50.251 8817 INFO rally.task.runner [-] Task f527893f-5cff-43db-b69f-849e9c95c15e | ITER: 24 START
2019-12-27 21:47:50.340 8796 INFO rally.task.runner [-] Task f527893f-5cff-43db-b69f-849e9c95c15e | ITER: 1 END: OK
2019-12-27 21:47:50.341 8801 INFO rally.task.runner [-] Task f527893f-5cff-43db-b69f-849e9c95c15e | ITER: 20 END: OK
2019-12-27 21:47:50.344 8796 INFO rally.task.runner [-] Task f527893f-5cff-43db-b69f-849e9c95c15e | ITER: 25 START
2019-12-27 21:47:50.347 8801 INFO rally.task.runner [-] Task f527893f-5cff-43db-b69f-849e9c95c15e | ITER: 26 START
2019-12-27 21:47:50.350 8799 INFO rally.task.runner [-] Task f527893f-5cff-43db-b69f-849e9c95c15e | ITER: 19 END: OK
2019-12-27 21:47:50.354 8814 INFO rally.task.runner [-] Task f527893f-5cff-43db-b69f-849e9c95c15e | ITER: 9 END: OK
2019-12-27 21:47:50.355 8799 INFO rally.task.runner [-] Task f527893f-5cff-43db-b69f-849e9c95c15e | ITER: 27 START
2019-12-27 21:47:50.359 8814 INFO rally.task.runner [-] Task f527893f-5cff-43db-b69f-849e9c95c15e | ITER: 28 START
2019-12-27 21:47:50.530 8797 INFO rally.task.runner [-] Task f527893f-5cff-43db-b69f-849e9c95c15e | ITER: 22 END: OK
2019-12-27 21:47:50.531 8798 INFO rally.task.runner [-] Task f527893f-5cff-43db-b69f-849e9c95c15e | ITER: 21 END: OK
2019-12-27 21:47:50.535 8797 INFO rally.task.runner [-] Task f527893f-5cff-43db-b69f-849e9c95c15e | ITER: 29 START
2019-12-27 21:47:50.535 8798 INFO rally.task.runner [-] Task f527893f-5cff-43db-b69f-849e9c95c15e | ITER: 30 START
2019-12-27 21:47:50.590 8811 INFO rally.task.runner [-] Task f527893f-5cff-43db-b69f-849e9c95c15e | ITER: 17 END: OK
2019-12-27 21:47:50.595 8811 INFO rally.task.runner [-] Task f527893f-5cff-43db-b69f-849e9c95c15e | ITER: 31 START
2019-12-27 21:47:50.603 8808 INFO rally.task.runner [-] Task f527893f-5cff-43db-b69f-849e9c95c15e | ITER: 18 END: OK
2019-12-27 21:47:50.607 8808 INFO rally.task.runner [-] Task f527893f-5cff-43db-b69f-849e9c95c15e | ITER: 32 START
2019-12-27 21:47:50.619 8804 INFO rally.task.runner [-] Task f527893f-5cff-43db-b69f-849e9c95c15e | ITER: 23 END: OK
2019-12-27 21:47:50.624 8804 INFO rally.task.runner [-] Task f527893f-5cff-43db-b69f-849e9c95c15e | ITER: 33 START
2019-12-27 21:47:50.627 8817 INFO rally.task.runner [-] Task f527893f-5cff-43db-b69f-849e9c95c15e | ITER: 24 END: OK
2019-12-27 21:47:50.632 8817 INFO rally.task.runner [-] Task f527893f-5cff-43db-b69f-849e9c95c15e | ITER: 34 START
2019-12-27 21:47:50.670 8796 INFO rally.task.runner [-] Task f527893f-5cff-43db-b69f-849e9c95c15e | ITER: 25 END: OK
2019-12-27 21:47:50.675 8796 INFO rally.task.runner [-] Task f527893f-5cff-43db-b69f-849e9c95c15e | ITER: 35 START
2019-12-27 21:47:50.699 8814 INFO rally.task.runner [-] Task f527893f-5cff-43db-b69f-849e9c95c15e | ITER: 28 END: OK
2019-12-27 21:47:50.704 8814 INFO rally.task.runner [-] Task f527893f-5cff-43db-b69f-849e9c95c15e | ITER: 36 START
2019-12-27 21:47:50.718 8799 INFO rally.task.runner [-] Task f527893f-5cff-43db-b69f-849e9c95c15e | ITER: 27 END: OK
2019-12-27 21:47:50.722 8799 INFO rally.task.runner [-] Task f527893f-5cff-43db-b69f-849e9c95c15e | ITER: 37 START
2019-12-27 21:47:50.855 8797 INFO rally.task.runner [-] Task f527893f-5cff-43db-b69f-849e9c95c15e | ITER: 29 END: OK
2019-12-27 21:47:50.860 8797 INFO rally.task.runner [-] Task f527893f-5cff-43db-b69f-849e9c95c15e | ITER: 38 START
2019-12-27 21:47:50.932 8798 INFO rally.task.runner [-] Task f527893f-5cff-43db-b69f-849e9c95c15e | ITER: 30 END: OK
2019-12-27 21:47:50.937 8798 INFO rally.task.runner [-] Task f527893f-5cff-43db-b69f-849e9c95c15e | ITER: 39 START
2019-12-27 21:47:50.978 8801 INFO rally.task.runner [-] Task f527893f-5cff-43db-b69f-849e9c95c15e | ITER: 26 END: OK
2019-12-27 21:47:50.983 8801 INFO rally.task.runner [-] Task f527893f-5cff-43db-b69f-849e9c95c15e | ITER: 40 START
2019-12-27 21:47:51.000 8804 INFO rally.task.runner [-] Task f527893f-5cff-43db-b69f-849e9c95c15e | ITER: 33 END: OK
2019-12-27 21:47:51.005 8804 INFO rally.task.runner [-] Task f527893f-5cff-43db-b69f-849e9c95c15e | ITER: 41 START
2019-12-27 21:47:51.054 8799 INFO rally.task.runner [-] Task f527893f-5cff-43db-b69f-849e9c95c15e | ITER: 37 END: OK
2019-12-27 21:47:51.059 8799 INFO rally.task.runner [-] Task f527893f-5cff-43db-b69f-849e9c95c15e | ITER: 42 START
2019-12-27 21:47:51.185 8797 INFO rally.task.runner [-] Task f527893f-5cff-43db-b69f-849e9c95c15e | ITER: 38 END: OK
2019-12-27 21:47:51.190 8797 INFO rally.task.runner [-] Task f527893f-5cff-43db-b69f-849e9c95c15e | ITER: 43 START
2019-12-27 21:47:51.203 8814 INFO rally.task.runner [-] Task f527893f-5cff-43db-b69f-849e9c95c15e | ITER: 36 END: OK
2019-12-27 21:47:51.208 8814 INFO rally.task.runner [-] Task f527893f-5cff-43db-b69f-849e9c95c15e | ITER: 44 START
2019-12-27 21:47:51.216 8796 INFO rally.task.runner [-] Task f527893f-5cff-43db-b69f-849e9c95c15e | ITER: 35 END: OK
2019-12-27 21:47:51.220 8796 INFO rally.task.runner [-] Task f527893f-5cff-43db-b69f-849e9c95c15e | ITER: 45 START
2019-12-27 21:47:51.270 8817 INFO rally.task.runner [-] Task f527893f-5cff-43db-b69f-849e9c95c15e | ITER: 34 END: OK
2019-12-27 21:47:51.275 8817 INFO rally.task.runner [-] Task f527893f-5cff-43db-b69f-849e9c95c15e | ITER: 46 START
2019-12-27 21:47:51.285 8808 INFO rally.task.runner [-] Task f527893f-5cff-43db-b69f-849e9c95c15e | ITER: 32 END: OK
2019-12-27 21:47:51.289 8808 INFO rally.task.runner [-] Task f527893f-5cff-43db-b69f-849e9c95c15e | ITER: 47 START
2019-12-27 21:47:51.301 8811 INFO rally.task.runner [-] Task f527893f-5cff-43db-b69f-849e9c95c15e | ITER: 31 END: OK
2019-12-27 21:47:51.304 8811 INFO rally.task.runner [-] Task f527893f-5cff-43db-b69f-849e9c95c15e | ITER: 48 START
2019-12-27 21:47:51.310 8798 INFO rally.task.runner [-] Task f527893f-5cff-43db-b69f-849e9c95c15e | ITER: 39 END: OK
2019-12-27 21:47:51.314 8798 INFO rally.task.runner [-] Task f527893f-5cff-43db-b69f-849e9c95c15e | ITER: 49 START
2019-12-27 21:47:51.318 8801 INFO rally.task.runner [-] Task f527893f-5cff-43db-b69f-849e9c95c15e | ITER: 40 END: OK
2019-12-27 21:47:51.323 8801 INFO rally.task.runner [-] Task f527893f-5cff-43db-b69f-849e9c95c15e | ITER: 50 START
2019-12-27 21:47:51.358 8804 INFO rally.task.runner [-] Task f527893f-5cff-43db-b69f-849e9c95c15e | ITER: 41 END: OK
2019-12-27 21:47:51.446 8799 INFO rally.task.runner [-] Task f527893f-5cff-43db-b69f-849e9c95c15e | ITER: 42 END: OK
2019-12-27 21:47:51.569 8796 INFO rally.task.runner [-] Task f527893f-5cff-43db-b69f-849e9c95c15e | ITER: 45 END: OK
2019-12-27 21:47:51.586 8814 INFO rally.task.runner [-] Task f527893f-5cff-43db-b69f-849e9c95c15e | ITER: 44 END: OK
2019-12-27 21:47:51.655 8797 INFO rally.task.runner [-] Task f527893f-5cff-43db-b69f-849e9c95c15e | ITER: 43 END: OK
2019-12-27 21:47:51.659 8801 INFO rally.task.runner [-] Task f527893f-5cff-43db-b69f-849e9c95c15e | ITER: 50 END: OK
2019-12-27 21:47:51.751 8798 INFO rally.task.runner [-] Task f527893f-5cff-43db-b69f-849e9c95c15e | ITER: 49 END: OK
2019-12-27 21:47:52.114 8817 INFO rally.task.runner [-] Task f527893f-5cff-43db-b69f-849e9c95c15e | ITER: 46 END: OK
2019-12-27 21:47:52.184 8808 INFO rally.task.runner [-] Task f527893f-5cff-43db-b69f-849e9c95c15e | ITER: 47 END: OK
2019-12-27 21:47:52.193 8811 INFO rally.task.runner [-] Task f527893f-5cff-43db-b69f-849e9c95c15e | ITER: 48 END: OK
2019-12-27 21:47:52.217 15 INFO rally.task.context [-] Task f527893f-5cff-43db-b69f-849e9c95c15e | Context cleanup@openstack cleanup() started
2019-12-27 21:47:52.225 15 RALLYDEBUG rally_openstack.cleanup.manager [-] Cleaning up neutron vip objects
2019-12-27 21:47:52.491 15 RALLYDEBUG rally_openstack.cleanup.manager [-] Cleaning up neutron health_monitor objects
2019-12-27 21:47:52.745 15 RALLYDEBUG rally_openstack.cleanup.manager [-] Cleaning up neutron pool objects
2019-12-27 21:47:52.986 15 RALLYDEBUG rally_openstack.cleanup.manager [-] Cleaning up neutron loadbalancer objects
2019-12-27 21:47:53.247 15 RALLYDEBUG rally_openstack.cleanup.manager [-] Cleaning up neutron floatingip objects
2019-12-27 21:47:53.616 15 RALLYDEBUG rally_openstack.cleanup.manager [-] Cleaning up neutron trunk objects
2019-12-27 21:47:53.921 15 RALLYDEBUG rally_openstack.cleanup.manager [-] Cleaning up neutron port objects
2019-12-27 21:47:54.259 15 RALLYDEBUG rally_openstack.cleanup.manager [-] Cleaning up neutron subnet objects
2019-12-27 21:47:54.572 15 RALLYDEBUG rally_openstack.cleanup.manager [-] Cleaning up neutron network objects
2019-12-27 21:47:54.888 15 RALLYDEBUG rally_openstack.cleanup.manager [-] Cleaning up neutron router objects
2019-12-27 21:47:55.308 15 RALLYDEBUG rally_openstack.cleanup.manager [-] Cleaning up neutron security_group objects
2019-12-27 21:47:56.739 15 RALLYDEBUG rally_openstack.cleanup.manager [-] Deleting neutron.security_group object s_rally_206660da_DE15PL2Q (008b9add-048e-4eff-9694-5d187ff2de73)
2019-12-27 21:47:56.749 15 RALLYDEBUG rally_openstack.cleanup.manager [-] Deleting neutron.security_group object s_rally_206660da_KF6Le8rz (26b75054-3ee6-4287-8ff0-eb43d6f459a8)
2019-12-27 21:47:56.755 15 RALLYDEBUG rally_openstack.cleanup.manager [-] Deleting neutron.security_group object s_rally_206660da_NRhh5g77 (2c386017-18dd-42ff-920c-7c10343611a9)
2019-12-27 21:47:56.765 15 RALLYDEBUG rally_openstack.cleanup.manager [-] Deleting neutron.security_group object s_rally_206660da_yQYzzhZd (3cf569c4-abfc-46e8-ad04-d68a719f413f)
2019-12-27 21:47:56.770 15 RALLYDEBUG rally_openstack.cleanup.manager [-] Deleting neutron.security_group object s_rally_206660da_K2d1EcLn (48721f01-aedf-43eb-b59a-fcac40da0fe2)
2019-12-27 21:47:56.777 15 RALLYDEBUG rally_openstack.cleanup.manager [-] Deleting neutron.security_group object s_rally_206660da_U29pbXIM (4aec0577-74af-456e-92f0-d979b22b2145)
2019-12-27 21:47:56.785 15 RALLYDEBUG rally_openstack.cleanup.manager [-] Deleting neutron.security_group object s_rally_206660da_7XFevFyx (4eb9a1ed-3a46-4b8a-9af4-c56fbca2b9d8)
2019-12-27 21:47:56.807 15 RALLYDEBUG rally_openstack.cleanup.manager [-] Deleting neutron.security_group object s_rally_206660da_8FoGuMid (5d1cd86e-5b45-4029-a0bd-df5a44d45d3d)
2019-12-27 21:47:56.812 15 RALLYDEBUG rally_openstack.cleanup.manager [-] Deleting neutron.security_group object s_rally_206660da_WrNcKh6x (62f0514d-2536-4f5d-a137-2417225f91a3)
2019-12-27 21:47:56.828 15 RALLYDEBUG rally_openstack.cleanup.manager [-] Deleting neutron.security_group object s_rally_206660da_WTrkUWnj (63ca565d-270c-456b-a105-5601c04d4b6f)
2019-12-27 21:47:56.839 15 RALLYDEBUG rally_openstack.cleanup.manager [-] Deleting neutron.security_group object s_rally_206660da_DHDwIoEj (71140ecf-380c-4d20-8f24-511ad5a71cce)
2019-12-27 21:47:56.845 15 RALLYDEBUG rally_openstack.cleanup.manager [-] Deleting neutron.security_group object s_rally_206660da_Rxx4q46L (79f54030-e380-4349-9624-b04155ad8685)
2019-12-27 21:47:56.855 15 RALLYDEBUG rally_openstack.cleanup.manager [-] Deleting neutron.security_group object s_rally_206660da_ZPerw4IE (7c274c1e-b76b-47e0-826b-19a4a43e05ac)
2019-12-27 21:47:56.868 15 RALLYDEBUG rally_openstack.cleanup.manager [-] Deleting neutron.security_group object s_rally_206660da_lNVUymwg (7c7bd72e-eaea-480d-9e5a-91e9af5930c4)
2019-12-27 21:47:56.877 15 RALLYDEBUG rally_openstack.cleanup.manager [-] Deleting neutron.security_group object s_rally_206660da_m2ghhIFv (8bfde977-218a-4b2e-9dc8-4190a340835d)
2019-12-27 21:47:56.927 15 RALLYDEBUG rally_openstack.cleanup.manager [-] Deleting neutron.security_group object s_rally_206660da_HsQ6mlTG (8fbb7c1a-3855-4e99-9a07-d24c4ecedb8f)
2019-12-27 21:47:56.959 15 RALLYDEBUG rally_openstack.cleanup.manager [-] Deleting neutron.security_group object s_rally_206660da_3NboHX15 (a1a24a80-9268-4dfc-8f03-8a3cd800888c)
2019-12-27 21:47:56.979 15 RALLYDEBUG rally_openstack.cleanup.manager [-] Deleting neutron.security_group object s_rally_206660da_VUEQ0Y1d (aabbb7c1-6c65-4c1b-9a98-a39e71436120)
2019-12-27 21:47:56.996 15 RALLYDEBUG rally_openstack.cleanup.manager [-] Deleting neutron.security_group object s_rally_206660da_4R8YQsCB (b063469d-99b1-4478-a9f1-ebc32073f5e6)
2019-12-27 21:47:57.002 15 RALLYDEBUG rally_openstack.cleanup.manager [-] Deleting neutron.security_group object s_rally_206660da_zpmqEDSf (b7de6086-623d-4d91-b601-191c8e1e4adb)
2019-12-27 21:47:58.159 15 RALLYDEBUG rally_openstack.cleanup.manager [-] Deleting neutron.security_group object s_rally_206660da_aVy51MhO (bb960fb5-6032-46b5-8329-fa9cb941ada9)
2019-12-27 21:47:58.175 15 RALLYDEBUG rally_openstack.cleanup.manager [-] Deleting neutron.security_group object s_rally_206660da_SDlTlb6s (c0f4865a-51ce-4c7e-a737-abc58c78bbea)
2019-12-27 21:47:58.323 15 RALLYDEBUG rally_openstack.cleanup.manager [-] Deleting neutron.security_group object s_rally_206660da_c7o0M6Qd (c13ecef6-decd-4398-a21e-b4b9088e7c31)
2019-12-27 21:47:58.410 15 RALLYDEBUG rally_openstack.cleanup.manager [-] Deleting neutron.security_group object s_rally_206660da_F6WWPB09 (c588c4b3-96d9-4728-8b19-04269baaa236)
2019-12-27 21:47:58.433 15 RALLYDEBUG rally_openstack.cleanup.manager [-] Deleting neutron.security_group object s_rally_206660da_nmVqgSrz (c9ac2b3e-e111-4bd3-b015-7969331c7d9e)
2019-12-27 21:47:58.444 15 RALLYDEBUG rally_openstack.cleanup.manager [-] Deleting neutron.security_group object s_rally_206660da_OtHHGW6B (d7af97db-f1b8-4793-99f9-bb16a3a7915c)
2019-12-27 21:47:58.468 15 RALLYDEBUG rally_openstack.cleanup.manager [-] Deleting neutron.security_group object s_rally_206660da_ZGjaNweL (ec21f83c-e134-4577-8e36-abf9c57d38e8)
2019-12-27 21:47:58.472 15 RALLYDEBUG rally_openstack.cleanup.manager [-] Deleting neutron.security_group object s_rally_206660da_OZr1jPKI (f6bd6bb8-87c7-41dc-854c-58759676234c)
2019-12-27 21:47:58.476 15 RALLYDEBUG rally_openstack.cleanup.manager [-] Deleting neutron.security_group object s_rally_206660da_MnAZU3Kd (137c4a83-ebe1-40d5-b6fc-2d2ee4cdd458)
2019-12-27 21:47:58.498 15 RALLYDEBUG rally_openstack.cleanup.manager [-] Deleting neutron.security_group object s_rally_206660da_ThP7RuGc (169156b4-a0ae-4387-a036-40ae673c45ef)
2019-12-27 21:47:58.508 15 RALLYDEBUG rally_openstack.cleanup.manager [-] Deleting neutron.security_group object s_rally_206660da_YiEJXnCs (2254dfd2-8e2d-48e3-9cf0-edc1ebcef9e7)
2019-12-27 21:47:58.543 15 RALLYDEBUG rally_openstack.cleanup.manager [-] Deleting neutron.security_group object s_rally_206660da_yXAcqqgT (28ded70d-9372-4ea3-9d25-b01887e9d2ca)
2019-12-27 21:47:58.549 15 RALLYDEBUG rally_openstack.cleanup.manager [-] Deleting neutron.security_group object s_rally_206660da_i9RkN1uo (2c667fe2-72b0-4d05-958f-b934861c2e5e)
2019-12-27 21:47:58.920 15 RALLYDEBUG rally_openstack.cleanup.manager [-] Deleting neutron.security_group object s_rally_206660da_Q1285jUc (40162e14-3691-4ccb-be72-555fe001614e)
2019-12-27 21:47:58.928 15 RALLYDEBUG rally_openstack.cleanup.manager [-] Deleting neutron.security_group object s_rally_206660da_dgDrI8S0 (481ea924-1158-4f25-841a-b21286db02c3)
2019-12-27 21:47:58.942 15 RALLYDEBUG rally_openstack.cleanup.manager [-] Deleting neutron.security_group object s_rally_206660da_um0FClm4 (5d2bb10a-a1ef-46e3-97d2-0cec8b5c998a)
2019-12-27 21:47:58.947 15 RALLYDEBUG rally_openstack.cleanup.manager [-] Deleting neutron.security_group object s_rally_206660da_meQ3ImbR (5d89aa27-1958-40aa-9c34-75a5a9882df6)
2019-12-27 21:47:58.964 15 RALLYDEBUG rally_openstack.cleanup.manager [-] Deleting neutron.security_group object s_rally_206660da_6R87q1v9 (5fd700aa-3f73-4973-a35d-a0568cf8cdf3)
2019-12-27 21:47:58.979 15 RALLYDEBUG rally_openstack.cleanup.manager [-] Deleting neutron.security_group object s_rally_206660da_6eCCvrc7 (6e60edae-9159-438d-b1d8-e919ffa43870)
2019-12-27 21:47:58.987 15 RALLYDEBUG rally_openstack.cleanup.manager [-] Deleting neutron.security_group object s_rally_206660da_Gf5G6jWT (8a06ee5a-e26c-45d4-9ddc-eaab7bfa7d46)
2019-12-27 21:47:59.464 15 RALLYDEBUG rally_openstack.cleanup.manager [-] Deleting neutron.security_group object s_rally_206660da_PklMox3P (8e2c7b94-68a5-442b-b545-072ebb05d3e4)
2019-12-27 21:47:59.484 15 RALLYDEBUG rally_openstack.cleanup.manager [-] Deleting neutron.security_group object s_rally_206660da_uSLgxRWV (96540a8a-ab14-4f3b-a20b-c96474c178a1)
2019-12-27 21:47:59.605 15 RALLYDEBUG rally_openstack.cleanup.manager [-] Deleting neutron.security_group object s_rally_206660da_RE4v9Lu2 (ad99bfe8-0251-4109-9024-218f9c5ecc87)
2019-12-27 21:47:59.736 15 RALLYDEBUG rally_openstack.cleanup.manager [-] Deleting neutron.security_group object s_rally_206660da_QKovBzYo (b0d41e7c-e46f-4a95-8da4-12d11cd7bf8c)
2019-12-27 21:47:59.761 15 RALLYDEBUG rally_openstack.cleanup.manager [-] Deleting neutron.security_group object s_rally_206660da_ni5bdFwv (c0f8c970-84bd-40cd-8545-a6ad66323afc)
2019-12-27 21:47:59.781 15 RALLYDEBUG rally_openstack.cleanup.manager [-] Deleting neutron.security_group object s_rally_206660da_cuqzxxlp (d4de5c41-36e7-4bda-af0e-6dfd0d621c67)
2019-12-27 21:47:59.909 15 RALLYDEBUG rally_openstack.cleanup.manager [-] Deleting neutron.security_group object s_rally_206660da_IXvEHdhx (d7d75ac3-f9e4-41cc-9762-00ecf33ebe25)
2019-12-27 21:47:59.948 15 RALLYDEBUG rally_openstack.cleanup.manager [-] Deleting neutron.security_group object s_rally_206660da_eUTHBpWn (dd845308-690b-4ab0-8bac-76e22511380a)
2019-12-27 21:47:59.963 15 RALLYDEBUG rally_openstack.cleanup.manager [-] Deleting neutron.security_group object s_rally_206660da_JhOq46ZQ (e2dfd2e9-f764-4590-bf6e-e1b12ae5d5f0)
2019-12-27 21:47:59.974 15 RALLYDEBUG rally_openstack.cleanup.manager [-] Deleting neutron.security_group object s_rally_206660da_94hNbU4j (f043ab95-5755-4874-96c3-6042d33e3c05)
2019-12-27 21:48:01.288 15 INFO rally.task.context [-] Task f527893f-5cff-43db-b69f-849e9c95c15e | Context cleanup@openstack cleanup() finished in 9.07 sec
2019-12-27 21:48:01.289 15 INFO rally.task.context [-] Task f527893f-5cff-43db-b69f-849e9c95c15e | Context quotas@openstack cleanup() started
2019-12-27 21:48:01.326 15 INFO rally.task.context [-] Task f527893f-5cff-43db-b69f-849e9c95c15e | Context quotas@openstack cleanup() finished in 36.59 msec
2019-12-27 21:48:01.326 15 INFO rally.task.context [-] Task f527893f-5cff-43db-b69f-849e9c95c15e | Context users@openstack cleanup() started
2019-12-27 21:48:03.012 15 INFO rally.task.context [-] Task f527893f-5cff-43db-b69f-849e9c95c15e | Context users@openstack cleanup() finished in 1.69 sec
2019-12-27 21:48:03.205 15 INFO rally.task.engine [-] Load duration is: 3.566449
2019-12-27 21:48:03.206 15 INFO rally.task.engine [-] Full runner duration is: 3.609652
2019-12-27 21:48:03.206 15 INFO rally.task.engine [-] Full duration is: 16.030699
2019-12-27 21:48:03.292 15 INFO rally.task.engine [-] Task f527893f-5cff-43db-b69f-849e9c95c15e | Completed: Running task.
2019-12-27 21:48:05.391 9136 RALLYDEBUG rally.api [-] INFO logs from urllib3 and requests module are hide.
2019-12-27 21:48:05.391 9136 RALLYDEBUG rally.api [-] urllib3 insecure warnings are hidden.
2019-12-27 21:48:05.391 9136 RALLYDEBUG rally.api [-] ERROR log from boto module is hide.
2019-12-27 21:48:06.801 9137 RALLYDEBUG rally.api [-] INFO logs from urllib3 and requests module are hide.
2019-12-27 21:48:06.801 9137 RALLYDEBUG rally.api [-] urllib3 insecure warnings are hidden.
2019-12-27 21:48:06.801 9137 RALLYDEBUG rally.api [-] ERROR log from boto module is hide.
2019-12-27 21:48:08.478 9138 RALLYDEBUG rally.api [-] INFO logs from urllib3 and requests module are hide.
2019-12-27 21:48:08.479 9138 RALLYDEBUG rally.api [-] urllib3 insecure warnings are hidden.
2019-12-27 21:48:08.479 9138 RALLYDEBUG rally.api [-] ERROR log from boto module is hide.
2019-12-27 21:48:10.555 9138 INFO rally.common.plugin.discover [-] Loading plugins from directories /root/.rally/plugins/*
2019-12-27 21:48:10.556 9138 INFO rally.common.plugin.discover [-] Loaded module with plugins: /root/.rally/plugins/__init__.py
2019-12-27 21:48:10.809 9138 INFO rally.api [-] Building 'json' report for the following task(s): 'f527893f-5cff-43db-b69f-849e9c95c15e'.
2019-12-27 21:48:11.086 9138 INFO rally.api [-] The report has been successfully built.
2019-12-27 21:48:12.713 9140 RALLYDEBUG rally.api [-] INFO logs from urllib3 and requests module are hide.
2019-12-27 21:48:12.714 9140 RALLYDEBUG rally.api [-] urllib3 insecure warnings are hidden.
2019-12-27 21:48:12.714 9140 RALLYDEBUG rally.api [-] ERROR log from boto module is hide.
2019-12-27 21:48:14.799 9140 INFO rally.common.plugin.discover [-] Loading plugins from directories /root/.rally/plugins/*
2019-12-27 21:48:14.800 9140 INFO rally.common.plugin.discover [-] Loaded module with plugins: /root/.rally/plugins/__init__.py
2019-12-27 21:48:15.046 9140 INFO rally.api [-] Building 'html' report for the following task(s): 'f527893f-5cff-43db-b69f-849e9c95c15e'.
2019-12-27 21:48:15.347 9140 INFO rally.api [-] The report has been successfully built.
2019-12-27 21:48:16.883 9142 RALLYDEBUG rally.api [-] INFO logs from urllib3 and requests module are hide.
2019-12-27 21:48:16.884 9142 RALLYDEBUG rally.api [-] urllib3 insecure warnings are hidden.
2019-12-27 21:48:16.884 9142 RALLYDEBUG rally.api [-] ERROR log from boto module is hide.
2019-12-27 21:48:18.980 9142 INFO rally.common.plugin.discover [-] Loading plugins from directories /root/.rally/plugins/*
2019-12-27 21:48:18.981 9142 INFO rally.common.plugin.discover [-] Loaded module with plugins: /root/.rally/plugins/__init__.py
2019-12-27 21:48:19.234 9142 INFO rally.api [-] Building 'junit-xml' report for the following task(s): 'f527893f-5cff-43db-b69f-849e9c95c15e'.
2019-12-27 21:48:19.242 9142 INFO rally.api [-] The report has been successfully built.