2019-12-27 21:33:05.124 3505 RALLYDEBUG rally.task.runner [-] Starting a worker. times: 40 duration: None concurrency: 1 timeout: 0 cls: method_name: run args: {"network_create_args": {}, "subnet_create_args": {}, "subnet_cidr_start": "1.1.0.0/30", "subnets_per_network": 2, "router_create_args": {}}
2019-12-27 21:33:05.129 3504 INFO rally.task.runner [-] Task f527893f-5cff-43db-b69f-849e9c95c15e | ITER: 12 START
2019-12-27 21:33:05.128 3510 RALLYDEBUG rally.task.runner [-] Starting a worker. times: 40 duration: None concurrency: 1 timeout: 0 cls: method_name: run args: {"network_create_args": {}, "subnet_create_args": {}, "subnet_cidr_start": "1.1.0.0/30", "subnets_per_network": 2, "router_create_args": {}}
2019-12-27 21:33:05.130 3505 INFO rally.task.runner [-] Task f527893f-5cff-43db-b69f-849e9c95c15e | ITER: 13 START
2019-12-27 21:33:05.129 3511 RALLYDEBUG rally.task.runner [-] Starting a worker. times: 40 duration: None concurrency: 1 timeout: 0 cls: method_name: run args: {"network_create_args": {}, "subnet_create_args": {}, "subnet_cidr_start": "1.1.0.0/30", "subnets_per_network": 2, "router_create_args": {}}
2019-12-27 21:33:05.134 3511 INFO rally.task.runner [-] Task f527893f-5cff-43db-b69f-849e9c95c15e | ITER: 15 START
2019-12-27 21:33:05.133 3515 RALLYDEBUG rally.task.runner [-] Starting a worker. times: 40 duration: None concurrency: 1 timeout: 0 cls: method_name: run args: {"network_create_args": {}, "subnet_create_args": {}, "subnet_cidr_start": "1.1.0.0/30", "subnets_per_network": 2, "router_create_args": {}}
2019-12-27 21:33:05.134 3510 INFO rally.task.runner [-] Task f527893f-5cff-43db-b69f-849e9c95c15e | ITER: 14 START
2019-12-27 21:33:05.136 3517 RALLYDEBUG rally.task.runner [-] Starting a worker. times: 40 duration: None concurrency: 1 timeout: 0 cls: method_name: run args: {"network_create_args": {}, "subnet_create_args": {}, "subnet_cidr_start": "1.1.0.0/30", "subnets_per_network": 2, "router_create_args": {}}
2019-12-27 21:33:05.138 3522 RALLYDEBUG rally.task.runner [-] Starting a worker. times: 40 duration: None concurrency: 1 timeout: 0 cls: method_name: run args: {"network_create_args": {}, "subnet_create_args": {}, "subnet_cidr_start": "1.1.0.0/30", "subnets_per_network": 2, "router_create_args": {}}
2019-12-27 21:33:05.138 3515 INFO rally.task.runner [-] Task f527893f-5cff-43db-b69f-849e9c95c15e | ITER: 16 START
2019-12-27 21:33:05.141 3517 INFO rally.task.runner [-] Task f527893f-5cff-43db-b69f-849e9c95c15e | ITER: 17 START
2019-12-27 21:33:05.141 3524 RALLYDEBUG rally.task.runner [-] Starting a worker. times: 40 duration: None concurrency: 1 timeout: 0 cls: method_name: run args: {"network_create_args": {}, "subnet_create_args": {}, "subnet_cidr_start": "1.1.0.0/30", "subnets_per_network": 2, "router_create_args": {}}
2019-12-27 21:33:05.141 3522 INFO rally.task.runner [-] Task f527893f-5cff-43db-b69f-849e9c95c15e | ITER: 18 START
2019-12-27 21:33:05.145 3524 INFO rally.task.runner [-] Task f527893f-5cff-43db-b69f-849e9c95c15e | ITER: 19 START
2019-12-27 21:33:05.144 3528 RALLYDEBUG rally.task.runner [-] Starting a worker. times: 40 duration: None concurrency: 1 timeout: 0 cls: method_name: run args: {"network_create_args": {}, "subnet_create_args": {}, "subnet_cidr_start": "1.1.0.0/30", "subnets_per_network": 2, "router_create_args": {}}
2019-12-27 21:33:05.149 3528 INFO rally.task.runner [-] Task f527893f-5cff-43db-b69f-849e9c95c15e | ITER: 20 START
2019-12-27 21:33:05.640 3493 RALLYDEBUG rally_openstack.wrappers.network [-] CIDR generated: 1.1.8.32/30
2019-12-27 21:33:05.682 3515 RALLYDEBUG rally_openstack.wrappers.network [-] CIDR generated: 1.1.8.36/30
2019-12-27 21:33:06.254 3500 RALLYDEBUG rally_openstack.wrappers.network [-] CIDR generated: 1.1.8.40/30
2019-12-27 21:33:06.255 3528 RALLYDEBUG rally_openstack.wrappers.network [-] CIDR generated: 1.1.8.44/30
2019-12-27 21:33:06.279 3504 RALLYDEBUG rally_openstack.wrappers.network [-] CIDR generated: 1.1.8.48/30
2019-12-27 21:33:06.287 3510 RALLYDEBUG rally_openstack.wrappers.network [-] CIDR generated: 1.1.8.52/30
2019-12-27 21:33:06.295 3496 RALLYDEBUG rally_openstack.wrappers.network [-] CIDR generated: 1.1.8.56/30
2019-12-27 21:33:06.334 3511 RALLYDEBUG rally_openstack.wrappers.network [-] CIDR generated: 1.1.8.60/30
2019-12-27 21:33:06.489 3515 RALLYDEBUG rally_openstack.wrappers.network [-] CIDR generated: 1.1.8.64/30
2019-12-27 21:33:06.572 3476 RALLYDEBUG rally_openstack.wrappers.network [-] CIDR generated: 1.1.8.68/30
2019-12-27 21:33:06.619 3505 RALLYDEBUG rally_openstack.wrappers.network [-] CIDR generated: 1.1.8.72/30
2019-12-27 21:33:06.632 3484 RALLYDEBUG rally_openstack.wrappers.network [-] CIDR generated: 1.1.8.76/30
2019-12-27 21:33:06.635 3477 RALLYDEBUG rally_openstack.wrappers.network [-] CIDR generated: 1.1.8.80/30
2019-12-27 21:33:06.656 3522 RALLYDEBUG rally_openstack.wrappers.network [-] CIDR generated: 1.1.8.84/30
2019-12-27 21:33:06.658 3475 RALLYDEBUG rally_openstack.wrappers.network [-] CIDR generated: 1.1.8.88/30
2019-12-27 21:33:06.683 3517 RALLYDEBUG rally_openstack.wrappers.network [-] CIDR generated: 1.1.8.92/30
2019-12-27 21:33:06.683 3490 RALLYDEBUG rally_openstack.wrappers.network [-] CIDR generated: 1.1.8.96/30
2019-12-27 21:33:06.766 3493 RALLYDEBUG rally_openstack.wrappers.network [-] CIDR generated: 1.1.8.100/30
2019-12-27 21:33:06.816 3487 RALLYDEBUG rally_openstack.wrappers.network [-] CIDR generated: 1.1.8.104/30
2019-12-27 21:33:06.872 3478 RALLYDEBUG rally_openstack.wrappers.network [-] CIDR generated: 1.1.8.108/30
2019-12-27 21:33:07.157 3510 RALLYDEBUG rally_openstack.wrappers.network [-] CIDR generated: 1.1.8.112/30
2019-12-27 21:33:07.363 3524 RALLYDEBUG rally_openstack.wrappers.network [-] CIDR generated: 1.1.8.116/30
2019-12-27 21:33:07.381 3505 RALLYDEBUG rally_openstack.wrappers.network [-] CIDR generated: 1.1.8.120/30
2019-12-27 21:33:07.388 3528 RALLYDEBUG rally_openstack.wrappers.network [-] CIDR generated: 1.1.8.124/30
2019-12-27 21:33:07.398 3476 RALLYDEBUG rally_openstack.wrappers.network [-] CIDR generated: 1.1.8.128/30
2019-12-27 21:33:07.473 3504 RALLYDEBUG rally_openstack.wrappers.network [-] CIDR generated: 1.1.8.132/30
2019-12-27 21:33:07.482 3496 RALLYDEBUG rally_openstack.wrappers.network [-] CIDR generated: 1.1.8.136/30
2019-12-27 21:33:07.597 3500 RALLYDEBUG rally_openstack.wrappers.network [-] CIDR generated: 1.1.8.140/30
2019-12-27 21:33:07.597 3487 RALLYDEBUG rally_openstack.wrappers.network [-] CIDR generated: 1.1.8.144/30
2019-12-27 21:33:07.752 3480 RALLYDEBUG rally_openstack.wrappers.network [-] CIDR generated: 1.1.8.148/30
2019-12-27 21:33:07.984 3511 RALLYDEBUG rally_openstack.wrappers.network [-] CIDR generated: 1.1.8.152/30
2019-12-27 21:33:08.246 3524 RALLYDEBUG rally_openstack.wrappers.network [-] CIDR generated: 1.1.8.156/30
2019-12-27 21:33:08.272 3477 RALLYDEBUG rally_openstack.wrappers.network [-] CIDR generated: 1.1.8.160/30
2019-12-27 21:33:08.333 3484 RALLYDEBUG rally_openstack.wrappers.network [-] CIDR generated: 1.1.8.164/30
2019-12-27 21:33:08.358 3490 RALLYDEBUG rally_openstack.wrappers.network [-] CIDR generated: 1.1.8.168/30
2019-12-27 21:33:08.367 3517 RALLYDEBUG rally_openstack.wrappers.network [-] CIDR generated: 1.1.8.172/30
2019-12-27 21:33:08.381 3522 RALLYDEBUG rally_openstack.wrappers.network [-] CIDR generated: 1.1.8.176/30
2019-12-27 21:33:08.409 3475 RALLYDEBUG rally_openstack.wrappers.network [-] CIDR generated: 1.1.8.180/30
2019-12-27 21:33:09.100 3478 RALLYDEBUG rally_openstack.wrappers.network [-] CIDR generated: 1.1.8.184/30
2019-12-27 21:33:09.513 3480 RALLYDEBUG rally_openstack.wrappers.network [-] CIDR generated: 1.1.8.188/30
2019-12-27 21:33:19.192 3515 INFO rally.task.runner [-] Task f527893f-5cff-43db-b69f-849e9c95c15e | ITER: 16 END: OK
2019-12-27 21:33:19.195 3515 INFO rally.task.runner [-] Task f527893f-5cff-43db-b69f-849e9c95c15e | ITER: 21 START
2019-12-27 21:33:19.516 3515 RALLYDEBUG rally_openstack.wrappers.network [-] CIDR generated: 1.1.8.192/30
2019-12-27 21:33:19.582 3528 INFO rally.task.runner [-] Task f527893f-5cff-43db-b69f-849e9c95c15e | ITER: 20 END: OK
2019-12-27 21:33:19.586 3528 INFO rally.task.runner [-] Task f527893f-5cff-43db-b69f-849e9c95c15e | ITER: 22 START
2019-12-27 21:33:19.874 3528 RALLYDEBUG rally_openstack.wrappers.network [-] CIDR generated: 1.1.8.196/30
2019-12-27 21:33:20.002 3504 INFO rally.task.runner [-] Task f527893f-5cff-43db-b69f-849e9c95c15e | ITER: 12 END: OK
2019-12-27 21:33:20.007 3504 INFO rally.task.runner [-] Task f527893f-5cff-43db-b69f-849e9c95c15e | ITER: 23 START
2019-12-27 21:33:20.048 3510 INFO rally.task.runner [-] Task f527893f-5cff-43db-b69f-849e9c95c15e | ITER: 14 END: OK
2019-12-27 21:33:20.052 3510 INFO rally.task.runner [-] Task f527893f-5cff-43db-b69f-849e9c95c15e | ITER: 24 START
2019-12-27 21:33:20.180 3476 INFO rally.task.runner [-] Task f527893f-5cff-43db-b69f-849e9c95c15e | ITER: 2 END: OK
2019-12-27 21:33:20.185 3476 INFO rally.task.runner [-] Task f527893f-5cff-43db-b69f-849e9c95c15e | ITER: 25 START
2019-12-27 21:33:20.259 3515 RALLYDEBUG rally_openstack.wrappers.network [-] CIDR generated: 1.1.8.200/30
2019-12-27 21:33:20.308 3505 INFO rally.task.runner [-] Task f527893f-5cff-43db-b69f-849e9c95c15e | ITER: 13 END: OK
2019-12-27 21:33:20.312 3505 INFO rally.task.runner [-] Task f527893f-5cff-43db-b69f-849e9c95c15e | ITER: 26 START
2019-12-27 21:33:20.344 3504 RALLYDEBUG rally_openstack.wrappers.network [-] CIDR generated: 1.1.8.204/30
2019-12-27 21:33:20.549 3476 RALLYDEBUG rally_openstack.wrappers.network [-] CIDR generated: 1.1.8.208/30
2019-12-27 21:33:20.594 3487 INFO rally.task.runner [-] Task f527893f-5cff-43db-b69f-849e9c95c15e | ITER: 7 END: OK
2019-12-27 21:33:20.599 3505 RALLYDEBUG rally_openstack.wrappers.network [-] CIDR generated: 1.1.8.212/30
2019-12-27 21:33:20.599 3487 INFO rally.task.runner [-] Task f527893f-5cff-43db-b69f-849e9c95c15e | ITER: 27 START
2019-12-27 21:33:20.657 3496 INFO rally.task.runner [-] Task f527893f-5cff-43db-b69f-849e9c95c15e | ITER: 10 END: OK
2019-12-27 21:33:20.660 3496 INFO rally.task.runner [-] Task f527893f-5cff-43db-b69f-849e9c95c15e | ITER: 28 START
2019-12-27 21:33:20.767 3510 RALLYDEBUG rally_openstack.wrappers.network [-] CIDR generated: 1.1.8.216/30
2019-12-27 21:33:20.966 3496 RALLYDEBUG rally_openstack.wrappers.network [-] CIDR generated: 1.1.8.220/30
2019-12-27 21:33:20.980 3528 RALLYDEBUG rally_openstack.wrappers.network [-] CIDR generated: 1.1.8.224/30
2019-12-27 21:33:21.364 3476 RALLYDEBUG rally_openstack.wrappers.network [-] CIDR generated: 1.1.8.228/30
2019-12-27 21:33:21.483 3487 RALLYDEBUG rally_openstack.wrappers.network [-] CIDR generated: 1.1.8.232/30
2019-12-27 21:33:21.680 3505 RALLYDEBUG rally_openstack.wrappers.network [-] CIDR generated: 1.1.8.236/30
2019-12-27 21:33:21.697 3510 RALLYDEBUG rally_openstack.wrappers.network [-] CIDR generated: 1.1.8.240/30
2019-12-27 21:33:21.735 3496 RALLYDEBUG rally_openstack.wrappers.network [-] CIDR generated: 1.1.8.244/30
2019-12-27 21:33:21.770 3500 INFO rally.task.runner [-] Task f527893f-5cff-43db-b69f-849e9c95c15e | ITER: 11 END: OK
2019-12-27 21:33:21.775 3500 INFO rally.task.runner [-] Task f527893f-5cff-43db-b69f-849e9c95c15e | ITER: 29 START
2019-12-27 21:33:22.183 3504 RALLYDEBUG rally_openstack.wrappers.network [-] CIDR generated: 1.1.8.248/30
2019-12-27 21:33:22.548 3500 RALLYDEBUG rally_openstack.wrappers.network [-] CIDR generated: 1.1.8.252/30
2019-12-27 21:33:23.350 3500 RALLYDEBUG rally_openstack.wrappers.network [-] CIDR generated: 1.1.9.0/30
2019-12-27 21:33:23.404 3487 RALLYDEBUG rally_openstack.wrappers.network [-] CIDR generated: 1.1.9.4/30
2019-12-27 21:33:23.542 3524 INFO rally.task.runner [-] Task f527893f-5cff-43db-b69f-849e9c95c15e | ITER: 19 END: OK
2019-12-27 21:33:23.546 3524 INFO rally.task.runner [-] Task f527893f-5cff-43db-b69f-849e9c95c15e | ITER: 30 START
2019-12-27 21:33:24.012 3524 RALLYDEBUG rally_openstack.wrappers.network [-] CIDR generated: 1.1.9.8/30
2019-12-27 21:33:26.229 3524 RALLYDEBUG rally_openstack.wrappers.network [-] CIDR generated: 1.1.9.12/30
2019-12-27 21:33:29.729 3493 INFO rally.task.runner [-] Task f527893f-5cff-43db-b69f-849e9c95c15e | ITER: 9 END: OK
2019-12-27 21:33:29.735 3493 INFO rally.task.runner [-] Task f527893f-5cff-43db-b69f-849e9c95c15e | ITER: 31 START
2019-12-27 21:33:30.053 3493 RALLYDEBUG rally_openstack.wrappers.network [-] CIDR generated: 1.1.9.16/30
2019-12-27 21:33:30.951 3511 INFO rally.task.runner [-] Task f527893f-5cff-43db-b69f-849e9c95c15e | ITER: 15 END: OK
2019-12-27 21:33:30.957 3511 INFO rally.task.runner [-] Task f527893f-5cff-43db-b69f-849e9c95c15e | ITER: 32 START
2019-12-27 21:33:31.182 3493 RALLYDEBUG rally_openstack.wrappers.network [-] CIDR generated: 1.1.9.20/30
2019-12-27 21:33:31.407 3477 INFO rally.task.runner [-] Task f527893f-5cff-43db-b69f-849e9c95c15e | ITER: 3 END: OK
2019-12-27 21:33:31.408 3484 INFO rally.task.runner [-] Task f527893f-5cff-43db-b69f-849e9c95c15e | ITER: 6 END: OK
2019-12-27 21:33:31.411 3477 INFO rally.task.runner [-] Task f527893f-5cff-43db-b69f-849e9c95c15e | ITER: 33 START
2019-12-27 21:33:31.412 3484 INFO rally.task.runner [-] Task f527893f-5cff-43db-b69f-849e9c95c15e | ITER: 34 START
2019-12-27 21:33:31.418 3511 RALLYDEBUG rally_openstack.wrappers.network [-] CIDR generated: 1.1.9.24/30
2019-12-27 21:33:31.770 3477 RALLYDEBUG rally_openstack.wrappers.network [-] CIDR generated: 1.1.9.28/30
2019-12-27 21:33:31.895 3517 INFO rally.task.runner [-] Task f527893f-5cff-43db-b69f-849e9c95c15e | ITER: 17 END: OK
2019-12-27 21:33:31.900 3517 INFO rally.task.runner [-] Task f527893f-5cff-43db-b69f-849e9c95c15e | ITER: 35 START
2019-12-27 21:33:31.900 3490 INFO rally.task.runner [-] Task f527893f-5cff-43db-b69f-849e9c95c15e | ITER: 8 END: OK
2019-12-27 21:33:31.905 3490 INFO rally.task.runner [-] Task f527893f-5cff-43db-b69f-849e9c95c15e | ITER: 36 START
2019-12-27 21:33:32.237 3517 RALLYDEBUG rally_openstack.wrappers.network [-] CIDR generated: 1.1.9.32/30
2019-12-27 21:33:32.262 3490 RALLYDEBUG rally_openstack.wrappers.network [-] CIDR generated: 1.1.9.36/30
2019-12-27 21:33:32.280 3484 RALLYDEBUG rally_openstack.wrappers.network [-] CIDR generated: 1.1.9.40/30
2019-12-27 21:33:32.947 3477 RALLYDEBUG rally_openstack.wrappers.network [-] CIDR generated: 1.1.9.44/30
2019-12-27 21:33:33.044 3517 RALLYDEBUG rally_openstack.wrappers.network [-] CIDR generated: 1.1.9.48/30
2019-12-27 21:33:33.069 3484 RALLYDEBUG rally_openstack.wrappers.network [-] CIDR generated: 1.1.9.52/30
2019-12-27 21:33:33.134 3511 RALLYDEBUG rally_openstack.wrappers.network [-] CIDR generated: 1.1.9.56/30
2019-12-27 21:33:33.383 3490 RALLYDEBUG rally_openstack.wrappers.network [-] CIDR generated: 1.1.9.60/30
2019-12-27 21:33:33.857 3496 INFO rally.task.runner [-] Task f527893f-5cff-43db-b69f-849e9c95c15e | ITER: 28 END: OK
2019-12-27 21:33:33.863 3496 INFO rally.task.runner [-] Task f527893f-5cff-43db-b69f-849e9c95c15e | ITER: 37 START
2019-12-27 21:33:33.985 3528 INFO rally.task.runner [-] Task f527893f-5cff-43db-b69f-849e9c95c15e | ITER: 22 END: OK
2019-12-27 21:33:33.990 3528 INFO rally.task.runner [-] Task f527893f-5cff-43db-b69f-849e9c95c15e | ITER: 38 START
2019-12-27 21:33:34.072 3515 INFO rally.task.runner [-] Task f527893f-5cff-43db-b69f-849e9c95c15e | ITER: 21 END: OK
2019-12-27 21:33:34.078 3515 INFO rally.task.runner [-] Task f527893f-5cff-43db-b69f-849e9c95c15e | ITER: 39 START
2019-12-27 21:33:34.118 3476 INFO rally.task.runner [-] Task f527893f-5cff-43db-b69f-849e9c95c15e | ITER: 25 END: OK
2019-12-27 21:33:34.123 3476 INFO rally.task.runner [-] Task f527893f-5cff-43db-b69f-849e9c95c15e | ITER: 40 START
2019-12-27 21:33:34.179 3522 INFO rally.task.runner [-] Task f527893f-5cff-43db-b69f-849e9c95c15e | ITER: 18 END: OK
2019-12-27 21:33:34.181 3475 INFO rally.task.runner [-] Task f527893f-5cff-43db-b69f-849e9c95c15e | ITER: 1 END: OK
2019-12-27 21:33:34.184 3496 RALLYDEBUG rally_openstack.wrappers.network [-] CIDR generated: 1.1.9.64/30
2019-12-27 21:33:34.282 3505 INFO rally.task.runner [-] Task f527893f-5cff-43db-b69f-849e9c95c15e | ITER: 26 END: OK
2019-12-27 21:33:34.285 3528 RALLYDEBUG rally_openstack.wrappers.network [-] CIDR generated: 1.1.9.68/30
2019-12-27 21:33:34.390 3515 RALLYDEBUG rally_openstack.wrappers.network [-] CIDR generated: 1.1.9.72/30
2019-12-27 21:33:34.422 3476 RALLYDEBUG rally_openstack.wrappers.network [-] CIDR generated: 1.1.9.76/30
2019-12-27 21:33:34.442 3478 INFO rally.task.runner [-] Task f527893f-5cff-43db-b69f-849e9c95c15e | ITER: 4 END: OK
2019-12-27 21:33:34.515 3510 INFO rally.task.runner [-] Task f527893f-5cff-43db-b69f-849e9c95c15e | ITER: 24 END: OK
2019-12-27 21:33:34.790 3480 INFO rally.task.runner [-] Task f527893f-5cff-43db-b69f-849e9c95c15e | ITER: 5 END: OK
2019-12-27 21:33:35.100 3515 RALLYDEBUG rally_openstack.wrappers.network [-] CIDR generated: 1.1.9.80/30
2019-12-27 21:33:35.257 3496 RALLYDEBUG rally_openstack.wrappers.network [-] CIDR generated: 1.1.9.84/30
2019-12-27 21:33:35.444 3528 RALLYDEBUG rally_openstack.wrappers.network [-] CIDR generated: 1.1.9.88/30
2019-12-27 21:33:35.495 3476 RALLYDEBUG rally_openstack.wrappers.network [-] CIDR generated: 1.1.9.92/30
2019-12-27 21:33:44.979 3477 INFO rally.task.runner [-] Task f527893f-5cff-43db-b69f-849e9c95c15e | ITER: 33 END: OK
2019-12-27 21:33:45.030 3517 INFO rally.task.runner [-] Task f527893f-5cff-43db-b69f-849e9c95c15e | ITER: 35 END: OK
2019-12-27 21:33:45.252 3500 INFO rally.task.runner [-] Task f527893f-5cff-43db-b69f-849e9c95c15e | ITER: 29 END: OK
2019-12-27 21:33:45.561 3490 INFO rally.task.runner [-] Task f527893f-5cff-43db-b69f-849e9c95c15e | ITER: 36 END: OK
2019-12-27 21:33:46.876 3484 INFO rally.task.runner [-] Task f527893f-5cff-43db-b69f-849e9c95c15e | ITER: 34 END: OK
2019-12-27 21:33:47.007 3515 INFO rally.task.runner [-] Task f527893f-5cff-43db-b69f-849e9c95c15e | ITER: 39 END: OK
2019-12-27 21:33:47.201 3496 INFO rally.task.runner [-] Task f527893f-5cff-43db-b69f-849e9c95c15e | ITER: 37 END: OK
2019-12-27 21:33:47.242 3528 INFO rally.task.runner [-] Task f527893f-5cff-43db-b69f-849e9c95c15e | ITER: 38 END: OK
2019-12-27 21:33:47.688 3524 INFO rally.task.runner [-] Task f527893f-5cff-43db-b69f-849e9c95c15e | ITER: 30 END: OK
2019-12-27 21:33:49.478 3487 INFO rally.task.runner [-] Task f527893f-5cff-43db-b69f-849e9c95c15e | ITER: 27 END: OK
2019-12-27 21:33:49.600 3504 INFO rally.task.runner [-] Task f527893f-5cff-43db-b69f-849e9c95c15e | ITER: 23 END: OK
2019-12-27 21:33:49.626 3476 INFO rally.task.runner [-] Task f527893f-5cff-43db-b69f-849e9c95c15e | ITER: 40 END: OK
2019-12-27 21:33:53.220 3493 INFO rally.task.runner [-] Task f527893f-5cff-43db-b69f-849e9c95c15e | ITER: 31 END: OK
2019-12-27 21:33:54.931 3511 INFO rally.task.runner [-] Task f527893f-5cff-43db-b69f-849e9c95c15e | ITER: 32 END: OK
2019-12-27 21:33:54.955 15 INFO rally.task.context [-] Task f527893f-5cff-43db-b69f-849e9c95c15e | Context cleanup@openstack cleanup() started
2019-12-27 21:33:54.961 15 RALLYDEBUG rally_openstack.cleanup.manager [-] Cleaning up neutron vip objects
2019-12-27 21:33:55.104 15 RALLYDEBUG rally_openstack.cleanup.manager [-] Cleaning up neutron health_monitor objects
2019-12-27 21:33:55.264 15 RALLYDEBUG rally_openstack.cleanup.manager [-] Cleaning up neutron pool objects
2019-12-27 21:33:55.391 15 RALLYDEBUG rally_openstack.cleanup.manager [-] Cleaning up neutron loadbalancer objects
2019-12-27 21:33:55.544 15 RALLYDEBUG rally_openstack.cleanup.manager [-] Cleaning up neutron floatingip objects
2019-12-27 21:33:56.198 15 RALLYDEBUG rally_openstack.cleanup.manager [-] Cleaning up neutron trunk objects
2019-12-27 21:33:56.325 15 RALLYDEBUG rally_openstack.cleanup.manager [-] Cleaning up neutron port objects
2019-12-27 21:33:56.506 15 RALLYDEBUG rally_openstack.cleanup.manager [-] Cleaning up neutron subnet objects
2019-12-27 21:33:56.812 15 RALLYDEBUG rally_openstack.cleanup.manager [-] Deleting neutron.subnet object s_rally_b8d930a8_NnQFIqo8 (0099d31c-4884-4799-ae91-54f2c18e1cff)
2019-12-27 21:33:56.822 15 RALLYDEBUG rally_openstack.cleanup.manager [-] Deleting neutron.subnet object s_rally_b8d930a8_0DB1Rvfp (036e18cc-fdb5-40ee-8f06-21ee646b22e4)
2019-12-27 21:33:56.833 15 RALLYDEBUG rally_openstack.cleanup.manager [-] Deleting neutron.subnet object s_rally_b8d930a8_1ynRRYIp (07f340ae-6bc3-46c1-920f-14203a266841)
2019-12-27 21:33:56.838 15 RALLYDEBUG rally_openstack.cleanup.manager [-] Deleting neutron.subnet object s_rally_b8d930a8_5oFzpJXx (0d09cdf5-b1a0-4f49-a993-840a35a34990)
2019-12-27 21:33:56.844 15 RALLYDEBUG rally_openstack.cleanup.manager [-] Deleting neutron.subnet object s_rally_b8d930a8_rTRFqBTF (13562899-c289-4f55-b305-8ba96b43dbe8)
2019-12-27 21:33:56.849 15 RALLYDEBUG rally_openstack.cleanup.manager [-] Deleting neutron.subnet object s_rally_b8d930a8_dVRJBtYa (14afd702-e6ca-4c4e-8562-86187165263a)
2019-12-27 21:33:56.855 15 RALLYDEBUG rally_openstack.cleanup.manager [-] Deleting neutron.subnet object s_rally_b8d930a8_nSPnvkaz (1786a41b-570b-4a87-a52f-4cf71e0e4890)
2019-12-27 21:33:56.860 15 RALLYDEBUG rally_openstack.cleanup.manager [-] Deleting neutron.subnet object s_rally_b8d930a8_615qMW6O (1ae7aea3-774d-41a7-81ca-18bdc02eb188)
2019-12-27 21:33:56.889 15 RALLYDEBUG rally_openstack.cleanup.manager [-] Deleting neutron.subnet object s_rally_b8d930a8_OoyoXJYZ (21ec3d1d-1349-48ed-862a-5657e7b93d61)
2019-12-27 21:33:56.896 15 RALLYDEBUG rally_openstack.cleanup.manager [-] Deleting neutron.subnet object s_rally_b8d930a8_lqVSpueX (2366b6d5-37f3-4bf6-9e53-ae1b5a039878)
2019-12-27 21:33:56.906 15 RALLYDEBUG rally_openstack.cleanup.manager [-] Deleting neutron.subnet object s_rally_b8d930a8_eYu8JqbV (23a6cde3-796c-46b8-b8c4-65e879fe88b8)
2019-12-27 21:33:56.927 15 RALLYDEBUG rally_openstack.cleanup.manager [-] Deleting neutron.subnet object s_rally_b8d930a8_0TWzdB6s (28ab6c90-9041-422f-8628-b7f359cf8d5e)
2019-12-27 21:33:56.971 15 RALLYDEBUG rally_openstack.cleanup.manager [-] Deleting neutron.subnet object s_rally_b8d930a8_7jb2NevK (31b97d2e-22a6-4bb9-9610-ed8b9cc095ae)
2019-12-27 21:33:56.976 15 RALLYDEBUG rally_openstack.cleanup.manager [-] Deleting neutron.subnet object s_rally_b8d930a8_hdIcy0EH (39675fe8-6eb3-49eb-93c0-25e868ff51dc)
2019-12-27 21:33:57.005 15 RALLYDEBUG rally_openstack.cleanup.manager [-] Deleting neutron.subnet object s_rally_b8d930a8_xrOSJ3fs (3a0a5461-cb01-420a-b2ca-be4d08db055a)
2019-12-27 21:33:57.010 15 RALLYDEBUG rally_openstack.cleanup.manager [-] Deleting neutron.subnet object s_rally_b8d930a8_uZK5mFVB (3e06d559-30d1-41a2-b583-3520546a5b67)
2019-12-27 21:33:57.055 15 RALLYDEBUG rally_openstack.cleanup.manager [-] Deleting neutron.subnet object s_rally_b8d930a8_n6Hpf40j (46534661-8b7c-4d23-a14d-14bf087d5355)
2019-12-27 21:33:57.083 15 RALLYDEBUG rally_openstack.cleanup.manager [-] Deleting neutron.subnet object s_rally_b8d930a8_UTPevOrn (4b6a28b7-c6be-4842-8d07-7a763718fc86)
2019-12-27 21:33:57.093 15 RALLYDEBUG rally_openstack.cleanup.manager [-] Deleting neutron.subnet object s_rally_b8d930a8_KokChKjU (4b896237-2c30-4aac-b633-6ac8074d746e)
2019-12-27 21:33:57.112 15 RALLYDEBUG rally_openstack.cleanup.manager [-] Deleting neutron.subnet object s_rally_b8d930a8_7KkrmoRs (4fc40665-33f4-4639-ae2d-c21ef46181c9)
2019-12-27 21:33:58.930 15 RALLYDEBUG rally_openstack.cleanup.manager [-] Deleting neutron.subnet object s_rally_b8d930a8_MIKLQlop (527d68e4-5bad-4649-b5bf-e4cc68d09af7)
2019-12-27 21:33:59.019 15 RALLYDEBUG rally_openstack.cleanup.manager [-] Deleting neutron.subnet object s_rally_b8d930a8_8O1k7vCH (58658cef-3a08-4a8e-a81d-995a10cbf0b6)
2019-12-27 21:33:59.028 15 RALLYDEBUG rally_openstack.cleanup.manager [-] Deleting neutron.subnet object s_rally_b8d930a8_4f32OEx2 (5ef8a967-fdfa-435d-9b88-f86164669977)
2019-12-27 21:33:59.063 15 RALLYDEBUG rally_openstack.cleanup.manager [-] Deleting neutron.subnet object s_rally_b8d930a8_Hao7RV56 (5f959541-f2f8-481e-970d-398c7705cbaa)
2019-12-27 21:33:59.098 15 RALLYDEBUG rally_openstack.cleanup.manager [-] Deleting neutron.subnet object s_rally_b8d930a8_dWDFun97 (67c5a5a1-7d44-4cd7-af26-1616867cea52)
2019-12-27 21:33:59.212 15 RALLYDEBUG rally_openstack.cleanup.manager [-] Deleting neutron.subnet object s_rally_b8d930a8_BVZGpiq0 (67d79049-4062-43d5-95ea-60e02fb7dd5c)
2019-12-27 21:33:59.493 15 RALLYDEBUG rally_openstack.cleanup.manager [-] Deleting neutron.subnet object s_rally_b8d930a8_0h0qAYyw (694c1af8-cb34-48bc-ab9a-b061698f9011)
2019-12-27 21:33:59.521 15 RALLYDEBUG rally_openstack.cleanup.manager [-] Deleting neutron.subnet object s_rally_b8d930a8_inpZS7dM (69a19808-6bb6-4698-957b-703c39a1cef4)
2019-12-27 21:33:59.544 15 RALLYDEBUG rally_openstack.cleanup.manager [-] Deleting neutron.subnet object s_rally_b8d930a8_fvrVmsbk (75bf07a1-ee60-4d6b-9ba4-1da3afb3ac47)
2019-12-27 21:33:59.555 15 RALLYDEBUG rally_openstack.cleanup.manager [-] Deleting neutron.subnet object s_rally_b8d930a8_jyGbDL6y (75bf1689-74af-4876-830e-50e4deec94b4)
2019-12-27 21:33:59.947 15 RALLYDEBUG rally_openstack.cleanup.manager [-] Deleting neutron.subnet object s_rally_b8d930a8_6mhPJEAl (79389815-57a0-4a11-bfec-66ea8438b55a)
2019-12-27 21:34:00.018 15 RALLYDEBUG rally_openstack.cleanup.manager [-] Deleting neutron.subnet object s_rally_b8d930a8_wllO5WNT (7d8dd809-8028-42e7-8387-1a556070c00e)
2019-12-27 21:34:00.058 15 RALLYDEBUG rally_openstack.cleanup.manager [-] Deleting neutron.subnet object s_rally_b8d930a8_nWxXZ3ml (7e82ab5b-b03c-479a-806a-da70fee8dc5c)
2019-12-27 21:34:00.172 15 RALLYDEBUG rally_openstack.cleanup.manager [-] Deleting neutron.subnet object s_rally_b8d930a8_XBtWY4hn (850ef869-1069-4315-9c14-2011944e9b3b)
2019-12-27 21:34:00.358 15 RALLYDEBUG rally_openstack.cleanup.manager [-] Deleting neutron.subnet object s_rally_b8d930a8_mewGnD1E (899feea4-4a64-4a87-9bf9-66954bb28b83)
2019-12-27 21:34:00.369 15 RALLYDEBUG rally_openstack.cleanup.manager [-] Deleting neutron.subnet object s_rally_b8d930a8_NNMmtAoP (8d02588e-be06-4cb5-99ee-64bd98801a41)
2019-12-27 21:34:00.396 15 RALLYDEBUG rally_openstack.cleanup.manager [-] Deleting neutron.subnet object s_rally_b8d930a8_XWOZXvGZ (914229e2-9f06-416a-8afb-7901b166352c)
2019-12-27 21:34:00.613 15 RALLYDEBUG rally_openstack.cleanup.manager [-] Deleting neutron.subnet object s_rally_b8d930a8_VvcFPWnh (94201e02-e0ab-4d6c-b1b3-289652b9a32e)
2019-12-27 21:34:00.672 15 RALLYDEBUG rally_openstack.cleanup.manager [-] Deleting neutron.subnet object s_rally_b8d930a8_oHRPyhZX (949963ac-7e3b-4d31-8221-381dc310146f)
2019-12-27 21:34:00.701 15 RALLYDEBUG rally_openstack.cleanup.manager [-] Deleting neutron.subnet object s_rally_b8d930a8_Yxovhwpg (94c0cebc-a9e9-4355-9941-2a3284e1f11f)
2019-12-27 21:34:00.896 15 RALLYDEBUG rally_openstack.cleanup.manager [-] Deleting neutron.subnet object s_rally_b8d930a8_MWG2SpZv (95b402ba-a890-412a-8bd7-46536d9bb4e2)
2019-12-27 21:34:00.933 15 RALLYDEBUG rally_openstack.cleanup.manager [-] Deleting neutron.subnet object s_rally_b8d930a8_PT91AKIW (95e8c00f-1292-42c4-9210-8c23dbbea028)
2019-12-27 21:34:01.354 15 RALLYDEBUG rally_openstack.cleanup.manager [-] Deleting neutron.subnet object s_rally_b8d930a8_WlrgDRkD (96d6e728-2a57-4833-a9a2-265d41c2ad69)
2019-12-27 21:34:01.615 15 RALLYDEBUG rally_openstack.cleanup.manager [-] Deleting neutron.subnet object s_rally_b8d930a8_Umn8IGEP (9a0e54d6-f2ab-49e9-8ae0-c41b12596f44)
2019-12-27 21:34:01.689 15 RALLYDEBUG rally_openstack.cleanup.manager [-] Deleting neutron.subnet object s_rally_b8d930a8_4uhc1QrV (9aeae8c9-754b-4500-a752-9d1aec742871)
2019-12-27 21:34:01.694 15 RALLYDEBUG rally_openstack.cleanup.manager [-] Deleting neutron.subnet object s_rally_b8d930a8_NVibU6H2 (9b417c12-df02-4599-9aa1-3fa78b9afc29)
2019-12-27 21:34:01.707 15 RALLYDEBUG rally_openstack.cleanup.manager [-] Deleting neutron.subnet object s_rally_b8d930a8_rzhJYYSR (9f383779-a846-435d-94c7-c984845fa683)
2019-12-27 21:34:01.751 15 RALLYDEBUG rally_openstack.cleanup.manager [-] Deleting neutron.subnet object s_rally_b8d930a8_sI1EQvk8 (a085a4e5-576c-4edc-bf5c-4578695c6c35)
2019-12-27 21:34:01.894 15 RALLYDEBUG rally_openstack.cleanup.manager [-] Deleting neutron.subnet object s_rally_b8d930a8_HH7wHDLF (a0b5482a-af6e-4227-9a2a-56a7e2410c37)
2019-12-27 21:34:01.904 15 RALLYDEBUG rally_openstack.cleanup.manager [-] Deleting neutron.subnet object s_rally_b8d930a8_OTkoJ6Ft (a4149166-380b-4e95-a9a5-f4eea7b01e3b)
2019-12-27 21:34:01.915 15 RALLYDEBUG rally_openstack.cleanup.manager [-] Deleting neutron.subnet object s_rally_b8d930a8_qjskX89H (a4b0b680-e194-4f90-91f7-7c572908dbbd)
2019-12-27 21:34:01.920 15 RALLYDEBUG rally_openstack.cleanup.manager [-] Deleting neutron.subnet object s_rally_b8d930a8_lJneY8ZT (a8eeb380-7ee2-49bb-928d-ec199e072db1)
2019-12-27 21:34:02.371 15 RALLYDEBUG rally_openstack.cleanup.manager [-] Deleting neutron.subnet object s_rally_b8d930a8_d31xcWQx (acab4703-e484-4ddf-a163-0b1ec47ee8da)
2019-12-27 21:34:02.376 15 RALLYDEBUG rally_openstack.cleanup.manager [-] Deleting neutron.subnet object s_rally_b8d930a8_NVVfwd9C (b02390a3-20f7-4c8a-b9f9-3da240dd4a35)
2019-12-27 21:34:02.707 15 RALLYDEBUG rally_openstack.cleanup.manager [-] Deleting neutron.subnet object s_rally_b8d930a8_CvUegbg0 (b14d9683-3fe6-40c1-952c-810d4147ccf9)
2019-12-27 21:34:02.716 15 RALLYDEBUG rally_openstack.cleanup.manager [-] Deleting neutron.subnet object s_rally_b8d930a8_BA4DBHu1 (b383e853-ebf4-491d-a595-d7df876e15fe)
2019-12-27 21:34:03.050 15 RALLYDEBUG rally_openstack.cleanup.manager [-] Deleting neutron.subnet object s_rally_b8d930a8_r7RBZ0tJ (b6b9a8ff-df76-4f15-b4f4-91d31dc44fe2)
2019-12-27 21:34:03.227 15 RALLYDEBUG rally_openstack.cleanup.manager [-] Deleting neutron.subnet object s_rally_b8d930a8_WAkWVvyb (b930900c-763b-466e-aa2b-528ed9bdb0a9)
2019-12-27 21:34:03.241 15 RALLYDEBUG rally_openstack.cleanup.manager [-] Deleting neutron.subnet object s_rally_b8d930a8_sUBs8g60 (be2bbafe-0eda-4751-b73b-755eeee4cf72)
2019-12-27 21:34:03.271 15 RALLYDEBUG rally_openstack.cleanup.manager [-] Deleting neutron.subnet object s_rally_b8d930a8_AJeUryJb (c20134aa-f1f6-400f-a942-40bfce58dbd2)
2019-12-27 21:34:03.363 15 RALLYDEBUG rally_openstack.cleanup.manager [-] Deleting neutron.subnet object s_rally_b8d930a8_NuV9Nabo (c29fca7c-a73f-4500-82f4-73b4f9327749)
2019-12-27 21:34:03.373 15 RALLYDEBUG rally_openstack.cleanup.manager [-] Deleting neutron.subnet object s_rally_b8d930a8_Cgj0advM (c7503e6b-a140-41df-9b3c-c12ff1bb6e6f)
2019-12-27 21:34:03.449 15 RALLYDEBUG rally_openstack.cleanup.manager [-] Deleting neutron.subnet object s_rally_b8d930a8_73ILxrWk (cc593521-cabe-446b-9d33-434e5623d975)
2019-12-27 21:34:03.456 15 RALLYDEBUG rally_openstack.cleanup.manager [-] Deleting neutron.subnet object s_rally_b8d930a8_fc43w3Vh (ce53cf3e-5225-4b9d-b49a-4315c34b0e3d)
2019-12-27 21:34:03.469 15 RALLYDEBUG rally_openstack.cleanup.manager [-] Deleting neutron.subnet object s_rally_b8d930a8_Xyvtnnjf (d250b4a3-4781-4e0f-812e-6fd2ed103aee)
2019-12-27 21:34:03.753 15 RALLYDEBUG rally_openstack.cleanup.manager [-] Deleting neutron.subnet object s_rally_b8d930a8_HCWqS5Nh (d5d0b71f-e26f-40cd-8aaf-a629077bb462)
2019-12-27 21:34:04.276 15 RALLYDEBUG rally_openstack.cleanup.manager [-] Deleting neutron.subnet object s_rally_b8d930a8_GDmAiB4N (d7756334-68eb-4005-8785-70a7e1b2cc3d)
2019-12-27 21:34:04.297 15 RALLYDEBUG rally_openstack.cleanup.manager [-] Deleting neutron.subnet object s_rally_b8d930a8_yqqpPySF (d77a8ccf-4c0e-4b74-b999-5e29567eefec)
2019-12-27 21:34:04.369 15 RALLYDEBUG rally_openstack.cleanup.manager [-] Deleting neutron.subnet object s_rally_b8d930a8_KerTMw07 (e2261844-84e0-42bc-9e08-260c9c106fd5)
2019-12-27 21:34:04.461 15 RALLYDEBUG rally_openstack.cleanup.manager [-] Deleting neutron.subnet object s_rally_b8d930a8_R6wdPCNO (e3e04798-a8ef-4ee8-a438-d44e8982378e)
2019-12-27 21:34:04.471 15 RALLYDEBUG rally_openstack.cleanup.manager [-] Deleting neutron.subnet object s_rally_b8d930a8_Jp3vDzlO (e4d4870a-4e3b-44d7-910c-d922589a4736)
2019-12-27 21:34:04.791 15 RALLYDEBUG rally_openstack.cleanup.manager [-] Deleting neutron.subnet object s_rally_b8d930a8_kMjneG5Z (e527b23c-6437-4bd6-8c0e-aad4696d74eb)
2019-12-27 21:34:05.050 15 RALLYDEBUG rally_openstack.cleanup.manager [-] Deleting neutron.subnet object s_rally_b8d930a8_aFwD39z9 (e98ad41d-3350-49f3-b88c-c0f01c5111b5)
2019-12-27 21:34:05.062 15 RALLYDEBUG rally_openstack.cleanup.manager [-] Deleting neutron.subnet object s_rally_b8d930a8_1sjlIDve (eb81eb75-7a4f-4826-b8ba-42bf5777a5f3)
2019-12-27 21:34:05.072 15 RALLYDEBUG rally_openstack.cleanup.manager [-] Deleting neutron.subnet object s_rally_b8d930a8_Mhikt8oV (f0e9e3a2-0cea-426c-859d-f47bd6578415)
2019-12-27 21:34:05.109 15 RALLYDEBUG rally_openstack.cleanup.manager [-] Deleting neutron.subnet object s_rally_b8d930a8_J8DtTWyy (f7e82896-d3b2-4140-ac4d-54aa375ef9d9)
2019-12-27 21:34:05.122 15 RALLYDEBUG rally_openstack.cleanup.manager [-] Deleting neutron.subnet object s_rally_b8d930a8_hTeYuO2n (f85a4b71-53ce-4a47-ba16-7c42534b5caa)
2019-12-27 21:34:05.170 15 RALLYDEBUG rally_openstack.cleanup.manager [-] Deleting neutron.subnet object s_rally_b8d930a8_iqMPDrL4 (fa32340b-afee-4c4b-b74f-84e83a922c7e)
2019-12-27 21:34:05.174 15 RALLYDEBUG rally_openstack.cleanup.manager [-] Deleting neutron.subnet object s_rally_b8d930a8_UY2Na0Xx (fcd45c87-af2f-4691-9fa5-d0e2b448d1b0)
2019-12-27 21:34:05.213 15 RALLYDEBUG rally_openstack.cleanup.manager [-] Deleting neutron.subnet object s_rally_b8d930a8_yTT57kBC (fcecebce-9cde-41c2-9551-ac308ee5411c)
2019-12-27 21:34:07.760 15 RALLYDEBUG rally_openstack.cleanup.manager [-] Cleaning up neutron network objects
2019-12-27 21:34:08.096 15 RALLYDEBUG rally_openstack.cleanup.manager [-] Deleting neutron.network object s_rally_b8d930a8_gSZl9Avs (07e22647-9fd5-4db2-90eb-9c57e457889c)
2019-12-27 21:34:08.107 15 RALLYDEBUG rally_openstack.cleanup.manager [-] Deleting neutron.network object s_rally_b8d930a8_WXGGFhdH (0a65a28f-3a58-46c0-abd4-a6fa5dc271db)
2019-12-27 21:34:08.117 15 RALLYDEBUG rally_openstack.cleanup.manager [-] Deleting neutron.network object s_rally_b8d930a8_Y9i8eBGb (0d8dd08d-3c27-489b-a583-166fb2875d68)
2019-12-27 21:34:08.123 15 RALLYDEBUG rally_openstack.cleanup.manager [-] Deleting neutron.network object s_rally_b8d930a8_yjdsfCvo (0db00dfb-b5ab-4267-8ec8-4d6695562fda)
2019-12-27 21:34:08.128 15 RALLYDEBUG rally_openstack.cleanup.manager [-] Deleting neutron.network object s_rally_b8d930a8_WIq1g0ng (13c469de-ce54-4feb-b984-50432716e476)
2019-12-27 21:34:08.134 15 RALLYDEBUG rally_openstack.cleanup.manager [-] Deleting neutron.network object s_rally_b8d930a8_d36eWYCX (25d71835-4467-4928-8d9f-95ffe0183bed)
2019-12-27 21:34:08.139 15 RALLYDEBUG rally_openstack.cleanup.manager [-] Deleting neutron.network object s_rally_b8d930a8_OP0bRJXN (26b5fc4e-89f5-4d7d-9005-347c72d47c14)
2019-12-27 21:34:08.145 15 RALLYDEBUG rally_openstack.cleanup.manager [-] Deleting neutron.network object s_rally_b8d930a8_nawPhpZs (28195f07-a46e-4fa3-97e0-b1cc4a9073f7)
2019-12-27 21:34:08.149 15 RALLYDEBUG rally_openstack.cleanup.manager [-] Deleting neutron.network object s_rally_b8d930a8_gwTH34Xp (2c0788a6-1c10-4530-9a66-4daa5098c8eb)
2019-12-27 21:34:08.174 15 RALLYDEBUG rally_openstack.cleanup.manager [-] Deleting neutron.network object s_rally_b8d930a8_DLvo2BvY (2f78bce3-59a7-4bee-94a1-dab5efe33477)
2019-12-27 21:34:08.184 15 RALLYDEBUG rally_openstack.cleanup.manager [-] Deleting neutron.network object s_rally_b8d930a8_y2r984ho (36a12df8-6cff-46ac-9b36-3c6350019223)
2019-12-27 21:34:08.202 15 RALLYDEBUG rally_openstack.cleanup.manager [-] Deleting neutron.network object s_rally_b8d930a8_EcPUoVUy (3bfe7cfd-159c-4393-98e0-0d8dc08ec661)
2019-12-27 21:34:08.213 15 RALLYDEBUG rally_openstack.cleanup.manager [-] Deleting neutron.network object s_rally_b8d930a8_IX6oo05b (3ef82531-68af-401c-baef-65ccb7a9ba60)
2019-12-27 21:34:08.219 15 RALLYDEBUG rally_openstack.cleanup.manager [-] Deleting neutron.network object s_rally_b8d930a8_B1qFASdD (3f231336-2b45-4a13-bed7-7e115bef36a4)
2019-12-27 21:34:08.233 15 RALLYDEBUG rally_openstack.cleanup.manager [-] Deleting neutron.network object s_rally_b8d930a8_kJch2iKX (51a8b629-34cd-4cfa-9b71-cd5be5105b43)
2019-12-27 21:34:08.253 15 RALLYDEBUG rally_openstack.cleanup.manager [-] Deleting neutron.network object s_rally_b8d930a8_5gZ6Q2WE (571966e8-3d05-402c-a937-cad8242caeec)
2019-12-27 21:34:08.287 15 RALLYDEBUG rally_openstack.cleanup.manager [-] Deleting neutron.network object s_rally_b8d930a8_JF6WRrqb (5913ba1a-daab-4beb-8b10-2e594d3444a3)
2019-12-27 21:34:08.304 15 RALLYDEBUG rally_openstack.cleanup.manager [-] Deleting neutron.network object s_rally_b8d930a8_tewTsLVd (6748c1cc-0882-4423-8849-4c34363cc6dd)
2019-12-27 21:34:08.320 15 RALLYDEBUG rally_openstack.cleanup.manager [-] Deleting neutron.network object s_rally_b8d930a8_FMudD2im (78d33c4d-2eb5-407d-a227-3acccad3a9dd)
2019-12-27 21:34:08.374 15 RALLYDEBUG rally_openstack.cleanup.manager [-] Deleting neutron.network object s_rally_b8d930a8_6sGKy66f (79b71ea6-77ca-44f5-bdbe-7d2d083b44fa)
2019-12-27 21:34:10.442 15 RALLYDEBUG rally_openstack.cleanup.manager [-] Deleting neutron.network object s_rally_b8d930a8_bhDo4aqL (849f403c-762b-4499-9684-a0babbee2ed2)
2019-12-27 21:34:10.475 15 RALLYDEBUG rally_openstack.cleanup.manager [-] Deleting neutron.network object s_rally_b8d930a8_oISHIlzG (9464f6b1-61b2-4e8a-be9d-39fa579c151d)
2019-12-27 21:34:10.502 15 RALLYDEBUG rally_openstack.cleanup.manager [-] Deleting neutron.network object s_rally_b8d930a8_Irqk98mw (95f4e973-482a-4b55-8784-ae9b83320879)
2019-12-27 21:34:10.653 15 RALLYDEBUG rally_openstack.cleanup.manager [-] Deleting neutron.network object s_rally_b8d930a8_prUpmr0d (9f8df84a-04a6-487f-ae35-069ae6013283)
2019-12-27 21:34:10.863 15 RALLYDEBUG rally_openstack.cleanup.manager [-] Deleting neutron.network object s_rally_b8d930a8_sn3lw6T2 (a2075678-a7a6-41f1-b86f-061881260b9f)
2019-12-27 21:34:10.872 15 RALLYDEBUG rally_openstack.cleanup.manager [-] Deleting neutron.network object s_rally_b8d930a8_KOYziyAa (abf74209-819f-4971-a356-894cdbcc6447)
2019-12-27 21:34:10.922 15 RALLYDEBUG rally_openstack.cleanup.manager [-] Deleting neutron.network object s_rally_b8d930a8_8X2gEzK4 (c222f503-aa47-403c-af61-f02b487f5372)
2019-12-27 21:34:11.002 15 RALLYDEBUG rally_openstack.cleanup.manager [-] Deleting neutron.network object s_rally_b8d930a8_bkX6WGl6 (c2a8d9a1-8e45-443c-8374-91762afb2f51)
2019-12-27 21:34:11.005 15 RALLYDEBUG rally_openstack.cleanup.manager [-] Deleting neutron.network object s_rally_b8d930a8_4ySNuc8a (c4ba3cd3-0468-471c-81a3-9d6265c16de0)
2019-12-27 21:34:11.158 15 RALLYDEBUG rally_openstack.cleanup.manager [-] Deleting neutron.network object s_rally_b8d930a8_aqwOiPkg (c56da9ce-c1bc-447a-a114-b943ad13c90b)
2019-12-27 21:34:11.167 15 RALLYDEBUG rally_openstack.cleanup.manager [-] Deleting neutron.network object s_rally_b8d930a8_lpT7K61c (c71ec938-a26e-4fd1-a7f6-e4d385611bf2)
2019-12-27 21:34:11.224 15 RALLYDEBUG rally_openstack.cleanup.manager [-] Deleting neutron.network object s_rally_b8d930a8_WeS5yyJ9 (cb06010a-5e8d-45c0-8272-50b4dd2e3b3f)
2019-12-27 21:34:11.259 15 RALLYDEBUG rally_openstack.cleanup.manager [-] Deleting neutron.network object s_rally_b8d930a8_XimVQmpL (cd84ecdc-e86b-48e2-a616-98f7aabdfd68)
2019-12-27 21:34:11.263 15 RALLYDEBUG rally_openstack.cleanup.manager [-] Deleting neutron.network object s_rally_b8d930a8_oXNly6ex (da320c81-15bd-41bb-a11f-5328025497d3)
2019-12-27 21:34:11.273 15 RALLYDEBUG rally_openstack.cleanup.manager [-] Deleting neutron.network object s_rally_b8d930a8_ktbL4h7q (da62ad94-da24-49cb-95e5-7d9dcca3ae3e)
2019-12-27 21:34:11.425 15 RALLYDEBUG rally_openstack.cleanup.manager [-] Deleting neutron.network object s_rally_b8d930a8_pSf9H65F (ea8c3f66-8103-4261-bcbc-3ded5b602e51)
2019-12-27 21:34:11.494 15 RALLYDEBUG rally_openstack.cleanup.manager [-] Deleting neutron.network object s_rally_b8d930a8_JFCoH4Fh (ebe87eee-f591-4fc1-b3ae-aeebff146122)
2019-12-27 21:34:11.505 15 RALLYDEBUG rally_openstack.cleanup.manager [-] Deleting neutron.network object s_rally_b8d930a8_WSuLFlhP (ec9b142b-39e4-4e2f-9ffd-a74d545ebcb3)
2019-12-27 21:34:11.886 15 RALLYDEBUG rally_openstack.cleanup.manager [-] Deleting neutron.network object s_rally_b8d930a8_JKIG7mPm (f2ed3962-63c9-4a3d-9839-bc73d008b395)
2019-12-27 21:34:11.905 15 RALLYDEBUG rally_openstack.cleanup.manager [-] Deleting neutron.network object s_rally_b8d930a8_56EnjmDO (fa105757-ae1a-480a-ae85-5e4bbd8eacf4)
2019-12-27 21:34:14.785 15 RALLYDEBUG rally_openstack.cleanup.manager [-] Cleaning up neutron router objects
2019-12-27 21:34:15.005 15 RALLYDEBUG rally_openstack.cleanup.manager [-] Cleaning up neutron security_group objects
2019-12-27 21:34:15.212 15 INFO rally.task.context [-] Task f527893f-5cff-43db-b69f-849e9c95c15e | Context cleanup@openstack cleanup() finished in 20.26 sec
2019-12-27 21:34:15.212 15 INFO rally.task.context [-] Task f527893f-5cff-43db-b69f-849e9c95c15e | Context quotas@openstack cleanup() started
2019-12-27 21:34:15.231 15 INFO rally.task.context [-] Task f527893f-5cff-43db-b69f-849e9c95c15e | Context quotas@openstack cleanup() finished in 18.54 msec
2019-12-27 21:34:15.231 15 INFO rally.task.context [-] Task f527893f-5cff-43db-b69f-849e9c95c15e | Context users@openstack cleanup() started
2019-12-27 21:34:16.523 15 INFO rally.task.context [-] Task f527893f-5cff-43db-b69f-849e9c95c15e | Context users@openstack cleanup() finished in 1.29 sec
2019-12-27 21:34:18.078 15 INFO rally.task.engine [-] Load duration is: 49.830087
2019-12-27 21:34:18.078 15 INFO rally.task.engine [-] Full runner duration is: 49.872386
2019-12-27 21:34:18.079 15 INFO rally.task.engine [-] Full duration is: 72.799978
2019-12-27 21:34:18.198 15 INFO rally.task.engine [-] Running workload: position = 0 config = { "version": 2, "title": "A cropped version of a bigger task.", "description": "Auto-generated task from a single workload (uuid=81cf8b6f-8877-4613-8515-d7053f9111c6)", "subtasks": [ { "title": "NeutronNetworks.create_and_list_ports", "description": "Check performance of list ports action and ensure > network quotas are not exceeded", "scenario": { "NeutronNetworks.create_and_list_ports": { "network_create_args": null, "port_create_args": null, "ports_per_network": 50 } }, "contexts": { "users": { "tenants": 1, "users_per_tenant": 1 }, "quotas": { "neutron": { "network": -1, "subnet": -1, "router": -1, "port": 811 } } }, "runner": { "constant": { "times": 8, "concurrency": 4 } }, "hooks": [], "sla": { "max_avg_duration_per_atomic": { "neutron.list_ports": 15 }, "failure_rate": { "max": 0 } } } ] }
2019-12-27 21:34:18.223 15 RALLYDEBUG rally_openstack.contexts.keystone.users [-] Creating 1 tenants using 20 threads
2019-12-27 21:34:18.629 15 RALLYDEBUG rally_openstack.contexts.keystone.users [-] Creating 1 users using 20 threads
2019-12-27 21:34:19.251 15 INFO rally.task.context [-] Task f527893f-5cff-43db-b69f-849e9c95c15e | Context users@openstack setup() finished in 1.03 sec
2019-12-27 21:34:19.553 15 INFO rally.task.context [-] Task f527893f-5cff-43db-b69f-849e9c95c15e | Context quotas@openstack setup() finished in 0.30 sec
2019-12-27 21:34:19.554 15 INFO rally.task.context [-] Task f527893f-5cff-43db-b69f-849e9c95c15e | Context cleanup@openstack setup() finished in 0.02 msec
2019-12-27 21:34:19.563 15 RALLYDEBUG rally.task.runner [-] Starting the constant runner (task UUID: f527893f-5cff-43db-b69f-849e9c95c15e). times: 8 concurrency: 4 timeout: 0 max_cpu_used: 88 processes_to_start: 4 concurrency_per_worker: 1 concurrency_overhead: 0
2019-12-27 21:34:19.573 3877 RALLYDEBUG rally.task.runner [-] Starting a worker. times: 8 duration: None concurrency: 1 timeout: 0 cls: method_name: run args: {"network_create_args": null, "port_create_args": null, "ports_per_network": 50}
2019-12-27 21:34:19.576 3878 RALLYDEBUG rally.task.runner [-] Starting a worker. times: 8 duration: None concurrency: 1 timeout: 0 cls: method_name: run args: {"network_create_args": null, "port_create_args": null, "ports_per_network": 50}
2019-12-27 21:34:19.578 3877 INFO rally.task.runner [-] Task f527893f-5cff-43db-b69f-849e9c95c15e | ITER: 1 START
2019-12-27 21:34:19.578 3879 RALLYDEBUG rally.task.runner [-] Starting a worker. times: 8 duration: None concurrency: 1 timeout: 0 cls: method_name: run args: {"network_create_args": null, "port_create_args": null, "ports_per_network": 50}
2019-12-27 21:34:19.580 3877 WARNING rally_openstack.scenarios.neutron.utils [-] Running this scenario without either the 'network' or 'existing_network' context is deprecated
2019-12-27 21:34:19.581 3878 INFO rally.task.runner [-] Task f527893f-5cff-43db-b69f-849e9c95c15e | ITER: 2 START
2019-12-27 21:34:19.581 3880 RALLYDEBUG rally.task.runner [-] Starting a worker. times: 8 duration: None concurrency: 1 timeout: 0 cls: method_name: run args: {"network_create_args": null, "port_create_args": null, "ports_per_network": 50}
2019-12-27 21:34:19.582 3878 WARNING rally_openstack.scenarios.neutron.utils [-] Running this scenario without either the 'network' or 'existing_network' context is deprecated
2019-12-27 21:34:19.583 3879 INFO rally.task.runner [-] Task f527893f-5cff-43db-b69f-849e9c95c15e | ITER: 3 START
2019-12-27 21:34:19.585 3879 WARNING rally_openstack.scenarios.neutron.utils [-] Running this scenario without either the 'network' or 'existing_network' context is deprecated
2019-12-27 21:34:19.586 3880 INFO rally.task.runner [-] Task f527893f-5cff-43db-b69f-849e9c95c15e | ITER: 4 START
2019-12-27 21:34:19.587 3880 WARNING rally_openstack.scenarios.neutron.utils [-] Running this scenario without either the 'network' or 'existing_network' context is deprecated
2019-12-27 21:34:57.565 3878 INFO rally.task.runner [-] Task f527893f-5cff-43db-b69f-849e9c95c15e | ITER: 2 END: OK
2019-12-27 21:34:57.571 3878 INFO rally.task.runner [-] Task f527893f-5cff-43db-b69f-849e9c95c15e | ITER: 5 START
2019-12-27 21:34:57.572 3878 WARNING rally_openstack.scenarios.neutron.utils [-] Running this scenario without either the 'network' or 'existing_network' context is deprecated
2019-12-27 21:35:36.095 3878 INFO rally.task.runner [-] Task f527893f-5cff-43db-b69f-849e9c95c15e | ITER: 5 END: OK
2019-12-27 21:35:36.100 3878 INFO rally.task.runner [-] Task f527893f-5cff-43db-b69f-849e9c95c15e | ITER: 6 START
2019-12-27 21:35:36.101 3878 WARNING rally_openstack.scenarios.neutron.utils [-] Running this scenario without either the 'network' or 'existing_network' context is deprecated
2019-12-27 21:36:07.187 3879 INFO rally.task.runner [-] Task f527893f-5cff-43db-b69f-849e9c95c15e | ITER: 3 END: OK
2019-12-27 21:36:07.191 3879 INFO rally.task.runner [-] Task f527893f-5cff-43db-b69f-849e9c95c15e | ITER: 7 START
2019-12-27 21:36:07.192 3879 WARNING rally_openstack.scenarios.neutron.utils [-] Running this scenario without either the 'network' or 'existing_network' context is deprecated
2019-12-27 21:36:09.075 3877 INFO rally.task.runner [-] Task f527893f-5cff-43db-b69f-849e9c95c15e | ITER: 1 END: OK
2019-12-27 21:36:09.081 3877 INFO rally.task.runner [-] Task f527893f-5cff-43db-b69f-849e9c95c15e | ITER: 8 START
2019-12-27 21:36:09.082 3877 WARNING rally_openstack.scenarios.neutron.utils [-] Running this scenario without either the 'network' or 'existing_network' context is deprecated
2019-12-27 21:36:10.111 3880 INFO rally.task.runner [-] Task f527893f-5cff-43db-b69f-849e9c95c15e | ITER: 4 END: OK
2019-12-27 21:36:14.635 3878 INFO rally.task.runner [-] Task f527893f-5cff-43db-b69f-849e9c95c15e | ITER: 6 END: OK
2019-12-27 21:36:47.491 3877 INFO rally.task.runner [-] Task f527893f-5cff-43db-b69f-849e9c95c15e | ITER: 8 END: OK
2019-12-27 21:36:48.275 3879 INFO rally.task.runner [-] Task f527893f-5cff-43db-b69f-849e9c95c15e | ITER: 7 END: OK
2019-12-27 21:36:48.300 15 INFO rally.task.context [-] Task f527893f-5cff-43db-b69f-849e9c95c15e | Context cleanup@openstack cleanup() started
2019-12-27 21:36:48.306 15 RALLYDEBUG rally_openstack.cleanup.manager [-] Cleaning up neutron vip objects
2019-12-27 21:36:48.479 15 RALLYDEBUG rally_openstack.cleanup.manager [-] Cleaning up neutron health_monitor objects
2019-12-27 21:36:48.633 15 RALLYDEBUG rally_openstack.cleanup.manager [-] Cleaning up neutron pool objects
2019-12-27 21:36:48.765 15 RALLYDEBUG rally_openstack.cleanup.manager [-] Cleaning up neutron loadbalancer objects
2019-12-27 21:36:48.904 15 RALLYDEBUG rally_openstack.cleanup.manager [-] Cleaning up neutron floatingip objects
2019-12-27 21:36:49.132 15 RALLYDEBUG rally_openstack.cleanup.manager [-] Cleaning up neutron trunk objects
2019-12-27 21:36:49.282 15 RALLYDEBUG rally_openstack.cleanup.manager [-] Cleaning up neutron port objects
2019-12-27 21:36:50.853 15 RALLYDEBUG rally_openstack.cleanup.manager [-] Deleting neutron.port object s_rally_81cf8b6f_Yjw2RXaA (0065c20a-d290-44b0-808f-83dee2d4002e)
2019-12-27 21:36:50.859 15 RALLYDEBUG rally_openstack.cleanup.manager [-] Deleting neutron.port object s_rally_81cf8b6f_RhOaY9Bq (01dbbd5e-48cd-49e9-9015-7930aef07f38)
2019-12-27 21:36:50.866 15 RALLYDEBUG rally_openstack.cleanup.manager [-] Deleting neutron.port object s_rally_81cf8b6f_HM5MRWe3 (031d9728-4311-400a-9f9c-e6bf5c12850f)
2019-12-27 21:36:50.875 15 RALLYDEBUG rally_openstack.cleanup.manager [-] Deleting neutron.port object s_rally_81cf8b6f_rUScmiBd (03e6006e-637b-4e86-bcfa-96c9748ebc53)
2019-12-27 21:36:50.889 15 RALLYDEBUG rally_openstack.cleanup.manager [-] Deleting neutron.port object s_rally_81cf8b6f_Bm4xJnN9 (03f2b30e-81dd-4df6-9c9d-a1276e3b031d)
2019-12-27 21:36:50.895 15 RALLYDEBUG rally_openstack.cleanup.manager [-] Deleting neutron.port object s_rally_81cf8b6f_4NEitkml (040a438d-c778-4293-8e9b-7d875034d72b)
2019-12-27 21:36:50.900 15 RALLYDEBUG rally_openstack.cleanup.manager [-] Deleting neutron.port object s_rally_81cf8b6f_3uC9DPIP (048bd808-08d1-4a0e-af0e-aab863b47759)
2019-12-27 21:36:50.913 15 RALLYDEBUG rally_openstack.cleanup.manager [-] Deleting neutron.port object s_rally_81cf8b6f_RFcg42pw (04f7b0fb-38c5-4833-b36f-5d7e8c22fb83)
