2019-12-27 21:37:21.867 15 RALLYDEBUG rally_openstack.cleanup.manager [-] Deleting neutron.port object s_rally_81cf8b6f_5gsguJ0n (bfd093a8-d1c8-48d8-b8c6-74fb95eed20b)
2019-12-27 21:37:21.910 15 RALLYDEBUG rally_openstack.cleanup.manager [-] Deleting neutron.port object s_rally_81cf8b6f_eDeN0Znv (c2663cdf-39a4-4eb6-95c2-ed80dfe7730b)
2019-12-27 21:37:21.971 15 RALLYDEBUG rally_openstack.cleanup.manager [-] Deleting neutron.port object s_rally_81cf8b6f_EqEbzyq3 (c2be5db5-c88b-441d-8597-eee42a900cb5)
2019-12-27 21:37:21.990 15 RALLYDEBUG rally_openstack.cleanup.manager [-] Deleting neutron.port object s_rally_81cf8b6f_T74IjqYT (c2fc5f27-48bd-46bf-829a-db4c1bf1d4d1)
2019-12-27 21:37:22.006 15 RALLYDEBUG rally_openstack.cleanup.manager [-] Deleting neutron.port object s_rally_81cf8b6f_GkP6QcA2 (c358b6a3-297b-40f8-a07b-2e7e764e2edd)
2019-12-27 21:37:22.283 15 RALLYDEBUG rally_openstack.cleanup.manager [-] Deleting neutron.port object s_rally_81cf8b6f_F2BfQV6Q (c37b20e3-e331-435c-8ff1-46609c473297)
2019-12-27 21:37:22.406 15 RALLYDEBUG rally_openstack.cleanup.manager [-] Deleting neutron.port object s_rally_81cf8b6f_Eux4vVbB (c5a2c05b-6390-4589-be39-e27228c2a663)
2019-12-27 21:37:22.507 15 RALLYDEBUG rally_openstack.cleanup.manager [-] Deleting neutron.port object s_rally_81cf8b6f_JZQseier (c7761d08-3560-4533-a2a7-51b9f077eccf)
2019-12-27 21:37:22.583 15 RALLYDEBUG rally_openstack.cleanup.manager [-] Deleting neutron.port object s_rally_81cf8b6f_c9Gr7EYP (c7ced926-283a-4caf-9a03-4a1863671f8d)
2019-12-27 21:37:22.699 15 RALLYDEBUG rally_openstack.cleanup.manager [-] Deleting neutron.port object s_rally_81cf8b6f_6O83ZptV (c825b77d-2c1f-443c-aba4-562b70ca615a)
2019-12-27 21:37:22.832 15 RALLYDEBUG rally_openstack.cleanup.manager [-] Deleting neutron.port object s_rally_81cf8b6f_QKC7mbo0 (c842cbd5-b748-4df6-8094-2826d4e374be)
2019-12-27 21:37:23.038 15 RALLYDEBUG rally_openstack.cleanup.manager [-] Deleting neutron.port object s_rally_81cf8b6f_jmCc2a7s (c8eab641-8d84-49a7-be37-d1fa6541edb8)
2019-12-27 21:37:23.059 15 RALLYDEBUG rally_openstack.cleanup.manager [-] Deleting neutron.port object s_rally_81cf8b6f_cwDngjPT (c94e7275-fc56-4b22-b478-fc3d99420e86)
2019-12-27 21:37:23.198 15 RALLYDEBUG rally_openstack.cleanup.manager [-] Deleting neutron.port object s_rally_81cf8b6f_5JgCG5Fj (c9a4db06-8a09-4d61-a4ba-c3a55cd35c56)
2019-12-27 21:37:23.434 15 RALLYDEBUG rally_openstack.cleanup.manager [-] Deleting neutron.port object s_rally_81cf8b6f_VJTNqlJQ (cb6e75b3-d6c8-4205-b110-b3f405e63032)
2019-12-27 21:37:23.445 15 RALLYDEBUG rally_openstack.cleanup.manager [-] Deleting neutron.port object s_rally_81cf8b6f_fsvjChaj (cb85d0f9-9efa-441b-98c4-acbe0f593bf2)
2019-12-27 21:37:23.523 15 RALLYDEBUG rally_openstack.cleanup.manager [-] Deleting neutron.port object s_rally_81cf8b6f_6j5MOS64 (cbae49b4-7db2-44ac-aa6b-78f33c1b67f7)
2019-12-27 21:37:23.594 15 RALLYDEBUG rally_openstack.cleanup.manager [-] Deleting neutron.port object s_rally_81cf8b6f_zv2vHPI8 (cc43156f-7b93-4b1e-b2a3-9d9e293157d6)
2019-12-27 21:37:23.616 15 RALLYDEBUG rally_openstack.cleanup.manager [-] Deleting neutron.port object s_rally_81cf8b6f_cuyJ2kbm (cc9d4ef6-c12a-4008-8bd7-63d22145c8a7)
2019-12-27 21:37:23.633 15 RALLYDEBUG rally_openstack.cleanup.manager [-] Deleting neutron.port object s_rally_81cf8b6f_18IZwHWv (ccb84f87-355d-4828-afa6-701e6568623e)
2019-12-27 21:37:23.638 15 RALLYDEBUG rally_openstack.cleanup.manager [-] Deleting neutron.port object s_rally_81cf8b6f_jZBbXB7O (ccc95379-aeb7-4cfd-a07e-4f575cd14425)
2019-12-27 21:37:23.661 15 RALLYDEBUG rally_openstack.cleanup.manager [-] Deleting neutron.port object s_rally_81cf8b6f_9NXMJJqU (ce203633-1aa9-45b8-8b77-69f79749ec80)
2019-12-27 21:37:23.925 15 RALLYDEBUG rally_openstack.cleanup.manager [-] Deleting neutron.port object s_rally_81cf8b6f_IxpjhQC9 (ce6db45c-464d-47cb-9ed4-63c397e399a0)
2019-12-27 21:37:23.972 15 RALLYDEBUG rally_openstack.cleanup.manager [-] Deleting neutron.port object s_rally_81cf8b6f_hM4FjhQS (d03d6bb6-d0e3-468f-8a9e-6a71667fa5bf)
2019-12-27 21:37:24.117 15 RALLYDEBUG rally_openstack.cleanup.manager [-] Deleting neutron.port object s_rally_81cf8b6f_URafxI5g (d058d749-bbd9-43a6-bf9d-104d9fb39593)
2019-12-27 21:37:24.243 15 RALLYDEBUG rally_openstack.cleanup.manager [-] Deleting neutron.port object s_rally_81cf8b6f_souhSQxV (d09ffb52-a05f-4bb1-a345-c406792fe1f9)
2019-12-27 21:37:24.273 15 RALLYDEBUG rally_openstack.cleanup.manager [-] Deleting neutron.port object s_rally_81cf8b6f_6taBzyw8 (d0cc0ce8-f621-448c-8347-fd7ba4a2b64f)
2019-12-27 21:37:24.299 15 RALLYDEBUG rally_openstack.cleanup.manager [-] Deleting neutron.port object s_rally_81cf8b6f_H9mSO6Wt (d12e29e7-7f51-41fc-bf68-0d02e47a252c)
2019-12-27 21:37:24.404 15 RALLYDEBUG rally_openstack.cleanup.manager [-] Deleting neutron.port object s_rally_81cf8b6f_pgyC7SiC (d1e52f5a-a942-47ea-b4ed-e529ba587859)
2019-12-27 21:37:24.661 15 RALLYDEBUG rally_openstack.cleanup.manager [-] Deleting neutron.port object s_rally_81cf8b6f_wlzcqSSI (d1edc13d-5150-4594-9635-60a17219cd35)
2019-12-27 21:37:24.681 15 RALLYDEBUG rally_openstack.cleanup.manager [-] Deleting neutron.port object s_rally_81cf8b6f_nAwB0ut5 (d52db130-febd-4d78-9ac2-2dc3ebc5c131)
2019-12-27 21:37:24.848 15 RALLYDEBUG rally_openstack.cleanup.manager [-] Deleting neutron.port object s_rally_81cf8b6f_nxyxkK3B (d609d615-4038-4660-b17a-2608ac813b72)
2019-12-27 21:37:25.060 15 RALLYDEBUG rally_openstack.cleanup.manager [-] Deleting neutron.port object s_rally_81cf8b6f_vTiu06tg (d6829889-bc41-475e-8d65-04602a2f736a)
2019-12-27 21:37:25.119 15 RALLYDEBUG rally_openstack.cleanup.manager [-] Deleting neutron.port object s_rally_81cf8b6f_02DpAnry (d725da51-e29c-4c84-b5e7-94aba2920a01)
2019-12-27 21:37:25.216 15 RALLYDEBUG rally_openstack.cleanup.manager [-] Deleting neutron.port object s_rally_81cf8b6f_8n7hAlSo (d763a8b8-040e-47ee-bb81-d57c9203aa1f)
2019-12-27 21:37:25.236 15 RALLYDEBUG rally_openstack.cleanup.manager [-] Deleting neutron.port object s_rally_81cf8b6f_ZvNejWQq (d831a491-5d4c-4ff2-906a-34a577fe282c)
2019-12-27 21:37:25.303 15 RALLYDEBUG rally_openstack.cleanup.manager [-] Deleting neutron.port object s_rally_81cf8b6f_tUcRMeEQ (d8da3f05-0fc6-45ae-8388-714c255fd88e)
2019-12-27 21:37:25.321 15 RALLYDEBUG rally_openstack.cleanup.manager [-] Deleting neutron.port object s_rally_81cf8b6f_tzewSWHU (da20508a-0d14-4b76-9dc0-3ac2a71db11e)
2019-12-27 21:37:25.422 15 RALLYDEBUG rally_openstack.cleanup.manager [-] Deleting neutron.port object s_rally_81cf8b6f_WHSP8oVc (da72c7cd-ee53-4576-b4c6-574dac6a7a21)
2019-12-27 21:37:25.574 15 RALLYDEBUG rally_openstack.cleanup.manager [-] Deleting neutron.port object s_rally_81cf8b6f_TZBm3jWZ (daa4882d-c90d-4706-a144-ecaf6df60444)
2019-12-27 21:37:25.649 15 RALLYDEBUG rally_openstack.cleanup.manager [-] Deleting neutron.port object s_rally_81cf8b6f_es2CJif7 (df718b94-c61a-4e85-b766-28f7887da4a8)
2019-12-27 21:37:25.773 15 RALLYDEBUG rally_openstack.cleanup.manager [-] Deleting neutron.port object s_rally_81cf8b6f_Gabd2Y9j (e033c8db-4b7f-4942-b9e9-e6c0a9436e2f)
2019-12-27 21:37:25.863 15 RALLYDEBUG rally_openstack.cleanup.manager [-] Deleting neutron.port object s_rally_81cf8b6f_va1Vb3gO (e2953a80-5c5c-4908-965e-3f723974d4cc)
2019-12-27 21:37:25.874 15 RALLYDEBUG rally_openstack.cleanup.manager [-] Deleting neutron.port object s_rally_81cf8b6f_8Cx1ryVp (e35b1224-2c1d-49c6-b5fc-8f1e687bfa7f)
2019-12-27 21:37:25.951 15 RALLYDEBUG rally_openstack.cleanup.manager [-] Deleting neutron.port object s_rally_81cf8b6f_O2jYE6cX (e431fece-665a-4956-8f8f-a795ad1bd7fe)
2019-12-27 21:37:25.964 15 RALLYDEBUG rally_openstack.cleanup.manager [-] Deleting neutron.port object s_rally_81cf8b6f_oiccSaPN (e4bcaee7-6cc1-46ff-8a7a-af851e432fc8)
2019-12-27 21:37:26.120 15 RALLYDEBUG rally_openstack.cleanup.manager [-] Deleting neutron.port object s_rally_81cf8b6f_DWmTmqJV (e4e16d65-6c01-4ba1-b3ae-a541be8e784e)
2019-12-27 21:37:26.161 15 RALLYDEBUG rally_openstack.cleanup.manager [-] Deleting neutron.port object s_rally_81cf8b6f_t0ybI1SQ (e5f4e2de-d408-41cb-875a-2f650c252237)
2019-12-27 21:37:26.171 15 RALLYDEBUG rally_openstack.cleanup.manager [-] Deleting neutron.port object s_rally_81cf8b6f_OvbFyQxG (e695d771-f2bc-48af-9859-2224332c416c)
2019-12-27 21:37:26.262 15 RALLYDEBUG rally_openstack.cleanup.manager [-] Deleting neutron.port object s_rally_81cf8b6f_IILrMr1Y (e696f278-5585-477d-9f8b-55f60032ee4a)
2019-12-27 21:37:26.352 15 RALLYDEBUG rally_openstack.cleanup.manager [-] Deleting neutron.port object s_rally_81cf8b6f_UsTpGwmT (e74242be-bd20-47a9-8a71-b5b673f9b28b)
2019-12-27 21:37:26.726 15 RALLYDEBUG rally_openstack.cleanup.manager [-] Deleting neutron.port object s_rally_81cf8b6f_BEccStA8 (e7a8d21c-e20f-454d-bd10-47da6c161c4b)
2019-12-27 21:37:26.799 15 RALLYDEBUG rally_openstack.cleanup.manager [-] Deleting neutron.port object s_rally_81cf8b6f_xZoIoCNU (e7f26ac9-f7fb-4984-82d9-207412ec8f3e)
2019-12-27 21:37:26.892 15 RALLYDEBUG rally_openstack.cleanup.manager [-] Deleting neutron.port object s_rally_81cf8b6f_awmSUAHH (e89c88d5-260c-486e-8fc3-4271fafc5b24)
2019-12-27 21:37:26.973 15 RALLYDEBUG rally_openstack.cleanup.manager [-] Deleting neutron.port object s_rally_81cf8b6f_OwLaPjz3 (e8ff7c8d-da05-4741-9b30-7fd3a439d79a)
2019-12-27 21:37:27.166 15 RALLYDEBUG rally_openstack.cleanup.manager [-] Deleting neutron.port object s_rally_81cf8b6f_sQ1xBZFQ (e99714f9-5c5f-4a69-8c33-c107e3c67b9a)
2019-12-27 21:37:27.212 15 RALLYDEBUG rally_openstack.cleanup.manager [-] Deleting neutron.port object s_rally_81cf8b6f_EzhZvvkL (e997a45b-a452-47d2-85f1-ecb54befb738)
2019-12-27 21:37:27.254 15 RALLYDEBUG rally_openstack.cleanup.manager [-] Deleting neutron.port object s_rally_81cf8b6f_kDrJIfZC (ea11abb8-4bc5-4818-a859-e1f0af6ff660)
2019-12-27 21:37:27.412 15 RALLYDEBUG rally_openstack.cleanup.manager [-] Deleting neutron.port object s_rally_81cf8b6f_b5pYyvi0 (eb7e82ca-aa77-484f-ad64-bf1a587f66d2)
2019-12-27 21:37:27.473 15 RALLYDEBUG rally_openstack.cleanup.manager [-] Deleting neutron.port object s_rally_81cf8b6f_sFetCF3v (ebec1668-b1f4-4a38-bca5-3e47f4117144)
2019-12-27 21:37:27.490 15 RALLYDEBUG rally_openstack.cleanup.manager [-] Deleting neutron.port object s_rally_81cf8b6f_Ixs9j6zo (ed5983bd-652a-48ff-a9ea-c97958dad8c4)
2019-12-27 21:37:27.537 15 RALLYDEBUG rally_openstack.cleanup.manager [-] Deleting neutron.port object s_rally_81cf8b6f_MOcW2DOY (ee55993e-1b8f-453b-8017-6c340754b7f2)
2019-12-27 21:37:27.665 15 RALLYDEBUG rally_openstack.cleanup.manager [-] Deleting neutron.port object s_rally_81cf8b6f_dK2LarDA (eec271f1-fcc3-4649-956b-0ee61eba69a8)
2019-12-27 21:37:27.768 15 RALLYDEBUG rally_openstack.cleanup.manager [-] Deleting neutron.port object s_rally_81cf8b6f_126k5pmL (eec57513-9a49-4c81-9299-50746e958534)
2019-12-27 21:37:27.796 15 RALLYDEBUG rally_openstack.cleanup.manager [-] Deleting neutron.port object s_rally_81cf8b6f_lYpSTGlI (f144dbb1-06b7-4a5b-8326-0702cc6cf5f5)
2019-12-27 21:37:28.009 15 RALLYDEBUG rally_openstack.cleanup.manager [-] Deleting neutron.port object s_rally_81cf8b6f_ihdgBzIJ (f230fe56-38d2-4510-847c-62d3f4201813)
2019-12-27 21:37:28.147 15 RALLYDEBUG rally_openstack.cleanup.manager [-] Deleting neutron.port object s_rally_81cf8b6f_EfknH4mK (f26643b9-cc0f-4e9f-b6fd-1c3682c7d63d)
2019-12-27 21:37:28.166 15 RALLYDEBUG rally_openstack.cleanup.manager [-] Deleting neutron.port object s_rally_81cf8b6f_7EF6DbCM (f3c890c0-9495-4482-a949-a47b4f687888)
2019-12-27 21:37:28.191 15 RALLYDEBUG rally_openstack.cleanup.manager [-] Deleting neutron.port object s_rally_81cf8b6f_Mi7k67tA (f3d50f36-66d7-4c34-8c09-b7190324e094)
2019-12-27 21:37:28.392 15 RALLYDEBUG rally_openstack.cleanup.manager [-] Deleting neutron.port object s_rally_81cf8b6f_FWOrUjm6 (f42c098e-2ce3-4c9d-9f7b-ae07b3959e85)
2019-12-27 21:37:28.430 15 RALLYDEBUG rally_openstack.cleanup.manager [-] Deleting neutron.port object s_rally_81cf8b6f_EDGp63Eb (f456ebfc-4f6f-4c08-8cf1-362948d5add2)
2019-12-27 21:37:28.665 15 RALLYDEBUG rally_openstack.cleanup.manager [-] Deleting neutron.port object s_rally_81cf8b6f_As9ITU3w (f52cd792-0890-4d5f-bb9a-5a4f8deea86b)
2019-12-27 21:37:28.813 15 RALLYDEBUG rally_openstack.cleanup.manager [-] Deleting neutron.port object s_rally_81cf8b6f_dFtWlihE (f5347a65-f7f9-4ade-8b70-586ef17f2ecf)
2019-12-27 21:37:28.824 15 RALLYDEBUG rally_openstack.cleanup.manager [-] Deleting neutron.port object s_rally_81cf8b6f_NWxfc4YH (f58f01bc-6859-47b2-b0bc-60fe655044e5)
2019-12-27 21:37:28.954 15 RALLYDEBUG rally_openstack.cleanup.manager [-] Deleting neutron.port object s_rally_81cf8b6f_WuIhTkBp (f67db15a-383d-4791-a6da-6ff02f1150c9)
2019-12-27 21:37:29.141 15 RALLYDEBUG rally_openstack.cleanup.manager [-] Deleting neutron.port object s_rally_81cf8b6f_XmOoSUpJ (f6804351-7173-493a-8e51-e2dd2af1c772)
2019-12-27 21:37:29.190 15 RALLYDEBUG rally_openstack.cleanup.manager [-] Deleting neutron.port object s_rally_81cf8b6f_800jVpqn (f6931f4d-5090-4779-aefc-23b2e2049e26)
2019-12-27 21:37:29.355 15 RALLYDEBUG rally_openstack.cleanup.manager [-] Deleting neutron.port object s_rally_81cf8b6f_K2A9geB1 (f6a32b6a-0edf-4c3b-a729-b835f3e23c3b)
2019-12-27 21:37:29.388 15 RALLYDEBUG rally_openstack.cleanup.manager [-] Deleting neutron.port object s_rally_81cf8b6f_sk3IG4ud (f6b7e313-be95-46b1-a6cf-29856cc54b87)
2019-12-27 21:37:29.408 15 RALLYDEBUG rally_openstack.cleanup.manager [-] Deleting neutron.port object s_rally_81cf8b6f_QGd051d9 (f7866196-0cbd-41d4-ac05-70ba0c4f9e93)
2019-12-27 21:37:29.428 15 RALLYDEBUG rally_openstack.cleanup.manager [-] Deleting neutron.port object s_rally_81cf8b6f_TTaFcyFF (f7945f5b-af3f-41b5-bc06-27ae52478028)
2019-12-27 21:37:29.445 15 RALLYDEBUG rally_openstack.cleanup.manager [-] Deleting neutron.port object s_rally_81cf8b6f_oaC1BHas (f7a0a38f-6064-4cd8-a56b-b79bed4389e1)
2019-12-27 21:37:29.653 15 RALLYDEBUG rally_openstack.cleanup.manager [-] Deleting neutron.port object s_rally_81cf8b6f_FlTwzJhq (f8669758-213f-49bc-b66d-31ce515ad91d)
2019-12-27 21:37:29.661 15 RALLYDEBUG rally_openstack.cleanup.manager [-] Deleting neutron.port object s_rally_81cf8b6f_2jyCO3W1 (f8b6fac8-9f78-42f6-ac0a-2decf0e1a7c4)
2019-12-27 21:37:30.083 15 RALLYDEBUG rally_openstack.cleanup.manager [-] Deleting neutron.port object s_rally_81cf8b6f_yviNLf9q (f9b93578-c474-430b-924f-8e3c06d833f0)
2019-12-27 21:37:30.088 15 RALLYDEBUG rally_openstack.cleanup.manager [-] Deleting neutron.port object s_rally_81cf8b6f_4r2JpGbf (fa09b02a-a8e5-4712-b319-2cf6b3b869fb)
2019-12-27 21:37:30.113 15 RALLYDEBUG rally_openstack.cleanup.manager [-] Deleting neutron.port object s_rally_81cf8b6f_AgoMAUes (fa3b2b1c-6bd8-4cd1-a7f0-e22242f30179)
2019-12-27 21:37:30.358 15 RALLYDEBUG rally_openstack.cleanup.manager [-] Deleting neutron.port object s_rally_81cf8b6f_aFOq94Wh (fa866673-0088-4db2-b47e-5490ecaf5019)
2019-12-27 21:37:30.484 15 RALLYDEBUG rally_openstack.cleanup.manager [-] Deleting neutron.port object s_rally_81cf8b6f_5LkP7dpQ (fb172060-5c4e-4b40-b657-c1070be77d42)
2019-12-27 21:37:30.495 15 RALLYDEBUG rally_openstack.cleanup.manager [-] Deleting neutron.port object s_rally_81cf8b6f_wxmss0vb (fb649983-8e88-44fa-bdd7-53375a263263)
2019-12-27 21:37:30.610 15 RALLYDEBUG rally_openstack.cleanup.manager [-] Deleting neutron.port object s_rally_81cf8b6f_ALHzbVUS (fbf5f405-8c95-453a-b12e-aa391f486fff)
2019-12-27 21:37:30.638 15 RALLYDEBUG rally_openstack.cleanup.manager [-] Deleting neutron.port object s_rally_81cf8b6f_cwM84moX (fc31ca85-d799-4f95-af0e-b5263b86f909)
2019-12-27 21:37:30.648 15 RALLYDEBUG rally_openstack.cleanup.manager [-] Deleting neutron.port object s_rally_81cf8b6f_fueOYhV8 (fd46ee05-f84e-4588-bac0-ccc37924d07a)
2019-12-27 21:37:30.805 15 RALLYDEBUG rally_openstack.cleanup.manager [-] Deleting neutron.port object s_rally_81cf8b6f_Hwiot3L9 (fe063c5d-9226-43c4-afd1-01d4fe933575)
2019-12-27 21:37:30.839 15 RALLYDEBUG rally_openstack.cleanup.manager [-] Deleting neutron.port object s_rally_81cf8b6f_yupTd86o (ff4a02e3-d36c-49a2-8c8b-e570f3cac631)
2019-12-27 21:37:32.876 15 RALLYDEBUG rally_openstack.cleanup.manager [-] Cleaning up neutron subnet objects
2019-12-27 21:37:33.053 15 RALLYDEBUG rally_openstack.cleanup.manager [-] Cleaning up neutron network objects
2019-12-27 21:37:33.283 15 RALLYDEBUG rally_openstack.cleanup.manager [-] Deleting neutron.network object s_rally_81cf8b6f_e3U1RAYh (061fe042-8b4f-4b65-ab57-65caf83b8a07)
2019-12-27 21:37:33.293 15 RALLYDEBUG rally_openstack.cleanup.manager [-] Deleting neutron.network object s_rally_81cf8b6f_bOv2RlXl (51d8b5fd-9643-45a7-be24-af423bce9210)
2019-12-27 21:37:33.304 15 RALLYDEBUG rally_openstack.cleanup.manager [-] Deleting neutron.network object s_rally_81cf8b6f_ZHxCJzlR (5e52502a-e90e-41f3-b71d-5456d3cbdb60)
2019-12-27 21:37:33.314 15 RALLYDEBUG rally_openstack.cleanup.manager [-] Deleting neutron.network object s_rally_81cf8b6f_nmtm2quz (75d453b0-fcfa-4b86-8acf-98a221f53547)
2019-12-27 21:37:33.320 15 RALLYDEBUG rally_openstack.cleanup.manager [-] Deleting neutron.network object s_rally_81cf8b6f_cFWlZJeS (9aac4f40-c684-454b-ad88-4c386418e330)
2019-12-27 21:37:33.330 15 RALLYDEBUG rally_openstack.cleanup.manager [-] Deleting neutron.network object s_rally_81cf8b6f_xnkJFe1G (b9ae2502-8733-436b-a368-9e5957ab0f6a)
2019-12-27 21:37:33.341 15 RALLYDEBUG rally_openstack.cleanup.manager [-] Deleting neutron.network object s_rally_81cf8b6f_vejL0AH0 (eafc59a6-3417-4d29-b745-f6ad3d625dda)
2019-12-27 21:37:33.346 15 RALLYDEBUG rally_openstack.cleanup.manager [-] Deleting neutron.network object s_rally_81cf8b6f_jFdytvmx (edef3fa6-13fd-4d7c-89be-0b0085e15fb9)
2019-12-27 21:37:37.140 15 RALLYDEBUG rally_openstack.cleanup.manager [-] Cleaning up neutron router objects
2019-12-27 21:37:37.343 15 RALLYDEBUG rally_openstack.cleanup.manager [-] Cleaning up neutron security_group objects
2019-12-27 21:37:37.510 15 INFO rally.task.context [-] Task f527893f-5cff-43db-b69f-849e9c95c15e | Context cleanup@openstack cleanup() finished in 49.21 sec
2019-12-27 21:37:37.511 15 INFO rally.task.context [-] Task f527893f-5cff-43db-b69f-849e9c95c15e | Context quotas@openstack cleanup() started
2019-12-27 21:37:37.534 15 INFO rally.task.context [-] Task f527893f-5cff-43db-b69f-849e9c95c15e | Context quotas@openstack cleanup() finished in 23.08 msec
2019-12-27 21:37:37.535 15 INFO rally.task.context [-] Task f527893f-5cff-43db-b69f-849e9c95c15e | Context users@openstack cleanup() started
2019-12-27 21:37:38.740 15 INFO rally.task.context [-] Task f527893f-5cff-43db-b69f-849e9c95c15e | Context users@openstack cleanup() finished in 1.21 sec
2019-12-27 21:37:39.291 15 INFO rally.task.engine [-] Load duration is: 148.695738
2019-12-27 21:37:39.292 15 INFO rally.task.engine [-] Full runner duration is: 148.736337
2019-12-27 21:37:39.292 15 INFO rally.task.engine [-] Full duration is: 200.518832
2019-12-27 21:37:39.377 15 INFO rally.task.engine [-] Running workload: position = 1 config = { "version": 2, "title": "A cropped version of a bigger task.", "description": "Auto-generated task from a single workload (uuid=36f8fc48-3bb6-4ba7-9bb7-fab5afa0f7c1)", "subtasks": [ { "title": "NeutronNetworks.create_and_update_ports", "description": "Create and update a given number of ports.", "scenario": { "NeutronNetworks.create_and_update_ports": { "network_create_args": {}, "port_create_args": {}, "ports_per_network": 5, "port_update_args": { "admin_state_up": false, "device_id": "dummy_id", "device_owner": "dummy_owner", "name": "_port_updated" } } }, "contexts": { "users": { "tenants": 1, "users_per_tenant": 1 }, "quotas": { "neutron": { "network": -1, "port": -1 } } }, "runner": { "constant": { "times": 40, "concurrency": 20 } }, "hooks": [], "sla": { "failure_rate": { "max": 0 } } } ] }
2019-12-27 21:37:39.401 15 RALLYDEBUG rally_openstack.contexts.keystone.users [-] Creating 1 tenants using 20 threads
2019-12-27 21:37:39.819 15 RALLYDEBUG rally_openstack.contexts.keystone.users [-] Creating 1 users using 20 threads
2019-12-27 21:37:40.466 15 INFO rally.task.context [-] Task f527893f-5cff-43db-b69f-849e9c95c15e | Context users@openstack setup() finished in 1.07 sec
2019-12-27 21:37:40.741 15 INFO rally.task.context [-] Task f527893f-5cff-43db-b69f-849e9c95c15e | Context quotas@openstack setup() finished in 0.27 sec
2019-12-27 21:37:40.742 15 INFO rally.task.context [-] Task f527893f-5cff-43db-b69f-849e9c95c15e | Context cleanup@openstack setup() finished in 0.02 msec
2019-12-27 21:37:40.753 15 RALLYDEBUG rally.task.runner [-] Starting the constant runner (task UUID: f527893f-5cff-43db-b69f-849e9c95c15e). times: 40 concurrency: 20 timeout: 0 max_cpu_used: 88 processes_to_start: 20 concurrency_per_worker: 1 concurrency_overhead: 0
2019-12-27 21:37:40.763 4199 RALLYDEBUG rally.task.runner [-] Starting a worker. times: 40 duration: None concurrency: 1 timeout: 0 cls: method_name: run args: {"network_create_args": {}, "port_create_args": {}, "ports_per_network": 5, "port_update_args": {"admin_state_up": false, "device_id": "dummy_id", "device_owner": "dummy_owner", "name": "_port_updated"}}
2019-12-27 21:37:40.767 4199 INFO rally.task.runner [-] Task f527893f-5cff-43db-b69f-849e9c95c15e | ITER: 1 START
2019-12-27 21:37:40.766 4200 RALLYDEBUG rally.task.runner [-] Starting a worker. times: 40 duration: None concurrency: 1 timeout: 0 cls: method_name: run args: {"network_create_args": {}, "port_create_args": {}, "ports_per_network": 5, "port_update_args": {"admin_state_up": false, "device_id": "dummy_id", "device_owner": "dummy_owner", "name": "_port_updated"}}
2019-12-27 21:37:40.768 4199 WARNING rally_openstack.scenarios.neutron.utils [-] Running this scenario without either the 'network' or 'existing_network' context is deprecated
2019-12-27 21:37:40.769 4201 RALLYDEBUG rally.task.runner [-] Starting a worker. times: 40 duration: None concurrency: 1 timeout: 0 cls: method_name: run args: {"network_create_args": {}, "port_create_args": {}, "ports_per_network": 5, "port_update_args": {"admin_state_up": false, "device_id": "dummy_id", "device_owner": "dummy_owner", "name": "_port_updated"}}
2019-12-27 21:37:40.770 4203 RALLYDEBUG rally.task.runner [-] Starting a worker. times: 40 duration: None concurrency: 1 timeout: 0 cls: method_name: run args: {"network_create_args": {}, "port_create_args": {}, "ports_per_network": 5, "port_update_args": {"admin_state_up": false, "device_id": "dummy_id", "device_owner": "dummy_owner", "name": "_port_updated"}}
2019-12-27 21:37:40.772 4200 INFO rally.task.runner [-] Task f527893f-5cff-43db-b69f-849e9c95c15e | ITER: 2 START
2019-12-27 21:37:40.774 4200 WARNING rally_openstack.scenarios.neutron.utils [-] Running this scenario without either the 'network' or 'existing_network' context is deprecated
2019-12-27 21:37:40.773 4205 RALLYDEBUG rally.task.runner [-] Starting a worker. times: 40 duration: None concurrency: 1 timeout: 0 cls: method_name: run args: {"network_create_args": {}, "port_create_args": {}, "ports_per_network": 5, "port_update_args": {"admin_state_up": false, "device_id": "dummy_id", "device_owner": "dummy_owner", "name": "_port_updated"}}
2019-12-27 21:37:40.774 4201 INFO rally.task.runner [-] Task f527893f-5cff-43db-b69f-849e9c95c15e | ITER: 3 START
2019-12-27 21:37:40.775 4203 INFO rally.task.runner [-] Task f527893f-5cff-43db-b69f-849e9c95c15e | ITER: 4 START
2019-12-27 21:37:40.776 4201 WARNING rally_openstack.scenarios.neutron.utils [-] Running this scenario without either the 'network' or 'existing_network' context is deprecated
2019-12-27 21:37:40.776 4207 RALLYDEBUG rally.task.runner [-] Starting a worker. times: 40 duration: None concurrency: 1 timeout: 0 cls: method_name: run args: {"network_create_args": {}, "port_create_args": {}, "ports_per_network": 5, "port_update_args": {"admin_state_up": false, "device_id": "dummy_id", "device_owner": "dummy_owner", "name": "_port_updated"}}
2019-12-27 21:37:40.777 4203 WARNING rally_openstack.scenarios.neutron.utils [-] Running this scenario without either the 'network' or 'existing_network' context is deprecated
2019-12-27 21:37:40.778 4205 INFO rally.task.runner [-] Task f527893f-5cff-43db-b69f-849e9c95c15e | ITER: 5 START
2019-12-27 21:37:40.778 4211 RALLYDEBUG rally.task.runner [-] Starting a worker. times: 40 duration: None concurrency: 1 timeout: 0 cls: method_name: run args: {"network_create_args": {}, "port_create_args": {}, "ports_per_network": 5, "port_update_args": {"admin_state_up": false, "device_id": "dummy_id", "device_owner": "dummy_owner", "name": "_port_updated"}}
2019-12-27 21:37:40.780 4205 WARNING rally_openstack.scenarios.neutron.utils [-] Running this scenario without either the 'network' or 'existing_network' context is deprecated
2019-12-27 21:37:40.781 4207 INFO rally.task.runner [-] Task f527893f-5cff-43db-b69f-849e9c95c15e | ITER: 6 START
2019-12-27 21:37:40.781 4214 RALLYDEBUG rally.task.runner [-] Starting a worker. times: 40 duration: None concurrency: 1 timeout: 0 cls: method_name: run args: {"network_create_args": {}, "port_create_args": {}, "ports_per_network": 5, "port_update_args": {"admin_state_up": false, "device_id": "dummy_id", "device_owner": "dummy_owner", "name": "_port_updated"}}
2019-12-27 21:37:40.783 4207 WARNING rally_openstack.scenarios.neutron.utils [-] Running this scenario without either the 'network' or 'existing_network' context is deprecated
2019-12-27 21:37:40.784 4211 INFO rally.task.runner [-] Task f527893f-5cff-43db-b69f-849e9c95c15e | ITER: 7 START
2019-12-27 21:37:40.785 4211 WARNING rally_openstack.scenarios.neutron.utils [-] Running this scenario without either the 'network' or 'existing_network' context is deprecated
2019-12-27 21:37:40.784 4218 RALLYDEBUG rally.task.runner [-] Starting a worker. times: 40 duration: None concurrency: 1 timeout: 0 cls: method_name: run args: {"network_create_args": {}, "port_create_args": {}, "ports_per_network": 5, "port_update_args": {"admin_state_up": false, "device_id": "dummy_id", "device_owner": "dummy_owner", "name": "_port_updated"}}
2019-12-27 21:37:40.786 4214 INFO rally.task.runner [-] Task f527893f-5cff-43db-b69f-849e9c95c15e | ITER: 8 START
2019-12-27 21:37:40.787 4220 RALLYDEBUG rally.task.runner [-] Starting a worker. times: 40 duration: None concurrency: 1 timeout: 0 cls: method_name: run args: {"network_create_args": {}, "port_create_args": {}, "ports_per_network": 5, "port_update_args": {"admin_state_up": false, "device_id": "dummy_id", "device_owner": "dummy_owner", "name": "_port_updated"}}
2019-12-27 21:37:40.788 4214 WARNING rally_openstack.scenarios.neutron.utils [-] Running this scenario without either the 'network' or 'existing_network' context is deprecated
2019-12-27 21:37:40.789 4223 RALLYDEBUG rally.task.runner [-] Starting a worker. times: 40 duration: None concurrency: 1 timeout: 0 cls: method_name: run args: {"network_create_args": {}, "port_create_args": {}, "ports_per_network": 5, "port_update_args": {"admin_state_up": false, "device_id": "dummy_id", "device_owner": "dummy_owner", "name": "_port_updated"}}
2019-12-27 21:37:40.790 4218 INFO rally.task.runner [-] Task f527893f-5cff-43db-b69f-849e9c95c15e | ITER: 9 START
2019-12-27 21:37:40.790 4226 RALLYDEBUG rally.task.runner [-] Starting a worker. times: 40 duration: None concurrency: 1 timeout: 0 cls: method_name: run args: {"network_create_args": {}, "port_create_args": {}, "ports_per_network": 5, "port_update_args": {"admin_state_up": false, "device_id": "dummy_id", "device_owner": "dummy_owner", "name": "_port_updated"}}
2019-12-27 21:37:40.792 4218 WARNING rally_openstack.scenarios.neutron.utils [-] Running this scenario without either the 'network' or 'existing_network' context is deprecated
2019-12-27 21:37:40.792 4220 INFO rally.task.runner [-] Task f527893f-5cff-43db-b69f-849e9c95c15e | ITER: 10 START
2019-12-27 21:37:40.794 4223 INFO rally.task.runner [-] Task f527893f-5cff-43db-b69f-849e9c95c15e | ITER: 11 START
2019-12-27 21:37:40.794 4220 WARNING rally_openstack.scenarios.neutron.utils [-] Running this scenario without either the 'network' or 'existing_network' context is deprecated
2019-12-27 21:37:40.795 4226 INFO rally.task.runner [-] Task f527893f-5cff-43db-b69f-849e9c95c15e | ITER: 12 START
2019-12-27 21:37:40.795 4223 WARNING rally_openstack.scenarios.neutron.utils [-] Running this scenario without either the 'network' or 'existing_network' context is deprecated
2019-12-27 21:37:40.795 4229 RALLYDEBUG rally.task.runner [-] Starting a worker. times: 40 duration: None concurrency: 1 timeout: 0 cls: method_name: run args: {"network_create_args": {}, "port_create_args": {}, "ports_per_network": 5, "port_update_args": {"admin_state_up": false, "device_id": "dummy_id", "device_owner": "dummy_owner", "name": "_port_updated"}}
2019-12-27 21:37:40.796 4226 WARNING rally_openstack.scenarios.neutron.utils [-] Running this scenario without either the 'network' or 'existing_network' context is deprecated
2019-12-27 21:37:40.796 4232 RALLYDEBUG rally.task.runner [-] Starting a worker. times: 40 duration: None concurrency: 1 timeout: 0 cls: method_name: run args: {"network_create_args": {}, "port_create_args": {}, "ports_per_network": 5, "port_update_args": {"admin_state_up": false, "device_id": "dummy_id", "device_owner": "dummy_owner", "name": "_port_updated"}}
2019-12-27 21:37:40.799 4232 INFO rally.task.runner [-] Task f527893f-5cff-43db-b69f-849e9c95c15e | ITER: 14 START
2019-12-27 21:37:40.800 4229 INFO rally.task.runner [-] Task f527893f-5cff-43db-b69f-849e9c95c15e | ITER: 13 START
2019-12-27 21:37:40.800 4237 RALLYDEBUG rally.task.runner [-] Starting a worker. times: 40 duration: None concurrency: 1 timeout: 0 cls: method_name: run args: {"network_create_args": {}, "port_create_args": {}, "ports_per_network": 5, "port_update_args": {"admin_state_up": false, "device_id": "dummy_id", "device_owner": "dummy_owner", "name": "_port_updated"}}
2019-12-27 21:37:40.801 4232 WARNING rally_openstack.scenarios.neutron.utils [-] Running this scenario without either the 'network' or 'existing_network' context is deprecated
2019-12-27 21:37:40.801 4229 WARNING rally_openstack.scenarios.neutron.utils [-] Running this scenario without either the 'network' or 'existing_network' context is deprecated
2019-12-27 21:37:40.802 4240 RALLYDEBUG rally.task.runner [-] Starting a worker. times: 40 duration: None concurrency: 1 timeout: 0 cls: method_name: run args: {"network_create_args": {}, "port_create_args": {}, "ports_per_network": 5, "port_update_args": {"admin_state_up": false, "device_id": "dummy_id", "device_owner": "dummy_owner", "name": "_port_updated"}}
2019-12-27 21:37:40.804 4237 INFO rally.task.runner [-] Task f527893f-5cff-43db-b69f-849e9c95c15e | ITER: 15 START
2019-12-27 21:37:40.805 4237 WARNING rally_openstack.scenarios.neutron.utils [-] Running this scenario without either the 'network' or 'existing_network' context is deprecated
2019-12-27 21:37:40.805 4243 RALLYDEBUG rally.task.runner [-] Starting a worker. times: 40 duration: None concurrency: 1 timeout: 0 cls: method_name: run args: {"network_create_args": {}, "port_create_args": {}, "ports_per_network": 5, "port_update_args": {"admin_state_up": false, "device_id": "dummy_id", "device_owner": "dummy_owner", "name": "_port_updated"}}
2019-12-27 21:37:40.806 4240 INFO rally.task.runner [-] Task f527893f-5cff-43db-b69f-849e9c95c15e | ITER: 16 START
2019-12-27 21:37:40.807 4240 WARNING rally_openstack.scenarios.neutron.utils [-] Running this scenario without either the 'network' or 'existing_network' context is deprecated
2019-12-27 21:37:40.809 4243 INFO rally.task.runner [-] Task f527893f-5cff-43db-b69f-849e9c95c15e | ITER: 17 START
2019-12-27 21:37:40.810 4243 WARNING rally_openstack.scenarios.neutron.utils [-] Running this scenario without either the 'network' or 'existing_network' context is deprecated
2019-12-27 21:37:40.810 4248 RALLYDEBUG rally.task.runner [-] Starting a worker. times: 40 duration: None concurrency: 1 timeout: 0 cls: method_name: run args: {"network_create_args": {}, "port_create_args": {}, "ports_per_network": 5, "port_update_args": {"admin_state_up": false, "device_id": "dummy_id", "device_owner": "dummy_owner", "name": "_port_updated"}}
2019-12-27 21:37:40.813 4251 RALLYDEBUG rally.task.runner [-] Starting a worker. times: 40 duration: None concurrency: 1 timeout: 0 cls: method_name: run args: {"network_create_args": {}, "port_create_args": {}, "ports_per_network": 5, "port_update_args": {"admin_state_up": false, "device_id": "dummy_id", "device_owner": "dummy_owner", "name": "_port_updated"}}
2019-12-27 21:37:40.814 4248 INFO rally.task.runner [-] Task f527893f-5cff-43db-b69f-849e9c95c15e | ITER: 18 START
2019-12-27 21:37:40.815 4252 RALLYDEBUG rally.task.runner [-] Starting a worker. times: 40 duration: None concurrency: 1 timeout: 0 cls: method_name: run args: {"network_create_args": {}, "port_create_args": {}, "ports_per_network": 5, "port_update_args": {"admin_state_up": false, "device_id": "dummy_id", "device_owner": "dummy_owner", "name": "_port_updated"}}
2019-12-27 21:37:40.816 4248 WARNING rally_openstack.scenarios.neutron.utils [-] Running this scenario without either the 'network' or 'existing_network' context is deprecated
2019-12-27 21:37:40.818 4251 INFO rally.task.runner [-] Task f527893f-5cff-43db-b69f-849e9c95c15e | ITER: 19 START
2019-12-27 21:37:40.819 4252 INFO rally.task.runner [-] Task f527893f-5cff-43db-b69f-849e9c95c15e | ITER: 20 START
2019-12-27 21:37:40.820 4251 WARNING rally_openstack.scenarios.neutron.utils [-] Running this scenario without either the 'network' or 'existing_network' context is deprecated
2019-12-27 21:37:40.821 4252 WARNING rally_openstack.scenarios.neutron.utils [-] Running this scenario without either the 'network' or 'existing_network' context is deprecated
2019-12-27 21:37:47.449 4201 INFO rally.task.runner [-] Task f527893f-5cff-43db-b69f-849e9c95c15e | ITER: 3 END: OK
2019-12-27 21:37:47.453 4201 INFO rally.task.runner [-] Task f527893f-5cff-43db-b69f-849e9c95c15e | ITER: 21 START
2019-12-27 21:37:47.454 4201 WARNING rally_openstack.scenarios.neutron.utils [-] Running this scenario without either the 'network' or 'existing_network' context is deprecated
2019-12-27 21:37:48.372 4220 INFO rally.task.runner [-] Task f527893f-5cff-43db-b69f-849e9c95c15e | ITER: 10 END: OK
2019-12-27 21:37:48.375 4220 INFO rally.task.runner [-] Task f527893f-5cff-43db-b69f-849e9c95c15e | ITER: 22 START
2019-12-27 21:37:48.376 4220 WARNING rally_openstack.scenarios.neutron.utils [-] Running this scenario without either the 'network' or 'existing_network' context is deprecated
2019-12-27 21:37:48.406 4211 INFO rally.task.runner [-] Task f527893f-5cff-43db-b69f-849e9c95c15e | ITER: 7 END: OK
2019-12-27 21:37:48.410 4211 INFO rally.task.runner [-] Task f527893f-5cff-43db-b69f-849e9c95c15e | ITER: 23 START
2019-12-27 21:37:48.411 4211 WARNING rally_openstack.scenarios.neutron.utils [-] Running this scenario without either the 'network' or 'existing_network' context is deprecated
2019-12-27 21:37:48.544 4229 INFO rally.task.runner [-] Task f527893f-5cff-43db-b69f-849e9c95c15e | ITER: 13 END: OK
2019-12-27 21:37:48.549 4229 INFO rally.task.runner [-] Task f527893f-5cff-43db-b69f-849e9c95c15e | ITER: 24 START
2019-12-27 21:37:48.550 4229 WARNING rally_openstack.scenarios.neutron.utils [-] Running this scenario without either the 'network' or 'existing_network' context is deprecated
2019-12-27 21:37:48.600 4205 INFO rally.task.runner [-] Task f527893f-5cff-43db-b69f-849e9c95c15e | ITER: 5 END: OK
2019-12-27 21:37:48.604 4205 INFO rally.task.runner [-] Task f527893f-5cff-43db-b69f-849e9c95c15e | ITER: 25 START
2019-12-27 21:37:48.605 4205 WARNING rally_openstack.scenarios.neutron.utils [-] Running this scenario without either the 'network' or 'existing_network' context is deprecated
2019-12-27 21:37:48.663 4240 INFO rally.task.runner [-] Task f527893f-5cff-43db-b69f-849e9c95c15e | ITER: 16 END: OK
2019-12-27 21:37:48.668 4240 INFO rally.task.runner [-] Task f527893f-5cff-43db-b69f-849e9c95c15e | ITER: 26 START
2019-12-27 21:37:48.669 4240 WARNING rally_openstack.scenarios.neutron.utils [-] Running this scenario without either the 'network' or 'existing_network' context is deprecated
2019-12-27 21:37:48.797 4237 INFO rally.task.runner [-] Task f527893f-5cff-43db-b69f-849e9c95c15e | ITER: 15 END: OK
2019-12-27 21:37:48.802 4237 INFO rally.task.runner [-] Task f527893f-5cff-43db-b69f-849e9c95c15e | ITER: 27 START
2019-12-27 21:37:48.803 4237 WARNING rally_openstack.scenarios.neutron.utils [-] Running this scenario without either the 'network' or 'existing_network' context is deprecated
2019-12-27 21:37:48.814 4200 INFO rally.task.runner [-] Task f527893f-5cff-43db-b69f-849e9c95c15e | ITER: 2 END: OK
2019-12-27 21:37:48.818 4200 INFO rally.task.runner [-] Task f527893f-5cff-43db-b69f-849e9c95c15e | ITER: 28 START
2019-12-27 21:37:48.819 4200 WARNING rally_openstack.scenarios.neutron.utils [-] Running this scenario without either the 'network' or 'existing_network' context is deprecated
2019-12-27 21:37:49.050 4232 INFO rally.task.runner [-] Task f527893f-5cff-43db-b69f-849e9c95c15e | ITER: 14 END: OK
2019-12-27 21:37:49.054 4232 INFO rally.task.runner [-] Task f527893f-5cff-43db-b69f-849e9c95c15e | ITER: 29 START
2019-12-27 21:37:49.055 4232 WARNING rally_openstack.scenarios.neutron.utils [-] Running this scenario without either the 'network' or 'existing_network' context is deprecated
2019-12-27 21:37:49.365 4199 INFO rally.task.runner [-] Task f527893f-5cff-43db-b69f-849e9c95c15e | ITER: 1 END: OK
2019-12-27 21:37:49.369 4199 INFO rally.task.runner [-] Task f527893f-5cff-43db-b69f-849e9c95c15e | ITER: 30 START
2019-12-27 21:37:49.369 4199 WARNING rally_openstack.scenarios.neutron.utils [-] Running this scenario without either the 'network' or 'existing_network' context is deprecated
2019-12-27 21:37:53.260 4203 INFO rally.task.runner [-] Task f527893f-5cff-43db-b69f-849e9c95c15e | ITER: 4 END: OK
2019-12-27 21:37:53.264 4203 INFO rally.task.runner [-] Task f527893f-5cff-43db-b69f-849e9c95c15e | ITER: 31 START
2019-12-27 21:37:53.266 4203 WARNING rally_openstack.scenarios.neutron.utils [-] Running this scenario without either the 'network' or 'existing_network' context is deprecated
2019-12-27 21:37:53.364 4218 INFO rally.task.runner [-] Task f527893f-5cff-43db-b69f-849e9c95c15e | ITER: 9 END: OK
2019-12-27 21:37:53.368 4218 INFO rally.task.runner [-] Task f527893f-5cff-43db-b69f-849e9c95c15e | ITER: 32 START
2019-12-27 21:37:53.369 4218 WARNING rally_openstack.scenarios.neutron.utils [-] Running this scenario without either the 'network' or 'existing_network' context is deprecated
2019-12-27 21:37:54.245 4207 INFO rally.task.runner [-] Task f527893f-5cff-43db-b69f-849e9c95c15e | ITER: 6 END: OK
2019-12-27 21:37:54.249 4207 INFO rally.task.runner [-] Task f527893f-5cff-43db-b69f-849e9c95c15e | ITER: 33 START
2019-12-27 21:37:54.250 4207 WARNING rally_openstack.scenarios.neutron.utils [-] Running this scenario without either the 'network' or 'existing_network' context is deprecated
2019-12-27 21:37:54.281 4243 INFO rally.task.runner [-] Task f527893f-5cff-43db-b69f-849e9c95c15e | ITER: 17 END: OK
2019-12-27 21:37:54.285 4243 INFO rally.task.runner [-] Task f527893f-5cff-43db-b69f-849e9c95c15e | ITER: 34 START
2019-12-27 21:37:54.286 4243 WARNING rally_openstack.scenarios.neutron.utils [-] Running this scenario without either the 'network' or 'existing_network' context is deprecated
2019-12-27 21:37:54.411 4251 INFO rally.task.runner [-] Task f527893f-5cff-43db-b69f-849e9c95c15e | ITER: 19 END: OK
2019-12-27 21:37:54.416 4251 INFO rally.task.runner [-] Task f527893f-5cff-43db-b69f-849e9c95c15e | ITER: 35 START
2019-12-27 21:37:54.417 4251 WARNING rally_openstack.scenarios.neutron.utils [-] Running this scenario without either the 'network' or 'existing_network' context is deprecated
2019-12-27 21:37:54.438 4252 INFO rally.task.runner [-] Task f527893f-5cff-43db-b69f-849e9c95c15e | ITER: 20 END: OK
2019-12-27 21:37:54.441 4252 INFO rally.task.runner [-] Task f527893f-5cff-43db-b69f-849e9c95c15e | ITER: 36 START
2019-12-27 21:37:54.442 4252 WARNING rally_openstack.scenarios.neutron.utils [-] Running this scenario without either the 'network' or 'existing_network' context is deprecated
2019-12-27 21:37:54.537 4201 INFO rally.task.runner [-] Task f527893f-5cff-43db-b69f-849e9c95c15e | ITER: 21 END: OK
2019-12-27 21:37:54.539 4226 INFO rally.task.runner [-] Task f527893f-5cff-43db-b69f-849e9c95c15e | ITER: 12 END: OK
2019-12-27 21:37:54.541 4201 INFO rally.task.runner [-] Task f527893f-5cff-43db-b69f-849e9c95c15e | ITER: 37 START
2019-12-27 21:37:54.542 4201 WARNING rally_openstack.scenarios.neutron.utils [-] Running this scenario without either the 'network' or 'existing_network' context is deprecated
2019-12-27 21:37:54.542 4226 INFO rally.task.runner [-] Task f527893f-5cff-43db-b69f-849e9c95c15e | ITER: 38 START
2019-12-27 21:37:54.543 4226 WARNING rally_openstack.scenarios.neutron.utils [-] Running this scenario without either the 'network' or 'existing_network' context is deprecated
2019-12-27 21:37:54.642 4214 INFO rally.task.runner [-] Task f527893f-5cff-43db-b69f-849e9c95c15e | ITER: 8 END: OK
2019-12-27 21:37:54.646 4214 INFO rally.task.runner [-] Task f527893f-5cff-43db-b69f-849e9c95c15e | ITER: 39 START
2019-12-27 21:37:54.647 4214 WARNING rally_openstack.scenarios.neutron.utils [-] Running this scenario without either the 'network' or 'existing_network' context is deprecated
2019-12-27 21:37:55.138 4220 INFO rally.task.runner [-] Task f527893f-5cff-43db-b69f-849e9c95c15e | ITER: 22 END: OK
2019-12-27 21:37:55.141 4220 INFO rally.task.runner [-] Task f527893f-5cff-43db-b69f-849e9c95c15e | ITER: 40 START
2019-12-27 21:37:55.142 4220 WARNING rally_openstack.scenarios.neutron.utils [-] Running this scenario without either the 'network' or 'existing_network' context is deprecated
2019-12-27 21:37:55.573 4232 INFO rally.task.runner [-] Task f527893f-5cff-43db-b69f-849e9c95c15e | ITER: 29 END: OK
2019-12-27 21:37:55.679 4205 INFO rally.task.runner [-] Task f527893f-5cff-43db-b69f-849e9c95c15e | ITER: 25 END: OK
2019-12-27 21:37:55.691 4237 INFO rally.task.runner [-] Task f527893f-5cff-43db-b69f-849e9c95c15e | ITER: 27 END: OK
2019-12-27 21:37:55.871 4229 INFO rally.task.runner [-] Task f527893f-5cff-43db-b69f-849e9c95c15e | ITER: 24 END: OK
2019-12-27 21:37:56.021 4211 INFO rally.task.runner [-] Task f527893f-5cff-43db-b69f-849e9c95c15e | ITER: 23 END: OK
2019-12-27 21:37:56.227 4200 INFO rally.task.runner [-] Task f527893f-5cff-43db-b69f-849e9c95c15e | ITER: 28 END: OK
2019-12-27 21:37:56.787 4240 INFO rally.task.runner [-] Task f527893f-5cff-43db-b69f-849e9c95c15e | ITER: 26 END: OK
2019-12-27 21:37:56.912 4248 INFO rally.task.runner [-] Task f527893f-5cff-43db-b69f-849e9c95c15e | ITER: 18 END: OK
2019-12-27 21:37:56.981 4223 INFO rally.task.runner [-] Task f527893f-5cff-43db-b69f-849e9c95c15e | ITER: 11 END: OK
2019-12-27 21:37:59.846 4218 INFO rally.task.runner [-] Task f527893f-5cff-43db-b69f-849e9c95c15e | ITER: 32 END: OK
2019-12-27 21:38:00.578 4252 INFO rally.task.runner [-] Task f527893f-5cff-43db-b69f-849e9c95c15e | ITER: 36 END: OK
2019-12-27 21:38:00.853 4199 INFO rally.task.runner [-] Task f527893f-5cff-43db-b69f-849e9c95c15e | ITER: 30 END: OK
2019-12-27 21:38:01.025 4214 INFO rally.task.runner [-] Task f527893f-5cff-43db-b69f-849e9c95c15e | ITER: 39 END: OK
2019-12-27 21:38:01.180 4207 INFO rally.task.runner [-] Task f527893f-5cff-43db-b69f-849e9c95c15e | ITER: 33 END: OK
2019-12-27 21:38:01.240 4243 INFO rally.task.runner [-] Task f527893f-5cff-43db-b69f-849e9c95c15e | ITER: 34 END: OK
2019-12-27 21:38:01.514 4203 INFO rally.task.runner [-] Task f527893f-5cff-43db-b69f-849e9c95c15e | ITER: 31 END: OK
2019-12-27 21:38:01.688 4251 INFO rally.task.runner [-] Task f527893f-5cff-43db-b69f-849e9c95c15e | ITER: 35 END: OK
2019-12-27 21:38:11.577 4220 INFO rally.task.runner [-] Task f527893f-5cff-43db-b69f-849e9c95c15e | ITER: 40 END: OK
2019-12-27 21:38:11.614 4226 INFO rally.task.runner [-] Task f527893f-5cff-43db-b69f-849e9c95c15e | ITER: 38 END: OK
2019-12-27 21:38:11.617 4201 INFO rally.task.runner [-] Task f527893f-5cff-43db-b69f-849e9c95c15e | ITER: 37 END: OK
2019-12-27 21:38:11.652 15 INFO rally.task.context [-] Task f527893f-5cff-43db-b69f-849e9c95c15e | Context cleanup@openstack cleanup() started
2019-12-27 21:38:11.659 15 RALLYDEBUG rally_openstack.cleanup.manager [-] Cleaning up neutron vip objects
2019-12-27 21:38:11.799 15 RALLYDEBUG rally_openstack.cleanup.manager [-] Cleaning up neutron health_monitor objects
2019-12-27 21:38:11.942 15 RALLYDEBUG rally_openstack.cleanup.manager [-] Cleaning up neutron pool objects
2019-12-27 21:38:12.067 15 RALLYDEBUG rally_openstack.cleanup.manager [-] Cleaning up neutron loadbalancer objects
2019-12-27 21:38:12.206 15 RALLYDEBUG rally_openstack.cleanup.manager [-] Cleaning up neutron floatingip objects
2019-12-27 21:38:12.758 15 RALLYDEBUG rally_openstack.cleanup.manager [-] Cleaning up neutron trunk objects
2019-12-27 21:38:12.905 15 RALLYDEBUG rally_openstack.cleanup.manager [-] Cleaning up neutron port objects
2019-12-27 21:38:13.579 15 RALLYDEBUG rally_openstack.cleanup.manager [-] Deleting neutron.port object s_rally_36f8fc48_sgETTThB (00aa4838-c1ce-4a1c-8df4-90e30ff41396)
2019-12-27 21:38:13.584 15 RALLYDEBUG rally_openstack.cleanup.manager [-] Deleting neutron.port object s_rally_36f8fc48_1XfDEyC9 (015c8a0a-9617-453c-8d49-a597589cd4c7)
2019-12-27 21:38:13.595 15 RALLYDEBUG rally_openstack.cleanup.manager [-] Deleting neutron.port object s_rally_36f8fc48_OEsF9Kzd (02d80a02-f0f1-41d1-b7b4-0ab89c43b4b2)
2019-12-27 21:38:13.613 15 RALLYDEBUG rally_openstack.cleanup.manager [-] Deleting neutron.port object s_rally_36f8fc48_cjO4mZ2o (031988ec-62e4-4c95-b06f-26e66f737b9f)
2019-12-27 21:38:13.622 15 RALLYDEBUG rally_openstack.cleanup.manager [-] Deleting neutron.port object s_rally_36f8fc48_CZXXXurW (0399190d-fb6a-4591-91e4-3d4fc601b5d8)
2019-12-27 21:38:13.625 15 RALLYDEBUG rally_openstack.cleanup.manager [-] Deleting neutron.port object s_rally_36f8fc48_aYQnF55I (05448c87-92d2-4e8c-9ed5-9759d9b0baa2)
2019-12-27 21:38:13.637 15 RALLYDEBUG rally_openstack.cleanup.manager [-] Deleting neutron.port object s_rally_36f8fc48_jMsJL2Tn (057a90a0-4a54-49fd-9134-48a4503554ee)
2019-12-27 21:38:13.656 15 RALLYDEBUG rally_openstack.cleanup.manager [-] Deleting neutron.port object s_rally_36f8fc48_W7iFeZfL (05bfcecf-4068-4cef-a246-e2e21f202b68)
2019-12-27 21:38:13.662 15 RALLYDEBUG rally_openstack.cleanup.manager [-] Deleting neutron.port object s_rally_36f8fc48_etlCHyfo (064f32ce-9080-4036-b686-53bf7e98cefd)
2019-12-27 21:38:13.669 15 RALLYDEBUG rally_openstack.cleanup.manager [-] Deleting neutron.port object s_rally_36f8fc48_ApwRSGsW (08d93aec-471f-45c4-88e7-68ba63555053)
2019-12-27 21:38:13.695 15 RALLYDEBUG rally_openstack.cleanup.manager [-] Deleting neutron.port object s_rally_36f8fc48_7dvJjzxS (0b8c8cce-1ebc-4b2b-8524-72bb9bf9485e)
2019-12-27 21:38:13.700 15 RALLYDEBUG rally_openstack.cleanup.manager [-] Deleting neutron.port object s_rally_36f8fc48_TwteOPLZ (0c9ce84b-42bf-4b25-a7f1-02ab0b3e872d)
2019-12-27 21:38:13.705 15 RALLYDEBUG rally_openstack.cleanup.manager [-] Deleting neutron.port object s_rally_36f8fc48_i9WptB3V (0cc6743d-1269-473a-97fa-03c4418533d7)
2019-12-27 21:38:13.728 15 RALLYDEBUG rally_openstack.cleanup.manager [-] Deleting neutron.port object s_rally_36f8fc48_uPilDPoA (0d29836b-87c0-4050-ac07-b0f51c6459da)
2019-12-27 21:38:13.736 15 RALLYDEBUG rally_openstack.cleanup.manager [-] Deleting neutron.port object s_rally_36f8fc48_61uxYSga (0e91d1e4-4b2b-4181-beae-d8f00f5cd21b)
2019-12-27 21:38:13.747 15 RALLYDEBUG rally_openstack.cleanup.manager [-] Deleting neutron.port object s_rally_36f8fc48_8Vd5P8NY (0fbf903f-f905-4e3c-a470-415d1b72e2a3)
2019-12-27 21:38:13.763 15 RALLYDEBUG rally_openstack.cleanup.manager [-] Deleting neutron.port object s_rally_36f8fc48_VhaLnKqS (11554100-4251-440d-9580-643c585cd9c7)
2019-12-27 21:38:13.772 15 RALLYDEBUG rally_openstack.cleanup.manager [-] Deleting neutron.port object s_rally_36f8fc48_fHDerWet (1667c4e2-14b9-4477-a7e0-9452c859affe)
2019-12-27 21:38:13.790 15 RALLYDEBUG rally_openstack.cleanup.manager [-] Deleting neutron.port object s_rally_36f8fc48_WyYyCESk (18dbb970-c218-4869-b92b-d8eee43f4a1e)
2019-12-27 21:38:13.803 15 RALLYDEBUG rally_openstack.cleanup.manager [-] Deleting neutron.port object s_rally_36f8fc48_atIKQlcF (18ec4eec-508b-49ec-830e-ec51113541af)
2019-12-27 21:38:15.431 15 RALLYDEBUG rally_openstack.cleanup.manager [-] Deleting neutron.port object s_rally_36f8fc48_TmM7ygIk (190cdf45-eca2-4300-b750-66a472d64215)
2019-12-27 21:38:15.631 15 RALLYDEBUG rally_openstack.cleanup.manager [-] Deleting neutron.port object s_rally_36f8fc48_jCqxy59d (1922cc4a-a417-4a6f-b920-e3415b0dd214)
2019-12-27 21:38:15.642 15 RALLYDEBUG rally_openstack.cleanup.manager [-] Deleting neutron.port object s_rally_36f8fc48_cdBRGU9Q (197f69ec-61f1-4a6d-a42c-058d1ea7d0e3)
2019-12-27 21:38:15.658 15 RALLYDEBUG rally_openstack.cleanup.manager [-] Deleting neutron.port object s_rally_36f8fc48_J94b8vjf (1a8bb06b-55bd-4cdd-b85c-9af4e0f430b1)
2019-12-27 21:38:15.674 15 RALLYDEBUG rally_openstack.cleanup.manager [-] Deleting neutron.port object s_rally_36f8fc48_PifBnrW2 (1fdd0f70-6c37-43dc-a0c6-66d40ab16314)
2019-12-27 21:38:15.716 15 RALLYDEBUG rally_openstack.cleanup.manager [-] Deleting neutron.port object s_rally_36f8fc48_O4ksDkSs (220a1aa2-6ec2-4b5f-a7df-e42c81c3a4d2)
2019-12-27 21:38:15.785 15 RALLYDEBUG rally_openstack.cleanup.manager [-] Deleting neutron.port object s_rally_36f8fc48_08MWCxRS (250dc4df-8ec0-476d-8317-751e9a788d98)
2019-12-27 21:38:15.792 15 RALLYDEBUG rally_openstack.cleanup.manager [-] Deleting neutron.port object s_rally_36f8fc48_5lCqf4AF (256c1542-11c2-4d58-bafa-809f1347c226)
