2019-12-27 21:29:42.360 15 RALLYDEBUG rally_openstack.contexts.keystone.users [-] Creating 1 users using 20 threads
2019-12-27 21:29:43.020 15 INFO rally.task.context [-] Task f527893f-5cff-43db-b69f-849e9c95c15e | Context users@openstack setup() finished in 1.07 sec
2019-12-27 21:29:43.288 15 INFO rally.task.context [-] Task f527893f-5cff-43db-b69f-849e9c95c15e | Context quotas@openstack setup() finished in 0.27 sec
2019-12-27 21:29:43.289 15 INFO rally.task.context [-] Task f527893f-5cff-43db-b69f-849e9c95c15e | Context cleanup@openstack setup() finished in 0.02 msec
2019-12-27 21:29:43.301 15 RALLYDEBUG rally.task.runner [-] Starting the constant runner (task UUID: f527893f-5cff-43db-b69f-849e9c95c15e). times: 40 concurrency: 20 timeout: 0 max_cpu_used: 88 processes_to_start: 20 concurrency_per_worker: 1 concurrency_overhead: 0
2019-12-27 21:29:43.311 2269 RALLYDEBUG rally.task.runner [-] Starting a worker. times: 40 duration: None concurrency: 1 timeout: 0 cls: method_name: run args: {"network_create_args": {}, "subnet_create_args": {}, "subnet_cidr_start": "1.1.0.0/30", "subnets_per_network": 2}
2019-12-27 21:29:43.313 2270 RALLYDEBUG rally.task.runner [-] Starting a worker. times: 40 duration: None concurrency: 1 timeout: 0 cls: method_name: run args: {"network_create_args": {}, "subnet_create_args": {}, "subnet_cidr_start": "1.1.0.0/30", "subnets_per_network": 2}
2019-12-27 21:29:43.315 2271 RALLYDEBUG rally.task.runner [-] Starting a worker. times: 40 duration: None concurrency: 1 timeout: 0 cls: method_name: run args: {"network_create_args": {}, "subnet_create_args": {}, "subnet_cidr_start": "1.1.0.0/30", "subnets_per_network": 2}
2019-12-27 21:29:43.318 2269 INFO rally.task.runner [-] Task f527893f-5cff-43db-b69f-849e9c95c15e | ITER: 1 START
2019-12-27 21:29:43.319 2269 WARNING rally_openstack.scenarios.neutron.utils [-] Running this scenario without either the 'network' or 'existing_network' context is deprecated
2019-12-27 21:29:43.319 2270 INFO rally.task.runner [-] Task f527893f-5cff-43db-b69f-849e9c95c15e | ITER: 2 START
2019-12-27 21:29:43.319 2272 RALLYDEBUG rally.task.runner [-] Starting a worker. times: 40 duration: None concurrency: 1 timeout: 0 cls: method_name: run args: {"network_create_args": {}, "subnet_create_args": {}, "subnet_cidr_start": "1.1.0.0/30", "subnets_per_network": 2}
2019-12-27 21:29:43.320 2271 INFO rally.task.runner [-] Task f527893f-5cff-43db-b69f-849e9c95c15e | ITER: 3 START
2019-12-27 21:29:43.321 2270 WARNING rally_openstack.scenarios.neutron.utils [-] Running this scenario without either the 'network' or 'existing_network' context is deprecated
2019-12-27 21:29:43.321 2271 WARNING rally_openstack.scenarios.neutron.utils [-] Running this scenario without either the 'network' or 'existing_network' context is deprecated
2019-12-27 21:29:43.321 2274 RALLYDEBUG rally.task.runner [-] Starting a worker. times: 40 duration: None concurrency: 1 timeout: 0 cls: method_name: run args: {"network_create_args": {}, "subnet_create_args": {}, "subnet_cidr_start": "1.1.0.0/30", "subnets_per_network": 2}
2019-12-27 21:29:43.323 2279 RALLYDEBUG rally.task.runner [-] Starting a worker. times: 40 duration: None concurrency: 1 timeout: 0 cls: method_name: run args: {"network_create_args": {}, "subnet_create_args": {}, "subnet_cidr_start": "1.1.0.0/30", "subnets_per_network": 2}
2019-12-27 21:29:43.324 2272 INFO rally.task.runner [-] Task f527893f-5cff-43db-b69f-849e9c95c15e | ITER: 4 START
2019-12-27 21:29:43.326 2272 WARNING rally_openstack.scenarios.neutron.utils [-] Running this scenario without either the 'network' or 'existing_network' context is deprecated
2019-12-27 21:29:43.326 2274 INFO rally.task.runner [-] Task f527893f-5cff-43db-b69f-849e9c95c15e | ITER: 5 START
2019-12-27 21:29:43.327 2281 RALLYDEBUG rally.task.runner [-] Starting a worker. times: 40 duration: None concurrency: 1 timeout: 0 cls: method_name: run args: {"network_create_args": {}, "subnet_create_args": {}, "subnet_cidr_start": "1.1.0.0/30", "subnets_per_network": 2}
2019-12-27 21:29:43.328 2274 WARNING rally_openstack.scenarios.neutron.utils [-] Running this scenario without either the 'network' or 'existing_network' context is deprecated
2019-12-27 21:29:43.329 2279 INFO rally.task.runner [-] Task f527893f-5cff-43db-b69f-849e9c95c15e | ITER: 6 START
2019-12-27 21:29:43.329 2284 RALLYDEBUG rally.task.runner [-] Starting a worker. times: 40 duration: None concurrency: 1 timeout: 0 cls: method_name: run args: {"network_create_args": {}, "subnet_create_args": {}, "subnet_cidr_start": "1.1.0.0/30", "subnets_per_network": 2}
2019-12-27 21:29:43.331 2279 WARNING rally_openstack.scenarios.neutron.utils [-] Running this scenario without either the 'network' or 'existing_network' context is deprecated
2019-12-27 21:29:43.332 2287 RALLYDEBUG rally.task.runner [-] Starting a worker. times: 40 duration: None concurrency: 1 timeout: 0 cls: method_name: run args: {"network_create_args": {}, "subnet_create_args": {}, "subnet_cidr_start": "1.1.0.0/30", "subnets_per_network": 2}
2019-12-27 21:29:43.333 2281 INFO rally.task.runner [-] Task f527893f-5cff-43db-b69f-849e9c95c15e | ITER: 7 START
2019-12-27 21:29:43.334 2284 INFO rally.task.runner [-] Task f527893f-5cff-43db-b69f-849e9c95c15e | ITER: 8 START
2019-12-27 21:29:43.335 2281 WARNING rally_openstack.scenarios.neutron.utils [-] Running this scenario without either the 'network' or 'existing_network' context is deprecated
2019-12-27 21:29:43.334 2290 RALLYDEBUG rally.task.runner [-] Starting a worker. times: 40 duration: None concurrency: 1 timeout: 0 cls: method_name: run args: {"network_create_args": {}, "subnet_create_args": {}, "subnet_cidr_start": "1.1.0.0/30", "subnets_per_network": 2}
2019-12-27 21:29:43.335 2284 WARNING rally_openstack.scenarios.neutron.utils [-] Running this scenario without either the 'network' or 'existing_network' context is deprecated
2019-12-27 21:29:43.336 2293 RALLYDEBUG rally.task.runner [-] Starting a worker. times: 40 duration: None concurrency: 1 timeout: 0 cls: method_name: run args: {"network_create_args": {}, "subnet_create_args": {}, "subnet_cidr_start": "1.1.0.0/30", "subnets_per_network": 2}
2019-12-27 21:29:43.338 2287 INFO rally.task.runner [-] Task f527893f-5cff-43db-b69f-849e9c95c15e | ITER: 9 START
2019-12-27 21:29:43.340 2290 INFO rally.task.runner [-] Task f527893f-5cff-43db-b69f-849e9c95c15e | ITER: 10 START
2019-12-27 21:29:43.340 2287 WARNING rally_openstack.scenarios.neutron.utils [-] Running this scenario without either the 'network' or 'existing_network' context is deprecated
2019-12-27 21:29:43.339 2296 RALLYDEBUG rally.task.runner [-] Starting a worker. times: 40 duration: None concurrency: 1 timeout: 0 cls: method_name: run args: {"network_create_args": {}, "subnet_create_args": {}, "subnet_cidr_start": "1.1.0.0/30", "subnets_per_network": 2}
2019-12-27 21:29:43.341 2290 WARNING rally_openstack.scenarios.neutron.utils [-] Running this scenario without either the 'network' or 'existing_network' context is deprecated
2019-12-27 21:29:43.342 2299 RALLYDEBUG rally.task.runner [-] Starting a worker. times: 40 duration: None concurrency: 1 timeout: 0 cls: method_name: run args: {"network_create_args": {}, "subnet_create_args": {}, "subnet_cidr_start": "1.1.0.0/30", "subnets_per_network": 2}
2019-12-27 21:29:43.342 2293 INFO rally.task.runner [-] Task f527893f-5cff-43db-b69f-849e9c95c15e | ITER: 11 START
2019-12-27 21:29:43.344 2293 WARNING rally_openstack.scenarios.neutron.utils [-] Running this scenario without either the 'network' or 'existing_network' context is deprecated
2019-12-27 21:29:43.344 2302 RALLYDEBUG rally.task.runner [-] Starting a worker. times: 40 duration: None concurrency: 1 timeout: 0 cls: method_name: run args: {"network_create_args": {}, "subnet_create_args": {}, "subnet_cidr_start": "1.1.0.0/30", "subnets_per_network": 2}
2019-12-27 21:29:43.345 2296 INFO rally.task.runner [-] Task f527893f-5cff-43db-b69f-849e9c95c15e | ITER: 12 START
2019-12-27 21:29:43.347 2296 WARNING rally_openstack.scenarios.neutron.utils [-] Running this scenario without either the 'network' or 'existing_network' context is deprecated
2019-12-27 21:29:43.347 2299 INFO rally.task.runner [-] Task f527893f-5cff-43db-b69f-849e9c95c15e | ITER: 13 START
2019-12-27 21:29:43.347 2305 RALLYDEBUG rally.task.runner [-] Starting a worker. times: 40 duration: None concurrency: 1 timeout: 0 cls: method_name: run args: {"network_create_args": {}, "subnet_create_args": {}, "subnet_cidr_start": "1.1.0.0/30", "subnets_per_network": 2}
2019-12-27 21:29:43.349 2299 WARNING rally_openstack.scenarios.neutron.utils [-] Running this scenario without either the 'network' or 'existing_network' context is deprecated
2019-12-27 21:29:43.349 2302 INFO rally.task.runner [-] Task f527893f-5cff-43db-b69f-849e9c95c15e | ITER: 14 START
2019-12-27 21:29:43.350 2308 RALLYDEBUG rally.task.runner [-] Starting a worker. times: 40 duration: None concurrency: 1 timeout: 0 cls: method_name: run args: {"network_create_args": {}, "subnet_create_args": {}, "subnet_cidr_start": "1.1.0.0/30", "subnets_per_network": 2}
2019-12-27 21:29:43.351 2302 WARNING rally_openstack.scenarios.neutron.utils [-] Running this scenario without either the 'network' or 'existing_network' context is deprecated
2019-12-27 21:29:43.352 2305 INFO rally.task.runner [-] Task f527893f-5cff-43db-b69f-849e9c95c15e | ITER: 15 START
2019-12-27 21:29:43.352 2312 RALLYDEBUG rally.task.runner [-] Starting a worker. times: 40 duration: None concurrency: 1 timeout: 0 cls: method_name: run args: {"network_create_args": {}, "subnet_create_args": {}, "subnet_cidr_start": "1.1.0.0/30", "subnets_per_network": 2}
2019-12-27 21:29:43.353 2305 WARNING rally_openstack.scenarios.neutron.utils [-] Running this scenario without either the 'network' or 'existing_network' context is deprecated
2019-12-27 21:29:43.354 2308 INFO rally.task.runner [-] Task f527893f-5cff-43db-b69f-849e9c95c15e | ITER: 16 START
2019-12-27 21:29:43.355 2308 WARNING rally_openstack.scenarios.neutron.utils [-] Running this scenario without either the 'network' or 'existing_network' context is deprecated
2019-12-27 21:29:43.356 2312 INFO rally.task.runner [-] Task f527893f-5cff-43db-b69f-849e9c95c15e | ITER: 17 START
2019-12-27 21:29:43.357 2314 RALLYDEBUG rally.task.runner [-] Starting a worker. times: 40 duration: None concurrency: 1 timeout: 0 cls: method_name: run args: {"network_create_args": {}, "subnet_create_args": {}, "subnet_cidr_start": "1.1.0.0/30", "subnets_per_network": 2}
2019-12-27 21:29:43.358 2312 WARNING rally_openstack.scenarios.neutron.utils [-] Running this scenario without either the 'network' or 'existing_network' context is deprecated
2019-12-27 21:29:43.358 2319 RALLYDEBUG rally.task.runner [-] Starting a worker. times: 40 duration: None concurrency: 1 timeout: 0 cls: method_name: run args: {"network_create_args": {}, "subnet_create_args": {}, "subnet_cidr_start": "1.1.0.0/30", "subnets_per_network": 2}
2019-12-27 21:29:43.361 2314 INFO rally.task.runner [-] Task f527893f-5cff-43db-b69f-849e9c95c15e | ITER: 18 START
2019-12-27 21:29:43.361 2322 RALLYDEBUG rally.task.runner [-] Starting a worker. times: 40 duration: None concurrency: 1 timeout: 0 cls: method_name: run args: {"network_create_args": {}, "subnet_create_args": {}, "subnet_cidr_start": "1.1.0.0/30", "subnets_per_network": 2}
2019-12-27 21:29:43.362 2314 WARNING rally_openstack.scenarios.neutron.utils [-] Running this scenario without either the 'network' or 'existing_network' context is deprecated
2019-12-27 21:29:43.362 2319 INFO rally.task.runner [-] Task f527893f-5cff-43db-b69f-849e9c95c15e | ITER: 19 START
2019-12-27 21:29:43.364 2319 WARNING rally_openstack.scenarios.neutron.utils [-] Running this scenario without either the 'network' or 'existing_network' context is deprecated
2019-12-27 21:29:43.365 2322 INFO rally.task.runner [-] Task f527893f-5cff-43db-b69f-849e9c95c15e | ITER: 20 START
2019-12-27 21:29:43.367 2322 WARNING rally_openstack.scenarios.neutron.utils [-] Running this scenario without either the 'network' or 'existing_network' context is deprecated
2019-12-27 21:29:44.252 2314 RALLYDEBUG rally_openstack.wrappers.network [-] CIDR generated: 1.1.4.96/30
2019-12-27 21:29:44.447 2296 RALLYDEBUG rally_openstack.wrappers.network [-] CIDR generated: 1.1.4.100/30
2019-12-27 21:29:44.456 2272 RALLYDEBUG rally_openstack.wrappers.network [-] CIDR generated: 1.1.4.104/30
2019-12-27 21:29:44.465 2274 RALLYDEBUG rally_openstack.wrappers.network [-] CIDR generated: 1.1.4.108/30
2019-12-27 21:29:44.471 2299 RALLYDEBUG rally_openstack.wrappers.network [-] CIDR generated: 1.1.4.112/30
2019-12-27 21:29:44.472 2319 RALLYDEBUG rally_openstack.wrappers.network [-] CIDR generated: 1.1.4.116/30
2019-12-27 21:29:44.481 2312 RALLYDEBUG rally_openstack.wrappers.network [-] CIDR generated: 1.1.4.120/30
2019-12-27 21:29:44.481 2305 RALLYDEBUG rally_openstack.wrappers.network [-] CIDR generated: 1.1.4.124/30
2019-12-27 21:29:44.493 2281 RALLYDEBUG rally_openstack.wrappers.network [-] CIDR generated: 1.1.4.128/30
2019-12-27 21:29:44.532 2269 RALLYDEBUG rally_openstack.wrappers.network [-] CIDR generated: 1.1.4.132/30
2019-12-27 21:29:44.535 2290 RALLYDEBUG rally_openstack.wrappers.network [-] CIDR generated: 1.1.4.136/30
2019-12-27 21:29:44.576 2287 RALLYDEBUG rally_openstack.wrappers.network [-] CIDR generated: 1.1.4.140/30
2019-12-27 21:29:44.603 2322 RALLYDEBUG rally_openstack.wrappers.network [-] CIDR generated: 1.1.4.144/30
2019-12-27 21:29:44.740 2308 RALLYDEBUG rally_openstack.wrappers.network [-] CIDR generated: 1.1.4.148/30
2019-12-27 21:29:44.759 2293 RALLYDEBUG rally_openstack.wrappers.network [-] CIDR generated: 1.1.4.152/30
2019-12-27 21:29:44.847 2271 RALLYDEBUG rally_openstack.wrappers.network [-] CIDR generated: 1.1.4.156/30
2019-12-27 21:29:44.852 2270 RALLYDEBUG rally_openstack.wrappers.network [-] CIDR generated: 1.1.4.160/30
2019-12-27 21:29:44.861 2279 RALLYDEBUG rally_openstack.wrappers.network [-] CIDR generated: 1.1.4.164/30
2019-12-27 21:29:45.018 2314 RALLYDEBUG rally_openstack.wrappers.network [-] CIDR generated: 1.1.4.168/30
2019-12-27 21:29:45.147 2302 RALLYDEBUG rally_openstack.wrappers.network [-] CIDR generated: 1.1.4.172/30
2019-12-27 21:29:45.343 2319 RALLYDEBUG rally_openstack.wrappers.network [-] CIDR generated: 1.1.4.176/30
2019-12-27 21:29:45.356 2284 RALLYDEBUG rally_openstack.wrappers.network [-] CIDR generated: 1.1.4.180/30
2019-12-27 21:29:45.527 2272 RALLYDEBUG rally_openstack.wrappers.network [-] CIDR generated: 1.1.4.184/30
2019-12-27 21:29:45.549 2296 RALLYDEBUG rally_openstack.wrappers.network [-] CIDR generated: 1.1.4.188/30
2019-12-27 21:29:45.556 2308 RALLYDEBUG rally_openstack.wrappers.network [-] CIDR generated: 1.1.4.192/30
2019-12-27 21:29:45.564 2293 RALLYDEBUG rally_openstack.wrappers.network [-] CIDR generated: 1.1.4.196/30
2019-12-27 21:29:45.641 2274 RALLYDEBUG rally_openstack.wrappers.network [-] CIDR generated: 1.1.4.200/30
2019-12-27 21:29:45.689 2312 RALLYDEBUG rally_openstack.wrappers.network [-] CIDR generated: 1.1.4.204/30
2019-12-27 21:29:45.698 2305 RALLYDEBUG rally_openstack.wrappers.network [-] CIDR generated: 1.1.4.208/30
2019-12-27 21:29:45.724 2299 RALLYDEBUG rally_openstack.wrappers.network [-] CIDR generated: 1.1.4.212/30
2019-12-27 21:29:45.807 2279 RALLYDEBUG rally_openstack.wrappers.network [-] CIDR generated: 1.1.4.216/30
2019-12-27 21:29:45.994 2302 RALLYDEBUG rally_openstack.wrappers.network [-] CIDR generated: 1.1.4.220/30
2019-12-27 21:29:46.032 2281 RALLYDEBUG rally_openstack.wrappers.network [-] CIDR generated: 1.1.4.224/30
2019-12-27 21:29:46.372 2322 RALLYDEBUG rally_openstack.wrappers.network [-] CIDR generated: 1.1.4.228/30
2019-12-27 21:29:46.391 2287 RALLYDEBUG rally_openstack.wrappers.network [-] CIDR generated: 1.1.4.232/30
2019-12-27 21:29:46.448 2270 RALLYDEBUG rally_openstack.wrappers.network [-] CIDR generated: 1.1.4.236/30
2019-12-27 21:29:46.535 2271 RALLYDEBUG rally_openstack.wrappers.network [-] CIDR generated: 1.1.4.240/30
2019-12-27 21:29:46.558 2290 RALLYDEBUG rally_openstack.wrappers.network [-] CIDR generated: 1.1.4.244/30
2019-12-27 21:29:46.583 2269 RALLYDEBUG rally_openstack.wrappers.network [-] CIDR generated: 1.1.4.248/30
2019-12-27 21:29:46.840 2284 RALLYDEBUG rally_openstack.wrappers.network [-] CIDR generated: 1.1.4.252/30
2019-12-27 21:29:47.117 2314 INFO rally.task.runner [-] Task f527893f-5cff-43db-b69f-849e9c95c15e | ITER: 18 END: OK
2019-12-27 21:29:47.121 2314 INFO rally.task.runner [-] Task f527893f-5cff-43db-b69f-849e9c95c15e | ITER: 21 START
2019-12-27 21:29:47.122 2314 WARNING rally_openstack.scenarios.neutron.utils [-] Running this scenario without either the 'network' or 'existing_network' context is deprecated
2019-12-27 21:29:47.222 2272 INFO rally.task.runner [-] Task f527893f-5cff-43db-b69f-849e9c95c15e | ITER: 4 END: OK
2019-12-27 21:29:47.226 2272 INFO rally.task.runner [-] Task f527893f-5cff-43db-b69f-849e9c95c15e | ITER: 22 START
2019-12-27 21:29:47.227 2272 WARNING rally_openstack.scenarios.neutron.utils [-] Running this scenario without either the 'network' or 'existing_network' context is deprecated
2019-12-27 21:29:47.426 2312 INFO rally.task.runner [-] Task f527893f-5cff-43db-b69f-849e9c95c15e | ITER: 17 END: OK
2019-12-27 21:29:47.430 2312 INFO rally.task.runner [-] Task f527893f-5cff-43db-b69f-849e9c95c15e | ITER: 23 START
2019-12-27 21:29:47.431 2312 WARNING rally_openstack.scenarios.neutron.utils [-] Running this scenario without either the 'network' or 'existing_network' context is deprecated
2019-12-27 21:29:47.583 2314 RALLYDEBUG rally_openstack.wrappers.network [-] CIDR generated: 1.1.5.0/30
2019-12-27 21:29:47.601 2293 INFO rally.task.runner [-] Task f527893f-5cff-43db-b69f-849e9c95c15e | ITER: 11 END: OK
2019-12-27 21:29:47.604 2293 INFO rally.task.runner [-] Task f527893f-5cff-43db-b69f-849e9c95c15e | ITER: 24 START
2019-12-27 21:29:47.605 2293 WARNING rally_openstack.scenarios.neutron.utils [-] Running this scenario without either the 'network' or 'existing_network' context is deprecated
2019-12-27 21:29:47.643 2319 INFO rally.task.runner [-] Task f527893f-5cff-43db-b69f-849e9c95c15e | ITER: 19 END: OK
2019-12-27 21:29:47.648 2319 INFO rally.task.runner [-] Task f527893f-5cff-43db-b69f-849e9c95c15e | ITER: 25 START
2019-12-27 21:29:47.649 2319 WARNING rally_openstack.scenarios.neutron.utils [-] Running this scenario without either the 'network' or 'existing_network' context is deprecated
2019-12-27 21:29:47.696 2274 INFO rally.task.runner [-] Task f527893f-5cff-43db-b69f-849e9c95c15e | ITER: 5 END: OK
2019-12-27 21:29:47.700 2274 INFO rally.task.runner [-] Task f527893f-5cff-43db-b69f-849e9c95c15e | ITER: 26 START
2019-12-27 21:29:47.701 2274 WARNING rally_openstack.scenarios.neutron.utils [-] Running this scenario without either the 'network' or 'existing_network' context is deprecated
2019-12-27 21:29:47.711 2296 INFO rally.task.runner [-] Task f527893f-5cff-43db-b69f-849e9c95c15e | ITER: 12 END: OK
2019-12-27 21:29:47.715 2296 INFO rally.task.runner [-] Task f527893f-5cff-43db-b69f-849e9c95c15e | ITER: 27 START
2019-12-27 21:29:47.716 2296 WARNING rally_openstack.scenarios.neutron.utils [-] Running this scenario without either the 'network' or 'existing_network' context is deprecated
2019-12-27 21:29:47.725 2308 INFO rally.task.runner [-] Task f527893f-5cff-43db-b69f-849e9c95c15e | ITER: 16 END: OK
2019-12-27 21:29:47.729 2308 INFO rally.task.runner [-] Task f527893f-5cff-43db-b69f-849e9c95c15e | ITER: 28 START
2019-12-27 21:29:47.729 2308 WARNING rally_openstack.scenarios.neutron.utils [-] Running this scenario without either the 'network' or 'existing_network' context is deprecated
2019-12-27 21:29:47.842 2272 RALLYDEBUG rally_openstack.wrappers.network [-] CIDR generated: 1.1.5.4/30
2019-12-27 21:29:47.842 2299 INFO rally.task.runner [-] Task f527893f-5cff-43db-b69f-849e9c95c15e | ITER: 13 END: OK
2019-12-27 21:29:47.846 2299 INFO rally.task.runner [-] Task f527893f-5cff-43db-b69f-849e9c95c15e | ITER: 29 START
2019-12-27 21:29:47.847 2299 WARNING rally_openstack.scenarios.neutron.utils [-] Running this scenario without either the 'network' or 'existing_network' context is deprecated
2019-12-27 21:29:47.895 2312 RALLYDEBUG rally_openstack.wrappers.network [-] CIDR generated: 1.1.5.8/30
2019-12-27 21:29:47.912 2305 INFO rally.task.runner [-] Task f527893f-5cff-43db-b69f-849e9c95c15e | ITER: 15 END: OK
2019-12-27 21:29:47.916 2305 INFO rally.task.runner [-] Task f527893f-5cff-43db-b69f-849e9c95c15e | ITER: 30 START
2019-12-27 21:29:47.917 2305 WARNING rally_openstack.scenarios.neutron.utils [-] Running this scenario without either the 'network' or 'existing_network' context is deprecated
2019-12-27 21:29:47.919 2293 RALLYDEBUG rally_openstack.wrappers.network [-] CIDR generated: 1.1.5.12/30
2019-12-27 21:29:48.011 2319 RALLYDEBUG rally_openstack.wrappers.network [-] CIDR generated: 1.1.5.16/30
2019-12-27 21:29:48.049 2308 RALLYDEBUG rally_openstack.wrappers.network [-] CIDR generated: 1.1.5.20/30
2019-12-27 21:29:48.049 2274 RALLYDEBUG rally_openstack.wrappers.network [-] CIDR generated: 1.1.5.24/30
2019-12-27 21:29:48.154 2302 INFO rally.task.runner [-] Task f527893f-5cff-43db-b69f-849e9c95c15e | ITER: 14 END: OK
2019-12-27 21:29:48.159 2302 INFO rally.task.runner [-] Task f527893f-5cff-43db-b69f-849e9c95c15e | ITER: 31 START
2019-12-27 21:29:48.160 2302 WARNING rally_openstack.scenarios.neutron.utils [-] Running this scenario without either the 'network' or 'existing_network' context is deprecated
2019-12-27 21:29:48.166 2299 RALLYDEBUG rally_openstack.wrappers.network [-] CIDR generated: 1.1.5.28/30
2019-12-27 21:29:48.436 2302 RALLYDEBUG rally_openstack.wrappers.network [-] CIDR generated: 1.1.5.32/30
2019-12-27 21:29:48.484 2296 RALLYDEBUG rally_openstack.wrappers.network [-] CIDR generated: 1.1.5.36/30
2019-12-27 21:29:48.507 2305 RALLYDEBUG rally_openstack.wrappers.network [-] CIDR generated: 1.1.5.40/30
2019-12-27 21:29:48.574 2272 RALLYDEBUG rally_openstack.wrappers.network [-] CIDR generated: 1.1.5.44/30
2019-12-27 21:29:48.726 2293 RALLYDEBUG rally_openstack.wrappers.network [-] CIDR generated: 1.1.5.48/30
2019-12-27 21:29:48.774 2319 RALLYDEBUG rally_openstack.wrappers.network [-] CIDR generated: 1.1.5.52/30
2019-12-27 21:29:48.839 2279 INFO rally.task.runner [-] Task f527893f-5cff-43db-b69f-849e9c95c15e | ITER: 6 END: OK
2019-12-27 21:29:48.844 2279 INFO rally.task.runner [-] Task f527893f-5cff-43db-b69f-849e9c95c15e | ITER: 32 START
2019-12-27 21:29:48.845 2279 WARNING rally_openstack.scenarios.neutron.utils [-] Running this scenario without either the 'network' or 'existing_network' context is deprecated
2019-12-27 21:29:49.077 2308 RALLYDEBUG rally_openstack.wrappers.network [-] CIDR generated: 1.1.5.56/30
2019-12-27 21:29:49.126 2314 RALLYDEBUG rally_openstack.wrappers.network [-] CIDR generated: 1.1.5.60/30
2019-12-27 21:29:49.151 2302 RALLYDEBUG rally_openstack.wrappers.network [-] CIDR generated: 1.1.5.64/30
2019-12-27 21:29:49.175 2299 RALLYDEBUG rally_openstack.wrappers.network [-] CIDR generated: 1.1.5.68/30
2019-12-27 21:29:49.214 2274 RALLYDEBUG rally_openstack.wrappers.network [-] CIDR generated: 1.1.5.72/30
2019-12-27 21:29:49.254 2279 RALLYDEBUG rally_openstack.wrappers.network [-] CIDR generated: 1.1.5.76/30
2019-12-27 21:29:49.316 2312 RALLYDEBUG rally_openstack.wrappers.network [-] CIDR generated: 1.1.5.80/30
2019-12-27 21:29:49.433 2305 RALLYDEBUG rally_openstack.wrappers.network [-] CIDR generated: 1.1.5.84/30
2019-12-27 21:29:49.659 2281 INFO rally.task.runner [-] Task f527893f-5cff-43db-b69f-849e9c95c15e | ITER: 7 END: OK
2019-12-27 21:29:49.664 2281 INFO rally.task.runner [-] Task f527893f-5cff-43db-b69f-849e9c95c15e | ITER: 33 START
2019-12-27 21:29:49.665 2281 WARNING rally_openstack.scenarios.neutron.utils [-] Running this scenario without either the 'network' or 'existing_network' context is deprecated
2019-12-27 21:29:49.889 2271 INFO rally.task.runner [-] Task f527893f-5cff-43db-b69f-849e9c95c15e | ITER: 3 END: OK
2019-12-27 21:29:49.892 2270 INFO rally.task.runner [-] Task f527893f-5cff-43db-b69f-849e9c95c15e | ITER: 2 END: OK
2019-12-27 21:29:49.893 2271 INFO rally.task.runner [-] Task f527893f-5cff-43db-b69f-849e9c95c15e | ITER: 34 START
2019-12-27 21:29:49.894 2271 WARNING rally_openstack.scenarios.neutron.utils [-] Running this scenario without either the 'network' or 'existing_network' context is deprecated
2019-12-27 21:29:49.896 2270 INFO rally.task.runner [-] Task f527893f-5cff-43db-b69f-849e9c95c15e | ITER: 35 START
2019-12-27 21:29:49.897 2270 WARNING rally_openstack.scenarios.neutron.utils [-] Running this scenario without either the 'network' or 'existing_network' context is deprecated
2019-12-27 21:29:49.906 2322 INFO rally.task.runner [-] Task f527893f-5cff-43db-b69f-849e9c95c15e | ITER: 20 END: OK
2019-12-27 21:29:49.909 2287 INFO rally.task.runner [-] Task f527893f-5cff-43db-b69f-849e9c95c15e | ITER: 9 END: OK
2019-12-27 21:29:49.910 2322 INFO rally.task.runner [-] Task f527893f-5cff-43db-b69f-849e9c95c15e | ITER: 36 START
2019-12-27 21:29:49.911 2322 WARNING rally_openstack.scenarios.neutron.utils [-] Running this scenario without either the 'network' or 'existing_network' context is deprecated
2019-12-27 21:29:49.912 2287 INFO rally.task.runner [-] Task f527893f-5cff-43db-b69f-849e9c95c15e | ITER: 37 START
2019-12-27 21:29:49.913 2287 WARNING rally_openstack.scenarios.neutron.utils [-] Running this scenario without either the 'network' or 'existing_network' context is deprecated
2019-12-27 21:29:49.984 2269 INFO rally.task.runner [-] Task f527893f-5cff-43db-b69f-849e9c95c15e | ITER: 1 END: OK
2019-12-27 21:29:49.987 2269 INFO rally.task.runner [-] Task f527893f-5cff-43db-b69f-849e9c95c15e | ITER: 38 START
2019-12-27 21:29:49.988 2269 WARNING rally_openstack.scenarios.neutron.utils [-] Running this scenario without either the 'network' or 'existing_network' context is deprecated
2019-12-27 21:29:49.988 2290 INFO rally.task.runner [-] Task f527893f-5cff-43db-b69f-849e9c95c15e | ITER: 10 END: OK
2019-12-27 21:29:49.991 2290 INFO rally.task.runner [-] Task f527893f-5cff-43db-b69f-849e9c95c15e | ITER: 39 START
2019-12-27 21:29:49.992 2290 WARNING rally_openstack.scenarios.neutron.utils [-] Running this scenario without either the 'network' or 'existing_network' context is deprecated
2019-12-27 21:29:50.040 2284 INFO rally.task.runner [-] Task f527893f-5cff-43db-b69f-849e9c95c15e | ITER: 8 END: OK
2019-12-27 21:29:50.043 2284 INFO rally.task.runner [-] Task f527893f-5cff-43db-b69f-849e9c95c15e | ITER: 40 START
2019-12-27 21:29:50.044 2284 WARNING rally_openstack.scenarios.neutron.utils [-] Running this scenario without either the 'network' or 'existing_network' context is deprecated
2019-12-27 21:29:50.044 2296 RALLYDEBUG rally_openstack.wrappers.network [-] CIDR generated: 1.1.5.88/30
2019-12-27 21:29:50.214 2281 RALLYDEBUG rally_openstack.wrappers.network [-] CIDR generated: 1.1.5.92/30
2019-12-27 21:29:50.217 2322 RALLYDEBUG rally_openstack.wrappers.network [-] CIDR generated: 1.1.5.96/30
2019-12-27 21:29:50.281 2271 RALLYDEBUG rally_openstack.wrappers.network [-] CIDR generated: 1.1.5.100/30
2019-12-27 21:29:50.309 2270 RALLYDEBUG rally_openstack.wrappers.network [-] CIDR generated: 1.1.5.104/30
2019-12-27 21:29:50.355 2284 RALLYDEBUG rally_openstack.wrappers.network [-] CIDR generated: 1.1.5.108/30
2019-12-27 21:29:50.403 2269 RALLYDEBUG rally_openstack.wrappers.network [-] CIDR generated: 1.1.5.112/30
2019-12-27 21:29:50.627 2287 RALLYDEBUG rally_openstack.wrappers.network [-] CIDR generated: 1.1.5.116/30
2019-12-27 21:29:50.907 2293 INFO rally.task.runner [-] Task f527893f-5cff-43db-b69f-849e9c95c15e | ITER: 24 END: OK
2019-12-27 21:29:50.914 2290 RALLYDEBUG rally_openstack.wrappers.network [-] CIDR generated: 1.1.5.120/30
2019-12-27 21:29:50.937 2279 RALLYDEBUG rally_openstack.wrappers.network [-] CIDR generated: 1.1.5.124/30
2019-12-27 21:29:51.019 2319 INFO rally.task.runner [-] Task f527893f-5cff-43db-b69f-849e9c95c15e | ITER: 25 END: OK
2019-12-27 21:29:51.212 2272 INFO rally.task.runner [-] Task f527893f-5cff-43db-b69f-849e9c95c15e | ITER: 22 END: OK
2019-12-27 21:29:51.217 2308 INFO rally.task.runner [-] Task f527893f-5cff-43db-b69f-849e9c95c15e | ITER: 28 END: OK
2019-12-27 21:29:51.251 2284 RALLYDEBUG rally_openstack.wrappers.network [-] CIDR generated: 1.1.5.128/30
2019-12-27 21:29:51.266 2302 INFO rally.task.runner [-] Task f527893f-5cff-43db-b69f-849e9c95c15e | ITER: 31 END: OK
2019-12-27 21:29:51.367 2322 RALLYDEBUG rally_openstack.wrappers.network [-] CIDR generated: 1.1.5.132/30
2019-12-27 21:29:51.411 2274 INFO rally.task.runner [-] Task f527893f-5cff-43db-b69f-849e9c95c15e | ITER: 26 END: OK
2019-12-27 21:29:51.521 2269 RALLYDEBUG rally_openstack.wrappers.network [-] CIDR generated: 1.1.5.136/30
2019-12-27 21:29:51.597 2312 INFO rally.task.runner [-] Task f527893f-5cff-43db-b69f-849e9c95c15e | ITER: 23 END: OK
2019-12-27 21:29:51.842 2299 INFO rally.task.runner [-] Task f527893f-5cff-43db-b69f-849e9c95c15e | ITER: 29 END: OK
2019-12-27 21:29:51.890 2270 RALLYDEBUG rally_openstack.wrappers.network [-] CIDR generated: 1.1.5.140/30
2019-12-27 21:29:51.924 2271 RALLYDEBUG rally_openstack.wrappers.network [-] CIDR generated: 1.1.5.144/30
2019-12-27 21:29:51.934 2281 RALLYDEBUG rally_openstack.wrappers.network [-] CIDR generated: 1.1.5.148/30
2019-12-27 21:29:52.292 2287 RALLYDEBUG rally_openstack.wrappers.network [-] CIDR generated: 1.1.5.152/30
2019-12-27 21:29:52.495 2290 RALLYDEBUG rally_openstack.wrappers.network [-] CIDR generated: 1.1.5.156/30
2019-12-27 21:29:52.541 2314 INFO rally.task.runner [-] Task f527893f-5cff-43db-b69f-849e9c95c15e | ITER: 21 END: OK
2019-12-27 21:29:52.759 2305 INFO rally.task.runner [-] Task f527893f-5cff-43db-b69f-849e9c95c15e | ITER: 30 END: OK
2019-12-27 21:29:52.983 2296 INFO rally.task.runner [-] Task f527893f-5cff-43db-b69f-849e9c95c15e | ITER: 27 END: OK
2019-12-27 21:29:53.289 2284 INFO rally.task.runner [-] Task f527893f-5cff-43db-b69f-849e9c95c15e | ITER: 40 END: OK
2019-12-27 21:29:53.404 2322 INFO rally.task.runner [-] Task f527893f-5cff-43db-b69f-849e9c95c15e | ITER: 36 END: OK
2019-12-27 21:29:53.434 2269 INFO rally.task.runner [-] Task f527893f-5cff-43db-b69f-849e9c95c15e | ITER: 38 END: OK
2019-12-27 21:29:53.903 2281 INFO rally.task.runner [-] Task f527893f-5cff-43db-b69f-849e9c95c15e | ITER: 33 END: OK
2019-12-27 21:29:53.924 2279 INFO rally.task.runner [-] Task f527893f-5cff-43db-b69f-849e9c95c15e | ITER: 32 END: OK
2019-12-27 21:29:55.384 2270 INFO rally.task.runner [-] Task f527893f-5cff-43db-b69f-849e9c95c15e | ITER: 35 END: OK
2019-12-27 21:29:55.388 2271 INFO rally.task.runner [-] Task f527893f-5cff-43db-b69f-849e9c95c15e | ITER: 34 END: OK
2019-12-27 21:29:55.654 2287 INFO rally.task.runner [-] Task f527893f-5cff-43db-b69f-849e9c95c15e | ITER: 37 END: OK
2019-12-27 21:29:55.726 2290 INFO rally.task.runner [-] Task f527893f-5cff-43db-b69f-849e9c95c15e | ITER: 39 END: OK
2019-12-27 21:29:55.750 15 INFO rally.task.context [-] Task f527893f-5cff-43db-b69f-849e9c95c15e | Context cleanup@openstack cleanup() started
2019-12-27 21:29:55.754 15 RALLYDEBUG rally_openstack.cleanup.manager [-] Cleaning up neutron vip objects
2019-12-27 21:29:55.888 15 RALLYDEBUG rally_openstack.cleanup.manager [-] Cleaning up neutron health_monitor objects
2019-12-27 21:29:56.029 15 RALLYDEBUG rally_openstack.cleanup.manager [-] Cleaning up neutron pool objects
2019-12-27 21:29:56.169 15 RALLYDEBUG rally_openstack.cleanup.manager [-] Cleaning up neutron loadbalancer objects
2019-12-27 21:29:56.475 15 RALLYDEBUG rally_openstack.cleanup.manager [-] Cleaning up neutron floatingip objects
2019-12-27 21:29:56.658 15 RALLYDEBUG rally_openstack.cleanup.manager [-] Cleaning up neutron trunk objects
2019-12-27 21:29:56.803 15 RALLYDEBUG rally_openstack.cleanup.manager [-] Cleaning up neutron port objects
2019-12-27 21:29:57.265 15 RALLYDEBUG rally_openstack.cleanup.manager [-] Cleaning up neutron subnet objects
2019-12-27 21:29:57.423 15 RALLYDEBUG rally_openstack.cleanup.manager [-] Cleaning up neutron network objects
2019-12-27 21:29:57.823 15 RALLYDEBUG rally_openstack.cleanup.manager [-] Deleting neutron.network object s_rally_fa6cec95_ohzlbE06 (0271a812-3497-4759-a67f-41f5a9e0e2d6)
2019-12-27 21:29:57.827 15 RALLYDEBUG rally_openstack.cleanup.manager [-] Deleting neutron.network object s_rally_fa6cec95_7KNFXgbE (212e289e-d997-45d5-a618-d0342434b74e)
2019-12-27 21:29:57.828 15 RALLYDEBUG rally_openstack.cleanup.manager [-] Deleting neutron.network object s_rally_fa6cec95_PkjWBt57 (0c03ffda-9440-466c-8307-5c21237fce69)
2019-12-27 21:29:57.829 15 RALLYDEBUG rally_openstack.cleanup.manager [-] Deleting neutron.network object s_rally_fa6cec95_fsSsh394 (349ed0d5-6383-4bb2-9e5b-5dfddd418f18)
2019-12-27 21:29:57.829 15 RALLYDEBUG rally_openstack.cleanup.manager [-] Deleting neutron.network object s_rally_fa6cec95_hVgtYs5S (0545dc3e-ebfe-4d80-92a3-fea3d6be6fb7)
2019-12-27 21:29:57.830 15 RALLYDEBUG rally_openstack.cleanup.manager [-] Deleting neutron.network object s_rally_fa6cec95_8iphaVdH (360e1c76-cf6e-4539-8c4e-88ba0cadca89)
2019-12-27 21:29:57.831 15 RALLYDEBUG rally_openstack.cleanup.manager [-] Deleting neutron.network object s_rally_fa6cec95_BAVc6Mv8 (1de71317-9001-48cf-9cd5-d355cceeba23)
2019-12-27 21:29:57.831 15 RALLYDEBUG rally_openstack.cleanup.manager [-] Deleting neutron.network object s_rally_fa6cec95_SNzg0wCF (37dfdfff-6e94-4c23-ac32-c09d785ccf5a)
2019-12-27 21:29:57.836 15 RALLYDEBUG rally_openstack.cleanup.manager [-] Deleting neutron.network object s_rally_fa6cec95_kx4bahfK (3a4e1028-9dab-49ac-99c2-4831288a4ed3)
2019-12-27 21:29:57.840 15 RALLYDEBUG rally_openstack.cleanup.manager [-] Deleting neutron.network object s_rally_fa6cec95_jrcnAh6U (46a314e3-1b3e-49fc-9094-efb920935cfa)
2019-12-27 21:29:57.853 15 RALLYDEBUG rally_openstack.cleanup.manager [-] Deleting neutron.network object s_rally_fa6cec95_dkIPdKhS (477f728c-ea29-445e-bead-a13071c86418)
2019-12-27 21:29:57.857 15 RALLYDEBUG rally_openstack.cleanup.manager [-] Deleting neutron.network object s_rally_fa6cec95_Ic6NLdIf (4cf754c2-bcb0-47f7-ac2d-9aae169c38c0)
2019-12-27 21:29:57.873 15 RALLYDEBUG rally_openstack.cleanup.manager [-] Deleting neutron.network object s_rally_fa6cec95_vs8iqFTf (5724d899-9661-4d3b-b22c-4a437422b867)
2019-12-27 21:29:57.878 15 RALLYDEBUG rally_openstack.cleanup.manager [-] Deleting neutron.network object s_rally_fa6cec95_gvFr5otp (5859313d-8a20-443d-a44d-bf684633000c)
2019-12-27 21:29:57.901 15 RALLYDEBUG rally_openstack.cleanup.manager [-] Deleting neutron.network object s_rally_fa6cec95_wwd5R0xe (59dae3c9-4f71-430f-bd6d-9840b1fc4a6c)
2019-12-27 21:29:57.934 15 RALLYDEBUG rally_openstack.cleanup.manager [-] Deleting neutron.network object s_rally_fa6cec95_NR5Ot5Ld (5e162863-3271-489a-9263-04ec4241e2bc)
2019-12-27 21:29:57.953 15 RALLYDEBUG rally_openstack.cleanup.manager [-] Deleting neutron.network object s_rally_fa6cec95_U9XbmwhZ (66751e4a-7501-490f-a9d2-682138877dbf)
2019-12-27 21:29:57.972 15 RALLYDEBUG rally_openstack.cleanup.manager [-] Deleting neutron.network object s_rally_fa6cec95_RKy2UdRz (66a2cd96-dec4-4437-a44e-1c733423cc40)
2019-12-27 21:29:57.983 15 RALLYDEBUG rally_openstack.cleanup.manager [-] Deleting neutron.network object s_rally_fa6cec95_yD3cXFQq (6a0c0234-80ba-43e0-9059-911976c39596)
2019-12-27 21:29:58.001 15 RALLYDEBUG rally_openstack.cleanup.manager [-] Deleting neutron.network object s_rally_fa6cec95_Ro1QkTjG (6e5b76de-9eca-4d5a-97b7-606fbe430b47)
2019-12-27 21:29:59.849 15 RALLYDEBUG rally_openstack.cleanup.manager [-] Deleting neutron.network object s_rally_fa6cec95_Jh6UoQJe (735ddf11-6abe-49d5-85a8-214781573d72)
2019-12-27 21:29:59.942 15 RALLYDEBUG rally_openstack.cleanup.manager [-] Deleting neutron.network object s_rally_fa6cec95_P4NwfB11 (763e3c64-32c1-47e0-b0da-b9b1f671ee5e)
2019-12-27 21:30:00.060 15 RALLYDEBUG rally_openstack.cleanup.manager [-] Deleting neutron.network object s_rally_fa6cec95_d5f2l13U (8079f4ea-2b3c-47d3-9e88-1d4893cbe787)
2019-12-27 21:30:00.187 15 RALLYDEBUG rally_openstack.cleanup.manager [-] Deleting neutron.network object s_rally_fa6cec95_14aHKBpM (8491bbce-1c42-4f04-99e6-ef5ae43d5fa9)
2019-12-27 21:30:00.199 15 RALLYDEBUG rally_openstack.cleanup.manager [-] Deleting neutron.network object s_rally_fa6cec95_46dVveT0 (8e0ecc3a-a950-4ea4-931b-6da22533e29a)
2019-12-27 21:30:00.248 15 RALLYDEBUG rally_openstack.cleanup.manager [-] Deleting neutron.network object s_rally_fa6cec95_BJuUvtuN (998d9db3-de89-4c30-bbcd-c3ee99372c43)
2019-12-27 21:30:00.299 15 RALLYDEBUG rally_openstack.cleanup.manager [-] Deleting neutron.network object s_rally_fa6cec95_jIcLauLD (a33ff4ba-793f-4fb6-8d24-449407f9cc2b)
2019-12-27 21:30:00.426 15 RALLYDEBUG rally_openstack.cleanup.manager [-] Deleting neutron.network object s_rally_fa6cec95_XmC4aljw (a5d78c65-e19f-44fc-a0f0-f02a9b9f32e8)
2019-12-27 21:30:00.727 15 RALLYDEBUG rally_openstack.cleanup.manager [-] Deleting neutron.network object s_rally_fa6cec95_4KWh1GlU (a9581364-476f-42fe-984d-a82cd10e2b24)
2019-12-27 21:30:00.732 15 RALLYDEBUG rally_openstack.cleanup.manager [-] Deleting neutron.network object s_rally_fa6cec95_P4u8L0i9 (b6ad2c89-b4e1-497c-8808-aa79a1f0bad4)
2019-12-27 21:30:00.745 15 RALLYDEBUG rally_openstack.cleanup.manager [-] Deleting neutron.network object s_rally_fa6cec95_1Av2786o (b7e5389d-813c-4600-958e-44b2cbf73bc0)
2019-12-27 21:30:00.752 15 RALLYDEBUG rally_openstack.cleanup.manager [-] Deleting neutron.network object s_rally_fa6cec95_90IPbqqJ (b8a24515-9bbf-41e3-aec9-cc53c9789450)
2019-12-27 21:30:00.814 15 RALLYDEBUG rally_openstack.cleanup.manager [-] Deleting neutron.network object s_rally_fa6cec95_SO4mJkat (c296416a-6d83-4392-9afd-d1502c7c58fc)
2019-12-27 21:30:00.837 15 RALLYDEBUG rally_openstack.cleanup.manager [-] Deleting neutron.network object s_rally_fa6cec95_s2f4AfLg (c4631003-55e6-46fe-b355-f89fbfe69e43)
2019-12-27 21:30:01.141 15 RALLYDEBUG rally_openstack.cleanup.manager [-] Deleting neutron.network object s_rally_fa6cec95_03zQzkBD (c74a5eba-e5f0-452d-a379-e866305f065d)
2019-12-27 21:30:01.169 15 RALLYDEBUG rally_openstack.cleanup.manager [-] Deleting neutron.network object s_rally_fa6cec95_JfDWqbVr (d2783fd3-ba27-4f66-a233-0a50d330f6f5)
2019-12-27 21:30:02.042 15 RALLYDEBUG rally_openstack.cleanup.manager [-] Deleting neutron.network object s_rally_fa6cec95_FMnHqIca (d2925196-f390-4876-a3f8-95d5d3667e46)
2019-12-27 21:30:02.153 15 RALLYDEBUG rally_openstack.cleanup.manager [-] Deleting neutron.network object s_rally_fa6cec95_mVT1Cyoa (d32d3181-ab77-41a7-bfad-2b94513a0b76)
2019-12-27 21:30:02.206 15 RALLYDEBUG rally_openstack.cleanup.manager [-] Deleting neutron.network object s_rally_fa6cec95_JnNVsWGH (e4653eec-bd0b-4f4d-8ce0-7c3d61d7e713)
2019-12-27 21:30:02.279 15 RALLYDEBUG rally_openstack.cleanup.manager [-] Deleting neutron.network object s_rally_fa6cec95_QQ4LKamh (f4c17a35-750f-459a-8ba1-04a860d3441a)
2019-12-27 21:30:04.388 15 RALLYDEBUG rally_openstack.cleanup.manager [-] Cleaning up neutron router objects
2019-12-27 21:30:04.586 15 RALLYDEBUG rally_openstack.cleanup.manager [-] Cleaning up neutron security_group objects
2019-12-27 21:30:04.786 15 INFO rally.task.context [-] Task f527893f-5cff-43db-b69f-849e9c95c15e | Context cleanup@openstack cleanup() finished in 9.04 sec
2019-12-27 21:30:04.786 15 INFO rally.task.context [-] Task f527893f-5cff-43db-b69f-849e9c95c15e | Context quotas@openstack cleanup() started
2019-12-27 21:30:04.822 15 INFO rally.task.context [-] Task f527893f-5cff-43db-b69f-849e9c95c15e | Context quotas@openstack cleanup() finished in 35.28 msec
2019-12-27 21:30:04.822 15 INFO rally.task.context [-] Task f527893f-5cff-43db-b69f-849e9c95c15e | Context users@openstack cleanup() started
2019-12-27 21:30:05.936 15 INFO rally.task.context [-] Task f527893f-5cff-43db-b69f-849e9c95c15e | Context users@openstack cleanup() finished in 1.11 sec
2019-12-27 21:30:06.190 15 INFO rally.task.engine [-] Load duration is: 12.407631
2019-12-27 21:30:06.191 15 INFO rally.task.engine [-] Full runner duration is: 12.449274
2019-12-27 21:30:06.191 15 INFO rally.task.engine [-] Full duration is: 23.989451
2019-12-27 21:30:06.297 15 INFO rally.task.engine [-] Running workload: position = 0 config = { "version": 2, "title": "A cropped version of a bigger task.", "description": "Auto-generated task from a single workload (uuid=37a9c5cd-089c-4b10-b9c5-4ccf44100af1)", "subtasks": [ { "title": "NeutronNetworks.create_and_list_routers", "description": "Create and a given number of routers and list all routers.", "scenario": { "NeutronNetworks.create_and_list_routers": { "network_create_args": null, "subnet_create_args": null, "subnet_cidr_start": "1.1.0.0/30", "subnets_per_network": 2, "router_create_args": null } }, "contexts": { "users": { "tenants": 1, "users_per_tenant": 1 }, "quotas": { "neutron": { "network": -1, "subnet": -1, "router": -1 } } }, "runner": { "constant": { "times": 40, "concurrency": 20 } }, "hooks": [], "sla": { "failure_rate": { "max": 0 } } } ] }
2019-12-27 21:30:06.316 15 RALLYDEBUG rally_openstack.contexts.keystone.users [-] Creating 1 tenants using 20 threads
2019-12-27 21:30:06.722 15 RALLYDEBUG rally_openstack.contexts.keystone.users [-] Creating 1 users using 20 threads
2019-12-27 21:30:07.319 15 INFO rally.task.context [-] Task f527893f-5cff-43db-b69f-849e9c95c15e | Context users@openstack setup() finished in 1.00 sec
2019-12-27 21:30:07.612 15 INFO rally.task.context [-] Task f527893f-5cff-43db-b69f-849e9c95c15e | Context quotas@openstack setup() finished in 0.29 sec
2019-12-27 21:30:07.613 15 INFO rally.task.context [-] Task f527893f-5cff-43db-b69f-849e9c95c15e | Context cleanup@openstack setup() finished in 0.01 msec
2019-12-27 21:30:07.625 15 RALLYDEBUG rally.task.runner [-] Starting the constant runner (task UUID: f527893f-5cff-43db-b69f-849e9c95c15e). times: 40 concurrency: 20 timeout: 0 max_cpu_used: 88 processes_to_start: 20 concurrency_per_worker: 1 concurrency_overhead: 0
2019-12-27 21:30:07.637 2671 RALLYDEBUG rally.task.runner [-] Starting a worker. times: 40 duration: None concurrency: 1 timeout: 0 cls: method_name: run args: {"network_create_args": null, "subnet_create_args": null, "subnet_cidr_start": "1.1.0.0/30", "subnets_per_network": 2, "router_create_args": null}
2019-12-27 21:30:07.640 2672 RALLYDEBUG rally.task.runner [-] Starting a worker. times: 40 duration: None concurrency: 1 timeout: 0 cls: method_name: run args: {"network_create_args": null, "subnet_create_args": null, "subnet_cidr_start": "1.1.0.0/30", "subnets_per_network": 2, "router_create_args": null}
2019-12-27 21:30:07.643 2671 INFO rally.task.runner [-] Task f527893f-5cff-43db-b69f-849e9c95c15e | ITER: 1 START
2019-12-27 21:30:07.643 2673 RALLYDEBUG rally.task.runner [-] Starting a worker. times: 40 duration: None concurrency: 1 timeout: 0 cls: method_name: run args: {"network_create_args": null, "subnet_create_args": null, "subnet_cidr_start": "1.1.0.0/30", "subnets_per_network": 2, "router_create_args": null}
2019-12-27 21:30:07.646 2674 RALLYDEBUG rally.task.runner [-] Starting a worker. times: 40 duration: None concurrency: 1 timeout: 0 cls: method_name: run args: {"network_create_args": null, "subnet_create_args": null, "subnet_cidr_start": "1.1.0.0/30", "subnets_per_network": 2, "router_create_args": null}
2019-12-27 21:30:07.647 2672 INFO rally.task.runner [-] Task f527893f-5cff-43db-b69f-849e9c95c15e | ITER: 2 START
2019-12-27 21:30:07.647 2673 INFO rally.task.runner [-] Task f527893f-5cff-43db-b69f-849e9c95c15e | ITER: 3 START
2019-12-27 21:30:07.649 2677 RALLYDEBUG rally.task.runner [-] Starting a worker. times: 40 duration: None concurrency: 1 timeout: 0 cls: method_name: run args: {"network_create_args": null, "subnet_create_args": null, "subnet_cidr_start": "1.1.0.0/30", "subnets_per_network": 2, "router_create_args": null}
2019-12-27 21:30:07.652 2674 INFO rally.task.runner [-] Task f527893f-5cff-43db-b69f-849e9c95c15e | ITER: 4 START
2019-12-27 21:30:07.654 2677 INFO rally.task.runner [-] Task f527893f-5cff-43db-b69f-849e9c95c15e | ITER: 5 START
2019-12-27 21:30:07.655 2682 RALLYDEBUG rally.task.runner [-] Starting a worker. times: 40 duration: None concurrency: 1 timeout: 0 cls: method_name: run args: {"network_create_args": null, "subnet_create_args": null, "subnet_cidr_start": "1.1.0.0/30", "subnets_per_network": 2, "router_create_args": null}
2019-12-27 21:30:07.657 2684 RALLYDEBUG rally.task.runner [-] Starting a worker. times: 40 duration: None concurrency: 1 timeout: 0 cls: method_name: run args: {"network_create_args": null, "subnet_create_args": null, "subnet_cidr_start": "1.1.0.0/30", "subnets_per_network": 2, "router_create_args": null}
2019-12-27 21:30:07.660 2682 INFO rally.task.runner [-] Task f527893f-5cff-43db-b69f-849e9c95c15e | ITER: 6 START
2019-12-27 21:30:07.660 2688 RALLYDEBUG rally.task.runner [-] Starting a worker. times: 40 duration: None concurrency: 1 timeout: 0 cls: method_name: run args: {"network_create_args": null, "subnet_create_args": null, "subnet_cidr_start": "1.1.0.0/30", "subnets_per_network": 2, "router_create_args": null}
2019-12-27 21:30:07.664 2684 INFO rally.task.runner [-] Task f527893f-5cff-43db-b69f-849e9c95c15e | ITER: 7 START
2019-12-27 21:30:07.664 2689 RALLYDEBUG rally.task.runner [-] Starting a worker. times: 40 duration: None concurrency: 1 timeout: 0 cls: method_name: run args: {"network_create_args": null, "subnet_create_args": null, "subnet_cidr_start": "1.1.0.0/30", "subnets_per_network": 2, "router_create_args": null}
2019-12-27 21:30:07.665 2688 INFO rally.task.runner [-] Task f527893f-5cff-43db-b69f-849e9c95c15e | ITER: 8 START
2019-12-27 21:30:07.665 2692 RALLYDEBUG rally.task.runner [-] Starting a worker. times: 40 duration: None concurrency: 1 timeout: 0 cls: method_name: run args: {"network_create_args": null, "subnet_create_args": null, "subnet_cidr_start": "1.1.0.0/30", "subnets_per_network": 2, "router_create_args": null}
2019-12-27 21:30:07.668 2695 RALLYDEBUG rally.task.runner [-] Starting a worker. times: 40 duration: None concurrency: 1 timeout: 0 cls: method_name: run args: {"network_create_args": null, "subnet_create_args": null, "subnet_cidr_start": "1.1.0.0/30", "subnets_per_network": 2, "router_create_args": null}
2019-12-27 21:30:07.670 2692 INFO rally.task.runner [-] Task f527893f-5cff-43db-b69f-849e9c95c15e | ITER: 10 START
2019-12-27 21:30:07.671 2689 INFO rally.task.runner [-] Task f527893f-5cff-43db-b69f-849e9c95c15e | ITER: 9 START
2019-12-27 21:30:07.674 2695 INFO rally.task.runner [-] Task f527893f-5cff-43db-b69f-849e9c95c15e | ITER: 11 START
2019-12-27 21:30:07.672 2698 RALLYDEBUG rally.task.runner [-] Starting a worker. times: 40 duration: None concurrency: 1 timeout: 0 cls: method_name: run args: {"network_create_args": null, "subnet_create_args": null, "subnet_cidr_start": "1.1.0.0/30", "subnets_per_network": 2, "router_create_args": null}
2019-12-27 21:30:07.676 2705 RALLYDEBUG rally.task.runner [-] Starting a worker. times: 40 duration: None concurrency: 1 timeout: 0 cls: method_name: run args: {"network_create_args": null, "subnet_create_args": null, "subnet_cidr_start": "1.1.0.0/30", "subnets_per_network": 2, "router_create_args": null}
2019-12-27 21:30:07.676 2700 RALLYDEBUG rally.task.runner [-] Starting a worker. times: 40 duration: None concurrency: 1 timeout: 0 cls: method_name: run args: {"network_create_args": null, "subnet_create_args": null, "subnet_cidr_start": "1.1.0.0/30", "subnets_per_network": 2, "router_create_args": null}
2019-12-27 21:30:07.681 2705 INFO rally.task.runner [-] Task f527893f-5cff-43db-b69f-849e9c95c15e | ITER: 13 START
2019-12-27 21:30:07.680 2707 RALLYDEBUG rally.task.runner [-] Starting a worker. times: 40 duration: None concurrency: 1 timeout: 0 cls: method_name: run args: {"network_create_args": null, "subnet_create_args": null, "subnet_cidr_start": "1.1.0.0/30", "subnets_per_network": 2, "router_create_args": null}
2019-12-27 21:30:07.681 2698 INFO rally.task.runner [-] Task f527893f-5cff-43db-b69f-849e9c95c15e | ITER: 12 START
2019-12-27 21:30:07.683 2700 INFO rally.task.runner [-] Task f527893f-5cff-43db-b69f-849e9c95c15e | ITER: 14 START
2019-12-27 21:30:07.685 2707 INFO rally.task.runner [-] Task f527893f-5cff-43db-b69f-849e9c95c15e | ITER: 15 START
2019-12-27 21:30:07.685 2708 RALLYDEBUG rally.task.runner [-] Starting a worker. times: 40 duration: None concurrency: 1 timeout: 0 cls: method_name: run args: {"network_create_args": null, "subnet_create_args": null, "subnet_cidr_start": "1.1.0.0/30", "subnets_per_network": 2, "router_create_args": null}
2019-12-27 21:30:07.688 2714 RALLYDEBUG rally.task.runner [-] Starting a worker. times: 40 duration: None concurrency: 1 timeout: 0 cls: method_name: run args: {"network_create_args": null, "subnet_create_args": null, "subnet_cidr_start": "1.1.0.0/30", "subnets_per_network": 2, "router_create_args": null}
2019-12-27 21:30:07.691 2718 RALLYDEBUG rally.task.runner [-] Starting a worker. times: 40 duration: None concurrency: 1 timeout: 0 cls: method_name: run args: {"network_create_args": null, "subnet_create_args": null, "subnet_cidr_start": "1.1.0.0/30", "subnets_per_network": 2, "router_create_args": null}
2019-12-27 21:30:07.692 2708 INFO rally.task.runner [-] Task f527893f-5cff-43db-b69f-849e9c95c15e | ITER: 16 START
2019-12-27 21:30:07.693 2714 INFO rally.task.runner [-] Task f527893f-5cff-43db-b69f-849e9c95c15e | ITER: 17 START
2019-12-27 21:30:07.696 2718 INFO rally.task.runner [-] Task f527893f-5cff-43db-b69f-849e9c95c15e | ITER: 18 START
