2019-12-27 21:23:29.849 19614 DEBUG swiftclient [-] RESP HEADERS: {'Content-Length': '0', 'Content-Type': 'text/html; charset=UTF-8', 'X-Trans-Id': 'txf213f4df3fee4e2ebd12a-005e067651', 'X-Openstack-Request-Id': 'txf213f4df3fee4e2ebd12a-005e067651', 'Date': 'Fri, 27 Dec 2019 21:23:29 GMT'} http_log /usr/lib/python3.6/site-packages/swiftclient/client.py:182
2019-12-27 21:23:29.849 19614 DEBUG swiftclient [-] RESP HEADERS: {'Content-Length': '0', 'Content-Type': 'text/html; charset=UTF-8', 'X-Trans-Id': 'txdc1aa6da27aa45c399f73-005e067651', 'X-Openstack-Request-Id': 'txdc1aa6da27aa45c399f73-005e067651', 'Date': 'Fri, 27 Dec 2019 21:23:29 GMT'} http_log /usr/lib/python3.6/site-packages/swiftclient/client.py:182
2019-12-27 21:23:29.850 19614 DEBUG swiftclient [-] RESP HEADERS: {'Content-Length': '0', 'Content-Type': 'text/html; charset=UTF-8', 'X-Trans-Id': 'tx979ca5bb05c742b6a15cd-005e067651', 'X-Openstack-Request-Id': 'tx979ca5bb05c742b6a15cd-005e067651', 'Date': 'Fri, 27 Dec 2019 21:23:29 GMT'} http_log /usr/lib/python3.6/site-packages/swiftclient/client.py:182
2019-12-27 21:23:29.851 19614 DEBUG swiftclient [-] RESP HEADERS: {'Content-Length': '0', 'Content-Type': 'text/html; charset=UTF-8', 'X-Trans-Id': 'txcf08608baa154925b8585-005e067651', 'X-Openstack-Request-Id': 'txcf08608baa154925b8585-005e067651', 'Date': 'Fri, 27 Dec 2019 21:23:29 GMT'} http_log /usr/lib/python3.6/site-packages/swiftclient/client.py:182
2019-12-27 21:23:29.852 19614 DEBUG swiftclient [-] RESP HEADERS: {'Content-Length': '0', 'Content-Type': 'text/html; charset=UTF-8', 'X-Trans-Id': 'tx3b2a2dafffa6442a9d38a-005e067651', 'X-Openstack-Request-Id': 'tx3b2a2dafffa6442a9d38a-005e067651', 'Date': 'Fri, 27 Dec 2019 21:23:29 GMT'} http_log /usr/lib/python3.6/site-packages/swiftclient/client.py:182
2019-12-27 21:23:29.853 19614 DEBUG swiftclient [-] REQ: curl -i http://172.30.13.89:8080/v1/AUTH_8d8221de047f41bfb1bf31f4115b08ba/s_rally_917f1822_x0uRaiqF/s_rally_917f1822_fE1ya9uO DELETE -H "X-Auth-Token: gAAAAABeBnZRhV57..." http_log /usr/lib/python3.6/site-packages/swiftclient/client.py:180
2019-12-27 21:23:29.854 19614 DEBUG swiftclient [-] RESP HEADERS: {'Content-Length': '0', 'Content-Type': 'text/html; charset=UTF-8', 'X-Trans-Id': 'txb1be4c1d6c6a4c018973f-005e067651', 'X-Openstack-Request-Id': 'txb1be4c1d6c6a4c018973f-005e067651', 'Date': 'Fri, 27 Dec 2019 21:23:29 GMT'} http_log /usr/lib/python3.6/site-packages/swiftclient/client.py:182
2019-12-27 21:23:29.859 19614 DEBUG swiftclient [-] REQ: curl -i http://172.30.13.89:8080/v1/AUTH_312b71a9df9948b5934a75a1ea4d98e4/s_rally_917f1822_CIQaA9LF/s_rally_917f1822_JnDQMmaq DELETE -H "X-Auth-Token: gAAAAABeBnZRy0pu..." http_log /usr/lib/python3.6/site-packages/swiftclient/client.py:180
2019-12-27 21:23:29.861 19614 DEBUG swiftclient [-] REQ: curl -i http://172.30.13.89:8080/v1/AUTH_312b71a9df9948b5934a75a1ea4d98e4/s_rally_917f1822_CIQaA9LF/s_rally_917f1822_MQZdin9B DELETE -H "X-Auth-Token: gAAAAABeBnZRctje..." http_log /usr/lib/python3.6/site-packages/swiftclient/client.py:180
2019-12-27 21:23:29.864 19614 DEBUG swiftclient [-] RESP STATUS: 204 No Content http_log /usr/lib/python3.6/site-packages/swiftclient/client.py:181
2019-12-27 21:23:29.865 19614 DEBUG swiftclient [-] RESP STATUS: 204 No Content http_log /usr/lib/python3.6/site-packages/swiftclient/client.py:181
2019-12-27 21:23:29.866 19614 DEBUG swiftclient [-] RESP STATUS: 204 No Content http_log /usr/lib/python3.6/site-packages/swiftclient/client.py:181
2019-12-27 21:23:29.866 19614 DEBUG swiftclient [-] RESP HEADERS: {'Content-Length': '0', 'Content-Type': 'text/html; charset=UTF-8', 'X-Trans-Id': 'tx8b787e26631848e586e21-005e067651', 'X-Openstack-Request-Id': 'tx8b787e26631848e586e21-005e067651', 'Date': 'Fri, 27 Dec 2019 21:23:29 GMT'} http_log /usr/lib/python3.6/site-packages/swiftclient/client.py:182
2019-12-27 21:23:29.867 19614 DEBUG swiftclient [-] RESP HEADERS: {'Content-Length': '0', 'Content-Type': 'text/html; charset=UTF-8', 'X-Trans-Id': 'tx4164bb93f6394548ac1c5-005e067651', 'X-Openstack-Request-Id': 'tx4164bb93f6394548ac1c5-005e067651', 'Date': 'Fri, 27 Dec 2019 21:23:29 GMT'} http_log /usr/lib/python3.6/site-packages/swiftclient/client.py:182
2019-12-27 21:23:29.867 19614 DEBUG swiftclient [-] RESP HEADERS: {'Content-Length': '0', 'Content-Type': 'text/html; charset=UTF-8', 'X-Trans-Id': 'tx85390c7a9bef4e26bfed3-005e067651', 'X-Openstack-Request-Id': 'tx85390c7a9bef4e26bfed3-005e067651', 'Date': 'Fri, 27 Dec 2019 21:23:29 GMT'} http_log /usr/lib/python3.6/site-packages/swiftclient/client.py:182
2019-12-27 21:23:29.886 19614 DEBUG swiftclient [-] REQ: curl -i http://172.30.13.89:8080/v1/AUTH_8d8221de047f41bfb1bf31f4115b08ba/s_rally_917f1822_x0uRaiqF/s_rally_917f1822_dFpd5pPd DELETE -H "X-Auth-Token: gAAAAABeBnZROa-O..." http_log /usr/lib/python3.6/site-packages/swiftclient/client.py:180
2019-12-27 21:23:29.891 19614 DEBUG swiftclient [-] RESP STATUS: 204 No Content http_log /usr/lib/python3.6/site-packages/swiftclient/client.py:181
2019-12-27 21:23:29.892 19614 DEBUG swiftclient [-] RESP HEADERS: {'Content-Length': '0', 'Content-Type': 'text/html; charset=UTF-8', 'X-Trans-Id': 'tx07cfc79a84964ac9bde6b-005e067651', 'X-Openstack-Request-Id': 'tx07cfc79a84964ac9bde6b-005e067651', 'Date': 'Fri, 27 Dec 2019 21:23:29 GMT'} http_log /usr/lib/python3.6/site-packages/swiftclient/client.py:182
2019-12-27 21:23:29.918 19614 DEBUG swiftclient [-] REQ: curl -i http://172.30.13.89:8080/v1/AUTH_8d8221de047f41bfb1bf31f4115b08ba/s_rally_917f1822_x0uRaiqF/s_rally_917f1822_WcQYmSQs DELETE -H "X-Auth-Token: gAAAAABeBnZRhnmY..." http_log /usr/lib/python3.6/site-packages/swiftclient/client.py:180
2019-12-27 21:23:29.919 19614 DEBUG swiftclient [-] RESP STATUS: 204 No Content http_log /usr/lib/python3.6/site-packages/swiftclient/client.py:181
2019-12-27 21:23:29.919 19614 DEBUG swiftclient [-] RESP HEADERS: {'Content-Length': '0', 'Content-Type': 'text/html; charset=UTF-8', 'X-Trans-Id': 'tx581a613e5dc64557a6d10-005e067651', 'X-Openstack-Request-Id': 'tx581a613e5dc64557a6d10-005e067651', 'Date': 'Fri, 27 Dec 2019 21:23:29 GMT'} http_log /usr/lib/python3.6/site-packages/swiftclient/client.py:182
2019-12-27 21:23:29.925 19614 DEBUG swiftclient [-] REQ: curl -i http://172.30.13.89:8080/v1/AUTH_8d8221de047f41bfb1bf31f4115b08ba/s_rally_917f1822_x0uRaiqF/s_rally_917f1822_VoiH2pOK DELETE -H "X-Auth-Token: gAAAAABeBnZRDaYn..." http_log /usr/lib/python3.6/site-packages/swiftclient/client.py:180
2019-12-27 21:23:29.926 19614 DEBUG swiftclient [-] RESP STATUS: 204 No Content http_log /usr/lib/python3.6/site-packages/swiftclient/client.py:181
2019-12-27 21:23:29.926 19614 DEBUG swiftclient [-] RESP HEADERS: {'Content-Length': '0', 'Content-Type': 'text/html; charset=UTF-8', 'X-Trans-Id': 'tx29ea8ab73d734c9ba0f88-005e067651', 'X-Openstack-Request-Id': 'tx29ea8ab73d734c9ba0f88-005e067651', 'Date': 'Fri, 27 Dec 2019 21:23:29 GMT'} http_log /usr/lib/python3.6/site-packages/swiftclient/client.py:182
2019-12-27 21:23:29.929 19614 DEBUG swiftclient [-] REQ: curl -i http://172.30.13.89:8080/v1/AUTH_8d8221de047f41bfb1bf31f4115b08ba/s_rally_917f1822_x0uRaiqF/s_rally_917f1822_6ccfuzAQ DELETE -H "X-Auth-Token: gAAAAABeBnZRRKxP..." http_log /usr/lib/python3.6/site-packages/swiftclient/client.py:180
2019-12-27 21:23:29.930 19614 DEBUG swiftclient [-] RESP STATUS: 204 No Content http_log /usr/lib/python3.6/site-packages/swiftclient/client.py:181
2019-12-27 21:23:29.930 19614 DEBUG swiftclient [-] RESP HEADERS: {'Content-Length': '0', 'Content-Type': 'text/html; charset=UTF-8', 'X-Trans-Id': 'tx0edf90117bb747d483e24-005e067651', 'X-Openstack-Request-Id': 'tx0edf90117bb747d483e24-005e067651', 'Date': 'Fri, 27 Dec 2019 21:23:29 GMT'} http_log /usr/lib/python3.6/site-packages/swiftclient/client.py:182
2019-12-27 21:23:29.935 19614 DEBUG swiftclient [-] REQ: curl -i http://172.30.13.89:8080/v1/AUTH_8d8221de047f41bfb1bf31f4115b08ba/s_rally_917f1822_x0uRaiqF/s_rally_917f1822_xJiE3kGo DELETE -H "X-Auth-Token: gAAAAABeBnZRhjaH..." http_log /usr/lib/python3.6/site-packages/swiftclient/client.py:180
2019-12-27 21:23:29.935 19614 DEBUG swiftclient [-] RESP STATUS: 204 No Content http_log /usr/lib/python3.6/site-packages/swiftclient/client.py:181
2019-12-27 21:23:29.936 19614 DEBUG swiftclient [-] RESP HEADERS: {'Content-Length': '0', 'Content-Type': 'text/html; charset=UTF-8', 'X-Trans-Id': 'tx5136f19797c146bc931cc-005e067651', 'X-Openstack-Request-Id': 'tx5136f19797c146bc931cc-005e067651', 'Date': 'Fri, 27 Dec 2019 21:23:29 GMT'} http_log /usr/lib/python3.6/site-packages/swiftclient/client.py:182
2019-12-27 21:23:29.940 19614 DEBUG swiftclient [-] REQ: curl -i http://172.30.13.89:8080/v1/AUTH_8d8221de047f41bfb1bf31f4115b08ba/s_rally_917f1822_x0uRaiqF/s_rally_917f1822_u0Z43gx5 DELETE -H "X-Auth-Token: gAAAAABeBnZR7ff3..." http_log /usr/lib/python3.6/site-packages/swiftclient/client.py:180
2019-12-27 21:23:29.942 19614 DEBUG swiftclient [-] REQ: curl -i http://172.30.13.89:8080/v1/AUTH_8d8221de047f41bfb1bf31f4115b08ba/s_rally_917f1822_x0uRaiqF/s_rally_917f1822_8hjlNQjj DELETE -H "X-Auth-Token: gAAAAABeBnZRGCA9..." http_log /usr/lib/python3.6/site-packages/swiftclient/client.py:180
2019-12-27 21:23:29.942 19614 DEBUG swiftclient [-] RESP STATUS: 204 No Content http_log /usr/lib/python3.6/site-packages/swiftclient/client.py:181
2019-12-27 21:23:29.943 19614 DEBUG swiftclient [-] RESP STATUS: 204 No Content http_log /usr/lib/python3.6/site-packages/swiftclient/client.py:181
2019-12-27 21:23:29.943 19614 DEBUG swiftclient [-] RESP HEADERS: {'Content-Length': '0', 'Content-Type': 'text/html; charset=UTF-8', 'X-Trans-Id': 'tx264c0705bdca495698c3c-005e067651', 'X-Openstack-Request-Id': 'tx264c0705bdca495698c3c-005e067651', 'Date': 'Fri, 27 Dec 2019 21:23:29 GMT'} http_log /usr/lib/python3.6/site-packages/swiftclient/client.py:182
2019-12-27 21:23:29.944 19614 DEBUG swiftclient [-] RESP HEADERS: {'Content-Length': '0', 'Content-Type': 'text/html; charset=UTF-8', 'X-Trans-Id': 'tx8637c5def06a491ba1d48-005e067651', 'X-Openstack-Request-Id': 'tx8637c5def06a491ba1d48-005e067651', 'Date': 'Fri, 27 Dec 2019 21:23:29 GMT'} http_log /usr/lib/python3.6/site-packages/swiftclient/client.py:182
2019-12-27 21:23:29.947 19614 DEBUG swiftclient [-] REQ: curl -i http://172.30.13.89:8080/v1/AUTH_8d8221de047f41bfb1bf31f4115b08ba/s_rally_917f1822_x0uRaiqF/s_rally_917f1822_aUAOZOQz DELETE -H "X-Auth-Token: gAAAAABeBnZRkSHc..." http_log /usr/lib/python3.6/site-packages/swiftclient/client.py:180
2019-12-27 21:23:29.947 19614 DEBUG swiftclient [-] RESP STATUS: 204 No Content http_log /usr/lib/python3.6/site-packages/swiftclient/client.py:181
2019-12-27 21:23:29.948 19614 DEBUG swiftclient [-] RESP HEADERS: {'Content-Length': '0', 'Content-Type': 'text/html; charset=UTF-8', 'X-Trans-Id': 'tx520ce301a84149b19d32b-005e067651', 'X-Openstack-Request-Id': 'tx520ce301a84149b19d32b-005e067651', 'Date': 'Fri, 27 Dec 2019 21:23:29 GMT'} http_log /usr/lib/python3.6/site-packages/swiftclient/client.py:182
2019-12-27 21:23:29.954 19614 DEBUG swiftclient [-] REQ: curl -i http://172.30.13.89:8080/v1/AUTH_8d8221de047f41bfb1bf31f4115b08ba/s_rally_917f1822_x0uRaiqF/s_rally_917f1822_39E6jd4w DELETE -H "X-Auth-Token: gAAAAABeBnZRnWlo..." http_log /usr/lib/python3.6/site-packages/swiftclient/client.py:180
2019-12-27 21:23:29.955 19614 DEBUG swiftclient [-] RESP STATUS: 204 No Content http_log /usr/lib/python3.6/site-packages/swiftclient/client.py:181
2019-12-27 21:23:29.955 19614 DEBUG swiftclient [-] RESP HEADERS: {'Content-Length': '0', 'Content-Type': 'text/html; charset=UTF-8', 'X-Trans-Id': 'tx0f0953c4e9ab437a97cb4-005e067651', 'X-Openstack-Request-Id': 'tx0f0953c4e9ab437a97cb4-005e067651', 'Date': 'Fri, 27 Dec 2019 21:23:29 GMT'} http_log /usr/lib/python3.6/site-packages/swiftclient/client.py:182
2019-12-27 21:23:30.139 19614 DEBUG swiftclient [-] REQ: curl -i http://172.30.13.89:8080/v1/AUTH_f61ebd6c30404535995e81a848b51b4c/s_rally_917f1822_qFbPtyhN DELETE -H "X-Auth-Token: gAAAAABeBnZSkHxF..." http_log /usr/lib/python3.6/site-packages/swiftclient/client.py:180
2019-12-27 21:23:30.140 19614 DEBUG swiftclient [-] RESP STATUS: 204 No Content http_log /usr/lib/python3.6/site-packages/swiftclient/client.py:181
2019-12-27 21:23:30.140 19614 DEBUG swiftclient [-] RESP HEADERS: {'Content-Length': '0', 'Content-Type': 'text/html; charset=UTF-8', 'X-Trans-Id': 'txd0b25a127da9436ea3545-005e067652', 'X-Openstack-Request-Id': 'txd0b25a127da9436ea3545-005e067652', 'Date': 'Fri, 27 Dec 2019 21:23:30 GMT'} http_log /usr/lib/python3.6/site-packages/swiftclient/client.py:182
2019-12-27 21:23:30.147 19614 DEBUG swiftclient [-] REQ: curl -i http://172.30.13.89:8080/v1/AUTH_312b71a9df9948b5934a75a1ea4d98e4/s_rally_917f1822_CIQaA9LF DELETE -H "X-Auth-Token: gAAAAABeBnZS5z3d..." http_log /usr/lib/python3.6/site-packages/swiftclient/client.py:180
2019-12-27 21:23:30.149 19614 DEBUG swiftclient [-] REQ: curl -i http://172.30.13.89:8080/v1/AUTH_8d8221de047f41bfb1bf31f4115b08ba/s_rally_917f1822_x0uRaiqF DELETE -H "X-Auth-Token: gAAAAABeBnZSQY73..." http_log /usr/lib/python3.6/site-packages/swiftclient/client.py:180
2019-12-27 21:23:30.149 19614 DEBUG swiftclient [-] RESP STATUS: 204 No Content http_log /usr/lib/python3.6/site-packages/swiftclient/client.py:181
2019-12-27 21:23:30.150 19614 DEBUG swiftclient [-] RESP STATUS: 204 No Content http_log /usr/lib/python3.6/site-packages/swiftclient/client.py:181
2019-12-27 21:23:30.150 19614 DEBUG swiftclient [-] RESP HEADERS: {'Content-Length': '0', 'Content-Type': 'text/html; charset=UTF-8', 'X-Trans-Id': 'tx61809e3bb5914815b4b20-005e067652', 'X-Openstack-Request-Id': 'tx61809e3bb5914815b4b20-005e067652', 'Date': 'Fri, 27 Dec 2019 21:23:30 GMT'} http_log /usr/lib/python3.6/site-packages/swiftclient/client.py:182
2019-12-27 21:23:30.151 19614 DEBUG swiftclient [-] RESP HEADERS: {'Content-Length': '0', 'Content-Type': 'text/html; charset=UTF-8', 'X-Trans-Id': 'tx5aad7b2ef28a44149d1f8-005e067652', 'X-Openstack-Request-Id': 'tx5aad7b2ef28a44149d1f8-005e067652', 'Date': 'Fri, 27 Dec 2019 21:23:30 GMT'} http_log /usr/lib/python3.6/site-packages/swiftclient/client.py:182
2019-12-27 21:23:30.153 19614 INFO rally.task.context [-] Task 917f1822-1298-43b7-8c20-63b1fb7ee938 | Context swift_objects@openstack cleanup() finished in 0.95 sec
2019-12-27 21:23:30.153 19614 INFO rally.task.context [-] Task 917f1822-1298-43b7-8c20-63b1fb7ee938 | Context roles@openstack cleanup() started
2019-12-27 21:23:30.154 19614 RALLYDEBUG rally_openstack.contexts.keystone.roles [-] Removing assigned role 30e4cb30f21b4635b27592448fb4c723 from all users
2019-12-27 21:23:30.669 19614 INFO rally.task.context [-] Task 917f1822-1298-43b7-8c20-63b1fb7ee938 | Context roles@openstack cleanup() finished in 0.52 sec
2019-12-27 21:23:30.670 19614 INFO rally.task.context [-] Task 917f1822-1298-43b7-8c20-63b1fb7ee938 | Context users@openstack cleanup() started
2019-12-27 21:23:33.903 19614 INFO rally.task.context [-] Task 917f1822-1298-43b7-8c20-63b1fb7ee938 | Context users@openstack cleanup() finished in 3.23 sec
2019-12-27 21:23:35.719 19614 INFO rally.task.engine [-] Load duration is: 0.818539
2019-12-27 21:23:35.719 19614 INFO rally.task.engine [-] Full runner duration is: 0.859465
2019-12-27 21:23:35.720 19614 INFO rally.task.engine [-] Full duration is: 10.628752
2019-12-27 21:23:35.807 19614 INFO rally.task.engine [-] Running workload: position = 0 config = { "version": 2, "title": "A cropped version of a bigger task.", "description": "Auto-generated task from a single workload (uuid=7b798eca-6739-4912-bc06-1234d8ec14db)", "subtasks": [ { "title": "SwiftObjects.create_container_and_object_then_download_object", "description": "Create container and objects then download all objects.", "scenario": { "SwiftObjects.create_container_and_object_then_download_object": { "objects_per_container": 5, "object_size": 1024 } }, "contexts": { "users": { "tenants": 3, "users_per_tenant": 2 }, "roles": [ "admin" ] }, "runner": { "constant": { "concurrency": 4, "times": 10 } }, "hooks": [], "sla": { "failure_rate": { "max": 0 } } } ] }
2019-12-27 21:23:35.825 19614 RALLYDEBUG rally_openstack.contexts.keystone.users [-] Creating 3 tenants using 20 threads
2019-12-27 21:23:36.425 19614 RALLYDEBUG rally_openstack.contexts.keystone.users [-] Creating 6 users using 20 threads
2019-12-27 21:23:37.301 19614 INFO rally.task.context [-] Task 917f1822-1298-43b7-8c20-63b1fb7ee938 | Context users@openstack setup() finished in 1.48 sec
2019-12-27 21:23:37.515 19614 RALLYDEBUG rally_openstack.contexts.keystone.roles [-] Adding role admin having ID 30e4cb30f21b4635b27592448fb4c723 to all users using 30 threads
2019-12-27 21:23:39.563 19614 INFO rally.task.context [-] Task 917f1822-1298-43b7-8c20-63b1fb7ee938 | Context roles@openstack setup() finished in 2.26 sec
2019-12-27 21:23:39.563 19614 INFO rally.task.context [-] Task 917f1822-1298-43b7-8c20-63b1fb7ee938 | Context cleanup@openstack setup() finished in 0.02 msec
2019-12-27 21:23:39.575 19614 RALLYDEBUG rally.task.runner [-] Starting the constant runner (task UUID: 917f1822-1298-43b7-8c20-63b1fb7ee938). times: 10 concurrency: 4 timeout: 0 max_cpu_used: 88 processes_to_start: 4 concurrency_per_worker: 1 concurrency_overhead: 0
2019-12-27 21:23:39.586 20256 RALLYDEBUG rally.task.runner [-] Starting a worker. times: 10 duration: None concurrency: 1 timeout: 0 cls: method_name: run args: {"objects_per_container": 5, "object_size": 1024}
2019-12-27 21:23:39.588 20257 RALLYDEBUG rally.task.runner [-] Starting a worker. times: 10 duration: None concurrency: 1 timeout: 0 cls: method_name: run args: {"objects_per_container": 5, "object_size": 1024}
2019-12-27 21:23:39.591 20258 RALLYDEBUG rally.task.runner [-] Starting a worker. times: 10 duration: None concurrency: 1 timeout: 0 cls: method_name: run args: {"objects_per_container": 5, "object_size": 1024}
2019-12-27 21:23:39.592 20256 INFO rally.task.runner [-] Task 917f1822-1298-43b7-8c20-63b1fb7ee938 | ITER: 1 START
2019-12-27 21:23:39.593 20259 RALLYDEBUG rally.task.runner [-] Starting a worker. times: 10 duration: None concurrency: 1 timeout: 0 cls: method_name: run args: {"objects_per_container": 5, "object_size": 1024}
2019-12-27 21:23:39.596 20257 INFO rally.task.runner [-] Task 917f1822-1298-43b7-8c20-63b1fb7ee938 | ITER: 2 START
2019-12-27 21:23:39.599 20258 INFO rally.task.runner [-] Task 917f1822-1298-43b7-8c20-63b1fb7ee938 | ITER: 3 START
2019-12-27 21:23:39.601 20259 INFO rally.task.runner [-] Task 917f1822-1298-43b7-8c20-63b1fb7ee938 | ITER: 4 START
2019-12-27 21:23:40.044 20257 DEBUG swiftclient [-] REQ: curl -i http://172.30.13.89:8080/v1/AUTH_240aeeba4863439aa15056122288632b/s_rally_7b798eca_xNVNERpc -X PUT -H "X-Auth-Token: gAAAAABeBnZb7-p6..." -H "Content-Length: 0" http_log /usr/lib/python3.6/site-packages/swiftclient/client.py:180
2019-12-27 21:23:40.045 20257 DEBUG swiftclient [-] RESP STATUS: 201 Created http_log /usr/lib/python3.6/site-packages/swiftclient/client.py:181
2019-12-27 21:23:40.045 20257 DEBUG swiftclient [-] RESP HEADERS: {'Content-Length': '0', 'Content-Type': 'text/html; charset=UTF-8', 'X-Trans-Id': 'tx900d63216d0d44b7bf70b-005e06765b', 'X-Openstack-Request-Id': 'tx900d63216d0d44b7bf70b-005e06765b', 'Date': 'Fri, 27 Dec 2019 21:23:40 GMT'} http_log /usr/lib/python3.6/site-packages/swiftclient/client.py:182
2019-12-27 21:23:40.067 20259 DEBUG swiftclient [-] REQ: curl -i http://172.30.13.89:8080/v1/AUTH_3647521da2664570a753acaf44fb7369/s_rally_7b798eca_BQStt4Hc -X PUT -H "X-Auth-Token: gAAAAABeBnZbY5SQ..." -H "Content-Length: 0" http_log /usr/lib/python3.6/site-packages/swiftclient/client.py:180
2019-12-27 21:23:40.068 20259 DEBUG swiftclient [-] RESP STATUS: 201 Created http_log /usr/lib/python3.6/site-packages/swiftclient/client.py:181
2019-12-27 21:23:40.068 20259 DEBUG swiftclient [-] RESP HEADERS: {'Content-Length': '0', 'Content-Type': 'text/html; charset=UTF-8', 'X-Trans-Id': 'tx3f2f2d95909b4cb58fbc1-005e06765b', 'X-Openstack-Request-Id': 'tx3f2f2d95909b4cb58fbc1-005e06765b', 'Date': 'Fri, 27 Dec 2019 21:23:40 GMT'} http_log /usr/lib/python3.6/site-packages/swiftclient/client.py:182
2019-12-27 21:23:40.068 20258 DEBUG swiftclient [-] REQ: curl -i http://172.30.13.89:8080/v1/AUTH_e012eea4dec349bd84f07d3640011d81/s_rally_7b798eca_LS4OhDhf -X PUT -H "X-Auth-Token: gAAAAABeBnZb5z2W..." -H "Content-Length: 0" http_log /usr/lib/python3.6/site-packages/swiftclient/client.py:180
2019-12-27 21:23:40.069 20258 DEBUG swiftclient [-] RESP STATUS: 201 Created http_log /usr/lib/python3.6/site-packages/swiftclient/client.py:181
2019-12-27 21:23:40.069 20258 DEBUG swiftclient [-] RESP HEADERS: {'Content-Length': '0', 'Content-Type': 'text/html; charset=UTF-8', 'X-Trans-Id': 'txd1b6dd9a98454432a7b3f-005e06765b', 'X-Openstack-Request-Id': 'txd1b6dd9a98454432a7b3f-005e06765b', 'Date': 'Fri, 27 Dec 2019 21:23:40 GMT'} http_log /usr/lib/python3.6/site-packages/swiftclient/client.py:182
2019-12-27 21:23:40.071 20256 DEBUG swiftclient [-] REQ: curl -i http://172.30.13.89:8080/v1/AUTH_e012eea4dec349bd84f07d3640011d81/s_rally_7b798eca_xEt8KkZq -X PUT -H "X-Auth-Token: gAAAAABeBnZbi8wT..." -H "Content-Length: 0" http_log /usr/lib/python3.6/site-packages/swiftclient/client.py:180
2019-12-27 21:23:40.072 20256 DEBUG swiftclient [-] RESP STATUS: 201 Created http_log /usr/lib/python3.6/site-packages/swiftclient/client.py:181
2019-12-27 21:23:40.072 20256 DEBUG swiftclient [-] RESP HEADERS: {'Content-Length': '0', 'Content-Type': 'text/html; charset=UTF-8', 'X-Trans-Id': 'txabeee41df3f542ad99fa4-005e06765b', 'X-Openstack-Request-Id': 'txabeee41df3f542ad99fa4-005e06765b', 'Date': 'Fri, 27 Dec 2019 21:23:40 GMT'} http_log /usr/lib/python3.6/site-packages/swiftclient/client.py:182
2019-12-27 21:23:40.087 20257 DEBUG swiftclient [-] REQ: curl -i http://172.30.13.89:8080/v1/AUTH_240aeeba4863439aa15056122288632b/s_rally_7b798eca_xNVNERpc/s_rally_7b798eca_DxMdOSen -X PUT -H "X-Auth-Token: gAAAAABeBnZb7-p6..." http_log /usr/lib/python3.6/site-packages/swiftclient/client.py:180
2019-12-27 21:23:40.088 20257 DEBUG swiftclient [-] RESP STATUS: 201 Created http_log /usr/lib/python3.6/site-packages/swiftclient/client.py:181
2019-12-27 21:23:40.088 20257 DEBUG swiftclient [-] RESP HEADERS: {'Last-Modified': 'Fri, 27 Dec 2019 21:23:41 GMT', 'Content-Length': '0', 'Etag': '0f343b0931126a20f133d67c2b018a3b', 'Content-Type': 'text/html; charset=UTF-8', 'X-Trans-Id': 'tx0329237fb81b432b99c48-005e06765c', 'X-Openstack-Request-Id': 'tx0329237fb81b432b99c48-005e06765c', 'Date': 'Fri, 27 Dec 2019 21:23:40 GMT'} http_log /usr/lib/python3.6/site-packages/swiftclient/client.py:182
2019-12-27 21:23:40.110 20259 DEBUG swiftclient [-] REQ: curl -i http://172.30.13.89:8080/v1/AUTH_3647521da2664570a753acaf44fb7369/s_rally_7b798eca_BQStt4Hc/s_rally_7b798eca_Nky8MOu2 -X PUT -H "X-Auth-Token: gAAAAABeBnZbY5SQ..." http_log /usr/lib/python3.6/site-packages/swiftclient/client.py:180
2019-12-27 21:23:40.110 20259 DEBUG swiftclient [-] RESP STATUS: 201 Created http_log /usr/lib/python3.6/site-packages/swiftclient/client.py:181
2019-12-27 21:23:40.110 20259 DEBUG swiftclient [-] RESP HEADERS: {'Last-Modified': 'Fri, 27 Dec 2019 21:23:41 GMT', 'Content-Length': '0', 'Etag': '0f343b0931126a20f133d67c2b018a3b', 'Content-Type': 'text/html; charset=UTF-8', 'X-Trans-Id': 'tx783be37f619d42b2b12c0-005e06765c', 'X-Openstack-Request-Id': 'tx783be37f619d42b2b12c0-005e06765c', 'Date': 'Fri, 27 Dec 2019 21:23:40 GMT'} http_log /usr/lib/python3.6/site-packages/swiftclient/client.py:182
2019-12-27 21:23:40.121 20258 DEBUG swiftclient [-] REQ: curl -i http://172.30.13.89:8080/v1/AUTH_e012eea4dec349bd84f07d3640011d81/s_rally_7b798eca_LS4OhDhf/s_rally_7b798eca_VZw8yq8F -X PUT -H "X-Auth-Token: gAAAAABeBnZb5z2W..." http_log /usr/lib/python3.6/site-packages/swiftclient/client.py:180
2019-12-27 21:23:40.122 20258 DEBUG swiftclient [-] RESP STATUS: 201 Created http_log /usr/lib/python3.6/site-packages/swiftclient/client.py:181
2019-12-27 21:23:40.122 20258 DEBUG swiftclient [-] RESP HEADERS: {'Last-Modified': 'Fri, 27 Dec 2019 21:23:41 GMT', 'Content-Length': '0', 'Etag': '0f343b0931126a20f133d67c2b018a3b', 'Content-Type': 'text/html; charset=UTF-8', 'X-Trans-Id': 'tx7f5d4eabbbb44c2eacaba-005e06765c', 'X-Openstack-Request-Id': 'tx7f5d4eabbbb44c2eacaba-005e06765c', 'Date': 'Fri, 27 Dec 2019 21:23:40 GMT'} http_log /usr/lib/python3.6/site-packages/swiftclient/client.py:182
2019-12-27 21:23:40.123 20256 DEBUG swiftclient [-] REQ: curl -i http://172.30.13.89:8080/v1/AUTH_e012eea4dec349bd84f07d3640011d81/s_rally_7b798eca_xEt8KkZq/s_rally_7b798eca_QFuzBEGg -X PUT -H "X-Auth-Token: gAAAAABeBnZbi8wT..." http_log /usr/lib/python3.6/site-packages/swiftclient/client.py:180
2019-12-27 21:23:40.124 20256 DEBUG swiftclient [-] RESP STATUS: 201 Created http_log /usr/lib/python3.6/site-packages/swiftclient/client.py:181
2019-12-27 21:23:40.124 20257 DEBUG swiftclient [-] REQ: curl -i http://172.30.13.89:8080/v1/AUTH_240aeeba4863439aa15056122288632b/s_rally_7b798eca_xNVNERpc/s_rally_7b798eca_8rXBS4KZ -X PUT -H "X-Auth-Token: gAAAAABeBnZb7-p6..." http_log /usr/lib/python3.6/site-packages/swiftclient/client.py:180
2019-12-27 21:23:40.124 20256 DEBUG swiftclient [-] RESP HEADERS: {'Last-Modified': 'Fri, 27 Dec 2019 21:23:41 GMT', 'Content-Length': '0', 'Etag': '0f343b0931126a20f133d67c2b018a3b', 'Content-Type': 'text/html; charset=UTF-8', 'X-Trans-Id': 'txd49335bc5f3e42b09d40a-005e06765c', 'X-Openstack-Request-Id': 'txd49335bc5f3e42b09d40a-005e06765c', 'Date': 'Fri, 27 Dec 2019 21:23:40 GMT'} http_log /usr/lib/python3.6/site-packages/swiftclient/client.py:182
2019-12-27 21:23:40.125 20257 DEBUG swiftclient [-] RESP STATUS: 201 Created http_log /usr/lib/python3.6/site-packages/swiftclient/client.py:181
2019-12-27 21:23:40.125 20257 DEBUG swiftclient [-] RESP HEADERS: {'Last-Modified': 'Fri, 27 Dec 2019 21:23:41 GMT', 'Content-Length': '0', 'Etag': '0f343b0931126a20f133d67c2b018a3b', 'Content-Type': 'text/html; charset=UTF-8', 'X-Trans-Id': 'tx4c1253ea510149f0a4a44-005e06765c', 'X-Openstack-Request-Id': 'tx4c1253ea510149f0a4a44-005e06765c', 'Date': 'Fri, 27 Dec 2019 21:23:40 GMT'} http_log /usr/lib/python3.6/site-packages/swiftclient/client.py:182
2019-12-27 21:23:40.139 20259 DEBUG swiftclient [-] REQ: curl -i http://172.30.13.89:8080/v1/AUTH_3647521da2664570a753acaf44fb7369/s_rally_7b798eca_BQStt4Hc/s_rally_7b798eca_X3RlA0wR -X PUT -H "X-Auth-Token: gAAAAABeBnZbY5SQ..." http_log /usr/lib/python3.6/site-packages/swiftclient/client.py:180
2019-12-27 21:23:40.139 20259 DEBUG swiftclient [-] RESP STATUS: 201 Created http_log /usr/lib/python3.6/site-packages/swiftclient/client.py:181
2019-12-27 21:23:40.139 20259 DEBUG swiftclient [-] RESP HEADERS: {'Last-Modified': 'Fri, 27 Dec 2019 21:23:41 GMT', 'Content-Length': '0', 'Etag': '0f343b0931126a20f133d67c2b018a3b', 'Content-Type': 'text/html; charset=UTF-8', 'X-Trans-Id': 'tx512989b5aec847d0a012f-005e06765c', 'X-Openstack-Request-Id': 'tx512989b5aec847d0a012f-005e06765c', 'Date': 'Fri, 27 Dec 2019 21:23:40 GMT'} http_log /usr/lib/python3.6/site-packages/swiftclient/client.py:182
2019-12-27 21:23:40.155 20258 DEBUG swiftclient [-] REQ: curl -i http://172.30.13.89:8080/v1/AUTH_e012eea4dec349bd84f07d3640011d81/s_rally_7b798eca_LS4OhDhf/s_rally_7b798eca_9PpkmdXx -X PUT -H "X-Auth-Token: gAAAAABeBnZb5z2W..." http_log /usr/lib/python3.6/site-packages/swiftclient/client.py:180
2019-12-27 21:23:40.155 20258 DEBUG swiftclient [-] RESP STATUS: 201 Created http_log /usr/lib/python3.6/site-packages/swiftclient/client.py:181
2019-12-27 21:23:40.156 20258 DEBUG swiftclient [-] RESP HEADERS: {'Last-Modified': 'Fri, 27 Dec 2019 21:23:41 GMT', 'Content-Length': '0', 'Etag': '0f343b0931126a20f133d67c2b018a3b', 'Content-Type': 'text/html; charset=UTF-8', 'X-Trans-Id': 'tx7a1d73bae07c456b97dd8-005e06765c', 'X-Openstack-Request-Id': 'tx7a1d73bae07c456b97dd8-005e06765c', 'Date': 'Fri, 27 Dec 2019 21:23:40 GMT'} http_log /usr/lib/python3.6/site-packages/swiftclient/client.py:182
2019-12-27 21:23:40.163 20256 DEBUG swiftclient [-] REQ: curl -i http://172.30.13.89:8080/v1/AUTH_e012eea4dec349bd84f07d3640011d81/s_rally_7b798eca_xEt8KkZq/s_rally_7b798eca_GBvtoYvm -X PUT -H "X-Auth-Token: gAAAAABeBnZbi8wT..." http_log /usr/lib/python3.6/site-packages/swiftclient/client.py:180
2019-12-27 21:23:40.163 20256 DEBUG swiftclient [-] RESP STATUS: 201 Created http_log /usr/lib/python3.6/site-packages/swiftclient/client.py:181
2019-12-27 21:23:40.164 20256 DEBUG swiftclient [-] RESP HEADERS: {'Last-Modified': 'Fri, 27 Dec 2019 21:23:41 GMT', 'Content-Length': '0', 'Etag': '0f343b0931126a20f133d67c2b018a3b', 'Content-Type': 'text/html; charset=UTF-8', 'X-Trans-Id': 'tx9e414621d1784289bb9cc-005e06765c', 'X-Openstack-Request-Id': 'tx9e414621d1784289bb9cc-005e06765c', 'Date': 'Fri, 27 Dec 2019 21:23:40 GMT'} http_log /usr/lib/python3.6/site-packages/swiftclient/client.py:182
2019-12-27 21:23:40.166 20259 DEBUG swiftclient [-] REQ: curl -i http://172.30.13.89:8080/v1/AUTH_3647521da2664570a753acaf44fb7369/s_rally_7b798eca_BQStt4Hc/s_rally_7b798eca_mBoIO1Dn -X PUT -H "X-Auth-Token: gAAAAABeBnZbY5SQ..." http_log /usr/lib/python3.6/site-packages/swiftclient/client.py:180
2019-12-27 21:23:40.166 20259 DEBUG swiftclient [-] RESP STATUS: 201 Created http_log /usr/lib/python3.6/site-packages/swiftclient/client.py:181
2019-12-27 21:23:40.167 20259 DEBUG swiftclient [-] RESP HEADERS: {'Last-Modified': 'Fri, 27 Dec 2019 21:23:41 GMT', 'Content-Length': '0', 'Etag': '0f343b0931126a20f133d67c2b018a3b', 'Content-Type': 'text/html; charset=UTF-8', 'X-Trans-Id': 'tx25d30b0f1ccb469d8e575-005e06765c', 'X-Openstack-Request-Id': 'tx25d30b0f1ccb469d8e575-005e06765c', 'Date': 'Fri, 27 Dec 2019 21:23:40 GMT'} http_log /usr/lib/python3.6/site-packages/swiftclient/client.py:182
2019-12-27 21:23:40.169 20257 DEBUG swiftclient [-] REQ: curl -i http://172.30.13.89:8080/v1/AUTH_240aeeba4863439aa15056122288632b/s_rally_7b798eca_xNVNERpc/s_rally_7b798eca_p9t6ZsAU -X PUT -H "X-Auth-Token: gAAAAABeBnZb7-p6..." http_log /usr/lib/python3.6/site-packages/swiftclient/client.py:180
2019-12-27 21:23:40.169 20257 DEBUG swiftclient [-] RESP STATUS: 201 Created http_log /usr/lib/python3.6/site-packages/swiftclient/client.py:181
2019-12-27 21:23:40.170 20257 DEBUG swiftclient [-] RESP HEADERS: {'Last-Modified': 'Fri, 27 Dec 2019 21:23:41 GMT', 'Content-Length': '0', 'Etag': '0f343b0931126a20f133d67c2b018a3b', 'Content-Type': 'text/html; charset=UTF-8', 'X-Trans-Id': 'txc64d727e3f554169a0f85-005e06765c', 'X-Openstack-Request-Id': 'txc64d727e3f554169a0f85-005e06765c', 'Date': 'Fri, 27 Dec 2019 21:23:40 GMT'} http_log /usr/lib/python3.6/site-packages/swiftclient/client.py:182
2019-12-27 21:23:40.191 20258 DEBUG swiftclient [-] REQ: curl -i http://172.30.13.89:8080/v1/AUTH_e012eea4dec349bd84f07d3640011d81/s_rally_7b798eca_LS4OhDhf/s_rally_7b798eca_v9p6VSAw -X PUT -H "X-Auth-Token: gAAAAABeBnZb5z2W..." http_log /usr/lib/python3.6/site-packages/swiftclient/client.py:180
2019-12-27 21:23:40.192 20258 DEBUG swiftclient [-] RESP STATUS: 201 Created http_log /usr/lib/python3.6/site-packages/swiftclient/client.py:181
2019-12-27 21:23:40.192 20258 DEBUG swiftclient [-] RESP HEADERS: {'Last-Modified': 'Fri, 27 Dec 2019 21:23:41 GMT', 'Content-Length': '0', 'Etag': '0f343b0931126a20f133d67c2b018a3b', 'Content-Type': 'text/html; charset=UTF-8', 'X-Trans-Id': 'tx3dc1b08e1577491c83883-005e06765c', 'X-Openstack-Request-Id': 'tx3dc1b08e1577491c83883-005e06765c', 'Date': 'Fri, 27 Dec 2019 21:23:40 GMT'} http_log /usr/lib/python3.6/site-packages/swiftclient/client.py:182
2019-12-27 21:23:40.206 20259 DEBUG swiftclient [-] REQ: curl -i http://172.30.13.89:8080/v1/AUTH_3647521da2664570a753acaf44fb7369/s_rally_7b798eca_BQStt4Hc/s_rally_7b798eca_cDyJ6UOP -X PUT -H "X-Auth-Token: gAAAAABeBnZbY5SQ..." http_log /usr/lib/python3.6/site-packages/swiftclient/client.py:180
2019-12-27 21:23:40.206 20259 DEBUG swiftclient [-] RESP STATUS: 201 Created http_log /usr/lib/python3.6/site-packages/swiftclient/client.py:181
2019-12-27 21:23:40.207 20259 DEBUG swiftclient [-] RESP HEADERS: {'Last-Modified': 'Fri, 27 Dec 2019 21:23:41 GMT', 'Content-Length': '0', 'Etag': '0f343b0931126a20f133d67c2b018a3b', 'Content-Type': 'text/html; charset=UTF-8', 'X-Trans-Id': 'tx9103255511194cba8da22-005e06765c', 'X-Openstack-Request-Id': 'tx9103255511194cba8da22-005e06765c', 'Date': 'Fri, 27 Dec 2019 21:23:40 GMT'} http_log /usr/lib/python3.6/site-packages/swiftclient/client.py:182
2019-12-27 21:23:40.208 20257 DEBUG swiftclient [-] REQ: curl -i http://172.30.13.89:8080/v1/AUTH_240aeeba4863439aa15056122288632b/s_rally_7b798eca_xNVNERpc/s_rally_7b798eca_Z9XnSAu3 -X PUT -H "X-Auth-Token: gAAAAABeBnZb7-p6..." http_log /usr/lib/python3.6/site-packages/swiftclient/client.py:180
2019-12-27 21:23:40.209 20257 DEBUG swiftclient [-] RESP STATUS: 201 Created http_log /usr/lib/python3.6/site-packages/swiftclient/client.py:181
2019-12-27 21:23:40.209 20256 DEBUG swiftclient [-] REQ: curl -i http://172.30.13.89:8080/v1/AUTH_e012eea4dec349bd84f07d3640011d81/s_rally_7b798eca_xEt8KkZq/s_rally_7b798eca_xIVTcPWJ -X PUT -H "X-Auth-Token: gAAAAABeBnZbi8wT..." http_log /usr/lib/python3.6/site-packages/swiftclient/client.py:180
2019-12-27 21:23:40.209 20257 DEBUG swiftclient [-] RESP HEADERS: {'Last-Modified': 'Fri, 27 Dec 2019 21:23:41 GMT', 'Content-Length': '0', 'Etag': '0f343b0931126a20f133d67c2b018a3b', 'Content-Type': 'text/html; charset=UTF-8', 'X-Trans-Id': 'txbe006d90e2384638b5a08-005e06765c', 'X-Openstack-Request-Id': 'txbe006d90e2384638b5a08-005e06765c', 'Date': 'Fri, 27 Dec 2019 21:23:40 GMT'} http_log /usr/lib/python3.6/site-packages/swiftclient/client.py:182
2019-12-27 21:23:40.210 20256 DEBUG swiftclient [-] RESP STATUS: 201 Created http_log /usr/lib/python3.6/site-packages/swiftclient/client.py:181
2019-12-27 21:23:40.210 20256 DEBUG swiftclient [-] RESP HEADERS: {'Last-Modified': 'Fri, 27 Dec 2019 21:23:41 GMT', 'Content-Length': '0', 'Etag': '0f343b0931126a20f133d67c2b018a3b', 'Content-Type': 'text/html; charset=UTF-8', 'X-Trans-Id': 'txcbba285c554a417ab0827-005e06765c', 'X-Openstack-Request-Id': 'txcbba285c554a417ab0827-005e06765c', 'Date': 'Fri, 27 Dec 2019 21:23:40 GMT'} http_log /usr/lib/python3.6/site-packages/swiftclient/client.py:182
2019-12-27 21:23:40.222 20258 DEBUG swiftclient [-] REQ: curl -i http://172.30.13.89:8080/v1/AUTH_e012eea4dec349bd84f07d3640011d81/s_rally_7b798eca_LS4OhDhf/s_rally_7b798eca_bB2G54vb -X PUT -H "X-Auth-Token: gAAAAABeBnZb5z2W..." http_log /usr/lib/python3.6/site-packages/swiftclient/client.py:180
2019-12-27 21:23:40.223 20258 DEBUG swiftclient [-] RESP STATUS: 201 Created http_log /usr/lib/python3.6/site-packages/swiftclient/client.py:181
2019-12-27 21:23:40.223 20258 DEBUG swiftclient [-] RESP HEADERS: {'Last-Modified': 'Fri, 27 Dec 2019 21:23:41 GMT', 'Content-Length': '0', 'Etag': '0f343b0931126a20f133d67c2b018a3b', 'Content-Type': 'text/html; charset=UTF-8', 'X-Trans-Id': 'txd8515b955eb143c2b2f44-005e06765c', 'X-Openstack-Request-Id': 'txd8515b955eb143c2b2f44-005e06765c', 'Date': 'Fri, 27 Dec 2019 21:23:40 GMT'} http_log /usr/lib/python3.6/site-packages/swiftclient/client.py:182
2019-12-27 21:23:40.236 20259 DEBUG swiftclient [-] REQ: curl -i http://172.30.13.89:8080/v1/AUTH_3647521da2664570a753acaf44fb7369/s_rally_7b798eca_BQStt4Hc/s_rally_7b798eca_YevfxAJX -X PUT -H "X-Auth-Token: gAAAAABeBnZbY5SQ..." http_log /usr/lib/python3.6/site-packages/swiftclient/client.py:180
2019-12-27 21:23:40.236 20259 DEBUG swiftclient [-] RESP STATUS: 201 Created http_log /usr/lib/python3.6/site-packages/swiftclient/client.py:181
2019-12-27 21:23:40.236 20259 DEBUG swiftclient [-] RESP HEADERS: {'Last-Modified': 'Fri, 27 Dec 2019 21:23:41 GMT', 'Content-Length': '0', 'Etag': '0f343b0931126a20f133d67c2b018a3b', 'Content-Type': 'text/html; charset=UTF-8', 'X-Trans-Id': 'tx0ab2619c0c9e4943a0a7e-005e06765c', 'X-Openstack-Request-Id': 'tx0ab2619c0c9e4943a0a7e-005e06765c', 'Date': 'Fri, 27 Dec 2019 21:23:40 GMT'} http_log /usr/lib/python3.6/site-packages/swiftclient/client.py:182
2019-12-27 21:23:40.254 20256 DEBUG swiftclient [-] REQ: curl -i http://172.30.13.89:8080/v1/AUTH_e012eea4dec349bd84f07d3640011d81/s_rally_7b798eca_xEt8KkZq/s_rally_7b798eca_mjFbFK9w -X PUT -H "X-Auth-Token: gAAAAABeBnZbi8wT..." http_log /usr/lib/python3.6/site-packages/swiftclient/client.py:180
2019-12-27 21:23:40.255 20256 DEBUG swiftclient [-] RESP STATUS: 201 Created http_log /usr/lib/python3.6/site-packages/swiftclient/client.py:181
2019-12-27 21:23:40.255 20256 DEBUG swiftclient [-] RESP HEADERS: {'Last-Modified': 'Fri, 27 Dec 2019 21:23:41 GMT', 'Content-Length': '0', 'Etag': '0f343b0931126a20f133d67c2b018a3b', 'Content-Type': 'text/html; charset=UTF-8', 'X-Trans-Id': 'tx4651d5b145ae4328af18a-005e06765c', 'X-Openstack-Request-Id': 'tx4651d5b145ae4328af18a-005e06765c', 'Date': 'Fri, 27 Dec 2019 21:23:40 GMT'} http_log /usr/lib/python3.6/site-packages/swiftclient/client.py:182
2019-12-27 21:23:40.255 20257 DEBUG swiftclient [-] REQ: curl -i http://172.30.13.89:8080/v1/AUTH_240aeeba4863439aa15056122288632b/s_rally_7b798eca_xNVNERpc/s_rally_7b798eca_h1xO5Gpm -X PUT -H "X-Auth-Token: gAAAAABeBnZb7-p6..." http_log /usr/lib/python3.6/site-packages/swiftclient/client.py:180
2019-12-27 21:23:40.256 20257 DEBUG swiftclient [-] RESP STATUS: 201 Created http_log /usr/lib/python3.6/site-packages/swiftclient/client.py:181
2019-12-27 21:23:40.256 20257 DEBUG swiftclient [-] RESP HEADERS: {'Last-Modified': 'Fri, 27 Dec 2019 21:23:41 GMT', 'Content-Length': '0', 'Etag': '0f343b0931126a20f133d67c2b018a3b', 'Content-Type': 'text/html; charset=UTF-8', 'X-Trans-Id': 'txae342835e1004a1fbf92c-005e06765c', 'X-Openstack-Request-Id': 'txae342835e1004a1fbf92c-005e06765c', 'Date': 'Fri, 27 Dec 2019 21:23:40 GMT'} http_log /usr/lib/python3.6/site-packages/swiftclient/client.py:182
2019-12-27 21:23:40.257 20259 DEBUG swiftclient [-] REQ: curl -i http://172.30.13.89:8080/v1/AUTH_3647521da2664570a753acaf44fb7369/s_rally_7b798eca_BQStt4Hc/s_rally_7b798eca_Nky8MOu2 -X GET -H "X-Auth-Token: gAAAAABeBnZbY5SQ..." http_log /usr/lib/python3.6/site-packages/swiftclient/client.py:180
2019-12-27 21:23:40.257 20259 DEBUG swiftclient [-] RESP STATUS: 200 OK http_log /usr/lib/python3.6/site-packages/swiftclient/client.py:181
2019-12-27 21:23:40.258 20259 DEBUG swiftclient [-] RESP HEADERS: {'Content-Length': '1024', 'Accept-Ranges': 'bytes', 'Last-Modified': 'Fri, 27 Dec 2019 21:23:41 GMT', 'Etag': '0f343b0931126a20f133d67c2b018a3b', 'X-Timestamp': '1577481820.08832', 'Content-Type': 'application/octet-stream', 'X-Trans-Id': 'txc1fa3f901cb345babd360-005e06765c', 'X-Openstack-Request-Id': 'txc1fa3f901cb345babd360-005e06765c', 'Date': 'Fri, 27 Dec 2019 21:23:40 GMT'} http_log /usr/lib/python3.6/site-packages/swiftclient/client.py:182
2019-12-27 21:23:40.258 20258 DEBUG swiftclient [-] REQ: curl -i http://172.30.13.89:8080/v1/AUTH_e012eea4dec349bd84f07d3640011d81/s_rally_7b798eca_LS4OhDhf/s_rally_7b798eca_1RpJyMiH -X PUT -H "X-Auth-Token: gAAAAABeBnZb5z2W..." http_log /usr/lib/python3.6/site-packages/swiftclient/client.py:180
2019-12-27 21:23:40.259 20258 DEBUG swiftclient [-] RESP STATUS: 201 Created http_log /usr/lib/python3.6/site-packages/swiftclient/client.py:181
2019-12-27 21:23:40.259 20258 DEBUG swiftclient [-] RESP HEADERS: {'Last-Modified': 'Fri, 27 Dec 2019 21:23:41 GMT', 'Content-Length': '0', 'Etag': '0f343b0931126a20f133d67c2b018a3b', 'Content-Type': 'text/html; charset=UTF-8', 'X-Trans-Id': 'txfb72b5a8ad8940c5aae8a-005e06765c', 'X-Openstack-Request-Id': 'txfb72b5a8ad8940c5aae8a-005e06765c', 'Date': 'Fri, 27 Dec 2019 21:23:40 GMT'} http_log /usr/lib/python3.6/site-packages/swiftclient/client.py:182
2019-12-27 21:23:40.285 20259 DEBUG swiftclient [-] REQ: curl -i http://172.30.13.89:8080/v1/AUTH_3647521da2664570a753acaf44fb7369/s_rally_7b798eca_BQStt4Hc/s_rally_7b798eca_X3RlA0wR -X GET -H "X-Auth-Token: gAAAAABeBnZbY5SQ..." http_log /usr/lib/python3.6/site-packages/swiftclient/client.py:180
2019-12-27 21:23:40.286 20259 DEBUG swiftclient [-] RESP STATUS: 200 OK http_log /usr/lib/python3.6/site-packages/swiftclient/client.py:181
2019-12-27 21:23:40.286 20259 DEBUG swiftclient [-] RESP HEADERS: {'Content-Length': '1024', 'Accept-Ranges': 'bytes', 'Last-Modified': 'Fri, 27 Dec 2019 21:23:41 GMT', 'Etag': '0f343b0931126a20f133d67c2b018a3b', 'X-Timestamp': '1577481820.11770', 'Content-Type': 'application/octet-stream', 'X-Trans-Id': 'txc21d8cf7bca94fa0b0314-005e06765c', 'X-Openstack-Request-Id': 'txc21d8cf7bca94fa0b0314-005e06765c', 'Date': 'Fri, 27 Dec 2019 21:23:40 GMT'} http_log /usr/lib/python3.6/site-packages/swiftclient/client.py:182
2019-12-27 21:23:40.287 20257 DEBUG swiftclient [-] REQ: curl -i http://172.30.13.89:8080/v1/AUTH_240aeeba4863439aa15056122288632b/s_rally_7b798eca_xNVNERpc/s_rally_7b798eca_DxMdOSen -X GET -H "X-Auth-Token: gAAAAABeBnZb7-p6..." http_log /usr/lib/python3.6/site-packages/swiftclient/client.py:180
2019-12-27 21:23:40.288 20257 DEBUG swiftclient [-] RESP STATUS: 200 OK http_log /usr/lib/python3.6/site-packages/swiftclient/client.py:181
2019-12-27 21:23:40.288 20257 DEBUG swiftclient [-] RESP HEADERS: {'Content-Length': '1024', 'Accept-Ranges': 'bytes', 'Last-Modified': 'Fri, 27 Dec 2019 21:23:41 GMT', 'Etag': '0f343b0931126a20f133d67c2b018a3b', 'X-Timestamp': '1577481820.06216', 'Content-Type': 'application/octet-stream', 'X-Trans-Id': 'tx59ad7975a802485fbe088-005e06765c', 'X-Openstack-Request-Id': 'tx59ad7975a802485fbe088-005e06765c', 'Date': 'Fri, 27 Dec 2019 21:23:40 GMT'} http_log /usr/lib/python3.6/site-packages/swiftclient/client.py:182
2019-12-27 21:23:40.289 20258 DEBUG swiftclient [-] REQ: curl -i http://172.30.13.89:8080/v1/AUTH_e012eea4dec349bd84f07d3640011d81/s_rally_7b798eca_LS4OhDhf/s_rally_7b798eca_VZw8yq8F -X GET -H "X-Auth-Token: gAAAAABeBnZb5z2W..." http_log /usr/lib/python3.6/site-packages/swiftclient/client.py:180
2019-12-27 21:23:40.289 20256 DEBUG swiftclient [-] REQ: curl -i http://172.30.13.89:8080/v1/AUTH_e012eea4dec349bd84f07d3640011d81/s_rally_7b798eca_xEt8KkZq/s_rally_7b798eca_JLIyjr5B -X PUT -H "X-Auth-Token: gAAAAABeBnZbi8wT..." http_log /usr/lib/python3.6/site-packages/swiftclient/client.py:180
2019-12-27 21:23:40.290 20256 DEBUG swiftclient [-] RESP STATUS: 201 Created http_log /usr/lib/python3.6/site-packages/swiftclient/client.py:181
2019-12-27 21:23:40.289 20258 DEBUG swiftclient [-] RESP STATUS: 200 OK http_log /usr/lib/python3.6/site-packages/swiftclient/client.py:181
2019-12-27 21:23:40.290 20256 DEBUG swiftclient [-] RESP HEADERS: {'Last-Modified': 'Fri, 27 Dec 2019 21:23:41 GMT', 'Content-Length': '0', 'Etag': '0f343b0931126a20f133d67c2b018a3b', 'Content-Type': 'text/html; charset=UTF-8', 'X-Trans-Id': 'tx48e9f2860a55482fac9fe-005e06765c', 'X-Openstack-Request-Id': 'tx48e9f2860a55482fac9fe-005e06765c', 'Date': 'Fri, 27 Dec 2019 21:23:40 GMT'} http_log /usr/lib/python3.6/site-packages/swiftclient/client.py:182
2019-12-27 21:23:40.290 20258 DEBUG swiftclient [-] RESP HEADERS: {'Content-Length': '1024', 'Accept-Ranges': 'bytes', 'Last-Modified': 'Fri, 27 Dec 2019 21:23:41 GMT', 'Etag': '0f343b0931126a20f133d67c2b018a3b', 'X-Timestamp': '1577481820.09457', 'Content-Type': 'application/octet-stream', 'X-Trans-Id': 'tx7b4e67636e4844de9dcf4-005e06765c', 'X-Openstack-Request-Id': 'tx7b4e67636e4844de9dcf4-005e06765c', 'Date': 'Fri, 27 Dec 2019 21:23:40 GMT'} http_log /usr/lib/python3.6/site-packages/swiftclient/client.py:182
2019-12-27 21:23:40.314 20259 DEBUG swiftclient [-] REQ: curl -i http://172.30.13.89:8080/v1/AUTH_3647521da2664570a753acaf44fb7369/s_rally_7b798eca_BQStt4Hc/s_rally_7b798eca_mBoIO1Dn -X GET -H "X-Auth-Token: gAAAAABeBnZbY5SQ..." http_log /usr/lib/python3.6/site-packages/swiftclient/client.py:180
2019-12-27 21:23:40.314 20259 DEBUG swiftclient [-] RESP STATUS: 200 OK http_log /usr/lib/python3.6/site-packages/swiftclient/client.py:181
2019-12-27 21:23:40.315 20259 DEBUG swiftclient [-] RESP HEADERS: {'Content-Length': '1024', 'Accept-Ranges': 'bytes', 'Last-Modified': 'Fri, 27 Dec 2019 21:23:41 GMT', 'Etag': '0f343b0931126a20f133d67c2b018a3b', 'X-Timestamp': '1577481820.14767', 'Content-Type': 'application/octet-stream', 'X-Trans-Id': 'tx1ead8c8751fe4cb3abff2-005e06765c', 'X-Openstack-Request-Id': 'tx1ead8c8751fe4cb3abff2-005e06765c', 'Date': 'Fri, 27 Dec 2019 21:23:40 GMT'} http_log /usr/lib/python3.6/site-packages/swiftclient/client.py:182
2019-12-27 21:23:40.317 20257 DEBUG swiftclient [-] REQ: curl -i http://172.30.13.89:8080/v1/AUTH_240aeeba4863439aa15056122288632b/s_rally_7b798eca_xNVNERpc/s_rally_7b798eca_8rXBS4KZ -X GET -H "X-Auth-Token: gAAAAABeBnZb7-p6..." http_log /usr/lib/python3.6/site-packages/swiftclient/client.py:180
2019-12-27 21:23:40.317 20257 DEBUG swiftclient [-] RESP STATUS: 200 OK http_log /usr/lib/python3.6/site-packages/swiftclient/client.py:181
2019-12-27 21:23:40.318 20257 DEBUG swiftclient [-] RESP HEADERS: {'Content-Length': '1024', 'Accept-Ranges': 'bytes', 'Last-Modified': 'Fri, 27 Dec 2019 21:23:41 GMT', 'Etag': '0f343b0931126a20f133d67c2b018a3b', 'X-Timestamp': '1577481820.10505', 'Content-Type': 'application/octet-stream', 'X-Trans-Id': 'txf8fe6702bd524e39bc270-005e06765c', 'X-Openstack-Request-Id': 'txf8fe6702bd524e39bc270-005e06765c', 'Date': 'Fri, 27 Dec 2019 21:23:40 GMT'} http_log /usr/lib/python3.6/site-packages/swiftclient/client.py:182
2019-12-27 21:23:40.319 20256 DEBUG swiftclient [-] REQ: curl -i http://172.30.13.89:8080/v1/AUTH_e012eea4dec349bd84f07d3640011d81/s_rally_7b798eca_xEt8KkZq/s_rally_7b798eca_QFuzBEGg -X GET -H "X-Auth-Token: gAAAAABeBnZbi8wT..." http_log /usr/lib/python3.6/site-packages/swiftclient/client.py:180
2019-12-27 21:23:40.320 20256 DEBUG swiftclient [-] RESP STATUS: 200 OK http_log /usr/lib/python3.6/site-packages/swiftclient/client.py:181
2019-12-27 21:23:40.320 20256 DEBUG swiftclient [-] RESP HEADERS: {'Content-Length': '1024', 'Accept-Ranges': 'bytes', 'Last-Modified': 'Fri, 27 Dec 2019 21:23:41 GMT', 'Etag': '0f343b0931126a20f133d67c2b018a3b', 'X-Timestamp': '1577481820.10055', 'Content-Type': 'application/octet-stream', 'X-Trans-Id': 'txbf10b07fceae40759e88b-005e06765c', 'X-Openstack-Request-Id': 'txbf10b07fceae40759e88b-005e06765c', 'Date': 'Fri, 27 Dec 2019 21:23:40 GMT'} http_log /usr/lib/python3.6/site-packages/swiftclient/client.py:182
2019-12-27 21:23:40.321 20258 DEBUG swiftclient [-] REQ: curl -i http://172.30.13.89:8080/v1/AUTH_e012eea4dec349bd84f07d3640011d81/s_rally_7b798eca_LS4OhDhf/s_rally_7b798eca_9PpkmdXx -X GET -H "X-Auth-Token: gAAAAABeBnZb5z2W..." http_log /usr/lib/python3.6/site-packages/swiftclient/client.py:180
2019-12-27 21:23:40.321 20258 DEBUG swiftclient [-] RESP STATUS: 200 OK http_log /usr/lib/python3.6/site-packages/swiftclient/client.py:181
2019-12-27 21:23:40.322 20258 DEBUG swiftclient [-] RESP HEADERS: {'Content-Length': '1024', 'Accept-Ranges': 'bytes', 'Last-Modified': 'Fri, 27 Dec 2019 21:23:41 GMT', 'Etag': '0f343b0931126a20f133d67c2b018a3b', 'X-Timestamp': '1577481820.13053', 'Content-Type': 'application/octet-stream', 'X-Trans-Id': 'tx7f96df45d120480989435-005e06765c', 'X-Openstack-Request-Id': 'tx7f96df45d120480989435-005e06765c', 'Date': 'Fri, 27 Dec 2019 21:23:40 GMT'} http_log /usr/lib/python3.6/site-packages/swiftclient/client.py:182
2019-12-27 21:23:40.337 20259 DEBUG swiftclient [-] REQ: curl -i http://172.30.13.89:8080/v1/AUTH_3647521da2664570a753acaf44fb7369/s_rally_7b798eca_BQStt4Hc/s_rally_7b798eca_cDyJ6UOP -X GET -H "X-Auth-Token: gAAAAABeBnZbY5SQ..." http_log /usr/lib/python3.6/site-packages/swiftclient/client.py:180
2019-12-27 21:23:40.338 20259 DEBUG swiftclient [-] RESP STATUS: 200 OK http_log /usr/lib/python3.6/site-packages/swiftclient/client.py:181
2019-12-27 21:23:40.338 20259 DEBUG swiftclient [-] RESP HEADERS: {'Content-Length': '1024', 'Accept-Ranges': 'bytes', 'Last-Modified': 'Fri, 27 Dec 2019 21:23:41 GMT', 'Etag': '0f343b0931126a20f133d67c2b018a3b', 'X-Timestamp': '1577481820.18333', 'Content-Type': 'application/octet-stream', 'X-Trans-Id': 'txac492fd784fc4da1a93ce-005e06765c', 'X-Openstack-Request-Id': 'txac492fd784fc4da1a93ce-005e06765c', 'Date': 'Fri, 27 Dec 2019 21:23:40 GMT'} http_log /usr/lib/python3.6/site-packages/swiftclient/client.py:182
2019-12-27 21:23:40.354 20257 DEBUG swiftclient [-] REQ: curl -i http://172.30.13.89:8080/v1/AUTH_240aeeba4863439aa15056122288632b/s_rally_7b798eca_xNVNERpc/s_rally_7b798eca_p9t6ZsAU -X GET -H "X-Auth-Token: gAAAAABeBnZb7-p6..." http_log /usr/lib/python3.6/site-packages/swiftclient/client.py:180
2019-12-27 21:23:40.354 20257 DEBUG swiftclient [-] RESP STATUS: 200 OK http_log /usr/lib/python3.6/site-packages/swiftclient/client.py:181
2019-12-27 21:23:40.355 20257 DEBUG swiftclient [-] RESP HEADERS: {'Content-Length': '1024', 'Accept-Ranges': 'bytes', 'Last-Modified': 'Fri, 27 Dec 2019 21:23:41 GMT', 'Etag': '0f343b0931126a20f133d67c2b018a3b', 'X-Timestamp': '1577481820.14204', 'Content-Type': 'application/octet-stream', 'X-Trans-Id': 'tx4753f1079fc14d16b4a76-005e06765c', 'X-Openstack-Request-Id': 'tx4753f1079fc14d16b4a76-005e06765c', 'Date': 'Fri, 27 Dec 2019 21:23:40 GMT'} http_log /usr/lib/python3.6/site-packages/swiftclient/client.py:182
2019-12-27 21:23:40.361 20256 DEBUG swiftclient [-] REQ: curl -i http://172.30.13.89:8080/v1/AUTH_e012eea4dec349bd84f07d3640011d81/s_rally_7b798eca_xEt8KkZq/s_rally_7b798eca_GBvtoYvm -X GET -H "X-Auth-Token: gAAAAABeBnZbi8wT..." http_log /usr/lib/python3.6/site-packages/swiftclient/client.py:180
2019-12-27 21:23:40.362 20256 DEBUG swiftclient [-] RESP STATUS: 200 OK http_log /usr/lib/python3.6/site-packages/swiftclient/client.py:181
