2019-12-27 21:01:12.529 12930 RALLYDEBUG rally_openstack.wrappers.network [-] CIDR generated: 1.17.0.0/16
2019-12-27 21:01:12.560 12932 RALLYDEBUG rally_openstack.wrappers.network [-] CIDR generated: 1.18.0.0/16
2019-12-27 21:01:13.073 12931 RALLYDEBUG rally_openstack.wrappers.network [-] CIDR generated: 1.19.0.0/16
2019-12-27 21:01:13.322 12929 RALLYDEBUG rally_openstack.wrappers.network [-] CIDR generated: 1.20.0.0/16
2019-12-27 21:01:13.848 12932 INFO rally.task.runner [-] Task e3573ce4-dbb4-4a7a-8f0d-31f6218d09b9 | ITER: 4 END: OK
2019-12-27 21:01:13.854 12932 INFO rally.task.runner [-] Task e3573ce4-dbb4-4a7a-8f0d-31f6218d09b9 | ITER: 5 START
2019-12-27 21:01:13.958 12930 INFO rally.task.runner [-] Task e3573ce4-dbb4-4a7a-8f0d-31f6218d09b9 | ITER: 2 END: OK
2019-12-27 21:01:13.963 12930 INFO rally.task.runner [-] Task e3573ce4-dbb4-4a7a-8f0d-31f6218d09b9 | ITER: 6 START
2019-12-27 21:01:14.365 12932 RALLYDEBUG rally_openstack.wrappers.network [-] CIDR generated: 1.21.0.0/16
2019-12-27 21:01:14.464 12930 RALLYDEBUG rally_openstack.wrappers.network [-] CIDR generated: 1.22.0.0/16
2019-12-27 21:01:14.663 12931 INFO rally.task.runner [-] Task e3573ce4-dbb4-4a7a-8f0d-31f6218d09b9 | ITER: 3 END: OK
2019-12-27 21:01:14.670 12931 INFO rally.task.runner [-] Task e3573ce4-dbb4-4a7a-8f0d-31f6218d09b9 | ITER: 7 START
2019-12-27 21:01:15.277 12929 INFO rally.task.runner [-] Task e3573ce4-dbb4-4a7a-8f0d-31f6218d09b9 | ITER: 1 END: OK
2019-12-27 21:01:15.282 12929 INFO rally.task.runner [-] Task e3573ce4-dbb4-4a7a-8f0d-31f6218d09b9 | ITER: 8 START
2019-12-27 21:01:15.355 12931 RALLYDEBUG rally_openstack.wrappers.network [-] CIDR generated: 1.23.0.0/16
2019-12-27 21:01:15.707 12929 RALLYDEBUG rally_openstack.wrappers.network [-] CIDR generated: 1.24.0.0/16
2019-12-27 21:01:16.553 12930 INFO rally.task.runner [-] Task e3573ce4-dbb4-4a7a-8f0d-31f6218d09b9 | ITER: 6 END: OK
2019-12-27 21:01:16.559 12930 INFO rally.task.runner [-] Task e3573ce4-dbb4-4a7a-8f0d-31f6218d09b9 | ITER: 9 START
2019-12-27 21:01:16.889 12930 RALLYDEBUG rally_openstack.wrappers.network [-] CIDR generated: 1.25.0.0/16
2019-12-27 21:01:17.012 12932 INFO rally.task.runner [-] Task e3573ce4-dbb4-4a7a-8f0d-31f6218d09b9 | ITER: 5 END: OK
2019-12-27 21:01:17.018 12932 INFO rally.task.runner [-] Task e3573ce4-dbb4-4a7a-8f0d-31f6218d09b9 | ITER: 10 START
2019-12-27 21:01:17.353 12929 INFO rally.task.runner [-] Task e3573ce4-dbb4-4a7a-8f0d-31f6218d09b9 | ITER: 8 END: OK
2019-12-27 21:01:17.500 12932 RALLYDEBUG rally_openstack.wrappers.network [-] CIDR generated: 1.26.0.0/16
2019-12-27 21:01:17.536 12931 INFO rally.task.runner [-] Task e3573ce4-dbb4-4a7a-8f0d-31f6218d09b9 | ITER: 7 END: OK
2019-12-27 21:01:18.391 12930 INFO rally.task.runner [-] Task e3573ce4-dbb4-4a7a-8f0d-31f6218d09b9 | ITER: 9 END: OK
2019-12-27 21:01:19.002 12932 INFO rally.task.runner [-] Task e3573ce4-dbb4-4a7a-8f0d-31f6218d09b9 | ITER: 10 END: OK
2019-12-27 21:01:19.026 11833 INFO rally.task.context [-] Task e3573ce4-dbb4-4a7a-8f0d-31f6218d09b9 | Context cleanup@openstack cleanup() started
2019-12-27 21:01:19.030 11833 RALLYDEBUG rally_openstack.cleanup.manager [-] Cleaning up neutron vip objects
2019-12-27 21:01:19.428 11833 RALLYDEBUG rally_openstack.cleanup.manager [-] Cleaning up neutron health_monitor objects
2019-12-27 21:01:20.008 11833 RALLYDEBUG rally_openstack.cleanup.manager [-] Cleaning up neutron pool objects
2019-12-27 21:01:20.436 11833 RALLYDEBUG rally_openstack.cleanup.manager [-] Cleaning up neutron loadbalancer objects
2019-12-27 21:01:20.917 11833 RALLYDEBUG rally_openstack.cleanup.manager [-] Cleaning up neutron floatingip objects
2019-12-27 21:01:21.567 11833 RALLYDEBUG rally_openstack.cleanup.manager [-] Cleaning up neutron trunk objects
2019-12-27 21:01:22.087 11833 RALLYDEBUG rally_openstack.cleanup.manager [-] Cleaning up neutron port objects
2019-12-27 21:01:23.131 11833 RALLYDEBUG rally_openstack.cleanup.manager [-] Cleaning up neutron subnet objects
2019-12-27 21:01:23.775 11833 RALLYDEBUG rally_openstack.cleanup.manager [-] Deleting neutron.subnet object s_rally_8c37038c_hrqMFZy4 (35156ce9-98eb-40c3-83af-2d7504e57806)
2019-12-27 21:01:23.784 11833 RALLYDEBUG rally_openstack.cleanup.manager [-] Deleting neutron.subnet object s_rally_8c37038c_oOETKxlD (cbbfc3ff-1319-4c65-8112-c521d9819baf)
2019-12-27 21:01:23.789 11833 RALLYDEBUG rally_openstack.cleanup.manager [-] Deleting neutron.subnet object s_rally_8c37038c_OjfCAhWs (ef1a8f50-04c2-44df-ae0b-38634139fc36)
2019-12-27 21:01:23.806 11833 RALLYDEBUG rally_openstack.cleanup.manager [-] Deleting neutron.subnet object s_rally_8c37038c_R4XRIXFl (033aef64-abc9-4d28-b953-f8fd7e1ef3f8)
2019-12-27 21:01:23.811 11833 RALLYDEBUG rally_openstack.cleanup.manager [-] Deleting neutron.subnet object s_rally_8c37038c_Ig57pbDP (c5497b50-5e5e-4bf8-98e7-5b01d36bcf88)
2019-12-27 21:01:23.817 11833 RALLYDEBUG rally_openstack.cleanup.manager [-] Deleting neutron.subnet object s_rally_8c37038c_fO9Tl9S4 (44c46abe-0e64-4122-81a4-d2e8a27700de)
2019-12-27 21:01:23.838 11833 RALLYDEBUG rally_openstack.cleanup.manager [-] Deleting neutron.subnet object s_rally_8c37038c_LVm1jU94 (5d1359e8-1fe7-4fc5-9d78-5f072476da35)
2019-12-27 21:01:23.848 11833 RALLYDEBUG rally_openstack.cleanup.manager [-] Deleting neutron.subnet object s_rally_8c37038c_gPACppKC (683e7dd7-1843-4356-89f4-5909ec217318)
2019-12-27 21:01:23.870 11833 RALLYDEBUG rally_openstack.cleanup.manager [-] Deleting neutron.subnet object s_rally_8c37038c_V0cSONGv (9243c9fe-97d1-4e19-bed3-7feb065c335f)
2019-12-27 21:01:23.875 11833 RALLYDEBUG rally_openstack.cleanup.manager [-] Deleting neutron.subnet object s_rally_8c37038c_6Hm3xg07 (b5997a12-d409-4002-9eb3-9a521233362c)
2019-12-27 21:01:27.757 11833 RALLYDEBUG rally_openstack.cleanup.manager [-] Cleaning up neutron network objects
2019-12-27 21:01:28.790 11833 RALLYDEBUG rally_openstack.cleanup.manager [-] Deleting neutron.network object s_rally_8c37038c_NmRGUY7o (a2ca7021-eb21-4b48-b0d6-f66365229ea1)
2019-12-27 21:01:28.795 11833 RALLYDEBUG rally_openstack.cleanup.manager [-] Deleting neutron.network object s_rally_8c37038c_Jq71X4Zx (ca8c7cc5-20cc-459f-b223-afe6fdabdc18)
2019-12-27 21:01:28.803 11833 RALLYDEBUG rally_openstack.cleanup.manager [-] Deleting neutron.network object s_rally_8c37038c_XcJHBKrQ (e6476972-dd54-4256-8d8e-0dfb249fddd9)
2019-12-27 21:01:28.808 11833 RALLYDEBUG rally_openstack.cleanup.manager [-] Deleting neutron.network object s_rally_8c37038c_03LJ7QW3 (0e256d81-6ead-4c5a-a771-6b357ab45ba1)
2019-12-27 21:01:28.818 11833 RALLYDEBUG rally_openstack.cleanup.manager [-] Deleting neutron.network object s_rally_8c37038c_elaEtYDb (6ff0ceda-119a-4f32-88a6-f3974a9ac8bb)
2019-12-27 21:01:28.825 11833 RALLYDEBUG rally_openstack.cleanup.manager [-] Deleting neutron.network object s_rally_8c37038c_zV1nUqJM (025474f1-5cc9-4bd6-9ec7-79d429db6edb)
2019-12-27 21:01:28.845 11833 RALLYDEBUG rally_openstack.cleanup.manager [-] Deleting neutron.network object s_rally_8c37038c_W3SsZyBV (2632035e-ea1e-483a-8fac-87ad78058ca5)
2019-12-27 21:01:28.855 11833 RALLYDEBUG rally_openstack.cleanup.manager [-] Deleting neutron.network object s_rally_8c37038c_7UltcmAE (64cd257d-3c40-4e72-ae40-ad857d927701)
2019-12-27 21:01:28.870 11833 RALLYDEBUG rally_openstack.cleanup.manager [-] Deleting neutron.network object s_rally_8c37038c_WwhFc3bk (a7081e74-6ed4-4b7f-a581-612730d0f311)
2019-12-27 21:01:28.881 11833 RALLYDEBUG rally_openstack.cleanup.manager [-] Deleting neutron.network object s_rally_8c37038c_7h8QjmCF (acc2bc34-f82c-4e49-a75f-d79e6e4e74ff)
2019-12-27 21:01:33.432 11833 RALLYDEBUG rally_openstack.cleanup.manager [-] Cleaning up neutron router objects
2019-12-27 21:01:34.073 11833 RALLYDEBUG rally_openstack.cleanup.manager [-] Cleaning up neutron security_group objects
2019-12-27 21:01:34.676 11833 INFO rally.task.context [-] Task e3573ce4-dbb4-4a7a-8f0d-31f6218d09b9 | Context cleanup@openstack cleanup() finished in 15.65 sec
2019-12-27 21:01:34.676 11833 INFO rally.task.context [-] Task e3573ce4-dbb4-4a7a-8f0d-31f6218d09b9 | Context quotas@openstack cleanup() started
2019-12-27 21:01:34.745 11833 INFO rally.task.context [-] Task e3573ce4-dbb4-4a7a-8f0d-31f6218d09b9 | Context quotas@openstack cleanup() finished in 68.98 msec
2019-12-27 21:01:34.746 11833 INFO rally.task.context [-] Task e3573ce4-dbb4-4a7a-8f0d-31f6218d09b9 | Context users@openstack cleanup() started
2019-12-27 21:01:37.026 11833 INFO rally.task.context [-] Task e3573ce4-dbb4-4a7a-8f0d-31f6218d09b9 | Context users@openstack cleanup() finished in 2.28 sec
2019-12-27 21:01:38.178 11833 INFO rally.task.engine [-] Load duration is: 7.072328
2019-12-27 21:01:38.178 11833 INFO rally.task.engine [-] Full runner duration is: 7.11695
2019-12-27 21:01:38.179 11833 INFO rally.task.engine [-] Full duration is: 27.058677
2019-12-27 21:01:38.270 11833 INFO rally.task.engine [-] Running workload: position = 0 config = { "version": 2, "title": "A cropped version of a bigger task.", "description": "Auto-generated task from a single workload (uuid=fff4d2c0-3d93-4039-87ea-ad1fd3437f2a)", "subtasks": [ { "title": "NeutronNetworks.create_and_delete_networks", "description": "Create and delete a network.", "scenario": { "NeutronNetworks.create_and_delete_networks": { "network_create_args": {} } }, "contexts": { "users": { "tenants": 3, "users_per_tenant": 2 }, "quotas": { "neutron": { "network": -1 } } }, "runner": { "constant": { "concurrency": 4, "times": 10 } }, "hooks": [], "sla": { "failure_rate": { "max": 0 } } } ] }
2019-12-27 21:01:38.290 11833 RALLYDEBUG rally_openstack.contexts.keystone.users [-] Creating 3 tenants using 20 threads
2019-12-27 21:01:38.907 11833 RALLYDEBUG rally_openstack.contexts.keystone.users [-] Creating 6 users using 20 threads
2019-12-27 21:01:39.897 11833 INFO rally.task.context [-] Task e3573ce4-dbb4-4a7a-8f0d-31f6218d09b9 | Context users@openstack setup() finished in 1.61 sec
2019-12-27 21:01:40.229 11833 INFO rally.task.context [-] Task e3573ce4-dbb4-4a7a-8f0d-31f6218d09b9 | Context quotas@openstack setup() finished in 0.33 sec
2019-12-27 21:01:40.230 11833 INFO rally.task.context [-] Task e3573ce4-dbb4-4a7a-8f0d-31f6218d09b9 | Context cleanup@openstack setup() finished in 0.15 msec
2019-12-27 21:01:40.242 11833 RALLYDEBUG rally.task.runner [-] Starting the constant runner (task UUID: e3573ce4-dbb4-4a7a-8f0d-31f6218d09b9). times: 10 concurrency: 4 timeout: 0 max_cpu_used: 88 processes_to_start: 4 concurrency_per_worker: 1 concurrency_overhead: 0
2019-12-27 21:01:40.255 13253 RALLYDEBUG rally.task.runner [-] Starting a worker. times: 10 duration: None concurrency: 1 timeout: 0 cls: method_name: run args: {"network_create_args": {}}
2019-12-27 21:01:40.259 13254 RALLYDEBUG rally.task.runner [-] Starting a worker. times: 10 duration: None concurrency: 1 timeout: 0 cls: method_name: run args: {"network_create_args": {}}
2019-12-27 21:01:40.262 13253 INFO rally.task.runner [-] Task e3573ce4-dbb4-4a7a-8f0d-31f6218d09b9 | ITER: 1 START
2019-12-27 21:01:40.262 13255 RALLYDEBUG rally.task.runner [-] Starting a worker. times: 10 duration: None concurrency: 1 timeout: 0 cls: method_name: run args: {"network_create_args": {}}
2019-12-27 21:01:40.265 13256 RALLYDEBUG rally.task.runner [-] Starting a worker. times: 10 duration: None concurrency: 1 timeout: 0 cls: method_name: run args: {"network_create_args": {}}
2019-12-27 21:01:40.265 13254 INFO rally.task.runner [-] Task e3573ce4-dbb4-4a7a-8f0d-31f6218d09b9 | ITER: 2 START
2019-12-27 21:01:40.268 13255 INFO rally.task.runner [-] Task e3573ce4-dbb4-4a7a-8f0d-31f6218d09b9 | ITER: 3 START
2019-12-27 21:01:40.270 13256 INFO rally.task.runner [-] Task e3573ce4-dbb4-4a7a-8f0d-31f6218d09b9 | ITER: 4 START
2019-12-27 21:01:41.557 13253 INFO rally.task.runner [-] Task e3573ce4-dbb4-4a7a-8f0d-31f6218d09b9 | ITER: 1 END: OK
2019-12-27 21:01:41.562 13253 INFO rally.task.runner [-] Task e3573ce4-dbb4-4a7a-8f0d-31f6218d09b9 | ITER: 5 START
2019-12-27 21:01:41.846 13254 INFO rally.task.runner [-] Task e3573ce4-dbb4-4a7a-8f0d-31f6218d09b9 | ITER: 2 END: OK
2019-12-27 21:01:41.852 13254 INFO rally.task.runner [-] Task e3573ce4-dbb4-4a7a-8f0d-31f6218d09b9 | ITER: 6 START
2019-12-27 21:01:42.580 13256 INFO rally.task.runner [-] Task e3573ce4-dbb4-4a7a-8f0d-31f6218d09b9 | ITER: 4 END: OK
2019-12-27 21:01:42.586 13256 INFO rally.task.runner [-] Task e3573ce4-dbb4-4a7a-8f0d-31f6218d09b9 | ITER: 7 START
2019-12-27 21:01:43.003 13253 INFO rally.task.runner [-] Task e3573ce4-dbb4-4a7a-8f0d-31f6218d09b9 | ITER: 5 END: OK
2019-12-27 21:01:43.007 13253 INFO rally.task.runner [-] Task e3573ce4-dbb4-4a7a-8f0d-31f6218d09b9 | ITER: 8 START
2019-12-27 21:01:43.017 13255 INFO rally.task.runner [-] Task e3573ce4-dbb4-4a7a-8f0d-31f6218d09b9 | ITER: 3 END: OK
2019-12-27 21:01:43.022 13255 INFO rally.task.runner [-] Task e3573ce4-dbb4-4a7a-8f0d-31f6218d09b9 | ITER: 9 START
2019-12-27 21:01:43.169 13254 INFO rally.task.runner [-] Task e3573ce4-dbb4-4a7a-8f0d-31f6218d09b9 | ITER: 6 END: OK
2019-12-27 21:01:43.174 13254 INFO rally.task.runner [-] Task e3573ce4-dbb4-4a7a-8f0d-31f6218d09b9 | ITER: 10 START
2019-12-27 21:01:44.189 13253 INFO rally.task.runner [-] Task e3573ce4-dbb4-4a7a-8f0d-31f6218d09b9 | ITER: 8 END: OK
2019-12-27 21:01:44.295 13256 INFO rally.task.runner [-] Task e3573ce4-dbb4-4a7a-8f0d-31f6218d09b9 | ITER: 7 END: OK
2019-12-27 21:01:44.442 13255 INFO rally.task.runner [-] Task e3573ce4-dbb4-4a7a-8f0d-31f6218d09b9 | ITER: 9 END: OK
2019-12-27 21:01:44.567 13254 INFO rally.task.runner [-] Task e3573ce4-dbb4-4a7a-8f0d-31f6218d09b9 | ITER: 10 END: OK
2019-12-27 21:01:44.591 11833 INFO rally.task.context [-] Task e3573ce4-dbb4-4a7a-8f0d-31f6218d09b9 | Context cleanup@openstack cleanup() started
2019-12-27 21:01:44.595 11833 RALLYDEBUG rally_openstack.cleanup.manager [-] Cleaning up neutron vip objects
2019-12-27 21:01:45.034 11833 RALLYDEBUG rally_openstack.cleanup.manager [-] Cleaning up neutron health_monitor objects
2019-12-27 21:01:45.502 11833 RALLYDEBUG rally_openstack.cleanup.manager [-] Cleaning up neutron pool objects
2019-12-27 21:01:45.956 11833 RALLYDEBUG rally_openstack.cleanup.manager [-] Cleaning up neutron loadbalancer objects
2019-12-27 21:01:46.378 11833 RALLYDEBUG rally_openstack.cleanup.manager [-] Cleaning up neutron floatingip objects
2019-12-27 21:01:47.377 11833 RALLYDEBUG rally_openstack.cleanup.manager [-] Cleaning up neutron trunk objects
2019-12-27 21:01:47.863 11833 RALLYDEBUG rally_openstack.cleanup.manager [-] Cleaning up neutron port objects
2019-12-27 21:01:48.401 11833 RALLYDEBUG rally_openstack.cleanup.manager [-] Cleaning up neutron subnet objects
2019-12-27 21:01:48.952 11833 RALLYDEBUG rally_openstack.cleanup.manager [-] Cleaning up neutron network objects
2019-12-27 21:01:49.445 11833 RALLYDEBUG rally_openstack.cleanup.manager [-] Cleaning up neutron router objects
2019-12-27 21:01:50.028 11833 RALLYDEBUG rally_openstack.cleanup.manager [-] Cleaning up neutron security_group objects
2019-12-27 21:01:50.653 11833 INFO rally.task.context [-] Task e3573ce4-dbb4-4a7a-8f0d-31f6218d09b9 | Context cleanup@openstack cleanup() finished in 6.06 sec
2019-12-27 21:01:50.653 11833 INFO rally.task.context [-] Task e3573ce4-dbb4-4a7a-8f0d-31f6218d09b9 | Context quotas@openstack cleanup() started
2019-12-27 21:01:50.704 11833 INFO rally.task.context [-] Task e3573ce4-dbb4-4a7a-8f0d-31f6218d09b9 | Context quotas@openstack cleanup() finished in 50.42 msec
2019-12-27 21:01:50.704 11833 INFO rally.task.context [-] Task e3573ce4-dbb4-4a7a-8f0d-31f6218d09b9 | Context users@openstack cleanup() started
2019-12-27 21:01:53.404 11833 INFO rally.task.context [-] Task e3573ce4-dbb4-4a7a-8f0d-31f6218d09b9 | Context users@openstack cleanup() finished in 2.70 sec
2019-12-27 21:01:54.447 11833 INFO rally.task.engine [-] Load duration is: 4.304649
2019-12-27 21:01:54.447 11833 INFO rally.task.engine [-] Full runner duration is: 4.349542
2019-12-27 21:01:54.448 11833 INFO rally.task.engine [-] Full duration is: 15.116239
2019-12-27 21:01:54.539 11833 INFO rally.task.engine [-] Running workload: position = 0 config = { "version": 2, "title": "A cropped version of a bigger task.", "description": "Auto-generated task from a single workload (uuid=033dfbda-eda9-4415-8317-c01c6b510ac1)", "subtasks": [ { "title": "NeutronNetworks.create_and_delete_ports", "description": "Create and delete a port.", "scenario": { "NeutronNetworks.create_and_delete_ports": { "network_create_args": {}, "port_create_args": {}, "ports_per_network": 1 } }, "contexts": { "users": { "tenants": 3, "users_per_tenant": 2 }, "network": { "router": {} }, "quotas": { "neutron": { "network": -1, "port": -1 } } }, "runner": { "constant": { "concurrency": 4, "times": 10 } }, "hooks": [], "sla": { "failure_rate": { "max": 0 } } } ] }
2019-12-27 21:01:54.561 11833 RALLYDEBUG rally_openstack.contexts.keystone.users [-] Creating 3 tenants using 20 threads
2019-12-27 21:01:55.205 11833 RALLYDEBUG rally_openstack.contexts.keystone.users [-] Creating 6 users using 20 threads
2019-12-27 21:01:56.152 11833 INFO rally.task.context [-] Task e3573ce4-dbb4-4a7a-8f0d-31f6218d09b9 | Context users@openstack setup() finished in 1.59 sec
2019-12-27 21:01:56.498 11833 INFO rally.task.context [-] Task e3573ce4-dbb4-4a7a-8f0d-31f6218d09b9 | Context quotas@openstack setup() finished in 0.35 sec
2019-12-27 21:01:56.911 11833 RALLYDEBUG rally_openstack.wrappers.network [-] CIDR generated: 10.2.23.0/24
2019-12-27 21:01:57.829 11833 RALLYDEBUG rally_openstack.wrappers.network [-] CIDR generated: 10.2.24.0/24
2019-12-27 21:01:58.497 11833 RALLYDEBUG rally_openstack.wrappers.network [-] CIDR generated: 10.2.25.0/24
2019-12-27 21:01:58.993 11833 INFO rally.task.context [-] Task e3573ce4-dbb4-4a7a-8f0d-31f6218d09b9 | Context network@openstack setup() finished in 2.49 sec
2019-12-27 21:01:58.994 11833 INFO rally.task.context [-] Task e3573ce4-dbb4-4a7a-8f0d-31f6218d09b9 | Context cleanup@openstack setup() finished in 0.04 msec
2019-12-27 21:01:59.002 11833 RALLYDEBUG rally.task.runner [-] Starting the constant runner (task UUID: e3573ce4-dbb4-4a7a-8f0d-31f6218d09b9). times: 10 concurrency: 4 timeout: 0 max_cpu_used: 88 processes_to_start: 4 concurrency_per_worker: 1 concurrency_overhead: 0
2019-12-27 21:01:59.014 13578 RALLYDEBUG rally.task.runner [-] Starting a worker. times: 10 duration: None concurrency: 1 timeout: 0 cls: method_name: run args: {"network_create_args": {}, "port_create_args": {}, "ports_per_network": 1}
2019-12-27 21:01:59.013 13577 RALLYDEBUG rally.task.runner [-] Starting a worker. times: 10 duration: None concurrency: 1 timeout: 0 cls: method_name: run args: {"network_create_args": {}, "port_create_args": {}, "ports_per_network": 1}
2019-12-27 21:01:59.019 13578 INFO rally.task.runner [-] Task e3573ce4-dbb4-4a7a-8f0d-31f6218d09b9 | ITER: 1 START
2019-12-27 21:01:59.020 13579 RALLYDEBUG rally.task.runner [-] Starting a worker. times: 10 duration: None concurrency: 1 timeout: 0 cls: method_name: run args: {"network_create_args": {}, "port_create_args": {}, "ports_per_network": 1}
2019-12-27 21:01:59.021 13577 INFO rally.task.runner [-] Task e3573ce4-dbb4-4a7a-8f0d-31f6218d09b9 | ITER: 2 START
2019-12-27 21:01:59.023 13581 RALLYDEBUG rally.task.runner [-] Starting a worker. times: 10 duration: None concurrency: 1 timeout: 0 cls: method_name: run args: {"network_create_args": {}, "port_create_args": {}, "ports_per_network": 1}
2019-12-27 21:01:59.026 13579 INFO rally.task.runner [-] Task e3573ce4-dbb4-4a7a-8f0d-31f6218d09b9 | ITER: 3 START
2019-12-27 21:01:59.031 13581 INFO rally.task.runner [-] Task e3573ce4-dbb4-4a7a-8f0d-31f6218d09b9 | ITER: 4 START
2019-12-27 21:02:00.930 13579 INFO rally.task.runner [-] Task e3573ce4-dbb4-4a7a-8f0d-31f6218d09b9 | ITER: 3 END: OK
2019-12-27 21:02:00.936 13579 INFO rally.task.runner [-] Task e3573ce4-dbb4-4a7a-8f0d-31f6218d09b9 | ITER: 5 START
2019-12-27 21:02:01.285 13577 INFO rally.task.runner [-] Task e3573ce4-dbb4-4a7a-8f0d-31f6218d09b9 | ITER: 2 END: OK
2019-12-27 21:02:01.291 13577 INFO rally.task.runner [-] Task e3573ce4-dbb4-4a7a-8f0d-31f6218d09b9 | ITER: 6 START
2019-12-27 21:02:02.742 13579 INFO rally.task.runner [-] Task e3573ce4-dbb4-4a7a-8f0d-31f6218d09b9 | ITER: 5 END: OK
2019-12-27 21:02:02.747 13579 INFO rally.task.runner [-] Task e3573ce4-dbb4-4a7a-8f0d-31f6218d09b9 | ITER: 7 START
2019-12-27 21:02:02.957 13578 INFO rally.task.runner [-] Task e3573ce4-dbb4-4a7a-8f0d-31f6218d09b9 | ITER: 1 END: OK
2019-12-27 21:02:02.961 13581 INFO rally.task.runner [-] Task e3573ce4-dbb4-4a7a-8f0d-31f6218d09b9 | ITER: 4 END: OK
2019-12-27 21:02:02.966 13578 INFO rally.task.runner [-] Task e3573ce4-dbb4-4a7a-8f0d-31f6218d09b9 | ITER: 8 START
2019-12-27 21:02:02.966 13581 INFO rally.task.runner [-] Task e3573ce4-dbb4-4a7a-8f0d-31f6218d09b9 | ITER: 9 START
2019-12-27 21:02:03.568 13577 INFO rally.task.runner [-] Task e3573ce4-dbb4-4a7a-8f0d-31f6218d09b9 | ITER: 6 END: OK
2019-12-27 21:02:03.574 13577 INFO rally.task.runner [-] Task e3573ce4-dbb4-4a7a-8f0d-31f6218d09b9 | ITER: 10 START
2019-12-27 21:02:04.694 13579 INFO rally.task.runner [-] Task e3573ce4-dbb4-4a7a-8f0d-31f6218d09b9 | ITER: 7 END: OK
2019-12-27 21:02:04.889 13581 INFO rally.task.runner [-] Task e3573ce4-dbb4-4a7a-8f0d-31f6218d09b9 | ITER: 9 END: OK
2019-12-27 21:02:04.977 13578 INFO rally.task.runner [-] Task e3573ce4-dbb4-4a7a-8f0d-31f6218d09b9 | ITER: 8 END: OK
2019-12-27 21:02:05.556 13577 INFO rally.task.runner [-] Task e3573ce4-dbb4-4a7a-8f0d-31f6218d09b9 | ITER: 10 END: OK
2019-12-27 21:02:05.581 11833 INFO rally.task.context [-] Task e3573ce4-dbb4-4a7a-8f0d-31f6218d09b9 | Context cleanup@openstack cleanup() started
2019-12-27 21:02:05.588 11833 RALLYDEBUG rally_openstack.cleanup.manager [-] Cleaning up neutron vip objects
2019-12-27 21:02:06.215 11833 RALLYDEBUG rally_openstack.cleanup.manager [-] Cleaning up neutron health_monitor objects
2019-12-27 21:02:06.636 11833 RALLYDEBUG rally_openstack.cleanup.manager [-] Cleaning up neutron pool objects
2019-12-27 21:02:07.075 11833 RALLYDEBUG rally_openstack.cleanup.manager [-] Cleaning up neutron loadbalancer objects
2019-12-27 21:02:07.483 11833 RALLYDEBUG rally_openstack.cleanup.manager [-] Cleaning up neutron floatingip objects
2019-12-27 21:02:08.098 11833 RALLYDEBUG rally_openstack.cleanup.manager [-] Cleaning up neutron trunk objects
2019-12-27 21:02:08.589 11833 RALLYDEBUG rally_openstack.cleanup.manager [-] Cleaning up neutron port objects
2019-12-27 21:02:09.285 11833 RALLYDEBUG rally_openstack.cleanup.manager [-] Cleaning up neutron subnet objects
2019-12-27 21:02:09.950 11833 RALLYDEBUG rally_openstack.cleanup.manager [-] Cleaning up neutron network objects
2019-12-27 21:02:10.664 11833 RALLYDEBUG rally_openstack.cleanup.manager [-] Cleaning up neutron router objects
2019-12-27 21:02:11.221 11833 RALLYDEBUG rally_openstack.cleanup.manager [-] Cleaning up neutron security_group objects
2019-12-27 21:02:11.784 11833 INFO rally.task.context [-] Task e3573ce4-dbb4-4a7a-8f0d-31f6218d09b9 | Context cleanup@openstack cleanup() finished in 6.20 sec
2019-12-27 21:02:11.785 11833 INFO rally.task.context [-] Task e3573ce4-dbb4-4a7a-8f0d-31f6218d09b9 | Context network@openstack cleanup() started
2019-12-27 21:02:19.574 11833 INFO rally.task.context [-] Task e3573ce4-dbb4-4a7a-8f0d-31f6218d09b9 | Context network@openstack cleanup() finished in 7.79 sec
2019-12-27 21:02:19.576 11833 INFO rally.task.context [-] Task e3573ce4-dbb4-4a7a-8f0d-31f6218d09b9 | Context quotas@openstack cleanup() started
2019-12-27 21:02:19.646 11833 INFO rally.task.context [-] Task e3573ce4-dbb4-4a7a-8f0d-31f6218d09b9 | Context quotas@openstack cleanup() finished in 70.58 msec
2019-12-27 21:02:19.647 11833 INFO rally.task.context [-] Task e3573ce4-dbb4-4a7a-8f0d-31f6218d09b9 | Context users@openstack cleanup() started
2019-12-27 21:02:22.106 11833 INFO rally.task.context [-] Task e3573ce4-dbb4-4a7a-8f0d-31f6218d09b9 | Context users@openstack cleanup() finished in 2.46 sec
2019-12-27 21:02:22.748 11833 INFO rally.task.engine [-] Load duration is: 6.535629
2019-12-27 21:02:22.749 11833 INFO rally.task.engine [-] Full runner duration is: 6.578543
2019-12-27 21:02:22.749 11833 INFO rally.task.engine [-] Full duration is: 27.547836
2019-12-27 21:02:22.855 11833 INFO rally.task.engine [-] Running workload: position = 0 config = { "version": 2, "title": "A cropped version of a bigger task.", "description": "Auto-generated task from a single workload (uuid=19183d68-e436-4ccf-8b47-6b4daf96556f)", "subtasks": [ { "title": "NeutronNetworks.create_and_delete_routers", "description": "Create and delete a given number of routers.", "scenario": { "NeutronNetworks.create_and_delete_routers": { "network_create_args": {}, "router_create_args": {}, "subnet_cidr_start": "1.1.0.0/30", "subnet_create_args": {}, "subnets_per_network": 1 } }, "contexts": { "users": { "tenants": 3, "users_per_tenant": 2 }, "quotas": { "neutron": { "network": -1, "subnet": -1, "port": -1, "router": -1 } } }, "runner": { "constant": { "concurrency": 4, "times": 10 } }, "hooks": [], "sla": { "failure_rate": { "max": 0 } } } ] }
2019-12-27 21:02:22.888 11833 RALLYDEBUG rally_openstack.contexts.keystone.users [-] Creating 3 tenants using 20 threads
2019-12-27 21:02:23.580 11833 RALLYDEBUG rally_openstack.contexts.keystone.users [-] Creating 6 users using 20 threads
2019-12-27 21:02:24.555 11833 INFO rally.task.context [-] Task e3573ce4-dbb4-4a7a-8f0d-31f6218d09b9 | Context users@openstack setup() finished in 1.67 sec
2019-12-27 21:02:25.071 11833 INFO rally.task.context [-] Task e3573ce4-dbb4-4a7a-8f0d-31f6218d09b9 | Context quotas@openstack setup() finished in 0.52 sec
2019-12-27 21:02:25.072 11833 INFO rally.task.context [-] Task e3573ce4-dbb4-4a7a-8f0d-31f6218d09b9 | Context cleanup@openstack setup() finished in 0.02 msec
2019-12-27 21:02:25.084 11833 RALLYDEBUG rally.task.runner [-] Starting the constant runner (task UUID: e3573ce4-dbb4-4a7a-8f0d-31f6218d09b9). times: 10 concurrency: 4 timeout: 0 max_cpu_used: 88 processes_to_start: 4 concurrency_per_worker: 1 concurrency_overhead: 0
2019-12-27 21:02:25.096 13901 RALLYDEBUG rally.task.runner [-] Starting a worker. times: 10 duration: None concurrency: 1 timeout: 0 cls: method_name: run args: {"network_create_args": {}, "router_create_args": {}, "subnet_cidr_start": "1.1.0.0/30", "subnet_create_args": {}, "subnets_per_network": 1}
2019-12-27 21:02:25.098 13902 RALLYDEBUG rally.task.runner [-] Starting a worker. times: 10 duration: None concurrency: 1 timeout: 0 cls: method_name: run args: {"network_create_args": {}, "router_create_args": {}, "subnet_cidr_start": "1.1.0.0/30", "subnet_create_args": {}, "subnets_per_network": 1}
2019-12-27 21:02:25.101 13903 RALLYDEBUG rally.task.runner [-] Starting a worker. times: 10 duration: None concurrency: 1 timeout: 0 cls: method_name: run args: {"network_create_args": {}, "router_create_args": {}, "subnet_cidr_start": "1.1.0.0/30", "subnet_create_args": {}, "subnets_per_network": 1}
2019-12-27 21:02:25.103 13901 INFO rally.task.runner [-] Task e3573ce4-dbb4-4a7a-8f0d-31f6218d09b9 | ITER: 1 START
2019-12-27 21:02:25.104 13902 INFO rally.task.runner [-] Task e3573ce4-dbb4-4a7a-8f0d-31f6218d09b9 | ITER: 2 START
2019-12-27 21:02:25.105 13904 RALLYDEBUG rally.task.runner [-] Starting a worker. times: 10 duration: None concurrency: 1 timeout: 0 cls: method_name: run args: {"network_create_args": {}, "router_create_args": {}, "subnet_cidr_start": "1.1.0.0/30", "subnet_create_args": {}, "subnets_per_network": 1}
2019-12-27 21:02:25.109 13903 INFO rally.task.runner [-] Task e3573ce4-dbb4-4a7a-8f0d-31f6218d09b9 | ITER: 3 START
2019-12-27 21:02:25.112 13904 INFO rally.task.runner [-] Task e3573ce4-dbb4-4a7a-8f0d-31f6218d09b9 | ITER: 4 START
2019-12-27 21:02:25.706 13902 RALLYDEBUG rally_openstack.wrappers.network [-] CIDR generated: 1.1.0.104/30
2019-12-27 21:02:25.717 13904 RALLYDEBUG rally_openstack.wrappers.network [-] CIDR generated: 1.1.0.108/30
2019-12-27 21:02:26.370 13903 RALLYDEBUG rally_openstack.wrappers.network [-] CIDR generated: 1.1.0.112/30
2019-12-27 21:02:26.376 13901 RALLYDEBUG rally_openstack.wrappers.network [-] CIDR generated: 1.1.0.116/30
2019-12-27 21:02:31.859 13902 INFO rally.task.runner [-] Task e3573ce4-dbb4-4a7a-8f0d-31f6218d09b9 | ITER: 2 END: OK
2019-12-27 21:02:31.866 13902 INFO rally.task.runner [-] Task e3573ce4-dbb4-4a7a-8f0d-31f6218d09b9 | ITER: 5 START
2019-12-27 21:02:32.331 13902 RALLYDEBUG rally_openstack.wrappers.network [-] CIDR generated: 1.1.0.120/30
2019-12-27 21:02:33.188 13904 INFO rally.task.runner [-] Task e3573ce4-dbb4-4a7a-8f0d-31f6218d09b9 | ITER: 4 END: OK
2019-12-27 21:02:33.194 13904 INFO rally.task.runner [-] Task e3573ce4-dbb4-4a7a-8f0d-31f6218d09b9 | ITER: 6 START
2019-12-27 21:02:33.768 13904 RALLYDEBUG rally_openstack.wrappers.network [-] CIDR generated: 1.1.0.124/30
2019-12-27 21:02:38.827 13901 INFO rally.task.runner [-] Task e3573ce4-dbb4-4a7a-8f0d-31f6218d09b9 | ITER: 1 END: OK
2019-12-27 21:02:38.829 13903 INFO rally.task.runner [-] Task e3573ce4-dbb4-4a7a-8f0d-31f6218d09b9 | ITER: 3 END: OK
2019-12-27 21:02:38.831 13901 INFO rally.task.runner [-] Task e3573ce4-dbb4-4a7a-8f0d-31f6218d09b9 | ITER: 7 START
2019-12-27 21:02:38.834 13903 INFO rally.task.runner [-] Task e3573ce4-dbb4-4a7a-8f0d-31f6218d09b9 | ITER: 8 START
2019-12-27 21:02:39.198 13903 RALLYDEBUG rally_openstack.wrappers.network [-] CIDR generated: 1.1.0.128/30
2019-12-27 21:02:39.372 13901 RALLYDEBUG rally_openstack.wrappers.network [-] CIDR generated: 1.1.0.132/30
2019-12-27 21:02:39.933 13902 INFO rally.task.runner [-] Task e3573ce4-dbb4-4a7a-8f0d-31f6218d09b9 | ITER: 5 END: OK
2019-12-27 21:02:39.938 13902 INFO rally.task.runner [-] Task e3573ce4-dbb4-4a7a-8f0d-31f6218d09b9 | ITER: 9 START
2019-12-27 21:02:40.304 13902 RALLYDEBUG rally_openstack.wrappers.network [-] CIDR generated: 1.1.0.136/30
2019-12-27 21:02:40.500 13904 INFO rally.task.runner [-] Task e3573ce4-dbb4-4a7a-8f0d-31f6218d09b9 | ITER: 6 END: OK
2019-12-27 21:02:40.504 13904 INFO rally.task.runner [-] Task e3573ce4-dbb4-4a7a-8f0d-31f6218d09b9 | ITER: 10 START
2019-12-27 21:02:41.186 13904 RALLYDEBUG rally_openstack.wrappers.network [-] CIDR generated: 1.1.0.140/30
2019-12-27 21:02:46.725 13903 INFO rally.task.runner [-] Task e3573ce4-dbb4-4a7a-8f0d-31f6218d09b9 | ITER: 8 END: OK
2019-12-27 21:02:46.865 13901 INFO rally.task.runner [-] Task e3573ce4-dbb4-4a7a-8f0d-31f6218d09b9 | ITER: 7 END: OK
2019-12-27 21:02:47.141 13902 INFO rally.task.runner [-] Task e3573ce4-dbb4-4a7a-8f0d-31f6218d09b9 | ITER: 9 END: OK
2019-12-27 21:02:47.341 13904 INFO rally.task.runner [-] Task e3573ce4-dbb4-4a7a-8f0d-31f6218d09b9 | ITER: 10 END: OK
2019-12-27 21:02:47.371 11833 INFO rally.task.context [-] Task e3573ce4-dbb4-4a7a-8f0d-31f6218d09b9 | Context cleanup@openstack cleanup() started
2019-12-27 21:02:47.377 11833 RALLYDEBUG rally_openstack.cleanup.manager [-] Cleaning up neutron vip objects
2019-12-27 21:02:47.854 11833 RALLYDEBUG rally_openstack.cleanup.manager [-] Cleaning up neutron health_monitor objects
2019-12-27 21:02:48.293 11833 RALLYDEBUG rally_openstack.cleanup.manager [-] Cleaning up neutron pool objects
2019-12-27 21:02:48.710 11833 RALLYDEBUG rally_openstack.cleanup.manager [-] Cleaning up neutron loadbalancer objects
2019-12-27 21:02:49.128 11833 RALLYDEBUG rally_openstack.cleanup.manager [-] Cleaning up neutron floatingip objects
2019-12-27 21:02:49.700 11833 RALLYDEBUG rally_openstack.cleanup.manager [-] Cleaning up neutron trunk objects
2019-12-27 21:02:50.114 11833 RALLYDEBUG rally_openstack.cleanup.manager [-] Cleaning up neutron port objects
2019-12-27 21:02:50.802 11833 RALLYDEBUG rally_openstack.cleanup.manager [-] Cleaning up neutron subnet objects
2019-12-27 21:02:51.408 11833 RALLYDEBUG rally_openstack.cleanup.manager [-] Deleting neutron.subnet object s_rally_19183d68_Y4HeTjie (0369266d-82e7-44be-b396-4614307ffd70)
2019-12-27 21:02:51.420 11833 RALLYDEBUG rally_openstack.cleanup.manager [-] Deleting neutron.subnet object s_rally_19183d68_BNlE9FGe (69b6906e-3d51-4ab1-8f6a-85deb3f605f0)
2019-12-27 21:02:51.425 11833 RALLYDEBUG rally_openstack.cleanup.manager [-] Deleting neutron.subnet object s_rally_19183d68_lVYPga9p (b728e2d0-55b8-45d6-81e2-b67f0dab4042)
2019-12-27 21:02:51.435 11833 RALLYDEBUG rally_openstack.cleanup.manager [-] Deleting neutron.subnet object s_rally_19183d68_sIQFdoff (c3710fc0-32a7-4935-9e76-401d1f26981a)
2019-12-27 21:02:51.453 11833 RALLYDEBUG rally_openstack.cleanup.manager [-] Deleting neutron.subnet object s_rally_19183d68_V1Alz4LD (e7c69fac-f130-4efa-9e91-47ff1b9b7ca8)
2019-12-27 21:02:51.467 11833 RALLYDEBUG rally_openstack.cleanup.manager [-] Deleting neutron.subnet object s_rally_19183d68_mWKTlkQT (5b409cd7-7ffe-44d6-a2a8-a874af5423d9)
2019-12-27 21:02:51.477 11833 RALLYDEBUG rally_openstack.cleanup.manager [-] Deleting neutron.subnet object s_rally_19183d68_QcYfWaXJ (738d68d6-b235-4f49-b3b4-3c9fee4dbaee)
2019-12-27 21:02:51.497 11833 RALLYDEBUG rally_openstack.cleanup.manager [-] Deleting neutron.subnet object s_rally_19183d68_qFDajQdU (9c411dcc-791b-414e-ab3c-449a0af5354f)
2019-12-27 21:02:51.510 11833 RALLYDEBUG rally_openstack.cleanup.manager [-] Deleting neutron.subnet object s_rally_19183d68_wnphuOgv (7430c849-82d9-437d-aeef-a1a216350e6c)
2019-12-27 21:02:51.516 11833 RALLYDEBUG rally_openstack.cleanup.manager [-] Deleting neutron.subnet object s_rally_19183d68_K0hX0jvt (f452b1fc-56a3-488a-ae2e-6aca3fdc3341)
2019-12-27 21:02:55.465 11833 RALLYDEBUG rally_openstack.cleanup.manager [-] Cleaning up neutron network objects
2019-12-27 21:02:56.573 11833 RALLYDEBUG rally_openstack.cleanup.manager [-] Deleting neutron.network object s_rally_19183d68_E4gs76Oc (093bdae4-a121-41cd-adcf-4c098bca3c5a)
2019-12-27 21:02:56.577 11833 RALLYDEBUG rally_openstack.cleanup.manager [-] Deleting neutron.network object s_rally_19183d68_fzxnimjW (1d68252b-3efc-48d5-9b51-f7148c357132)
2019-12-27 21:02:56.584 11833 RALLYDEBUG rally_openstack.cleanup.manager [-] Deleting neutron.network object s_rally_19183d68_I76ywIDP (a7e19d6a-5800-4d5e-909d-71bbe9da5c3c)
2019-12-27 21:02:56.592 11833 RALLYDEBUG rally_openstack.cleanup.manager [-] Deleting neutron.network object s_rally_19183d68_eWoJfrh4 (cc2777a9-6a71-445e-a199-746c5a8ea965)
2019-12-27 21:02:56.597 11833 RALLYDEBUG rally_openstack.cleanup.manager [-] Deleting neutron.network object s_rally_19183d68_TXess6hh (e2d280f8-c510-4750-b056-216f0c92118e)
2019-12-27 21:02:56.607 11833 RALLYDEBUG rally_openstack.cleanup.manager [-] Deleting neutron.network object s_rally_19183d68_EXjjPgGn (3ae6cc11-e9ab-4068-847f-45c027596cc6)
2019-12-27 21:02:56.630 11833 RALLYDEBUG rally_openstack.cleanup.manager [-] Deleting neutron.network object s_rally_19183d68_9ka8TJjT (6e934a56-4fd9-4c93-b099-7323a4b59b21)
2019-12-27 21:02:56.652 11833 RALLYDEBUG rally_openstack.cleanup.manager [-] Deleting neutron.network object s_rally_19183d68_uMT7uyBf (9d8c048a-236c-45b5-9ca1-da8f6524cd10)
2019-12-27 21:02:56.663 11833 RALLYDEBUG rally_openstack.cleanup.manager [-] Deleting neutron.network object s_rally_19183d68_lIjfPrkn (6f0d14d6-e9ad-45b3-bb26-33c3159a401d)
2019-12-27 21:02:56.670 11833 RALLYDEBUG rally_openstack.cleanup.manager [-] Deleting neutron.network object s_rally_19183d68_oJkkwuFO (b559b943-ce86-4b1f-9150-e8cae5dca12e)
2019-12-27 21:02:59.677 11833 RALLYDEBUG rally_openstack.cleanup.manager [-] Cleaning up neutron router objects
2019-12-27 21:03:00.322 11833 RALLYDEBUG rally_openstack.cleanup.manager [-] Cleaning up neutron security_group objects
2019-12-27 21:03:00.911 11833 INFO rally.task.context [-] Task e3573ce4-dbb4-4a7a-8f0d-31f6218d09b9 | Context cleanup@openstack cleanup() finished in 13.54 sec
2019-12-27 21:03:00.912 11833 INFO rally.task.context [-] Task e3573ce4-dbb4-4a7a-8f0d-31f6218d09b9 | Context quotas@openstack cleanup() started
2019-12-27 21:03:01.258 11833 INFO rally.task.context [-] Task e3573ce4-dbb4-4a7a-8f0d-31f6218d09b9 | Context quotas@openstack cleanup() finished in 0.35 sec
2019-12-27 21:03:01.258 11833 INFO rally.task.context [-] Task e3573ce4-dbb4-4a7a-8f0d-31f6218d09b9 | Context users@openstack cleanup() started
2019-12-27 21:03:03.552 11833 INFO rally.task.context [-] Task e3573ce4-dbb4-4a7a-8f0d-31f6218d09b9 | Context users@openstack cleanup() finished in 2.29 sec
2019-12-27 21:03:05.126 11833 INFO rally.task.engine [-] Load duration is: 22.236739
2019-12-27 21:03:05.127 11833 INFO rally.task.engine [-] Full runner duration is: 22.287214
2019-12-27 21:03:05.127 11833 INFO rally.task.engine [-] Full duration is: 40.66661
2019-12-27 21:03:05.213 11833 INFO rally.task.engine [-] Running workload: position = 0 config = { "version": 2, "title": "A cropped version of a bigger task.", "description": "Auto-generated task from a single workload (uuid=c1b56ed8-7ec7-410f-bc2b-57b9d2805bfc)", "subtasks": [ { "title": "NeutronNetworks.create_and_delete_subnets", "description": "Create and delete a given number of subnets.", "scenario": { "NeutronNetworks.create_and_delete_subnets": { "network_create_args": {}, "subnet_cidr_start": "1.1.0.0/30", "subnet_create_args": {}, "subnets_per_network": 1 } }, "contexts": { "users": { "tenants": 3, "users_per_tenant": 2 }, "network": { "router": {} }, "quotas": { "neutron": { "network": -1, "subnet": -1 } } }, "runner": { "constant": { "concurrency": 4, "times": 10 } }, "hooks": [], "sla": { "failure_rate": { "max": 0 } } } ] }
2019-12-27 21:03:05.230 11833 RALLYDEBUG rally_openstack.contexts.keystone.users [-] Creating 3 tenants using 20 threads
2019-12-27 21:03:06.087 11833 RALLYDEBUG rally_openstack.contexts.keystone.users [-] Creating 6 users using 20 threads
2019-12-27 21:03:07.150 11833 INFO rally.task.context [-] Task e3573ce4-dbb4-4a7a-8f0d-31f6218d09b9 | Context users@openstack setup() finished in 1.92 sec
2019-12-27 21:03:07.521 11833 INFO rally.task.context [-] Task e3573ce4-dbb4-4a7a-8f0d-31f6218d09b9 | Context quotas@openstack setup() finished in 0.37 sec
2019-12-27 21:03:07.958 11833 RALLYDEBUG rally_openstack.wrappers.network [-] CIDR generated: 10.2.36.0/24
2019-12-27 21:03:08.891 11833 RALLYDEBUG rally_openstack.wrappers.network [-] CIDR generated: 10.2.37.0/24
2019-12-27 21:03:09.642 11833 RALLYDEBUG rally_openstack.wrappers.network [-] CIDR generated: 10.2.38.0/24
2019-12-27 21:03:10.513 11833 INFO rally.task.context [-] Task e3573ce4-dbb4-4a7a-8f0d-31f6218d09b9 | Context network@openstack setup() finished in 2.99 sec
2019-12-27 21:03:10.513 11833 INFO rally.task.context [-] Task e3573ce4-dbb4-4a7a-8f0d-31f6218d09b9 | Context cleanup@openstack setup() finished in 0.02 msec
2019-12-27 21:03:10.525 11833 RALLYDEBUG rally.task.runner [-] Starting the constant runner (task UUID: e3573ce4-dbb4-4a7a-8f0d-31f6218d09b9). times: 10 concurrency: 4 timeout: 0 max_cpu_used: 88 processes_to_start: 4 concurrency_per_worker: 1 concurrency_overhead: 0
2019-12-27 21:03:10.536 14225 RALLYDEBUG rally.task.runner [-] Starting a worker. times: 10 duration: None concurrency: 1 timeout: 0 cls: method_name: run args: {"network_create_args": {}, "subnet_cidr_start": "1.1.0.0/30", "subnet_create_args": {}, "subnets_per_network": 1}
2019-12-27 21:03:10.539 14226 RALLYDEBUG rally.task.runner [-] Starting a worker. times: 10 duration: None concurrency: 1 timeout: 0 cls: method_name: run args: {"network_create_args": {}, "subnet_cidr_start": "1.1.0.0/30", "subnet_create_args": {}, "subnets_per_network": 1}
2019-12-27 21:03:10.541 14227 RALLYDEBUG rally.task.runner [-] Starting a worker. times: 10 duration: None concurrency: 1 timeout: 0 cls: method_name: run args: {"network_create_args": {}, "subnet_cidr_start": "1.1.0.0/30", "subnet_create_args": {}, "subnets_per_network": 1}
2019-12-27 21:03:10.544 14225 INFO rally.task.runner [-] Task e3573ce4-dbb4-4a7a-8f0d-31f6218d09b9 | ITER: 1 START
2019-12-27 21:03:10.544 14228 RALLYDEBUG rally.task.runner [-] Starting a worker. times: 10 duration: None concurrency: 1 timeout: 0 cls: method_name: run args: {"network_create_args": {}, "subnet_cidr_start": "1.1.0.0/30", "subnet_create_args": {}, "subnets_per_network": 1}
2019-12-27 21:03:10.546 14226 INFO rally.task.runner [-] Task e3573ce4-dbb4-4a7a-8f0d-31f6218d09b9 | ITER: 2 START
2019-12-27 21:03:10.547 14225 RALLYDEBUG rally_openstack.wrappers.network [-] CIDR generated: 1.1.0.156/30
2019-12-27 21:03:10.549 14227 INFO rally.task.runner [-] Task e3573ce4-dbb4-4a7a-8f0d-31f6218d09b9 | ITER: 3 START
2019-12-27 21:03:10.549 14226 RALLYDEBUG rally_openstack.wrappers.network [-] CIDR generated: 1.1.0.160/30
2019-12-27 21:03:10.550 14228 INFO rally.task.runner [-] Task e3573ce4-dbb4-4a7a-8f0d-31f6218d09b9 | ITER: 4 START
2019-12-27 21:03:10.552 14227 RALLYDEBUG rally_openstack.wrappers.network [-] CIDR generated: 1.1.0.164/30
2019-12-27 21:03:10.553 14228 RALLYDEBUG rally_openstack.wrappers.network [-] CIDR generated: 1.1.0.168/30
2019-12-27 21:03:12.207 14227 INFO rally.task.runner [-] Task e3573ce4-dbb4-4a7a-8f0d-31f6218d09b9 | ITER: 3 END: OK
2019-12-27 21:03:12.212 14227 INFO rally.task.runner [-] Task e3573ce4-dbb4-4a7a-8f0d-31f6218d09b9 | ITER: 5 START
2019-12-27 21:03:12.214 14227 RALLYDEBUG rally_openstack.wrappers.network [-] CIDR generated: 1.1.0.172/30
2019-12-27 21:03:12.521 14228 INFO rally.task.runner [-] Task e3573ce4-dbb4-4a7a-8f0d-31f6218d09b9 | ITER: 4 END: OK
2019-12-27 21:03:12.529 14228 INFO rally.task.runner [-] Task e3573ce4-dbb4-4a7a-8f0d-31f6218d09b9 | ITER: 6 START
2019-12-27 21:03:12.530 14228 RALLYDEBUG rally_openstack.wrappers.network [-] CIDR generated: 1.1.0.176/30
2019-12-27 21:03:13.169 14225 INFO rally.task.runner [-] Task e3573ce4-dbb4-4a7a-8f0d-31f6218d09b9 | ITER: 1 END: OK
2019-12-27 21:03:13.172 14226 INFO rally.task.runner [-] Task e3573ce4-dbb4-4a7a-8f0d-31f6218d09b9 | ITER: 2 END: OK
2019-12-27 21:03:13.174 14225 INFO rally.task.runner [-] Task e3573ce4-dbb4-4a7a-8f0d-31f6218d09b9 | ITER: 7 START
2019-12-27 21:03:13.176 14225 RALLYDEBUG rally_openstack.wrappers.network [-] CIDR generated: 1.1.0.180/30
2019-12-27 21:03:13.178 14226 INFO rally.task.runner [-] Task e3573ce4-dbb4-4a7a-8f0d-31f6218d09b9 | ITER: 8 START
2019-12-27 21:03:13.179 14226 RALLYDEBUG rally_openstack.wrappers.network [-] CIDR generated: 1.1.0.184/30
2019-12-27 21:03:14.172 14227 INFO rally.task.runner [-] Task e3573ce4-dbb4-4a7a-8f0d-31f6218d09b9 | ITER: 5 END: OK
2019-12-27 21:03:14.179 14227 INFO rally.task.runner [-] Task e3573ce4-dbb4-4a7a-8f0d-31f6218d09b9 | ITER: 9 START
2019-12-27 21:03:14.181 14227 RALLYDEBUG rally_openstack.wrappers.network [-] CIDR generated: 1.1.0.188/30
2019-12-27 21:03:14.212 14228 INFO rally.task.runner [-] Task e3573ce4-dbb4-4a7a-8f0d-31f6218d09b9 | ITER: 6 END: OK
2019-12-27 21:03:14.219 14228 INFO rally.task.runner [-] Task e3573ce4-dbb4-4a7a-8f0d-31f6218d09b9 | ITER: 10 START
2019-12-27 21:03:14.220 14228 RALLYDEBUG rally_openstack.wrappers.network [-] CIDR generated: 1.1.0.192/30
2019-12-27 21:03:14.939 14225 INFO rally.task.runner [-] Task e3573ce4-dbb4-4a7a-8f0d-31f6218d09b9 | ITER: 7 END: OK
2019-12-27 21:03:15.062 14226 INFO rally.task.runner [-] Task e3573ce4-dbb4-4a7a-8f0d-31f6218d09b9 | ITER: 8 END: OK
2019-12-27 21:03:16.047 14227 INFO rally.task.runner [-] Task e3573ce4-dbb4-4a7a-8f0d-31f6218d09b9 | ITER: 9 END: OK
2019-12-27 21:03:16.150 14228 INFO rally.task.runner [-] Task e3573ce4-dbb4-4a7a-8f0d-31f6218d09b9 | ITER: 10 END: OK
2019-12-27 21:03:16.177 11833 INFO rally.task.context [-] Task e3573ce4-dbb4-4a7a-8f0d-31f6218d09b9 | Context cleanup@openstack cleanup() started
2019-12-27 21:03:16.182 11833 RALLYDEBUG rally_openstack.cleanup.manager [-] Cleaning up neutron vip objects
2019-12-27 21:03:16.730 11833 RALLYDEBUG rally_openstack.cleanup.manager [-] Cleaning up neutron health_monitor objects
2019-12-27 21:03:17.150 11833 RALLYDEBUG rally_openstack.cleanup.manager [-] Cleaning up neutron pool objects
2019-12-27 21:03:17.547 11833 RALLYDEBUG rally_openstack.cleanup.manager [-] Cleaning up neutron loadbalancer objects
2019-12-27 21:03:17.964 11833 RALLYDEBUG rally_openstack.cleanup.manager [-] Cleaning up neutron floatingip objects
2019-12-27 21:03:18.964 11833 RALLYDEBUG rally_openstack.cleanup.manager [-] Cleaning up neutron trunk objects
2019-12-27 21:03:19.404 11833 RALLYDEBUG rally_openstack.cleanup.manager [-] Cleaning up neutron port objects
2019-12-27 21:03:20.312 11833 RALLYDEBUG rally_openstack.cleanup.manager [-] Cleaning up neutron subnet objects
2019-12-27 21:03:21.201 11833 RALLYDEBUG rally_openstack.cleanup.manager [-] Cleaning up neutron network objects
2019-12-27 21:03:22.409 11833 RALLYDEBUG rally_openstack.cleanup.manager [-] Cleaning up neutron router objects
2019-12-27 21:03:23.029 11833 RALLYDEBUG rally_openstack.cleanup.manager [-] Cleaning up neutron security_group objects
2019-12-27 21:03:23.629 11833 INFO rally.task.context [-] Task e3573ce4-dbb4-4a7a-8f0d-31f6218d09b9 | Context cleanup@openstack cleanup() finished in 7.45 sec
2019-12-27 21:03:23.630 11833 INFO rally.task.context [-] Task e3573ce4-dbb4-4a7a-8f0d-31f6218d09b9 | Context network@openstack cleanup() started
2019-12-27 21:03:32.133 11833 INFO rally.task.context [-] Task e3573ce4-dbb4-4a7a-8f0d-31f6218d09b9 | Context network@openstack cleanup() finished in 8.50 sec
2019-12-27 21:03:32.133 11833 INFO rally.task.context [-] Task e3573ce4-dbb4-4a7a-8f0d-31f6218d09b9 | Context quotas@openstack cleanup() started
2019-12-27 21:03:32.199 11833 INFO rally.task.context [-] Task e3573ce4-dbb4-4a7a-8f0d-31f6218d09b9 | Context quotas@openstack cleanup() finished in 65.04 msec
2019-12-27 21:03:32.200 11833 INFO rally.task.context [-] Task e3573ce4-dbb4-4a7a-8f0d-31f6218d09b9 | Context users@openstack cleanup() started
2019-12-27 21:03:34.741 11833 INFO rally.task.context [-] Task e3573ce4-dbb4-4a7a-8f0d-31f6218d09b9 | Context users@openstack cleanup() finished in 2.54 sec
2019-12-27 21:03:35.421 11833 INFO rally.task.engine [-] Load duration is: 5.604824
2019-12-27 21:03:35.422 11833 INFO rally.task.engine [-] Full runner duration is: 5.651997
2019-12-27 21:03:35.422 11833 INFO rally.task.engine [-] Full duration is: 29.512997
2019-12-27 21:03:35.511 11833 INFO rally.task.engine [-] Running workload: position = 0 config = { "version": 2, "title": "A cropped version of a bigger task.", "description": "Auto-generated task from a single workload (uuid=5adda393-5d39-4dc3-be0a-df959a471009)", "subtasks": [ { "title": "NeutronNetworks.create_and_list_networks", "description": "Create a network and then list all networks.", "scenario": { "NeutronNetworks.create_and_list_networks": { "network_create_args": {} } }, "contexts": { "users": { "tenants": 3, "users_per_tenant": 2 }, "quotas": { "neutron": { "network": -1 } } }, "runner": { "constant": { "concurrency": 4, "times": 10 } }, "hooks": [], "sla": { "failure_rate": { "max": 0 } } } ] }
2019-12-27 21:03:35.534 11833 RALLYDEBUG rally_openstack.contexts.keystone.users [-] Creating 3 tenants using 20 threads
2019-12-27 21:03:36.175 11833 RALLYDEBUG rally_openstack.contexts.keystone.users [-] Creating 6 users using 20 threads
2019-12-27 21:03:37.160 11833 INFO rally.task.context [-] Task e3573ce4-dbb4-4a7a-8f0d-31f6218d09b9 | Context users@openstack setup() finished in 1.63 sec
2019-12-27 21:03:37.473 11833 INFO rally.task.context [-] Task e3573ce4-dbb4-4a7a-8f0d-31f6218d09b9 | Context quotas@openstack setup() finished in 0.31 sec
2019-12-27 21:03:37.473 11833 INFO rally.task.context [-] Task e3573ce4-dbb4-4a7a-8f0d-31f6218d09b9 | Context cleanup@openstack setup() finished in 0.02 msec
2019-12-27 21:03:37.482 11833 RALLYDEBUG rally.task.runner [-] Starting the constant runner (task UUID: e3573ce4-dbb4-4a7a-8f0d-31f6218d09b9). times: 10 concurrency: 4 timeout: 0 max_cpu_used: 88 processes_to_start: 4 concurrency_per_worker: 1 concurrency_overhead: 0
2019-12-27 21:03:37.492 14549 RALLYDEBUG rally.task.runner [-] Starting a worker. times: 10 duration: None concurrency: 1 timeout: 0 cls: method_name: run args: {"network_create_args": {}}
2019-12-27 21:03:37.496 14550 RALLYDEBUG rally.task.runner [-] Starting a worker. times: 10 duration: None concurrency: 1 timeout: 0 cls: method_name: run args: {"network_create_args": {}}
2019-12-27 21:03:37.499 14549 INFO rally.task.runner [-] Task e3573ce4-dbb4-4a7a-8f0d-31f6218d09b9 | ITER: 1 START
2019-12-27 21:03:37.498 14551 RALLYDEBUG rally.task.runner [-] Starting a worker. times: 10 duration: None concurrency: 1 timeout: 0 cls: method_name: run args: {"network_create_args": {}}
2019-12-27 21:03:37.501 14552 RALLYDEBUG rally.task.runner [-] Starting a worker. times: 10 duration: None concurrency: 1 timeout: 0 cls: method_name: run args: {"network_create_args": {}}
2019-12-27 21:03:37.503 14550 INFO rally.task.runner [-] Task e3573ce4-dbb4-4a7a-8f0d-31f6218d09b9 | ITER: 2 START
2019-12-27 21:03:37.504 14551 INFO rally.task.runner [-] Task e3573ce4-dbb4-4a7a-8f0d-31f6218d09b9 | ITER: 3 START
2019-12-27 21:03:37.507 14552 INFO rally.task.runner [-] Task e3573ce4-dbb4-4a7a-8f0d-31f6218d09b9 | ITER: 4 START
2019-12-27 21:03:38.256 14552 INFO rally.task.runner [-] Task e3573ce4-dbb4-4a7a-8f0d-31f6218d09b9 | ITER: 4 END: OK
2019-12-27 21:03:38.261 14552 INFO rally.task.runner [-] Task e3573ce4-dbb4-4a7a-8f0d-31f6218d09b9 | ITER: 5 START
2019-12-27 21:03:38.505 14550 INFO rally.task.runner [-] Task e3573ce4-dbb4-4a7a-8f0d-31f6218d09b9 | ITER: 2 END: OK
2019-12-27 21:03:38.510 14550 INFO rally.task.runner [-] Task e3573ce4-dbb4-4a7a-8f0d-31f6218d09b9 | ITER: 6 START
2019-12-27 21:03:38.552 14551 INFO rally.task.runner [-] Task e3573ce4-dbb4-4a7a-8f0d-31f6218d09b9 | ITER: 3 END: OK
2019-12-27 21:03:38.557 14551 INFO rally.task.runner [-] Task e3573ce4-dbb4-4a7a-8f0d-31f6218d09b9 | ITER: 7 START
2019-12-27 21:03:38.787 14549 INFO rally.task.runner [-] Task e3573ce4-dbb4-4a7a-8f0d-31f6218d09b9 | ITER: 1 END: OK
2019-12-27 21:03:38.792 14549 INFO rally.task.runner [-] Task e3573ce4-dbb4-4a7a-8f0d-31f6218d09b9 | ITER: 8 START
