2019-12-27 21:10:25.683 18459 RALLYDEBUG rally_openstack.cleanup.manager [-] Deleting nova.keypairs object s_rally_96c73a5d_iJRcMfKr (s_rally_96c73a5d_iJRcMfKr)
2019-12-27 21:10:25.729 18459 RALLYDEBUG rally_openstack.cleanup.manager [-] Deleting nova.keypairs object s_rally_96c73a5d_nZomnDnw (s_rally_96c73a5d_nZomnDnw)
2019-12-27 21:10:25.743 18459 RALLYDEBUG rally_openstack.cleanup.manager [-] Deleting nova.keypairs object s_rally_96c73a5d_F1v8kKZG (s_rally_96c73a5d_F1v8kKZG)
2019-12-27 21:10:27.177 18459 INFO rally.task.context [-] Task 97b44b80-b63a-4a1f-8695-10c78c13a32e | Context cleanup@openstack cleanup() finished in 3.69 sec
2019-12-27 21:10:27.178 18459 INFO rally.task.context [-] Task 97b44b80-b63a-4a1f-8695-10c78c13a32e | Context quotas@openstack cleanup() started
2019-12-27 21:10:27.259 18459 INFO rally.task.context [-] Task 97b44b80-b63a-4a1f-8695-10c78c13a32e | Context quotas@openstack cleanup() finished in 80.13 msec
2019-12-27 21:10:27.259 18459 INFO rally.task.context [-] Task 97b44b80-b63a-4a1f-8695-10c78c13a32e | Context users@openstack cleanup() started
2019-12-27 21:10:29.782 18459 INFO rally.task.context [-] Task 97b44b80-b63a-4a1f-8695-10c78c13a32e | Context users@openstack cleanup() finished in 2.52 sec
2019-12-27 21:10:29.849 18459 INFO rally.task.engine [-] Load duration is: 1.437831
2019-12-27 21:10:29.850 18459 INFO rally.task.engine [-] Full runner duration is: 1.482367
2019-12-27 21:10:29.850 18459 INFO rally.task.engine [-] Full duration is: 10.1715
2019-12-27 21:10:29.941 18459 INFO rally.task.engine [-] Running workload: position = 0 config = { "version": 2, "title": "A cropped version of a bigger task.", "description": "Auto-generated task from a single workload (uuid=2f7e22be-1d24-4a12-ad24-42a2c91ee56e)", "subtasks": [ { "title": "NovaServers.boot_and_bounce_server", "description": "Boot a server and run specified actions against it.", "scenario": { "NovaServers.boot_and_bounce_server": { "actions": [ { "hard_reboot": 1 }, { "soft_reboot": 1 }, { "stop_start": 1 }, { "rescue_unrescue": 1 } ], "flavor": { "name": "rally_full-flavor_36367365-141e-491e-9278-0872bf21122a" }, "image": { "name": "rally_full-img_36367365-141e-491e-9278-0872bf21122a" }, "nics": [ { "net-id": "1e55b386-f4ab-4c3b-a854-395b1368fcf2" } ] } }, "contexts": { "users": { "tenants": 3, "users_per_tenant": 2 }, "network": { "networks_per_tenant": 1, "start_cidr": "100.1.0.0/25" }, "quotas": { "neutron": { "network": -1, "port": -1, "subnet": -1 }, "nova": { "cores": -1, "floating_ips": -1, "instances": -1, "ram": -1, "security_group_rules": -1, "security_groups": -1 } } }, "runner": { "constant": { "concurrency": 4, "times": 10 } }, "hooks": [], "sla": { "failure_rate": { "max": 0 } } } ] }
2019-12-27 21:10:29.964 18459 RALLYDEBUG rally_openstack.contexts.keystone.users [-] Creating 3 tenants using 20 threads
2019-12-27 21:10:30.565 18459 RALLYDEBUG rally_openstack.contexts.keystone.users [-] Creating 6 users using 20 threads
2019-12-27 21:10:31.385 18459 INFO rally.task.context [-] Task 97b44b80-b63a-4a1f-8695-10c78c13a32e | Context users@openstack setup() finished in 1.42 sec
2019-12-27 21:10:32.322 18459 INFO rally.task.context [-] Task 97b44b80-b63a-4a1f-8695-10c78c13a32e | Context quotas@openstack setup() finished in 0.94 sec
2019-12-27 21:10:34.420 18459 RALLYDEBUG rally_openstack.wrappers.network [-] CIDR generated: 100.1.0.0/25
2019-12-27 21:10:39.602 18459 RALLYDEBUG rally_openstack.wrappers.network [-] CIDR generated: 100.1.0.128/25
2019-12-27 21:10:45.004 18459 RALLYDEBUG rally_openstack.wrappers.network [-] CIDR generated: 100.1.1.0/25
2019-12-27 21:10:48.471 18459 INFO rally.task.context [-] Task 97b44b80-b63a-4a1f-8695-10c78c13a32e | Context network@openstack setup() finished in 16.15 sec
2019-12-27 21:10:48.471 18459 INFO rally.task.context [-] Task 97b44b80-b63a-4a1f-8695-10c78c13a32e | Context cleanup@openstack setup() finished in 0.03 msec
2019-12-27 21:10:48.921 18459 RALLYDEBUG rally.task.runner [-] Starting the constant runner (task UUID: 97b44b80-b63a-4a1f-8695-10c78c13a32e). times: 10 concurrency: 4 timeout: 0 max_cpu_used: 88 processes_to_start: 4 concurrency_per_worker: 1 concurrency_overhead: 0
2019-12-27 21:10:48.934 18911 RALLYDEBUG rally.task.runner [-] Starting a worker. times: 10 duration: None concurrency: 1 timeout: 0 cls: method_name: run args: {"actions": [{"hard_reboot": 1}, {"soft_reboot": 1}, {"stop_start": 1}, {"rescue_unrescue": 1}], "flavor": "c28c0299-fc4f-4504-8190-b508d68552b4", "image": "8e9857b8-e9c2-49d8-a3fa-6bf33c036d9e", "nics": [{"net-id": "1e55b386-f4ab-4c3b-a854-395b1368fcf2"}]}
2019-12-27 21:10:48.935 18912 RALLYDEBUG rally.task.runner [-] Starting a worker. times: 10 duration: None concurrency: 1 timeout: 0 cls: method_name: run args: {"actions": [{"hard_reboot": 1}, {"soft_reboot": 1}, {"stop_start": 1}, {"rescue_unrescue": 1}], "flavor": "c28c0299-fc4f-4504-8190-b508d68552b4", "image": "8e9857b8-e9c2-49d8-a3fa-6bf33c036d9e", "nics": [{"net-id": "1e55b386-f4ab-4c3b-a854-395b1368fcf2"}]}
2019-12-27 21:10:48.938 18913 RALLYDEBUG rally.task.runner [-] Starting a worker. times: 10 duration: None concurrency: 1 timeout: 0 cls: method_name: run args: {"actions": [{"hard_reboot": 1}, {"soft_reboot": 1}, {"stop_start": 1}, {"rescue_unrescue": 1}], "flavor": "c28c0299-fc4f-4504-8190-b508d68552b4", "image": "8e9857b8-e9c2-49d8-a3fa-6bf33c036d9e", "nics": [{"net-id": "1e55b386-f4ab-4c3b-a854-395b1368fcf2"}]}
2019-12-27 21:10:48.941 18911 INFO rally.task.runner [-] Task 97b44b80-b63a-4a1f-8695-10c78c13a32e | ITER: 1 START
2019-12-27 21:10:48.942 18914 RALLYDEBUG rally.task.runner [-] Starting a worker. times: 10 duration: None concurrency: 1 timeout: 0 cls: method_name: run args: {"actions": [{"hard_reboot": 1}, {"soft_reboot": 1}, {"stop_start": 1}, {"rescue_unrescue": 1}], "flavor": "c28c0299-fc4f-4504-8190-b508d68552b4", "image": "8e9857b8-e9c2-49d8-a3fa-6bf33c036d9e", "nics": [{"net-id": "1e55b386-f4ab-4c3b-a854-395b1368fcf2"}]}
2019-12-27 21:10:48.943 18912 INFO rally.task.runner [-] Task 97b44b80-b63a-4a1f-8695-10c78c13a32e | ITER: 2 START
2019-12-27 21:10:48.945 18913 INFO rally.task.runner [-] Task 97b44b80-b63a-4a1f-8695-10c78c13a32e | ITER: 3 START
2019-12-27 21:10:48.948 18914 INFO rally.task.runner [-] Task 97b44b80-b63a-4a1f-8695-10c78c13a32e | ITER: 4 START
2019-12-27 21:15:52.680 18913 ERROR rally.task.runner [-] Iteration 3 raised Exception: rally.exceptions.TimeoutException: Rally tired waiting 300.00 seconds for Server s_rally_2f7e22be_mloluPAN:554b24e7-abe3-4d24-9071-b52b62c01772 to become ('ACTIVE') current status BUILD
2019-12-27 21:15:52.680 18913 ERROR rally.task.runner
Traceback (most recent call last):
2019-12-27 21:15:52.680 18913 ERROR rally.task.runner
File "/usr/lib/python3.6/site-packages/rally/task/runner.py", line 71, in _run_scenario_once
2019-12-27 21:15:52.680 18913 ERROR rally.task.runner getattr(scenario_inst, method_name)(**scenario_kwargs)
2019-12-27 21:15:52.680 18913 ERROR rally.task.runner
File "/usr/lib/python3.6/site-packages/rally_openstack/scenarios/nova/servers.py", line 234, in run
2019-12-27 21:15:52.680 18913 ERROR rally.task.runner server = self._boot_server(image, flavor, **kwargs)
2019-12-27 21:15:52.680 18913 ERROR rally.task.runner
File "/usr/lib/python3.6/site-packages/rally/task/atomic.py", line 91, in func_atomic_actions
2019-12-27 21:15:52.680 18913 ERROR rally.task.runner f = func(self, *args, **kwargs)
2019-12-27 21:15:52.680 18913 ERROR rally.task.runner
File "/usr/lib/python3.6/site-packages/rally_openstack/scenarios/nova/utils.py", line 88, in _boot_server
2019-12-27 21:15:52.680 18913 ERROR rally.task.runner check_interval=CONF.openstack.nova_server_boot_poll_interval
2019-12-27 21:15:52.680 18913 ERROR rally.task.runner
File "/usr/lib/python3.6/site-packages/rally/task/utils.py", line 252, in wait_for_status
2019-12-27 21:15:52.680 18913 ERROR rally.task.runner timeout=timeout)
2019-12-27 21:15:52.680 18913 ERROR rally.task.runner rally.exceptions.TimeoutException: Rally tired waiting 300.00 seconds for Server s_rally_2f7e22be_mloluPAN:554b24e7-abe3-4d24-9071-b52b62c01772 to become ('ACTIVE') current status BUILD
2019-12-27 21:15:52.680 18913 ERROR rally.task.runner
2019-12-27 21:15:52.683 18913 INFO rally.task.runner [-] Task 97b44b80-b63a-4a1f-8695-10c78c13a32e | ITER: 3 END: Error TimeoutException: Rally tired waiting 300.00 seconds for Server s_rally_2f7e22be_mloluPAN:554b24e7-abe3-4d24-9071-b52b62c01772 to become ('ACTIVE') current status BUILD
2019-12-27 21:15:52.691 18913 INFO rally.task.runner [-] Task 97b44b80-b63a-4a1f-8695-10c78c13a32e | ITER: 5 START
2019-12-27 21:15:53.754 18914 ERROR rally.task.runner [-] Iteration 4 raised Exception: rally.exceptions.TimeoutException: Rally tired waiting 300.00 seconds for Server s_rally_2f7e22be_9tdGUx27:718d7060-fad3-4c6c-acbb-7d9cbc6e85d4 to become ('ACTIVE') current status BUILD
2019-12-27 21:15:53.754 18914 ERROR rally.task.runner
Traceback (most recent call last):
2019-12-27 21:15:53.754 18914 ERROR rally.task.runner
File "/usr/lib/python3.6/site-packages/rally/task/runner.py", line 71, in _run_scenario_once
2019-12-27 21:15:53.754 18914 ERROR rally.task.runner getattr(scenario_inst, method_name)(**scenario_kwargs)
2019-12-27 21:15:53.754 18914 ERROR rally.task.runner
File "/usr/lib/python3.6/site-packages/rally_openstack/scenarios/nova/servers.py", line 234, in run
2019-12-27 21:15:53.754 18914 ERROR rally.task.runner server = self._boot_server(image, flavor, **kwargs)
2019-12-27 21:15:53.754 18914 ERROR rally.task.runner
File "/usr/lib/python3.6/site-packages/rally/task/atomic.py", line 91, in func_atomic_actions
2019-12-27 21:15:53.754 18914 ERROR rally.task.runner f = func(self, *args, **kwargs)
2019-12-27 21:15:53.754 18914 ERROR rally.task.runner
File "/usr/lib/python3.6/site-packages/rally_openstack/scenarios/nova/utils.py", line 88, in _boot_server
2019-12-27 21:15:53.754 18914 ERROR rally.task.runner check_interval=CONF.openstack.nova_server_boot_poll_interval
2019-12-27 21:15:53.754 18914 ERROR rally.task.runner
File "/usr/lib/python3.6/site-packages/rally/task/utils.py", line 252, in wait_for_status
2019-12-27 21:15:53.754 18914 ERROR rally.task.runner timeout=timeout)
2019-12-27 21:15:53.754 18914 ERROR rally.task.runner rally.exceptions.TimeoutException: Rally tired waiting 300.00 seconds for Server s_rally_2f7e22be_9tdGUx27:718d7060-fad3-4c6c-acbb-7d9cbc6e85d4 to become ('ACTIVE') current status BUILD
2019-12-27 21:15:53.754 18914 ERROR rally.task.runner
2019-12-27 21:15:53.757 18914 INFO rally.task.runner [-] Task 97b44b80-b63a-4a1f-8695-10c78c13a32e | ITER: 4 END: Error TimeoutException: Rally tired waiting 300.00 seconds for Server s_rally_2f7e22be_9tdGUx27:718d7060-fad3-4c6c-acbb-7d9cbc6e85d4 to become ('ACTIVE') current status BUILD
2019-12-27 21:15:53.831 18912 ERROR rally.task.runner [-] Iteration 2 raised Exception: rally.exceptions.TimeoutException: Rally tired waiting 300.00 seconds for Server s_rally_2f7e22be_bPFapVNu:d775fce9-c569-494a-ac5a-d1904fe7fcb5 to become ('ACTIVE') current status BUILD
2019-12-27 21:15:53.831 18912 ERROR rally.task.runner
Traceback (most recent call last):
2019-12-27 21:15:53.831 18912 ERROR rally.task.runner
File "/usr/lib/python3.6/site-packages/rally/task/runner.py", line 71, in _run_scenario_once
2019-12-27 21:15:53.831 18912 ERROR rally.task.runner getattr(scenario_inst, method_name)(**scenario_kwargs)
2019-12-27 21:15:53.831 18912 ERROR rally.task.runner
File "/usr/lib/python3.6/site-packages/rally_openstack/scenarios/nova/servers.py", line 234, in run
2019-12-27 21:15:53.831 18912 ERROR rally.task.runner server = self._boot_server(image, flavor, **kwargs)
2019-12-27 21:15:53.831 18912 ERROR rally.task.runner
File "/usr/lib/python3.6/site-packages/rally/task/atomic.py", line 91, in func_atomic_actions
2019-12-27 21:15:53.831 18912 ERROR rally.task.runner f = func(self, *args, **kwargs)
2019-12-27 21:15:53.831 18912 ERROR rally.task.runner
File "/usr/lib/python3.6/site-packages/rally_openstack/scenarios/nova/utils.py", line 88, in _boot_server
2019-12-27 21:15:53.831 18912 ERROR rally.task.runner check_interval=CONF.openstack.nova_server_boot_poll_interval
2019-12-27 21:15:53.831 18912 ERROR rally.task.runner
File "/usr/lib/python3.6/site-packages/rally/task/utils.py", line 252, in wait_for_status
2019-12-27 21:15:53.831 18912 ERROR rally.task.runner timeout=timeout)
2019-12-27 21:15:53.831 18912 ERROR rally.task.runner rally.exceptions.TimeoutException: Rally tired waiting 300.00 seconds for Server s_rally_2f7e22be_bPFapVNu:d775fce9-c569-494a-ac5a-d1904fe7fcb5 to become ('ACTIVE') current status BUILD
2019-12-27 21:15:53.831 18912 ERROR rally.task.runner
2019-12-27 21:15:53.834 18912 INFO rally.task.runner [-] Task 97b44b80-b63a-4a1f-8695-10c78c13a32e | ITER: 2 END: Error TimeoutException: Rally tired waiting 300.00 seconds for Server s_rally_2f7e22be_bPFapVNu:d775fce9-c569-494a-ac5a-d1904fe7fcb5 to become ('ACTIVE') current status BUILD
2019-12-27 21:15:54.959 18911 ERROR rally.task.runner [-] Iteration 1 raised Exception: rally.exceptions.TimeoutException: Rally tired waiting 300.00 seconds for Server s_rally_2f7e22be_vbiR3EGC:7a741e0f-ae1e-4569-9b38-e871a5fa441a to become ('ACTIVE') current status BUILD
2019-12-27 21:15:54.959 18911 ERROR rally.task.runner
Traceback (most recent call last):
2019-12-27 21:15:54.959 18911 ERROR rally.task.runner
File "/usr/lib/python3.6/site-packages/rally/task/runner.py", line 71, in _run_scenario_once
2019-12-27 21:15:54.959 18911 ERROR rally.task.runner getattr(scenario_inst, method_name)(**scenario_kwargs)
2019-12-27 21:15:54.959 18911 ERROR rally.task.runner
File "/usr/lib/python3.6/site-packages/rally_openstack/scenarios/nova/servers.py", line 234, in run
2019-12-27 21:15:54.959 18911 ERROR rally.task.runner server = self._boot_server(image, flavor, **kwargs)
2019-12-27 21:15:54.959 18911 ERROR rally.task.runner
File "/usr/lib/python3.6/site-packages/rally/task/atomic.py", line 91, in func_atomic_actions
2019-12-27 21:15:54.959 18911 ERROR rally.task.runner f = func(self, *args, **kwargs)
2019-12-27 21:15:54.959 18911 ERROR rally.task.runner
File "/usr/lib/python3.6/site-packages/rally_openstack/scenarios/nova/utils.py", line 88, in _boot_server
2019-12-27 21:15:54.959 18911 ERROR rally.task.runner check_interval=CONF.openstack.nova_server_boot_poll_interval
2019-12-27 21:15:54.959 18911 ERROR rally.task.runner
File "/usr/lib/python3.6/site-packages/rally/task/utils.py", line 252, in wait_for_status
2019-12-27 21:15:54.959 18911 ERROR rally.task.runner timeout=timeout)
2019-12-27 21:15:54.959 18911 ERROR rally.task.runner rally.exceptions.TimeoutException: Rally tired waiting 300.00 seconds for Server s_rally_2f7e22be_vbiR3EGC:7a741e0f-ae1e-4569-9b38-e871a5fa441a to become ('ACTIVE') current status BUILD
2019-12-27 21:15:54.959 18911 ERROR rally.task.runner
2019-12-27 21:15:54.961 18911 INFO rally.task.runner [-] Task 97b44b80-b63a-4a1f-8695-10c78c13a32e | ITER: 1 END: Error TimeoutException: Rally tired waiting 300.00 seconds for Server s_rally_2f7e22be_vbiR3EGC:7a741e0f-ae1e-4569-9b38-e871a5fa441a to become ('ACTIVE') current status BUILD
2019-12-27 21:19:05.386 18913 RALLYDEBUG rally.task.utils [-] Waiting for resource s_rally_2f7e22be_foee9Rr9. Status changed: BUILD => ACTIVE in 190.53412699699402
2019-12-27 21:19:08.786 18913 RALLYDEBUG rally.task.utils [-] Waiting for resource s_rally_2f7e22be_foee9Rr9. Status changed: ACTIVE => HARD_REBOOT in 0.23433279991149902
2019-12-27 21:19:11.004 18913 RALLYDEBUG rally.task.utils [-] Waiting for resource s_rally_2f7e22be_foee9Rr9. Status changed: HARD_REBOOT => ACTIVE in 2.217416763305664
2019-12-27 21:19:14.363 18913 RALLYDEBUG rally.task.utils [-] Waiting for resource s_rally_2f7e22be_foee9Rr9. Status changed: ACTIVE => REBOOT in 0.20671296119689941
2019-12-27 21:21:18.430 18913 RALLYDEBUG rally.task.utils [-] Waiting for resource s_rally_2f7e22be_foee9Rr9. Status changed: REBOOT => ACTIVE in 124.06752061843872
2019-12-27 21:21:21.076 18913 RALLYDEBUG rally.task.utils [-] Waiting for resource s_rally_2f7e22be_foee9Rr9. Status changed: ACTIVE => SHUTOFF in 2.533651113510132
2019-12-27 21:21:21.383 18913 RALLYDEBUG rally.task.utils [-] Waiting for resource s_rally_2f7e22be_foee9Rr9. Status changed: ACTIVE => SHUTOFF in 0.1979808807373047
2019-12-27 21:21:25.374 18913 RALLYDEBUG rally.task.utils [-] Waiting for resource s_rally_2f7e22be_foee9Rr9. Status changed: SHUTOFF => ACTIVE in 3.9915883541107178
2019-12-27 21:21:31.264 18913 RALLYDEBUG rally.task.utils [-] Waiting for resource s_rally_2f7e22be_foee9Rr9. Status changed: ACTIVE => RESCUE in 2.7395880222320557
2019-12-27 21:21:34.900 18913 RALLYDEBUG rally.task.utils [-] Waiting for resource s_rally_2f7e22be_foee9Rr9. Status changed: ACTIVE => RESCUE in 0.4637880325317383
2019-12-27 21:21:37.187 18913 RALLYDEBUG rally.task.utils [-] Waiting for resource s_rally_2f7e22be_foee9Rr9. Status changed: RESCUE => ACTIVE in 2.28749418258667
2019-12-27 21:21:39.634 18913 INFO rally.task.runner [-] Task 97b44b80-b63a-4a1f-8695-10c78c13a32e | ITER: 5 END: OK
2019-12-27 21:21:39.665 18459 INFO rally.task.context [-] Task 97b44b80-b63a-4a1f-8695-10c78c13a32e | Context cleanup@openstack cleanup() started
2019-12-27 21:21:39.675 18459 RALLYDEBUG rally_openstack.cleanup.manager [-] Cleaning up nova servers objects
2019-12-27 21:21:41.571 18459 RALLYDEBUG rally_openstack.cleanup.manager [-] Deleting nova.servers object s_rally_2f7e22be_vbiR3EGC (7a741e0f-ae1e-4569-9b38-e871a5fa441a)
2019-12-27 21:21:41.582 18459 RALLYDEBUG rally_openstack.cleanup.manager [-] Deleting nova.servers object s_rally_2f7e22be_mloluPAN (554b24e7-abe3-4d24-9071-b52b62c01772)
2019-12-27 21:21:41.586 18459 RALLYDEBUG rally_openstack.cleanup.manager [-] Deleting nova.servers object s_rally_2f7e22be_9tdGUx27 (718d7060-fad3-4c6c-acbb-7d9cbc6e85d4)
2019-12-27 21:21:41.597 18459 RALLYDEBUG rally_openstack.cleanup.manager [-] Deleting nova.servers object s_rally_2f7e22be_bPFapVNu (d775fce9-c569-494a-ac5a-d1904fe7fcb5)
2019-12-27 21:21:44.448 18459 RALLYDEBUG rally_openstack.cleanup.manager [-] Cleaning up nova server_groups objects
2019-12-27 21:21:44.911 18459 RALLYDEBUG rally_openstack.cleanup.manager [-] Cleaning up nova keypairs objects
2019-12-27 21:21:46.266 18459 INFO rally.task.context [-] Task 97b44b80-b63a-4a1f-8695-10c78c13a32e | Context cleanup@openstack cleanup() finished in 6.60 sec
2019-12-27 21:21:46.267 18459 INFO rally.task.context [-] Task 97b44b80-b63a-4a1f-8695-10c78c13a32e | Context network@openstack cleanup() started
2019-12-27 21:22:06.274 18459 INFO rally.task.context [-] Task 97b44b80-b63a-4a1f-8695-10c78c13a32e | Context network@openstack cleanup() finished in 20.01 sec
2019-12-27 21:22:06.275 18459 INFO rally.task.context [-] Task 97b44b80-b63a-4a1f-8695-10c78c13a32e | Context quotas@openstack cleanup() started
2019-12-27 21:22:06.475 18459 INFO rally.task.context [-] Task 97b44b80-b63a-4a1f-8695-10c78c13a32e | Context quotas@openstack cleanup() finished in 0.20 sec
2019-12-27 21:22:06.475 18459 INFO rally.task.context [-] Task 97b44b80-b63a-4a1f-8695-10c78c13a32e | Context users@openstack cleanup() started
2019-12-27 21:22:08.616 18459 INFO rally.task.context [-] Task 97b44b80-b63a-4a1f-8695-10c78c13a32e | Context users@openstack cleanup() finished in 2.14 sec
2019-12-27 21:22:09.049 18459 INFO rally.task.engine [-] Load duration is: 641.691835
2019-12-27 21:22:09.049 18459 INFO rally.task.engine [-] Full runner duration is: 650.744305
2019-12-27 21:22:09.050 18459 INFO rally.task.engine [-] Full duration is: 698.653736
2019-12-27 21:22:09.139 18459 INFO rally.task.engine [-] Received aborting signal.
2019-12-27 21:22:09.153 18459 INFO rally.task.engine [-] Task 97b44b80-b63a-4a1f-8695-10c78c13a32e | Completed: Running task.
2019-12-27 21:22:10.848 19028 RALLYDEBUG rally.api [-] INFO logs from urllib3 and requests module are hide.
2019-12-27 21:22:10.848 19028 RALLYDEBUG rally.api [-] urllib3 insecure warnings are hidden.
2019-12-27 21:22:10.849 19028 RALLYDEBUG rally.api [-] ERROR log from boto module is hide.
2019-12-27 21:22:12.264 19029 RALLYDEBUG rally.api [-] INFO logs from urllib3 and requests module are hide.
2019-12-27 21:22:12.264 19029 RALLYDEBUG rally.api [-] urllib3 insecure warnings are hidden.
2019-12-27 21:22:12.265 19029 RALLYDEBUG rally.api [-] ERROR log from boto module is hide.
2019-12-27 21:22:13.725 19030 RALLYDEBUG rally.api [-] INFO logs from urllib3 and requests module are hide.
2019-12-27 21:22:13.725 19030 RALLYDEBUG rally.api [-] urllib3 insecure warnings are hidden.
2019-12-27 21:22:13.725 19030 RALLYDEBUG rally.api [-] ERROR log from boto module is hide.
2019-12-27 21:22:15.945 19030 INFO rally.api [-] Building 'json' report for the following task(s): '97b44b80-b63a-4a1f-8695-10c78c13a32e'.
2019-12-27 21:22:15.955 19030 INFO rally.api [-] The report has been successfully built.
2019-12-27 21:22:17.456 19032 RALLYDEBUG rally.api [-] INFO logs from urllib3 and requests module are hide.
2019-12-27 21:22:17.457 19032 RALLYDEBUG rally.api [-] urllib3 insecure warnings are hidden.
2019-12-27 21:22:17.457 19032 RALLYDEBUG rally.api [-] ERROR log from boto module is hide.
2019-12-27 21:22:19.814 19032 INFO rally.task.engine [-] Task c0a3cd4f-541d-4791-ad3b-e0c87795be37 | Starting: Task validation.
2019-12-27 21:22:19.828 19032 INFO rally.task.engine [-] Task c0a3cd4f-541d-4791-ad3b-e0c87795be37 | Starting: Task validation of syntax.
2019-12-27 21:22:19.903 19032 INFO rally.task.engine [-] Task c0a3cd4f-541d-4791-ad3b-e0c87795be37 | Completed: Task validation of syntax.
2019-12-27 21:22:19.903 19032 INFO rally.task.engine [-] Task c0a3cd4f-541d-4791-ad3b-e0c87795be37 | Starting: Task validation of required platforms.
2019-12-27 21:22:19.940 19032 INFO rally.task.engine [-] Task c0a3cd4f-541d-4791-ad3b-e0c87795be37 | Completed: Task validation of required platforms.
2019-12-27 21:22:19.941 19032 INFO rally.task.engine [-] Task c0a3cd4f-541d-4791-ad3b-e0c87795be37 | Starting: Task validation of semantic.
2019-12-27 21:22:19.941 19032 INFO rally.task.engine [-] Check health of the environment 'e151d040-daae-43ef-bd55-07744aa69403'.
2019-12-27 21:22:20.416 19032 INFO rally.task.engine [-] Platform existing@openstack (available: True): OK!
2019-12-27 21:22:20.430 19032 RALLYDEBUG rally_openstack.contexts.keystone.users [-] Creating 1 tenants using 20 threads
2019-12-27 21:22:20.751 19032 RALLYDEBUG rally_openstack.contexts.keystone.users [-] Creating 1 users using 20 threads
2019-12-27 21:22:21.443 19032 INFO rally.task.context [-] Task c0a3cd4f-541d-4791-ad3b-e0c87795be37 | Context users@openstack setup() finished in 1.01 sec
2019-12-27 21:22:21.732 19032 INFO rally.task.context [-] Task c0a3cd4f-541d-4791-ad3b-e0c87795be37 | Context users@openstack cleanup() started
2019-12-27 21:22:23.523 19032 INFO rally.task.context [-] Task c0a3cd4f-541d-4791-ad3b-e0c87795be37 | Context users@openstack cleanup() finished in 1.79 sec
2019-12-27 21:22:23.524 19032 INFO rally.task.engine [-] Task c0a3cd4f-541d-4791-ad3b-e0c87795be37 | Completed: Task validation of semantic.
2019-12-27 21:22:23.524 19032 INFO rally.task.engine [-] Task c0a3cd4f-541d-4791-ad3b-e0c87795be37 | Completed: Task validation.
2019-12-27 21:22:23.525 19032 INFO rally.api [-] Task c0a3cd4f-541d-4791-ad3b-e0c87795be37 input file is valid.
2019-12-27 21:22:23.525 19032 INFO rally.api [-] Run Task c0a3cd4f-541d-4791-ad3b-e0c87795be37 against Deployment e151d040-daae-43ef-bd55-07744aa69403
2019-12-27 21:22:23.525 19032 INFO rally.task.engine [-] Task c0a3cd4f-541d-4791-ad3b-e0c87795be37 | Starting: Running task.
2019-12-27 21:22:23.581 19032 INFO rally.task.engine [-] Running workload: position = 0 config = { "version": 2, "title": "A cropped version of a bigger task.", "description": "Auto-generated task from a single workload (uuid=ce12852a-2cc0-453c-b08e-632df3f6dc1f)", "subtasks": [ { "title": "Quotas.cinder_update_and_delete", "description": "Update and Delete quotas for Cinder.", "scenario": { "Quotas.cinder_update_and_delete": { "max_quota": 1024 } }, "contexts": { "users": { "tenants": 3, "users_per_tenant": 2 }, "api_versions": { "cinder": { "version": 3, "service_type": "volumev3" } } }, "runner": { "constant": { "concurrency": 4, "times": 10 } }, "hooks": [], "sla": { "failure_rate": { "max": 0 } } } ] }
2019-12-27 21:22:23.598 19032 RALLYDEBUG rally_openstack.contexts.keystone.users [-] Creating 3 tenants using 20 threads
2019-12-27 21:22:24.063 19032 RALLYDEBUG rally_openstack.contexts.keystone.users [-] Creating 6 users using 20 threads
2019-12-27 21:22:24.935 19032 INFO rally.task.context [-] Task c0a3cd4f-541d-4791-ad3b-e0c87795be37 | Context users@openstack setup() finished in 1.34 sec
2019-12-27 21:22:25.134 19032 INFO rally.task.context [-] Task c0a3cd4f-541d-4791-ad3b-e0c87795be37 | Context api_versions@openstack setup() finished in 0.20 sec
2019-12-27 21:22:25.135 19032 INFO rally.task.context [-] Task c0a3cd4f-541d-4791-ad3b-e0c87795be37 | Context admin_cleanup@openstack setup() finished in 0.01 msec
2019-12-27 21:22:25.146 19032 RALLYDEBUG rally.task.runner [-] Starting the constant runner (task UUID: c0a3cd4f-541d-4791-ad3b-e0c87795be37). times: 10 concurrency: 4 timeout: 0 max_cpu_used: 88 processes_to_start: 4 concurrency_per_worker: 1 concurrency_overhead: 0
2019-12-27 21:22:25.158 19156 RALLYDEBUG rally.task.runner [-] Starting a worker. times: 10 duration: None concurrency: 1 timeout: 0 cls: method_name: run args: {"max_quota": 1024}
2019-12-27 21:22:25.160 19157 RALLYDEBUG rally.task.runner [-] Starting a worker. times: 10 duration: None concurrency: 1 timeout: 0 cls: method_name: run args: {"max_quota": 1024}
2019-12-27 21:22:25.163 19158 RALLYDEBUG rally.task.runner [-] Starting a worker. times: 10 duration: None concurrency: 1 timeout: 0 cls: method_name: run args: {"max_quota": 1024}
2019-12-27 21:22:25.165 19156 INFO rally.task.runner [-] Task c0a3cd4f-541d-4791-ad3b-e0c87795be37 | ITER: 1 START
2019-12-27 21:22:25.165 19159 RALLYDEBUG rally.task.runner [-] Starting a worker. times: 10 duration: None concurrency: 1 timeout: 0 cls: method_name: run args: {"max_quota": 1024}
2019-12-27 21:22:25.166 19157 INFO rally.task.runner [-] Task c0a3cd4f-541d-4791-ad3b-e0c87795be37 | ITER: 2 START
2019-12-27 21:22:25.170 19158 INFO rally.task.runner [-] Task c0a3cd4f-541d-4791-ad3b-e0c87795be37 | ITER: 3 START
2019-12-27 21:22:25.172 19159 INFO rally.task.runner [-] Task c0a3cd4f-541d-4791-ad3b-e0c87795be37 | ITER: 4 START
2019-12-27 21:22:25.674 19158 INFO rally.task.runner [-] Task c0a3cd4f-541d-4791-ad3b-e0c87795be37 | ITER: 3 END: OK
2019-12-27 21:22:25.680 19158 INFO rally.task.runner [-] Task c0a3cd4f-541d-4791-ad3b-e0c87795be37 | ITER: 5 START
2019-12-27 21:22:25.688 19157 INFO rally.task.runner [-] Task c0a3cd4f-541d-4791-ad3b-e0c87795be37 | ITER: 2 END: OK
2019-12-27 21:22:25.693 19157 INFO rally.task.runner [-] Task c0a3cd4f-541d-4791-ad3b-e0c87795be37 | ITER: 6 START
2019-12-27 21:22:25.694 19159 INFO rally.task.runner [-] Task c0a3cd4f-541d-4791-ad3b-e0c87795be37 | ITER: 4 END: OK
2019-12-27 21:22:25.696 19156 INFO rally.task.runner [-] Task c0a3cd4f-541d-4791-ad3b-e0c87795be37 | ITER: 1 END: OK
2019-12-27 21:22:25.698 19159 INFO rally.task.runner [-] Task c0a3cd4f-541d-4791-ad3b-e0c87795be37 | ITER: 7 START
2019-12-27 21:22:25.701 19156 INFO rally.task.runner [-] Task c0a3cd4f-541d-4791-ad3b-e0c87795be37 | ITER: 8 START
2019-12-27 21:22:25.976 19158 INFO rally.task.runner [-] Task c0a3cd4f-541d-4791-ad3b-e0c87795be37 | ITER: 5 END: OK
2019-12-27 21:22:25.981 19158 INFO rally.task.runner [-] Task c0a3cd4f-541d-4791-ad3b-e0c87795be37 | ITER: 9 START
2019-12-27 21:22:26.018 19159 INFO rally.task.runner [-] Task c0a3cd4f-541d-4791-ad3b-e0c87795be37 | ITER: 7 END: OK
2019-12-27 21:22:26.019 19156 INFO rally.task.runner [-] Task c0a3cd4f-541d-4791-ad3b-e0c87795be37 | ITER: 8 END: OK
2019-12-27 21:22:26.022 19159 INFO rally.task.runner [-] Task c0a3cd4f-541d-4791-ad3b-e0c87795be37 | ITER: 10 START
2019-12-27 21:22:26.027 19157 INFO rally.task.runner [-] Task c0a3cd4f-541d-4791-ad3b-e0c87795be37 | ITER: 6 END: OK
2019-12-27 21:22:26.296 19158 INFO rally.task.runner [-] Task c0a3cd4f-541d-4791-ad3b-e0c87795be37 | ITER: 9 END: OK
2019-12-27 21:22:26.329 19159 INFO rally.task.runner [-] Task c0a3cd4f-541d-4791-ad3b-e0c87795be37 | ITER: 10 END: OK
2019-12-27 21:22:26.352 19032 INFO rally.task.context [-] Task c0a3cd4f-541d-4791-ad3b-e0c87795be37 | Context admin_cleanup@openstack cleanup() started
2019-12-27 21:22:26.356 19032 RALLYDEBUG rally_openstack.cleanup.manager [-] Cleaning up cinder quotas objects
2019-12-27 21:22:26.717 19032 INFO rally.task.context [-] Task c0a3cd4f-541d-4791-ad3b-e0c87795be37 | Context admin_cleanup@openstack cleanup() finished in 0.37 sec
2019-12-27 21:22:26.717 19032 INFO rally.task.context [-] Task c0a3cd4f-541d-4791-ad3b-e0c87795be37 | Context api_versions@openstack cleanup() started
2019-12-27 21:22:26.718 19032 INFO rally.task.context [-] Task c0a3cd4f-541d-4791-ad3b-e0c87795be37 | Context api_versions@openstack cleanup() finished in 0.40 msec
2019-12-27 21:22:26.718 19032 INFO rally.task.context [-] Task c0a3cd4f-541d-4791-ad3b-e0c87795be37 | Context users@openstack cleanup() started
2019-12-27 21:22:29.576 19032 INFO rally.task.context [-] Task c0a3cd4f-541d-4791-ad3b-e0c87795be37 | Context users@openstack cleanup() finished in 2.86 sec
2019-12-27 21:22:29.656 19032 INFO rally.task.engine [-] Load duration is: 1.162939
2019-12-27 21:22:29.656 19032 INFO rally.task.engine [-] Full runner duration is: 1.205949
2019-12-27 21:22:29.656 19032 INFO rally.task.engine [-] Full duration is: 5.97892
2019-12-27 21:22:29.753 19032 INFO rally.task.engine [-] Running workload: position = 0 config = { "version": 2, "title": "A cropped version of a bigger task.", "description": "Auto-generated task from a single workload (uuid=46164a55-95f9-4f2e-93f2-aeb839e21035)", "subtasks": [ { "title": "Quotas.cinder_update", "description": "Update quotas for Cinder.", "scenario": { "Quotas.cinder_update": { "max_quota": 1024 } }, "contexts": { "users": { "tenants": 3, "users_per_tenant": 2 }, "api_versions": { "cinder": { "version": 3, "service_type": "volumev3" } } }, "runner": { "constant": { "concurrency": 4, "times": 10 } }, "hooks": [], "sla": { "failure_rate": { "max": 0 } } } ] }
2019-12-27 21:22:29.771 19032 RALLYDEBUG rally_openstack.contexts.keystone.users [-] Creating 3 tenants using 20 threads
2019-12-27 21:22:30.334 19032 RALLYDEBUG rally_openstack.contexts.keystone.users [-] Creating 6 users using 20 threads
2019-12-27 21:22:31.363 19032 INFO rally.task.context [-] Task c0a3cd4f-541d-4791-ad3b-e0c87795be37 | Context users@openstack setup() finished in 1.59 sec
2019-12-27 21:22:31.563 19032 INFO rally.task.context [-] Task c0a3cd4f-541d-4791-ad3b-e0c87795be37 | Context api_versions@openstack setup() finished in 0.20 sec
2019-12-27 21:22:31.564 19032 INFO rally.task.context [-] Task c0a3cd4f-541d-4791-ad3b-e0c87795be37 | Context admin_cleanup@openstack setup() finished in 0.02 msec
2019-12-27 21:22:31.571 19032 RALLYDEBUG rally.task.runner [-] Starting the constant runner (task UUID: c0a3cd4f-541d-4791-ad3b-e0c87795be37). times: 10 concurrency: 4 timeout: 0 max_cpu_used: 88 processes_to_start: 4 concurrency_per_worker: 1 concurrency_overhead: 0
2019-12-27 21:22:31.584 19280 RALLYDEBUG rally.task.runner [-] Starting a worker. times: 10 duration: None concurrency: 1 timeout: 0 cls: method_name: run args: {"max_quota": 1024}
2019-12-27 21:22:31.587 19281 RALLYDEBUG rally.task.runner [-] Starting a worker. times: 10 duration: None concurrency: 1 timeout: 0 cls: method_name: run args: {"max_quota": 1024}
2019-12-27 21:22:31.590 19282 RALLYDEBUG rally.task.runner [-] Starting a worker. times: 10 duration: None concurrency: 1 timeout: 0 cls: method_name: run args: {"max_quota": 1024}
2019-12-27 21:22:31.591 19280 INFO rally.task.runner [-] Task c0a3cd4f-541d-4791-ad3b-e0c87795be37 | ITER: 1 START
2019-12-27 21:22:31.593 19281 INFO rally.task.runner [-] Task c0a3cd4f-541d-4791-ad3b-e0c87795be37 | ITER: 2 START
2019-12-27 21:22:31.592 19283 RALLYDEBUG rally.task.runner [-] Starting a worker. times: 10 duration: None concurrency: 1 timeout: 0 cls: method_name: run args: {"max_quota": 1024}
2019-12-27 21:22:31.595 19282 INFO rally.task.runner [-] Task c0a3cd4f-541d-4791-ad3b-e0c87795be37 | ITER: 3 START
2019-12-27 21:22:31.598 19283 INFO rally.task.runner [-] Task c0a3cd4f-541d-4791-ad3b-e0c87795be37 | ITER: 4 START
2019-12-27 21:22:32.012 19280 INFO rally.task.runner [-] Task c0a3cd4f-541d-4791-ad3b-e0c87795be37 | ITER: 1 END: OK
2019-12-27 21:22:32.017 19281 INFO rally.task.runner [-] Task c0a3cd4f-541d-4791-ad3b-e0c87795be37 | ITER: 2 END: OK
2019-12-27 21:22:32.016 19280 INFO rally.task.runner [-] Task c0a3cd4f-541d-4791-ad3b-e0c87795be37 | ITER: 5 START
2019-12-27 21:22:32.021 19281 INFO rally.task.runner [-] Task c0a3cd4f-541d-4791-ad3b-e0c87795be37 | ITER: 6 START
2019-12-27 21:22:32.039 19283 INFO rally.task.runner [-] Task c0a3cd4f-541d-4791-ad3b-e0c87795be37 | ITER: 4 END: OK
2019-12-27 21:22:32.044 19283 INFO rally.task.runner [-] Task c0a3cd4f-541d-4791-ad3b-e0c87795be37 | ITER: 7 START
2019-12-27 21:22:32.065 19282 INFO rally.task.runner [-] Task c0a3cd4f-541d-4791-ad3b-e0c87795be37 | ITER: 3 END: OK
2019-12-27 21:22:32.070 19282 INFO rally.task.runner [-] Task c0a3cd4f-541d-4791-ad3b-e0c87795be37 | ITER: 8 START
2019-12-27 21:22:32.285 19280 INFO rally.task.runner [-] Task c0a3cd4f-541d-4791-ad3b-e0c87795be37 | ITER: 5 END: OK
2019-12-27 21:22:32.290 19281 INFO rally.task.runner [-] Task c0a3cd4f-541d-4791-ad3b-e0c87795be37 | ITER: 6 END: OK
2019-12-27 21:22:32.290 19280 INFO rally.task.runner [-] Task c0a3cd4f-541d-4791-ad3b-e0c87795be37 | ITER: 9 START
2019-12-27 21:22:32.295 19281 INFO rally.task.runner [-] Task c0a3cd4f-541d-4791-ad3b-e0c87795be37 | ITER: 10 START
2019-12-27 21:22:32.316 19283 INFO rally.task.runner [-] Task c0a3cd4f-541d-4791-ad3b-e0c87795be37 | ITER: 7 END: OK
2019-12-27 21:22:32.336 19282 INFO rally.task.runner [-] Task c0a3cd4f-541d-4791-ad3b-e0c87795be37 | ITER: 8 END: OK
2019-12-27 21:22:32.552 19280 INFO rally.task.runner [-] Task c0a3cd4f-541d-4791-ad3b-e0c87795be37 | ITER: 9 END: OK
2019-12-27 21:22:32.572 19281 INFO rally.task.runner [-] Task c0a3cd4f-541d-4791-ad3b-e0c87795be37 | ITER: 10 END: OK
2019-12-27 21:22:32.590 19032 INFO rally.task.context [-] Task c0a3cd4f-541d-4791-ad3b-e0c87795be37 | Context admin_cleanup@openstack cleanup() started
2019-12-27 21:22:32.594 19032 RALLYDEBUG rally_openstack.cleanup.manager [-] Cleaning up cinder quotas objects
2019-12-27 21:22:32.917 19032 INFO rally.task.context [-] Task c0a3cd4f-541d-4791-ad3b-e0c87795be37 | Context admin_cleanup@openstack cleanup() finished in 0.33 sec
2019-12-27 21:22:32.918 19032 INFO rally.task.context [-] Task c0a3cd4f-541d-4791-ad3b-e0c87795be37 | Context api_versions@openstack cleanup() started
2019-12-27 21:22:32.918 19032 INFO rally.task.context [-] Task c0a3cd4f-541d-4791-ad3b-e0c87795be37 | Context api_versions@openstack cleanup() finished in 0.38 msec
2019-12-27 21:22:32.918 19032 INFO rally.task.context [-] Task c0a3cd4f-541d-4791-ad3b-e0c87795be37 | Context users@openstack cleanup() started
2019-12-27 21:22:36.210 19032 INFO rally.task.context [-] Task c0a3cd4f-541d-4791-ad3b-e0c87795be37 | Context users@openstack cleanup() finished in 3.29 sec
2019-12-27 21:22:37.843 19032 INFO rally.task.engine [-] Load duration is: 0.979097
2019-12-27 21:22:37.843 19032 INFO rally.task.engine [-] Full runner duration is: 1.019438
2019-12-27 21:22:37.844 19032 INFO rally.task.engine [-] Full duration is: 6.441065
2019-12-27 21:22:37.932 19032 INFO rally.task.engine [-] Running workload: position = 0 config = { "version": 2, "title": "A cropped version of a bigger task.", "description": "Auto-generated task from a single workload (uuid=44f50643-1ada-4569-a774-70d08d98e3c4)", "subtasks": [ { "title": "Quotas.neutron_update", "description": "Update quotas for neutron.", "scenario": { "Quotas.neutron_update": { "max_quota": 1024 } }, "contexts": { "users": { "tenants": 3, "users_per_tenant": 2 } }, "runner": { "constant": { "concurrency": 4, "times": 10 } }, "hooks": [], "sla": { "failure_rate": { "max": 0 } } } ] }
2019-12-27 21:22:37.950 19032 RALLYDEBUG rally_openstack.contexts.keystone.users [-] Creating 3 tenants using 20 threads
2019-12-27 21:22:38.640 19032 RALLYDEBUG rally_openstack.contexts.keystone.users [-] Creating 6 users using 20 threads
2019-12-27 21:22:39.618 19032 INFO rally.task.context [-] Task c0a3cd4f-541d-4791-ad3b-e0c87795be37 | Context users@openstack setup() finished in 1.67 sec
2019-12-27 21:22:39.619 19032 INFO rally.task.context [-] Task c0a3cd4f-541d-4791-ad3b-e0c87795be37 | Context admin_cleanup@openstack setup() finished in 0.02 msec
2019-12-27 21:22:39.636 19032 RALLYDEBUG rally.task.runner [-] Starting the constant runner (task UUID: c0a3cd4f-541d-4791-ad3b-e0c87795be37). times: 10 concurrency: 4 timeout: 0 max_cpu_used: 88 processes_to_start: 4 concurrency_per_worker: 1 concurrency_overhead: 0
2019-12-27 21:22:39.646 19404 RALLYDEBUG rally.task.runner [-] Starting a worker. times: 10 duration: None concurrency: 1 timeout: 0 cls: method_name: run args: {"max_quota": 1024}
2019-12-27 21:22:39.647 19405 RALLYDEBUG rally.task.runner [-] Starting a worker. times: 10 duration: None concurrency: 1 timeout: 0 cls: method_name: run args: {"max_quota": 1024}
2019-12-27 21:22:39.649 19406 RALLYDEBUG rally.task.runner [-] Starting a worker. times: 10 duration: None concurrency: 1 timeout: 0 cls: method_name: run args: {"max_quota": 1024}
2019-12-27 21:22:39.652 19407 RALLYDEBUG rally.task.runner [-] Starting a worker. times: 10 duration: None concurrency: 1 timeout: 0 cls: method_name: run args: {"max_quota": 1024}
2019-12-27 21:22:39.653 19405 INFO rally.task.runner [-] Task c0a3cd4f-541d-4791-ad3b-e0c87795be37 | ITER: 2 START
2019-12-27 21:22:39.653 19404 INFO rally.task.runner [-] Task c0a3cd4f-541d-4791-ad3b-e0c87795be37 | ITER: 1 START
2019-12-27 21:22:39.657 19406 INFO rally.task.runner [-] Task c0a3cd4f-541d-4791-ad3b-e0c87795be37 | ITER: 3 START
2019-12-27 21:22:39.658 19407 INFO rally.task.runner [-] Task c0a3cd4f-541d-4791-ad3b-e0c87795be37 | ITER: 4 START
2019-12-27 21:22:40.082 19406 INFO rally.task.runner [-] Task c0a3cd4f-541d-4791-ad3b-e0c87795be37 | ITER: 3 END: OK
2019-12-27 21:22:40.088 19406 INFO rally.task.runner [-] Task c0a3cd4f-541d-4791-ad3b-e0c87795be37 | ITER: 5 START
2019-12-27 21:22:40.090 19407 INFO rally.task.runner [-] Task c0a3cd4f-541d-4791-ad3b-e0c87795be37 | ITER: 4 END: OK
2019-12-27 21:22:40.095 19407 INFO rally.task.runner [-] Task c0a3cd4f-541d-4791-ad3b-e0c87795be37 | ITER: 6 START
2019-12-27 21:22:40.125 19405 INFO rally.task.runner [-] Task c0a3cd4f-541d-4791-ad3b-e0c87795be37 | ITER: 2 END: OK
2019-12-27 21:22:40.130 19405 INFO rally.task.runner [-] Task c0a3cd4f-541d-4791-ad3b-e0c87795be37 | ITER: 7 START
2019-12-27 21:22:40.358 19404 INFO rally.task.runner [-] Task c0a3cd4f-541d-4791-ad3b-e0c87795be37 | ITER: 1 END: OK
2019-12-27 21:22:40.363 19404 INFO rally.task.runner [-] Task c0a3cd4f-541d-4791-ad3b-e0c87795be37 | ITER: 8 START
2019-12-27 21:22:40.392 19406 INFO rally.task.runner [-] Task c0a3cd4f-541d-4791-ad3b-e0c87795be37 | ITER: 5 END: OK
2019-12-27 21:22:40.393 19407 INFO rally.task.runner [-] Task c0a3cd4f-541d-4791-ad3b-e0c87795be37 | ITER: 6 END: OK
2019-12-27 21:22:40.396 19406 INFO rally.task.runner [-] Task c0a3cd4f-541d-4791-ad3b-e0c87795be37 | ITER: 9 START
2019-12-27 21:22:40.398 19407 INFO rally.task.runner [-] Task c0a3cd4f-541d-4791-ad3b-e0c87795be37 | ITER: 10 START
2019-12-27 21:22:40.404 19405 INFO rally.task.runner [-] Task c0a3cd4f-541d-4791-ad3b-e0c87795be37 | ITER: 7 END: OK
2019-12-27 21:22:40.631 19404 INFO rally.task.runner [-] Task c0a3cd4f-541d-4791-ad3b-e0c87795be37 | ITER: 8 END: OK
2019-12-27 21:22:40.683 19407 INFO rally.task.runner [-] Task c0a3cd4f-541d-4791-ad3b-e0c87795be37 | ITER: 10 END: OK
2019-12-27 21:22:40.694 19406 INFO rally.task.runner [-] Task c0a3cd4f-541d-4791-ad3b-e0c87795be37 | ITER: 9 END: OK
2019-12-27 21:22:40.723 19032 INFO rally.task.context [-] Task c0a3cd4f-541d-4791-ad3b-e0c87795be37 | Context admin_cleanup@openstack cleanup() started
2019-12-27 21:22:40.728 19032 RALLYDEBUG rally_openstack.cleanup.manager [-] Cleaning up neutron quota objects
2019-12-27 21:22:41.076 19032 INFO rally.task.context [-] Task c0a3cd4f-541d-4791-ad3b-e0c87795be37 | Context admin_cleanup@openstack cleanup() finished in 0.35 sec
2019-12-27 21:22:41.076 19032 INFO rally.task.context [-] Task c0a3cd4f-541d-4791-ad3b-e0c87795be37 | Context users@openstack cleanup() started
2019-12-27 21:22:44.040 19032 INFO rally.task.context [-] Task c0a3cd4f-541d-4791-ad3b-e0c87795be37 | Context users@openstack cleanup() finished in 2.96 sec
2019-12-27 21:22:46.026 19032 INFO rally.task.engine [-] Load duration is: 1.038924
2019-12-27 21:22:46.026 19032 INFO rally.task.engine [-] Full runner duration is: 1.087958
2019-12-27 21:22:46.027 19032 INFO rally.task.engine [-] Full duration is: 6.091631
2019-12-27 21:22:46.120 19032 INFO rally.task.engine [-] Running workload: position = 0 config = { "version": 2, "title": "A cropped version of a bigger task.", "description": "Auto-generated task from a single workload (uuid=e1f225aa-f105-45d4-a1dd-9f23c13a7231)", "subtasks": [ { "title": "Quotas.nova_update", "description": "Update quotas for Nova.", "scenario": { "Quotas.nova_update": { "max_quota": 1024 } }, "contexts": { "users": { "tenants": 3, "users_per_tenant": 2 } }, "runner": { "constant": { "concurrency": 4, "times": 10 } }, "hooks": [], "sla": { "failure_rate": { "max": 0 } } } ] }
2019-12-27 21:22:46.140 19032 RALLYDEBUG rally_openstack.contexts.keystone.users [-] Creating 3 tenants using 20 threads
2019-12-27 21:22:46.764 19032 RALLYDEBUG rally_openstack.contexts.keystone.users [-] Creating 6 users using 20 threads
2019-12-27 21:22:47.676 19032 INFO rally.task.context [-] Task c0a3cd4f-541d-4791-ad3b-e0c87795be37 | Context users@openstack setup() finished in 1.54 sec
2019-12-27 21:22:47.677 19032 INFO rally.task.context [-] Task c0a3cd4f-541d-4791-ad3b-e0c87795be37 | Context admin_cleanup@openstack setup() finished in 0.01 msec
2019-12-27 21:22:47.685 19032 RALLYDEBUG rally.task.runner [-] Starting the constant runner (task UUID: c0a3cd4f-541d-4791-ad3b-e0c87795be37). times: 10 concurrency: 4 timeout: 0 max_cpu_used: 88 processes_to_start: 4 concurrency_per_worker: 1 concurrency_overhead: 0
2019-12-27 21:22:47.694 19528 RALLYDEBUG rally.task.runner [-] Starting a worker. times: 10 duration: None concurrency: 1 timeout: 0 cls: method_name: run args: {"max_quota": 1024}
2019-12-27 21:22:47.698 19529 RALLYDEBUG rally.task.runner [-] Starting a worker. times: 10 duration: None concurrency: 1 timeout: 0 cls: method_name: run args: {"max_quota": 1024}
2019-12-27 21:22:47.699 19528 INFO rally.task.runner [-] Task c0a3cd4f-541d-4791-ad3b-e0c87795be37 | ITER: 1 START
2019-12-27 21:22:47.701 19530 RALLYDEBUG rally.task.runner [-] Starting a worker. times: 10 duration: None concurrency: 1 timeout: 0 cls: method_name: run args: {"max_quota": 1024}
2019-12-27 21:22:47.704 19533 RALLYDEBUG rally.task.runner [-] Starting a worker. times: 10 duration: None concurrency: 1 timeout: 0 cls: method_name: run args: {"max_quota": 1024}
2019-12-27 21:22:47.705 19529 INFO rally.task.runner [-] Task c0a3cd4f-541d-4791-ad3b-e0c87795be37 | ITER: 2 START
2019-12-27 21:22:47.708 19530 INFO rally.task.runner [-] Task c0a3cd4f-541d-4791-ad3b-e0c87795be37 | ITER: 3 START
2019-12-27 21:22:47.709 19533 INFO rally.task.runner [-] Task c0a3cd4f-541d-4791-ad3b-e0c87795be37 | ITER: 4 START
2019-12-27 21:22:48.286 19529 INFO rally.task.runner [-] Task c0a3cd4f-541d-4791-ad3b-e0c87795be37 | ITER: 2 END: OK
2019-12-27 21:22:48.292 19529 INFO rally.task.runner [-] Task c0a3cd4f-541d-4791-ad3b-e0c87795be37 | ITER: 5 START
2019-12-27 21:22:48.312 19533 INFO rally.task.runner [-] Task c0a3cd4f-541d-4791-ad3b-e0c87795be37 | ITER: 4 END: OK
2019-12-27 21:22:48.317 19533 INFO rally.task.runner [-] Task c0a3cd4f-541d-4791-ad3b-e0c87795be37 | ITER: 6 START
2019-12-27 21:22:48.413 19530 INFO rally.task.runner [-] Task c0a3cd4f-541d-4791-ad3b-e0c87795be37 | ITER: 3 END: OK
2019-12-27 21:22:48.419 19530 INFO rally.task.runner [-] Task c0a3cd4f-541d-4791-ad3b-e0c87795be37 | ITER: 7 START
2019-12-27 21:22:48.480 19528 INFO rally.task.runner [-] Task c0a3cd4f-541d-4791-ad3b-e0c87795be37 | ITER: 1 END: OK
2019-12-27 21:22:48.485 19528 INFO rally.task.runner [-] Task c0a3cd4f-541d-4791-ad3b-e0c87795be37 | ITER: 8 START
2019-12-27 21:22:48.812 19529 INFO rally.task.runner [-] Task c0a3cd4f-541d-4791-ad3b-e0c87795be37 | ITER: 5 END: OK
2019-12-27 21:22:48.817 19529 INFO rally.task.runner [-] Task c0a3cd4f-541d-4791-ad3b-e0c87795be37 | ITER: 9 START
2019-12-27 21:22:48.822 19533 INFO rally.task.runner [-] Task c0a3cd4f-541d-4791-ad3b-e0c87795be37 | ITER: 6 END: OK
2019-12-27 21:22:48.827 19533 INFO rally.task.runner [-] Task c0a3cd4f-541d-4791-ad3b-e0c87795be37 | ITER: 10 START
2019-12-27 21:22:48.976 19530 INFO rally.task.runner [-] Task c0a3cd4f-541d-4791-ad3b-e0c87795be37 | ITER: 7 END: OK
2019-12-27 21:22:49.000 19528 INFO rally.task.runner [-] Task c0a3cd4f-541d-4791-ad3b-e0c87795be37 | ITER: 8 END: OK
2019-12-27 21:22:49.282 19529 INFO rally.task.runner [-] Task c0a3cd4f-541d-4791-ad3b-e0c87795be37 | ITER: 9 END: OK
2019-12-27 21:22:49.319 19533 INFO rally.task.runner [-] Task c0a3cd4f-541d-4791-ad3b-e0c87795be37 | ITER: 10 END: OK
2019-12-27 21:22:49.345 19032 INFO rally.task.context [-] Task c0a3cd4f-541d-4791-ad3b-e0c87795be37 | Context admin_cleanup@openstack cleanup() started
2019-12-27 21:22:49.349 19032 RALLYDEBUG rally_openstack.cleanup.manager [-] Cleaning up nova quotas objects
2019-12-27 21:22:49.682 19032 INFO rally.task.context [-] Task c0a3cd4f-541d-4791-ad3b-e0c87795be37 | Context admin_cleanup@openstack cleanup() finished in 0.34 sec
2019-12-27 21:22:49.683 19032 INFO rally.task.context [-] Task c0a3cd4f-541d-4791-ad3b-e0c87795be37 | Context users@openstack cleanup() started
2019-12-27 21:22:52.528 19032 INFO rally.task.context [-] Task c0a3cd4f-541d-4791-ad3b-e0c87795be37 | Context users@openstack cleanup() finished in 2.85 sec
2019-12-27 21:22:54.299 19032 INFO rally.task.engine [-] Load duration is: 1.618369
2019-12-27 21:22:54.299 19032 INFO rally.task.engine [-] Full runner duration is: 1.659738
2019-12-27 21:22:54.299 19032 INFO rally.task.engine [-] Full duration is: 6.389812
2019-12-27 21:22:54.378 19032 INFO rally.task.engine [-] Task c0a3cd4f-541d-4791-ad3b-e0c87795be37 | Completed: Running task.
2019-12-27 21:22:56.007 19610 RALLYDEBUG rally.api [-] INFO logs from urllib3 and requests module are hide.
2019-12-27 21:22:56.008 19610 RALLYDEBUG rally.api [-] urllib3 insecure warnings are hidden.
2019-12-27 21:22:56.008 19610 RALLYDEBUG rally.api [-] ERROR log from boto module is hide.
2019-12-27 21:22:57.425 19611 RALLYDEBUG rally.api [-] INFO logs from urllib3 and requests module are hide.
2019-12-27 21:22:57.426 19611 RALLYDEBUG rally.api [-] urllib3 insecure warnings are hidden.
2019-12-27 21:22:57.426 19611 RALLYDEBUG rally.api [-] ERROR log from boto module is hide.
2019-12-27 21:22:58.925 19612 RALLYDEBUG rally.api [-] INFO logs from urllib3 and requests module are hide.
2019-12-27 21:22:58.925 19612 RALLYDEBUG rally.api [-] urllib3 insecure warnings are hidden.
2019-12-27 21:22:58.925 19612 RALLYDEBUG rally.api [-] ERROR log from boto module is hide.
2019-12-27 21:23:00.984 19612 INFO rally.api [-] Building 'json' report for the following task(s): 'c0a3cd4f-541d-4791-ad3b-e0c87795be37'.
2019-12-27 21:23:00.995 19612 INFO rally.api [-] The report has been successfully built.
2019-12-27 21:23:02.558 19614 RALLYDEBUG rally.api [-] INFO logs from urllib3 and requests module are hide.
2019-12-27 21:23:02.558 19614 RALLYDEBUG rally.api [-] urllib3 insecure warnings are hidden.
2019-12-27 21:23:02.559 19614 RALLYDEBUG rally.api [-] ERROR log from boto module is hide.
2019-12-27 21:23:04.770 19614 INFO rally.task.engine [-] Task 917f1822-1298-43b7-8c20-63b1fb7ee938 | Starting: Task validation.
2019-12-27 21:23:04.784 19614 INFO rally.task.engine [-] Task 917f1822-1298-43b7-8c20-63b1fb7ee938 | Starting: Task validation of syntax.
2019-12-27 21:23:04.852 19614 INFO rally.task.engine [-] Task 917f1822-1298-43b7-8c20-63b1fb7ee938 | Completed: Task validation of syntax.
2019-12-27 21:23:04.852 19614 INFO rally.task.engine [-] Task 917f1822-1298-43b7-8c20-63b1fb7ee938 | Starting: Task validation of required platforms.
2019-12-27 21:23:04.894 19614 INFO rally.task.engine [-] Task 917f1822-1298-43b7-8c20-63b1fb7ee938 | Completed: Task validation of required platforms.
2019-12-27 21:23:04.894 19614 INFO rally.task.engine [-] Task 917f1822-1298-43b7-8c20-63b1fb7ee938 | Starting: Task validation of semantic.
2019-12-27 21:23:04.894 19614 INFO rally.task.engine [-] Check health of the environment 'e151d040-daae-43ef-bd55-07744aa69403'.
2019-12-27 21:23:05.372 19614 INFO rally.task.engine [-] Platform existing@openstack (available: True): OK!
2019-12-27 21:23:05.387 19614 RALLYDEBUG rally_openstack.contexts.keystone.users [-] Creating 1 tenants using 20 threads
2019-12-27 21:23:05.711 19614 RALLYDEBUG rally_openstack.contexts.keystone.users [-] Creating 1 users using 20 threads
2019-12-27 21:23:06.388 19614 INFO rally.task.context [-] Task 917f1822-1298-43b7-8c20-63b1fb7ee938 | Context users@openstack setup() finished in 1.00 sec
2019-12-27 21:23:06.786 19614 INFO rally.task.context [-] Task 917f1822-1298-43b7-8c20-63b1fb7ee938 | Context users@openstack cleanup() started
2019-12-27 21:23:08.621 19614 INFO rally.task.context [-] Task 917f1822-1298-43b7-8c20-63b1fb7ee938 | Context users@openstack cleanup() finished in 1.84 sec
