2019-12-27 20:59:07.243 9723 RALLYDEBUG rally_openstack.cleanup.manager [-] Deleting keystone.user object s_rally_bcd52490_BHjwXxjE (b44c39f7ad0448f69887f87ce2b3ed62)
2019-12-27 20:59:07.261 9723 RALLYDEBUG rally_openstack.cleanup.manager [-] Deleting keystone.user object s_rally_bcd52490_29wpvjc4 (b622ca6dc4294bd8b396bb3bae372c95)
2019-12-27 20:59:07.300 9723 RALLYDEBUG rally_openstack.cleanup.manager [-] Deleting keystone.user object s_rally_bcd52490_S2nkzAjb (b82595905e2940fb9030113142daa4f6)
2019-12-27 20:59:07.411 9723 RALLYDEBUG rally_openstack.cleanup.manager [-] Deleting keystone.user object s_rally_bcd52490_uZG5NVo0 (c2fe61095e304bd68b0b0db702a4e503)
2019-12-27 20:59:07.705 9723 RALLYDEBUG rally_openstack.cleanup.manager [-] Deleting keystone.user object s_rally_bcd52490_XZ9YNV8h (cbfbe2bccf0e4da4883eaa29479f6812)
2019-12-27 20:59:07.894 9723 RALLYDEBUG rally_openstack.cleanup.manager [-] Deleting keystone.user object s_rally_bcd52490_g85BAPpp (d2a6d3dcf6ea4b8aaa33d50498685974)
2019-12-27 20:59:07.961 9723 RALLYDEBUG rally_openstack.cleanup.manager [-] Deleting keystone.user object s_rally_bcd52490_vGTss8JU (d4bf0a5cd43645fc9243586ae3fd7f61)
2019-12-27 20:59:07.983 9723 RALLYDEBUG rally_openstack.cleanup.manager [-] Deleting keystone.user object s_rally_bcd52490_brYL8XnP (d4e556216e3e43a6b9a1ac3c9f83e1f7)
2019-12-27 20:59:08.033 9723 RALLYDEBUG rally_openstack.cleanup.manager [-] Deleting keystone.user object s_rally_bcd52490_GIuKNRTt (d8cf1bef001e4961b41f5028cb121b54)
2019-12-27 20:59:08.217 9723 RALLYDEBUG rally_openstack.cleanup.manager [-] Deleting keystone.user object s_rally_bcd52490_IOb4kLPb (da81b50a02a245b3a5163e717ad926a5)
2019-12-27 20:59:08.264 9723 RALLYDEBUG rally_openstack.cleanup.manager [-] Deleting keystone.user object s_rally_bcd52490_twG2UoHJ (dd02c2bf5419463aae7bc7c0fb75af16)
2019-12-27 20:59:08.373 9723 RALLYDEBUG rally_openstack.cleanup.manager [-] Deleting keystone.user object s_rally_bcd52490_zn9omZxx (dd8475ad3573451dae2ad1225fc549a5)
2019-12-27 20:59:08.377 9723 RALLYDEBUG rally_openstack.cleanup.manager [-] Deleting keystone.user object s_rally_bcd52490_8Kxa5Nj5 (dd999398bcfa4d8db47ca2c2ea4084c3)
2019-12-27 20:59:08.611 9723 RALLYDEBUG rally_openstack.cleanup.manager [-] Deleting keystone.user object s_rally_bcd52490_midj97Lr (de73d9d2f029465bb4656e5518e78475)
2019-12-27 20:59:08.760 9723 RALLYDEBUG rally_openstack.cleanup.manager [-] Deleting keystone.user object s_rally_bcd52490_X036MBGT (e3012746954440ca925cb9aaf1e33981)
2019-12-27 20:59:08.771 9723 RALLYDEBUG rally_openstack.cleanup.manager [-] Deleting keystone.user object s_rally_bcd52490_tKbLrfQW (e3593cbbe106459196df5b3f1ab2eac9)
2019-12-27 20:59:08.859 9723 RALLYDEBUG rally_openstack.cleanup.manager [-] Deleting keystone.user object s_rally_bcd52490_b26ES3Vg (e39d758c520b4ff7a2df9d039dc6c6c2)
2019-12-27 20:59:08.919 9723 RALLYDEBUG rally_openstack.cleanup.manager [-] Deleting keystone.user object s_rally_bcd52490_GgHvP91e (e92d02e90a6c4828b2ef7a915dfded1c)
2019-12-27 20:59:08.945 9723 RALLYDEBUG rally_openstack.cleanup.manager [-] Deleting keystone.user object s_rally_bcd52490_jRmr5qbW (ea95b6c82cc245f8809ed64af7feb0e5)
2019-12-27 20:59:08.968 9723 RALLYDEBUG rally_openstack.cleanup.manager [-] Deleting keystone.user object s_rally_bcd52490_dYj8Ncro (ed8a3cd4aa434c04bc9d8c87456d424c)
2019-12-27 20:59:08.971 9723 RALLYDEBUG rally_openstack.cleanup.manager [-] Deleting keystone.user object s_rally_bcd52490_F2rch1ZV (f0a71ef9061b4a0e969fe63bb5bf586a)
2019-12-27 20:59:08.977 9723 RALLYDEBUG rally_openstack.cleanup.manager [-] Deleting keystone.user object s_rally_bcd52490_Gp7P9Ci1 (f8adfa332a9e4399933e60a5f2d286a3)
2019-12-27 20:59:09.013 9723 RALLYDEBUG rally_openstack.cleanup.manager [-] Deleting keystone.user object s_rally_bcd52490_u1g47ZyZ (f93f8eb8b5dc45578bd3dfa1e9fec891)
2019-12-27 20:59:09.102 9723 RALLYDEBUG rally_openstack.cleanup.manager [-] Deleting keystone.user object s_rally_bcd52490_OR1UVj3g (fa9e05604e4146788e3881a8e7bf8976)
2019-12-27 20:59:10.606 9723 RALLYDEBUG rally_openstack.cleanup.manager [-] Cleaning up keystone project objects
2019-12-27 20:59:10.926 9723 RALLYDEBUG rally_openstack.cleanup.manager [-] Deleting keystone.project object s_rally_bcd52490_En1Rfieg (14e0db7dbd3346b6baef49ff93ccbb82)
2019-12-27 20:59:10.947 9723 RALLYDEBUG rally_openstack.cleanup.manager [-] Deleting keystone.project object s_rally_bcd52490_UwSwLR1T (4416d01ce8e2496cbcf004d55b27d002)
2019-12-27 20:59:10.956 9723 RALLYDEBUG rally_openstack.cleanup.manager [-] Deleting keystone.project object s_rally_bcd52490_E7M2OwLc (489b859a26674194a9e7dc6d65c54b34)
2019-12-27 20:59:10.974 9723 RALLYDEBUG rally_openstack.cleanup.manager [-] Deleting keystone.project object s_rally_bcd52490_rNqHUscP (65db47e537e3411c82768fcb04f361b8)
2019-12-27 20:59:10.985 9723 RALLYDEBUG rally_openstack.cleanup.manager [-] Deleting keystone.project object s_rally_bcd52490_7vKevrnK (68ef8ea1792d44369ed8c73816bfc247)
2019-12-27 20:59:10.996 9723 RALLYDEBUG rally_openstack.cleanup.manager [-] Deleting keystone.project object s_rally_bcd52490_YldmpIFB (7903280455af49a699574032eeef4fe8)
2019-12-27 20:59:11.010 9723 RALLYDEBUG rally_openstack.cleanup.manager [-] Deleting keystone.project object s_rally_bcd52490_waVgMJZr (7f3701003dae4c87abba6c038069cf91)
2019-12-27 20:59:11.024 9723 RALLYDEBUG rally_openstack.cleanup.manager [-] Deleting keystone.project object s_rally_bcd52490_gizpHiPH (8bbf13ec22884936bcbb8f0cb2637e09)
2019-12-27 20:59:11.034 9723 RALLYDEBUG rally_openstack.cleanup.manager [-] Deleting keystone.project object s_rally_bcd52490_Zb2V4FXY (8217c9113eff44608b947b9ce559e904)
2019-12-27 20:59:11.103 9723 RALLYDEBUG rally_openstack.cleanup.manager [-] Deleting keystone.project object s_rally_bcd52490_8ZFZiw5A (ca96e374f8fe4447b400f2e16447608d)
2019-12-27 20:59:12.721 9723 RALLYDEBUG rally_openstack.cleanup.manager [-] Cleaning up keystone service objects
2019-12-27 20:59:13.064 9723 RALLYDEBUG rally_openstack.cleanup.manager [-] Cleaning up keystone role objects
2019-12-27 20:59:13.352 9723 INFO rally.task.context [-] Task 0b760801-33c9-433d-9dc3-591e78e9c5b4 | Context admin_cleanup@openstack cleanup() finished in 12.39 sec
2019-12-27 20:59:13.353 9723 INFO rally.task.context [-] Task 0b760801-33c9-433d-9dc3-591e78e9c5b4 | Context users@openstack cleanup() started
2019-12-27 20:59:14.927 9723 INFO rally.task.context [-] Task 0b760801-33c9-433d-9dc3-591e78e9c5b4 | Context users@openstack cleanup() finished in 1.57 sec
2019-12-27 20:59:16.843 9723 INFO rally.task.engine [-] Load duration is: 14.9653
2019-12-27 20:59:16.844 9723 INFO rally.task.engine [-] Full runner duration is: 15.383684
2019-12-27 20:59:16.844 9723 INFO rally.task.engine [-] Full duration is: 30.30946
2019-12-27 20:59:16.935 9723 INFO rally.task.engine [-] Task 0b760801-33c9-433d-9dc3-591e78e9c5b4 | Completed: Running task.
2019-12-27 20:59:18.694 11829 RALLYDEBUG rally.api [-] INFO logs from urllib3 and requests module are hide.
2019-12-27 20:59:18.695 11829 RALLYDEBUG rally.api [-] urllib3 insecure warnings are hidden.
2019-12-27 20:59:18.695 11829 RALLYDEBUG rally.api [-] ERROR log from boto module is hide.
2019-12-27 20:59:20.219 11830 RALLYDEBUG rally.api [-] INFO logs from urllib3 and requests module are hide.
2019-12-27 20:59:20.219 11830 RALLYDEBUG rally.api [-] urllib3 insecure warnings are hidden.
2019-12-27 20:59:20.219 11830 RALLYDEBUG rally.api [-] ERROR log from boto module is hide.
2019-12-27 20:59:21.743 11831 RALLYDEBUG rally.api [-] INFO logs from urllib3 and requests module are hide.
2019-12-27 20:59:21.743 11831 RALLYDEBUG rally.api [-] urllib3 insecure warnings are hidden.
2019-12-27 20:59:21.743 11831 RALLYDEBUG rally.api [-] ERROR log from boto module is hide.
2019-12-27 20:59:23.919 11831 INFO rally.api [-] Building 'json' report for the following task(s): '0b760801-33c9-433d-9dc3-591e78e9c5b4'.
2019-12-27 20:59:23.956 11831 INFO rally.api [-] The report has been successfully built.
2019-12-27 20:59:25.473 11833 RALLYDEBUG rally.api [-] INFO logs from urllib3 and requests module are hide.
2019-12-27 20:59:25.473 11833 RALLYDEBUG rally.api [-] urllib3 insecure warnings are hidden.
2019-12-27 20:59:25.474 11833 RALLYDEBUG rally.api [-] ERROR log from boto module is hide.
2019-12-27 20:59:27.825 11833 INFO rally.task.engine [-] Task e3573ce4-dbb4-4a7a-8f0d-31f6218d09b9 | Starting: Task validation.
2019-12-27 20:59:27.838 11833 INFO rally.task.engine [-] Task e3573ce4-dbb4-4a7a-8f0d-31f6218d09b9 | Starting: Task validation of syntax.
2019-12-27 20:59:28.177 11833 INFO rally.task.engine [-] Task e3573ce4-dbb4-4a7a-8f0d-31f6218d09b9 | Completed: Task validation of syntax.
2019-12-27 20:59:28.178 11833 INFO rally.task.engine [-] Task e3573ce4-dbb4-4a7a-8f0d-31f6218d09b9 | Starting: Task validation of required platforms.
2019-12-27 20:59:28.333 11833 INFO rally.task.engine [-] Task e3573ce4-dbb4-4a7a-8f0d-31f6218d09b9 | Completed: Task validation of required platforms.
2019-12-27 20:59:28.334 11833 INFO rally.task.engine [-] Task e3573ce4-dbb4-4a7a-8f0d-31f6218d09b9 | Starting: Task validation of semantic.
2019-12-27 20:59:28.334 11833 INFO rally.task.engine [-] Check health of the environment 'e151d040-daae-43ef-bd55-07744aa69403'.
2019-12-27 20:59:28.853 11833 INFO rally.task.engine [-] Platform existing@openstack (available: True): OK!
2019-12-27 20:59:28.867 11833 RALLYDEBUG rally_openstack.contexts.keystone.users [-] Creating 1 tenants using 20 threads
2019-12-27 20:59:29.225 11833 RALLYDEBUG rally_openstack.contexts.keystone.users [-] Creating 1 users using 20 threads
2019-12-27 20:59:29.834 11833 INFO rally.task.context [-] Task e3573ce4-dbb4-4a7a-8f0d-31f6218d09b9 | Context users@openstack setup() finished in 0.97 sec
2019-12-27 20:59:31.467 11833 INFO rally.task.context [-] Task e3573ce4-dbb4-4a7a-8f0d-31f6218d09b9 | Context users@openstack cleanup() started
2019-12-27 20:59:32.959 11833 INFO rally.task.context [-] Task e3573ce4-dbb4-4a7a-8f0d-31f6218d09b9 | Context users@openstack cleanup() finished in 1.49 sec
2019-12-27 20:59:32.960 11833 INFO rally.task.engine [-] Task e3573ce4-dbb4-4a7a-8f0d-31f6218d09b9 | Completed: Task validation of semantic.
2019-12-27 20:59:32.960 11833 INFO rally.task.engine [-] Task e3573ce4-dbb4-4a7a-8f0d-31f6218d09b9 | Completed: Task validation.
2019-12-27 20:59:32.961 11833 INFO rally.api [-] Task e3573ce4-dbb4-4a7a-8f0d-31f6218d09b9 input file is valid.
2019-12-27 20:59:32.961 11833 INFO rally.api [-] Run Task e3573ce4-dbb4-4a7a-8f0d-31f6218d09b9 against Deployment e151d040-daae-43ef-bd55-07744aa69403
2019-12-27 20:59:32.962 11833 INFO rally.task.engine [-] Task e3573ce4-dbb4-4a7a-8f0d-31f6218d09b9 | Starting: Running task.
2019-12-27 20:59:33.028 11833 INFO rally.task.engine [-] Running workload: position = 0 config = { "version": 2, "title": "A cropped version of a bigger task.", "description": "Auto-generated task from a single workload (uuid=33e40130-370f-41c6-8c17-9c8f618f6a4e)", "subtasks": [ { "title": "NeutronNetworks.create_and_update_networks", "description": "Create and update a network.", "scenario": { "NeutronNetworks.create_and_update_networks": { "network_create_args": {}, "network_update_args": { "admin_state_up": false } } }, "contexts": { "users": { "tenants": 3, "users_per_tenant": 2 }, "quotas": { "neutron": { "network": -1 } } }, "runner": { "constant": { "concurrency": 4, "times": 10 } }, "hooks": [], "sla": { "failure_rate": { "max": 0 } } } ] }
2019-12-27 20:59:33.047 11833 RALLYDEBUG rally_openstack.contexts.keystone.users [-] Creating 3 tenants using 20 threads
2019-12-27 20:59:33.517 11833 RALLYDEBUG rally_openstack.contexts.keystone.users [-] Creating 6 users using 20 threads
2019-12-27 20:59:34.442 11833 INFO rally.task.context [-] Task e3573ce4-dbb4-4a7a-8f0d-31f6218d09b9 | Context users@openstack setup() finished in 1.39 sec
2019-12-27 20:59:34.774 11833 INFO rally.task.context [-] Task e3573ce4-dbb4-4a7a-8f0d-31f6218d09b9 | Context quotas@openstack setup() finished in 0.33 sec
2019-12-27 20:59:34.775 11833 INFO rally.task.context [-] Task e3573ce4-dbb4-4a7a-8f0d-31f6218d09b9 | Context cleanup@openstack setup() finished in 0.13 msec
2019-12-27 20:59:34.786 11833 RALLYDEBUG rally.task.runner [-] Starting the constant runner (task UUID: e3573ce4-dbb4-4a7a-8f0d-31f6218d09b9). times: 10 concurrency: 4 timeout: 0 max_cpu_used: 88 processes_to_start: 4 concurrency_per_worker: 1 concurrency_overhead: 0
2019-12-27 20:59:34.798 11957 RALLYDEBUG rally.task.runner [-] Starting a worker. times: 10 duration: None concurrency: 1 timeout: 0 cls: method_name: run args: {"network_create_args": {}, "network_update_args": {"admin_state_up": false}}
2019-12-27 20:59:34.801 11958 RALLYDEBUG rally.task.runner [-] Starting a worker. times: 10 duration: None concurrency: 1 timeout: 0 cls: method_name: run args: {"network_create_args": {}, "network_update_args": {"admin_state_up": false}}
2019-12-27 20:59:34.803 11959 RALLYDEBUG rally.task.runner [-] Starting a worker. times: 10 duration: None concurrency: 1 timeout: 0 cls: method_name: run args: {"network_create_args": {}, "network_update_args": {"admin_state_up": false}}
2019-12-27 20:59:34.806 11957 INFO rally.task.runner [-] Task e3573ce4-dbb4-4a7a-8f0d-31f6218d09b9 | ITER: 1 START
2019-12-27 20:59:34.805 11960 RALLYDEBUG rally.task.runner [-] Starting a worker. times: 10 duration: None concurrency: 1 timeout: 0 cls: method_name: run args: {"network_create_args": {}, "network_update_args": {"admin_state_up": false}}
2019-12-27 20:59:34.808 11958 INFO rally.task.runner [-] Task e3573ce4-dbb4-4a7a-8f0d-31f6218d09b9 | ITER: 2 START
2019-12-27 20:59:34.808 11959 INFO rally.task.runner [-] Task e3573ce4-dbb4-4a7a-8f0d-31f6218d09b9 | ITER: 3 START
2019-12-27 20:59:34.811 11960 INFO rally.task.runner [-] Task e3573ce4-dbb4-4a7a-8f0d-31f6218d09b9 | ITER: 4 START
2019-12-27 20:59:36.195 11959 INFO rally.task.runner [-] Task e3573ce4-dbb4-4a7a-8f0d-31f6218d09b9 | ITER: 3 END: OK
2019-12-27 20:59:36.196 11958 INFO rally.task.runner [-] Task e3573ce4-dbb4-4a7a-8f0d-31f6218d09b9 | ITER: 2 END: OK
2019-12-27 20:59:36.201 11959 INFO rally.task.runner [-] Task e3573ce4-dbb4-4a7a-8f0d-31f6218d09b9 | ITER: 5 START
2019-12-27 20:59:36.202 11958 INFO rally.task.runner [-] Task e3573ce4-dbb4-4a7a-8f0d-31f6218d09b9 | ITER: 6 START
2019-12-27 20:59:37.064 11957 INFO rally.task.runner [-] Task e3573ce4-dbb4-4a7a-8f0d-31f6218d09b9 | ITER: 1 END: OK
2019-12-27 20:59:37.070 11957 INFO rally.task.runner [-] Task e3573ce4-dbb4-4a7a-8f0d-31f6218d09b9 | ITER: 7 START
2019-12-27 20:59:37.177 11958 INFO rally.task.runner [-] Task e3573ce4-dbb4-4a7a-8f0d-31f6218d09b9 | ITER: 6 END: OK
2019-12-27 20:59:37.183 11958 INFO rally.task.runner [-] Task e3573ce4-dbb4-4a7a-8f0d-31f6218d09b9 | ITER: 8 START
2019-12-27 20:59:37.294 11960 INFO rally.task.runner [-] Task e3573ce4-dbb4-4a7a-8f0d-31f6218d09b9 | ITER: 4 END: OK
2019-12-27 20:59:37.300 11960 INFO rally.task.runner [-] Task e3573ce4-dbb4-4a7a-8f0d-31f6218d09b9 | ITER: 9 START
2019-12-27 20:59:37.588 11959 INFO rally.task.runner [-] Task e3573ce4-dbb4-4a7a-8f0d-31f6218d09b9 | ITER: 5 END: OK
2019-12-27 20:59:37.593 11959 INFO rally.task.runner [-] Task e3573ce4-dbb4-4a7a-8f0d-31f6218d09b9 | ITER: 10 START
2019-12-27 20:59:38.139 11957 INFO rally.task.runner [-] Task e3573ce4-dbb4-4a7a-8f0d-31f6218d09b9 | ITER: 7 END: OK
2019-12-27 20:59:38.532 11958 INFO rally.task.runner [-] Task e3573ce4-dbb4-4a7a-8f0d-31f6218d09b9 | ITER: 8 END: OK
2019-12-27 20:59:38.671 11959 INFO rally.task.runner [-] Task e3573ce4-dbb4-4a7a-8f0d-31f6218d09b9 | ITER: 10 END: OK
2019-12-27 20:59:38.680 11960 INFO rally.task.runner [-] Task e3573ce4-dbb4-4a7a-8f0d-31f6218d09b9 | ITER: 9 END: OK
2019-12-27 20:59:38.702 11833 INFO rally.task.context [-] Task e3573ce4-dbb4-4a7a-8f0d-31f6218d09b9 | Context cleanup@openstack cleanup() started
2019-12-27 20:59:38.706 11833 RALLYDEBUG rally_openstack.cleanup.manager [-] Cleaning up neutron vip objects
2019-12-27 20:59:39.286 11833 RALLYDEBUG rally_openstack.cleanup.manager [-] Cleaning up neutron health_monitor objects
2019-12-27 20:59:39.736 11833 RALLYDEBUG rally_openstack.cleanup.manager [-] Cleaning up neutron pool objects
2019-12-27 20:59:40.186 11833 RALLYDEBUG rally_openstack.cleanup.manager [-] Cleaning up neutron loadbalancer objects
2019-12-27 20:59:40.654 11833 RALLYDEBUG rally_openstack.cleanup.manager [-] Cleaning up neutron floatingip objects
2019-12-27 20:59:41.267 11833 RALLYDEBUG rally_openstack.cleanup.manager [-] Cleaning up neutron trunk objects
2019-12-27 20:59:41.848 11833 RALLYDEBUG rally_openstack.cleanup.manager [-] Cleaning up neutron port objects
2019-12-27 20:59:42.435 11833 RALLYDEBUG rally_openstack.cleanup.manager [-] Cleaning up neutron subnet objects
2019-12-27 20:59:42.988 11833 RALLYDEBUG rally_openstack.cleanup.manager [-] Cleaning up neutron network objects
2019-12-27 20:59:43.671 11833 RALLYDEBUG rally_openstack.cleanup.manager [-] Deleting neutron.network object s_rally_33e40130_dwbUR8qe (7b8a8c40-34ee-4fe9-a605-48674dfa7e2b)
2019-12-27 20:59:43.681 11833 RALLYDEBUG rally_openstack.cleanup.manager [-] Deleting neutron.network object s_rally_33e40130_wbeJpNB8 (805f6aa6-0a6c-40e7-9eb1-b3de69b6234e)
2019-12-27 20:59:43.687 11833 RALLYDEBUG rally_openstack.cleanup.manager [-] Deleting neutron.network object s_rally_33e40130_08uqcoTO (839ddbbd-eb4b-4376-9cd5-1d4f6b05fb25)
2019-12-27 20:59:43.702 11833 RALLYDEBUG rally_openstack.cleanup.manager [-] Deleting neutron.network object s_rally_33e40130_b8FdqejE (98a9d972-8746-4f66-9e1c-104192f8f143)
2019-12-27 20:59:43.714 11833 RALLYDEBUG rally_openstack.cleanup.manager [-] Deleting neutron.network object s_rally_33e40130_hPmELGZ1 (c1f932a6-b5ad-45ff-b8d1-a6fa034d84b9)
2019-12-27 20:59:43.721 11833 RALLYDEBUG rally_openstack.cleanup.manager [-] Deleting neutron.network object s_rally_33e40130_E4MLGZmz (f3c130ce-c365-4653-8779-cda50393ee0d)
2019-12-27 20:59:43.742 11833 RALLYDEBUG rally_openstack.cleanup.manager [-] Deleting neutron.network object s_rally_33e40130_zWoTizdS (16ed0e70-6d85-4419-a94d-2c01fd0ecf57)
2019-12-27 20:59:43.760 11833 RALLYDEBUG rally_openstack.cleanup.manager [-] Deleting neutron.network object s_rally_33e40130_QMoSdKcv (55bd9f0c-d7b2-4e1d-a88f-3c314dbfb5f1)
2019-12-27 20:59:43.773 11833 RALLYDEBUG rally_openstack.cleanup.manager [-] Deleting neutron.network object s_rally_33e40130_nQTvgqbI (60113c90-10f7-4d58-b986-b5eeeeb01d23)
2019-12-27 20:59:43.792 11833 RALLYDEBUG rally_openstack.cleanup.manager [-] Deleting neutron.network object s_rally_33e40130_FzCrCFMX (8bf1131c-f420-4de3-bcdd-82ea40a5d3a1)
2019-12-27 20:59:46.464 11833 RALLYDEBUG rally_openstack.cleanup.manager [-] Cleaning up neutron router objects
2019-12-27 20:59:47.159 11833 RALLYDEBUG rally_openstack.cleanup.manager [-] Cleaning up neutron security_group objects
2019-12-27 20:59:47.809 11833 INFO rally.task.context [-] Task e3573ce4-dbb4-4a7a-8f0d-31f6218d09b9 | Context cleanup@openstack cleanup() finished in 9.11 sec
2019-12-27 20:59:47.810 11833 INFO rally.task.context [-] Task e3573ce4-dbb4-4a7a-8f0d-31f6218d09b9 | Context quotas@openstack cleanup() started
2019-12-27 20:59:47.869 11833 INFO rally.task.context [-] Task e3573ce4-dbb4-4a7a-8f0d-31f6218d09b9 | Context quotas@openstack cleanup() finished in 58.65 msec
2019-12-27 20:59:47.870 11833 INFO rally.task.context [-] Task e3573ce4-dbb4-4a7a-8f0d-31f6218d09b9 | Context users@openstack cleanup() started
2019-12-27 20:59:50.527 11833 INFO rally.task.context [-] Task e3573ce4-dbb4-4a7a-8f0d-31f6218d09b9 | Context users@openstack cleanup() finished in 2.66 sec
2019-12-27 20:59:51.159 11833 INFO rally.task.engine [-] Load duration is: 3.872955
2019-12-27 20:59:51.160 11833 INFO rally.task.engine [-] Full runner duration is: 3.915712
2019-12-27 20:59:51.160 11833 INFO rally.task.engine [-] Full duration is: 17.482129
2019-12-27 20:59:51.255 11833 INFO rally.task.engine [-] Running workload: position = 0 config = { "version": 2, "title": "A cropped version of a bigger task.", "description": "Auto-generated task from a single workload (uuid=912c268c-9d1f-4be4-88a8-45fbcc4bdb3a)", "subtasks": [ { "title": "NeutronNetworks.create_and_update_ports", "description": "Create and update a given number of ports.", "scenario": { "NeutronNetworks.create_and_update_ports": { "network_create_args": {}, "port_create_args": {}, "port_update_args": { "admin_state_up": false, "device_id": "dummy_id", "device_owner": "dummy_owner" }, "ports_per_network": 1 } }, "contexts": { "users": { "tenants": 3, "users_per_tenant": 2 }, "network": { "router": {} }, "quotas": { "neutron": { "network": -1, "port": -1 } } }, "runner": { "constant": { "concurrency": 4, "times": 10 } }, "hooks": [], "sla": { "failure_rate": { "max": 0 } } } ] }
2019-12-27 20:59:51.280 11833 RALLYDEBUG rally_openstack.contexts.keystone.users [-] Creating 3 tenants using 20 threads
2019-12-27 20:59:51.913 11833 RALLYDEBUG rally_openstack.contexts.keystone.users [-] Creating 6 users using 20 threads
2019-12-27 20:59:52.696 11833 INFO rally.task.context [-] Task e3573ce4-dbb4-4a7a-8f0d-31f6218d09b9 | Context users@openstack setup() finished in 1.42 sec
2019-12-27 20:59:53.307 11833 INFO rally.task.context [-] Task e3573ce4-dbb4-4a7a-8f0d-31f6218d09b9 | Context quotas@openstack setup() finished in 0.61 sec
2019-12-27 20:59:53.769 11833 RALLYDEBUG rally_openstack.wrappers.network [-] CIDR generated: 10.2.0.0/24
2019-12-27 20:59:54.839 11833 RALLYDEBUG rally_openstack.wrappers.network [-] CIDR generated: 10.2.1.0/24
2019-12-27 20:59:55.635 11833 RALLYDEBUG rally_openstack.wrappers.network [-] CIDR generated: 10.2.2.0/24
2019-12-27 20:59:56.455 11833 INFO rally.task.context [-] Task e3573ce4-dbb4-4a7a-8f0d-31f6218d09b9 | Context network@openstack setup() finished in 3.15 sec
2019-12-27 20:59:56.456 11833 INFO rally.task.context [-] Task e3573ce4-dbb4-4a7a-8f0d-31f6218d09b9 | Context cleanup@openstack setup() finished in 0.04 msec
2019-12-27 20:59:56.462 11833 RALLYDEBUG rally.task.runner [-] Starting the constant runner (task UUID: e3573ce4-dbb4-4a7a-8f0d-31f6218d09b9). times: 10 concurrency: 4 timeout: 0 max_cpu_used: 88 processes_to_start: 4 concurrency_per_worker: 1 concurrency_overhead: 0
2019-12-27 20:59:56.473 12281 RALLYDEBUG rally.task.runner [-] Starting a worker. times: 10 duration: None concurrency: 1 timeout: 0 cls: method_name: run args: {"network_create_args": {}, "port_create_args": {}, "port_update_args": {"admin_state_up": false, "device_id": "dummy_id", "device_owner": "dummy_owner"}, "ports_per_network": 1}
2019-12-27 20:59:56.475 12282 RALLYDEBUG rally.task.runner [-] Starting a worker. times: 10 duration: None concurrency: 1 timeout: 0 cls: method_name: run args: {"network_create_args": {}, "port_create_args": {}, "port_update_args": {"admin_state_up": false, "device_id": "dummy_id", "device_owner": "dummy_owner"}, "ports_per_network": 1}
2019-12-27 20:59:56.477 12283 RALLYDEBUG rally.task.runner [-] Starting a worker. times: 10 duration: None concurrency: 1 timeout: 0 cls: method_name: run args: {"network_create_args": {}, "port_create_args": {}, "port_update_args": {"admin_state_up": false, "device_id": "dummy_id", "device_owner": "dummy_owner"}, "ports_per_network": 1}
2019-12-27 20:59:56.479 12284 RALLYDEBUG rally.task.runner [-] Starting a worker. times: 10 duration: None concurrency: 1 timeout: 0 cls: method_name: run args: {"network_create_args": {}, "port_create_args": {}, "port_update_args": {"admin_state_up": false, "device_id": "dummy_id", "device_owner": "dummy_owner"}, "ports_per_network": 1}
2019-12-27 20:59:56.480 12281 INFO rally.task.runner [-] Task e3573ce4-dbb4-4a7a-8f0d-31f6218d09b9 | ITER: 1 START
2019-12-27 20:59:56.483 12282 INFO rally.task.runner [-] Task e3573ce4-dbb4-4a7a-8f0d-31f6218d09b9 | ITER: 2 START
2019-12-27 20:59:56.483 12283 INFO rally.task.runner [-] Task e3573ce4-dbb4-4a7a-8f0d-31f6218d09b9 | ITER: 3 START
2019-12-27 20:59:56.485 12284 INFO rally.task.runner [-] Task e3573ce4-dbb4-4a7a-8f0d-31f6218d09b9 | ITER: 4 START
2019-12-27 20:59:58.355 12284 INFO rally.task.runner [-] Task e3573ce4-dbb4-4a7a-8f0d-31f6218d09b9 | ITER: 4 END: OK
2019-12-27 20:59:58.362 12284 INFO rally.task.runner [-] Task e3573ce4-dbb4-4a7a-8f0d-31f6218d09b9 | ITER: 5 START
2019-12-27 20:59:58.526 12281 INFO rally.task.runner [-] Task e3573ce4-dbb4-4a7a-8f0d-31f6218d09b9 | ITER: 1 END: OK
2019-12-27 20:59:58.532 12281 INFO rally.task.runner [-] Task e3573ce4-dbb4-4a7a-8f0d-31f6218d09b9 | ITER: 6 START
2019-12-27 20:59:58.549 12283 INFO rally.task.runner [-] Task e3573ce4-dbb4-4a7a-8f0d-31f6218d09b9 | ITER: 3 END: OK
2019-12-27 20:59:58.554 12283 INFO rally.task.runner [-] Task e3573ce4-dbb4-4a7a-8f0d-31f6218d09b9 | ITER: 7 START
2019-12-27 20:59:58.612 12282 INFO rally.task.runner [-] Task e3573ce4-dbb4-4a7a-8f0d-31f6218d09b9 | ITER: 2 END: OK
2019-12-27 20:59:58.618 12282 INFO rally.task.runner [-] Task e3573ce4-dbb4-4a7a-8f0d-31f6218d09b9 | ITER: 8 START
2019-12-27 20:59:59.981 12284 INFO rally.task.runner [-] Task e3573ce4-dbb4-4a7a-8f0d-31f6218d09b9 | ITER: 5 END: OK
2019-12-27 20:59:59.987 12284 INFO rally.task.runner [-] Task e3573ce4-dbb4-4a7a-8f0d-31f6218d09b9 | ITER: 9 START
2019-12-27 21:00:00.782 12282 INFO rally.task.runner [-] Task e3573ce4-dbb4-4a7a-8f0d-31f6218d09b9 | ITER: 8 END: OK
2019-12-27 21:00:00.789 12282 INFO rally.task.runner [-] Task e3573ce4-dbb4-4a7a-8f0d-31f6218d09b9 | ITER: 10 START
2019-12-27 21:00:01.844 12281 INFO rally.task.runner [-] Task e3573ce4-dbb4-4a7a-8f0d-31f6218d09b9 | ITER: 6 END: OK
2019-12-27 21:00:01.872 12283 INFO rally.task.runner [-] Task e3573ce4-dbb4-4a7a-8f0d-31f6218d09b9 | ITER: 7 END: OK
2019-12-27 21:00:01.902 12284 INFO rally.task.runner [-] Task e3573ce4-dbb4-4a7a-8f0d-31f6218d09b9 | ITER: 9 END: OK
2019-12-27 21:00:02.561 12282 INFO rally.task.runner [-] Task e3573ce4-dbb4-4a7a-8f0d-31f6218d09b9 | ITER: 10 END: OK
2019-12-27 21:00:02.586 11833 INFO rally.task.context [-] Task e3573ce4-dbb4-4a7a-8f0d-31f6218d09b9 | Context cleanup@openstack cleanup() started
2019-12-27 21:00:02.589 11833 RALLYDEBUG rally_openstack.cleanup.manager [-] Cleaning up neutron vip objects
2019-12-27 21:00:03.283 11833 RALLYDEBUG rally_openstack.cleanup.manager [-] Cleaning up neutron health_monitor objects
2019-12-27 21:00:03.756 11833 RALLYDEBUG rally_openstack.cleanup.manager [-] Cleaning up neutron pool objects
2019-12-27 21:00:04.197 11833 RALLYDEBUG rally_openstack.cleanup.manager [-] Cleaning up neutron loadbalancer objects
2019-12-27 21:00:04.641 11833 RALLYDEBUG rally_openstack.cleanup.manager [-] Cleaning up neutron floatingip objects
2019-12-27 21:00:05.363 11833 RALLYDEBUG rally_openstack.cleanup.manager [-] Cleaning up neutron trunk objects
2019-12-27 21:00:05.886 11833 RALLYDEBUG rally_openstack.cleanup.manager [-] Cleaning up neutron port objects
2019-12-27 21:00:06.831 11833 RALLYDEBUG rally_openstack.cleanup.manager [-] Deleting neutron.port object s_rally_912c268c_m6DD2JTZ (aaaed461-9361-4573-b35b-d01cabd2ef1c)
2019-12-27 21:00:06.835 11833 RALLYDEBUG rally_openstack.cleanup.manager [-] Deleting neutron.port object s_rally_912c268c_vJUnbtI3 (4facc6cb-8e7f-438a-aafa-a7267fe512c6)
2019-12-27 21:00:06.840 11833 RALLYDEBUG rally_openstack.cleanup.manager [-] Deleting neutron.port object s_rally_912c268c_iv2WYz1W (c750dd3a-93cf-4e54-9786-89a9b9483121)
2019-12-27 21:00:06.850 11833 RALLYDEBUG rally_openstack.cleanup.manager [-] Deleting neutron.port object s_rally_912c268c_UiUups8f (8818a361-7d67-4fd0-a15b-9d5b3d8836b2)
2019-12-27 21:00:06.865 11833 RALLYDEBUG rally_openstack.cleanup.manager [-] Deleting neutron.port object s_rally_912c268c_KDWvZ7Nr (3798b178-9aad-454c-9f0f-ac8bd8fb9c20)
2019-12-27 21:00:06.881 11833 RALLYDEBUG rally_openstack.cleanup.manager [-] Deleting neutron.port object s_rally_912c268c_bcqBaHEa (4bf3c80c-abfd-4faf-8617-12e13dbd43b8)
2019-12-27 21:00:06.901 11833 RALLYDEBUG rally_openstack.cleanup.manager [-] Deleting neutron.port object s_rally_912c268c_uQPWKvr8 (622b4d07-22da-4fe4-ac61-5a7f7957dea5)
2019-12-27 21:00:06.905 11833 RALLYDEBUG rally_openstack.cleanup.manager [-] Deleting neutron.port object s_rally_912c268c_C4wgoP9I (6b2157da-a196-4398-8cff-aa48d0a32787)
2019-12-27 21:00:06.925 11833 RALLYDEBUG rally_openstack.cleanup.manager [-] Deleting neutron.port object s_rally_912c268c_boTfBiXs (8c2f4726-2b29-447a-aa78-715839813657)
2019-12-27 21:00:06.937 11833 RALLYDEBUG rally_openstack.cleanup.manager [-] Deleting neutron.port object s_rally_912c268c_U2J5KcWk (c21cffc8-6319-42d7-b85a-19755afed556)
2019-12-27 21:00:09.575 11833 RALLYDEBUG rally_openstack.cleanup.manager [-] Cleaning up neutron subnet objects
2019-12-27 21:00:10.173 11833 RALLYDEBUG rally_openstack.cleanup.manager [-] Cleaning up neutron network objects
2019-12-27 21:00:10.923 11833 RALLYDEBUG rally_openstack.cleanup.manager [-] Cleaning up neutron router objects
2019-12-27 21:00:11.768 11833 RALLYDEBUG rally_openstack.cleanup.manager [-] Cleaning up neutron security_group objects
2019-12-27 21:00:12.414 11833 INFO rally.task.context [-] Task e3573ce4-dbb4-4a7a-8f0d-31f6218d09b9 | Context cleanup@openstack cleanup() finished in 9.83 sec
2019-12-27 21:00:12.415 11833 INFO rally.task.context [-] Task e3573ce4-dbb4-4a7a-8f0d-31f6218d09b9 | Context network@openstack cleanup() started
2019-12-27 21:00:20.064 11833 INFO rally.task.context [-] Task e3573ce4-dbb4-4a7a-8f0d-31f6218d09b9 | Context network@openstack cleanup() finished in 7.65 sec
2019-12-27 21:00:20.065 11833 INFO rally.task.context [-] Task e3573ce4-dbb4-4a7a-8f0d-31f6218d09b9 | Context quotas@openstack cleanup() started
2019-12-27 21:00:20.151 11833 INFO rally.task.context [-] Task e3573ce4-dbb4-4a7a-8f0d-31f6218d09b9 | Context quotas@openstack cleanup() finished in 86.33 msec
2019-12-27 21:00:20.152 11833 INFO rally.task.context [-] Task e3573ce4-dbb4-4a7a-8f0d-31f6218d09b9 | Context users@openstack cleanup() started
2019-12-27 21:00:22.953 11833 INFO rally.task.context [-] Task e3573ce4-dbb4-4a7a-8f0d-31f6218d09b9 | Context users@openstack cleanup() finished in 2.80 sec
2019-12-27 21:00:23.473 11833 INFO rally.task.engine [-] Load duration is: 6.079191
2019-12-27 21:00:23.474 11833 INFO rally.task.engine [-] Full runner duration is: 6.124436
2019-12-27 21:00:23.474 11833 INFO rally.task.engine [-] Full duration is: 31.676807
2019-12-27 21:00:23.562 11833 INFO rally.task.engine [-] Running workload: position = 0 config = { "version": 2, "title": "A cropped version of a bigger task.", "description": "Auto-generated task from a single workload (uuid=36d27bd4-1dcc-4595-bbd8-89e44d31b506)", "subtasks": [ { "title": "NeutronNetworks.create_and_update_routers", "description": "Create and update a given number of routers.", "scenario": { "NeutronNetworks.create_and_update_routers": { "network_create_args": {}, "router_create_args": {}, "router_update_args": { "admin_state_up": false }, "subnet_cidr_start": "1.1.0.0/30", "subnet_create_args": {}, "subnets_per_network": 1 } }, "contexts": { "users": { "tenants": 3, "users_per_tenant": 2 }, "quotas": { "neutron": { "network": -1, "subnet": -1, "port": -1, "router": -1 } } }, "runner": { "constant": { "concurrency": 4, "times": 10 } }, "hooks": [], "sla": { "failure_rate": { "max": 0 } } } ] }
2019-12-27 21:00:23.585 11833 RALLYDEBUG rally_openstack.contexts.keystone.users [-] Creating 3 tenants using 20 threads
2019-12-27 21:00:24.174 11833 RALLYDEBUG rally_openstack.contexts.keystone.users [-] Creating 6 users using 20 threads
2019-12-27 21:00:25.158 11833 INFO rally.task.context [-] Task e3573ce4-dbb4-4a7a-8f0d-31f6218d09b9 | Context users@openstack setup() finished in 1.57 sec
2019-12-27 21:00:25.577 11833 INFO rally.task.context [-] Task e3573ce4-dbb4-4a7a-8f0d-31f6218d09b9 | Context quotas@openstack setup() finished in 0.42 sec
2019-12-27 21:00:25.578 11833 INFO rally.task.context [-] Task e3573ce4-dbb4-4a7a-8f0d-31f6218d09b9 | Context cleanup@openstack setup() finished in 0.00 msec
2019-12-27 21:00:25.585 11833 RALLYDEBUG rally.task.runner [-] Starting the constant runner (task UUID: e3573ce4-dbb4-4a7a-8f0d-31f6218d09b9). times: 10 concurrency: 4 timeout: 0 max_cpu_used: 88 processes_to_start: 4 concurrency_per_worker: 1 concurrency_overhead: 0
2019-12-27 21:00:25.595 12605 RALLYDEBUG rally.task.runner [-] Starting a worker. times: 10 duration: None concurrency: 1 timeout: 0 cls: method_name: run args: {"network_create_args": {}, "router_create_args": {}, "router_update_args": {"admin_state_up": false}, "subnet_cidr_start": "1.1.0.0/30", "subnet_create_args": {}, "subnets_per_network": 1}
2019-12-27 21:00:25.597 12606 RALLYDEBUG rally.task.runner [-] Starting a worker. times: 10 duration: None concurrency: 1 timeout: 0 cls: method_name: run args: {"network_create_args": {}, "router_create_args": {}, "router_update_args": {"admin_state_up": false}, "subnet_cidr_start": "1.1.0.0/30", "subnet_create_args": {}, "subnets_per_network": 1}
2019-12-27 21:00:25.599 12607 RALLYDEBUG rally.task.runner [-] Starting a worker. times: 10 duration: None concurrency: 1 timeout: 0 cls: method_name: run args: {"network_create_args": {}, "router_create_args": {}, "router_update_args": {"admin_state_up": false}, "subnet_cidr_start": "1.1.0.0/30", "subnet_create_args": {}, "subnets_per_network": 1}
2019-12-27 21:00:25.603 12605 INFO rally.task.runner [-] Task e3573ce4-dbb4-4a7a-8f0d-31f6218d09b9 | ITER: 1 START
2019-12-27 21:00:25.602 12608 RALLYDEBUG rally.task.runner [-] Starting a worker. times: 10 duration: None concurrency: 1 timeout: 0 cls: method_name: run args: {"network_create_args": {}, "router_create_args": {}, "router_update_args": {"admin_state_up": false}, "subnet_cidr_start": "1.1.0.0/30", "subnet_create_args": {}, "subnets_per_network": 1}
2019-12-27 21:00:25.606 12607 INFO rally.task.runner [-] Task e3573ce4-dbb4-4a7a-8f0d-31f6218d09b9 | ITER: 3 START
2019-12-27 21:00:25.606 12606 INFO rally.task.runner [-] Task e3573ce4-dbb4-4a7a-8f0d-31f6218d09b9 | ITER: 2 START
2019-12-27 21:00:25.609 12608 INFO rally.task.runner [-] Task e3573ce4-dbb4-4a7a-8f0d-31f6218d09b9 | ITER: 4 START
2019-12-27 21:00:26.245 12606 RALLYDEBUG rally_openstack.wrappers.network [-] CIDR generated: 1.1.0.12/30
2019-12-27 21:00:26.274 12605 RALLYDEBUG rally_openstack.wrappers.network [-] CIDR generated: 1.1.0.16/30
2019-12-27 21:00:26.525 12607 RALLYDEBUG rally_openstack.wrappers.network [-] CIDR generated: 1.1.0.20/30
2019-12-27 21:00:26.808 12608 RALLYDEBUG rally_openstack.wrappers.network [-] CIDR generated: 1.1.0.24/30
2019-12-27 21:00:30.836 12607 INFO rally.task.runner [-] Task e3573ce4-dbb4-4a7a-8f0d-31f6218d09b9 | ITER: 3 END: OK
2019-12-27 21:00:30.842 12607 INFO rally.task.runner [-] Task e3573ce4-dbb4-4a7a-8f0d-31f6218d09b9 | ITER: 5 START
2019-12-27 21:00:30.947 12605 INFO rally.task.runner [-] Task e3573ce4-dbb4-4a7a-8f0d-31f6218d09b9 | ITER: 1 END: OK
2019-12-27 21:00:30.953 12605 INFO rally.task.runner [-] Task e3573ce4-dbb4-4a7a-8f0d-31f6218d09b9 | ITER: 6 START
2019-12-27 21:00:30.962 12606 INFO rally.task.runner [-] Task e3573ce4-dbb4-4a7a-8f0d-31f6218d09b9 | ITER: 2 END: OK
2019-12-27 21:00:30.967 12606 INFO rally.task.runner [-] Task e3573ce4-dbb4-4a7a-8f0d-31f6218d09b9 | ITER: 7 START
2019-12-27 21:00:31.219 12607 RALLYDEBUG rally_openstack.wrappers.network [-] CIDR generated: 1.1.0.28/30
2019-12-27 21:00:31.308 12608 INFO rally.task.runner [-] Task e3573ce4-dbb4-4a7a-8f0d-31f6218d09b9 | ITER: 4 END: OK
2019-12-27 21:00:31.316 12608 INFO rally.task.runner [-] Task e3573ce4-dbb4-4a7a-8f0d-31f6218d09b9 | ITER: 8 START
2019-12-27 21:00:31.335 12605 RALLYDEBUG rally_openstack.wrappers.network [-] CIDR generated: 1.1.0.32/30
2019-12-27 21:00:31.427 12606 RALLYDEBUG rally_openstack.wrappers.network [-] CIDR generated: 1.1.0.36/30
2019-12-27 21:00:31.649 12608 RALLYDEBUG rally_openstack.wrappers.network [-] CIDR generated: 1.1.0.40/30
2019-12-27 21:00:35.772 12608 INFO rally.task.runner [-] Task e3573ce4-dbb4-4a7a-8f0d-31f6218d09b9 | ITER: 8 END: OK
2019-12-27 21:00:35.778 12608 INFO rally.task.runner [-] Task e3573ce4-dbb4-4a7a-8f0d-31f6218d09b9 | ITER: 9 START
2019-12-27 21:00:35.837 12607 INFO rally.task.runner [-] Task e3573ce4-dbb4-4a7a-8f0d-31f6218d09b9 | ITER: 5 END: OK
2019-12-27 21:00:35.843 12607 INFO rally.task.runner [-] Task e3573ce4-dbb4-4a7a-8f0d-31f6218d09b9 | ITER: 10 START
2019-12-27 21:00:35.961 12606 INFO rally.task.runner [-] Task e3573ce4-dbb4-4a7a-8f0d-31f6218d09b9 | ITER: 7 END: OK
2019-12-27 21:00:36.136 12605 INFO rally.task.runner [-] Task e3573ce4-dbb4-4a7a-8f0d-31f6218d09b9 | ITER: 6 END: OK
2019-12-27 21:00:36.214 12607 RALLYDEBUG rally_openstack.wrappers.network [-] CIDR generated: 1.1.0.44/30
2019-12-27 21:00:36.262 12608 RALLYDEBUG rally_openstack.wrappers.network [-] CIDR generated: 1.1.0.48/30
2019-12-27 21:00:40.349 12608 INFO rally.task.runner [-] Task e3573ce4-dbb4-4a7a-8f0d-31f6218d09b9 | ITER: 9 END: OK
2019-12-27 21:00:40.460 12607 INFO rally.task.runner [-] Task e3573ce4-dbb4-4a7a-8f0d-31f6218d09b9 | ITER: 10 END: OK
2019-12-27 21:00:40.483 11833 INFO rally.task.context [-] Task e3573ce4-dbb4-4a7a-8f0d-31f6218d09b9 | Context cleanup@openstack cleanup() started
2019-12-27 21:00:40.488 11833 RALLYDEBUG rally_openstack.cleanup.manager [-] Cleaning up neutron vip objects
2019-12-27 21:00:40.952 11833 RALLYDEBUG rally_openstack.cleanup.manager [-] Cleaning up neutron health_monitor objects
2019-12-27 21:00:41.398 11833 RALLYDEBUG rally_openstack.cleanup.manager [-] Cleaning up neutron pool objects
2019-12-27 21:00:41.841 11833 RALLYDEBUG rally_openstack.cleanup.manager [-] Cleaning up neutron loadbalancer objects
2019-12-27 21:00:42.280 11833 RALLYDEBUG rally_openstack.cleanup.manager [-] Cleaning up neutron floatingip objects
2019-12-27 21:00:42.893 11833 RALLYDEBUG rally_openstack.cleanup.manager [-] Cleaning up neutron trunk objects
2019-12-27 21:00:43.405 11833 RALLYDEBUG rally_openstack.cleanup.manager [-] Cleaning up neutron port objects
2019-12-27 21:00:44.516 11833 RALLYDEBUG rally_openstack.cleanup.manager [-] Deleting neutron.port object s_rally_36d27bd4_Kh08anm2 (1b484db8-9fb8-47fa-954a-6518a6d36a8d)
2019-12-27 21:00:44.531 11833 RALLYDEBUG rally_openstack.cleanup.manager [-] Deleting neutron.port object s_rally_36d27bd4_YCSXJc5L (8ec64ce2-9ffe-46b2-8f2a-e2bd63a9b230)
2019-12-27 21:00:44.541 11833 RALLYDEBUG rally_openstack.cleanup.manager [-] Deleting neutron.port object s_rally_36d27bd4_uPAsGfVI (25ee307b-04c4-4017-a61f-fad6ee9ec43d)
2019-12-27 21:00:44.550 11833 RALLYDEBUG rally_openstack.cleanup.manager [-] Deleting neutron.port object s_rally_36d27bd4_AGauLxi9 (ec26ea9c-43c6-4303-8932-b0c375e7f48c)
2019-12-27 21:00:44.555 11833 RALLYDEBUG rally_openstack.cleanup.manager [-] Deleting neutron.port object s_rally_36d27bd4_S8suFgbA (4764ec06-e3a5-43f1-b7bb-f27494b9a557)
2019-12-27 21:00:44.571 11833 RALLYDEBUG rally_openstack.cleanup.manager [-] Deleting neutron.port object s_rally_36d27bd4_gCZvk96R (9ca6b238-a6e9-467f-bfc0-fdd8aa778792)
2019-12-27 21:00:44.575 11833 RALLYDEBUG rally_openstack.cleanup.manager [-] Deleting neutron.port object s_rally_36d27bd4_tCFIyTzD (7c9b49db-05b4-4c63-967e-4bc813120257)
2019-12-27 21:00:44.599 11833 RALLYDEBUG rally_openstack.cleanup.manager [-] Deleting neutron.port object s_rally_36d27bd4_vcquLBJN (d56fcc1c-7cae-49b2-a8cd-320a81c3a31d)
2019-12-27 21:00:44.613 11833 RALLYDEBUG rally_openstack.cleanup.manager [-] Deleting neutron.port object s_rally_36d27bd4_asu8rCmL (b2fd29df-7abb-46ca-bef4-0f76928cc44c)
2019-12-27 21:00:44.624 11833 RALLYDEBUG rally_openstack.cleanup.manager [-] Deleting neutron.port object s_rally_36d27bd4_J3FWxKth (2f550dc1-f16f-4131-8952-ec2fe62b8345)
2019-12-27 21:00:53.375 11833 RALLYDEBUG rally_openstack.cleanup.manager [-] Cleaning up neutron subnet objects
2019-12-27 21:00:54.021 11833 RALLYDEBUG rally_openstack.cleanup.manager [-] Deleting neutron.subnet object s_rally_36d27bd4_rymO3vaM (0ba4844d-2053-4645-a034-12efc85bf1e8)
2019-12-27 21:00:54.026 11833 RALLYDEBUG rally_openstack.cleanup.manager [-] Deleting neutron.subnet object s_rally_36d27bd4_jmaEC92d (26f3b2de-76d7-4643-98f4-2813c786ed3a)
2019-12-27 21:00:54.037 11833 RALLYDEBUG rally_openstack.cleanup.manager [-] Deleting neutron.subnet object s_rally_36d27bd4_wtU56qOg (56c92ecc-8338-4b24-b598-b15aa71411fc)
2019-12-27 21:00:54.048 11833 RALLYDEBUG rally_openstack.cleanup.manager [-] Deleting neutron.subnet object s_rally_36d27bd4_5r47wqPf (21e8ffcb-ee30-45d8-be15-d498dfda9372)
2019-12-27 21:00:54.064 11833 RALLYDEBUG rally_openstack.cleanup.manager [-] Deleting neutron.subnet object s_rally_36d27bd4_FAUgSr2L (38ff31ef-d2b2-491e-bc69-7c41a3decac8)
2019-12-27 21:00:54.081 11833 RALLYDEBUG rally_openstack.cleanup.manager [-] Deleting neutron.subnet object s_rally_36d27bd4_ZryKb3JZ (88c4db06-7794-4325-92f7-69f6043ea065)
2019-12-27 21:00:54.087 11833 RALLYDEBUG rally_openstack.cleanup.manager [-] Deleting neutron.subnet object s_rally_36d27bd4_BfqyEtxx (9c78c0fc-3996-494f-a112-4a7e325d5074)
2019-12-27 21:00:54.092 11833 RALLYDEBUG rally_openstack.cleanup.manager [-] Deleting neutron.subnet object s_rally_36d27bd4_SRkt4J0a (b0209e93-9413-475f-95ef-cd5b95267062)
2019-12-27 21:00:54.107 11833 RALLYDEBUG rally_openstack.cleanup.manager [-] Deleting neutron.subnet object s_rally_36d27bd4_tyuKNWAY (1b29ce1d-32ae-444e-805b-939370fb84e7)
2019-12-27 21:00:54.116 11833 RALLYDEBUG rally_openstack.cleanup.manager [-] Deleting neutron.subnet object s_rally_36d27bd4_SAJJfBs9 (24538984-bbad-4f25-9b78-58e2e26ea202)
2019-12-27 21:00:58.005 11833 RALLYDEBUG rally_openstack.cleanup.manager [-] Cleaning up neutron network objects
2019-12-27 21:00:59.056 11833 RALLYDEBUG rally_openstack.cleanup.manager [-] Deleting neutron.network object s_rally_36d27bd4_NyziLIou (0d9d110b-8fcd-4f11-9488-dd50d2700f41)
2019-12-27 21:00:59.067 11833 RALLYDEBUG rally_openstack.cleanup.manager [-] Deleting neutron.network object s_rally_36d27bd4_9iTqt7m6 (89346d45-e055-4429-9e04-64f4e721783c)
2019-12-27 21:00:59.076 11833 RALLYDEBUG rally_openstack.cleanup.manager [-] Deleting neutron.network object s_rally_36d27bd4_BmyNHKWs (e725d6f3-d9b6-4b5e-b672-da3c12a00644)
2019-12-27 21:00:59.096 11833 RALLYDEBUG rally_openstack.cleanup.manager [-] Deleting neutron.network object s_rally_36d27bd4_KLUww0et (489266aa-34c3-4082-984f-3e307354f9ae)
2019-12-27 21:00:59.102 11833 RALLYDEBUG rally_openstack.cleanup.manager [-] Deleting neutron.network object s_rally_36d27bd4_yAVfNZlz (18c01e50-6e80-4fa1-946f-766b5a66ffb3)
2019-12-27 21:00:59.107 11833 RALLYDEBUG rally_openstack.cleanup.manager [-] Deleting neutron.network object s_rally_36d27bd4_7CiieY6u (5cef45a6-81b2-4e43-a6be-c78c968b0db7)
2019-12-27 21:00:59.118 11833 RALLYDEBUG rally_openstack.cleanup.manager [-] Deleting neutron.network object s_rally_36d27bd4_kT5r3HbV (bba33f1a-9dec-4526-b952-d3e7cd2125f4)
2019-12-27 21:00:59.122 11833 RALLYDEBUG rally_openstack.cleanup.manager [-] Deleting neutron.network object s_rally_36d27bd4_l8MJexLT (73c7c738-6230-49cd-88a3-657e13aa127c)
2019-12-27 21:00:59.127 11833 RALLYDEBUG rally_openstack.cleanup.manager [-] Deleting neutron.network object s_rally_36d27bd4_vM0Ge1Lv (194d1a49-908f-43e2-a876-0270c634a9dc)
2019-12-27 21:00:59.132 11833 RALLYDEBUG rally_openstack.cleanup.manager [-] Deleting neutron.network object s_rally_36d27bd4_FB80oenl (d62a4f58-be6e-4869-b53d-7e8febc49caa)
2019-12-27 21:01:01.949 11833 RALLYDEBUG rally_openstack.cleanup.manager [-] Cleaning up neutron router objects
2019-12-27 21:01:02.807 11833 RALLYDEBUG rally_openstack.cleanup.manager [-] Deleting neutron.router object s_rally_36d27bd4_AGauLxi9 (9e0676fe-63e6-4f28-9ce8-a32f8f40870d)
2019-12-27 21:01:02.808 11833 RALLYDEBUG rally_openstack.cleanup.manager [-] Deleting neutron.router object s_rally_36d27bd4_YCSXJc5L (501926c0-b06a-45bb-afa1-a2f433014187)
2019-12-27 21:01:02.809 11833 RALLYDEBUG rally_openstack.cleanup.manager [-] Deleting neutron.router object s_rally_36d27bd4_Kh08anm2 (9b1821e2-fdbb-45c9-b9d5-4084efc47901)
2019-12-27 21:01:02.820 11833 RALLYDEBUG rally_openstack.cleanup.manager [-] Deleting neutron.router object s_rally_36d27bd4_vcquLBJN (50c24709-15c9-41f2-905f-db3073e7ac32)
2019-12-27 21:01:02.825 11833 RALLYDEBUG rally_openstack.cleanup.manager [-] Deleting neutron.router object s_rally_36d27bd4_gCZvk96R (542224f3-6604-4cb4-83d9-25f7b11cda08)
2019-12-27 21:01:02.836 11833 RALLYDEBUG rally_openstack.cleanup.manager [-] Deleting neutron.router object s_rally_36d27bd4_tCFIyTzD (580f85e9-89c3-402a-9356-ee8aa5508113)
2019-12-27 21:01:02.848 11833 RALLYDEBUG rally_openstack.cleanup.manager [-] Deleting neutron.router object s_rally_36d27bd4_uPAsGfVI (82e283a7-be7e-4924-9ae2-d32440740d46)
2019-12-27 21:01:02.865 11833 RALLYDEBUG rally_openstack.cleanup.manager [-] Deleting neutron.router object s_rally_36d27bd4_S8suFgbA (c7fe196c-de6b-4e3f-a14f-1668f1f8348b)
2019-12-27 21:01:02.878 11833 RALLYDEBUG rally_openstack.cleanup.manager [-] Deleting neutron.router object s_rally_36d27bd4_asu8rCmL (39d44890-883a-4253-82cc-ab08f29755b7)
2019-12-27 21:01:02.883 11833 RALLYDEBUG rally_openstack.cleanup.manager [-] Deleting neutron.router object s_rally_36d27bd4_J3FWxKth (e7d4eda2-2167-462e-8158-811d7c95a9f1)
2019-12-27 21:01:05.697 11833 RALLYDEBUG rally_openstack.cleanup.manager [-] Cleaning up neutron security_group objects
2019-12-27 21:01:06.297 11833 INFO rally.task.context [-] Task e3573ce4-dbb4-4a7a-8f0d-31f6218d09b9 | Context cleanup@openstack cleanup() finished in 25.81 sec
2019-12-27 21:01:06.298 11833 INFO rally.task.context [-] Task e3573ce4-dbb4-4a7a-8f0d-31f6218d09b9 | Context quotas@openstack cleanup() started
2019-12-27 21:01:06.370 11833 INFO rally.task.context [-] Task e3573ce4-dbb4-4a7a-8f0d-31f6218d09b9 | Context quotas@openstack cleanup() finished in 71.62 msec
2019-12-27 21:01:06.371 11833 INFO rally.task.context [-] Task e3573ce4-dbb4-4a7a-8f0d-31f6218d09b9 | Context users@openstack cleanup() started
2019-12-27 21:01:08.669 11833 INFO rally.task.context [-] Task e3573ce4-dbb4-4a7a-8f0d-31f6218d09b9 | Context users@openstack cleanup() finished in 2.30 sec
2019-12-27 21:01:09.849 11833 INFO rally.task.engine [-] Load duration is: 14.855783
2019-12-27 21:01:09.850 11833 INFO rally.task.engine [-] Full runner duration is: 14.897966
2019-12-27 21:01:09.850 11833 INFO rally.task.engine [-] Full duration is: 45.085966
2019-12-27 21:01:09.946 11833 INFO rally.task.engine [-] Running workload: position = 0 config = { "version": 2, "title": "A cropped version of a bigger task.", "description": "Auto-generated task from a single workload (uuid=8c37038c-763e-4d5b-89bd-0c3ac8155e78)", "subtasks": [ { "title": "NeutronNetworks.create_and_update_subnets", "description": "Create and update a subnet.", "scenario": { "NeutronNetworks.create_and_update_subnets": { "network_create_args": {}, "subnet_cidr_start": "1.4.0.0/16", "subnet_create_args": {}, "subnet_update_args": { "enable_dhcp": false }, "subnets_per_network": 1 } }, "contexts": { "users": { "tenants": 3, "users_per_tenant": 2 }, "quotas": { "neutron": { "network": -1, "subnet": -1 } } }, "runner": { "constant": { "concurrency": 4, "times": 10 } }, "hooks": [], "sla": { "failure_rate": { "max": 0 } } } ] }
2019-12-27 21:01:09.969 11833 RALLYDEBUG rally_openstack.contexts.keystone.users [-] Creating 3 tenants using 20 threads
2019-12-27 21:01:10.563 11833 RALLYDEBUG rally_openstack.contexts.keystone.users [-] Creating 6 users using 20 threads
2019-12-27 21:01:11.428 11833 INFO rally.task.context [-] Task e3573ce4-dbb4-4a7a-8f0d-31f6218d09b9 | Context users@openstack setup() finished in 1.46 sec
2019-12-27 21:01:11.900 11833 INFO rally.task.context [-] Task e3573ce4-dbb4-4a7a-8f0d-31f6218d09b9 | Context quotas@openstack setup() finished in 0.47 sec
2019-12-27 21:01:11.900 11833 INFO rally.task.context [-] Task e3573ce4-dbb4-4a7a-8f0d-31f6218d09b9 | Context cleanup@openstack setup() finished in 0.04 msec
2019-12-27 21:01:11.909 11833 RALLYDEBUG rally.task.runner [-] Starting the constant runner (task UUID: e3573ce4-dbb4-4a7a-8f0d-31f6218d09b9). times: 10 concurrency: 4 timeout: 0 max_cpu_used: 88 processes_to_start: 4 concurrency_per_worker: 1 concurrency_overhead: 0
2019-12-27 21:01:11.921 12929 RALLYDEBUG rally.task.runner [-] Starting a worker. times: 10 duration: None concurrency: 1 timeout: 0 cls: method_name: run args: {"network_create_args": {}, "subnet_cidr_start": "1.4.0.0/16", "subnet_create_args": {}, "subnet_update_args": {"enable_dhcp": false}, "subnets_per_network": 1}
2019-12-27 21:01:11.923 12930 RALLYDEBUG rally.task.runner [-] Starting a worker. times: 10 duration: None concurrency: 1 timeout: 0 cls: method_name: run args: {"network_create_args": {}, "subnet_cidr_start": "1.4.0.0/16", "subnet_create_args": {}, "subnet_update_args": {"enable_dhcp": false}, "subnets_per_network": 1}
2019-12-27 21:01:11.926 12931 RALLYDEBUG rally.task.runner [-] Starting a worker. times: 10 duration: None concurrency: 1 timeout: 0 cls: method_name: run args: {"network_create_args": {}, "subnet_cidr_start": "1.4.0.0/16", "subnet_create_args": {}, "subnet_update_args": {"enable_dhcp": false}, "subnets_per_network": 1}
2019-12-27 21:01:11.928 12929 INFO rally.task.runner [-] Task e3573ce4-dbb4-4a7a-8f0d-31f6218d09b9 | ITER: 1 START
2019-12-27 21:01:11.929 12930 INFO rally.task.runner [-] Task e3573ce4-dbb4-4a7a-8f0d-31f6218d09b9 | ITER: 2 START
2019-12-27 21:01:11.929 12932 RALLYDEBUG rally.task.runner [-] Starting a worker. times: 10 duration: None concurrency: 1 timeout: 0 cls: method_name: run args: {"network_create_args": {}, "subnet_cidr_start": "1.4.0.0/16", "subnet_create_args": {}, "subnet_update_args": {"enable_dhcp": false}, "subnets_per_network": 1}
2019-12-27 21:01:11.933 12931 INFO rally.task.runner [-] Task e3573ce4-dbb4-4a7a-8f0d-31f6218d09b9 | ITER: 3 START
2019-12-27 21:01:11.934 12932 INFO rally.task.runner [-] Task e3573ce4-dbb4-4a7a-8f0d-31f6218d09b9 | ITER: 4 START
