2019-12-27 20:45:28.856 1843 INFO rally.task.context [-] Task a6ccca18-b553-414c-9946-917bd4d6573b | Context api_versions@openstack cleanup() finished in 0.35 msec
2019-12-27 20:45:28.857 1843 INFO rally.task.context [-] Task a6ccca18-b553-414c-9946-917bd4d6573b | Context users@openstack cleanup() started
2019-12-27 20:45:31.448 1843 INFO rally.task.context [-] Task a6ccca18-b553-414c-9946-917bd4d6573b | Context users@openstack cleanup() finished in 2.59 sec
2019-12-27 20:45:31.673 1843 INFO rally.task.engine [-] Load duration is: 14.67844
2019-12-27 20:45:31.673 1843 INFO rally.task.engine [-] Full runner duration is: 14.725715
2019-12-27 20:45:31.674 1843 INFO rally.task.engine [-] Full duration is: 21.92084
2019-12-27 20:45:31.736 1843 INFO rally.task.engine [-] Running workload: position = 1 config = { "version": 2, "title": "A cropped version of a bigger task.", "description": "Auto-generated task from a single workload (uuid=2e9f6028-6631-4034-ace8-dbc4022a2c41)", "subtasks": [ { "title": "CinderVolumes.create_and_delete_volume", "description": "Create and then delete a volume.", "scenario": { "CinderVolumes.create_and_delete_volume": { "image": { "name": "rally_full-img_36367365-141e-491e-9278-0872bf21122a" }, "size": 1 } }, "contexts": { "users": { "tenants": 3, "users_per_tenant": 2 }, "quotas": { "cinder": { "gigabytes": -1, "snapshots": -1, "volumes": -1 } }, "api_versions": { "cinder": { "version": 3, "service_type": "volumev3" } } }, "runner": { "constant": { "concurrency": 4, "times": 10 } }, "hooks": [], "sla": { "failure_rate": { "max": 0 } } } ] }
2019-12-27 20:45:31.759 1843 RALLYDEBUG rally_openstack.contexts.keystone.users [-] Creating 3 tenants using 20 threads
2019-12-27 20:45:32.317 1843 RALLYDEBUG rally_openstack.contexts.keystone.users [-] Creating 6 users using 20 threads
2019-12-27 20:45:33.328 1843 INFO rally.task.context [-] Task a6ccca18-b553-414c-9946-917bd4d6573b | Context users@openstack setup() finished in 1.57 sec
2019-12-27 20:45:33.521 1843 INFO rally.task.context [-] Task a6ccca18-b553-414c-9946-917bd4d6573b | Context api_versions@openstack setup() finished in 0.19 sec
2019-12-27 20:45:34.128 1843 INFO rally.task.context [-] Task a6ccca18-b553-414c-9946-917bd4d6573b | Context quotas@openstack setup() finished in 0.61 sec
2019-12-27 20:45:34.129 1843 INFO rally.task.context [-] Task a6ccca18-b553-414c-9946-917bd4d6573b | Context cleanup@openstack setup() finished in 0.02 msec
2019-12-27 20:45:34.453 1843 RALLYDEBUG rally.task.runner [-] Starting the constant runner (task UUID: a6ccca18-b553-414c-9946-917bd4d6573b). times: 10 concurrency: 4 timeout: 0 max_cpu_used: 88 processes_to_start: 4 concurrency_per_worker: 1 concurrency_overhead: 0
2019-12-27 20:45:34.466 4355 RALLYDEBUG rally.task.runner [-] Starting a worker. times: 10 duration: None concurrency: 1 timeout: 0 cls: method_name: run args: {"image": "8e9857b8-e9c2-49d8-a3fa-6bf33c036d9e", "size": 1}
2019-12-27 20:45:34.468 4356 RALLYDEBUG rally.task.runner [-] Starting a worker. times: 10 duration: None concurrency: 1 timeout: 0 cls: method_name: run args: {"image": "8e9857b8-e9c2-49d8-a3fa-6bf33c036d9e", "size": 1}
2019-12-27 20:45:34.472 4357 RALLYDEBUG rally.task.runner [-] Starting a worker. times: 10 duration: None concurrency: 1 timeout: 0 cls: method_name: run args: {"image": "8e9857b8-e9c2-49d8-a3fa-6bf33c036d9e", "size": 1}
2019-12-27 20:45:34.474 4355 INFO rally.task.runner [-] Task a6ccca18-b553-414c-9946-917bd4d6573b | ITER: 1 START
2019-12-27 20:45:34.474 4358 RALLYDEBUG rally.task.runner [-] Starting a worker. times: 10 duration: None concurrency: 1 timeout: 0 cls: method_name: run args: {"image": "8e9857b8-e9c2-49d8-a3fa-6bf33c036d9e", "size": 1}
2019-12-27 20:45:34.476 4356 INFO rally.task.runner [-] Task a6ccca18-b553-414c-9946-917bd4d6573b | ITER: 2 START
2019-12-27 20:45:34.479 4357 INFO rally.task.runner [-] Task a6ccca18-b553-414c-9946-917bd4d6573b | ITER: 3 START
2019-12-27 20:45:34.481 4358 INFO rally.task.runner [-] Task a6ccca18-b553-414c-9946-917bd4d6573b | ITER: 4 START
2019-12-27 20:45:39.342 4355 RALLYDEBUG rally.task.utils [-] Waiting for resource s_rally_2e9f6028_PCNXpnzc. Status changed: DOWNLOADING => AVAILABLE in 2.247220039367676
2019-12-27 20:45:39.344 4356 RALLYDEBUG rally.task.utils [-] Waiting for resource s_rally_2e9f6028_LowR8QsS. Status changed: DOWNLOADING => AVAILABLE in 2.2088990211486816
2019-12-27 20:45:39.502 4356 RALLYDEBUG rally.task.utils [-] Waiting for resource s_rally_2e9f6028_LowR8QsS. Status changed: AVAILABLE => DELETING in 0.07662725448608398
2019-12-27 20:45:39.508 4355 RALLYDEBUG rally.task.utils [-] Waiting for resource s_rally_2e9f6028_PCNXpnzc. Status changed: AVAILABLE => DELETING in 0.07587337493896484
2019-12-27 20:45:39.612 4357 RALLYDEBUG rally.task.utils [-] Waiting for resource s_rally_2e9f6028_2t69ZOEA. Status changed: DOWNLOADING => AVAILABLE in 2.2148919105529785
2019-12-27 20:45:39.693 4358 RALLYDEBUG rally.task.utils [-] Waiting for resource s_rally_2e9f6028_bZPnxqwx. Status changed: DOWNLOADING => AVAILABLE in 2.2586684226989746
2019-12-27 20:45:39.796 4357 RALLYDEBUG rally.task.utils [-] Waiting for resource s_rally_2e9f6028_2t69ZOEA. Status changed: AVAILABLE => DELETING in 0.06719613075256348
2019-12-27 20:45:39.848 4358 RALLYDEBUG rally.task.utils [-] Waiting for resource s_rally_2e9f6028_bZPnxqwx. Status changed: AVAILABLE => DELETING in 0.07730269432067871
2019-12-27 20:45:41.563 4355 INFO rally.task.runner [-] Task a6ccca18-b553-414c-9946-917bd4d6573b | ITER: 1 END: OK
2019-12-27 20:45:41.564 4356 INFO rally.task.runner [-] Task a6ccca18-b553-414c-9946-917bd4d6573b | ITER: 2 END: OK
2019-12-27 20:45:41.569 4355 INFO rally.task.runner [-] Task a6ccca18-b553-414c-9946-917bd4d6573b | ITER: 5 START
2019-12-27 20:45:41.569 4356 INFO rally.task.runner [-] Task a6ccca18-b553-414c-9946-917bd4d6573b | ITER: 6 START
2019-12-27 20:45:41.849 4357 INFO rally.task.runner [-] Task a6ccca18-b553-414c-9946-917bd4d6573b | ITER: 3 END: OK
2019-12-27 20:45:41.854 4357 INFO rally.task.runner [-] Task a6ccca18-b553-414c-9946-917bd4d6573b | ITER: 7 START
2019-12-27 20:45:41.903 4358 INFO rally.task.runner [-] Task a6ccca18-b553-414c-9946-917bd4d6573b | ITER: 4 END: OK
2019-12-27 20:45:41.910 4358 INFO rally.task.runner [-] Task a6ccca18-b553-414c-9946-917bd4d6573b | ITER: 8 START
2019-12-27 20:45:46.341 4356 RALLYDEBUG rally.task.utils [-] Waiting for resource s_rally_2e9f6028_WEMWhUSx. Status changed: DOWNLOADING => AVAILABLE in 2.2192838191986084
2019-12-27 20:45:46.509 4356 RALLYDEBUG rally.task.utils [-] Waiting for resource s_rally_2e9f6028_WEMWhUSx. Status changed: AVAILABLE => DELETING in 0.07686924934387207
2019-12-27 20:45:46.592 4355 RALLYDEBUG rally.task.utils [-] Waiting for resource s_rally_2e9f6028_tEWX4DRa. Status changed: DOWNLOADING => AVAILABLE in 2.3810877799987793
2019-12-27 20:45:46.610 4357 RALLYDEBUG rally.task.utils [-] Waiting for resource s_rally_2e9f6028_lJV1AsEI. Status changed: DOWNLOADING => AVAILABLE in 2.2258453369140625
2019-12-27 20:45:46.699 4358 RALLYDEBUG rally.task.utils [-] Waiting for resource s_rally_2e9f6028_k8PwiOML. Status changed: DOWNLOADING => AVAILABLE in 2.225909471511841
2019-12-27 20:45:46.758 4355 RALLYDEBUG rally.task.utils [-] Waiting for resource s_rally_2e9f6028_tEWX4DRa. Status changed: AVAILABLE => DELETING in 0.07622861862182617
2019-12-27 20:45:46.785 4357 RALLYDEBUG rally.task.utils [-] Waiting for resource s_rally_2e9f6028_lJV1AsEI. Status changed: AVAILABLE => DELETING in 0.07920098304748535
2019-12-27 20:45:46.863 4358 RALLYDEBUG rally.task.utils [-] Waiting for resource s_rally_2e9f6028_k8PwiOML. Status changed: AVAILABLE => DELETING in 0.08833718299865723
2019-12-27 20:45:48.560 4356 INFO rally.task.runner [-] Task a6ccca18-b553-414c-9946-917bd4d6573b | ITER: 6 END: OK
2019-12-27 20:45:48.564 4356 INFO rally.task.runner [-] Task a6ccca18-b553-414c-9946-917bd4d6573b | ITER: 9 START
2019-12-27 20:45:48.807 4355 INFO rally.task.runner [-] Task a6ccca18-b553-414c-9946-917bd4d6573b | ITER: 5 END: OK
2019-12-27 20:45:48.812 4355 INFO rally.task.runner [-] Task a6ccca18-b553-414c-9946-917bd4d6573b | ITER: 10 START
2019-12-27 20:45:48.835 4357 INFO rally.task.runner [-] Task a6ccca18-b553-414c-9946-917bd4d6573b | ITER: 7 END: OK
2019-12-27 20:45:48.911 4358 INFO rally.task.runner [-] Task a6ccca18-b553-414c-9946-917bd4d6573b | ITER: 8 END: OK
2019-12-27 20:45:53.346 4356 RALLYDEBUG rally.task.utils [-] Waiting for resource s_rally_2e9f6028_rkHH0Fcd. Status changed: DOWNLOADING => AVAILABLE in 2.232448101043701
2019-12-27 20:45:53.499 4356 RALLYDEBUG rally.task.utils [-] Waiting for resource s_rally_2e9f6028_rkHH0Fcd. Status changed: AVAILABLE => DELETING in 0.07710862159729004
2019-12-27 20:45:53.553 4355 RALLYDEBUG rally.task.utils [-] Waiting for resource s_rally_2e9f6028_ZIEt2fMi. Status changed: DOWNLOADING => AVAILABLE in 2.223322629928589
2019-12-27 20:45:53.697 4355 RALLYDEBUG rally.task.utils [-] Waiting for resource s_rally_2e9f6028_ZIEt2fMi. Status changed: AVAILABLE => DELETING in 0.07616281509399414
2019-12-27 20:45:55.557 4356 INFO rally.task.runner [-] Task a6ccca18-b553-414c-9946-917bd4d6573b | ITER: 9 END: OK
2019-12-27 20:45:55.746 4355 INFO rally.task.runner [-] Task a6ccca18-b553-414c-9946-917bd4d6573b | ITER: 10 END: OK
2019-12-27 20:45:55.768 1843 INFO rally.task.context [-] Task a6ccca18-b553-414c-9946-917bd4d6573b | Context cleanup@openstack cleanup() started
2019-12-27 20:45:55.773 1843 RALLYDEBUG rally_openstack.cleanup.manager [-] Cleaning up cinder backups objects
2019-12-27 20:45:56.430 1843 RALLYDEBUG rally_openstack.cleanup.manager [-] Cleaning up cinder volume_snapshots objects
2019-12-27 20:45:56.948 1843 RALLYDEBUG rally_openstack.cleanup.manager [-] Cleaning up cinder transfers objects
2019-12-27 20:45:57.470 1843 RALLYDEBUG rally_openstack.cleanup.manager [-] Cleaning up cinder volumes objects
2019-12-27 20:45:58.047 1843 INFO rally.task.context [-] Task a6ccca18-b553-414c-9946-917bd4d6573b | Context cleanup@openstack cleanup() finished in 2.28 sec
2019-12-27 20:45:58.048 1843 INFO rally.task.context [-] Task a6ccca18-b553-414c-9946-917bd4d6573b | Context quotas@openstack cleanup() started
2019-12-27 20:45:58.133 1843 INFO rally.task.context [-] Task a6ccca18-b553-414c-9946-917bd4d6573b | Context quotas@openstack cleanup() finished in 85.15 msec
2019-12-27 20:45:58.133 1843 INFO rally.task.context [-] Task a6ccca18-b553-414c-9946-917bd4d6573b | Context api_versions@openstack cleanup() started
2019-12-27 20:45:58.134 1843 INFO rally.task.context [-] Task a6ccca18-b553-414c-9946-917bd4d6573b | Context api_versions@openstack cleanup() finished in 0.30 msec
2019-12-27 20:45:58.134 1843 INFO rally.task.context [-] Task a6ccca18-b553-414c-9946-917bd4d6573b | Context users@openstack cleanup() started
2019-12-27 20:46:00.643 1843 INFO rally.task.context [-] Task a6ccca18-b553-414c-9946-917bd4d6573b | Context users@openstack cleanup() finished in 2.51 sec
2019-12-27 20:46:01.928 1843 INFO rally.task.engine [-] Load duration is: 21.26702
2019-12-27 20:46:01.929 1843 INFO rally.task.engine [-] Full runner duration is: 21.315362
2019-12-27 20:46:01.929 1843 INFO rally.task.engine [-] Full duration is: 28.88625
2019-12-27 20:46:01.994 1843 INFO rally.task.engine [-] Running workload: position = 2 config = { "version": 2, "title": "A cropped version of a bigger task.", "description": "Auto-generated task from a single workload (uuid=f5cc4d64-3c88-4f45-b461-942fb90fa870)", "subtasks": [ { "title": "CinderVolumes.create_and_delete_volume", "description": "Create and then delete a volume.", "scenario": { "CinderVolumes.create_and_delete_volume": { "size": 1 } }, "contexts": { "users": { "tenants": 3, "users_per_tenant": 2 }, "quotas": { "cinder": { "gigabytes": -1, "snapshots": -1, "volumes": -1 } }, "api_versions": { "cinder": { "version": 3, "service_type": "volumev3" } } }, "runner": { "constant": { "concurrency": 4, "times": 10 } }, "hooks": [], "sla": { "failure_rate": { "max": 0 } } } ] }
2019-12-27 20:46:02.015 1843 RALLYDEBUG rally_openstack.contexts.keystone.users [-] Creating 3 tenants using 20 threads
2019-12-27 20:46:02.642 1843 RALLYDEBUG rally_openstack.contexts.keystone.users [-] Creating 6 users using 20 threads
2019-12-27 20:46:03.584 1843 INFO rally.task.context [-] Task a6ccca18-b553-414c-9946-917bd4d6573b | Context users@openstack setup() finished in 1.57 sec
2019-12-27 20:46:03.782 1843 INFO rally.task.context [-] Task a6ccca18-b553-414c-9946-917bd4d6573b | Context api_versions@openstack setup() finished in 0.20 sec
2019-12-27 20:46:04.380 1843 INFO rally.task.context [-] Task a6ccca18-b553-414c-9946-917bd4d6573b | Context quotas@openstack setup() finished in 0.60 sec
2019-12-27 20:46:04.381 1843 INFO rally.task.context [-] Task a6ccca18-b553-414c-9946-917bd4d6573b | Context cleanup@openstack setup() finished in 0.06 msec
2019-12-27 20:46:04.393 1843 RALLYDEBUG rally.task.runner [-] Starting the constant runner (task UUID: a6ccca18-b553-414c-9946-917bd4d6573b). times: 10 concurrency: 4 timeout: 0 max_cpu_used: 88 processes_to_start: 4 concurrency_per_worker: 1 concurrency_overhead: 0
2019-12-27 20:46:04.405 4539 RALLYDEBUG rally.task.runner [-] Starting a worker. times: 10 duration: None concurrency: 1 timeout: 0 cls: method_name: run args: {"size": 1}
2019-12-27 20:46:04.408 4540 RALLYDEBUG rally.task.runner [-] Starting a worker. times: 10 duration: None concurrency: 1 timeout: 0 cls: method_name: run args: {"size": 1}
2019-12-27 20:46:04.411 4541 RALLYDEBUG rally.task.runner [-] Starting a worker. times: 10 duration: None concurrency: 1 timeout: 0 cls: method_name: run args: {"size": 1}
2019-12-27 20:46:04.413 4539 INFO rally.task.runner [-] Task a6ccca18-b553-414c-9946-917bd4d6573b | ITER: 1 START
2019-12-27 20:46:04.414 4542 RALLYDEBUG rally.task.runner [-] Starting a worker. times: 10 duration: None concurrency: 1 timeout: 0 cls: method_name: run args: {"size": 1}
2019-12-27 20:46:04.415 4540 INFO rally.task.runner [-] Task a6ccca18-b553-414c-9946-917bd4d6573b | ITER: 2 START
2019-12-27 20:46:04.418 4541 INFO rally.task.runner [-] Task a6ccca18-b553-414c-9946-917bd4d6573b | ITER: 3 START
2019-12-27 20:46:04.420 4542 INFO rally.task.runner [-] Task a6ccca18-b553-414c-9946-917bd4d6573b | ITER: 4 START
2019-12-27 20:46:07.288 4539 RALLYDEBUG rally.task.utils [-] Waiting for resource s_rally_f5cc4d64_P9vivYdX. Status changed: AVAILABLE => DELETING in 0.0718996524810791
2019-12-27 20:46:07.340 4542 RALLYDEBUG rally.task.utils [-] Waiting for resource s_rally_f5cc4d64_AzGeFqSI. Status changed: AVAILABLE => DELETING in 0.08875441551208496
2019-12-27 20:46:07.383 4540 RALLYDEBUG rally.task.utils [-] Waiting for resource s_rally_f5cc4d64_iVUYvBWM. Status changed: AVAILABLE => DELETING in 0.09084057807922363
2019-12-27 20:46:07.406 4541 RALLYDEBUG rally.task.utils [-] Waiting for resource s_rally_f5cc4d64_u7YgA1Is. Status changed: AVAILABLE => DELETING in 0.07027792930603027
2019-12-27 20:46:09.352 4539 INFO rally.task.runner [-] Task a6ccca18-b553-414c-9946-917bd4d6573b | ITER: 1 END: OK
2019-12-27 20:46:09.358 4539 INFO rally.task.runner [-] Task a6ccca18-b553-414c-9946-917bd4d6573b | ITER: 5 START
2019-12-27 20:46:09.401 4542 INFO rally.task.runner [-] Task a6ccca18-b553-414c-9946-917bd4d6573b | ITER: 4 END: OK
2019-12-27 20:46:09.407 4542 INFO rally.task.runner [-] Task a6ccca18-b553-414c-9946-917bd4d6573b | ITER: 6 START
2019-12-27 20:46:09.450 4540 INFO rally.task.runner [-] Task a6ccca18-b553-414c-9946-917bd4d6573b | ITER: 2 END: OK
2019-12-27 20:46:09.455 4540 INFO rally.task.runner [-] Task a6ccca18-b553-414c-9946-917bd4d6573b | ITER: 7 START
2019-12-27 20:46:09.461 4541 INFO rally.task.runner [-] Task a6ccca18-b553-414c-9946-917bd4d6573b | ITER: 3 END: OK
2019-12-27 20:46:09.466 4541 INFO rally.task.runner [-] Task a6ccca18-b553-414c-9946-917bd4d6573b | ITER: 8 START
2019-12-27 20:46:12.139 4540 RALLYDEBUG rally.task.utils [-] Waiting for resource s_rally_f5cc4d64_gxxji0I0. Status changed: AVAILABLE => DELETING in 0.06384015083312988
2019-12-27 20:46:12.174 4542 RALLYDEBUG rally.task.utils [-] Waiting for resource s_rally_f5cc4d64_OvNHjO7z. Status changed: AVAILABLE => DELETING in 0.11691737174987793
2019-12-27 20:46:12.201 4541 RALLYDEBUG rally.task.utils [-] Waiting for resource s_rally_f5cc4d64_MVLJbKzv. Status changed: AVAILABLE => DELETING in 0.0733804702758789
2019-12-27 20:46:12.212 4539 RALLYDEBUG rally.task.utils [-] Waiting for resource s_rally_f5cc4d64_3enpVmWw. Status changed: AVAILABLE => DELETING in 0.07758736610412598
2019-12-27 20:46:14.198 4540 INFO rally.task.runner [-] Task a6ccca18-b553-414c-9946-917bd4d6573b | ITER: 7 END: OK
2019-12-27 20:46:14.203 4540 INFO rally.task.runner [-] Task a6ccca18-b553-414c-9946-917bd4d6573b | ITER: 9 START
2019-12-27 20:46:14.224 4542 INFO rally.task.runner [-] Task a6ccca18-b553-414c-9946-917bd4d6573b | ITER: 6 END: OK
2019-12-27 20:46:14.229 4542 INFO rally.task.runner [-] Task a6ccca18-b553-414c-9946-917bd4d6573b | ITER: 10 START
2019-12-27 20:46:14.267 4539 INFO rally.task.runner [-] Task a6ccca18-b553-414c-9946-917bd4d6573b | ITER: 5 END: OK
2019-12-27 20:46:14.268 4541 INFO rally.task.runner [-] Task a6ccca18-b553-414c-9946-917bd4d6573b | ITER: 8 END: OK
2019-12-27 20:46:16.922 4540 RALLYDEBUG rally.task.utils [-] Waiting for resource s_rally_f5cc4d64_gcprIHTi. Status changed: AVAILABLE => DELETING in 0.09136414527893066
2019-12-27 20:46:17.110 4542 RALLYDEBUG rally.task.utils [-] Waiting for resource s_rally_f5cc4d64_CJCAAdPK. Status changed: AVAILABLE => DELETING in 0.07036828994750977
2019-12-27 20:46:18.977 4540 INFO rally.task.runner [-] Task a6ccca18-b553-414c-9946-917bd4d6573b | ITER: 9 END: OK
2019-12-27 20:46:19.170 4542 INFO rally.task.runner [-] Task a6ccca18-b553-414c-9946-917bd4d6573b | ITER: 10 END: OK
2019-12-27 20:46:19.197 1843 INFO rally.task.context [-] Task a6ccca18-b553-414c-9946-917bd4d6573b | Context cleanup@openstack cleanup() started
2019-12-27 20:46:19.202 1843 RALLYDEBUG rally_openstack.cleanup.manager [-] Cleaning up cinder backups objects
2019-12-27 20:46:19.730 1843 RALLYDEBUG rally_openstack.cleanup.manager [-] Cleaning up cinder volume_snapshots objects
2019-12-27 20:46:20.253 1843 RALLYDEBUG rally_openstack.cleanup.manager [-] Cleaning up cinder transfers objects
2019-12-27 20:46:20.717 1843 RALLYDEBUG rally_openstack.cleanup.manager [-] Cleaning up cinder volumes objects
2019-12-27 20:46:21.277 1843 INFO rally.task.context [-] Task a6ccca18-b553-414c-9946-917bd4d6573b | Context cleanup@openstack cleanup() finished in 2.08 sec
2019-12-27 20:46:21.278 1843 INFO rally.task.context [-] Task a6ccca18-b553-414c-9946-917bd4d6573b | Context quotas@openstack cleanup() started
2019-12-27 20:46:21.362 1843 INFO rally.task.context [-] Task a6ccca18-b553-414c-9946-917bd4d6573b | Context quotas@openstack cleanup() finished in 83.68 msec
2019-12-27 20:46:21.362 1843 INFO rally.task.context [-] Task a6ccca18-b553-414c-9946-917bd4d6573b | Context api_versions@openstack cleanup() started
2019-12-27 20:46:21.363 1843 INFO rally.task.context [-] Task a6ccca18-b553-414c-9946-917bd4d6573b | Context api_versions@openstack cleanup() finished in 0.32 msec
2019-12-27 20:46:21.363 1843 INFO rally.task.context [-] Task a6ccca18-b553-414c-9946-917bd4d6573b | Context users@openstack cleanup() started
2019-12-27 20:46:24.152 1843 INFO rally.task.context [-] Task a6ccca18-b553-414c-9946-917bd4d6573b | Context users@openstack cleanup() finished in 2.79 sec
2019-12-27 20:46:26.150 1843 INFO rally.task.engine [-] Load duration is: 14.752313
2019-12-27 20:46:26.150 1843 INFO rally.task.engine [-] Full runner duration is: 14.804331
2019-12-27 20:46:26.151 1843 INFO rally.task.engine [-] Full duration is: 22.13973
2019-12-27 20:46:26.252 1843 INFO rally.task.engine [-] Running workload: position = 0 config = { "version": 2, "title": "A cropped version of a bigger task.", "description": "Auto-generated task from a single workload (uuid=f2f60b88-7233-420f-b7b8-cb4babbbef6c)", "subtasks": [ { "title": "CinderVolumes.create_and_extend_volume", "description": "Create and extend a volume and then delete it.", "scenario": { "CinderVolumes.create_and_extend_volume": { "new_size": 2, "size": 1 } }, "contexts": { "users": { "tenants": 3, "users_per_tenant": 2 }, "quotas": { "cinder": { "gigabytes": -1, "snapshots": -1, "volumes": -1 } }, "api_versions": { "cinder": { "version": 3, "service_type": "volumev3" } } }, "runner": { "constant": { "concurrency": 4, "times": 10 } }, "hooks": [], "sla": { "failure_rate": { "max": 0 } } } ] }
2019-12-27 20:46:26.270 1843 RALLYDEBUG rally_openstack.contexts.keystone.users [-] Creating 3 tenants using 20 threads
2019-12-27 20:46:26.880 1843 RALLYDEBUG rally_openstack.contexts.keystone.users [-] Creating 6 users using 20 threads
2019-12-27 20:46:27.832 1843 INFO rally.task.context [-] Task a6ccca18-b553-414c-9946-917bd4d6573b | Context users@openstack setup() finished in 1.56 sec
2019-12-27 20:46:28.010 1843 INFO rally.task.context [-] Task a6ccca18-b553-414c-9946-917bd4d6573b | Context api_versions@openstack setup() finished in 0.18 sec
2019-12-27 20:46:28.569 1843 INFO rally.task.context [-] Task a6ccca18-b553-414c-9946-917bd4d6573b | Context quotas@openstack setup() finished in 0.56 sec
2019-12-27 20:46:28.569 1843 INFO rally.task.context [-] Task a6ccca18-b553-414c-9946-917bd4d6573b | Context cleanup@openstack setup() finished in 0.02 msec
2019-12-27 20:46:28.581 1843 RALLYDEBUG rally.task.runner [-] Starting the constant runner (task UUID: a6ccca18-b553-414c-9946-917bd4d6573b). times: 10 concurrency: 4 timeout: 0 max_cpu_used: 88 processes_to_start: 4 concurrency_per_worker: 1 concurrency_overhead: 0
2019-12-27 20:46:28.592 4723 RALLYDEBUG rally.task.runner [-] Starting a worker. times: 10 duration: None concurrency: 1 timeout: 0 cls: method_name: run args: {"new_size": 2, "size": 1}
2019-12-27 20:46:28.595 4724 RALLYDEBUG rally.task.runner [-] Starting a worker. times: 10 duration: None concurrency: 1 timeout: 0 cls: method_name: run args: {"new_size": 2, "size": 1}
2019-12-27 20:46:28.597 4725 RALLYDEBUG rally.task.runner [-] Starting a worker. times: 10 duration: None concurrency: 1 timeout: 0 cls: method_name: run args: {"new_size": 2, "size": 1}
2019-12-27 20:46:28.600 4723 INFO rally.task.runner [-] Task a6ccca18-b553-414c-9946-917bd4d6573b | ITER: 1 START
2019-12-27 20:46:28.601 4726 RALLYDEBUG rally.task.runner [-] Starting a worker. times: 10 duration: None concurrency: 1 timeout: 0 cls: method_name: run args: {"new_size": 2, "size": 1}
2019-12-27 20:46:28.602 4724 INFO rally.task.runner [-] Task a6ccca18-b553-414c-9946-917bd4d6573b | ITER: 2 START
2019-12-27 20:46:28.603 4725 INFO rally.task.runner [-] Task a6ccca18-b553-414c-9946-917bd4d6573b | ITER: 3 START
2019-12-27 20:46:28.610 4726 INFO rally.task.runner [-] Task a6ccca18-b553-414c-9946-917bd4d6573b | ITER: 4 START
2019-12-27 20:46:31.478 4726 RALLYDEBUG rally.task.utils [-] Waiting for resource s_rally_f2f60b88_7cScIF89. Status changed: AVAILABLE => EXTENDING in 0.07647395133972168
2019-12-27 20:46:31.478 4725 RALLYDEBUG rally.task.utils [-] Waiting for resource s_rally_f2f60b88_uxlddbDc. Status changed: AVAILABLE => EXTENDING in 0.06723260879516602
2019-12-27 20:46:31.567 4724 RALLYDEBUG rally.task.utils [-] Waiting for resource s_rally_f2f60b88_DD0sbUHA. Status changed: AVAILABLE => EXTENDING in 0.07042574882507324
2019-12-27 20:46:31.674 4723 RALLYDEBUG rally.task.utils [-] Waiting for resource s_rally_f2f60b88_iRJS25EI. Status changed: AVAILABLE => EXTENDING in 0.08630824089050293
2019-12-27 20:46:33.556 4725 RALLYDEBUG rally.task.utils [-] Waiting for resource s_rally_f2f60b88_uxlddbDc. Status changed: EXTENDING => AVAILABLE in 2.077767848968506
2019-12-27 20:46:33.571 4726 RALLYDEBUG rally.task.utils [-] Waiting for resource s_rally_f2f60b88_7cScIF89. Status changed: EXTENDING => AVAILABLE in 2.0928919315338135
2019-12-27 20:46:33.659 4724 RALLYDEBUG rally.task.utils [-] Waiting for resource s_rally_f2f60b88_DD0sbUHA. Status changed: EXTENDING => AVAILABLE in 2.091933250427246
2019-12-27 20:46:33.707 4725 RALLYDEBUG rally.task.utils [-] Waiting for resource s_rally_f2f60b88_uxlddbDc. Status changed: AVAILABLE => DELETING in 0.06988525390625
2019-12-27 20:46:33.751 4723 RALLYDEBUG rally.task.utils [-] Waiting for resource s_rally_f2f60b88_iRJS25EI. Status changed: EXTENDING => AVAILABLE in 2.0761144161224365
2019-12-27 20:46:33.757 4726 RALLYDEBUG rally.task.utils [-] Waiting for resource s_rally_f2f60b88_7cScIF89. Status changed: AVAILABLE => DELETING in 0.0814199447631836
2019-12-27 20:46:33.820 4724 RALLYDEBUG rally.task.utils [-] Waiting for resource s_rally_f2f60b88_DD0sbUHA. Status changed: AVAILABLE => DELETING in 0.07597756385803223
2019-12-27 20:46:33.904 4723 RALLYDEBUG rally.task.utils [-] Waiting for resource s_rally_f2f60b88_iRJS25EI. Status changed: AVAILABLE => DELETING in 0.07030439376831055
2019-12-27 20:46:35.758 4725 INFO rally.task.runner [-] Task a6ccca18-b553-414c-9946-917bd4d6573b | ITER: 3 END: OK
2019-12-27 20:46:35.763 4725 INFO rally.task.runner [-] Task a6ccca18-b553-414c-9946-917bd4d6573b | ITER: 5 START
2019-12-27 20:46:35.807 4726 INFO rally.task.runner [-] Task a6ccca18-b553-414c-9946-917bd4d6573b | ITER: 4 END: OK
2019-12-27 20:46:35.813 4726 INFO rally.task.runner [-] Task a6ccca18-b553-414c-9946-917bd4d6573b | ITER: 6 START
2019-12-27 20:46:35.873 4724 INFO rally.task.runner [-] Task a6ccca18-b553-414c-9946-917bd4d6573b | ITER: 2 END: OK
2019-12-27 20:46:35.877 4724 INFO rally.task.runner [-] Task a6ccca18-b553-414c-9946-917bd4d6573b | ITER: 7 START
2019-12-27 20:46:35.963 4723 INFO rally.task.runner [-] Task a6ccca18-b553-414c-9946-917bd4d6573b | ITER: 1 END: OK
2019-12-27 20:46:35.968 4723 INFO rally.task.runner [-] Task a6ccca18-b553-414c-9946-917bd4d6573b | ITER: 8 START
2019-12-27 20:46:38.478 4725 RALLYDEBUG rally.task.utils [-] Waiting for resource s_rally_f2f60b88_IyskwBbi. Status changed: AVAILABLE => EXTENDING in 0.07121491432189941
2019-12-27 20:46:38.690 4724 RALLYDEBUG rally.task.utils [-] Waiting for resource s_rally_f2f60b88_MQk6PZsm. Status changed: AVAILABLE => EXTENDING in 0.06648802757263184
2019-12-27 20:46:38.729 4726 RALLYDEBUG rally.task.utils [-] Waiting for resource s_rally_f2f60b88_88u5GR7T. Status changed: AVAILABLE => EXTENDING in 0.06772613525390625
2019-12-27 20:46:38.775 4723 RALLYDEBUG rally.task.utils [-] Waiting for resource s_rally_f2f60b88_bug8l5ZH. Status changed: AVAILABLE => EXTENDING in 0.09598755836486816
2019-12-27 20:46:40.570 4725 RALLYDEBUG rally.task.utils [-] Waiting for resource s_rally_f2f60b88_IyskwBbi. Status changed: EXTENDING => AVAILABLE in 2.0915210247039795
2019-12-27 20:46:40.724 4725 RALLYDEBUG rally.task.utils [-] Waiting for resource s_rally_f2f60b88_IyskwBbi. Status changed: AVAILABLE => DELETING in 0.07114434242248535
2019-12-27 20:46:40.767 4724 RALLYDEBUG rally.task.utils [-] Waiting for resource s_rally_f2f60b88_MQk6PZsm. Status changed: EXTENDING => AVAILABLE in 2.0762369632720947
2019-12-27 20:46:40.804 4726 RALLYDEBUG rally.task.utils [-] Waiting for resource s_rally_f2f60b88_88u5GR7T. Status changed: EXTENDING => AVAILABLE in 2.0745291709899902
2019-12-27 20:46:40.869 4723 RALLYDEBUG rally.task.utils [-] Waiting for resource s_rally_f2f60b88_bug8l5ZH. Status changed: EXTENDING => AVAILABLE in 2.0939488410949707
2019-12-27 20:46:40.911 4724 RALLYDEBUG rally.task.utils [-] Waiting for resource s_rally_f2f60b88_MQk6PZsm. Status changed: AVAILABLE => DELETING in 0.06572580337524414
2019-12-27 20:46:40.957 4726 RALLYDEBUG rally.task.utils [-] Waiting for resource s_rally_f2f60b88_88u5GR7T. Status changed: AVAILABLE => DELETING in 0.06887555122375488
2019-12-27 20:46:41.029 4723 RALLYDEBUG rally.task.utils [-] Waiting for resource s_rally_f2f60b88_bug8l5ZH. Status changed: AVAILABLE => DELETING in 0.07559466361999512
2019-12-27 20:46:42.785 4725 INFO rally.task.runner [-] Task a6ccca18-b553-414c-9946-917bd4d6573b | ITER: 5 END: OK
2019-12-27 20:46:42.789 4725 INFO rally.task.runner [-] Task a6ccca18-b553-414c-9946-917bd4d6573b | ITER: 9 START
2019-12-27 20:46:42.967 4724 INFO rally.task.runner [-] Task a6ccca18-b553-414c-9946-917bd4d6573b | ITER: 7 END: OK
2019-12-27 20:46:42.971 4724 INFO rally.task.runner [-] Task a6ccca18-b553-414c-9946-917bd4d6573b | ITER: 10 START
2019-12-27 20:46:43.021 4726 INFO rally.task.runner [-] Task a6ccca18-b553-414c-9946-917bd4d6573b | ITER: 6 END: OK
2019-12-27 20:46:43.080 4723 INFO rally.task.runner [-] Task a6ccca18-b553-414c-9946-917bd4d6573b | ITER: 8 END: OK
2019-12-27 20:46:45.750 4725 RALLYDEBUG rally.task.utils [-] Waiting for resource s_rally_f2f60b88_grCj3PYI. Status changed: AVAILABLE => EXTENDING in 0.0752861499786377
2019-12-27 20:46:45.898 4724 RALLYDEBUG rally.task.utils [-] Waiting for resource s_rally_f2f60b88_JSqKnQx7. Status changed: AVAILABLE => EXTENDING in 0.2445845603942871
2019-12-27 20:46:47.827 4725 RALLYDEBUG rally.task.utils [-] Waiting for resource s_rally_f2f60b88_grCj3PYI. Status changed: EXTENDING => AVAILABLE in 2.0775089263916016
2019-12-27 20:46:47.968 4724 RALLYDEBUG rally.task.utils [-] Waiting for resource s_rally_f2f60b88_JSqKnQx7. Status changed: EXTENDING => AVAILABLE in 2.069997549057007
2019-12-27 20:46:47.992 4725 RALLYDEBUG rally.task.utils [-] Waiting for resource s_rally_f2f60b88_grCj3PYI. Status changed: AVAILABLE => DELETING in 0.09172749519348145
2019-12-27 20:46:48.136 4724 RALLYDEBUG rally.task.utils [-] Waiting for resource s_rally_f2f60b88_JSqKnQx7. Status changed: AVAILABLE => DELETING in 0.08880805969238281
2019-12-27 20:46:50.055 4725 INFO rally.task.runner [-] Task a6ccca18-b553-414c-9946-917bd4d6573b | ITER: 9 END: OK
2019-12-27 20:46:50.211 4724 INFO rally.task.runner [-] Task a6ccca18-b553-414c-9946-917bd4d6573b | ITER: 10 END: OK
2019-12-27 20:46:50.242 1843 INFO rally.task.context [-] Task a6ccca18-b553-414c-9946-917bd4d6573b | Context cleanup@openstack cleanup() started
2019-12-27 20:46:50.249 1843 RALLYDEBUG rally_openstack.cleanup.manager [-] Cleaning up cinder backups objects
2019-12-27 20:46:50.999 1843 RALLYDEBUG rally_openstack.cleanup.manager [-] Cleaning up cinder volume_snapshots objects
2019-12-27 20:46:51.476 1843 RALLYDEBUG rally_openstack.cleanup.manager [-] Cleaning up cinder transfers objects
2019-12-27 20:46:51.934 1843 RALLYDEBUG rally_openstack.cleanup.manager [-] Cleaning up cinder volumes objects
2019-12-27 20:46:52.488 1843 INFO rally.task.context [-] Task a6ccca18-b553-414c-9946-917bd4d6573b | Context cleanup@openstack cleanup() finished in 2.25 sec
2019-12-27 20:46:52.489 1843 INFO rally.task.context [-] Task a6ccca18-b553-414c-9946-917bd4d6573b | Context quotas@openstack cleanup() started
2019-12-27 20:46:52.573 1843 INFO rally.task.context [-] Task a6ccca18-b553-414c-9946-917bd4d6573b | Context quotas@openstack cleanup() finished in 84.19 msec
2019-12-27 20:46:52.573 1843 INFO rally.task.context [-] Task a6ccca18-b553-414c-9946-917bd4d6573b | Context api_versions@openstack cleanup() started
2019-12-27 20:46:52.574 1843 INFO rally.task.context [-] Task a6ccca18-b553-414c-9946-917bd4d6573b | Context api_versions@openstack cleanup() finished in 0.32 msec
2019-12-27 20:46:52.574 1843 INFO rally.task.context [-] Task a6ccca18-b553-414c-9946-917bd4d6573b | Context users@openstack cleanup() started
2019-12-27 20:46:55.310 1843 INFO rally.task.context [-] Task a6ccca18-b553-414c-9946-917bd4d6573b | Context users@openstack cleanup() finished in 2.74 sec
2019-12-27 20:46:56.501 1843 INFO rally.task.engine [-] Load duration is: 21.605795
2019-12-27 20:46:56.502 1843 INFO rally.task.engine [-] Full runner duration is: 21.660587
2019-12-27 20:46:56.502 1843 INFO rally.task.engine [-] Full duration is: 29.04201
2019-12-27 20:46:56.596 1843 INFO rally.task.engine [-] Running workload: position = 0 config = { "version": 2, "title": "A cropped version of a bigger task.", "description": "Auto-generated task from a single workload (uuid=b4c17ec1-bbff-4b27-be32-de3f6367f841)", "subtasks": [ { "title": "CinderVolumes.create_from_volume_and_delete_volume", "description": "Create volume from volume and then delete it.", "scenario": { "CinderVolumes.create_from_volume_and_delete_volume": { "size": 1 } }, "contexts": { "users": { "tenants": 3, "users_per_tenant": 2 }, "quotas": { "cinder": { "gigabytes": -1, "snapshots": -1, "volumes": -1 } }, "api_versions": { "cinder": { "version": 3, "service_type": "volumev3" } }, "volumes": { "size": 1, "volumes_per_tenant": 1 } }, "runner": { "constant": { "concurrency": 4, "times": 10 } }, "hooks": [], "sla": { "failure_rate": { "max": 0 } } } ] }
2019-12-27 20:46:56.622 1843 RALLYDEBUG rally_openstack.contexts.keystone.users [-] Creating 3 tenants using 20 threads
2019-12-27 20:46:57.176 1843 RALLYDEBUG rally_openstack.contexts.keystone.users [-] Creating 6 users using 20 threads
2019-12-27 20:46:58.025 1843 INFO rally.task.context [-] Task a6ccca18-b553-414c-9946-917bd4d6573b | Context users@openstack setup() finished in 1.40 sec
2019-12-27 20:46:58.205 1843 INFO rally.task.context [-] Task a6ccca18-b553-414c-9946-917bd4d6573b | Context api_versions@openstack setup() finished in 0.18 sec
2019-12-27 20:46:58.759 1843 INFO rally.task.context [-] Task a6ccca18-b553-414c-9946-917bd4d6573b | Context quotas@openstack setup() finished in 0.55 sec
2019-12-27 20:47:06.862 1843 INFO rally.task.context [-] Task a6ccca18-b553-414c-9946-917bd4d6573b | Context volumes@openstack setup() finished in 8.10 sec
2019-12-27 20:47:06.863 1843 INFO rally.task.context [-] Task a6ccca18-b553-414c-9946-917bd4d6573b | Context cleanup@openstack setup() finished in 0.12 msec
2019-12-27 20:47:06.875 1843 RALLYDEBUG rally.task.runner [-] Starting the constant runner (task UUID: a6ccca18-b553-414c-9946-917bd4d6573b). times: 10 concurrency: 4 timeout: 0 max_cpu_used: 88 processes_to_start: 4 concurrency_per_worker: 1 concurrency_overhead: 0
2019-12-27 20:47:06.886 4907 RALLYDEBUG rally.task.runner [-] Starting a worker. times: 10 duration: None concurrency: 1 timeout: 0 cls: method_name: run args: {"size": 1}
2019-12-27 20:47:06.888 4908 RALLYDEBUG rally.task.runner [-] Starting a worker. times: 10 duration: None concurrency: 1 timeout: 0 cls: method_name: run args: {"size": 1}
2019-12-27 20:47:06.891 4909 RALLYDEBUG rally.task.runner [-] Starting a worker. times: 10 duration: None concurrency: 1 timeout: 0 cls: method_name: run args: {"size": 1}
2019-12-27 20:47:06.894 4907 INFO rally.task.runner [-] Task a6ccca18-b553-414c-9946-917bd4d6573b | ITER: 1 START
2019-12-27 20:47:06.894 4910 RALLYDEBUG rally.task.runner [-] Starting a worker. times: 10 duration: None concurrency: 1 timeout: 0 cls: method_name: run args: {"size": 1}
2019-12-27 20:47:06.896 4908 INFO rally.task.runner [-] Task a6ccca18-b553-414c-9946-917bd4d6573b | ITER: 2 START
2019-12-27 20:47:06.897 4909 INFO rally.task.runner [-] Task a6ccca18-b553-414c-9946-917bd4d6573b | ITER: 3 START
2019-12-27 20:47:06.902 4910 INFO rally.task.runner [-] Task a6ccca18-b553-414c-9946-917bd4d6573b | ITER: 4 START
2019-12-27 20:47:09.674 4910 RALLYDEBUG rally.task.utils [-] Waiting for resource s_rally_b4c17ec1_yNUMJetM. Status changed: AVAILABLE => DELETING in 0.07109975814819336
2019-12-27 20:47:11.652 4907 RALLYDEBUG rally.task.utils [-] Waiting for resource s_rally_b4c17ec1_MwLmZqMN. Status changed: CREATING => AVAILABLE in 2.234020948410034
2019-12-27 20:47:11.723 4910 INFO rally.task.runner [-] Task a6ccca18-b553-414c-9946-917bd4d6573b | ITER: 4 END: OK
2019-12-27 20:47:11.728 4910 INFO rally.task.runner [-] Task a6ccca18-b553-414c-9946-917bd4d6573b | ITER: 5 START
2019-12-27 20:47:11.781 4909 RALLYDEBUG rally.task.utils [-] Waiting for resource s_rally_b4c17ec1_tvqUHLlZ. Status changed: CREATING => AVAILABLE in 2.4009904861450195
2019-12-27 20:47:11.790 4908 RALLYDEBUG rally.task.utils [-] Waiting for resource s_rally_b4c17ec1_UxGDtqVi. Status changed: CREATING => AVAILABLE in 2.265505075454712
2019-12-27 20:47:11.802 4907 RALLYDEBUG rally.task.utils [-] Waiting for resource s_rally_b4c17ec1_MwLmZqMN. Status changed: AVAILABLE => DELETING in 0.0727684497833252
2019-12-27 20:47:11.917 4909 RALLYDEBUG rally.task.utils [-] Waiting for resource s_rally_b4c17ec1_tvqUHLlZ. Status changed: AVAILABLE => DELETING in 0.06546330451965332
2019-12-27 20:47:11.959 4908 RALLYDEBUG rally.task.utils [-] Waiting for resource s_rally_b4c17ec1_UxGDtqVi. Status changed: AVAILABLE => DELETING in 0.08166289329528809
2019-12-27 20:47:15.938 4907 INFO rally.task.runner [-] Task a6ccca18-b553-414c-9946-917bd4d6573b | ITER: 1 END: OK
2019-12-27 20:47:15.944 4907 INFO rally.task.runner [-] Task a6ccca18-b553-414c-9946-917bd4d6573b | ITER: 6 START
2019-12-27 20:47:16.045 4909 INFO rally.task.runner [-] Task a6ccca18-b553-414c-9946-917bd4d6573b | ITER: 3 END: OK
2019-12-27 20:47:16.051 4909 INFO rally.task.runner [-] Task a6ccca18-b553-414c-9946-917bd4d6573b | ITER: 7 START
2019-12-27 20:47:16.094 4908 INFO rally.task.runner [-] Task a6ccca18-b553-414c-9946-917bd4d6573b | ITER: 2 END: OK
2019-12-27 20:47:16.098 4908 INFO rally.task.runner [-] Task a6ccca18-b553-414c-9946-917bd4d6573b | ITER: 8 START
2019-12-27 20:47:16.586 4910 RALLYDEBUG rally.task.utils [-] Waiting for resource s_rally_b4c17ec1_gBegHiG4. Status changed: CREATING => AVAILABLE in 2.2256717681884766
2019-12-27 20:47:16.746 4910 RALLYDEBUG rally.task.utils [-] Waiting for resource s_rally_b4c17ec1_gBegHiG4. Status changed: AVAILABLE => DELETING in 0.07575345039367676
2019-12-27 20:47:18.809 4907 RALLYDEBUG rally.task.utils [-] Waiting for resource s_rally_b4c17ec1_qRqVZmlV. Status changed: AVAILABLE => DELETING in 0.09821581840515137
2019-12-27 20:47:18.941 4909 RALLYDEBUG rally.task.utils [-] Waiting for resource s_rally_b4c17ec1_oMBray1r. Status changed: AVAILABLE => DELETING in 0.0652914047241211
2019-12-27 20:47:20.853 4907 INFO rally.task.runner [-] Task a6ccca18-b553-414c-9946-917bd4d6573b | ITER: 6 END: OK
2019-12-27 20:47:20.858 4907 INFO rally.task.runner [-] Task a6ccca18-b553-414c-9946-917bd4d6573b | ITER: 9 START
2019-12-27 20:47:20.885 4910 INFO rally.task.runner [-] Task a6ccca18-b553-414c-9946-917bd4d6573b | ITER: 5 END: OK
2019-12-27 20:47:20.890 4910 INFO rally.task.runner [-] Task a6ccca18-b553-414c-9946-917bd4d6573b | ITER: 10 START
2019-12-27 20:47:20.902 4908 RALLYDEBUG rally.task.utils [-] Waiting for resource s_rally_b4c17ec1_rf9ozgKT. Status changed: CREATING => AVAILABLE in 2.234550952911377
2019-12-27 20:47:20.995 4909 INFO rally.task.runner [-] Task a6ccca18-b553-414c-9946-917bd4d6573b | ITER: 7 END: OK
2019-12-27 20:47:21.055 4908 RALLYDEBUG rally.task.utils [-] Waiting for resource s_rally_b4c17ec1_rf9ozgKT. Status changed: AVAILABLE => DELETING in 0.0767974853515625
2019-12-27 20:47:23.114 4908 INFO rally.task.runner [-] Task a6ccca18-b553-414c-9946-917bd4d6573b | ITER: 8 END: OK
2019-12-27 20:47:23.775 4907 RALLYDEBUG rally.task.utils [-] Waiting for resource s_rally_b4c17ec1_G0VM61Y1. Status changed: AVAILABLE => DELETING in 0.0767829418182373
2019-12-27 20:47:23.905 4910 RALLYDEBUG rally.task.utils [-] Waiting for resource s_rally_b4c17ec1_uQp9yNfH. Status changed: AVAILABLE => DELETING in 0.06854867935180664
2019-12-27 20:47:25.827 4907 INFO rally.task.runner [-] Task a6ccca18-b553-414c-9946-917bd4d6573b | ITER: 9 END: OK
2019-12-27 20:47:25.957 4910 INFO rally.task.runner [-] Task a6ccca18-b553-414c-9946-917bd4d6573b | ITER: 10 END: OK
2019-12-27 20:47:25.982 1843 INFO rally.task.context [-] Task a6ccca18-b553-414c-9946-917bd4d6573b | Context cleanup@openstack cleanup() started
2019-12-27 20:47:25.993 1843 RALLYDEBUG rally_openstack.cleanup.manager [-] Cleaning up cinder backups objects
2019-12-27 20:47:26.474 1843 RALLYDEBUG rally_openstack.cleanup.manager [-] Cleaning up cinder volume_snapshots objects
2019-12-27 20:47:26.943 1843 RALLYDEBUG rally_openstack.cleanup.manager [-] Cleaning up cinder transfers objects
2019-12-27 20:47:27.508 1843 RALLYDEBUG rally_openstack.cleanup.manager [-] Cleaning up cinder volumes objects
2019-12-27 20:47:28.063 1843 INFO rally.task.context [-] Task a6ccca18-b553-414c-9946-917bd4d6573b | Context cleanup@openstack cleanup() finished in 2.08 sec
2019-12-27 20:47:28.063 1843 INFO rally.task.context [-] Task a6ccca18-b553-414c-9946-917bd4d6573b | Context volumes@openstack cleanup() started
2019-12-27 20:47:28.064 1843 RALLYDEBUG rally_openstack.cleanup.manager [-] Cleaning up cinder volumes objects
2019-12-27 20:47:28.630 1843 RALLYDEBUG rally_openstack.cleanup.manager [-] Deleting cinder.volumes object c_rally_b4c17ec1_EWqJIXih (6836d257-c7e0-4c89-b171-a585c11b7f41)
2019-12-27 20:47:28.637 1843 RALLYDEBUG rally_openstack.cleanup.manager [-] Deleting cinder.volumes object c_rally_b4c17ec1_xXdLG17J (5578358c-783a-413b-a1fd-9b19cfff7cba)
2019-12-27 20:47:28.643 1843 RALLYDEBUG rally_openstack.cleanup.manager [-] Deleting cinder.volumes object c_rally_b4c17ec1_ZjhoeOvu (b75bad11-5043-48c9-8031-bcbd398d6fb1)
2019-12-27 20:47:30.998 1843 INFO rally.task.context [-] Task a6ccca18-b553-414c-9946-917bd4d6573b | Context volumes@openstack cleanup() finished in 2.93 sec
2019-12-27 20:47:30.999 1843 INFO rally.task.context [-] Task a6ccca18-b553-414c-9946-917bd4d6573b | Context quotas@openstack cleanup() started
2019-12-27 20:47:31.082 1843 INFO rally.task.context [-] Task a6ccca18-b553-414c-9946-917bd4d6573b | Context quotas@openstack cleanup() finished in 82.84 msec
2019-12-27 20:47:31.082 1843 INFO rally.task.context [-] Task a6ccca18-b553-414c-9946-917bd4d6573b | Context api_versions@openstack cleanup() started
2019-12-27 20:47:31.082 1843 INFO rally.task.context [-] Task a6ccca18-b553-414c-9946-917bd4d6573b | Context api_versions@openstack cleanup() finished in 0.32 msec
2019-12-27 20:47:31.083 1843 INFO rally.task.context [-] Task a6ccca18-b553-414c-9946-917bd4d6573b | Context users@openstack cleanup() started
2019-12-27 20:47:33.747 1843 INFO rally.task.context [-] Task a6ccca18-b553-414c-9946-917bd4d6573b | Context users@openstack cleanup() finished in 2.66 sec
2019-12-27 20:47:34.858 1843 INFO rally.task.engine [-] Load duration is: 19.058794
2019-12-27 20:47:34.859 1843 INFO rally.task.engine [-] Full runner duration is: 19.107075
2019-12-27 20:47:34.859 1843 INFO rally.task.engine [-] Full duration is: 37.129333
2019-12-27 20:47:34.951 1843 INFO rally.task.engine [-] Running workload: position = 0 config = { "version": 2, "title": "A cropped version of a bigger task.", "description": "Auto-generated task from a single workload (uuid=ab845d2a-f938-4544-bdb5-afcc3c927be1)", "subtasks": [ { "title": "CinderQos.create_and_get_qos", "description": "Create a qos, then get details of the qos.", "scenario": { "CinderQos.create_and_get_qos": { "consumer": "both", "write_iops_sec": "10", "read_iops_sec": "1000" } }, "contexts": { "users": { "tenants": 3, "users_per_tenant": 2 }, "api_versions": { "cinder": { "version": 3, "service_type": "volumev3" } } }, "runner": { "constant": { "concurrency": 4, "times": 10 } }, "hooks": [], "sla": { "failure_rate": { "max": 0 } } } ] }
2019-12-27 20:47:34.971 1843 RALLYDEBUG rally_openstack.contexts.keystone.users [-] Creating 3 tenants using 20 threads
2019-12-27 20:47:35.713 1843 RALLYDEBUG rally_openstack.contexts.keystone.users [-] Creating 6 users using 20 threads
2019-12-27 20:47:36.607 1843 INFO rally.task.context [-] Task a6ccca18-b553-414c-9946-917bd4d6573b | Context users@openstack setup() finished in 1.64 sec
2019-12-27 20:47:36.809 1843 INFO rally.task.context [-] Task a6ccca18-b553-414c-9946-917bd4d6573b | Context api_versions@openstack setup() finished in 0.20 sec
2019-12-27 20:47:36.809 1843 INFO rally.task.context [-] Task a6ccca18-b553-414c-9946-917bd4d6573b | Context admin_cleanup@openstack setup() finished in 0.12 msec
2019-12-27 20:47:36.818 1843 RALLYDEBUG rally.task.runner [-] Starting the constant runner (task UUID: a6ccca18-b553-414c-9946-917bd4d6573b). times: 10 concurrency: 4 timeout: 0 max_cpu_used: 88 processes_to_start: 4 concurrency_per_worker: 1 concurrency_overhead: 0
2019-12-27 20:47:36.830 5111 RALLYDEBUG rally.task.runner [-] Starting a worker. times: 10 duration: None concurrency: 1 timeout: 0 cls: method_name: run args: {"consumer": "both", "write_iops_sec": "10", "read_iops_sec": "1000"}
2019-12-27 20:47:36.833 5112 RALLYDEBUG rally.task.runner [-] Starting a worker. times: 10 duration: None concurrency: 1 timeout: 0 cls: method_name: run args: {"consumer": "both", "write_iops_sec": "10", "read_iops_sec": "1000"}
2019-12-27 20:47:36.836 5111 INFO rally.task.runner [-] Task a6ccca18-b553-414c-9946-917bd4d6573b | ITER: 1 START
2019-12-27 20:47:36.836 5113 RALLYDEBUG rally.task.runner [-] Starting a worker. times: 10 duration: None concurrency: 1 timeout: 0 cls: method_name: run args: {"consumer": "both", "write_iops_sec": "10", "read_iops_sec": "1000"}
2019-12-27 20:47:36.839 5114 RALLYDEBUG rally.task.runner [-] Starting a worker. times: 10 duration: None concurrency: 1 timeout: 0 cls: method_name: run args: {"consumer": "both", "write_iops_sec": "10", "read_iops_sec": "1000"}
2019-12-27 20:47:36.841 5112 INFO rally.task.runner [-] Task a6ccca18-b553-414c-9946-917bd4d6573b | ITER: 2 START
2019-12-27 20:47:36.843 5113 INFO rally.task.runner [-] Task a6ccca18-b553-414c-9946-917bd4d6573b | ITER: 3 START
2019-12-27 20:47:36.846 5114 INFO rally.task.runner [-] Task a6ccca18-b553-414c-9946-917bd4d6573b | ITER: 4 START
2019-12-27 20:47:37.127 5112 INFO rally.task.runner [-] Task a6ccca18-b553-414c-9946-917bd4d6573b | ITER: 2 END: OK
2019-12-27 20:47:37.132 5112 INFO rally.task.runner [-] Task a6ccca18-b553-414c-9946-917bd4d6573b | ITER: 5 START
2019-12-27 20:47:37.136 5113 INFO rally.task.runner [-] Task a6ccca18-b553-414c-9946-917bd4d6573b | ITER: 3 END: OK
2019-12-27 20:47:37.141 5113 INFO rally.task.runner [-] Task a6ccca18-b553-414c-9946-917bd4d6573b | ITER: 6 START
2019-12-27 20:47:37.152 5111 INFO rally.task.runner [-] Task a6ccca18-b553-414c-9946-917bd4d6573b | ITER: 1 END: OK
2019-12-27 20:47:37.158 5114 INFO rally.task.runner [-] Task a6ccca18-b553-414c-9946-917bd4d6573b | ITER: 4 END: OK
2019-12-27 20:47:37.158 5111 INFO rally.task.runner [-] Task a6ccca18-b553-414c-9946-917bd4d6573b | ITER: 7 START
2019-12-27 20:47:37.162 5114 INFO rally.task.runner [-] Task a6ccca18-b553-414c-9946-917bd4d6573b | ITER: 8 START
2019-12-27 20:47:37.323 5112 INFO rally.task.runner [-] Task a6ccca18-b553-414c-9946-917bd4d6573b | ITER: 5 END: OK
2019-12-27 20:47:37.327 5112 INFO rally.task.runner [-] Task a6ccca18-b553-414c-9946-917bd4d6573b | ITER: 9 START
2019-12-27 20:47:37.339 5113 INFO rally.task.runner [-] Task a6ccca18-b553-414c-9946-917bd4d6573b | ITER: 6 END: OK
2019-12-27 20:47:37.343 5113 INFO rally.task.runner [-] Task a6ccca18-b553-414c-9946-917bd4d6573b | ITER: 10 START
2019-12-27 20:47:37.349 5114 INFO rally.task.runner [-] Task a6ccca18-b553-414c-9946-917bd4d6573b | ITER: 8 END: OK
2019-12-27 20:47:37.354 5111 INFO rally.task.runner [-] Task a6ccca18-b553-414c-9946-917bd4d6573b | ITER: 7 END: OK
2019-12-27 20:47:37.528 5113 INFO rally.task.runner [-] Task a6ccca18-b553-414c-9946-917bd4d6573b | ITER: 10 END: OK
2019-12-27 20:47:37.530 5112 INFO rally.task.runner [-] Task a6ccca18-b553-414c-9946-917bd4d6573b | ITER: 9 END: OK
2019-12-27 20:47:37.558 1843 INFO rally.task.context [-] Task a6ccca18-b553-414c-9946-917bd4d6573b | Context admin_cleanup@openstack cleanup() started
2019-12-27 20:47:37.563 1843 RALLYDEBUG rally_openstack.cleanup.manager [-] Cleaning up cinder volume_types objects
2019-12-27 20:47:37.734 1843 RALLYDEBUG rally_openstack.cleanup.manager [-] Cleaning up cinder image_volumes_cache objects
2019-12-27 20:47:38.036 1843 RALLYDEBUG rally_openstack.cleanup.manager [-] Cleaning up cinder quotas objects
2019-12-27 20:47:38.357 1843 RALLYDEBUG rally_openstack.cleanup.manager [-] Cleaning up cinder qos_specs objects
2019-12-27 20:47:38.560 1843 RALLYDEBUG rally_openstack.cleanup.manager [-] Deleting cinder.qos_specs object s_rally_ab845d2a_EzGZYWqL (f3c754df-6ba3-41c1-9c83-bad104c5323b)
2019-12-27 20:47:38.571 1843 RALLYDEBUG rally_openstack.cleanup.manager [-] Deleting cinder.qos_specs object s_rally_ab845d2a_HGfN0Xfa (ad34cd61-8398-4e96-9576-71630af0dfb3)
2019-12-27 20:47:38.576 1843 RALLYDEBUG rally_openstack.cleanup.manager [-] Deleting cinder.qos_specs object s_rally_ab845d2a_vsBa0nB3 (9c5696cc-3723-4aef-a954-f959103fdb49)
2019-12-27 20:47:38.581 1843 RALLYDEBUG rally_openstack.cleanup.manager [-] Deleting cinder.qos_specs object s_rally_ab845d2a_Cbjf7OGZ (88b3c6f9-4b9d-47a3-98de-029650975821)
2019-12-27 20:47:38.590 1843 RALLYDEBUG rally_openstack.cleanup.manager [-] Deleting cinder.qos_specs object s_rally_ab845d2a_PmeMz2VD (85b3f588-6e4c-4779-9a27-ed66726d8375)
2019-12-27 20:47:38.618 1843 RALLYDEBUG rally_openstack.cleanup.manager [-] Deleting cinder.qos_specs object s_rally_ab845d2a_DVqa87Kk (7dc18376-3b3c-40e7-b3d8-9922ea9fbfbe)
2019-12-27 20:47:38.628 1843 RALLYDEBUG rally_openstack.cleanup.manager [-] Deleting cinder.qos_specs object s_rally_ab845d2a_78weoZ4j (5e5918ce-15af-4bb0-a306-b5dcb8e66af7)
2019-12-27 20:47:38.639 1843 RALLYDEBUG rally_openstack.cleanup.manager [-] Deleting cinder.qos_specs object s_rally_ab845d2a_SEFvcQ7l (3688c91c-46fd-4b81-bbe7-5a8737cb9d95)
2019-12-27 20:47:38.643 1843 RALLYDEBUG rally_openstack.cleanup.manager [-] Deleting cinder.qos_specs object s_rally_ab845d2a_ghh3FNQM (191d5ae1-d732-4397-91c8-d11ba230b843)
2019-12-27 20:47:38.655 1843 RALLYDEBUG rally_openstack.cleanup.manager [-] Deleting cinder.qos_specs object s_rally_ab845d2a_CDgfEBCP (0aba7135-fef8-4eec-bb62-ee47953e52ab)
2019-12-27 20:47:40.143 1843 INFO rally.task.context [-] Task a6ccca18-b553-414c-9946-917bd4d6573b | Context admin_cleanup@openstack cleanup() finished in 2.58 sec
