2019-12-27 21:03:39.448 14550 INFO rally.task.runner [-] Task e3573ce4-dbb4-4a7a-8f0d-31f6218d09b9 | ITER: 6 END: OK
2019-12-27 21:03:39.453 14550 INFO rally.task.runner [-] Task e3573ce4-dbb4-4a7a-8f0d-31f6218d09b9 | ITER: 9 START
2019-12-27 21:03:39.492 14552 INFO rally.task.runner [-] Task e3573ce4-dbb4-4a7a-8f0d-31f6218d09b9 | ITER: 5 END: OK
2019-12-27 21:03:39.496 14551 INFO rally.task.runner [-] Task e3573ce4-dbb4-4a7a-8f0d-31f6218d09b9 | ITER: 7 END: OK
2019-12-27 21:03:39.497 14552 INFO rally.task.runner [-] Task e3573ce4-dbb4-4a7a-8f0d-31f6218d09b9 | ITER: 10 START
2019-12-27 21:03:39.673 14549 INFO rally.task.runner [-] Task e3573ce4-dbb4-4a7a-8f0d-31f6218d09b9 | ITER: 8 END: OK
2019-12-27 21:03:39.947 14550 INFO rally.task.runner [-] Task e3573ce4-dbb4-4a7a-8f0d-31f6218d09b9 | ITER: 9 END: OK
2019-12-27 21:03:40.000 14552 INFO rally.task.runner [-] Task e3573ce4-dbb4-4a7a-8f0d-31f6218d09b9 | ITER: 10 END: OK
2019-12-27 21:03:40.024 11833 INFO rally.task.context [-] Task e3573ce4-dbb4-4a7a-8f0d-31f6218d09b9 | Context cleanup@openstack cleanup() started
2019-12-27 21:03:40.028 11833 RALLYDEBUG rally_openstack.cleanup.manager [-] Cleaning up neutron vip objects
2019-12-27 21:03:40.586 11833 RALLYDEBUG rally_openstack.cleanup.manager [-] Cleaning up neutron health_monitor objects
2019-12-27 21:03:41.012 11833 RALLYDEBUG rally_openstack.cleanup.manager [-] Cleaning up neutron pool objects
2019-12-27 21:03:41.452 11833 RALLYDEBUG rally_openstack.cleanup.manager [-] Cleaning up neutron loadbalancer objects
2019-12-27 21:03:41.847 11833 RALLYDEBUG rally_openstack.cleanup.manager [-] Cleaning up neutron floatingip objects
2019-12-27 21:03:42.423 11833 RALLYDEBUG rally_openstack.cleanup.manager [-] Cleaning up neutron trunk objects
2019-12-27 21:03:43.290 11833 RALLYDEBUG rally_openstack.cleanup.manager [-] Cleaning up neutron port objects
2019-12-27 21:03:43.847 11833 RALLYDEBUG rally_openstack.cleanup.manager [-] Cleaning up neutron subnet objects
2019-12-27 21:03:44.395 11833 RALLYDEBUG rally_openstack.cleanup.manager [-] Cleaning up neutron network objects
2019-12-27 21:03:45.160 11833 RALLYDEBUG rally_openstack.cleanup.manager [-] Deleting neutron.network object s_rally_5adda393_jO0u0dMX (2209da35-e9eb-45a7-aecb-975ea332181b)
2019-12-27 21:03:45.171 11833 RALLYDEBUG rally_openstack.cleanup.manager [-] Deleting neutron.network object s_rally_5adda393_3ZJaO07j (64679cbf-8f2b-4b6d-b0c4-3a163de16524)
2019-12-27 21:03:45.172 11833 RALLYDEBUG rally_openstack.cleanup.manager [-] Deleting neutron.network object s_rally_5adda393_LhpdTHfZ (63508f0b-9551-4125-8179-02883289c8e0)
2019-12-27 21:03:45.182 11833 RALLYDEBUG rally_openstack.cleanup.manager [-] Deleting neutron.network object s_rally_5adda393_V9WA7yfp (8ece5682-3cbf-4700-821c-404b53f99301)
2019-12-27 21:03:45.187 11833 RALLYDEBUG rally_openstack.cleanup.manager [-] Deleting neutron.network object s_rally_5adda393_yoOuz6tX (febc59b9-4ed2-4c23-82dc-6affad69800f)
2019-12-27 21:03:45.192 11833 RALLYDEBUG rally_openstack.cleanup.manager [-] Deleting neutron.network object s_rally_5adda393_IDbAHilA (5de5da95-2d18-4e8b-92da-aebca87e39e2)
2019-12-27 21:03:45.199 11833 RALLYDEBUG rally_openstack.cleanup.manager [-] Deleting neutron.network object s_rally_5adda393_YIHGJQLv (9f78181d-59b8-4d73-884e-dbb074e5401f)
2019-12-27 21:03:45.235 11833 RALLYDEBUG rally_openstack.cleanup.manager [-] Deleting neutron.network object s_rally_5adda393_QN9eENDY (fa110df9-3e7d-47aa-81c7-e94a06ebafc1)
2019-12-27 21:03:45.250 11833 RALLYDEBUG rally_openstack.cleanup.manager [-] Deleting neutron.network object s_rally_5adda393_MOlT2J7n (9864c822-d889-4806-aad3-54927c5351f0)
2019-12-27 21:03:45.246 11833 RALLYDEBUG rally_openstack.cleanup.manager [-] Deleting neutron.network object s_rally_5adda393_AdZxkgBW (8d22cc48-12d5-4571-a479-8a5792e8d454)
2019-12-27 21:03:47.880 11833 RALLYDEBUG rally_openstack.cleanup.manager [-] Cleaning up neutron router objects
2019-12-27 21:03:48.445 11833 RALLYDEBUG rally_openstack.cleanup.manager [-] Cleaning up neutron security_group objects
2019-12-27 21:03:49.321 11833 INFO rally.task.context [-] Task e3573ce4-dbb4-4a7a-8f0d-31f6218d09b9 | Context cleanup@openstack cleanup() finished in 9.30 sec
2019-12-27 21:03:49.322 11833 INFO rally.task.context [-] Task e3573ce4-dbb4-4a7a-8f0d-31f6218d09b9 | Context quotas@openstack cleanup() started
2019-12-27 21:03:49.383 11833 INFO rally.task.context [-] Task e3573ce4-dbb4-4a7a-8f0d-31f6218d09b9 | Context quotas@openstack cleanup() finished in 61.60 msec
2019-12-27 21:03:49.384 11833 INFO rally.task.context [-] Task e3573ce4-dbb4-4a7a-8f0d-31f6218d09b9 | Context users@openstack cleanup() started
2019-12-27 21:03:51.553 11833 INFO rally.task.context [-] Task e3573ce4-dbb4-4a7a-8f0d-31f6218d09b9 | Context users@openstack cleanup() finished in 2.17 sec
2019-12-27 21:03:51.662 11833 INFO rally.task.engine [-] Load duration is: 2.499838
2019-12-27 21:03:51.663 11833 INFO rally.task.engine [-] Full runner duration is: 2.542078
2019-12-27 21:03:51.663 11833 INFO rally.task.engine [-] Full duration is: 16.021177
2019-12-27 21:03:51.748 11833 INFO rally.task.engine [-] Running workload: position = 0 config = { "version": 2, "title": "A cropped version of a bigger task.", "description": "Auto-generated task from a single workload (uuid=e27cd267-b219-47cd-90a3-6b9b9eef31c8)", "subtasks": [ { "title": "NeutronNetworks.create_and_list_ports", "description": "Create and a given number of ports and list all ports.", "scenario": { "NeutronNetworks.create_and_list_ports": { "network_create_args": {}, "port_create_args": {}, "ports_per_network": 1 } }, "contexts": { "users": { "tenants": 3, "users_per_tenant": 2 }, "network": { "router": {} }, "quotas": { "neutron": { "network": -1, "port": -1 } } }, "runner": { "constant": { "concurrency": 4, "times": 10 } }, "hooks": [], "sla": { "failure_rate": { "max": 0 } } } ] }
2019-12-27 21:03:51.767 11833 RALLYDEBUG rally_openstack.contexts.keystone.users [-] Creating 3 tenants using 20 threads
2019-12-27 21:03:52.236 11833 RALLYDEBUG rally_openstack.contexts.keystone.users [-] Creating 6 users using 20 threads
2019-12-27 21:03:53.143 11833 INFO rally.task.context [-] Task e3573ce4-dbb4-4a7a-8f0d-31f6218d09b9 | Context users@openstack setup() finished in 1.38 sec
2019-12-27 21:03:53.494 11833 INFO rally.task.context [-] Task e3573ce4-dbb4-4a7a-8f0d-31f6218d09b9 | Context quotas@openstack setup() finished in 0.35 sec
2019-12-27 21:03:54.150 11833 RALLYDEBUG rally_openstack.wrappers.network [-] CIDR generated: 10.2.49.0/24
2019-12-27 21:03:54.839 11833 RALLYDEBUG rally_openstack.wrappers.network [-] CIDR generated: 10.2.50.0/24
2019-12-27 21:03:55.586 11833 RALLYDEBUG rally_openstack.wrappers.network [-] CIDR generated: 10.2.51.0/24
2019-12-27 21:03:56.398 11833 INFO rally.task.context [-] Task e3573ce4-dbb4-4a7a-8f0d-31f6218d09b9 | Context network@openstack setup() finished in 2.90 sec
2019-12-27 21:03:56.399 11833 INFO rally.task.context [-] Task e3573ce4-dbb4-4a7a-8f0d-31f6218d09b9 | Context cleanup@openstack setup() finished in 0.03 msec
2019-12-27 21:03:56.405 11833 RALLYDEBUG rally.task.runner [-] Starting the constant runner (task UUID: e3573ce4-dbb4-4a7a-8f0d-31f6218d09b9). times: 10 concurrency: 4 timeout: 0 max_cpu_used: 88 processes_to_start: 4 concurrency_per_worker: 1 concurrency_overhead: 0
2019-12-27 21:03:56.416 14873 RALLYDEBUG rally.task.runner [-] Starting a worker. times: 10 duration: None concurrency: 1 timeout: 0 cls: method_name: run args: {"network_create_args": {}, "port_create_args": {}, "ports_per_network": 1}
2019-12-27 21:03:56.418 14874 RALLYDEBUG rally.task.runner [-] Starting a worker. times: 10 duration: None concurrency: 1 timeout: 0 cls: method_name: run args: {"network_create_args": {}, "port_create_args": {}, "ports_per_network": 1}
2019-12-27 21:03:56.421 14875 RALLYDEBUG rally.task.runner [-] Starting a worker. times: 10 duration: None concurrency: 1 timeout: 0 cls: method_name: run args: {"network_create_args": {}, "port_create_args": {}, "ports_per_network": 1}
2019-12-27 21:03:56.422 14876 RALLYDEBUG rally.task.runner [-] Starting a worker. times: 10 duration: None concurrency: 1 timeout: 0 cls: method_name: run args: {"network_create_args": {}, "port_create_args": {}, "ports_per_network": 1}
2019-12-27 21:03:56.424 14873 INFO rally.task.runner [-] Task e3573ce4-dbb4-4a7a-8f0d-31f6218d09b9 | ITER: 1 START
2019-12-27 21:03:56.426 14874 INFO rally.task.runner [-] Task e3573ce4-dbb4-4a7a-8f0d-31f6218d09b9 | ITER: 2 START
2019-12-27 21:03:56.427 14876 INFO rally.task.runner [-] Task e3573ce4-dbb4-4a7a-8f0d-31f6218d09b9 | ITER: 4 START
2019-12-27 21:03:56.429 14875 INFO rally.task.runner [-] Task e3573ce4-dbb4-4a7a-8f0d-31f6218d09b9 | ITER: 3 START
2019-12-27 21:03:58.226 14875 INFO rally.task.runner [-] Task e3573ce4-dbb4-4a7a-8f0d-31f6218d09b9 | ITER: 3 END: OK
2019-12-27 21:03:58.234 14875 INFO rally.task.runner [-] Task e3573ce4-dbb4-4a7a-8f0d-31f6218d09b9 | ITER: 5 START
2019-12-27 21:03:59.526 14875 INFO rally.task.runner [-] Task e3573ce4-dbb4-4a7a-8f0d-31f6218d09b9 | ITER: 5 END: OK
2019-12-27 21:03:59.529 14874 INFO rally.task.runner [-] Task e3573ce4-dbb4-4a7a-8f0d-31f6218d09b9 | ITER: 2 END: OK
2019-12-27 21:03:59.532 14875 INFO rally.task.runner [-] Task e3573ce4-dbb4-4a7a-8f0d-31f6218d09b9 | ITER: 6 START
2019-12-27 21:03:59.534 14874 INFO rally.task.runner [-] Task e3573ce4-dbb4-4a7a-8f0d-31f6218d09b9 | ITER: 7 START
2019-12-27 21:03:59.659 14873 INFO rally.task.runner [-] Task e3573ce4-dbb4-4a7a-8f0d-31f6218d09b9 | ITER: 1 END: OK
2019-12-27 21:03:59.666 14876 INFO rally.task.runner [-] Task e3573ce4-dbb4-4a7a-8f0d-31f6218d09b9 | ITER: 4 END: OK
2019-12-27 21:03:59.668 14873 INFO rally.task.runner [-] Task e3573ce4-dbb4-4a7a-8f0d-31f6218d09b9 | ITER: 8 START
2019-12-27 21:03:59.672 14876 INFO rally.task.runner [-] Task e3573ce4-dbb4-4a7a-8f0d-31f6218d09b9 | ITER: 9 START
2019-12-27 21:04:01.002 14876 INFO rally.task.runner [-] Task e3573ce4-dbb4-4a7a-8f0d-31f6218d09b9 | ITER: 9 END: OK
2019-12-27 21:04:01.007 14876 INFO rally.task.runner [-] Task e3573ce4-dbb4-4a7a-8f0d-31f6218d09b9 | ITER: 10 START
2019-12-27 21:04:01.109 14874 INFO rally.task.runner [-] Task e3573ce4-dbb4-4a7a-8f0d-31f6218d09b9 | ITER: 7 END: OK
2019-12-27 21:04:01.117 14873 INFO rally.task.runner [-] Task e3573ce4-dbb4-4a7a-8f0d-31f6218d09b9 | ITER: 8 END: OK
2019-12-27 21:04:01.153 14875 INFO rally.task.runner [-] Task e3573ce4-dbb4-4a7a-8f0d-31f6218d09b9 | ITER: 6 END: OK
2019-12-27 21:04:02.153 14876 INFO rally.task.runner [-] Task e3573ce4-dbb4-4a7a-8f0d-31f6218d09b9 | ITER: 10 END: OK
2019-12-27 21:04:02.180 11833 INFO rally.task.context [-] Task e3573ce4-dbb4-4a7a-8f0d-31f6218d09b9 | Context cleanup@openstack cleanup() started
2019-12-27 21:04:02.185 11833 RALLYDEBUG rally_openstack.cleanup.manager [-] Cleaning up neutron vip objects
2019-12-27 21:04:02.644 11833 RALLYDEBUG rally_openstack.cleanup.manager [-] Cleaning up neutron health_monitor objects
2019-12-27 21:04:03.048 11833 RALLYDEBUG rally_openstack.cleanup.manager [-] Cleaning up neutron pool objects
2019-12-27 21:04:03.454 11833 RALLYDEBUG rally_openstack.cleanup.manager [-] Cleaning up neutron loadbalancer objects
2019-12-27 21:04:03.885 11833 RALLYDEBUG rally_openstack.cleanup.manager [-] Cleaning up neutron floatingip objects
2019-12-27 21:04:04.743 11833 RALLYDEBUG rally_openstack.cleanup.manager [-] Cleaning up neutron trunk objects
2019-12-27 21:04:05.220 11833 RALLYDEBUG rally_openstack.cleanup.manager [-] Cleaning up neutron port objects
2019-12-27 21:04:05.883 11833 RALLYDEBUG rally_openstack.cleanup.manager [-] Deleting neutron.port object s_rally_e27cd267_hudgQvDn (002fb323-1042-4570-9cdd-e9b7c38e286c)
2019-12-27 21:04:05.898 11833 RALLYDEBUG rally_openstack.cleanup.manager [-] Deleting neutron.port object s_rally_e27cd267_rLq0P911 (12f6a1aa-d6f5-4853-9030-706ea5e7c4f5)
2019-12-27 21:04:05.902 11833 RALLYDEBUG rally_openstack.cleanup.manager [-] Deleting neutron.port object s_rally_e27cd267_bz2x2Jqt (7023639c-8712-4174-8be5-8eb50ba082b7)
2019-12-27 21:04:05.915 11833 RALLYDEBUG rally_openstack.cleanup.manager [-] Deleting neutron.port object s_rally_e27cd267_G2jFfrUW (b8c8a179-3168-44bf-ba0b-2194f753f1af)
2019-12-27 21:04:05.924 11833 RALLYDEBUG rally_openstack.cleanup.manager [-] Deleting neutron.port object s_rally_e27cd267_69DiiLbr (cb909531-2ced-4637-8eec-322653c9f161)
2019-12-27 21:04:05.930 11833 RALLYDEBUG rally_openstack.cleanup.manager [-] Deleting neutron.port object s_rally_e27cd267_9XiqIicR (fcc2a364-2467-4d69-a9fc-d0dd00c5e3cc)
2019-12-27 21:04:05.947 11833 RALLYDEBUG rally_openstack.cleanup.manager [-] Deleting neutron.port object s_rally_e27cd267_72pn1RfC (c13439ab-db93-4e19-9be4-49eba04b9ac5)
2019-12-27 21:04:05.964 11833 RALLYDEBUG rally_openstack.cleanup.manager [-] Deleting neutron.port object s_rally_e27cd267_SwSehqlr (1916bd36-fb08-4d59-be6b-1eff66ae0bb1)
2019-12-27 21:04:05.971 11833 RALLYDEBUG rally_openstack.cleanup.manager [-] Deleting neutron.port object s_rally_e27cd267_Iw4Fnb6J (dfdab660-5838-47aa-bc92-7ac8922dd7c2)
2019-12-27 21:04:05.998 11833 RALLYDEBUG rally_openstack.cleanup.manager [-] Deleting neutron.port object s_rally_e27cd267_5hbsuZNL (e1d61af2-4624-447a-b4b0-82cca72995d8)
2019-12-27 21:04:08.552 11833 RALLYDEBUG rally_openstack.cleanup.manager [-] Cleaning up neutron subnet objects
2019-12-27 21:04:09.188 11833 RALLYDEBUG rally_openstack.cleanup.manager [-] Cleaning up neutron network objects
2019-12-27 21:04:10.265 11833 RALLYDEBUG rally_openstack.cleanup.manager [-] Cleaning up neutron router objects
2019-12-27 21:04:10.820 11833 RALLYDEBUG rally_openstack.cleanup.manager [-] Cleaning up neutron security_group objects
2019-12-27 21:04:11.346 11833 INFO rally.task.context [-] Task e3573ce4-dbb4-4a7a-8f0d-31f6218d09b9 | Context cleanup@openstack cleanup() finished in 9.17 sec
2019-12-27 21:04:11.347 11833 INFO rally.task.context [-] Task e3573ce4-dbb4-4a7a-8f0d-31f6218d09b9 | Context network@openstack cleanup() started
2019-12-27 21:04:19.436 11833 INFO rally.task.context [-] Task e3573ce4-dbb4-4a7a-8f0d-31f6218d09b9 | Context network@openstack cleanup() finished in 8.09 sec
2019-12-27 21:04:19.437 11833 INFO rally.task.context [-] Task e3573ce4-dbb4-4a7a-8f0d-31f6218d09b9 | Context quotas@openstack cleanup() started
2019-12-27 21:04:19.499 11833 INFO rally.task.context [-] Task e3573ce4-dbb4-4a7a-8f0d-31f6218d09b9 | Context quotas@openstack cleanup() finished in 62.34 msec
2019-12-27 21:04:19.500 11833 INFO rally.task.context [-] Task e3573ce4-dbb4-4a7a-8f0d-31f6218d09b9 | Context users@openstack cleanup() started
2019-12-27 21:04:21.862 11833 INFO rally.task.context [-] Task e3573ce4-dbb4-4a7a-8f0d-31f6218d09b9 | Context users@openstack cleanup() finished in 2.36 sec
2019-12-27 21:04:21.931 11833 INFO rally.task.engine [-] Load duration is: 5.727239
2019-12-27 21:04:21.931 11833 INFO rally.task.engine [-] Full runner duration is: 5.775178
2019-12-27 21:04:21.932 11833 INFO rally.task.engine [-] Full duration is: 30.096813
2019-12-27 21:04:22.017 11833 INFO rally.task.engine [-] Running workload: position = 0 config = { "version": 2, "title": "A cropped version of a bigger task.", "description": "Auto-generated task from a single workload (uuid=89d6fc64-0ef9-44ad-9a85-bbaf056ed8d4)", "subtasks": [ { "title": "NeutronNetworks.create_and_list_routers", "description": "Create and a given number of routers and list all routers.", "scenario": { "NeutronNetworks.create_and_list_routers": { "network_create_args": {}, "router_create_args": {}, "subnet_cidr_start": "1.1.0.0/30", "subnet_create_args": {}, "subnets_per_network": 1 } }, "contexts": { "users": { "tenants": 3, "users_per_tenant": 2 }, "quotas": { "neutron": { "network": -1, "subnet": -1, "router": -1 } } }, "runner": { "constant": { "concurrency": 4, "times": 10 } }, "hooks": [], "sla": { "failure_rate": { "max": 0 } } } ] }
2019-12-27 21:04:22.042 11833 RALLYDEBUG rally_openstack.contexts.keystone.users [-] Creating 3 tenants using 20 threads
2019-12-27 21:04:22.624 11833 RALLYDEBUG rally_openstack.contexts.keystone.users [-] Creating 6 users using 20 threads
2019-12-27 21:04:23.481 11833 INFO rally.task.context [-] Task e3573ce4-dbb4-4a7a-8f0d-31f6218d09b9 | Context users@openstack setup() finished in 1.44 sec
2019-12-27 21:04:23.843 11833 INFO rally.task.context [-] Task e3573ce4-dbb4-4a7a-8f0d-31f6218d09b9 | Context quotas@openstack setup() finished in 0.36 sec
2019-12-27 21:04:23.844 11833 INFO rally.task.context [-] Task e3573ce4-dbb4-4a7a-8f0d-31f6218d09b9 | Context cleanup@openstack setup() finished in 0.19 msec
2019-12-27 21:04:23.857 11833 RALLYDEBUG rally.task.runner [-] Starting the constant runner (task UUID: e3573ce4-dbb4-4a7a-8f0d-31f6218d09b9). times: 10 concurrency: 4 timeout: 0 max_cpu_used: 88 processes_to_start: 4 concurrency_per_worker: 1 concurrency_overhead: 0
2019-12-27 21:04:23.868 15197 RALLYDEBUG rally.task.runner [-] Starting a worker. times: 10 duration: None concurrency: 1 timeout: 0 cls: method_name: run args: {"network_create_args": {}, "router_create_args": {}, "subnet_cidr_start": "1.1.0.0/30", "subnet_create_args": {}, "subnets_per_network": 1}
2019-12-27 21:04:23.872 15198 RALLYDEBUG rally.task.runner [-] Starting a worker. times: 10 duration: None concurrency: 1 timeout: 0 cls: method_name: run args: {"network_create_args": {}, "router_create_args": {}, "subnet_cidr_start": "1.1.0.0/30", "subnet_create_args": {}, "subnets_per_network": 1}
2019-12-27 21:04:23.874 15197 INFO rally.task.runner [-] Task e3573ce4-dbb4-4a7a-8f0d-31f6218d09b9 | ITER: 1 START
2019-12-27 21:04:23.875 15199 RALLYDEBUG rally.task.runner [-] Starting a worker. times: 10 duration: None concurrency: 1 timeout: 0 cls: method_name: run args: {"network_create_args": {}, "router_create_args": {}, "subnet_cidr_start": "1.1.0.0/30", "subnet_create_args": {}, "subnets_per_network": 1}
2019-12-27 21:04:23.879 15198 INFO rally.task.runner [-] Task e3573ce4-dbb4-4a7a-8f0d-31f6218d09b9 | ITER: 2 START
2019-12-27 21:04:23.879 15202 RALLYDEBUG rally.task.runner [-] Starting a worker. times: 10 duration: None concurrency: 1 timeout: 0 cls: method_name: run args: {"network_create_args": {}, "router_create_args": {}, "subnet_cidr_start": "1.1.0.0/30", "subnet_create_args": {}, "subnets_per_network": 1}
2019-12-27 21:04:23.882 15199 INFO rally.task.runner [-] Task e3573ce4-dbb4-4a7a-8f0d-31f6218d09b9 | ITER: 3 START
2019-12-27 21:04:23.886 15202 INFO rally.task.runner [-] Task e3573ce4-dbb4-4a7a-8f0d-31f6218d09b9 | ITER: 4 START
2019-12-27 21:04:24.450 15198 RALLYDEBUG rally_openstack.wrappers.network [-] CIDR generated: 1.1.0.208/30
2019-12-27 21:04:24.488 15197 RALLYDEBUG rally_openstack.wrappers.network [-] CIDR generated: 1.1.0.212/30
2019-12-27 21:04:25.133 15199 RALLYDEBUG rally_openstack.wrappers.network [-] CIDR generated: 1.1.0.216/30
2019-12-27 21:04:25.151 15202 RALLYDEBUG rally_openstack.wrappers.network [-] CIDR generated: 1.1.0.220/30
2019-12-27 21:04:28.261 15197 INFO rally.task.runner [-] Task e3573ce4-dbb4-4a7a-8f0d-31f6218d09b9 | ITER: 1 END: OK
2019-12-27 21:04:28.267 15197 INFO rally.task.runner [-] Task e3573ce4-dbb4-4a7a-8f0d-31f6218d09b9 | ITER: 5 START
2019-12-27 21:04:28.563 15198 INFO rally.task.runner [-] Task e3573ce4-dbb4-4a7a-8f0d-31f6218d09b9 | ITER: 2 END: OK
2019-12-27 21:04:28.568 15198 INFO rally.task.runner [-] Task e3573ce4-dbb4-4a7a-8f0d-31f6218d09b9 | ITER: 6 START
2019-12-27 21:04:28.700 15197 RALLYDEBUG rally_openstack.wrappers.network [-] CIDR generated: 1.1.0.224/30
2019-12-27 21:04:29.174 15198 RALLYDEBUG rally_openstack.wrappers.network [-] CIDR generated: 1.1.0.228/30
2019-12-27 21:04:32.511 15199 INFO rally.task.runner [-] Task e3573ce4-dbb4-4a7a-8f0d-31f6218d09b9 | ITER: 3 END: OK
2019-12-27 21:04:32.517 15199 INFO rally.task.runner [-] Task e3573ce4-dbb4-4a7a-8f0d-31f6218d09b9 | ITER: 7 START
2019-12-27 21:04:32.529 15202 INFO rally.task.runner [-] Task e3573ce4-dbb4-4a7a-8f0d-31f6218d09b9 | ITER: 4 END: OK
2019-12-27 21:04:32.535 15202 INFO rally.task.runner [-] Task e3573ce4-dbb4-4a7a-8f0d-31f6218d09b9 | ITER: 8 START
2019-12-27 21:04:32.847 15197 INFO rally.task.runner [-] Task e3573ce4-dbb4-4a7a-8f0d-31f6218d09b9 | ITER: 5 END: OK
2019-12-27 21:04:32.853 15197 INFO rally.task.runner [-] Task e3573ce4-dbb4-4a7a-8f0d-31f6218d09b9 | ITER: 9 START
2019-12-27 21:04:32.918 15199 RALLYDEBUG rally_openstack.wrappers.network [-] CIDR generated: 1.1.0.232/30
2019-12-27 21:04:32.951 15202 RALLYDEBUG rally_openstack.wrappers.network [-] CIDR generated: 1.1.0.236/30
2019-12-27 21:04:33.064 15198 INFO rally.task.runner [-] Task e3573ce4-dbb4-4a7a-8f0d-31f6218d09b9 | ITER: 6 END: OK
2019-12-27 21:04:33.070 15198 INFO rally.task.runner [-] Task e3573ce4-dbb4-4a7a-8f0d-31f6218d09b9 | ITER: 10 START
2019-12-27 21:04:33.183 15197 RALLYDEBUG rally_openstack.wrappers.network [-] CIDR generated: 1.1.0.240/30
2019-12-27 21:04:33.696 15198 RALLYDEBUG rally_openstack.wrappers.network [-] CIDR generated: 1.1.0.244/30
2019-12-27 21:04:36.860 15197 INFO rally.task.runner [-] Task e3573ce4-dbb4-4a7a-8f0d-31f6218d09b9 | ITER: 9 END: OK
2019-12-27 21:04:37.629 15198 INFO rally.task.runner [-] Task e3573ce4-dbb4-4a7a-8f0d-31f6218d09b9 | ITER: 10 END: OK
2019-12-27 21:04:40.262 15202 INFO rally.task.runner [-] Task e3573ce4-dbb4-4a7a-8f0d-31f6218d09b9 | ITER: 8 END: OK
2019-12-27 21:04:40.269 15199 INFO rally.task.runner [-] Task e3573ce4-dbb4-4a7a-8f0d-31f6218d09b9 | ITER: 7 END: OK
2019-12-27 21:04:40.297 11833 INFO rally.task.context [-] Task e3573ce4-dbb4-4a7a-8f0d-31f6218d09b9 | Context cleanup@openstack cleanup() started
2019-12-27 21:04:40.302 11833 RALLYDEBUG rally_openstack.cleanup.manager [-] Cleaning up neutron vip objects
2019-12-27 21:04:40.913 11833 RALLYDEBUG rally_openstack.cleanup.manager [-] Cleaning up neutron health_monitor objects
2019-12-27 21:04:41.342 11833 RALLYDEBUG rally_openstack.cleanup.manager [-] Cleaning up neutron pool objects
2019-12-27 21:04:41.744 11833 RALLYDEBUG rally_openstack.cleanup.manager [-] Cleaning up neutron loadbalancer objects
2019-12-27 21:04:42.189 11833 RALLYDEBUG rally_openstack.cleanup.manager [-] Cleaning up neutron floatingip objects
2019-12-27 21:04:42.734 11833 RALLYDEBUG rally_openstack.cleanup.manager [-] Cleaning up neutron trunk objects
2019-12-27 21:04:43.220 11833 RALLYDEBUG rally_openstack.cleanup.manager [-] Cleaning up neutron port objects
2019-12-27 21:04:44.965 11833 RALLYDEBUG rally_openstack.cleanup.manager [-] Deleting neutron.port object s_rally_89d6fc64_lSsC2dQi (afa66450-7e3a-47a0-8433-da8eb753fe61)
2019-12-27 21:04:44.970 11833 RALLYDEBUG rally_openstack.cleanup.manager [-] Deleting neutron.port object s_rally_89d6fc64_Tlp4FofK (04432586-f624-42aa-800d-a1a16b0f4ce2)
2019-12-27 21:04:44.972 11833 RALLYDEBUG rally_openstack.cleanup.manager [-] Deleting neutron.port object s_rally_89d6fc64_jsykwzFt (6ef68b5d-de25-4aaf-98c8-2a7088662450)
2019-12-27 21:04:44.954 11833 RALLYDEBUG rally_openstack.cleanup.manager [-] Deleting neutron.port object s_rally_89d6fc64_MOU4xHjB (4e6b21d1-5779-42a0-a7ed-1fbfb7236857)
2019-12-27 21:04:44.982 11833 RALLYDEBUG rally_openstack.cleanup.manager [-] Deleting neutron.port object s_rally_89d6fc64_5N8x1V84 (0eb4baae-a0f5-4ae8-96cb-363a975607fe)
2019-12-27 21:04:44.999 11833 RALLYDEBUG rally_openstack.cleanup.manager [-] Deleting neutron.port object s_rally_89d6fc64_3hQ2EVPM (6fae1538-8bc1-48e0-a93d-8e6ed97a9d8c)
2019-12-27 21:04:45.002 11833 RALLYDEBUG rally_openstack.cleanup.manager [-] Deleting neutron.port object s_rally_89d6fc64_1V4SRExo (0c218f4b-0c89-423b-bb73-3cbad01c4128)
2019-12-27 21:04:45.032 11833 RALLYDEBUG rally_openstack.cleanup.manager [-] Deleting neutron.port object s_rally_89d6fc64_8o7moTGO (a0bfd423-4eac-401f-b517-44168cd93055)
2019-12-27 21:04:45.040 11833 RALLYDEBUG rally_openstack.cleanup.manager [-] Deleting neutron.port object s_rally_89d6fc64_DqPr0Ub8 (e33825e5-1b62-4780-826a-1b494368baa6)
2019-12-27 21:04:45.065 11833 RALLYDEBUG rally_openstack.cleanup.manager [-] Deleting neutron.port object s_rally_89d6fc64_XOfG4lHL (39fbe2a4-2df1-4092-9a66-6801d868e6ba)
2019-12-27 21:04:52.960 11833 RALLYDEBUG rally_openstack.cleanup.manager [-] Cleaning up neutron subnet objects
2019-12-27 21:04:53.580 11833 RALLYDEBUG rally_openstack.cleanup.manager [-] Deleting neutron.subnet object s_rally_89d6fc64_brTVgXRa (07e5f16a-3daa-4024-a0e3-5c5285ecedc4)
2019-12-27 21:04:53.591 11833 RALLYDEBUG rally_openstack.cleanup.manager [-] Deleting neutron.subnet object s_rally_89d6fc64_1zdICvJK (2ffce1db-3df3-4217-966d-5d61257475b2)
2019-12-27 21:04:53.596 11833 RALLYDEBUG rally_openstack.cleanup.manager [-] Deleting neutron.subnet object s_rally_89d6fc64_HFqQJ5YJ (454e7428-d88d-4e60-a57b-8cb985f333c8)
2019-12-27 21:04:53.605 11833 RALLYDEBUG rally_openstack.cleanup.manager [-] Deleting neutron.subnet object s_rally_89d6fc64_s35bmoYR (81fa5981-2212-4c72-b99a-676e378e3664)
2019-12-27 21:04:53.626 11833 RALLYDEBUG rally_openstack.cleanup.manager [-] Deleting neutron.subnet object s_rally_89d6fc64_1kvYSmO5 (24ada523-848b-4874-a82a-4656eab90c8d)
2019-12-27 21:04:53.637 11833 RALLYDEBUG rally_openstack.cleanup.manager [-] Deleting neutron.subnet object s_rally_89d6fc64_lApJX86e (87011801-a9b8-4de9-9c8d-54451936d45e)
2019-12-27 21:04:53.648 11833 RALLYDEBUG rally_openstack.cleanup.manager [-] Deleting neutron.subnet object s_rally_89d6fc64_PESrQgJ2 (888f246d-8174-4bb5-acdc-f5773456b63e)
2019-12-27 21:04:53.662 11833 RALLYDEBUG rally_openstack.cleanup.manager [-] Deleting neutron.subnet object s_rally_89d6fc64_B4DP9JVm (8d38e2fe-8f8d-497c-82d2-57bc4ce27dd4)
2019-12-27 21:04:53.685 11833 RALLYDEBUG rally_openstack.cleanup.manager [-] Deleting neutron.subnet object s_rally_89d6fc64_2zGZrRBe (b219c847-8415-4e3c-9d5f-f0a158af706f)
2019-12-27 21:04:53.699 11833 RALLYDEBUG rally_openstack.cleanup.manager [-] Deleting neutron.subnet object s_rally_89d6fc64_KuQ0g50j (7c7b8bf9-53e6-43cf-bc8e-3057bb292de0)
2019-12-27 21:04:58.777 11833 RALLYDEBUG rally_openstack.cleanup.manager [-] Cleaning up neutron network objects
2019-12-27 21:04:59.594 11833 RALLYDEBUG rally_openstack.cleanup.manager [-] Deleting neutron.network object s_rally_89d6fc64_ejlHU90f (1d462e6f-20a5-41cc-970b-6964d1847616)
2019-12-27 21:04:59.600 11833 RALLYDEBUG rally_openstack.cleanup.manager [-] Deleting neutron.network object s_rally_89d6fc64_eawwXUqv (0184b830-83b4-47fa-802c-195a1768bce3)
2019-12-27 21:04:59.611 11833 RALLYDEBUG rally_openstack.cleanup.manager [-] Deleting neutron.network object s_rally_89d6fc64_vv4kRdVg (8683f8b2-9b96-439f-b3dc-7fd8bdb00a7c)
2019-12-27 21:04:59.616 11833 RALLYDEBUG rally_openstack.cleanup.manager [-] Deleting neutron.network object s_rally_89d6fc64_rNDNv45L (acadcb43-c4bd-4932-841b-e5ff0e2cf45c)
2019-12-27 21:04:59.631 11833 RALLYDEBUG rally_openstack.cleanup.manager [-] Deleting neutron.network object s_rally_89d6fc64_uG1CUTa1 (0914862a-826a-4648-94ab-ca13e98978b0)
2019-12-27 21:04:59.643 11833 RALLYDEBUG rally_openstack.cleanup.manager [-] Deleting neutron.network object s_rally_89d6fc64_AeCw4rVr (54772250-e904-4a1c-98fc-67eafd31ea51)
2019-12-27 21:04:59.649 11833 RALLYDEBUG rally_openstack.cleanup.manager [-] Deleting neutron.network object s_rally_89d6fc64_j24JbfSu (5ef95e07-b34a-4f35-ab20-c4af993d09bb)
2019-12-27 21:04:59.668 11833 RALLYDEBUG rally_openstack.cleanup.manager [-] Deleting neutron.network object s_rally_89d6fc64_KDDeODWW (844d552b-b62a-4533-909e-ab74fafcaac8)
2019-12-27 21:04:59.674 11833 RALLYDEBUG rally_openstack.cleanup.manager [-] Deleting neutron.network object s_rally_89d6fc64_Yog72H9J (d763b9bb-5aba-455b-aa85-304d5e310942)
2019-12-27 21:04:59.690 11833 RALLYDEBUG rally_openstack.cleanup.manager [-] Deleting neutron.network object s_rally_89d6fc64_Yk1C1Kxj (e3df395a-41cb-47ac-8137-db70125ee119)
2019-12-27 21:05:03.293 11833 RALLYDEBUG rally_openstack.cleanup.manager [-] Cleaning up neutron router objects
2019-12-27 21:05:04.226 11833 RALLYDEBUG rally_openstack.cleanup.manager [-] Deleting neutron.router object s_rally_89d6fc64_lSsC2dQi (308ff47c-94fe-45f1-8927-b9ddcc3f1724)
2019-12-27 21:05:04.237 11833 RALLYDEBUG rally_openstack.cleanup.manager [-] Deleting neutron.router object s_rally_89d6fc64_MOU4xHjB (33be68b5-376e-4f7d-9b17-7be2a6103849)
2019-12-27 21:05:04.248 11833 RALLYDEBUG rally_openstack.cleanup.manager [-] Deleting neutron.router object s_rally_89d6fc64_jsykwzFt (ae5465d6-8c0f-4f3c-97e8-a6a2de6729f1)
2019-12-27 21:05:04.258 11833 RALLYDEBUG rally_openstack.cleanup.manager [-] Deleting neutron.router object s_rally_89d6fc64_1V4SRExo (f7e764ed-89b4-45a2-a4b6-53bec0a1e394)
2019-12-27 21:05:04.263 11833 RALLYDEBUG rally_openstack.cleanup.manager [-] Deleting neutron.router object s_rally_89d6fc64_8o7moTGO (0f42d32e-5c26-4d9d-af94-420cd2037ac7)
2019-12-27 21:05:04.268 11833 RALLYDEBUG rally_openstack.cleanup.manager [-] Deleting neutron.router object s_rally_89d6fc64_DqPr0Ub8 (43c903b5-2c50-430b-8128-29b9bc5e8f21)
2019-12-27 21:05:04.274 11833 RALLYDEBUG rally_openstack.cleanup.manager [-] Deleting neutron.router object s_rally_89d6fc64_3hQ2EVPM (479b2997-33e7-438d-8b65-2a4896905ba7)
2019-12-27 21:05:04.284 11833 RALLYDEBUG rally_openstack.cleanup.manager [-] Deleting neutron.router object s_rally_89d6fc64_5N8x1V84 (81f26bb1-d93b-4fdf-bb91-0539b7584948)
2019-12-27 21:05:04.299 11833 RALLYDEBUG rally_openstack.cleanup.manager [-] Deleting neutron.router object s_rally_89d6fc64_Tlp4FofK (e55447f0-4b57-4ae7-bbf9-8f8b1a829fe9)
2019-12-27 21:05:04.314 11833 RALLYDEBUG rally_openstack.cleanup.manager [-] Deleting neutron.router object s_rally_89d6fc64_XOfG4lHL (489693ce-e21f-4983-87ba-53baa5394d00)
2019-12-27 21:05:07.177 11833 RALLYDEBUG rally_openstack.cleanup.manager [-] Cleaning up neutron security_group objects
2019-12-27 21:05:07.795 11833 INFO rally.task.context [-] Task e3573ce4-dbb4-4a7a-8f0d-31f6218d09b9 | Context cleanup@openstack cleanup() finished in 27.50 sec
2019-12-27 21:05:07.796 11833 INFO rally.task.context [-] Task e3573ce4-dbb4-4a7a-8f0d-31f6218d09b9 | Context quotas@openstack cleanup() started
2019-12-27 21:05:07.867 11833 INFO rally.task.context [-] Task e3573ce4-dbb4-4a7a-8f0d-31f6218d09b9 | Context quotas@openstack cleanup() finished in 70.51 msec
2019-12-27 21:05:07.867 11833 INFO rally.task.context [-] Task e3573ce4-dbb4-4a7a-8f0d-31f6218d09b9 | Context users@openstack cleanup() started
2019-12-27 21:05:10.169 11833 INFO rally.task.context [-] Task e3573ce4-dbb4-4a7a-8f0d-31f6218d09b9 | Context users@openstack cleanup() finished in 2.30 sec
2019-12-27 21:05:10.427 11833 INFO rally.task.engine [-] Load duration is: 16.393951
2019-12-27 21:05:10.427 11833 INFO rally.task.engine [-] Full runner duration is: 16.440725
2019-12-27 21:05:10.428 11833 INFO rally.task.engine [-] Full duration is: 48.129244
2019-12-27 21:05:10.522 11833 INFO rally.task.engine [-] Running workload: position = 0 config = { "version": 2, "title": "A cropped version of a bigger task.", "description": "Auto-generated task from a single workload (uuid=2604eb28-e7cd-4e97-94cd-bc9d96a2e028)", "subtasks": [ { "title": "NeutronNetworks.create_and_list_subnets", "description": "Create and a given number of subnets and list all subnets.", "scenario": { "NeutronNetworks.create_and_list_subnets": { "network_create_args": {}, "subnet_cidr_start": "1.1.0.0/30", "subnet_create_args": {}, "subnets_per_network": 1 } }, "contexts": { "users": { "tenants": 3, "users_per_tenant": 2 }, "quotas": { "neutron": { "network": -1, "subnet": -1 } } }, "runner": { "constant": { "concurrency": 4, "times": 10 } }, "hooks": [], "sla": { "failure_rate": { "max": 0 } } } ] }
2019-12-27 21:05:10.545 11833 RALLYDEBUG rally_openstack.contexts.keystone.users [-] Creating 3 tenants using 20 threads
2019-12-27 21:05:11.128 11833 RALLYDEBUG rally_openstack.contexts.keystone.users [-] Creating 6 users using 20 threads
2019-12-27 21:05:12.014 11833 INFO rally.task.context [-] Task e3573ce4-dbb4-4a7a-8f0d-31f6218d09b9 | Context users@openstack setup() finished in 1.47 sec
2019-12-27 21:05:12.368 11833 INFO rally.task.context [-] Task e3573ce4-dbb4-4a7a-8f0d-31f6218d09b9 | Context quotas@openstack setup() finished in 0.35 sec
2019-12-27 21:05:12.368 11833 INFO rally.task.context [-] Task e3573ce4-dbb4-4a7a-8f0d-31f6218d09b9 | Context cleanup@openstack setup() finished in 0.12 msec
2019-12-27 21:05:12.380 11833 RALLYDEBUG rally.task.runner [-] Starting the constant runner (task UUID: e3573ce4-dbb4-4a7a-8f0d-31f6218d09b9). times: 10 concurrency: 4 timeout: 0 max_cpu_used: 88 processes_to_start: 4 concurrency_per_worker: 1 concurrency_overhead: 0
2019-12-27 21:05:12.393 15521 RALLYDEBUG rally.task.runner [-] Starting a worker. times: 10 duration: None concurrency: 1 timeout: 0 cls: method_name: run args: {"network_create_args": {}, "subnet_cidr_start": "1.1.0.0/30", "subnet_create_args": {}, "subnets_per_network": 1}
2019-12-27 21:05:12.396 15522 RALLYDEBUG rally.task.runner [-] Starting a worker. times: 10 duration: None concurrency: 1 timeout: 0 cls: method_name: run args: {"network_create_args": {}, "subnet_cidr_start": "1.1.0.0/30", "subnet_create_args": {}, "subnets_per_network": 1}
2019-12-27 21:05:12.399 15521 INFO rally.task.runner [-] Task e3573ce4-dbb4-4a7a-8f0d-31f6218d09b9 | ITER: 1 START
2019-12-27 21:05:12.400 15523 RALLYDEBUG rally.task.runner [-] Starting a worker. times: 10 duration: None concurrency: 1 timeout: 0 cls: method_name: run args: {"network_create_args": {}, "subnet_cidr_start": "1.1.0.0/30", "subnet_create_args": {}, "subnets_per_network": 1}
2019-12-27 21:05:12.403 15522 INFO rally.task.runner [-] Task e3573ce4-dbb4-4a7a-8f0d-31f6218d09b9 | ITER: 2 START
2019-12-27 21:05:12.402 15524 RALLYDEBUG rally.task.runner [-] Starting a worker. times: 10 duration: None concurrency: 1 timeout: 0 cls: method_name: run args: {"network_create_args": {}, "subnet_cidr_start": "1.1.0.0/30", "subnet_create_args": {}, "subnets_per_network": 1}
2019-12-27 21:05:12.406 15523 INFO rally.task.runner [-] Task e3573ce4-dbb4-4a7a-8f0d-31f6218d09b9 | ITER: 3 START
2019-12-27 21:05:12.409 15524 INFO rally.task.runner [-] Task e3573ce4-dbb4-4a7a-8f0d-31f6218d09b9 | ITER: 4 START
2019-12-27 21:05:13.056 15522 RALLYDEBUG rally_openstack.wrappers.network [-] CIDR generated: 1.1.0.248/30
2019-12-27 21:05:13.065 15521 RALLYDEBUG rally_openstack.wrappers.network [-] CIDR generated: 1.1.0.252/30
2019-12-27 21:05:13.070 15523 RALLYDEBUG rally_openstack.wrappers.network [-] CIDR generated: 1.1.1.0/30
2019-12-27 21:05:13.589 15524 RALLYDEBUG rally_openstack.wrappers.network [-] CIDR generated: 1.1.1.4/30
2019-12-27 21:05:13.872 15521 INFO rally.task.runner [-] Task e3573ce4-dbb4-4a7a-8f0d-31f6218d09b9 | ITER: 1 END: OK
2019-12-27 21:05:13.878 15521 INFO rally.task.runner [-] Task e3573ce4-dbb4-4a7a-8f0d-31f6218d09b9 | ITER: 5 START
2019-12-27 21:05:14.144 15522 INFO rally.task.runner [-] Task e3573ce4-dbb4-4a7a-8f0d-31f6218d09b9 | ITER: 2 END: OK
2019-12-27 21:05:14.150 15522 INFO rally.task.runner [-] Task e3573ce4-dbb4-4a7a-8f0d-31f6218d09b9 | ITER: 6 START
2019-12-27 21:05:14.196 15523 INFO rally.task.runner [-] Task e3573ce4-dbb4-4a7a-8f0d-31f6218d09b9 | ITER: 3 END: OK
2019-12-27 21:05:14.202 15523 INFO rally.task.runner [-] Task e3573ce4-dbb4-4a7a-8f0d-31f6218d09b9 | ITER: 7 START
2019-12-27 21:05:14.521 15522 RALLYDEBUG rally_openstack.wrappers.network [-] CIDR generated: 1.1.1.8/30
2019-12-27 21:05:14.581 15521 RALLYDEBUG rally_openstack.wrappers.network [-] CIDR generated: 1.1.1.12/30
2019-12-27 21:05:14.744 15524 INFO rally.task.runner [-] Task e3573ce4-dbb4-4a7a-8f0d-31f6218d09b9 | ITER: 4 END: OK
2019-12-27 21:05:14.750 15524 INFO rally.task.runner [-] Task e3573ce4-dbb4-4a7a-8f0d-31f6218d09b9 | ITER: 8 START
2019-12-27 21:05:14.768 15523 RALLYDEBUG rally_openstack.wrappers.network [-] CIDR generated: 1.1.1.16/30
2019-12-27 21:05:15.204 15524 RALLYDEBUG rally_openstack.wrappers.network [-] CIDR generated: 1.1.1.20/30
2019-12-27 21:05:15.414 15522 INFO rally.task.runner [-] Task e3573ce4-dbb4-4a7a-8f0d-31f6218d09b9 | ITER: 6 END: OK
2019-12-27 21:05:15.419 15522 INFO rally.task.runner [-] Task e3573ce4-dbb4-4a7a-8f0d-31f6218d09b9 | ITER: 9 START
2019-12-27 21:05:15.472 15521 INFO rally.task.runner [-] Task e3573ce4-dbb4-4a7a-8f0d-31f6218d09b9 | ITER: 5 END: OK
2019-12-27 21:05:15.477 15521 INFO rally.task.runner [-] Task e3573ce4-dbb4-4a7a-8f0d-31f6218d09b9 | ITER: 10 START
2019-12-27 21:05:15.868 15523 INFO rally.task.runner [-] Task e3573ce4-dbb4-4a7a-8f0d-31f6218d09b9 | ITER: 7 END: OK
2019-12-27 21:05:16.035 15524 INFO rally.task.runner [-] Task e3573ce4-dbb4-4a7a-8f0d-31f6218d09b9 | ITER: 8 END: OK
2019-12-27 21:05:16.234 15522 RALLYDEBUG rally_openstack.wrappers.network [-] CIDR generated: 1.1.1.24/30
2019-12-27 21:05:16.377 15521 RALLYDEBUG rally_openstack.wrappers.network [-] CIDR generated: 1.1.1.28/30
2019-12-27 21:05:17.971 15522 INFO rally.task.runner [-] Task e3573ce4-dbb4-4a7a-8f0d-31f6218d09b9 | ITER: 9 END: OK
2019-12-27 21:05:17.976 15521 INFO rally.task.runner [-] Task e3573ce4-dbb4-4a7a-8f0d-31f6218d09b9 | ITER: 10 END: OK
2019-12-27 21:05:18.002 11833 INFO rally.task.context [-] Task e3573ce4-dbb4-4a7a-8f0d-31f6218d09b9 | Context cleanup@openstack cleanup() started
2019-12-27 21:05:18.006 11833 RALLYDEBUG rally_openstack.cleanup.manager [-] Cleaning up neutron vip objects
2019-12-27 21:05:18.444 11833 RALLYDEBUG rally_openstack.cleanup.manager [-] Cleaning up neutron health_monitor objects
2019-12-27 21:05:18.866 11833 RALLYDEBUG rally_openstack.cleanup.manager [-] Cleaning up neutron pool objects
2019-12-27 21:05:19.333 11833 RALLYDEBUG rally_openstack.cleanup.manager [-] Cleaning up neutron loadbalancer objects
2019-12-27 21:05:19.779 11833 RALLYDEBUG rally_openstack.cleanup.manager [-] Cleaning up neutron floatingip objects
2019-12-27 21:05:20.850 11833 RALLYDEBUG rally_openstack.cleanup.manager [-] Cleaning up neutron trunk objects
2019-12-27 21:05:21.368 11833 RALLYDEBUG rally_openstack.cleanup.manager [-] Cleaning up neutron port objects
2019-12-27 21:05:22.478 11833 RALLYDEBUG rally_openstack.cleanup.manager [-] Cleaning up neutron subnet objects
2019-12-27 21:05:23.036 11833 RALLYDEBUG rally_openstack.cleanup.manager [-] Deleting neutron.subnet object s_rally_2604eb28_EPcUF2uw (2d2eb7d7-40d5-4230-a030-8dbb0e808e03)
2019-12-27 21:05:23.047 11833 RALLYDEBUG rally_openstack.cleanup.manager [-] Deleting neutron.subnet object s_rally_2604eb28_eeimNzS6 (4e56b2b6-056e-45ca-bd75-0bb61b445e34)
2019-12-27 21:05:23.057 11833 RALLYDEBUG rally_openstack.cleanup.manager [-] Deleting neutron.subnet object s_rally_2604eb28_qUpW7QsX (e0d8a1fa-ae7e-4c1c-bfa8-aafd11b0f541)
2019-12-27 21:05:23.068 11833 RALLYDEBUG rally_openstack.cleanup.manager [-] Deleting neutron.subnet object s_rally_2604eb28_e9CzQuoM (1f0161c8-b156-4974-bf54-3b7c0b810afe)
2019-12-27 21:05:23.087 11833 RALLYDEBUG rally_openstack.cleanup.manager [-] Deleting neutron.subnet object s_rally_2604eb28_ZVpEIKe0 (61f74ad5-ae92-4369-8950-c436bffdaf52)
2019-12-27 21:05:23.097 11833 RALLYDEBUG rally_openstack.cleanup.manager [-] Deleting neutron.subnet object s_rally_2604eb28_6FWwvGa2 (94813559-0553-4804-8956-395dfad17872)
2019-12-27 21:05:23.107 11833 RALLYDEBUG rally_openstack.cleanup.manager [-] Deleting neutron.subnet object s_rally_2604eb28_1RhSRMWu (958dc84f-8887-4b39-a453-ccd1044682dc)
2019-12-27 21:05:23.113 11833 RALLYDEBUG rally_openstack.cleanup.manager [-] Deleting neutron.subnet object s_rally_2604eb28_PT9heX4x (3e51b36d-7779-4628-bac3-dbae14f59ce1)
2019-12-27 21:05:23.135 11833 RALLYDEBUG rally_openstack.cleanup.manager [-] Deleting neutron.subnet object s_rally_2604eb28_Q55eTofl (ea9748a0-937f-49bf-9f23-2d4019b55960)
2019-12-27 21:05:23.153 11833 RALLYDEBUG rally_openstack.cleanup.manager [-] Deleting neutron.subnet object s_rally_2604eb28_fG6inNJL (fec242b4-bece-4142-a8ef-131d865ccd46)
2019-12-27 21:05:27.396 11833 RALLYDEBUG rally_openstack.cleanup.manager [-] Cleaning up neutron network objects
2019-12-27 21:05:28.725 11833 RALLYDEBUG rally_openstack.cleanup.manager [-] Deleting neutron.network object s_rally_2604eb28_p0tcsPw3 (1c2af0f7-b27f-4321-9ed2-3924ed03b53e)
2019-12-27 21:05:28.731 11833 RALLYDEBUG rally_openstack.cleanup.manager [-] Deleting neutron.network object s_rally_2604eb28_gjYMSsJO (9950f52d-6990-4b8a-80c1-0bffa7106db8)
2019-12-27 21:05:28.739 11833 RALLYDEBUG rally_openstack.cleanup.manager [-] Deleting neutron.network object s_rally_2604eb28_s8yp1Ed5 (f8dc0c7d-9a78-4f83-869f-f8c46fd41a08)
2019-12-27 21:05:28.745 11833 RALLYDEBUG rally_openstack.cleanup.manager [-] Deleting neutron.network object s_rally_2604eb28_Xy3RpvOS (09b16679-d642-4268-afa1-53337fc61f07)
2019-12-27 21:05:28.753 11833 RALLYDEBUG rally_openstack.cleanup.manager [-] Deleting neutron.network object s_rally_2604eb28_O3uAVJuS (78ae5abd-e559-4eeb-9900-986997fc8512)
2019-12-27 21:05:28.772 11833 RALLYDEBUG rally_openstack.cleanup.manager [-] Deleting neutron.network object s_rally_2604eb28_6eZMI7a9 (96a4dd9b-2816-4051-ac10-562597ae65ba)
2019-12-27 21:05:28.788 11833 RALLYDEBUG rally_openstack.cleanup.manager [-] Deleting neutron.network object s_rally_2604eb28_o5aeeHin (24e8120e-18a2-4cee-adf2-837f0c765c00)
2019-12-27 21:05:28.794 11833 RALLYDEBUG rally_openstack.cleanup.manager [-] Deleting neutron.network object s_rally_2604eb28_f9SghPpA (40c029c4-1a8b-4544-a320-3557bbfc15a6)
2019-12-27 21:05:28.802 11833 RALLYDEBUG rally_openstack.cleanup.manager [-] Deleting neutron.network object s_rally_2604eb28_U7HX2rtD (90dccb64-45c8-49de-9394-2494e58f40a2)
2019-12-27 21:05:28.807 11833 RALLYDEBUG rally_openstack.cleanup.manager [-] Deleting neutron.network object s_rally_2604eb28_h7nHu4H5 (db5f73b7-8045-41b7-9438-6b58717397ab)
2019-12-27 21:05:33.076 11833 RALLYDEBUG rally_openstack.cleanup.manager [-] Cleaning up neutron router objects
2019-12-27 21:05:33.996 11833 RALLYDEBUG rally_openstack.cleanup.manager [-] Cleaning up neutron security_group objects
2019-12-27 21:05:34.601 11833 INFO rally.task.context [-] Task e3573ce4-dbb4-4a7a-8f0d-31f6218d09b9 | Context cleanup@openstack cleanup() finished in 16.60 sec
2019-12-27 21:05:34.602 11833 INFO rally.task.context [-] Task e3573ce4-dbb4-4a7a-8f0d-31f6218d09b9 | Context quotas@openstack cleanup() started
2019-12-27 21:05:34.670 11833 INFO rally.task.context [-] Task e3573ce4-dbb4-4a7a-8f0d-31f6218d09b9 | Context quotas@openstack cleanup() finished in 68.02 msec
2019-12-27 21:05:34.670 11833 INFO rally.task.context [-] Task e3573ce4-dbb4-4a7a-8f0d-31f6218d09b9 | Context users@openstack cleanup() started
2019-12-27 21:05:36.904 11833 INFO rally.task.context [-] Task e3573ce4-dbb4-4a7a-8f0d-31f6218d09b9 | Context users@openstack cleanup() finished in 2.23 sec
2019-12-27 21:05:38.722 11833 INFO rally.task.engine [-] Load duration is: 5.576251
2019-12-27 21:05:38.723 11833 INFO rally.task.engine [-] Full runner duration is: 5.622305
2019-12-27 21:05:38.723 11833 INFO rally.task.engine [-] Full duration is: 26.360885
2019-12-27 21:05:38.804 11833 INFO rally.task.engine [-] Running workload: position = 0 config = { "version": 2, "title": "A cropped version of a bigger task.", "description": "Auto-generated task from a single workload (uuid=8297660c-a2da-4e91-9b92-4a6e14260343)", "subtasks": [ { "title": "NeutronSecurityGroup.create_and_delete_security_groups", "description": "Create and delete Neutron security-groups.", "scenario": { "NeutronSecurityGroup.create_and_delete_security_groups": {} }, "contexts": { "users": { "tenants": 3, "users_per_tenant": 2 }, "quotas": { "neutron": { "security_group": -1 } } }, "runner": { "constant": { "concurrency": 4, "times": 10 } }, "hooks": [], "sla": { "failure_rate": { "max": 0 } } } ] }
2019-12-27 21:05:38.823 11833 RALLYDEBUG rally_openstack.contexts.keystone.users [-] Creating 3 tenants using 20 threads
2019-12-27 21:05:39.454 11833 RALLYDEBUG rally_openstack.contexts.keystone.users [-] Creating 6 users using 20 threads
2019-12-27 21:05:40.420 11833 INFO rally.task.context [-] Task e3573ce4-dbb4-4a7a-8f0d-31f6218d09b9 | Context users@openstack setup() finished in 1.60 sec
2019-12-27 21:05:40.741 11833 INFO rally.task.context [-] Task e3573ce4-dbb4-4a7a-8f0d-31f6218d09b9 | Context quotas@openstack setup() finished in 0.32 sec
2019-12-27 21:05:40.742 11833 INFO rally.task.context [-] Task e3573ce4-dbb4-4a7a-8f0d-31f6218d09b9 | Context cleanup@openstack setup() finished in 0.19 msec
2019-12-27 21:05:40.754 11833 RALLYDEBUG rally.task.runner [-] Starting the constant runner (task UUID: e3573ce4-dbb4-4a7a-8f0d-31f6218d09b9). times: 10 concurrency: 4 timeout: 0 max_cpu_used: 88 processes_to_start: 4 concurrency_per_worker: 1 concurrency_overhead: 0
2019-12-27 21:05:40.765 15845 RALLYDEBUG rally.task.runner [-] Starting a worker. times: 10 duration: None concurrency: 1 timeout: 0 cls: method_name: run args: {}
2019-12-27 21:05:40.767 15846 RALLYDEBUG rally.task.runner [-] Starting a worker. times: 10 duration: None concurrency: 1 timeout: 0 cls: method_name: run args: {}
2019-12-27 21:05:40.770 15847 RALLYDEBUG rally.task.runner [-] Starting a worker. times: 10 duration: None concurrency: 1 timeout: 0 cls: method_name: run args: {}
2019-12-27 21:05:40.772 15845 INFO rally.task.runner [-] Task e3573ce4-dbb4-4a7a-8f0d-31f6218d09b9 | ITER: 1 START
2019-12-27 21:05:40.772 15848 RALLYDEBUG rally.task.runner [-] Starting a worker. times: 10 duration: None concurrency: 1 timeout: 0 cls: method_name: run args: {}
2019-12-27 21:05:40.775 15846 INFO rally.task.runner [-] Task e3573ce4-dbb4-4a7a-8f0d-31f6218d09b9 | ITER: 2 START
2019-12-27 21:05:40.777 15847 INFO rally.task.runner [-] Task e3573ce4-dbb4-4a7a-8f0d-31f6218d09b9 | ITER: 3 START
2019-12-27 21:05:40.780 15848 INFO rally.task.runner [-] Task e3573ce4-dbb4-4a7a-8f0d-31f6218d09b9 | ITER: 4 START
2019-12-27 21:05:41.496 15848 INFO rally.task.runner [-] Task e3573ce4-dbb4-4a7a-8f0d-31f6218d09b9 | ITER: 4 END: OK
2019-12-27 21:05:41.502 15848 INFO rally.task.runner [-] Task e3573ce4-dbb4-4a7a-8f0d-31f6218d09b9 | ITER: 5 START
2019-12-27 21:05:41.738 15845 INFO rally.task.runner [-] Task e3573ce4-dbb4-4a7a-8f0d-31f6218d09b9 | ITER: 1 END: OK
2019-12-27 21:05:41.743 15845 INFO rally.task.runner [-] Task e3573ce4-dbb4-4a7a-8f0d-31f6218d09b9 | ITER: 6 START
2019-12-27 21:05:41.925 15848 INFO rally.task.runner [-] Task e3573ce4-dbb4-4a7a-8f0d-31f6218d09b9 | ITER: 5 END: OK
2019-12-27 21:05:41.931 15848 INFO rally.task.runner [-] Task e3573ce4-dbb4-4a7a-8f0d-31f6218d09b9 | ITER: 7 START
2019-12-27 21:05:42.168 15845 INFO rally.task.runner [-] Task e3573ce4-dbb4-4a7a-8f0d-31f6218d09b9 | ITER: 6 END: OK
2019-12-27 21:05:42.173 15845 INFO rally.task.runner [-] Task e3573ce4-dbb4-4a7a-8f0d-31f6218d09b9 | ITER: 8 START
2019-12-27 21:05:42.190 15846 INFO rally.task.runner [-] Task e3573ce4-dbb4-4a7a-8f0d-31f6218d09b9 | ITER: 2 END: OK
2019-12-27 21:05:42.197 15846 INFO rally.task.runner [-] Task e3573ce4-dbb4-4a7a-8f0d-31f6218d09b9 | ITER: 9 START
2019-12-27 21:05:42.209 15847 INFO rally.task.runner [-] Task e3573ce4-dbb4-4a7a-8f0d-31f6218d09b9 | ITER: 3 END: OK
2019-12-27 21:05:42.214 15847 INFO rally.task.runner [-] Task e3573ce4-dbb4-4a7a-8f0d-31f6218d09b9 | ITER: 10 START
2019-12-27 21:05:42.466 15848 INFO rally.task.runner [-] Task e3573ce4-dbb4-4a7a-8f0d-31f6218d09b9 | ITER: 7 END: OK
2019-12-27 21:05:42.598 15847 INFO rally.task.runner [-] Task e3573ce4-dbb4-4a7a-8f0d-31f6218d09b9 | ITER: 10 END: OK
2019-12-27 21:05:42.619 15846 INFO rally.task.runner [-] Task e3573ce4-dbb4-4a7a-8f0d-31f6218d09b9 | ITER: 9 END: OK
2019-12-27 21:05:42.819 15845 INFO rally.task.runner [-] Task e3573ce4-dbb4-4a7a-8f0d-31f6218d09b9 | ITER: 8 END: OK
2019-12-27 21:05:42.840 11833 INFO rally.task.context [-] Task e3573ce4-dbb4-4a7a-8f0d-31f6218d09b9 | Context cleanup@openstack cleanup() started
2019-12-27 21:05:42.846 11833 RALLYDEBUG rally_openstack.cleanup.manager [-] Cleaning up neutron vip objects
2019-12-27 21:05:43.434 11833 RALLYDEBUG rally_openstack.cleanup.manager [-] Cleaning up neutron health_monitor objects
2019-12-27 21:05:43.889 11833 RALLYDEBUG rally_openstack.cleanup.manager [-] Cleaning up neutron pool objects
2019-12-27 21:05:44.344 11833 RALLYDEBUG rally_openstack.cleanup.manager [-] Cleaning up neutron loadbalancer objects
2019-12-27 21:05:44.796 11833 RALLYDEBUG rally_openstack.cleanup.manager [-] Cleaning up neutron floatingip objects
2019-12-27 21:05:45.444 11833 RALLYDEBUG rally_openstack.cleanup.manager [-] Cleaning up neutron trunk objects
2019-12-27 21:05:45.958 11833 RALLYDEBUG rally_openstack.cleanup.manager [-] Cleaning up neutron port objects
2019-12-27 21:05:46.823 11833 RALLYDEBUG rally_openstack.cleanup.manager [-] Cleaning up neutron subnet objects
2019-12-27 21:05:47.350 11833 RALLYDEBUG rally_openstack.cleanup.manager [-] Cleaning up neutron network objects
2019-12-27 21:05:47.822 11833 RALLYDEBUG rally_openstack.cleanup.manager [-] Cleaning up neutron router objects
2019-12-27 21:05:49.564 11833 RALLYDEBUG rally_openstack.cleanup.manager [-] Cleaning up neutron security_group objects
2019-12-27 21:05:50.151 11833 INFO rally.task.context [-] Task e3573ce4-dbb4-4a7a-8f0d-31f6218d09b9 | Context cleanup@openstack cleanup() finished in 7.31 sec
2019-12-27 21:05:50.152 11833 INFO rally.task.context [-] Task e3573ce4-dbb4-4a7a-8f0d-31f6218d09b9 | Context quotas@openstack cleanup() started
2019-12-27 21:05:50.208 11833 INFO rally.task.context [-] Task e3573ce4-dbb4-4a7a-8f0d-31f6218d09b9 | Context quotas@openstack cleanup() finished in 55.87 msec
2019-12-27 21:05:50.208 11833 INFO rally.task.context [-] Task e3573ce4-dbb4-4a7a-8f0d-31f6218d09b9 | Context users@openstack cleanup() started
2019-12-27 21:05:52.759 11833 INFO rally.task.context [-] Task e3573ce4-dbb4-4a7a-8f0d-31f6218d09b9 | Context users@openstack cleanup() finished in 2.55 sec
2019-12-27 21:05:52.928 11833 INFO rally.task.engine [-] Load duration is: 2.045627
