2019-12-27 20:56:39.691 6545 RALLYDEBUG rally_openstack.contexts.keystone.users [-] Creating 3 tenants using 20 threads
2019-12-27 20:56:40.279 6545 RALLYDEBUG rally_openstack.contexts.keystone.users [-] Creating 6 users using 20 threads
2019-12-27 20:56:41.110 6545 INFO rally.task.context [-] Task f02bedc5-62e0-40a6-9bb8-5e8f7cfa993b | Context users@openstack setup() finished in 1.42 sec
2019-12-27 20:56:41.334 6545 ERROR rally.common.broker [-] Failed to publish a task to the queue: rally.exceptions.NotFoundException: The resource can not be found: There is no role with name `heat_stack_owner`
2019-12-27 20:56:41.334 6545 ERROR rally.common.broker
Traceback (most recent call last):
2019-12-27 20:56:41.334 6545 ERROR rally.common.broker
File "/usr/lib/python3.6/site-packages/rally/common/broker.py", line 58, in _publisher
2019-12-27 20:56:41.334 6545 ERROR rally.common.broker publish(queue)
2019-12-27 20:56:41.334 6545 ERROR rally.common.broker
File "/usr/lib/python3.6/site-packages/rally_openstack/contexts/keystone/roles.py", line 91, in publish
2019-12-27 20:56:41.334 6545 ERROR rally.common.broker role = self._get_role_object(context_role)
2019-12-27 20:56:41.334 6545 ERROR rally.common.broker
File "/usr/lib/python3.6/site-packages/rally_openstack/contexts/keystone/roles.py", line 65, in _get_role_object
2019-12-27 20:56:41.334 6545 ERROR rally.common.broker "There is no role with name `%s`" % context_role)
2019-12-27 20:56:41.334 6545 ERROR rally.common.broker rally.exceptions.NotFoundException: The resource can not be found: There is no role with name `heat_stack_owner`
2019-12-27 20:56:41.334 6545 ERROR rally.common.broker
2019-12-27 20:56:41.344 6545 INFO rally.task.context [-] Task f02bedc5-62e0-40a6-9bb8-5e8f7cfa993b | Context roles@openstack setup() finished in 0.23 sec
2019-12-27 20:56:41.351 6545 RALLYDEBUG rally.task.runner [-] Starting the constant runner (task UUID: f02bedc5-62e0-40a6-9bb8-5e8f7cfa993b). times: 10 concurrency: 4 timeout: 0 max_cpu_used: 88 processes_to_start: 4 concurrency_per_worker: 1 concurrency_overhead: 0
2019-12-27 20:56:41.361 9627 RALLYDEBUG rally.task.runner [-] Starting a worker. times: 10 duration: None concurrency: 1 timeout: 0 cls: method_name: run args: {}
2019-12-27 20:56:41.364 9628 RALLYDEBUG rally.task.runner [-] Starting a worker. times: 10 duration: None concurrency: 1 timeout: 0 cls: method_name: run args: {}
2019-12-27 20:56:41.367 9629 RALLYDEBUG rally.task.runner [-] Starting a worker. times: 10 duration: None concurrency: 1 timeout: 0 cls: method_name: run args: {}
2019-12-27 20:56:41.369 9627 INFO rally.task.runner [-] Task f02bedc5-62e0-40a6-9bb8-5e8f7cfa993b | ITER: 1 START
2019-12-27 20:56:41.370 9628 INFO rally.task.runner [-] Task f02bedc5-62e0-40a6-9bb8-5e8f7cfa993b | ITER: 2 START
2019-12-27 20:56:41.369 9630 RALLYDEBUG rally.task.runner [-] Starting a worker. times: 10 duration: None concurrency: 1 timeout: 0 cls: method_name: run args: {}
2019-12-27 20:56:41.373 9629 INFO rally.task.runner [-] Task f02bedc5-62e0-40a6-9bb8-5e8f7cfa993b | ITER: 3 START
2019-12-27 20:56:41.376 9630 INFO rally.task.runner [-] Task f02bedc5-62e0-40a6-9bb8-5e8f7cfa993b | ITER: 4 START
2019-12-27 20:56:41.746 9628 INFO rally.task.runner [-] Task f02bedc5-62e0-40a6-9bb8-5e8f7cfa993b | ITER: 2 END: OK
2019-12-27 20:56:41.752 9628 INFO rally.task.runner [-] Task f02bedc5-62e0-40a6-9bb8-5e8f7cfa993b | ITER: 5 START
2019-12-27 20:56:41.777 9629 INFO rally.task.runner [-] Task f02bedc5-62e0-40a6-9bb8-5e8f7cfa993b | ITER: 3 END: OK
2019-12-27 20:56:41.782 9629 INFO rally.task.runner [-] Task f02bedc5-62e0-40a6-9bb8-5e8f7cfa993b | ITER: 6 START
2019-12-27 20:56:41.792 9630 INFO rally.task.runner [-] Task f02bedc5-62e0-40a6-9bb8-5e8f7cfa993b | ITER: 4 END: OK
2019-12-27 20:56:41.796 9630 INFO rally.task.runner [-] Task f02bedc5-62e0-40a6-9bb8-5e8f7cfa993b | ITER: 7 START
2019-12-27 20:56:41.829 9627 INFO rally.task.runner [-] Task f02bedc5-62e0-40a6-9bb8-5e8f7cfa993b | ITER: 1 END: OK
2019-12-27 20:56:41.834 9627 INFO rally.task.runner [-] Task f02bedc5-62e0-40a6-9bb8-5e8f7cfa993b | ITER: 8 START
2019-12-27 20:56:41.968 9630 INFO rally.task.runner [-] Task f02bedc5-62e0-40a6-9bb8-5e8f7cfa993b | ITER: 7 END: OK
2019-12-27 20:56:41.972 9630 INFO rally.task.runner [-] Task f02bedc5-62e0-40a6-9bb8-5e8f7cfa993b | ITER: 9 START
2019-12-27 20:56:42.003 9627 INFO rally.task.runner [-] Task f02bedc5-62e0-40a6-9bb8-5e8f7cfa993b | ITER: 8 END: OK
2019-12-27 20:56:42.007 9627 INFO rally.task.runner [-] Task f02bedc5-62e0-40a6-9bb8-5e8f7cfa993b | ITER: 10 START
2019-12-27 20:56:42.041 9629 INFO rally.task.runner [-] Task f02bedc5-62e0-40a6-9bb8-5e8f7cfa993b | ITER: 6 END: OK
2019-12-27 20:56:42.052 9628 INFO rally.task.runner [-] Task f02bedc5-62e0-40a6-9bb8-5e8f7cfa993b | ITER: 5 END: OK
2019-12-27 20:56:42.161 9630 INFO rally.task.runner [-] Task f02bedc5-62e0-40a6-9bb8-5e8f7cfa993b | ITER: 9 END: OK
2019-12-27 20:56:42.340 9627 INFO rally.task.runner [-] Task f02bedc5-62e0-40a6-9bb8-5e8f7cfa993b | ITER: 10 END: OK
2019-12-27 20:56:42.361 6545 INFO rally.task.context [-] Task f02bedc5-62e0-40a6-9bb8-5e8f7cfa993b | Context roles@openstack cleanup() started
2019-12-27 20:56:42.371 6545 INFO rally.task.context [-] Task f02bedc5-62e0-40a6-9bb8-5e8f7cfa993b | Context roles@openstack cleanup() finished in 10.53 msec
2019-12-27 20:56:42.371 6545 INFO rally.task.context [-] Task f02bedc5-62e0-40a6-9bb8-5e8f7cfa993b | Context users@openstack cleanup() started
2019-12-27 20:56:44.895 6545 INFO rally.task.context [-] Task f02bedc5-62e0-40a6-9bb8-5e8f7cfa993b | Context users@openstack cleanup() finished in 2.52 sec
2019-12-27 20:56:45.749 6545 INFO rally.task.engine [-] Load duration is: 0.969169
2019-12-27 20:56:45.750 6545 INFO rally.task.engine [-] Full runner duration is: 1.010062
2019-12-27 20:56:45.750 6545 INFO rally.task.engine [-] Full duration is: 5.205405
2019-12-27 20:56:45.826 6545 INFO rally.task.engine [-] Task f02bedc5-62e0-40a6-9bb8-5e8f7cfa993b | Completed: Running task.
2019-12-27 20:56:47.506 9719 RALLYDEBUG rally.api [-] INFO logs from urllib3 and requests module are hide.
2019-12-27 20:56:47.506 9719 RALLYDEBUG rally.api [-] urllib3 insecure warnings are hidden.
2019-12-27 20:56:47.506 9719 RALLYDEBUG rally.api [-] ERROR log from boto module is hide.
2019-12-27 20:56:49.002 9720 RALLYDEBUG rally.api [-] INFO logs from urllib3 and requests module are hide.
2019-12-27 20:56:49.003 9720 RALLYDEBUG rally.api [-] urllib3 insecure warnings are hidden.
2019-12-27 20:56:49.003 9720 RALLYDEBUG rally.api [-] ERROR log from boto module is hide.
2019-12-27 20:56:50.596 9721 RALLYDEBUG rally.api [-] INFO logs from urllib3 and requests module are hide.
2019-12-27 20:56:50.597 9721 RALLYDEBUG rally.api [-] urllib3 insecure warnings are hidden.
2019-12-27 20:56:50.597 9721 RALLYDEBUG rally.api [-] ERROR log from boto module is hide.
2019-12-27 20:56:52.959 9721 INFO rally.api [-] Building 'json' report for the following task(s): 'f02bedc5-62e0-40a6-9bb8-5e8f7cfa993b'.
2019-12-27 20:56:52.992 9721 INFO rally.api [-] The report has been successfully built.
2019-12-27 20:56:54.524 9723 RALLYDEBUG rally.api [-] INFO logs from urllib3 and requests module are hide.
2019-12-27 20:56:54.524 9723 RALLYDEBUG rally.api [-] urllib3 insecure warnings are hidden.
2019-12-27 20:56:54.524 9723 RALLYDEBUG rally.api [-] ERROR log from boto module is hide.
2019-12-27 20:56:56.829 9723 INFO rally.task.engine [-] Task 0b760801-33c9-433d-9dc3-591e78e9c5b4 | Starting: Task validation.
2019-12-27 20:56:56.842 9723 INFO rally.task.engine [-] Task 0b760801-33c9-433d-9dc3-591e78e9c5b4 | Starting: Task validation of syntax.
2019-12-27 20:56:56.964 9723 INFO rally.task.engine [-] Task 0b760801-33c9-433d-9dc3-591e78e9c5b4 | Completed: Task validation of syntax.
2019-12-27 20:56:56.964 9723 INFO rally.task.engine [-] Task 0b760801-33c9-433d-9dc3-591e78e9c5b4 | Starting: Task validation of required platforms.
2019-12-27 20:56:57.035 9723 INFO rally.task.engine [-] Task 0b760801-33c9-433d-9dc3-591e78e9c5b4 | Completed: Task validation of required platforms.
2019-12-27 20:56:57.036 9723 INFO rally.task.engine [-] Task 0b760801-33c9-433d-9dc3-591e78e9c5b4 | Starting: Task validation of semantic.
2019-12-27 20:56:57.036 9723 INFO rally.task.engine [-] Check health of the environment 'e151d040-daae-43ef-bd55-07744aa69403'.
2019-12-27 20:56:57.493 9723 INFO rally.task.engine [-] Platform existing@openstack (available: True): OK!
2019-12-27 20:56:57.509 9723 RALLYDEBUG rally_openstack.contexts.keystone.users [-] Creating 1 tenants using 20 threads
2019-12-27 20:56:57.871 9723 RALLYDEBUG rally_openstack.contexts.keystone.users [-] Creating 1 users using 20 threads
2019-12-27 20:56:58.646 9723 INFO rally.task.context [-] Task 0b760801-33c9-433d-9dc3-591e78e9c5b4 | Context users@openstack setup() finished in 1.14 sec
2019-12-27 20:56:58.746 9723 INFO rally.task.context [-] Task 0b760801-33c9-433d-9dc3-591e78e9c5b4 | Context users@openstack cleanup() started
2019-12-27 20:57:00.286 9723 INFO rally.task.context [-] Task 0b760801-33c9-433d-9dc3-591e78e9c5b4 | Context users@openstack cleanup() finished in 1.54 sec
2019-12-27 20:57:00.287 9723 INFO rally.task.engine [-] Task 0b760801-33c9-433d-9dc3-591e78e9c5b4 | Completed: Task validation of semantic.
2019-12-27 20:57:00.287 9723 INFO rally.task.engine [-] Task 0b760801-33c9-433d-9dc3-591e78e9c5b4 | Completed: Task validation.
2019-12-27 20:57:00.288 9723 INFO rally.api [-] Task 0b760801-33c9-433d-9dc3-591e78e9c5b4 input file is valid.
2019-12-27 20:57:00.288 9723 INFO rally.api [-] Run Task 0b760801-33c9-433d-9dc3-591e78e9c5b4 against Deployment e151d040-daae-43ef-bd55-07744aa69403
2019-12-27 20:57:00.289 9723 INFO rally.task.engine [-] Task 0b760801-33c9-433d-9dc3-591e78e9c5b4 | Starting: Running task.
2019-12-27 20:57:00.341 9723 INFO rally.task.engine [-] Running workload: position = 0 config = { "version": 2, "title": "A cropped version of a bigger task.", "description": "Auto-generated task from a single workload (uuid=58e7916c-4792-45ee-876d-c2399c310e83)", "subtasks": [ { "title": "KeystoneBasic.add_and_remove_user_role", "description": "Create a user role add to a user and disassociate.", "scenario": { "KeystoneBasic.add_and_remove_user_role": {} }, "contexts": { "users": { "tenants": 3, "users_per_tenant": 2 } }, "runner": { "constant": { "concurrency": 4, "times": 10 } }, "hooks": [], "sla": { "failure_rate": { "max": 0 } } } ] }
2019-12-27 20:57:00.362 9723 RALLYDEBUG rally_openstack.contexts.keystone.users [-] Creating 3 tenants using 20 threads
2019-12-27 20:57:00.829 9723 RALLYDEBUG rally_openstack.contexts.keystone.users [-] Creating 6 users using 20 threads
2019-12-27 20:57:01.846 9723 INFO rally.task.context [-] Task 0b760801-33c9-433d-9dc3-591e78e9c5b4 | Context users@openstack setup() finished in 1.48 sec
2019-12-27 20:57:01.847 9723 INFO rally.task.context [-] Task 0b760801-33c9-433d-9dc3-591e78e9c5b4 | Context admin_cleanup@openstack setup() finished in 0.01 msec
2019-12-27 20:57:01.859 9723 RALLYDEBUG rally.task.runner [-] Starting the constant runner (task UUID: 0b760801-33c9-433d-9dc3-591e78e9c5b4). times: 10 concurrency: 4 timeout: 0 max_cpu_used: 88 processes_to_start: 4 concurrency_per_worker: 1 concurrency_overhead: 0
2019-12-27 20:57:01.870 9847 RALLYDEBUG rally.task.runner [-] Starting a worker. times: 10 duration: None concurrency: 1 timeout: 0 cls: method_name: run args: {}
2019-12-27 20:57:01.871 9848 RALLYDEBUG rally.task.runner [-] Starting a worker. times: 10 duration: None concurrency: 1 timeout: 0 cls: method_name: run args: {}
2019-12-27 20:57:01.874 9849 RALLYDEBUG rally.task.runner [-] Starting a worker. times: 10 duration: None concurrency: 1 timeout: 0 cls: method_name: run args: {}
2019-12-27 20:57:01.875 9847 INFO rally.task.runner [-] Task 0b760801-33c9-433d-9dc3-591e78e9c5b4 | ITER: 1 START
2019-12-27 20:57:01.876 9850 RALLYDEBUG rally.task.runner [-] Starting a worker. times: 10 duration: None concurrency: 1 timeout: 0 cls: method_name: run args: {}
2019-12-27 20:57:01.878 9848 INFO rally.task.runner [-] Task 0b760801-33c9-433d-9dc3-591e78e9c5b4 | ITER: 2 START
2019-12-27 20:57:01.880 9849 INFO rally.task.runner [-] Task 0b760801-33c9-433d-9dc3-591e78e9c5b4 | ITER: 3 START
2019-12-27 20:57:01.883 9850 INFO rally.task.runner [-] Task 0b760801-33c9-433d-9dc3-591e78e9c5b4 | ITER: 4 START
2019-12-27 20:57:02.539 9849 INFO rally.task.runner [-] Task 0b760801-33c9-433d-9dc3-591e78e9c5b4 | ITER: 3 END: OK
2019-12-27 20:57:02.545 9849 INFO rally.task.runner [-] Task 0b760801-33c9-433d-9dc3-591e78e9c5b4 | ITER: 5 START
2019-12-27 20:57:02.549 9848 INFO rally.task.runner [-] Task 0b760801-33c9-433d-9dc3-591e78e9c5b4 | ITER: 2 END: OK
2019-12-27 20:57:02.555 9848 INFO rally.task.runner [-] Task 0b760801-33c9-433d-9dc3-591e78e9c5b4 | ITER: 6 START
2019-12-27 20:57:02.563 9847 INFO rally.task.runner [-] Task 0b760801-33c9-433d-9dc3-591e78e9c5b4 | ITER: 1 END: OK
2019-12-27 20:57:02.568 9847 INFO rally.task.runner [-] Task 0b760801-33c9-433d-9dc3-591e78e9c5b4 | ITER: 7 START
2019-12-27 20:57:02.682 9850 INFO rally.task.runner [-] Task 0b760801-33c9-433d-9dc3-591e78e9c5b4 | ITER: 4 END: OK
2019-12-27 20:57:02.688 9850 INFO rally.task.runner [-] Task 0b760801-33c9-433d-9dc3-591e78e9c5b4 | ITER: 8 START
2019-12-27 20:57:03.382 9850 INFO rally.task.runner [-] Task 0b760801-33c9-433d-9dc3-591e78e9c5b4 | ITER: 8 END: OK
2019-12-27 20:57:03.385 9850 INFO rally.task.runner [-] Task 0b760801-33c9-433d-9dc3-591e78e9c5b4 | ITER: 9 START
2019-12-27 20:57:03.386 9849 INFO rally.task.runner [-] Task 0b760801-33c9-433d-9dc3-591e78e9c5b4 | ITER: 5 END: OK
2019-12-27 20:57:03.390 9849 INFO rally.task.runner [-] Task 0b760801-33c9-433d-9dc3-591e78e9c5b4 | ITER: 10 START
2019-12-27 20:57:03.429 9848 INFO rally.task.runner [-] Task 0b760801-33c9-433d-9dc3-591e78e9c5b4 | ITER: 6 END: OK
2019-12-27 20:57:03.571 9847 INFO rally.task.runner [-] Task 0b760801-33c9-433d-9dc3-591e78e9c5b4 | ITER: 7 END: OK
2019-12-27 20:57:04.220 9850 INFO rally.task.runner [-] Task 0b760801-33c9-433d-9dc3-591e78e9c5b4 | ITER: 9 END: OK
2019-12-27 20:57:04.233 9849 INFO rally.task.runner [-] Task 0b760801-33c9-433d-9dc3-591e78e9c5b4 | ITER: 10 END: OK
2019-12-27 20:57:04.254 9723 INFO rally.task.context [-] Task 0b760801-33c9-433d-9dc3-591e78e9c5b4 | Context admin_cleanup@openstack cleanup() started
2019-12-27 20:57:04.258 9723 RALLYDEBUG rally_openstack.cleanup.manager [-] Cleaning up keystone user objects
2019-12-27 20:57:04.782 9723 RALLYDEBUG rally_openstack.cleanup.manager [-] Cleaning up keystone project objects
2019-12-27 20:57:05.120 9723 RALLYDEBUG rally_openstack.cleanup.manager [-] Cleaning up keystone service objects
2019-12-27 20:57:05.575 9723 RALLYDEBUG rally_openstack.cleanup.manager [-] Cleaning up keystone role objects
2019-12-27 20:57:05.821 9723 RALLYDEBUG rally_openstack.cleanup.manager [-] Deleting keystone.role object s_rally_58e7916c_M6I5em71 (2d76067d46d1417eb559b4bba0c037d4)
2019-12-27 20:57:05.829 9723 RALLYDEBUG rally_openstack.cleanup.manager [-] Deleting keystone.role object s_rally_58e7916c_xuWybFvw (344d01f44e31433fac354f7195ee2c3d)
2019-12-27 20:57:05.853 9723 RALLYDEBUG rally_openstack.cleanup.manager [-] Deleting keystone.role object s_rally_58e7916c_LpCcc8TM (6b53f2c1b0f74bcc9e0aed81ca4ecea8)
2019-12-27 20:57:05.875 9723 RALLYDEBUG rally_openstack.cleanup.manager [-] Deleting keystone.role object s_rally_58e7916c_hLcITFLA (651d33a7348b4bd49678762b7611b8ed)
2019-12-27 20:57:05.884 9723 RALLYDEBUG rally_openstack.cleanup.manager [-] Deleting keystone.role object s_rally_58e7916c_2kbLcS8G (a97655b142834ba1982539b6ae4dbd5a)
2019-12-27 20:57:05.891 9723 RALLYDEBUG rally_openstack.cleanup.manager [-] Deleting keystone.role object s_rally_58e7916c_sufalF2B (c0c64dbc94cf4dd6b78c255293ddf646)
2019-12-27 20:57:05.907 9723 RALLYDEBUG rally_openstack.cleanup.manager [-] Deleting keystone.role object s_rally_58e7916c_avegXCRV (701d30d048fd4bcc8644d0b4c313c271)
2019-12-27 20:57:05.920 9723 RALLYDEBUG rally_openstack.cleanup.manager [-] Deleting keystone.role object s_rally_58e7916c_dzr7L8SR (d160e8f3aae14f17809f6c67197c98e0)
2019-12-27 20:57:05.929 9723 RALLYDEBUG rally_openstack.cleanup.manager [-] Deleting keystone.role object s_rally_58e7916c_xtpyizE5 (f39f4d2d3ed747de9449ccf05f9f35c0)
2019-12-27 20:57:05.935 9723 RALLYDEBUG rally_openstack.cleanup.manager [-] Deleting keystone.role object s_rally_58e7916c_L34wOv4Z (c9429ae3a71941d3b10476996ffc0b96)
2019-12-27 20:57:07.539 9723 INFO rally.task.context [-] Task 0b760801-33c9-433d-9dc3-591e78e9c5b4 | Context admin_cleanup@openstack cleanup() finished in 3.29 sec
2019-12-27 20:57:07.540 9723 INFO rally.task.context [-] Task 0b760801-33c9-433d-9dc3-591e78e9c5b4 | Context users@openstack cleanup() started
2019-12-27 20:57:10.569 9723 INFO rally.task.context [-] Task 0b760801-33c9-433d-9dc3-591e78e9c5b4 | Context users@openstack cleanup() finished in 3.03 sec
2019-12-27 20:57:12.449 9723 INFO rally.task.engine [-] Load duration is: 1.942092
2019-12-27 20:57:12.449 9723 INFO rally.task.engine [-] Full runner duration is: 2.395195
2019-12-27 20:57:12.450 9723 INFO rally.task.engine [-] Full duration is: 10.208553
2019-12-27 20:57:12.541 9723 INFO rally.task.engine [-] Running workload: position = 0 config = { "version": 2, "title": "A cropped version of a bigger task.", "description": "Auto-generated task from a single workload (uuid=31e3669e-958c-4e9b-b9d9-e694bfa6f5b3)", "subtasks": [ { "title": "KeystoneBasic.create_add_and_list_user_roles", "description": "Create user role, add it and list user roles for given user.", "scenario": { "KeystoneBasic.create_add_and_list_user_roles": {} }, "contexts": { "users": { "tenants": 3, "users_per_tenant": 2 } }, "runner": { "constant": { "concurrency": 4, "times": 10 } }, "hooks": [], "sla": { "failure_rate": { "max": 0 } } } ] }
2019-12-27 20:57:12.567 9723 RALLYDEBUG rally_openstack.contexts.keystone.users [-] Creating 3 tenants using 20 threads
2019-12-27 20:57:13.268 9723 RALLYDEBUG rally_openstack.contexts.keystone.users [-] Creating 6 users using 20 threads
2019-12-27 20:57:14.064 9723 INFO rally.task.context [-] Task 0b760801-33c9-433d-9dc3-591e78e9c5b4 | Context users@openstack setup() finished in 1.50 sec
2019-12-27 20:57:14.065 9723 INFO rally.task.context [-] Task 0b760801-33c9-433d-9dc3-591e78e9c5b4 | Context admin_cleanup@openstack setup() finished in 0.01 msec
2019-12-27 20:57:14.077 9723 RALLYDEBUG rally.task.runner [-] Starting the constant runner (task UUID: 0b760801-33c9-433d-9dc3-591e78e9c5b4). times: 10 concurrency: 4 timeout: 0 max_cpu_used: 88 processes_to_start: 4 concurrency_per_worker: 1 concurrency_overhead: 0
2019-12-27 20:57:14.087 10031 RALLYDEBUG rally.task.runner [-] Starting a worker. times: 10 duration: None concurrency: 1 timeout: 0 cls: method_name: run args: {}
2019-12-27 20:57:14.089 10032 RALLYDEBUG rally.task.runner [-] Starting a worker. times: 10 duration: None concurrency: 1 timeout: 0 cls: method_name: run args: {}
2019-12-27 20:57:14.092 10033 RALLYDEBUG rally.task.runner [-] Starting a worker. times: 10 duration: None concurrency: 1 timeout: 0 cls: method_name: run args: {}
2019-12-27 20:57:14.094 10031 INFO rally.task.runner [-] Task 0b760801-33c9-433d-9dc3-591e78e9c5b4 | ITER: 1 START
2019-12-27 20:57:14.095 10034 RALLYDEBUG rally.task.runner [-] Starting a worker. times: 10 duration: None concurrency: 1 timeout: 0 cls: method_name: run args: {}
2019-12-27 20:57:14.096 10032 INFO rally.task.runner [-] Task 0b760801-33c9-433d-9dc3-591e78e9c5b4 | ITER: 2 START
2019-12-27 20:57:14.098 10033 INFO rally.task.runner [-] Task 0b760801-33c9-433d-9dc3-591e78e9c5b4 | ITER: 3 START
2019-12-27 20:57:14.102 10034 INFO rally.task.runner [-] Task 0b760801-33c9-433d-9dc3-591e78e9c5b4 | ITER: 4 START
2019-12-27 20:57:14.748 10031 INFO rally.task.runner [-] Task 0b760801-33c9-433d-9dc3-591e78e9c5b4 | ITER: 1 END: OK
2019-12-27 20:57:14.753 10031 INFO rally.task.runner [-] Task 0b760801-33c9-433d-9dc3-591e78e9c5b4 | ITER: 5 START
2019-12-27 20:57:14.799 10034 INFO rally.task.runner [-] Task 0b760801-33c9-433d-9dc3-591e78e9c5b4 | ITER: 4 END: OK
2019-12-27 20:57:14.804 10034 INFO rally.task.runner [-] Task 0b760801-33c9-433d-9dc3-591e78e9c5b4 | ITER: 6 START
2019-12-27 20:57:14.815 10033 INFO rally.task.runner [-] Task 0b760801-33c9-433d-9dc3-591e78e9c5b4 | ITER: 3 END: OK
2019-12-27 20:57:14.820 10032 INFO rally.task.runner [-] Task 0b760801-33c9-433d-9dc3-591e78e9c5b4 | ITER: 2 END: OK
2019-12-27 20:57:14.820 10033 INFO rally.task.runner [-] Task 0b760801-33c9-433d-9dc3-591e78e9c5b4 | ITER: 7 START
2019-12-27 20:57:14.827 10032 INFO rally.task.runner [-] Task 0b760801-33c9-433d-9dc3-591e78e9c5b4 | ITER: 8 START
2019-12-27 20:57:15.381 10034 INFO rally.task.runner [-] Task 0b760801-33c9-433d-9dc3-591e78e9c5b4 | ITER: 6 END: OK
2019-12-27 20:57:15.385 10034 INFO rally.task.runner [-] Task 0b760801-33c9-433d-9dc3-591e78e9c5b4 | ITER: 9 START
2019-12-27 20:57:15.385 10033 INFO rally.task.runner [-] Task 0b760801-33c9-433d-9dc3-591e78e9c5b4 | ITER: 7 END: OK
2019-12-27 20:57:15.389 10033 INFO rally.task.runner [-] Task 0b760801-33c9-433d-9dc3-591e78e9c5b4 | ITER: 10 START
2019-12-27 20:57:15.479 10031 INFO rally.task.runner [-] Task 0b760801-33c9-433d-9dc3-591e78e9c5b4 | ITER: 5 END: OK
2019-12-27 20:57:15.499 10032 INFO rally.task.runner [-] Task 0b760801-33c9-433d-9dc3-591e78e9c5b4 | ITER: 8 END: OK
2019-12-27 20:57:16.034 10034 INFO rally.task.runner [-] Task 0b760801-33c9-433d-9dc3-591e78e9c5b4 | ITER: 9 END: OK
2019-12-27 20:57:16.137 10033 INFO rally.task.runner [-] Task 0b760801-33c9-433d-9dc3-591e78e9c5b4 | ITER: 10 END: OK
2019-12-27 20:57:16.155 9723 INFO rally.task.context [-] Task 0b760801-33c9-433d-9dc3-591e78e9c5b4 | Context admin_cleanup@openstack cleanup() started
2019-12-27 20:57:16.160 9723 RALLYDEBUG rally_openstack.cleanup.manager [-] Cleaning up keystone user objects
2019-12-27 20:57:16.601 9723 RALLYDEBUG rally_openstack.cleanup.manager [-] Cleaning up keystone project objects
2019-12-27 20:57:16.884 9723 RALLYDEBUG rally_openstack.cleanup.manager [-] Cleaning up keystone service objects
2019-12-27 20:57:17.187 9723 RALLYDEBUG rally_openstack.cleanup.manager [-] Cleaning up keystone role objects
2019-12-27 20:57:17.425 9723 RALLYDEBUG rally_openstack.cleanup.manager [-] Deleting keystone.role object s_rally_31e3669e_oyhn8o5I (14e52810083c4042945af66ae016a753)
2019-12-27 20:57:17.448 9723 RALLYDEBUG rally_openstack.cleanup.manager [-] Deleting keystone.role object s_rally_31e3669e_CYMZNcgK (402504839ed24e3e91c00563d26950c9)
2019-12-27 20:57:17.457 9723 RALLYDEBUG rally_openstack.cleanup.manager [-] Deleting keystone.role object s_rally_31e3669e_hZlPDuqs (3a9d941609684085a26c8fad066cd505)
2019-12-27 20:57:17.458 9723 RALLYDEBUG rally_openstack.cleanup.manager [-] Deleting keystone.role object s_rally_31e3669e_lvd6whAN (4d4cc9b3fa154f9aaccc123a0f4384e6)
2019-12-27 20:57:17.483 9723 RALLYDEBUG rally_openstack.cleanup.manager [-] Deleting keystone.role object s_rally_31e3669e_HvvGuteC (6bf03b21f34b43dda925aeb3aa4562cd)
2019-12-27 20:57:17.500 9723 RALLYDEBUG rally_openstack.cleanup.manager [-] Deleting keystone.role object s_rally_31e3669e_4NSeQz4q (96a5b9c424af4043819ee8b1b19da132)
2019-12-27 20:57:17.507 9723 RALLYDEBUG rally_openstack.cleanup.manager [-] Deleting keystone.role object s_rally_31e3669e_rZpeWHIt (8672d630195f4270aecaf874fda6e0c2)
2019-12-27 20:57:17.528 9723 RALLYDEBUG rally_openstack.cleanup.manager [-] Deleting keystone.role object s_rally_31e3669e_XZjDEey5 (bd1c22d49d6f4853b35f6a2a620325a4)
2019-12-27 20:57:17.544 9723 RALLYDEBUG rally_openstack.cleanup.manager [-] Deleting keystone.role object s_rally_31e3669e_G27HhdMd (cf1ec3b8e13140ff8a0d2d319ed58f62)
2019-12-27 20:57:17.565 9723 RALLYDEBUG rally_openstack.cleanup.manager [-] Deleting keystone.role object s_rally_31e3669e_llK8TNAD (cdbaff90039c47b08193812c149a9657)
2019-12-27 20:57:19.296 9723 INFO rally.task.context [-] Task 0b760801-33c9-433d-9dc3-591e78e9c5b4 | Context admin_cleanup@openstack cleanup() finished in 3.14 sec
2019-12-27 20:57:19.297 9723 INFO rally.task.context [-] Task 0b760801-33c9-433d-9dc3-591e78e9c5b4 | Context users@openstack cleanup() started
2019-12-27 20:57:22.574 9723 INFO rally.task.context [-] Task 0b760801-33c9-433d-9dc3-591e78e9c5b4 | Context users@openstack cleanup() finished in 3.28 sec
2019-12-27 20:57:22.654 9723 INFO rally.task.engine [-] Load duration is: 1.624508
2019-12-27 20:57:22.654 9723 INFO rally.task.engine [-] Full runner duration is: 2.078828
2019-12-27 20:57:22.654 9723 INFO rally.task.engine [-] Full duration is: 10.009341
2019-12-27 20:57:22.873 9723 INFO rally.task.engine [-] Running workload: position = 0 config = { "version": 2, "title": "A cropped version of a bigger task.", "description": "Auto-generated task from a single workload (uuid=07973fbe-2b2b-4b5b-8ab7-339b9dc74d04)", "subtasks": [ { "title": "KeystoneBasic.create_and_list_tenants", "description": "Create a keystone tenant with random name and list all tenants.", "scenario": { "KeystoneBasic.create_and_list_tenants": {} }, "contexts": { "users": { "tenants": 3, "users_per_tenant": 2 } }, "runner": { "constant": { "concurrency": 4, "times": 10 } }, "hooks": [], "sla": { "failure_rate": { "max": 0 } } } ] }
2019-12-27 20:57:22.891 9723 RALLYDEBUG rally_openstack.contexts.keystone.users [-] Creating 3 tenants using 20 threads
2019-12-27 20:57:23.438 9723 RALLYDEBUG rally_openstack.contexts.keystone.users [-] Creating 6 users using 20 threads
2019-12-27 20:57:24.337 9723 INFO rally.task.context [-] Task 0b760801-33c9-433d-9dc3-591e78e9c5b4 | Context users@openstack setup() finished in 1.45 sec
2019-12-27 20:57:24.337 9723 INFO rally.task.context [-] Task 0b760801-33c9-433d-9dc3-591e78e9c5b4 | Context admin_cleanup@openstack setup() finished in 0.01 msec
2019-12-27 20:57:24.350 9723 RALLYDEBUG rally.task.runner [-] Starting the constant runner (task UUID: 0b760801-33c9-433d-9dc3-591e78e9c5b4). times: 10 concurrency: 4 timeout: 0 max_cpu_used: 88 processes_to_start: 4 concurrency_per_worker: 1 concurrency_overhead: 0
2019-12-27 20:57:24.362 10215 RALLYDEBUG rally.task.runner [-] Starting a worker. times: 10 duration: None concurrency: 1 timeout: 0 cls: method_name: run args: {}
2019-12-27 20:57:24.366 10216 RALLYDEBUG rally.task.runner [-] Starting a worker. times: 10 duration: None concurrency: 1 timeout: 0 cls: method_name: run args: {}
2019-12-27 20:57:24.369 10215 INFO rally.task.runner [-] Task 0b760801-33c9-433d-9dc3-591e78e9c5b4 | ITER: 1 START
2019-12-27 20:57:24.369 10217 RALLYDEBUG rally.task.runner [-] Starting a worker. times: 10 duration: None concurrency: 1 timeout: 0 cls: method_name: run args: {}
2019-12-27 20:57:24.372 10219 RALLYDEBUG rally.task.runner [-] Starting a worker. times: 10 duration: None concurrency: 1 timeout: 0 cls: method_name: run args: {}
2019-12-27 20:57:24.373 10216 INFO rally.task.runner [-] Task 0b760801-33c9-433d-9dc3-591e78e9c5b4 | ITER: 2 START
2019-12-27 20:57:24.376 10217 INFO rally.task.runner [-] Task 0b760801-33c9-433d-9dc3-591e78e9c5b4 | ITER: 3 START
2019-12-27 20:57:24.379 10219 INFO rally.task.runner [-] Task 0b760801-33c9-433d-9dc3-591e78e9c5b4 | ITER: 4 START
2019-12-27 20:57:25.102 10216 INFO rally.task.runner [-] Task 0b760801-33c9-433d-9dc3-591e78e9c5b4 | ITER: 2 END: OK
2019-12-27 20:57:25.107 10216 INFO rally.task.runner [-] Task 0b760801-33c9-433d-9dc3-591e78e9c5b4 | ITER: 5 START
2019-12-27 20:57:25.114 10215 INFO rally.task.runner [-] Task 0b760801-33c9-433d-9dc3-591e78e9c5b4 | ITER: 1 END: OK
2019-12-27 20:57:25.119 10215 INFO rally.task.runner [-] Task 0b760801-33c9-433d-9dc3-591e78e9c5b4 | ITER: 6 START
2019-12-27 20:57:25.123 10219 INFO rally.task.runner [-] Task 0b760801-33c9-433d-9dc3-591e78e9c5b4 | ITER: 4 END: OK
2019-12-27 20:57:25.127 10219 INFO rally.task.runner [-] Task 0b760801-33c9-433d-9dc3-591e78e9c5b4 | ITER: 7 START
2019-12-27 20:57:25.138 10217 INFO rally.task.runner [-] Task 0b760801-33c9-433d-9dc3-591e78e9c5b4 | ITER: 3 END: OK
2019-12-27 20:57:25.144 10217 INFO rally.task.runner [-] Task 0b760801-33c9-433d-9dc3-591e78e9c5b4 | ITER: 8 START
2019-12-27 20:57:25.738 10216 INFO rally.task.runner [-] Task 0b760801-33c9-433d-9dc3-591e78e9c5b4 | ITER: 5 END: OK
2019-12-27 20:57:25.742 10216 INFO rally.task.runner [-] Task 0b760801-33c9-433d-9dc3-591e78e9c5b4 | ITER: 9 START
2019-12-27 20:57:25.829 10215 INFO rally.task.runner [-] Task 0b760801-33c9-433d-9dc3-591e78e9c5b4 | ITER: 6 END: OK
2019-12-27 20:57:25.834 10215 INFO rally.task.runner [-] Task 0b760801-33c9-433d-9dc3-591e78e9c5b4 | ITER: 10 START
2019-12-27 20:57:25.843 10217 INFO rally.task.runner [-] Task 0b760801-33c9-433d-9dc3-591e78e9c5b4 | ITER: 8 END: OK
2019-12-27 20:57:25.857 10219 INFO rally.task.runner [-] Task 0b760801-33c9-433d-9dc3-591e78e9c5b4 | ITER: 7 END: OK
2019-12-27 20:57:26.431 10216 INFO rally.task.runner [-] Task 0b760801-33c9-433d-9dc3-591e78e9c5b4 | ITER: 9 END: OK
2019-12-27 20:57:26.525 10215 INFO rally.task.runner [-] Task 0b760801-33c9-433d-9dc3-591e78e9c5b4 | ITER: 10 END: OK
2019-12-27 20:57:26.552 9723 INFO rally.task.context [-] Task 0b760801-33c9-433d-9dc3-591e78e9c5b4 | Context admin_cleanup@openstack cleanup() started
2019-12-27 20:57:26.557 9723 RALLYDEBUG rally_openstack.cleanup.manager [-] Cleaning up keystone user objects
2019-12-27 20:57:26.994 9723 RALLYDEBUG rally_openstack.cleanup.manager [-] Cleaning up keystone project objects
2019-12-27 20:57:27.260 9723 RALLYDEBUG rally_openstack.cleanup.manager [-] Deleting keystone.project object s_rally_07973fbe_V4rByk9T (72c13948ae9e457f86f78014cf8eda32)
2019-12-27 20:57:27.262 9723 RALLYDEBUG rally_openstack.cleanup.manager [-] Deleting keystone.project object s_rally_07973fbe_cKDPK9bp (186caa187d1c4d93bc6cac7f4990360f)
2019-12-27 20:57:27.271 9723 RALLYDEBUG rally_openstack.cleanup.manager [-] Deleting keystone.project object s_rally_07973fbe_Agn2Ui6M (52d367a2cfbb4d48ac42d9d2a7b73519)
2019-12-27 20:57:27.286 9723 RALLYDEBUG rally_openstack.cleanup.manager [-] Deleting keystone.project object s_rally_07973fbe_kVVlCvoX (7c1399187a0e439ebf79cd638dfc303a)
2019-12-27 20:57:27.311 9723 RALLYDEBUG rally_openstack.cleanup.manager [-] Deleting keystone.project object s_rally_07973fbe_vwdSVKP9 (a8c29802d986489baa16f7a421549f47)
2019-12-27 20:57:27.341 9723 RALLYDEBUG rally_openstack.cleanup.manager [-] Deleting keystone.project object s_rally_07973fbe_6YjO1HWI (d013a58305384c78b200d52214496608)
2019-12-27 20:57:27.351 9723 RALLYDEBUG rally_openstack.cleanup.manager [-] Deleting keystone.project object s_rally_07973fbe_pKubzUzS (f4464ca9866248878f4b1b61e58f29f6)
2019-12-27 20:57:27.356 9723 RALLYDEBUG rally_openstack.cleanup.manager [-] Deleting keystone.project object s_rally_07973fbe_Niclbhn2 (ec7b74a10bd547cc9588d6eba027ce79)
2019-12-27 20:57:27.389 9723 RALLYDEBUG rally_openstack.cleanup.manager [-] Deleting keystone.project object s_rally_07973fbe_YFm4LrM6 (7fa38748a10d43a8942fbff97484f875)
2019-12-27 20:57:27.415 9723 RALLYDEBUG rally_openstack.cleanup.manager [-] Deleting keystone.project object s_rally_07973fbe_dF2KaoiA (d4e110379f3b42dcb32d3d4eb6cef357)
2019-12-27 20:57:29.055 9723 RALLYDEBUG rally_openstack.cleanup.manager [-] Cleaning up keystone service objects
2019-12-27 20:57:29.432 9723 RALLYDEBUG rally_openstack.cleanup.manager [-] Cleaning up keystone role objects
2019-12-27 20:57:29.722 9723 INFO rally.task.context [-] Task 0b760801-33c9-433d-9dc3-591e78e9c5b4 | Context admin_cleanup@openstack cleanup() finished in 3.17 sec
2019-12-27 20:57:29.722 9723 INFO rally.task.context [-] Task 0b760801-33c9-433d-9dc3-591e78e9c5b4 | Context users@openstack cleanup() started
2019-12-27 20:57:33.058 9723 INFO rally.task.context [-] Task 0b760801-33c9-433d-9dc3-591e78e9c5b4 | Context users@openstack cleanup() finished in 3.34 sec
2019-12-27 20:57:35.024 9723 INFO rally.task.engine [-] Load duration is: 1.715228
2019-12-27 20:57:35.024 9723 INFO rally.task.engine [-] Full runner duration is: 2.203329
2019-12-27 20:57:35.025 9723 INFO rally.task.engine [-] Full duration is: 10.168281
2019-12-27 20:57:35.130 9723 INFO rally.task.engine [-] Running workload: position = 0 config = { "version": 2, "title": "A cropped version of a bigger task.", "description": "Auto-generated task from a single workload (uuid=2c6464d7-fe14-4614-85de-9787664ade7c)", "subtasks": [ { "title": "KeystoneBasic.create_and_delete_role", "description": "Create a user role and delete it.", "scenario": { "KeystoneBasic.create_and_delete_role": {} }, "contexts": { "users": { "tenants": 3, "users_per_tenant": 2 } }, "runner": { "constant": { "concurrency": 4, "times": 10 } }, "hooks": [], "sla": { "failure_rate": { "max": 0 } } } ] }
2019-12-27 20:57:35.160 9723 RALLYDEBUG rally_openstack.contexts.keystone.users [-] Creating 3 tenants using 20 threads
2019-12-27 20:57:35.755 9723 RALLYDEBUG rally_openstack.contexts.keystone.users [-] Creating 6 users using 20 threads
2019-12-27 20:57:36.614 9723 INFO rally.task.context [-] Task 0b760801-33c9-433d-9dc3-591e78e9c5b4 | Context users@openstack setup() finished in 1.45 sec
2019-12-27 20:57:36.614 9723 INFO rally.task.context [-] Task 0b760801-33c9-433d-9dc3-591e78e9c5b4 | Context admin_cleanup@openstack setup() finished in 0.02 msec
2019-12-27 20:57:36.625 9723 RALLYDEBUG rally.task.runner [-] Starting the constant runner (task UUID: 0b760801-33c9-433d-9dc3-591e78e9c5b4). times: 10 concurrency: 4 timeout: 0 max_cpu_used: 88 processes_to_start: 4 concurrency_per_worker: 1 concurrency_overhead: 0
2019-12-27 20:57:36.635 10399 RALLYDEBUG rally.task.runner [-] Starting a worker. times: 10 duration: None concurrency: 1 timeout: 0 cls: method_name: run args: {}
2019-12-27 20:57:36.637 10400 RALLYDEBUG rally.task.runner [-] Starting a worker. times: 10 duration: None concurrency: 1 timeout: 0 cls: method_name: run args: {}
2019-12-27 20:57:36.640 10401 RALLYDEBUG rally.task.runner [-] Starting a worker. times: 10 duration: None concurrency: 1 timeout: 0 cls: method_name: run args: {}
2019-12-27 20:57:36.643 10399 INFO rally.task.runner [-] Task 0b760801-33c9-433d-9dc3-591e78e9c5b4 | ITER: 1 START
2019-12-27 20:57:36.642 10402 RALLYDEBUG rally.task.runner [-] Starting a worker. times: 10 duration: None concurrency: 1 timeout: 0 cls: method_name: run args: {}
2019-12-27 20:57:36.644 10400 INFO rally.task.runner [-] Task 0b760801-33c9-433d-9dc3-591e78e9c5b4 | ITER: 2 START
2019-12-27 20:57:36.647 10401 INFO rally.task.runner [-] Task 0b760801-33c9-433d-9dc3-591e78e9c5b4 | ITER: 3 START
2019-12-27 20:57:36.649 10402 INFO rally.task.runner [-] Task 0b760801-33c9-433d-9dc3-591e78e9c5b4 | ITER: 4 START
2019-12-27 20:57:37.174 10401 INFO rally.task.runner [-] Task 0b760801-33c9-433d-9dc3-591e78e9c5b4 | ITER: 3 END: OK
2019-12-27 20:57:37.179 10401 INFO rally.task.runner [-] Task 0b760801-33c9-433d-9dc3-591e78e9c5b4 | ITER: 5 START
2019-12-27 20:57:37.191 10399 INFO rally.task.runner [-] Task 0b760801-33c9-433d-9dc3-591e78e9c5b4 | ITER: 1 END: OK
2019-12-27 20:57:37.196 10399 INFO rally.task.runner [-] Task 0b760801-33c9-433d-9dc3-591e78e9c5b4 | ITER: 6 START
2019-12-27 20:57:37.203 10402 INFO rally.task.runner [-] Task 0b760801-33c9-433d-9dc3-591e78e9c5b4 | ITER: 4 END: OK
2019-12-27 20:57:37.208 10402 INFO rally.task.runner [-] Task 0b760801-33c9-433d-9dc3-591e78e9c5b4 | ITER: 7 START
2019-12-27 20:57:37.317 10400 INFO rally.task.runner [-] Task 0b760801-33c9-433d-9dc3-591e78e9c5b4 | ITER: 2 END: OK
2019-12-27 20:57:37.322 10400 INFO rally.task.runner [-] Task 0b760801-33c9-433d-9dc3-591e78e9c5b4 | ITER: 8 START
2019-12-27 20:57:37.782 10399 INFO rally.task.runner [-] Task 0b760801-33c9-433d-9dc3-591e78e9c5b4 | ITER: 6 END: OK
2019-12-27 20:57:37.784 10399 INFO rally.task.runner [-] Task 0b760801-33c9-433d-9dc3-591e78e9c5b4 | ITER: 9 START
2019-12-27 20:57:37.814 10400 INFO rally.task.runner [-] Task 0b760801-33c9-433d-9dc3-591e78e9c5b4 | ITER: 8 END: OK
2019-12-27 20:57:37.818 10400 INFO rally.task.runner [-] Task 0b760801-33c9-433d-9dc3-591e78e9c5b4 | ITER: 10 START
2019-12-27 20:57:37.915 10401 INFO rally.task.runner [-] Task 0b760801-33c9-433d-9dc3-591e78e9c5b4 | ITER: 5 END: OK
2019-12-27 20:57:37.931 10402 INFO rally.task.runner [-] Task 0b760801-33c9-433d-9dc3-591e78e9c5b4 | ITER: 7 END: OK
2019-12-27 20:57:38.370 10399 INFO rally.task.runner [-] Task 0b760801-33c9-433d-9dc3-591e78e9c5b4 | ITER: 9 END: OK
2019-12-27 20:57:38.620 10400 INFO rally.task.runner [-] Task 0b760801-33c9-433d-9dc3-591e78e9c5b4 | ITER: 10 END: OK
2019-12-27 20:57:38.647 9723 INFO rally.task.context [-] Task 0b760801-33c9-433d-9dc3-591e78e9c5b4 | Context admin_cleanup@openstack cleanup() started
2019-12-27 20:57:38.652 9723 RALLYDEBUG rally_openstack.cleanup.manager [-] Cleaning up keystone user objects
2019-12-27 20:57:39.126 9723 RALLYDEBUG rally_openstack.cleanup.manager [-] Cleaning up keystone project objects
2019-12-27 20:57:39.426 9723 RALLYDEBUG rally_openstack.cleanup.manager [-] Cleaning up keystone service objects
2019-12-27 20:57:39.722 9723 RALLYDEBUG rally_openstack.cleanup.manager [-] Cleaning up keystone role objects
2019-12-27 20:57:40.001 9723 INFO rally.task.context [-] Task 0b760801-33c9-433d-9dc3-591e78e9c5b4 | Context admin_cleanup@openstack cleanup() finished in 1.35 sec
2019-12-27 20:57:40.002 9723 INFO rally.task.context [-] Task 0b760801-33c9-433d-9dc3-591e78e9c5b4 | Context users@openstack cleanup() started
2019-12-27 20:57:43.449 9723 INFO rally.task.context [-] Task 0b760801-33c9-433d-9dc3-591e78e9c5b4 | Context users@openstack cleanup() finished in 3.45 sec
2019-12-27 20:57:45.248 9723 INFO rally.task.engine [-] Load duration is: 1.578549
2019-12-27 20:57:45.249 9723 INFO rally.task.engine [-] Full runner duration is: 2.022743
2019-12-27 20:57:45.250 9723 INFO rally.task.engine [-] Full duration is: 8.291548
2019-12-27 20:57:45.345 9723 INFO rally.task.engine [-] Running workload: position = 0 config = { "version": 2, "title": "A cropped version of a bigger task.", "description": "Auto-generated task from a single workload (uuid=fc6648b6-0785-452c-b845-7211dc4df06a)", "subtasks": [ { "title": "KeystoneBasic.create_and_delete_service", "description": "Create and delete service.", "scenario": { "KeystoneBasic.create_and_delete_service": {} }, "contexts": { "users": { "tenants": 3, "users_per_tenant": 2 } }, "runner": { "constant": { "concurrency": 4, "times": 10 } }, "hooks": [], "sla": { "failure_rate": { "max": 0 } } } ] }
2019-12-27 20:57:45.364 9723 RALLYDEBUG rally_openstack.contexts.keystone.users [-] Creating 3 tenants using 20 threads
2019-12-27 20:57:45.965 9723 RALLYDEBUG rally_openstack.contexts.keystone.users [-] Creating 6 users using 20 threads
2019-12-27 20:57:46.811 9723 INFO rally.task.context [-] Task 0b760801-33c9-433d-9dc3-591e78e9c5b4 | Context users@openstack setup() finished in 1.45 sec
2019-12-27 20:57:46.812 9723 INFO rally.task.context [-] Task 0b760801-33c9-433d-9dc3-591e78e9c5b4 | Context admin_cleanup@openstack setup() finished in 0.01 msec
2019-12-27 20:57:46.824 9723 RALLYDEBUG rally.task.runner [-] Starting the constant runner (task UUID: 0b760801-33c9-433d-9dc3-591e78e9c5b4). times: 10 concurrency: 4 timeout: 0 max_cpu_used: 88 processes_to_start: 4 concurrency_per_worker: 1 concurrency_overhead: 0
2019-12-27 20:57:46.834 10583 RALLYDEBUG rally.task.runner [-] Starting a worker. times: 10 duration: None concurrency: 1 timeout: 0 cls: method_name: run args: {}
2019-12-27 20:57:46.837 10584 RALLYDEBUG rally.task.runner [-] Starting a worker. times: 10 duration: None concurrency: 1 timeout: 0 cls: method_name: run args: {}
2019-12-27 20:57:46.839 10585 RALLYDEBUG rally.task.runner [-] Starting a worker. times: 10 duration: None concurrency: 1 timeout: 0 cls: method_name: run args: {}
2019-12-27 20:57:46.841 10583 INFO rally.task.runner [-] Task 0b760801-33c9-433d-9dc3-591e78e9c5b4 | ITER: 1 START
2019-12-27 20:57:46.842 10586 RALLYDEBUG rally.task.runner [-] Starting a worker. times: 10 duration: None concurrency: 1 timeout: 0 cls: method_name: run args: {}
2019-12-27 20:57:46.844 10584 INFO rally.task.runner [-] Task 0b760801-33c9-433d-9dc3-591e78e9c5b4 | ITER: 2 START
2019-12-27 20:57:46.847 10585 INFO rally.task.runner [-] Task 0b760801-33c9-433d-9dc3-591e78e9c5b4 | ITER: 3 START
2019-12-27 20:57:46.849 10586 INFO rally.task.runner [-] Task 0b760801-33c9-433d-9dc3-591e78e9c5b4 | ITER: 4 START
2019-12-27 20:57:47.400 10583 INFO rally.task.runner [-] Task 0b760801-33c9-433d-9dc3-591e78e9c5b4 | ITER: 1 END: OK
2019-12-27 20:57:47.405 10583 INFO rally.task.runner [-] Task 0b760801-33c9-433d-9dc3-591e78e9c5b4 | ITER: 5 START
2019-12-27 20:57:47.409 10584 INFO rally.task.runner [-] Task 0b760801-33c9-433d-9dc3-591e78e9c5b4 | ITER: 2 END: OK
2019-12-27 20:57:47.413 10586 INFO rally.task.runner [-] Task 0b760801-33c9-433d-9dc3-591e78e9c5b4 | ITER: 4 END: OK
2019-12-27 20:57:47.414 10584 INFO rally.task.runner [-] Task 0b760801-33c9-433d-9dc3-591e78e9c5b4 | ITER: 6 START
2019-12-27 20:57:47.419 10586 INFO rally.task.runner [-] Task 0b760801-33c9-433d-9dc3-591e78e9c5b4 | ITER: 7 START
2019-12-27 20:57:47.423 10585 INFO rally.task.runner [-] Task 0b760801-33c9-433d-9dc3-591e78e9c5b4 | ITER: 3 END: OK
2019-12-27 20:57:47.428 10585 INFO rally.task.runner [-] Task 0b760801-33c9-433d-9dc3-591e78e9c5b4 | ITER: 8 START
2019-12-27 20:57:47.881 10586 INFO rally.task.runner [-] Task 0b760801-33c9-433d-9dc3-591e78e9c5b4 | ITER: 7 END: OK
2019-12-27 20:57:47.885 10586 INFO rally.task.runner [-] Task 0b760801-33c9-433d-9dc3-591e78e9c5b4 | ITER: 9 START
2019-12-27 20:57:47.891 10585 INFO rally.task.runner [-] Task 0b760801-33c9-433d-9dc3-591e78e9c5b4 | ITER: 8 END: OK
2019-12-27 20:57:47.895 10585 INFO rally.task.runner [-] Task 0b760801-33c9-433d-9dc3-591e78e9c5b4 | ITER: 10 START
2019-12-27 20:57:48.000 10583 INFO rally.task.runner [-] Task 0b760801-33c9-433d-9dc3-591e78e9c5b4 | ITER: 5 END: OK
2019-12-27 20:57:48.164 10584 INFO rally.task.runner [-] Task 0b760801-33c9-433d-9dc3-591e78e9c5b4 | ITER: 6 END: OK
2019-12-27 20:57:48.404 10586 INFO rally.task.runner [-] Task 0b760801-33c9-433d-9dc3-591e78e9c5b4 | ITER: 9 END: OK
2019-12-27 20:57:48.412 10585 INFO rally.task.runner [-] Task 0b760801-33c9-433d-9dc3-591e78e9c5b4 | ITER: 10 END: OK
2019-12-27 20:57:48.431 9723 INFO rally.task.context [-] Task 0b760801-33c9-433d-9dc3-591e78e9c5b4 | Context admin_cleanup@openstack cleanup() started
2019-12-27 20:57:48.436 9723 RALLYDEBUG rally_openstack.cleanup.manager [-] Cleaning up keystone user objects
2019-12-27 20:57:48.874 9723 RALLYDEBUG rally_openstack.cleanup.manager [-] Cleaning up keystone project objects
2019-12-27 20:57:49.199 9723 RALLYDEBUG rally_openstack.cleanup.manager [-] Cleaning up keystone service objects
2019-12-27 20:57:49.517 9723 RALLYDEBUG rally_openstack.cleanup.manager [-] Cleaning up keystone role objects
2019-12-27 20:57:49.799 9723 INFO rally.task.context [-] Task 0b760801-33c9-433d-9dc3-591e78e9c5b4 | Context admin_cleanup@openstack cleanup() finished in 1.37 sec
2019-12-27 20:57:49.800 9723 INFO rally.task.context [-] Task 0b760801-33c9-433d-9dc3-591e78e9c5b4 | Context users@openstack cleanup() started
2019-12-27 20:57:53.047 9723 INFO rally.task.context [-] Task 0b760801-33c9-433d-9dc3-591e78e9c5b4 | Context users@openstack cleanup() finished in 3.25 sec
2019-12-27 20:57:53.432 9723 INFO rally.task.engine [-] Load duration is: 1.167483
2019-12-27 20:57:53.432 9723 INFO rally.task.engine [-] Full runner duration is: 1.60821
2019-12-27 20:57:53.432 9723 INFO rally.task.engine [-] Full duration is: 7.686018
2019-12-27 20:57:53.526 9723 INFO rally.task.engine [-] Running workload: position = 0 config = { "version": 2, "title": "A cropped version of a bigger task.", "description": "Auto-generated task from a single workload (uuid=953e9e7c-55dd-432f-a9d3-36e41acfd44a)", "subtasks": [ { "title": "KeystoneBasic.get_entities", "description": "Get instance of a tenant, user, role and service by id's.", "scenario": { "KeystoneBasic.get_entities": {} }, "contexts": { "users": { "tenants": 3, "users_per_tenant": 2 } }, "runner": { "constant": { "concurrency": 4, "times": 10 } }, "hooks": [], "sla": { "failure_rate": { "max": 0 } } } ] }
2019-12-27 20:57:53.548 9723 RALLYDEBUG rally_openstack.contexts.keystone.users [-] Creating 3 tenants using 20 threads
2019-12-27 20:57:54.121 9723 RALLYDEBUG rally_openstack.contexts.keystone.users [-] Creating 6 users using 20 threads
2019-12-27 20:57:54.960 9723 INFO rally.task.context [-] Task 0b760801-33c9-433d-9dc3-591e78e9c5b4 | Context users@openstack setup() finished in 1.41 sec
2019-12-27 20:57:54.961 9723 INFO rally.task.context [-] Task 0b760801-33c9-433d-9dc3-591e78e9c5b4 | Context admin_cleanup@openstack setup() finished in 0.05 msec
2019-12-27 20:57:54.973 9723 RALLYDEBUG rally.task.runner [-] Starting the constant runner (task UUID: 0b760801-33c9-433d-9dc3-591e78e9c5b4). times: 10 concurrency: 4 timeout: 0 max_cpu_used: 88 processes_to_start: 4 concurrency_per_worker: 1 concurrency_overhead: 0
2019-12-27 20:57:54.984 10767 RALLYDEBUG rally.task.runner [-] Starting a worker. times: 10 duration: None concurrency: 1 timeout: 0 cls: method_name: run args: {}
2019-12-27 20:57:54.988 10768 RALLYDEBUG rally.task.runner [-] Starting a worker. times: 10 duration: None concurrency: 1 timeout: 0 cls: method_name: run args: {}
2019-12-27 20:57:54.991 10767 INFO rally.task.runner [-] Task 0b760801-33c9-433d-9dc3-591e78e9c5b4 | ITER: 1 START
2019-12-27 20:57:54.991 10769 RALLYDEBUG rally.task.runner [-] Starting a worker. times: 10 duration: None concurrency: 1 timeout: 0 cls: method_name: run args: {}
2019-12-27 20:57:54.995 10768 INFO rally.task.runner [-] Task 0b760801-33c9-433d-9dc3-591e78e9c5b4 | ITER: 2 START
2019-12-27 20:57:54.995 10772 RALLYDEBUG rally.task.runner [-] Starting a worker. times: 10 duration: None concurrency: 1 timeout: 0 cls: method_name: run args: {}
2019-12-27 20:57:54.997 10769 INFO rally.task.runner [-] Task 0b760801-33c9-433d-9dc3-591e78e9c5b4 | ITER: 3 START
2019-12-27 20:57:55.000 10772 INFO rally.task.runner [-] Task 0b760801-33c9-433d-9dc3-591e78e9c5b4 | ITER: 4 START
2019-12-27 20:57:56.436 10768 INFO rally.task.runner [-] Task 0b760801-33c9-433d-9dc3-591e78e9c5b4 | ITER: 2 END: OK
2019-12-27 20:57:56.441 10768 INFO rally.task.runner [-] Task 0b760801-33c9-433d-9dc3-591e78e9c5b4 | ITER: 5 START
2019-12-27 20:57:56.452 10769 INFO rally.task.runner [-] Task 0b760801-33c9-433d-9dc3-591e78e9c5b4 | ITER: 3 END: OK
2019-12-27 20:57:56.457 10769 INFO rally.task.runner [-] Task 0b760801-33c9-433d-9dc3-591e78e9c5b4 | ITER: 6 START
2019-12-27 20:57:56.468 10767 INFO rally.task.runner [-] Task 0b760801-33c9-433d-9dc3-591e78e9c5b4 | ITER: 1 END: OK
2019-12-27 20:57:56.472 10767 INFO rally.task.runner [-] Task 0b760801-33c9-433d-9dc3-591e78e9c5b4 | ITER: 7 START
2019-12-27 20:57:56.519 10772 INFO rally.task.runner [-] Task 0b760801-33c9-433d-9dc3-591e78e9c5b4 | ITER: 4 END: OK
2019-12-27 20:57:56.524 10772 INFO rally.task.runner [-] Task 0b760801-33c9-433d-9dc3-591e78e9c5b4 | ITER: 8 START
2019-12-27 20:57:57.763 10768 INFO rally.task.runner [-] Task 0b760801-33c9-433d-9dc3-591e78e9c5b4 | ITER: 5 END: OK
2019-12-27 20:57:57.767 10768 INFO rally.task.runner [-] Task 0b760801-33c9-433d-9dc3-591e78e9c5b4 | ITER: 9 START
2019-12-27 20:57:57.796 10769 INFO rally.task.runner [-] Task 0b760801-33c9-433d-9dc3-591e78e9c5b4 | ITER: 6 END: OK
2019-12-27 20:57:57.799 10769 INFO rally.task.runner [-] Task 0b760801-33c9-433d-9dc3-591e78e9c5b4 | ITER: 10 START
2019-12-27 20:57:57.904 10772 INFO rally.task.runner [-] Task 0b760801-33c9-433d-9dc3-591e78e9c5b4 | ITER: 8 END: OK
2019-12-27 20:57:57.977 10767 INFO rally.task.runner [-] Task 0b760801-33c9-433d-9dc3-591e78e9c5b4 | ITER: 7 END: OK
2019-12-27 20:57:59.028 10768 INFO rally.task.runner [-] Task 0b760801-33c9-433d-9dc3-591e78e9c5b4 | ITER: 9 END: OK
2019-12-27 20:57:59.031 10769 INFO rally.task.runner [-] Task 0b760801-33c9-433d-9dc3-591e78e9c5b4 | ITER: 10 END: OK
2019-12-27 20:57:59.055 9723 INFO rally.task.context [-] Task 0b760801-33c9-433d-9dc3-591e78e9c5b4 | Context admin_cleanup@openstack cleanup() started
2019-12-27 20:57:59.060 9723 RALLYDEBUG rally_openstack.cleanup.manager [-] Cleaning up keystone user objects
2019-12-27 20:57:59.377 9723 RALLYDEBUG rally_openstack.cleanup.manager [-] Deleting keystone.user object s_rally_953e9e7c_BLImU5lf (58ad184cb40f4a7dabdad2a8607bf2ad)
2019-12-27 20:57:59.474 9723 RALLYDEBUG rally_openstack.cleanup.manager [-] Deleting keystone.user object s_rally_953e9e7c_fMyvJxpk (c795042d11574f85a5137e6491cd8fc8)
2019-12-27 20:57:59.478 9723 RALLYDEBUG rally_openstack.cleanup.manager [-] Deleting keystone.user object s_rally_953e9e7c_DJjt5jQ9 (8e0167417a164538ba6631acee8d8bd7)
2019-12-27 20:57:59.486 9723 RALLYDEBUG rally_openstack.cleanup.manager [-] Deleting keystone.user object s_rally_953e9e7c_ghyQeCqe (d040617880cc4601b638e2546218a447)
2019-12-27 20:57:59.489 9723 RALLYDEBUG rally_openstack.cleanup.manager [-] Deleting keystone.user object s_rally_953e9e7c_3ezpFBPV (a825f07c1a8740b39c28b6c4ed536544)
2019-12-27 20:57:59.493 9723 RALLYDEBUG rally_openstack.cleanup.manager [-] Deleting keystone.user object s_rally_953e9e7c_0GXEZFwM (d26383acf62d44cfa195efd5c306f0f6)
2019-12-27 20:57:59.503 9723 RALLYDEBUG rally_openstack.cleanup.manager [-] Deleting keystone.user object s_rally_953e9e7c_9025DudZ (bf19078c6a1143d49639858422445749)
2019-12-27 20:57:59.515 9723 RALLYDEBUG rally_openstack.cleanup.manager [-] Deleting keystone.user object s_rally_953e9e7c_xPiviWCx (e332ecf1b4604062a5bff2b57cff29b7)
2019-12-27 20:57:59.538 9723 RALLYDEBUG rally_openstack.cleanup.manager [-] Deleting keystone.user object s_rally_953e9e7c_WuGNmU6M (f1e347ec060348a88c4b6eef27e4b226)
