2019-12-27 20:31:45.271 725 RALLYDEBUG rally.task.runner [-] Starting the constant runner (task UUID: 22c79bb1-5909-4a14-89be-df473cbf06cb). times: 10 concurrency: 4 timeout: 0 max_cpu_used: 88 processes_to_start: 4 concurrency_per_worker: 1 concurrency_overhead: 0
2019-12-27 20:31:45.282 973 RALLYDEBUG rally.task.runner [-] Starting a worker. times: 10 duration: None concurrency: 1 timeout: 0 cls: method_name: run args: {"container_format": "bare", "disk_format": "qcow2", "image_location": "/home/opnfv/functest/images/cirros-0.4.0-x86_64-disk.img"}
2019-12-27 20:31:45.284 974 RALLYDEBUG rally.task.runner [-] Starting a worker. times: 10 duration: None concurrency: 1 timeout: 0 cls: method_name: run args: {"container_format": "bare", "disk_format": "qcow2", "image_location": "/home/opnfv/functest/images/cirros-0.4.0-x86_64-disk.img"}
2019-12-27 20:31:45.287 975 RALLYDEBUG rally.task.runner [-] Starting a worker. times: 10 duration: None concurrency: 1 timeout: 0 cls: method_name: run args: {"container_format": "bare", "disk_format": "qcow2", "image_location": "/home/opnfv/functest/images/cirros-0.4.0-x86_64-disk.img"}
2019-12-27 20:31:45.289 973 INFO rally.task.runner [-] Task 22c79bb1-5909-4a14-89be-df473cbf06cb | ITER: 1 START
2019-12-27 20:31:45.289 976 RALLYDEBUG rally.task.runner [-] Starting a worker. times: 10 duration: None concurrency: 1 timeout: 0 cls: method_name: run args: {"container_format": "bare", "disk_format": "qcow2", "image_location": "/home/opnfv/functest/images/cirros-0.4.0-x86_64-disk.img"}
2019-12-27 20:31:45.291 974 INFO rally.task.runner [-] Task 22c79bb1-5909-4a14-89be-df473cbf06cb | ITER: 2 START
2019-12-27 20:31:45.293 975 INFO rally.task.runner [-] Task 22c79bb1-5909-4a14-89be-df473cbf06cb | ITER: 3 START
2019-12-27 20:31:45.296 976 INFO rally.task.runner [-] Task 22c79bb1-5909-4a14-89be-df473cbf06cb | ITER: 4 START
2019-12-27 20:31:47.810 973 RALLYDEBUG rally.task.utils [-] Waiting for resource '435ded58-68f9-4992-a56a-11b4ac58880d'. Status changed: NONE => QUEUED in 0.04471921920776367
2019-12-27 20:31:47.831 976 RALLYDEBUG rally.task.utils [-] Waiting for resource '897ac63a-8d46-4176-9a6c-94ff8e2c34e9'. Status changed: NONE => QUEUED in 0.04805445671081543
2019-12-27 20:31:47.834 974 RALLYDEBUG rally.task.utils [-] Waiting for resource '6c731689-e9ff-4869-9e1e-58d3105b705b'. Status changed: NONE => QUEUED in 0.04286813735961914
2019-12-27 20:31:47.838 975 RALLYDEBUG rally.task.utils [-] Waiting for resource '6c4fd95d-1cda-4e47-aa35-cbb5fa1719d1'. Status changed: NONE => QUEUED in 0.037761688232421875
2019-12-27 20:31:48.307 976 RALLYDEBUG rally.task.utils [-] Waiting for resource s_rally_0a378031_f8ia5BLO. Status changed: QUEUED => ACTIVE in 0.02769756317138672
2019-12-27 20:31:48.317 975 RALLYDEBUG rally.task.utils [-] Waiting for resource s_rally_0a378031_nI3cLaHg. Status changed: QUEUED => ACTIVE in 0.025191545486450195
2019-12-27 20:31:48.322 973 RALLYDEBUG rally.task.utils [-] Waiting for resource s_rally_0a378031_YwxZ0fm7. Status changed: QUEUED => ACTIVE in 0.02650165557861328
2019-12-27 20:31:48.368 976 INFO rally.task.runner [-] Task 22c79bb1-5909-4a14-89be-df473cbf06cb | ITER: 4 END: OK
2019-12-27 20:31:48.372 975 INFO rally.task.runner [-] Task 22c79bb1-5909-4a14-89be-df473cbf06cb | ITER: 3 END: OK
2019-12-27 20:31:48.373 976 INFO rally.task.runner [-] Task 22c79bb1-5909-4a14-89be-df473cbf06cb | ITER: 5 START
2019-12-27 20:31:48.376 975 INFO rally.task.runner [-] Task 22c79bb1-5909-4a14-89be-df473cbf06cb | ITER: 6 START
2019-12-27 20:31:48.379 973 INFO rally.task.runner [-] Task 22c79bb1-5909-4a14-89be-df473cbf06cb | ITER: 1 END: OK
2019-12-27 20:31:48.383 973 INFO rally.task.runner [-] Task 22c79bb1-5909-4a14-89be-df473cbf06cb | ITER: 7 START
2019-12-27 20:31:49.301 974 RALLYDEBUG rally.task.utils [-] Waiting for resource s_rally_0a378031_8jHSuxGx. Status changed: QUEUED => ACTIVE in 0.028254985809326172
2019-12-27 20:31:49.355 974 INFO rally.task.runner [-] Task 22c79bb1-5909-4a14-89be-df473cbf06cb | ITER: 2 END: OK
2019-12-27 20:31:49.360 974 INFO rally.task.runner [-] Task 22c79bb1-5909-4a14-89be-df473cbf06cb | ITER: 8 START
2019-12-27 20:31:50.806 973 RALLYDEBUG rally.task.utils [-] Waiting for resource 'eb6fe377-7dde-49e3-b5e3-ce3c56dcc014'. Status changed: NONE => QUEUED in 0.04467177391052246
2019-12-27 20:31:50.815 975 RALLYDEBUG rally.task.utils [-] Waiting for resource 'cef75d7b-94f9-4863-ade2-45344891a33a'. Status changed: NONE => QUEUED in 0.04214596748352051
2019-12-27 20:31:50.818 976 RALLYDEBUG rally.task.utils [-] Waiting for resource 'cad88540-9c66-4ed2-a8bf-aaf96fe5d31c'. Status changed: NONE => QUEUED in 0.038932085037231445
2019-12-27 20:31:51.728 974 RALLYDEBUG rally.task.utils [-] Waiting for resource '052ec8d9-8c9f-4236-b33e-4e43f83be362'. Status changed: NONE => QUEUED in 0.04278206825256348
2019-12-27 20:31:52.316 974 RALLYDEBUG rally.task.utils [-] Waiting for resource s_rally_0a378031_WPM17kOV. Status changed: QUEUED => ACTIVE in 0.02216935157775879
2019-12-27 20:31:52.328 975 RALLYDEBUG rally.task.utils [-] Waiting for resource s_rally_0a378031_CphgcvCN. Status changed: QUEUED => ACTIVE in 0.028701066970825195
2019-12-27 20:31:52.336 976 RALLYDEBUG rally.task.utils [-] Waiting for resource s_rally_0a378031_991fQdgM. Status changed: QUEUED => ACTIVE in 0.02753472328186035
2019-12-27 20:31:52.338 973 RALLYDEBUG rally.task.utils [-] Waiting for resource s_rally_0a378031_2gWRMwji. Status changed: QUEUED => ACTIVE in 0.02686476707458496
2019-12-27 20:31:52.372 974 INFO rally.task.runner [-] Task 22c79bb1-5909-4a14-89be-df473cbf06cb | ITER: 8 END: OK
2019-12-27 20:31:52.377 974 INFO rally.task.runner [-] Task 22c79bb1-5909-4a14-89be-df473cbf06cb | ITER: 9 START
2019-12-27 20:31:52.388 975 INFO rally.task.runner [-] Task 22c79bb1-5909-4a14-89be-df473cbf06cb | ITER: 6 END: OK
2019-12-27 20:31:52.393 975 INFO rally.task.runner [-] Task 22c79bb1-5909-4a14-89be-df473cbf06cb | ITER: 10 START
2019-12-27 20:31:52.396 973 INFO rally.task.runner [-] Task 22c79bb1-5909-4a14-89be-df473cbf06cb | ITER: 7 END: OK
2019-12-27 20:31:52.398 976 INFO rally.task.runner [-] Task 22c79bb1-5909-4a14-89be-df473cbf06cb | ITER: 5 END: OK
2019-12-27 20:31:54.704 974 RALLYDEBUG rally.task.utils [-] Waiting for resource '8929f138-9c77-46e2-b3aa-14ec398cb490'. Status changed: NONE => QUEUED in 0.043527841567993164
2019-12-27 20:31:54.717 975 RALLYDEBUG rally.task.utils [-] Waiting for resource '5bda4822-6cbe-457c-9d4e-c73cf57c23f2'. Status changed: NONE => QUEUED in 0.04867100715637207
2019-12-27 20:31:56.176 974 RALLYDEBUG rally.task.utils [-] Waiting for resource s_rally_0a378031_lWbM6vzk. Status changed: QUEUED => ACTIVE in 0.031025409698486328
2019-12-27 20:31:56.178 975 RALLYDEBUG rally.task.utils [-] Waiting for resource s_rally_0a378031_MJ2TLAOm. Status changed: QUEUED => ACTIVE in 0.0372462272644043
2019-12-27 20:31:56.254 974 INFO rally.task.runner [-] Task 22c79bb1-5909-4a14-89be-df473cbf06cb | ITER: 9 END: OK
2019-12-27 20:31:56.256 975 INFO rally.task.runner [-] Task 22c79bb1-5909-4a14-89be-df473cbf06cb | ITER: 10 END: OK
2019-12-27 20:31:56.281 725 INFO rally.task.context [-] Task 22c79bb1-5909-4a14-89be-df473cbf06cb | Context cleanup@openstack cleanup() started
2019-12-27 20:31:56.285 725 RALLYDEBUG rally_openstack.cleanup.manager [-] Cleaning up glance images objects
2019-12-27 20:31:57.216 725 RALLYDEBUG rally_openstack.cleanup.manager [-] Deleting glance.images object s_rally_0a378031_YwxZ0fm7 (435ded58-68f9-4992-a56a-11b4ac58880d)
2019-12-27 20:31:57.227 725 RALLYDEBUG rally_openstack.cleanup.manager [-] Deleting glance.images object s_rally_0a378031_lWbM6vzk (8929f138-9c77-46e2-b3aa-14ec398cb490)
2019-12-27 20:31:57.234 725 RALLYDEBUG rally_openstack.cleanup.manager [-] Deleting glance.images object s_rally_0a378031_MJ2TLAOm (5bda4822-6cbe-457c-9d4e-c73cf57c23f2)
2019-12-27 20:31:57.241 725 RALLYDEBUG rally_openstack.cleanup.manager [-] Deleting glance.images object s_rally_0a378031_WPM17kOV (052ec8d9-8c9f-4236-b33e-4e43f83be362)
2019-12-27 20:31:57.259 725 RALLYDEBUG rally_openstack.cleanup.manager [-] Deleting glance.images object s_rally_0a378031_CphgcvCN (cef75d7b-94f9-4863-ade2-45344891a33a)
2019-12-27 20:31:57.267 725 RALLYDEBUG rally_openstack.cleanup.manager [-] Deleting glance.images object s_rally_0a378031_991fQdgM (cad88540-9c66-4ed2-a8bf-aaf96fe5d31c)
2019-12-27 20:31:57.274 725 RALLYDEBUG rally_openstack.cleanup.manager [-] Deleting glance.images object s_rally_0a378031_nI3cLaHg (6c4fd95d-1cda-4e47-aa35-cbb5fa1719d1)
2019-12-27 20:31:57.279 725 RALLYDEBUG rally_openstack.cleanup.manager [-] Deleting glance.images object s_rally_0a378031_f8ia5BLO (897ac63a-8d46-4176-9a6c-94ff8e2c34e9)
2019-12-27 20:31:57.289 725 RALLYDEBUG rally_openstack.cleanup.manager [-] Deleting glance.images object s_rally_0a378031_2gWRMwji (eb6fe377-7dde-49e3-b5e3-ce3c56dcc014)
2019-12-27 20:31:57.303 725 RALLYDEBUG rally_openstack.cleanup.manager [-] Deleting glance.images object s_rally_0a378031_8jHSuxGx (6c731689-e9ff-4869-9e1e-58d3105b705b)
2019-12-27 20:31:58.242 725 DEBUG glanceclient.common.http [-] Request returned failure status 404. _handle_response /usr/lib/python3.6/site-packages/glanceclient/common/http.py:125
2019-12-27 20:31:58.246 725 DEBUG glanceclient.common.http [-] Request returned failure status 404. _handle_response /usr/lib/python3.6/site-packages/glanceclient/common/http.py:125
2019-12-27 20:31:58.274 725 DEBUG glanceclient.common.http [-] Request returned failure status 404. _handle_response /usr/lib/python3.6/site-packages/glanceclient/common/http.py:125
2019-12-27 20:31:58.285 725 DEBUG glanceclient.common.http [-] Request returned failure status 404. _handle_response /usr/lib/python3.6/site-packages/glanceclient/common/http.py:125
2019-12-27 20:31:58.292 725 DEBUG glanceclient.common.http [-] Request returned failure status 404. _handle_response /usr/lib/python3.6/site-packages/glanceclient/common/http.py:125
2019-12-27 20:31:58.297 725 DEBUG glanceclient.common.http [-] Request returned failure status 404. _handle_response /usr/lib/python3.6/site-packages/glanceclient/common/http.py:125
2019-12-27 20:31:58.304 725 DEBUG glanceclient.common.http [-] Request returned failure status 404. _handle_response /usr/lib/python3.6/site-packages/glanceclient/common/http.py:125
2019-12-27 20:31:58.306 725 DEBUG glanceclient.common.http [-] Request returned failure status 404. _handle_response /usr/lib/python3.6/site-packages/glanceclient/common/http.py:125
2019-12-27 20:31:58.307 725 DEBUG glanceclient.common.http [-] Request returned failure status 404. _handle_response /usr/lib/python3.6/site-packages/glanceclient/common/http.py:125
2019-12-27 20:31:58.308 725 DEBUG glanceclient.common.http [-] Request returned failure status 404. _handle_response /usr/lib/python3.6/site-packages/glanceclient/common/http.py:125
2019-12-27 20:31:58.311 725 DEBUG glanceclient.common.http [-] Request returned failure status 404. _handle_response /usr/lib/python3.6/site-packages/glanceclient/common/http.py:125
2019-12-27 20:31:58.319 725 DEBUG glanceclient.common.http [-] Request returned failure status 404. _handle_response /usr/lib/python3.6/site-packages/glanceclient/common/http.py:125
2019-12-27 20:31:58.330 725 DEBUG glanceclient.common.http [-] Request returned failure status 404. _handle_response /usr/lib/python3.6/site-packages/glanceclient/common/http.py:125
2019-12-27 20:31:58.337 725 DEBUG glanceclient.common.http [-] Request returned failure status 404. _handle_response /usr/lib/python3.6/site-packages/glanceclient/common/http.py:125
2019-12-27 20:31:58.343 725 DEBUG glanceclient.common.http [-] Request returned failure status 404. _handle_response /usr/lib/python3.6/site-packages/glanceclient/common/http.py:125
2019-12-27 20:31:58.345 725 DEBUG glanceclient.common.http [-] Request returned failure status 404. _handle_response /usr/lib/python3.6/site-packages/glanceclient/common/http.py:125
2019-12-27 20:31:58.348 725 DEBUG glanceclient.common.http [-] Request returned failure status 404. _handle_response /usr/lib/python3.6/site-packages/glanceclient/common/http.py:125
2019-12-27 20:31:58.352 725 DEBUG glanceclient.common.http [-] Request returned failure status 404. _handle_response /usr/lib/python3.6/site-packages/glanceclient/common/http.py:125
2019-12-27 20:31:58.354 725 DEBUG glanceclient.common.http [-] Request returned failure status 404. _handle_response /usr/lib/python3.6/site-packages/glanceclient/common/http.py:125
2019-12-27 20:31:58.363 725 DEBUG glanceclient.common.http [-] Request returned failure status 404. _handle_response /usr/lib/python3.6/site-packages/glanceclient/common/http.py:125
2019-12-27 20:31:59.366 725 INFO rally.task.context [-] Task 22c79bb1-5909-4a14-89be-df473cbf06cb | Context cleanup@openstack cleanup() finished in 3.08 sec
2019-12-27 20:31:59.367 725 INFO rally.task.context [-] Task 22c79bb1-5909-4a14-89be-df473cbf06cb | Context users@openstack cleanup() started
2019-12-27 20:32:01.764 725 INFO rally.task.context [-] Task 22c79bb1-5909-4a14-89be-df473cbf06cb | Context users@openstack cleanup() finished in 2.40 sec
2019-12-27 20:32:02.061 725 INFO rally.task.engine [-] Load duration is: 10.74117
2019-12-27 20:32:02.062 725 INFO rally.task.engine [-] Full runner duration is: 11.010713
2019-12-27 20:32:02.062 725 INFO rally.task.engine [-] Full duration is: 17.828982
2019-12-27 20:32:02.153 725 INFO rally.task.engine [-] Running workload: position = 0 config = { "version": 2, "title": "A cropped version of a bigger task.", "description": "Auto-generated task from a single workload (uuid=e05a2dd1-1bd4-415d-8e7b-48995a2619a1)", "subtasks": [ { "title": "GlanceImages.list_images", "description": "List all images.", "scenario": { "GlanceImages.list_images": {} }, "contexts": { "users": { "tenants": 3, "users_per_tenant": 2 } }, "runner": { "constant": { "concurrency": 4, "times": 10 } }, "hooks": [], "sla": { "failure_rate": { "max": 0 } } } ] }
2019-12-27 20:32:02.176 725 RALLYDEBUG rally_openstack.contexts.keystone.users [-] Creating 3 tenants using 20 threads
2019-12-27 20:32:02.731 725 RALLYDEBUG rally_openstack.contexts.keystone.users [-] Creating 6 users using 20 threads
2019-12-27 20:32:03.523 725 INFO rally.task.context [-] Task 22c79bb1-5909-4a14-89be-df473cbf06cb | Context users@openstack setup() finished in 1.35 sec
2019-12-27 20:32:03.536 725 RALLYDEBUG rally.task.runner [-] Starting the constant runner (task UUID: 22c79bb1-5909-4a14-89be-df473cbf06cb). times: 10 concurrency: 4 timeout: 0 max_cpu_used: 88 processes_to_start: 4 concurrency_per_worker: 1 concurrency_overhead: 0
2019-12-27 20:32:03.547 1097 RALLYDEBUG rally.task.runner [-] Starting a worker. times: 10 duration: None concurrency: 1 timeout: 0 cls: method_name: run args: {}
2019-12-27 20:32:03.549 1098 RALLYDEBUG rally.task.runner [-] Starting a worker. times: 10 duration: None concurrency: 1 timeout: 0 cls: method_name: run args: {}
2019-12-27 20:32:03.552 1099 RALLYDEBUG rally.task.runner [-] Starting a worker. times: 10 duration: None concurrency: 1 timeout: 0 cls: method_name: run args: {}
2019-12-27 20:32:03.554 1097 INFO rally.task.runner [-] Task 22c79bb1-5909-4a14-89be-df473cbf06cb | ITER: 1 START
2019-12-27 20:32:03.555 1098 INFO rally.task.runner [-] Task 22c79bb1-5909-4a14-89be-df473cbf06cb | ITER: 2 START
2019-12-27 20:32:03.555 1100 RALLYDEBUG rally.task.runner [-] Starting a worker. times: 10 duration: None concurrency: 1 timeout: 0 cls: method_name: run args: {}
2019-12-27 20:32:03.559 1099 INFO rally.task.runner [-] Task 22c79bb1-5909-4a14-89be-df473cbf06cb | ITER: 3 START
2019-12-27 20:32:03.561 1100 INFO rally.task.runner [-] Task 22c79bb1-5909-4a14-89be-df473cbf06cb | ITER: 4 START
2019-12-27 20:32:03.972 1097 INFO rally.task.runner [-] Task 22c79bb1-5909-4a14-89be-df473cbf06cb | ITER: 1 END: OK
2019-12-27 20:32:03.973 1099 INFO rally.task.runner [-] Task 22c79bb1-5909-4a14-89be-df473cbf06cb | ITER: 3 END: OK
2019-12-27 20:32:03.977 1099 INFO rally.task.runner [-] Task 22c79bb1-5909-4a14-89be-df473cbf06cb | ITER: 6 START
2019-12-27 20:32:03.977 1097 INFO rally.task.runner [-] Task 22c79bb1-5909-4a14-89be-df473cbf06cb | ITER: 5 START
2019-12-27 20:32:04.005 1098 INFO rally.task.runner [-] Task 22c79bb1-5909-4a14-89be-df473cbf06cb | ITER: 2 END: OK
2019-12-27 20:32:04.010 1098 INFO rally.task.runner [-] Task 22c79bb1-5909-4a14-89be-df473cbf06cb | ITER: 7 START
2019-12-27 20:32:04.017 1100 INFO rally.task.runner [-] Task 22c79bb1-5909-4a14-89be-df473cbf06cb | ITER: 4 END: OK
2019-12-27 20:32:04.022 1100 INFO rally.task.runner [-] Task 22c79bb1-5909-4a14-89be-df473cbf06cb | ITER: 8 START
2019-12-27 20:32:04.258 1100 INFO rally.task.runner [-] Task 22c79bb1-5909-4a14-89be-df473cbf06cb | ITER: 8 END: OK
2019-12-27 20:32:04.263 1100 INFO rally.task.runner [-] Task 22c79bb1-5909-4a14-89be-df473cbf06cb | ITER: 9 START
2019-12-27 20:32:04.307 1097 INFO rally.task.runner [-] Task 22c79bb1-5909-4a14-89be-df473cbf06cb | ITER: 5 END: OK
2019-12-27 20:32:04.311 1097 INFO rally.task.runner [-] Task 22c79bb1-5909-4a14-89be-df473cbf06cb | ITER: 10 START
2019-12-27 20:32:04.326 1099 INFO rally.task.runner [-] Task 22c79bb1-5909-4a14-89be-df473cbf06cb | ITER: 6 END: OK
2019-12-27 20:32:04.356 1098 INFO rally.task.runner [-] Task 22c79bb1-5909-4a14-89be-df473cbf06cb | ITER: 7 END: OK
2019-12-27 20:32:04.547 1097 INFO rally.task.runner [-] Task 22c79bb1-5909-4a14-89be-df473cbf06cb | ITER: 10 END: OK
2019-12-27 20:32:04.605 1100 INFO rally.task.runner [-] Task 22c79bb1-5909-4a14-89be-df473cbf06cb | ITER: 9 END: OK
2019-12-27 20:32:04.627 725 INFO rally.task.context [-] Task 22c79bb1-5909-4a14-89be-df473cbf06cb | Context users@openstack cleanup() started
2019-12-27 20:32:07.479 725 INFO rally.task.context [-] Task 22c79bb1-5909-4a14-89be-df473cbf06cb | Context users@openstack cleanup() finished in 2.85 sec
2019-12-27 20:32:08.413 725 INFO rally.task.engine [-] Load duration is: 0.810817
2019-12-27 20:32:08.414 725 INFO rally.task.engine [-] Full runner duration is: 1.091537
2019-12-27 20:32:08.415 725 INFO rally.task.engine [-] Full duration is: 5.305198
2019-12-27 20:32:08.503 725 INFO rally.task.engine [-] Running workload: position = 0 config = { "version": 2, "title": "A cropped version of a bigger task.", "description": "Auto-generated task from a single workload (uuid=a8a7c26b-3d55-493c-8b0c-fffd83cf6b6c)", "subtasks": [ { "title": "GlanceImages.create_image_and_boot_instances", "description": "Create an image and boot several instances from it.", "scenario": { "GlanceImages.create_image_and_boot_instances": { "container_format": "bare", "disk_format": "qcow2", "image_location": "/home/opnfv/functest/images/cirros-0.4.0-x86_64-disk.img", "flavor": { "name": "rally_full-flavor_36367365-141e-491e-9278-0872bf21122a" }, "number_instances": 2, "nics": [ { "net-id": "1e55b386-f4ab-4c3b-a854-395b1368fcf2" } ] } }, "contexts": { "users": { "tenants": 3, "users_per_tenant": 2 }, "quotas": { "nova": { "cores": -1, "floating_ips": -1, "instances": -1, "ram": -1, "security_group_rules": -1, "security_groups": -1 } } }, "runner": { "constant": { "concurrency": 4, "times": 10 } }, "hooks": [], "sla": { "failure_rate": { "max": 0 } } } ] }
2019-12-27 20:32:08.522 725 RALLYDEBUG rally_openstack.contexts.keystone.users [-] Creating 3 tenants using 20 threads
2019-12-27 20:32:09.017 725 RALLYDEBUG rally_openstack.contexts.keystone.users [-] Creating 6 users using 20 threads
2019-12-27 20:32:10.062 725 INFO rally.task.context [-] Task 22c79bb1-5909-4a14-89be-df473cbf06cb | Context users@openstack setup() finished in 1.54 sec
2019-12-27 20:32:10.976 725 INFO rally.task.context [-] Task 22c79bb1-5909-4a14-89be-df473cbf06cb | Context quotas@openstack setup() finished in 0.91 sec
2019-12-27 20:32:10.977 725 INFO rally.task.context [-] Task 22c79bb1-5909-4a14-89be-df473cbf06cb | Context cleanup@openstack setup() finished in 0.01 msec
2019-12-27 20:32:11.162 725 RALLYDEBUG rally.task.runner [-] Starting the constant runner (task UUID: 22c79bb1-5909-4a14-89be-df473cbf06cb). times: 10 concurrency: 4 timeout: 0 max_cpu_used: 88 processes_to_start: 4 concurrency_per_worker: 1 concurrency_overhead: 0
2019-12-27 20:32:11.174 1201 RALLYDEBUG rally.task.runner [-] Starting a worker. times: 10 duration: None concurrency: 1 timeout: 0 cls: method_name: run args: {"container_format": "bare", "disk_format": "qcow2", "image_location": "/home/opnfv/functest/images/cirros-0.4.0-x86_64-disk.img", "flavor": "c28c0299-fc4f-4504-8190-b508d68552b4", "number_instances": 2, "nics": [{"net-id": "1e55b386-f4ab-4c3b-a854-395b1368fcf2"}]}
2019-12-27 20:32:11.179 1202 RALLYDEBUG rally.task.runner [-] Starting a worker. times: 10 duration: None concurrency: 1 timeout: 0 cls: method_name: run args: {"container_format": "bare", "disk_format": "qcow2", "image_location": "/home/opnfv/functest/images/cirros-0.4.0-x86_64-disk.img", "flavor": "c28c0299-fc4f-4504-8190-b508d68552b4", "number_instances": 2, "nics": [{"net-id": "1e55b386-f4ab-4c3b-a854-395b1368fcf2"}]}
2019-12-27 20:32:11.182 1203 RALLYDEBUG rally.task.runner [-] Starting a worker. times: 10 duration: None concurrency: 1 timeout: 0 cls: method_name: run args: {"container_format": "bare", "disk_format": "qcow2", "image_location": "/home/opnfv/functest/images/cirros-0.4.0-x86_64-disk.img", "flavor": "c28c0299-fc4f-4504-8190-b508d68552b4", "number_instances": 2, "nics": [{"net-id": "1e55b386-f4ab-4c3b-a854-395b1368fcf2"}]}
2019-12-27 20:32:11.184 1201 INFO rally.task.runner [-] Task 22c79bb1-5909-4a14-89be-df473cbf06cb | ITER: 1 START
2019-12-27 20:32:11.185 1205 RALLYDEBUG rally.task.runner [-] Starting a worker. times: 10 duration: None concurrency: 1 timeout: 0 cls: method_name: run args: {"container_format": "bare", "disk_format": "qcow2", "image_location": "/home/opnfv/functest/images/cirros-0.4.0-x86_64-disk.img", "flavor": "c28c0299-fc4f-4504-8190-b508d68552b4", "number_instances": 2, "nics": [{"net-id": "1e55b386-f4ab-4c3b-a854-395b1368fcf2"}]}
2019-12-27 20:32:11.188 1203 INFO rally.task.runner [-] Task 22c79bb1-5909-4a14-89be-df473cbf06cb | ITER: 3 START
2019-12-27 20:32:11.188 1202 INFO rally.task.runner [-] Task 22c79bb1-5909-4a14-89be-df473cbf06cb | ITER: 2 START
2019-12-27 20:32:11.194 1205 INFO rally.task.runner [-] Task 22c79bb1-5909-4a14-89be-df473cbf06cb | ITER: 4 START
2019-12-27 20:32:11.417 1202 WARNING rally_openstack.scenarios.glance.images [-] 'kwargs' is deprecated in Rally v0.8.0: Use 'boot_server_kwargs' for additional parameters when booting servers.
2019-12-27 20:32:11.420 1205 WARNING rally_openstack.scenarios.glance.images [-] 'kwargs' is deprecated in Rally v0.8.0: Use 'boot_server_kwargs' for additional parameters when booting servers.
2019-12-27 20:32:11.426 1201 WARNING rally_openstack.scenarios.glance.images [-] 'kwargs' is deprecated in Rally v0.8.0: Use 'boot_server_kwargs' for additional parameters when booting servers.
2019-12-27 20:32:11.431 1203 WARNING rally_openstack.scenarios.glance.images [-] 'kwargs' is deprecated in Rally v0.8.0: Use 'boot_server_kwargs' for additional parameters when booting servers.
2019-12-27 20:32:13.721 1202 RALLYDEBUG rally.task.utils [-] Waiting for resource 'fd708c08-5250-45b4-a3de-f1020485ea39'. Status changed: NONE => QUEUED in 0.05358743667602539
2019-12-27 20:32:13.723 1205 RALLYDEBUG rally.task.utils [-] Waiting for resource '013c69b0-cb90-461b-a985-11ec4f5359e2'. Status changed: NONE => QUEUED in 0.042897701263427734
2019-12-27 20:32:13.729 1201 RALLYDEBUG rally.task.utils [-] Waiting for resource 'a781d044-b652-46eb-9a21-dfeec784b0a1'. Status changed: NONE => QUEUED in 0.04188251495361328
2019-12-27 20:32:13.741 1203 RALLYDEBUG rally.task.utils [-] Waiting for resource '4a5a8caf-bca3-4bf2-adb1-2b3f020554d8'. Status changed: NONE => QUEUED in 0.06294035911560059
2019-12-27 20:32:14.227 1201 RALLYDEBUG rally.task.utils [-] Waiting for resource s_rally_a8a7c26b_9JTYzciy. Status changed: QUEUED => ACTIVE in 0.02991008758544922
2019-12-27 20:32:14.245 1202 RALLYDEBUG rally.task.utils [-] Waiting for resource s_rally_a8a7c26b_8W9f0HyK. Status changed: QUEUED => ACTIVE in 0.04273796081542969
2019-12-27 20:32:15.292 1203 RALLYDEBUG rally.task.utils [-] Waiting for resource s_rally_a8a7c26b_D4VW1sQt. Status changed: QUEUED => ACTIVE in 0.027342796325683594
2019-12-27 20:32:15.295 1205 RALLYDEBUG rally.task.utils [-] Waiting for resource s_rally_a8a7c26b_18z9dM3w. Status changed: QUEUED => ACTIVE in 0.028032779693603516
2019-12-27 20:32:29.056 1203 RALLYDEBUG rally.task.utils [-] Waiting for resource s_rally_a8a7c26b_pI9NqLN6_1. Status changed: BUILD => ACTIVE in 9.858652591705322
2019-12-27 20:32:29.277 1201 RALLYDEBUG rally.task.utils [-] Waiting for resource s_rally_a8a7c26b_Q7LuCLVf_1. Status changed: BUILD => ACTIVE in 10.017686367034912
2019-12-27 20:32:29.456 1201 RALLYDEBUG rally.task.utils [-] Waiting for resource s_rally_a8a7c26b_Q7LuCLVf_0. Status changed: BUILD => ACTIVE in 0.17913103103637695
2019-12-27 20:32:29.457 1201 INFO rally.task.runner [-] Task 22c79bb1-5909-4a14-89be-df473cbf06cb | ITER: 1 END: OK
2019-12-27 20:32:29.462 1201 INFO rally.task.runner [-] Task 22c79bb1-5909-4a14-89be-df473cbf06cb | ITER: 5 START
2019-12-27 20:32:29.599 1201 WARNING rally_openstack.scenarios.glance.images [-] 'kwargs' is deprecated in Rally v0.8.0: Use 'boot_server_kwargs' for additional parameters when booting servers.
2019-12-27 20:32:29.612 1205 RALLYDEBUG rally.task.utils [-] Waiting for resource s_rally_a8a7c26b_n8RXvdaq_1. Status changed: BUILD => ACTIVE in 9.415349245071411
2019-12-27 20:32:30.886 1202 RALLYDEBUG rally.task.utils [-] Waiting for resource s_rally_a8a7c26b_J0zKy3LJ_1. Status changed: BUILD => ACTIVE in 11.602451801300049
2019-12-27 20:32:31.066 1202 RALLYDEBUG rally.task.utils [-] Waiting for resource s_rally_a8a7c26b_J0zKy3LJ_0. Status changed: BUILD => ACTIVE in 0.17899775505065918
2019-12-27 20:32:31.066 1202 INFO rally.task.runner [-] Task 22c79bb1-5909-4a14-89be-df473cbf06cb | ITER: 2 END: OK
2019-12-27 20:32:31.071 1202 INFO rally.task.runner [-] Task 22c79bb1-5909-4a14-89be-df473cbf06cb | ITER: 6 START
2019-12-27 20:32:31.188 1202 WARNING rally_openstack.scenarios.glance.images [-] 'kwargs' is deprecated in Rally v0.8.0: Use 'boot_server_kwargs' for additional parameters when booting servers.
2019-12-27 20:32:31.829 1201 RALLYDEBUG rally.task.utils [-] Waiting for resource 'f43b339f-6fae-41ab-988c-4174cbab995e'. Status changed: NONE => QUEUED in 0.042105913162231445
2019-12-27 20:32:32.032 1205 RALLYDEBUG rally.task.utils [-] Waiting for resource s_rally_a8a7c26b_n8RXvdaq_0. Status changed: BUILD => ACTIVE in 2.418860912322998
2019-12-27 20:32:32.033 1205 INFO rally.task.runner [-] Task 22c79bb1-5909-4a14-89be-df473cbf06cb | ITER: 4 END: OK
2019-12-27 20:32:32.038 1205 INFO rally.task.runner [-] Task 22c79bb1-5909-4a14-89be-df473cbf06cb | ITER: 7 START
2019-12-27 20:32:32.173 1205 WARNING rally_openstack.scenarios.glance.images [-] 'kwargs' is deprecated in Rally v0.8.0: Use 'boot_server_kwargs' for additional parameters when booting servers.
2019-12-27 20:32:32.411 1201 RALLYDEBUG rally.task.utils [-] Waiting for resource s_rally_a8a7c26b_dQpZiSyP. Status changed: QUEUED => ACTIVE in 0.02592754364013672
2019-12-27 20:32:33.398 1202 RALLYDEBUG rally.task.utils [-] Waiting for resource '299f029a-b75b-4c75-bee3-a67f9706ee44'. Status changed: NONE => QUEUED in 0.04808759689331055
2019-12-27 20:32:33.677 1203 RALLYDEBUG rally.task.utils [-] Waiting for resource s_rally_a8a7c26b_pI9NqLN6_0. Status changed: BUILD => ACTIVE in 4.620820999145508
2019-12-27 20:32:33.678 1203 INFO rally.task.runner [-] Task 22c79bb1-5909-4a14-89be-df473cbf06cb | ITER: 3 END: OK
2019-12-27 20:32:33.682 1203 INFO rally.task.runner [-] Task 22c79bb1-5909-4a14-89be-df473cbf06cb | ITER: 8 START
2019-12-27 20:32:33.820 1203 WARNING rally_openstack.scenarios.glance.images [-] 'kwargs' is deprecated in Rally v0.8.0: Use 'boot_server_kwargs' for additional parameters when booting servers.
2019-12-27 20:32:34.400 1205 RALLYDEBUG rally.task.utils [-] Waiting for resource 'f44de8a4-ae17-4e20-9daa-3c52b9ce2e03'. Status changed: NONE => QUEUED in 0.04847145080566406
2019-12-27 20:32:34.597 1202 RALLYDEBUG rally.task.utils [-] Waiting for resource s_rally_a8a7c26b_PQdEtGQP. Status changed: QUEUED => ACTIVE in 0.03139138221740723
2019-12-27 20:32:35.554 1205 RALLYDEBUG rally.task.utils [-] Waiting for resource s_rally_a8a7c26b_oBMLTMMU. Status changed: QUEUED => ACTIVE in 0.029278993606567383
2019-12-27 20:32:36.051 1203 RALLYDEBUG rally.task.utils [-] Waiting for resource '88326772-5f2e-418d-9bea-c4fb02945d2d'. Status changed: NONE => QUEUED in 0.06041359901428223
2019-12-27 20:32:36.547 1203 RALLYDEBUG rally.task.utils [-] Waiting for resource s_rally_a8a7c26b_RRGNklsH. Status changed: QUEUED => ACTIVE in 0.02264094352722168
2019-12-27 20:32:48.480 1201 RALLYDEBUG rally.task.utils [-] Waiting for resource s_rally_a8a7c26b_fuA91fld_1. Status changed: BUILD => ACTIVE in 11.212191104888916
2019-12-27 20:32:48.671 1201 RALLYDEBUG rally.task.utils [-] Waiting for resource s_rally_a8a7c26b_fuA91fld_0. Status changed: BUILD => ACTIVE in 0.1898503303527832
2019-12-27 20:32:48.672 1201 INFO rally.task.runner [-] Task 22c79bb1-5909-4a14-89be-df473cbf06cb | ITER: 5 END: OK
2019-12-27 20:32:48.677 1201 INFO rally.task.runner [-] Task 22c79bb1-5909-4a14-89be-df473cbf06cb | ITER: 9 START
2019-12-27 20:32:48.803 1201 WARNING rally_openstack.scenarios.glance.images [-] 'kwargs' is deprecated in Rally v0.8.0: Use 'boot_server_kwargs' for additional parameters when booting servers.
2019-12-27 20:32:49.841 1202 RALLYDEBUG rally.task.utils [-] Waiting for resource s_rally_a8a7c26b_DhRZtrXe_1. Status changed: BUILD => ACTIVE in 9.609423875808716
2019-12-27 20:32:49.895 1205 RALLYDEBUG rally.task.utils [-] Waiting for resource s_rally_a8a7c26b_przj6IIl_1. Status changed: BUILD => ACTIVE in 8.98315954208374
2019-12-27 20:32:50.077 1202 RALLYDEBUG rally.task.utils [-] Waiting for resource s_rally_a8a7c26b_DhRZtrXe_0. Status changed: BUILD => ACTIVE in 0.2355823516845703
2019-12-27 20:32:50.078 1202 INFO rally.task.runner [-] Task 22c79bb1-5909-4a14-89be-df473cbf06cb | ITER: 6 END: OK
2019-12-27 20:32:50.084 1202 INFO rally.task.runner [-] Task 22c79bb1-5909-4a14-89be-df473cbf06cb | ITER: 10 START
2019-12-27 20:32:50.115 1205 RALLYDEBUG rally.task.utils [-] Waiting for resource s_rally_a8a7c26b_przj6IIl_0. Status changed: BUILD => ACTIVE in 0.21953892707824707
2019-12-27 20:32:50.116 1205 INFO rally.task.runner [-] Task 22c79bb1-5909-4a14-89be-df473cbf06cb | ITER: 7 END: OK
2019-12-27 20:32:50.301 1202 WARNING rally_openstack.scenarios.glance.images [-] 'kwargs' is deprecated in Rally v0.8.0: Use 'boot_server_kwargs' for additional parameters when booting servers.
2019-12-27 20:32:51.006 1201 RALLYDEBUG rally.task.utils [-] Waiting for resource 'ca89f110-6148-45c1-b65f-c5c98046efd9'. Status changed: NONE => QUEUED in 0.041974782943725586
2019-12-27 20:32:51.485 1201 RALLYDEBUG rally.task.utils [-] Waiting for resource s_rally_a8a7c26b_XUgY1oQs. Status changed: QUEUED => ACTIVE in 0.021908998489379883
2019-12-27 20:32:51.906 1203 RALLYDEBUG rally.task.utils [-] Waiting for resource s_rally_a8a7c26b_8Uw2M5lI_1. Status changed: BUILD => ACTIVE in 11.19608736038208
2019-12-27 20:32:52.091 1203 RALLYDEBUG rally.task.utils [-] Waiting for resource s_rally_a8a7c26b_8Uw2M5lI_0. Status changed: BUILD => ACTIVE in 0.18452954292297363
2019-12-27 20:32:52.092 1203 INFO rally.task.runner [-] Task 22c79bb1-5909-4a14-89be-df473cbf06cb | ITER: 8 END: OK
2019-12-27 20:32:52.507 1202 RALLYDEBUG rally.task.utils [-] Waiting for resource 'd3764439-045e-404a-81fb-a13826640bdf'. Status changed: NONE => QUEUED in 0.04885220527648926
2019-12-27 20:32:53.512 1202 RALLYDEBUG rally.task.utils [-] Waiting for resource s_rally_a8a7c26b_GLQCQ13D. Status changed: QUEUED => ACTIVE in 0.026889801025390625
2019-12-27 20:33:04.266 1201 RALLYDEBUG rally.task.utils [-] Waiting for resource s_rally_a8a7c26b_O2F8Vw3L_1. Status changed: BUILD => ACTIVE in 8.936198472976685
2019-12-27 20:33:04.470 1201 RALLYDEBUG rally.task.utils [-] Waiting for resource s_rally_a8a7c26b_O2F8Vw3L_0. Status changed: BUILD => ACTIVE in 0.20316433906555176
2019-12-27 20:33:04.471 1201 INFO rally.task.runner [-] Task 22c79bb1-5909-4a14-89be-df473cbf06cb | ITER: 9 END: OK
2019-12-27 20:33:05.822 1202 RALLYDEBUG rally.task.utils [-] Waiting for resource s_rally_a8a7c26b_sBAMrRUi_1. Status changed: BUILD => ACTIVE in 9.338311910629272
2019-12-27 20:33:06.019 1202 RALLYDEBUG rally.task.utils [-] Waiting for resource s_rally_a8a7c26b_sBAMrRUi_0. Status changed: BUILD => ACTIVE in 0.1962130069732666
2019-12-27 20:33:06.019 1202 INFO rally.task.runner [-] Task 22c79bb1-5909-4a14-89be-df473cbf06cb | ITER: 10 END: OK
2019-12-27 20:33:06.051 725 INFO rally.task.context [-] Task 22c79bb1-5909-4a14-89be-df473cbf06cb | Context cleanup@openstack cleanup() started
2019-12-27 20:33:06.060 725 RALLYDEBUG rally_openstack.cleanup.manager [-] Cleaning up nova servers objects
2019-12-27 20:33:08.068 725 RALLYDEBUG rally_openstack.cleanup.manager [-] Deleting nova.servers object s_rally_a8a7c26b_przj6IIl_1 (32ac60f0-3ef6-4607-b82a-5bac5c010482)
2019-12-27 20:33:08.069 725 RALLYDEBUG rally_openstack.cleanup.manager [-] Deleting nova.servers object s_rally_a8a7c26b_przj6IIl_0 (29f5fd91-1538-464c-976d-7bf031a6de41)
2019-12-27 20:33:08.073 725 RALLYDEBUG rally_openstack.cleanup.manager [-] Deleting nova.servers object s_rally_a8a7c26b_pI9NqLN6_1 (70c35b6d-de6d-4fe1-81aa-075cf25725bd)
2019-12-27 20:33:08.079 725 RALLYDEBUG rally_openstack.cleanup.manager [-] Deleting nova.servers object s_rally_a8a7c26b_pI9NqLN6_0 (14a2e4a7-481c-4d0c-b8e9-24292f174cd1)
2019-12-27 20:33:08.088 725 RALLYDEBUG rally_openstack.cleanup.manager [-] Deleting nova.servers object s_rally_a8a7c26b_J0zKy3LJ_1 (d26283da-752b-49dc-8989-0b907d990421)
2019-12-27 20:33:08.097 725 RALLYDEBUG rally_openstack.cleanup.manager [-] Deleting nova.servers object s_rally_a8a7c26b_J0zKy3LJ_0 (ec3c2cf4-6da5-47d7-8120-ddfdbd607087)
2019-12-27 20:33:08.115 725 RALLYDEBUG rally_openstack.cleanup.manager [-] Deleting nova.servers object s_rally_a8a7c26b_sBAMrRUi_1 (621a2fef-6c36-4eee-89b9-e79d7b688812)
2019-12-27 20:33:08.126 725 RALLYDEBUG rally_openstack.cleanup.manager [-] Deleting nova.servers object s_rally_a8a7c26b_sBAMrRUi_0 (783778ed-f22d-44f2-bb50-2194d30de455)
2019-12-27 20:33:08.144 725 RALLYDEBUG rally_openstack.cleanup.manager [-] Deleting nova.servers object s_rally_a8a7c26b_8Uw2M5lI_1 (5d86796b-a9e9-4077-a4d0-526515e90509)
2019-12-27 20:33:08.159 725 RALLYDEBUG rally_openstack.cleanup.manager [-] Deleting nova.servers object s_rally_a8a7c26b_8Uw2M5lI_0 (b3e4cef5-1fc8-40b0-a897-246a3f91700c)
2019-12-27 20:33:08.169 725 RALLYDEBUG rally_openstack.cleanup.manager [-] Deleting nova.servers object s_rally_a8a7c26b_fuA91fld_1 (b12dc3a9-ad32-4d80-8acc-48280afbfbc4)
2019-12-27 20:33:08.178 725 RALLYDEBUG rally_openstack.cleanup.manager [-] Deleting nova.servers object s_rally_a8a7c26b_fuA91fld_0 (54dc6c55-2082-43cc-8936-53aef2200981)
2019-12-27 20:33:08.193 725 RALLYDEBUG rally_openstack.cleanup.manager [-] Deleting nova.servers object s_rally_a8a7c26b_Q7LuCLVf_1 (73702420-5015-4032-a835-ae89d5382305)
2019-12-27 20:33:08.209 725 RALLYDEBUG rally_openstack.cleanup.manager [-] Deleting nova.servers object s_rally_a8a7c26b_Q7LuCLVf_0 (521950fb-c4a5-406f-bf6d-244ca11c5e6d)
2019-12-27 20:33:08.242 725 RALLYDEBUG rally_openstack.cleanup.manager [-] Deleting nova.servers object s_rally_a8a7c26b_O2F8Vw3L_1 (abab5a35-3e76-464a-901c-3341ba19948b)
2019-12-27 20:33:08.265 725 RALLYDEBUG rally_openstack.cleanup.manager [-] Deleting nova.servers object s_rally_a8a7c26b_O2F8Vw3L_0 (d2ed8980-d675-445d-bd53-111d84deb921)
2019-12-27 20:33:08.270 725 RALLYDEBUG rally_openstack.cleanup.manager [-] Deleting nova.servers object s_rally_a8a7c26b_DhRZtrXe_1 (0f7316c5-948d-426e-8266-99a6a5bf5b36)
2019-12-27 20:33:08.282 725 RALLYDEBUG rally_openstack.cleanup.manager [-] Deleting nova.servers object s_rally_a8a7c26b_DhRZtrXe_0 (91fff606-00af-4133-97c2-479346dc2be6)
2019-12-27 20:33:08.302 725 RALLYDEBUG rally_openstack.cleanup.manager [-] Deleting nova.servers object s_rally_a8a7c26b_n8RXvdaq_1 (8332feec-5619-402a-a286-b7fdb357d0d7)
2019-12-27 20:33:08.322 725 RALLYDEBUG rally_openstack.cleanup.manager [-] Deleting nova.servers object s_rally_a8a7c26b_n8RXvdaq_0 (04d20b86-58a0-4471-b78b-9b25b5a49815)
2019-12-27 20:33:18.311 725 RALLYDEBUG rally_openstack.cleanup.manager [-] Cleaning up nova server_groups objects
2019-12-27 20:33:18.816 725 RALLYDEBUG rally_openstack.cleanup.manager [-] Cleaning up nova keypairs objects
2019-12-27 20:33:19.668 725 RALLYDEBUG rally_openstack.cleanup.manager [-] Cleaning up glance images objects
2019-12-27 20:33:20.409 725 RALLYDEBUG rally_openstack.cleanup.manager [-] Deleting glance.images object s_rally_a8a7c26b_oBMLTMMU (f44de8a4-ae17-4e20-9daa-3c52b9ce2e03)
2019-12-27 20:33:20.413 725 RALLYDEBUG rally_openstack.cleanup.manager [-] Deleting glance.images object s_rally_a8a7c26b_8W9f0HyK (fd708c08-5250-45b4-a3de-f1020485ea39)
2019-12-27 20:33:20.423 725 RALLYDEBUG rally_openstack.cleanup.manager [-] Deleting glance.images object s_rally_a8a7c26b_D4VW1sQt (4a5a8caf-bca3-4bf2-adb1-2b3f020554d8)
2019-12-27 20:33:20.433 725 RALLYDEBUG rally_openstack.cleanup.manager [-] Deleting glance.images object s_rally_a8a7c26b_GLQCQ13D (d3764439-045e-404a-81fb-a13826640bdf)
2019-12-27 20:33:20.442 725 RALLYDEBUG rally_openstack.cleanup.manager [-] Deleting glance.images object s_rally_a8a7c26b_RRGNklsH (88326772-5f2e-418d-9bea-c4fb02945d2d)
2019-12-27 20:33:20.458 725 RALLYDEBUG rally_openstack.cleanup.manager [-] Deleting glance.images object s_rally_a8a7c26b_dQpZiSyP (f43b339f-6fae-41ab-988c-4174cbab995e)
2019-12-27 20:33:20.463 725 RALLYDEBUG rally_openstack.cleanup.manager [-] Deleting glance.images object s_rally_a8a7c26b_9JTYzciy (a781d044-b652-46eb-9a21-dfeec784b0a1)
2019-12-27 20:33:20.474 725 RALLYDEBUG rally_openstack.cleanup.manager [-] Deleting glance.images object s_rally_a8a7c26b_XUgY1oQs (ca89f110-6148-45c1-b65f-c5c98046efd9)
2019-12-27 20:33:20.491 725 RALLYDEBUG rally_openstack.cleanup.manager [-] Deleting glance.images object s_rally_a8a7c26b_PQdEtGQP (299f029a-b75b-4c75-bee3-a67f9706ee44)
2019-12-27 20:33:20.500 725 RALLYDEBUG rally_openstack.cleanup.manager [-] Deleting glance.images object s_rally_a8a7c26b_18z9dM3w (013c69b0-cb90-461b-a985-11ec4f5359e2)
2019-12-27 20:33:20.892 725 DEBUG glanceclient.common.http [-] Request returned failure status 404. _handle_response /usr/lib/python3.6/site-packages/glanceclient/common/http.py:125
2019-12-27 20:33:20.916 725 DEBUG glanceclient.common.http [-] Request returned failure status 404. _handle_response /usr/lib/python3.6/site-packages/glanceclient/common/http.py:125
2019-12-27 20:33:20.944 725 DEBUG glanceclient.common.http [-] Request returned failure status 404. _handle_response /usr/lib/python3.6/site-packages/glanceclient/common/http.py:125
2019-12-27 20:33:20.970 725 DEBUG glanceclient.common.http [-] Request returned failure status 404. _handle_response /usr/lib/python3.6/site-packages/glanceclient/common/http.py:125
2019-12-27 20:33:21.916 725 DEBUG glanceclient.common.http [-] Request returned failure status 404. _handle_response /usr/lib/python3.6/site-packages/glanceclient/common/http.py:125
2019-12-27 20:33:21.946 725 DEBUG glanceclient.common.http [-] Request returned failure status 404. _handle_response /usr/lib/python3.6/site-packages/glanceclient/common/http.py:125
2019-12-27 20:33:21.955 725 DEBUG glanceclient.common.http [-] Request returned failure status 404. _handle_response /usr/lib/python3.6/site-packages/glanceclient/common/http.py:125
2019-12-27 20:33:21.978 725 DEBUG glanceclient.common.http [-] Request returned failure status 404. _handle_response /usr/lib/python3.6/site-packages/glanceclient/common/http.py:125
2019-12-27 20:33:21.979 725 DEBUG glanceclient.common.http [-] Request returned failure status 404. _handle_response /usr/lib/python3.6/site-packages/glanceclient/common/http.py:125
2019-12-27 20:33:21.995 725 DEBUG glanceclient.common.http [-] Request returned failure status 404. _handle_response /usr/lib/python3.6/site-packages/glanceclient/common/http.py:125
2019-12-27 20:33:22.010 725 DEBUG glanceclient.common.http [-] Request returned failure status 404. _handle_response /usr/lib/python3.6/site-packages/glanceclient/common/http.py:125
2019-12-27 20:33:22.017 725 DEBUG glanceclient.common.http [-] Request returned failure status 404. _handle_response /usr/lib/python3.6/site-packages/glanceclient/common/http.py:125
2019-12-27 20:33:22.045 725 DEBUG glanceclient.common.http [-] Request returned failure status 404. _handle_response /usr/lib/python3.6/site-packages/glanceclient/common/http.py:125
2019-12-27 20:33:22.067 725 DEBUG glanceclient.common.http [-] Request returned failure status 404. _handle_response /usr/lib/python3.6/site-packages/glanceclient/common/http.py:125
2019-12-27 20:33:22.097 725 DEBUG glanceclient.common.http [-] Request returned failure status 404. _handle_response /usr/lib/python3.6/site-packages/glanceclient/common/http.py:125
2019-12-27 20:33:22.122 725 DEBUG glanceclient.common.http [-] Request returned failure status 404. _handle_response /usr/lib/python3.6/site-packages/glanceclient/common/http.py:125
2019-12-27 20:33:22.153 725 DEBUG glanceclient.common.http [-] Request returned failure status 404. _handle_response /usr/lib/python3.6/site-packages/glanceclient/common/http.py:125
2019-12-27 20:33:22.178 725 DEBUG glanceclient.common.http [-] Request returned failure status 404. _handle_response /usr/lib/python3.6/site-packages/glanceclient/common/http.py:125
2019-12-27 20:33:22.208 725 DEBUG glanceclient.common.http [-] Request returned failure status 404. _handle_response /usr/lib/python3.6/site-packages/glanceclient/common/http.py:125
2019-12-27 20:33:22.236 725 DEBUG glanceclient.common.http [-] Request returned failure status 404. _handle_response /usr/lib/python3.6/site-packages/glanceclient/common/http.py:125
2019-12-27 20:33:23.239 725 INFO rally.task.context [-] Task 22c79bb1-5909-4a14-89be-df473cbf06cb | Context cleanup@openstack cleanup() finished in 17.19 sec
2019-12-27 20:33:23.240 725 INFO rally.task.context [-] Task 22c79bb1-5909-4a14-89be-df473cbf06cb | Context quotas@openstack cleanup() started
2019-12-27 20:33:23.323 725 INFO rally.task.context [-] Task 22c79bb1-5909-4a14-89be-df473cbf06cb | Context quotas@openstack cleanup() finished in 82.28 msec
2019-12-27 20:33:23.323 725 INFO rally.task.context [-] Task 22c79bb1-5909-4a14-89be-df473cbf06cb | Context users@openstack cleanup() started
2019-12-27 20:33:25.699 725 INFO rally.task.context [-] Task 22c79bb1-5909-4a14-89be-df473cbf06cb | Context users@openstack cleanup() finished in 2.38 sec
2019-12-27 20:33:26.937 725 INFO rally.task.engine [-] Load duration is: 53.603007
2019-12-27 20:33:26.937 725 INFO rally.task.engine [-] Full runner duration is: 54.888697
2019-12-27 20:33:26.938 725 INFO rally.task.engine [-] Full duration is: 77.179397
2019-12-27 20:33:27.035 725 INFO rally.task.engine [-] Running workload: position = 0 config = { "version": 2, "title": "A cropped version of a bigger task.", "description": "Auto-generated task from a single workload (uuid=29630a79-9e2a-47db-9305-e6c22045e88e)", "subtasks": [ { "title": "GlanceImages.create_and_deactivate_image", "description": "Create an image, then deactivate it.", "scenario": { "GlanceImages.create_and_deactivate_image": { "container_format": "bare", "disk_format": "qcow2", "image_location": "/home/opnfv/functest/images/cirros-0.4.0-x86_64-disk.img" } }, "contexts": { "users": { "tenants": 3, "users_per_tenant": 2 } }, "runner": { "constant": { "concurrency": 4, "times": 10 } }, "hooks": [], "sla": { "failure_rate": { "max": 0 } } } ] }
2019-12-27 20:33:27.057 725 RALLYDEBUG rally_openstack.contexts.keystone.users [-] Creating 3 tenants using 20 threads
2019-12-27 20:33:27.527 725 RALLYDEBUG rally_openstack.contexts.keystone.users [-] Creating 6 users using 20 threads
2019-12-27 20:33:28.297 725 INFO rally.task.context [-] Task 22c79bb1-5909-4a14-89be-df473cbf06cb | Context users@openstack setup() finished in 1.24 sec
2019-12-27 20:33:28.298 725 INFO rally.task.context [-] Task 22c79bb1-5909-4a14-89be-df473cbf06cb | Context cleanup@openstack setup() finished in 0.02 msec
2019-12-27 20:33:28.309 725 RALLYDEBUG rally.task.runner [-] Starting the constant runner (task UUID: 22c79bb1-5909-4a14-89be-df473cbf06cb). times: 10 concurrency: 4 timeout: 0 max_cpu_used: 88 processes_to_start: 4 concurrency_per_worker: 1 concurrency_overhead: 0
2019-12-27 20:33:28.321 1385 RALLYDEBUG rally.task.runner [-] Starting a worker. times: 10 duration: None concurrency: 1 timeout: 0 cls: method_name: run args: {"container_format": "bare", "disk_format": "qcow2", "image_location": "/home/opnfv/functest/images/cirros-0.4.0-x86_64-disk.img"}
2019-12-27 20:33:28.323 1386 RALLYDEBUG rally.task.runner [-] Starting a worker. times: 10 duration: None concurrency: 1 timeout: 0 cls: method_name: run args: {"container_format": "bare", "disk_format": "qcow2", "image_location": "/home/opnfv/functest/images/cirros-0.4.0-x86_64-disk.img"}
2019-12-27 20:33:28.326 1387 RALLYDEBUG rally.task.runner [-] Starting a worker. times: 10 duration: None concurrency: 1 timeout: 0 cls: method_name: run args: {"container_format": "bare", "disk_format": "qcow2", "image_location": "/home/opnfv/functest/images/cirros-0.4.0-x86_64-disk.img"}
2019-12-27 20:33:28.327 1385 INFO rally.task.runner [-] Task 22c79bb1-5909-4a14-89be-df473cbf06cb | ITER: 1 START
2019-12-27 20:33:28.328 1388 RALLYDEBUG rally.task.runner [-] Starting a worker. times: 10 duration: None concurrency: 1 timeout: 0 cls: method_name: run args: {"container_format": "bare", "disk_format": "qcow2", "image_location": "/home/opnfv/functest/images/cirros-0.4.0-x86_64-disk.img"}
2019-12-27 20:33:28.330 1386 INFO rally.task.runner [-] Task 22c79bb1-5909-4a14-89be-df473cbf06cb | ITER: 2 START
2019-12-27 20:33:28.333 1387 INFO rally.task.runner [-] Task 22c79bb1-5909-4a14-89be-df473cbf06cb | ITER: 3 START
2019-12-27 20:33:28.334 1388 INFO rally.task.runner [-] Task 22c79bb1-5909-4a14-89be-df473cbf06cb | ITER: 4 START
2019-12-27 20:33:30.833 1385 RALLYDEBUG rally.task.utils [-] Waiting for resource '316100a9-0484-4f81-ac9b-150aa4ec181c'. Status changed: NONE => QUEUED in 0.04801654815673828
2019-12-27 20:33:30.845 1387 RALLYDEBUG rally.task.utils [-] Waiting for resource 'c1813395-1ead-4bf7-b870-96aec26057cb'. Status changed: NONE => QUEUED in 0.05233597755432129
2019-12-27 20:33:30.846 1388 RALLYDEBUG rally.task.utils [-] Waiting for resource '5780ba17-1a3c-43db-9e38-4f307d2eb5bb'. Status changed: NONE => QUEUED in 0.05073237419128418
2019-12-27 20:33:30.847 1386 RALLYDEBUG rally.task.utils [-] Waiting for resource '85415b45-8d8d-4522-a6bf-d57818a467d8'. Status changed: NONE => QUEUED in 0.05397439002990723
2019-12-27 20:33:31.346 1386 RALLYDEBUG rally.task.utils [-] Waiting for resource s_rally_29630a79_afLWLVSU. Status changed: QUEUED => ACTIVE in 0.024996042251586914
2019-12-27 20:33:31.361 1385 RALLYDEBUG rally.task.utils [-] Waiting for resource s_rally_29630a79_KwpTWsJy. Status changed: QUEUED => ACTIVE in 0.03143429756164551
2019-12-27 20:33:31.431 1386 INFO rally.task.runner [-] Task 22c79bb1-5909-4a14-89be-df473cbf06cb | ITER: 2 END: OK
2019-12-27 20:33:31.436 1386 INFO rally.task.runner [-] Task 22c79bb1-5909-4a14-89be-df473cbf06cb | ITER: 5 START
2019-12-27 20:33:31.447 1385 INFO rally.task.runner [-] Task 22c79bb1-5909-4a14-89be-df473cbf06cb | ITER: 1 END: OK
2019-12-27 20:33:31.452 1385 INFO rally.task.runner [-] Task 22c79bb1-5909-4a14-89be-df473cbf06cb | ITER: 6 START
2019-12-27 20:33:32.346 1388 RALLYDEBUG rally.task.utils [-] Waiting for resource s_rally_29630a79_4cJNhEBB. Status changed: QUEUED => ACTIVE in 0.0300443172454834
2019-12-27 20:33:32.353 1387 RALLYDEBUG rally.task.utils [-] Waiting for resource s_rally_29630a79_kICiCtBo. Status changed: QUEUED => ACTIVE in 0.030630826950073242
2019-12-27 20:33:32.425 1387 INFO rally.task.runner [-] Task 22c79bb1-5909-4a14-89be-df473cbf06cb | ITER: 3 END: OK
2019-12-27 20:33:32.430 1387 INFO rally.task.runner [-] Task 22c79bb1-5909-4a14-89be-df473cbf06cb | ITER: 7 START
2019-12-27 20:33:32.439 1388 INFO rally.task.runner [-] Task 22c79bb1-5909-4a14-89be-df473cbf06cb | ITER: 4 END: OK
2019-12-27 20:33:32.444 1388 INFO rally.task.runner [-] Task 22c79bb1-5909-4a14-89be-df473cbf06cb | ITER: 8 START
2019-12-27 20:33:33.895 1386 RALLYDEBUG rally.task.utils [-] Waiting for resource 'ab2b2983-8be9-4c6f-b6f0-f10c3a4280dc'. Status changed: NONE => QUEUED in 0.04687166213989258
2019-12-27 20:33:33.900 1385 RALLYDEBUG rally.task.utils [-] Waiting for resource '2b0f3423-62b0-4702-a95a-1099f06db505'. Status changed: NONE => QUEUED in 0.047271013259887695
2019-12-27 20:33:34.798 1388 RALLYDEBUG rally.task.utils [-] Waiting for resource 'ae512215-9907-4e1e-b410-ea20e68c9275'. Status changed: NONE => QUEUED in 0.04772496223449707
2019-12-27 20:33:34.902 1387 RALLYDEBUG rally.task.utils [-] Waiting for resource '1bfebc16-5d5c-422a-8ee1-f3cd5207a1b4'. Status changed: NONE => QUEUED in 0.04774761199951172
2019-12-27 20:33:35.347 1386 RALLYDEBUG rally.task.utils [-] Waiting for resource s_rally_29630a79_6XKpkMHu. Status changed: QUEUED => ACTIVE in 0.029184579849243164
2019-12-27 20:33:35.355 1387 RALLYDEBUG rally.task.utils [-] Waiting for resource s_rally_29630a79_389aAM9q. Status changed: QUEUED => ACTIVE in 0.02816462516784668
2019-12-27 20:33:35.355 1385 RALLYDEBUG rally.task.utils [-] Waiting for resource s_rally_29630a79_NtctQTWB. Status changed: QUEUED => ACTIVE in 0.024567842483520508
