2019-12-27 20:34:33.655 725 DEBUG glanceclient.common.http [-] Request returned failure status 404. _handle_response /usr/lib/python3.6/site-packages/glanceclient/common/http.py:125
2019-12-27 20:34:33.662 725 DEBUG glanceclient.common.http [-] Request returned failure status 404. _handle_response /usr/lib/python3.6/site-packages/glanceclient/common/http.py:125
2019-12-27 20:34:33.664 725 DEBUG glanceclient.common.http [-] Request returned failure status 404. _handle_response /usr/lib/python3.6/site-packages/glanceclient/common/http.py:125
2019-12-27 20:34:33.665 725 DEBUG glanceclient.common.http [-] Request returned failure status 404. _handle_response /usr/lib/python3.6/site-packages/glanceclient/common/http.py:125
2019-12-27 20:34:33.672 725 DEBUG glanceclient.common.http [-] Request returned failure status 404. _handle_response /usr/lib/python3.6/site-packages/glanceclient/common/http.py:125
2019-12-27 20:34:33.685 725 DEBUG glanceclient.common.http [-] Request returned failure status 404. _handle_response /usr/lib/python3.6/site-packages/glanceclient/common/http.py:125
2019-12-27 20:34:33.690 725 DEBUG glanceclient.common.http [-] Request returned failure status 404. _handle_response /usr/lib/python3.6/site-packages/glanceclient/common/http.py:125
2019-12-27 20:34:33.707 725 DEBUG glanceclient.common.http [-] Request returned failure status 404. _handle_response /usr/lib/python3.6/site-packages/glanceclient/common/http.py:125
2019-12-27 20:34:33.709 725 DEBUG glanceclient.common.http [-] Request returned failure status 404. _handle_response /usr/lib/python3.6/site-packages/glanceclient/common/http.py:125
2019-12-27 20:34:33.710 725 DEBUG glanceclient.common.http [-] Request returned failure status 404. _handle_response /usr/lib/python3.6/site-packages/glanceclient/common/http.py:125
2019-12-27 20:34:34.715 725 INFO rally.task.context [-] Task 22c79bb1-5909-4a14-89be-df473cbf06cb | Context cleanup@openstack cleanup() finished in 3.00 sec
2019-12-27 20:34:34.716 725 INFO rally.task.context [-] Task 22c79bb1-5909-4a14-89be-df473cbf06cb | Context users@openstack cleanup() started
2019-12-27 20:34:36.882 725 INFO rally.task.context [-] Task 22c79bb1-5909-4a14-89be-df473cbf06cb | Context users@openstack cleanup() finished in 2.17 sec
2019-12-27 20:34:37.978 725 INFO rally.task.engine [-] Load duration is: 10.112265
2019-12-27 20:34:37.979 725 INFO rally.task.engine [-] Full runner duration is: 10.389849
2019-12-27 20:34:37.979 725 INFO rally.task.engine [-] Full duration is: 17.103078
2019-12-27 20:34:38.066 725 INFO rally.task.engine [-] Task 22c79bb1-5909-4a14-89be-df473cbf06cb | Completed: Running task.
2019-12-27 20:34:39.788 1839 RALLYDEBUG rally.api [-] INFO logs from urllib3 and requests module are hide.
2019-12-27 20:34:39.789 1839 RALLYDEBUG rally.api [-] urllib3 insecure warnings are hidden.
2019-12-27 20:34:39.789 1839 RALLYDEBUG rally.api [-] ERROR log from boto module is hide.
2019-12-27 20:34:41.234 1840 RALLYDEBUG rally.api [-] INFO logs from urllib3 and requests module are hide.
2019-12-27 20:34:41.235 1840 RALLYDEBUG rally.api [-] urllib3 insecure warnings are hidden.
2019-12-27 20:34:41.235 1840 RALLYDEBUG rally.api [-] ERROR log from boto module is hide.
2019-12-27 20:34:42.730 1841 RALLYDEBUG rally.api [-] INFO logs from urllib3 and requests module are hide.
2019-12-27 20:34:42.731 1841 RALLYDEBUG rally.api [-] urllib3 insecure warnings are hidden.
2019-12-27 20:34:42.731 1841 RALLYDEBUG rally.api [-] ERROR log from boto module is hide.
2019-12-27 20:34:44.897 1841 INFO rally.api [-] Building 'json' report for the following task(s): '22c79bb1-5909-4a14-89be-df473cbf06cb'.
2019-12-27 20:34:44.926 1841 INFO rally.api [-] The report has been successfully built.
2019-12-27 20:34:46.515 1843 RALLYDEBUG rally.api [-] INFO logs from urllib3 and requests module are hide.
2019-12-27 20:34:46.515 1843 RALLYDEBUG rally.api [-] urllib3 insecure warnings are hidden.
2019-12-27 20:34:46.515 1843 RALLYDEBUG rally.api [-] ERROR log from boto module is hide.
2019-12-27 20:34:49.183 1843 INFO rally.task.engine [-] Task a6ccca18-b553-414c-9946-917bd4d6573b | Starting: Task validation.
2019-12-27 20:34:49.197 1843 INFO rally.task.engine [-] Task a6ccca18-b553-414c-9946-917bd4d6573b | Starting: Task validation of syntax.
2019-12-27 20:34:49.660 1843 INFO rally.task.engine [-] Task a6ccca18-b553-414c-9946-917bd4d6573b | Completed: Task validation of syntax.
2019-12-27 20:34:49.660 1843 INFO rally.task.engine [-] Task a6ccca18-b553-414c-9946-917bd4d6573b | Starting: Task validation of required platforms.
2019-12-27 20:34:49.868 1843 INFO rally.task.engine [-] Task a6ccca18-b553-414c-9946-917bd4d6573b | Completed: Task validation of required platforms.
2019-12-27 20:34:49.868 1843 INFO rally.task.engine [-] Task a6ccca18-b553-414c-9946-917bd4d6573b | Starting: Task validation of semantic.
2019-12-27 20:34:49.868 1843 INFO rally.task.engine [-] Check health of the environment 'e151d040-daae-43ef-bd55-07744aa69403'.
2019-12-27 20:34:50.400 1843 INFO rally.task.engine [-] Platform existing@openstack (available: True): OK!
2019-12-27 20:34:50.414 1843 RALLYDEBUG rally_openstack.contexts.keystone.users [-] Creating 1 tenants using 20 threads
2019-12-27 20:34:50.755 1843 RALLYDEBUG rally_openstack.contexts.keystone.users [-] Creating 1 users using 20 threads
2019-12-27 20:34:51.392 1843 INFO rally.task.context [-] Task a6ccca18-b553-414c-9946-917bd4d6573b | Context users@openstack setup() finished in 0.98 sec
2019-12-27 20:34:55.808 1843 INFO rally.task.context [-] Task a6ccca18-b553-414c-9946-917bd4d6573b | Context users@openstack cleanup() started
2019-12-27 20:34:57.005 1843 INFO rally.task.context [-] Task a6ccca18-b553-414c-9946-917bd4d6573b | Context users@openstack cleanup() finished in 1.20 sec
2019-12-27 20:34:57.006 1843 INFO rally.task.engine [-] Task a6ccca18-b553-414c-9946-917bd4d6573b | Completed: Task validation of semantic.
2019-12-27 20:34:57.006 1843 INFO rally.task.engine [-] Task a6ccca18-b553-414c-9946-917bd4d6573b | Completed: Task validation.
2019-12-27 20:34:57.007 1843 INFO rally.api [-] Task a6ccca18-b553-414c-9946-917bd4d6573b input file is valid.
2019-12-27 20:34:57.007 1843 INFO rally.api [-] Run Task a6ccca18-b553-414c-9946-917bd4d6573b against Deployment e151d040-daae-43ef-bd55-07744aa69403
2019-12-27 20:34:57.007 1843 INFO rally.task.engine [-] Task a6ccca18-b553-414c-9946-917bd4d6573b | Starting: Running task.
2019-12-27 20:34:57.064 1843 INFO rally.task.engine [-] Running workload: position = 0 config = { "version": 2, "title": "A cropped version of a bigger task.", "description": "Auto-generated task from a single workload (uuid=d2c09b8e-efe7-4a8d-944d-3e99e4e6dd2e)", "subtasks": [ { "title": "CinderVolumes.create_and_attach_volume", "description": "Create a VM and attach a volume to it.", "scenario": { "CinderVolumes.create_and_attach_volume": { "flavor": { "name": "rally_full-flavor_36367365-141e-491e-9278-0872bf21122a" }, "image": { "name": "rally_full-img_36367365-141e-491e-9278-0872bf21122a" }, "size": 1, "nics": [ { "net-id": "1e55b386-f4ab-4c3b-a854-395b1368fcf2" } ] } }, "contexts": { "users": { "tenants": 3, "users_per_tenant": 2 }, "quotas": { "cinder": { "gigabytes": -1, "snapshots": -1, "volumes": -1 } }, "api_versions": { "cinder": { "version": 3, "service_type": "volumev3" } } }, "runner": { "constant": { "concurrency": 4, "times": 10 } }, "hooks": [], "sla": { "failure_rate": { "max": 0 } } } ] }
2019-12-27 20:34:57.082 1843 RALLYDEBUG rally_openstack.contexts.keystone.users [-] Creating 3 tenants using 20 threads
2019-12-27 20:34:57.487 1843 RALLYDEBUG rally_openstack.contexts.keystone.users [-] Creating 6 users using 20 threads
2019-12-27 20:34:58.399 1843 INFO rally.task.context [-] Task a6ccca18-b553-414c-9946-917bd4d6573b | Context users@openstack setup() finished in 1.32 sec
2019-12-27 20:34:58.557 1843 INFO rally.task.context [-] Task a6ccca18-b553-414c-9946-917bd4d6573b | Context api_versions@openstack setup() finished in 0.16 sec
2019-12-27 20:34:59.197 1843 INFO rally.task.context [-] Task a6ccca18-b553-414c-9946-917bd4d6573b | Context quotas@openstack setup() finished in 0.64 sec
2019-12-27 20:34:59.198 1843 INFO rally.task.context [-] Task a6ccca18-b553-414c-9946-917bd4d6573b | Context cleanup@openstack setup() finished in 0.01 msec
2019-12-27 20:34:59.751 1843 RALLYDEBUG rally.task.runner [-] Starting the constant runner (task UUID: a6ccca18-b553-414c-9946-917bd4d6573b). times: 10 concurrency: 4 timeout: 0 max_cpu_used: 88 processes_to_start: 4 concurrency_per_worker: 1 concurrency_overhead: 0
2019-12-27 20:34:59.763 1967 RALLYDEBUG rally.task.runner [-] Starting a worker. times: 10 duration: None concurrency: 1 timeout: 0 cls: method_name: run args: {"flavor": "c28c0299-fc4f-4504-8190-b508d68552b4", "image": "8e9857b8-e9c2-49d8-a3fa-6bf33c036d9e", "size": 1, "nics": [{"net-id": "1e55b386-f4ab-4c3b-a854-395b1368fcf2"}]}
2019-12-27 20:34:59.766 1968 RALLYDEBUG rally.task.runner [-] Starting a worker. times: 10 duration: None concurrency: 1 timeout: 0 cls: method_name: run args: {"flavor": "c28c0299-fc4f-4504-8190-b508d68552b4", "image": "8e9857b8-e9c2-49d8-a3fa-6bf33c036d9e", "size": 1, "nics": [{"net-id": "1e55b386-f4ab-4c3b-a854-395b1368fcf2"}]}
2019-12-27 20:34:59.769 1969 RALLYDEBUG rally.task.runner [-] Starting a worker. times: 10 duration: None concurrency: 1 timeout: 0 cls: method_name: run args: {"flavor": "c28c0299-fc4f-4504-8190-b508d68552b4", "image": "8e9857b8-e9c2-49d8-a3fa-6bf33c036d9e", "size": 1, "nics": [{"net-id": "1e55b386-f4ab-4c3b-a854-395b1368fcf2"}]}
2019-12-27 20:34:59.771 1967 INFO rally.task.runner [-] Task a6ccca18-b553-414c-9946-917bd4d6573b | ITER: 1 START
2019-12-27 20:34:59.771 1970 RALLYDEBUG rally.task.runner [-] Starting a worker. times: 10 duration: None concurrency: 1 timeout: 0 cls: method_name: run args: {"flavor": "c28c0299-fc4f-4504-8190-b508d68552b4", "image": "8e9857b8-e9c2-49d8-a3fa-6bf33c036d9e", "size": 1, "nics": [{"net-id": "1e55b386-f4ab-4c3b-a854-395b1368fcf2"}]}
2019-12-27 20:34:59.773 1968 INFO rally.task.runner [-] Task a6ccca18-b553-414c-9946-917bd4d6573b | ITER: 2 START
2019-12-27 20:34:59.775 1969 INFO rally.task.runner [-] Task a6ccca18-b553-414c-9946-917bd4d6573b | ITER: 3 START
2019-12-27 20:34:59.778 1970 INFO rally.task.runner [-] Task a6ccca18-b553-414c-9946-917bd4d6573b | ITER: 4 START
2019-12-27 20:35:11.748 1970 RALLYDEBUG rally.task.utils [-] Waiting for resource s_rally_d2c09b8e_EIYrtjdo. Status changed: BUILD => ACTIVE in 9.743423223495483
2019-12-27 20:35:13.231 1969 RALLYDEBUG rally.task.utils [-] Waiting for resource s_rally_d2c09b8e_Ecgquf8X. Status changed: BUILD => ACTIVE in 11.30619215965271
2019-12-27 20:35:13.256 1967 RALLYDEBUG rally.task.utils [-] Waiting for resource s_rally_d2c09b8e_bPVbLIAX. Status changed: BUILD => ACTIVE in 11.209510087966919
2019-12-27 20:35:14.979 1968 RALLYDEBUG rally.task.utils [-] Waiting for resource s_rally_d2c09b8e_VkwBgKbq. Status changed: BUILD => ACTIVE in 13.252880573272705
2019-12-27 20:35:15.567 1970 RALLYDEBUG rally.task.utils [-] Waiting for resource s_rally_d2c09b8e_M85jawRM. Status changed: AVAILABLE => RESERVED in 0.1849069595336914
2019-12-27 20:35:16.418 1969 RALLYDEBUG rally.task.utils [-] Waiting for resource s_rally_d2c09b8e_6DYrM0nf. Status changed: AVAILABLE => RESERVED in 0.23667287826538086
2019-12-27 20:35:16.466 1967 RALLYDEBUG rally.task.utils [-] Waiting for resource s_rally_d2c09b8e_Q9E3fRO9. Status changed: AVAILABLE => RESERVED in 0.2135608196258545
2019-12-27 20:35:17.782 1970 RALLYDEBUG rally.task.utils [-] Waiting for resource s_rally_d2c09b8e_M85jawRM. Status changed: RESERVED => IN-USE in 2.214740037918091
2019-12-27 20:35:18.132 1968 RALLYDEBUG rally.task.utils [-] Waiting for resource s_rally_d2c09b8e_VCUp6A1N. Status changed: AVAILABLE => RESERVED in 0.208540678024292
2019-12-27 20:35:18.265 1970 RALLYDEBUG rally.task.utils [-] Waiting for resource s_rally_d2c09b8e_M85jawRM. Status changed: AVAILABLE => DETACHING in 0.2388298511505127
2019-12-27 20:35:18.652 1969 RALLYDEBUG rally.task.utils [-] Waiting for resource s_rally_d2c09b8e_6DYrM0nf. Status changed: RESERVED => IN-USE in 2.2344112396240234
2019-12-27 20:35:18.704 1967 RALLYDEBUG rally.task.utils [-] Waiting for resource s_rally_d2c09b8e_Q9E3fRO9. Status changed: RESERVED => IN-USE in 2.2382497787475586
2019-12-27 20:35:19.231 1967 RALLYDEBUG rally.task.utils [-] Waiting for resource s_rally_d2c09b8e_Q9E3fRO9. Status changed: AVAILABLE => DETACHING in 0.2649827003479004
2019-12-27 20:35:20.160 1969 RALLYDEBUG rally.task.utils [-] Waiting for resource s_rally_d2c09b8e_6DYrM0nf. Status changed: AVAILABLE => DETACHING in 0.25888919830322266
2019-12-27 20:35:20.392 1968 RALLYDEBUG rally.task.utils [-] Waiting for resource s_rally_d2c09b8e_VCUp6A1N. Status changed: RESERVED => IN-USE in 2.2607522010803223
2019-12-27 20:35:20.453 1970 RALLYDEBUG rally.task.utils [-] Waiting for resource s_rally_d2c09b8e_M85jawRM. Status changed: DETACHING => AVAILABLE in 2.1884331703186035
2019-12-27 20:35:20.608 1970 RALLYDEBUG rally.task.utils [-] Waiting for resource s_rally_d2c09b8e_M85jawRM. Status changed: AVAILABLE => DELETING in 0.07180523872375488
2019-12-27 20:35:20.827 1968 RALLYDEBUG rally.task.utils [-] Waiting for resource s_rally_d2c09b8e_VCUp6A1N. Status changed: AVAILABLE => DETACHING in 0.18752574920654297
2019-12-27 20:35:21.488 1967 RALLYDEBUG rally.task.utils [-] Waiting for resource s_rally_d2c09b8e_Q9E3fRO9. Status changed: DETACHING => AVAILABLE in 2.257638931274414
2019-12-27 20:35:21.661 1967 RALLYDEBUG rally.task.utils [-] Waiting for resource s_rally_d2c09b8e_Q9E3fRO9. Status changed: AVAILABLE => DELETING in 0.09082531929016113
2019-12-27 20:35:22.361 1969 RALLYDEBUG rally.task.utils [-] Waiting for resource s_rally_d2c09b8e_6DYrM0nf. Status changed: DETACHING => AVAILABLE in 2.2009329795837402
2019-12-27 20:35:22.516 1969 RALLYDEBUG rally.task.utils [-] Waiting for resource s_rally_d2c09b8e_6DYrM0nf. Status changed: AVAILABLE => DELETING in 0.0816957950592041
2019-12-27 20:35:23.044 1968 RALLYDEBUG rally.task.utils [-] Waiting for resource s_rally_d2c09b8e_VCUp6A1N. Status changed: DETACHING => AVAILABLE in 2.2158048152923584
2019-12-27 20:35:23.193 1968 RALLYDEBUG rally.task.utils [-] Waiting for resource s_rally_d2c09b8e_VCUp6A1N. Status changed: AVAILABLE => DELETING in 0.07087230682373047
2019-12-27 20:35:25.364 1970 INFO rally.task.runner [-] Task a6ccca18-b553-414c-9946-917bd4d6573b | ITER: 4 END: OK
2019-12-27 20:35:25.373 1970 INFO rally.task.runner [-] Task a6ccca18-b553-414c-9946-917bd4d6573b | ITER: 5 START
2019-12-27 20:35:27.499 1969 INFO rally.task.runner [-] Task a6ccca18-b553-414c-9946-917bd4d6573b | ITER: 3 END: OK
2019-12-27 20:35:27.506 1969 INFO rally.task.runner [-] Task a6ccca18-b553-414c-9946-917bd4d6573b | ITER: 6 START
2019-12-27 20:35:27.654 1968 INFO rally.task.runner [-] Task a6ccca18-b553-414c-9946-917bd4d6573b | ITER: 2 END: OK
2019-12-27 20:35:27.661 1968 INFO rally.task.runner [-] Task a6ccca18-b553-414c-9946-917bd4d6573b | ITER: 7 START
2019-12-27 20:35:29.368 1967 INFO rally.task.runner [-] Task a6ccca18-b553-414c-9946-917bd4d6573b | ITER: 1 END: OK
2019-12-27 20:35:29.376 1967 INFO rally.task.runner [-] Task a6ccca18-b553-414c-9946-917bd4d6573b | ITER: 8 START
2019-12-27 20:35:37.306 1970 RALLYDEBUG rally.task.utils [-] Waiting for resource s_rally_d2c09b8e_dHybvwxN. Status changed: BUILD => ACTIVE in 9.7446768283844
2019-12-27 20:35:37.423 1969 RALLYDEBUG rally.task.utils [-] Waiting for resource s_rally_d2c09b8e_szIJeX0O. Status changed: BUILD => ACTIVE in 6.833261966705322
2019-12-27 20:35:39.685 1968 RALLYDEBUG rally.task.utils [-] Waiting for resource s_rally_d2c09b8e_z7kaxXYm. Status changed: BUILD => ACTIVE in 9.478898525238037
2019-12-27 20:35:40.384 1970 RALLYDEBUG rally.task.utils [-] Waiting for resource s_rally_d2c09b8e_iCYX6Rlz. Status changed: AVAILABLE => RESERVED in 0.19809746742248535
2019-12-27 20:35:40.670 1969 RALLYDEBUG rally.task.utils [-] Waiting for resource s_rally_d2c09b8e_F5HDelVD. Status changed: AVAILABLE => RESERVED in 0.1953439712524414
2019-12-27 20:35:41.464 1967 RALLYDEBUG rally.task.utils [-] Waiting for resource s_rally_d2c09b8e_eHgaoSRq. Status changed: BUILD => ACTIVE in 9.43393325805664
2019-12-27 20:35:42.595 1970 RALLYDEBUG rally.task.utils [-] Waiting for resource s_rally_d2c09b8e_iCYX6Rlz. Status changed: RESERVED => IN-USE in 2.2114479541778564
2019-12-27 20:35:42.761 1968 RALLYDEBUG rally.task.utils [-] Waiting for resource s_rally_d2c09b8e_4xbBKuKF. Status changed: AVAILABLE => RESERVED in 0.19870567321777344
2019-12-27 20:35:42.855 1969 RALLYDEBUG rally.task.utils [-] Waiting for resource s_rally_d2c09b8e_F5HDelVD. Status changed: RESERVED => IN-USE in 2.1843786239624023
2019-12-27 20:35:43.003 1970 RALLYDEBUG rally.task.utils [-] Waiting for resource s_rally_d2c09b8e_iCYX6Rlz. Status changed: AVAILABLE => DETACHING in 0.19025540351867676
2019-12-27 20:35:43.258 1969 RALLYDEBUG rally.task.utils [-] Waiting for resource s_rally_d2c09b8e_F5HDelVD. Status changed: AVAILABLE => DETACHING in 0.18786406517028809
2019-12-27 20:35:44.556 1967 RALLYDEBUG rally.task.utils [-] Waiting for resource s_rally_d2c09b8e_rEXYIdsB. Status changed: AVAILABLE => RESERVED in 0.17806673049926758
2019-12-27 20:35:44.967 1968 RALLYDEBUG rally.task.utils [-] Waiting for resource s_rally_d2c09b8e_4xbBKuKF. Status changed: RESERVED => IN-USE in 2.205329656600952
2019-12-27 20:35:45.208 1970 RALLYDEBUG rally.task.utils [-] Waiting for resource s_rally_d2c09b8e_iCYX6Rlz. Status changed: DETACHING => AVAILABLE in 2.2049427032470703
2019-12-27 20:35:45.446 1970 RALLYDEBUG rally.task.utils [-] Waiting for resource s_rally_d2c09b8e_iCYX6Rlz. Status changed: AVAILABLE => DELETING in 0.09897708892822266
2019-12-27 20:35:45.459 1969 RALLYDEBUG rally.task.utils [-] Waiting for resource s_rally_d2c09b8e_F5HDelVD. Status changed: DETACHING => AVAILABLE in 2.2012269496917725
2019-12-27 20:35:45.462 1968 RALLYDEBUG rally.task.utils [-] Waiting for resource s_rally_d2c09b8e_4xbBKuKF. Status changed: AVAILABLE => DETACHING in 0.1931757926940918
2019-12-27 20:35:45.613 1969 RALLYDEBUG rally.task.utils [-] Waiting for resource s_rally_d2c09b8e_F5HDelVD. Status changed: AVAILABLE => DELETING in 0.07917189598083496
2019-12-27 20:35:46.784 1967 RALLYDEBUG rally.task.utils [-] Waiting for resource s_rally_d2c09b8e_rEXYIdsB. Status changed: RESERVED => IN-USE in 2.2273547649383545
2019-12-27 20:35:47.318 1967 RALLYDEBUG rally.task.utils [-] Waiting for resource s_rally_d2c09b8e_rEXYIdsB. Status changed: AVAILABLE => DETACHING in 0.291154146194458
2019-12-27 20:35:47.661 1968 RALLYDEBUG rally.task.utils [-] Waiting for resource s_rally_d2c09b8e_4xbBKuKF. Status changed: DETACHING => AVAILABLE in 2.1980223655700684
2019-12-27 20:35:47.806 1968 RALLYDEBUG rally.task.utils [-] Waiting for resource s_rally_d2c09b8e_4xbBKuKF. Status changed: AVAILABLE => DELETING in 0.07403898239135742
2019-12-27 20:35:49.522 1967 RALLYDEBUG rally.task.utils [-] Waiting for resource s_rally_d2c09b8e_rEXYIdsB. Status changed: DETACHING => AVAILABLE in 2.204693555831909
2019-12-27 20:35:49.676 1967 RALLYDEBUG rally.task.utils [-] Waiting for resource s_rally_d2c09b8e_rEXYIdsB. Status changed: AVAILABLE => DELETING in 0.07321763038635254
2019-12-27 20:35:50.458 1969 INFO rally.task.runner [-] Task a6ccca18-b553-414c-9946-917bd4d6573b | ITER: 6 END: OK
2019-12-27 20:35:50.464 1969 INFO rally.task.runner [-] Task a6ccca18-b553-414c-9946-917bd4d6573b | ITER: 9 START
2019-12-27 20:35:52.425 1970 INFO rally.task.runner [-] Task a6ccca18-b553-414c-9946-917bd4d6573b | ITER: 5 END: OK
2019-12-27 20:35:52.431 1970 INFO rally.task.runner [-] Task a6ccca18-b553-414c-9946-917bd4d6573b | ITER: 10 START
2019-12-27 20:35:52.538 1968 INFO rally.task.runner [-] Task a6ccca18-b553-414c-9946-917bd4d6573b | ITER: 7 END: OK
2019-12-27 20:35:55.224 1967 INFO rally.task.runner [-] Task a6ccca18-b553-414c-9946-917bd4d6573b | ITER: 8 END: OK
2019-12-27 20:36:00.276 1969 RALLYDEBUG rally.task.utils [-] Waiting for resource s_rally_d2c09b8e_jefaaPc8. Status changed: BUILD => ACTIVE in 6.773835182189941
2019-12-27 20:36:03.298 1969 RALLYDEBUG rally.task.utils [-] Waiting for resource s_rally_d2c09b8e_2G7oH6dN. Status changed: AVAILABLE => RESERVED in 0.20248055458068848
2019-12-27 20:36:03.773 1970 RALLYDEBUG rally.task.utils [-] Waiting for resource s_rally_d2c09b8e_IOID67G7. Status changed: BUILD => ACTIVE in 9.392101764678955
2019-12-27 20:36:05.493 1969 RALLYDEBUG rally.task.utils [-] Waiting for resource s_rally_d2c09b8e_2G7oH6dN. Status changed: RESERVED => IN-USE in 2.194730043411255
2019-12-27 20:36:05.896 1969 RALLYDEBUG rally.task.utils [-] Waiting for resource s_rally_d2c09b8e_2G7oH6dN. Status changed: AVAILABLE => DETACHING in 0.18823480606079102
2019-12-27 20:36:06.841 1970 RALLYDEBUG rally.task.utils [-] Waiting for resource s_rally_d2c09b8e_gA6GXujv. Status changed: AVAILABLE => RESERVED in 0.20800280570983887
2019-12-27 20:36:08.106 1969 RALLYDEBUG rally.task.utils [-] Waiting for resource s_rally_d2c09b8e_2G7oH6dN. Status changed: DETACHING => AVAILABLE in 2.210210084915161
2019-12-27 20:36:08.531 1969 RALLYDEBUG rally.task.utils [-] Waiting for resource s_rally_d2c09b8e_2G7oH6dN. Status changed: AVAILABLE => DELETING in 0.33164310455322266
2019-12-27 20:36:09.041 1970 RALLYDEBUG rally.task.utils [-] Waiting for resource s_rally_d2c09b8e_gA6GXujv. Status changed: RESERVED => IN-USE in 2.19980525970459
2019-12-27 20:36:09.492 1970 RALLYDEBUG rally.task.utils [-] Waiting for resource s_rally_d2c09b8e_gA6GXujv. Status changed: AVAILABLE => DETACHING in 0.2080090045928955
2019-12-27 20:36:11.685 1970 RALLYDEBUG rally.task.utils [-] Waiting for resource s_rally_d2c09b8e_gA6GXujv. Status changed: DETACHING => AVAILABLE in 2.192945957183838
2019-12-27 20:36:11.827 1970 RALLYDEBUG rally.task.utils [-] Waiting for resource s_rally_d2c09b8e_gA6GXujv. Status changed: AVAILABLE => DELETING in 0.07095694541931152
2019-12-27 20:36:13.018 1969 INFO rally.task.runner [-] Task a6ccca18-b553-414c-9946-917bd4d6573b | ITER: 9 END: OK
2019-12-27 20:36:16.284 1970 INFO rally.task.runner [-] Task a6ccca18-b553-414c-9946-917bd4d6573b | ITER: 10 END: OK
2019-12-27 20:36:16.316 1843 INFO rally.task.context [-] Task a6ccca18-b553-414c-9946-917bd4d6573b | Context cleanup@openstack cleanup() started
2019-12-27 20:36:16.322 1843 RALLYDEBUG rally_openstack.cleanup.manager [-] Cleaning up nova servers objects
2019-12-27 20:36:17.087 1843 RALLYDEBUG rally_openstack.cleanup.manager [-] Cleaning up nova server_groups objects
2019-12-27 20:36:17.597 1843 RALLYDEBUG rally_openstack.cleanup.manager [-] Cleaning up nova keypairs objects
2019-12-27 20:36:18.432 1843 RALLYDEBUG rally_openstack.cleanup.manager [-] Cleaning up cinder backups objects
2019-12-27 20:36:18.872 1843 RALLYDEBUG rally_openstack.cleanup.manager [-] Cleaning up cinder volume_snapshots objects
2019-12-27 20:36:19.324 1843 RALLYDEBUG rally_openstack.cleanup.manager [-] Cleaning up cinder transfers objects
2019-12-27 20:36:19.829 1843 RALLYDEBUG rally_openstack.cleanup.manager [-] Cleaning up cinder volumes objects
2019-12-27 20:36:20.339 1843 INFO rally.task.context [-] Task a6ccca18-b553-414c-9946-917bd4d6573b | Context cleanup@openstack cleanup() finished in 4.02 sec
2019-12-27 20:36:20.340 1843 INFO rally.task.context [-] Task a6ccca18-b553-414c-9946-917bd4d6573b | Context quotas@openstack cleanup() started
2019-12-27 20:36:20.422 1843 INFO rally.task.context [-] Task a6ccca18-b553-414c-9946-917bd4d6573b | Context quotas@openstack cleanup() finished in 81.41 msec
2019-12-27 20:36:20.422 1843 INFO rally.task.context [-] Task a6ccca18-b553-414c-9946-917bd4d6573b | Context api_versions@openstack cleanup() started
2019-12-27 20:36:20.422 1843 INFO rally.task.context [-] Task a6ccca18-b553-414c-9946-917bd4d6573b | Context api_versions@openstack cleanup() finished in 0.32 msec
2019-12-27 20:36:20.423 1843 INFO rally.task.context [-] Task a6ccca18-b553-414c-9946-917bd4d6573b | Context users@openstack cleanup() started
2019-12-27 20:36:23.114 1843 INFO rally.task.context [-] Task a6ccca18-b553-414c-9946-917bd4d6573b | Context users@openstack cleanup() finished in 2.69 sec
2019-12-27 20:36:23.479 1843 INFO rally.task.engine [-] Load duration is: 75.508408
2019-12-27 20:36:23.480 1843 INFO rally.task.engine [-] Full runner duration is: 76.564512
2019-12-27 20:36:23.480 1843 INFO rally.task.engine [-] Full duration is: 86.034964
2019-12-27 20:36:23.583 1843 INFO rally.task.engine [-] Running workload: position = 0 config = { "version": 2, "title": "A cropped version of a bigger task.", "description": "Auto-generated task from a single workload (uuid=ca3afb0e-69dd-4c03-a254-ebafebd2c6a8)", "subtasks": [ { "title": "CinderVolumes.create_and_list_snapshots", "description": "Create and then list a volume-snapshot.", "scenario": { "CinderVolumes.create_and_list_snapshots": { "detailed": true, "force": false } }, "contexts": { "users": { "tenants": 3, "users_per_tenant": 2 }, "quotas": { "cinder": { "gigabytes": -1, "snapshots": -1, "volumes": -1 } }, "api_versions": { "cinder": { "version": 3, "service_type": "volumev3" } }, "volumes": { "size": 1, "volumes_per_tenant": 1 } }, "runner": { "constant": { "concurrency": 4, "times": 10 } }, "hooks": [], "sla": { "failure_rate": { "max": 0 } } } ] }
2019-12-27 20:36:23.610 1843 RALLYDEBUG rally_openstack.contexts.keystone.users [-] Creating 3 tenants using 20 threads
2019-12-27 20:36:24.081 1843 RALLYDEBUG rally_openstack.contexts.keystone.users [-] Creating 6 users using 20 threads
2019-12-27 20:36:24.931 1843 INFO rally.task.context [-] Task a6ccca18-b553-414c-9946-917bd4d6573b | Context users@openstack setup() finished in 1.32 sec
2019-12-27 20:36:25.098 1843 INFO rally.task.context [-] Task a6ccca18-b553-414c-9946-917bd4d6573b | Context api_versions@openstack setup() finished in 0.17 sec
2019-12-27 20:36:25.674 1843 INFO rally.task.context [-] Task a6ccca18-b553-414c-9946-917bd4d6573b | Context quotas@openstack setup() finished in 0.58 sec
2019-12-27 20:36:33.852 1843 INFO rally.task.context [-] Task a6ccca18-b553-414c-9946-917bd4d6573b | Context volumes@openstack setup() finished in 8.18 sec
2019-12-27 20:36:33.853 1843 INFO rally.task.context [-] Task a6ccca18-b553-414c-9946-917bd4d6573b | Context cleanup@openstack setup() finished in 0.02 msec
2019-12-27 20:36:33.864 1843 RALLYDEBUG rally.task.runner [-] Starting the constant runner (task UUID: a6ccca18-b553-414c-9946-917bd4d6573b). times: 10 concurrency: 4 timeout: 0 max_cpu_used: 88 processes_to_start: 4 concurrency_per_worker: 1 concurrency_overhead: 0
2019-12-27 20:36:33.875 2211 RALLYDEBUG rally.task.runner [-] Starting a worker. times: 10 duration: None concurrency: 1 timeout: 0 cls: method_name: run args: {"detailed": true, "force": false}
2019-12-27 20:36:33.877 2212 RALLYDEBUG rally.task.runner [-] Starting a worker. times: 10 duration: None concurrency: 1 timeout: 0 cls: method_name: run args: {"detailed": true, "force": false}
2019-12-27 20:36:33.879 2213 RALLYDEBUG rally.task.runner [-] Starting a worker. times: 10 duration: None concurrency: 1 timeout: 0 cls: method_name: run args: {"detailed": true, "force": false}
2019-12-27 20:36:33.882 2214 RALLYDEBUG rally.task.runner [-] Starting a worker. times: 10 duration: None concurrency: 1 timeout: 0 cls: method_name: run args: {"detailed": true, "force": false}
2019-12-27 20:36:33.883 2211 INFO rally.task.runner [-] Task a6ccca18-b553-414c-9946-917bd4d6573b | ITER: 1 START
2019-12-27 20:36:33.885 2212 INFO rally.task.runner [-] Task a6ccca18-b553-414c-9946-917bd4d6573b | ITER: 2 START
2019-12-27 20:36:33.886 2213 INFO rally.task.runner [-] Task a6ccca18-b553-414c-9946-917bd4d6573b | ITER: 3 START
2019-12-27 20:36:33.889 2214 INFO rally.task.runner [-] Task a6ccca18-b553-414c-9946-917bd4d6573b | ITER: 4 START
2019-12-27 20:36:36.398 2211 INFO rally.task.runner [-] Task a6ccca18-b553-414c-9946-917bd4d6573b | ITER: 1 END: OK
2019-12-27 20:36:36.403 2211 INFO rally.task.runner [-] Task a6ccca18-b553-414c-9946-917bd4d6573b | ITER: 5 START
2019-12-27 20:36:36.429 2213 INFO rally.task.runner [-] Task a6ccca18-b553-414c-9946-917bd4d6573b | ITER: 3 END: OK
2019-12-27 20:36:36.435 2213 INFO rally.task.runner [-] Task a6ccca18-b553-414c-9946-917bd4d6573b | ITER: 6 START
2019-12-27 20:36:36.442 2212 INFO rally.task.runner [-] Task a6ccca18-b553-414c-9946-917bd4d6573b | ITER: 2 END: OK
2019-12-27 20:36:36.447 2212 INFO rally.task.runner [-] Task a6ccca18-b553-414c-9946-917bd4d6573b | ITER: 7 START
2019-12-27 20:36:38.473 2214 RALLYDEBUG rally.task.utils [-] Waiting for resource s_rally_ca3afb0e_wg9b0rpc. Status changed: CREATING => AVAILABLE in 2.1147243976593018
2019-12-27 20:36:38.521 2214 INFO rally.task.runner [-] Task a6ccca18-b553-414c-9946-917bd4d6573b | ITER: 4 END: OK
2019-12-27 20:36:38.527 2214 INFO rally.task.runner [-] Task a6ccca18-b553-414c-9946-917bd4d6573b | ITER: 8 START
2019-12-27 20:36:38.788 2211 INFO rally.task.runner [-] Task a6ccca18-b553-414c-9946-917bd4d6573b | ITER: 5 END: OK
2019-12-27 20:36:38.794 2211 INFO rally.task.runner [-] Task a6ccca18-b553-414c-9946-917bd4d6573b | ITER: 9 START
2019-12-27 20:36:38.818 2213 INFO rally.task.runner [-] Task a6ccca18-b553-414c-9946-917bd4d6573b | ITER: 6 END: OK
2019-12-27 20:36:38.823 2213 INFO rally.task.runner [-] Task a6ccca18-b553-414c-9946-917bd4d6573b | ITER: 10 START
2019-12-27 20:36:39.081 2212 INFO rally.task.runner [-] Task a6ccca18-b553-414c-9946-917bd4d6573b | ITER: 7 END: OK
2019-12-27 20:36:40.949 2214 INFO rally.task.runner [-] Task a6ccca18-b553-414c-9946-917bd4d6573b | ITER: 8 END: OK
2019-12-27 20:36:41.180 2211 INFO rally.task.runner [-] Task a6ccca18-b553-414c-9946-917bd4d6573b | ITER: 9 END: OK
2019-12-27 20:36:41.223 2213 INFO rally.task.runner [-] Task a6ccca18-b553-414c-9946-917bd4d6573b | ITER: 10 END: OK
2019-12-27 20:36:41.251 1843 INFO rally.task.context [-] Task a6ccca18-b553-414c-9946-917bd4d6573b | Context cleanup@openstack cleanup() started
2019-12-27 20:36:41.256 1843 RALLYDEBUG rally_openstack.cleanup.manager [-] Cleaning up cinder backups objects
2019-12-27 20:36:41.688 1843 RALLYDEBUG rally_openstack.cleanup.manager [-] Cleaning up cinder volume_snapshots objects
2019-12-27 20:36:42.122 1843 RALLYDEBUG rally_openstack.cleanup.manager [-] Deleting cinder.volume_snapshots object s_rally_ca3afb0e_QYHPPDsm (f6465549-064f-48c5-896a-a0219d7d2241)
2019-12-27 20:36:42.129 1843 RALLYDEBUG rally_openstack.cleanup.manager [-] Deleting cinder.volume_snapshots object s_rally_ca3afb0e_A8ufUxtk (247fb796-b5a9-49ab-9f0e-c03db1f59053)
2019-12-27 20:36:42.134 1843 RALLYDEBUG rally_openstack.cleanup.manager [-] Deleting cinder.volume_snapshots object s_rally_ca3afb0e_BlPxpbyU (2f11ca47-f12a-4c2b-8b91-3e2032d51aa2)
2019-12-27 20:36:42.143 1843 RALLYDEBUG rally_openstack.cleanup.manager [-] Deleting cinder.volume_snapshots object s_rally_ca3afb0e_a5J5VnxW (56238893-bbfc-4d8d-97ba-a9358ce20c54)
2019-12-27 20:36:42.162 1843 RALLYDEBUG rally_openstack.cleanup.manager [-] Deleting cinder.volume_snapshots object s_rally_ca3afb0e_pnMDA9Sx (4dfecd6b-75b0-46af-a4de-ddc0ed63f5c8)
2019-12-27 20:36:42.170 1843 RALLYDEBUG rally_openstack.cleanup.manager [-] Deleting cinder.volume_snapshots object s_rally_ca3afb0e_TJzEqlNk (087c65b2-ffb8-4594-8b23-8d79b775a2f3)
2019-12-27 20:36:42.177 1843 RALLYDEBUG rally_openstack.cleanup.manager [-] Deleting cinder.volume_snapshots object s_rally_ca3afb0e_AvODXmhl (8e33e2c8-4320-4339-ac9f-22d498eb7827)
2019-12-27 20:36:42.189 1843 RALLYDEBUG rally_openstack.cleanup.manager [-] Deleting cinder.volume_snapshots object s_rally_ca3afb0e_as2zYsw2 (66a10f20-14f4-4aad-8b19-5c0763b87758)
2019-12-27 20:36:42.216 1843 RALLYDEBUG rally_openstack.cleanup.manager [-] Deleting cinder.volume_snapshots object s_rally_ca3afb0e_wg9b0rpc (3948be01-9bf5-4122-970f-7fc42c3497c2)
2019-12-27 20:36:42.230 1843 RALLYDEBUG rally_openstack.cleanup.manager [-] Deleting cinder.volume_snapshots object s_rally_ca3afb0e_GwMC6F5w (24a50186-a9ef-4fcf-91a0-d773d1c80e9a)
2019-12-27 20:36:45.682 1843 RALLYDEBUG rally_openstack.cleanup.manager [-] Cleaning up cinder transfers objects
2019-12-27 20:36:46.092 1843 RALLYDEBUG rally_openstack.cleanup.manager [-] Cleaning up cinder volumes objects
2019-12-27 20:36:46.629 1843 INFO rally.task.context [-] Task a6ccca18-b553-414c-9946-917bd4d6573b | Context cleanup@openstack cleanup() finished in 5.38 sec
2019-12-27 20:36:46.630 1843 INFO rally.task.context [-] Task a6ccca18-b553-414c-9946-917bd4d6573b | Context volumes@openstack cleanup() started
2019-12-27 20:36:46.631 1843 RALLYDEBUG rally_openstack.cleanup.manager [-] Cleaning up cinder volumes objects
2019-12-27 20:36:47.130 1843 RALLYDEBUG rally_openstack.cleanup.manager [-] Deleting cinder.volumes object c_rally_ca3afb0e_4awId9Zc (a9d248a4-706d-4ebc-814d-b2479a55b604)
2019-12-27 20:36:47.136 1843 RALLYDEBUG rally_openstack.cleanup.manager [-] Deleting cinder.volumes object c_rally_ca3afb0e_IXMgkRWH (a2a30a1f-e0e3-476b-af65-c37189bd66ce)
2019-12-27 20:36:47.143 1843 RALLYDEBUG rally_openstack.cleanup.manager [-] Deleting cinder.volumes object c_rally_ca3afb0e_oJcokTZr (4f2b286a-4bb8-4606-a12b-e4be17316a60)
2019-12-27 20:36:49.511 1843 INFO rally.task.context [-] Task a6ccca18-b553-414c-9946-917bd4d6573b | Context volumes@openstack cleanup() finished in 2.88 sec
2019-12-27 20:36:49.512 1843 INFO rally.task.context [-] Task a6ccca18-b553-414c-9946-917bd4d6573b | Context quotas@openstack cleanup() started
2019-12-27 20:36:49.599 1843 INFO rally.task.context [-] Task a6ccca18-b553-414c-9946-917bd4d6573b | Context quotas@openstack cleanup() finished in 87.31 msec
2019-12-27 20:36:49.600 1843 INFO rally.task.context [-] Task a6ccca18-b553-414c-9946-917bd4d6573b | Context api_versions@openstack cleanup() started
2019-12-27 20:36:49.600 1843 INFO rally.task.context [-] Task a6ccca18-b553-414c-9946-917bd4d6573b | Context api_versions@openstack cleanup() finished in 0.20 msec
2019-12-27 20:36:49.600 1843 INFO rally.task.context [-] Task a6ccca18-b553-414c-9946-917bd4d6573b | Context users@openstack cleanup() started
2019-12-27 20:36:52.113 1843 INFO rally.task.context [-] Task a6ccca18-b553-414c-9946-917bd4d6573b | Context users@openstack cleanup() finished in 2.51 sec
2019-12-27 20:36:53.776 1843 INFO rally.task.engine [-] Load duration is: 7.335184
2019-12-27 20:36:53.777 1843 INFO rally.task.engine [-] Full runner duration is: 7.386903
2019-12-27 20:36:53.777 1843 INFO rally.task.engine [-] Full duration is: 28.507561
2019-12-27 20:36:53.879 1843 INFO rally.task.engine [-] Running workload: position = 0 config = { "version": 2, "title": "A cropped version of a bigger task.", "description": "Auto-generated task from a single workload (uuid=b91c37c3-af63-4cac-b1df-39f95a429e68)", "subtasks": [ { "title": "CinderVolumes.create_and_list_volume", "description": "Create a volume and list all volumes.", "scenario": { "CinderVolumes.create_and_list_volume": { "detailed": true, "image": { "name": "rally_full-img_36367365-141e-491e-9278-0872bf21122a" }, "size": 1 } }, "contexts": { "users": { "tenants": 3, "users_per_tenant": 2 }, "quotas": { "cinder": { "gigabytes": -1, "snapshots": -1, "volumes": -1 } }, "api_versions": { "cinder": { "version": 3, "service_type": "volumev3" } } }, "runner": { "constant": { "concurrency": 4, "times": 10 } }, "hooks": [], "sla": { "failure_rate": { "max": 0 } } } ] }
2019-12-27 20:36:53.902 1843 RALLYDEBUG rally_openstack.contexts.keystone.users [-] Creating 3 tenants using 20 threads
2019-12-27 20:36:54.440 1843 RALLYDEBUG rally_openstack.contexts.keystone.users [-] Creating 6 users using 20 threads
2019-12-27 20:36:55.377 1843 INFO rally.task.context [-] Task a6ccca18-b553-414c-9946-917bd4d6573b | Context users@openstack setup() finished in 1.47 sec
2019-12-27 20:36:55.555 1843 INFO rally.task.context [-] Task a6ccca18-b553-414c-9946-917bd4d6573b | Context api_versions@openstack setup() finished in 0.18 sec
2019-12-27 20:36:56.111 1843 INFO rally.task.context [-] Task a6ccca18-b553-414c-9946-917bd4d6573b | Context quotas@openstack setup() finished in 0.56 sec
2019-12-27 20:36:56.112 1843 INFO rally.task.context [-] Task a6ccca18-b553-414c-9946-917bd4d6573b | Context cleanup@openstack setup() finished in 0.02 msec
2019-12-27 20:36:56.422 1843 RALLYDEBUG rally.task.runner [-] Starting the constant runner (task UUID: a6ccca18-b553-414c-9946-917bd4d6573b). times: 10 concurrency: 4 timeout: 0 max_cpu_used: 88 processes_to_start: 4 concurrency_per_worker: 1 concurrency_overhead: 0
2019-12-27 20:36:56.433 2415 RALLYDEBUG rally.task.runner [-] Starting a worker. times: 10 duration: None concurrency: 1 timeout: 0 cls: method_name: run args: {"detailed": true, "image": "8e9857b8-e9c2-49d8-a3fa-6bf33c036d9e", "size": 1}
2019-12-27 20:36:56.435 2416 RALLYDEBUG rally.task.runner [-] Starting a worker. times: 10 duration: None concurrency: 1 timeout: 0 cls: method_name: run args: {"detailed": true, "image": "8e9857b8-e9c2-49d8-a3fa-6bf33c036d9e", "size": 1}
2019-12-27 20:36:56.438 2417 RALLYDEBUG rally.task.runner [-] Starting a worker. times: 10 duration: None concurrency: 1 timeout: 0 cls: method_name: run args: {"detailed": true, "image": "8e9857b8-e9c2-49d8-a3fa-6bf33c036d9e", "size": 1}
2019-12-27 20:36:56.439 2415 INFO rally.task.runner [-] Task a6ccca18-b553-414c-9946-917bd4d6573b | ITER: 1 START
2019-12-27 20:36:56.441 2418 RALLYDEBUG rally.task.runner [-] Starting a worker. times: 10 duration: None concurrency: 1 timeout: 0 cls: method_name: run args: {"detailed": true, "image": "8e9857b8-e9c2-49d8-a3fa-6bf33c036d9e", "size": 1}
2019-12-27 20:36:56.443 2416 INFO rally.task.runner [-] Task a6ccca18-b553-414c-9946-917bd4d6573b | ITER: 2 START
2019-12-27 20:36:56.445 2417 INFO rally.task.runner [-] Task a6ccca18-b553-414c-9946-917bd4d6573b | ITER: 3 START
2019-12-27 20:36:56.447 2418 INFO rally.task.runner [-] Task a6ccca18-b553-414c-9946-917bd4d6573b | ITER: 4 START
2019-12-27 20:37:01.376 2416 RALLYDEBUG rally.task.utils [-] Waiting for resource s_rally_b91c37c3_8QqdkJn5. Status changed: DOWNLOADING => AVAILABLE in 2.2424118518829346
2019-12-27 20:37:01.430 2415 RALLYDEBUG rally.task.utils [-] Waiting for resource s_rally_b91c37c3_9avZ4tv4. Status changed: DOWNLOADING => AVAILABLE in 2.223517417907715
2019-12-27 20:37:01.436 2417 RALLYDEBUG rally.task.utils [-] Waiting for resource s_rally_b91c37c3_fEL01NvM. Status changed: DOWNLOADING => AVAILABLE in 2.2136802673339844
2019-12-27 20:37:01.439 2416 INFO rally.task.runner [-] Task a6ccca18-b553-414c-9946-917bd4d6573b | ITER: 2 END: OK
2019-12-27 20:37:01.445 2416 INFO rally.task.runner [-] Task a6ccca18-b553-414c-9946-917bd4d6573b | ITER: 5 START
2019-12-27 20:37:01.495 2415 INFO rally.task.runner [-] Task a6ccca18-b553-414c-9946-917bd4d6573b | ITER: 1 END: OK
2019-12-27 20:37:01.495 2418 RALLYDEBUG rally.task.utils [-] Waiting for resource s_rally_b91c37c3_PaZDnqu0. Status changed: DOWNLOADING => AVAILABLE in 2.261765480041504
2019-12-27 20:37:01.501 2415 INFO rally.task.runner [-] Task a6ccca18-b553-414c-9946-917bd4d6573b | ITER: 6 START
2019-12-27 20:37:01.513 2417 INFO rally.task.runner [-] Task a6ccca18-b553-414c-9946-917bd4d6573b | ITER: 3 END: OK
2019-12-27 20:37:01.518 2417 INFO rally.task.runner [-] Task a6ccca18-b553-414c-9946-917bd4d6573b | ITER: 7 START
2019-12-27 20:37:01.564 2418 INFO rally.task.runner [-] Task a6ccca18-b553-414c-9946-917bd4d6573b | ITER: 4 END: OK
2019-12-27 20:37:01.570 2418 INFO rally.task.runner [-] Task a6ccca18-b553-414c-9946-917bd4d6573b | ITER: 8 START
2019-12-27 20:37:06.194 2416 RALLYDEBUG rally.task.utils [-] Waiting for resource s_rally_b91c37c3_xef4jl3O. Status changed: DOWNLOADING => AVAILABLE in 2.2335755825042725
2019-12-27 20:37:06.272 2416 INFO rally.task.runner [-] Task a6ccca18-b553-414c-9946-917bd4d6573b | ITER: 5 END: OK
2019-12-27 20:37:06.278 2416 INFO rally.task.runner [-] Task a6ccca18-b553-414c-9946-917bd4d6573b | ITER: 9 START
2019-12-27 20:37:06.280 2417 RALLYDEBUG rally.task.utils [-] Waiting for resource s_rally_b91c37c3_z3yP8t7d. Status changed: DOWNLOADING => AVAILABLE in 2.221595525741577
2019-12-27 20:37:06.315 2418 RALLYDEBUG rally.task.utils [-] Waiting for resource s_rally_b91c37c3_ooKO7p1y. Status changed: DOWNLOADING => AVAILABLE in 2.2147953510284424
2019-12-27 20:37:06.341 2417 INFO rally.task.runner [-] Task a6ccca18-b553-414c-9946-917bd4d6573b | ITER: 7 END: OK
2019-12-27 20:37:06.347 2417 INFO rally.task.runner [-] Task a6ccca18-b553-414c-9946-917bd4d6573b | ITER: 10 START
2019-12-27 20:37:06.381 2415 RALLYDEBUG rally.task.utils [-] Waiting for resource s_rally_b91c37c3_Sr0c2OCO. Status changed: DOWNLOADING => AVAILABLE in 2.2243194580078125
2019-12-27 20:37:06.390 2418 INFO rally.task.runner [-] Task a6ccca18-b553-414c-9946-917bd4d6573b | ITER: 8 END: OK
2019-12-27 20:37:06.446 2415 INFO rally.task.runner [-] Task a6ccca18-b553-414c-9946-917bd4d6573b | ITER: 6 END: OK
2019-12-27 20:37:11.143 2416 RALLYDEBUG rally.task.utils [-] Waiting for resource s_rally_b91c37c3_82hVx49V. Status changed: DOWNLOADING => AVAILABLE in 2.2520620822906494
2019-12-27 20:37:11.215 2417 RALLYDEBUG rally.task.utils [-] Waiting for resource s_rally_b91c37c3_yRbhyAML. Status changed: DOWNLOADING => AVAILABLE in 2.228999614715576
2019-12-27 20:37:11.221 2416 INFO rally.task.runner [-] Task a6ccca18-b553-414c-9946-917bd4d6573b | ITER: 9 END: OK
2019-12-27 20:37:11.322 2417 INFO rally.task.runner [-] Task a6ccca18-b553-414c-9946-917bd4d6573b | ITER: 10 END: OK
2019-12-27 20:37:11.352 1843 INFO rally.task.context [-] Task a6ccca18-b553-414c-9946-917bd4d6573b | Context cleanup@openstack cleanup() started
2019-12-27 20:37:11.357 1843 RALLYDEBUG rally_openstack.cleanup.manager [-] Cleaning up cinder backups objects
2019-12-27 20:37:11.858 1843 RALLYDEBUG rally_openstack.cleanup.manager [-] Cleaning up cinder volume_snapshots objects
2019-12-27 20:37:12.326 1843 RALLYDEBUG rally_openstack.cleanup.manager [-] Cleaning up cinder transfers objects
2019-12-27 20:37:12.781 1843 RALLYDEBUG rally_openstack.cleanup.manager [-] Cleaning up cinder volumes objects
2019-12-27 20:37:13.434 1843 RALLYDEBUG rally_openstack.cleanup.manager [-] Deleting cinder.volumes object s_rally_b91c37c3_82hVx49V (780dee9a-5147-421a-8433-1c782cfb0ea0)
2019-12-27 20:37:13.441 1843 RALLYDEBUG rally_openstack.cleanup.manager [-] Deleting cinder.volumes object s_rally_b91c37c3_8QqdkJn5 (fdb2e3a9-6215-4c1b-8b55-9629f4146f79)
2019-12-27 20:37:13.447 1843 RALLYDEBUG rally_openstack.cleanup.manager [-] Deleting cinder.volumes object s_rally_b91c37c3_yRbhyAML (440d2c48-a0b1-4d52-b238-a873bd92061b)
2019-12-27 20:37:13.452 1843 RALLYDEBUG rally_openstack.cleanup.manager [-] Deleting cinder.volumes object s_rally_b91c37c3_9avZ4tv4 (8dd74a4d-91c7-4f0b-b995-ce8b9268a3f8)
2019-12-27 20:37:13.452 1843 RALLYDEBUG rally_openstack.cleanup.manager [-] Deleting cinder.volumes object s_rally_b91c37c3_ooKO7p1y (77bfccac-4e51-4493-b6cb-c353159aead5)
2019-12-27 20:37:13.457 1843 RALLYDEBUG rally_openstack.cleanup.manager [-] Deleting cinder.volumes object s_rally_b91c37c3_z3yP8t7d (e5b5e8b4-1ba8-45fb-9306-a1fbdb7707f4)
2019-12-27 20:37:13.471 1843 RALLYDEBUG rally_openstack.cleanup.manager [-] Deleting cinder.volumes object s_rally_b91c37c3_fEL01NvM (5ca763a8-3841-44ac-be64-220f86431f15)
2019-12-27 20:37:13.483 1843 RALLYDEBUG rally_openstack.cleanup.manager [-] Deleting cinder.volumes object s_rally_b91c37c3_xef4jl3O (ca283c48-7d75-4fb1-9696-98a9695ff25a)
2019-12-27 20:37:13.493 1843 RALLYDEBUG rally_openstack.cleanup.manager [-] Deleting cinder.volumes object s_rally_b91c37c3_Sr0c2OCO (632809ac-5412-42b6-a407-e6c9e24ec960)
2019-12-27 20:37:13.517 1843 RALLYDEBUG rally_openstack.cleanup.manager [-] Deleting cinder.volumes object s_rally_b91c37c3_PaZDnqu0 (68ac76e2-354f-45a4-b2f0-360d080d8c28)
2019-12-27 20:37:16.124 1843 INFO rally.task.context [-] Task a6ccca18-b553-414c-9946-917bd4d6573b | Context cleanup@openstack cleanup() finished in 4.77 sec
2019-12-27 20:37:16.125 1843 INFO rally.task.context [-] Task a6ccca18-b553-414c-9946-917bd4d6573b | Context quotas@openstack cleanup() started
2019-12-27 20:37:16.209 1843 INFO rally.task.context [-] Task a6ccca18-b553-414c-9946-917bd4d6573b | Context quotas@openstack cleanup() finished in 84.63 msec
2019-12-27 20:37:16.210 1843 INFO rally.task.context [-] Task a6ccca18-b553-414c-9946-917bd4d6573b | Context api_versions@openstack cleanup() started
2019-12-27 20:37:16.210 1843 INFO rally.task.context [-] Task a6ccca18-b553-414c-9946-917bd4d6573b | Context api_versions@openstack cleanup() finished in 0.33 msec
2019-12-27 20:37:16.211 1843 INFO rally.task.context [-] Task a6ccca18-b553-414c-9946-917bd4d6573b | Context users@openstack cleanup() started
2019-12-27 20:37:19.080 1843 INFO rally.task.context [-] Task a6ccca18-b553-414c-9946-917bd4d6573b | Context users@openstack cleanup() finished in 2.87 sec
2019-12-27 20:37:20.054 1843 INFO rally.task.engine [-] Load duration is: 14.876754
2019-12-27 20:37:20.055 1843 INFO rally.task.engine [-] Full runner duration is: 14.929955
2019-12-27 20:37:20.055 1843 INFO rally.task.engine [-] Full duration is: 25.180049
2019-12-27 20:37:20.115 1843 INFO rally.task.engine [-] Running workload: position = 1 config = { "version": 2, "title": "A cropped version of a bigger task.", "description": "Auto-generated task from a single workload (uuid=4480cbcf-c324-4709-815d-473b9bdda6ee)", "subtasks": [ { "title": "CinderVolumes.create_and_list_volume", "description": "Create a volume and list all volumes.", "scenario": { "CinderVolumes.create_and_list_volume": { "detailed": true, "size": 1 } }, "contexts": { "users": { "tenants": 3, "users_per_tenant": 2 }, "quotas": { "cinder": { "gigabytes": -1, "snapshots": -1, "volumes": -1 } }, "api_versions": { "cinder": { "version": 3, "service_type": "volumev3" } } }, "runner": { "constant": { "concurrency": 4, "times": 10 } }, "hooks": [], "sla": { "failure_rate": { "max": 0 } } } ] }
2019-12-27 20:37:20.140 1843 RALLYDEBUG rally_openstack.contexts.keystone.users [-] Creating 3 tenants using 20 threads
2019-12-27 20:37:20.722 1843 RALLYDEBUG rally_openstack.contexts.keystone.users [-] Creating 6 users using 20 threads
2019-12-27 20:37:21.582 1843 INFO rally.task.context [-] Task a6ccca18-b553-414c-9946-917bd4d6573b | Context users@openstack setup() finished in 1.44 sec
2019-12-27 20:37:21.765 1843 INFO rally.task.context [-] Task a6ccca18-b553-414c-9946-917bd4d6573b | Context api_versions@openstack setup() finished in 0.18 sec
2019-12-27 20:37:22.299 1843 INFO rally.task.context [-] Task a6ccca18-b553-414c-9946-917bd4d6573b | Context quotas@openstack setup() finished in 0.53 sec
2019-12-27 20:37:22.300 1843 INFO rally.task.context [-] Task a6ccca18-b553-414c-9946-917bd4d6573b | Context cleanup@openstack setup() finished in 0.02 msec
2019-12-27 20:37:22.310 1843 RALLYDEBUG rally.task.runner [-] Starting the constant runner (task UUID: a6ccca18-b553-414c-9946-917bd4d6573b). times: 10 concurrency: 4 timeout: 0 max_cpu_used: 88 processes_to_start: 4 concurrency_per_worker: 1 concurrency_overhead: 0
2019-12-27 20:37:22.321 2599 RALLYDEBUG rally.task.runner [-] Starting a worker. times: 10 duration: None concurrency: 1 timeout: 0 cls: method_name: run args: {"detailed": true, "size": 1}
2019-12-27 20:37:22.324 2600 RALLYDEBUG rally.task.runner [-] Starting a worker. times: 10 duration: None concurrency: 1 timeout: 0 cls: method_name: run args: {"detailed": true, "size": 1}
2019-12-27 20:37:22.326 2601 RALLYDEBUG rally.task.runner [-] Starting a worker. times: 10 duration: None concurrency: 1 timeout: 0 cls: method_name: run args: {"detailed": true, "size": 1}
2019-12-27 20:37:22.330 2599 INFO rally.task.runner [-] Task a6ccca18-b553-414c-9946-917bd4d6573b | ITER: 1 START
2019-12-27 20:37:22.329 2602 RALLYDEBUG rally.task.runner [-] Starting a worker. times: 10 duration: None concurrency: 1 timeout: 0 cls: method_name: run args: {"detailed": true, "size": 1}
2019-12-27 20:37:22.332 2601 INFO rally.task.runner [-] Task a6ccca18-b553-414c-9946-917bd4d6573b | ITER: 3 START
2019-12-27 20:37:22.332 2600 INFO rally.task.runner [-] Task a6ccca18-b553-414c-9946-917bd4d6573b | ITER: 2 START
2019-12-27 20:37:22.335 2602 INFO rally.task.runner [-] Task a6ccca18-b553-414c-9946-917bd4d6573b | ITER: 4 START
2019-12-27 20:37:25.109 2600 INFO rally.task.runner [-] Task a6ccca18-b553-414c-9946-917bd4d6573b | ITER: 2 END: OK
2019-12-27 20:37:25.114 2600 INFO rally.task.runner [-] Task a6ccca18-b553-414c-9946-917bd4d6573b | ITER: 5 START
2019-12-27 20:37:25.126 2602 INFO rally.task.runner [-] Task a6ccca18-b553-414c-9946-917bd4d6573b | ITER: 4 END: OK
2019-12-27 20:37:25.131 2602 INFO rally.task.runner [-] Task a6ccca18-b553-414c-9946-917bd4d6573b | ITER: 6 START
2019-12-27 20:37:25.182 2599 INFO rally.task.runner [-] Task a6ccca18-b553-414c-9946-917bd4d6573b | ITER: 1 END: OK
2019-12-27 20:37:25.187 2599 INFO rally.task.runner [-] Task a6ccca18-b553-414c-9946-917bd4d6573b | ITER: 7 START
2019-12-27 20:37:25.196 2601 INFO rally.task.runner [-] Task a6ccca18-b553-414c-9946-917bd4d6573b | ITER: 3 END: OK
2019-12-27 20:37:25.201 2601 INFO rally.task.runner [-] Task a6ccca18-b553-414c-9946-917bd4d6573b | ITER: 8 START
2019-12-27 20:37:27.722 2600 INFO rally.task.runner [-] Task a6ccca18-b553-414c-9946-917bd4d6573b | ITER: 5 END: OK
2019-12-27 20:37:27.727 2600 INFO rally.task.runner [-] Task a6ccca18-b553-414c-9946-917bd4d6573b | ITER: 9 START
2019-12-27 20:37:27.802 2599 INFO rally.task.runner [-] Task a6ccca18-b553-414c-9946-917bd4d6573b | ITER: 7 END: OK
2019-12-27 20:37:27.807 2599 INFO rally.task.runner [-] Task a6ccca18-b553-414c-9946-917bd4d6573b | ITER: 10 START
2019-12-27 20:37:27.875 2602 INFO rally.task.runner [-] Task a6ccca18-b553-414c-9946-917bd4d6573b | ITER: 6 END: OK
