2019-12-27 20:30:12.829 6 RALLYDEBUG rally.api [-] INFO logs from urllib3 and requests module are hide.
2019-12-27 20:30:12.830 6 RALLYDEBUG rally.api [-] urllib3 insecure warnings are hidden.
2019-12-27 20:30:12.830 6 RALLYDEBUG rally.api [-] ERROR log from boto module is hide.
2019-12-27 20:30:14.972 6 ERROR rally.cli.cliutils [-] Unexpected exception in CLI: rally.exceptions.DBRecordNotFound: Record for uuid or name is opnfv-rally not found in table envs
2019-12-27 20:30:14.972 6 ERROR rally.cli.cliutils
Traceback (most recent call last):
2019-12-27 20:30:14.972 6 ERROR rally.cli.cliutils
File "/usr/lib/python3.6/site-packages/rally/cli/cliutils.py", line 674, in run
2019-12-27 20:30:14.972 6 ERROR rally.cli.cliutils ret = fn(*fn_args, **fn_kwargs)
2019-12-27 20:30:14.972 6 ERROR rally.cli.cliutils File "", line 2, in destroy
2019-12-27 20:30:14.972 6 ERROR rally.cli.cliutils
File "/usr/lib/python3.6/site-packages/rally/cli/envutils.py", line 68, in default_from_global
2019-12-27 20:30:14.972 6 ERROR rally.cli.cliutils return f(*args, **kwargs)
2019-12-27 20:30:14.972 6 ERROR rally.cli.cliutils File "", line 2, in destroy
2019-12-27 20:30:14.972 6 ERROR rally.cli.cliutils
File "/usr/lib/python3.6/site-packages/rally/plugins/__init__.py", line 51, in ensure_plugins_are_loaded
2019-12-27 20:30:14.972 6 ERROR rally.cli.cliutils return f(*args, **kwargs)
2019-12-27 20:30:14.972 6 ERROR rally.cli.cliutils
File "/usr/lib/python3.6/site-packages/rally/cli/commands/deployment.py", line 157, in destroy
2019-12-27 20:30:14.972 6 ERROR rally.cli.cliutils api.deployment.destroy(deployment=deployment)
2019-12-27 20:30:14.972 6 ERROR rally.cli.cliutils
File "/usr/lib/python3.6/site-packages/rally/api.py", line 115, in destroy
2019-12-27 20:30:14.972 6 ERROR rally.cli.cliutils deploy = objects.Deployment.get(deployment)
2019-12-27 20:30:14.972 6 ERROR rally.cli.cliutils
File "/usr/lib/python3.6/site-packages/rally/common/objects/deploy.py", line 124, in get
2019-12-27 20:30:14.972 6 ERROR rally.cli.cliutils return Deployment(env_mgr.EnvManager.get(deploy))
2019-12-27 20:30:14.972 6 ERROR rally.cli.cliutils
File "/usr/lib/python3.6/site-packages/rally/env/env_mgr.py", line 212, in get
2019-12-27 20:30:14.972 6 ERROR rally.cli.cliutils return cls(db.env_get(uuid_or_name))
2019-12-27 20:30:14.972 6 ERROR rally.cli.cliutils
File "/usr/lib/python3.6/site-packages/rally/common/db/api.py", line 135, in wrapper
2019-12-27 20:30:14.972 6 ERROR rally.cli.cliutils result = f(session, *args, **kwargs)
2019-12-27 20:30:14.972 6 ERROR rally.cli.cliutils
File "/usr/lib/python3.6/site-packages/rally/common/db/api.py", line 521, in env_get
2019-12-27 20:30:14.972 6 ERROR rally.cli.cliutils criteria="uuid or name is %s" % uuid_or_name, table="envs")
2019-12-27 20:30:14.972 6 ERROR rally.cli.cliutils rally.exceptions.DBRecordNotFound: Record for uuid or name is opnfv-rally not found in table envs
2019-12-27 20:30:14.972 6 ERROR rally.cli.cliutils
2019-12-27 20:30:16.380 8 RALLYDEBUG rally.api [-] INFO logs from urllib3 and requests module are hide.
2019-12-27 20:30:16.381 8 RALLYDEBUG rally.api [-] urllib3 insecure warnings are hidden.
2019-12-27 20:30:16.381 8 RALLYDEBUG rally.api [-] ERROR log from boto module is hide.
2019-12-27 20:30:20.342 10 RALLYDEBUG rally.api [-] INFO logs from urllib3 and requests module are hide.
2019-12-27 20:30:20.342 10 RALLYDEBUG rally.api [-] urllib3 insecure warnings are hidden.
2019-12-27 20:30:20.342 10 RALLYDEBUG rally.api [-] ERROR log from boto module is hide.
2019-12-27 20:30:24.569 13 RALLYDEBUG rally.api [-] INFO logs from urllib3 and requests module are hide.
2019-12-27 20:30:24.569 13 RALLYDEBUG rally.api [-] urllib3 insecure warnings are hidden.
2019-12-27 20:30:24.569 13 RALLYDEBUG rally.api [-] ERROR log from boto module is hide.
2019-12-27 20:30:26.188 15 RALLYDEBUG rally.api [-] INFO logs from urllib3 and requests module are hide.
2019-12-27 20:30:26.189 15 RALLYDEBUG rally.api [-] urllib3 insecure warnings are hidden.
2019-12-27 20:30:26.189 15 RALLYDEBUG rally.api [-] ERROR log from boto module is hide.
2019-12-27 20:30:28.556 15 INFO rally.task.engine [-] Task f79c188f-b1f6-4c4a-b3fd-f6bbe6351a5f | Starting: Task validation.
2019-12-27 20:30:28.569 15 INFO rally.task.engine [-] Task f79c188f-b1f6-4c4a-b3fd-f6bbe6351a5f | Starting: Task validation of syntax.
2019-12-27 20:30:28.673 15 INFO rally.task.engine [-] Task f79c188f-b1f6-4c4a-b3fd-f6bbe6351a5f | Completed: Task validation of syntax.
2019-12-27 20:30:28.673 15 INFO rally.task.engine [-] Task f79c188f-b1f6-4c4a-b3fd-f6bbe6351a5f | Starting: Task validation of required platforms.
2019-12-27 20:30:28.745 15 INFO rally.task.engine [-] Task f79c188f-b1f6-4c4a-b3fd-f6bbe6351a5f | Completed: Task validation of required platforms.
2019-12-27 20:30:28.745 15 INFO rally.task.engine [-] Task f79c188f-b1f6-4c4a-b3fd-f6bbe6351a5f | Starting: Task validation of semantic.
2019-12-27 20:30:28.745 15 INFO rally.task.engine [-] Check health of the environment 'e151d040-daae-43ef-bd55-07744aa69403'.
2019-12-27 20:30:29.222 15 INFO rally.task.engine [-] Platform existing@openstack (available: True): OK!
2019-12-27 20:30:29.237 15 RALLYDEBUG rally_openstack.contexts.keystone.users [-] Creating 1 tenants using 20 threads
2019-12-27 20:30:29.527 15 RALLYDEBUG rally_openstack.contexts.keystone.users [-] Creating 1 users using 20 threads
2019-12-27 20:30:30.071 15 INFO rally.task.context [-] Task f79c188f-b1f6-4c4a-b3fd-f6bbe6351a5f | Context users@openstack setup() finished in 0.83 sec
2019-12-27 20:30:30.129 15 INFO rally.task.context [-] Task f79c188f-b1f6-4c4a-b3fd-f6bbe6351a5f | Context users@openstack cleanup() started
2019-12-27 20:30:31.617 15 INFO rally.task.context [-] Task f79c188f-b1f6-4c4a-b3fd-f6bbe6351a5f | Context users@openstack cleanup() finished in 1.49 sec
2019-12-27 20:30:31.617 15 INFO rally.task.engine [-] Task f79c188f-b1f6-4c4a-b3fd-f6bbe6351a5f | Completed: Task validation of semantic.
2019-12-27 20:30:31.618 15 INFO rally.task.engine [-] Task f79c188f-b1f6-4c4a-b3fd-f6bbe6351a5f | Completed: Task validation.
2019-12-27 20:30:31.618 15 INFO rally.api [-] Task f79c188f-b1f6-4c4a-b3fd-f6bbe6351a5f input file is valid.
2019-12-27 20:30:31.618 15 INFO rally.api [-] Run Task f79c188f-b1f6-4c4a-b3fd-f6bbe6351a5f against Deployment e151d040-daae-43ef-bd55-07744aa69403
2019-12-27 20:30:31.619 15 INFO rally.task.engine [-] Task f79c188f-b1f6-4c4a-b3fd-f6bbe6351a5f | Starting: Running task.
2019-12-27 20:30:31.673 15 INFO rally.task.engine [-] Running workload: position = 0 config = { "version": 2, "title": "A cropped version of a bigger task.", "description": "Auto-generated task from a single workload (uuid=4fcd230f-6e32-45df-9b5b-ddb64a2f5002)", "subtasks": [ { "title": "Authenticate.keystone", "description": "Check Keystone Client.", "scenario": { "Authenticate.keystone": {} }, "contexts": { "users": { "tenants": 3, "users_per_tenant": 2 } }, "runner": { "constant": { "concurrency": 4, "times": 10 } }, "hooks": [], "sla": { "failure_rate": { "max": 0 } } } ] }
2019-12-27 20:30:31.695 15 RALLYDEBUG rally_openstack.contexts.keystone.users [-] Creating 3 tenants using 20 threads
2019-12-27 20:30:32.171 15 RALLYDEBUG rally_openstack.contexts.keystone.users [-] Creating 6 users using 20 threads
2019-12-27 20:30:33.039 15 INFO rally.task.context [-] Task f79c188f-b1f6-4c4a-b3fd-f6bbe6351a5f | Context users@openstack setup() finished in 1.34 sec
2019-12-27 20:30:33.051 15 RALLYDEBUG rally.task.runner [-] Starting the constant runner (task UUID: f79c188f-b1f6-4c4a-b3fd-f6bbe6351a5f). times: 10 concurrency: 4 timeout: 0 max_cpu_used: 88 processes_to_start: 4 concurrency_per_worker: 1 concurrency_overhead: 0
2019-12-27 20:30:33.062 139 RALLYDEBUG rally.task.runner [-] Starting a worker. times: 10 duration: None concurrency: 1 timeout: 0 cls: method_name: run args: {}
2019-12-27 20:30:33.065 140 RALLYDEBUG rally.task.runner [-] Starting a worker. times: 10 duration: None concurrency: 1 timeout: 0 cls: method_name: run args: {}
2019-12-27 20:30:33.067 141 RALLYDEBUG rally.task.runner [-] Starting a worker. times: 10 duration: None concurrency: 1 timeout: 0 cls: method_name: run args: {}
2019-12-27 20:30:33.069 139 INFO rally.task.runner [-] Task f79c188f-b1f6-4c4a-b3fd-f6bbe6351a5f | ITER: 1 START
2019-12-27 20:30:33.070 142 RALLYDEBUG rally.task.runner [-] Starting a worker. times: 10 duration: None concurrency: 1 timeout: 0 cls: method_name: run args: {}
2019-12-27 20:30:33.072 140 INFO rally.task.runner [-] Task f79c188f-b1f6-4c4a-b3fd-f6bbe6351a5f | ITER: 2 START
2019-12-27 20:30:33.072 141 INFO rally.task.runner [-] Task f79c188f-b1f6-4c4a-b3fd-f6bbe6351a5f | ITER: 3 START
2019-12-27 20:30:33.076 142 INFO rally.task.runner [-] Task f79c188f-b1f6-4c4a-b3fd-f6bbe6351a5f | ITER: 4 START
2019-12-27 20:30:33.316 142 INFO rally.task.runner [-] Task f79c188f-b1f6-4c4a-b3fd-f6bbe6351a5f | ITER: 4 END: OK
2019-12-27 20:30:33.318 141 INFO rally.task.runner [-] Task f79c188f-b1f6-4c4a-b3fd-f6bbe6351a5f | ITER: 3 END: OK
2019-12-27 20:30:33.321 142 INFO rally.task.runner [-] Task f79c188f-b1f6-4c4a-b3fd-f6bbe6351a5f | ITER: 5 START
2019-12-27 20:30:33.323 141 INFO rally.task.runner [-] Task f79c188f-b1f6-4c4a-b3fd-f6bbe6351a5f | ITER: 6 START
2019-12-27 20:30:33.356 140 INFO rally.task.runner [-] Task f79c188f-b1f6-4c4a-b3fd-f6bbe6351a5f | ITER: 2 END: OK
2019-12-27 20:30:33.361 140 INFO rally.task.runner [-] Task f79c188f-b1f6-4c4a-b3fd-f6bbe6351a5f | ITER: 7 START
2019-12-27 20:30:33.366 139 INFO rally.task.runner [-] Task f79c188f-b1f6-4c4a-b3fd-f6bbe6351a5f | ITER: 1 END: OK
2019-12-27 20:30:33.372 139 INFO rally.task.runner [-] Task f79c188f-b1f6-4c4a-b3fd-f6bbe6351a5f | ITER: 8 START
2019-12-27 20:30:33.459 141 INFO rally.task.runner [-] Task f79c188f-b1f6-4c4a-b3fd-f6bbe6351a5f | ITER: 6 END: OK
2019-12-27 20:30:33.463 141 INFO rally.task.runner [-] Task f79c188f-b1f6-4c4a-b3fd-f6bbe6351a5f | ITER: 9 START
2019-12-27 20:30:33.497 140 INFO rally.task.runner [-] Task f79c188f-b1f6-4c4a-b3fd-f6bbe6351a5f | ITER: 7 END: OK
2019-12-27 20:30:33.501 140 INFO rally.task.runner [-] Task f79c188f-b1f6-4c4a-b3fd-f6bbe6351a5f | ITER: 10 START
2019-12-27 20:30:33.559 142 INFO rally.task.runner [-] Task f79c188f-b1f6-4c4a-b3fd-f6bbe6351a5f | ITER: 5 END: OK
2019-12-27 20:30:33.608 139 INFO rally.task.runner [-] Task f79c188f-b1f6-4c4a-b3fd-f6bbe6351a5f | ITER: 8 END: OK
2019-12-27 20:30:33.653 141 INFO rally.task.runner [-] Task f79c188f-b1f6-4c4a-b3fd-f6bbe6351a5f | ITER: 9 END: OK
2019-12-27 20:30:33.733 140 INFO rally.task.runner [-] Task f79c188f-b1f6-4c4a-b3fd-f6bbe6351a5f | ITER: 10 END: OK
2019-12-27 20:30:33.759 15 INFO rally.task.context [-] Task f79c188f-b1f6-4c4a-b3fd-f6bbe6351a5f | Context users@openstack cleanup() started
2019-12-27 20:30:36.358 15 INFO rally.task.context [-] Task f79c188f-b1f6-4c4a-b3fd-f6bbe6351a5f | Context users@openstack cleanup() finished in 2.60 sec
2019-12-27 20:30:37.748 15 INFO rally.task.engine [-] Load duration is: 0.662744
2019-12-27 20:30:37.749 15 INFO rally.task.engine [-] Full runner duration is: 0.7085
2019-12-27 20:30:37.749 15 INFO rally.task.engine [-] Full duration is: 4.66387
2019-12-27 20:30:37.844 15 INFO rally.task.engine [-] Running workload: position = 0 config = { "version": 2, "title": "A cropped version of a bigger task.", "description": "Auto-generated task from a single workload (uuid=29a155db-8362-46fc-a461-ff5ce04a9ad2)", "subtasks": [ { "title": "Authenticate.validate_cinder", "description": "Check Cinder Client to ensure validation of token.", "scenario": { "Authenticate.validate_cinder": { "repetitions": 2 } }, "contexts": { "users": { "tenants": 3, "users_per_tenant": 2 } }, "runner": { "constant": { "concurrency": 4, "times": 10 } }, "hooks": [], "sla": { "failure_rate": { "max": 0 } } } ] }
2019-12-27 20:30:37.861 15 RALLYDEBUG rally_openstack.contexts.keystone.users [-] Creating 3 tenants using 20 threads
2019-12-27 20:30:38.522 15 RALLYDEBUG rally_openstack.contexts.keystone.users [-] Creating 6 users using 20 threads
2019-12-27 20:30:39.395 15 INFO rally.task.context [-] Task f79c188f-b1f6-4c4a-b3fd-f6bbe6351a5f | Context users@openstack setup() finished in 1.53 sec
2019-12-27 20:30:39.408 15 RALLYDEBUG rally.task.runner [-] Starting the constant runner (task UUID: f79c188f-b1f6-4c4a-b3fd-f6bbe6351a5f). times: 10 concurrency: 4 timeout: 0 max_cpu_used: 88 processes_to_start: 4 concurrency_per_worker: 1 concurrency_overhead: 0
2019-12-27 20:30:39.420 243 RALLYDEBUG rally.task.runner [-] Starting a worker. times: 10 duration: None concurrency: 1 timeout: 0 cls: method_name: run args: {"repetitions": 2}
2019-12-27 20:30:39.423 244 RALLYDEBUG rally.task.runner [-] Starting a worker. times: 10 duration: None concurrency: 1 timeout: 0 cls: method_name: run args: {"repetitions": 2}
2019-12-27 20:30:39.426 243 INFO rally.task.runner [-] Task f79c188f-b1f6-4c4a-b3fd-f6bbe6351a5f | ITER: 1 START
2019-12-27 20:30:39.426 245 RALLYDEBUG rally.task.runner [-] Starting a worker. times: 10 duration: None concurrency: 1 timeout: 0 cls: method_name: run args: {"repetitions": 2}
2019-12-27 20:30:39.429 244 INFO rally.task.runner [-] Task f79c188f-b1f6-4c4a-b3fd-f6bbe6351a5f | ITER: 2 START
2019-12-27 20:30:39.430 247 RALLYDEBUG rally.task.runner [-] Starting a worker. times: 10 duration: None concurrency: 1 timeout: 0 cls: method_name: run args: {"repetitions": 2}
2019-12-27 20:30:39.433 245 INFO rally.task.runner [-] Task f79c188f-b1f6-4c4a-b3fd-f6bbe6351a5f | ITER: 3 START
2019-12-27 20:30:39.435 247 INFO rally.task.runner [-] Task f79c188f-b1f6-4c4a-b3fd-f6bbe6351a5f | ITER: 4 START
2019-12-27 20:30:39.840 244 INFO rally.task.runner [-] Task f79c188f-b1f6-4c4a-b3fd-f6bbe6351a5f | ITER: 2 END: OK
2019-12-27 20:30:39.845 244 INFO rally.task.runner [-] Task f79c188f-b1f6-4c4a-b3fd-f6bbe6351a5f | ITER: 5 START
2019-12-27 20:30:39.897 243 INFO rally.task.runner [-] Task f79c188f-b1f6-4c4a-b3fd-f6bbe6351a5f | ITER: 1 END: OK
2019-12-27 20:30:39.902 243 INFO rally.task.runner [-] Task f79c188f-b1f6-4c4a-b3fd-f6bbe6351a5f | ITER: 6 START
2019-12-27 20:30:39.916 247 INFO rally.task.runner [-] Task f79c188f-b1f6-4c4a-b3fd-f6bbe6351a5f | ITER: 4 END: OK
2019-12-27 20:30:39.921 247 INFO rally.task.runner [-] Task f79c188f-b1f6-4c4a-b3fd-f6bbe6351a5f | ITER: 7 START
2019-12-27 20:30:39.983 245 INFO rally.task.runner [-] Task f79c188f-b1f6-4c4a-b3fd-f6bbe6351a5f | ITER: 3 END: OK
2019-12-27 20:30:39.989 245 INFO rally.task.runner [-] Task f79c188f-b1f6-4c4a-b3fd-f6bbe6351a5f | ITER: 8 START
2019-12-27 20:30:40.053 244 INFO rally.task.runner [-] Task f79c188f-b1f6-4c4a-b3fd-f6bbe6351a5f | ITER: 5 END: OK
2019-12-27 20:30:40.058 244 INFO rally.task.runner [-] Task f79c188f-b1f6-4c4a-b3fd-f6bbe6351a5f | ITER: 9 START
2019-12-27 20:30:40.132 243 INFO rally.task.runner [-] Task f79c188f-b1f6-4c4a-b3fd-f6bbe6351a5f | ITER: 6 END: OK
2019-12-27 20:30:40.136 243 INFO rally.task.runner [-] Task f79c188f-b1f6-4c4a-b3fd-f6bbe6351a5f | ITER: 10 START
2019-12-27 20:30:40.144 247 INFO rally.task.runner [-] Task f79c188f-b1f6-4c4a-b3fd-f6bbe6351a5f | ITER: 7 END: OK
2019-12-27 20:30:40.302 245 INFO rally.task.runner [-] Task f79c188f-b1f6-4c4a-b3fd-f6bbe6351a5f | ITER: 8 END: OK
2019-12-27 20:30:40.400 244 INFO rally.task.runner [-] Task f79c188f-b1f6-4c4a-b3fd-f6bbe6351a5f | ITER: 9 END: OK
2019-12-27 20:30:40.400 243 INFO rally.task.runner [-] Task f79c188f-b1f6-4c4a-b3fd-f6bbe6351a5f | ITER: 10 END: OK
2019-12-27 20:30:40.432 15 INFO rally.task.context [-] Task f79c188f-b1f6-4c4a-b3fd-f6bbe6351a5f | Context users@openstack cleanup() started
2019-12-27 20:30:42.872 15 INFO rally.task.context [-] Task f79c188f-b1f6-4c4a-b3fd-f6bbe6351a5f | Context users@openstack cleanup() finished in 2.44 sec
2019-12-27 20:30:43.954 15 INFO rally.task.engine [-] Load duration is: 0.972725
2019-12-27 20:30:43.955 15 INFO rally.task.engine [-] Full runner duration is: 1.02452
2019-12-27 20:30:43.955 15 INFO rally.task.engine [-] Full duration is: 5.01233
2019-12-27 20:30:44.035 15 INFO rally.task.engine [-] Running workload: position = 0 config = { "version": 2, "title": "A cropped version of a bigger task.", "description": "Auto-generated task from a single workload (uuid=9309d204-8433-4a28-9dd0-2854caf102d6)", "subtasks": [ { "title": "Authenticate.validate_glance", "description": "Check Glance Client to ensure validation of token.", "scenario": { "Authenticate.validate_glance": { "repetitions": 2 } }, "contexts": { "users": { "tenants": 3, "users_per_tenant": 2 } }, "runner": { "constant": { "concurrency": 4, "times": 10 } }, "hooks": [], "sla": { "failure_rate": { "max": 0 } } } ] }
2019-12-27 20:30:44.057 15 RALLYDEBUG rally_openstack.contexts.keystone.users [-] Creating 3 tenants using 20 threads
2019-12-27 20:30:44.587 15 RALLYDEBUG rally_openstack.contexts.keystone.users [-] Creating 6 users using 20 threads
2019-12-27 20:30:45.425 15 INFO rally.task.context [-] Task f79c188f-b1f6-4c4a-b3fd-f6bbe6351a5f | Context users@openstack setup() finished in 1.37 sec
2019-12-27 20:30:45.437 15 RALLYDEBUG rally.task.runner [-] Starting the constant runner (task UUID: f79c188f-b1f6-4c4a-b3fd-f6bbe6351a5f). times: 10 concurrency: 4 timeout: 0 max_cpu_used: 88 processes_to_start: 4 concurrency_per_worker: 1 concurrency_overhead: 0
2019-12-27 20:30:45.449 347 RALLYDEBUG rally.task.runner [-] Starting a worker. times: 10 duration: None concurrency: 1 timeout: 0 cls: method_name: run args: {"repetitions": 2}
2019-12-27 20:30:45.451 348 RALLYDEBUG rally.task.runner [-] Starting a worker. times: 10 duration: None concurrency: 1 timeout: 0 cls: method_name: run args: {"repetitions": 2}
2019-12-27 20:30:45.453 349 RALLYDEBUG rally.task.runner [-] Starting a worker. times: 10 duration: None concurrency: 1 timeout: 0 cls: method_name: run args: {"repetitions": 2}
2019-12-27 20:30:45.455 347 INFO rally.task.runner [-] Task f79c188f-b1f6-4c4a-b3fd-f6bbe6351a5f | ITER: 1 START
2019-12-27 20:30:45.456 350 RALLYDEBUG rally.task.runner [-] Starting a worker. times: 10 duration: None concurrency: 1 timeout: 0 cls: method_name: run args: {"repetitions": 2}
2019-12-27 20:30:45.458 348 INFO rally.task.runner [-] Task f79c188f-b1f6-4c4a-b3fd-f6bbe6351a5f | ITER: 2 START
2019-12-27 20:30:45.459 349 INFO rally.task.runner [-] Task f79c188f-b1f6-4c4a-b3fd-f6bbe6351a5f | ITER: 3 START
2019-12-27 20:30:45.463 350 INFO rally.task.runner [-] Task f79c188f-b1f6-4c4a-b3fd-f6bbe6351a5f | ITER: 4 START
2019-12-27 20:30:45.926 348 INFO rally.task.runner [-] Task f79c188f-b1f6-4c4a-b3fd-f6bbe6351a5f | ITER: 2 END: OK
2019-12-27 20:30:45.931 348 INFO rally.task.runner [-] Task f79c188f-b1f6-4c4a-b3fd-f6bbe6351a5f | ITER: 5 START
2019-12-27 20:30:46.013 347 INFO rally.task.runner [-] Task f79c188f-b1f6-4c4a-b3fd-f6bbe6351a5f | ITER: 1 END: OK
2019-12-27 20:30:46.018 347 INFO rally.task.runner [-] Task f79c188f-b1f6-4c4a-b3fd-f6bbe6351a5f | ITER: 6 START
2019-12-27 20:30:46.026 350 INFO rally.task.runner [-] Task f79c188f-b1f6-4c4a-b3fd-f6bbe6351a5f | ITER: 4 END: OK
2019-12-27 20:30:46.029 349 INFO rally.task.runner [-] Task f79c188f-b1f6-4c4a-b3fd-f6bbe6351a5f | ITER: 3 END: OK
2019-12-27 20:30:46.031 350 INFO rally.task.runner [-] Task f79c188f-b1f6-4c4a-b3fd-f6bbe6351a5f | ITER: 7 START
2019-12-27 20:30:46.033 349 INFO rally.task.runner [-] Task f79c188f-b1f6-4c4a-b3fd-f6bbe6351a5f | ITER: 8 START
2019-12-27 20:30:46.227 348 INFO rally.task.runner [-] Task f79c188f-b1f6-4c4a-b3fd-f6bbe6351a5f | ITER: 5 END: OK
2019-12-27 20:30:46.232 348 INFO rally.task.runner [-] Task f79c188f-b1f6-4c4a-b3fd-f6bbe6351a5f | ITER: 9 START
2019-12-27 20:30:46.275 349 INFO rally.task.runner [-] Task f79c188f-b1f6-4c4a-b3fd-f6bbe6351a5f | ITER: 8 END: OK
2019-12-27 20:30:46.279 349 INFO rally.task.runner [-] Task f79c188f-b1f6-4c4a-b3fd-f6bbe6351a5f | ITER: 10 START
2019-12-27 20:30:46.320 347 INFO rally.task.runner [-] Task f79c188f-b1f6-4c4a-b3fd-f6bbe6351a5f | ITER: 6 END: OK
2019-12-27 20:30:46.418 350 INFO rally.task.runner [-] Task f79c188f-b1f6-4c4a-b3fd-f6bbe6351a5f | ITER: 7 END: OK
2019-12-27 20:30:46.474 348 INFO rally.task.runner [-] Task f79c188f-b1f6-4c4a-b3fd-f6bbe6351a5f | ITER: 9 END: OK
2019-12-27 20:30:46.692 349 INFO rally.task.runner [-] Task f79c188f-b1f6-4c4a-b3fd-f6bbe6351a5f | ITER: 10 END: OK
2019-12-27 20:30:46.714 15 INFO rally.task.context [-] Task f79c188f-b1f6-4c4a-b3fd-f6bbe6351a5f | Context users@openstack cleanup() started
2019-12-27 20:30:49.188 15 INFO rally.task.context [-] Task f79c188f-b1f6-4c4a-b3fd-f6bbe6351a5f | Context users@openstack cleanup() finished in 2.47 sec
2019-12-27 20:30:50.127 15 INFO rally.task.engine [-] Load duration is: 1.235763
2019-12-27 20:30:50.127 15 INFO rally.task.engine [-] Full runner duration is: 1.276929
2019-12-27 20:30:50.127 15 INFO rally.task.engine [-] Full duration is: 5.132721
2019-12-27 20:30:50.214 15 INFO rally.task.engine [-] Running workload: position = 0 config = { "version": 2, "title": "A cropped version of a bigger task.", "description": "Auto-generated task from a single workload (uuid=56267813-0d7c-44e0-86cc-3c4fd489ad8b)", "subtasks": [ { "title": "Authenticate.validate_heat", "description": "Check Heat Client to ensure validation of token.", "scenario": { "Authenticate.validate_heat": { "repetitions": 2 } }, "contexts": { "users": { "tenants": 3, "users_per_tenant": 2 } }, "runner": { "constant": { "concurrency": 4, "times": 10 } }, "hooks": [], "sla": { "failure_rate": { "max": 0 } } } ] }
2019-12-27 20:30:50.237 15 RALLYDEBUG rally_openstack.contexts.keystone.users [-] Creating 3 tenants using 20 threads
2019-12-27 20:30:50.915 15 RALLYDEBUG rally_openstack.contexts.keystone.users [-] Creating 6 users using 20 threads
2019-12-27 20:30:51.766 15 INFO rally.task.context [-] Task f79c188f-b1f6-4c4a-b3fd-f6bbe6351a5f | Context users@openstack setup() finished in 1.53 sec
2019-12-27 20:30:51.779 15 RALLYDEBUG rally.task.runner [-] Starting the constant runner (task UUID: f79c188f-b1f6-4c4a-b3fd-f6bbe6351a5f). times: 10 concurrency: 4 timeout: 0 max_cpu_used: 88 processes_to_start: 4 concurrency_per_worker: 1 concurrency_overhead: 0
2019-12-27 20:30:51.791 451 RALLYDEBUG rally.task.runner [-] Starting a worker. times: 10 duration: None concurrency: 1 timeout: 0 cls: method_name: run args: {"repetitions": 2}
2019-12-27 20:30:51.795 452 RALLYDEBUG rally.task.runner [-] Starting a worker. times: 10 duration: None concurrency: 1 timeout: 0 cls: method_name: run args: {"repetitions": 2}
2019-12-27 20:30:51.796 451 INFO rally.task.runner [-] Task f79c188f-b1f6-4c4a-b3fd-f6bbe6351a5f | ITER: 1 START
2019-12-27 20:30:51.798 453 RALLYDEBUG rally.task.runner [-] Starting a worker. times: 10 duration: None concurrency: 1 timeout: 0 cls: method_name: run args: {"repetitions": 2}
2019-12-27 20:30:51.800 452 INFO rally.task.runner [-] Task f79c188f-b1f6-4c4a-b3fd-f6bbe6351a5f | ITER: 2 START
2019-12-27 20:30:51.801 456 RALLYDEBUG rally.task.runner [-] Starting a worker. times: 10 duration: None concurrency: 1 timeout: 0 cls: method_name: run args: {"repetitions": 2}
2019-12-27 20:30:51.804 453 INFO rally.task.runner [-] Task f79c188f-b1f6-4c4a-b3fd-f6bbe6351a5f | ITER: 3 START
2019-12-27 20:30:51.807 456 INFO rally.task.runner [-] Task f79c188f-b1f6-4c4a-b3fd-f6bbe6351a5f | ITER: 4 START
2019-12-27 20:30:52.368 456 INFO rally.task.runner [-] Task f79c188f-b1f6-4c4a-b3fd-f6bbe6351a5f | ITER: 4 END: OK
2019-12-27 20:30:52.373 456 INFO rally.task.runner [-] Task f79c188f-b1f6-4c4a-b3fd-f6bbe6351a5f | ITER: 5 START
2019-12-27 20:30:52.384 452 INFO rally.task.runner [-] Task f79c188f-b1f6-4c4a-b3fd-f6bbe6351a5f | ITER: 2 END: OK
2019-12-27 20:30:52.389 452 INFO rally.task.runner [-] Task f79c188f-b1f6-4c4a-b3fd-f6bbe6351a5f | ITER: 6 START
2019-12-27 20:30:52.397 451 INFO rally.task.runner [-] Task f79c188f-b1f6-4c4a-b3fd-f6bbe6351a5f | ITER: 1 END: OK
2019-12-27 20:30:52.400 453 INFO rally.task.runner [-] Task f79c188f-b1f6-4c4a-b3fd-f6bbe6351a5f | ITER: 3 END: OK
2019-12-27 20:30:52.402 451 INFO rally.task.runner [-] Task f79c188f-b1f6-4c4a-b3fd-f6bbe6351a5f | ITER: 7 START
2019-12-27 20:30:52.405 453 INFO rally.task.runner [-] Task f79c188f-b1f6-4c4a-b3fd-f6bbe6351a5f | ITER: 8 START
2019-12-27 20:30:52.645 456 INFO rally.task.runner [-] Task f79c188f-b1f6-4c4a-b3fd-f6bbe6351a5f | ITER: 5 END: OK
2019-12-27 20:30:52.649 456 INFO rally.task.runner [-] Task f79c188f-b1f6-4c4a-b3fd-f6bbe6351a5f | ITER: 9 START
2019-12-27 20:30:52.710 452 INFO rally.task.runner [-] Task f79c188f-b1f6-4c4a-b3fd-f6bbe6351a5f | ITER: 6 END: OK
2019-12-27 20:30:52.713 452 INFO rally.task.runner [-] Task f79c188f-b1f6-4c4a-b3fd-f6bbe6351a5f | ITER: 10 START
2019-12-27 20:30:52.837 451 INFO rally.task.runner [-] Task f79c188f-b1f6-4c4a-b3fd-f6bbe6351a5f | ITER: 7 END: OK
2019-12-27 20:30:52.868 453 INFO rally.task.runner [-] Task f79c188f-b1f6-4c4a-b3fd-f6bbe6351a5f | ITER: 8 END: OK
2019-12-27 20:30:52.917 456 INFO rally.task.runner [-] Task f79c188f-b1f6-4c4a-b3fd-f6bbe6351a5f | ITER: 9 END: OK
2019-12-27 20:30:52.937 452 INFO rally.task.runner [-] Task f79c188f-b1f6-4c4a-b3fd-f6bbe6351a5f | ITER: 10 END: OK
2019-12-27 20:30:52.965 15 INFO rally.task.context [-] Task f79c188f-b1f6-4c4a-b3fd-f6bbe6351a5f | Context users@openstack cleanup() started
2019-12-27 20:30:55.457 15 INFO rally.task.context [-] Task f79c188f-b1f6-4c4a-b3fd-f6bbe6351a5f | Context users@openstack cleanup() finished in 2.49 sec
2019-12-27 20:30:56.476 15 INFO rally.task.engine [-] Load duration is: 1.139172
2019-12-27 20:30:56.477 15 INFO rally.task.engine [-] Full runner duration is: 1.185956
2019-12-27 20:30:56.477 15 INFO rally.task.engine [-] Full duration is: 5.221105
2019-12-27 20:30:56.563 15 INFO rally.task.engine [-] Running workload: position = 0 config = { "version": 2, "title": "A cropped version of a bigger task.", "description": "Auto-generated task from a single workload (uuid=fa256560-dd6c-44f4-b968-968f7b78d9ed)", "subtasks": [ { "title": "Authenticate.validate_neutron", "description": "Check Neutron Client to ensure validation of token.", "scenario": { "Authenticate.validate_neutron": { "repetitions": 2 } }, "contexts": { "users": { "tenants": 3, "users_per_tenant": 2 } }, "runner": { "constant": { "concurrency": 4, "times": 10 } }, "hooks": [], "sla": { "failure_rate": { "max": 0 } } } ] }
2019-12-27 20:30:56.586 15 RALLYDEBUG rally_openstack.contexts.keystone.users [-] Creating 3 tenants using 20 threads
2019-12-27 20:30:57.151 15 RALLYDEBUG rally_openstack.contexts.keystone.users [-] Creating 6 users using 20 threads
2019-12-27 20:30:58.094 15 INFO rally.task.context [-] Task f79c188f-b1f6-4c4a-b3fd-f6bbe6351a5f | Context users@openstack setup() finished in 1.51 sec
2019-12-27 20:30:58.106 15 RALLYDEBUG rally.task.runner [-] Starting the constant runner (task UUID: f79c188f-b1f6-4c4a-b3fd-f6bbe6351a5f). times: 10 concurrency: 4 timeout: 0 max_cpu_used: 88 processes_to_start: 4 concurrency_per_worker: 1 concurrency_overhead: 0
2019-12-27 20:30:58.117 555 RALLYDEBUG rally.task.runner [-] Starting a worker. times: 10 duration: None concurrency: 1 timeout: 0 cls: method_name: run args: {"repetitions": 2}
2019-12-27 20:30:58.120 556 RALLYDEBUG rally.task.runner [-] Starting a worker. times: 10 duration: None concurrency: 1 timeout: 0 cls: method_name: run args: {"repetitions": 2}
2019-12-27 20:30:58.122 557 RALLYDEBUG rally.task.runner [-] Starting a worker. times: 10 duration: None concurrency: 1 timeout: 0 cls: method_name: run args: {"repetitions": 2}
2019-12-27 20:30:58.124 555 INFO rally.task.runner [-] Task f79c188f-b1f6-4c4a-b3fd-f6bbe6351a5f | ITER: 1 START
2019-12-27 20:30:58.124 558 RALLYDEBUG rally.task.runner [-] Starting a worker. times: 10 duration: None concurrency: 1 timeout: 0 cls: method_name: run args: {"repetitions": 2}
2019-12-27 20:30:58.126 556 INFO rally.task.runner [-] Task f79c188f-b1f6-4c4a-b3fd-f6bbe6351a5f | ITER: 2 START
2019-12-27 20:30:58.129 557 INFO rally.task.runner [-] Task f79c188f-b1f6-4c4a-b3fd-f6bbe6351a5f | ITER: 3 START
2019-12-27 20:30:58.131 558 INFO rally.task.runner [-] Task f79c188f-b1f6-4c4a-b3fd-f6bbe6351a5f | ITER: 4 START
2019-12-27 20:30:58.768 556 INFO rally.task.runner [-] Task f79c188f-b1f6-4c4a-b3fd-f6bbe6351a5f | ITER: 2 END: OK
2019-12-27 20:30:58.773 556 INFO rally.task.runner [-] Task f79c188f-b1f6-4c4a-b3fd-f6bbe6351a5f | ITER: 5 START
2019-12-27 20:30:59.042 558 INFO rally.task.runner [-] Task f79c188f-b1f6-4c4a-b3fd-f6bbe6351a5f | ITER: 4 END: OK
2019-12-27 20:30:59.048 558 INFO rally.task.runner [-] Task f79c188f-b1f6-4c4a-b3fd-f6bbe6351a5f | ITER: 6 START
2019-12-27 20:30:59.131 557 INFO rally.task.runner [-] Task f79c188f-b1f6-4c4a-b3fd-f6bbe6351a5f | ITER: 3 END: OK
2019-12-27 20:30:59.137 557 INFO rally.task.runner [-] Task f79c188f-b1f6-4c4a-b3fd-f6bbe6351a5f | ITER: 7 START
2019-12-27 20:30:59.178 556 INFO rally.task.runner [-] Task f79c188f-b1f6-4c4a-b3fd-f6bbe6351a5f | ITER: 5 END: OK
2019-12-27 20:30:59.183 556 INFO rally.task.runner [-] Task f79c188f-b1f6-4c4a-b3fd-f6bbe6351a5f | ITER: 8 START
2019-12-27 20:30:59.196 555 INFO rally.task.runner [-] Task f79c188f-b1f6-4c4a-b3fd-f6bbe6351a5f | ITER: 1 END: OK
2019-12-27 20:30:59.201 555 INFO rally.task.runner [-] Task f79c188f-b1f6-4c4a-b3fd-f6bbe6351a5f | ITER: 9 START
2019-12-27 20:30:59.527 558 INFO rally.task.runner [-] Task f79c188f-b1f6-4c4a-b3fd-f6bbe6351a5f | ITER: 6 END: OK
2019-12-27 20:30:59.533 558 INFO rally.task.runner [-] Task f79c188f-b1f6-4c4a-b3fd-f6bbe6351a5f | ITER: 10 START
2019-12-27 20:30:59.646 556 INFO rally.task.runner [-] Task f79c188f-b1f6-4c4a-b3fd-f6bbe6351a5f | ITER: 8 END: OK
2019-12-27 20:30:59.866 558 INFO rally.task.runner [-] Task f79c188f-b1f6-4c4a-b3fd-f6bbe6351a5f | ITER: 10 END: OK
2019-12-27 20:30:59.929 557 INFO rally.task.runner [-] Task f79c188f-b1f6-4c4a-b3fd-f6bbe6351a5f | ITER: 7 END: OK
2019-12-27 20:30:59.938 555 INFO rally.task.runner [-] Task f79c188f-b1f6-4c4a-b3fd-f6bbe6351a5f | ITER: 9 END: OK
2019-12-27 20:30:59.964 15 INFO rally.task.context [-] Task f79c188f-b1f6-4c4a-b3fd-f6bbe6351a5f | Context users@openstack cleanup() started
2019-12-27 20:31:03.059 15 INFO rally.task.context [-] Task f79c188f-b1f6-4c4a-b3fd-f6bbe6351a5f | Context users@openstack cleanup() finished in 3.10 sec
2019-12-27 20:31:04.664 15 INFO rally.task.engine [-] Load duration is: 1.812562
2019-12-27 20:31:04.665 15 INFO rally.task.engine [-] Full runner duration is: 1.858133
2019-12-27 20:31:04.665 15 INFO rally.task.engine [-] Full duration is: 6.473766
2019-12-27 20:31:04.748 15 INFO rally.task.engine [-] Running workload: position = 0 config = { "version": 2, "title": "A cropped version of a bigger task.", "description": "Auto-generated task from a single workload (uuid=61d90677-6abc-4224-af59-b947ccc70d52)", "subtasks": [ { "title": "Authenticate.validate_nova", "description": "Check Nova Client to ensure validation of token.", "scenario": { "Authenticate.validate_nova": { "repetitions": 2 } }, "contexts": { "users": { "tenants": 3, "users_per_tenant": 2 } }, "runner": { "constant": { "concurrency": 4, "times": 10 } }, "hooks": [], "sla": { "failure_rate": { "max": 0 } } } ] }
2019-12-27 20:31:04.765 15 RALLYDEBUG rally_openstack.contexts.keystone.users [-] Creating 3 tenants using 20 threads
2019-12-27 20:31:05.233 15 RALLYDEBUG rally_openstack.contexts.keystone.users [-] Creating 6 users using 20 threads
2019-12-27 20:31:06.070 15 INFO rally.task.context [-] Task f79c188f-b1f6-4c4a-b3fd-f6bbe6351a5f | Context users@openstack setup() finished in 1.30 sec
2019-12-27 20:31:06.082 15 RALLYDEBUG rally.task.runner [-] Starting the constant runner (task UUID: f79c188f-b1f6-4c4a-b3fd-f6bbe6351a5f). times: 10 concurrency: 4 timeout: 0 max_cpu_used: 88 processes_to_start: 4 concurrency_per_worker: 1 concurrency_overhead: 0
2019-12-27 20:31:06.093 659 RALLYDEBUG rally.task.runner [-] Starting a worker. times: 10 duration: None concurrency: 1 timeout: 0 cls: method_name: run args: {"repetitions": 2}
2019-12-27 20:31:06.096 660 RALLYDEBUG rally.task.runner [-] Starting a worker. times: 10 duration: None concurrency: 1 timeout: 0 cls: method_name: run args: {"repetitions": 2}
2019-12-27 20:31:06.098 661 RALLYDEBUG rally.task.runner [-] Starting a worker. times: 10 duration: None concurrency: 1 timeout: 0 cls: method_name: run args: {"repetitions": 2}
2019-12-27 20:31:06.101 659 INFO rally.task.runner [-] Task f79c188f-b1f6-4c4a-b3fd-f6bbe6351a5f | ITER: 1 START
2019-12-27 20:31:06.102 660 INFO rally.task.runner [-] Task f79c188f-b1f6-4c4a-b3fd-f6bbe6351a5f | ITER: 2 START
2019-12-27 20:31:06.101 662 RALLYDEBUG rally.task.runner [-] Starting a worker. times: 10 duration: None concurrency: 1 timeout: 0 cls: method_name: run args: {"repetitions": 2}
2019-12-27 20:31:06.105 661 INFO rally.task.runner [-] Task f79c188f-b1f6-4c4a-b3fd-f6bbe6351a5f | ITER: 3 START
2019-12-27 20:31:06.108 662 INFO rally.task.runner [-] Task f79c188f-b1f6-4c4a-b3fd-f6bbe6351a5f | ITER: 4 START
2019-12-27 20:31:06.587 661 INFO rally.task.runner [-] Task f79c188f-b1f6-4c4a-b3fd-f6bbe6351a5f | ITER: 3 END: OK
2019-12-27 20:31:06.592 661 INFO rally.task.runner [-] Task f79c188f-b1f6-4c4a-b3fd-f6bbe6351a5f | ITER: 5 START
2019-12-27 20:31:06.598 662 INFO rally.task.runner [-] Task f79c188f-b1f6-4c4a-b3fd-f6bbe6351a5f | ITER: 4 END: OK
2019-12-27 20:31:06.602 659 INFO rally.task.runner [-] Task f79c188f-b1f6-4c4a-b3fd-f6bbe6351a5f | ITER: 1 END: OK
2019-12-27 20:31:06.603 662 INFO rally.task.runner [-] Task f79c188f-b1f6-4c4a-b3fd-f6bbe6351a5f | ITER: 6 START
2019-12-27 20:31:06.608 659 INFO rally.task.runner [-] Task f79c188f-b1f6-4c4a-b3fd-f6bbe6351a5f | ITER: 7 START
2019-12-27 20:31:06.609 660 INFO rally.task.runner [-] Task f79c188f-b1f6-4c4a-b3fd-f6bbe6351a5f | ITER: 2 END: OK
2019-12-27 20:31:06.614 660 INFO rally.task.runner [-] Task f79c188f-b1f6-4c4a-b3fd-f6bbe6351a5f | ITER: 8 START
2019-12-27 20:31:06.822 659 INFO rally.task.runner [-] Task f79c188f-b1f6-4c4a-b3fd-f6bbe6351a5f | ITER: 7 END: OK
2019-12-27 20:31:06.827 659 INFO rally.task.runner [-] Task f79c188f-b1f6-4c4a-b3fd-f6bbe6351a5f | ITER: 9 START
2019-12-27 20:31:06.857 662 INFO rally.task.runner [-] Task f79c188f-b1f6-4c4a-b3fd-f6bbe6351a5f | ITER: 6 END: OK
2019-12-27 20:31:06.862 662 INFO rally.task.runner [-] Task f79c188f-b1f6-4c4a-b3fd-f6bbe6351a5f | ITER: 10 START
2019-12-27 20:31:06.901 661 INFO rally.task.runner [-] Task f79c188f-b1f6-4c4a-b3fd-f6bbe6351a5f | ITER: 5 END: OK
2019-12-27 20:31:06.903 660 INFO rally.task.runner [-] Task f79c188f-b1f6-4c4a-b3fd-f6bbe6351a5f | ITER: 8 END: OK
2019-12-27 20:31:07.022 659 INFO rally.task.runner [-] Task f79c188f-b1f6-4c4a-b3fd-f6bbe6351a5f | ITER: 9 END: OK
2019-12-27 20:31:07.111 662 INFO rally.task.runner [-] Task f79c188f-b1f6-4c4a-b3fd-f6bbe6351a5f | ITER: 10 END: OK
2019-12-27 20:31:07.142 15 INFO rally.task.context [-] Task f79c188f-b1f6-4c4a-b3fd-f6bbe6351a5f | Context users@openstack cleanup() started
2019-12-27 20:31:09.625 15 INFO rally.task.context [-] Task f79c188f-b1f6-4c4a-b3fd-f6bbe6351a5f | Context users@openstack cleanup() finished in 2.48 sec
2019-12-27 20:31:10.839 15 INFO rally.task.engine [-] Load duration is: 1.009394
2019-12-27 20:31:10.840 15 INFO rally.task.engine [-] Full runner duration is: 1.059988
2019-12-27 20:31:10.840 15 INFO rally.task.engine [-] Full duration is: 4.860941
2019-12-27 20:31:10.913 15 INFO rally.task.engine [-] Task f79c188f-b1f6-4c4a-b3fd-f6bbe6351a5f | Completed: Running task.
2019-12-27 20:31:12.580 721 RALLYDEBUG rally.api [-] INFO logs from urllib3 and requests module are hide.
2019-12-27 20:31:12.580 721 RALLYDEBUG rally.api [-] urllib3 insecure warnings are hidden.
2019-12-27 20:31:12.581 721 RALLYDEBUG rally.api [-] ERROR log from boto module is hide.
2019-12-27 20:31:13.982 722 RALLYDEBUG rally.api [-] INFO logs from urllib3 and requests module are hide.
2019-12-27 20:31:13.982 722 RALLYDEBUG rally.api [-] urllib3 insecure warnings are hidden.
2019-12-27 20:31:13.983 722 RALLYDEBUG rally.api [-] ERROR log from boto module is hide.
2019-12-27 20:31:15.447 723 RALLYDEBUG rally.api [-] INFO logs from urllib3 and requests module are hide.
2019-12-27 20:31:15.448 723 RALLYDEBUG rally.api [-] urllib3 insecure warnings are hidden.
2019-12-27 20:31:15.448 723 RALLYDEBUG rally.api [-] ERROR log from boto module is hide.
2019-12-27 20:31:17.563 723 INFO rally.api [-] Building 'json' report for the following task(s): 'f79c188f-b1f6-4c4a-b3fd-f6bbe6351a5f'.
2019-12-27 20:31:17.580 723 INFO rally.api [-] The report has been successfully built.
2019-12-27 20:31:19.091 725 RALLYDEBUG rally.api [-] INFO logs from urllib3 and requests module are hide.
2019-12-27 20:31:19.091 725 RALLYDEBUG rally.api [-] urllib3 insecure warnings are hidden.
2019-12-27 20:31:19.092 725 RALLYDEBUG rally.api [-] ERROR log from boto module is hide.
2019-12-27 20:31:21.568 725 INFO rally.task.engine [-] Task 22c79bb1-5909-4a14-89be-df473cbf06cb | Starting: Task validation.
2019-12-27 20:31:21.582 725 INFO rally.task.engine [-] Task 22c79bb1-5909-4a14-89be-df473cbf06cb | Starting: Task validation of syntax.
2019-12-27 20:31:21.708 725 INFO rally.task.engine [-] Task 22c79bb1-5909-4a14-89be-df473cbf06cb | Completed: Task validation of syntax.
2019-12-27 20:31:21.708 725 INFO rally.task.engine [-] Task 22c79bb1-5909-4a14-89be-df473cbf06cb | Starting: Task validation of required platforms.
2019-12-27 20:31:21.771 725 INFO rally.task.engine [-] Task 22c79bb1-5909-4a14-89be-df473cbf06cb | Completed: Task validation of required platforms.
2019-12-27 20:31:21.771 725 INFO rally.task.engine [-] Task 22c79bb1-5909-4a14-89be-df473cbf06cb | Starting: Task validation of semantic.
2019-12-27 20:31:21.772 725 INFO rally.task.engine [-] Check health of the environment 'e151d040-daae-43ef-bd55-07744aa69403'.
2019-12-27 20:31:22.287 725 INFO rally.task.engine [-] Platform existing@openstack (available: True): OK!
2019-12-27 20:31:22.302 725 RALLYDEBUG rally_openstack.contexts.keystone.users [-] Creating 1 tenants using 20 threads
2019-12-27 20:31:22.621 725 RALLYDEBUG rally_openstack.contexts.keystone.users [-] Creating 1 users using 20 threads
2019-12-27 20:31:23.240 725 INFO rally.task.context [-] Task 22c79bb1-5909-4a14-89be-df473cbf06cb | Context users@openstack setup() finished in 0.94 sec
2019-12-27 20:31:24.445 725 INFO rally.task.context [-] Task 22c79bb1-5909-4a14-89be-df473cbf06cb | Context users@openstack cleanup() started
2019-12-27 20:31:25.583 725 INFO rally.task.context [-] Task 22c79bb1-5909-4a14-89be-df473cbf06cb | Context users@openstack cleanup() finished in 1.14 sec
2019-12-27 20:31:25.584 725 INFO rally.task.engine [-] Task 22c79bb1-5909-4a14-89be-df473cbf06cb | Completed: Task validation of semantic.
2019-12-27 20:31:25.584 725 INFO rally.task.engine [-] Task 22c79bb1-5909-4a14-89be-df473cbf06cb | Completed: Task validation.
2019-12-27 20:31:25.584 725 INFO rally.api [-] Task 22c79bb1-5909-4a14-89be-df473cbf06cb input file is valid.
2019-12-27 20:31:25.584 725 INFO rally.api [-] Run Task 22c79bb1-5909-4a14-89be-df473cbf06cb against Deployment e151d040-daae-43ef-bd55-07744aa69403
2019-12-27 20:31:25.584 725 INFO rally.task.engine [-] Task 22c79bb1-5909-4a14-89be-df473cbf06cb | Starting: Running task.
2019-12-27 20:31:25.637 725 INFO rally.task.engine [-] Running workload: position = 0 config = { "version": 2, "title": "A cropped version of a bigger task.", "description": "Auto-generated task from a single workload (uuid=8598771b-717d-46e0-beb6-8716fad012c1)", "subtasks": [ { "title": "GlanceImages.create_and_delete_image", "description": "Create and then delete an image.", "scenario": { "GlanceImages.create_and_delete_image": { "container_format": "bare", "disk_format": "qcow2", "image_location": "/home/opnfv/functest/images/cirros-0.4.0-x86_64-disk.img" } }, "contexts": { "users": { "tenants": 3, "users_per_tenant": 2 } }, "runner": { "constant": { "concurrency": 4, "times": 10 } }, "hooks": [], "sla": { "failure_rate": { "max": 0 } } } ] }
2019-12-27 20:31:25.659 725 RALLYDEBUG rally_openstack.contexts.keystone.users [-] Creating 3 tenants using 20 threads
2019-12-27 20:31:26.167 725 RALLYDEBUG rally_openstack.contexts.keystone.users [-] Creating 6 users using 20 threads
2019-12-27 20:31:27.185 725 INFO rally.task.context [-] Task 22c79bb1-5909-4a14-89be-df473cbf06cb | Context users@openstack setup() finished in 1.53 sec
2019-12-27 20:31:27.185 725 INFO rally.task.context [-] Task 22c79bb1-5909-4a14-89be-df473cbf06cb | Context cleanup@openstack setup() finished in 0.01 msec
2019-12-27 20:31:27.198 725 RALLYDEBUG rally.task.runner [-] Starting the constant runner (task UUID: 22c79bb1-5909-4a14-89be-df473cbf06cb). times: 10 concurrency: 4 timeout: 0 max_cpu_used: 88 processes_to_start: 4 concurrency_per_worker: 1 concurrency_overhead: 0
2019-12-27 20:31:27.217 849 RALLYDEBUG rally.task.runner [-] Starting a worker. times: 10 duration: None concurrency: 1 timeout: 0 cls: method_name: run args: {"container_format": "bare", "disk_format": "qcow2", "image_location": "/home/opnfv/functest/images/cirros-0.4.0-x86_64-disk.img"}
2019-12-27 20:31:27.218 850 RALLYDEBUG rally.task.runner [-] Starting a worker. times: 10 duration: None concurrency: 1 timeout: 0 cls: method_name: run args: {"container_format": "bare", "disk_format": "qcow2", "image_location": "/home/opnfv/functest/images/cirros-0.4.0-x86_64-disk.img"}
2019-12-27 20:31:27.221 851 RALLYDEBUG rally.task.runner [-] Starting a worker. times: 10 duration: None concurrency: 1 timeout: 0 cls: method_name: run args: {"container_format": "bare", "disk_format": "qcow2", "image_location": "/home/opnfv/functest/images/cirros-0.4.0-x86_64-disk.img"}
2019-12-27 20:31:27.225 850 INFO rally.task.runner [-] Task 22c79bb1-5909-4a14-89be-df473cbf06cb | ITER: 2 START
2019-12-27 20:31:27.224 852 RALLYDEBUG rally.task.runner [-] Starting a worker. times: 10 duration: None concurrency: 1 timeout: 0 cls: method_name: run args: {"container_format": "bare", "disk_format": "qcow2", "image_location": "/home/opnfv/functest/images/cirros-0.4.0-x86_64-disk.img"}
2019-12-27 20:31:27.226 849 INFO rally.task.runner [-] Task 22c79bb1-5909-4a14-89be-df473cbf06cb | ITER: 1 START
2019-12-27 20:31:27.229 851 INFO rally.task.runner [-] Task 22c79bb1-5909-4a14-89be-df473cbf06cb | ITER: 3 START
2019-12-27 20:31:27.232 852 INFO rally.task.runner [-] Task 22c79bb1-5909-4a14-89be-df473cbf06cb | ITER: 4 START
2019-12-27 20:31:29.814 852 RALLYDEBUG rally.task.utils [-] Waiting for resource 'e25d28f5-b2e9-45af-99e1-19095a3fd2a0'. Status changed: NONE => QUEUED in 0.049005985260009766
2019-12-27 20:31:29.821 851 RALLYDEBUG rally.task.utils [-] Waiting for resource '2944daea-e19c-4c70-ac7a-2428fb0963d9'. Status changed: NONE => QUEUED in 0.04314255714416504
2019-12-27 20:31:29.829 850 RALLYDEBUG rally.task.utils [-] Waiting for resource '8a1827ae-6aca-48f3-8504-e83b0378ac61'. Status changed: NONE => QUEUED in 0.04523611068725586
2019-12-27 20:31:29.839 849 RALLYDEBUG rally.task.utils [-] Waiting for resource '8bf1754a-6766-4a00-9e43-db93f6b8fbf0'. Status changed: NONE => QUEUED in 0.046645164489746094
2019-12-27 20:31:30.313 852 RALLYDEBUG rally.task.utils [-] Waiting for resource s_rally_8598771b_alTOFaeq. Status changed: QUEUED => ACTIVE in 0.026410818099975586
2019-12-27 20:31:30.321 851 RALLYDEBUG rally.task.utils [-] Waiting for resource s_rally_8598771b_mv6nM1Yi. Status changed: QUEUED => ACTIVE in 0.02666163444519043
2019-12-27 20:31:31.410 851 INFO rally.task.runner [-] Task 22c79bb1-5909-4a14-89be-df473cbf06cb | ITER: 3 END: OK
2019-12-27 20:31:31.414 850 RALLYDEBUG rally.task.utils [-] Waiting for resource s_rally_8598771b_XpTp4RZW. Status changed: QUEUED => ACTIVE in 0.025498151779174805
2019-12-27 20:31:31.415 851 INFO rally.task.runner [-] Task 22c79bb1-5909-4a14-89be-df473cbf06cb | ITER: 5 START
2019-12-27 20:31:31.419 852 INFO rally.task.runner [-] Task 22c79bb1-5909-4a14-89be-df473cbf06cb | ITER: 4 END: OK
2019-12-27 20:31:31.424 852 INFO rally.task.runner [-] Task 22c79bb1-5909-4a14-89be-df473cbf06cb | ITER: 6 START
2019-12-27 20:31:31.436 849 RALLYDEBUG rally.task.utils [-] Waiting for resource s_rally_8598771b_Xr5YPAyB. Status changed: QUEUED => ACTIVE in 0.03595733642578125
2019-12-27 20:31:32.324 850 INFO rally.task.runner [-] Task 22c79bb1-5909-4a14-89be-df473cbf06cb | ITER: 2 END: OK
2019-12-27 20:31:32.329 850 INFO rally.task.runner [-] Task 22c79bb1-5909-4a14-89be-df473cbf06cb | ITER: 7 START
2019-12-27 20:31:32.332 849 INFO rally.task.runner [-] Task 22c79bb1-5909-4a14-89be-df473cbf06cb | ITER: 1 END: OK
2019-12-27 20:31:32.337 849 INFO rally.task.runner [-] Task 22c79bb1-5909-4a14-89be-df473cbf06cb | ITER: 8 START
2019-12-27 20:31:33.879 851 RALLYDEBUG rally.task.utils [-] Waiting for resource 'fe1573c9-97b8-4de2-aa64-5deb061ddc26'. Status changed: NONE => QUEUED in 0.04451632499694824
2019-12-27 20:31:33.889 852 RALLYDEBUG rally.task.utils [-] Waiting for resource '269f9ebd-f1f2-4a4e-9076-d4618a482043'. Status changed: NONE => QUEUED in 0.041455984115600586
2019-12-27 20:31:34.338 851 RALLYDEBUG rally.task.utils [-] Waiting for resource s_rally_8598771b_8RE7VQXT. Status changed: QUEUED => ACTIVE in 0.026903629302978516
2019-12-27 20:31:34.351 852 RALLYDEBUG rally.task.utils [-] Waiting for resource s_rally_8598771b_OdMMdAfi. Status changed: QUEUED => ACTIVE in 0.028225421905517578
2019-12-27 20:31:34.660 850 RALLYDEBUG rally.task.utils [-] Waiting for resource '51bb168b-58bb-414b-9470-9f8a8a33d5d4'. Status changed: NONE => QUEUED in 0.042290449142456055
2019-12-27 20:31:34.711 849 RALLYDEBUG rally.task.utils [-] Waiting for resource '6ac5ad27-b397-43bb-97f7-ce051ae0acc3'. Status changed: NONE => QUEUED in 0.04475879669189453
2019-12-27 20:31:35.354 851 INFO rally.task.runner [-] Task 22c79bb1-5909-4a14-89be-df473cbf06cb | ITER: 5 END: OK
2019-12-27 20:31:35.358 851 INFO rally.task.runner [-] Task 22c79bb1-5909-4a14-89be-df473cbf06cb | ITER: 9 START
2019-12-27 20:31:35.363 849 RALLYDEBUG rally.task.utils [-] Waiting for resource s_rally_8598771b_aOQ34qHi. Status changed: QUEUED => ACTIVE in 0.032129526138305664
2019-12-27 20:31:35.364 850 RALLYDEBUG rally.task.utils [-] Waiting for resource s_rally_8598771b_lDZD5mCA. Status changed: QUEUED => ACTIVE in 0.030077695846557617
2019-12-27 20:31:35.366 852 INFO rally.task.runner [-] Task 22c79bb1-5909-4a14-89be-df473cbf06cb | ITER: 6 END: OK
2019-12-27 20:31:35.370 852 INFO rally.task.runner [-] Task 22c79bb1-5909-4a14-89be-df473cbf06cb | ITER: 10 START
2019-12-27 20:31:36.352 850 INFO rally.task.runner [-] Task 22c79bb1-5909-4a14-89be-df473cbf06cb | ITER: 7 END: OK
2019-12-27 20:31:36.367 849 INFO rally.task.runner [-] Task 22c79bb1-5909-4a14-89be-df473cbf06cb | ITER: 8 END: OK
2019-12-27 20:31:37.688 851 RALLYDEBUG rally.task.utils [-] Waiting for resource 'e8683868-1add-4bf1-813c-d8ad5804fd33'. Status changed: NONE => QUEUED in 0.04833030700683594
2019-12-27 20:31:37.759 852 RALLYDEBUG rally.task.utils [-] Waiting for resource '32294205-02a2-4c95-ae04-12816cecfb4d'. Status changed: NONE => QUEUED in 0.04305553436279297
2019-12-27 20:31:38.353 852 RALLYDEBUG rally.task.utils [-] Waiting for resource s_rally_8598771b_73w0zL1O. Status changed: QUEUED => ACTIVE in 0.028053998947143555
2019-12-27 20:31:38.372 851 RALLYDEBUG rally.task.utils [-] Waiting for resource s_rally_8598771b_QJmXf4np. Status changed: QUEUED => ACTIVE in 0.03613615036010742
2019-12-27 20:31:39.367 851 INFO rally.task.runner [-] Task 22c79bb1-5909-4a14-89be-df473cbf06cb | ITER: 9 END: OK
2019-12-27 20:31:39.378 852 INFO rally.task.runner [-] Task 22c79bb1-5909-4a14-89be-df473cbf06cb | ITER: 10 END: OK
2019-12-27 20:31:39.404 725 INFO rally.task.context [-] Task 22c79bb1-5909-4a14-89be-df473cbf06cb | Context cleanup@openstack cleanup() started
2019-12-27 20:31:39.411 725 RALLYDEBUG rally_openstack.cleanup.manager [-] Cleaning up glance images objects
2019-12-27 20:31:40.208 725 INFO rally.task.context [-] Task 22c79bb1-5909-4a14-89be-df473cbf06cb | Context cleanup@openstack cleanup() finished in 0.80 sec
2019-12-27 20:31:40.210 725 INFO rally.task.context [-] Task 22c79bb1-5909-4a14-89be-df473cbf06cb | Context users@openstack cleanup() started
2019-12-27 20:31:42.511 725 INFO rally.task.context [-] Task 22c79bb1-5909-4a14-89be-df473cbf06cb | Context users@openstack cleanup() finished in 2.30 sec
2019-12-27 20:31:43.818 725 INFO rally.task.engine [-] Load duration is: 11.883486
2019-12-27 20:31:43.818 725 INFO rally.task.engine [-] Full runner duration is: 12.206364
2019-12-27 20:31:43.819 725 INFO rally.task.engine [-] Full duration is: 16.85378
2019-12-27 20:31:43.917 725 INFO rally.task.engine [-] Running workload: position = 0 config = { "version": 2, "title": "A cropped version of a bigger task.", "description": "Auto-generated task from a single workload (uuid=0a378031-1fbc-4e08-a8d4-c72ec0185e7a)", "subtasks": [ { "title": "GlanceImages.create_and_list_image", "description": "Create an image and then list all images.", "scenario": { "GlanceImages.create_and_list_image": { "container_format": "bare", "disk_format": "qcow2", "image_location": "/home/opnfv/functest/images/cirros-0.4.0-x86_64-disk.img" } }, "contexts": { "users": { "tenants": 3, "users_per_tenant": 2 } }, "runner": { "constant": { "concurrency": 4, "times": 10 } }, "hooks": [], "sla": { "failure_rate": { "max": 0 } } } ] }
2019-12-27 20:31:43.938 725 RALLYDEBUG rally_openstack.contexts.keystone.users [-] Creating 3 tenants using 20 threads
2019-12-27 20:31:44.444 725 RALLYDEBUG rally_openstack.contexts.keystone.users [-] Creating 6 users using 20 threads
2019-12-27 20:31:45.260 725 INFO rally.task.context [-] Task 22c79bb1-5909-4a14-89be-df473cbf06cb | Context users@openstack setup() finished in 1.32 sec
2019-12-27 20:31:45.260 725 INFO rally.task.context [-] Task 22c79bb1-5909-4a14-89be-df473cbf06cb | Context cleanup@openstack setup() finished in 0.02 msec
