2019-12-27 20:48:44.298 6401 DEBUG cinderclient.v2.client [-] REQ: curl -g -i -X GET http://172.30.13.89/volume/v3/fa0bea32c4bf4b699357892c0dd0ef20/types/a8d472e0-0ac0-4673-bc56-d66d9865ac12/os-volume-type-access -H "Accept: application/json" -H "User-Agent: python-cinderclient" -H "X-Auth-Token: {SHA256}89b30062ba92521ce065a51f3bcd3d77b8d6dbdfff431846f729167121a6babe" -H "X-OpenStack-Request-ID: req-9ef2b319-7f2d-4e08-be27-68f145cc8b19" _http_log_request /usr/lib/python3.6/site-packages/keystoneauth1/session.py:464
2019-12-27 20:48:44.314 6402 DEBUG cinderclient.v2.client [-] RESP: [202] Connection: close Content-Length: 0 Content-Type: text/html; charset=UTF-8 Date: Fri, 27 Dec 2019 20:48:44 GMT OpenStack-API-Version: volume 3.0 Server: Apache/2.4.29 (Ubuntu) Vary: OpenStack-API-Version x-openstack-request-id: req-15e64fdb-0b80-4dfa-a791-4fa28623065a _http_log_response /usr/lib/python3.6/site-packages/keystoneauth1/session.py:495
2019-12-27 20:48:44.314 6402 DEBUG cinderclient.v2.client [-] RESP BODY: Omitted, Content-Type is set to text/html; charset=UTF-8. Only application/json responses have their bodies logged. _http_log_response /usr/lib/python3.6/site-packages/keystoneauth1/session.py:527
2019-12-27 20:48:44.315 6402 DEBUG cinderclient.v2.client [-] POST call to volumev2 for http://172.30.13.89/volume/v3/fa0bea32c4bf4b699357892c0dd0ef20/types/caca6ee4-78f3-4f0e-9eee-b91f5f5822b5/action used request id req-15e64fdb-0b80-4dfa-a791-4fa28623065a request /usr/lib/python3.6/site-packages/keystoneauth1/session.py:865
2019-12-27 20:48:44.316 6402 DEBUG cinderclient.v2.client [-] REQ: curl -g -i -X GET http://172.30.13.89/volume/v3/fa0bea32c4bf4b699357892c0dd0ef20/types/caca6ee4-78f3-4f0e-9eee-b91f5f5822b5/os-volume-type-access -H "Accept: application/json" -H "User-Agent: python-cinderclient" -H "X-Auth-Token: {SHA256}f073fd60bc716a8c03350797a61a34b19dd4b8fd29aef2e384f53e7398da2c22" -H "X-OpenStack-Request-ID: req-53ac9d26-31bb-43d5-be22-102ea9c082d5" _http_log_request /usr/lib/python3.6/site-packages/keystoneauth1/session.py:464
2019-12-27 20:48:44.324 6401 DEBUG cinderclient.v2.client [-] RESP: [200] Connection: close Content-Length: 134 Content-Type: application/json Date: Fri, 27 Dec 2019 20:48:44 GMT OpenStack-API-Version: volume 3.0 Server: Apache/2.4.29 (Ubuntu) Vary: OpenStack-API-Version x-compute-request-id: req-706a6266-5586-45b0-aebd-4f9d6a79e798 x-openstack-request-id: req-706a6266-5586-45b0-aebd-4f9d6a79e798 _http_log_response /usr/lib/python3.6/site-packages/keystoneauth1/session.py:495
2019-12-27 20:48:44.324 6401 DEBUG cinderclient.v2.client [-] RESP BODY: {"volume_type_access": [{"volume_type_id": "a8d472e0-0ac0-4673-bc56-d66d9865ac12", "project_id": "9c490968c9994357ae09c4fa8f3e9f95"}]} _http_log_response /usr/lib/python3.6/site-packages/keystoneauth1/session.py:527
2019-12-27 20:48:44.325 6401 DEBUG cinderclient.v2.client [-] GET call to volumev2 for http://172.30.13.89/volume/v3/fa0bea32c4bf4b699357892c0dd0ef20/types/a8d472e0-0ac0-4673-bc56-d66d9865ac12/os-volume-type-access used request id req-706a6266-5586-45b0-aebd-4f9d6a79e798 request /usr/lib/python3.6/site-packages/keystoneauth1/session.py:865
2019-12-27 20:48:44.326 6401 INFO rally.task.runner [-] Task a6ccca18-b553-414c-9946-917bd4d6573b | ITER: 3 END: OK
2019-12-27 20:48:44.330 6400 DEBUG cinderclient.v2.client [-] RESP: [202] Connection: close Content-Length: 0 Content-Type: text/html; charset=UTF-8 Date: Fri, 27 Dec 2019 20:48:44 GMT OpenStack-API-Version: volume 3.0 Server: Apache/2.4.29 (Ubuntu) Vary: OpenStack-API-Version x-openstack-request-id: req-470aebdb-5856-477d-84ef-c6619d1b46aa _http_log_response /usr/lib/python3.6/site-packages/keystoneauth1/session.py:495
2019-12-27 20:48:44.330 6400 DEBUG cinderclient.v2.client [-] RESP BODY: Omitted, Content-Type is set to text/html; charset=UTF-8. Only application/json responses have their bodies logged. _http_log_response /usr/lib/python3.6/site-packages/keystoneauth1/session.py:527
2019-12-27 20:48:44.331 6400 DEBUG cinderclient.v2.client [-] POST call to volumev2 for http://172.30.13.89/volume/v3/fa0bea32c4bf4b699357892c0dd0ef20/types/63b6ca8f-f041-4d06-8148-26cff1a4edaa/action used request id req-470aebdb-5856-477d-84ef-c6619d1b46aa request /usr/lib/python3.6/site-packages/keystoneauth1/session.py:865
2019-12-27 20:48:44.332 6400 DEBUG cinderclient.v2.client [-] REQ: curl -g -i -X GET http://172.30.13.89/volume/v3/fa0bea32c4bf4b699357892c0dd0ef20/types/63b6ca8f-f041-4d06-8148-26cff1a4edaa/os-volume-type-access -H "Accept: application/json" -H "User-Agent: python-cinderclient" -H "X-Auth-Token: {SHA256}8a2f3bee07b172424863051f40928669b7878701c056c8e10838bfe769a6f354" -H "X-OpenStack-Request-ID: req-f7866633-809c-45df-8349-dafc668c99ff" _http_log_request /usr/lib/python3.6/site-packages/keystoneauth1/session.py:464
2019-12-27 20:48:44.332 6401 INFO rally.task.runner [-] Task a6ccca18-b553-414c-9946-917bd4d6573b | ITER: 5 START
2019-12-27 20:48:44.338 6399 DEBUG cinderclient.v2.client [-] RESP: [202] Connection: close Content-Length: 0 Content-Type: text/html; charset=UTF-8 Date: Fri, 27 Dec 2019 20:48:44 GMT OpenStack-API-Version: volume 3.0 Server: Apache/2.4.29 (Ubuntu) Vary: OpenStack-API-Version x-openstack-request-id: req-77379fbe-de79-4f70-b691-fc47529d93f7 _http_log_response /usr/lib/python3.6/site-packages/keystoneauth1/session.py:495
2019-12-27 20:48:44.339 6399 DEBUG cinderclient.v2.client [-] RESP BODY: Omitted, Content-Type is set to text/html; charset=UTF-8. Only application/json responses have their bodies logged. _http_log_response /usr/lib/python3.6/site-packages/keystoneauth1/session.py:527
2019-12-27 20:48:44.339 6399 DEBUG cinderclient.v2.client [-] POST call to volumev2 for http://172.30.13.89/volume/v3/fa0bea32c4bf4b699357892c0dd0ef20/types/c9624cd7-9b68-4755-a768-293a6716ce13/action used request id req-77379fbe-de79-4f70-b691-fc47529d93f7 request /usr/lib/python3.6/site-packages/keystoneauth1/session.py:865
2019-12-27 20:48:44.341 6402 DEBUG cinderclient.v2.client [-] RESP: [200] Connection: close Content-Length: 134 Content-Type: application/json Date: Fri, 27 Dec 2019 20:48:44 GMT OpenStack-API-Version: volume 3.0 Server: Apache/2.4.29 (Ubuntu) Vary: OpenStack-API-Version x-compute-request-id: req-119e533e-6f6c-4dd8-8297-155562119590 x-openstack-request-id: req-119e533e-6f6c-4dd8-8297-155562119590 _http_log_response /usr/lib/python3.6/site-packages/keystoneauth1/session.py:495
2019-12-27 20:48:44.341 6399 DEBUG cinderclient.v2.client [-] REQ: curl -g -i -X GET http://172.30.13.89/volume/v3/fa0bea32c4bf4b699357892c0dd0ef20/types/c9624cd7-9b68-4755-a768-293a6716ce13/os-volume-type-access -H "Accept: application/json" -H "User-Agent: python-cinderclient" -H "X-Auth-Token: {SHA256}e6f90915ba3b671f3e7c70c6a75765bfd0e2d0a9ee82d10361c9dd08156663e3" -H "X-OpenStack-Request-ID: req-7e7acba1-1218-4ac1-bce4-e95ef12b7cb0" _http_log_request /usr/lib/python3.6/site-packages/keystoneauth1/session.py:464
2019-12-27 20:48:44.342 6402 DEBUG cinderclient.v2.client [-] RESP BODY: {"volume_type_access": [{"volume_type_id": "caca6ee4-78f3-4f0e-9eee-b91f5f5822b5", "project_id": "a116132274fa4118a19497de9979f115"}]} _http_log_response /usr/lib/python3.6/site-packages/keystoneauth1/session.py:527
2019-12-27 20:48:44.342 6402 DEBUG cinderclient.v2.client [-] GET call to volumev2 for http://172.30.13.89/volume/v3/fa0bea32c4bf4b699357892c0dd0ef20/types/caca6ee4-78f3-4f0e-9eee-b91f5f5822b5/os-volume-type-access used request id req-119e533e-6f6c-4dd8-8297-155562119590 request /usr/lib/python3.6/site-packages/keystoneauth1/session.py:865
2019-12-27 20:48:44.344 6402 INFO rally.task.runner [-] Task a6ccca18-b553-414c-9946-917bd4d6573b | ITER: 4 END: OK
2019-12-27 20:48:44.349 6402 INFO rally.task.runner [-] Task a6ccca18-b553-414c-9946-917bd4d6573b | ITER: 6 START
2019-12-27 20:48:44.360 6400 DEBUG cinderclient.v2.client [-] RESP: [200] Connection: close Content-Length: 134 Content-Type: application/json Date: Fri, 27 Dec 2019 20:48:44 GMT OpenStack-API-Version: volume 3.0 Server: Apache/2.4.29 (Ubuntu) Vary: OpenStack-API-Version x-compute-request-id: req-35cd7b52-1a5d-4280-8c3a-326200c2ee2a x-openstack-request-id: req-35cd7b52-1a5d-4280-8c3a-326200c2ee2a _http_log_response /usr/lib/python3.6/site-packages/keystoneauth1/session.py:495
2019-12-27 20:48:44.361 6400 DEBUG cinderclient.v2.client [-] RESP BODY: {"volume_type_access": [{"volume_type_id": "63b6ca8f-f041-4d06-8148-26cff1a4edaa", "project_id": "9c490968c9994357ae09c4fa8f3e9f95"}]} _http_log_response /usr/lib/python3.6/site-packages/keystoneauth1/session.py:527
2019-12-27 20:48:44.361 6400 DEBUG cinderclient.v2.client [-] GET call to volumev2 for http://172.30.13.89/volume/v3/fa0bea32c4bf4b699357892c0dd0ef20/types/63b6ca8f-f041-4d06-8148-26cff1a4edaa/os-volume-type-access used request id req-35cd7b52-1a5d-4280-8c3a-326200c2ee2a request /usr/lib/python3.6/site-packages/keystoneauth1/session.py:865
2019-12-27 20:48:44.362 6400 INFO rally.task.runner [-] Task a6ccca18-b553-414c-9946-917bd4d6573b | ITER: 2 END: OK
2019-12-27 20:48:44.367 6400 INFO rally.task.runner [-] Task a6ccca18-b553-414c-9946-917bd4d6573b | ITER: 7 START
2019-12-27 20:48:44.371 6399 DEBUG cinderclient.v2.client [-] RESP: [200] Connection: close Content-Length: 134 Content-Type: application/json Date: Fri, 27 Dec 2019 20:48:44 GMT OpenStack-API-Version: volume 3.0 Server: Apache/2.4.29 (Ubuntu) Vary: OpenStack-API-Version x-compute-request-id: req-a33c3d42-342a-4a86-9d52-463b7c7b1103 x-openstack-request-id: req-a33c3d42-342a-4a86-9d52-463b7c7b1103 _http_log_response /usr/lib/python3.6/site-packages/keystoneauth1/session.py:495
2019-12-27 20:48:44.371 6399 DEBUG cinderclient.v2.client [-] RESP BODY: {"volume_type_access": [{"volume_type_id": "c9624cd7-9b68-4755-a768-293a6716ce13", "project_id": "a116132274fa4118a19497de9979f115"}]} _http_log_response /usr/lib/python3.6/site-packages/keystoneauth1/session.py:527
2019-12-27 20:48:44.371 6399 DEBUG cinderclient.v2.client [-] GET call to volumev2 for http://172.30.13.89/volume/v3/fa0bea32c4bf4b699357892c0dd0ef20/types/c9624cd7-9b68-4755-a768-293a6716ce13/os-volume-type-access used request id req-a33c3d42-342a-4a86-9d52-463b7c7b1103 request /usr/lib/python3.6/site-packages/keystoneauth1/session.py:865
2019-12-27 20:48:44.373 6399 INFO rally.task.runner [-] Task a6ccca18-b553-414c-9946-917bd4d6573b | ITER: 1 END: OK
2019-12-27 20:48:44.378 6399 INFO rally.task.runner [-] Task a6ccca18-b553-414c-9946-917bd4d6573b | ITER: 8 START
2019-12-27 20:48:44.397 6401 DEBUG cinderclient.v2.client [-] REQ: curl -g -i -X POST http://172.30.13.89/volume/v3/fa0bea32c4bf4b699357892c0dd0ef20/types -H "Accept: application/json" -H "Content-Type: application/json" -H "User-Agent: python-cinderclient" -H "X-Auth-Token: {SHA256}2dc3ed27dd26e778557cf4e426f7bfdf329872130a1755ebdc61d031bd914666" -d '{"volume_type": {"name": "s_rally_38c71b4c_y2QmDDxG", "description": "rally tests creating types", "os-volume-type-access:is_public": false}}' _http_log_request /usr/lib/python3.6/site-packages/keystoneauth1/session.py:464
2019-12-27 20:48:44.418 6402 DEBUG cinderclient.v2.client [-] REQ: curl -g -i -X POST http://172.30.13.89/volume/v3/fa0bea32c4bf4b699357892c0dd0ef20/types -H "Accept: application/json" -H "Content-Type: application/json" -H "User-Agent: python-cinderclient" -H "X-Auth-Token: {SHA256}1bac376d5d88cddf6de24628f421b0acf11ee25f97b2ce0bfde1ed9286117096" -d '{"volume_type": {"name": "s_rally_38c71b4c_9OLPclVm", "description": "rally tests creating types", "os-volume-type-access:is_public": false}}' _http_log_request /usr/lib/python3.6/site-packages/keystoneauth1/session.py:464
2019-12-27 20:48:44.433 6400 DEBUG cinderclient.v2.client [-] REQ: curl -g -i -X POST http://172.30.13.89/volume/v3/fa0bea32c4bf4b699357892c0dd0ef20/types -H "Accept: application/json" -H "Content-Type: application/json" -H "User-Agent: python-cinderclient" -H "X-Auth-Token: {SHA256}cdc9733b3532ab6cf11f3f19532e35d02e4d03760834b4a9661c1f6a1dc9d5b1" -d '{"volume_type": {"name": "s_rally_38c71b4c_TlYWDySP", "description": "rally tests creating types", "os-volume-type-access:is_public": false}}' _http_log_request /usr/lib/python3.6/site-packages/keystoneauth1/session.py:464
2019-12-27 20:48:44.451 6399 DEBUG cinderclient.v2.client [-] REQ: curl -g -i -X POST http://172.30.13.89/volume/v3/fa0bea32c4bf4b699357892c0dd0ef20/types -H "Accept: application/json" -H "Content-Type: application/json" -H "User-Agent: python-cinderclient" -H "X-Auth-Token: {SHA256}50857a2727d07fe61f87210e9d643951c1550fb1a2e51dc7c7ba99b26c90b732" -d '{"volume_type": {"name": "s_rally_38c71b4c_igRuloVg", "description": "rally tests creating types", "os-volume-type-access:is_public": false}}' _http_log_request /usr/lib/python3.6/site-packages/keystoneauth1/session.py:464
2019-12-27 20:48:44.506 6401 DEBUG cinderclient.v2.client [-] RESP: [200] Connection: close Content-Length: 226 Content-Type: application/json Date: Fri, 27 Dec 2019 20:48:44 GMT OpenStack-API-Version: volume 3.0 Server: Apache/2.4.29 (Ubuntu) Vary: OpenStack-API-Version x-compute-request-id: req-e1eabbf0-085e-489b-b916-c9f1baa19ffa x-openstack-request-id: req-e1eabbf0-085e-489b-b916-c9f1baa19ffa _http_log_response /usr/lib/python3.6/site-packages/keystoneauth1/session.py:495
2019-12-27 20:48:44.507 6401 DEBUG cinderclient.v2.client [-] RESP BODY: {"volume_type": {"name": "s_rally_38c71b4c_y2QmDDxG", "extra_specs": {}, "os-volume-type-access:is_public": false, "is_public": false, "id": "582e4a6f-5bac-46d3-8ee5-12bceaea4fb0", "description": "rally tests creating types"}} _http_log_response /usr/lib/python3.6/site-packages/keystoneauth1/session.py:527
2019-12-27 20:48:44.507 6401 DEBUG cinderclient.v2.client [-] POST call to volumev2 for http://172.30.13.89/volume/v3/fa0bea32c4bf4b699357892c0dd0ef20/types used request id req-e1eabbf0-085e-489b-b916-c9f1baa19ffa request /usr/lib/python3.6/site-packages/keystoneauth1/session.py:865
2019-12-27 20:48:44.509 6401 DEBUG cinderclient.v2.client [-] REQ: curl -g -i -X POST http://172.30.13.89/volume/v3/fa0bea32c4bf4b699357892c0dd0ef20/types/582e4a6f-5bac-46d3-8ee5-12bceaea4fb0/action -H "Accept: application/json" -H "Content-Type: application/json" -H "User-Agent: python-cinderclient" -H "X-Auth-Token: {SHA256}2dc3ed27dd26e778557cf4e426f7bfdf329872130a1755ebdc61d031bd914666" -H "X-OpenStack-Request-ID: req-e1eabbf0-085e-489b-b916-c9f1baa19ffa" -d '{"addProjectAccess": {"project": "d5cf3a55ea28414fa6299ebfcb3dd170"}}' _http_log_request /usr/lib/python3.6/site-packages/keystoneauth1/session.py:464
2019-12-27 20:48:44.515 6402 DEBUG cinderclient.v2.client [-] RESP: [200] Connection: close Content-Length: 226 Content-Type: application/json Date: Fri, 27 Dec 2019 20:48:44 GMT OpenStack-API-Version: volume 3.0 Server: Apache/2.4.29 (Ubuntu) Vary: OpenStack-API-Version x-compute-request-id: req-bccf6845-243c-405c-a80b-e2898bcb1faa x-openstack-request-id: req-bccf6845-243c-405c-a80b-e2898bcb1faa _http_log_response /usr/lib/python3.6/site-packages/keystoneauth1/session.py:495
2019-12-27 20:48:44.515 6402 DEBUG cinderclient.v2.client [-] RESP BODY: {"volume_type": {"name": "s_rally_38c71b4c_9OLPclVm", "extra_specs": {}, "os-volume-type-access:is_public": false, "is_public": false, "id": "28bd5a6b-374e-4ad2-ab49-ae5de14e9a9d", "description": "rally tests creating types"}} _http_log_response /usr/lib/python3.6/site-packages/keystoneauth1/session.py:527
2019-12-27 20:48:44.515 6402 DEBUG cinderclient.v2.client [-] POST call to volumev2 for http://172.30.13.89/volume/v3/fa0bea32c4bf4b699357892c0dd0ef20/types used request id req-bccf6845-243c-405c-a80b-e2898bcb1faa request /usr/lib/python3.6/site-packages/keystoneauth1/session.py:865
2019-12-27 20:48:44.517 6402 DEBUG cinderclient.v2.client [-] REQ: curl -g -i -X POST http://172.30.13.89/volume/v3/fa0bea32c4bf4b699357892c0dd0ef20/types/28bd5a6b-374e-4ad2-ab49-ae5de14e9a9d/action -H "Accept: application/json" -H "Content-Type: application/json" -H "User-Agent: python-cinderclient" -H "X-Auth-Token: {SHA256}1bac376d5d88cddf6de24628f421b0acf11ee25f97b2ce0bfde1ed9286117096" -H "X-OpenStack-Request-ID: req-bccf6845-243c-405c-a80b-e2898bcb1faa" -d '{"addProjectAccess": {"project": "9c490968c9994357ae09c4fa8f3e9f95"}}' _http_log_request /usr/lib/python3.6/site-packages/keystoneauth1/session.py:464
2019-12-27 20:48:44.528 6400 DEBUG cinderclient.v2.client [-] RESP: [200] Connection: close Content-Length: 226 Content-Type: application/json Date: Fri, 27 Dec 2019 20:48:44 GMT OpenStack-API-Version: volume 3.0 Server: Apache/2.4.29 (Ubuntu) Vary: OpenStack-API-Version x-compute-request-id: req-c7a82765-78fa-47d5-8d8c-77860cf472a7 x-openstack-request-id: req-c7a82765-78fa-47d5-8d8c-77860cf472a7 _http_log_response /usr/lib/python3.6/site-packages/keystoneauth1/session.py:495
2019-12-27 20:48:44.528 6400 DEBUG cinderclient.v2.client [-] RESP BODY: {"volume_type": {"name": "s_rally_38c71b4c_TlYWDySP", "extra_specs": {}, "os-volume-type-access:is_public": false, "is_public": false, "id": "3d4b8021-7946-425d-8553-3de76fdee5d7", "description": "rally tests creating types"}} _http_log_response /usr/lib/python3.6/site-packages/keystoneauth1/session.py:527
2019-12-27 20:48:44.529 6400 DEBUG cinderclient.v2.client [-] POST call to volumev2 for http://172.30.13.89/volume/v3/fa0bea32c4bf4b699357892c0dd0ef20/types used request id req-c7a82765-78fa-47d5-8d8c-77860cf472a7 request /usr/lib/python3.6/site-packages/keystoneauth1/session.py:865
2019-12-27 20:48:44.531 6400 DEBUG cinderclient.v2.client [-] REQ: curl -g -i -X POST http://172.30.13.89/volume/v3/fa0bea32c4bf4b699357892c0dd0ef20/types/3d4b8021-7946-425d-8553-3de76fdee5d7/action -H "Accept: application/json" -H "Content-Type: application/json" -H "User-Agent: python-cinderclient" -H "X-Auth-Token: {SHA256}cdc9733b3532ab6cf11f3f19532e35d02e4d03760834b4a9661c1f6a1dc9d5b1" -H "X-OpenStack-Request-ID: req-c7a82765-78fa-47d5-8d8c-77860cf472a7" -d '{"addProjectAccess": {"project": "a116132274fa4118a19497de9979f115"}}' _http_log_request /usr/lib/python3.6/site-packages/keystoneauth1/session.py:464
2019-12-27 20:48:44.544 6401 DEBUG cinderclient.v2.client [-] RESP: [202] Connection: close Content-Length: 0 Content-Type: text/html; charset=UTF-8 Date: Fri, 27 Dec 2019 20:48:44 GMT OpenStack-API-Version: volume 3.0 Server: Apache/2.4.29 (Ubuntu) Vary: OpenStack-API-Version x-openstack-request-id: req-fff978e5-3c1e-4c9b-885d-efd1659740b7 _http_log_response /usr/lib/python3.6/site-packages/keystoneauth1/session.py:495
2019-12-27 20:48:44.545 6401 DEBUG cinderclient.v2.client [-] RESP BODY: Omitted, Content-Type is set to text/html; charset=UTF-8. Only application/json responses have their bodies logged. _http_log_response /usr/lib/python3.6/site-packages/keystoneauth1/session.py:527
2019-12-27 20:48:44.545 6401 DEBUG cinderclient.v2.client [-] POST call to volumev2 for http://172.30.13.89/volume/v3/fa0bea32c4bf4b699357892c0dd0ef20/types/582e4a6f-5bac-46d3-8ee5-12bceaea4fb0/action used request id req-fff978e5-3c1e-4c9b-885d-efd1659740b7 request /usr/lib/python3.6/site-packages/keystoneauth1/session.py:865
2019-12-27 20:48:44.547 6401 DEBUG cinderclient.v2.client [-] REQ: curl -g -i -X GET http://172.30.13.89/volume/v3/fa0bea32c4bf4b699357892c0dd0ef20/types/582e4a6f-5bac-46d3-8ee5-12bceaea4fb0/os-volume-type-access -H "Accept: application/json" -H "User-Agent: python-cinderclient" -H "X-Auth-Token: {SHA256}2dc3ed27dd26e778557cf4e426f7bfdf329872130a1755ebdc61d031bd914666" -H "X-OpenStack-Request-ID: req-e1eabbf0-085e-489b-b916-c9f1baa19ffa" _http_log_request /usr/lib/python3.6/site-packages/keystoneauth1/session.py:464
2019-12-27 20:48:44.547 6399 DEBUG cinderclient.v2.client [-] RESP: [200] Connection: close Content-Length: 226 Content-Type: application/json Date: Fri, 27 Dec 2019 20:48:44 GMT OpenStack-API-Version: volume 3.0 Server: Apache/2.4.29 (Ubuntu) Vary: OpenStack-API-Version x-compute-request-id: req-c3c1771d-84e3-456a-b7ff-cb0b56ed64b0 x-openstack-request-id: req-c3c1771d-84e3-456a-b7ff-cb0b56ed64b0 _http_log_response /usr/lib/python3.6/site-packages/keystoneauth1/session.py:495
2019-12-27 20:48:44.548 6399 DEBUG cinderclient.v2.client [-] RESP BODY: {"volume_type": {"name": "s_rally_38c71b4c_igRuloVg", "extra_specs": {}, "os-volume-type-access:is_public": false, "is_public": false, "id": "ec91b2fc-d0d5-4075-802c-b5089d97bef1", "description": "rally tests creating types"}} _http_log_response /usr/lib/python3.6/site-packages/keystoneauth1/session.py:527
2019-12-27 20:48:44.548 6399 DEBUG cinderclient.v2.client [-] POST call to volumev2 for http://172.30.13.89/volume/v3/fa0bea32c4bf4b699357892c0dd0ef20/types used request id req-c3c1771d-84e3-456a-b7ff-cb0b56ed64b0 request /usr/lib/python3.6/site-packages/keystoneauth1/session.py:865
2019-12-27 20:48:44.550 6399 DEBUG cinderclient.v2.client [-] REQ: curl -g -i -X POST http://172.30.13.89/volume/v3/fa0bea32c4bf4b699357892c0dd0ef20/types/ec91b2fc-d0d5-4075-802c-b5089d97bef1/action -H "Accept: application/json" -H "Content-Type: application/json" -H "User-Agent: python-cinderclient" -H "X-Auth-Token: {SHA256}50857a2727d07fe61f87210e9d643951c1550fb1a2e51dc7c7ba99b26c90b732" -H "X-OpenStack-Request-ID: req-c3c1771d-84e3-456a-b7ff-cb0b56ed64b0" -d '{"addProjectAccess": {"project": "9c490968c9994357ae09c4fa8f3e9f95"}}' _http_log_request /usr/lib/python3.6/site-packages/keystoneauth1/session.py:464
2019-12-27 20:48:44.552 6402 DEBUG cinderclient.v2.client [-] RESP: [202] Connection: close Content-Length: 0 Content-Type: text/html; charset=UTF-8 Date: Fri, 27 Dec 2019 20:48:44 GMT OpenStack-API-Version: volume 3.0 Server: Apache/2.4.29 (Ubuntu) Vary: OpenStack-API-Version x-openstack-request-id: req-5c899a42-8d68-431b-a45b-49bbe79b0848 _http_log_response /usr/lib/python3.6/site-packages/keystoneauth1/session.py:495
2019-12-27 20:48:44.552 6402 DEBUG cinderclient.v2.client [-] RESP BODY: Omitted, Content-Type is set to text/html; charset=UTF-8. Only application/json responses have their bodies logged. _http_log_response /usr/lib/python3.6/site-packages/keystoneauth1/session.py:527
2019-12-27 20:48:44.552 6402 DEBUG cinderclient.v2.client [-] POST call to volumev2 for http://172.30.13.89/volume/v3/fa0bea32c4bf4b699357892c0dd0ef20/types/28bd5a6b-374e-4ad2-ab49-ae5de14e9a9d/action used request id req-5c899a42-8d68-431b-a45b-49bbe79b0848 request /usr/lib/python3.6/site-packages/keystoneauth1/session.py:865
2019-12-27 20:48:44.553 6402 DEBUG cinderclient.v2.client [-] REQ: curl -g -i -X GET http://172.30.13.89/volume/v3/fa0bea32c4bf4b699357892c0dd0ef20/types/28bd5a6b-374e-4ad2-ab49-ae5de14e9a9d/os-volume-type-access -H "Accept: application/json" -H "User-Agent: python-cinderclient" -H "X-Auth-Token: {SHA256}1bac376d5d88cddf6de24628f421b0acf11ee25f97b2ce0bfde1ed9286117096" -H "X-OpenStack-Request-ID: req-bccf6845-243c-405c-a80b-e2898bcb1faa" _http_log_request /usr/lib/python3.6/site-packages/keystoneauth1/session.py:464
2019-12-27 20:48:44.573 6400 DEBUG cinderclient.v2.client [-] RESP: [202] Connection: close Content-Length: 0 Content-Type: text/html; charset=UTF-8 Date: Fri, 27 Dec 2019 20:48:44 GMT OpenStack-API-Version: volume 3.0 Server: Apache/2.4.29 (Ubuntu) Vary: OpenStack-API-Version x-openstack-request-id: req-03b433cc-dbfc-4216-91d2-d3cac6c886f1 _http_log_response /usr/lib/python3.6/site-packages/keystoneauth1/session.py:495
2019-12-27 20:48:44.573 6400 DEBUG cinderclient.v2.client [-] RESP BODY: Omitted, Content-Type is set to text/html; charset=UTF-8. Only application/json responses have their bodies logged. _http_log_response /usr/lib/python3.6/site-packages/keystoneauth1/session.py:527
2019-12-27 20:48:44.574 6400 DEBUG cinderclient.v2.client [-] POST call to volumev2 for http://172.30.13.89/volume/v3/fa0bea32c4bf4b699357892c0dd0ef20/types/3d4b8021-7946-425d-8553-3de76fdee5d7/action used request id req-03b433cc-dbfc-4216-91d2-d3cac6c886f1 request /usr/lib/python3.6/site-packages/keystoneauth1/session.py:865
2019-12-27 20:48:44.575 6401 DEBUG cinderclient.v2.client [-] RESP: [200] Connection: close Content-Length: 134 Content-Type: application/json Date: Fri, 27 Dec 2019 20:48:44 GMT OpenStack-API-Version: volume 3.0 Server: Apache/2.4.29 (Ubuntu) Vary: OpenStack-API-Version x-compute-request-id: req-420129d5-18b1-4c83-8bf1-0d916720b7df x-openstack-request-id: req-420129d5-18b1-4c83-8bf1-0d916720b7df _http_log_response /usr/lib/python3.6/site-packages/keystoneauth1/session.py:495
2019-12-27 20:48:44.575 6400 DEBUG cinderclient.v2.client [-] REQ: curl -g -i -X GET http://172.30.13.89/volume/v3/fa0bea32c4bf4b699357892c0dd0ef20/types/3d4b8021-7946-425d-8553-3de76fdee5d7/os-volume-type-access -H "Accept: application/json" -H "User-Agent: python-cinderclient" -H "X-Auth-Token: {SHA256}cdc9733b3532ab6cf11f3f19532e35d02e4d03760834b4a9661c1f6a1dc9d5b1" -H "X-OpenStack-Request-ID: req-c7a82765-78fa-47d5-8d8c-77860cf472a7" _http_log_request /usr/lib/python3.6/site-packages/keystoneauth1/session.py:464
2019-12-27 20:48:44.576 6401 DEBUG cinderclient.v2.client [-] RESP BODY: {"volume_type_access": [{"volume_type_id": "582e4a6f-5bac-46d3-8ee5-12bceaea4fb0", "project_id": "d5cf3a55ea28414fa6299ebfcb3dd170"}]} _http_log_response /usr/lib/python3.6/site-packages/keystoneauth1/session.py:527
2019-12-27 20:48:44.576 6401 DEBUG cinderclient.v2.client [-] GET call to volumev2 for http://172.30.13.89/volume/v3/fa0bea32c4bf4b699357892c0dd0ef20/types/582e4a6f-5bac-46d3-8ee5-12bceaea4fb0/os-volume-type-access used request id req-420129d5-18b1-4c83-8bf1-0d916720b7df request /usr/lib/python3.6/site-packages/keystoneauth1/session.py:865
2019-12-27 20:48:44.577 6401 INFO rally.task.runner [-] Task a6ccca18-b553-414c-9946-917bd4d6573b | ITER: 5 END: OK
2019-12-27 20:48:44.578 6402 DEBUG cinderclient.v2.client [-] RESP: [200] Connection: close Content-Length: 134 Content-Type: application/json Date: Fri, 27 Dec 2019 20:48:44 GMT OpenStack-API-Version: volume 3.0 Server: Apache/2.4.29 (Ubuntu) Vary: OpenStack-API-Version x-compute-request-id: req-46338c06-eb4b-47ef-be4c-fc3903006c59 x-openstack-request-id: req-46338c06-eb4b-47ef-be4c-fc3903006c59 _http_log_response /usr/lib/python3.6/site-packages/keystoneauth1/session.py:495
2019-12-27 20:48:44.579 6402 DEBUG cinderclient.v2.client [-] RESP BODY: {"volume_type_access": [{"volume_type_id": "28bd5a6b-374e-4ad2-ab49-ae5de14e9a9d", "project_id": "9c490968c9994357ae09c4fa8f3e9f95"}]} _http_log_response /usr/lib/python3.6/site-packages/keystoneauth1/session.py:527
2019-12-27 20:48:44.579 6402 DEBUG cinderclient.v2.client [-] GET call to volumev2 for http://172.30.13.89/volume/v3/fa0bea32c4bf4b699357892c0dd0ef20/types/28bd5a6b-374e-4ad2-ab49-ae5de14e9a9d/os-volume-type-access used request id req-46338c06-eb4b-47ef-be4c-fc3903006c59 request /usr/lib/python3.6/site-packages/keystoneauth1/session.py:865
2019-12-27 20:48:44.580 6402 INFO rally.task.runner [-] Task a6ccca18-b553-414c-9946-917bd4d6573b | ITER: 6 END: OK
2019-12-27 20:48:44.582 6401 INFO rally.task.runner [-] Task a6ccca18-b553-414c-9946-917bd4d6573b | ITER: 9 START
2019-12-27 20:48:44.582 6399 DEBUG cinderclient.v2.client [-] RESP: [202] Connection: close Content-Length: 0 Content-Type: text/html; charset=UTF-8 Date: Fri, 27 Dec 2019 20:48:44 GMT OpenStack-API-Version: volume 3.0 Server: Apache/2.4.29 (Ubuntu) Vary: OpenStack-API-Version x-openstack-request-id: req-9da11a80-ba6f-4573-a0fe-f5ec6c9a9586 _http_log_response /usr/lib/python3.6/site-packages/keystoneauth1/session.py:495
2019-12-27 20:48:44.583 6399 DEBUG cinderclient.v2.client [-] RESP BODY: Omitted, Content-Type is set to text/html; charset=UTF-8. Only application/json responses have their bodies logged. _http_log_response /usr/lib/python3.6/site-packages/keystoneauth1/session.py:527
2019-12-27 20:48:44.583 6399 DEBUG cinderclient.v2.client [-] POST call to volumev2 for http://172.30.13.89/volume/v3/fa0bea32c4bf4b699357892c0dd0ef20/types/ec91b2fc-d0d5-4075-802c-b5089d97bef1/action used request id req-9da11a80-ba6f-4573-a0fe-f5ec6c9a9586 request /usr/lib/python3.6/site-packages/keystoneauth1/session.py:865
2019-12-27 20:48:44.584 6402 INFO rally.task.runner [-] Task a6ccca18-b553-414c-9946-917bd4d6573b | ITER: 10 START
2019-12-27 20:48:44.585 6399 DEBUG cinderclient.v2.client [-] REQ: curl -g -i -X GET http://172.30.13.89/volume/v3/fa0bea32c4bf4b699357892c0dd0ef20/types/ec91b2fc-d0d5-4075-802c-b5089d97bef1/os-volume-type-access -H "Accept: application/json" -H "User-Agent: python-cinderclient" -H "X-Auth-Token: {SHA256}50857a2727d07fe61f87210e9d643951c1550fb1a2e51dc7c7ba99b26c90b732" -H "X-OpenStack-Request-ID: req-c3c1771d-84e3-456a-b7ff-cb0b56ed64b0" _http_log_request /usr/lib/python3.6/site-packages/keystoneauth1/session.py:464
2019-12-27 20:48:44.609 6400 DEBUG cinderclient.v2.client [-] RESP: [200] Connection: close Content-Length: 134 Content-Type: application/json Date: Fri, 27 Dec 2019 20:48:44 GMT OpenStack-API-Version: volume 3.0 Server: Apache/2.4.29 (Ubuntu) Vary: OpenStack-API-Version x-compute-request-id: req-c833933c-d027-4f16-9b82-fa6f1ce80f40 x-openstack-request-id: req-c833933c-d027-4f16-9b82-fa6f1ce80f40 _http_log_response /usr/lib/python3.6/site-packages/keystoneauth1/session.py:495
2019-12-27 20:48:44.610 6400 DEBUG cinderclient.v2.client [-] RESP BODY: {"volume_type_access": [{"volume_type_id": "3d4b8021-7946-425d-8553-3de76fdee5d7", "project_id": "a116132274fa4118a19497de9979f115"}]} _http_log_response /usr/lib/python3.6/site-packages/keystoneauth1/session.py:527
2019-12-27 20:48:44.610 6400 DEBUG cinderclient.v2.client [-] GET call to volumev2 for http://172.30.13.89/volume/v3/fa0bea32c4bf4b699357892c0dd0ef20/types/3d4b8021-7946-425d-8553-3de76fdee5d7/os-volume-type-access used request id req-c833933c-d027-4f16-9b82-fa6f1ce80f40 request /usr/lib/python3.6/site-packages/keystoneauth1/session.py:865
2019-12-27 20:48:44.612 6400 INFO rally.task.runner [-] Task a6ccca18-b553-414c-9946-917bd4d6573b | ITER: 7 END: OK
2019-12-27 20:48:44.615 6399 DEBUG cinderclient.v2.client [-] RESP: [200] Connection: close Content-Length: 134 Content-Type: application/json Date: Fri, 27 Dec 2019 20:48:44 GMT OpenStack-API-Version: volume 3.0 Server: Apache/2.4.29 (Ubuntu) Vary: OpenStack-API-Version x-compute-request-id: req-c790ba3f-e70f-4eca-9715-4d57376c9067 x-openstack-request-id: req-c790ba3f-e70f-4eca-9715-4d57376c9067 _http_log_response /usr/lib/python3.6/site-packages/keystoneauth1/session.py:495
2019-12-27 20:48:44.615 6399 DEBUG cinderclient.v2.client [-] RESP BODY: {"volume_type_access": [{"volume_type_id": "ec91b2fc-d0d5-4075-802c-b5089d97bef1", "project_id": "9c490968c9994357ae09c4fa8f3e9f95"}]} _http_log_response /usr/lib/python3.6/site-packages/keystoneauth1/session.py:527
2019-12-27 20:48:44.615 6399 DEBUG cinderclient.v2.client [-] GET call to volumev2 for http://172.30.13.89/volume/v3/fa0bea32c4bf4b699357892c0dd0ef20/types/ec91b2fc-d0d5-4075-802c-b5089d97bef1/os-volume-type-access used request id req-c790ba3f-e70f-4eca-9715-4d57376c9067 request /usr/lib/python3.6/site-packages/keystoneauth1/session.py:865
2019-12-27 20:48:44.616 6399 INFO rally.task.runner [-] Task a6ccca18-b553-414c-9946-917bd4d6573b | ITER: 8 END: OK
2019-12-27 20:48:44.651 6402 DEBUG cinderclient.v2.client [-] REQ: curl -g -i -X POST http://172.30.13.89/volume/v3/fa0bea32c4bf4b699357892c0dd0ef20/types -H "Accept: application/json" -H "Content-Type: application/json" -H "User-Agent: python-cinderclient" -H "X-Auth-Token: {SHA256}9347272086d7fe5ea7b9c73355bec67dc2c654827acfc8dcb2a39093abbb6438" -d '{"volume_type": {"name": "s_rally_38c71b4c_FqT21V4x", "description": "rally tests creating types", "os-volume-type-access:is_public": false}}' _http_log_request /usr/lib/python3.6/site-packages/keystoneauth1/session.py:464
2019-12-27 20:48:44.656 6401 DEBUG cinderclient.v2.client [-] REQ: curl -g -i -X POST http://172.30.13.89/volume/v3/fa0bea32c4bf4b699357892c0dd0ef20/types -H "Accept: application/json" -H "Content-Type: application/json" -H "User-Agent: python-cinderclient" -H "X-Auth-Token: {SHA256}aaa7874034f1086ee8038af893efe17d607dfa28bb239e8a808c429ee46eadc9" -d '{"volume_type": {"name": "s_rally_38c71b4c_IA6DjYtk", "description": "rally tests creating types", "os-volume-type-access:is_public": false}}' _http_log_request /usr/lib/python3.6/site-packages/keystoneauth1/session.py:464
2019-12-27 20:48:44.753 6402 DEBUG cinderclient.v2.client [-] RESP: [200] Connection: close Content-Length: 226 Content-Type: application/json Date: Fri, 27 Dec 2019 20:48:44 GMT OpenStack-API-Version: volume 3.0 Server: Apache/2.4.29 (Ubuntu) Vary: OpenStack-API-Version x-compute-request-id: req-43235ac2-8f83-4421-9605-f57b55882868 x-openstack-request-id: req-43235ac2-8f83-4421-9605-f57b55882868 _http_log_response /usr/lib/python3.6/site-packages/keystoneauth1/session.py:495
2019-12-27 20:48:44.754 6402 DEBUG cinderclient.v2.client [-] RESP BODY: {"volume_type": {"name": "s_rally_38c71b4c_FqT21V4x", "extra_specs": {}, "os-volume-type-access:is_public": false, "is_public": false, "id": "16a7cb9a-7599-4c2b-aa59-58d1fafb333f", "description": "rally tests creating types"}} _http_log_response /usr/lib/python3.6/site-packages/keystoneauth1/session.py:527
2019-12-27 20:48:44.754 6402 DEBUG cinderclient.v2.client [-] POST call to volumev2 for http://172.30.13.89/volume/v3/fa0bea32c4bf4b699357892c0dd0ef20/types used request id req-43235ac2-8f83-4421-9605-f57b55882868 request /usr/lib/python3.6/site-packages/keystoneauth1/session.py:865
2019-12-27 20:48:44.756 6402 DEBUG cinderclient.v2.client [-] REQ: curl -g -i -X POST http://172.30.13.89/volume/v3/fa0bea32c4bf4b699357892c0dd0ef20/types/16a7cb9a-7599-4c2b-aa59-58d1fafb333f/action -H "Accept: application/json" -H "Content-Type: application/json" -H "User-Agent: python-cinderclient" -H "X-Auth-Token: {SHA256}9347272086d7fe5ea7b9c73355bec67dc2c654827acfc8dcb2a39093abbb6438" -H "X-OpenStack-Request-ID: req-43235ac2-8f83-4421-9605-f57b55882868" -d '{"addProjectAccess": {"project": "d5cf3a55ea28414fa6299ebfcb3dd170"}}' _http_log_request /usr/lib/python3.6/site-packages/keystoneauth1/session.py:464
2019-12-27 20:48:44.760 6401 DEBUG cinderclient.v2.client [-] RESP: [200] Connection: close Content-Length: 226 Content-Type: application/json Date: Fri, 27 Dec 2019 20:48:44 GMT OpenStack-API-Version: volume 3.0 Server: Apache/2.4.29 (Ubuntu) Vary: OpenStack-API-Version x-compute-request-id: req-6dd70f83-098c-4671-b480-c83fcf17bf83 x-openstack-request-id: req-6dd70f83-098c-4671-b480-c83fcf17bf83 _http_log_response /usr/lib/python3.6/site-packages/keystoneauth1/session.py:495
2019-12-27 20:48:44.761 6401 DEBUG cinderclient.v2.client [-] RESP BODY: {"volume_type": {"name": "s_rally_38c71b4c_IA6DjYtk", "extra_specs": {}, "os-volume-type-access:is_public": false, "is_public": false, "id": "b2381ccd-c1b7-445b-ad2e-eb125952d287", "description": "rally tests creating types"}} _http_log_response /usr/lib/python3.6/site-packages/keystoneauth1/session.py:527
2019-12-27 20:48:44.761 6401 DEBUG cinderclient.v2.client [-] POST call to volumev2 for http://172.30.13.89/volume/v3/fa0bea32c4bf4b699357892c0dd0ef20/types used request id req-6dd70f83-098c-4671-b480-c83fcf17bf83 request /usr/lib/python3.6/site-packages/keystoneauth1/session.py:865
2019-12-27 20:48:44.764 6401 DEBUG cinderclient.v2.client [-] REQ: curl -g -i -X POST http://172.30.13.89/volume/v3/fa0bea32c4bf4b699357892c0dd0ef20/types/b2381ccd-c1b7-445b-ad2e-eb125952d287/action -H "Accept: application/json" -H "Content-Type: application/json" -H "User-Agent: python-cinderclient" -H "X-Auth-Token: {SHA256}aaa7874034f1086ee8038af893efe17d607dfa28bb239e8a808c429ee46eadc9" -H "X-OpenStack-Request-ID: req-6dd70f83-098c-4671-b480-c83fcf17bf83" -d '{"addProjectAccess": {"project": "a116132274fa4118a19497de9979f115"}}' _http_log_request /usr/lib/python3.6/site-packages/keystoneauth1/session.py:464
2019-12-27 20:48:44.787 6402 DEBUG cinderclient.v2.client [-] RESP: [202] Connection: close Content-Length: 0 Content-Type: text/html; charset=UTF-8 Date: Fri, 27 Dec 2019 20:48:44 GMT OpenStack-API-Version: volume 3.0 Server: Apache/2.4.29 (Ubuntu) Vary: OpenStack-API-Version x-openstack-request-id: req-05b88105-fe06-443f-805d-71b59c63da94 _http_log_response /usr/lib/python3.6/site-packages/keystoneauth1/session.py:495
2019-12-27 20:48:44.787 6402 DEBUG cinderclient.v2.client [-] RESP BODY: Omitted, Content-Type is set to text/html; charset=UTF-8. Only application/json responses have their bodies logged. _http_log_response /usr/lib/python3.6/site-packages/keystoneauth1/session.py:527
2019-12-27 20:48:44.787 6402 DEBUG cinderclient.v2.client [-] POST call to volumev2 for http://172.30.13.89/volume/v3/fa0bea32c4bf4b699357892c0dd0ef20/types/16a7cb9a-7599-4c2b-aa59-58d1fafb333f/action used request id req-05b88105-fe06-443f-805d-71b59c63da94 request /usr/lib/python3.6/site-packages/keystoneauth1/session.py:865
2019-12-27 20:48:44.789 6402 DEBUG cinderclient.v2.client [-] REQ: curl -g -i -X GET http://172.30.13.89/volume/v3/fa0bea32c4bf4b699357892c0dd0ef20/types/16a7cb9a-7599-4c2b-aa59-58d1fafb333f/os-volume-type-access -H "Accept: application/json" -H "User-Agent: python-cinderclient" -H "X-Auth-Token: {SHA256}9347272086d7fe5ea7b9c73355bec67dc2c654827acfc8dcb2a39093abbb6438" -H "X-OpenStack-Request-ID: req-43235ac2-8f83-4421-9605-f57b55882868" _http_log_request /usr/lib/python3.6/site-packages/keystoneauth1/session.py:464
2019-12-27 20:48:44.796 6401 DEBUG cinderclient.v2.client [-] RESP: [202] Connection: close Content-Length: 0 Content-Type: text/html; charset=UTF-8 Date: Fri, 27 Dec 2019 20:48:44 GMT OpenStack-API-Version: volume 3.0 Server: Apache/2.4.29 (Ubuntu) Vary: OpenStack-API-Version x-openstack-request-id: req-7fe3340d-5b29-4de2-8d8c-39589589e6e7 _http_log_response /usr/lib/python3.6/site-packages/keystoneauth1/session.py:495
2019-12-27 20:48:44.796 6401 DEBUG cinderclient.v2.client [-] RESP BODY: Omitted, Content-Type is set to text/html; charset=UTF-8. Only application/json responses have their bodies logged. _http_log_response /usr/lib/python3.6/site-packages/keystoneauth1/session.py:527
2019-12-27 20:48:44.796 6401 DEBUG cinderclient.v2.client [-] POST call to volumev2 for http://172.30.13.89/volume/v3/fa0bea32c4bf4b699357892c0dd0ef20/types/b2381ccd-c1b7-445b-ad2e-eb125952d287/action used request id req-7fe3340d-5b29-4de2-8d8c-39589589e6e7 request /usr/lib/python3.6/site-packages/keystoneauth1/session.py:865
2019-12-27 20:48:44.798 6401 DEBUG cinderclient.v2.client [-] REQ: curl -g -i -X GET http://172.30.13.89/volume/v3/fa0bea32c4bf4b699357892c0dd0ef20/types/b2381ccd-c1b7-445b-ad2e-eb125952d287/os-volume-type-access -H "Accept: application/json" -H "User-Agent: python-cinderclient" -H "X-Auth-Token: {SHA256}aaa7874034f1086ee8038af893efe17d607dfa28bb239e8a808c429ee46eadc9" -H "X-OpenStack-Request-ID: req-6dd70f83-098c-4671-b480-c83fcf17bf83" _http_log_request /usr/lib/python3.6/site-packages/keystoneauth1/session.py:464
2019-12-27 20:48:44.815 6402 DEBUG cinderclient.v2.client [-] RESP: [200] Connection: close Content-Length: 134 Content-Type: application/json Date: Fri, 27 Dec 2019 20:48:44 GMT OpenStack-API-Version: volume 3.0 Server: Apache/2.4.29 (Ubuntu) Vary: OpenStack-API-Version x-compute-request-id: req-241c659a-ebe1-4c8e-bddb-a736244a8474 x-openstack-request-id: req-241c659a-ebe1-4c8e-bddb-a736244a8474 _http_log_response /usr/lib/python3.6/site-packages/keystoneauth1/session.py:495
2019-12-27 20:48:44.816 6402 DEBUG cinderclient.v2.client [-] RESP BODY: {"volume_type_access": [{"volume_type_id": "16a7cb9a-7599-4c2b-aa59-58d1fafb333f", "project_id": "d5cf3a55ea28414fa6299ebfcb3dd170"}]} _http_log_response /usr/lib/python3.6/site-packages/keystoneauth1/session.py:527
2019-12-27 20:48:44.816 6402 DEBUG cinderclient.v2.client [-] GET call to volumev2 for http://172.30.13.89/volume/v3/fa0bea32c4bf4b699357892c0dd0ef20/types/16a7cb9a-7599-4c2b-aa59-58d1fafb333f/os-volume-type-access used request id req-241c659a-ebe1-4c8e-bddb-a736244a8474 request /usr/lib/python3.6/site-packages/keystoneauth1/session.py:865
2019-12-27 20:48:44.817 6402 INFO rally.task.runner [-] Task a6ccca18-b553-414c-9946-917bd4d6573b | ITER: 10 END: OK
2019-12-27 20:48:44.826 6401 DEBUG cinderclient.v2.client [-] RESP: [200] Connection: close Content-Length: 134 Content-Type: application/json Date: Fri, 27 Dec 2019 20:48:44 GMT OpenStack-API-Version: volume 3.0 Server: Apache/2.4.29 (Ubuntu) Vary: OpenStack-API-Version x-compute-request-id: req-696b4af7-b868-4ffc-9fbf-7041ba9370f5 x-openstack-request-id: req-696b4af7-b868-4ffc-9fbf-7041ba9370f5 _http_log_response /usr/lib/python3.6/site-packages/keystoneauth1/session.py:495
2019-12-27 20:48:44.827 6401 DEBUG cinderclient.v2.client [-] RESP BODY: {"volume_type_access": [{"volume_type_id": "b2381ccd-c1b7-445b-ad2e-eb125952d287", "project_id": "a116132274fa4118a19497de9979f115"}]} _http_log_response /usr/lib/python3.6/site-packages/keystoneauth1/session.py:527
2019-12-27 20:48:44.828 6401 DEBUG cinderclient.v2.client [-] GET call to volumev2 for http://172.30.13.89/volume/v3/fa0bea32c4bf4b699357892c0dd0ef20/types/b2381ccd-c1b7-445b-ad2e-eb125952d287/os-volume-type-access used request id req-696b4af7-b868-4ffc-9fbf-7041ba9370f5 request /usr/lib/python3.6/site-packages/keystoneauth1/session.py:865
2019-12-27 20:48:44.829 6401 INFO rally.task.runner [-] Task a6ccca18-b553-414c-9946-917bd4d6573b | ITER: 9 END: OK
2019-12-27 20:48:44.849 1843 INFO rally.task.context [-] Task a6ccca18-b553-414c-9946-917bd4d6573b | Context admin_cleanup@openstack cleanup() started
2019-12-27 20:48:44.853 1843 RALLYDEBUG rally_openstack.cleanup.manager [-] Cleaning up cinder volume_types objects
2019-12-27 20:48:45.011 1843 RALLYDEBUG rally_openstack.cleanup.manager [-] Deleting cinder.volume_types object s_rally_38c71b4c_igRuloVg (ec91b2fc-d0d5-4075-802c-b5089d97bef1)
2019-12-27 20:48:45.019 1843 RALLYDEBUG rally_openstack.cleanup.manager [-] Deleting cinder.volume_types object s_rally_38c71b4c_TlYWDySP (3d4b8021-7946-425d-8553-3de76fdee5d7)
2019-12-27 20:48:45.021 1843 RALLYDEBUG rally_openstack.cleanup.manager [-] Deleting cinder.volume_types object s_rally_38c71b4c_IA6DjYtk (b2381ccd-c1b7-445b-ad2e-eb125952d287)
2019-12-27 20:48:45.036 1843 RALLYDEBUG rally_openstack.cleanup.manager [-] Deleting cinder.volume_types object s_rally_38c71b4c_FqT21V4x (16a7cb9a-7599-4c2b-aa59-58d1fafb333f)
2019-12-27 20:48:45.051 1843 RALLYDEBUG rally_openstack.cleanup.manager [-] Deleting cinder.volume_types object s_rally_38c71b4c_bIFxV4au (caca6ee4-78f3-4f0e-9eee-b91f5f5822b5)
2019-12-27 20:48:45.076 1843 RALLYDEBUG rally_openstack.cleanup.manager [-] Deleting cinder.volume_types object s_rally_38c71b4c_Wx4pTtqx (c9624cd7-9b68-4755-a768-293a6716ce13)
2019-12-27 20:48:45.087 1843 RALLYDEBUG rally_openstack.cleanup.manager [-] Deleting cinder.volume_types object s_rally_38c71b4c_t9mF81Yu (a8d472e0-0ac0-4673-bc56-d66d9865ac12)
2019-12-27 20:48:45.096 1843 RALLYDEBUG rally_openstack.cleanup.manager [-] Deleting cinder.volume_types object s_rally_38c71b4c_6m3xXC0z (63b6ca8f-f041-4d06-8148-26cff1a4edaa)
2019-12-27 20:48:45.100 1843 RALLYDEBUG rally_openstack.cleanup.manager [-] Deleting cinder.volume_types object s_rally_38c71b4c_y2QmDDxG (582e4a6f-5bac-46d3-8ee5-12bceaea4fb0)
2019-12-27 20:48:45.130 1843 RALLYDEBUG rally_openstack.cleanup.manager [-] Deleting cinder.volume_types object s_rally_38c71b4c_9OLPclVm (28bd5a6b-374e-4ad2-ab49-ae5de14e9a9d)
2019-12-27 20:48:46.432 1843 RALLYDEBUG rally_openstack.cleanup.manager [-] Cleaning up cinder image_volumes_cache objects
2019-12-27 20:48:46.762 1843 RALLYDEBUG rally_openstack.cleanup.manager [-] Cleaning up cinder quotas objects
2019-12-27 20:48:47.070 1843 RALLYDEBUG rally_openstack.cleanup.manager [-] Cleaning up cinder qos_specs objects
2019-12-27 20:48:47.233 1843 INFO rally.task.context [-] Task a6ccca18-b553-414c-9946-917bd4d6573b | Context admin_cleanup@openstack cleanup() finished in 2.38 sec
2019-12-27 20:48:47.233 1843 INFO rally.task.context [-] Task a6ccca18-b553-414c-9946-917bd4d6573b | Context api_versions@openstack cleanup() started
2019-12-27 20:48:47.234 1843 INFO rally.task.context [-] Task a6ccca18-b553-414c-9946-917bd4d6573b | Context api_versions@openstack cleanup() finished in 0.36 msec
2019-12-27 20:48:47.234 1843 INFO rally.task.context [-] Task a6ccca18-b553-414c-9946-917bd4d6573b | Context users@openstack cleanup() started
2019-12-27 20:48:50.039 1843 INFO rally.task.context [-] Task a6ccca18-b553-414c-9946-917bd4d6573b | Context users@openstack cleanup() finished in 2.80 sec
2019-12-27 20:48:50.400 1843 INFO rally.task.engine [-] Load duration is: 0.855133
2019-12-27 20:48:50.400 1843 INFO rally.task.engine [-] Full runner duration is: 0.894532
2019-12-27 20:48:50.401 1843 INFO rally.task.engine [-] Full duration is: 7.700315
2019-12-27 20:48:50.480 1843 INFO rally.task.engine [-] Task a6ccca18-b553-414c-9946-917bd4d6573b | Completed: Running task.
2019-12-27 20:48:52.304 6541 RALLYDEBUG rally.api [-] INFO logs from urllib3 and requests module are hide.
2019-12-27 20:48:52.304 6541 RALLYDEBUG rally.api [-] urllib3 insecure warnings are hidden.
2019-12-27 20:48:52.304 6541 RALLYDEBUG rally.api [-] ERROR log from boto module is hide.
2019-12-27 20:48:53.742 6542 RALLYDEBUG rally.api [-] INFO logs from urllib3 and requests module are hide.
2019-12-27 20:48:53.742 6542 RALLYDEBUG rally.api [-] urllib3 insecure warnings are hidden.
2019-12-27 20:48:53.742 6542 RALLYDEBUG rally.api [-] ERROR log from boto module is hide.
2019-12-27 20:48:55.400 6543 RALLYDEBUG rally.api [-] INFO logs from urllib3 and requests module are hide.
2019-12-27 20:48:55.401 6543 RALLYDEBUG rally.api [-] urllib3 insecure warnings are hidden.
2019-12-27 20:48:55.401 6543 RALLYDEBUG rally.api [-] ERROR log from boto module is hide.
2019-12-27 20:48:57.552 6543 INFO rally.api [-] Building 'json' report for the following task(s): 'a6ccca18-b553-414c-9946-917bd4d6573b'.
2019-12-27 20:48:57.614 6543 INFO rally.api [-] The report has been successfully built.
2019-12-27 20:48:59.225 6545 RALLYDEBUG rally.api [-] INFO logs from urllib3 and requests module are hide.
2019-12-27 20:48:59.226 6545 RALLYDEBUG rally.api [-] urllib3 insecure warnings are hidden.
2019-12-27 20:48:59.226 6545 RALLYDEBUG rally.api [-] ERROR log from boto module is hide.
2019-12-27 20:49:01.622 6545 INFO rally.task.engine [-] Task f02bedc5-62e0-40a6-9bb8-5e8f7cfa993b | Starting: Task validation.
2019-12-27 20:49:01.635 6545 INFO rally.task.engine [-] Task f02bedc5-62e0-40a6-9bb8-5e8f7cfa993b | Starting: Task validation of syntax.
2019-12-27 20:49:01.811 6545 INFO rally.task.engine [-] Task f02bedc5-62e0-40a6-9bb8-5e8f7cfa993b | Completed: Task validation of syntax.
2019-12-27 20:49:01.811 6545 INFO rally.task.engine [-] Task f02bedc5-62e0-40a6-9bb8-5e8f7cfa993b | Starting: Task validation of required platforms.
2019-12-27 20:49:01.924 6545 INFO rally.task.engine [-] Task f02bedc5-62e0-40a6-9bb8-5e8f7cfa993b | Completed: Task validation of required platforms.
2019-12-27 20:49:01.924 6545 INFO rally.task.engine [-] Task f02bedc5-62e0-40a6-9bb8-5e8f7cfa993b | Starting: Task validation of semantic.
2019-12-27 20:49:01.925 6545 INFO rally.task.engine [-] Check health of the environment 'e151d040-daae-43ef-bd55-07744aa69403'.
2019-12-27 20:49:02.458 6545 INFO rally.task.engine [-] Platform existing@openstack (available: True): OK!
2019-12-27 20:49:02.472 6545 RALLYDEBUG rally_openstack.contexts.keystone.users [-] Creating 1 tenants using 20 threads
2019-12-27 20:49:02.828 6545 RALLYDEBUG rally_openstack.contexts.keystone.users [-] Creating 1 users using 20 threads
2019-12-27 20:49:03.545 6545 INFO rally.task.context [-] Task f02bedc5-62e0-40a6-9bb8-5e8f7cfa993b | Context users@openstack setup() finished in 1.07 sec
2019-12-27 20:49:03.780 6545 ERROR rally.common.broker [-] Failed to publish a task to the queue: rally.exceptions.NotFoundException: The resource can not be found: There is no role with name `heat_stack_owner`
2019-12-27 20:49:03.780 6545 ERROR rally.common.broker
Traceback (most recent call last):
2019-12-27 20:49:03.780 6545 ERROR rally.common.broker
File "/usr/lib/python3.6/site-packages/rally/common/broker.py", line 58, in _publisher
2019-12-27 20:49:03.780 6545 ERROR rally.common.broker publish(queue)
2019-12-27 20:49:03.780 6545 ERROR rally.common.broker
File "/usr/lib/python3.6/site-packages/rally_openstack/contexts/keystone/roles.py", line 91, in publish
2019-12-27 20:49:03.780 6545 ERROR rally.common.broker role = self._get_role_object(context_role)
2019-12-27 20:49:03.780 6545 ERROR rally.common.broker
File "/usr/lib/python3.6/site-packages/rally_openstack/contexts/keystone/roles.py", line 65, in _get_role_object
2019-12-27 20:49:03.780 6545 ERROR rally.common.broker "There is no role with name `%s`" % context_role)
2019-12-27 20:49:03.780 6545 ERROR rally.common.broker rally.exceptions.NotFoundException: The resource can not be found: There is no role with name `heat_stack_owner`
2019-12-27 20:49:03.780 6545 ERROR rally.common.broker
2019-12-27 20:49:04.738 6545 ERROR rally.common.broker [-] Failed to publish a task to the queue: rally.exceptions.NotFoundException: The resource can not be found: There is no role with name `heat_stack_owner`
2019-12-27 20:49:04.738 6545 ERROR rally.common.broker
Traceback (most recent call last):
2019-12-27 20:49:04.738 6545 ERROR rally.common.broker
File "/usr/lib/python3.6/site-packages/rally/common/broker.py", line 58, in _publisher
2019-12-27 20:49:04.738 6545 ERROR rally.common.broker publish(queue)
2019-12-27 20:49:04.738 6545 ERROR rally.common.broker
File "/usr/lib/python3.6/site-packages/rally_openstack/contexts/keystone/roles.py", line 91, in publish
2019-12-27 20:49:04.738 6545 ERROR rally.common.broker role = self._get_role_object(context_role)
2019-12-27 20:49:04.738 6545 ERROR rally.common.broker
