2019-12-27 21:23:56.993 20460 DEBUG swiftclient [-] RESP STATUS: 201 Created http_log /usr/lib/python3.6/site-packages/swiftclient/client.py:181
2019-12-27 21:23:56.993 20462 DEBUG swiftclient [-] REQ: curl -i http://172.30.13.89:8080/v1/AUTH_c71a8b537d504390b084356c0ccb9250/s_rally_87dbb7de_ex4RKCWF/s_rally_87dbb7de_Cn6Io4iD DELETE -H "X-Auth-Token: gAAAAABeBnZsKjZp..." http_log /usr/lib/python3.6/site-packages/swiftclient/client.py:180
2019-12-27 21:23:56.993 20460 DEBUG swiftclient [-] RESP HEADERS: {'Last-Modified': 'Fri, 27 Dec 2019 21:23:57 GMT', 'Content-Length': '0', 'Etag': '4c6426ac7ef186464ecbb0d81cbfcb1e', 'Content-Type': 'text/html; charset=UTF-8', 'X-Trans-Id': 'txa35269bb3abe45aaab30c-005e06766c', 'X-Openstack-Request-Id': 'txa35269bb3abe45aaab30c-005e06766c', 'Date': 'Fri, 27 Dec 2019 21:23:56 GMT'} http_log /usr/lib/python3.6/site-packages/swiftclient/client.py:182
2019-12-27 21:23:56.994 20462 DEBUG swiftclient [-] RESP STATUS: 204 No Content http_log /usr/lib/python3.6/site-packages/swiftclient/client.py:181
2019-12-27 21:23:56.994 20462 DEBUG swiftclient [-] RESP HEADERS: {'Content-Length': '0', 'Content-Type': 'text/html; charset=UTF-8', 'X-Trans-Id': 'tx1b305826447d4285b94e8-005e06766c', 'X-Openstack-Request-Id': 'tx1b305826447d4285b94e8-005e06766c', 'Date': 'Fri, 27 Dec 2019 21:23:56 GMT'} http_log /usr/lib/python3.6/site-packages/swiftclient/client.py:182
2019-12-27 21:23:56.998 20463 DEBUG swiftclient [-] REQ: curl -i http://172.30.13.89:8080/v1/AUTH_3fa810f7a3d24538890a6223dc69a517/s_rally_87dbb7de_AB0AWE0j/s_rally_87dbb7de_SyhMQ11v -X PUT -H "X-Auth-Token: gAAAAABeBnZs9_oc..." http_log /usr/lib/python3.6/site-packages/swiftclient/client.py:180
2019-12-27 21:23:56.999 20463 DEBUG swiftclient [-] RESP STATUS: 201 Created http_log /usr/lib/python3.6/site-packages/swiftclient/client.py:181
2019-12-27 21:23:56.999 20463 DEBUG swiftclient [-] RESP HEADERS: {'Last-Modified': 'Fri, 27 Dec 2019 21:23:57 GMT', 'Content-Length': '0', 'Etag': '4c6426ac7ef186464ecbb0d81cbfcb1e', 'Content-Type': 'text/html; charset=UTF-8', 'X-Trans-Id': 'tx1f56f6fccbcc481b95810-005e06766c', 'X-Openstack-Request-Id': 'tx1f56f6fccbcc481b95810-005e06766c', 'Date': 'Fri, 27 Dec 2019 21:23:56 GMT'} http_log /usr/lib/python3.6/site-packages/swiftclient/client.py:182
2019-12-27 21:23:57.007 20461 DEBUG swiftclient [-] REQ: curl -i http://172.30.13.89:8080/v1/AUTH_c71e61f54b904f1d8deb87c30888031a/s_rally_87dbb7de_yzhNWSol/s_rally_87dbb7de_pRog93gt DELETE -H "X-Auth-Token: gAAAAABeBnZsaTBI..." http_log /usr/lib/python3.6/site-packages/swiftclient/client.py:180
2019-12-27 21:23:57.008 20461 DEBUG swiftclient [-] RESP STATUS: 204 No Content http_log /usr/lib/python3.6/site-packages/swiftclient/client.py:181
2019-12-27 21:23:57.008 20461 DEBUG swiftclient [-] RESP HEADERS: {'Content-Length': '0', 'Content-Type': 'text/html; charset=UTF-8', 'X-Trans-Id': 'tx1b8c1c2ac5be46b6a142f-005e06766c', 'X-Openstack-Request-Id': 'tx1b8c1c2ac5be46b6a142f-005e06766c', 'Date': 'Fri, 27 Dec 2019 21:23:57 GMT'} http_log /usr/lib/python3.6/site-packages/swiftclient/client.py:182
2019-12-27 21:23:57.019 20462 DEBUG swiftclient [-] REQ: curl -i http://172.30.13.89:8080/v1/AUTH_c71a8b537d504390b084356c0ccb9250/s_rally_87dbb7de_ex4RKCWF/s_rally_87dbb7de_FGa5B34H DELETE -H "X-Auth-Token: gAAAAABeBnZsKjZp..." http_log /usr/lib/python3.6/site-packages/swiftclient/client.py:180
2019-12-27 21:23:57.019 20462 DEBUG swiftclient [-] RESP STATUS: 204 No Content http_log /usr/lib/python3.6/site-packages/swiftclient/client.py:181
2019-12-27 21:23:57.020 20462 DEBUG swiftclient [-] RESP HEADERS: {'Content-Length': '0', 'Content-Type': 'text/html; charset=UTF-8', 'X-Trans-Id': 'tx8c050028a66d4648bae4b-005e06766c', 'X-Openstack-Request-Id': 'tx8c050028a66d4648bae4b-005e06766c', 'Date': 'Fri, 27 Dec 2019 21:23:57 GMT'} http_log /usr/lib/python3.6/site-packages/swiftclient/client.py:182
2019-12-27 21:23:57.020 20460 DEBUG swiftclient [-] REQ: curl -i http://172.30.13.89:8080/v1/AUTH_c71a8b537d504390b084356c0ccb9250/s_rally_87dbb7de_G6qxikTz/s_rally_87dbb7de_dy6Rs6KQ DELETE -H "X-Auth-Token: gAAAAABeBnZsGWtv..." http_log /usr/lib/python3.6/site-packages/swiftclient/client.py:180
2019-12-27 21:23:57.020 20460 DEBUG swiftclient [-] RESP STATUS: 204 No Content http_log /usr/lib/python3.6/site-packages/swiftclient/client.py:181
2019-12-27 21:23:57.020 20460 DEBUG swiftclient [-] RESP HEADERS: {'Content-Length': '0', 'Content-Type': 'text/html; charset=UTF-8', 'X-Trans-Id': 'txa93f118d4e2d4b3cbb97b-005e06766c', 'X-Openstack-Request-Id': 'txa93f118d4e2d4b3cbb97b-005e06766c', 'Date': 'Fri, 27 Dec 2019 21:23:57 GMT'} http_log /usr/lib/python3.6/site-packages/swiftclient/client.py:182
2019-12-27 21:23:57.039 20461 DEBUG swiftclient [-] REQ: curl -i http://172.30.13.89:8080/v1/AUTH_c71e61f54b904f1d8deb87c30888031a/s_rally_87dbb7de_yzhNWSol/s_rally_87dbb7de_W3ikjpIg DELETE -H "X-Auth-Token: gAAAAABeBnZsaTBI..." http_log /usr/lib/python3.6/site-packages/swiftclient/client.py:180
2019-12-27 21:23:57.039 20461 DEBUG swiftclient [-] RESP STATUS: 204 No Content http_log /usr/lib/python3.6/site-packages/swiftclient/client.py:181
2019-12-27 21:23:57.040 20463 DEBUG swiftclient [-] REQ: curl -i http://172.30.13.89:8080/v1/AUTH_3fa810f7a3d24538890a6223dc69a517/s_rally_87dbb7de_AB0AWE0j/s_rally_87dbb7de_dErNPjYx DELETE -H "X-Auth-Token: gAAAAABeBnZs9_oc..." http_log /usr/lib/python3.6/site-packages/swiftclient/client.py:180
2019-12-27 21:23:57.040 20461 DEBUG swiftclient [-] RESP HEADERS: {'Content-Length': '0', 'Content-Type': 'text/html; charset=UTF-8', 'X-Trans-Id': 'tx1fc5d97f155d46a7a7647-005e06766d', 'X-Openstack-Request-Id': 'tx1fc5d97f155d46a7a7647-005e06766d', 'Date': 'Fri, 27 Dec 2019 21:23:57 GMT'} http_log /usr/lib/python3.6/site-packages/swiftclient/client.py:182
2019-12-27 21:23:57.040 20463 DEBUG swiftclient [-] RESP STATUS: 204 No Content http_log /usr/lib/python3.6/site-packages/swiftclient/client.py:181
2019-12-27 21:23:57.041 20463 DEBUG swiftclient [-] RESP HEADERS: {'Content-Length': '0', 'Content-Type': 'text/html; charset=UTF-8', 'X-Trans-Id': 'tx156c48571ec34244bf871-005e06766d', 'X-Openstack-Request-Id': 'tx156c48571ec34244bf871-005e06766d', 'Date': 'Fri, 27 Dec 2019 21:23:57 GMT'} http_log /usr/lib/python3.6/site-packages/swiftclient/client.py:182
2019-12-27 21:23:57.050 20460 DEBUG swiftclient [-] REQ: curl -i http://172.30.13.89:8080/v1/AUTH_c71a8b537d504390b084356c0ccb9250/s_rally_87dbb7de_G6qxikTz/s_rally_87dbb7de_XCLSqD6m DELETE -H "X-Auth-Token: gAAAAABeBnZsGWtv..." http_log /usr/lib/python3.6/site-packages/swiftclient/client.py:180
2019-12-27 21:23:57.050 20460 DEBUG swiftclient [-] RESP STATUS: 204 No Content http_log /usr/lib/python3.6/site-packages/swiftclient/client.py:181
2019-12-27 21:23:57.051 20460 DEBUG swiftclient [-] RESP HEADERS: {'Content-Length': '0', 'Content-Type': 'text/html; charset=UTF-8', 'X-Trans-Id': 'txac3b6ec4bf934d2fa4e3b-005e06766d', 'X-Openstack-Request-Id': 'txac3b6ec4bf934d2fa4e3b-005e06766d', 'Date': 'Fri, 27 Dec 2019 21:23:57 GMT'} http_log /usr/lib/python3.6/site-packages/swiftclient/client.py:182
2019-12-27 21:23:57.055 20462 DEBUG swiftclient [-] REQ: curl -i http://172.30.13.89:8080/v1/AUTH_c71a8b537d504390b084356c0ccb9250/s_rally_87dbb7de_ex4RKCWF/s_rally_87dbb7de_HkONqvPD DELETE -H "X-Auth-Token: gAAAAABeBnZsKjZp..." http_log /usr/lib/python3.6/site-packages/swiftclient/client.py:180
2019-12-27 21:23:57.055 20462 DEBUG swiftclient [-] RESP STATUS: 204 No Content http_log /usr/lib/python3.6/site-packages/swiftclient/client.py:181
2019-12-27 21:23:57.055 20462 DEBUG swiftclient [-] RESP HEADERS: {'Content-Length': '0', 'Content-Type': 'text/html; charset=UTF-8', 'X-Trans-Id': 'tx69aff64007ab4849b9c00-005e06766d', 'X-Openstack-Request-Id': 'tx69aff64007ab4849b9c00-005e06766d', 'Date': 'Fri, 27 Dec 2019 21:23:57 GMT'} http_log /usr/lib/python3.6/site-packages/swiftclient/client.py:182
2019-12-27 21:23:57.072 20463 DEBUG swiftclient [-] REQ: curl -i http://172.30.13.89:8080/v1/AUTH_3fa810f7a3d24538890a6223dc69a517/s_rally_87dbb7de_AB0AWE0j/s_rally_87dbb7de_5UxvSg9Z DELETE -H "X-Auth-Token: gAAAAABeBnZs9_oc..." http_log /usr/lib/python3.6/site-packages/swiftclient/client.py:180
2019-12-27 21:23:57.073 20463 DEBUG swiftclient [-] RESP STATUS: 204 No Content http_log /usr/lib/python3.6/site-packages/swiftclient/client.py:181
2019-12-27 21:23:57.073 20463 DEBUG swiftclient [-] RESP HEADERS: {'Content-Length': '0', 'Content-Type': 'text/html; charset=UTF-8', 'X-Trans-Id': 'tx2fbd28c67e92427884ccb-005e06766d', 'X-Openstack-Request-Id': 'tx2fbd28c67e92427884ccb-005e06766d', 'Date': 'Fri, 27 Dec 2019 21:23:57 GMT'} http_log /usr/lib/python3.6/site-packages/swiftclient/client.py:182
2019-12-27 21:23:57.075 20460 DEBUG swiftclient [-] REQ: curl -i http://172.30.13.89:8080/v1/AUTH_c71a8b537d504390b084356c0ccb9250/s_rally_87dbb7de_G6qxikTz/s_rally_87dbb7de_UXHmMenm DELETE -H "X-Auth-Token: gAAAAABeBnZsGWtv..." http_log /usr/lib/python3.6/site-packages/swiftclient/client.py:180
2019-12-27 21:23:57.075 20460 DEBUG swiftclient [-] RESP STATUS: 204 No Content http_log /usr/lib/python3.6/site-packages/swiftclient/client.py:181
2019-12-27 21:23:57.076 20460 DEBUG swiftclient [-] RESP HEADERS: {'Content-Length': '0', 'Content-Type': 'text/html; charset=UTF-8', 'X-Trans-Id': 'tx25428ca5a7f54a8b87f09-005e06766d', 'X-Openstack-Request-Id': 'tx25428ca5a7f54a8b87f09-005e06766d', 'Date': 'Fri, 27 Dec 2019 21:23:57 GMT'} http_log /usr/lib/python3.6/site-packages/swiftclient/client.py:182
2019-12-27 21:23:57.080 20461 DEBUG swiftclient [-] REQ: curl -i http://172.30.13.89:8080/v1/AUTH_c71e61f54b904f1d8deb87c30888031a/s_rally_87dbb7de_yzhNWSol DELETE -H "X-Auth-Token: gAAAAABeBnZsaTBI..." http_log /usr/lib/python3.6/site-packages/swiftclient/client.py:180
2019-12-27 21:23:57.080 20461 DEBUG swiftclient [-] RESP STATUS: 204 No Content http_log /usr/lib/python3.6/site-packages/swiftclient/client.py:181
2019-12-27 21:23:57.081 20461 DEBUG swiftclient [-] RESP HEADERS: {'Content-Length': '0', 'Content-Type': 'text/html; charset=UTF-8', 'X-Trans-Id': 'tx92e815973c484a4099400-005e06766d', 'X-Openstack-Request-Id': 'tx92e815973c484a4099400-005e06766d', 'Date': 'Fri, 27 Dec 2019 21:23:57 GMT'} http_log /usr/lib/python3.6/site-packages/swiftclient/client.py:182
2019-12-27 21:23:57.081 20461 INFO rally.task.runner [-] Task 917f1822-1298-43b7-8c20-63b1fb7ee938 | ITER: 7 END: OK
2019-12-27 21:23:57.083 20462 DEBUG swiftclient [-] REQ: curl -i http://172.30.13.89:8080/v1/AUTH_c71a8b537d504390b084356c0ccb9250/s_rally_87dbb7de_ex4RKCWF/s_rally_87dbb7de_1H3vZQPp DELETE -H "X-Auth-Token: gAAAAABeBnZsKjZp..." http_log /usr/lib/python3.6/site-packages/swiftclient/client.py:180
2019-12-27 21:23:57.084 20462 DEBUG swiftclient [-] RESP STATUS: 204 No Content http_log /usr/lib/python3.6/site-packages/swiftclient/client.py:181
2019-12-27 21:23:57.084 20462 DEBUG swiftclient [-] RESP HEADERS: {'Content-Length': '0', 'Content-Type': 'text/html; charset=UTF-8', 'X-Trans-Id': 'txa7a1a25e8bb14d03a8c6c-005e06766d', 'X-Openstack-Request-Id': 'txa7a1a25e8bb14d03a8c6c-005e06766d', 'Date': 'Fri, 27 Dec 2019 21:23:57 GMT'} http_log /usr/lib/python3.6/site-packages/swiftclient/client.py:182
2019-12-27 21:23:57.086 20461 INFO rally.task.runner [-] Task 917f1822-1298-43b7-8c20-63b1fb7ee938 | ITER: 9 START
2019-12-27 21:23:57.101 20463 DEBUG swiftclient [-] REQ: curl -i http://172.30.13.89:8080/v1/AUTH_3fa810f7a3d24538890a6223dc69a517/s_rally_87dbb7de_AB0AWE0j/s_rally_87dbb7de_SKSC3PR9 DELETE -H "X-Auth-Token: gAAAAABeBnZs9_oc..." http_log /usr/lib/python3.6/site-packages/swiftclient/client.py:180
2019-12-27 21:23:57.101 20463 DEBUG swiftclient [-] RESP STATUS: 204 No Content http_log /usr/lib/python3.6/site-packages/swiftclient/client.py:181
2019-12-27 21:23:57.102 20463 DEBUG swiftclient [-] RESP HEADERS: {'Content-Length': '0', 'Content-Type': 'text/html; charset=UTF-8', 'X-Trans-Id': 'txb8bf0f316f284ba983f0e-005e06766d', 'X-Openstack-Request-Id': 'txb8bf0f316f284ba983f0e-005e06766d', 'Date': 'Fri, 27 Dec 2019 21:23:57 GMT'} http_log /usr/lib/python3.6/site-packages/swiftclient/client.py:182
2019-12-27 21:23:57.107 20460 DEBUG swiftclient [-] REQ: curl -i http://172.30.13.89:8080/v1/AUTH_c71a8b537d504390b084356c0ccb9250/s_rally_87dbb7de_G6qxikTz/s_rally_87dbb7de_kYnIYj2N DELETE -H "X-Auth-Token: gAAAAABeBnZsGWtv..." http_log /usr/lib/python3.6/site-packages/swiftclient/client.py:180
2019-12-27 21:23:57.107 20460 DEBUG swiftclient [-] RESP STATUS: 204 No Content http_log /usr/lib/python3.6/site-packages/swiftclient/client.py:181
2019-12-27 21:23:57.108 20460 DEBUG swiftclient [-] RESP HEADERS: {'Content-Length': '0', 'Content-Type': 'text/html; charset=UTF-8', 'X-Trans-Id': 'txce388be07f6a4f9b9ce9d-005e06766d', 'X-Openstack-Request-Id': 'txce388be07f6a4f9b9ce9d-005e06766d', 'Date': 'Fri, 27 Dec 2019 21:23:57 GMT'} http_log /usr/lib/python3.6/site-packages/swiftclient/client.py:182
2019-12-27 21:23:57.116 20462 DEBUG swiftclient [-] REQ: curl -i http://172.30.13.89:8080/v1/AUTH_c71a8b537d504390b084356c0ccb9250/s_rally_87dbb7de_ex4RKCWF/s_rally_87dbb7de_5hdPPRc2 DELETE -H "X-Auth-Token: gAAAAABeBnZsKjZp..." http_log /usr/lib/python3.6/site-packages/swiftclient/client.py:180
2019-12-27 21:23:57.117 20462 DEBUG swiftclient [-] RESP STATUS: 204 No Content http_log /usr/lib/python3.6/site-packages/swiftclient/client.py:181
2019-12-27 21:23:57.117 20462 DEBUG swiftclient [-] RESP HEADERS: {'Content-Length': '0', 'Content-Type': 'text/html; charset=UTF-8', 'X-Trans-Id': 'tx2aa9f295b86348b3ac25b-005e06766d', 'X-Openstack-Request-Id': 'tx2aa9f295b86348b3ac25b-005e06766d', 'Date': 'Fri, 27 Dec 2019 21:23:57 GMT'} http_log /usr/lib/python3.6/site-packages/swiftclient/client.py:182
2019-12-27 21:23:57.128 20463 DEBUG swiftclient [-] REQ: curl -i http://172.30.13.89:8080/v1/AUTH_3fa810f7a3d24538890a6223dc69a517/s_rally_87dbb7de_AB0AWE0j/s_rally_87dbb7de_yq9pSO72 DELETE -H "X-Auth-Token: gAAAAABeBnZs9_oc..." http_log /usr/lib/python3.6/site-packages/swiftclient/client.py:180
2019-12-27 21:23:57.129 20463 DEBUG swiftclient [-] RESP STATUS: 204 No Content http_log /usr/lib/python3.6/site-packages/swiftclient/client.py:181
2019-12-27 21:23:57.129 20463 DEBUG swiftclient [-] RESP HEADERS: {'Content-Length': '0', 'Content-Type': 'text/html; charset=UTF-8', 'X-Trans-Id': 'tx9cce9e43ceda42eda4547-005e06766d', 'X-Openstack-Request-Id': 'tx9cce9e43ceda42eda4547-005e06766d', 'Date': 'Fri, 27 Dec 2019 21:23:57 GMT'} http_log /usr/lib/python3.6/site-packages/swiftclient/client.py:182
2019-12-27 21:23:57.133 20460 DEBUG swiftclient [-] REQ: curl -i http://172.30.13.89:8080/v1/AUTH_c71a8b537d504390b084356c0ccb9250/s_rally_87dbb7de_G6qxikTz/s_rally_87dbb7de_zY8tKBaX DELETE -H "X-Auth-Token: gAAAAABeBnZsGWtv..." http_log /usr/lib/python3.6/site-packages/swiftclient/client.py:180
2019-12-27 21:23:57.134 20460 DEBUG swiftclient [-] RESP STATUS: 204 No Content http_log /usr/lib/python3.6/site-packages/swiftclient/client.py:181
2019-12-27 21:23:57.134 20460 DEBUG swiftclient [-] RESP HEADERS: {'Content-Length': '0', 'Content-Type': 'text/html; charset=UTF-8', 'X-Trans-Id': 'tx860524872f5d49bdac7c7-005e06766d', 'X-Openstack-Request-Id': 'tx860524872f5d49bdac7c7-005e06766d', 'Date': 'Fri, 27 Dec 2019 21:23:57 GMT'} http_log /usr/lib/python3.6/site-packages/swiftclient/client.py:182
2019-12-27 21:23:57.151 20462 DEBUG swiftclient [-] REQ: curl -i http://172.30.13.89:8080/v1/AUTH_c71a8b537d504390b084356c0ccb9250/s_rally_87dbb7de_ex4RKCWF DELETE -H "X-Auth-Token: gAAAAABeBnZsKjZp..." http_log /usr/lib/python3.6/site-packages/swiftclient/client.py:180
2019-12-27 21:23:57.151 20462 DEBUG swiftclient [-] RESP STATUS: 204 No Content http_log /usr/lib/python3.6/site-packages/swiftclient/client.py:181
2019-12-27 21:23:57.151 20462 DEBUG swiftclient [-] RESP HEADERS: {'Content-Length': '0', 'Content-Type': 'text/html; charset=UTF-8', 'X-Trans-Id': 'tx4de8690af7b64b5684939-005e06766d', 'X-Openstack-Request-Id': 'tx4de8690af7b64b5684939-005e06766d', 'Date': 'Fri, 27 Dec 2019 21:23:57 GMT'} http_log /usr/lib/python3.6/site-packages/swiftclient/client.py:182
2019-12-27 21:23:57.152 20462 INFO rally.task.runner [-] Task 917f1822-1298-43b7-8c20-63b1fb7ee938 | ITER: 8 END: OK
2019-12-27 21:23:57.155 20463 DEBUG swiftclient [-] REQ: curl -i http://172.30.13.89:8080/v1/AUTH_3fa810f7a3d24538890a6223dc69a517/s_rally_87dbb7de_AB0AWE0j/s_rally_87dbb7de_SyhMQ11v DELETE -H "X-Auth-Token: gAAAAABeBnZs9_oc..." http_log /usr/lib/python3.6/site-packages/swiftclient/client.py:180
2019-12-27 21:23:57.156 20463 DEBUG swiftclient [-] RESP STATUS: 204 No Content http_log /usr/lib/python3.6/site-packages/swiftclient/client.py:181
2019-12-27 21:23:57.156 20463 DEBUG swiftclient [-] RESP HEADERS: {'Content-Length': '0', 'Content-Type': 'text/html; charset=UTF-8', 'X-Trans-Id': 'tx30c246a0599049519c216-005e06766d', 'X-Openstack-Request-Id': 'tx30c246a0599049519c216-005e06766d', 'Date': 'Fri, 27 Dec 2019 21:23:57 GMT'} http_log /usr/lib/python3.6/site-packages/swiftclient/client.py:182
2019-12-27 21:23:57.156 20462 INFO rally.task.runner [-] Task 917f1822-1298-43b7-8c20-63b1fb7ee938 | ITER: 10 START
2019-12-27 21:23:57.170 20460 DEBUG swiftclient [-] REQ: curl -i http://172.30.13.89:8080/v1/AUTH_c71a8b537d504390b084356c0ccb9250/s_rally_87dbb7de_G6qxikTz DELETE -H "X-Auth-Token: gAAAAABeBnZsGWtv..." http_log /usr/lib/python3.6/site-packages/swiftclient/client.py:180
2019-12-27 21:23:57.170 20460 DEBUG swiftclient [-] RESP STATUS: 204 No Content http_log /usr/lib/python3.6/site-packages/swiftclient/client.py:181
2019-12-27 21:23:57.170 20460 DEBUG swiftclient [-] RESP HEADERS: {'Content-Length': '0', 'Content-Type': 'text/html; charset=UTF-8', 'X-Trans-Id': 'tx8f75aa1482b946dca5db6-005e06766d', 'X-Openstack-Request-Id': 'tx8f75aa1482b946dca5db6-005e06766d', 'Date': 'Fri, 27 Dec 2019 21:23:57 GMT'} http_log /usr/lib/python3.6/site-packages/swiftclient/client.py:182
2019-12-27 21:23:57.171 20460 INFO rally.task.runner [-] Task 917f1822-1298-43b7-8c20-63b1fb7ee938 | ITER: 6 END: OK
2019-12-27 21:23:57.195 20463 DEBUG swiftclient [-] REQ: curl -i http://172.30.13.89:8080/v1/AUTH_3fa810f7a3d24538890a6223dc69a517/s_rally_87dbb7de_AB0AWE0j DELETE -H "X-Auth-Token: gAAAAABeBnZs9_oc..." http_log /usr/lib/python3.6/site-packages/swiftclient/client.py:180
2019-12-27 21:23:57.195 20463 DEBUG swiftclient [-] RESP STATUS: 204 No Content http_log /usr/lib/python3.6/site-packages/swiftclient/client.py:181
2019-12-27 21:23:57.196 20463 DEBUG swiftclient [-] RESP HEADERS: {'Content-Length': '0', 'Content-Type': 'text/html; charset=UTF-8', 'X-Trans-Id': 'tx2495e3d12c6f47d382d81-005e06766d', 'X-Openstack-Request-Id': 'tx2495e3d12c6f47d382d81-005e06766d', 'Date': 'Fri, 27 Dec 2019 21:23:57 GMT'} http_log /usr/lib/python3.6/site-packages/swiftclient/client.py:182
2019-12-27 21:23:57.196 20463 INFO rally.task.runner [-] Task 917f1822-1298-43b7-8c20-63b1fb7ee938 | ITER: 5 END: OK
2019-12-27 21:23:57.258 20461 DEBUG swiftclient [-] REQ: curl -i http://172.30.13.89:8080/v1/AUTH_c71a8b537d504390b084356c0ccb9250/s_rally_87dbb7de_Qs1JaPHj -X PUT -H "X-Auth-Token: gAAAAABeBnZtKBXd..." -H "Content-Length: 0" http_log /usr/lib/python3.6/site-packages/swiftclient/client.py:180
2019-12-27 21:23:57.258 20461 DEBUG swiftclient [-] RESP STATUS: 201 Created http_log /usr/lib/python3.6/site-packages/swiftclient/client.py:181
2019-12-27 21:23:57.259 20461 DEBUG swiftclient [-] RESP HEADERS: {'Content-Length': '0', 'Content-Type': 'text/html; charset=UTF-8', 'X-Trans-Id': 'txab1c44198816430ba7b23-005e06766d', 'X-Openstack-Request-Id': 'txab1c44198816430ba7b23-005e06766d', 'Date': 'Fri, 27 Dec 2019 21:23:57 GMT'} http_log /usr/lib/python3.6/site-packages/swiftclient/client.py:182
2019-12-27 21:23:57.296 20461 DEBUG swiftclient [-] REQ: curl -i http://172.30.13.89:8080/v1/AUTH_c71a8b537d504390b084356c0ccb9250/s_rally_87dbb7de_Qs1JaPHj/s_rally_87dbb7de_2IX8ceiC -X PUT -H "X-Auth-Token: gAAAAABeBnZtKBXd..." http_log /usr/lib/python3.6/site-packages/swiftclient/client.py:180
2019-12-27 21:23:57.297 20461 DEBUG swiftclient [-] RESP STATUS: 201 Created http_log /usr/lib/python3.6/site-packages/swiftclient/client.py:181
2019-12-27 21:23:57.297 20461 DEBUG swiftclient [-] RESP HEADERS: {'Last-Modified': 'Fri, 27 Dec 2019 21:23:58 GMT', 'Content-Length': '0', 'Etag': '4c6426ac7ef186464ecbb0d81cbfcb1e', 'Content-Type': 'text/html; charset=UTF-8', 'X-Trans-Id': 'txb970b97112d749a880c76-005e06766d', 'X-Openstack-Request-Id': 'txb970b97112d749a880c76-005e06766d', 'Date': 'Fri, 27 Dec 2019 21:23:57 GMT'} http_log /usr/lib/python3.6/site-packages/swiftclient/client.py:182
2019-12-27 21:23:57.316 20462 DEBUG swiftclient [-] REQ: curl -i http://172.30.13.89:8080/v1/AUTH_c71a8b537d504390b084356c0ccb9250/s_rally_87dbb7de_tkx0kSF1 -X PUT -H "X-Auth-Token: gAAAAABeBnZtr6NC..." -H "Content-Length: 0" http_log /usr/lib/python3.6/site-packages/swiftclient/client.py:180
2019-12-27 21:23:57.316 20462 DEBUG swiftclient [-] RESP STATUS: 201 Created http_log /usr/lib/python3.6/site-packages/swiftclient/client.py:181
2019-12-27 21:23:57.317 20462 DEBUG swiftclient [-] RESP HEADERS: {'Content-Length': '0', 'Content-Type': 'text/html; charset=UTF-8', 'X-Trans-Id': 'tx7784ad600e3743dda0f83-005e06766d', 'X-Openstack-Request-Id': 'tx7784ad600e3743dda0f83-005e06766d', 'Date': 'Fri, 27 Dec 2019 21:23:57 GMT'} http_log /usr/lib/python3.6/site-packages/swiftclient/client.py:182
2019-12-27 21:23:57.325 20461 DEBUG swiftclient [-] REQ: curl -i http://172.30.13.89:8080/v1/AUTH_c71a8b537d504390b084356c0ccb9250/s_rally_87dbb7de_Qs1JaPHj/s_rally_87dbb7de_tCe9pYD5 -X PUT -H "X-Auth-Token: gAAAAABeBnZtKBXd..." http_log /usr/lib/python3.6/site-packages/swiftclient/client.py:180
2019-12-27 21:23:57.326 20461 DEBUG swiftclient [-] RESP STATUS: 201 Created http_log /usr/lib/python3.6/site-packages/swiftclient/client.py:181
2019-12-27 21:23:57.326 20461 DEBUG swiftclient [-] RESP HEADERS: {'Last-Modified': 'Fri, 27 Dec 2019 21:23:58 GMT', 'Content-Length': '0', 'Etag': '4c6426ac7ef186464ecbb0d81cbfcb1e', 'Content-Type': 'text/html; charset=UTF-8', 'X-Trans-Id': 'txd3593efcee354a59b6b65-005e06766d', 'X-Openstack-Request-Id': 'txd3593efcee354a59b6b65-005e06766d', 'Date': 'Fri, 27 Dec 2019 21:23:57 GMT'} http_log /usr/lib/python3.6/site-packages/swiftclient/client.py:182
2019-12-27 21:23:57.349 20462 DEBUG swiftclient [-] REQ: curl -i http://172.30.13.89:8080/v1/AUTH_c71a8b537d504390b084356c0ccb9250/s_rally_87dbb7de_tkx0kSF1/s_rally_87dbb7de_VZk7pBgJ -X PUT -H "X-Auth-Token: gAAAAABeBnZtr6NC..." http_log /usr/lib/python3.6/site-packages/swiftclient/client.py:180
2019-12-27 21:23:57.350 20462 DEBUG swiftclient [-] RESP STATUS: 201 Created http_log /usr/lib/python3.6/site-packages/swiftclient/client.py:181
2019-12-27 21:23:57.350 20462 DEBUG swiftclient [-] RESP HEADERS: {'Last-Modified': 'Fri, 27 Dec 2019 21:23:58 GMT', 'Content-Length': '0', 'Etag': '4c6426ac7ef186464ecbb0d81cbfcb1e', 'Content-Type': 'text/html; charset=UTF-8', 'X-Trans-Id': 'txb72986a3e81a4c8898e84-005e06766d', 'X-Openstack-Request-Id': 'txb72986a3e81a4c8898e84-005e06766d', 'Date': 'Fri, 27 Dec 2019 21:23:57 GMT'} http_log /usr/lib/python3.6/site-packages/swiftclient/client.py:182
2019-12-27 21:23:57.351 20461 DEBUG swiftclient [-] REQ: curl -i http://172.30.13.89:8080/v1/AUTH_c71a8b537d504390b084356c0ccb9250/s_rally_87dbb7de_Qs1JaPHj/s_rally_87dbb7de_0ZKwn1se -X PUT -H "X-Auth-Token: gAAAAABeBnZtKBXd..." http_log /usr/lib/python3.6/site-packages/swiftclient/client.py:180
2019-12-27 21:23:57.352 20461 DEBUG swiftclient [-] RESP STATUS: 201 Created http_log /usr/lib/python3.6/site-packages/swiftclient/client.py:181
2019-12-27 21:23:57.352 20461 DEBUG swiftclient [-] RESP HEADERS: {'Last-Modified': 'Fri, 27 Dec 2019 21:23:58 GMT', 'Content-Length': '0', 'Etag': '4c6426ac7ef186464ecbb0d81cbfcb1e', 'Content-Type': 'text/html; charset=UTF-8', 'X-Trans-Id': 'tx0cfc1ef3f6e94680aaa90-005e06766d', 'X-Openstack-Request-Id': 'tx0cfc1ef3f6e94680aaa90-005e06766d', 'Date': 'Fri, 27 Dec 2019 21:23:57 GMT'} http_log /usr/lib/python3.6/site-packages/swiftclient/client.py:182
2019-12-27 21:23:57.380 20462 DEBUG swiftclient [-] REQ: curl -i http://172.30.13.89:8080/v1/AUTH_c71a8b537d504390b084356c0ccb9250/s_rally_87dbb7de_tkx0kSF1/s_rally_87dbb7de_18C09JwT -X PUT -H "X-Auth-Token: gAAAAABeBnZtr6NC..." http_log /usr/lib/python3.6/site-packages/swiftclient/client.py:180
2019-12-27 21:23:57.380 20462 DEBUG swiftclient [-] RESP STATUS: 201 Created http_log /usr/lib/python3.6/site-packages/swiftclient/client.py:181
2019-12-27 21:23:57.381 20462 DEBUG swiftclient [-] RESP HEADERS: {'Last-Modified': 'Fri, 27 Dec 2019 21:23:58 GMT', 'Content-Length': '0', 'Etag': '4c6426ac7ef186464ecbb0d81cbfcb1e', 'Content-Type': 'text/html; charset=UTF-8', 'X-Trans-Id': 'txf10a269a7ffe4fd685707-005e06766d', 'X-Openstack-Request-Id': 'txf10a269a7ffe4fd685707-005e06766d', 'Date': 'Fri, 27 Dec 2019 21:23:57 GMT'} http_log /usr/lib/python3.6/site-packages/swiftclient/client.py:182
2019-12-27 21:23:57.382 20461 DEBUG swiftclient [-] REQ: curl -i http://172.30.13.89:8080/v1/AUTH_c71a8b537d504390b084356c0ccb9250/s_rally_87dbb7de_Qs1JaPHj/s_rally_87dbb7de_cKp2FJPa -X PUT -H "X-Auth-Token: gAAAAABeBnZtKBXd..." http_log /usr/lib/python3.6/site-packages/swiftclient/client.py:180
2019-12-27 21:23:57.382 20461 DEBUG swiftclient [-] RESP STATUS: 201 Created http_log /usr/lib/python3.6/site-packages/swiftclient/client.py:181
2019-12-27 21:23:57.383 20461 DEBUG swiftclient [-] RESP HEADERS: {'Last-Modified': 'Fri, 27 Dec 2019 21:23:58 GMT', 'Content-Length': '0', 'Etag': '4c6426ac7ef186464ecbb0d81cbfcb1e', 'Content-Type': 'text/html; charset=UTF-8', 'X-Trans-Id': 'txf916fb8369a542d6aa51a-005e06766d', 'X-Openstack-Request-Id': 'txf916fb8369a542d6aa51a-005e06766d', 'Date': 'Fri, 27 Dec 2019 21:23:57 GMT'} http_log /usr/lib/python3.6/site-packages/swiftclient/client.py:182
2019-12-27 21:23:57.411 20461 DEBUG swiftclient [-] REQ: curl -i http://172.30.13.89:8080/v1/AUTH_c71a8b537d504390b084356c0ccb9250/s_rally_87dbb7de_Qs1JaPHj/s_rally_87dbb7de_jfATfkzx -X PUT -H "X-Auth-Token: gAAAAABeBnZtKBXd..." http_log /usr/lib/python3.6/site-packages/swiftclient/client.py:180
2019-12-27 21:23:57.411 20461 DEBUG swiftclient [-] RESP STATUS: 201 Created http_log /usr/lib/python3.6/site-packages/swiftclient/client.py:181
2019-12-27 21:23:57.412 20461 DEBUG swiftclient [-] RESP HEADERS: {'Last-Modified': 'Fri, 27 Dec 2019 21:23:58 GMT', 'Content-Length': '0', 'Etag': '4c6426ac7ef186464ecbb0d81cbfcb1e', 'Content-Type': 'text/html; charset=UTF-8', 'X-Trans-Id': 'txbeabbcc0a679497cba954-005e06766d', 'X-Openstack-Request-Id': 'txbeabbcc0a679497cba954-005e06766d', 'Date': 'Fri, 27 Dec 2019 21:23:57 GMT'} http_log /usr/lib/python3.6/site-packages/swiftclient/client.py:182
2019-12-27 21:23:57.418 20462 DEBUG swiftclient [-] REQ: curl -i http://172.30.13.89:8080/v1/AUTH_c71a8b537d504390b084356c0ccb9250/s_rally_87dbb7de_tkx0kSF1/s_rally_87dbb7de_ERaI3KuU -X PUT -H "X-Auth-Token: gAAAAABeBnZtr6NC..." http_log /usr/lib/python3.6/site-packages/swiftclient/client.py:180
2019-12-27 21:23:57.419 20462 DEBUG swiftclient [-] RESP STATUS: 201 Created http_log /usr/lib/python3.6/site-packages/swiftclient/client.py:181
2019-12-27 21:23:57.419 20462 DEBUG swiftclient [-] RESP HEADERS: {'Last-Modified': 'Fri, 27 Dec 2019 21:23:58 GMT', 'Content-Length': '0', 'Etag': '4c6426ac7ef186464ecbb0d81cbfcb1e', 'Content-Type': 'text/html; charset=UTF-8', 'X-Trans-Id': 'txd47a565ee73f46958445b-005e06766d', 'X-Openstack-Request-Id': 'txd47a565ee73f46958445b-005e06766d', 'Date': 'Fri, 27 Dec 2019 21:23:57 GMT'} http_log /usr/lib/python3.6/site-packages/swiftclient/client.py:182
2019-12-27 21:23:57.435 20461 DEBUG swiftclient [-] REQ: curl -i http://172.30.13.89:8080/v1/AUTH_c71a8b537d504390b084356c0ccb9250/s_rally_87dbb7de_Qs1JaPHj/s_rally_87dbb7de_2IX8ceiC DELETE -H "X-Auth-Token: gAAAAABeBnZtKBXd..." http_log /usr/lib/python3.6/site-packages/swiftclient/client.py:180
2019-12-27 21:23:57.436 20461 DEBUG swiftclient [-] RESP STATUS: 204 No Content http_log /usr/lib/python3.6/site-packages/swiftclient/client.py:181
2019-12-27 21:23:57.436 20461 DEBUG swiftclient [-] RESP HEADERS: {'Content-Length': '0', 'Content-Type': 'text/html; charset=UTF-8', 'X-Trans-Id': 'tx14fc6dbcccb84d7cae9c4-005e06766d', 'X-Openstack-Request-Id': 'tx14fc6dbcccb84d7cae9c4-005e06766d', 'Date': 'Fri, 27 Dec 2019 21:23:57 GMT'} http_log /usr/lib/python3.6/site-packages/swiftclient/client.py:182
2019-12-27 21:23:57.448 20462 DEBUG swiftclient [-] REQ: curl -i http://172.30.13.89:8080/v1/AUTH_c71a8b537d504390b084356c0ccb9250/s_rally_87dbb7de_tkx0kSF1/s_rally_87dbb7de_1rvpTK7v -X PUT -H "X-Auth-Token: gAAAAABeBnZtr6NC..." http_log /usr/lib/python3.6/site-packages/swiftclient/client.py:180
2019-12-27 21:23:57.449 20462 DEBUG swiftclient [-] RESP STATUS: 201 Created http_log /usr/lib/python3.6/site-packages/swiftclient/client.py:181
2019-12-27 21:23:57.449 20462 DEBUG swiftclient [-] RESP HEADERS: {'Last-Modified': 'Fri, 27 Dec 2019 21:23:58 GMT', 'Content-Length': '0', 'Etag': '4c6426ac7ef186464ecbb0d81cbfcb1e', 'Content-Type': 'text/html; charset=UTF-8', 'X-Trans-Id': 'txcf825e4f6b654f1aabcf0-005e06766d', 'X-Openstack-Request-Id': 'txcf825e4f6b654f1aabcf0-005e06766d', 'Date': 'Fri, 27 Dec 2019 21:23:57 GMT'} http_log /usr/lib/python3.6/site-packages/swiftclient/client.py:182
2019-12-27 21:23:57.462 20461 DEBUG swiftclient [-] REQ: curl -i http://172.30.13.89:8080/v1/AUTH_c71a8b537d504390b084356c0ccb9250/s_rally_87dbb7de_Qs1JaPHj/s_rally_87dbb7de_tCe9pYD5 DELETE -H "X-Auth-Token: gAAAAABeBnZtKBXd..." http_log /usr/lib/python3.6/site-packages/swiftclient/client.py:180
2019-12-27 21:23:57.462 20461 DEBUG swiftclient [-] RESP STATUS: 204 No Content http_log /usr/lib/python3.6/site-packages/swiftclient/client.py:181
2019-12-27 21:23:57.463 20461 DEBUG swiftclient [-] RESP HEADERS: {'Content-Length': '0', 'Content-Type': 'text/html; charset=UTF-8', 'X-Trans-Id': 'txac60fea0415f438f90171-005e06766d', 'X-Openstack-Request-Id': 'txac60fea0415f438f90171-005e06766d', 'Date': 'Fri, 27 Dec 2019 21:23:57 GMT'} http_log /usr/lib/python3.6/site-packages/swiftclient/client.py:182
2019-12-27 21:23:57.475 20462 DEBUG swiftclient [-] REQ: curl -i http://172.30.13.89:8080/v1/AUTH_c71a8b537d504390b084356c0ccb9250/s_rally_87dbb7de_tkx0kSF1/s_rally_87dbb7de_aIEjR9Yj -X PUT -H "X-Auth-Token: gAAAAABeBnZtr6NC..." http_log /usr/lib/python3.6/site-packages/swiftclient/client.py:180
2019-12-27 21:23:57.476 20462 DEBUG swiftclient [-] RESP STATUS: 201 Created http_log /usr/lib/python3.6/site-packages/swiftclient/client.py:181
2019-12-27 21:23:57.476 20462 DEBUG swiftclient [-] RESP HEADERS: {'Last-Modified': 'Fri, 27 Dec 2019 21:23:58 GMT', 'Content-Length': '0', 'Etag': '4c6426ac7ef186464ecbb0d81cbfcb1e', 'Content-Type': 'text/html; charset=UTF-8', 'X-Trans-Id': 'txe28093f77bb4411f8fdd8-005e06766d', 'X-Openstack-Request-Id': 'txe28093f77bb4411f8fdd8-005e06766d', 'Date': 'Fri, 27 Dec 2019 21:23:57 GMT'} http_log /usr/lib/python3.6/site-packages/swiftclient/client.py:182
2019-12-27 21:23:57.482 20461 DEBUG swiftclient [-] REQ: curl -i http://172.30.13.89:8080/v1/AUTH_c71a8b537d504390b084356c0ccb9250/s_rally_87dbb7de_Qs1JaPHj/s_rally_87dbb7de_0ZKwn1se DELETE -H "X-Auth-Token: gAAAAABeBnZtKBXd..." http_log /usr/lib/python3.6/site-packages/swiftclient/client.py:180
2019-12-27 21:23:57.482 20461 DEBUG swiftclient [-] RESP STATUS: 204 No Content http_log /usr/lib/python3.6/site-packages/swiftclient/client.py:181
2019-12-27 21:23:57.482 20461 DEBUG swiftclient [-] RESP HEADERS: {'Content-Length': '0', 'Content-Type': 'text/html; charset=UTF-8', 'X-Trans-Id': 'tx3d5358b6ad9841ebb14a8-005e06766d', 'X-Openstack-Request-Id': 'tx3d5358b6ad9841ebb14a8-005e06766d', 'Date': 'Fri, 27 Dec 2019 21:23:57 GMT'} http_log /usr/lib/python3.6/site-packages/swiftclient/client.py:182
2019-12-27 21:23:57.501 20462 DEBUG swiftclient [-] REQ: curl -i http://172.30.13.89:8080/v1/AUTH_c71a8b537d504390b084356c0ccb9250/s_rally_87dbb7de_tkx0kSF1/s_rally_87dbb7de_VZk7pBgJ DELETE -H "X-Auth-Token: gAAAAABeBnZtr6NC..." http_log /usr/lib/python3.6/site-packages/swiftclient/client.py:180
2019-12-27 21:23:57.501 20462 DEBUG swiftclient [-] RESP STATUS: 204 No Content http_log /usr/lib/python3.6/site-packages/swiftclient/client.py:181
2019-12-27 21:23:57.502 20462 DEBUG swiftclient [-] RESP HEADERS: {'Content-Length': '0', 'Content-Type': 'text/html; charset=UTF-8', 'X-Trans-Id': 'tx65a2873b97b54f70bfe89-005e06766d', 'X-Openstack-Request-Id': 'tx65a2873b97b54f70bfe89-005e06766d', 'Date': 'Fri, 27 Dec 2019 21:23:57 GMT'} http_log /usr/lib/python3.6/site-packages/swiftclient/client.py:182
2019-12-27 21:23:57.504 20461 DEBUG swiftclient [-] REQ: curl -i http://172.30.13.89:8080/v1/AUTH_c71a8b537d504390b084356c0ccb9250/s_rally_87dbb7de_Qs1JaPHj/s_rally_87dbb7de_cKp2FJPa DELETE -H "X-Auth-Token: gAAAAABeBnZtKBXd..." http_log /usr/lib/python3.6/site-packages/swiftclient/client.py:180
2019-12-27 21:23:57.504 20461 DEBUG swiftclient [-] RESP STATUS: 204 No Content http_log /usr/lib/python3.6/site-packages/swiftclient/client.py:181
2019-12-27 21:23:57.505 20461 DEBUG swiftclient [-] RESP HEADERS: {'Content-Length': '0', 'Content-Type': 'text/html; charset=UTF-8', 'X-Trans-Id': 'tx785d065ed922484084370-005e06766d', 'X-Openstack-Request-Id': 'tx785d065ed922484084370-005e06766d', 'Date': 'Fri, 27 Dec 2019 21:23:57 GMT'} http_log /usr/lib/python3.6/site-packages/swiftclient/client.py:182
2019-12-27 21:23:57.527 20461 DEBUG swiftclient [-] REQ: curl -i http://172.30.13.89:8080/v1/AUTH_c71a8b537d504390b084356c0ccb9250/s_rally_87dbb7de_Qs1JaPHj/s_rally_87dbb7de_jfATfkzx DELETE -H "X-Auth-Token: gAAAAABeBnZtKBXd..." http_log /usr/lib/python3.6/site-packages/swiftclient/client.py:180
2019-12-27 21:23:57.528 20461 DEBUG swiftclient [-] RESP STATUS: 204 No Content http_log /usr/lib/python3.6/site-packages/swiftclient/client.py:181
2019-12-27 21:23:57.528 20461 DEBUG swiftclient [-] RESP HEADERS: {'Content-Length': '0', 'Content-Type': 'text/html; charset=UTF-8', 'X-Trans-Id': 'txf272068bf068489f88c0d-005e06766d', 'X-Openstack-Request-Id': 'txf272068bf068489f88c0d-005e06766d', 'Date': 'Fri, 27 Dec 2019 21:23:57 GMT'} http_log /usr/lib/python3.6/site-packages/swiftclient/client.py:182
2019-12-27 21:23:57.528 20462 DEBUG swiftclient [-] REQ: curl -i http://172.30.13.89:8080/v1/AUTH_c71a8b537d504390b084356c0ccb9250/s_rally_87dbb7de_tkx0kSF1/s_rally_87dbb7de_18C09JwT DELETE -H "X-Auth-Token: gAAAAABeBnZtr6NC..." http_log /usr/lib/python3.6/site-packages/swiftclient/client.py:180
2019-12-27 21:23:57.529 20462 DEBUG swiftclient [-] RESP STATUS: 204 No Content http_log /usr/lib/python3.6/site-packages/swiftclient/client.py:181
2019-12-27 21:23:57.529 20462 DEBUG swiftclient [-] RESP HEADERS: {'Content-Length': '0', 'Content-Type': 'text/html; charset=UTF-8', 'X-Trans-Id': 'tx013931533d554446903af-005e06766d', 'X-Openstack-Request-Id': 'tx013931533d554446903af-005e06766d', 'Date': 'Fri, 27 Dec 2019 21:23:57 GMT'} http_log /usr/lib/python3.6/site-packages/swiftclient/client.py:182
2019-12-27 21:23:57.547 20462 DEBUG swiftclient [-] REQ: curl -i http://172.30.13.89:8080/v1/AUTH_c71a8b537d504390b084356c0ccb9250/s_rally_87dbb7de_tkx0kSF1/s_rally_87dbb7de_ERaI3KuU DELETE -H "X-Auth-Token: gAAAAABeBnZtr6NC..." http_log /usr/lib/python3.6/site-packages/swiftclient/client.py:180
2019-12-27 21:23:57.548 20462 DEBUG swiftclient [-] RESP STATUS: 204 No Content http_log /usr/lib/python3.6/site-packages/swiftclient/client.py:181
2019-12-27 21:23:57.548 20462 DEBUG swiftclient [-] RESP HEADERS: {'Content-Length': '0', 'Content-Type': 'text/html; charset=UTF-8', 'X-Trans-Id': 'tx3389418c88f54b3fb5397-005e06766d', 'X-Openstack-Request-Id': 'tx3389418c88f54b3fb5397-005e06766d', 'Date': 'Fri, 27 Dec 2019 21:23:57 GMT'} http_log /usr/lib/python3.6/site-packages/swiftclient/client.py:182
2019-12-27 21:23:57.559 20461 DEBUG swiftclient [-] REQ: curl -i http://172.30.13.89:8080/v1/AUTH_c71a8b537d504390b084356c0ccb9250/s_rally_87dbb7de_Qs1JaPHj DELETE -H "X-Auth-Token: gAAAAABeBnZtKBXd..." http_log /usr/lib/python3.6/site-packages/swiftclient/client.py:180
2019-12-27 21:23:57.559 20461 DEBUG swiftclient [-] RESP STATUS: 204 No Content http_log /usr/lib/python3.6/site-packages/swiftclient/client.py:181
2019-12-27 21:23:57.560 20461 DEBUG swiftclient [-] RESP HEADERS: {'Content-Length': '0', 'Content-Type': 'text/html; charset=UTF-8', 'X-Trans-Id': 'tx7906b48bf57e4223a24e1-005e06766d', 'X-Openstack-Request-Id': 'tx7906b48bf57e4223a24e1-005e06766d', 'Date': 'Fri, 27 Dec 2019 21:23:57 GMT'} http_log /usr/lib/python3.6/site-packages/swiftclient/client.py:182
2019-12-27 21:23:57.560 20461 INFO rally.task.runner [-] Task 917f1822-1298-43b7-8c20-63b1fb7ee938 | ITER: 9 END: OK
2019-12-27 21:23:57.570 20462 DEBUG swiftclient [-] REQ: curl -i http://172.30.13.89:8080/v1/AUTH_c71a8b537d504390b084356c0ccb9250/s_rally_87dbb7de_tkx0kSF1/s_rally_87dbb7de_1rvpTK7v DELETE -H "X-Auth-Token: gAAAAABeBnZtr6NC..." http_log /usr/lib/python3.6/site-packages/swiftclient/client.py:180
2019-12-27 21:23:57.570 20462 DEBUG swiftclient [-] RESP STATUS: 204 No Content http_log /usr/lib/python3.6/site-packages/swiftclient/client.py:181
2019-12-27 21:23:57.571 20462 DEBUG swiftclient [-] RESP HEADERS: {'Content-Length': '0', 'Content-Type': 'text/html; charset=UTF-8', 'X-Trans-Id': 'tx9869e8fc95ab403fb5d49-005e06766d', 'X-Openstack-Request-Id': 'tx9869e8fc95ab403fb5d49-005e06766d', 'Date': 'Fri, 27 Dec 2019 21:23:57 GMT'} http_log /usr/lib/python3.6/site-packages/swiftclient/client.py:182
2019-12-27 21:23:57.595 20462 DEBUG swiftclient [-] REQ: curl -i http://172.30.13.89:8080/v1/AUTH_c71a8b537d504390b084356c0ccb9250/s_rally_87dbb7de_tkx0kSF1/s_rally_87dbb7de_aIEjR9Yj DELETE -H "X-Auth-Token: gAAAAABeBnZtr6NC..." http_log /usr/lib/python3.6/site-packages/swiftclient/client.py:180
2019-12-27 21:23:57.595 20462 DEBUG swiftclient [-] RESP STATUS: 204 No Content http_log /usr/lib/python3.6/site-packages/swiftclient/client.py:181
2019-12-27 21:23:57.596 20462 DEBUG swiftclient [-] RESP HEADERS: {'Content-Length': '0', 'Content-Type': 'text/html; charset=UTF-8', 'X-Trans-Id': 'txfcc2c16591594a2a96819-005e06766d', 'X-Openstack-Request-Id': 'txfcc2c16591594a2a96819-005e06766d', 'Date': 'Fri, 27 Dec 2019 21:23:57 GMT'} http_log /usr/lib/python3.6/site-packages/swiftclient/client.py:182
2019-12-27 21:23:57.627 20462 DEBUG swiftclient [-] REQ: curl -i http://172.30.13.89:8080/v1/AUTH_c71a8b537d504390b084356c0ccb9250/s_rally_87dbb7de_tkx0kSF1 DELETE -H "X-Auth-Token: gAAAAABeBnZtr6NC..." http_log /usr/lib/python3.6/site-packages/swiftclient/client.py:180
2019-12-27 21:23:57.627 20462 DEBUG swiftclient [-] RESP STATUS: 204 No Content http_log /usr/lib/python3.6/site-packages/swiftclient/client.py:181
2019-12-27 21:23:57.628 20462 DEBUG swiftclient [-] RESP HEADERS: {'Content-Length': '0', 'Content-Type': 'text/html; charset=UTF-8', 'X-Trans-Id': 'tx424d1bd6eccd43ffb9423-005e06766d', 'X-Openstack-Request-Id': 'tx424d1bd6eccd43ffb9423-005e06766d', 'Date': 'Fri, 27 Dec 2019 21:23:57 GMT'} http_log /usr/lib/python3.6/site-packages/swiftclient/client.py:182
2019-12-27 21:23:57.628 20462 INFO rally.task.runner [-] Task 917f1822-1298-43b7-8c20-63b1fb7ee938 | ITER: 10 END: OK
2019-12-27 21:23:57.657 19614 INFO rally.task.context [-] Task 917f1822-1298-43b7-8c20-63b1fb7ee938 | Context cleanup@openstack cleanup() started
2019-12-27 21:23:57.662 19614 RALLYDEBUG rally_openstack.cleanup.manager [-] Cleaning up swift object objects
2019-12-27 21:23:57.804 19614 DEBUG swiftclient [-] REQ: curl -i http://172.30.13.89:8080/v1/AUTH_3fa810f7a3d24538890a6223dc69a517?format=json -X GET -H "X-Auth-Token: gAAAAABeBnZtDpCU..." -H "Accept-Encoding: gzip" http_log /usr/lib/python3.6/site-packages/swiftclient/client.py:180
2019-12-27 21:23:57.805 19614 DEBUG swiftclient [-] RESP STATUS: 200 OK http_log /usr/lib/python3.6/site-packages/swiftclient/client.py:181
2019-12-27 21:23:57.806 19614 DEBUG swiftclient [-] RESP HEADERS: {'Content-Length': '2', 'X-Account-Object-Count': '0', 'X-Account-Storage-Policy-Policy-0-Bytes-Used': '0', 'X-Account-Storage-Policy-Policy-0-Container-Count': '0', 'X-Timestamp': '1577481836.14129', 'X-Account-Storage-Policy-Policy-0-Object-Count': '0', 'X-Account-Bytes-Used': '0', 'X-Account-Container-Count': '0', 'Content-Type': 'application/json; charset=utf-8', 'Accept-Ranges': 'bytes', 'x-account-project-domain-id': 'default', 'X-Trans-Id': 'tx7183f2ae525847d18029f-005e06766d', 'X-Openstack-Request-Id': 'tx7183f2ae525847d18029f-005e06766d', 'Date': 'Fri, 27 Dec 2019 21:23:57 GMT'} http_log /usr/lib/python3.6/site-packages/swiftclient/client.py:182
2019-12-27 21:23:57.806 19614 DEBUG swiftclient [-] RESP BODY: b'[]' http_log /usr/lib/python3.6/site-packages/swiftclient/client.py:186
2019-12-27 21:23:57.953 19614 DEBUG swiftclient [-] REQ: curl -i http://172.30.13.89:8080/v1/AUTH_c71a8b537d504390b084356c0ccb9250?format=json -X GET -H "X-Auth-Token: gAAAAABeBnZtcjjy..." -H "Accept-Encoding: gzip" http_log /usr/lib/python3.6/site-packages/swiftclient/client.py:180
2019-12-27 21:23:57.953 19614 DEBUG swiftclient [-] RESP STATUS: 200 OK http_log /usr/lib/python3.6/site-packages/swiftclient/client.py:181
2019-12-27 21:23:57.954 19614 DEBUG swiftclient [-] RESP HEADERS: {'Content-Length': '2', 'X-Account-Object-Count': '0', 'X-Account-Storage-Policy-Policy-0-Bytes-Used': '0', 'X-Account-Storage-Policy-Policy-0-Container-Count': '0', 'X-Timestamp': '1577481836.09389', 'X-Account-Storage-Policy-Policy-0-Object-Count': '0', 'X-Account-Bytes-Used': '0', 'X-Account-Container-Count': '0', 'Content-Type': 'application/json; charset=utf-8', 'Accept-Ranges': 'bytes', 'x-account-project-domain-id': 'default', 'X-Trans-Id': 'txb71275fc836d49f19f292-005e06766d', 'X-Openstack-Request-Id': 'txb71275fc836d49f19f292-005e06766d', 'Date': 'Fri, 27 Dec 2019 21:23:57 GMT'} http_log /usr/lib/python3.6/site-packages/swiftclient/client.py:182
2019-12-27 21:23:57.955 19614 DEBUG swiftclient [-] RESP BODY: b'[]' http_log /usr/lib/python3.6/site-packages/swiftclient/client.py:186
2019-12-27 21:23:58.098 19614 DEBUG swiftclient [-] REQ: curl -i http://172.30.13.89:8080/v1/AUTH_c71e61f54b904f1d8deb87c30888031a?format=json -X GET -H "X-Auth-Token: gAAAAABeBnZuOkkU..." -H "Accept-Encoding: gzip" http_log /usr/lib/python3.6/site-packages/swiftclient/client.py:180
2019-12-27 21:23:58.098 19614 DEBUG swiftclient [-] RESP STATUS: 200 OK http_log /usr/lib/python3.6/site-packages/swiftclient/client.py:181
2019-12-27 21:23:58.099 19614 DEBUG swiftclient [-] RESP HEADERS: {'Content-Length': '2', 'X-Account-Object-Count': '0', 'X-Account-Storage-Policy-Policy-0-Bytes-Used': '0', 'X-Account-Storage-Policy-Policy-0-Container-Count': '0', 'X-Timestamp': '1577481836.08616', 'X-Account-Storage-Policy-Policy-0-Object-Count': '0', 'X-Account-Bytes-Used': '0', 'X-Account-Container-Count': '0', 'Content-Type': 'application/json; charset=utf-8', 'Accept-Ranges': 'bytes', 'x-account-project-domain-id': 'default', 'X-Trans-Id': 'txf78b8803bd3a46bf8bba6-005e06766e', 'X-Openstack-Request-Id': 'txf78b8803bd3a46bf8bba6-005e06766e', 'Date': 'Fri, 27 Dec 2019 21:23:58 GMT'} http_log /usr/lib/python3.6/site-packages/swiftclient/client.py:182
2019-12-27 21:23:58.100 19614 DEBUG swiftclient [-] RESP BODY: b'[]' http_log /usr/lib/python3.6/site-packages/swiftclient/client.py:186
2019-12-27 21:23:58.107 19614 RALLYDEBUG rally_openstack.cleanup.manager [-] Cleaning up swift container objects
2019-12-27 21:23:58.265 19614 DEBUG swiftclient [-] REQ: curl -i http://172.30.13.89:8080/v1/AUTH_3fa810f7a3d24538890a6223dc69a517?format=json -X GET -H "X-Auth-Token: gAAAAABeBnZukpwG..." -H "Accept-Encoding: gzip" http_log /usr/lib/python3.6/site-packages/swiftclient/client.py:180
2019-12-27 21:23:58.265 19614 DEBUG swiftclient [-] RESP STATUS: 200 OK http_log /usr/lib/python3.6/site-packages/swiftclient/client.py:181
2019-12-27 21:23:58.266 19614 DEBUG swiftclient [-] RESP HEADERS: {'Content-Length': '2', 'X-Account-Object-Count': '0', 'X-Account-Storage-Policy-Policy-0-Bytes-Used': '0', 'X-Account-Storage-Policy-Policy-0-Container-Count': '0', 'X-Timestamp': '1577481836.14129', 'X-Account-Storage-Policy-Policy-0-Object-Count': '0', 'X-Account-Bytes-Used': '0', 'X-Account-Container-Count': '0', 'Content-Type': 'application/json; charset=utf-8', 'Accept-Ranges': 'bytes', 'x-account-project-domain-id': 'default', 'X-Trans-Id': 'tx7be6e41f6cb14af5b32ab-005e06766e', 'X-Openstack-Request-Id': 'tx7be6e41f6cb14af5b32ab-005e06766e', 'Date': 'Fri, 27 Dec 2019 21:23:58 GMT'} http_log /usr/lib/python3.6/site-packages/swiftclient/client.py:182
2019-12-27 21:23:58.267 19614 DEBUG swiftclient [-] RESP BODY: b'[]' http_log /usr/lib/python3.6/site-packages/swiftclient/client.py:186
2019-12-27 21:23:58.419 19614 DEBUG swiftclient [-] REQ: curl -i http://172.30.13.89:8080/v1/AUTH_c71a8b537d504390b084356c0ccb9250?format=json -X GET -H "X-Auth-Token: gAAAAABeBnZuST3z..." -H "Accept-Encoding: gzip" http_log /usr/lib/python3.6/site-packages/swiftclient/client.py:180
2019-12-27 21:23:58.419 19614 DEBUG swiftclient [-] RESP STATUS: 200 OK http_log /usr/lib/python3.6/site-packages/swiftclient/client.py:181
2019-12-27 21:23:58.420 19614 DEBUG swiftclient [-] RESP HEADERS: {'Content-Length': '2', 'X-Account-Object-Count': '0', 'X-Account-Storage-Policy-Policy-0-Bytes-Used': '0', 'X-Account-Storage-Policy-Policy-0-Container-Count': '0', 'X-Timestamp': '1577481836.09389', 'X-Account-Storage-Policy-Policy-0-Object-Count': '0', 'X-Account-Bytes-Used': '0', 'X-Account-Container-Count': '0', 'Content-Type': 'application/json; charset=utf-8', 'Accept-Ranges': 'bytes', 'x-account-project-domain-id': 'default', 'X-Trans-Id': 'tx7c647db686274676b789f-005e06766e', 'X-Openstack-Request-Id': 'tx7c647db686274676b789f-005e06766e', 'Date': 'Fri, 27 Dec 2019 21:23:58 GMT'} http_log /usr/lib/python3.6/site-packages/swiftclient/client.py:182
2019-12-27 21:23:58.421 19614 DEBUG swiftclient [-] RESP BODY: b'[]' http_log /usr/lib/python3.6/site-packages/swiftclient/client.py:186
2019-12-27 21:23:58.574 19614 DEBUG swiftclient [-] REQ: curl -i http://172.30.13.89:8080/v1/AUTH_c71e61f54b904f1d8deb87c30888031a?format=json -X GET -H "X-Auth-Token: gAAAAABeBnZujk6a..." -H "Accept-Encoding: gzip" http_log /usr/lib/python3.6/site-packages/swiftclient/client.py:180
2019-12-27 21:23:58.575 19614 DEBUG swiftclient [-] RESP STATUS: 200 OK http_log /usr/lib/python3.6/site-packages/swiftclient/client.py:181
2019-12-27 21:23:58.575 19614 DEBUG swiftclient [-] RESP HEADERS: {'Content-Length': '2', 'X-Account-Object-Count': '0', 'X-Account-Storage-Policy-Policy-0-Bytes-Used': '0', 'X-Account-Storage-Policy-Policy-0-Container-Count': '0', 'X-Timestamp': '1577481836.08616', 'X-Account-Storage-Policy-Policy-0-Object-Count': '0', 'X-Account-Bytes-Used': '0', 'X-Account-Container-Count': '0', 'Content-Type': 'application/json; charset=utf-8', 'Accept-Ranges': 'bytes', 'x-account-project-domain-id': 'default', 'X-Trans-Id': 'txd16ec2dea3094f96a8d8c-005e06766e', 'X-Openstack-Request-Id': 'txd16ec2dea3094f96a8d8c-005e06766e', 'Date': 'Fri, 27 Dec 2019 21:23:58 GMT'} http_log /usr/lib/python3.6/site-packages/swiftclient/client.py:182
2019-12-27 21:23:58.576 19614 DEBUG swiftclient [-] RESP BODY: b'[]' http_log /usr/lib/python3.6/site-packages/swiftclient/client.py:186
2019-12-27 21:23:58.583 19614 INFO rally.task.context [-] Task 917f1822-1298-43b7-8c20-63b1fb7ee938 | Context cleanup@openstack cleanup() finished in 0.93 sec
2019-12-27 21:23:58.584 19614 INFO rally.task.context [-] Task 917f1822-1298-43b7-8c20-63b1fb7ee938 | Context roles@openstack cleanup() started
2019-12-27 21:23:58.584 19614 RALLYDEBUG rally_openstack.contexts.keystone.roles [-] Removing assigned role 30e4cb30f21b4635b27592448fb4c723 from all users
2019-12-27 21:23:59.113 19614 INFO rally.task.context [-] Task 917f1822-1298-43b7-8c20-63b1fb7ee938 | Context roles@openstack cleanup() finished in 0.53 sec
2019-12-27 21:23:59.114 19614 INFO rally.task.context [-] Task 917f1822-1298-43b7-8c20-63b1fb7ee938 | Context users@openstack cleanup() started
2019-12-27 21:24:01.827 19614 INFO rally.task.context [-] Task 917f1822-1298-43b7-8c20-63b1fb7ee938 | Context users@openstack cleanup() finished in 2.71 sec
2019-12-27 21:24:02.277 19614 INFO rally.task.engine [-] Load duration is: 1.926722
2019-12-27 21:24:02.278 19614 INFO rally.task.engine [-] Full runner duration is: 1.974713
2019-12-27 21:24:02.278 19614 INFO rally.task.engine [-] Full duration is: 9.637421
2019-12-27 21:24:02.377 19614 INFO rally.task.engine [-] Running workload: position = 0 config = { "version": 2, "title": "A cropped version of a bigger task.", "description": "Auto-generated task from a single workload (uuid=8eb6a259-2bc9-4c78-9343-c452493091c0)", "subtasks": [ { "title": "SwiftObjects.list_and_download_objects_in_containers", "description": "List and download objects in all containers.", "scenario": { "SwiftObjects.list_and_download_objects_in_containers": {} }, "contexts": { "users": { "tenants": 3, "users_per_tenant": 2 }, "roles": [ "admin" ], "swift_objects": { "containers_per_tenant": 2, "objects_per_container": 5, "object_size": 10240 } }, "runner": { "constant": { "concurrency": 4, "times": 10 } }, "hooks": [], "sla": { "failure_rate": { "max": 0 } } } ] }
2019-12-27 21:24:02.398 19614 RALLYDEBUG rally_openstack.contexts.keystone.users [-] Creating 3 tenants using 20 threads
2019-12-27 21:24:03.073 19614 RALLYDEBUG rally_openstack.contexts.keystone.users [-] Creating 6 users using 20 threads
2019-12-27 21:24:03.983 19614 INFO rally.task.context [-] Task 917f1822-1298-43b7-8c20-63b1fb7ee938 | Context users@openstack setup() finished in 1.58 sec
2019-12-27 21:24:04.214 19614 RALLYDEBUG rally_openstack.contexts.keystone.roles [-] Adding role admin having ID 30e4cb30f21b4635b27592448fb4c723 to all users using 30 threads
