2019-12-27 20:55:24.826 6545 INFO rally.task.engine [-] Running workload: position = 5 config = { "version": 2, "title": "A cropped version of a bigger task.", "description": "Auto-generated task from a single workload (uuid=6610d4f1-6e52-492c-9616-5d27b9b17b9d)", "subtasks": [ { "title": "HeatStacks.create_update_delete_stack", "description": "Create, update and then delete a stack.", "scenario": { "HeatStacks.create_update_delete_stack": { "template_path": "/usr/lib/python3.6/site-packages/functest/opnfv_tests/openstack/rally/scenario/templates/random_strings.yaml.template", "updated_template_path": "/usr/lib/python3.6/site-packages/functest/opnfv_tests/openstack/rally/scenario/templates/updated_random_strings_replace.yaml.template" } }, "contexts": { "users": { "tenants": 3, "users_per_tenant": 2 }, "roles": [ "heat_stack_owner" ] }, "runner": { "constant": { "concurrency": 4, "times": 10 } }, "hooks": [], "sla": { "failure_rate": { "max": 0 } } } ] }
2019-12-27 20:55:24.849 6545 RALLYDEBUG rally_openstack.contexts.keystone.users [-] Creating 3 tenants using 20 threads
2019-12-27 20:55:25.410 6545 RALLYDEBUG rally_openstack.contexts.keystone.users [-] Creating 6 users using 20 threads
2019-12-27 20:55:26.271 6545 INFO rally.task.context [-] Task f02bedc5-62e0-40a6-9bb8-5e8f7cfa993b | Context users@openstack setup() finished in 1.42 sec
2019-12-27 20:55:26.489 6545 ERROR rally.common.broker [-] Failed to publish a task to the queue: rally.exceptions.NotFoundException: The resource can not be found: There is no role with name `heat_stack_owner`
2019-12-27 20:55:26.489 6545 ERROR rally.common.broker
Traceback (most recent call last):
2019-12-27 20:55:26.489 6545 ERROR rally.common.broker
File "/usr/lib/python3.6/site-packages/rally/common/broker.py", line 58, in _publisher
2019-12-27 20:55:26.489 6545 ERROR rally.common.broker publish(queue)
2019-12-27 20:55:26.489 6545 ERROR rally.common.broker
File "/usr/lib/python3.6/site-packages/rally_openstack/contexts/keystone/roles.py", line 91, in publish
2019-12-27 20:55:26.489 6545 ERROR rally.common.broker role = self._get_role_object(context_role)
2019-12-27 20:55:26.489 6545 ERROR rally.common.broker
File "/usr/lib/python3.6/site-packages/rally_openstack/contexts/keystone/roles.py", line 65, in _get_role_object
2019-12-27 20:55:26.489 6545 ERROR rally.common.broker "There is no role with name `%s`" % context_role)
2019-12-27 20:55:26.489 6545 ERROR rally.common.broker rally.exceptions.NotFoundException: The resource can not be found: There is no role with name `heat_stack_owner`
2019-12-27 20:55:26.489 6545 ERROR rally.common.broker
2019-12-27 20:55:26.500 6545 INFO rally.task.context [-] Task f02bedc5-62e0-40a6-9bb8-5e8f7cfa993b | Context roles@openstack setup() finished in 0.23 sec
2019-12-27 20:55:26.500 6545 INFO rally.task.context [-] Task f02bedc5-62e0-40a6-9bb8-5e8f7cfa993b | Context cleanup@openstack setup() finished in 0.02 msec
2019-12-27 20:55:26.510 6545 RALLYDEBUG rally.task.runner [-] Starting the constant runner (task UUID: f02bedc5-62e0-40a6-9bb8-5e8f7cfa993b). times: 10 concurrency: 4 timeout: 0 max_cpu_used: 88 processes_to_start: 4 concurrency_per_worker: 1 concurrency_overhead: 0
2019-12-27 20:55:26.521 9075 RALLYDEBUG rally.task.runner [-] Starting a worker. times: 10 duration: None concurrency: 1 timeout: 0 cls: method_name: run args: {"template_path": "heat_template_version: 2014-10-16\n\ndescription: Test template for rally create-update-delete scenario\n\nresources:\n test_string_one:\n type: OS::Heat::RandomString\n properties:\n length: 20\n test_string_two:\n type: OS::Heat::RandomString\n properties:\n length: 20", "updated_template_path": "heat_template_version: 2014-10-16\n\ndescription: >\n Test template for create-update-delete-stack scenario in rally.\n The template deletes one resource from the stack defined by\n random_strings.yaml.template and re-creates it with the updated parameters\n (so-called update-replace). That happens because some parameters cannot be\n changed without resource re-creation. The template allows to measure performance\n of update-replace operation.\n\nresources:\n test_string_one:\n type: OS::Heat::RandomString\n properties:\n length: 20\n test_string_two:\n type: OS::Heat::RandomString\n properties:\n length: 40"}
2019-12-27 20:55:26.524 9076 RALLYDEBUG rally.task.runner [-] Starting a worker. times: 10 duration: None concurrency: 1 timeout: 0 cls: method_name: run args: {"template_path": "heat_template_version: 2014-10-16\n\ndescription: Test template for rally create-update-delete scenario\n\nresources:\n test_string_one:\n type: OS::Heat::RandomString\n properties:\n length: 20\n test_string_two:\n type: OS::Heat::RandomString\n properties:\n length: 20", "updated_template_path": "heat_template_version: 2014-10-16\n\ndescription: >\n Test template for create-update-delete-stack scenario in rally.\n The template deletes one resource from the stack defined by\n random_strings.yaml.template and re-creates it with the updated parameters\n (so-called update-replace). That happens because some parameters cannot be\n changed without resource re-creation. The template allows to measure performance\n of update-replace operation.\n\nresources:\n test_string_one:\n type: OS::Heat::RandomString\n properties:\n length: 20\n test_string_two:\n type: OS::Heat::RandomString\n properties:\n length: 40"}
2019-12-27 20:55:26.527 9077 RALLYDEBUG rally.task.runner [-] Starting a worker. times: 10 duration: None concurrency: 1 timeout: 0 cls: method_name: run args: {"template_path": "heat_template_version: 2014-10-16\n\ndescription: Test template for rally create-update-delete scenario\n\nresources:\n test_string_one:\n type: OS::Heat::RandomString\n properties:\n length: 20\n test_string_two:\n type: OS::Heat::RandomString\n properties:\n length: 20", "updated_template_path": "heat_template_version: 2014-10-16\n\ndescription: >\n Test template for create-update-delete-stack scenario in rally.\n The template deletes one resource from the stack defined by\n random_strings.yaml.template and re-creates it with the updated parameters\n (so-called update-replace). That happens because some parameters cannot be\n changed without resource re-creation. The template allows to measure performance\n of update-replace operation.\n\nresources:\n test_string_one:\n type: OS::Heat::RandomString\n properties:\n length: 20\n test_string_two:\n type: OS::Heat::RandomString\n properties:\n length: 40"}
2019-12-27 20:55:26.529 9075 INFO rally.task.runner [-] Task f02bedc5-62e0-40a6-9bb8-5e8f7cfa993b | ITER: 1 START
2019-12-27 20:55:26.530 9076 INFO rally.task.runner [-] Task f02bedc5-62e0-40a6-9bb8-5e8f7cfa993b | ITER: 2 START
2019-12-27 20:55:26.530 9078 RALLYDEBUG rally.task.runner [-] Starting a worker. times: 10 duration: None concurrency: 1 timeout: 0 cls: method_name: run args: {"template_path": "heat_template_version: 2014-10-16\n\ndescription: Test template for rally create-update-delete scenario\n\nresources:\n test_string_one:\n type: OS::Heat::RandomString\n properties:\n length: 20\n test_string_two:\n type: OS::Heat::RandomString\n properties:\n length: 20", "updated_template_path": "heat_template_version: 2014-10-16\n\ndescription: >\n Test template for create-update-delete-stack scenario in rally.\n The template deletes one resource from the stack defined by\n random_strings.yaml.template and re-creates it with the updated parameters\n (so-called update-replace). That happens because some parameters cannot be\n changed without resource re-creation. The template allows to measure performance\n of update-replace operation.\n\nresources:\n test_string_one:\n type: OS::Heat::RandomString\n properties:\n length: 20\n test_string_two:\n type: OS::Heat::RandomString\n properties:\n length: 40"}
2019-12-27 20:55:26.534 9077 INFO rally.task.runner [-] Task f02bedc5-62e0-40a6-9bb8-5e8f7cfa993b | ITER: 3 START
2019-12-27 20:55:26.537 9078 INFO rally.task.runner [-] Task f02bedc5-62e0-40a6-9bb8-5e8f7cfa993b | ITER: 4 START
2019-12-27 20:55:29.468 9078 RALLYDEBUG rally.task.utils [-] Waiting for resource . Status changed: CREATE_IN_PROGRESS => CREATE_COMPLETE in 0.08650469779968262
2019-12-27 20:55:29.491 9077 RALLYDEBUG rally.task.utils [-] Waiting for resource . Status changed: CREATE_IN_PROGRESS => CREATE_COMPLETE in 0.08865785598754883
2019-12-27 20:55:29.526 9075 RALLYDEBUG rally.task.utils [-] Waiting for resource . Status changed: CREATE_IN_PROGRESS => CREATE_COMPLETE in 0.09099411964416504
2019-12-27 20:55:29.720 9076 RALLYDEBUG rally.task.utils [-] Waiting for resource . Status changed: CREATE_IN_PROGRESS => CREATE_COMPLETE in 0.09521675109863281
2019-12-27 20:55:31.698 9077 RALLYDEBUG rally.task.utils [-] Waiting for resource . Status changed: CREATE_COMPLETE => UPDATE_COMPLETE in 0.08277678489685059
2019-12-27 20:55:31.729 9078 RALLYDEBUG rally.task.utils [-] Waiting for resource . Status changed: CREATE_COMPLETE => UPDATE_COMPLETE in 0.08077836036682129
2019-12-27 20:55:31.789 9075 RALLYDEBUG rally.task.utils [-] Waiting for resource . Status changed: CREATE_COMPLETE => UPDATE_COMPLETE in 0.08726096153259277
2019-12-27 20:55:31.861 9077 RALLYDEBUG rally.task.utils [-] Waiting for resource . Status changed: CREATE_COMPLETE => DELETE_IN_PROGRESS in 0.08165216445922852
2019-12-27 20:55:31.891 9078 RALLYDEBUG rally.task.utils [-] Waiting for resource . Status changed: CREATE_COMPLETE => DELETE_IN_PROGRESS in 0.08086681365966797
2019-12-27 20:55:31.972 9076 RALLYDEBUG rally.task.utils [-] Waiting for resource . Status changed: CREATE_COMPLETE => UPDATE_COMPLETE in 0.0808553695678711
2019-12-27 20:55:32.089 9075 RALLYDEBUG rally.task.utils [-] Waiting for resource . Status changed: CREATE_COMPLETE => DELETE_IN_PROGRESS in 0.16807794570922852
2019-12-27 20:55:32.203 9076 RALLYDEBUG rally.task.utils [-] Waiting for resource . Status changed: CREATE_COMPLETE => DELETE_IN_PROGRESS in 0.10023307800292969
2019-12-27 20:55:32.948 9077 INFO rally.task.runner [-] Task f02bedc5-62e0-40a6-9bb8-5e8f7cfa993b | ITER: 3 END: OK
2019-12-27 20:55:32.953 9077 INFO rally.task.runner [-] Task f02bedc5-62e0-40a6-9bb8-5e8f7cfa993b | ITER: 5 START
2019-12-27 20:55:33.170 9075 INFO rally.task.runner [-] Task f02bedc5-62e0-40a6-9bb8-5e8f7cfa993b | ITER: 1 END: OK
2019-12-27 20:55:33.175 9075 INFO rally.task.runner [-] Task f02bedc5-62e0-40a6-9bb8-5e8f7cfa993b | ITER: 6 START
2019-12-27 20:55:33.284 9076 INFO rally.task.runner [-] Task f02bedc5-62e0-40a6-9bb8-5e8f7cfa993b | ITER: 2 END: OK
2019-12-27 20:55:33.289 9076 INFO rally.task.runner [-] Task f02bedc5-62e0-40a6-9bb8-5e8f7cfa993b | ITER: 7 START
2019-12-27 20:55:34.059 9078 INFO rally.task.runner [-] Task f02bedc5-62e0-40a6-9bb8-5e8f7cfa993b | ITER: 4 END: OK
2019-12-27 20:55:34.064 9078 INFO rally.task.runner [-] Task f02bedc5-62e0-40a6-9bb8-5e8f7cfa993b | ITER: 8 START
2019-12-27 20:55:35.916 9077 RALLYDEBUG rally.task.utils [-] Waiting for resource . Status changed: CREATE_IN_PROGRESS => CREATE_COMPLETE in 0.13426661491394043
2019-12-27 20:55:36.086 9075 RALLYDEBUG rally.task.utils [-] Waiting for resource . Status changed: CREATE_IN_PROGRESS => CREATE_COMPLETE in 0.08386445045471191
2019-12-27 20:55:36.226 9076 RALLYDEBUG rally.task.utils [-] Waiting for resource . Status changed: CREATE_IN_PROGRESS => CREATE_COMPLETE in 0.07961344718933105
2019-12-27 20:55:37.075 9078 RALLYDEBUG rally.task.utils [-] Waiting for resource . Status changed: CREATE_IN_PROGRESS => CREATE_COMPLETE in 0.13040828704833984
2019-12-27 20:55:38.188 9077 RALLYDEBUG rally.task.utils [-] Waiting for resource . Status changed: CREATE_COMPLETE => UPDATE_COMPLETE in 0.09962105751037598
2019-12-27 20:55:38.429 9077 RALLYDEBUG rally.task.utils [-] Waiting for resource . Status changed: CREATE_COMPLETE => DELETE_IN_PROGRESS in 0.15984392166137695
2019-12-27 20:55:38.455 9075 RALLYDEBUG rally.task.utils [-] Waiting for resource . Status changed: CREATE_COMPLETE => UPDATE_COMPLETE in 0.20096492767333984
2019-12-27 20:55:38.474 9076 RALLYDEBUG rally.task.utils [-] Waiting for resource . Status changed: CREATE_COMPLETE => UPDATE_COMPLETE in 0.07960700988769531
2019-12-27 20:55:38.650 9076 RALLYDEBUG rally.task.utils [-] Waiting for resource . Status changed: CREATE_COMPLETE => DELETE_IN_PROGRESS in 0.09641599655151367
2019-12-27 20:55:38.664 9075 RALLYDEBUG rally.task.utils [-] Waiting for resource . Status changed: CREATE_COMPLETE => DELETE_IN_PROGRESS in 0.07779216766357422
2019-12-27 20:55:39.408 9078 RALLYDEBUG rally.task.utils [-] Waiting for resource . Status changed: CREATE_COMPLETE => UPDATE_COMPLETE in 0.13654470443725586
2019-12-27 20:55:39.515 9077 INFO rally.task.runner [-] Task f02bedc5-62e0-40a6-9bb8-5e8f7cfa993b | ITER: 5 END: OK
2019-12-27 20:55:39.520 9077 INFO rally.task.runner [-] Task f02bedc5-62e0-40a6-9bb8-5e8f7cfa993b | ITER: 9 START
2019-12-27 20:55:39.575 9078 RALLYDEBUG rally.task.utils [-] Waiting for resource . Status changed: CREATE_COMPLETE => DELETE_IN_PROGRESS in 0.08406615257263184
2019-12-27 20:55:39.839 9075 INFO rally.task.runner [-] Task f02bedc5-62e0-40a6-9bb8-5e8f7cfa993b | ITER: 6 END: OK
2019-12-27 20:55:39.843 9075 INFO rally.task.runner [-] Task f02bedc5-62e0-40a6-9bb8-5e8f7cfa993b | ITER: 10 START
2019-12-27 20:55:40.774 9078 INFO rally.task.runner [-] Task f02bedc5-62e0-40a6-9bb8-5e8f7cfa993b | ITER: 8 END: OK
2019-12-27 20:55:40.821 9076 INFO rally.task.runner [-] Task f02bedc5-62e0-40a6-9bb8-5e8f7cfa993b | ITER: 7 END: OK
2019-12-27 20:55:42.665 9077 RALLYDEBUG rally.task.utils [-] Waiting for resource . Status changed: CREATE_IN_PROGRESS => CREATE_COMPLETE in 0.1935558319091797
2019-12-27 20:55:42.779 9075 RALLYDEBUG rally.task.utils [-] Waiting for resource . Status changed: CREATE_IN_PROGRESS => CREATE_COMPLETE in 0.10487723350524902
2019-12-27 20:55:44.919 9077 RALLYDEBUG rally.task.utils [-] Waiting for resource . Status changed: CREATE_COMPLETE => UPDATE_COMPLETE in 0.11487364768981934
2019-12-27 20:55:45.043 9075 RALLYDEBUG rally.task.utils [-] Waiting for resource . Status changed: CREATE_COMPLETE => UPDATE_COMPLETE in 0.09532046318054199
2019-12-27 20:55:45.082 9077 RALLYDEBUG rally.task.utils [-] Waiting for resource . Status changed: CREATE_COMPLETE => DELETE_IN_PROGRESS in 0.08149170875549316
2019-12-27 20:55:45.254 9075 RALLYDEBUG rally.task.utils [-] Waiting for resource . Status changed: CREATE_COMPLETE => DELETE_IN_PROGRESS in 0.0834205150604248
2019-12-27 20:55:46.167 9077 INFO rally.task.runner [-] Task f02bedc5-62e0-40a6-9bb8-5e8f7cfa993b | ITER: 9 END: OK
2019-12-27 20:55:46.428 9075 INFO rally.task.runner [-] Task f02bedc5-62e0-40a6-9bb8-5e8f7cfa993b | ITER: 10 END: OK
2019-12-27 20:55:46.459 6545 INFO rally.task.context [-] Task f02bedc5-62e0-40a6-9bb8-5e8f7cfa993b | Context cleanup@openstack cleanup() started
2019-12-27 20:55:46.466 6545 RALLYDEBUG rally_openstack.cleanup.manager [-] Cleaning up heat stacks objects
2019-12-27 20:55:47.562 6545 INFO rally.task.context [-] Task f02bedc5-62e0-40a6-9bb8-5e8f7cfa993b | Context cleanup@openstack cleanup() finished in 1.10 sec
2019-12-27 20:55:47.563 6545 INFO rally.task.context [-] Task f02bedc5-62e0-40a6-9bb8-5e8f7cfa993b | Context roles@openstack cleanup() started
2019-12-27 20:55:47.572 6545 INFO rally.task.context [-] Task f02bedc5-62e0-40a6-9bb8-5e8f7cfa993b | Context roles@openstack cleanup() finished in 9.49 msec
2019-12-27 20:55:47.572 6545 INFO rally.task.context [-] Task f02bedc5-62e0-40a6-9bb8-5e8f7cfa993b | Context users@openstack cleanup() started
2019-12-27 20:55:50.546 6545 INFO rally.task.context [-] Task f02bedc5-62e0-40a6-9bb8-5e8f7cfa993b | Context users@openstack cleanup() finished in 2.97 sec
2019-12-27 20:55:50.994 6545 INFO rally.task.engine [-] Load duration is: 15.896977
2019-12-27 20:55:50.995 6545 INFO rally.task.engine [-] Full runner duration is: 19.949009
2019-12-27 20:55:50.995 6545 INFO rally.task.engine [-] Full duration is: 25.699809
2019-12-27 20:55:51.085 6545 INFO rally.task.engine [-] Running workload: position = 0 config = { "version": 2, "title": "A cropped version of a bigger task.", "description": "Auto-generated task from a single workload (uuid=cb013a2d-f994-42f1-95aa-be1befd2a965)", "subtasks": [ { "title": "HeatStacks.create_check_delete_stack", "description": "Create, check and delete a stack.", "scenario": { "HeatStacks.create_check_delete_stack": { "template_path": "/usr/lib/python3.6/site-packages/functest/opnfv_tests/openstack/rally/scenario/templates/random_strings.yaml.template" } }, "contexts": { "users": { "tenants": 3, "users_per_tenant": 2 }, "roles": [ "heat_stack_owner" ] }, "runner": { "constant": { "concurrency": 4, "times": 10 } }, "hooks": [], "sla": { "failure_rate": { "max": 0 } } } ] }
2019-12-27 20:55:51.105 6545 RALLYDEBUG rally_openstack.contexts.keystone.users [-] Creating 3 tenants using 20 threads
2019-12-27 20:55:51.735 6545 RALLYDEBUG rally_openstack.contexts.keystone.users [-] Creating 6 users using 20 threads
2019-12-27 20:55:52.597 6545 INFO rally.task.context [-] Task f02bedc5-62e0-40a6-9bb8-5e8f7cfa993b | Context users@openstack setup() finished in 1.49 sec
2019-12-27 20:55:52.819 6545 ERROR rally.common.broker [-] Failed to publish a task to the queue: rally.exceptions.NotFoundException: The resource can not be found: There is no role with name `heat_stack_owner`
2019-12-27 20:55:52.819 6545 ERROR rally.common.broker
Traceback (most recent call last):
2019-12-27 20:55:52.819 6545 ERROR rally.common.broker
File "/usr/lib/python3.6/site-packages/rally/common/broker.py", line 58, in _publisher
2019-12-27 20:55:52.819 6545 ERROR rally.common.broker publish(queue)
2019-12-27 20:55:52.819 6545 ERROR rally.common.broker
File "/usr/lib/python3.6/site-packages/rally_openstack/contexts/keystone/roles.py", line 91, in publish
2019-12-27 20:55:52.819 6545 ERROR rally.common.broker role = self._get_role_object(context_role)
2019-12-27 20:55:52.819 6545 ERROR rally.common.broker
File "/usr/lib/python3.6/site-packages/rally_openstack/contexts/keystone/roles.py", line 65, in _get_role_object
2019-12-27 20:55:52.819 6545 ERROR rally.common.broker "There is no role with name `%s`" % context_role)
2019-12-27 20:55:52.819 6545 ERROR rally.common.broker rally.exceptions.NotFoundException: The resource can not be found: There is no role with name `heat_stack_owner`
2019-12-27 20:55:52.819 6545 ERROR rally.common.broker
2019-12-27 20:55:52.828 6545 INFO rally.task.context [-] Task f02bedc5-62e0-40a6-9bb8-5e8f7cfa993b | Context roles@openstack setup() finished in 0.23 sec
2019-12-27 20:55:52.829 6545 INFO rally.task.context [-] Task f02bedc5-62e0-40a6-9bb8-5e8f7cfa993b | Context cleanup@openstack setup() finished in 0.01 msec
2019-12-27 20:55:52.837 6545 RALLYDEBUG rally.task.runner [-] Starting the constant runner (task UUID: f02bedc5-62e0-40a6-9bb8-5e8f7cfa993b). times: 10 concurrency: 4 timeout: 0 max_cpu_used: 88 processes_to_start: 4 concurrency_per_worker: 1 concurrency_overhead: 0
2019-12-27 20:55:52.847 9259 RALLYDEBUG rally.task.runner [-] Starting a worker. times: 10 duration: None concurrency: 1 timeout: 0 cls: method_name: run args: {"template_path": "heat_template_version: 2014-10-16\n\ndescription: Test template for rally create-update-delete scenario\n\nresources:\n test_string_one:\n type: OS::Heat::RandomString\n properties:\n length: 20\n test_string_two:\n type: OS::Heat::RandomString\n properties:\n length: 20"}
2019-12-27 20:55:52.850 9260 RALLYDEBUG rally.task.runner [-] Starting a worker. times: 10 duration: None concurrency: 1 timeout: 0 cls: method_name: run args: {"template_path": "heat_template_version: 2014-10-16\n\ndescription: Test template for rally create-update-delete scenario\n\nresources:\n test_string_one:\n type: OS::Heat::RandomString\n properties:\n length: 20\n test_string_two:\n type: OS::Heat::RandomString\n properties:\n length: 20"}
2019-12-27 20:55:52.852 9261 RALLYDEBUG rally.task.runner [-] Starting a worker. times: 10 duration: None concurrency: 1 timeout: 0 cls: method_name: run args: {"template_path": "heat_template_version: 2014-10-16\n\ndescription: Test template for rally create-update-delete scenario\n\nresources:\n test_string_one:\n type: OS::Heat::RandomString\n properties:\n length: 20\n test_string_two:\n type: OS::Heat::RandomString\n properties:\n length: 20"}
2019-12-27 20:55:52.855 9259 INFO rally.task.runner [-] Task f02bedc5-62e0-40a6-9bb8-5e8f7cfa993b | ITER: 1 START
2019-12-27 20:55:52.855 9262 RALLYDEBUG rally.task.runner [-] Starting a worker. times: 10 duration: None concurrency: 1 timeout: 0 cls: method_name: run args: {"template_path": "heat_template_version: 2014-10-16\n\ndescription: Test template for rally create-update-delete scenario\n\nresources:\n test_string_one:\n type: OS::Heat::RandomString\n properties:\n length: 20\n test_string_two:\n type: OS::Heat::RandomString\n properties:\n length: 20"}
2019-12-27 20:55:52.857 9260 INFO rally.task.runner [-] Task f02bedc5-62e0-40a6-9bb8-5e8f7cfa993b | ITER: 2 START
2019-12-27 20:55:52.858 9261 INFO rally.task.runner [-] Task f02bedc5-62e0-40a6-9bb8-5e8f7cfa993b | ITER: 3 START
2019-12-27 20:55:52.862 9262 INFO rally.task.runner [-] Task f02bedc5-62e0-40a6-9bb8-5e8f7cfa993b | ITER: 4 START
2019-12-27 20:55:55.886 9261 RALLYDEBUG rally.task.utils [-] Waiting for resource . Status changed: CREATE_IN_PROGRESS => CREATE_COMPLETE in 0.08979535102844238
2019-12-27 20:55:55.956 9259 RALLYDEBUG rally.task.utils [-] Waiting for resource . Status changed: CREATE_IN_PROGRESS => CREATE_COMPLETE in 0.09993505477905273
2019-12-27 20:55:55.969 9260 RALLYDEBUG rally.task.utils [-] Waiting for resource . Status changed: CREATE_IN_PROGRESS => CREATE_COMPLETE in 0.08078169822692871
2019-12-27 20:55:55.985 9262 RALLYDEBUG rally.task.utils [-] Waiting for resource . Status changed: CREATE_IN_PROGRESS => CREATE_COMPLETE in 0.08486247062683105
2019-12-27 20:55:56.261 9260 RALLYDEBUG rally.task.utils [-] Waiting for resource . Status changed: CREATE_COMPLETE => CHECK_COMPLETE in 0.11473846435546875
2019-12-27 20:55:56.340 9261 RALLYDEBUG rally.task.utils [-] Waiting for resource . Status changed: CREATE_COMPLETE => CHECK_COMPLETE in 0.19936609268188477
2019-12-27 20:55:56.382 9262 RALLYDEBUG rally.task.utils [-] Waiting for resource . Status changed: CREATE_COMPLETE => CHECK_COMPLETE in 0.08106398582458496
2019-12-27 20:55:56.417 9260 RALLYDEBUG rally.task.utils [-] Waiting for resource . Status changed: CREATE_COMPLETE => DELETE_IN_PROGRESS in 0.07735943794250488
2019-12-27 20:55:56.419 9259 RALLYDEBUG rally.task.utils [-] Waiting for resource . Status changed: CREATE_COMPLETE => CHECK_COMPLETE in 0.09980058670043945
2019-12-27 20:55:56.502 9261 RALLYDEBUG rally.task.utils [-] Waiting for resource . Status changed: CREATE_COMPLETE => DELETE_IN_PROGRESS in 0.08217215538024902
2019-12-27 20:55:56.603 9262 RALLYDEBUG rally.task.utils [-] Waiting for resource . Status changed: CREATE_COMPLETE => DELETE_IN_PROGRESS in 0.09367251396179199
2019-12-27 20:55:56.631 9259 RALLYDEBUG rally.task.utils [-] Waiting for resource . Status changed: CREATE_COMPLETE => DELETE_IN_PROGRESS in 0.08139371871948242
2019-12-27 20:55:57.508 9260 INFO rally.task.runner [-] Task f02bedc5-62e0-40a6-9bb8-5e8f7cfa993b | ITER: 2 END: OK
2019-12-27 20:55:57.514 9260 INFO rally.task.runner [-] Task f02bedc5-62e0-40a6-9bb8-5e8f7cfa993b | ITER: 5 START
2019-12-27 20:55:58.672 9261 INFO rally.task.runner [-] Task f02bedc5-62e0-40a6-9bb8-5e8f7cfa993b | ITER: 3 END: OK
2019-12-27 20:55:58.678 9261 INFO rally.task.runner [-] Task f02bedc5-62e0-40a6-9bb8-5e8f7cfa993b | ITER: 6 START
2019-12-27 20:55:58.769 9262 INFO rally.task.runner [-] Task f02bedc5-62e0-40a6-9bb8-5e8f7cfa993b | ITER: 4 END: OK
2019-12-27 20:55:58.774 9262 INFO rally.task.runner [-] Task f02bedc5-62e0-40a6-9bb8-5e8f7cfa993b | ITER: 7 START
2019-12-27 20:55:58.836 9259 INFO rally.task.runner [-] Task f02bedc5-62e0-40a6-9bb8-5e8f7cfa993b | ITER: 1 END: OK
2019-12-27 20:55:58.842 9259 INFO rally.task.runner [-] Task f02bedc5-62e0-40a6-9bb8-5e8f7cfa993b | ITER: 8 START
2019-12-27 20:56:00.399 9260 RALLYDEBUG rally.task.utils [-] Waiting for resource . Status changed: CREATE_IN_PROGRESS => CREATE_COMPLETE in 0.08994746208190918
2019-12-27 20:56:00.673 9260 RALLYDEBUG rally.task.utils [-] Waiting for resource . Status changed: CREATE_COMPLETE => CHECK_COMPLETE in 0.0876004695892334
2019-12-27 20:56:00.901 9260 RALLYDEBUG rally.task.utils [-] Waiting for resource . Status changed: CREATE_COMPLETE => DELETE_IN_PROGRESS in 0.09654927253723145
2019-12-27 20:56:01.749 9262 RALLYDEBUG rally.task.utils [-] Waiting for resource . Status changed: CREATE_IN_PROGRESS => CREATE_COMPLETE in 0.08687663078308105
2019-12-27 20:56:01.768 9261 RALLYDEBUG rally.task.utils [-] Waiting for resource . Status changed: CREATE_IN_PROGRESS => CREATE_COMPLETE in 0.11501932144165039
2019-12-27 20:56:01.858 9259 RALLYDEBUG rally.task.utils [-] Waiting for resource . Status changed: CREATE_IN_PROGRESS => CREATE_COMPLETE in 0.07875943183898926
2019-12-27 20:56:02.031 9262 RALLYDEBUG rally.task.utils [-] Waiting for resource . Status changed: CREATE_COMPLETE => CHECK_COMPLETE in 0.16952276229858398
2019-12-27 20:56:02.176 9261 RALLYDEBUG rally.task.utils [-] Waiting for resource . Status changed: CREATE_COMPLETE => CHECK_COMPLETE in 0.16576647758483887
2019-12-27 20:56:02.213 9259 RALLYDEBUG rally.task.utils [-] Waiting for resource . Status changed: CREATE_COMPLETE => CHECK_IN_PROGRESS in 0.17490816116333008
2019-12-27 20:56:02.343 9262 RALLYDEBUG rally.task.utils [-] Waiting for resource . Status changed: CREATE_COMPLETE => DELETE_IN_PROGRESS in 0.08012509346008301
2019-12-27 20:56:02.381 9261 RALLYDEBUG rally.task.utils [-] Waiting for resource . Status changed: CREATE_COMPLETE => DELETE_IN_PROGRESS in 0.07734870910644531
2019-12-27 20:56:03.088 9260 INFO rally.task.runner [-] Task f02bedc5-62e0-40a6-9bb8-5e8f7cfa993b | ITER: 5 END: OK
2019-12-27 20:56:03.093 9260 INFO rally.task.runner [-] Task f02bedc5-62e0-40a6-9bb8-5e8f7cfa993b | ITER: 9 START
2019-12-27 20:56:03.323 9259 RALLYDEBUG rally.task.utils [-] Waiting for resource . Status changed: CHECK_IN_PROGRESS => CHECK_COMPLETE in 1.1102933883666992
2019-12-27 20:56:03.447 9262 INFO rally.task.runner [-] Task f02bedc5-62e0-40a6-9bb8-5e8f7cfa993b | ITER: 7 END: OK
2019-12-27 20:56:03.451 9262 INFO rally.task.runner [-] Task f02bedc5-62e0-40a6-9bb8-5e8f7cfa993b | ITER: 10 START
2019-12-27 20:56:03.480 9261 INFO rally.task.runner [-] Task f02bedc5-62e0-40a6-9bb8-5e8f7cfa993b | ITER: 6 END: OK
2019-12-27 20:56:03.535 9259 RALLYDEBUG rally.task.utils [-] Waiting for resource . Status changed: CREATE_COMPLETE => DELETE_IN_PROGRESS in 0.08148694038391113
2019-12-27 20:56:04.717 9259 INFO rally.task.runner [-] Task f02bedc5-62e0-40a6-9bb8-5e8f7cfa993b | ITER: 8 END: OK
2019-12-27 20:56:05.978 9260 RALLYDEBUG rally.task.utils [-] Waiting for resource . Status changed: CREATE_IN_PROGRESS => CREATE_COMPLETE in 0.08391761779785156
2019-12-27 20:56:06.200 9260 RALLYDEBUG rally.task.utils [-] Waiting for resource . Status changed: CREATE_COMPLETE => CHECK_COMPLETE in 0.08272647857666016
2019-12-27 20:56:06.353 9262 RALLYDEBUG rally.task.utils [-] Waiting for resource . Status changed: CREATE_IN_PROGRESS => CREATE_COMPLETE in 0.08423829078674316
2019-12-27 20:56:06.377 9260 RALLYDEBUG rally.task.utils [-] Waiting for resource . Status changed: CREATE_COMPLETE => DELETE_IN_PROGRESS in 0.09697961807250977
2019-12-27 20:56:06.568 9262 RALLYDEBUG rally.task.utils [-] Waiting for resource . Status changed: CREATE_COMPLETE => CHECK_COMPLETE in 0.09926462173461914
2019-12-27 20:56:06.733 9262 RALLYDEBUG rally.task.utils [-] Waiting for resource . Status changed: CREATE_COMPLETE => DELETE_IN_PROGRESS in 0.0843648910522461
2019-12-27 20:56:07.483 9260 INFO rally.task.runner [-] Task f02bedc5-62e0-40a6-9bb8-5e8f7cfa993b | ITER: 9 END: OK
2019-12-27 20:56:07.835 9262 INFO rally.task.runner [-] Task f02bedc5-62e0-40a6-9bb8-5e8f7cfa993b | ITER: 10 END: OK
2019-12-27 20:56:07.860 6545 INFO rally.task.context [-] Task f02bedc5-62e0-40a6-9bb8-5e8f7cfa993b | Context cleanup@openstack cleanup() started
2019-12-27 20:56:07.867 6545 RALLYDEBUG rally_openstack.cleanup.manager [-] Cleaning up heat stacks objects
2019-12-27 20:56:09.004 6545 INFO rally.task.context [-] Task f02bedc5-62e0-40a6-9bb8-5e8f7cfa993b | Context cleanup@openstack cleanup() finished in 1.14 sec
2019-12-27 20:56:09.004 6545 INFO rally.task.context [-] Task f02bedc5-62e0-40a6-9bb8-5e8f7cfa993b | Context roles@openstack cleanup() started
2019-12-27 20:56:09.013 6545 INFO rally.task.context [-] Task f02bedc5-62e0-40a6-9bb8-5e8f7cfa993b | Context roles@openstack cleanup() finished in 8.49 msec
2019-12-27 20:56:09.013 6545 INFO rally.task.context [-] Task f02bedc5-62e0-40a6-9bb8-5e8f7cfa993b | Context users@openstack cleanup() started
2019-12-27 20:56:11.897 6545 INFO rally.task.context [-] Task f02bedc5-62e0-40a6-9bb8-5e8f7cfa993b | Context users@openstack cleanup() finished in 2.88 sec
2019-12-27 20:56:13.250 6545 INFO rally.task.engine [-] Load duration is: 12.979229
2019-12-27 20:56:13.251 6545 INFO rally.task.engine [-] Full runner duration is: 15.022783
2019-12-27 20:56:13.251 6545 INFO rally.task.engine [-] Full duration is: 20.794369
2019-12-27 20:56:13.345 6545 INFO rally.task.engine [-] Running workload: position = 0 config = { "version": 2, "title": "A cropped version of a bigger task.", "description": "Auto-generated task from a single workload (uuid=df766749-20ff-4b8d-a424-db8368e688a7)", "subtasks": [ { "title": "HeatStacks.create_suspend_resume_delete_stack", "description": "Create, suspend-resume and then delete a stack.", "scenario": { "HeatStacks.create_suspend_resume_delete_stack": { "template_path": "/usr/lib/python3.6/site-packages/functest/opnfv_tests/openstack/rally/scenario/templates/random_strings.yaml.template" } }, "contexts": { "users": { "tenants": 3, "users_per_tenant": 2 }, "roles": [ "heat_stack_owner" ] }, "runner": { "constant": { "concurrency": 4, "times": 10 } }, "hooks": [], "sla": { "failure_rate": { "max": 0 } } } ] }
2019-12-27 20:56:13.368 6545 RALLYDEBUG rally_openstack.contexts.keystone.users [-] Creating 3 tenants using 20 threads
2019-12-27 20:56:13.936 6545 RALLYDEBUG rally_openstack.contexts.keystone.users [-] Creating 6 users using 20 threads
2019-12-27 20:56:14.888 6545 INFO rally.task.context [-] Task f02bedc5-62e0-40a6-9bb8-5e8f7cfa993b | Context users@openstack setup() finished in 1.52 sec
2019-12-27 20:56:15.130 6545 ERROR rally.common.broker [-] Failed to publish a task to the queue: rally.exceptions.NotFoundException: The resource can not be found: There is no role with name `heat_stack_owner`
2019-12-27 20:56:15.130 6545 ERROR rally.common.broker
Traceback (most recent call last):
2019-12-27 20:56:15.130 6545 ERROR rally.common.broker
File "/usr/lib/python3.6/site-packages/rally/common/broker.py", line 58, in _publisher
2019-12-27 20:56:15.130 6545 ERROR rally.common.broker publish(queue)
2019-12-27 20:56:15.130 6545 ERROR rally.common.broker
File "/usr/lib/python3.6/site-packages/rally_openstack/contexts/keystone/roles.py", line 91, in publish
2019-12-27 20:56:15.130 6545 ERROR rally.common.broker role = self._get_role_object(context_role)
2019-12-27 20:56:15.130 6545 ERROR rally.common.broker
File "/usr/lib/python3.6/site-packages/rally_openstack/contexts/keystone/roles.py", line 65, in _get_role_object
2019-12-27 20:56:15.130 6545 ERROR rally.common.broker "There is no role with name `%s`" % context_role)
2019-12-27 20:56:15.130 6545 ERROR rally.common.broker rally.exceptions.NotFoundException: The resource can not be found: There is no role with name `heat_stack_owner`
2019-12-27 20:56:15.130 6545 ERROR rally.common.broker
2019-12-27 20:56:15.141 6545 INFO rally.task.context [-] Task f02bedc5-62e0-40a6-9bb8-5e8f7cfa993b | Context roles@openstack setup() finished in 0.25 sec
2019-12-27 20:56:15.141 6545 INFO rally.task.context [-] Task f02bedc5-62e0-40a6-9bb8-5e8f7cfa993b | Context cleanup@openstack setup() finished in 0.02 msec
2019-12-27 20:56:15.150 6545 RALLYDEBUG rally.task.runner [-] Starting the constant runner (task UUID: f02bedc5-62e0-40a6-9bb8-5e8f7cfa993b). times: 10 concurrency: 4 timeout: 0 max_cpu_used: 88 processes_to_start: 4 concurrency_per_worker: 1 concurrency_overhead: 0
2019-12-27 20:56:15.161 9443 RALLYDEBUG rally.task.runner [-] Starting a worker. times: 10 duration: None concurrency: 1 timeout: 0 cls: method_name: run args: {"template_path": "heat_template_version: 2014-10-16\n\ndescription: Test template for rally create-update-delete scenario\n\nresources:\n test_string_one:\n type: OS::Heat::RandomString\n properties:\n length: 20\n test_string_two:\n type: OS::Heat::RandomString\n properties:\n length: 20"}
2019-12-27 20:56:15.163 9444 RALLYDEBUG rally.task.runner [-] Starting a worker. times: 10 duration: None concurrency: 1 timeout: 0 cls: method_name: run args: {"template_path": "heat_template_version: 2014-10-16\n\ndescription: Test template for rally create-update-delete scenario\n\nresources:\n test_string_one:\n type: OS::Heat::RandomString\n properties:\n length: 20\n test_string_two:\n type: OS::Heat::RandomString\n properties:\n length: 20"}
2019-12-27 20:56:15.166 9445 RALLYDEBUG rally.task.runner [-] Starting a worker. times: 10 duration: None concurrency: 1 timeout: 0 cls: method_name: run args: {"template_path": "heat_template_version: 2014-10-16\n\ndescription: Test template for rally create-update-delete scenario\n\nresources:\n test_string_one:\n type: OS::Heat::RandomString\n properties:\n length: 20\n test_string_two:\n type: OS::Heat::RandomString\n properties:\n length: 20"}
2019-12-27 20:56:15.168 9443 INFO rally.task.runner [-] Task f02bedc5-62e0-40a6-9bb8-5e8f7cfa993b | ITER: 1 START
2019-12-27 20:56:15.169 9444 INFO rally.task.runner [-] Task f02bedc5-62e0-40a6-9bb8-5e8f7cfa993b | ITER: 2 START
2019-12-27 20:56:15.168 9446 RALLYDEBUG rally.task.runner [-] Starting a worker. times: 10 duration: None concurrency: 1 timeout: 0 cls: method_name: run args: {"template_path": "heat_template_version: 2014-10-16\n\ndescription: Test template for rally create-update-delete scenario\n\nresources:\n test_string_one:\n type: OS::Heat::RandomString\n properties:\n length: 20\n test_string_two:\n type: OS::Heat::RandomString\n properties:\n length: 20"}
2019-12-27 20:56:15.171 9445 INFO rally.task.runner [-] Task f02bedc5-62e0-40a6-9bb8-5e8f7cfa993b | ITER: 3 START
2019-12-27 20:56:15.174 9446 INFO rally.task.runner [-] Task f02bedc5-62e0-40a6-9bb8-5e8f7cfa993b | ITER: 4 START
2019-12-27 20:56:18.156 9445 RALLYDEBUG rally.task.utils [-] Waiting for resource . Status changed: CREATE_IN_PROGRESS => CREATE_COMPLETE in 0.08361291885375977
2019-12-27 20:56:18.230 9443 RALLYDEBUG rally.task.utils [-] Waiting for resource . Status changed: CREATE_IN_PROGRESS => CREATE_COMPLETE in 0.17573857307434082
2019-12-27 20:56:18.251 9446 RALLYDEBUG rally.task.utils [-] Waiting for resource . Status changed: CREATE_IN_PROGRESS => CREATE_COMPLETE in 0.18115019798278809
2019-12-27 20:56:18.337 9444 RALLYDEBUG rally.task.utils [-] Waiting for resource . Status changed: CREATE_IN_PROGRESS => CREATE_COMPLETE in 0.07652974128723145
2019-12-27 20:56:18.360 9445 RALLYDEBUG rally.task.utils [-] Waiting for resource . Status changed: CREATE_COMPLETE => SUSPEND_IN_PROGRESS in 0.0815267562866211
2019-12-27 20:56:18.477 9443 RALLYDEBUG rally.task.utils [-] Waiting for resource . Status changed: CREATE_COMPLETE => SUSPEND_IN_PROGRESS in 0.08132433891296387
2019-12-27 20:56:18.501 9446 RALLYDEBUG rally.task.utils [-] Waiting for resource . Status changed: CREATE_COMPLETE => SUSPEND_IN_PROGRESS in 0.08343744277954102
2019-12-27 20:56:18.582 9444 RALLYDEBUG rally.task.utils [-] Waiting for resource . Status changed: CREATE_COMPLETE => SUSPEND_IN_PROGRESS in 0.08084630966186523
2019-12-27 20:56:19.446 9445 RALLYDEBUG rally.task.utils [-] Waiting for resource . Status changed: SUSPEND_IN_PROGRESS => SUSPEND_COMPLETE in 1.086622714996338
2019-12-27 20:56:19.563 9443 RALLYDEBUG rally.task.utils [-] Waiting for resource . Status changed: SUSPEND_IN_PROGRESS => SUSPEND_COMPLETE in 1.085087776184082
2019-12-27 20:56:19.665 9444 RALLYDEBUG rally.task.utils [-] Waiting for resource . Status changed: SUSPEND_IN_PROGRESS => SUSPEND_COMPLETE in 1.0831351280212402
2019-12-27 20:56:19.729 9446 RALLYDEBUG rally.task.utils [-] Waiting for resource . Status changed: SUSPEND_IN_PROGRESS => SUSPEND_COMPLETE in 1.2282459735870361
2019-12-27 20:56:19.786 9445 RALLYDEBUG rally.task.utils [-] Waiting for resource . Status changed: CREATE_COMPLETE => RESUME_COMPLETE in 0.08556270599365234
2019-12-27 20:56:19.905 9443 RALLYDEBUG rally.task.utils [-] Waiting for resource . Status changed: CREATE_COMPLETE => RESUME_IN_PROGRESS in 0.08141875267028809
2019-12-27 20:56:19.928 9444 RALLYDEBUG rally.task.utils [-] Waiting for resource . Status changed: CREATE_COMPLETE => RESUME_IN_PROGRESS in 0.08324670791625977
2019-12-27 20:56:19.980 9446 RALLYDEBUG rally.task.utils [-] Waiting for resource . Status changed: CREATE_COMPLETE => RESUME_IN_PROGRESS in 0.08315014839172363
2019-12-27 20:56:20.000 9445 RALLYDEBUG rally.task.utils [-] Waiting for resource . Status changed: CREATE_COMPLETE => DELETE_IN_PROGRESS in 0.08223366737365723
2019-12-27 20:56:21.033 9444 RALLYDEBUG rally.task.utils [-] Waiting for resource . Status changed: RESUME_IN_PROGRESS => RESUME_COMPLETE in 1.1046836376190186
2019-12-27 20:56:21.042 9443 RALLYDEBUG rally.task.utils [-] Waiting for resource . Status changed: RESUME_IN_PROGRESS => RESUME_COMPLETE in 1.1374602317810059
2019-12-27 20:56:21.086 9446 RALLYDEBUG rally.task.utils [-] Waiting for resource . Status changed: RESUME_IN_PROGRESS => RESUME_COMPLETE in 1.105515480041504
2019-12-27 20:56:21.093 9445 INFO rally.task.runner [-] Task f02bedc5-62e0-40a6-9bb8-5e8f7cfa993b | ITER: 3 END: OK
2019-12-27 20:56:21.097 9445 INFO rally.task.runner [-] Task f02bedc5-62e0-40a6-9bb8-5e8f7cfa993b | ITER: 5 START
2019-12-27 20:56:21.199 9443 RALLYDEBUG rally.task.utils [-] Waiting for resource . Status changed: CREATE_COMPLETE => DELETE_IN_PROGRESS in 0.07811665534973145
2019-12-27 20:56:21.261 9444 RALLYDEBUG rally.task.utils [-] Waiting for resource . Status changed: CREATE_COMPLETE => DELETE_IN_PROGRESS in 0.08835268020629883
2019-12-27 20:56:21.314 9446 RALLYDEBUG rally.task.utils [-] Waiting for resource . Status changed: CREATE_COMPLETE => DELETE_IN_PROGRESS in 0.09647512435913086
2019-12-27 20:56:22.369 9443 INFO rally.task.runner [-] Task f02bedc5-62e0-40a6-9bb8-5e8f7cfa993b | ITER: 1 END: OK
2019-12-27 20:56:22.374 9443 INFO rally.task.runner [-] Task f02bedc5-62e0-40a6-9bb8-5e8f7cfa993b | ITER: 6 START
2019-12-27 20:56:22.402 9446 INFO rally.task.runner [-] Task f02bedc5-62e0-40a6-9bb8-5e8f7cfa993b | ITER: 4 END: OK
2019-12-27 20:56:22.407 9446 INFO rally.task.runner [-] Task f02bedc5-62e0-40a6-9bb8-5e8f7cfa993b | ITER: 7 START
2019-12-27 20:56:23.432 9444 INFO rally.task.runner [-] Task f02bedc5-62e0-40a6-9bb8-5e8f7cfa993b | ITER: 2 END: OK
2019-12-27 20:56:23.437 9444 INFO rally.task.runner [-] Task f02bedc5-62e0-40a6-9bb8-5e8f7cfa993b | ITER: 8 START
2019-12-27 20:56:23.967 9445 RALLYDEBUG rally.task.utils [-] Waiting for resource . Status changed: CREATE_IN_PROGRESS => CREATE_COMPLETE in 0.09939193725585938
2019-12-27 20:56:24.185 9445 RALLYDEBUG rally.task.utils [-] Waiting for resource . Status changed: CREATE_COMPLETE => SUSPEND_IN_PROGRESS in 0.08347582817077637
2019-12-27 20:56:25.271 9445 RALLYDEBUG rally.task.utils [-] Waiting for resource . Status changed: SUSPEND_IN_PROGRESS => SUSPEND_COMPLETE in 1.0866491794586182
2019-12-27 20:56:25.297 9446 RALLYDEBUG rally.task.utils [-] Waiting for resource . Status changed: CREATE_IN_PROGRESS => CREATE_COMPLETE in 0.11962699890136719
2019-12-27 20:56:25.384 9443 RALLYDEBUG rally.task.utils [-] Waiting for resource . Status changed: CREATE_IN_PROGRESS => CREATE_COMPLETE in 0.08110690116882324
2019-12-27 20:56:25.562 9446 RALLYDEBUG rally.task.utils [-] Waiting for resource . Status changed: CREATE_COMPLETE => SUSPEND_IN_PROGRESS in 0.09792041778564453
2019-12-27 20:56:25.584 9445 RALLYDEBUG rally.task.utils [-] Waiting for resource . Status changed: CREATE_COMPLETE => RESUME_COMPLETE in 0.19447016716003418
2019-12-27 20:56:25.735 9443 RALLYDEBUG rally.task.utils [-] Waiting for resource . Status changed: CREATE_COMPLETE => SUSPEND_IN_PROGRESS in 0.08442926406860352
2019-12-27 20:56:25.797 9445 RALLYDEBUG rally.task.utils [-] Waiting for resource . Status changed: CREATE_COMPLETE => DELETE_IN_PROGRESS in 0.08126616477966309
2019-12-27 20:56:26.459 9444 RALLYDEBUG rally.task.utils [-] Waiting for resource . Status changed: CREATE_IN_PROGRESS => CREATE_COMPLETE in 0.08695387840270996
2019-12-27 20:56:26.663 9446 RALLYDEBUG rally.task.utils [-] Waiting for resource . Status changed: SUSPEND_IN_PROGRESS => SUSPEND_COMPLETE in 1.101508617401123
2019-12-27 20:56:26.697 9444 RALLYDEBUG rally.task.utils [-] Waiting for resource . Status changed: CREATE_COMPLETE => SUSPEND_IN_PROGRESS in 0.10184192657470703
2019-12-27 20:56:26.823 9443 RALLYDEBUG rally.task.utils [-] Waiting for resource . Status changed: SUSPEND_IN_PROGRESS => SUSPEND_COMPLETE in 1.0882675647735596
2019-12-27 20:56:26.880 9446 RALLYDEBUG rally.task.utils [-] Waiting for resource . Status changed: CREATE_COMPLETE => RESUME_IN_PROGRESS in 0.08489441871643066
2019-12-27 20:56:27.078 9443 RALLYDEBUG rally.task.utils [-] Waiting for resource . Status changed: CREATE_COMPLETE => RESUME_COMPLETE in 0.08460068702697754
2019-12-27 20:56:27.240 9443 RALLYDEBUG rally.task.utils [-] Waiting for resource . Status changed: CREATE_COMPLETE => DELETE_IN_PROGRESS in 0.08205413818359375
2019-12-27 20:56:27.785 9444 RALLYDEBUG rally.task.utils [-] Waiting for resource . Status changed: SUSPEND_IN_PROGRESS => SUSPEND_COMPLETE in 1.0876572132110596
2019-12-27 20:56:27.974 9445 INFO rally.task.runner [-] Task f02bedc5-62e0-40a6-9bb8-5e8f7cfa993b | ITER: 5 END: OK
2019-12-27 20:56:27.974 9446 RALLYDEBUG rally.task.utils [-] Waiting for resource . Status changed: RESUME_IN_PROGRESS => RESUME_COMPLETE in 1.0944437980651855
2019-12-27 20:56:27.979 9445 INFO rally.task.runner [-] Task f02bedc5-62e0-40a6-9bb8-5e8f7cfa993b | ITER: 9 START
2019-12-27 20:56:28.028 9444 RALLYDEBUG rally.task.utils [-] Waiting for resource . Status changed: CREATE_COMPLETE => RESUME_IN_PROGRESS in 0.12603235244750977
2019-12-27 20:56:28.133 9446 RALLYDEBUG rally.task.utils [-] Waiting for resource . Status changed: CREATE_COMPLETE => DELETE_IN_PROGRESS in 0.08067655563354492
2019-12-27 20:56:28.324 9443 INFO rally.task.runner [-] Task f02bedc5-62e0-40a6-9bb8-5e8f7cfa993b | ITER: 6 END: OK
2019-12-27 20:56:28.329 9443 INFO rally.task.runner [-] Task f02bedc5-62e0-40a6-9bb8-5e8f7cfa993b | ITER: 10 START
2019-12-27 20:56:29.112 9444 RALLYDEBUG rally.task.utils [-] Waiting for resource . Status changed: RESUME_IN_PROGRESS => RESUME_COMPLETE in 1.084000587463379
2019-12-27 20:56:29.217 9446 INFO rally.task.runner [-] Task f02bedc5-62e0-40a6-9bb8-5e8f7cfa993b | ITER: 7 END: OK
2019-12-27 20:56:29.341 9444 RALLYDEBUG rally.task.utils [-] Waiting for resource . Status changed: CREATE_COMPLETE => DELETE_IN_PROGRESS in 0.09866595268249512
2019-12-27 20:56:30.440 9444 INFO rally.task.runner [-] Task f02bedc5-62e0-40a6-9bb8-5e8f7cfa993b | ITER: 8 END: OK
2019-12-27 20:56:30.880 9445 RALLYDEBUG rally.task.utils [-] Waiting for resource . Status changed: CREATE_IN_PROGRESS => CREATE_COMPLETE in 0.08089733123779297
2019-12-27 20:56:31.114 9445 RALLYDEBUG rally.task.utils [-] Waiting for resource . Status changed: CREATE_COMPLETE => SUSPEND_IN_PROGRESS in 0.11479330062866211
2019-12-27 20:56:31.153 9443 RALLYDEBUG rally.task.utils [-] Waiting for resource . Status changed: CREATE_IN_PROGRESS => CREATE_COMPLETE in 0.11519980430603027
2019-12-27 20:56:31.377 9443 RALLYDEBUG rally.task.utils [-] Waiting for resource . Status changed: CREATE_COMPLETE => SUSPEND_IN_PROGRESS in 0.11026978492736816
2019-12-27 20:56:32.217 9445 RALLYDEBUG rally.task.utils [-] Waiting for resource . Status changed: SUSPEND_IN_PROGRESS => SUSPEND_COMPLETE in 1.1034348011016846
2019-12-27 20:56:32.450 9445 RALLYDEBUG rally.task.utils [-] Waiting for resource . Status changed: CREATE_COMPLETE => RESUME_COMPLETE in 0.10093450546264648
2019-12-27 20:56:32.481 9443 RALLYDEBUG rally.task.utils [-] Waiting for resource . Status changed: SUSPEND_IN_PROGRESS => SUSPEND_COMPLETE in 1.1034326553344727
2019-12-27 20:56:32.609 9445 RALLYDEBUG rally.task.utils [-] Waiting for resource . Status changed: CREATE_COMPLETE => DELETE_IN_PROGRESS in 0.0792839527130127
2019-12-27 20:56:32.748 9443 RALLYDEBUG rally.task.utils [-] Waiting for resource . Status changed: CREATE_COMPLETE => RESUME_COMPLETE in 0.09886813163757324
2019-12-27 20:56:32.911 9443 RALLYDEBUG rally.task.utils [-] Waiting for resource . Status changed: CREATE_COMPLETE => DELETE_IN_PROGRESS in 0.08257484436035156
2019-12-27 20:56:33.712 9445 INFO rally.task.runner [-] Task f02bedc5-62e0-40a6-9bb8-5e8f7cfa993b | ITER: 9 END: OK
2019-12-27 20:56:33.996 9443 INFO rally.task.runner [-] Task f02bedc5-62e0-40a6-9bb8-5e8f7cfa993b | ITER: 10 END: OK
2019-12-27 20:56:34.024 6545 INFO rally.task.context [-] Task f02bedc5-62e0-40a6-9bb8-5e8f7cfa993b | Context cleanup@openstack cleanup() started
2019-12-27 20:56:34.030 6545 RALLYDEBUG rally_openstack.cleanup.manager [-] Cleaning up heat stacks objects
2019-12-27 20:56:35.011 6545 RALLYDEBUG rally_openstack.cleanup.manager [-] Deleting heat.stacks object s_rally_df766749_i5o5CqwQ (636909a5-0d4e-4b7e-bb10-248649d28789)
2019-12-27 20:56:35.555 6545 ERROR rally_openstack.cleanup.manager [-] Resource deletion failed, max retries exceeded for heat.stacks: 636909a5-0d4e-4b7e-bb10-248649d28789.: heatclient.exc.HTTPNotFound: ERROR: The Stack (s_rally_df766749_i5o5CqwQ) could not be found.
2019-12-27 20:56:35.555 6545 ERROR rally_openstack.cleanup.manager
Traceback (most recent call last):
2019-12-27 20:56:35.555 6545 ERROR rally_openstack.cleanup.manager
File "/usr/lib/python3.6/site-packages/rally_openstack/cleanup/manager.py", line 85, in _delete_single_resource
2019-12-27 20:56:35.555 6545 ERROR rally_openstack.cleanup.manager rutils.retry(resource._max_attempts, resource.delete)
2019-12-27 20:56:35.555 6545 ERROR rally_openstack.cleanup.manager
File "/usr/lib/python3.6/site-packages/rally/common/utils.py", line 230, in retry
2019-12-27 20:56:35.555 6545 ERROR rally_openstack.cleanup.manager return func(*args, **kwargs)
2019-12-27 20:56:35.555 6545 ERROR rally_openstack.cleanup.manager
File "/usr/lib/python3.6/site-packages/rally_openstack/cleanup/base.py", line 129, in delete
2019-12-27 20:56:35.555 6545 ERROR rally_openstack.cleanup.manager self._manager().delete(self.id())
2019-12-27 20:56:35.555 6545 ERROR rally_openstack.cleanup.manager
File "/usr/lib/python3.6/site-packages/heatclient/v1/stacks.py", line 201, in delete
2019-12-27 20:56:35.555 6545 ERROR rally_openstack.cleanup.manager self._delete("/stacks/%s" % stack_id)
2019-12-27 20:56:35.555 6545 ERROR rally_openstack.cleanup.manager
File "/usr/lib/python3.6/site-packages/heatclient/common/base.py", line 207, in _delete
2019-12-27 20:56:35.555 6545 ERROR rally_openstack.cleanup.manager return self.client.delete(url)
2019-12-27 20:56:35.555 6545 ERROR rally_openstack.cleanup.manager
File "/usr/lib/python3.6/site-packages/keystoneauth1/adapter.py", line 390, in delete
2019-12-27 20:56:35.555 6545 ERROR rally_openstack.cleanup.manager return self.request(url, 'DELETE', **kwargs)
2019-12-27 20:56:35.555 6545 ERROR rally_openstack.cleanup.manager
File "/usr/lib/python3.6/site-packages/heatclient/common/http.py", line 320, in request
2019-12-27 20:56:35.555 6545 ERROR rally_openstack.cleanup.manager raise exc.from_response(resp)
2019-12-27 20:56:35.555 6545 ERROR rally_openstack.cleanup.manager heatclient.exc.HTTPNotFound: ERROR: The Stack (s_rally_df766749_i5o5CqwQ) could not be found.
2019-12-27 20:56:35.555 6545 ERROR rally_openstack.cleanup.manager
2019-12-27 20:56:35.558 6545 INFO rally.task.context [-] Task f02bedc5-62e0-40a6-9bb8-5e8f7cfa993b | Context cleanup@openstack cleanup() finished in 1.53 sec
2019-12-27 20:56:35.558 6545 INFO rally.task.context [-] Task f02bedc5-62e0-40a6-9bb8-5e8f7cfa993b | Context roles@openstack cleanup() started
2019-12-27 20:56:35.569 6545 INFO rally.task.context [-] Task f02bedc5-62e0-40a6-9bb8-5e8f7cfa993b | Context roles@openstack cleanup() finished in 10.60 msec
2019-12-27 20:56:35.569 6545 INFO rally.task.context [-] Task f02bedc5-62e0-40a6-9bb8-5e8f7cfa993b | Context users@openstack cleanup() started
2019-12-27 20:56:38.496 6545 INFO rally.task.context [-] Task f02bedc5-62e0-40a6-9bb8-5e8f7cfa993b | Context users@openstack cleanup() finished in 2.93 sec
2019-12-27 20:56:39.576 6545 INFO rally.task.engine [-] Load duration is: 16.826908
2019-12-27 20:56:39.577 6545 INFO rally.task.engine [-] Full runner duration is: 18.873368
2019-12-27 20:56:39.577 6545 INFO rally.task.engine [-] Full duration is: 25.131833
2019-12-27 20:56:39.671 6545 INFO rally.task.engine [-] Running workload: position = 0 config = { "version": 2, "title": "A cropped version of a bigger task.", "description": "Auto-generated task from a single workload (uuid=71d834a6-0dee-4810-a99d-cb50e2f8adcb)", "subtasks": [ { "title": "HeatStacks.list_stacks_and_resources", "description": "List all resources from tenant stacks.", "scenario": { "HeatStacks.list_stacks_and_resources": {} }, "contexts": { "users": { "tenants": 3, "users_per_tenant": 2 }, "roles": [ "heat_stack_owner" ] }, "runner": { "constant": { "concurrency": 4, "times": 10 } }, "hooks": [], "sla": { "failure_rate": { "max": 0 } } } ] }
