2019-12-27 21:05:52.929 11833 INFO rally.task.engine [-] Full runner duration is: 2.086642
2019-12-27 21:05:52.929 11833 INFO rally.task.engine [-] Full duration is: 13.938133
2019-12-27 21:05:53.016 11833 INFO rally.task.engine [-] Running workload: position = 0 config = { "version": 2, "title": "A cropped version of a bigger task.", "description": "Auto-generated task from a single workload (uuid=5b5043c5-850b-4457-a546-3acb97d22eca)", "subtasks": [ { "title": "NeutronSecurityGroup.create_and_delete_security_group_rule", "description": "Create and delete Neutron security-group-rule.", "scenario": { "NeutronSecurityGroup.create_and_delete_security_group_rule": {} }, "contexts": { "users": { "tenants": 3, "users_per_tenant": 2 }, "quotas": { "neutron": { "security_group": -1 } } }, "runner": { "constant": { "concurrency": 4, "times": 10 } }, "hooks": [], "sla": { "failure_rate": { "max": 0 } } } ] }
2019-12-27 21:05:53.036 11833 RALLYDEBUG rally_openstack.contexts.keystone.users [-] Creating 3 tenants using 20 threads
2019-12-27 21:05:53.599 11833 RALLYDEBUG rally_openstack.contexts.keystone.users [-] Creating 6 users using 20 threads
2019-12-27 21:05:54.466 11833 INFO rally.task.context [-] Task e3573ce4-dbb4-4a7a-8f0d-31f6218d09b9 | Context users@openstack setup() finished in 1.43 sec
2019-12-27 21:05:54.780 11833 INFO rally.task.context [-] Task e3573ce4-dbb4-4a7a-8f0d-31f6218d09b9 | Context quotas@openstack setup() finished in 0.31 sec
2019-12-27 21:05:54.781 11833 INFO rally.task.context [-] Task e3573ce4-dbb4-4a7a-8f0d-31f6218d09b9 | Context cleanup@openstack setup() finished in 0.16 msec
2019-12-27 21:05:54.791 11833 RALLYDEBUG rally.task.runner [-] Starting the constant runner (task UUID: e3573ce4-dbb4-4a7a-8f0d-31f6218d09b9). times: 10 concurrency: 4 timeout: 0 max_cpu_used: 88 processes_to_start: 4 concurrency_per_worker: 1 concurrency_overhead: 0
2019-12-27 21:05:54.801 16169 RALLYDEBUG rally.task.runner [-] Starting a worker. times: 10 duration: None concurrency: 1 timeout: 0 cls: method_name: run args: {}
2019-12-27 21:05:54.804 16170 RALLYDEBUG rally.task.runner [-] Starting a worker. times: 10 duration: None concurrency: 1 timeout: 0 cls: method_name: run args: {}
2019-12-27 21:05:54.806 16171 RALLYDEBUG rally.task.runner [-] Starting a worker. times: 10 duration: None concurrency: 1 timeout: 0 cls: method_name: run args: {}
2019-12-27 21:05:54.808 16169 INFO rally.task.runner [-] Task e3573ce4-dbb4-4a7a-8f0d-31f6218d09b9 | ITER: 1 START
2019-12-27 21:05:54.809 16172 RALLYDEBUG rally.task.runner [-] Starting a worker. times: 10 duration: None concurrency: 1 timeout: 0 cls: method_name: run args: {}
2019-12-27 21:05:54.810 16170 INFO rally.task.runner [-] Task e3573ce4-dbb4-4a7a-8f0d-31f6218d09b9 | ITER: 2 START
2019-12-27 21:05:54.812 16171 INFO rally.task.runner [-] Task e3573ce4-dbb4-4a7a-8f0d-31f6218d09b9 | ITER: 3 START
2019-12-27 21:05:54.815 16172 INFO rally.task.runner [-] Task e3573ce4-dbb4-4a7a-8f0d-31f6218d09b9 | ITER: 4 START
2019-12-27 21:05:55.622 16172 INFO rally.task.runner [-] Task e3573ce4-dbb4-4a7a-8f0d-31f6218d09b9 | ITER: 4 END: OK
2019-12-27 21:05:55.628 16172 INFO rally.task.runner [-] Task e3573ce4-dbb4-4a7a-8f0d-31f6218d09b9 | ITER: 5 START
2019-12-27 21:05:55.640 16169 INFO rally.task.runner [-] Task e3573ce4-dbb4-4a7a-8f0d-31f6218d09b9 | ITER: 1 END: OK
2019-12-27 21:05:55.644 16169 INFO rally.task.runner [-] Task e3573ce4-dbb4-4a7a-8f0d-31f6218d09b9 | ITER: 6 START
2019-12-27 21:05:56.210 16169 INFO rally.task.runner [-] Task e3573ce4-dbb4-4a7a-8f0d-31f6218d09b9 | ITER: 6 END: OK
2019-12-27 21:05:56.215 16169 INFO rally.task.runner [-] Task e3573ce4-dbb4-4a7a-8f0d-31f6218d09b9 | ITER: 7 START
2019-12-27 21:05:56.259 16171 INFO rally.task.runner [-] Task e3573ce4-dbb4-4a7a-8f0d-31f6218d09b9 | ITER: 3 END: OK
2019-12-27 21:05:56.265 16171 INFO rally.task.runner [-] Task e3573ce4-dbb4-4a7a-8f0d-31f6218d09b9 | ITER: 8 START
2019-12-27 21:05:56.422 16172 INFO rally.task.runner [-] Task e3573ce4-dbb4-4a7a-8f0d-31f6218d09b9 | ITER: 5 END: OK
2019-12-27 21:05:56.427 16172 INFO rally.task.runner [-] Task e3573ce4-dbb4-4a7a-8f0d-31f6218d09b9 | ITER: 9 START
2019-12-27 21:05:56.465 16170 INFO rally.task.runner [-] Task e3573ce4-dbb4-4a7a-8f0d-31f6218d09b9 | ITER: 2 END: OK
2019-12-27 21:05:56.470 16170 INFO rally.task.runner [-] Task e3573ce4-dbb4-4a7a-8f0d-31f6218d09b9 | ITER: 10 START
2019-12-27 21:05:57.028 16171 INFO rally.task.runner [-] Task e3573ce4-dbb4-4a7a-8f0d-31f6218d09b9 | ITER: 8 END: OK
2019-12-27 21:05:57.074 16169 INFO rally.task.runner [-] Task e3573ce4-dbb4-4a7a-8f0d-31f6218d09b9 | ITER: 7 END: OK
2019-12-27 21:05:57.096 16170 INFO rally.task.runner [-] Task e3573ce4-dbb4-4a7a-8f0d-31f6218d09b9 | ITER: 10 END: OK
2019-12-27 21:05:57.251 16172 INFO rally.task.runner [-] Task e3573ce4-dbb4-4a7a-8f0d-31f6218d09b9 | ITER: 9 END: OK
2019-12-27 21:05:57.277 11833 INFO rally.task.context [-] Task e3573ce4-dbb4-4a7a-8f0d-31f6218d09b9 | Context cleanup@openstack cleanup() started
2019-12-27 21:05:57.286 11833 RALLYDEBUG rally_openstack.cleanup.manager [-] Cleaning up neutron vip objects
2019-12-27 21:05:57.834 11833 RALLYDEBUG rally_openstack.cleanup.manager [-] Cleaning up neutron health_monitor objects
2019-12-27 21:05:58.269 11833 RALLYDEBUG rally_openstack.cleanup.manager [-] Cleaning up neutron pool objects
2019-12-27 21:05:58.702 11833 RALLYDEBUG rally_openstack.cleanup.manager [-] Cleaning up neutron loadbalancer objects
2019-12-27 21:05:59.121 11833 RALLYDEBUG rally_openstack.cleanup.manager [-] Cleaning up neutron floatingip objects
2019-12-27 21:05:59.682 11833 RALLYDEBUG rally_openstack.cleanup.manager [-] Cleaning up neutron trunk objects
2019-12-27 21:06:00.135 11833 RALLYDEBUG rally_openstack.cleanup.manager [-] Cleaning up neutron port objects
2019-12-27 21:06:00.699 11833 RALLYDEBUG rally_openstack.cleanup.manager [-] Cleaning up neutron subnet objects
2019-12-27 21:06:01.175 11833 RALLYDEBUG rally_openstack.cleanup.manager [-] Cleaning up neutron network objects
2019-12-27 21:06:01.708 11833 RALLYDEBUG rally_openstack.cleanup.manager [-] Cleaning up neutron router objects
2019-12-27 21:06:02.568 11833 RALLYDEBUG rally_openstack.cleanup.manager [-] Cleaning up neutron security_group objects
2019-12-27 21:06:03.406 11833 INFO rally.task.context [-] Task e3573ce4-dbb4-4a7a-8f0d-31f6218d09b9 | Context cleanup@openstack cleanup() finished in 6.13 sec
2019-12-27 21:06:03.407 11833 INFO rally.task.context [-] Task e3573ce4-dbb4-4a7a-8f0d-31f6218d09b9 | Context quotas@openstack cleanup() started
2019-12-27 21:06:03.483 11833 INFO rally.task.context [-] Task e3573ce4-dbb4-4a7a-8f0d-31f6218d09b9 | Context quotas@openstack cleanup() finished in 75.41 msec
2019-12-27 21:06:03.483 11833 INFO rally.task.context [-] Task e3573ce4-dbb4-4a7a-8f0d-31f6218d09b9 | Context users@openstack cleanup() started
2019-12-27 21:06:05.628 11833 INFO rally.task.context [-] Task e3573ce4-dbb4-4a7a-8f0d-31f6218d09b9 | Context users@openstack cleanup() finished in 2.15 sec
2019-12-27 21:06:07.151 11833 INFO rally.task.engine [-] Load duration is: 2.441652
2019-12-27 21:06:07.151 11833 INFO rally.task.engine [-] Full runner duration is: 2.48598
2019-12-27 21:06:07.152 11833 INFO rally.task.engine [-] Full duration is: 12.594666
2019-12-27 21:06:07.248 11833 INFO rally.task.engine [-] Running workload: position = 0 config = { "version": 2, "title": "A cropped version of a bigger task.", "description": "Auto-generated task from a single workload (uuid=f1d7c92f-934b-4ba1-af46-cf6603319ade)", "subtasks": [ { "title": "NeutronSecurityGroup.create_and_list_security_group_rules", "description": "Create and list Neutron security-group-rules.", "scenario": { "NeutronSecurityGroup.create_and_list_security_group_rules": {} }, "contexts": { "users": { "tenants": 3, "users_per_tenant": 2 }, "quotas": { "neutron": { "security_group": -1 } } }, "runner": { "constant": { "concurrency": 4, "times": 10 } }, "hooks": [], "sla": { "failure_rate": { "max": 0 } } } ] }
2019-12-27 21:06:07.268 11833 RALLYDEBUG rally_openstack.contexts.keystone.users [-] Creating 3 tenants using 20 threads
2019-12-27 21:06:07.856 11833 RALLYDEBUG rally_openstack.contexts.keystone.users [-] Creating 6 users using 20 threads
2019-12-27 21:06:08.860 11833 INFO rally.task.context [-] Task e3573ce4-dbb4-4a7a-8f0d-31f6218d09b9 | Context users@openstack setup() finished in 1.59 sec
2019-12-27 21:06:09.188 11833 INFO rally.task.context [-] Task e3573ce4-dbb4-4a7a-8f0d-31f6218d09b9 | Context quotas@openstack setup() finished in 0.33 sec
2019-12-27 21:06:09.189 11833 INFO rally.task.context [-] Task e3573ce4-dbb4-4a7a-8f0d-31f6218d09b9 | Context cleanup@openstack setup() finished in 0.15 msec
2019-12-27 21:06:09.201 11833 RALLYDEBUG rally.task.runner [-] Starting the constant runner (task UUID: e3573ce4-dbb4-4a7a-8f0d-31f6218d09b9). times: 10 concurrency: 4 timeout: 0 max_cpu_used: 88 processes_to_start: 4 concurrency_per_worker: 1 concurrency_overhead: 0
2019-12-27 21:06:09.213 16493 RALLYDEBUG rally.task.runner [-] Starting a worker. times: 10 duration: None concurrency: 1 timeout: 0 cls: method_name: run args: {}
2019-12-27 21:06:09.217 16494 RALLYDEBUG rally.task.runner [-] Starting a worker. times: 10 duration: None concurrency: 1 timeout: 0 cls: method_name: run args: {}
2019-12-27 21:06:09.219 16493 INFO rally.task.runner [-] Task e3573ce4-dbb4-4a7a-8f0d-31f6218d09b9 | ITER: 1 START
2019-12-27 21:06:09.219 16495 RALLYDEBUG rally.task.runner [-] Starting a worker. times: 10 duration: None concurrency: 1 timeout: 0 cls: method_name: run args: {}
2019-12-27 21:06:09.222 16494 INFO rally.task.runner [-] Task e3573ce4-dbb4-4a7a-8f0d-31f6218d09b9 | ITER: 2 START
2019-12-27 21:06:09.222 16496 RALLYDEBUG rally.task.runner [-] Starting a worker. times: 10 duration: None concurrency: 1 timeout: 0 cls: method_name: run args: {}
2019-12-27 21:06:09.226 16495 INFO rally.task.runner [-] Task e3573ce4-dbb4-4a7a-8f0d-31f6218d09b9 | ITER: 3 START
2019-12-27 21:06:09.229 16496 INFO rally.task.runner [-] Task e3573ce4-dbb4-4a7a-8f0d-31f6218d09b9 | ITER: 4 START
2019-12-27 21:06:09.929 16493 INFO rally.task.runner [-] Task e3573ce4-dbb4-4a7a-8f0d-31f6218d09b9 | ITER: 1 END: OK
2019-12-27 21:06:09.935 16493 INFO rally.task.runner [-] Task e3573ce4-dbb4-4a7a-8f0d-31f6218d09b9 | ITER: 5 START
2019-12-27 21:06:09.937 16496 INFO rally.task.runner [-] Task e3573ce4-dbb4-4a7a-8f0d-31f6218d09b9 | ITER: 4 END: OK
2019-12-27 21:06:09.942 16496 INFO rally.task.runner [-] Task e3573ce4-dbb4-4a7a-8f0d-31f6218d09b9 | ITER: 6 START
2019-12-27 21:06:09.944 16494 INFO rally.task.runner [-] Task e3573ce4-dbb4-4a7a-8f0d-31f6218d09b9 | ITER: 2 END: OK
2019-12-27 21:06:09.949 16494 INFO rally.task.runner [-] Task e3573ce4-dbb4-4a7a-8f0d-31f6218d09b9 | ITER: 7 START
2019-12-27 21:06:10.398 16496 INFO rally.task.runner [-] Task e3573ce4-dbb4-4a7a-8f0d-31f6218d09b9 | ITER: 6 END: OK
2019-12-27 21:06:10.403 16496 INFO rally.task.runner [-] Task e3573ce4-dbb4-4a7a-8f0d-31f6218d09b9 | ITER: 8 START
2019-12-27 21:06:10.409 16494 INFO rally.task.runner [-] Task e3573ce4-dbb4-4a7a-8f0d-31f6218d09b9 | ITER: 7 END: OK
2019-12-27 21:06:10.413 16494 INFO rally.task.runner [-] Task e3573ce4-dbb4-4a7a-8f0d-31f6218d09b9 | ITER: 9 START
2019-12-27 21:06:10.501 16495 INFO rally.task.runner [-] Task e3573ce4-dbb4-4a7a-8f0d-31f6218d09b9 | ITER: 3 END: OK
2019-12-27 21:06:10.506 16495 INFO rally.task.runner [-] Task e3573ce4-dbb4-4a7a-8f0d-31f6218d09b9 | ITER: 10 START
2019-12-27 21:06:10.512 16493 INFO rally.task.runner [-] Task e3573ce4-dbb4-4a7a-8f0d-31f6218d09b9 | ITER: 5 END: OK
2019-12-27 21:06:10.831 16494 INFO rally.task.runner [-] Task e3573ce4-dbb4-4a7a-8f0d-31f6218d09b9 | ITER: 9 END: OK
2019-12-27 21:06:10.834 16496 INFO rally.task.runner [-] Task e3573ce4-dbb4-4a7a-8f0d-31f6218d09b9 | ITER: 8 END: OK
2019-12-27 21:06:10.979 16495 INFO rally.task.runner [-] Task e3573ce4-dbb4-4a7a-8f0d-31f6218d09b9 | ITER: 10 END: OK
2019-12-27 21:06:11.005 11833 INFO rally.task.context [-] Task e3573ce4-dbb4-4a7a-8f0d-31f6218d09b9 | Context cleanup@openstack cleanup() started
2019-12-27 21:06:11.009 11833 RALLYDEBUG rally_openstack.cleanup.manager [-] Cleaning up neutron vip objects
2019-12-27 21:06:11.448 11833 RALLYDEBUG rally_openstack.cleanup.manager [-] Cleaning up neutron health_monitor objects
2019-12-27 21:06:11.879 11833 RALLYDEBUG rally_openstack.cleanup.manager [-] Cleaning up neutron pool objects
2019-12-27 21:06:12.304 11833 RALLYDEBUG rally_openstack.cleanup.manager [-] Cleaning up neutron loadbalancer objects
2019-12-27 21:06:12.735 11833 RALLYDEBUG rally_openstack.cleanup.manager [-] Cleaning up neutron floatingip objects
2019-12-27 21:06:13.333 11833 RALLYDEBUG rally_openstack.cleanup.manager [-] Cleaning up neutron trunk objects
2019-12-27 21:06:13.776 11833 RALLYDEBUG rally_openstack.cleanup.manager [-] Cleaning up neutron port objects
2019-12-27 21:06:14.301 11833 RALLYDEBUG rally_openstack.cleanup.manager [-] Cleaning up neutron subnet objects
2019-12-27 21:06:14.887 11833 RALLYDEBUG rally_openstack.cleanup.manager [-] Cleaning up neutron network objects
2019-12-27 21:06:15.421 11833 RALLYDEBUG rally_openstack.cleanup.manager [-] Cleaning up neutron router objects
2019-12-27 21:06:16.083 11833 RALLYDEBUG rally_openstack.cleanup.manager [-] Cleaning up neutron security_group objects
2019-12-27 21:06:16.764 11833 RALLYDEBUG rally_openstack.cleanup.manager [-] Deleting neutron.security_group object s_rally_f1d7c92f_8f1rJhRG (153a3447-c5d0-4758-8068-f8e65555f072)
2019-12-27 21:06:16.775 11833 RALLYDEBUG rally_openstack.cleanup.manager [-] Deleting neutron.security_group object s_rally_f1d7c92f_AC9ZLWcD (dfafa21c-53da-4b68-ac5a-8d380b63f406)
2019-12-27 21:06:16.784 11833 RALLYDEBUG rally_openstack.cleanup.manager [-] Deleting neutron.security_group object s_rally_f1d7c92f_0WImdnj6 (15abfd7e-61d7-4f7c-b34a-d21175ed0c9f)
2019-12-27 21:06:16.794 11833 RALLYDEBUG rally_openstack.cleanup.manager [-] Deleting neutron.security_group object s_rally_f1d7c92f_UjIBWUp8 (960cc646-1e1a-4c42-95a7-6c49465a47c3)
2019-12-27 21:06:16.797 11833 RALLYDEBUG rally_openstack.cleanup.manager [-] Deleting neutron.security_group object s_rally_f1d7c92f_Yt4LXgQJ (0e361330-5001-4c7b-8741-3ab44760232d)
2019-12-27 21:06:16.812 11833 RALLYDEBUG rally_openstack.cleanup.manager [-] Deleting neutron.security_group object s_rally_f1d7c92f_HBQn14KR (510417f8-be41-4ad9-86f8-8d837422a139)
2019-12-27 21:06:16.817 11833 RALLYDEBUG rally_openstack.cleanup.manager [-] Deleting neutron.security_group object s_rally_f1d7c92f_RQqOhWgX (5bc34cf0-485f-47e3-8249-af1ba3196b7f)
2019-12-27 21:06:16.823 11833 RALLYDEBUG rally_openstack.cleanup.manager [-] Deleting neutron.security_group object s_rally_f1d7c92f_jvvODzb4 (8e978630-cd9e-48e7-a11b-4e4fe4574597)
2019-12-27 21:06:16.828 11833 RALLYDEBUG rally_openstack.cleanup.manager [-] Deleting neutron.security_group object s_rally_f1d7c92f_o7kbKZGK (e8e82a2b-7d12-4331-a2ea-f60d958fe23d)
2019-12-27 21:06:16.851 11833 RALLYDEBUG rally_openstack.cleanup.manager [-] Deleting neutron.security_group object s_rally_f1d7c92f_2WiNi8Yp (f7250214-5eb1-41c3-898a-cf634d467ac0)
2019-12-27 21:06:18.619 11833 INFO rally.task.context [-] Task e3573ce4-dbb4-4a7a-8f0d-31f6218d09b9 | Context cleanup@openstack cleanup() finished in 7.61 sec
2019-12-27 21:06:18.619 11833 INFO rally.task.context [-] Task e3573ce4-dbb4-4a7a-8f0d-31f6218d09b9 | Context quotas@openstack cleanup() started
2019-12-27 21:06:18.676 11833 INFO rally.task.context [-] Task e3573ce4-dbb4-4a7a-8f0d-31f6218d09b9 | Context quotas@openstack cleanup() finished in 56.79 msec
2019-12-27 21:06:18.677 11833 INFO rally.task.context [-] Task e3573ce4-dbb4-4a7a-8f0d-31f6218d09b9 | Context users@openstack cleanup() started
2019-12-27 21:06:21.522 11833 INFO rally.task.context [-] Task e3573ce4-dbb4-4a7a-8f0d-31f6218d09b9 | Context users@openstack cleanup() finished in 2.85 sec
2019-12-27 21:06:23.376 11833 INFO rally.task.engine [-] Load duration is: 1.758374
2019-12-27 21:06:23.377 11833 INFO rally.task.engine [-] Full runner duration is: 1.804899
2019-12-27 21:06:23.377 11833 INFO rally.task.engine [-] Full duration is: 14.256482
2019-12-27 21:06:23.467 11833 INFO rally.task.engine [-] Running workload: position = 0 config = { "version": 2, "title": "A cropped version of a bigger task.", "description": "Auto-generated task from a single workload (uuid=4ec84507-b77b-402e-89fc-84fd78950dce)", "subtasks": [ { "title": "NeutronSecurityGroup.create_and_show_security_group", "description": "Create and show Neutron security-group.", "scenario": { "NeutronSecurityGroup.create_and_show_security_group": {} }, "contexts": { "users": { "tenants": 3, "users_per_tenant": 2 }, "quotas": { "neutron": { "security_group": -1 } } }, "runner": { "constant": { "concurrency": 4, "times": 10 } }, "hooks": [], "sla": { "failure_rate": { "max": 0 } } } ] }
2019-12-27 21:06:23.488 11833 RALLYDEBUG rally_openstack.contexts.keystone.users [-] Creating 3 tenants using 20 threads
2019-12-27 21:06:23.965 11833 RALLYDEBUG rally_openstack.contexts.keystone.users [-] Creating 6 users using 20 threads
2019-12-27 21:06:24.873 11833 INFO rally.task.context [-] Task e3573ce4-dbb4-4a7a-8f0d-31f6218d09b9 | Context users@openstack setup() finished in 1.38 sec
2019-12-27 21:06:25.195 11833 INFO rally.task.context [-] Task e3573ce4-dbb4-4a7a-8f0d-31f6218d09b9 | Context quotas@openstack setup() finished in 0.32 sec
2019-12-27 21:06:25.196 11833 INFO rally.task.context [-] Task e3573ce4-dbb4-4a7a-8f0d-31f6218d09b9 | Context cleanup@openstack setup() finished in 0.03 msec
2019-12-27 21:06:25.205 11833 RALLYDEBUG rally.task.runner [-] Starting the constant runner (task UUID: e3573ce4-dbb4-4a7a-8f0d-31f6218d09b9). times: 10 concurrency: 4 timeout: 0 max_cpu_used: 88 processes_to_start: 4 concurrency_per_worker: 1 concurrency_overhead: 0
2019-12-27 21:06:25.216 16817 RALLYDEBUG rally.task.runner [-] Starting a worker. times: 10 duration: None concurrency: 1 timeout: 0 cls: method_name: run args: {}
2019-12-27 21:06:25.219 16818 RALLYDEBUG rally.task.runner [-] Starting a worker. times: 10 duration: None concurrency: 1 timeout: 0 cls: method_name: run args: {}
2019-12-27 21:06:25.222 16819 RALLYDEBUG rally.task.runner [-] Starting a worker. times: 10 duration: None concurrency: 1 timeout: 0 cls: method_name: run args: {}
2019-12-27 21:06:25.224 16817 INFO rally.task.runner [-] Task e3573ce4-dbb4-4a7a-8f0d-31f6218d09b9 | ITER: 1 START
2019-12-27 21:06:25.224 16820 RALLYDEBUG rally.task.runner [-] Starting a worker. times: 10 duration: None concurrency: 1 timeout: 0 cls: method_name: run args: {}
2019-12-27 21:06:25.226 16818 INFO rally.task.runner [-] Task e3573ce4-dbb4-4a7a-8f0d-31f6218d09b9 | ITER: 2 START
2019-12-27 21:06:25.229 16819 INFO rally.task.runner [-] Task e3573ce4-dbb4-4a7a-8f0d-31f6218d09b9 | ITER: 3 START
2019-12-27 21:06:25.231 16820 INFO rally.task.runner [-] Task e3573ce4-dbb4-4a7a-8f0d-31f6218d09b9 | ITER: 4 START
2019-12-27 21:06:25.781 16818 INFO rally.task.runner [-] Task e3573ce4-dbb4-4a7a-8f0d-31f6218d09b9 | ITER: 2 END: OK
2019-12-27 21:06:25.787 16818 INFO rally.task.runner [-] Task e3573ce4-dbb4-4a7a-8f0d-31f6218d09b9 | ITER: 5 START
2019-12-27 21:06:25.859 16819 INFO rally.task.runner [-] Task e3573ce4-dbb4-4a7a-8f0d-31f6218d09b9 | ITER: 3 END: OK
2019-12-27 21:06:25.864 16819 INFO rally.task.runner [-] Task e3573ce4-dbb4-4a7a-8f0d-31f6218d09b9 | ITER: 6 START
2019-12-27 21:06:26.268 16818 INFO rally.task.runner [-] Task e3573ce4-dbb4-4a7a-8f0d-31f6218d09b9 | ITER: 5 END: OK
2019-12-27 21:06:26.274 16818 INFO rally.task.runner [-] Task e3573ce4-dbb4-4a7a-8f0d-31f6218d09b9 | ITER: 7 START
2019-12-27 21:06:26.375 16819 INFO rally.task.runner [-] Task e3573ce4-dbb4-4a7a-8f0d-31f6218d09b9 | ITER: 6 END: OK
2019-12-27 21:06:26.380 16819 INFO rally.task.runner [-] Task e3573ce4-dbb4-4a7a-8f0d-31f6218d09b9 | ITER: 8 START
2019-12-27 21:06:26.441 16817 INFO rally.task.runner [-] Task e3573ce4-dbb4-4a7a-8f0d-31f6218d09b9 | ITER: 1 END: OK
2019-12-27 21:06:26.442 16820 INFO rally.task.runner [-] Task e3573ce4-dbb4-4a7a-8f0d-31f6218d09b9 | ITER: 4 END: OK
2019-12-27 21:06:26.447 16820 INFO rally.task.runner [-] Task e3573ce4-dbb4-4a7a-8f0d-31f6218d09b9 | ITER: 9 START
2019-12-27 21:06:26.448 16817 INFO rally.task.runner [-] Task e3573ce4-dbb4-4a7a-8f0d-31f6218d09b9 | ITER: 10 START
2019-12-27 21:06:26.730 16819 INFO rally.task.runner [-] Task e3573ce4-dbb4-4a7a-8f0d-31f6218d09b9 | ITER: 8 END: OK
2019-12-27 21:06:26.736 16818 INFO rally.task.runner [-] Task e3573ce4-dbb4-4a7a-8f0d-31f6218d09b9 | ITER: 7 END: OK
2019-12-27 21:06:26.768 16817 INFO rally.task.runner [-] Task e3573ce4-dbb4-4a7a-8f0d-31f6218d09b9 | ITER: 10 END: OK
2019-12-27 21:06:26.873 16820 INFO rally.task.runner [-] Task e3573ce4-dbb4-4a7a-8f0d-31f6218d09b9 | ITER: 9 END: OK
2019-12-27 21:06:26.900 11833 INFO rally.task.context [-] Task e3573ce4-dbb4-4a7a-8f0d-31f6218d09b9 | Context cleanup@openstack cleanup() started
2019-12-27 21:06:26.905 11833 RALLYDEBUG rally_openstack.cleanup.manager [-] Cleaning up neutron vip objects
2019-12-27 21:06:27.349 11833 RALLYDEBUG rally_openstack.cleanup.manager [-] Cleaning up neutron health_monitor objects
2019-12-27 21:06:27.814 11833 RALLYDEBUG rally_openstack.cleanup.manager [-] Cleaning up neutron pool objects
2019-12-27 21:06:28.251 11833 RALLYDEBUG rally_openstack.cleanup.manager [-] Cleaning up neutron loadbalancer objects
2019-12-27 21:06:28.708 11833 RALLYDEBUG rally_openstack.cleanup.manager [-] Cleaning up neutron floatingip objects
2019-12-27 21:06:29.442 11833 RALLYDEBUG rally_openstack.cleanup.manager [-] Cleaning up neutron trunk objects
2019-12-27 21:06:29.890 11833 RALLYDEBUG rally_openstack.cleanup.manager [-] Cleaning up neutron port objects
2019-12-27 21:06:30.457 11833 RALLYDEBUG rally_openstack.cleanup.manager [-] Cleaning up neutron subnet objects
2019-12-27 21:06:31.005 11833 RALLYDEBUG rally_openstack.cleanup.manager [-] Cleaning up neutron network objects
2019-12-27 21:06:31.504 11833 RALLYDEBUG rally_openstack.cleanup.manager [-] Cleaning up neutron router objects
2019-12-27 21:06:32.403 11833 RALLYDEBUG rally_openstack.cleanup.manager [-] Cleaning up neutron security_group objects
2019-12-27 21:06:33.092 11833 RALLYDEBUG rally_openstack.cleanup.manager [-] Deleting neutron.security_group object s_rally_4ec84507_hSgAjYgx (ea8cecac-fc90-41b6-84bc-14cdf641dbf9)
2019-12-27 21:06:33.098 11833 RALLYDEBUG rally_openstack.cleanup.manager [-] Deleting neutron.security_group object s_rally_4ec84507_RXYT3ZCN (20f5093e-9209-485f-83c5-f35851dba6c0)
2019-12-27 21:06:33.103 11833 RALLYDEBUG rally_openstack.cleanup.manager [-] Deleting neutron.security_group object s_rally_4ec84507_vQuIIQhG (f0f5f634-a1ad-416e-9cdc-8a7052d3e27c)
2019-12-27 21:06:33.104 11833 RALLYDEBUG rally_openstack.cleanup.manager [-] Deleting neutron.security_group object s_rally_4ec84507_Sbsu9joC (9521d64b-1815-4f5f-aa16-700343cb1874)
2019-12-27 21:06:33.105 11833 RALLYDEBUG rally_openstack.cleanup.manager [-] Deleting neutron.security_group object s_rally_4ec84507_gcRDYklS (1e7fffdc-e0f2-459c-8cba-009276fab8ad)
2019-12-27 21:06:33.105 11833 RALLYDEBUG rally_openstack.cleanup.manager [-] Deleting neutron.security_group object s_rally_4ec84507_c4TLR0HF (d1a6ea6f-b5d6-4e39-ae72-6965d4d3eccf)
2019-12-27 21:06:33.106 11833 RALLYDEBUG rally_openstack.cleanup.manager [-] Deleting neutron.security_group object s_rally_4ec84507_N1yB6bOl (e9b944eb-1ee8-4b51-8c84-034b6f558bda)
2019-12-27 21:06:33.107 11833 RALLYDEBUG rally_openstack.cleanup.manager [-] Deleting neutron.security_group object s_rally_4ec84507_JFdC3jE7 (c3cb5a78-47be-4cf2-98f5-245671efd501)
2019-12-27 21:06:33.116 11833 RALLYDEBUG rally_openstack.cleanup.manager [-] Deleting neutron.security_group object s_rally_4ec84507_uOqpHA57 (543efe4d-e18d-4e16-916f-b13b566fcc85)
2019-12-27 21:06:33.120 11833 RALLYDEBUG rally_openstack.cleanup.manager [-] Deleting neutron.security_group object s_rally_4ec84507_j40s4IIt (bb741432-fe6c-405e-939b-b23415d0618a)
2019-12-27 21:06:34.771 11833 INFO rally.task.context [-] Task e3573ce4-dbb4-4a7a-8f0d-31f6218d09b9 | Context cleanup@openstack cleanup() finished in 7.87 sec
2019-12-27 21:06:34.772 11833 INFO rally.task.context [-] Task e3573ce4-dbb4-4a7a-8f0d-31f6218d09b9 | Context quotas@openstack cleanup() started
2019-12-27 21:06:34.825 11833 INFO rally.task.context [-] Task e3573ce4-dbb4-4a7a-8f0d-31f6218d09b9 | Context quotas@openstack cleanup() finished in 53.56 msec
2019-12-27 21:06:34.826 11833 INFO rally.task.context [-] Task e3573ce4-dbb4-4a7a-8f0d-31f6218d09b9 | Context users@openstack cleanup() started
2019-12-27 21:06:37.129 11833 INFO rally.task.context [-] Task e3573ce4-dbb4-4a7a-8f0d-31f6218d09b9 | Context users@openstack cleanup() finished in 2.30 sec
2019-12-27 21:06:37.594 11833 INFO rally.task.engine [-] Load duration is: 1.648447
2019-12-27 21:06:37.595 11833 INFO rally.task.engine [-] Full runner duration is: 1.695327
2019-12-27 21:06:37.595 11833 INFO rally.task.engine [-] Full duration is: 13.642614
2019-12-27 21:06:37.682 11833 INFO rally.task.engine [-] Running workload: position = 0 config = { "version": 2, "title": "A cropped version of a bigger task.", "description": "Auto-generated task from a single workload (uuid=7c21fac9-569e-4d13-b75f-1b23f4792669)", "subtasks": [ { "title": "NeutronNetworks.set_and_clear_router_gateway", "description": "Set and Remove the external network gateway from a router.", "scenario": { "NeutronNetworks.set_and_clear_router_gateway": { "network_create_args": { "router:external": true } } }, "contexts": { "users": { "tenants": 3, "users_per_tenant": 2 }, "quotas": { "neutron": { "network": -1, "router": -1 } }, "roles": [ "admin" ] }, "runner": { "constant": { "concurrency": 4, "times": 10 } }, "hooks": [], "sla": { "failure_rate": { "max": 0 } } } ] }
2019-12-27 21:06:37.703 11833 RALLYDEBUG rally_openstack.contexts.keystone.users [-] Creating 3 tenants using 20 threads
2019-12-27 21:06:38.152 11833 RALLYDEBUG rally_openstack.contexts.keystone.users [-] Creating 6 users using 20 threads
2019-12-27 21:06:39.019 11833 INFO rally.task.context [-] Task e3573ce4-dbb4-4a7a-8f0d-31f6218d09b9 | Context users@openstack setup() finished in 1.32 sec
2019-12-27 21:06:39.550 11833 INFO rally.task.context [-] Task e3573ce4-dbb4-4a7a-8f0d-31f6218d09b9 | Context quotas@openstack setup() finished in 0.53 sec
2019-12-27 21:06:39.783 11833 RALLYDEBUG rally_openstack.contexts.keystone.roles [-] Adding role admin having ID 30e4cb30f21b4635b27592448fb4c723 to all users using 30 threads
2019-12-27 21:06:41.648 11833 INFO rally.task.context [-] Task e3573ce4-dbb4-4a7a-8f0d-31f6218d09b9 | Context roles@openstack setup() finished in 2.10 sec
2019-12-27 21:06:41.648 11833 INFO rally.task.context [-] Task e3573ce4-dbb4-4a7a-8f0d-31f6218d09b9 | Context cleanup@openstack setup() finished in 0.05 msec
2019-12-27 21:06:41.660 11833 RALLYDEBUG rally.task.runner [-] Starting the constant runner (task UUID: e3573ce4-dbb4-4a7a-8f0d-31f6218d09b9). times: 10 concurrency: 4 timeout: 0 max_cpu_used: 88 processes_to_start: 4 concurrency_per_worker: 1 concurrency_overhead: 0
2019-12-27 21:06:41.672 17171 RALLYDEBUG rally.task.runner [-] Starting a worker. times: 10 duration: None concurrency: 1 timeout: 0 cls: method_name: run args: {"network_create_args": {"router:external": true}}
2019-12-27 21:06:41.675 17172 RALLYDEBUG rally.task.runner [-] Starting a worker. times: 10 duration: None concurrency: 1 timeout: 0 cls: method_name: run args: {"network_create_args": {"router:external": true}}
2019-12-27 21:06:41.677 17173 RALLYDEBUG rally.task.runner [-] Starting a worker. times: 10 duration: None concurrency: 1 timeout: 0 cls: method_name: run args: {"network_create_args": {"router:external": true}}
2019-12-27 21:06:41.680 17171 INFO rally.task.runner [-] Task e3573ce4-dbb4-4a7a-8f0d-31f6218d09b9 | ITER: 1 START
2019-12-27 21:06:41.679 17174 RALLYDEBUG rally.task.runner [-] Starting a worker. times: 10 duration: None concurrency: 1 timeout: 0 cls: method_name: run args: {"network_create_args": {"router:external": true}}
2019-12-27 21:06:41.683 17172 INFO rally.task.runner [-] Task e3573ce4-dbb4-4a7a-8f0d-31f6218d09b9 | ITER: 2 START
2019-12-27 21:06:41.685 17173 INFO rally.task.runner [-] Task e3573ce4-dbb4-4a7a-8f0d-31f6218d09b9 | ITER: 3 START
2019-12-27 21:06:41.687 17174 INFO rally.task.runner [-] Task e3573ce4-dbb4-4a7a-8f0d-31f6218d09b9 | ITER: 4 START
2019-12-27 21:06:47.299 17171 INFO rally.task.runner [-] Task e3573ce4-dbb4-4a7a-8f0d-31f6218d09b9 | ITER: 1 END: OK
2019-12-27 21:06:47.301 17174 INFO rally.task.runner [-] Task e3573ce4-dbb4-4a7a-8f0d-31f6218d09b9 | ITER: 4 END: OK
2019-12-27 21:06:47.305 17171 INFO rally.task.runner [-] Task e3573ce4-dbb4-4a7a-8f0d-31f6218d09b9 | ITER: 5 START
2019-12-27 21:06:47.306 17174 INFO rally.task.runner [-] Task e3573ce4-dbb4-4a7a-8f0d-31f6218d09b9 | ITER: 6 START
2019-12-27 21:06:49.674 17173 INFO rally.task.runner [-] Task e3573ce4-dbb4-4a7a-8f0d-31f6218d09b9 | ITER: 3 END: OK
2019-12-27 21:06:49.680 17173 INFO rally.task.runner [-] Task e3573ce4-dbb4-4a7a-8f0d-31f6218d09b9 | ITER: 7 START
2019-12-27 21:06:50.708 17172 INFO rally.task.runner [-] Task e3573ce4-dbb4-4a7a-8f0d-31f6218d09b9 | ITER: 2 END: OK
2019-12-27 21:06:50.713 17172 INFO rally.task.runner [-] Task e3573ce4-dbb4-4a7a-8f0d-31f6218d09b9 | ITER: 8 START
2019-12-27 21:06:54.828 17173 INFO rally.task.runner [-] Task e3573ce4-dbb4-4a7a-8f0d-31f6218d09b9 | ITER: 7 END: OK
2019-12-27 21:06:54.833 17173 INFO rally.task.runner [-] Task e3573ce4-dbb4-4a7a-8f0d-31f6218d09b9 | ITER: 9 START
2019-12-27 21:06:55.841 17171 INFO rally.task.runner [-] Task e3573ce4-dbb4-4a7a-8f0d-31f6218d09b9 | ITER: 5 END: OK
2019-12-27 21:06:55.845 17174 INFO rally.task.runner [-] Task e3573ce4-dbb4-4a7a-8f0d-31f6218d09b9 | ITER: 6 END: OK
2019-12-27 21:06:55.848 17171 INFO rally.task.runner [-] Task e3573ce4-dbb4-4a7a-8f0d-31f6218d09b9 | ITER: 10 START
2019-12-27 21:06:56.206 17172 INFO rally.task.runner [-] Task e3573ce4-dbb4-4a7a-8f0d-31f6218d09b9 | ITER: 8 END: OK
2019-12-27 21:06:59.227 17173 INFO rally.task.runner [-] Task e3573ce4-dbb4-4a7a-8f0d-31f6218d09b9 | ITER: 9 END: OK
2019-12-27 21:07:00.458 17171 INFO rally.task.runner [-] Task e3573ce4-dbb4-4a7a-8f0d-31f6218d09b9 | ITER: 10 END: OK
2019-12-27 21:07:00.485 11833 INFO rally.task.context [-] Task e3573ce4-dbb4-4a7a-8f0d-31f6218d09b9 | Context cleanup@openstack cleanup() started
2019-12-27 21:07:00.492 11833 RALLYDEBUG rally_openstack.cleanup.manager [-] Cleaning up neutron vip objects
2019-12-27 21:07:01.112 11833 RALLYDEBUG rally_openstack.cleanup.manager [-] Cleaning up neutron health_monitor objects
2019-12-27 21:07:01.558 11833 RALLYDEBUG rally_openstack.cleanup.manager [-] Cleaning up neutron pool objects
2019-12-27 21:07:01.980 11833 RALLYDEBUG rally_openstack.cleanup.manager [-] Cleaning up neutron loadbalancer objects
2019-12-27 21:07:02.424 11833 RALLYDEBUG rally_openstack.cleanup.manager [-] Cleaning up neutron floatingip objects
2019-12-27 21:07:03.023 11833 RALLYDEBUG rally_openstack.cleanup.manager [-] Cleaning up neutron trunk objects
2019-12-27 21:07:03.517 11833 RALLYDEBUG rally_openstack.cleanup.manager [-] Cleaning up neutron port objects
2019-12-27 21:07:04.113 11833 RALLYDEBUG rally_openstack.cleanup.manager [-] Cleaning up neutron subnet objects
2019-12-27 21:07:04.759 11833 RALLYDEBUG rally_openstack.cleanup.manager [-] Cleaning up neutron network objects
2019-12-27 21:07:05.508 11833 RALLYDEBUG rally_openstack.cleanup.manager [-] Deleting neutron.network object s_rally_7c21fac9_3PAfdfkk (b70a9a0e-780a-4e3b-b0ea-0c107f28b77e)
2019-12-27 21:07:05.514 11833 RALLYDEBUG rally_openstack.cleanup.manager [-] Deleting neutron.network object s_rally_7c21fac9_kXdCRmW2 (2103d9ea-8b6e-44d2-8b4e-54f8f248d1a9)
2019-12-27 21:07:05.515 11833 RALLYDEBUG rally_openstack.cleanup.manager [-] Deleting neutron.network object s_rally_7c21fac9_3yXYJRpz (265818b1-d93e-4273-b60c-5002fc962f4e)
2019-12-27 21:07:05.516 11833 RALLYDEBUG rally_openstack.cleanup.manager [-] Deleting neutron.network object s_rally_7c21fac9_ZwIgkAGL (67a6cc22-882e-439f-bf43-a28a7a133a1e)
2019-12-27 21:07:05.516 11833 RALLYDEBUG rally_openstack.cleanup.manager [-] Deleting neutron.network object s_rally_7c21fac9_2KguG3Js (54958615-1828-4a2e-b7de-4b4d98cd351d)
2019-12-27 21:07:05.521 11833 RALLYDEBUG rally_openstack.cleanup.manager [-] Deleting neutron.network object s_rally_7c21fac9_XjHWwpy6 (6a2f8bf2-f4db-4a0f-b103-f536434b05e4)
2019-12-27 21:07:05.525 11833 RALLYDEBUG rally_openstack.cleanup.manager [-] Deleting neutron.network object s_rally_7c21fac9_MV5Be5wY (ac9acda4-48e3-4ccb-815d-5a8901c53a85)
2019-12-27 21:07:05.526 11833 RALLYDEBUG rally_openstack.cleanup.manager [-] Deleting neutron.network object s_rally_7c21fac9_bayCsPOI (0bc66f0c-cd0c-44d0-808f-7ec09033b538)
2019-12-27 21:07:05.531 11833 RALLYDEBUG rally_openstack.cleanup.manager [-] Deleting neutron.network object s_rally_7c21fac9_ioLPDly9 (d38f5763-9046-4c67-926b-0d3af2716fdc)
2019-12-27 21:07:05.539 11833 RALLYDEBUG rally_openstack.cleanup.manager [-] Deleting neutron.network object s_rally_7c21fac9_HavkE6Wo (8d0582c2-6365-40e8-a4b3-1379b0299605)
2019-12-27 21:07:08.244 11833 RALLYDEBUG rally_openstack.cleanup.manager [-] Cleaning up neutron router objects
2019-12-27 21:07:09.996 11833 RALLYDEBUG rally_openstack.cleanup.manager [-] Deleting neutron.router object s_rally_7c21fac9_KpNEFZaZ (80159f2a-4a07-4a74-ae85-65e0e5741a18)
2019-12-27 21:07:10.001 11833 RALLYDEBUG rally_openstack.cleanup.manager [-] Deleting neutron.router object s_rally_7c21fac9_tbHHSPol (6fd4a742-88db-40ae-8291-aeb7b66cd922)
2019-12-27 21:07:10.012 11833 RALLYDEBUG rally_openstack.cleanup.manager [-] Deleting neutron.router object s_rally_7c21fac9_ALCdx06o (84badc75-bf0f-4195-9b21-10f0a7b80fbe)
2019-12-27 21:07:10.023 11833 RALLYDEBUG rally_openstack.cleanup.manager [-] Deleting neutron.router object s_rally_7c21fac9_v76XqTwo (fa363f59-0d42-4340-8d11-c9601415573b)
2019-12-27 21:07:10.030 11833 RALLYDEBUG rally_openstack.cleanup.manager [-] Deleting neutron.router object s_rally_7c21fac9_KyzlK1kb (330551b5-60e3-45f9-ad84-dfce37ee05d9)
2019-12-27 21:07:10.035 11833 RALLYDEBUG rally_openstack.cleanup.manager [-] Deleting neutron.router object s_rally_7c21fac9_XT6YfPfH (b8cf13f3-ba56-46ac-a075-c436c1781e80)
2019-12-27 21:07:10.039 11833 RALLYDEBUG rally_openstack.cleanup.manager [-] Deleting neutron.router object s_rally_7c21fac9_SnDKH87k (e49c5bd7-8b4e-479e-a9e2-67fffee681b7)
2019-12-27 21:07:10.055 11833 RALLYDEBUG rally_openstack.cleanup.manager [-] Deleting neutron.router object s_rally_7c21fac9_zys2Fhrq (14d96d2c-b312-4f59-8b9f-63eda9af42f3)
2019-12-27 21:07:10.080 11833 RALLYDEBUG rally_openstack.cleanup.manager [-] Deleting neutron.router object s_rally_7c21fac9_JbnCgTPE (5c6a0dc1-2c7b-4707-a922-662a5d67b59c)
2019-12-27 21:07:10.090 11833 RALLYDEBUG rally_openstack.cleanup.manager [-] Deleting neutron.router object s_rally_7c21fac9_uPPhcStR (db5f4da8-c6be-48bb-9d15-552d77eee4f6)
2019-12-27 21:07:12.558 11833 RALLYDEBUG rally_openstack.cleanup.manager [-] Cleaning up neutron security_group objects
2019-12-27 21:07:13.123 11833 INFO rally.task.context [-] Task e3573ce4-dbb4-4a7a-8f0d-31f6218d09b9 | Context cleanup@openstack cleanup() finished in 12.64 sec
2019-12-27 21:07:13.124 11833 INFO rally.task.context [-] Task e3573ce4-dbb4-4a7a-8f0d-31f6218d09b9 | Context roles@openstack cleanup() started
2019-12-27 21:07:13.125 11833 RALLYDEBUG rally_openstack.contexts.keystone.roles [-] Removing assigned role 30e4cb30f21b4635b27592448fb4c723 from all users
2019-12-27 21:07:13.658 11833 INFO rally.task.context [-] Task e3573ce4-dbb4-4a7a-8f0d-31f6218d09b9 | Context roles@openstack cleanup() finished in 0.53 sec
2019-12-27 21:07:13.658 11833 INFO rally.task.context [-] Task e3573ce4-dbb4-4a7a-8f0d-31f6218d09b9 | Context quotas@openstack cleanup() started
2019-12-27 21:07:13.724 11833 INFO rally.task.context [-] Task e3573ce4-dbb4-4a7a-8f0d-31f6218d09b9 | Context quotas@openstack cleanup() finished in 65.74 msec
2019-12-27 21:07:13.725 11833 INFO rally.task.context [-] Task e3573ce4-dbb4-4a7a-8f0d-31f6218d09b9 | Context users@openstack cleanup() started
2019-12-27 21:07:16.406 11833 INFO rally.task.context [-] Task e3573ce4-dbb4-4a7a-8f0d-31f6218d09b9 | Context users@openstack cleanup() finished in 2.68 sec
2019-12-27 21:07:17.943 11833 INFO rally.task.engine [-] Load duration is: 18.777234
2019-12-27 21:07:17.944 11833 INFO rally.task.engine [-] Full runner duration is: 18.825195
2019-12-27 21:07:17.944 11833 INFO rally.task.engine [-] Full duration is: 38.706919
2019-12-27 21:07:18.033 11833 INFO rally.task.engine [-] Running workload: position = 0 config = { "version": 2, "title": "A cropped version of a bigger task.", "description": "Auto-generated task from a single workload (uuid=9a711eb6-eabf-4f41-b4dc-1335cc062ca9)", "subtasks": [ { "title": "NeutronNetworks.create_and_show_ports", "description": "Create a given number of ports and show created ports in trun.", "scenario": { "NeutronNetworks.create_and_show_ports": { "ports_per_network": 2 } }, "contexts": { "users": { "tenants": 3, "users_per_tenant": 2 }, "network": { "router": {} }, "quotas": { "neutron": { "network": -1, "router": -1 } } }, "runner": { "constant": { "concurrency": 4, "times": 10 } }, "hooks": [], "sla": { "failure_rate": { "max": 0 } } } ] }
2019-12-27 21:07:18.061 11833 RALLYDEBUG rally_openstack.contexts.keystone.users [-] Creating 3 tenants using 20 threads
2019-12-27 21:07:18.589 11833 RALLYDEBUG rally_openstack.contexts.keystone.users [-] Creating 6 users using 20 threads
2019-12-27 21:07:19.517 11833 INFO rally.task.context [-] Task e3573ce4-dbb4-4a7a-8f0d-31f6218d09b9 | Context users@openstack setup() finished in 1.46 sec
2019-12-27 21:07:19.882 11833 INFO rally.task.context [-] Task e3573ce4-dbb4-4a7a-8f0d-31f6218d09b9 | Context quotas@openstack setup() finished in 0.36 sec
2019-12-27 21:07:20.553 11833 RALLYDEBUG rally_openstack.wrappers.network [-] CIDR generated: 10.2.72.0/24
2019-12-27 21:07:21.409 11833 RALLYDEBUG rally_openstack.wrappers.network [-] CIDR generated: 10.2.73.0/24
2019-12-27 21:07:22.234 11833 RALLYDEBUG rally_openstack.wrappers.network [-] CIDR generated: 10.2.74.0/24
2019-12-27 21:07:22.858 11833 INFO rally.task.context [-] Task e3573ce4-dbb4-4a7a-8f0d-31f6218d09b9 | Context network@openstack setup() finished in 2.97 sec
2019-12-27 21:07:22.859 11833 INFO rally.task.context [-] Task e3573ce4-dbb4-4a7a-8f0d-31f6218d09b9 | Context cleanup@openstack setup() finished in 0.17 msec
2019-12-27 21:07:22.869 11833 RALLYDEBUG rally.task.runner [-] Starting the constant runner (task UUID: e3573ce4-dbb4-4a7a-8f0d-31f6218d09b9). times: 10 concurrency: 4 timeout: 0 max_cpu_used: 88 processes_to_start: 4 concurrency_per_worker: 1 concurrency_overhead: 0
2019-12-27 21:07:22.881 17525 RALLYDEBUG rally.task.runner [-] Starting a worker. times: 10 duration: None concurrency: 1 timeout: 0 cls: method_name: run args: {"ports_per_network": 2}
2019-12-27 21:07:22.884 17526 RALLYDEBUG rally.task.runner [-] Starting a worker. times: 10 duration: None concurrency: 1 timeout: 0 cls: method_name: run args: {"ports_per_network": 2}
2019-12-27 21:07:22.887 17527 RALLYDEBUG rally.task.runner [-] Starting a worker. times: 10 duration: None concurrency: 1 timeout: 0 cls: method_name: run args: {"ports_per_network": 2}
2019-12-27 21:07:22.889 17525 INFO rally.task.runner [-] Task e3573ce4-dbb4-4a7a-8f0d-31f6218d09b9 | ITER: 1 START
2019-12-27 21:07:22.890 17528 RALLYDEBUG rally.task.runner [-] Starting a worker. times: 10 duration: None concurrency: 1 timeout: 0 cls: method_name: run args: {"ports_per_network": 2}
2019-12-27 21:07:22.891 17526 INFO rally.task.runner [-] Task e3573ce4-dbb4-4a7a-8f0d-31f6218d09b9 | ITER: 2 START
2019-12-27 21:07:22.893 17527 INFO rally.task.runner [-] Task e3573ce4-dbb4-4a7a-8f0d-31f6218d09b9 | ITER: 3 START
2019-12-27 21:07:22.898 17528 INFO rally.task.runner [-] Task e3573ce4-dbb4-4a7a-8f0d-31f6218d09b9 | ITER: 4 START
2019-12-27 21:07:25.501 17525 INFO rally.task.runner [-] Task e3573ce4-dbb4-4a7a-8f0d-31f6218d09b9 | ITER: 1 END: OK
2019-12-27 21:07:25.505 17525 INFO rally.task.runner [-] Task e3573ce4-dbb4-4a7a-8f0d-31f6218d09b9 | ITER: 5 START
2019-12-27 21:07:25.525 17528 INFO rally.task.runner [-] Task e3573ce4-dbb4-4a7a-8f0d-31f6218d09b9 | ITER: 4 END: OK
2019-12-27 21:07:25.530 17528 INFO rally.task.runner [-] Task e3573ce4-dbb4-4a7a-8f0d-31f6218d09b9 | ITER: 6 START
2019-12-27 21:07:26.990 17527 INFO rally.task.runner [-] Task e3573ce4-dbb4-4a7a-8f0d-31f6218d09b9 | ITER: 3 END: OK
2019-12-27 21:07:26.995 17527 INFO rally.task.runner [-] Task e3573ce4-dbb4-4a7a-8f0d-31f6218d09b9 | ITER: 7 START
2019-12-27 21:07:26.997 17526 INFO rally.task.runner [-] Task e3573ce4-dbb4-4a7a-8f0d-31f6218d09b9 | ITER: 2 END: OK
2019-12-27 21:07:27.001 17526 INFO rally.task.runner [-] Task e3573ce4-dbb4-4a7a-8f0d-31f6218d09b9 | ITER: 8 START
2019-12-27 21:07:27.922 17525 INFO rally.task.runner [-] Task e3573ce4-dbb4-4a7a-8f0d-31f6218d09b9 | ITER: 5 END: OK
2019-12-27 21:07:27.927 17525 INFO rally.task.runner [-] Task e3573ce4-dbb4-4a7a-8f0d-31f6218d09b9 | ITER: 9 START
2019-12-27 21:07:28.073 17528 INFO rally.task.runner [-] Task e3573ce4-dbb4-4a7a-8f0d-31f6218d09b9 | ITER: 6 END: OK
2019-12-27 21:07:28.079 17528 INFO rally.task.runner [-] Task e3573ce4-dbb4-4a7a-8f0d-31f6218d09b9 | ITER: 10 START
2019-12-27 21:07:29.433 17527 INFO rally.task.runner [-] Task e3573ce4-dbb4-4a7a-8f0d-31f6218d09b9 | ITER: 7 END: OK
2019-12-27 21:07:29.789 17526 INFO rally.task.runner [-] Task e3573ce4-dbb4-4a7a-8f0d-31f6218d09b9 | ITER: 8 END: OK
2019-12-27 21:07:30.328 17525 INFO rally.task.runner [-] Task e3573ce4-dbb4-4a7a-8f0d-31f6218d09b9 | ITER: 9 END: OK
2019-12-27 21:07:30.643 17528 INFO rally.task.runner [-] Task e3573ce4-dbb4-4a7a-8f0d-31f6218d09b9 | ITER: 10 END: OK
2019-12-27 21:07:30.664 11833 INFO rally.task.context [-] Task e3573ce4-dbb4-4a7a-8f0d-31f6218d09b9 | Context cleanup@openstack cleanup() started
2019-12-27 21:07:30.669 11833 RALLYDEBUG rally_openstack.cleanup.manager [-] Cleaning up neutron vip objects
2019-12-27 21:07:31.090 11833 RALLYDEBUG rally_openstack.cleanup.manager [-] Cleaning up neutron health_monitor objects
2019-12-27 21:07:31.462 11833 RALLYDEBUG rally_openstack.cleanup.manager [-] Cleaning up neutron pool objects
2019-12-27 21:07:31.867 11833 RALLYDEBUG rally_openstack.cleanup.manager [-] Cleaning up neutron loadbalancer objects
2019-12-27 21:07:32.588 11833 RALLYDEBUG rally_openstack.cleanup.manager [-] Cleaning up neutron floatingip objects
2019-12-27 21:07:33.174 11833 RALLYDEBUG rally_openstack.cleanup.manager [-] Cleaning up neutron trunk objects
2019-12-27 21:07:33.647 11833 RALLYDEBUG rally_openstack.cleanup.manager [-] Cleaning up neutron port objects
2019-12-27 21:07:34.580 11833 RALLYDEBUG rally_openstack.cleanup.manager [-] Deleting neutron.port object s_rally_9a711eb6_JMajj4qJ (3c98b9ba-5503-4ee3-8912-d0d8d12946bf)
2019-12-27 21:07:34.579 11833 RALLYDEBUG rally_openstack.cleanup.manager [-] Deleting neutron.port object s_rally_9a711eb6_TzLc3c1q (44ed01a7-bfb2-4cef-921b-6c553956aa94)
2019-12-27 21:07:34.589 11833 RALLYDEBUG rally_openstack.cleanup.manager [-] Deleting neutron.port object s_rally_9a711eb6_AAPKxmHQ (4ccd5c14-b775-4e92-95e7-055333bbdb4b)
2019-12-27 21:07:34.598 11833 RALLYDEBUG rally_openstack.cleanup.manager [-] Deleting neutron.port object s_rally_9a711eb6_cqvUCH15 (95359bb2-5b62-410a-9b72-8591a697fe3a)
2019-12-27 21:07:34.609 11833 RALLYDEBUG rally_openstack.cleanup.manager [-] Deleting neutron.port object s_rally_9a711eb6_tsfSpems (b2de6b68-1cc4-4cfd-9a95-00b8afac7448)
2019-12-27 21:07:34.614 11833 RALLYDEBUG rally_openstack.cleanup.manager [-] Deleting neutron.port object s_rally_9a711eb6_w0zgmFTw (dbdaef0a-5ede-4d4c-8611-e83a5f93f758)
2019-12-27 21:07:34.624 11833 RALLYDEBUG rally_openstack.cleanup.manager [-] Deleting neutron.port object s_rally_9a711eb6_k47iFEhB (073efa38-e939-4d75-a3fb-1060ba4ce12d)
2019-12-27 21:07:34.650 11833 RALLYDEBUG rally_openstack.cleanup.manager [-] Deleting neutron.port object s_rally_9a711eb6_042lT9Ys (1def534b-ae0f-4721-9870-c3146b73f44a)
2019-12-27 21:07:34.662 11833 RALLYDEBUG rally_openstack.cleanup.manager [-] Deleting neutron.port object s_rally_9a711eb6_hcKWLLlp (79dd4ae5-f4c9-4bb2-bfc3-426d308ad0e8)
2019-12-27 21:07:34.692 11833 RALLYDEBUG rally_openstack.cleanup.manager [-] Deleting neutron.port object s_rally_9a711eb6_ZaEfB09z (08de771e-ac5b-4644-b567-5266fc952c3a)
2019-12-27 21:07:34.697 11833 RALLYDEBUG rally_openstack.cleanup.manager [-] Deleting neutron.port object s_rally_9a711eb6_T6ixrMM4 (14455edb-4006-443d-85d7-5d021d50b41c)
2019-12-27 21:07:34.700 11833 RALLYDEBUG rally_openstack.cleanup.manager [-] Deleting neutron.port object s_rally_9a711eb6_TsdE8DkM (faaf02da-0c69-428c-809f-65f7a0a12480)
2019-12-27 21:07:34.730 11833 RALLYDEBUG rally_openstack.cleanup.manager [-] Deleting neutron.port object s_rally_9a711eb6_YUkZVLkS (2563ddb2-110a-4090-8df4-fb53448a55b8)
2019-12-27 21:07:34.745 11833 RALLYDEBUG rally_openstack.cleanup.manager [-] Deleting neutron.port object s_rally_9a711eb6_FCBXkkgM (34a4b032-b498-41b4-8762-ed6776d82519)
2019-12-27 21:07:34.761 11833 RALLYDEBUG rally_openstack.cleanup.manager [-] Deleting neutron.port object s_rally_9a711eb6_x6APzGiX (3ec005cf-2c15-4937-bd24-53faf69077af)
2019-12-27 21:07:34.782 11833 RALLYDEBUG rally_openstack.cleanup.manager [-] Deleting neutron.port object s_rally_9a711eb6_pB61vFEs (74541522-9eef-4e1d-96a2-30ffd69a30e1)
2019-12-27 21:07:34.795 11833 RALLYDEBUG rally_openstack.cleanup.manager [-] Deleting neutron.port object s_rally_9a711eb6_d1xMtoZs (9a976c70-c8ad-4ae3-8fe9-6a58f54669b3)
2019-12-27 21:07:34.820 11833 RALLYDEBUG rally_openstack.cleanup.manager [-] Deleting neutron.port object s_rally_9a711eb6_RPw6nyLC (b759b017-1d7f-4101-a81d-a537208e1fa2)
2019-12-27 21:07:34.828 11833 RALLYDEBUG rally_openstack.cleanup.manager [-] Deleting neutron.port object s_rally_9a711eb6_cqqSADj8 (c8adc7e1-7bca-4e0f-8d00-16e516151f6b)
2019-12-27 21:07:34.892 11833 RALLYDEBUG rally_openstack.cleanup.manager [-] Deleting neutron.port object s_rally_9a711eb6_lIZZT61t (e9b3d078-60e3-4e55-8336-145428837145)
2019-12-27 21:07:38.285 11833 RALLYDEBUG rally_openstack.cleanup.manager [-] Cleaning up neutron subnet objects
2019-12-27 21:07:38.865 11833 RALLYDEBUG rally_openstack.cleanup.manager [-] Cleaning up neutron network objects
2019-12-27 21:07:39.649 11833 RALLYDEBUG rally_openstack.cleanup.manager [-] Cleaning up neutron router objects
2019-12-27 21:07:40.260 11833 RALLYDEBUG rally_openstack.cleanup.manager [-] Cleaning up neutron security_group objects
2019-12-27 21:07:40.849 11833 INFO rally.task.context [-] Task e3573ce4-dbb4-4a7a-8f0d-31f6218d09b9 | Context cleanup@openstack cleanup() finished in 10.19 sec
2019-12-27 21:07:40.850 11833 INFO rally.task.context [-] Task e3573ce4-dbb4-4a7a-8f0d-31f6218d09b9 | Context network@openstack cleanup() started
2019-12-27 21:07:48.322 11833 INFO rally.task.context [-] Task e3573ce4-dbb4-4a7a-8f0d-31f6218d09b9 | Context network@openstack cleanup() finished in 7.47 sec
2019-12-27 21:07:48.323 11833 INFO rally.task.context [-] Task e3573ce4-dbb4-4a7a-8f0d-31f6218d09b9 | Context quotas@openstack cleanup() started
2019-12-27 21:07:48.387 11833 INFO rally.task.context [-] Task e3573ce4-dbb4-4a7a-8f0d-31f6218d09b9 | Context quotas@openstack cleanup() finished in 63.72 msec
2019-12-27 21:07:48.388 11833 INFO rally.task.context [-] Task e3573ce4-dbb4-4a7a-8f0d-31f6218d09b9 | Context users@openstack cleanup() started
2019-12-27 21:07:50.656 11833 INFO rally.task.context [-] Task e3573ce4-dbb4-4a7a-8f0d-31f6218d09b9 | Context users@openstack cleanup() finished in 2.27 sec
2019-12-27 21:07:52.244 11833 INFO rally.task.engine [-] Load duration is: 7.752828
2019-12-27 21:07:52.244 11833 INFO rally.task.engine [-] Full runner duration is: 7.794754
2019-12-27 21:07:52.244 11833 INFO rally.task.engine [-] Full duration is: 32.597217
2019-12-27 21:07:52.329 11833 INFO rally.task.engine [-] Running workload: position = 0 config = { "version": 2, "title": "A cropped version of a bigger task.", "description": "Auto-generated task from a single workload (uuid=be35bc2f-f945-4574-905c-97addeba3937)", "subtasks": [ { "title": "NeutronNetworks.create_and_show_routers", "description": "Create and show a given number of routers.", "scenario": { "NeutronNetworks.create_and_show_routers": { "subnets_per_network": 2 } }, "contexts": { "users": { "tenants": 3, "users_per_tenant": 2 }, "quotas": { "neutron": { "network": -1, "subnet": -1, "router": -1 } } }, "runner": { "constant": { "concurrency": 4, "times": 10 } }, "hooks": [], "sla": { "failure_rate": { "max": 0 } } } ] }
2019-12-27 21:07:52.348 11833 RALLYDEBUG rally_openstack.contexts.keystone.users [-] Creating 3 tenants using 20 threads
2019-12-27 21:07:52.899 11833 RALLYDEBUG rally_openstack.contexts.keystone.users [-] Creating 6 users using 20 threads
2019-12-27 21:07:53.907 11833 INFO rally.task.context [-] Task e3573ce4-dbb4-4a7a-8f0d-31f6218d09b9 | Context users@openstack setup() finished in 1.56 sec
2019-12-27 21:07:54.307 11833 INFO rally.task.context [-] Task e3573ce4-dbb4-4a7a-8f0d-31f6218d09b9 | Context quotas@openstack setup() finished in 0.40 sec
2019-12-27 21:07:54.308 11833 INFO rally.task.context [-] Task e3573ce4-dbb4-4a7a-8f0d-31f6218d09b9 | Context cleanup@openstack setup() finished in 0.15 msec
2019-12-27 21:07:54.319 11833 RALLYDEBUG rally.task.runner [-] Starting the constant runner (task UUID: e3573ce4-dbb4-4a7a-8f0d-31f6218d09b9). times: 10 concurrency: 4 timeout: 0 max_cpu_used: 88 processes_to_start: 4 concurrency_per_worker: 1 concurrency_overhead: 0
