2019-12-27 20:53:38.593 6545 RALLYDEBUG rally_openstack.contexts.keystone.users [-] Creating 6 users using 20 threads
2019-12-27 20:53:39.516 6545 INFO rally.task.context [-] Task f02bedc5-62e0-40a6-9bb8-5e8f7cfa993b | Context users@openstack setup() finished in 1.52 sec
2019-12-27 20:53:39.739 6545 ERROR rally.common.broker [-] Failed to publish a task to the queue: rally.exceptions.NotFoundException: The resource can not be found: There is no role with name `heat_stack_owner`
2019-12-27 20:53:39.739 6545 ERROR rally.common.broker
Traceback (most recent call last):
2019-12-27 20:53:39.739 6545 ERROR rally.common.broker
File "/usr/lib/python3.6/site-packages/rally/common/broker.py", line 58, in _publisher
2019-12-27 20:53:39.739 6545 ERROR rally.common.broker publish(queue)
2019-12-27 20:53:39.739 6545 ERROR rally.common.broker
File "/usr/lib/python3.6/site-packages/rally_openstack/contexts/keystone/roles.py", line 91, in publish
2019-12-27 20:53:39.739 6545 ERROR rally.common.broker role = self._get_role_object(context_role)
2019-12-27 20:53:39.739 6545 ERROR rally.common.broker
File "/usr/lib/python3.6/site-packages/rally_openstack/contexts/keystone/roles.py", line 65, in _get_role_object
2019-12-27 20:53:39.739 6545 ERROR rally.common.broker "There is no role with name `%s`" % context_role)
2019-12-27 20:53:39.739 6545 ERROR rally.common.broker rally.exceptions.NotFoundException: The resource can not be found: There is no role with name `heat_stack_owner`
2019-12-27 20:53:39.739 6545 ERROR rally.common.broker
2019-12-27 20:53:39.749 6545 INFO rally.task.context [-] Task f02bedc5-62e0-40a6-9bb8-5e8f7cfa993b | Context roles@openstack setup() finished in 0.23 sec
2019-12-27 20:53:39.750 6545 INFO rally.task.context [-] Task f02bedc5-62e0-40a6-9bb8-5e8f7cfa993b | Context cleanup@openstack setup() finished in 0.02 msec
2019-12-27 20:53:39.760 6545 RALLYDEBUG rally.task.runner [-] Starting the constant runner (task UUID: f02bedc5-62e0-40a6-9bb8-5e8f7cfa993b). times: 10 concurrency: 4 timeout: 0 max_cpu_used: 88 processes_to_start: 4 concurrency_per_worker: 1 concurrency_overhead: 0
2019-12-27 20:53:39.770 8524 RALLYDEBUG rally.task.runner [-] Starting a worker. times: 10 duration: None concurrency: 1 timeout: 0 cls: method_name: run args: {"template_path": "heat_template_version: 2014-10-16\n\ndescription: Test template for rally create-update-delete scenario\n\nresources:\n test_group:\n type: OS::Heat::ResourceGroup\n properties:\n count: 2\n resource_def:\n type: OS::Heat::RandomString\n properties:\n length: 20", "updated_template_path": "heat_template_version: 2014-10-16\n\ndescription: >\n Test template for create-update-delete-stack scenario in rally.\n The template updates one resource from the stack defined by resource_group.yaml.template\n and adds children resources to that resource.\n\nresources:\n test_group:\n type: OS::Heat::ResourceGroup\n properties:\n count: 3\n resource_def:\n type: OS::Heat::RandomString\n properties:\n length: 20"}
2019-12-27 20:53:39.770 8523 RALLYDEBUG rally.task.runner [-] Starting a worker. times: 10 duration: None concurrency: 1 timeout: 0 cls: method_name: run args: {"template_path": "heat_template_version: 2014-10-16\n\ndescription: Test template for rally create-update-delete scenario\n\nresources:\n test_group:\n type: OS::Heat::ResourceGroup\n properties:\n count: 2\n resource_def:\n type: OS::Heat::RandomString\n properties:\n length: 20", "updated_template_path": "heat_template_version: 2014-10-16\n\ndescription: >\n Test template for create-update-delete-stack scenario in rally.\n The template updates one resource from the stack defined by resource_group.yaml.template\n and adds children resources to that resource.\n\nresources:\n test_group:\n type: OS::Heat::ResourceGroup\n properties:\n count: 3\n resource_def:\n type: OS::Heat::RandomString\n properties:\n length: 20"}
2019-12-27 20:53:39.775 8524 INFO rally.task.runner [-] Task f02bedc5-62e0-40a6-9bb8-5e8f7cfa993b | ITER: 1 START
2019-12-27 20:53:39.774 8525 RALLYDEBUG rally.task.runner [-] Starting a worker. times: 10 duration: None concurrency: 1 timeout: 0 cls: method_name: run args: {"template_path": "heat_template_version: 2014-10-16\n\ndescription: Test template for rally create-update-delete scenario\n\nresources:\n test_group:\n type: OS::Heat::ResourceGroup\n properties:\n count: 2\n resource_def:\n type: OS::Heat::RandomString\n properties:\n length: 20", "updated_template_path": "heat_template_version: 2014-10-16\n\ndescription: >\n Test template for create-update-delete-stack scenario in rally.\n The template updates one resource from the stack defined by resource_group.yaml.template\n and adds children resources to that resource.\n\nresources:\n test_group:\n type: OS::Heat::ResourceGroup\n properties:\n count: 3\n resource_def:\n type: OS::Heat::RandomString\n properties:\n length: 20"}
2019-12-27 20:53:39.777 8523 INFO rally.task.runner [-] Task f02bedc5-62e0-40a6-9bb8-5e8f7cfa993b | ITER: 2 START
2019-12-27 20:53:39.777 8526 RALLYDEBUG rally.task.runner [-] Starting a worker. times: 10 duration: None concurrency: 1 timeout: 0 cls: method_name: run args: {"template_path": "heat_template_version: 2014-10-16\n\ndescription: Test template for rally create-update-delete scenario\n\nresources:\n test_group:\n type: OS::Heat::ResourceGroup\n properties:\n count: 2\n resource_def:\n type: OS::Heat::RandomString\n properties:\n length: 20", "updated_template_path": "heat_template_version: 2014-10-16\n\ndescription: >\n Test template for create-update-delete-stack scenario in rally.\n The template updates one resource from the stack defined by resource_group.yaml.template\n and adds children resources to that resource.\n\nresources:\n test_group:\n type: OS::Heat::ResourceGroup\n properties:\n count: 3\n resource_def:\n type: OS::Heat::RandomString\n properties:\n length: 20"}
2019-12-27 20:53:39.781 8525 INFO rally.task.runner [-] Task f02bedc5-62e0-40a6-9bb8-5e8f7cfa993b | ITER: 3 START
2019-12-27 20:53:39.783 8526 INFO rally.task.runner [-] Task f02bedc5-62e0-40a6-9bb8-5e8f7cfa993b | ITER: 4 START
2019-12-27 20:53:43.830 8526 RALLYDEBUG rally.task.utils [-] Waiting for resource . Status changed: CREATE_IN_PROGRESS => CREATE_COMPLETE in 1.2105109691619873
2019-12-27 20:53:43.849 8524 RALLYDEBUG rally.task.utils [-] Waiting for resource . Status changed: CREATE_IN_PROGRESS => CREATE_COMPLETE in 1.2158770561218262
2019-12-27 20:53:43.874 8523 RALLYDEBUG rally.task.utils [-] Waiting for resource . Status changed: CREATE_IN_PROGRESS => CREATE_COMPLETE in 1.212315559387207
2019-12-27 20:53:43.909 8525 RALLYDEBUG rally.task.utils [-] Waiting for resource . Status changed: CREATE_IN_PROGRESS => CREATE_COMPLETE in 1.1726949214935303
2019-12-27 20:53:46.044 8526 RALLYDEBUG rally.task.utils [-] Waiting for resource . Status changed: CREATE_COMPLETE => UPDATE_IN_PROGRESS in 0.09110355377197266
2019-12-27 20:53:46.070 8524 RALLYDEBUG rally.task.utils [-] Waiting for resource . Status changed: CREATE_COMPLETE => UPDATE_IN_PROGRESS in 0.0997612476348877
2019-12-27 20:53:46.141 8523 RALLYDEBUG rally.task.utils [-] Waiting for resource . Status changed: CREATE_COMPLETE => UPDATE_IN_PROGRESS in 0.08712077140808105
2019-12-27 20:53:46.182 8525 RALLYDEBUG rally.task.utils [-] Waiting for resource . Status changed: CREATE_COMPLETE => UPDATE_IN_PROGRESS in 0.10260224342346191
2019-12-27 20:53:48.263 8526 RALLYDEBUG rally.task.utils [-] Waiting for resource . Status changed: UPDATE_IN_PROGRESS => UPDATE_COMPLETE in 2.2197182178497314
2019-12-27 20:53:48.309 8524 RALLYDEBUG rally.task.utils [-] Waiting for resource . Status changed: UPDATE_IN_PROGRESS => UPDATE_COMPLETE in 2.239143133163452
2019-12-27 20:53:48.311 8523 RALLYDEBUG rally.task.utils [-] Waiting for resource . Status changed: UPDATE_IN_PROGRESS => UPDATE_COMPLETE in 2.1701560020446777
2019-12-27 20:53:48.347 8525 RALLYDEBUG rally.task.utils [-] Waiting for resource . Status changed: UPDATE_IN_PROGRESS => UPDATE_COMPLETE in 2.1646833419799805
2019-12-27 20:53:48.453 8526 RALLYDEBUG rally.task.utils [-] Waiting for resource . Status changed: CREATE_COMPLETE => DELETE_IN_PROGRESS in 0.1014091968536377
2019-12-27 20:53:48.507 8524 RALLYDEBUG rally.task.utils [-] Waiting for resource . Status changed: CREATE_COMPLETE => DELETE_IN_PROGRESS in 0.0698549747467041
2019-12-27 20:53:48.551 8523 RALLYDEBUG rally.task.utils [-] Waiting for resource . Status changed: CREATE_COMPLETE => DELETE_IN_PROGRESS in 0.09963464736938477
2019-12-27 20:53:48.562 8525 RALLYDEBUG rally.task.utils [-] Waiting for resource . Status changed: CREATE_COMPLETE => DELETE_IN_PROGRESS in 0.08577919006347656
2019-12-27 20:53:51.741 8526 INFO rally.task.runner [-] Task f02bedc5-62e0-40a6-9bb8-5e8f7cfa993b | ITER: 4 END: OK
2019-12-27 20:53:51.746 8526 INFO rally.task.runner [-] Task f02bedc5-62e0-40a6-9bb8-5e8f7cfa993b | ITER: 5 START
2019-12-27 20:53:51.793 8524 INFO rally.task.runner [-] Task f02bedc5-62e0-40a6-9bb8-5e8f7cfa993b | ITER: 1 END: OK
2019-12-27 20:53:51.797 8524 INFO rally.task.runner [-] Task f02bedc5-62e0-40a6-9bb8-5e8f7cfa993b | ITER: 6 START
2019-12-27 20:53:51.834 8523 INFO rally.task.runner [-] Task f02bedc5-62e0-40a6-9bb8-5e8f7cfa993b | ITER: 2 END: OK
2019-12-27 20:53:51.839 8523 INFO rally.task.runner [-] Task f02bedc5-62e0-40a6-9bb8-5e8f7cfa993b | ITER: 7 START
2019-12-27 20:53:51.852 8525 INFO rally.task.runner [-] Task f02bedc5-62e0-40a6-9bb8-5e8f7cfa993b | ITER: 3 END: OK
2019-12-27 20:53:51.857 8525 INFO rally.task.runner [-] Task f02bedc5-62e0-40a6-9bb8-5e8f7cfa993b | ITER: 8 START
2019-12-27 20:53:55.852 8526 RALLYDEBUG rally.task.utils [-] Waiting for resource . Status changed: CREATE_IN_PROGRESS => CREATE_COMPLETE in 1.1661627292633057
2019-12-27 20:53:55.867 8524 RALLYDEBUG rally.task.utils [-] Waiting for resource . Status changed: CREATE_IN_PROGRESS => CREATE_COMPLETE in 1.181976556777954
2019-12-27 20:53:55.996 8523 RALLYDEBUG rally.task.utils [-] Waiting for resource . Status changed: CREATE_IN_PROGRESS => CREATE_COMPLETE in 1.163980484008789
2019-12-27 20:53:56.081 8525 RALLYDEBUG rally.task.utils [-] Waiting for resource . Status changed: CREATE_IN_PROGRESS => CREATE_COMPLETE in 1.1730899810791016
2019-12-27 20:53:58.125 8526 RALLYDEBUG rally.task.utils [-] Waiting for resource . Status changed: CREATE_COMPLETE => UPDATE_IN_PROGRESS in 0.10145282745361328
2019-12-27 20:53:58.135 8524 RALLYDEBUG rally.task.utils [-] Waiting for resource . Status changed: CREATE_COMPLETE => UPDATE_IN_PROGRESS in 0.09671449661254883
2019-12-27 20:53:58.288 8523 RALLYDEBUG rally.task.utils [-] Waiting for resource . Status changed: CREATE_COMPLETE => UPDATE_IN_PROGRESS in 0.10115218162536621
2019-12-27 20:53:58.348 8525 RALLYDEBUG rally.task.utils [-] Waiting for resource . Status changed: CREATE_COMPLETE => UPDATE_IN_PROGRESS in 0.08267092704772949
2019-12-27 20:54:00.319 8524 RALLYDEBUG rally.task.utils [-] Waiting for resource . Status changed: UPDATE_IN_PROGRESS => UPDATE_COMPLETE in 2.184203624725342
2019-12-27 20:54:00.325 8526 RALLYDEBUG rally.task.utils [-] Waiting for resource . Status changed: UPDATE_IN_PROGRESS => UPDATE_COMPLETE in 2.1999192237854004
2019-12-27 20:54:00.492 8523 RALLYDEBUG rally.task.utils [-] Waiting for resource . Status changed: UPDATE_IN_PROGRESS => UPDATE_COMPLETE in 2.2041268348693848
2019-12-27 20:54:00.499 8526 RALLYDEBUG rally.task.utils [-] Waiting for resource . Status changed: CREATE_COMPLETE => DELETE_IN_PROGRESS in 0.09668493270874023
2019-12-27 20:54:00.530 8524 RALLYDEBUG rally.task.utils [-] Waiting for resource . Status changed: CREATE_COMPLETE => DELETE_IN_PROGRESS in 0.08002138137817383
2019-12-27 20:54:00.535 8525 RALLYDEBUG rally.task.utils [-] Waiting for resource . Status changed: UPDATE_IN_PROGRESS => UPDATE_COMPLETE in 2.1868813037872314
2019-12-27 20:54:00.721 8523 RALLYDEBUG rally.task.utils [-] Waiting for resource . Status changed: CREATE_COMPLETE => DELETE_IN_PROGRESS in 0.09706449508666992
2019-12-27 20:54:00.749 8525 RALLYDEBUG rally.task.utils [-] Waiting for resource . Status changed: CREATE_COMPLETE => DELETE_IN_PROGRESS in 0.08185362815856934
2019-12-27 20:54:03.792 8526 INFO rally.task.runner [-] Task f02bedc5-62e0-40a6-9bb8-5e8f7cfa993b | ITER: 5 END: OK
2019-12-27 20:54:03.798 8526 INFO rally.task.runner [-] Task f02bedc5-62e0-40a6-9bb8-5e8f7cfa993b | ITER: 9 START
2019-12-27 20:54:03.808 8524 INFO rally.task.runner [-] Task f02bedc5-62e0-40a6-9bb8-5e8f7cfa993b | ITER: 6 END: OK
2019-12-27 20:54:03.814 8524 INFO rally.task.runner [-] Task f02bedc5-62e0-40a6-9bb8-5e8f7cfa993b | ITER: 10 START
2019-12-27 20:54:03.964 8523 INFO rally.task.runner [-] Task f02bedc5-62e0-40a6-9bb8-5e8f7cfa993b | ITER: 7 END: OK
2019-12-27 20:54:04.026 8525 INFO rally.task.runner [-] Task f02bedc5-62e0-40a6-9bb8-5e8f7cfa993b | ITER: 8 END: OK
2019-12-27 20:54:07.888 8524 RALLYDEBUG rally.task.utils [-] Waiting for resource . Status changed: CREATE_IN_PROGRESS => CREATE_COMPLETE in 1.1813900470733643
2019-12-27 20:54:07.896 8526 RALLYDEBUG rally.task.utils [-] Waiting for resource . Status changed: CREATE_IN_PROGRESS => CREATE_COMPLETE in 1.156458854675293
2019-12-27 20:54:10.149 8524 RALLYDEBUG rally.task.utils [-] Waiting for resource . Status changed: CREATE_COMPLETE => UPDATE_IN_PROGRESS in 0.09258556365966797
2019-12-27 20:54:10.165 8526 RALLYDEBUG rally.task.utils [-] Waiting for resource . Status changed: CREATE_COMPLETE => UPDATE_IN_PROGRESS in 0.10114026069641113
2019-12-27 20:54:12.342 8524 RALLYDEBUG rally.task.utils [-] Waiting for resource . Status changed: UPDATE_IN_PROGRESS => UPDATE_COMPLETE in 2.1924142837524414
2019-12-27 20:54:12.355 8526 RALLYDEBUG rally.task.utils [-] Waiting for resource . Status changed: UPDATE_IN_PROGRESS => UPDATE_COMPLETE in 2.1908607482910156
2019-12-27 20:54:12.524 8524 RALLYDEBUG rally.task.utils [-] Waiting for resource . Status changed: CREATE_COMPLETE => DELETE_IN_PROGRESS in 0.09838366508483887
2019-12-27 20:54:12.585 8526 RALLYDEBUG rally.task.utils [-] Waiting for resource . Status changed: CREATE_COMPLETE => DELETE_IN_PROGRESS in 0.09902787208557129
2019-12-27 20:54:15.815 8524 INFO rally.task.runner [-] Task f02bedc5-62e0-40a6-9bb8-5e8f7cfa993b | ITER: 10 END: OK
2019-12-27 20:54:15.851 8526 INFO rally.task.runner [-] Task f02bedc5-62e0-40a6-9bb8-5e8f7cfa993b | ITER: 9 END: OK
2019-12-27 20:54:15.876 6545 INFO rally.task.context [-] Task f02bedc5-62e0-40a6-9bb8-5e8f7cfa993b | Context cleanup@openstack cleanup() started
2019-12-27 20:54:15.882 6545 RALLYDEBUG rally_openstack.cleanup.manager [-] Cleaning up heat stacks objects
2019-12-27 20:54:16.947 6545 INFO rally.task.context [-] Task f02bedc5-62e0-40a6-9bb8-5e8f7cfa993b | Context cleanup@openstack cleanup() finished in 1.07 sec
2019-12-27 20:54:16.947 6545 INFO rally.task.context [-] Task f02bedc5-62e0-40a6-9bb8-5e8f7cfa993b | Context roles@openstack cleanup() started
2019-12-27 20:54:16.956 6545 INFO rally.task.context [-] Task f02bedc5-62e0-40a6-9bb8-5e8f7cfa993b | Context roles@openstack cleanup() finished in 8.95 msec
2019-12-27 20:54:16.957 6545 INFO rally.task.context [-] Task f02bedc5-62e0-40a6-9bb8-5e8f7cfa993b | Context users@openstack cleanup() started
2019-12-27 20:54:19.907 6545 INFO rally.task.context [-] Task f02bedc5-62e0-40a6-9bb8-5e8f7cfa993b | Context users@openstack cleanup() finished in 2.95 sec
2019-12-27 20:54:20.221 6545 INFO rally.task.engine [-] Load duration is: 32.073697
2019-12-27 20:54:20.222 6545 INFO rally.task.engine [-] Full runner duration is: 36.115938
2019-12-27 20:54:20.222 6545 INFO rally.task.engine [-] Full duration is: 41.91414
2019-12-27 20:54:20.292 6545 INFO rally.task.engine [-] Running workload: position = 3 config = { "version": 2, "title": "A cropped version of a bigger task.", "description": "Auto-generated task from a single workload (uuid=4fa7172c-5710-4604-975b-ec6c37363f2a)", "subtasks": [ { "title": "HeatStacks.create_update_delete_stack", "description": "Create, update and then delete a stack.", "scenario": { "HeatStacks.create_update_delete_stack": { "template_path": "/usr/lib/python3.6/site-packages/functest/opnfv_tests/openstack/rally/scenario/templates/autoscaling_policy.yaml.template", "updated_template_path": "/usr/lib/python3.6/site-packages/functest/opnfv_tests/openstack/rally/scenario/templates/updated_autoscaling_policy_inplace.yaml.template" } }, "contexts": { "users": { "tenants": 3, "users_per_tenant": 2 }, "roles": [ "heat_stack_owner" ] }, "runner": { "constant": { "concurrency": 4, "times": 10 } }, "hooks": [], "sla": { "failure_rate": { "max": 0 } } } ] }
2019-12-27 20:54:20.316 6545 RALLYDEBUG rally_openstack.contexts.keystone.users [-] Creating 3 tenants using 20 threads
2019-12-27 20:54:20.916 6545 RALLYDEBUG rally_openstack.contexts.keystone.users [-] Creating 6 users using 20 threads
2019-12-27 20:54:21.927 6545 INFO rally.task.context [-] Task f02bedc5-62e0-40a6-9bb8-5e8f7cfa993b | Context users@openstack setup() finished in 1.61 sec
2019-12-27 20:54:22.155 6545 ERROR rally.common.broker [-] Failed to publish a task to the queue: rally.exceptions.NotFoundException: The resource can not be found: There is no role with name `heat_stack_owner`
2019-12-27 20:54:22.155 6545 ERROR rally.common.broker
Traceback (most recent call last):
2019-12-27 20:54:22.155 6545 ERROR rally.common.broker
File "/usr/lib/python3.6/site-packages/rally/common/broker.py", line 58, in _publisher
2019-12-27 20:54:22.155 6545 ERROR rally.common.broker publish(queue)
2019-12-27 20:54:22.155 6545 ERROR rally.common.broker
File "/usr/lib/python3.6/site-packages/rally_openstack/contexts/keystone/roles.py", line 91, in publish
2019-12-27 20:54:22.155 6545 ERROR rally.common.broker role = self._get_role_object(context_role)
2019-12-27 20:54:22.155 6545 ERROR rally.common.broker
File "/usr/lib/python3.6/site-packages/rally_openstack/contexts/keystone/roles.py", line 65, in _get_role_object
2019-12-27 20:54:22.155 6545 ERROR rally.common.broker "There is no role with name `%s`" % context_role)
2019-12-27 20:54:22.155 6545 ERROR rally.common.broker rally.exceptions.NotFoundException: The resource can not be found: There is no role with name `heat_stack_owner`
2019-12-27 20:54:22.155 6545 ERROR rally.common.broker
2019-12-27 20:54:22.165 6545 INFO rally.task.context [-] Task f02bedc5-62e0-40a6-9bb8-5e8f7cfa993b | Context roles@openstack setup() finished in 0.24 sec
2019-12-27 20:54:22.166 6545 INFO rally.task.context [-] Task f02bedc5-62e0-40a6-9bb8-5e8f7cfa993b | Context cleanup@openstack setup() finished in 0.01 msec
2019-12-27 20:54:22.174 6545 RALLYDEBUG rally.task.runner [-] Starting the constant runner (task UUID: f02bedc5-62e0-40a6-9bb8-5e8f7cfa993b). times: 10 concurrency: 4 timeout: 0 max_cpu_used: 88 processes_to_start: 4 concurrency_per_worker: 1 concurrency_overhead: 0
2019-12-27 20:54:22.185 8707 RALLYDEBUG rally.task.runner [-] Starting a worker. times: 10 duration: None concurrency: 1 timeout: 0 cls: method_name: run args: {"template_path": "heat_template_version: 2013-05-23\n\nresources:\n test_group:\n type: OS::Heat::AutoScalingGroup\n properties:\n desired_capacity: 0\n max_size: 0\n min_size: 0\n resource:\n type: OS::Heat::RandomString\n test_policy:\n type: OS::Heat::ScalingPolicy\n properties:\n adjustment_type: change_in_capacity\n auto_scaling_group_id: { get_resource: test_group }\n scaling_adjustment: 1", "updated_template_path": "heat_template_version: 2013-05-23\n\ndescription: >\n Test template for create-update-delete-stack scenario in rally.\n The template updates resource parameters without resource re-creation(replacement)\n in the stack defined by autoscaling_policy.yaml.template. It allows to measure\n performance of \"pure\" resource update operation only.\n\nresources:\n test_group:\n type: OS::Heat::AutoScalingGroup\n properties:\n desired_capacity: 0\n max_size: 0\n min_size: 0\n resource:\n type: OS::Heat::RandomString\n test_policy:\n type: OS::Heat::ScalingPolicy\n properties:\n adjustment_type: change_in_capacity\n auto_scaling_group_id: { get_resource: test_group }\n scaling_adjustment: -1"}
2019-12-27 20:54:22.188 8708 RALLYDEBUG rally.task.runner [-] Starting a worker. times: 10 duration: None concurrency: 1 timeout: 0 cls: method_name: run args: {"template_path": "heat_template_version: 2013-05-23\n\nresources:\n test_group:\n type: OS::Heat::AutoScalingGroup\n properties:\n desired_capacity: 0\n max_size: 0\n min_size: 0\n resource:\n type: OS::Heat::RandomString\n test_policy:\n type: OS::Heat::ScalingPolicy\n properties:\n adjustment_type: change_in_capacity\n auto_scaling_group_id: { get_resource: test_group }\n scaling_adjustment: 1", "updated_template_path": "heat_template_version: 2013-05-23\n\ndescription: >\n Test template for create-update-delete-stack scenario in rally.\n The template updates resource parameters without resource re-creation(replacement)\n in the stack defined by autoscaling_policy.yaml.template. It allows to measure\n performance of \"pure\" resource update operation only.\n\nresources:\n test_group:\n type: OS::Heat::AutoScalingGroup\n properties:\n desired_capacity: 0\n max_size: 0\n min_size: 0\n resource:\n type: OS::Heat::RandomString\n test_policy:\n type: OS::Heat::ScalingPolicy\n properties:\n adjustment_type: change_in_capacity\n auto_scaling_group_id: { get_resource: test_group }\n scaling_adjustment: -1"}
2019-12-27 20:54:22.190 8709 RALLYDEBUG rally.task.runner [-] Starting a worker. times: 10 duration: None concurrency: 1 timeout: 0 cls: method_name: run args: {"template_path": "heat_template_version: 2013-05-23\n\nresources:\n test_group:\n type: OS::Heat::AutoScalingGroup\n properties:\n desired_capacity: 0\n max_size: 0\n min_size: 0\n resource:\n type: OS::Heat::RandomString\n test_policy:\n type: OS::Heat::ScalingPolicy\n properties:\n adjustment_type: change_in_capacity\n auto_scaling_group_id: { get_resource: test_group }\n scaling_adjustment: 1", "updated_template_path": "heat_template_version: 2013-05-23\n\ndescription: >\n Test template for create-update-delete-stack scenario in rally.\n The template updates resource parameters without resource re-creation(replacement)\n in the stack defined by autoscaling_policy.yaml.template. It allows to measure\n performance of \"pure\" resource update operation only.\n\nresources:\n test_group:\n type: OS::Heat::AutoScalingGroup\n properties:\n desired_capacity: 0\n max_size: 0\n min_size: 0\n resource:\n type: OS::Heat::RandomString\n test_policy:\n type: OS::Heat::ScalingPolicy\n properties:\n adjustment_type: change_in_capacity\n auto_scaling_group_id: { get_resource: test_group }\n scaling_adjustment: -1"}
2019-12-27 20:54:22.191 8707 INFO rally.task.runner [-] Task f02bedc5-62e0-40a6-9bb8-5e8f7cfa993b | ITER: 1 START
2019-12-27 20:54:22.194 8708 INFO rally.task.runner [-] Task f02bedc5-62e0-40a6-9bb8-5e8f7cfa993b | ITER: 2 START
2019-12-27 20:54:22.193 8710 RALLYDEBUG rally.task.runner [-] Starting a worker. times: 10 duration: None concurrency: 1 timeout: 0 cls: method_name: run args: {"template_path": "heat_template_version: 2013-05-23\n\nresources:\n test_group:\n type: OS::Heat::AutoScalingGroup\n properties:\n desired_capacity: 0\n max_size: 0\n min_size: 0\n resource:\n type: OS::Heat::RandomString\n test_policy:\n type: OS::Heat::ScalingPolicy\n properties:\n adjustment_type: change_in_capacity\n auto_scaling_group_id: { get_resource: test_group }\n scaling_adjustment: 1", "updated_template_path": "heat_template_version: 2013-05-23\n\ndescription: >\n Test template for create-update-delete-stack scenario in rally.\n The template updates resource parameters without resource re-creation(replacement)\n in the stack defined by autoscaling_policy.yaml.template. It allows to measure\n performance of \"pure\" resource update operation only.\n\nresources:\n test_group:\n type: OS::Heat::AutoScalingGroup\n properties:\n desired_capacity: 0\n max_size: 0\n min_size: 0\n resource:\n type: OS::Heat::RandomString\n test_policy:\n type: OS::Heat::ScalingPolicy\n properties:\n adjustment_type: change_in_capacity\n auto_scaling_group_id: { get_resource: test_group }\n scaling_adjustment: -1"}
2019-12-27 20:54:22.197 8709 INFO rally.task.runner [-] Task f02bedc5-62e0-40a6-9bb8-5e8f7cfa993b | ITER: 3 START
2019-12-27 20:54:22.201 8710 INFO rally.task.runner [-] Task f02bedc5-62e0-40a6-9bb8-5e8f7cfa993b | ITER: 4 START
2019-12-27 20:54:25.162 8709 RALLYDEBUG rally.task.utils [-] Waiting for resource . Status changed: CREATE_IN_PROGRESS => CREATE_COMPLETE in 0.08460235595703125
2019-12-27 20:54:25.208 8708 RALLYDEBUG rally.task.utils [-] Waiting for resource . Status changed: CREATE_IN_PROGRESS => CREATE_COMPLETE in 0.08639264106750488
2019-12-27 20:54:25.215 8707 RALLYDEBUG rally.task.utils [-] Waiting for resource . Status changed: CREATE_IN_PROGRESS => CREATE_COMPLETE in 0.07933950424194336
2019-12-27 20:54:25.346 8710 RALLYDEBUG rally.task.utils [-] Waiting for resource . Status changed: CREATE_IN_PROGRESS => CREATE_COMPLETE in 0.1250438690185547
2019-12-27 20:54:27.483 8709 RALLYDEBUG rally.task.utils [-] Waiting for resource . Status changed: CREATE_COMPLETE => UPDATE_COMPLETE in 0.13612055778503418
2019-12-27 20:54:27.488 8707 RALLYDEBUG rally.task.utils [-] Waiting for resource . Status changed: CREATE_COMPLETE => UPDATE_COMPLETE in 0.09432268142700195
2019-12-27 20:54:27.491 8708 RALLYDEBUG rally.task.utils [-] Waiting for resource . Status changed: CREATE_COMPLETE => UPDATE_COMPLETE in 0.0986483097076416
2019-12-27 20:54:27.607 8710 RALLYDEBUG rally.task.utils [-] Waiting for resource . Status changed: CREATE_COMPLETE => UPDATE_COMPLETE in 0.08711528778076172
2019-12-27 20:54:27.699 8709 RALLYDEBUG rally.task.utils [-] Waiting for resource . Status changed: CREATE_COMPLETE => DELETE_IN_PROGRESS in 0.08525586128234863
2019-12-27 20:54:27.721 8708 RALLYDEBUG rally.task.utils [-] Waiting for resource . Status changed: CREATE_COMPLETE => DELETE_IN_PROGRESS in 0.09897708892822266
2019-12-27 20:54:27.749 8707 RALLYDEBUG rally.task.utils [-] Waiting for resource . Status changed: CREATE_COMPLETE => DELETE_IN_PROGRESS in 0.12917780876159668
2019-12-27 20:54:27.818 8710 RALLYDEBUG rally.task.utils [-] Waiting for resource . Status changed: CREATE_COMPLETE => DELETE_IN_PROGRESS in 0.08077836036682129
2019-12-27 20:54:29.867 8709 INFO rally.task.runner [-] Task f02bedc5-62e0-40a6-9bb8-5e8f7cfa993b | ITER: 3 END: OK
2019-12-27 20:54:29.872 8709 INFO rally.task.runner [-] Task f02bedc5-62e0-40a6-9bb8-5e8f7cfa993b | ITER: 5 START
2019-12-27 20:54:29.909 8708 INFO rally.task.runner [-] Task f02bedc5-62e0-40a6-9bb8-5e8f7cfa993b | ITER: 2 END: OK
2019-12-27 20:54:29.914 8708 INFO rally.task.runner [-] Task f02bedc5-62e0-40a6-9bb8-5e8f7cfa993b | ITER: 6 START
2019-12-27 20:54:29.965 8707 INFO rally.task.runner [-] Task f02bedc5-62e0-40a6-9bb8-5e8f7cfa993b | ITER: 1 END: OK
2019-12-27 20:54:29.969 8707 INFO rally.task.runner [-] Task f02bedc5-62e0-40a6-9bb8-5e8f7cfa993b | ITER: 7 START
2019-12-27 20:54:29.999 8710 INFO rally.task.runner [-] Task f02bedc5-62e0-40a6-9bb8-5e8f7cfa993b | ITER: 4 END: OK
2019-12-27 20:54:30.003 8710 INFO rally.task.runner [-] Task f02bedc5-62e0-40a6-9bb8-5e8f7cfa993b | ITER: 8 START
2019-12-27 20:54:32.843 8708 RALLYDEBUG rally.task.utils [-] Waiting for resource . Status changed: CREATE_IN_PROGRESS => CREATE_COMPLETE in 0.08608579635620117
2019-12-27 20:54:32.911 8709 RALLYDEBUG rally.task.utils [-] Waiting for resource . Status changed: CREATE_IN_PROGRESS => CREATE_COMPLETE in 0.10073995590209961
2019-12-27 20:54:32.915 8710 RALLYDEBUG rally.task.utils [-] Waiting for resource . Status changed: CREATE_IN_PROGRESS => CREATE_COMPLETE in 0.0868680477142334
2019-12-27 20:54:33.064 8707 RALLYDEBUG rally.task.utils [-] Waiting for resource . Status changed: CREATE_IN_PROGRESS => CREATE_COMPLETE in 0.09881854057312012
2019-12-27 20:54:35.075 8708 RALLYDEBUG rally.task.utils [-] Waiting for resource . Status changed: CREATE_COMPLETE => UPDATE_COMPLETE in 0.11790657043457031
2019-12-27 20:54:35.167 8709 RALLYDEBUG rally.task.utils [-] Waiting for resource . Status changed: CREATE_COMPLETE => UPDATE_COMPLETE in 0.08303713798522949
2019-12-27 20:54:35.202 8710 RALLYDEBUG rally.task.utils [-] Waiting for resource . Status changed: CREATE_COMPLETE => UPDATE_COMPLETE in 0.11555933952331543
2019-12-27 20:54:35.240 8708 RALLYDEBUG rally.task.utils [-] Waiting for resource . Status changed: CREATE_COMPLETE => DELETE_IN_PROGRESS in 0.08138823509216309
2019-12-27 20:54:35.319 8707 RALLYDEBUG rally.task.utils [-] Waiting for resource . Status changed: CREATE_COMPLETE => UPDATE_COMPLETE in 0.08520770072937012
2019-12-27 20:54:35.326 8709 RALLYDEBUG rally.task.utils [-] Waiting for resource . Status changed: CREATE_COMPLETE => DELETE_IN_PROGRESS in 0.07779407501220703
2019-12-27 20:54:35.414 8710 RALLYDEBUG rally.task.utils [-] Waiting for resource . Status changed: CREATE_COMPLETE => DELETE_IN_PROGRESS in 0.08394312858581543
2019-12-27 20:54:35.477 8707 RALLYDEBUG rally.task.utils [-] Waiting for resource . Status changed: CREATE_COMPLETE => DELETE_IN_PROGRESS in 0.07955431938171387
2019-12-27 20:54:37.413 8708 INFO rally.task.runner [-] Task f02bedc5-62e0-40a6-9bb8-5e8f7cfa993b | ITER: 6 END: OK
2019-12-27 20:54:37.418 8708 INFO rally.task.runner [-] Task f02bedc5-62e0-40a6-9bb8-5e8f7cfa993b | ITER: 9 START
2019-12-27 20:54:37.526 8709 INFO rally.task.runner [-] Task f02bedc5-62e0-40a6-9bb8-5e8f7cfa993b | ITER: 5 END: OK
2019-12-27 20:54:37.532 8709 INFO rally.task.runner [-] Task f02bedc5-62e0-40a6-9bb8-5e8f7cfa993b | ITER: 10 START
2019-12-27 20:54:37.586 8710 INFO rally.task.runner [-] Task f02bedc5-62e0-40a6-9bb8-5e8f7cfa993b | ITER: 8 END: OK
2019-12-27 20:54:37.665 8707 INFO rally.task.runner [-] Task f02bedc5-62e0-40a6-9bb8-5e8f7cfa993b | ITER: 7 END: OK
2019-12-27 20:54:40.342 8709 RALLYDEBUG rally.task.utils [-] Waiting for resource . Status changed: CREATE_IN_PROGRESS => CREATE_COMPLETE in 0.08696436882019043
2019-12-27 20:54:40.361 8708 RALLYDEBUG rally.task.utils [-] Waiting for resource . Status changed: CREATE_IN_PROGRESS => CREATE_COMPLETE in 0.0871589183807373
2019-12-27 20:54:42.648 8709 RALLYDEBUG rally.task.utils [-] Waiting for resource . Status changed: CREATE_COMPLETE => UPDATE_COMPLETE in 0.13582992553710938
2019-12-27 20:54:42.650 8708 RALLYDEBUG rally.task.utils [-] Waiting for resource . Status changed: CREATE_COMPLETE => UPDATE_COMPLETE in 0.09971213340759277
2019-12-27 20:54:42.813 8709 RALLYDEBUG rally.task.utils [-] Waiting for resource . Status changed: CREATE_COMPLETE => DELETE_IN_PROGRESS in 0.08238434791564941
2019-12-27 20:54:42.813 8708 RALLYDEBUG rally.task.utils [-] Waiting for resource . Status changed: CREATE_COMPLETE => DELETE_IN_PROGRESS in 0.0826578140258789
2019-12-27 20:54:44.995 8708 INFO rally.task.runner [-] Task f02bedc5-62e0-40a6-9bb8-5e8f7cfa993b | ITER: 9 END: OK
2019-12-27 20:54:45.000 8709 INFO rally.task.runner [-] Task f02bedc5-62e0-40a6-9bb8-5e8f7cfa993b | ITER: 10 END: OK
2019-12-27 20:54:45.026 6545 INFO rally.task.context [-] Task f02bedc5-62e0-40a6-9bb8-5e8f7cfa993b | Context cleanup@openstack cleanup() started
2019-12-27 20:54:45.033 6545 RALLYDEBUG rally_openstack.cleanup.manager [-] Cleaning up heat stacks objects
2019-12-27 20:54:45.998 6545 INFO rally.task.context [-] Task f02bedc5-62e0-40a6-9bb8-5e8f7cfa993b | Context cleanup@openstack cleanup() finished in 0.97 sec
2019-12-27 20:54:45.998 6545 INFO rally.task.context [-] Task f02bedc5-62e0-40a6-9bb8-5e8f7cfa993b | Context roles@openstack cleanup() started
2019-12-27 20:54:46.007 6545 INFO rally.task.context [-] Task f02bedc5-62e0-40a6-9bb8-5e8f7cfa993b | Context roles@openstack cleanup() finished in 8.51 msec
2019-12-27 20:54:46.007 6545 INFO rally.task.context [-] Task f02bedc5-62e0-40a6-9bb8-5e8f7cfa993b | Context users@openstack cleanup() started
2019-12-27 20:54:48.697 6545 INFO rally.task.context [-] Task f02bedc5-62e0-40a6-9bb8-5e8f7cfa993b | Context users@openstack cleanup() finished in 2.69 sec
2019-12-27 20:54:50.492 6545 INFO rally.task.engine [-] Load duration is: 18.806477
2019-12-27 20:54:50.493 6545 INFO rally.task.engine [-] Full runner duration is: 22.851734
2019-12-27 20:54:50.493 6545 INFO rally.task.engine [-] Full duration is: 28.384047
2019-12-27 20:54:50.556 6545 INFO rally.task.engine [-] Running workload: position = 4 config = { "version": 2, "title": "A cropped version of a bigger task.", "description": "Auto-generated task from a single workload (uuid=9c892df6-e6d6-4834-93bf-3f01d0750e6c)", "subtasks": [ { "title": "HeatStacks.create_update_delete_stack", "description": "Create, update and then delete a stack.", "scenario": { "HeatStacks.create_update_delete_stack": { "template_path": "/usr/lib/python3.6/site-packages/functest/opnfv_tests/openstack/rally/scenario/templates/resource_group.yaml.template", "updated_template_path": "/usr/lib/python3.6/site-packages/functest/opnfv_tests/openstack/rally/scenario/templates/updated_resource_group_reduce.yaml.template" } }, "contexts": { "users": { "tenants": 3, "users_per_tenant": 2 }, "roles": [ "heat_stack_owner" ] }, "runner": { "constant": { "concurrency": 4, "times": 10 } }, "hooks": [], "sla": { "failure_rate": { "max": 0 } } } ] }
2019-12-27 20:54:50.580 6545 RALLYDEBUG rally_openstack.contexts.keystone.users [-] Creating 3 tenants using 20 threads
2019-12-27 20:54:51.137 6545 RALLYDEBUG rally_openstack.contexts.keystone.users [-] Creating 6 users using 20 threads
2019-12-27 20:54:51.976 6545 INFO rally.task.context [-] Task f02bedc5-62e0-40a6-9bb8-5e8f7cfa993b | Context users@openstack setup() finished in 1.40 sec
2019-12-27 20:54:52.208 6545 ERROR rally.common.broker [-] Failed to publish a task to the queue: rally.exceptions.NotFoundException: The resource can not be found: There is no role with name `heat_stack_owner`
2019-12-27 20:54:52.208 6545 ERROR rally.common.broker
Traceback (most recent call last):
2019-12-27 20:54:52.208 6545 ERROR rally.common.broker
File "/usr/lib/python3.6/site-packages/rally/common/broker.py", line 58, in _publisher
2019-12-27 20:54:52.208 6545 ERROR rally.common.broker publish(queue)
2019-12-27 20:54:52.208 6545 ERROR rally.common.broker
File "/usr/lib/python3.6/site-packages/rally_openstack/contexts/keystone/roles.py", line 91, in publish
2019-12-27 20:54:52.208 6545 ERROR rally.common.broker role = self._get_role_object(context_role)
2019-12-27 20:54:52.208 6545 ERROR rally.common.broker
File "/usr/lib/python3.6/site-packages/rally_openstack/contexts/keystone/roles.py", line 65, in _get_role_object
2019-12-27 20:54:52.208 6545 ERROR rally.common.broker "There is no role with name `%s`" % context_role)
2019-12-27 20:54:52.208 6545 ERROR rally.common.broker rally.exceptions.NotFoundException: The resource can not be found: There is no role with name `heat_stack_owner`
2019-12-27 20:54:52.208 6545 ERROR rally.common.broker
2019-12-27 20:54:52.219 6545 INFO rally.task.context [-] Task f02bedc5-62e0-40a6-9bb8-5e8f7cfa993b | Context roles@openstack setup() finished in 0.24 sec
2019-12-27 20:54:52.219 6545 INFO rally.task.context [-] Task f02bedc5-62e0-40a6-9bb8-5e8f7cfa993b | Context cleanup@openstack setup() finished in 0.02 msec
2019-12-27 20:54:52.227 6545 RALLYDEBUG rally.task.runner [-] Starting the constant runner (task UUID: f02bedc5-62e0-40a6-9bb8-5e8f7cfa993b). times: 10 concurrency: 4 timeout: 0 max_cpu_used: 88 processes_to_start: 4 concurrency_per_worker: 1 concurrency_overhead: 0
2019-12-27 20:54:52.238 8891 RALLYDEBUG rally.task.runner [-] Starting a worker. times: 10 duration: None concurrency: 1 timeout: 0 cls: method_name: run args: {"template_path": "heat_template_version: 2014-10-16\n\ndescription: Test template for rally create-update-delete scenario\n\nresources:\n test_group:\n type: OS::Heat::ResourceGroup\n properties:\n count: 2\n resource_def:\n type: OS::Heat::RandomString\n properties:\n length: 20", "updated_template_path": "heat_template_version: 2014-10-16\n\ndescription: >\n Test template for create-update-delete-stack scenario in rally.\n The template updates one resource from the stack defined by resource_group.yaml.template\n and deletes children resources from that resource.\n\nresources:\n test_group:\n type: OS::Heat::ResourceGroup\n properties:\n count: 1\n resource_def:\n type: OS::Heat::RandomString\n properties:\n length: 20"}
2019-12-27 20:54:52.241 8892 RALLYDEBUG rally.task.runner [-] Starting a worker. times: 10 duration: None concurrency: 1 timeout: 0 cls: method_name: run args: {"template_path": "heat_template_version: 2014-10-16\n\ndescription: Test template for rally create-update-delete scenario\n\nresources:\n test_group:\n type: OS::Heat::ResourceGroup\n properties:\n count: 2\n resource_def:\n type: OS::Heat::RandomString\n properties:\n length: 20", "updated_template_path": "heat_template_version: 2014-10-16\n\ndescription: >\n Test template for create-update-delete-stack scenario in rally.\n The template updates one resource from the stack defined by resource_group.yaml.template\n and deletes children resources from that resource.\n\nresources:\n test_group:\n type: OS::Heat::ResourceGroup\n properties:\n count: 1\n resource_def:\n type: OS::Heat::RandomString\n properties:\n length: 20"}
2019-12-27 20:54:52.243 8893 RALLYDEBUG rally.task.runner [-] Starting a worker. times: 10 duration: None concurrency: 1 timeout: 0 cls: method_name: run args: {"template_path": "heat_template_version: 2014-10-16\n\ndescription: Test template for rally create-update-delete scenario\n\nresources:\n test_group:\n type: OS::Heat::ResourceGroup\n properties:\n count: 2\n resource_def:\n type: OS::Heat::RandomString\n properties:\n length: 20", "updated_template_path": "heat_template_version: 2014-10-16\n\ndescription: >\n Test template for create-update-delete-stack scenario in rally.\n The template updates one resource from the stack defined by resource_group.yaml.template\n and deletes children resources from that resource.\n\nresources:\n test_group:\n type: OS::Heat::ResourceGroup\n properties:\n count: 1\n resource_def:\n type: OS::Heat::RandomString\n properties:\n length: 20"}
2019-12-27 20:54:52.245 8891 INFO rally.task.runner [-] Task f02bedc5-62e0-40a6-9bb8-5e8f7cfa993b | ITER: 1 START
2019-12-27 20:54:52.247 8892 INFO rally.task.runner [-] Task f02bedc5-62e0-40a6-9bb8-5e8f7cfa993b | ITER: 2 START
2019-12-27 20:54:52.246 8894 RALLYDEBUG rally.task.runner [-] Starting a worker. times: 10 duration: None concurrency: 1 timeout: 0 cls: method_name: run args: {"template_path": "heat_template_version: 2014-10-16\n\ndescription: Test template for rally create-update-delete scenario\n\nresources:\n test_group:\n type: OS::Heat::ResourceGroup\n properties:\n count: 2\n resource_def:\n type: OS::Heat::RandomString\n properties:\n length: 20", "updated_template_path": "heat_template_version: 2014-10-16\n\ndescription: >\n Test template for create-update-delete-stack scenario in rally.\n The template updates one resource from the stack defined by resource_group.yaml.template\n and deletes children resources from that resource.\n\nresources:\n test_group:\n type: OS::Heat::ResourceGroup\n properties:\n count: 1\n resource_def:\n type: OS::Heat::RandomString\n properties:\n length: 20"}
2019-12-27 20:54:52.250 8893 INFO rally.task.runner [-] Task f02bedc5-62e0-40a6-9bb8-5e8f7cfa993b | ITER: 3 START
2019-12-27 20:54:52.254 8894 INFO rally.task.runner [-] Task f02bedc5-62e0-40a6-9bb8-5e8f7cfa993b | ITER: 4 START
2019-12-27 20:54:56.294 8892 RALLYDEBUG rally.task.utils [-] Waiting for resource . Status changed: CREATE_IN_PROGRESS => CREATE_COMPLETE in 1.2082140445709229
2019-12-27 20:54:56.354 8893 RALLYDEBUG rally.task.utils [-] Waiting for resource . Status changed: CREATE_IN_PROGRESS => CREATE_COMPLETE in 1.2142894268035889
2019-12-27 20:54:56.369 8891 RALLYDEBUG rally.task.utils [-] Waiting for resource . Status changed: CREATE_IN_PROGRESS => CREATE_COMPLETE in 1.209728479385376
2019-12-27 20:54:56.482 8894 RALLYDEBUG rally.task.utils [-] Waiting for resource . Status changed: CREATE_IN_PROGRESS => CREATE_COMPLETE in 1.1824631690979004
2019-12-27 20:54:58.513 8892 RALLYDEBUG rally.task.utils [-] Waiting for resource . Status changed: CREATE_COMPLETE => UPDATE_IN_PROGRESS in 0.08866477012634277
2019-12-27 20:54:58.609 8893 RALLYDEBUG rally.task.utils [-] Waiting for resource . Status changed: CREATE_COMPLETE => UPDATE_IN_PROGRESS in 0.08599996566772461
2019-12-27 20:54:58.641 8891 RALLYDEBUG rally.task.utils [-] Waiting for resource . Status changed: CREATE_COMPLETE => UPDATE_IN_PROGRESS in 0.08573174476623535
2019-12-27 20:54:58.734 8894 RALLYDEBUG rally.task.utils [-] Waiting for resource . Status changed: CREATE_COMPLETE => UPDATE_IN_PROGRESS in 0.08428740501403809
2019-12-27 20:54:59.617 8892 RALLYDEBUG rally.task.utils [-] Waiting for resource . Status changed: UPDATE_IN_PROGRESS => UPDATE_COMPLETE in 1.1044032573699951
2019-12-27 20:54:59.713 8893 RALLYDEBUG rally.task.utils [-] Waiting for resource . Status changed: UPDATE_IN_PROGRESS => UPDATE_COMPLETE in 1.1037986278533936
2019-12-27 20:54:59.725 8891 RALLYDEBUG rally.task.utils [-] Waiting for resource . Status changed: UPDATE_IN_PROGRESS => UPDATE_COMPLETE in 1.0835440158843994
2019-12-27 20:54:59.782 8892 RALLYDEBUG rally.task.utils [-] Waiting for resource . Status changed: CREATE_COMPLETE => DELETE_IN_PROGRESS in 0.0816648006439209
2019-12-27 20:54:59.818 8894 RALLYDEBUG rally.task.utils [-] Waiting for resource . Status changed: UPDATE_IN_PROGRESS => UPDATE_COMPLETE in 1.0839250087738037
2019-12-27 20:54:59.930 8893 RALLYDEBUG rally.task.utils [-] Waiting for resource . Status changed: CREATE_COMPLETE => DELETE_IN_PROGRESS in 0.08407211303710938
2019-12-27 20:54:59.941 8891 RALLYDEBUG rally.task.utils [-] Waiting for resource . Status changed: CREATE_COMPLETE => DELETE_IN_PROGRESS in 0.08330631256103516
2019-12-27 20:55:00.031 8894 RALLYDEBUG rally.task.utils [-] Waiting for resource . Status changed: CREATE_COMPLETE => DELETE_IN_PROGRESS in 0.08174872398376465
2019-12-27 20:55:01.953 8892 INFO rally.task.runner [-] Task f02bedc5-62e0-40a6-9bb8-5e8f7cfa993b | ITER: 2 END: OK
2019-12-27 20:55:01.958 8892 INFO rally.task.runner [-] Task f02bedc5-62e0-40a6-9bb8-5e8f7cfa993b | ITER: 5 START
2019-12-27 20:55:02.102 8891 INFO rally.task.runner [-] Task f02bedc5-62e0-40a6-9bb8-5e8f7cfa993b | ITER: 1 END: OK
2019-12-27 20:55:02.106 8891 INFO rally.task.runner [-] Task f02bedc5-62e0-40a6-9bb8-5e8f7cfa993b | ITER: 6 START
2019-12-27 20:55:02.119 8893 INFO rally.task.runner [-] Task f02bedc5-62e0-40a6-9bb8-5e8f7cfa993b | ITER: 3 END: OK
2019-12-27 20:55:02.124 8893 INFO rally.task.runner [-] Task f02bedc5-62e0-40a6-9bb8-5e8f7cfa993b | ITER: 7 START
2019-12-27 20:55:02.215 8894 INFO rally.task.runner [-] Task f02bedc5-62e0-40a6-9bb8-5e8f7cfa993b | ITER: 4 END: OK
2019-12-27 20:55:02.220 8894 INFO rally.task.runner [-] Task f02bedc5-62e0-40a6-9bb8-5e8f7cfa993b | ITER: 8 START
2019-12-27 20:55:05.966 8892 RALLYDEBUG rally.task.utils [-] Waiting for resource . Status changed: CREATE_IN_PROGRESS => CREATE_COMPLETE in 1.166851282119751
2019-12-27 20:55:06.162 8893 RALLYDEBUG rally.task.utils [-] Waiting for resource . Status changed: CREATE_IN_PROGRESS => CREATE_COMPLETE in 1.2179763317108154
2019-12-27 20:55:06.162 8891 RALLYDEBUG rally.task.utils [-] Waiting for resource . Status changed: CREATE_IN_PROGRESS => CREATE_COMPLETE in 1.1723341941833496
2019-12-27 20:55:06.312 8894 RALLYDEBUG rally.task.utils [-] Waiting for resource . Status changed: CREATE_IN_PROGRESS => CREATE_COMPLETE in 1.1658153533935547
2019-12-27 20:55:08.187 8892 RALLYDEBUG rally.task.utils [-] Waiting for resource . Status changed: CREATE_COMPLETE => UPDATE_IN_PROGRESS in 0.08554983139038086
2019-12-27 20:55:08.514 8891 RALLYDEBUG rally.task.utils [-] Waiting for resource . Status changed: CREATE_COMPLETE => UPDATE_IN_PROGRESS in 0.18184447288513184
2019-12-27 20:55:08.531 8893 RALLYDEBUG rally.task.utils [-] Waiting for resource . Status changed: CREATE_COMPLETE => UPDATE_IN_PROGRESS in 0.18466901779174805
2019-12-27 20:55:08.569 8894 RALLYDEBUG rally.task.utils [-] Waiting for resource . Status changed: CREATE_COMPLETE => UPDATE_IN_PROGRESS in 0.08406782150268555
2019-12-27 20:55:09.307 8892 RALLYDEBUG rally.task.utils [-] Waiting for resource . Status changed: UPDATE_IN_PROGRESS => UPDATE_COMPLETE in 1.119530439376831
2019-12-27 20:55:09.489 8892 RALLYDEBUG rally.task.utils [-] Waiting for resource . Status changed: CREATE_COMPLETE => DELETE_IN_PROGRESS in 0.09952068328857422
2019-12-27 20:55:09.599 8891 RALLYDEBUG rally.task.utils [-] Waiting for resource . Status changed: UPDATE_IN_PROGRESS => UPDATE_COMPLETE in 1.0847117900848389
2019-12-27 20:55:09.632 8893 RALLYDEBUG rally.task.utils [-] Waiting for resource . Status changed: UPDATE_IN_PROGRESS => UPDATE_COMPLETE in 1.1009283065795898
2019-12-27 20:55:09.651 8894 RALLYDEBUG rally.task.utils [-] Waiting for resource . Status changed: UPDATE_IN_PROGRESS => UPDATE_COMPLETE in 1.0814037322998047
2019-12-27 20:55:09.848 8893 RALLYDEBUG rally.task.utils [-] Waiting for resource . Status changed: CREATE_COMPLETE => DELETE_IN_PROGRESS in 0.0829164981842041
2019-12-27 20:55:09.877 8891 RALLYDEBUG rally.task.utils [-] Waiting for resource . Status changed: CREATE_COMPLETE => DELETE_IN_PROGRESS in 0.09695029258728027
2019-12-27 20:55:09.890 8894 RALLYDEBUG rally.task.utils [-] Waiting for resource . Status changed: CREATE_COMPLETE => DELETE_IN_PROGRESS in 0.07900476455688477
2019-12-27 20:55:10.660 8892 INFO rally.task.runner [-] Task f02bedc5-62e0-40a6-9bb8-5e8f7cfa993b | ITER: 5 END: OK
2019-12-27 20:55:10.665 8892 INFO rally.task.runner [-] Task f02bedc5-62e0-40a6-9bb8-5e8f7cfa993b | ITER: 9 START
2019-12-27 20:55:10.964 8891 INFO rally.task.runner [-] Task f02bedc5-62e0-40a6-9bb8-5e8f7cfa993b | ITER: 6 END: OK
2019-12-27 20:55:10.968 8891 INFO rally.task.runner [-] Task f02bedc5-62e0-40a6-9bb8-5e8f7cfa993b | ITER: 10 START
2019-12-27 20:55:12.047 8893 INFO rally.task.runner [-] Task f02bedc5-62e0-40a6-9bb8-5e8f7cfa993b | ITER: 7 END: OK
2019-12-27 20:55:12.059 8894 INFO rally.task.runner [-] Task f02bedc5-62e0-40a6-9bb8-5e8f7cfa993b | ITER: 8 END: OK
2019-12-27 20:55:13.616 8892 RALLYDEBUG rally.task.utils [-] Waiting for resource . Status changed: CREATE_IN_PROGRESS => CREATE_COMPLETE in 0.10676336288452148
2019-12-27 20:55:15.034 8891 RALLYDEBUG rally.task.utils [-] Waiting for resource . Status changed: CREATE_IN_PROGRESS => CREATE_COMPLETE in 1.17337965965271
2019-12-27 20:55:15.937 8892 RALLYDEBUG rally.task.utils [-] Waiting for resource . Status changed: CREATE_COMPLETE => UPDATE_IN_PROGRESS in 0.13409900665283203
2019-12-27 20:55:17.025 8892 RALLYDEBUG rally.task.utils [-] Waiting for resource . Status changed: UPDATE_IN_PROGRESS => UPDATE_COMPLETE in 1.0882794857025146
2019-12-27 20:55:17.184 8892 RALLYDEBUG rally.task.utils [-] Waiting for resource . Status changed: CREATE_COMPLETE => DELETE_IN_PROGRESS in 0.07990574836730957
2019-12-27 20:55:17.234 8891 RALLYDEBUG rally.task.utils [-] Waiting for resource . Status changed: CREATE_COMPLETE => UPDATE_IN_PROGRESS in 0.07897090911865234
2019-12-27 20:55:18.337 8891 RALLYDEBUG rally.task.utils [-] Waiting for resource . Status changed: UPDATE_IN_PROGRESS => UPDATE_COMPLETE in 1.1024298667907715
2019-12-27 20:55:18.501 8891 RALLYDEBUG rally.task.utils [-] Waiting for resource . Status changed: CREATE_COMPLETE => DELETE_IN_PROGRESS in 0.08284568786621094
2019-12-27 20:55:19.356 8892 INFO rally.task.runner [-] Task f02bedc5-62e0-40a6-9bb8-5e8f7cfa993b | ITER: 9 END: OK
2019-12-27 20:55:20.688 8891 INFO rally.task.runner [-] Task f02bedc5-62e0-40a6-9bb8-5e8f7cfa993b | ITER: 10 END: OK
2019-12-27 20:55:20.719 6545 INFO rally.task.context [-] Task f02bedc5-62e0-40a6-9bb8-5e8f7cfa993b | Context cleanup@openstack cleanup() started
2019-12-27 20:55:20.725 6545 RALLYDEBUG rally_openstack.cleanup.manager [-] Cleaning up heat stacks objects
2019-12-27 20:55:21.670 6545 INFO rally.task.context [-] Task f02bedc5-62e0-40a6-9bb8-5e8f7cfa993b | Context cleanup@openstack cleanup() finished in 0.95 sec
2019-12-27 20:55:21.671 6545 INFO rally.task.context [-] Task f02bedc5-62e0-40a6-9bb8-5e8f7cfa993b | Context roles@openstack cleanup() started
2019-12-27 20:55:21.680 6545 INFO rally.task.context [-] Task f02bedc5-62e0-40a6-9bb8-5e8f7cfa993b | Context roles@openstack cleanup() finished in 8.66 msec
2019-12-27 20:55:21.680 6545 INFO rally.task.context [-] Task f02bedc5-62e0-40a6-9bb8-5e8f7cfa993b | Context users@openstack cleanup() started
2019-12-27 20:55:24.436 6545 INFO rally.task.context [-] Task f02bedc5-62e0-40a6-9bb8-5e8f7cfa993b | Context users@openstack cleanup() finished in 2.76 sec
2019-12-27 20:55:24.767 6545 INFO rally.task.engine [-] Load duration is: 24.440808
2019-12-27 20:55:24.767 6545 INFO rally.task.engine [-] Full runner duration is: 28.490901
2019-12-27 20:55:24.767 6545 INFO rally.task.engine [-] Full duration is: 33.858323
