2019-12-27 21:07:54.332 17849 RALLYDEBUG rally.task.runner [-] Starting a worker. times: 10 duration: None concurrency: 1 timeout: 0 cls: method_name: run args: {"subnets_per_network": 2}
2019-12-27 21:07:54.335 17850 RALLYDEBUG rally.task.runner [-] Starting a worker. times: 10 duration: None concurrency: 1 timeout: 0 cls: method_name: run args: {"subnets_per_network": 2}
2019-12-27 21:07:54.338 17851 RALLYDEBUG rally.task.runner [-] Starting a worker. times: 10 duration: None concurrency: 1 timeout: 0 cls: method_name: run args: {"subnets_per_network": 2}
2019-12-27 21:07:54.339 17849 INFO rally.task.runner [-] Task e3573ce4-dbb4-4a7a-8f0d-31f6218d09b9 | ITER: 1 START
2019-12-27 21:07:54.341 17852 RALLYDEBUG rally.task.runner [-] Starting a worker. times: 10 duration: None concurrency: 1 timeout: 0 cls: method_name: run args: {"subnets_per_network": 2}
2019-12-27 21:07:54.343 17850 INFO rally.task.runner [-] Task e3573ce4-dbb4-4a7a-8f0d-31f6218d09b9 | ITER: 2 START
2019-12-27 21:07:54.345 17851 INFO rally.task.runner [-] Task e3573ce4-dbb4-4a7a-8f0d-31f6218d09b9 | ITER: 3 START
2019-12-27 21:07:54.348 17852 INFO rally.task.runner [-] Task e3573ce4-dbb4-4a7a-8f0d-31f6218d09b9 | ITER: 4 START
2019-12-27 21:07:54.957 17849 RALLYDEBUG rally_openstack.wrappers.network [-] CIDR generated: 10.2.75.0/24
2019-12-27 21:07:55.095 17850 RALLYDEBUG rally_openstack.wrappers.network [-] CIDR generated: 10.2.76.0/24
2019-12-27 21:07:55.150 17852 RALLYDEBUG rally_openstack.wrappers.network [-] CIDR generated: 10.2.77.0/24
2019-12-27 21:07:55.200 17851 RALLYDEBUG rally_openstack.wrappers.network [-] CIDR generated: 10.2.78.0/24
2019-12-27 21:07:55.689 17849 RALLYDEBUG rally_openstack.wrappers.network [-] CIDR generated: 10.2.79.0/24
2019-12-27 21:07:55.912 17851 RALLYDEBUG rally_openstack.wrappers.network [-] CIDR generated: 10.2.80.0/24
2019-12-27 21:07:56.707 17850 RALLYDEBUG rally_openstack.wrappers.network [-] CIDR generated: 10.2.81.0/24
2019-12-27 21:07:56.740 17852 RALLYDEBUG rally_openstack.wrappers.network [-] CIDR generated: 10.2.82.0/24
2019-12-27 21:08:02.170 17851 INFO rally.task.runner [-] Task e3573ce4-dbb4-4a7a-8f0d-31f6218d09b9 | ITER: 3 END: OK
2019-12-27 21:08:02.176 17851 INFO rally.task.runner [-] Task e3573ce4-dbb4-4a7a-8f0d-31f6218d09b9 | ITER: 5 START
2019-12-27 21:08:02.574 17851 RALLYDEBUG rally_openstack.wrappers.network [-] CIDR generated: 10.2.83.0/24
2019-12-27 21:08:02.645 17849 INFO rally.task.runner [-] Task e3573ce4-dbb4-4a7a-8f0d-31f6218d09b9 | ITER: 1 END: OK
2019-12-27 21:08:02.650 17849 INFO rally.task.runner [-] Task e3573ce4-dbb4-4a7a-8f0d-31f6218d09b9 | ITER: 6 START
2019-12-27 21:08:02.980 17849 RALLYDEBUG rally_openstack.wrappers.network [-] CIDR generated: 10.2.84.0/24
2019-12-27 21:08:03.611 17851 RALLYDEBUG rally_openstack.wrappers.network [-] CIDR generated: 10.2.85.0/24
2019-12-27 21:08:04.093 17849 RALLYDEBUG rally_openstack.wrappers.network [-] CIDR generated: 10.2.86.0/24
2019-12-27 21:08:09.303 17850 INFO rally.task.runner [-] Task e3573ce4-dbb4-4a7a-8f0d-31f6218d09b9 | ITER: 2 END: OK
2019-12-27 21:08:09.308 17850 INFO rally.task.runner [-] Task e3573ce4-dbb4-4a7a-8f0d-31f6218d09b9 | ITER: 7 START
2019-12-27 21:08:09.339 17852 INFO rally.task.runner [-] Task e3573ce4-dbb4-4a7a-8f0d-31f6218d09b9 | ITER: 4 END: OK
2019-12-27 21:08:09.344 17852 INFO rally.task.runner [-] Task e3573ce4-dbb4-4a7a-8f0d-31f6218d09b9 | ITER: 8 START
2019-12-27 21:08:10.189 17850 RALLYDEBUG rally_openstack.wrappers.network [-] CIDR generated: 10.2.87.0/24
2019-12-27 21:08:10.195 17851 INFO rally.task.runner [-] Task e3573ce4-dbb4-4a7a-8f0d-31f6218d09b9 | ITER: 5 END: OK
2019-12-27 21:08:10.196 17852 RALLYDEBUG rally_openstack.wrappers.network [-] CIDR generated: 10.2.88.0/24
2019-12-27 21:08:10.200 17851 INFO rally.task.runner [-] Task e3573ce4-dbb4-4a7a-8f0d-31f6218d09b9 | ITER: 9 START
2019-12-27 21:08:10.578 17851 RALLYDEBUG rally_openstack.wrappers.network [-] CIDR generated: 10.2.89.0/24
2019-12-27 21:08:10.725 17849 INFO rally.task.runner [-] Task e3573ce4-dbb4-4a7a-8f0d-31f6218d09b9 | ITER: 6 END: OK
2019-12-27 21:08:10.731 17849 INFO rally.task.runner [-] Task e3573ce4-dbb4-4a7a-8f0d-31f6218d09b9 | ITER: 10 START
2019-12-27 21:08:11.336 17851 RALLYDEBUG rally_openstack.wrappers.network [-] CIDR generated: 10.2.90.0/24
2019-12-27 21:08:11.346 17849 RALLYDEBUG rally_openstack.wrappers.network [-] CIDR generated: 10.2.91.0/24
2019-12-27 21:08:11.835 17850 RALLYDEBUG rally_openstack.wrappers.network [-] CIDR generated: 10.2.92.0/24
2019-12-27 21:08:11.840 17852 RALLYDEBUG rally_openstack.wrappers.network [-] CIDR generated: 10.2.93.0/24
2019-12-27 21:08:12.106 17849 RALLYDEBUG rally_openstack.wrappers.network [-] CIDR generated: 10.2.94.0/24
2019-12-27 21:08:18.069 17851 INFO rally.task.runner [-] Task e3573ce4-dbb4-4a7a-8f0d-31f6218d09b9 | ITER: 9 END: OK
2019-12-27 21:08:18.822 17849 INFO rally.task.runner [-] Task e3573ce4-dbb4-4a7a-8f0d-31f6218d09b9 | ITER: 10 END: OK
2019-12-27 21:08:23.975 17850 INFO rally.task.runner [-] Task e3573ce4-dbb4-4a7a-8f0d-31f6218d09b9 | ITER: 7 END: OK
2019-12-27 21:08:23.977 17852 INFO rally.task.runner [-] Task e3573ce4-dbb4-4a7a-8f0d-31f6218d09b9 | ITER: 8 END: OK
2019-12-27 21:08:24.007 11833 INFO rally.task.context [-] Task e3573ce4-dbb4-4a7a-8f0d-31f6218d09b9 | Context cleanup@openstack cleanup() started
2019-12-27 21:08:24.014 11833 RALLYDEBUG rally_openstack.cleanup.manager [-] Cleaning up neutron vip objects
2019-12-27 21:08:24.537 11833 RALLYDEBUG rally_openstack.cleanup.manager [-] Cleaning up neutron health_monitor objects
2019-12-27 21:08:24.948 11833 RALLYDEBUG rally_openstack.cleanup.manager [-] Cleaning up neutron pool objects
2019-12-27 21:08:25.353 11833 RALLYDEBUG rally_openstack.cleanup.manager [-] Cleaning up neutron loadbalancer objects
2019-12-27 21:08:25.779 11833 RALLYDEBUG rally_openstack.cleanup.manager [-] Cleaning up neutron floatingip objects
2019-12-27 21:08:26.449 11833 RALLYDEBUG rally_openstack.cleanup.manager [-] Cleaning up neutron trunk objects
2019-12-27 21:08:27.061 11833 RALLYDEBUG rally_openstack.cleanup.manager [-] Cleaning up neutron port objects
2019-12-27 21:08:28.258 11833 RALLYDEBUG rally_openstack.cleanup.manager [-] Deleting neutron.port object s_rally_be35bc2f_gRBu1qsE (4f980bfc-1fd4-4011-a35a-d3cb6d816b96)
2019-12-27 21:08:28.279 11833 RALLYDEBUG rally_openstack.cleanup.manager [-] Deleting neutron.port object s_rally_be35bc2f_ouJFZuIt (afca19df-818a-4102-9282-67a8b0f583e0)
2019-12-27 21:08:28.285 11833 RALLYDEBUG rally_openstack.cleanup.manager [-] Deleting neutron.port object s_rally_be35bc2f_Odan9QnD (d4992080-c49b-458b-875b-3b13c14c7d4a)
2019-12-27 21:08:28.299 11833 RALLYDEBUG rally_openstack.cleanup.manager [-] Deleting neutron.port object s_rally_be35bc2f_K1DshyjY (e02ded95-b5a3-4de4-9721-e47ca2d3bce1)
2019-12-27 21:08:28.293 11833 RALLYDEBUG rally_openstack.cleanup.manager [-] Deleting neutron.port object s_rally_be35bc2f_l5663jVo (dc870ab2-fb7e-413f-9207-a726329110c9)
2019-12-27 21:08:28.310 11833 RALLYDEBUG rally_openstack.cleanup.manager [-] Deleting neutron.port object s_rally_be35bc2f_oZgibNbO (e08eea12-c628-46bb-a9a0-8f9f7a6f91f1)
2019-12-27 21:08:28.330 11833 RALLYDEBUG rally_openstack.cleanup.manager [-] Deleting neutron.port object s_rally_be35bc2f_w3fLd0I1 (84e21a89-43c2-43b8-8e1b-880230220e49)
2019-12-27 21:08:28.334 11833 RALLYDEBUG rally_openstack.cleanup.manager [-] Deleting neutron.port object s_rally_be35bc2f_UjsCQmoK (a874e184-84db-49b0-9b07-20146b560e75)
2019-12-27 21:08:28.345 11833 RALLYDEBUG rally_openstack.cleanup.manager [-] Deleting neutron.port object s_rally_be35bc2f_2X5LGUXL (b1bf73b5-7d63-464a-a465-d6c73d0e4be9)
2019-12-27 21:08:28.357 11833 RALLYDEBUG rally_openstack.cleanup.manager [-] Deleting neutron.port object s_rally_be35bc2f_BeWu0UbY (ee1e6d1e-8beb-45f9-8653-0e86f211e578)
2019-12-27 21:08:28.387 11833 RALLYDEBUG rally_openstack.cleanup.manager [-] Deleting neutron.port object s_rally_be35bc2f_mByj11x2 (56fa14e4-f3b4-4744-bde5-05b2074eeec5)
2019-12-27 21:08:28.397 11833 RALLYDEBUG rally_openstack.cleanup.manager [-] Deleting neutron.port object s_rally_be35bc2f_9ctWa95m (6cf7d654-7f4c-483f-87fc-fc2101bb6dc0)
2019-12-27 21:08:28.414 11833 RALLYDEBUG rally_openstack.cleanup.manager [-] Deleting neutron.port object s_rally_be35bc2f_ndCSm1Sa (3ba940de-991b-49d1-b13b-3a1993e7a714)
2019-12-27 21:08:28.429 11833 RALLYDEBUG rally_openstack.cleanup.manager [-] Deleting neutron.port object s_rally_be35bc2f_sbdxT9Ru (7f7c09ed-6361-44ad-a6ab-ccf52de98357)
2019-12-27 21:08:28.435 11833 RALLYDEBUG rally_openstack.cleanup.manager [-] Deleting neutron.port object s_rally_be35bc2f_Uzs5NrUA (873f2ddf-774c-4d90-ad9b-e74236c8c46a)
2019-12-27 21:08:28.439 11833 RALLYDEBUG rally_openstack.cleanup.manager [-] Deleting neutron.port object s_rally_be35bc2f_C7hoVUla (9147dd1e-e19f-442e-906f-25592d5060d6)
2019-12-27 21:08:28.450 11833 RALLYDEBUG rally_openstack.cleanup.manager [-] Deleting neutron.port object s_rally_be35bc2f_6kGRGXt7 (af3c54a7-b1b1-4772-85cf-5434c301e516)
2019-12-27 21:08:28.462 11833 RALLYDEBUG rally_openstack.cleanup.manager [-] Deleting neutron.port object s_rally_be35bc2f_n7AVwISA (a19c2ae1-f2ab-4824-9232-4c277d786043)
2019-12-27 21:08:28.477 11833 RALLYDEBUG rally_openstack.cleanup.manager [-] Deleting neutron.port object s_rally_be35bc2f_sVSJ9d8x (bdf54303-0c73-4cd1-96f8-776a8e06055a)
2019-12-27 21:08:28.526 11833 RALLYDEBUG rally_openstack.cleanup.manager [-] Deleting neutron.port object s_rally_be35bc2f_qNv1BWzr (e63ffa1e-af5b-4026-9f7c-ac14901d0302)
2019-12-27 21:08:36.853 11833 RALLYDEBUG rally_openstack.cleanup.manager [-] Cleaning up neutron subnet objects
2019-12-27 21:08:37.807 11833 RALLYDEBUG rally_openstack.cleanup.manager [-] Deleting neutron.subnet object s_rally_be35bc2f_CBv1sraN (75f27251-d179-46c7-96e4-afd681e7b6a8)
2019-12-27 21:08:37.808 11833 RALLYDEBUG rally_openstack.cleanup.manager [-] Deleting neutron.subnet object s_rally_be35bc2f_H7ZSRHlT (037e1cc2-d664-491d-90e0-777693198a96)
2019-12-27 21:08:37.813 11833 RALLYDEBUG rally_openstack.cleanup.manager [-] Deleting neutron.subnet object s_rally_be35bc2f_lLoAAcXq (b861c26a-ba6e-4f3c-bc67-b36772175800)
2019-12-27 21:08:37.829 11833 RALLYDEBUG rally_openstack.cleanup.manager [-] Deleting neutron.subnet object s_rally_be35bc2f_qpmI3ju0 (bc3fc273-dbf8-4aef-888a-0192a590fcdd)
2019-12-27 21:08:37.838 11833 RALLYDEBUG rally_openstack.cleanup.manager [-] Deleting neutron.subnet object s_rally_be35bc2f_E8UrTytk (bc62a505-10f4-447c-85a3-9660bbd98503)
2019-12-27 21:08:37.853 11833 RALLYDEBUG rally_openstack.cleanup.manager [-] Deleting neutron.subnet object s_rally_be35bc2f_Qo7oK4QA (de45c11c-1495-4445-94b3-c6a9131f8396)
2019-12-27 21:08:37.859 11833 RALLYDEBUG rally_openstack.cleanup.manager [-] Deleting neutron.subnet object s_rally_be35bc2f_YGCvMShb (163b776a-84f9-4f7e-9815-4e5a2d68091b)
2019-12-27 21:08:37.865 11833 RALLYDEBUG rally_openstack.cleanup.manager [-] Deleting neutron.subnet object s_rally_be35bc2f_xHTaehcJ (9a0742af-6e53-438f-b384-f49a6a05843a)
2019-12-27 21:08:37.870 11833 RALLYDEBUG rally_openstack.cleanup.manager [-] Deleting neutron.subnet object s_rally_be35bc2f_awEXWaIL (b43c6fda-9057-4475-ba9c-4509ddd04eb8)
2019-12-27 21:08:37.881 11833 RALLYDEBUG rally_openstack.cleanup.manager [-] Deleting neutron.subnet object s_rally_be35bc2f_MtYXQdcy (d3ee7d1d-feed-43e3-b2e4-71de900509ae)
2019-12-27 21:08:37.887 11833 RALLYDEBUG rally_openstack.cleanup.manager [-] Deleting neutron.subnet object s_rally_be35bc2f_JMBJMjS1 (018e7492-4336-4bfa-a22c-d96eb4c19caa)
2019-12-27 21:08:37.920 11833 RALLYDEBUG rally_openstack.cleanup.manager [-] Deleting neutron.subnet object s_rally_be35bc2f_8gWBBhJf (507c2485-74bd-45f9-9e2e-836cddcd990c)
2019-12-27 21:08:37.915 11833 RALLYDEBUG rally_openstack.cleanup.manager [-] Deleting neutron.subnet object s_rally_be35bc2f_2jMilwqd (211d5fb4-a16c-42fe-a99b-847606ead5ae)
2019-12-27 21:08:37.946 11833 RALLYDEBUG rally_openstack.cleanup.manager [-] Deleting neutron.subnet object s_rally_be35bc2f_IopBPzCf (579591ff-7f63-432f-bcb0-14cd8fc3ff67)
2019-12-27 21:08:37.970 11833 RALLYDEBUG rally_openstack.cleanup.manager [-] Deleting neutron.subnet object s_rally_be35bc2f_uggS65zn (6c1fb5d9-61bb-41cf-8843-a4fa439a87e2)
2019-12-27 21:08:37.996 11833 RALLYDEBUG rally_openstack.cleanup.manager [-] Deleting neutron.subnet object s_rally_be35bc2f_0H6it7KC (add5304f-333a-4ab0-9035-7e9c0a0554c1)
2019-12-27 21:08:38.000 11833 RALLYDEBUG rally_openstack.cleanup.manager [-] Deleting neutron.subnet object s_rally_be35bc2f_upaq0fMe (c1ad2dd7-3810-4e5b-a3fb-b60afaebacd4)
2019-12-27 21:08:38.013 11833 RALLYDEBUG rally_openstack.cleanup.manager [-] Deleting neutron.subnet object s_rally_be35bc2f_7wO54Zn4 (cb0eee38-bfe1-4db0-b17a-b45ca8579255)
2019-12-27 21:08:38.021 11833 RALLYDEBUG rally_openstack.cleanup.manager [-] Deleting neutron.subnet object s_rally_be35bc2f_vFaW3QXS (e839b944-02a3-42e7-a879-3cc54dcc7401)
2019-12-27 21:08:38.072 11833 RALLYDEBUG rally_openstack.cleanup.manager [-] Deleting neutron.subnet object s_rally_be35bc2f_hqyMoyBC (f6db3528-fff5-4cc6-9ba6-8d0f5848ebe4)
2019-12-27 21:08:45.219 11833 RALLYDEBUG rally_openstack.cleanup.manager [-] Cleaning up neutron network objects
2019-12-27 21:08:45.994 11833 RALLYDEBUG rally_openstack.cleanup.manager [-] Deleting neutron.network object s_rally_be35bc2f_cw8grf3p (01a5c5fd-dedb-4bef-bbbd-aaee8e7cbfe9)
2019-12-27 21:08:46.000 11833 RALLYDEBUG rally_openstack.cleanup.manager [-] Deleting neutron.network object s_rally_be35bc2f_C0PSphND (89dcb38b-96e6-420f-a270-ee6d710da2a8)
2019-12-27 21:08:46.012 11833 RALLYDEBUG rally_openstack.cleanup.manager [-] Deleting neutron.network object s_rally_be35bc2f_zMbdmCEa (d68a2449-315f-479c-b4f2-b498d09f59ac)
2019-12-27 21:08:46.022 11833 RALLYDEBUG rally_openstack.cleanup.manager [-] Deleting neutron.network object s_rally_be35bc2f_SAsgyCUX (7c76839a-4095-41f6-aec7-e422c86dff02)
2019-12-27 21:08:46.027 11833 RALLYDEBUG rally_openstack.cleanup.manager [-] Deleting neutron.network object s_rally_be35bc2f_BUx84LN2 (ce6d465a-ac63-4bd5-b572-b22efbbe37cf)
2019-12-27 21:08:46.038 11833 RALLYDEBUG rally_openstack.cleanup.manager [-] Deleting neutron.network object s_rally_be35bc2f_Jf7y6Vyr (2d2fc76f-5f17-4713-b3b1-e96037fbb5e0)
2019-12-27 21:08:46.052 11833 RALLYDEBUG rally_openstack.cleanup.manager [-] Deleting neutron.network object s_rally_be35bc2f_evtzpYGY (33454964-7498-4d2e-8279-5cc855de8b44)
2019-12-27 21:08:46.062 11833 RALLYDEBUG rally_openstack.cleanup.manager [-] Deleting neutron.network object s_rally_be35bc2f_eBXkjGhl (8165238b-8827-44ff-bf03-aa1f606b9228)
2019-12-27 21:08:46.102 11833 RALLYDEBUG rally_openstack.cleanup.manager [-] Deleting neutron.network object s_rally_be35bc2f_njRyxlRt (9052f2d0-97eb-4ac5-ac58-474e776db503)
2019-12-27 21:08:46.112 11833 RALLYDEBUG rally_openstack.cleanup.manager [-] Deleting neutron.network object s_rally_be35bc2f_q7qvIft9 (c3e731cd-e3e8-4207-947f-1b1f3d8a5edc)
2019-12-27 21:08:50.931 11833 RALLYDEBUG rally_openstack.cleanup.manager [-] Cleaning up neutron router objects
2019-12-27 21:08:51.735 11833 RALLYDEBUG rally_openstack.cleanup.manager [-] Deleting neutron.router object s_rally_be35bc2f_ouJFZuIt (215f4cc2-925d-4eb4-b9b2-7f670b04294c)
2019-12-27 21:08:51.746 11833 RALLYDEBUG rally_openstack.cleanup.manager [-] Deleting neutron.router object s_rally_be35bc2f_Odan9QnD (24d13fc8-61cb-43ec-ace1-9c372262ad59)
2019-12-27 21:08:51.752 11833 RALLYDEBUG rally_openstack.cleanup.manager [-] Deleting neutron.router object s_rally_be35bc2f_l5663jVo (4cc6b599-c31e-4782-baf2-766ccad6014e)
2019-12-27 21:08:51.768 11833 RALLYDEBUG rally_openstack.cleanup.manager [-] Deleting neutron.router object s_rally_be35bc2f_gRBu1qsE (819a5c5e-2972-459e-9f1e-dd92cf29fb04)
2019-12-27 21:08:51.783 11833 RALLYDEBUG rally_openstack.cleanup.manager [-] Deleting neutron.router object s_rally_be35bc2f_K1DshyjY (a268e9b6-476d-447f-8447-d629c5c91ddd)
2019-12-27 21:08:51.790 11833 RALLYDEBUG rally_openstack.cleanup.manager [-] Deleting neutron.router object s_rally_be35bc2f_oZgibNbO (b019b50e-4562-445c-aeed-c5c20a5fde8d)
2019-12-27 21:08:51.804 11833 RALLYDEBUG rally_openstack.cleanup.manager [-] Deleting neutron.router object s_rally_be35bc2f_BeWu0UbY (4176a222-3508-44fe-8476-413b29d739c4)
2019-12-27 21:08:51.814 11833 RALLYDEBUG rally_openstack.cleanup.manager [-] Deleting neutron.router object s_rally_be35bc2f_UjsCQmoK (5998cb7b-0942-4180-81f4-8313ec9b2939)
2019-12-27 21:08:51.823 11833 RALLYDEBUG rally_openstack.cleanup.manager [-] Deleting neutron.router object s_rally_be35bc2f_w3fLd0I1 (6e34f0f8-3fa4-4e7c-9e72-cf1781c6a096)
2019-12-27 21:08:51.837 11833 RALLYDEBUG rally_openstack.cleanup.manager [-] Deleting neutron.router object s_rally_be35bc2f_2X5LGUXL (b915c299-c3b4-4243-abe7-af1931d68567)
2019-12-27 21:08:51.847 11833 RALLYDEBUG rally_openstack.cleanup.manager [-] Deleting neutron.router object s_rally_be35bc2f_mByj11x2 (0838642d-76c9-4ab2-82b1-6161586b51b8)
2019-12-27 21:08:51.853 11833 RALLYDEBUG rally_openstack.cleanup.manager [-] Deleting neutron.router object s_rally_be35bc2f_Uzs5NrUA (28446efb-8d2b-4d73-b8c6-9c390037f198)
2019-12-27 21:08:51.887 11833 RALLYDEBUG rally_openstack.cleanup.manager [-] Deleting neutron.router object s_rally_be35bc2f_6kGRGXt7 (342289e8-16ab-474c-9c89-994232f49295)
2019-12-27 21:08:51.897 11833 RALLYDEBUG rally_openstack.cleanup.manager [-] Deleting neutron.router object s_rally_be35bc2f_sbdxT9Ru (8ba59d7f-0175-4436-a013-abe576229c22)
2019-12-27 21:08:51.915 11833 RALLYDEBUG rally_openstack.cleanup.manager [-] Deleting neutron.router object s_rally_be35bc2f_qNv1BWzr (aabb397b-8fe9-4117-85e9-7bee2577b0f0)
2019-12-27 21:08:51.919 11833 RALLYDEBUG rally_openstack.cleanup.manager [-] Deleting neutron.router object s_rally_be35bc2f_ndCSm1Sa (c8aefd34-c40f-499b-968d-c90c2c72f62c)
2019-12-27 21:08:51.933 11833 RALLYDEBUG rally_openstack.cleanup.manager [-] Deleting neutron.router object s_rally_be35bc2f_C7hoVUla (cb0fa654-1ecb-4cde-b2a4-ba518ce2aec4)
2019-12-27 21:08:51.963 11833 RALLYDEBUG rally_openstack.cleanup.manager [-] Deleting neutron.router object s_rally_be35bc2f_n7AVwISA (ea510183-4db1-4afe-b4bc-2930323b32f5)
2019-12-27 21:08:52.030 11833 RALLYDEBUG rally_openstack.cleanup.manager [-] Deleting neutron.router object s_rally_be35bc2f_9ctWa95m (eaca18a3-bf59-4ee9-91a8-15b23fd529a6)
2019-12-27 21:08:52.036 11833 RALLYDEBUG rally_openstack.cleanup.manager [-] Deleting neutron.router object s_rally_be35bc2f_sVSJ9d8x (f6968b91-a2c8-4dc1-8249-00bba08fa955)
2019-12-27 21:08:55.027 11833 RALLYDEBUG rally_openstack.cleanup.manager [-] Cleaning up neutron security_group objects
2019-12-27 21:08:55.578 11833 INFO rally.task.context [-] Task e3573ce4-dbb4-4a7a-8f0d-31f6218d09b9 | Context cleanup@openstack cleanup() finished in 31.57 sec
2019-12-27 21:08:55.579 11833 INFO rally.task.context [-] Task e3573ce4-dbb4-4a7a-8f0d-31f6218d09b9 | Context quotas@openstack cleanup() started
2019-12-27 21:08:55.642 11833 INFO rally.task.context [-] Task e3573ce4-dbb4-4a7a-8f0d-31f6218d09b9 | Context quotas@openstack cleanup() finished in 63.39 msec
2019-12-27 21:08:55.643 11833 INFO rally.task.context [-] Task e3573ce4-dbb4-4a7a-8f0d-31f6218d09b9 | Context users@openstack cleanup() started
2019-12-27 21:08:58.020 11833 INFO rally.task.context [-] Task e3573ce4-dbb4-4a7a-8f0d-31f6218d09b9 | Context users@openstack cleanup() finished in 2.38 sec
2019-12-27 21:08:58.991 11833 INFO rally.task.engine [-] Load duration is: 29.636389
2019-12-27 21:08:58.992 11833 INFO rally.task.engine [-] Full runner duration is: 29.687533
2019-12-27 21:08:58.992 11833 INFO rally.task.engine [-] Full duration is: 65.673731
2019-12-27 21:08:59.086 11833 INFO rally.task.engine [-] Running workload: position = 0 config = { "version": 2, "title": "A cropped version of a bigger task.", "description": "Auto-generated task from a single workload (uuid=62ed52a8-461f-4186-aa6f-ad933261e7d5)", "subtasks": [ { "title": "NeutronNetworks.create_and_show_subnets", "description": "Create and show a subnet details.", "scenario": { "NeutronNetworks.create_and_show_subnets": { "subnets_per_network": 2 } }, "contexts": { "users": { "tenants": 3, "users_per_tenant": 2 }, "network": { "router": {} }, "quotas": { "neutron": { "network": -1, "subnet": -1 } } }, "runner": { "constant": { "concurrency": 4, "times": 10 } }, "hooks": [], "sla": { "failure_rate": { "max": 0 } } } ] }
2019-12-27 21:08:59.112 11833 RALLYDEBUG rally_openstack.contexts.keystone.users [-] Creating 3 tenants using 20 threads
2019-12-27 21:08:59.698 11833 RALLYDEBUG rally_openstack.contexts.keystone.users [-] Creating 6 users using 20 threads
2019-12-27 21:09:00.663 11833 INFO rally.task.context [-] Task e3573ce4-dbb4-4a7a-8f0d-31f6218d09b9 | Context users@openstack setup() finished in 1.55 sec
2019-12-27 21:09:01.018 11833 INFO rally.task.context [-] Task e3573ce4-dbb4-4a7a-8f0d-31f6218d09b9 | Context quotas@openstack setup() finished in 0.35 sec
2019-12-27 21:09:01.422 11833 RALLYDEBUG rally_openstack.wrappers.network [-] CIDR generated: 10.2.95.0/24
2019-12-27 21:09:02.454 11833 RALLYDEBUG rally_openstack.wrappers.network [-] CIDR generated: 10.2.96.0/24
2019-12-27 21:09:03.221 11833 RALLYDEBUG rally_openstack.wrappers.network [-] CIDR generated: 10.2.97.0/24
2019-12-27 21:09:03.691 11833 INFO rally.task.context [-] Task e3573ce4-dbb4-4a7a-8f0d-31f6218d09b9 | Context network@openstack setup() finished in 2.67 sec
2019-12-27 21:09:03.691 11833 INFO rally.task.context [-] Task e3573ce4-dbb4-4a7a-8f0d-31f6218d09b9 | Context cleanup@openstack setup() finished in 0.01 msec
2019-12-27 21:09:03.703 11833 RALLYDEBUG rally.task.runner [-] Starting the constant runner (task UUID: e3573ce4-dbb4-4a7a-8f0d-31f6218d09b9). times: 10 concurrency: 4 timeout: 0 max_cpu_used: 88 processes_to_start: 4 concurrency_per_worker: 1 concurrency_overhead: 0
2019-12-27 21:09:03.715 18173 RALLYDEBUG rally.task.runner [-] Starting a worker. times: 10 duration: None concurrency: 1 timeout: 0 cls: method_name: run args: {"subnets_per_network": 2}
2019-12-27 21:09:03.719 18174 RALLYDEBUG rally.task.runner [-] Starting a worker. times: 10 duration: None concurrency: 1 timeout: 0 cls: method_name: run args: {"subnets_per_network": 2}
2019-12-27 21:09:03.722 18173 INFO rally.task.runner [-] Task e3573ce4-dbb4-4a7a-8f0d-31f6218d09b9 | ITER: 1 START
2019-12-27 21:09:03.723 18175 RALLYDEBUG rally.task.runner [-] Starting a worker. times: 10 duration: None concurrency: 1 timeout: 0 cls: method_name: run args: {"subnets_per_network": 2}
2019-12-27 21:09:03.725 18173 RALLYDEBUG rally_openstack.wrappers.network [-] CIDR generated: 10.2.98.0/24
2019-12-27 21:09:03.727 18174 INFO rally.task.runner [-] Task e3573ce4-dbb4-4a7a-8f0d-31f6218d09b9 | ITER: 2 START
2019-12-27 21:09:03.726 18177 RALLYDEBUG rally.task.runner [-] Starting a worker. times: 10 duration: None concurrency: 1 timeout: 0 cls: method_name: run args: {"subnets_per_network": 2}
2019-12-27 21:09:03.729 18174 RALLYDEBUG rally_openstack.wrappers.network [-] CIDR generated: 10.2.99.0/24
2019-12-27 21:09:03.730 18175 INFO rally.task.runner [-] Task e3573ce4-dbb4-4a7a-8f0d-31f6218d09b9 | ITER: 3 START
2019-12-27 21:09:03.732 18175 RALLYDEBUG rally_openstack.wrappers.network [-] CIDR generated: 10.2.100.0/24
2019-12-27 21:09:03.733 18177 INFO rally.task.runner [-] Task e3573ce4-dbb4-4a7a-8f0d-31f6218d09b9 | ITER: 4 START
2019-12-27 21:09:03.736 18177 RALLYDEBUG rally_openstack.wrappers.network [-] CIDR generated: 10.2.101.0/24
2019-12-27 21:09:04.886 18175 RALLYDEBUG rally_openstack.wrappers.network [-] CIDR generated: 10.2.102.0/24
2019-12-27 21:09:05.109 18173 RALLYDEBUG rally_openstack.wrappers.network [-] CIDR generated: 10.2.103.0/24
2019-12-27 21:09:05.800 18174 RALLYDEBUG rally_openstack.wrappers.network [-] CIDR generated: 10.2.104.0/24
2019-12-27 21:09:05.803 18177 RALLYDEBUG rally_openstack.wrappers.network [-] CIDR generated: 10.2.105.0/24
2019-12-27 21:09:05.884 18173 INFO rally.task.runner [-] Task e3573ce4-dbb4-4a7a-8f0d-31f6218d09b9 | ITER: 1 END: OK
2019-12-27 21:09:05.890 18173 INFO rally.task.runner [-] Task e3573ce4-dbb4-4a7a-8f0d-31f6218d09b9 | ITER: 5 START
2019-12-27 21:09:05.892 18173 RALLYDEBUG rally_openstack.wrappers.network [-] CIDR generated: 10.2.106.0/24
2019-12-27 21:09:05.923 18175 INFO rally.task.runner [-] Task e3573ce4-dbb4-4a7a-8f0d-31f6218d09b9 | ITER: 3 END: OK
2019-12-27 21:09:05.929 18175 INFO rally.task.runner [-] Task e3573ce4-dbb4-4a7a-8f0d-31f6218d09b9 | ITER: 6 START
2019-12-27 21:09:05.930 18175 RALLYDEBUG rally_openstack.wrappers.network [-] CIDR generated: 10.2.107.0/24
2019-12-27 21:09:07.452 18173 RALLYDEBUG rally_openstack.wrappers.network [-] CIDR generated: 10.2.108.0/24
2019-12-27 21:09:07.568 18174 INFO rally.task.runner [-] Task e3573ce4-dbb4-4a7a-8f0d-31f6218d09b9 | ITER: 2 END: OK
2019-12-27 21:09:07.574 18174 INFO rally.task.runner [-] Task e3573ce4-dbb4-4a7a-8f0d-31f6218d09b9 | ITER: 7 START
2019-12-27 21:09:07.575 18177 INFO rally.task.runner [-] Task e3573ce4-dbb4-4a7a-8f0d-31f6218d09b9 | ITER: 4 END: OK
2019-12-27 21:09:07.575 18174 RALLYDEBUG rally_openstack.wrappers.network [-] CIDR generated: 10.2.109.0/24
2019-12-27 21:09:07.580 18177 INFO rally.task.runner [-] Task e3573ce4-dbb4-4a7a-8f0d-31f6218d09b9 | ITER: 8 START
2019-12-27 21:09:07.581 18177 RALLYDEBUG rally_openstack.wrappers.network [-] CIDR generated: 10.2.110.0/24
2019-12-27 21:09:07.602 18175 RALLYDEBUG rally_openstack.wrappers.network [-] CIDR generated: 10.2.111.0/24
2019-12-27 21:09:08.643 18174 RALLYDEBUG rally_openstack.wrappers.network [-] CIDR generated: 10.2.112.0/24
2019-12-27 21:09:08.879 18177 RALLYDEBUG rally_openstack.wrappers.network [-] CIDR generated: 10.2.113.0/24
2019-12-27 21:09:09.224 18173 INFO rally.task.runner [-] Task e3573ce4-dbb4-4a7a-8f0d-31f6218d09b9 | ITER: 5 END: OK
2019-12-27 21:09:09.229 18173 INFO rally.task.runner [-] Task e3573ce4-dbb4-4a7a-8f0d-31f6218d09b9 | ITER: 9 START
2019-12-27 21:09:09.230 18173 RALLYDEBUG rally_openstack.wrappers.network [-] CIDR generated: 10.2.114.0/24
2019-12-27 21:09:09.256 18175 INFO rally.task.runner [-] Task e3573ce4-dbb4-4a7a-8f0d-31f6218d09b9 | ITER: 6 END: OK
2019-12-27 21:09:09.261 18175 INFO rally.task.runner [-] Task e3573ce4-dbb4-4a7a-8f0d-31f6218d09b9 | ITER: 10 START
2019-12-27 21:09:09.262 18175 RALLYDEBUG rally_openstack.wrappers.network [-] CIDR generated: 10.2.115.0/24
2019-12-27 21:09:09.737 18177 INFO rally.task.runner [-] Task e3573ce4-dbb4-4a7a-8f0d-31f6218d09b9 | ITER: 8 END: OK
2019-12-27 21:09:10.019 18174 INFO rally.task.runner [-] Task e3573ce4-dbb4-4a7a-8f0d-31f6218d09b9 | ITER: 7 END: OK
2019-12-27 21:09:10.186 18175 RALLYDEBUG rally_openstack.wrappers.network [-] CIDR generated: 10.2.116.0/24
2019-12-27 21:09:10.316 18173 RALLYDEBUG rally_openstack.wrappers.network [-] CIDR generated: 10.2.117.0/24
2019-12-27 21:09:11.207 18175 INFO rally.task.runner [-] Task e3573ce4-dbb4-4a7a-8f0d-31f6218d09b9 | ITER: 10 END: OK
2019-12-27 21:09:11.357 18173 INFO rally.task.runner [-] Task e3573ce4-dbb4-4a7a-8f0d-31f6218d09b9 | ITER: 9 END: OK
2019-12-27 21:09:11.388 11833 INFO rally.task.context [-] Task e3573ce4-dbb4-4a7a-8f0d-31f6218d09b9 | Context cleanup@openstack cleanup() started
2019-12-27 21:09:11.396 11833 RALLYDEBUG rally_openstack.cleanup.manager [-] Cleaning up neutron vip objects
2019-12-27 21:09:11.815 11833 RALLYDEBUG rally_openstack.cleanup.manager [-] Cleaning up neutron health_monitor objects
2019-12-27 21:09:12.249 11833 RALLYDEBUG rally_openstack.cleanup.manager [-] Cleaning up neutron pool objects
2019-12-27 21:09:12.672 11833 RALLYDEBUG rally_openstack.cleanup.manager [-] Cleaning up neutron loadbalancer objects
2019-12-27 21:09:13.109 11833 RALLYDEBUG rally_openstack.cleanup.manager [-] Cleaning up neutron floatingip objects
2019-12-27 21:09:13.707 11833 RALLYDEBUG rally_openstack.cleanup.manager [-] Cleaning up neutron trunk objects
2019-12-27 21:09:14.150 11833 RALLYDEBUG rally_openstack.cleanup.manager [-] Cleaning up neutron port objects
2019-12-27 21:09:15.071 11833 RALLYDEBUG rally_openstack.cleanup.manager [-] Cleaning up neutron subnet objects
2019-12-27 21:09:15.975 11833 RALLYDEBUG rally_openstack.cleanup.manager [-] Deleting neutron.subnet object s_rally_62ed52a8_LxXeA6yM (18dcc3a4-ab3d-43e5-b508-83b166356b2f)
2019-12-27 21:09:15.988 11833 RALLYDEBUG rally_openstack.cleanup.manager [-] Deleting neutron.subnet object s_rally_62ed52a8_eRKYu1Bf (6b6e0220-5154-4000-8e54-89c2783404b1)
2019-12-27 21:09:15.989 11833 RALLYDEBUG rally_openstack.cleanup.manager [-] Deleting neutron.subnet object s_rally_62ed52a8_gPqq2tW5 (6c4d74c5-afa8-4263-9809-6d5ecc8bd509)
2019-12-27 21:09:15.999 11833 RALLYDEBUG rally_openstack.cleanup.manager [-] Deleting neutron.subnet object s_rally_62ed52a8_O8AOgIZs (98a690d1-acf5-4621-86b2-766b8b784537)
2019-12-27 21:09:16.010 11833 RALLYDEBUG rally_openstack.cleanup.manager [-] Deleting neutron.subnet object s_rally_62ed52a8_dIMdKEw2 (19ac94bd-c2fe-4a79-9b78-da13e60164cc)
2019-12-27 21:09:16.031 11833 RALLYDEBUG rally_openstack.cleanup.manager [-] Deleting neutron.subnet object s_rally_62ed52a8_7fklgMOc (1d328950-15bd-4371-a5eb-d8f00fc99845)
2019-12-27 21:09:16.042 11833 RALLYDEBUG rally_openstack.cleanup.manager [-] Deleting neutron.subnet object s_rally_62ed52a8_ULQ94YNp (3337ae05-c6f2-43e8-9f02-28cb1256452e)
2019-12-27 21:09:16.054 11833 RALLYDEBUG rally_openstack.cleanup.manager [-] Deleting neutron.subnet object s_rally_62ed52a8_vKmvuvbD (517ddb62-99b9-49fa-8850-77600925ffbe)
2019-12-27 21:09:16.064 11833 RALLYDEBUG rally_openstack.cleanup.manager [-] Deleting neutron.subnet object s_rally_62ed52a8_z08TBgWR (537673ca-5d68-404b-ab25-a4618cdbd314)
2019-12-27 21:09:16.082 11833 RALLYDEBUG rally_openstack.cleanup.manager [-] Deleting neutron.subnet object s_rally_62ed52a8_cc2gPgbU (a696800d-d531-490e-aa86-c58591cb04c7)
2019-12-27 21:09:16.097 11833 RALLYDEBUG rally_openstack.cleanup.manager [-] Deleting neutron.subnet object s_rally_62ed52a8_KBW0DFoh (7786511f-5a2e-40ea-be2b-e416c70c9bd7)
2019-12-27 21:09:16.115 11833 RALLYDEBUG rally_openstack.cleanup.manager [-] Deleting neutron.subnet object s_rally_62ed52a8_fKXzOdDl (b6c8cdfa-c25c-4052-9126-1fae7cb91307)
2019-12-27 21:09:16.147 11833 RALLYDEBUG rally_openstack.cleanup.manager [-] Deleting neutron.subnet object s_rally_62ed52a8_ngjNBnJZ (f7e99fa9-c3b3-433a-bc12-a9016af55875)
2019-12-27 21:09:16.153 11833 RALLYDEBUG rally_openstack.cleanup.manager [-] Deleting neutron.subnet object s_rally_62ed52a8_kr2OSfLJ (ff88f284-f1a7-412e-a8aa-2887e5a6d73d)
2019-12-27 21:09:16.159 11833 RALLYDEBUG rally_openstack.cleanup.manager [-] Deleting neutron.subnet object s_rally_62ed52a8_AOsra4A0 (1b78d7d0-ca30-4483-afbf-e6e8e7d9fee1)
2019-12-27 21:09:16.173 11833 RALLYDEBUG rally_openstack.cleanup.manager [-] Deleting neutron.subnet object s_rally_62ed52a8_yssY5uMd (1d2f76d3-80e1-4936-907d-88692e783570)
2019-12-27 21:09:16.184 11833 RALLYDEBUG rally_openstack.cleanup.manager [-] Deleting neutron.subnet object s_rally_62ed52a8_vEzL6QIk (5e0b82d3-43b7-4017-8df7-b4392c0b3c54)
2019-12-27 21:09:16.189 11833 RALLYDEBUG rally_openstack.cleanup.manager [-] Deleting neutron.subnet object s_rally_62ed52a8_f6o2lHsg (6a279900-1128-4a9e-b993-2899b6b91f00)
2019-12-27 21:09:16.246 11833 RALLYDEBUG rally_openstack.cleanup.manager [-] Deleting neutron.subnet object s_rally_62ed52a8_voE60xZI (84eff47e-9e97-4b9d-82cb-c7a4562d0cdb)
2019-12-27 21:09:16.252 11833 RALLYDEBUG rally_openstack.cleanup.manager [-] Deleting neutron.subnet object s_rally_62ed52a8_EJeYZ4f7 (d5f46483-4a55-4c9d-bfe0-4ebf89d56f5d)
2019-12-27 21:09:19.843 11833 RALLYDEBUG rally_openstack.cleanup.manager [-] Cleaning up neutron network objects
2019-12-27 21:09:21.110 11833 RALLYDEBUG rally_openstack.cleanup.manager [-] Cleaning up neutron router objects
2019-12-27 21:09:21.647 11833 RALLYDEBUG rally_openstack.cleanup.manager [-] Cleaning up neutron security_group objects
2019-12-27 21:09:22.190 11833 INFO rally.task.context [-] Task e3573ce4-dbb4-4a7a-8f0d-31f6218d09b9 | Context cleanup@openstack cleanup() finished in 10.80 sec
2019-12-27 21:09:22.191 11833 INFO rally.task.context [-] Task e3573ce4-dbb4-4a7a-8f0d-31f6218d09b9 | Context network@openstack cleanup() started
2019-12-27 21:09:28.367 11833 INFO rally.task.context [-] Task e3573ce4-dbb4-4a7a-8f0d-31f6218d09b9 | Context network@openstack cleanup() finished in 6.18 sec
2019-12-27 21:09:28.368 11833 INFO rally.task.context [-] Task e3573ce4-dbb4-4a7a-8f0d-31f6218d09b9 | Context quotas@openstack cleanup() started
2019-12-27 21:09:28.436 11833 INFO rally.task.context [-] Task e3573ce4-dbb4-4a7a-8f0d-31f6218d09b9 | Context quotas@openstack cleanup() finished in 67.40 msec
2019-12-27 21:09:28.436 11833 INFO rally.task.context [-] Task e3573ce4-dbb4-4a7a-8f0d-31f6218d09b9 | Context users@openstack cleanup() started
2019-12-27 21:09:31.035 11833 INFO rally.task.context [-] Task e3573ce4-dbb4-4a7a-8f0d-31f6218d09b9 | Context users@openstack cleanup() finished in 2.60 sec
2019-12-27 21:09:31.323 11833 INFO rally.task.engine [-] Load duration is: 7.63359
2019-12-27 21:09:31.324 11833 INFO rally.task.engine [-] Full runner duration is: 7.685138
2019-12-27 21:09:31.324 11833 INFO rally.task.engine [-] Full duration is: 31.925058
2019-12-27 21:09:31.398 11833 INFO rally.task.engine [-] Task e3573ce4-dbb4-4a7a-8f0d-31f6218d09b9 | Completed: Running task.
2019-12-27 21:09:33.153 18455 RALLYDEBUG rally.api [-] INFO logs from urllib3 and requests module are hide.
2019-12-27 21:09:33.153 18455 RALLYDEBUG rally.api [-] urllib3 insecure warnings are hidden.
2019-12-27 21:09:33.153 18455 RALLYDEBUG rally.api [-] ERROR log from boto module is hide.
2019-12-27 21:09:34.638 18456 RALLYDEBUG rally.api [-] INFO logs from urllib3 and requests module are hide.
2019-12-27 21:09:34.638 18456 RALLYDEBUG rally.api [-] urllib3 insecure warnings are hidden.
2019-12-27 21:09:34.638 18456 RALLYDEBUG rally.api [-] ERROR log from boto module is hide.
2019-12-27 21:09:36.245 18457 RALLYDEBUG rally.api [-] INFO logs from urllib3 and requests module are hide.
2019-12-27 21:09:36.245 18457 RALLYDEBUG rally.api [-] urllib3 insecure warnings are hidden.
2019-12-27 21:09:36.246 18457 RALLYDEBUG rally.api [-] ERROR log from boto module is hide.
2019-12-27 21:09:38.443 18457 INFO rally.api [-] Building 'json' report for the following task(s): 'e3573ce4-dbb4-4a7a-8f0d-31f6218d09b9'.
2019-12-27 21:09:38.497 18457 INFO rally.api [-] The report has been successfully built.
2019-12-27 21:09:39.995 18459 RALLYDEBUG rally.api [-] INFO logs from urllib3 and requests module are hide.
2019-12-27 21:09:39.996 18459 RALLYDEBUG rally.api [-] urllib3 insecure warnings are hidden.
2019-12-27 21:09:39.996 18459 RALLYDEBUG rally.api [-] ERROR log from boto module is hide.
2019-12-27 21:09:42.756 18459 INFO rally.task.engine [-] Task 97b44b80-b63a-4a1f-8695-10c78c13a32e | Starting: Task validation.
2019-12-27 21:09:42.769 18459 INFO rally.task.engine [-] Task 97b44b80-b63a-4a1f-8695-10c78c13a32e | Starting: Task validation of syntax.
2019-12-27 21:09:43.182 18459 INFO rally.task.engine [-] Task 97b44b80-b63a-4a1f-8695-10c78c13a32e | Completed: Task validation of syntax.
2019-12-27 21:09:43.183 18459 INFO rally.task.engine [-] Task 97b44b80-b63a-4a1f-8695-10c78c13a32e | Starting: Task validation of required platforms.
2019-12-27 21:09:43.410 18459 INFO rally.task.engine [-] Task 97b44b80-b63a-4a1f-8695-10c78c13a32e | Completed: Task validation of required platforms.
2019-12-27 21:09:43.410 18459 INFO rally.task.engine [-] Task 97b44b80-b63a-4a1f-8695-10c78c13a32e | Starting: Task validation of semantic.
2019-12-27 21:09:43.410 18459 INFO rally.task.engine [-] Check health of the environment 'e151d040-daae-43ef-bd55-07744aa69403'.
2019-12-27 21:09:43.932 18459 INFO rally.task.engine [-] Platform existing@openstack (available: True): OK!
2019-12-27 21:09:43.950 18459 RALLYDEBUG rally_openstack.contexts.keystone.users [-] Creating 1 tenants using 20 threads
2019-12-27 21:09:44.323 18459 RALLYDEBUG rally_openstack.contexts.keystone.users [-] Creating 1 users using 20 threads
2019-12-27 21:09:45.054 18459 INFO rally.task.context [-] Task 97b44b80-b63a-4a1f-8695-10c78c13a32e | Context users@openstack setup() finished in 1.10 sec
2019-12-27 21:10:02.021 18459 INFO rally.task.context [-] Task 97b44b80-b63a-4a1f-8695-10c78c13a32e | Context users@openstack cleanup() started
2019-12-27 21:10:03.281 18459 INFO rally.task.context [-] Task 97b44b80-b63a-4a1f-8695-10c78c13a32e | Context users@openstack cleanup() finished in 1.26 sec
2019-12-27 21:10:03.282 18459 INFO rally.task.engine [-] Task 97b44b80-b63a-4a1f-8695-10c78c13a32e | Completed: Task validation of semantic.
2019-12-27 21:10:03.282 18459 INFO rally.task.engine [-] Task 97b44b80-b63a-4a1f-8695-10c78c13a32e | Completed: Task validation.
2019-12-27 21:10:03.282 18459 INFO rally.api [-] Task 97b44b80-b63a-4a1f-8695-10c78c13a32e input file is valid.
2019-12-27 21:10:03.283 18459 INFO rally.api [-] Run Task 97b44b80-b63a-4a1f-8695-10c78c13a32e against Deployment e151d040-daae-43ef-bd55-07744aa69403
2019-12-27 21:10:03.283 18459 INFO rally.task.engine [-] Task 97b44b80-b63a-4a1f-8695-10c78c13a32e | Starting: Running task.
2019-12-27 21:10:03.335 18459 INFO rally.task.engine [-] Running workload: position = 0 config = { "version": 2, "title": "A cropped version of a bigger task.", "description": "Auto-generated task from a single workload (uuid=a6172b4d-924f-4153-984c-8a636e2b67e7)", "subtasks": [ { "title": "NovaKeypair.create_and_delete_keypair", "description": "Create a keypair with random name and delete keypair.", "scenario": { "NovaKeypair.create_and_delete_keypair": {} }, "contexts": { "users": { "tenants": 3, "users_per_tenant": 2 }, "quotas": { "nova": { "cores": -1, "floating_ips": -1, "instances": -1, "key_pairs": -1, "ram": -1, "security_group_rules": -1, "security_groups": -1 } } }, "runner": { "constant": { "concurrency": 4, "times": 10 } }, "hooks": [], "sla": { "failure_rate": { "max": 0 } } } ] }
2019-12-27 21:10:03.354 18459 RALLYDEBUG rally_openstack.contexts.keystone.users [-] Creating 3 tenants using 20 threads
2019-12-27 21:10:03.837 18459 RALLYDEBUG rally_openstack.contexts.keystone.users [-] Creating 6 users using 20 threads
2019-12-27 21:10:04.644 18459 INFO rally.task.context [-] Task 97b44b80-b63a-4a1f-8695-10c78c13a32e | Context users@openstack setup() finished in 1.29 sec
2019-12-27 21:10:05.486 18459 INFO rally.task.context [-] Task 97b44b80-b63a-4a1f-8695-10c78c13a32e | Context quotas@openstack setup() finished in 0.84 sec
2019-12-27 21:10:05.486 18459 INFO rally.task.context [-] Task 97b44b80-b63a-4a1f-8695-10c78c13a32e | Context cleanup@openstack setup() finished in 0.01 msec
2019-12-27 21:10:05.497 18459 RALLYDEBUG rally.task.runner [-] Starting the constant runner (task UUID: 97b44b80-b63a-4a1f-8695-10c78c13a32e). times: 10 concurrency: 4 timeout: 0 max_cpu_used: 88 processes_to_start: 4 concurrency_per_worker: 1 concurrency_overhead: 0
2019-12-27 21:10:05.509 18583 RALLYDEBUG rally.task.runner [-] Starting a worker. times: 10 duration: None concurrency: 1 timeout: 0 cls: method_name: run args: {}
2019-12-27 21:10:05.511 18584 RALLYDEBUG rally.task.runner [-] Starting a worker. times: 10 duration: None concurrency: 1 timeout: 0 cls: method_name: run args: {}
2019-12-27 21:10:05.514 18585 RALLYDEBUG rally.task.runner [-] Starting a worker. times: 10 duration: None concurrency: 1 timeout: 0 cls: method_name: run args: {}
2019-12-27 21:10:05.515 18583 INFO rally.task.runner [-] Task 97b44b80-b63a-4a1f-8695-10c78c13a32e | ITER: 1 START
2019-12-27 21:10:05.517 18586 RALLYDEBUG rally.task.runner [-] Starting a worker. times: 10 duration: None concurrency: 1 timeout: 0 cls: method_name: run args: {}
2019-12-27 21:10:05.518 18584 INFO rally.task.runner [-] Task 97b44b80-b63a-4a1f-8695-10c78c13a32e | ITER: 2 START
2019-12-27 21:10:05.521 18585 INFO rally.task.runner [-] Task 97b44b80-b63a-4a1f-8695-10c78c13a32e | ITER: 3 START
2019-12-27 21:10:05.523 18586 INFO rally.task.runner [-] Task 97b44b80-b63a-4a1f-8695-10c78c13a32e | ITER: 4 START
2019-12-27 21:10:08.039 18584 INFO rally.task.runner [-] Task 97b44b80-b63a-4a1f-8695-10c78c13a32e | ITER: 2 END: OK
2019-12-27 21:10:08.045 18584 INFO rally.task.runner [-] Task 97b44b80-b63a-4a1f-8695-10c78c13a32e | ITER: 5 START
2019-12-27 21:10:08.068 18586 INFO rally.task.runner [-] Task 97b44b80-b63a-4a1f-8695-10c78c13a32e | ITER: 4 END: OK
2019-12-27 21:10:08.073 18586 INFO rally.task.runner [-] Task 97b44b80-b63a-4a1f-8695-10c78c13a32e | ITER: 6 START
2019-12-27 21:10:08.077 18583 INFO rally.task.runner [-] Task 97b44b80-b63a-4a1f-8695-10c78c13a32e | ITER: 1 END: OK
2019-12-27 21:10:08.082 18583 INFO rally.task.runner [-] Task 97b44b80-b63a-4a1f-8695-10c78c13a32e | ITER: 7 START
2019-12-27 21:10:08.400 18585 INFO rally.task.runner [-] Task 97b44b80-b63a-4a1f-8695-10c78c13a32e | ITER: 3 END: OK
2019-12-27 21:10:08.406 18585 INFO rally.task.runner [-] Task 97b44b80-b63a-4a1f-8695-10c78c13a32e | ITER: 8 START
2019-12-27 21:10:10.458 18583 INFO rally.task.runner [-] Task 97b44b80-b63a-4a1f-8695-10c78c13a32e | ITER: 7 END: OK
2019-12-27 21:10:10.464 18583 INFO rally.task.runner [-] Task 97b44b80-b63a-4a1f-8695-10c78c13a32e | ITER: 9 START
2019-12-27 21:10:10.545 18584 INFO rally.task.runner [-] Task 97b44b80-b63a-4a1f-8695-10c78c13a32e | ITER: 5 END: OK
2019-12-27 21:10:10.550 18584 INFO rally.task.runner [-] Task 97b44b80-b63a-4a1f-8695-10c78c13a32e | ITER: 10 START
2019-12-27 21:10:10.787 18585 INFO rally.task.runner [-] Task 97b44b80-b63a-4a1f-8695-10c78c13a32e | ITER: 8 END: OK
2019-12-27 21:10:10.802 18586 INFO rally.task.runner [-] Task 97b44b80-b63a-4a1f-8695-10c78c13a32e | ITER: 6 END: OK
2019-12-27 21:10:12.958 18583 INFO rally.task.runner [-] Task 97b44b80-b63a-4a1f-8695-10c78c13a32e | ITER: 9 END: OK
2019-12-27 21:10:13.076 18584 INFO rally.task.runner [-] Task 97b44b80-b63a-4a1f-8695-10c78c13a32e | ITER: 10 END: OK
2019-12-27 21:10:13.100 18459 INFO rally.task.context [-] Task 97b44b80-b63a-4a1f-8695-10c78c13a32e | Context cleanup@openstack cleanup() started
2019-12-27 21:10:13.104 18459 RALLYDEBUG rally_openstack.cleanup.manager [-] Cleaning up nova servers objects
2019-12-27 21:10:13.919 18459 RALLYDEBUG rally_openstack.cleanup.manager [-] Cleaning up nova server_groups objects
2019-12-27 21:10:14.414 18459 RALLYDEBUG rally_openstack.cleanup.manager [-] Cleaning up nova keypairs objects
2019-12-27 21:10:15.529 18459 INFO rally.task.context [-] Task 97b44b80-b63a-4a1f-8695-10c78c13a32e | Context cleanup@openstack cleanup() finished in 2.43 sec
2019-12-27 21:10:15.530 18459 INFO rally.task.context [-] Task 97b44b80-b63a-4a1f-8695-10c78c13a32e | Context quotas@openstack cleanup() started
2019-12-27 21:10:15.625 18459 INFO rally.task.context [-] Task 97b44b80-b63a-4a1f-8695-10c78c13a32e | Context quotas@openstack cleanup() finished in 94.86 msec
2019-12-27 21:10:15.625 18459 INFO rally.task.context [-] Task 97b44b80-b63a-4a1f-8695-10c78c13a32e | Context users@openstack cleanup() started
2019-12-27 21:10:18.210 18459 INFO rally.task.context [-] Task 97b44b80-b63a-4a1f-8695-10c78c13a32e | Context users@openstack cleanup() finished in 2.58 sec
2019-12-27 21:10:19.507 18459 INFO rally.task.engine [-] Load duration is: 7.559484
2019-12-27 21:10:19.508 18459 INFO rally.task.engine [-] Full runner duration is: 7.602691
2019-12-27 21:10:19.508 18459 INFO rally.task.engine [-] Full duration is: 14.858241
2019-12-27 21:10:19.595 18459 INFO rally.task.engine [-] Running workload: position = 0 config = { "version": 2, "title": "A cropped version of a bigger task.", "description": "Auto-generated task from a single workload (uuid=96c73a5d-cf05-492b-9117-4a364403538c)", "subtasks": [ { "title": "NovaKeypair.create_and_list_keypairs", "description": "Create a keypair with random name and list keypairs.", "scenario": { "NovaKeypair.create_and_list_keypairs": {} }, "contexts": { "users": { "tenants": 3, "users_per_tenant": 2 }, "quotas": { "nova": { "cores": -1, "floating_ips": -1, "instances": -1, "key_pairs": -1, "ram": -1, "security_group_rules": -1, "security_groups": -1 } } }, "runner": { "constant": { "concurrency": 4, "times": 10 } }, "hooks": [], "sla": { "failure_rate": { "max": 0 } } } ] }
2019-12-27 21:10:19.613 18459 RALLYDEBUG rally_openstack.contexts.keystone.users [-] Creating 3 tenants using 20 threads
2019-12-27 21:10:20.306 18459 RALLYDEBUG rally_openstack.contexts.keystone.users [-] Creating 6 users using 20 threads
2019-12-27 21:10:21.166 18459 INFO rally.task.context [-] Task 97b44b80-b63a-4a1f-8695-10c78c13a32e | Context users@openstack setup() finished in 1.55 sec
2019-12-27 21:10:21.988 18459 INFO rally.task.context [-] Task 97b44b80-b63a-4a1f-8695-10c78c13a32e | Context quotas@openstack setup() finished in 0.82 sec
2019-12-27 21:10:21.989 18459 INFO rally.task.context [-] Task 97b44b80-b63a-4a1f-8695-10c78c13a32e | Context cleanup@openstack setup() finished in 0.00 msec
2019-12-27 21:10:22.001 18459 RALLYDEBUG rally.task.runner [-] Starting the constant runner (task UUID: 97b44b80-b63a-4a1f-8695-10c78c13a32e). times: 10 concurrency: 4 timeout: 0 max_cpu_used: 88 processes_to_start: 4 concurrency_per_worker: 1 concurrency_overhead: 0
2019-12-27 21:10:22.011 18747 RALLYDEBUG rally.task.runner [-] Starting a worker. times: 10 duration: None concurrency: 1 timeout: 0 cls: method_name: run args: {}
2019-12-27 21:10:22.013 18748 RALLYDEBUG rally.task.runner [-] Starting a worker. times: 10 duration: None concurrency: 1 timeout: 0 cls: method_name: run args: {}
2019-12-27 21:10:22.016 18749 RALLYDEBUG rally.task.runner [-] Starting a worker. times: 10 duration: None concurrency: 1 timeout: 0 cls: method_name: run args: {}
2019-12-27 21:10:22.018 18747 INFO rally.task.runner [-] Task 97b44b80-b63a-4a1f-8695-10c78c13a32e | ITER: 1 START
2019-12-27 21:10:22.018 18750 RALLYDEBUG rally.task.runner [-] Starting a worker. times: 10 duration: None concurrency: 1 timeout: 0 cls: method_name: run args: {}
2019-12-27 21:10:22.020 18748 INFO rally.task.runner [-] Task 97b44b80-b63a-4a1f-8695-10c78c13a32e | ITER: 2 START
2019-12-27 21:10:22.023 18749 INFO rally.task.runner [-] Task 97b44b80-b63a-4a1f-8695-10c78c13a32e | ITER: 3 START
2019-12-27 21:10:22.025 18750 INFO rally.task.runner [-] Task 97b44b80-b63a-4a1f-8695-10c78c13a32e | ITER: 4 START
2019-12-27 21:10:22.475 18748 INFO rally.task.runner [-] Task 97b44b80-b63a-4a1f-8695-10c78c13a32e | ITER: 2 END: OK
2019-12-27 21:10:22.481 18748 INFO rally.task.runner [-] Task 97b44b80-b63a-4a1f-8695-10c78c13a32e | ITER: 5 START
2019-12-27 21:10:22.495 18749 INFO rally.task.runner [-] Task 97b44b80-b63a-4a1f-8695-10c78c13a32e | ITER: 3 END: OK
2019-12-27 21:10:22.501 18749 INFO rally.task.runner [-] Task 97b44b80-b63a-4a1f-8695-10c78c13a32e | ITER: 6 START
2019-12-27 21:10:22.573 18750 INFO rally.task.runner [-] Task 97b44b80-b63a-4a1f-8695-10c78c13a32e | ITER: 4 END: OK
2019-12-27 21:10:22.578 18750 INFO rally.task.runner [-] Task 97b44b80-b63a-4a1f-8695-10c78c13a32e | ITER: 7 START
2019-12-27 21:10:22.587 18747 INFO rally.task.runner [-] Task 97b44b80-b63a-4a1f-8695-10c78c13a32e | ITER: 1 END: OK
2019-12-27 21:10:22.592 18747 INFO rally.task.runner [-] Task 97b44b80-b63a-4a1f-8695-10c78c13a32e | ITER: 8 START
2019-12-27 21:10:22.967 18749 INFO rally.task.runner [-] Task 97b44b80-b63a-4a1f-8695-10c78c13a32e | ITER: 6 END: OK
2019-12-27 21:10:22.972 18749 INFO rally.task.runner [-] Task 97b44b80-b63a-4a1f-8695-10c78c13a32e | ITER: 9 START
2019-12-27 21:10:23.006 18748 INFO rally.task.runner [-] Task 97b44b80-b63a-4a1f-8695-10c78c13a32e | ITER: 5 END: OK
2019-12-27 21:10:23.010 18748 INFO rally.task.runner [-] Task 97b44b80-b63a-4a1f-8695-10c78c13a32e | ITER: 10 START
2019-12-27 21:10:23.079 18747 INFO rally.task.runner [-] Task 97b44b80-b63a-4a1f-8695-10c78c13a32e | ITER: 8 END: OK
2019-12-27 21:10:23.145 18750 INFO rally.task.runner [-] Task 97b44b80-b63a-4a1f-8695-10c78c13a32e | ITER: 7 END: OK
2019-12-27 21:10:23.362 18749 INFO rally.task.runner [-] Task 97b44b80-b63a-4a1f-8695-10c78c13a32e | ITER: 9 END: OK
2019-12-27 21:10:23.457 18748 INFO rally.task.runner [-] Task 97b44b80-b63a-4a1f-8695-10c78c13a32e | ITER: 10 END: OK
2019-12-27 21:10:23.483 18459 INFO rally.task.context [-] Task 97b44b80-b63a-4a1f-8695-10c78c13a32e | Context cleanup@openstack cleanup() started
2019-12-27 21:10:23.488 18459 RALLYDEBUG rally_openstack.cleanup.manager [-] Cleaning up nova servers objects
2019-12-27 21:10:24.150 18459 RALLYDEBUG rally_openstack.cleanup.manager [-] Cleaning up nova server_groups objects
2019-12-27 21:10:24.654 18459 RALLYDEBUG rally_openstack.cleanup.manager [-] Cleaning up nova keypairs objects
2019-12-27 21:10:25.631 18459 RALLYDEBUG rally_openstack.cleanup.manager [-] Deleting nova.keypairs object s_rally_96c73a5d_pfVVdGcm (s_rally_96c73a5d_pfVVdGcm)
2019-12-27 21:10:25.636 18459 RALLYDEBUG rally_openstack.cleanup.manager [-] Deleting nova.keypairs object s_rally_96c73a5d_fQcOCNFu (s_rally_96c73a5d_fQcOCNFu)
2019-12-27 21:10:25.644 18459 RALLYDEBUG rally_openstack.cleanup.manager [-] Deleting nova.keypairs object s_rally_96c73a5d_l3FTaZ2n (s_rally_96c73a5d_l3FTaZ2n)
2019-12-27 21:10:25.653 18459 RALLYDEBUG rally_openstack.cleanup.manager [-] Deleting nova.keypairs object s_rally_96c73a5d_ZRWR5gp7 (s_rally_96c73a5d_ZRWR5gp7)
2019-12-27 21:10:25.659 18459 RALLYDEBUG rally_openstack.cleanup.manager [-] Deleting nova.keypairs object s_rally_96c73a5d_HyYoRfd9 (s_rally_96c73a5d_HyYoRfd9)
2019-12-27 21:10:25.665 18459 RALLYDEBUG rally_openstack.cleanup.manager [-] Deleting nova.keypairs object s_rally_96c73a5d_t5gbE2w3 (s_rally_96c73a5d_t5gbE2w3)
2019-12-27 21:10:25.679 18459 RALLYDEBUG rally_openstack.cleanup.manager [-] Deleting nova.keypairs object s_rally_96c73a5d_YVc7vbhl (s_rally_96c73a5d_YVc7vbhl)
