2019-12-27 20:47:40.144 1843 INFO rally.task.context [-] Task a6ccca18-b553-414c-9946-917bd4d6573b | Context api_versions@openstack cleanup() started
2019-12-27 20:47:40.145 1843 INFO rally.task.context [-] Task a6ccca18-b553-414c-9946-917bd4d6573b | Context api_versions@openstack cleanup() finished in 0.40 msec
2019-12-27 20:47:40.145 1843 INFO rally.task.context [-] Task a6ccca18-b553-414c-9946-917bd4d6573b | Context users@openstack cleanup() started
2019-12-27 20:47:43.214 1843 INFO rally.task.context [-] Task a6ccca18-b553-414c-9946-917bd4d6573b | Context users@openstack cleanup() finished in 3.07 sec
2019-12-27 20:47:45.043 1843 INFO rally.task.engine [-] Load duration is: 0.689217
2019-12-27 20:47:45.044 1843 INFO rally.task.engine [-] Full runner duration is: 0.740224
2019-12-27 20:47:45.044 1843 INFO rally.task.engine [-] Full duration is: 8.245779
2019-12-27 20:47:45.138 1843 INFO rally.task.engine [-] Running workload: position = 0 config = { "version": 2, "title": "A cropped version of a bigger task.", "description": "Auto-generated task from a single workload (uuid=5150feb9-d9d5-4822-b170-b3b6a37d59e9)", "subtasks": [ { "title": "CinderQos.create_and_list_qos", "description": "Create a qos, then list all qos.", "scenario": { "CinderQos.create_and_list_qos": { "consumer": "both", "write_iops_sec": "10", "read_iops_sec": "1000" } }, "contexts": { "users": { "tenants": 3, "users_per_tenant": 2 }, "api_versions": { "cinder": { "version": 3, "service_type": "volumev3" } } }, "runner": { "constant": { "concurrency": 4, "times": 10 } }, "hooks": [], "sla": { "failure_rate": { "max": 0 } } } ] }
2019-12-27 20:47:45.157 1843 RALLYDEBUG rally_openstack.contexts.keystone.users [-] Creating 3 tenants using 20 threads
2019-12-27 20:47:45.659 1843 RALLYDEBUG rally_openstack.contexts.keystone.users [-] Creating 6 users using 20 threads
2019-12-27 20:47:46.591 1843 INFO rally.task.context [-] Task a6ccca18-b553-414c-9946-917bd4d6573b | Context users@openstack setup() finished in 1.43 sec
2019-12-27 20:47:46.880 1843 INFO rally.task.context [-] Task a6ccca18-b553-414c-9946-917bd4d6573b | Context api_versions@openstack setup() finished in 0.29 sec
2019-12-27 20:47:46.881 1843 INFO rally.task.context [-] Task a6ccca18-b553-414c-9946-917bd4d6573b | Context admin_cleanup@openstack setup() finished in 0.02 msec
2019-12-27 20:47:46.891 1843 RALLYDEBUG rally.task.runner [-] Starting the constant runner (task UUID: a6ccca18-b553-414c-9946-917bd4d6573b). times: 10 concurrency: 4 timeout: 0 max_cpu_used: 88 processes_to_start: 4 concurrency_per_worker: 1 concurrency_overhead: 0
2019-12-27 20:47:46.903 5295 RALLYDEBUG rally.task.runner [-] Starting a worker. times: 10 duration: None concurrency: 1 timeout: 0 cls: method_name: run args: {"consumer": "both", "write_iops_sec": "10", "read_iops_sec": "1000"}
2019-12-27 20:47:46.905 5296 RALLYDEBUG rally.task.runner [-] Starting a worker. times: 10 duration: None concurrency: 1 timeout: 0 cls: method_name: run args: {"consumer": "both", "write_iops_sec": "10", "read_iops_sec": "1000"}
2019-12-27 20:47:46.908 5297 RALLYDEBUG rally.task.runner [-] Starting a worker. times: 10 duration: None concurrency: 1 timeout: 0 cls: method_name: run args: {"consumer": "both", "write_iops_sec": "10", "read_iops_sec": "1000"}
2019-12-27 20:47:46.910 5295 INFO rally.task.runner [-] Task a6ccca18-b553-414c-9946-917bd4d6573b | ITER: 1 START
2019-12-27 20:47:46.911 5298 RALLYDEBUG rally.task.runner [-] Starting a worker. times: 10 duration: None concurrency: 1 timeout: 0 cls: method_name: run args: {"consumer": "both", "write_iops_sec": "10", "read_iops_sec": "1000"}
2019-12-27 20:47:46.913 5296 INFO rally.task.runner [-] Task a6ccca18-b553-414c-9946-917bd4d6573b | ITER: 2 START
2019-12-27 20:47:46.915 5297 INFO rally.task.runner [-] Task a6ccca18-b553-414c-9946-917bd4d6573b | ITER: 3 START
2019-12-27 20:47:46.918 5298 INFO rally.task.runner [-] Task a6ccca18-b553-414c-9946-917bd4d6573b | ITER: 4 START
2019-12-27 20:47:47.213 5296 INFO rally.task.runner [-] Task a6ccca18-b553-414c-9946-917bd4d6573b | ITER: 2 END: OK
2019-12-27 20:47:47.217 5298 INFO rally.task.runner [-] Task a6ccca18-b553-414c-9946-917bd4d6573b | ITER: 4 END: OK
2019-12-27 20:47:47.218 5296 INFO rally.task.runner [-] Task a6ccca18-b553-414c-9946-917bd4d6573b | ITER: 5 START
2019-12-27 20:47:47.222 5298 INFO rally.task.runner [-] Task a6ccca18-b553-414c-9946-917bd4d6573b | ITER: 6 START
2019-12-27 20:47:47.249 5295 INFO rally.task.runner [-] Task a6ccca18-b553-414c-9946-917bd4d6573b | ITER: 1 END: OK
2019-12-27 20:47:47.254 5295 INFO rally.task.runner [-] Task a6ccca18-b553-414c-9946-917bd4d6573b | ITER: 7 START
2019-12-27 20:47:47.354 5297 INFO rally.task.runner [-] Task a6ccca18-b553-414c-9946-917bd4d6573b | ITER: 3 END: OK
2019-12-27 20:47:47.359 5297 INFO rally.task.runner [-] Task a6ccca18-b553-414c-9946-917bd4d6573b | ITER: 8 START
2019-12-27 20:47:47.422 5298 INFO rally.task.runner [-] Task a6ccca18-b553-414c-9946-917bd4d6573b | ITER: 6 END: OK
2019-12-27 20:47:47.427 5298 INFO rally.task.runner [-] Task a6ccca18-b553-414c-9946-917bd4d6573b | ITER: 9 START
2019-12-27 20:47:47.437 5296 INFO rally.task.runner [-] Task a6ccca18-b553-414c-9946-917bd4d6573b | ITER: 5 END: OK
2019-12-27 20:47:47.442 5296 INFO rally.task.runner [-] Task a6ccca18-b553-414c-9946-917bd4d6573b | ITER: 10 START
2019-12-27 20:47:47.447 5295 INFO rally.task.runner [-] Task a6ccca18-b553-414c-9946-917bd4d6573b | ITER: 7 END: OK
2019-12-27 20:47:47.549 5297 INFO rally.task.runner [-] Task a6ccca18-b553-414c-9946-917bd4d6573b | ITER: 8 END: OK
2019-12-27 20:47:47.628 5296 INFO rally.task.runner [-] Task a6ccca18-b553-414c-9946-917bd4d6573b | ITER: 10 END: OK
2019-12-27 20:47:47.636 5298 INFO rally.task.runner [-] Task a6ccca18-b553-414c-9946-917bd4d6573b | ITER: 9 END: OK
2019-12-27 20:47:47.659 1843 INFO rally.task.context [-] Task a6ccca18-b553-414c-9946-917bd4d6573b | Context admin_cleanup@openstack cleanup() started
2019-12-27 20:47:47.664 1843 RALLYDEBUG rally_openstack.cleanup.manager [-] Cleaning up cinder volume_types objects
2019-12-27 20:47:47.838 1843 RALLYDEBUG rally_openstack.cleanup.manager [-] Cleaning up cinder image_volumes_cache objects
2019-12-27 20:47:48.163 1843 RALLYDEBUG rally_openstack.cleanup.manager [-] Cleaning up cinder quotas objects
2019-12-27 20:47:48.491 1843 RALLYDEBUG rally_openstack.cleanup.manager [-] Cleaning up cinder qos_specs objects
2019-12-27 20:47:48.644 1843 RALLYDEBUG rally_openstack.cleanup.manager [-] Deleting cinder.qos_specs object s_rally_5150feb9_2fs9y1sv (e844242d-7d2b-4526-a084-af0cabcad66a)
2019-12-27 20:47:48.654 1843 RALLYDEBUG rally_openstack.cleanup.manager [-] Deleting cinder.qos_specs object s_rally_5150feb9_nDqZrsJ6 (0676994a-1753-47aa-9220-ccff691de43b)
2019-12-27 20:47:48.664 1843 RALLYDEBUG rally_openstack.cleanup.manager [-] Deleting cinder.qos_specs object s_rally_5150feb9_Xf2jtPph (cf1641b2-9a57-4460-93f7-8a1e0b2a6130)
2019-12-27 20:47:48.674 1843 RALLYDEBUG rally_openstack.cleanup.manager [-] Deleting cinder.qos_specs object s_rally_5150feb9_lnmATqR8 (91c0c8a8-7d5a-4bd2-b09a-a87bbab8f9b3)
2019-12-27 20:47:48.678 1843 RALLYDEBUG rally_openstack.cleanup.manager [-] Deleting cinder.qos_specs object s_rally_5150feb9_tgFDbgNB (9044f9d7-243c-4f6b-8a56-5cdae23f5206)
2019-12-27 20:47:48.693 1843 RALLYDEBUG rally_openstack.cleanup.manager [-] Deleting cinder.qos_specs object s_rally_5150feb9_rqvmwDUB (8bb5eb93-fcb7-4e6b-9a68-005c5d6534ab)
2019-12-27 20:47:48.708 1843 RALLYDEBUG rally_openstack.cleanup.manager [-] Deleting cinder.qos_specs object s_rally_5150feb9_Aw95n5WF (69043900-cf6e-4a2f-926f-847eb5a4dd3f)
2019-12-27 20:47:48.725 1843 RALLYDEBUG rally_openstack.cleanup.manager [-] Deleting cinder.qos_specs object s_rally_5150feb9_5n4TD7in (3e15fc8c-6d20-4bd4-b624-b9753bf2593b)
2019-12-27 20:47:48.742 1843 RALLYDEBUG rally_openstack.cleanup.manager [-] Deleting cinder.qos_specs object s_rally_5150feb9_mIM9HiFX (1bda400c-1609-438d-a3ca-81c1d1dff0c9)
2019-12-27 20:47:48.757 1843 RALLYDEBUG rally_openstack.cleanup.manager [-] Deleting cinder.qos_specs object s_rally_5150feb9_urzQkl41 (15078454-de1f-4b3c-8570-73dd87eb7124)
2019-12-27 20:47:50.046 1843 INFO rally.task.context [-] Task a6ccca18-b553-414c-9946-917bd4d6573b | Context admin_cleanup@openstack cleanup() finished in 2.39 sec
2019-12-27 20:47:50.047 1843 INFO rally.task.context [-] Task a6ccca18-b553-414c-9946-917bd4d6573b | Context api_versions@openstack cleanup() started
2019-12-27 20:47:50.047 1843 INFO rally.task.context [-] Task a6ccca18-b553-414c-9946-917bd4d6573b | Context api_versions@openstack cleanup() finished in 0.37 msec
2019-12-27 20:47:50.048 1843 INFO rally.task.context [-] Task a6ccca18-b553-414c-9946-917bd4d6573b | Context users@openstack cleanup() started
2019-12-27 20:47:53.074 1843 INFO rally.task.context [-] Task a6ccca18-b553-414c-9946-917bd4d6573b | Context users@openstack cleanup() finished in 3.03 sec
2019-12-27 20:47:53.218 1843 INFO rally.task.engine [-] Load duration is: 0.72094
2019-12-27 20:47:53.218 1843 INFO rally.task.engine [-] Full runner duration is: 0.768643
2019-12-27 20:47:53.219 1843 INFO rally.task.engine [-] Full duration is: 7.918334
2019-12-27 20:47:53.307 1843 INFO rally.task.engine [-] Running workload: position = 0 config = { "version": 2, "title": "A cropped version of a bigger task.", "description": "Auto-generated task from a single workload (uuid=47563074-d02b-45c6-af71-929a296d4fdc)", "subtasks": [ { "title": "CinderQos.create_and_set_qos", "description": "Create a qos, then Add/Update keys in qos specs.", "scenario": { "CinderQos.create_and_set_qos": { "consumer": "back-end", "write_iops_sec": "10", "read_iops_sec": "1000", "set_consumer": "both", "set_write_iops_sec": "11", "set_read_iops_sec": "1001" } }, "contexts": { "users": { "tenants": 3, "users_per_tenant": 2 }, "api_versions": { "cinder": { "version": 3, "service_type": "volumev3" } } }, "runner": { "constant": { "concurrency": 4, "times": 10 } }, "hooks": [], "sla": { "failure_rate": { "max": 0 } } } ] }
2019-12-27 20:47:53.327 1843 RALLYDEBUG rally_openstack.contexts.keystone.users [-] Creating 3 tenants using 20 threads
2019-12-27 20:47:53.886 1843 RALLYDEBUG rally_openstack.contexts.keystone.users [-] Creating 6 users using 20 threads
2019-12-27 20:47:54.813 1843 INFO rally.task.context [-] Task a6ccca18-b553-414c-9946-917bd4d6573b | Context users@openstack setup() finished in 1.49 sec
2019-12-27 20:47:54.981 1843 INFO rally.task.context [-] Task a6ccca18-b553-414c-9946-917bd4d6573b | Context api_versions@openstack setup() finished in 0.17 sec
2019-12-27 20:47:54.982 1843 INFO rally.task.context [-] Task a6ccca18-b553-414c-9946-917bd4d6573b | Context admin_cleanup@openstack setup() finished in 0.02 msec
2019-12-27 20:47:54.992 1843 RALLYDEBUG rally.task.runner [-] Starting the constant runner (task UUID: a6ccca18-b553-414c-9946-917bd4d6573b). times: 10 concurrency: 4 timeout: 0 max_cpu_used: 88 processes_to_start: 4 concurrency_per_worker: 1 concurrency_overhead: 0
2019-12-27 20:47:55.002 5479 RALLYDEBUG rally.task.runner [-] Starting a worker. times: 10 duration: None concurrency: 1 timeout: 0 cls: method_name: run args: {"consumer": "back-end", "write_iops_sec": "10", "read_iops_sec": "1000", "set_consumer": "both", "set_write_iops_sec": "11", "set_read_iops_sec": "1001"}
2019-12-27 20:47:55.005 5480 RALLYDEBUG rally.task.runner [-] Starting a worker. times: 10 duration: None concurrency: 1 timeout: 0 cls: method_name: run args: {"consumer": "back-end", "write_iops_sec": "10", "read_iops_sec": "1000", "set_consumer": "both", "set_write_iops_sec": "11", "set_read_iops_sec": "1001"}
2019-12-27 20:47:55.008 5481 RALLYDEBUG rally.task.runner [-] Starting a worker. times: 10 duration: None concurrency: 1 timeout: 0 cls: method_name: run args: {"consumer": "back-end", "write_iops_sec": "10", "read_iops_sec": "1000", "set_consumer": "both", "set_write_iops_sec": "11", "set_read_iops_sec": "1001"}
2019-12-27 20:47:55.008 5479 INFO rally.task.runner [-] Task a6ccca18-b553-414c-9946-917bd4d6573b | ITER: 1 START
2019-12-27 20:47:55.011 5482 RALLYDEBUG rally.task.runner [-] Starting a worker. times: 10 duration: None concurrency: 1 timeout: 0 cls: method_name: run args: {"consumer": "back-end", "write_iops_sec": "10", "read_iops_sec": "1000", "set_consumer": "both", "set_write_iops_sec": "11", "set_read_iops_sec": "1001"}
2019-12-27 20:47:55.012 5480 INFO rally.task.runner [-] Task a6ccca18-b553-414c-9946-917bd4d6573b | ITER: 2 START
2019-12-27 20:47:55.014 5481 INFO rally.task.runner [-] Task a6ccca18-b553-414c-9946-917bd4d6573b | ITER: 3 START
2019-12-27 20:47:55.018 5482 INFO rally.task.runner [-] Task a6ccca18-b553-414c-9946-917bd4d6573b | ITER: 4 START
2019-12-27 20:47:55.317 5479 INFO rally.task.runner [-] Task a6ccca18-b553-414c-9946-917bd4d6573b | ITER: 1 END: OK
2019-12-27 20:47:55.321 5479 INFO rally.task.runner [-] Task a6ccca18-b553-414c-9946-917bd4d6573b | ITER: 5 START
2019-12-27 20:47:55.325 5481 INFO rally.task.runner [-] Task a6ccca18-b553-414c-9946-917bd4d6573b | ITER: 3 END: OK
2019-12-27 20:47:55.331 5481 INFO rally.task.runner [-] Task a6ccca18-b553-414c-9946-917bd4d6573b | ITER: 6 START
2019-12-27 20:47:55.333 5480 INFO rally.task.runner [-] Task a6ccca18-b553-414c-9946-917bd4d6573b | ITER: 2 END: OK
2019-12-27 20:47:55.338 5480 INFO rally.task.runner [-] Task a6ccca18-b553-414c-9946-917bd4d6573b | ITER: 7 START
2019-12-27 20:47:55.341 5482 INFO rally.task.runner [-] Task a6ccca18-b553-414c-9946-917bd4d6573b | ITER: 4 END: OK
2019-12-27 20:47:55.347 5482 INFO rally.task.runner [-] Task a6ccca18-b553-414c-9946-917bd4d6573b | ITER: 8 START
2019-12-27 20:47:55.537 5479 INFO rally.task.runner [-] Task a6ccca18-b553-414c-9946-917bd4d6573b | ITER: 5 END: OK
2019-12-27 20:47:55.542 5479 INFO rally.task.runner [-] Task a6ccca18-b553-414c-9946-917bd4d6573b | ITER: 9 START
2019-12-27 20:47:55.549 5482 INFO rally.task.runner [-] Task a6ccca18-b553-414c-9946-917bd4d6573b | ITER: 8 END: OK
2019-12-27 20:47:55.554 5482 INFO rally.task.runner [-] Task a6ccca18-b553-414c-9946-917bd4d6573b | ITER: 10 START
2019-12-27 20:47:55.557 5480 INFO rally.task.runner [-] Task a6ccca18-b553-414c-9946-917bd4d6573b | ITER: 7 END: OK
2019-12-27 20:47:55.565 5481 INFO rally.task.runner [-] Task a6ccca18-b553-414c-9946-917bd4d6573b | ITER: 6 END: OK
2019-12-27 20:47:55.768 5479 INFO rally.task.runner [-] Task a6ccca18-b553-414c-9946-917bd4d6573b | ITER: 9 END: OK
2019-12-27 20:47:55.786 5482 INFO rally.task.runner [-] Task a6ccca18-b553-414c-9946-917bd4d6573b | ITER: 10 END: OK
2019-12-27 20:47:55.812 1843 INFO rally.task.context [-] Task a6ccca18-b553-414c-9946-917bd4d6573b | Context admin_cleanup@openstack cleanup() started
2019-12-27 20:47:55.817 1843 RALLYDEBUG rally_openstack.cleanup.manager [-] Cleaning up cinder volume_types objects
2019-12-27 20:47:55.996 1843 RALLYDEBUG rally_openstack.cleanup.manager [-] Cleaning up cinder image_volumes_cache objects
2019-12-27 20:47:56.303 1843 RALLYDEBUG rally_openstack.cleanup.manager [-] Cleaning up cinder quotas objects
2019-12-27 20:47:56.629 1843 RALLYDEBUG rally_openstack.cleanup.manager [-] Cleaning up cinder qos_specs objects
2019-12-27 20:47:56.804 1843 RALLYDEBUG rally_openstack.cleanup.manager [-] Deleting cinder.qos_specs object s_rally_47563074_45fvnoX2 (f0fa6fda-d895-4c3a-acf9-5e8ed080cc0c)
2019-12-27 20:47:56.812 1843 RALLYDEBUG rally_openstack.cleanup.manager [-] Deleting cinder.qos_specs object s_rally_47563074_09LKExpg (8a2e39e5-ab11-421b-8364-3b8f3db0f48d)
2019-12-27 20:47:56.817 1843 RALLYDEBUG rally_openstack.cleanup.manager [-] Deleting cinder.qos_specs object s_rally_47563074_RNTCmmw2 (cf1ccd99-7f6a-4428-b4c7-0d0f2330e311)
2019-12-27 20:47:56.826 1843 RALLYDEBUG rally_openstack.cleanup.manager [-] Deleting cinder.qos_specs object s_rally_47563074_ZFdm4x1k (85344057-c962-4e91-ba39-32bac355ac37)
2019-12-27 20:47:56.833 1843 RALLYDEBUG rally_openstack.cleanup.manager [-] Deleting cinder.qos_specs object s_rally_47563074_ardGWt3w (8335fd38-adc5-4354-8ae1-11750248ebef)
2019-12-27 20:47:56.837 1843 RALLYDEBUG rally_openstack.cleanup.manager [-] Deleting cinder.qos_specs object s_rally_47563074_su9qfq6y (64c5c598-b9ad-4523-beae-f830c1c4d623)
2019-12-27 20:47:56.843 1843 RALLYDEBUG rally_openstack.cleanup.manager [-] Deleting cinder.qos_specs object s_rally_47563074_u5Y88tT6 (38208de6-85bb-4fa7-a9f2-02c62227f7ed)
2019-12-27 20:47:56.849 1843 RALLYDEBUG rally_openstack.cleanup.manager [-] Deleting cinder.qos_specs object s_rally_47563074_YoQKdnEY (3388c964-d202-435e-b593-45b79e8b93ea)
2019-12-27 20:47:56.863 1843 RALLYDEBUG rally_openstack.cleanup.manager [-] Deleting cinder.qos_specs object s_rally_47563074_NdzMNrq1 (17c3bfb4-c24c-47f8-b12b-4573c66eca6e)
2019-12-27 20:47:56.871 1843 RALLYDEBUG rally_openstack.cleanup.manager [-] Deleting cinder.qos_specs object s_rally_47563074_zgjiFYQP (1084cd8f-60fd-428c-a6a8-9a2d4a707276)
2019-12-27 20:47:58.226 1843 INFO rally.task.context [-] Task a6ccca18-b553-414c-9946-917bd4d6573b | Context admin_cleanup@openstack cleanup() finished in 2.41 sec
2019-12-27 20:47:58.227 1843 INFO rally.task.context [-] Task a6ccca18-b553-414c-9946-917bd4d6573b | Context api_versions@openstack cleanup() started
2019-12-27 20:47:58.227 1843 INFO rally.task.context [-] Task a6ccca18-b553-414c-9946-917bd4d6573b | Context api_versions@openstack cleanup() finished in 0.40 msec
2019-12-27 20:47:58.228 1843 INFO rally.task.context [-] Task a6ccca18-b553-414c-9946-917bd4d6573b | Context users@openstack cleanup() started
2019-12-27 20:48:00.975 1843 INFO rally.task.context [-] Task a6ccca18-b553-414c-9946-917bd4d6573b | Context users@openstack cleanup() finished in 2.75 sec
2019-12-27 20:48:01.400 1843 INFO rally.task.engine [-] Load duration is: 0.773603
2019-12-27 20:48:01.401 1843 INFO rally.task.engine [-] Full runner duration is: 0.820166
2019-12-27 20:48:01.401 1843 INFO rally.task.engine [-] Full duration is: 7.650707
2019-12-27 20:48:01.497 1843 INFO rally.task.engine [-] Running workload: position = 0 config = { "version": 2, "title": "A cropped version of a bigger task.", "description": "Auto-generated task from a single workload (uuid=1482371b-6ad2-4467-a5cf-0a56682a4cbf)", "subtasks": [ { "title": "CinderVolumeTypes.create_and_get_volume_type", "description": "Create a volume Type, then get the details of the type.", "scenario": { "CinderVolumeTypes.create_and_get_volume_type": { "description": "rally tests creating types" } }, "contexts": { "users": { "tenants": 3, "users_per_tenant": 2 }, "api_versions": { "cinder": { "version": 3, "service_type": "volumev3" } } }, "runner": { "constant": { "concurrency": 4, "times": 10 } }, "hooks": [], "sla": { "failure_rate": { "max": 0 } } } ] }
2019-12-27 20:48:01.518 1843 RALLYDEBUG rally_openstack.contexts.keystone.users [-] Creating 3 tenants using 20 threads
2019-12-27 20:48:02.128 1843 RALLYDEBUG rally_openstack.contexts.keystone.users [-] Creating 6 users using 20 threads
2019-12-27 20:48:03.039 1843 INFO rally.task.context [-] Task a6ccca18-b553-414c-9946-917bd4d6573b | Context users@openstack setup() finished in 1.52 sec
2019-12-27 20:48:03.236 1843 INFO rally.task.context [-] Task a6ccca18-b553-414c-9946-917bd4d6573b | Context api_versions@openstack setup() finished in 0.20 sec
2019-12-27 20:48:03.237 1843 INFO rally.task.context [-] Task a6ccca18-b553-414c-9946-917bd4d6573b | Context admin_cleanup@openstack setup() finished in 0.14 msec
2019-12-27 20:48:03.249 1843 RALLYDEBUG rally.task.runner [-] Starting the constant runner (task UUID: a6ccca18-b553-414c-9946-917bd4d6573b). times: 10 concurrency: 4 timeout: 0 max_cpu_used: 88 processes_to_start: 4 concurrency_per_worker: 1 concurrency_overhead: 0
2019-12-27 20:48:03.261 5663 RALLYDEBUG rally.task.runner [-] Starting a worker. times: 10 duration: None concurrency: 1 timeout: 0 cls: method_name: run args: {"description": "rally tests creating types"}
2019-12-27 20:48:03.263 5664 RALLYDEBUG rally.task.runner [-] Starting a worker. times: 10 duration: None concurrency: 1 timeout: 0 cls: method_name: run args: {"description": "rally tests creating types"}
2019-12-27 20:48:03.267 5665 RALLYDEBUG rally.task.runner [-] Starting a worker. times: 10 duration: None concurrency: 1 timeout: 0 cls: method_name: run args: {"description": "rally tests creating types"}
2019-12-27 20:48:03.269 5663 INFO rally.task.runner [-] Task a6ccca18-b553-414c-9946-917bd4d6573b | ITER: 1 START
2019-12-27 20:48:03.269 5666 RALLYDEBUG rally.task.runner [-] Starting a worker. times: 10 duration: None concurrency: 1 timeout: 0 cls: method_name: run args: {"description": "rally tests creating types"}
2019-12-27 20:48:03.270 5664 INFO rally.task.runner [-] Task a6ccca18-b553-414c-9946-917bd4d6573b | ITER: 2 START
2019-12-27 20:48:03.274 5665 INFO rally.task.runner [-] Task a6ccca18-b553-414c-9946-917bd4d6573b | ITER: 3 START
2019-12-27 20:48:03.277 5666 INFO rally.task.runner [-] Task a6ccca18-b553-414c-9946-917bd4d6573b | ITER: 4 START
2019-12-27 20:48:03.590 5665 INFO rally.task.runner [-] Task a6ccca18-b553-414c-9946-917bd4d6573b | ITER: 3 END: OK
2019-12-27 20:48:03.596 5665 INFO rally.task.runner [-] Task a6ccca18-b553-414c-9946-917bd4d6573b | ITER: 5 START
2019-12-27 20:48:03.598 5663 INFO rally.task.runner [-] Task a6ccca18-b553-414c-9946-917bd4d6573b | ITER: 1 END: OK
2019-12-27 20:48:03.602 5663 INFO rally.task.runner [-] Task a6ccca18-b553-414c-9946-917bd4d6573b | ITER: 6 START
2019-12-27 20:48:03.613 5664 INFO rally.task.runner [-] Task a6ccca18-b553-414c-9946-917bd4d6573b | ITER: 2 END: OK
2019-12-27 20:48:03.619 5664 INFO rally.task.runner [-] Task a6ccca18-b553-414c-9946-917bd4d6573b | ITER: 7 START
2019-12-27 20:48:03.624 5666 INFO rally.task.runner [-] Task a6ccca18-b553-414c-9946-917bd4d6573b | ITER: 4 END: OK
2019-12-27 20:48:03.630 5666 INFO rally.task.runner [-] Task a6ccca18-b553-414c-9946-917bd4d6573b | ITER: 8 START
2019-12-27 20:48:03.794 5665 INFO rally.task.runner [-] Task a6ccca18-b553-414c-9946-917bd4d6573b | ITER: 5 END: OK
2019-12-27 20:48:03.797 5665 INFO rally.task.runner [-] Task a6ccca18-b553-414c-9946-917bd4d6573b | ITER: 9 START
2019-12-27 20:48:03.808 5663 INFO rally.task.runner [-] Task a6ccca18-b553-414c-9946-917bd4d6573b | ITER: 6 END: OK
2019-12-27 20:48:03.812 5663 INFO rally.task.runner [-] Task a6ccca18-b553-414c-9946-917bd4d6573b | ITER: 10 START
2019-12-27 20:48:03.816 5664 INFO rally.task.runner [-] Task a6ccca18-b553-414c-9946-917bd4d6573b | ITER: 7 END: OK
2019-12-27 20:48:03.834 5666 INFO rally.task.runner [-] Task a6ccca18-b553-414c-9946-917bd4d6573b | ITER: 8 END: OK
2019-12-27 20:48:04.011 5665 INFO rally.task.runner [-] Task a6ccca18-b553-414c-9946-917bd4d6573b | ITER: 9 END: OK
2019-12-27 20:48:04.022 5663 INFO rally.task.runner [-] Task a6ccca18-b553-414c-9946-917bd4d6573b | ITER: 10 END: OK
2019-12-27 20:48:04.044 1843 INFO rally.task.context [-] Task a6ccca18-b553-414c-9946-917bd4d6573b | Context admin_cleanup@openstack cleanup() started
2019-12-27 20:48:04.048 1843 RALLYDEBUG rally_openstack.cleanup.manager [-] Cleaning up cinder volume_types objects
2019-12-27 20:48:04.256 1843 RALLYDEBUG rally_openstack.cleanup.manager [-] Deleting cinder.volume_types object s_rally_1482371b_GJJa4aKw (da0a6a30-6d5b-4d0b-b956-f238380875bc)
2019-12-27 20:48:04.262 1843 RALLYDEBUG rally_openstack.cleanup.manager [-] Deleting cinder.volume_types object s_rally_1482371b_iit6BGAU (f87db5cb-eb8e-423a-92f8-0b45927c1cd0)
2019-12-27 20:48:04.263 1843 RALLYDEBUG rally_openstack.cleanup.manager [-] Deleting cinder.volume_types object s_rally_1482371b_hjd3VZJ6 (9145bc80-30aa-4417-998f-5df7abaa0ef3)
2019-12-27 20:48:04.263 1843 RALLYDEBUG rally_openstack.cleanup.manager [-] Deleting cinder.volume_types object s_rally_1482371b_99Tom8nH (b84ee830-7b35-42bc-8122-7b6017de58a4)
2019-12-27 20:48:04.264 1843 RALLYDEBUG rally_openstack.cleanup.manager [-] Deleting cinder.volume_types object s_rally_1482371b_J36afDry (8a182d12-5a6b-4324-8e84-29ce4c5b9fe9)
2019-12-27 20:48:04.268 1843 RALLYDEBUG rally_openstack.cleanup.manager [-] Deleting cinder.volume_types object s_rally_1482371b_fnGEcWTL (2ad97b23-0d14-4b81-a5e4-032c60206305)
2019-12-27 20:48:04.273 1843 RALLYDEBUG rally_openstack.cleanup.manager [-] Deleting cinder.volume_types object s_rally_1482371b_wIESbejn (27b42314-26c3-4119-ae02-4fc16b154a24)
2019-12-27 20:48:04.273 1843 RALLYDEBUG rally_openstack.cleanup.manager [-] Deleting cinder.volume_types object s_rally_1482371b_imGS5BiQ (a7208c24-8e42-4b66-8fb7-b9311d4f6dd5)
2019-12-27 20:48:04.278 1843 RALLYDEBUG rally_openstack.cleanup.manager [-] Deleting cinder.volume_types object s_rally_1482371b_9me82HO3 (1ff7fa73-38b4-4f08-a75b-ef54fefd81b8)
2019-12-27 20:48:04.290 1843 RALLYDEBUG rally_openstack.cleanup.manager [-] Deleting cinder.volume_types object s_rally_1482371b_yinwBXr6 (1ab0215f-3ca9-4e79-a1a9-eda5be4d9f3a)
2019-12-27 20:48:05.713 1843 RALLYDEBUG rally_openstack.cleanup.manager [-] Cleaning up cinder image_volumes_cache objects
2019-12-27 20:48:06.031 1843 RALLYDEBUG rally_openstack.cleanup.manager [-] Cleaning up cinder quotas objects
2019-12-27 20:48:06.364 1843 RALLYDEBUG rally_openstack.cleanup.manager [-] Cleaning up cinder qos_specs objects
2019-12-27 20:48:06.523 1843 INFO rally.task.context [-] Task a6ccca18-b553-414c-9946-917bd4d6573b | Context admin_cleanup@openstack cleanup() finished in 2.48 sec
2019-12-27 20:48:06.524 1843 INFO rally.task.context [-] Task a6ccca18-b553-414c-9946-917bd4d6573b | Context api_versions@openstack cleanup() started
2019-12-27 20:48:06.524 1843 INFO rally.task.context [-] Task a6ccca18-b553-414c-9946-917bd4d6573b | Context api_versions@openstack cleanup() finished in 0.38 msec
2019-12-27 20:48:06.525 1843 INFO rally.task.context [-] Task a6ccca18-b553-414c-9946-917bd4d6573b | Context users@openstack cleanup() started
2019-12-27 20:48:09.831 1843 INFO rally.task.context [-] Task a6ccca18-b553-414c-9946-917bd4d6573b | Context users@openstack cleanup() finished in 3.31 sec
2019-12-27 20:48:11.615 1843 INFO rally.task.engine [-] Load duration is: 0.748515
2019-12-27 20:48:11.615 1843 INFO rally.task.engine [-] Full runner duration is: 0.795223
2019-12-27 20:48:11.616 1843 INFO rally.task.engine [-] Full duration is: 8.314888
2019-12-27 20:48:11.705 1843 INFO rally.task.engine [-] Running workload: position = 0 config = { "version": 2, "title": "A cropped version of a bigger task.", "description": "Auto-generated task from a single workload (uuid=31a2bbd5-c122-4ee5-bcaa-fb48ff98ff7b)", "subtasks": [ { "title": "CinderVolumeTypes.create_and_list_volume_types", "description": "Create a volume Type, then list all types.", "scenario": { "CinderVolumeTypes.create_and_list_volume_types": { "description": "rally tests creating types" } }, "contexts": { "users": { "tenants": 3, "users_per_tenant": 2 }, "api_versions": { "cinder": { "version": 3, "service_type": "volumev3" } } }, "runner": { "constant": { "concurrency": 4, "times": 10 } }, "hooks": [], "sla": { "failure_rate": { "max": 0 } } } ] }
2019-12-27 20:48:11.726 1843 RALLYDEBUG rally_openstack.contexts.keystone.users [-] Creating 3 tenants using 20 threads
2019-12-27 20:48:12.313 1843 RALLYDEBUG rally_openstack.contexts.keystone.users [-] Creating 6 users using 20 threads
2019-12-27 20:48:13.358 1843 INFO rally.task.context [-] Task a6ccca18-b553-414c-9946-917bd4d6573b | Context users@openstack setup() finished in 1.63 sec
2019-12-27 20:48:13.554 1843 INFO rally.task.context [-] Task a6ccca18-b553-414c-9946-917bd4d6573b | Context api_versions@openstack setup() finished in 0.20 sec
2019-12-27 20:48:13.555 1843 INFO rally.task.context [-] Task a6ccca18-b553-414c-9946-917bd4d6573b | Context admin_cleanup@openstack setup() finished in 0.02 msec
2019-12-27 20:48:13.566 1843 RALLYDEBUG rally.task.runner [-] Starting the constant runner (task UUID: a6ccca18-b553-414c-9946-917bd4d6573b). times: 10 concurrency: 4 timeout: 0 max_cpu_used: 88 processes_to_start: 4 concurrency_per_worker: 1 concurrency_overhead: 0
2019-12-27 20:48:13.576 5847 RALLYDEBUG rally.task.runner [-] Starting a worker. times: 10 duration: None concurrency: 1 timeout: 0 cls: method_name: run args: {"description": "rally tests creating types"}
2019-12-27 20:48:13.579 5848 RALLYDEBUG rally.task.runner [-] Starting a worker. times: 10 duration: None concurrency: 1 timeout: 0 cls: method_name: run args: {"description": "rally tests creating types"}
2019-12-27 20:48:13.581 5849 RALLYDEBUG rally.task.runner [-] Starting a worker. times: 10 duration: None concurrency: 1 timeout: 0 cls: method_name: run args: {"description": "rally tests creating types"}
2019-12-27 20:48:13.583 5847 INFO rally.task.runner [-] Task a6ccca18-b553-414c-9946-917bd4d6573b | ITER: 1 START
2019-12-27 20:48:13.583 5850 RALLYDEBUG rally.task.runner [-] Starting a worker. times: 10 duration: None concurrency: 1 timeout: 0 cls: method_name: run args: {"description": "rally tests creating types"}
2019-12-27 20:48:13.588 5848 INFO rally.task.runner [-] Task a6ccca18-b553-414c-9946-917bd4d6573b | ITER: 2 START
2019-12-27 20:48:13.588 5849 INFO rally.task.runner [-] Task a6ccca18-b553-414c-9946-917bd4d6573b | ITER: 3 START
2019-12-27 20:48:13.590 5850 INFO rally.task.runner [-] Task a6ccca18-b553-414c-9946-917bd4d6573b | ITER: 4 START
2019-12-27 20:48:13.906 5849 INFO rally.task.runner [-] Task a6ccca18-b553-414c-9946-917bd4d6573b | ITER: 3 END: OK
2019-12-27 20:48:13.911 5849 INFO rally.task.runner [-] Task a6ccca18-b553-414c-9946-917bd4d6573b | ITER: 5 START
2019-12-27 20:48:13.914 5847 INFO rally.task.runner [-] Task a6ccca18-b553-414c-9946-917bd4d6573b | ITER: 1 END: OK
2019-12-27 20:48:13.916 5848 INFO rally.task.runner [-] Task a6ccca18-b553-414c-9946-917bd4d6573b | ITER: 2 END: OK
2019-12-27 20:48:13.920 5847 INFO rally.task.runner [-] Task a6ccca18-b553-414c-9946-917bd4d6573b | ITER: 6 START
2019-12-27 20:48:13.921 5848 INFO rally.task.runner [-] Task a6ccca18-b553-414c-9946-917bd4d6573b | ITER: 7 START
2019-12-27 20:48:13.937 5850 INFO rally.task.runner [-] Task a6ccca18-b553-414c-9946-917bd4d6573b | ITER: 4 END: OK
2019-12-27 20:48:13.943 5850 INFO rally.task.runner [-] Task a6ccca18-b553-414c-9946-917bd4d6573b | ITER: 8 START
2019-12-27 20:48:14.110 5849 INFO rally.task.runner [-] Task a6ccca18-b553-414c-9946-917bd4d6573b | ITER: 5 END: OK
2019-12-27 20:48:14.117 5849 INFO rally.task.runner [-] Task a6ccca18-b553-414c-9946-917bd4d6573b | ITER: 9 START
2019-12-27 20:48:14.120 5848 INFO rally.task.runner [-] Task a6ccca18-b553-414c-9946-917bd4d6573b | ITER: 7 END: OK
2019-12-27 20:48:14.125 5848 INFO rally.task.runner [-] Task a6ccca18-b553-414c-9946-917bd4d6573b | ITER: 10 START
2019-12-27 20:48:14.143 5847 INFO rally.task.runner [-] Task a6ccca18-b553-414c-9946-917bd4d6573b | ITER: 6 END: OK
2019-12-27 20:48:14.164 5850 INFO rally.task.runner [-] Task a6ccca18-b553-414c-9946-917bd4d6573b | ITER: 8 END: OK
2019-12-27 20:48:14.327 5849 INFO rally.task.runner [-] Task a6ccca18-b553-414c-9946-917bd4d6573b | ITER: 9 END: OK
2019-12-27 20:48:14.335 5848 INFO rally.task.runner [-] Task a6ccca18-b553-414c-9946-917bd4d6573b | ITER: 10 END: OK
2019-12-27 20:48:14.364 1843 INFO rally.task.context [-] Task a6ccca18-b553-414c-9946-917bd4d6573b | Context admin_cleanup@openstack cleanup() started
2019-12-27 20:48:14.368 1843 RALLYDEBUG rally_openstack.cleanup.manager [-] Cleaning up cinder volume_types objects
2019-12-27 20:48:14.544 1843 RALLYDEBUG rally_openstack.cleanup.manager [-] Deleting cinder.volume_types object s_rally_31a2bbd5_aEkhxPSh (f9344cff-0771-465e-896f-bb4bd0c72afd)
2019-12-27 20:48:14.554 1843 RALLYDEBUG rally_openstack.cleanup.manager [-] Deleting cinder.volume_types object s_rally_31a2bbd5_m4FxNsp8 (f0034a81-437b-4471-945d-f6d2ac8bc902)
2019-12-27 20:48:14.560 1843 RALLYDEBUG rally_openstack.cleanup.manager [-] Deleting cinder.volume_types object s_rally_31a2bbd5_IvqJ1krc (c7994ca7-ead0-4548-84d3-e33da83be091)
2019-12-27 20:48:14.569 1843 RALLYDEBUG rally_openstack.cleanup.manager [-] Deleting cinder.volume_types object s_rally_31a2bbd5_BzYmCUWY (ac505014-fc12-4694-95ff-882b09484207)
2019-12-27 20:48:14.587 1843 RALLYDEBUG rally_openstack.cleanup.manager [-] Deleting cinder.volume_types object s_rally_31a2bbd5_KnHMcRM4 (ac4bc359-5880-40d8-ae6a-5ea8abe61544)
2019-12-27 20:48:14.598 1843 RALLYDEBUG rally_openstack.cleanup.manager [-] Deleting cinder.volume_types object s_rally_31a2bbd5_s2PCq4Zo (6142d04b-0b6f-422d-a0f6-d8e2589398ef)
2019-12-27 20:48:14.604 1843 RALLYDEBUG rally_openstack.cleanup.manager [-] Deleting cinder.volume_types object s_rally_31a2bbd5_wIb34M5r (54640d6b-11dc-4054-89ac-18be3b124081)
2019-12-27 20:48:14.609 1843 RALLYDEBUG rally_openstack.cleanup.manager [-] Deleting cinder.volume_types object s_rally_31a2bbd5_Q1JpJdAZ (43653682-fca5-412a-93b6-43bbe1c5d830)
2019-12-27 20:48:14.630 1843 RALLYDEBUG rally_openstack.cleanup.manager [-] Deleting cinder.volume_types object s_rally_31a2bbd5_AjLR5SKy (3f2dcd33-0f19-4837-9a11-6a57ebc95222)
2019-12-27 20:48:14.640 1843 RALLYDEBUG rally_openstack.cleanup.manager [-] Deleting cinder.volume_types object s_rally_31a2bbd5_QS4vqDY7 (1b154e7e-f5aa-4bbf-9162-f853708002f9)
2019-12-27 20:48:16.006 1843 RALLYDEBUG rally_openstack.cleanup.manager [-] Cleaning up cinder image_volumes_cache objects
2019-12-27 20:48:16.411 1843 RALLYDEBUG rally_openstack.cleanup.manager [-] Cleaning up cinder quotas objects
2019-12-27 20:48:16.752 1843 RALLYDEBUG rally_openstack.cleanup.manager [-] Cleaning up cinder qos_specs objects
2019-12-27 20:48:16.914 1843 INFO rally.task.context [-] Task a6ccca18-b553-414c-9946-917bd4d6573b | Context admin_cleanup@openstack cleanup() finished in 2.55 sec
2019-12-27 20:48:16.915 1843 INFO rally.task.context [-] Task a6ccca18-b553-414c-9946-917bd4d6573b | Context api_versions@openstack cleanup() started
2019-12-27 20:48:16.915 1843 INFO rally.task.context [-] Task a6ccca18-b553-414c-9946-917bd4d6573b | Context api_versions@openstack cleanup() finished in 0.25 msec
2019-12-27 20:48:16.915 1843 INFO rally.task.context [-] Task a6ccca18-b553-414c-9946-917bd4d6573b | Context users@openstack cleanup() started
2019-12-27 20:48:20.318 1843 INFO rally.task.context [-] Task a6ccca18-b553-414c-9946-917bd4d6573b | Context users@openstack cleanup() finished in 3.40 sec
2019-12-27 20:48:21.805 1843 INFO rally.task.engine [-] Load duration is: 0.7466
2019-12-27 20:48:21.806 1843 INFO rally.task.engine [-] Full runner duration is: 0.798403
2019-12-27 20:48:21.806 1843 INFO rally.task.engine [-] Full duration is: 8.593291
2019-12-27 20:48:21.933 1843 INFO rally.task.engine [-] Running workload: position = 0 config = { "version": 2, "title": "A cropped version of a bigger task.", "description": "Auto-generated task from a single workload (uuid=d75e475b-7261-491d-99af-ab0356013905)", "subtasks": [ { "title": "CinderVolumeTypes.create_and_update_volume_type", "description": "create a volume type, then update the type.", "scenario": { "CinderVolumeTypes.create_and_update_volume_type": { "description": "test", "update_description": "test update" } }, "contexts": { "users": { "tenants": 3, "users_per_tenant": 2 }, "api_versions": { "cinder": { "version": 3, "service_type": "volumev3" } } }, "runner": { "constant": { "concurrency": 4, "times": 10 } }, "hooks": [], "sla": { "failure_rate": { "max": 0 } } } ] }
2019-12-27 20:48:21.961 1843 RALLYDEBUG rally_openstack.contexts.keystone.users [-] Creating 3 tenants using 20 threads
2019-12-27 20:48:22.511 1843 RALLYDEBUG rally_openstack.contexts.keystone.users [-] Creating 6 users using 20 threads
2019-12-27 20:48:23.523 1843 INFO rally.task.context [-] Task a6ccca18-b553-414c-9946-917bd4d6573b | Context users@openstack setup() finished in 1.56 sec
2019-12-27 20:48:23.703 1843 INFO rally.task.context [-] Task a6ccca18-b553-414c-9946-917bd4d6573b | Context api_versions@openstack setup() finished in 0.18 sec
2019-12-27 20:48:23.703 1843 INFO rally.task.context [-] Task a6ccca18-b553-414c-9946-917bd4d6573b | Context admin_cleanup@openstack setup() finished in 0.01 msec
2019-12-27 20:48:23.714 1843 RALLYDEBUG rally.task.runner [-] Starting the constant runner (task UUID: a6ccca18-b553-414c-9946-917bd4d6573b). times: 10 concurrency: 4 timeout: 0 max_cpu_used: 88 processes_to_start: 4 concurrency_per_worker: 1 concurrency_overhead: 0
2019-12-27 20:48:23.724 6031 RALLYDEBUG rally.task.runner [-] Starting a worker. times: 10 duration: None concurrency: 1 timeout: 0 cls: method_name: run args: {"description": "test", "update_description": "test update"}
2019-12-27 20:48:23.727 6032 RALLYDEBUG rally.task.runner [-] Starting a worker. times: 10 duration: None concurrency: 1 timeout: 0 cls: method_name: run args: {"description": "test", "update_description": "test update"}
2019-12-27 20:48:23.730 6033 RALLYDEBUG rally.task.runner [-] Starting a worker. times: 10 duration: None concurrency: 1 timeout: 0 cls: method_name: run args: {"description": "test", "update_description": "test update"}
2019-12-27 20:48:23.732 6031 INFO rally.task.runner [-] Task a6ccca18-b553-414c-9946-917bd4d6573b | ITER: 1 START
2019-12-27 20:48:23.732 6034 RALLYDEBUG rally.task.runner [-] Starting a worker. times: 10 duration: None concurrency: 1 timeout: 0 cls: method_name: run args: {"description": "test", "update_description": "test update"}
2019-12-27 20:48:23.735 6032 INFO rally.task.runner [-] Task a6ccca18-b553-414c-9946-917bd4d6573b | ITER: 2 START
2019-12-27 20:48:23.737 6033 INFO rally.task.runner [-] Task a6ccca18-b553-414c-9946-917bd4d6573b | ITER: 3 START
2019-12-27 20:48:23.740 6034 INFO rally.task.runner [-] Task a6ccca18-b553-414c-9946-917bd4d6573b | ITER: 4 START
2019-12-27 20:48:23.811 6031 DEBUG cinderclient.v2.client [-] REQ: curl -g -i -X POST http://172.30.13.89/volume/v3/fa0bea32c4bf4b699357892c0dd0ef20/types -H "Accept: application/json" -H "Content-Type: application/json" -H "User-Agent: python-cinderclient" -H "X-Auth-Token: {SHA256}fd434d9682249fcf9595bec131fcf592a8fccfbc9d746bbf213fb04c716fa7fb" -d '{"volume_type": {"name": "s_rally_d75e475b_t7uRCXoT", "description": "test", "os-volume-type-access:is_public": true}}' _http_log_request /usr/lib/python3.6/site-packages/keystoneauth1/session.py:464
2019-12-27 20:48:23.814 6032 DEBUG cinderclient.v2.client [-] REQ: curl -g -i -X POST http://172.30.13.89/volume/v3/fa0bea32c4bf4b699357892c0dd0ef20/types -H "Accept: application/json" -H "Content-Type: application/json" -H "User-Agent: python-cinderclient" -H "X-Auth-Token: {SHA256}d3587a01aaf8a4e2f43acfa5a622ca73c585f739b95c351730ecb15704ddd2b9" -d '{"volume_type": {"name": "s_rally_d75e475b_ZUgPJ3Ki", "description": "test", "os-volume-type-access:is_public": true}}' _http_log_request /usr/lib/python3.6/site-packages/keystoneauth1/session.py:464
2019-12-27 20:48:23.815 6033 DEBUG cinderclient.v2.client [-] REQ: curl -g -i -X POST http://172.30.13.89/volume/v3/fa0bea32c4bf4b699357892c0dd0ef20/types -H "Accept: application/json" -H "Content-Type: application/json" -H "User-Agent: python-cinderclient" -H "X-Auth-Token: {SHA256}da5fec218015ea1d167dc11871bc22fe556d5f530e0d831e49f161da513cc5df" -d '{"volume_type": {"name": "s_rally_d75e475b_CBdAq5br", "description": "test", "os-volume-type-access:is_public": true}}' _http_log_request /usr/lib/python3.6/site-packages/keystoneauth1/session.py:464
2019-12-27 20:48:23.818 6034 DEBUG cinderclient.v2.client [-] REQ: curl -g -i -X POST http://172.30.13.89/volume/v3/fa0bea32c4bf4b699357892c0dd0ef20/types -H "Accept: application/json" -H "Content-Type: application/json" -H "User-Agent: python-cinderclient" -H "X-Auth-Token: {SHA256}83ee1fca822fb4a56a409570690cbdd2627cb383905a2002ec9ab67efe7f1fa5" -d '{"volume_type": {"name": "s_rally_d75e475b_N8EAcF1S", "description": "test", "os-volume-type-access:is_public": true}}' _http_log_request /usr/lib/python3.6/site-packages/keystoneauth1/session.py:464
2019-12-27 20:48:24.016 6032 DEBUG cinderclient.v2.client [-] RESP: [200] Connection: close Content-Length: 202 Content-Type: application/json Date: Fri, 27 Dec 2019 20:48:23 GMT OpenStack-API-Version: volume 3.0 Server: Apache/2.4.29 (Ubuntu) Vary: OpenStack-API-Version x-compute-request-id: req-43a6e1b1-d5eb-4457-8e88-4cfbb63cfe47 x-openstack-request-id: req-43a6e1b1-d5eb-4457-8e88-4cfbb63cfe47 _http_log_response /usr/lib/python3.6/site-packages/keystoneauth1/session.py:495
2019-12-27 20:48:24.017 6032 DEBUG cinderclient.v2.client [-] RESP BODY: {"volume_type": {"name": "s_rally_d75e475b_ZUgPJ3Ki", "extra_specs": {}, "os-volume-type-access:is_public": true, "is_public": true, "id": "3e862af7-9d61-41c6-a46a-2272227a4f6d", "description": "test"}} _http_log_response /usr/lib/python3.6/site-packages/keystoneauth1/session.py:527
2019-12-27 20:48:24.017 6032 DEBUG cinderclient.v2.client [-] POST call to volumev2 for http://172.30.13.89/volume/v3/fa0bea32c4bf4b699357892c0dd0ef20/types used request id req-43a6e1b1-d5eb-4457-8e88-4cfbb63cfe47 request /usr/lib/python3.6/site-packages/keystoneauth1/session.py:865
2019-12-27 20:48:24.019 6032 DEBUG cinderclient.v2.client [-] REQ: curl -g -i -X PUT http://172.30.13.89/volume/v3/fa0bea32c4bf4b699357892c0dd0ef20/types/3e862af7-9d61-41c6-a46a-2272227a4f6d -H "Accept: application/json" -H "Content-Type: application/json" -H "User-Agent: python-cinderclient" -H "X-Auth-Token: {SHA256}d3587a01aaf8a4e2f43acfa5a622ca73c585f739b95c351730ecb15704ddd2b9" -H "X-OpenStack-Request-ID: req-43a6e1b1-d5eb-4457-8e88-4cfbb63cfe47" -d '{"volume_type": {"name": "s_rally_d75e475b_ZUgPJ3Ki", "description": "test update"}}' _http_log_request /usr/lib/python3.6/site-packages/keystoneauth1/session.py:464
2019-12-27 20:48:24.019 6031 DEBUG cinderclient.v2.client [-] RESP: [200] Connection: close Content-Length: 202 Content-Type: application/json Date: Fri, 27 Dec 2019 20:48:23 GMT OpenStack-API-Version: volume 3.0 Server: Apache/2.4.29 (Ubuntu) Vary: OpenStack-API-Version x-compute-request-id: req-8963265b-3730-49bc-af67-0aafd4aaafaa x-openstack-request-id: req-8963265b-3730-49bc-af67-0aafd4aaafaa _http_log_response /usr/lib/python3.6/site-packages/keystoneauth1/session.py:495
2019-12-27 20:48:24.020 6031 DEBUG cinderclient.v2.client [-] RESP BODY: {"volume_type": {"name": "s_rally_d75e475b_t7uRCXoT", "extra_specs": {}, "os-volume-type-access:is_public": true, "is_public": true, "id": "b0717fb0-d2b9-45d2-853a-75d9562d591c", "description": "test"}} _http_log_response /usr/lib/python3.6/site-packages/keystoneauth1/session.py:527
2019-12-27 20:48:24.020 6031 DEBUG cinderclient.v2.client [-] POST call to volumev2 for http://172.30.13.89/volume/v3/fa0bea32c4bf4b699357892c0dd0ef20/types used request id req-8963265b-3730-49bc-af67-0aafd4aaafaa request /usr/lib/python3.6/site-packages/keystoneauth1/session.py:865
2019-12-27 20:48:24.022 6031 DEBUG cinderclient.v2.client [-] REQ: curl -g -i -X PUT http://172.30.13.89/volume/v3/fa0bea32c4bf4b699357892c0dd0ef20/types/b0717fb0-d2b9-45d2-853a-75d9562d591c -H "Accept: application/json" -H "Content-Type: application/json" -H "User-Agent: python-cinderclient" -H "X-Auth-Token: {SHA256}fd434d9682249fcf9595bec131fcf592a8fccfbc9d746bbf213fb04c716fa7fb" -H "X-OpenStack-Request-ID: req-8963265b-3730-49bc-af67-0aafd4aaafaa" -d '{"volume_type": {"name": "s_rally_d75e475b_t7uRCXoT", "description": "test update"}}' _http_log_request /usr/lib/python3.6/site-packages/keystoneauth1/session.py:464
2019-12-27 20:48:24.031 6033 DEBUG cinderclient.v2.client [-] RESP: [200] Connection: close Content-Length: 202 Content-Type: application/json Date: Fri, 27 Dec 2019 20:48:23 GMT OpenStack-API-Version: volume 3.0 Server: Apache/2.4.29 (Ubuntu) Vary: OpenStack-API-Version x-compute-request-id: req-0128764a-5248-4490-b538-1465f484175c x-openstack-request-id: req-0128764a-5248-4490-b538-1465f484175c _http_log_response /usr/lib/python3.6/site-packages/keystoneauth1/session.py:495
2019-12-27 20:48:24.031 6033 DEBUG cinderclient.v2.client [-] RESP BODY: {"volume_type": {"name": "s_rally_d75e475b_CBdAq5br", "extra_specs": {}, "os-volume-type-access:is_public": true, "is_public": true, "id": "b91dbcfa-bde1-4463-8206-4ff2c6c96dc0", "description": "test"}} _http_log_response /usr/lib/python3.6/site-packages/keystoneauth1/session.py:527
2019-12-27 20:48:24.032 6033 DEBUG cinderclient.v2.client [-] POST call to volumev2 for http://172.30.13.89/volume/v3/fa0bea32c4bf4b699357892c0dd0ef20/types used request id req-0128764a-5248-4490-b538-1465f484175c request /usr/lib/python3.6/site-packages/keystoneauth1/session.py:865
2019-12-27 20:48:24.034 6033 DEBUG cinderclient.v2.client [-] REQ: curl -g -i -X PUT http://172.30.13.89/volume/v3/fa0bea32c4bf4b699357892c0dd0ef20/types/b91dbcfa-bde1-4463-8206-4ff2c6c96dc0 -H "Accept: application/json" -H "Content-Type: application/json" -H "User-Agent: python-cinderclient" -H "X-Auth-Token: {SHA256}da5fec218015ea1d167dc11871bc22fe556d5f530e0d831e49f161da513cc5df" -H "X-OpenStack-Request-ID: req-0128764a-5248-4490-b538-1465f484175c" -d '{"volume_type": {"name": "s_rally_d75e475b_CBdAq5br", "description": "test update"}}' _http_log_request /usr/lib/python3.6/site-packages/keystoneauth1/session.py:464
2019-12-27 20:48:24.044 6034 DEBUG cinderclient.v2.client [-] RESP: [200] Connection: close Content-Length: 202 Content-Type: application/json Date: Fri, 27 Dec 2019 20:48:23 GMT OpenStack-API-Version: volume 3.0 Server: Apache/2.4.29 (Ubuntu) Vary: OpenStack-API-Version x-compute-request-id: req-eb0cee84-5840-481c-862f-39cbbf3c11e4 x-openstack-request-id: req-eb0cee84-5840-481c-862f-39cbbf3c11e4 _http_log_response /usr/lib/python3.6/site-packages/keystoneauth1/session.py:495
2019-12-27 20:48:24.045 6034 DEBUG cinderclient.v2.client [-] RESP BODY: {"volume_type": {"name": "s_rally_d75e475b_N8EAcF1S", "extra_specs": {}, "os-volume-type-access:is_public": true, "is_public": true, "id": "9f5b4764-a60f-4665-b056-2656428b7d3b", "description": "test"}} _http_log_response /usr/lib/python3.6/site-packages/keystoneauth1/session.py:527
2019-12-27 20:48:24.046 6034 DEBUG cinderclient.v2.client [-] POST call to volumev2 for http://172.30.13.89/volume/v3/fa0bea32c4bf4b699357892c0dd0ef20/types used request id req-eb0cee84-5840-481c-862f-39cbbf3c11e4 request /usr/lib/python3.6/site-packages/keystoneauth1/session.py:865
2019-12-27 20:48:24.048 6034 DEBUG cinderclient.v2.client [-] REQ: curl -g -i -X PUT http://172.30.13.89/volume/v3/fa0bea32c4bf4b699357892c0dd0ef20/types/9f5b4764-a60f-4665-b056-2656428b7d3b -H "Accept: application/json" -H "Content-Type: application/json" -H "User-Agent: python-cinderclient" -H "X-Auth-Token: {SHA256}83ee1fca822fb4a56a409570690cbdd2627cb383905a2002ec9ab67efe7f1fa5" -H "X-OpenStack-Request-ID: req-eb0cee84-5840-481c-862f-39cbbf3c11e4" -d '{"volume_type": {"name": "s_rally_d75e475b_N8EAcF1S", "description": "test update"}}' _http_log_request /usr/lib/python3.6/site-packages/keystoneauth1/session.py:464
2019-12-27 20:48:24.057 6032 DEBUG cinderclient.v2.client [-] RESP: [200] Connection: close Content-Length: 168 Content-Type: application/json Date: Fri, 27 Dec 2019 20:48:24 GMT OpenStack-API-Version: volume 3.0 Server: Apache/2.4.29 (Ubuntu) Vary: OpenStack-API-Version x-compute-request-id: req-6b500741-d75c-436a-83f7-2118c16e5252 x-openstack-request-id: req-6b500741-d75c-436a-83f7-2118c16e5252 _http_log_response /usr/lib/python3.6/site-packages/keystoneauth1/session.py:495
2019-12-27 20:48:24.057 6032 DEBUG cinderclient.v2.client [-] RESP BODY: {"volume_type": {"is_public": true, "extra_specs": {}, "id": "3e862af7-9d61-41c6-a46a-2272227a4f6d", "name": "s_rally_d75e475b_ZUgPJ3Ki", "description": "test update"}} _http_log_response /usr/lib/python3.6/site-packages/keystoneauth1/session.py:527
2019-12-27 20:48:24.058 6032 DEBUG cinderclient.v2.client [-] PUT call to volumev2 for http://172.30.13.89/volume/v3/fa0bea32c4bf4b699357892c0dd0ef20/types/3e862af7-9d61-41c6-a46a-2272227a4f6d used request id req-6b500741-d75c-436a-83f7-2118c16e5252 request /usr/lib/python3.6/site-packages/keystoneauth1/session.py:865
2019-12-27 20:48:24.058 6032 INFO rally.task.runner [-] Task a6ccca18-b553-414c-9946-917bd4d6573b | ITER: 2 END: OK
2019-12-27 20:48:24.064 6032 INFO rally.task.runner [-] Task a6ccca18-b553-414c-9946-917bd4d6573b | ITER: 5 START
2019-12-27 20:48:24.071 6031 DEBUG cinderclient.v2.client [-] RESP: [200] Connection: close Content-Length: 168 Content-Type: application/json Date: Fri, 27 Dec 2019 20:48:24 GMT OpenStack-API-Version: volume 3.0 Server: Apache/2.4.29 (Ubuntu) Vary: OpenStack-API-Version x-compute-request-id: req-305a3baf-4617-41e4-a235-8374bbdbe1c7 x-openstack-request-id: req-305a3baf-4617-41e4-a235-8374bbdbe1c7 _http_log_response /usr/lib/python3.6/site-packages/keystoneauth1/session.py:495
2019-12-27 20:48:24.072 6031 DEBUG cinderclient.v2.client [-] RESP BODY: {"volume_type": {"is_public": true, "extra_specs": {}, "id": "b0717fb0-d2b9-45d2-853a-75d9562d591c", "name": "s_rally_d75e475b_t7uRCXoT", "description": "test update"}} _http_log_response /usr/lib/python3.6/site-packages/keystoneauth1/session.py:527
2019-12-27 20:48:24.072 6031 DEBUG cinderclient.v2.client [-] PUT call to volumev2 for http://172.30.13.89/volume/v3/fa0bea32c4bf4b699357892c0dd0ef20/types/b0717fb0-d2b9-45d2-853a-75d9562d591c used request id req-305a3baf-4617-41e4-a235-8374bbdbe1c7 request /usr/lib/python3.6/site-packages/keystoneauth1/session.py:865
2019-12-27 20:48:24.072 6033 DEBUG cinderclient.v2.client [-] RESP: [200] Connection: close Content-Length: 168 Content-Type: application/json Date: Fri, 27 Dec 2019 20:48:24 GMT OpenStack-API-Version: volume 3.0 Server: Apache/2.4.29 (Ubuntu) Vary: OpenStack-API-Version x-compute-request-id: req-d2e55b31-a3b3-490f-a887-22ee6f0514f5 x-openstack-request-id: req-d2e55b31-a3b3-490f-a887-22ee6f0514f5 _http_log_response /usr/lib/python3.6/site-packages/keystoneauth1/session.py:495
