2019-12-27 20:42:35.266 3231 RALLYDEBUG rally.task.utils [-] Waiting for resource s_rally_65b9bcf0_HmOMUMyB. Status changed: AVAILABLE => DELETING in 0.035535573959350586
2019-12-27 20:42:35.811 3233 RALLYDEBUG rally.task.utils [-] Waiting for resource s_rally_65b9bcf0_AaJzEzsf. Status changed: RESERVED => IN-USE in 2.2104098796844482
2019-12-27 20:42:36.118 3232 RALLYDEBUG rally.task.utils [-] Waiting for resource s_rally_65b9bcf0_l3IhB4Sb. Status changed: AVAILABLE => DELETING in 0.06572437286376953
2019-12-27 20:42:36.226 3233 RALLYDEBUG rally.task.utils [-] Waiting for resource s_rally_65b9bcf0_AaJzEzsf. Status changed: AVAILABLE => DETACHING in 0.1988077163696289
2019-12-27 20:42:37.464 3231 RALLYDEBUG rally.task.utils [-] Waiting for resource s_rally_65b9bcf0_fD9mYrS3. Status changed: AVAILABLE => DELETING in 0.08036565780639648
2019-12-27 20:42:38.421 3233 RALLYDEBUG rally.task.utils [-] Waiting for resource s_rally_65b9bcf0_AaJzEzsf. Status changed: DETACHING => AVAILABLE in 2.194610834121704
2019-12-27 20:42:38.532 3233 RALLYDEBUG rally.task.utils [-] Waiting for resource s_rally_65b9bcf0_qPmpIn0O. Status changed: AVAILABLE => DELETING in 0.032906293869018555
2019-12-27 20:42:39.597 3235 INFO rally.task.runner [-] Task a6ccca18-b553-414c-9946-917bd4d6573b | ITER: 5 END: OK
2019-12-27 20:42:39.601 3235 INFO rally.task.runner [-] Task a6ccca18-b553-414c-9946-917bd4d6573b | ITER: 9 START
2019-12-27 20:42:40.591 3232 INFO rally.task.runner [-] Task a6ccca18-b553-414c-9946-917bd4d6573b | ITER: 6 END: OK
2019-12-27 20:42:40.598 3232 INFO rally.task.runner [-] Task a6ccca18-b553-414c-9946-917bd4d6573b | ITER: 10 START
2019-12-27 20:42:40.730 3233 RALLYDEBUG rally.task.utils [-] Waiting for resource s_rally_65b9bcf0_AaJzEzsf. Status changed: AVAILABLE => DELETING in 0.06699633598327637
2019-12-27 20:42:41.967 3231 INFO rally.task.runner [-] Task a6ccca18-b553-414c-9946-917bd4d6573b | ITER: 7 END: OK
2019-12-27 20:42:45.193 3233 INFO rally.task.runner [-] Task a6ccca18-b553-414c-9946-917bd4d6573b | ITER: 8 END: OK
2019-12-27 20:42:53.533 3235 RALLYDEBUG rally.task.utils [-] Waiting for resource s_rally_65b9bcf0_lFH6WQRp. Status changed: BUILD => ACTIVE in 7.1387619972229
2019-12-27 20:42:54.166 3232 RALLYDEBUG rally.task.utils [-] Waiting for resource s_rally_65b9bcf0_Jhowcvx6. Status changed: BUILD => ACTIVE in 6.734155654907227
2019-12-27 20:42:54.192 3235 RALLYDEBUG rally.task.utils [-] Waiting for resource s_rally_65b9bcf0_F5OcyJQV. Status changed: AVAILABLE => RESERVED in 0.20943140983581543
2019-12-27 20:42:54.810 3232 RALLYDEBUG rally.task.utils [-] Waiting for resource s_rally_65b9bcf0_h2TSIcW3. Status changed: AVAILABLE => RESERVED in 0.1989123821258545
2019-12-27 20:42:56.396 3235 RALLYDEBUG rally.task.utils [-] Waiting for resource s_rally_65b9bcf0_F5OcyJQV. Status changed: RESERVED => IN-USE in 2.204071283340454
2019-12-27 20:42:56.809 3235 RALLYDEBUG rally.task.utils [-] Waiting for resource s_rally_65b9bcf0_F5OcyJQV. Status changed: AVAILABLE => DETACHING in 0.1966257095336914
2019-12-27 20:42:56.997 3232 RALLYDEBUG rally.task.utils [-] Waiting for resource s_rally_65b9bcf0_h2TSIcW3. Status changed: RESERVED => IN-USE in 2.1866750717163086
2019-12-27 20:42:57.469 3232 RALLYDEBUG rally.task.utils [-] Waiting for resource s_rally_65b9bcf0_h2TSIcW3. Status changed: AVAILABLE => DETACHING in 0.19126343727111816
2019-12-27 20:42:59.016 3235 RALLYDEBUG rally.task.utils [-] Waiting for resource s_rally_65b9bcf0_F5OcyJQV. Status changed: DETACHING => AVAILABLE in 2.2068896293640137
2019-12-27 20:42:59.148 3235 RALLYDEBUG rally.task.utils [-] Waiting for resource s_rally_65b9bcf0_Ly09yklz. Status changed: AVAILABLE => DELETING in 0.040479183197021484
2019-12-27 20:42:59.700 3232 RALLYDEBUG rally.task.utils [-] Waiting for resource s_rally_65b9bcf0_h2TSIcW3. Status changed: DETACHING => AVAILABLE in 2.2303287982940674
2019-12-27 20:42:59.823 3232 RALLYDEBUG rally.task.utils [-] Waiting for resource s_rally_65b9bcf0_UOdiGuPr. Status changed: AVAILABLE => DELETING in 0.043485164642333984
2019-12-27 20:43:01.331 3235 RALLYDEBUG rally.task.utils [-] Waiting for resource s_rally_65b9bcf0_F5OcyJQV. Status changed: AVAILABLE => DELETING in 0.07138276100158691
2019-12-27 20:43:02.019 3232 RALLYDEBUG rally.task.utils [-] Waiting for resource s_rally_65b9bcf0_h2TSIcW3. Status changed: AVAILABLE => DELETING in 0.07195878028869629
2019-12-27 20:43:06.464 3232 INFO rally.task.runner [-] Task a6ccca18-b553-414c-9946-917bd4d6573b | ITER: 10 END: OK
2019-12-27 20:43:08.039 3235 INFO rally.task.runner [-] Task a6ccca18-b553-414c-9946-917bd4d6573b | ITER: 9 END: OK
2019-12-27 20:43:08.064 1843 INFO rally.task.context [-] Task a6ccca18-b553-414c-9946-917bd4d6573b | Context cleanup@openstack cleanup() started
2019-12-27 20:43:08.071 1843 RALLYDEBUG rally_openstack.cleanup.manager [-] Cleaning up nova servers objects
2019-12-27 20:43:08.758 1843 RALLYDEBUG rally_openstack.cleanup.manager [-] Cleaning up nova server_groups objects
2019-12-27 20:43:09.196 1843 RALLYDEBUG rally_openstack.cleanup.manager [-] Cleaning up nova keypairs objects
2019-12-27 20:43:10.112 1843 RALLYDEBUG rally_openstack.cleanup.manager [-] Cleaning up cinder backups objects
2019-12-27 20:43:10.604 1843 RALLYDEBUG rally_openstack.cleanup.manager [-] Cleaning up cinder volume_snapshots objects
2019-12-27 20:43:11.052 1843 RALLYDEBUG rally_openstack.cleanup.manager [-] Cleaning up cinder transfers objects
2019-12-27 20:43:11.479 1843 RALLYDEBUG rally_openstack.cleanup.manager [-] Cleaning up cinder volumes objects
2019-12-27 20:43:12.029 1843 INFO rally.task.context [-] Task a6ccca18-b553-414c-9946-917bd4d6573b | Context cleanup@openstack cleanup() finished in 3.97 sec
2019-12-27 20:43:12.030 1843 INFO rally.task.context [-] Task a6ccca18-b553-414c-9946-917bd4d6573b | Context quotas@openstack cleanup() started
2019-12-27 20:43:12.112 1843 INFO rally.task.context [-] Task a6ccca18-b553-414c-9946-917bd4d6573b | Context quotas@openstack cleanup() finished in 82.28 msec
2019-12-27 20:43:12.113 1843 INFO rally.task.context [-] Task a6ccca18-b553-414c-9946-917bd4d6573b | Context api_versions@openstack cleanup() started
2019-12-27 20:43:12.113 1843 INFO rally.task.context [-] Task a6ccca18-b553-414c-9946-917bd4d6573b | Context api_versions@openstack cleanup() finished in 0.38 msec
2019-12-27 20:43:12.113 1843 INFO rally.task.context [-] Task a6ccca18-b553-414c-9946-917bd4d6573b | Context users@openstack cleanup() started
2019-12-27 20:43:14.377 1843 INFO rally.task.context [-] Task a6ccca18-b553-414c-9946-917bd4d6573b | Context users@openstack cleanup() finished in 2.26 sec
2019-12-27 20:43:16.269 1843 INFO rally.task.engine [-] Load duration is: 82.542087
2019-12-27 20:43:16.269 1843 INFO rally.task.engine [-] Full runner duration is: 83.590379
2019-12-27 20:43:16.270 1843 INFO rally.task.engine [-] Full duration is: 92.572427
2019-12-27 20:43:16.367 1843 INFO rally.task.engine [-] Running workload: position = 0 config = { "version": 2, "title": "A cropped version of a bigger task.", "description": "Auto-generated task from a single workload (uuid=203150c1-1ba8-490e-858e-a69fc241e8a5)", "subtasks": [ { "title": "CinderVolumes.create_volume", "description": "Create a volume.", "scenario": { "CinderVolumes.create_volume": { "size": 1 } }, "contexts": { "users": { "tenants": 3, "users_per_tenant": 2 }, "api_versions": { "cinder": { "version": 3, "service_type": "volumev3" } } }, "runner": { "constant": { "concurrency": 4, "times": 10 } }, "hooks": [], "sla": { "failure_rate": { "max": 0 } } } ] }
2019-12-27 20:43:16.388 1843 RALLYDEBUG rally_openstack.contexts.keystone.users [-] Creating 3 tenants using 20 threads
2019-12-27 20:43:17.033 1843 RALLYDEBUG rally_openstack.contexts.keystone.users [-] Creating 6 users using 20 threads
2019-12-27 20:43:17.955 1843 INFO rally.task.context [-] Task a6ccca18-b553-414c-9946-917bd4d6573b | Context users@openstack setup() finished in 1.57 sec
2019-12-27 20:43:18.126 1843 INFO rally.task.context [-] Task a6ccca18-b553-414c-9946-917bd4d6573b | Context api_versions@openstack setup() finished in 0.17 sec
2019-12-27 20:43:18.126 1843 INFO rally.task.context [-] Task a6ccca18-b553-414c-9946-917bd4d6573b | Context cleanup@openstack setup() finished in 0.04 msec
2019-12-27 20:43:18.136 1843 RALLYDEBUG rally.task.runner [-] Starting the constant runner (task UUID: a6ccca18-b553-414c-9946-917bd4d6573b). times: 10 concurrency: 4 timeout: 0 max_cpu_used: 88 processes_to_start: 4 concurrency_per_worker: 1 concurrency_overhead: 0
2019-12-27 20:43:18.148 3475 RALLYDEBUG rally.task.runner [-] Starting a worker. times: 10 duration: None concurrency: 1 timeout: 0 cls: method_name: run args: {"size": 1}
2019-12-27 20:43:18.151 3476 RALLYDEBUG rally.task.runner [-] Starting a worker. times: 10 duration: None concurrency: 1 timeout: 0 cls: method_name: run args: {"size": 1}
2019-12-27 20:43:18.155 3475 INFO rally.task.runner [-] Task a6ccca18-b553-414c-9946-917bd4d6573b | ITER: 1 START
2019-12-27 20:43:18.155 3477 RALLYDEBUG rally.task.runner [-] Starting a worker. times: 10 duration: None concurrency: 1 timeout: 0 cls: method_name: run args: {"size": 1}
2019-12-27 20:43:18.158 3478 RALLYDEBUG rally.task.runner [-] Starting a worker. times: 10 duration: None concurrency: 1 timeout: 0 cls: method_name: run args: {"size": 1}
2019-12-27 20:43:18.158 3476 INFO rally.task.runner [-] Task a6ccca18-b553-414c-9946-917bd4d6573b | ITER: 2 START
2019-12-27 20:43:18.162 3477 INFO rally.task.runner [-] Task a6ccca18-b553-414c-9946-917bd4d6573b | ITER: 3 START
2019-12-27 20:43:18.165 3478 INFO rally.task.runner [-] Task a6ccca18-b553-414c-9946-917bd4d6573b | ITER: 4 START
2019-12-27 20:43:20.864 3477 INFO rally.task.runner [-] Task a6ccca18-b553-414c-9946-917bd4d6573b | ITER: 3 END: OK
2019-12-27 20:43:20.870 3477 INFO rally.task.runner [-] Task a6ccca18-b553-414c-9946-917bd4d6573b | ITER: 5 START
2019-12-27 20:43:20.941 3476 INFO rally.task.runner [-] Task a6ccca18-b553-414c-9946-917bd4d6573b | ITER: 2 END: OK
2019-12-27 20:43:20.946 3476 INFO rally.task.runner [-] Task a6ccca18-b553-414c-9946-917bd4d6573b | ITER: 6 START
2019-12-27 20:43:20.961 3475 INFO rally.task.runner [-] Task a6ccca18-b553-414c-9946-917bd4d6573b | ITER: 1 END: OK
2019-12-27 20:43:20.965 3475 INFO rally.task.runner [-] Task a6ccca18-b553-414c-9946-917bd4d6573b | ITER: 7 START
2019-12-27 20:43:20.966 3478 INFO rally.task.runner [-] Task a6ccca18-b553-414c-9946-917bd4d6573b | ITER: 4 END: OK
2019-12-27 20:43:20.971 3478 INFO rally.task.runner [-] Task a6ccca18-b553-414c-9946-917bd4d6573b | ITER: 8 START
2019-12-27 20:43:23.521 3477 INFO rally.task.runner [-] Task a6ccca18-b553-414c-9946-917bd4d6573b | ITER: 5 END: OK
2019-12-27 20:43:23.526 3477 INFO rally.task.runner [-] Task a6ccca18-b553-414c-9946-917bd4d6573b | ITER: 9 START
2019-12-27 20:43:23.530 3475 INFO rally.task.runner [-] Task a6ccca18-b553-414c-9946-917bd4d6573b | ITER: 7 END: OK
2019-12-27 20:43:23.534 3475 INFO rally.task.runner [-] Task a6ccca18-b553-414c-9946-917bd4d6573b | ITER: 10 START
2019-12-27 20:43:23.637 3476 INFO rally.task.runner [-] Task a6ccca18-b553-414c-9946-917bd4d6573b | ITER: 6 END: OK
2019-12-27 20:43:23.666 3478 INFO rally.task.runner [-] Task a6ccca18-b553-414c-9946-917bd4d6573b | ITER: 8 END: OK
2019-12-27 20:43:26.038 3477 INFO rally.task.runner [-] Task a6ccca18-b553-414c-9946-917bd4d6573b | ITER: 9 END: OK
2019-12-27 20:43:26.183 3475 INFO rally.task.runner [-] Task a6ccca18-b553-414c-9946-917bd4d6573b | ITER: 10 END: OK
2019-12-27 20:43:26.204 1843 INFO rally.task.context [-] Task a6ccca18-b553-414c-9946-917bd4d6573b | Context cleanup@openstack cleanup() started
2019-12-27 20:43:26.209 1843 RALLYDEBUG rally_openstack.cleanup.manager [-] Cleaning up cinder backups objects
2019-12-27 20:43:26.709 1843 RALLYDEBUG rally_openstack.cleanup.manager [-] Cleaning up cinder volume_snapshots objects
2019-12-27 20:43:27.175 1843 RALLYDEBUG rally_openstack.cleanup.manager [-] Cleaning up cinder transfers objects
2019-12-27 20:43:27.638 1843 RALLYDEBUG rally_openstack.cleanup.manager [-] Cleaning up cinder volumes objects
2019-12-27 20:43:28.213 1843 RALLYDEBUG rally_openstack.cleanup.manager [-] Deleting cinder.volumes object s_rally_203150c1_cjsam7U0 (f64f27aa-de13-4dd2-9e56-d689d81a37dd)
2019-12-27 20:43:28.217 1843 RALLYDEBUG rally_openstack.cleanup.manager [-] Deleting cinder.volumes object s_rally_203150c1_0CSN7fQy (d297fcc4-3bd4-4dbb-a3a9-6ec1a7bbed0c)
2019-12-27 20:43:28.224 1843 RALLYDEBUG rally_openstack.cleanup.manager [-] Deleting cinder.volumes object s_rally_203150c1_zKurzaWO (a892cd39-2a12-4704-9eb7-63d59cd20386)
2019-12-27 20:43:28.232 1843 RALLYDEBUG rally_openstack.cleanup.manager [-] Deleting cinder.volumes object s_rally_203150c1_JcKV0Zqk (3efd5d87-41ad-4021-a462-4fa1bd59dd4b)
2019-12-27 20:43:28.246 1843 RALLYDEBUG rally_openstack.cleanup.manager [-] Deleting cinder.volumes object s_rally_203150c1_MnpQ8zvx (0febcb25-a88b-4587-b902-3ce7d26fc745)
2019-12-27 20:43:28.257 1843 RALLYDEBUG rally_openstack.cleanup.manager [-] Deleting cinder.volumes object s_rally_203150c1_PnsDS9oD (3be48449-f351-4b57-9629-61c253223ddd)
2019-12-27 20:43:28.274 1843 RALLYDEBUG rally_openstack.cleanup.manager [-] Deleting cinder.volumes object s_rally_203150c1_hSKbn5n6 (b40ec95c-542c-4596-9228-367c632bacf7)
2019-12-27 20:43:28.295 1843 RALLYDEBUG rally_openstack.cleanup.manager [-] Deleting cinder.volumes object s_rally_203150c1_8tI13y6x (5f3d22c9-654a-4b13-9a4b-35cddfda79f9)
2019-12-27 20:43:28.301 1843 RALLYDEBUG rally_openstack.cleanup.manager [-] Deleting cinder.volumes object s_rally_203150c1_ogfS6Kzf (d23b3171-8ab8-45d1-a9f8-e5f2b303b0c8)
2019-12-27 20:43:28.314 1843 RALLYDEBUG rally_openstack.cleanup.manager [-] Deleting cinder.volumes object s_rally_203150c1_04keL6Gp (7d552782-19c5-41f7-bbef-dd53f8fbaeac)
2019-12-27 20:43:30.788 1843 INFO rally.task.context [-] Task a6ccca18-b553-414c-9946-917bd4d6573b | Context cleanup@openstack cleanup() finished in 4.58 sec
2019-12-27 20:43:30.789 1843 INFO rally.task.context [-] Task a6ccca18-b553-414c-9946-917bd4d6573b | Context api_versions@openstack cleanup() started
2019-12-27 20:43:30.789 1843 INFO rally.task.context [-] Task a6ccca18-b553-414c-9946-917bd4d6573b | Context api_versions@openstack cleanup() finished in 0.31 msec
2019-12-27 20:43:30.790 1843 INFO rally.task.context [-] Task a6ccca18-b553-414c-9946-917bd4d6573b | Context users@openstack cleanup() started
2019-12-27 20:43:33.237 1843 INFO rally.task.context [-] Task a6ccca18-b553-414c-9946-917bd4d6573b | Context users@openstack cleanup() finished in 2.45 sec
2019-12-27 20:43:34.513 1843 INFO rally.task.engine [-] Load duration is: 8.023057
2019-12-27 20:43:34.514 1843 INFO rally.task.engine [-] Full runner duration is: 8.068255
2019-12-27 20:43:34.515 1843 INFO rally.task.engine [-] Full duration is: 16.852437
2019-12-27 20:43:34.577 1843 INFO rally.task.engine [-] Running workload: position = 1 config = { "version": 2, "title": "A cropped version of a bigger task.", "description": "Auto-generated task from a single workload (uuid=1638f38b-c3bf-4282-a833-d992360fd3ed)", "subtasks": [ { "title": "CinderVolumes.create_volume", "description": "Create a volume.", "scenario": { "CinderVolumes.create_volume": { "size": { "min": 1, "max": 1 } } }, "contexts": { "users": { "tenants": 3, "users_per_tenant": 2 }, "quotas": { "cinder": { "gigabytes": -1, "snapshots": -1, "volumes": -1 } }, "api_versions": { "cinder": { "version": 3, "service_type": "volumev3" } } }, "runner": { "constant": { "concurrency": 4, "times": 10 } }, "hooks": [], "sla": { "failure_rate": { "max": 0 } } } ] }
2019-12-27 20:43:34.605 1843 RALLYDEBUG rally_openstack.contexts.keystone.users [-] Creating 3 tenants using 20 threads
2019-12-27 20:43:35.134 1843 RALLYDEBUG rally_openstack.contexts.keystone.users [-] Creating 6 users using 20 threads
2019-12-27 20:43:36.103 1843 INFO rally.task.context [-] Task a6ccca18-b553-414c-9946-917bd4d6573b | Context users@openstack setup() finished in 1.50 sec
2019-12-27 20:43:36.279 1843 INFO rally.task.context [-] Task a6ccca18-b553-414c-9946-917bd4d6573b | Context api_versions@openstack setup() finished in 0.18 sec
2019-12-27 20:43:36.861 1843 INFO rally.task.context [-] Task a6ccca18-b553-414c-9946-917bd4d6573b | Context quotas@openstack setup() finished in 0.58 sec
2019-12-27 20:43:36.861 1843 INFO rally.task.context [-] Task a6ccca18-b553-414c-9946-917bd4d6573b | Context cleanup@openstack setup() finished in 0.04 msec
2019-12-27 20:43:36.873 1843 RALLYDEBUG rally.task.runner [-] Starting the constant runner (task UUID: a6ccca18-b553-414c-9946-917bd4d6573b). times: 10 concurrency: 4 timeout: 0 max_cpu_used: 88 processes_to_start: 4 concurrency_per_worker: 1 concurrency_overhead: 0
2019-12-27 20:43:36.885 3659 RALLYDEBUG rally.task.runner [-] Starting a worker. times: 10 duration: None concurrency: 1 timeout: 0 cls: method_name: run args: {"size": {"min": 1, "max": 1}}
2019-12-27 20:43:36.887 3660 RALLYDEBUG rally.task.runner [-] Starting a worker. times: 10 duration: None concurrency: 1 timeout: 0 cls: method_name: run args: {"size": {"min": 1, "max": 1}}
2019-12-27 20:43:36.890 3661 RALLYDEBUG rally.task.runner [-] Starting a worker. times: 10 duration: None concurrency: 1 timeout: 0 cls: method_name: run args: {"size": {"min": 1, "max": 1}}
2019-12-27 20:43:36.892 3659 INFO rally.task.runner [-] Task a6ccca18-b553-414c-9946-917bd4d6573b | ITER: 1 START
2019-12-27 20:43:36.892 3662 RALLYDEBUG rally.task.runner [-] Starting a worker. times: 10 duration: None concurrency: 1 timeout: 0 cls: method_name: run args: {"size": {"min": 1, "max": 1}}
2019-12-27 20:43:36.894 3660 INFO rally.task.runner [-] Task a6ccca18-b553-414c-9946-917bd4d6573b | ITER: 2 START
2019-12-27 20:43:36.897 3661 INFO rally.task.runner [-] Task a6ccca18-b553-414c-9946-917bd4d6573b | ITER: 3 START
2019-12-27 20:43:36.898 3662 INFO rally.task.runner [-] Task a6ccca18-b553-414c-9946-917bd4d6573b | ITER: 4 START
2019-12-27 20:43:39.539 3662 INFO rally.task.runner [-] Task a6ccca18-b553-414c-9946-917bd4d6573b | ITER: 4 END: OK
2019-12-27 20:43:39.545 3662 INFO rally.task.runner [-] Task a6ccca18-b553-414c-9946-917bd4d6573b | ITER: 5 START
2019-12-27 20:43:39.548 3661 INFO rally.task.runner [-] Task a6ccca18-b553-414c-9946-917bd4d6573b | ITER: 3 END: OK
2019-12-27 20:43:39.553 3661 INFO rally.task.runner [-] Task a6ccca18-b553-414c-9946-917bd4d6573b | ITER: 6 START
2019-12-27 20:43:39.590 3659 INFO rally.task.runner [-] Task a6ccca18-b553-414c-9946-917bd4d6573b | ITER: 1 END: OK
2019-12-27 20:43:39.596 3659 INFO rally.task.runner [-] Task a6ccca18-b553-414c-9946-917bd4d6573b | ITER: 7 START
2019-12-27 20:43:40.557 3660 INFO rally.task.runner [-] Task a6ccca18-b553-414c-9946-917bd4d6573b | ITER: 2 END: OK
2019-12-27 20:43:40.563 3660 INFO rally.task.runner [-] Task a6ccca18-b553-414c-9946-917bd4d6573b | ITER: 8 START
2019-12-27 20:43:42.119 3661 INFO rally.task.runner [-] Task a6ccca18-b553-414c-9946-917bd4d6573b | ITER: 6 END: OK
2019-12-27 20:43:42.125 3661 INFO rally.task.runner [-] Task a6ccca18-b553-414c-9946-917bd4d6573b | ITER: 9 START
2019-12-27 20:43:42.164 3659 INFO rally.task.runner [-] Task a6ccca18-b553-414c-9946-917bd4d6573b | ITER: 7 END: OK
2019-12-27 20:43:42.169 3659 INFO rally.task.runner [-] Task a6ccca18-b553-414c-9946-917bd4d6573b | ITER: 10 START
2019-12-27 20:43:42.296 3662 INFO rally.task.runner [-] Task a6ccca18-b553-414c-9946-917bd4d6573b | ITER: 5 END: OK
2019-12-27 20:43:43.199 3660 INFO rally.task.runner [-] Task a6ccca18-b553-414c-9946-917bd4d6573b | ITER: 8 END: OK
2019-12-27 20:43:44.647 3661 INFO rally.task.runner [-] Task a6ccca18-b553-414c-9946-917bd4d6573b | ITER: 9 END: OK
2019-12-27 20:43:44.960 3659 INFO rally.task.runner [-] Task a6ccca18-b553-414c-9946-917bd4d6573b | ITER: 10 END: OK
2019-12-27 20:43:44.986 1843 INFO rally.task.context [-] Task a6ccca18-b553-414c-9946-917bd4d6573b | Context cleanup@openstack cleanup() started
2019-12-27 20:43:44.991 1843 RALLYDEBUG rally_openstack.cleanup.manager [-] Cleaning up cinder backups objects
2019-12-27 20:43:45.475 1843 RALLYDEBUG rally_openstack.cleanup.manager [-] Cleaning up cinder volume_snapshots objects
2019-12-27 20:43:45.950 1843 RALLYDEBUG rally_openstack.cleanup.manager [-] Cleaning up cinder transfers objects
2019-12-27 20:43:46.508 1843 RALLYDEBUG rally_openstack.cleanup.manager [-] Cleaning up cinder volumes objects
2019-12-27 20:43:47.076 1843 RALLYDEBUG rally_openstack.cleanup.manager [-] Deleting cinder.volumes object s_rally_1638f38b_vFpEesI2 (2afb6b70-9689-40eb-ac34-0f7593e0e898)
2019-12-27 20:43:47.082 1843 RALLYDEBUG rally_openstack.cleanup.manager [-] Deleting cinder.volumes object s_rally_1638f38b_hT0poWDC (1176eb5b-358a-49f5-9320-383103c4e36d)
2019-12-27 20:43:47.089 1843 RALLYDEBUG rally_openstack.cleanup.manager [-] Deleting cinder.volumes object s_rally_1638f38b_SLnQxh3j (312166ca-449d-4ed8-b272-791592477009)
2019-12-27 20:43:47.103 1843 RALLYDEBUG rally_openstack.cleanup.manager [-] Deleting cinder.volumes object s_rally_1638f38b_80kxwkL6 (b80fbedd-9fec-41ef-b473-801ec60f169e)
2019-12-27 20:43:47.108 1843 RALLYDEBUG rally_openstack.cleanup.manager [-] Deleting cinder.volumes object s_rally_1638f38b_TN3CfT3v (3256602e-3535-4165-8b20-7a140c91db5f)
2019-12-27 20:43:47.113 1843 RALLYDEBUG rally_openstack.cleanup.manager [-] Deleting cinder.volumes object s_rally_1638f38b_S8cQAyI1 (09a176b6-f34e-48c5-9e3a-cbf68596a428)
2019-12-27 20:43:47.129 1843 RALLYDEBUG rally_openstack.cleanup.manager [-] Deleting cinder.volumes object s_rally_1638f38b_1OGbdar1 (277a544c-8d2d-4a70-a41a-5f8ae870f548)
2019-12-27 20:43:47.139 1843 RALLYDEBUG rally_openstack.cleanup.manager [-] Deleting cinder.volumes object s_rally_1638f38b_x5xoUS09 (2b9c3719-43cb-4fdd-b1b2-fa01ac29a975)
2019-12-27 20:43:47.158 1843 RALLYDEBUG rally_openstack.cleanup.manager [-] Deleting cinder.volumes object s_rally_1638f38b_qVAZLp1Z (8da389ca-c0d9-4fef-b41c-4ee073964a2a)
2019-12-27 20:43:47.183 1843 RALLYDEBUG rally_openstack.cleanup.manager [-] Deleting cinder.volumes object s_rally_1638f38b_ob2XxEIX (1a8d84c0-8995-4b07-9dfe-6ce8d1374400)
2019-12-27 20:43:49.653 1843 INFO rally.task.context [-] Task a6ccca18-b553-414c-9946-917bd4d6573b | Context cleanup@openstack cleanup() finished in 4.67 sec
2019-12-27 20:43:49.653 1843 INFO rally.task.context [-] Task a6ccca18-b553-414c-9946-917bd4d6573b | Context quotas@openstack cleanup() started
2019-12-27 20:43:49.736 1843 INFO rally.task.context [-] Task a6ccca18-b553-414c-9946-917bd4d6573b | Context quotas@openstack cleanup() finished in 82.85 msec
2019-12-27 20:43:49.737 1843 INFO rally.task.context [-] Task a6ccca18-b553-414c-9946-917bd4d6573b | Context api_versions@openstack cleanup() started
2019-12-27 20:43:49.737 1843 INFO rally.task.context [-] Task a6ccca18-b553-414c-9946-917bd4d6573b | Context api_versions@openstack cleanup() finished in 0.22 msec
2019-12-27 20:43:49.737 1843 INFO rally.task.context [-] Task a6ccca18-b553-414c-9946-917bd4d6573b | Context users@openstack cleanup() started
2019-12-27 20:43:52.728 1843 INFO rally.task.context [-] Task a6ccca18-b553-414c-9946-917bd4d6573b | Context users@openstack cleanup() finished in 2.99 sec
2019-12-27 20:43:54.724 1843 INFO rally.task.engine [-] Load duration is: 8.062971
2019-12-27 20:43:54.725 1843 INFO rally.task.engine [-] Full runner duration is: 8.112998
2019-12-27 20:43:54.725 1843 INFO rally.task.engine [-] Full duration is: 18.126493
2019-12-27 20:43:54.823 1843 INFO rally.task.engine [-] Running workload: position = 0 config = { "version": 2, "title": "A cropped version of a bigger task.", "description": "Auto-generated task from a single workload (uuid=cae4cfad-d902-4e45-bdc3-f5db99f20a1e)", "subtasks": [ { "title": "CinderVolumes.list_volumes", "description": "List all volumes.", "scenario": { "CinderVolumes.list_volumes": { "detailed": true } }, "contexts": { "users": { "tenants": 3, "users_per_tenant": 2 }, "quotas": { "cinder": { "gigabytes": -1, "snapshots": -1, "volumes": -1 } }, "api_versions": { "cinder": { "version": 3, "service_type": "volumev3" } }, "volumes": { "size": 1, "volumes_per_tenant": 4 } }, "runner": { "constant": { "concurrency": 4, "times": 10 } }, "hooks": [], "sla": { "failure_rate": { "max": 0 } } } ] }
2019-12-27 20:43:54.844 1843 RALLYDEBUG rally_openstack.contexts.keystone.users [-] Creating 3 tenants using 20 threads
2019-12-27 20:43:55.545 1843 RALLYDEBUG rally_openstack.contexts.keystone.users [-] Creating 6 users using 20 threads
2019-12-27 20:43:56.678 1843 INFO rally.task.context [-] Task a6ccca18-b553-414c-9946-917bd4d6573b | Context users@openstack setup() finished in 1.83 sec
2019-12-27 20:43:56.846 1843 INFO rally.task.context [-] Task a6ccca18-b553-414c-9946-917bd4d6573b | Context api_versions@openstack setup() finished in 0.17 sec
2019-12-27 20:43:57.414 1843 INFO rally.task.context [-] Task a6ccca18-b553-414c-9946-917bd4d6573b | Context quotas@openstack setup() finished in 0.57 sec
2019-12-27 20:44:27.924 1843 INFO rally.task.context [-] Task a6ccca18-b553-414c-9946-917bd4d6573b | Context volumes@openstack setup() finished in 30.51 sec
2019-12-27 20:44:27.937 1843 RALLYDEBUG rally.task.runner [-] Starting the constant runner (task UUID: a6ccca18-b553-414c-9946-917bd4d6573b). times: 10 concurrency: 4 timeout: 0 max_cpu_used: 88 processes_to_start: 4 concurrency_per_worker: 1 concurrency_overhead: 0
2019-12-27 20:44:27.949 3843 RALLYDEBUG rally.task.runner [-] Starting a worker. times: 10 duration: None concurrency: 1 timeout: 0 cls: method_name: run args: {"detailed": true}
2019-12-27 20:44:27.954 3844 RALLYDEBUG rally.task.runner [-] Starting a worker. times: 10 duration: None concurrency: 1 timeout: 0 cls: method_name: run args: {"detailed": true}
2019-12-27 20:44:27.958 3843 INFO rally.task.runner [-] Task a6ccca18-b553-414c-9946-917bd4d6573b | ITER: 1 START
2019-12-27 20:44:27.957 3845 RALLYDEBUG rally.task.runner [-] Starting a worker. times: 10 duration: None concurrency: 1 timeout: 0 cls: method_name: run args: {"detailed": true}
2019-12-27 20:44:27.960 3846 RALLYDEBUG rally.task.runner [-] Starting a worker. times: 10 duration: None concurrency: 1 timeout: 0 cls: method_name: run args: {"detailed": true}
2019-12-27 20:44:27.962 3844 INFO rally.task.runner [-] Task a6ccca18-b553-414c-9946-917bd4d6573b | ITER: 2 START
2019-12-27 20:44:27.965 3845 INFO rally.task.runner [-] Task a6ccca18-b553-414c-9946-917bd4d6573b | ITER: 3 START
2019-12-27 20:44:27.968 3846 INFO rally.task.runner [-] Task a6ccca18-b553-414c-9946-917bd4d6573b | ITER: 4 START
2019-12-27 20:44:28.261 3843 INFO rally.task.runner [-] Task a6ccca18-b553-414c-9946-917bd4d6573b | ITER: 1 END: OK
2019-12-27 20:44:28.268 3843 INFO rally.task.runner [-] Task a6ccca18-b553-414c-9946-917bd4d6573b | ITER: 5 START
2019-12-27 20:44:28.277 3844 INFO rally.task.runner [-] Task a6ccca18-b553-414c-9946-917bd4d6573b | ITER: 2 END: OK
2019-12-27 20:44:28.280 3846 INFO rally.task.runner [-] Task a6ccca18-b553-414c-9946-917bd4d6573b | ITER: 4 END: OK
2019-12-27 20:44:28.283 3844 INFO rally.task.runner [-] Task a6ccca18-b553-414c-9946-917bd4d6573b | ITER: 6 START
2019-12-27 20:44:28.286 3846 INFO rally.task.runner [-] Task a6ccca18-b553-414c-9946-917bd4d6573b | ITER: 7 START
2019-12-27 20:44:28.296 3845 INFO rally.task.runner [-] Task a6ccca18-b553-414c-9946-917bd4d6573b | ITER: 3 END: OK
2019-12-27 20:44:28.302 3845 INFO rally.task.runner [-] Task a6ccca18-b553-414c-9946-917bd4d6573b | ITER: 8 START
2019-12-27 20:44:28.470 3843 INFO rally.task.runner [-] Task a6ccca18-b553-414c-9946-917bd4d6573b | ITER: 5 END: OK
2019-12-27 20:44:28.471 3846 INFO rally.task.runner [-] Task a6ccca18-b553-414c-9946-917bd4d6573b | ITER: 7 END: OK
2019-12-27 20:44:28.475 3846 INFO rally.task.runner [-] Task a6ccca18-b553-414c-9946-917bd4d6573b | ITER: 9 START
2019-12-27 20:44:28.476 3843 INFO rally.task.runner [-] Task a6ccca18-b553-414c-9946-917bd4d6573b | ITER: 10 START
2019-12-27 20:44:28.476 3844 INFO rally.task.runner [-] Task a6ccca18-b553-414c-9946-917bd4d6573b | ITER: 6 END: OK
2019-12-27 20:44:28.527 3845 INFO rally.task.runner [-] Task a6ccca18-b553-414c-9946-917bd4d6573b | ITER: 8 END: OK
2019-12-27 20:44:28.659 3843 INFO rally.task.runner [-] Task a6ccca18-b553-414c-9946-917bd4d6573b | ITER: 10 END: OK
2019-12-27 20:44:28.673 3846 INFO rally.task.runner [-] Task a6ccca18-b553-414c-9946-917bd4d6573b | ITER: 9 END: OK
2019-12-27 20:44:28.698 1843 INFO rally.task.context [-] Task a6ccca18-b553-414c-9946-917bd4d6573b | Context volumes@openstack cleanup() started
2019-12-27 20:44:28.700 1843 RALLYDEBUG rally_openstack.cleanup.manager [-] Cleaning up cinder volumes objects
2019-12-27 20:44:29.292 1843 RALLYDEBUG rally_openstack.cleanup.manager [-] Deleting cinder.volumes object c_rally_cae4cfad_n02vt5P3 (5738e27f-c69b-4457-b9e5-262e6f5c4ab1)
2019-12-27 20:44:29.299 1843 RALLYDEBUG rally_openstack.cleanup.manager [-] Deleting cinder.volumes object c_rally_cae4cfad_N0VnUb31 (0a7ff539-6d74-4c8d-8f64-5f6624626e68)
2019-12-27 20:44:29.300 1843 RALLYDEBUG rally_openstack.cleanup.manager [-] Deleting cinder.volumes object c_rally_cae4cfad_vjnonuhf (2b280994-d81a-4ed9-9de4-4ae2adf3b50f)
2019-12-27 20:44:29.313 1843 RALLYDEBUG rally_openstack.cleanup.manager [-] Deleting cinder.volumes object c_rally_cae4cfad_gpWkWSsa (1a8c267d-e4a7-40fb-8389-6c1fdb37a105)
2019-12-27 20:44:29.319 1843 RALLYDEBUG rally_openstack.cleanup.manager [-] Deleting cinder.volumes object c_rally_cae4cfad_NVCL0INT (2b29fc63-1585-4bec-8dc8-f08532733e1a)
2019-12-27 20:44:29.326 1843 RALLYDEBUG rally_openstack.cleanup.manager [-] Deleting cinder.volumes object c_rally_cae4cfad_ew7lrrtq (05c75c44-e850-4c11-b564-8e4dfc677948)
2019-12-27 20:44:29.332 1843 RALLYDEBUG rally_openstack.cleanup.manager [-] Deleting cinder.volumes object c_rally_cae4cfad_RduxyHDD (3810ef58-d35b-4838-8161-24bb39ac3758)
2019-12-27 20:44:29.341 1843 RALLYDEBUG rally_openstack.cleanup.manager [-] Deleting cinder.volumes object c_rally_cae4cfad_uignbPoX (33ee1b9a-6573-4a4e-bd42-0b925cfb22de)
2019-12-27 20:44:29.347 1843 RALLYDEBUG rally_openstack.cleanup.manager [-] Deleting cinder.volumes object c_rally_cae4cfad_5eMZV5Ve (ffb08adc-e256-463b-bf9a-0a799edf208d)
2019-12-27 20:44:29.352 1843 RALLYDEBUG rally_openstack.cleanup.manager [-] Deleting cinder.volumes object c_rally_cae4cfad_PCsOhJ2R (d7fcd28e-8b81-4dae-a124-e4aa7cf2c380)
2019-12-27 20:44:29.358 1843 RALLYDEBUG rally_openstack.cleanup.manager [-] Deleting cinder.volumes object c_rally_cae4cfad_gNJo3lMe (5fc4f49f-d68c-4a56-bc15-a4288549636c)
2019-12-27 20:44:29.374 1843 RALLYDEBUG rally_openstack.cleanup.manager [-] Deleting cinder.volumes object c_rally_cae4cfad_BeaxLlqb (a3314144-ddea-49fa-af53-4a5d7624e72f)
2019-12-27 20:44:31.891 1843 INFO rally.task.context [-] Task a6ccca18-b553-414c-9946-917bd4d6573b | Context volumes@openstack cleanup() finished in 3.19 sec
2019-12-27 20:44:31.892 1843 INFO rally.task.context [-] Task a6ccca18-b553-414c-9946-917bd4d6573b | Context quotas@openstack cleanup() started
2019-12-27 20:44:31.979 1843 INFO rally.task.context [-] Task a6ccca18-b553-414c-9946-917bd4d6573b | Context quotas@openstack cleanup() finished in 86.88 msec
2019-12-27 20:44:31.979 1843 INFO rally.task.context [-] Task a6ccca18-b553-414c-9946-917bd4d6573b | Context api_versions@openstack cleanup() started
2019-12-27 20:44:31.979 1843 INFO rally.task.context [-] Task a6ccca18-b553-414c-9946-917bd4d6573b | Context api_versions@openstack cleanup() finished in 0.23 msec
2019-12-27 20:44:31.980 1843 INFO rally.task.context [-] Task a6ccca18-b553-414c-9946-917bd4d6573b | Context users@openstack cleanup() started
2019-12-27 20:44:34.820 1843 INFO rally.task.context [-] Task a6ccca18-b553-414c-9946-917bd4d6573b | Context users@openstack cleanup() finished in 2.84 sec
2019-12-27 20:44:35.077 1843 INFO rally.task.engine [-] Load duration is: 0.711139
2019-12-27 20:44:35.077 1843 INFO rally.task.engine [-] Full runner duration is: 0.761852
2019-12-27 20:44:35.077 1843 INFO rally.task.engine [-] Full duration is: 39.979086
2019-12-27 20:44:35.173 1843 INFO rally.task.engine [-] Running workload: position = 0 config = { "version": 2, "title": "A cropped version of a bigger task.", "description": "Auto-generated task from a single workload (uuid=36b08825-f105-4496-8a5a-9417eca27bb6)", "subtasks": [ { "title": "CinderVolumes.create_and_delete_snapshot", "description": "Create and then delete a volume-snapshot.", "scenario": { "CinderVolumes.create_and_delete_snapshot": { "force": false } }, "contexts": { "users": { "tenants": 3, "users_per_tenant": 2 }, "quotas": { "cinder": { "gigabytes": -1, "snapshots": -1, "volumes": -1 } }, "api_versions": { "cinder": { "version": 3, "service_type": "volumev3" } }, "volumes": { "size": 1, "volumes_per_tenant": 1 } }, "runner": { "constant": { "concurrency": 4, "times": 10 } }, "hooks": [], "sla": { "failure_rate": { "max": 0 } } } ] }
2019-12-27 20:44:35.196 1843 RALLYDEBUG rally_openstack.contexts.keystone.users [-] Creating 3 tenants using 20 threads
2019-12-27 20:44:35.789 1843 RALLYDEBUG rally_openstack.contexts.keystone.users [-] Creating 6 users using 20 threads
2019-12-27 20:44:36.707 1843 INFO rally.task.context [-] Task a6ccca18-b553-414c-9946-917bd4d6573b | Context users@openstack setup() finished in 1.51 sec
2019-12-27 20:44:36.878 1843 INFO rally.task.context [-] Task a6ccca18-b553-414c-9946-917bd4d6573b | Context api_versions@openstack setup() finished in 0.17 sec
2019-12-27 20:44:37.685 1843 INFO rally.task.context [-] Task a6ccca18-b553-414c-9946-917bd4d6573b | Context quotas@openstack setup() finished in 0.81 sec
2019-12-27 20:44:45.961 1843 INFO rally.task.context [-] Task a6ccca18-b553-414c-9946-917bd4d6573b | Context volumes@openstack setup() finished in 8.28 sec
2019-12-27 20:44:45.962 1843 INFO rally.task.context [-] Task a6ccca18-b553-414c-9946-917bd4d6573b | Context cleanup@openstack setup() finished in 0.02 msec
2019-12-27 20:44:45.974 1843 RALLYDEBUG rally.task.runner [-] Starting the constant runner (task UUID: a6ccca18-b553-414c-9946-917bd4d6573b). times: 10 concurrency: 4 timeout: 0 max_cpu_used: 88 processes_to_start: 4 concurrency_per_worker: 1 concurrency_overhead: 0
2019-12-27 20:44:45.984 3967 RALLYDEBUG rally.task.runner [-] Starting a worker. times: 10 duration: None concurrency: 1 timeout: 0 cls: method_name: run args: {"force": false}
2019-12-27 20:44:45.987 3968 RALLYDEBUG rally.task.runner [-] Starting a worker. times: 10 duration: None concurrency: 1 timeout: 0 cls: method_name: run args: {"force": false}
2019-12-27 20:44:45.990 3969 RALLYDEBUG rally.task.runner [-] Starting a worker. times: 10 duration: None concurrency: 1 timeout: 0 cls: method_name: run args: {"force": false}
2019-12-27 20:44:45.992 3967 INFO rally.task.runner [-] Task a6ccca18-b553-414c-9946-917bd4d6573b | ITER: 1 START
2019-12-27 20:44:45.993 3968 INFO rally.task.runner [-] Task a6ccca18-b553-414c-9946-917bd4d6573b | ITER: 2 START
2019-12-27 20:44:45.993 3970 RALLYDEBUG rally.task.runner [-] Starting a worker. times: 10 duration: None concurrency: 1 timeout: 0 cls: method_name: run args: {"force": false}
2019-12-27 20:44:45.999 3969 INFO rally.task.runner [-] Task a6ccca18-b553-414c-9946-917bd4d6573b | ITER: 3 START
2019-12-27 20:44:45.999 3970 INFO rally.task.runner [-] Task a6ccca18-b553-414c-9946-917bd4d6573b | ITER: 4 START
2019-12-27 20:44:48.544 3967 RALLYDEBUG rally.task.utils [-] Waiting for resource s_rally_36b08825_vAT13YJO. Status changed: AVAILABLE => DELETING in 0.03961920738220215
2019-12-27 20:44:48.546 3969 RALLYDEBUG rally.task.utils [-] Waiting for resource s_rally_36b08825_uP6Ghh7L. Status changed: AVAILABLE => DELETING in 0.04713797569274902
2019-12-27 20:44:48.561 3970 RALLYDEBUG rally.task.utils [-] Waiting for resource s_rally_36b08825_acsgJN0n. Status changed: AVAILABLE => DELETING in 0.04391217231750488
2019-12-27 20:44:48.711 3968 RALLYDEBUG rally.task.utils [-] Waiting for resource s_rally_36b08825_qQc8ph8k. Status changed: AVAILABLE => DELETING in 0.03664755821228027
2019-12-27 20:44:50.587 3969 INFO rally.task.runner [-] Task a6ccca18-b553-414c-9946-917bd4d6573b | ITER: 3 END: OK
2019-12-27 20:44:50.589 3967 INFO rally.task.runner [-] Task a6ccca18-b553-414c-9946-917bd4d6573b | ITER: 1 END: OK
2019-12-27 20:44:50.594 3969 INFO rally.task.runner [-] Task a6ccca18-b553-414c-9946-917bd4d6573b | ITER: 5 START
2019-12-27 20:44:50.595 3967 INFO rally.task.runner [-] Task a6ccca18-b553-414c-9946-917bd4d6573b | ITER: 6 START
2019-12-27 20:44:50.601 3970 INFO rally.task.runner [-] Task a6ccca18-b553-414c-9946-917bd4d6573b | ITER: 4 END: OK
2019-12-27 20:44:50.606 3970 INFO rally.task.runner [-] Task a6ccca18-b553-414c-9946-917bd4d6573b | ITER: 7 START
2019-12-27 20:44:50.765 3968 INFO rally.task.runner [-] Task a6ccca18-b553-414c-9946-917bd4d6573b | ITER: 2 END: OK
2019-12-27 20:44:50.771 3968 INFO rally.task.runner [-] Task a6ccca18-b553-414c-9946-917bd4d6573b | ITER: 8 START
2019-12-27 20:44:53.148 3970 RALLYDEBUG rally.task.utils [-] Waiting for resource s_rally_36b08825_nAF4sDr6. Status changed: AVAILABLE => DELETING in 0.03767514228820801
2019-12-27 20:44:53.203 3967 RALLYDEBUG rally.task.utils [-] Waiting for resource s_rally_36b08825_KSgQbVRp. Status changed: AVAILABLE => DELETING in 0.0392453670501709
2019-12-27 20:44:53.289 3968 RALLYDEBUG rally.task.utils [-] Waiting for resource s_rally_36b08825_38Ca2EYY. Status changed: AVAILABLE => DELETING in 0.03524470329284668
2019-12-27 20:44:55.041 3969 RALLYDEBUG rally.task.utils [-] Waiting for resource s_rally_36b08825_io1k3Ffd. Status changed: CREATING => AVAILABLE in 2.1204299926757812
2019-12-27 20:44:55.167 3969 RALLYDEBUG rally.task.utils [-] Waiting for resource s_rally_36b08825_io1k3Ffd. Status changed: AVAILABLE => DELETING in 0.03727102279663086
2019-12-27 20:44:55.198 3970 INFO rally.task.runner [-] Task a6ccca18-b553-414c-9946-917bd4d6573b | ITER: 7 END: OK
2019-12-27 20:44:55.203 3970 INFO rally.task.runner [-] Task a6ccca18-b553-414c-9946-917bd4d6573b | ITER: 9 START
2019-12-27 20:44:55.249 3967 INFO rally.task.runner [-] Task a6ccca18-b553-414c-9946-917bd4d6573b | ITER: 6 END: OK
2019-12-27 20:44:55.253 3967 INFO rally.task.runner [-] Task a6ccca18-b553-414c-9946-917bd4d6573b | ITER: 10 START
2019-12-27 20:44:55.323 3968 INFO rally.task.runner [-] Task a6ccca18-b553-414c-9946-917bd4d6573b | ITER: 8 END: OK
2019-12-27 20:44:57.208 3969 INFO rally.task.runner [-] Task a6ccca18-b553-414c-9946-917bd4d6573b | ITER: 5 END: OK
2019-12-27 20:44:57.916 3967 RALLYDEBUG rally.task.utils [-] Waiting for resource s_rally_36b08825_bjb8mmsk. Status changed: AVAILABLE => DELETING in 0.03272438049316406
2019-12-27 20:44:57.963 3970 RALLYDEBUG rally.task.utils [-] Waiting for resource s_rally_36b08825_w900ZjpH. Status changed: AVAILABLE => DELETING in 0.03995394706726074
2019-12-27 20:44:59.960 3967 INFO rally.task.runner [-] Task a6ccca18-b553-414c-9946-917bd4d6573b | ITER: 10 END: OK
2019-12-27 20:45:00.008 3970 INFO rally.task.runner [-] Task a6ccca18-b553-414c-9946-917bd4d6573b | ITER: 9 END: OK
2019-12-27 20:45:00.035 1843 INFO rally.task.context [-] Task a6ccca18-b553-414c-9946-917bd4d6573b | Context cleanup@openstack cleanup() started
2019-12-27 20:45:00.040 1843 RALLYDEBUG rally_openstack.cleanup.manager [-] Cleaning up cinder backups objects
2019-12-27 20:45:00.535 1843 RALLYDEBUG rally_openstack.cleanup.manager [-] Cleaning up cinder volume_snapshots objects
2019-12-27 20:45:01.043 1843 RALLYDEBUG rally_openstack.cleanup.manager [-] Cleaning up cinder transfers objects
2019-12-27 20:45:01.525 1843 RALLYDEBUG rally_openstack.cleanup.manager [-] Cleaning up cinder volumes objects
2019-12-27 20:45:02.104 1843 INFO rally.task.context [-] Task a6ccca18-b553-414c-9946-917bd4d6573b | Context cleanup@openstack cleanup() finished in 2.07 sec
2019-12-27 20:45:02.105 1843 INFO rally.task.context [-] Task a6ccca18-b553-414c-9946-917bd4d6573b | Context volumes@openstack cleanup() started
2019-12-27 20:45:02.106 1843 RALLYDEBUG rally_openstack.cleanup.manager [-] Cleaning up cinder volumes objects
2019-12-27 20:45:02.681 1843 RALLYDEBUG rally_openstack.cleanup.manager [-] Deleting cinder.volumes object c_rally_36b08825_maBNjeaJ (697cfb57-666f-4425-a35d-7e321e977f21)
2019-12-27 20:45:02.688 1843 RALLYDEBUG rally_openstack.cleanup.manager [-] Deleting cinder.volumes object c_rally_36b08825_aQAIcKez (9f571000-5276-4b49-9a86-e6bd6207621e)
2019-12-27 20:45:02.694 1843 RALLYDEBUG rally_openstack.cleanup.manager [-] Deleting cinder.volumes object c_rally_36b08825_6zqzjMN1 (5b88ea9d-e87d-497b-a193-e04b3201ef58)
2019-12-27 20:45:05.069 1843 INFO rally.task.context [-] Task a6ccca18-b553-414c-9946-917bd4d6573b | Context volumes@openstack cleanup() finished in 2.96 sec
2019-12-27 20:45:05.070 1843 INFO rally.task.context [-] Task a6ccca18-b553-414c-9946-917bd4d6573b | Context quotas@openstack cleanup() started
2019-12-27 20:45:05.157 1843 INFO rally.task.context [-] Task a6ccca18-b553-414c-9946-917bd4d6573b | Context quotas@openstack cleanup() finished in 86.27 msec
2019-12-27 20:45:05.157 1843 INFO rally.task.context [-] Task a6ccca18-b553-414c-9946-917bd4d6573b | Context api_versions@openstack cleanup() started
2019-12-27 20:45:05.157 1843 INFO rally.task.context [-] Task a6ccca18-b553-414c-9946-917bd4d6573b | Context api_versions@openstack cleanup() finished in 0.23 msec
2019-12-27 20:45:05.158 1843 INFO rally.task.context [-] Task a6ccca18-b553-414c-9946-917bd4d6573b | Context users@openstack cleanup() started
2019-12-27 20:45:07.708 1843 INFO rally.task.context [-] Task a6ccca18-b553-414c-9946-917bd4d6573b | Context users@openstack cleanup() finished in 2.55 sec
2019-12-27 20:45:09.420 1843 INFO rally.task.engine [-] Load duration is: 14.012408
2019-12-27 20:45:09.421 1843 INFO rally.task.engine [-] Full runner duration is: 14.061044
2019-12-27 20:45:09.421 1843 INFO rally.task.engine [-] Full duration is: 32.515105
2019-12-27 20:45:09.509 1843 INFO rally.task.engine [-] Running workload: position = 0 config = { "version": 2, "title": "A cropped version of a bigger task.", "description": "Auto-generated task from a single workload (uuid=2f346456-f832-4a77-a08a-55a25383ff8d)", "subtasks": [ { "title": "CinderVolumes.create_and_delete_volume", "description": "Create and then delete a volume.", "scenario": { "CinderVolumes.create_and_delete_volume": { "size": { "max": 1, "min": 1 } } }, "contexts": { "users": { "tenants": 3, "users_per_tenant": 2 }, "quotas": { "cinder": { "gigabytes": -1, "snapshots": -1, "volumes": -1 } }, "api_versions": { "cinder": { "version": 3, "service_type": "volumev3" } } }, "runner": { "constant": { "concurrency": 4, "times": 10 } }, "hooks": [], "sla": { "failure_rate": { "max": 0 } } } ] }
2019-12-27 20:45:09.530 1843 RALLYDEBUG rally_openstack.contexts.keystone.users [-] Creating 3 tenants using 20 threads
2019-12-27 20:45:10.169 1843 RALLYDEBUG rally_openstack.contexts.keystone.users [-] Creating 6 users using 20 threads
2019-12-27 20:45:11.040 1843 INFO rally.task.context [-] Task a6ccca18-b553-414c-9946-917bd4d6573b | Context users@openstack setup() finished in 1.51 sec
2019-12-27 20:45:11.214 1843 INFO rally.task.context [-] Task a6ccca18-b553-414c-9946-917bd4d6573b | Context api_versions@openstack setup() finished in 0.17 sec
2019-12-27 20:45:12.026 1843 INFO rally.task.context [-] Task a6ccca18-b553-414c-9946-917bd4d6573b | Context quotas@openstack setup() finished in 0.81 sec
2019-12-27 20:45:12.027 1843 INFO rally.task.context [-] Task a6ccca18-b553-414c-9946-917bd4d6573b | Context cleanup@openstack setup() finished in 0.02 msec
2019-12-27 20:45:12.039 1843 RALLYDEBUG rally.task.runner [-] Starting the constant runner (task UUID: a6ccca18-b553-414c-9946-917bd4d6573b). times: 10 concurrency: 4 timeout: 0 max_cpu_used: 88 processes_to_start: 4 concurrency_per_worker: 1 concurrency_overhead: 0
2019-12-27 20:45:12.051 4171 RALLYDEBUG rally.task.runner [-] Starting a worker. times: 10 duration: None concurrency: 1 timeout: 0 cls: method_name: run args: {"size": {"max": 1, "min": 1}}
2019-12-27 20:45:12.053 4172 RALLYDEBUG rally.task.runner [-] Starting a worker. times: 10 duration: None concurrency: 1 timeout: 0 cls: method_name: run args: {"size": {"max": 1, "min": 1}}
2019-12-27 20:45:12.056 4173 RALLYDEBUG rally.task.runner [-] Starting a worker. times: 10 duration: None concurrency: 1 timeout: 0 cls: method_name: run args: {"size": {"max": 1, "min": 1}}
2019-12-27 20:45:12.059 4171 INFO rally.task.runner [-] Task a6ccca18-b553-414c-9946-917bd4d6573b | ITER: 1 START
2019-12-27 20:45:12.058 4174 RALLYDEBUG rally.task.runner [-] Starting a worker. times: 10 duration: None concurrency: 1 timeout: 0 cls: method_name: run args: {"size": {"max": 1, "min": 1}}
2019-12-27 20:45:12.060 4172 INFO rally.task.runner [-] Task a6ccca18-b553-414c-9946-917bd4d6573b | ITER: 2 START
2019-12-27 20:45:12.063 4173 INFO rally.task.runner [-] Task a6ccca18-b553-414c-9946-917bd4d6573b | ITER: 3 START
2019-12-27 20:45:12.066 4174 INFO rally.task.runner [-] Task a6ccca18-b553-414c-9946-917bd4d6573b | ITER: 4 START
2019-12-27 20:45:14.834 4171 RALLYDEBUG rally.task.utils [-] Waiting for resource s_rally_2f346456_vqMVevCm. Status changed: AVAILABLE => DELETING in 0.06858086585998535
2019-12-27 20:45:14.965 4173 RALLYDEBUG rally.task.utils [-] Waiting for resource s_rally_2f346456_PD13aGdi. Status changed: AVAILABLE => DELETING in 0.06705594062805176
2019-12-27 20:45:14.976 4172 RALLYDEBUG rally.task.utils [-] Waiting for resource s_rally_2f346456_rvU3VOcS. Status changed: AVAILABLE => DELETING in 0.07542538642883301
2019-12-27 20:45:15.042 4174 RALLYDEBUG rally.task.utils [-] Waiting for resource s_rally_2f346456_muihfDVZ. Status changed: AVAILABLE => DELETING in 0.0840599536895752
2019-12-27 20:45:16.892 4171 INFO rally.task.runner [-] Task a6ccca18-b553-414c-9946-917bd4d6573b | ITER: 1 END: OK
2019-12-27 20:45:16.897 4171 INFO rally.task.runner [-] Task a6ccca18-b553-414c-9946-917bd4d6573b | ITER: 5 START
2019-12-27 20:45:17.024 4173 INFO rally.task.runner [-] Task a6ccca18-b553-414c-9946-917bd4d6573b | ITER: 3 END: OK
2019-12-27 20:45:17.029 4173 INFO rally.task.runner [-] Task a6ccca18-b553-414c-9946-917bd4d6573b | ITER: 6 START
2019-12-27 20:45:17.034 4172 INFO rally.task.runner [-] Task a6ccca18-b553-414c-9946-917bd4d6573b | ITER: 2 END: OK
2019-12-27 20:45:17.040 4172 INFO rally.task.runner [-] Task a6ccca18-b553-414c-9946-917bd4d6573b | ITER: 7 START
2019-12-27 20:45:17.095 4174 INFO rally.task.runner [-] Task a6ccca18-b553-414c-9946-917bd4d6573b | ITER: 4 END: OK
2019-12-27 20:45:17.100 4174 INFO rally.task.runner [-] Task a6ccca18-b553-414c-9946-917bd4d6573b | ITER: 8 START
2019-12-27 20:45:19.738 4172 RALLYDEBUG rally.task.utils [-] Waiting for resource s_rally_2f346456_z31PYTnJ. Status changed: AVAILABLE => DELETING in 0.07012367248535156
2019-12-27 20:45:19.796 4173 RALLYDEBUG rally.task.utils [-] Waiting for resource s_rally_2f346456_8EsgfyI4. Status changed: AVAILABLE => DELETING in 0.08066534996032715
2019-12-27 20:45:20.082 4174 RALLYDEBUG rally.task.utils [-] Waiting for resource s_rally_2f346456_MRGlnFGf. Status changed: AVAILABLE => DELETING in 0.23870491981506348
2019-12-27 20:45:20.803 4171 RALLYDEBUG rally.task.utils [-] Waiting for resource s_rally_2f346456_od79JsSU. Status changed: AVAILABLE => DELETING in 0.08108377456665039
2019-12-27 20:45:21.787 4172 INFO rally.task.runner [-] Task a6ccca18-b553-414c-9946-917bd4d6573b | ITER: 7 END: OK
2019-12-27 20:45:21.792 4172 INFO rally.task.runner [-] Task a6ccca18-b553-414c-9946-917bd4d6573b | ITER: 9 START
2019-12-27 20:45:21.846 4173 INFO rally.task.runner [-] Task a6ccca18-b553-414c-9946-917bd4d6573b | ITER: 6 END: OK
2019-12-27 20:45:21.850 4173 INFO rally.task.runner [-] Task a6ccca18-b553-414c-9946-917bd4d6573b | ITER: 10 START
2019-12-27 20:45:22.130 4174 INFO rally.task.runner [-] Task a6ccca18-b553-414c-9946-917bd4d6573b | ITER: 8 END: OK
2019-12-27 20:45:22.858 4171 INFO rally.task.runner [-] Task a6ccca18-b553-414c-9946-917bd4d6573b | ITER: 5 END: OK
2019-12-27 20:45:24.535 4172 RALLYDEBUG rally.task.utils [-] Waiting for resource s_rally_2f346456_WyKbayjA. Status changed: AVAILABLE => DELETING in 0.07006025314331055
2019-12-27 20:45:24.689 4173 RALLYDEBUG rally.task.utils [-] Waiting for resource s_rally_2f346456_GLlGSSMv. Status changed: AVAILABLE => DELETING in 0.0796663761138916
2019-12-27 20:45:26.589 4172 INFO rally.task.runner [-] Task a6ccca18-b553-414c-9946-917bd4d6573b | ITER: 9 END: OK
2019-12-27 20:45:26.743 4173 INFO rally.task.runner [-] Task a6ccca18-b553-414c-9946-917bd4d6573b | ITER: 10 END: OK
2019-12-27 20:45:26.764 1843 INFO rally.task.context [-] Task a6ccca18-b553-414c-9946-917bd4d6573b | Context cleanup@openstack cleanup() started
2019-12-27 20:45:26.769 1843 RALLYDEBUG rally_openstack.cleanup.manager [-] Cleaning up cinder backups objects
2019-12-27 20:45:27.260 1843 RALLYDEBUG rally_openstack.cleanup.manager [-] Cleaning up cinder volume_snapshots objects
2019-12-27 20:45:27.773 1843 RALLYDEBUG rally_openstack.cleanup.manager [-] Cleaning up cinder transfers objects
2019-12-27 20:45:28.204 1843 RALLYDEBUG rally_openstack.cleanup.manager [-] Cleaning up cinder volumes objects
2019-12-27 20:45:28.778 1843 INFO rally.task.context [-] Task a6ccca18-b553-414c-9946-917bd4d6573b | Context cleanup@openstack cleanup() finished in 2.01 sec
2019-12-27 20:45:28.778 1843 INFO rally.task.context [-] Task a6ccca18-b553-414c-9946-917bd4d6573b | Context quotas@openstack cleanup() started
2019-12-27 20:45:28.855 1843 INFO rally.task.context [-] Task a6ccca18-b553-414c-9946-917bd4d6573b | Context quotas@openstack cleanup() finished in 76.77 msec
2019-12-27 20:45:28.856 1843 INFO rally.task.context [-] Task a6ccca18-b553-414c-9946-917bd4d6573b | Context api_versions@openstack cleanup() started
