2019-12-27 20:37:28.014 2601 INFO rally.task.runner [-] Task a6ccca18-b553-414c-9946-917bd4d6573b | ITER: 8 END: OK
2019-12-27 20:37:30.360 2600 INFO rally.task.runner [-] Task a6ccca18-b553-414c-9946-917bd4d6573b | ITER: 9 END: OK
2019-12-27 20:37:30.431 2599 INFO rally.task.runner [-] Task a6ccca18-b553-414c-9946-917bd4d6573b | ITER: 10 END: OK
2019-12-27 20:37:30.461 1843 INFO rally.task.context [-] Task a6ccca18-b553-414c-9946-917bd4d6573b | Context cleanup@openstack cleanup() started
2019-12-27 20:37:30.466 1843 RALLYDEBUG rally_openstack.cleanup.manager [-] Cleaning up cinder backups objects
2019-12-27 20:37:31.142 1843 RALLYDEBUG rally_openstack.cleanup.manager [-] Cleaning up cinder volume_snapshots objects
2019-12-27 20:37:31.605 1843 RALLYDEBUG rally_openstack.cleanup.manager [-] Cleaning up cinder transfers objects
2019-12-27 20:37:32.037 1843 RALLYDEBUG rally_openstack.cleanup.manager [-] Cleaning up cinder volumes objects
2019-12-27 20:37:32.658 1843 RALLYDEBUG rally_openstack.cleanup.manager [-] Deleting cinder.volumes object s_rally_4480cbcf_U9I9vWpD (15b5c6f3-edd4-49ae-ba19-053c840d2ed0)
2019-12-27 20:37:32.665 1843 RALLYDEBUG rally_openstack.cleanup.manager [-] Deleting cinder.volumes object s_rally_4480cbcf_SShatT80 (ac40a02c-af50-44a8-b5c7-d071003e7165)
2019-12-27 20:37:32.671 1843 RALLYDEBUG rally_openstack.cleanup.manager [-] Deleting cinder.volumes object s_rally_4480cbcf_EDejinxN (a97a5e70-7357-4010-85c1-88ec4978342a)
2019-12-27 20:37:32.680 1843 RALLYDEBUG rally_openstack.cleanup.manager [-] Deleting cinder.volumes object s_rally_4480cbcf_yph9sMGS (8327ac8e-a90c-4cf3-9708-1084fb851d0a)
2019-12-27 20:37:32.689 1843 RALLYDEBUG rally_openstack.cleanup.manager [-] Deleting cinder.volumes object s_rally_4480cbcf_TVUQgpfH (5f06ff78-afeb-4882-9e97-cf06e960002c)
2019-12-27 20:37:32.694 1843 RALLYDEBUG rally_openstack.cleanup.manager [-] Deleting cinder.volumes object s_rally_4480cbcf_P4dwLe2t (f8a58957-226a-46b0-a76a-d10862da645e)
2019-12-27 20:37:32.700 1843 RALLYDEBUG rally_openstack.cleanup.manager [-] Deleting cinder.volumes object s_rally_4480cbcf_Etw8PrYq (f2bf22d7-f4c6-470f-bef1-ca6e778b8615)
2019-12-27 20:37:32.708 1843 RALLYDEBUG rally_openstack.cleanup.manager [-] Deleting cinder.volumes object s_rally_4480cbcf_e0sJY9Gy (8d03d6c2-228f-4b49-a2d2-8d14bb008309)
2019-12-27 20:37:32.754 1843 RALLYDEBUG rally_openstack.cleanup.manager [-] Deleting cinder.volumes object s_rally_4480cbcf_5oRttld6 (7cfed391-ab8f-43ce-92fb-801ba1a702c8)
2019-12-27 20:37:32.759 1843 RALLYDEBUG rally_openstack.cleanup.manager [-] Deleting cinder.volumes object s_rally_4480cbcf_zUs5rFww (b2cf3630-7cc6-4e64-ae15-d1d520c4fb96)
2019-12-27 20:37:35.420 1843 INFO rally.task.context [-] Task a6ccca18-b553-414c-9946-917bd4d6573b | Context cleanup@openstack cleanup() finished in 4.96 sec
2019-12-27 20:37:35.421 1843 INFO rally.task.context [-] Task a6ccca18-b553-414c-9946-917bd4d6573b | Context quotas@openstack cleanup() started
2019-12-27 20:37:35.506 1843 INFO rally.task.context [-] Task a6ccca18-b553-414c-9946-917bd4d6573b | Context quotas@openstack cleanup() finished in 84.77 msec
2019-12-27 20:37:35.506 1843 INFO rally.task.context [-] Task a6ccca18-b553-414c-9946-917bd4d6573b | Context api_versions@openstack cleanup() started
2019-12-27 20:37:35.507 1843 INFO rally.task.context [-] Task a6ccca18-b553-414c-9946-917bd4d6573b | Context api_versions@openstack cleanup() finished in 0.40 msec
2019-12-27 20:37:35.507 1843 INFO rally.task.context [-] Task a6ccca18-b553-414c-9946-917bd4d6573b | Context users@openstack cleanup() started
2019-12-27 20:37:37.905 1843 INFO rally.task.context [-] Task a6ccca18-b553-414c-9946-917bd4d6573b | Context users@openstack cleanup() finished in 2.40 sec
2019-12-27 20:37:38.285 1843 INFO rally.task.engine [-] Load duration is: 8.095327
2019-12-27 20:37:38.286 1843 INFO rally.task.engine [-] Full runner duration is: 8.15087
2019-12-27 20:37:38.286 1843 INFO rally.task.engine [-] Full duration is: 17.767021
2019-12-27 20:37:38.377 1843 INFO rally.task.engine [-] Running workload: position = 0 config = { "version": 2, "title": "A cropped version of a bigger task.", "description": "Auto-generated task from a single workload (uuid=ce496f17-b5b3-478a-9b1e-c6260fcf7a19)", "subtasks": [ { "title": "CinderVolumes.create_and_upload_volume_to_image", "description": "Create and upload a volume to image.", "scenario": { "CinderVolumes.create_and_upload_volume_to_image": { "container_format": "bare", "disk_format": "raw", "do_delete": true, "force": false, "size": 1 } }, "contexts": { "users": { "tenants": 3, "users_per_tenant": 2 }, "quotas": { "cinder": { "gigabytes": -1, "snapshots": -1, "volumes": -1 } }, "api_versions": { "cinder": { "version": 3, "service_type": "volumev3" } } }, "runner": { "constant": { "concurrency": 4, "times": 10 } }, "hooks": [], "sla": { "failure_rate": { "max": 0 } } } ] }
2019-12-27 20:37:38.406 1843 RALLYDEBUG rally_openstack.contexts.keystone.users [-] Creating 3 tenants using 20 threads
2019-12-27 20:37:38.942 1843 RALLYDEBUG rally_openstack.contexts.keystone.users [-] Creating 6 users using 20 threads
2019-12-27 20:37:39.784 1843 INFO rally.task.context [-] Task a6ccca18-b553-414c-9946-917bd4d6573b | Context users@openstack setup() finished in 1.38 sec
2019-12-27 20:37:39.943 1843 INFO rally.task.context [-] Task a6ccca18-b553-414c-9946-917bd4d6573b | Context api_versions@openstack setup() finished in 0.16 sec
2019-12-27 20:37:40.474 1843 INFO rally.task.context [-] Task a6ccca18-b553-414c-9946-917bd4d6573b | Context quotas@openstack setup() finished in 0.53 sec
2019-12-27 20:37:40.474 1843 INFO rally.task.context [-] Task a6ccca18-b553-414c-9946-917bd4d6573b | Context cleanup@openstack setup() finished in 0.02 msec
2019-12-27 20:37:40.487 1843 RALLYDEBUG rally.task.runner [-] Starting the constant runner (task UUID: a6ccca18-b553-414c-9946-917bd4d6573b). times: 10 concurrency: 4 timeout: 0 max_cpu_used: 88 processes_to_start: 4 concurrency_per_worker: 1 concurrency_overhead: 0
2019-12-27 20:37:40.498 2783 RALLYDEBUG rally.task.runner [-] Starting a worker. times: 10 duration: None concurrency: 1 timeout: 0 cls: method_name: run args: {"container_format": "bare", "disk_format": "raw", "do_delete": true, "force": false, "size": 1}
2019-12-27 20:37:40.501 2784 RALLYDEBUG rally.task.runner [-] Starting a worker. times: 10 duration: None concurrency: 1 timeout: 0 cls: method_name: run args: {"container_format": "bare", "disk_format": "raw", "do_delete": true, "force": false, "size": 1}
2019-12-27 20:37:40.504 2785 RALLYDEBUG rally.task.runner [-] Starting a worker. times: 10 duration: None concurrency: 1 timeout: 0 cls: method_name: run args: {"container_format": "bare", "disk_format": "raw", "do_delete": true, "force": false, "size": 1}
2019-12-27 20:37:40.506 2783 INFO rally.task.runner [-] Task a6ccca18-b553-414c-9946-917bd4d6573b | ITER: 1 START
2019-12-27 20:37:40.507 2786 RALLYDEBUG rally.task.runner [-] Starting a worker. times: 10 duration: None concurrency: 1 timeout: 0 cls: method_name: run args: {"container_format": "bare", "disk_format": "raw", "do_delete": true, "force": false, "size": 1}
2019-12-27 20:37:40.509 2784 INFO rally.task.runner [-] Task a6ccca18-b553-414c-9946-917bd4d6573b | ITER: 2 START
2019-12-27 20:37:40.510 2785 INFO rally.task.runner [-] Task a6ccca18-b553-414c-9946-917bd4d6573b | ITER: 3 START
2019-12-27 20:37:40.514 2786 INFO rally.task.runner [-] Task a6ccca18-b553-414c-9946-917bd4d6573b | ITER: 4 START
2019-12-27 20:37:43.438 2785 RALLYDEBUG rally.task.utils [-] Waiting for resource s_rally_ce496f17_QkiUtHU3. Status changed: AVAILABLE => UPLOADING in 0.07884502410888672
2019-12-27 20:37:43.500 2783 RALLYDEBUG rally.task.utils [-] Waiting for resource s_rally_ce496f17_iOYc4zUF. Status changed: AVAILABLE => UPLOADING in 0.0777730941772461
2019-12-27 20:37:43.598 2784 RALLYDEBUG rally.task.utils [-] Waiting for resource s_rally_ce496f17_yPPyUqxO. Status changed: AVAILABLE => UPLOADING in 0.06851530075073242
2019-12-27 20:37:44.509 2786 RALLYDEBUG rally.task.utils [-] Waiting for resource s_rally_ce496f17_xLGcwLpB. Status changed: AVAILABLE => UPLOADING in 0.07277274131774902
2019-12-27 20:38:33.425 2783 RALLYDEBUG rally.task.utils [-] Waiting for resource s_rally_ce496f17_iOYc4zUF. Status changed: UPLOADING => AVAILABLE in 49.92395806312561
2019-12-27 20:38:33.641 2785 RALLYDEBUG rally.task.utils [-] Waiting for resource s_rally_ce496f17_QkiUtHU3. Status changed: UPLOADING => AVAILABLE in 50.202946186065674
2019-12-27 20:38:33.650 2783 RALLYDEBUG rally.task.utils [-] Waiting for resource s_rally_ce496f17_iOYc4zUF. Status changed: AVAILABLE => DELETING in 0.06647062301635742
2019-12-27 20:38:33.858 2785 RALLYDEBUG rally.task.utils [-] Waiting for resource s_rally_ce496f17_QkiUtHU3. Status changed: AVAILABLE => DELETING in 0.06672215461730957
2019-12-27 20:38:33.915 2784 RALLYDEBUG rally.task.utils [-] Waiting for resource s_rally_ce496f17_yPPyUqxO. Status changed: UPLOADING => AVAILABLE in 50.316853284835815
2019-12-27 20:38:34.127 2784 RALLYDEBUG rally.task.utils [-] Waiting for resource s_rally_ce496f17_yPPyUqxO. Status changed: AVAILABLE => DELETING in 0.05818009376525879
2019-12-27 20:38:34.515 2786 RALLYDEBUG rally.task.utils [-] Waiting for resource s_rally_ce496f17_xLGcwLpB. Status changed: UPLOADING => AVAILABLE in 50.006141662597656
2019-12-27 20:38:34.761 2786 RALLYDEBUG rally.task.utils [-] Waiting for resource s_rally_ce496f17_xLGcwLpB. Status changed: AVAILABLE => DELETING in 0.07837677001953125
2019-12-27 20:38:36.975 2784 INFO rally.task.runner [-] Task a6ccca18-b553-414c-9946-917bd4d6573b | ITER: 2 END: OK
2019-12-27 20:38:36.984 2784 INFO rally.task.runner [-] Task a6ccca18-b553-414c-9946-917bd4d6573b | ITER: 5 START
2019-12-27 20:38:36.987 2785 INFO rally.task.runner [-] Task a6ccca18-b553-414c-9946-917bd4d6573b | ITER: 3 END: OK
2019-12-27 20:38:36.995 2783 INFO rally.task.runner [-] Task a6ccca18-b553-414c-9946-917bd4d6573b | ITER: 1 END: OK
2019-12-27 20:38:36.995 2785 INFO rally.task.runner [-] Task a6ccca18-b553-414c-9946-917bd4d6573b | ITER: 6 START
2019-12-27 20:38:37.000 2783 INFO rally.task.runner [-] Task a6ccca18-b553-414c-9946-917bd4d6573b | ITER: 7 START
2019-12-27 20:38:37.907 2786 INFO rally.task.runner [-] Task a6ccca18-b553-414c-9946-917bd4d6573b | ITER: 4 END: OK
2019-12-27 20:38:37.914 2786 INFO rally.task.runner [-] Task a6ccca18-b553-414c-9946-917bd4d6573b | ITER: 8 START
2019-12-27 20:38:39.868 2783 RALLYDEBUG rally.task.utils [-] Waiting for resource s_rally_ce496f17_LTAxTMzs. Status changed: AVAILABLE => UPLOADING in 0.07975268363952637
2019-12-27 20:38:39.884 2784 RALLYDEBUG rally.task.utils [-] Waiting for resource s_rally_ce496f17_tJrqVfBz. Status changed: AVAILABLE => UPLOADING in 0.06940245628356934
2019-12-27 20:38:40.000 2785 RALLYDEBUG rally.task.utils [-] Waiting for resource s_rally_ce496f17_17RUOkVm. Status changed: AVAILABLE => UPLOADING in 0.06928253173828125
2019-12-27 20:38:40.822 2786 RALLYDEBUG rally.task.utils [-] Waiting for resource s_rally_ce496f17_mt5UXE1D. Status changed: AVAILABLE => UPLOADING in 0.07159709930419922
2019-12-27 20:39:17.389 2784 RALLYDEBUG rally.task.utils [-] Waiting for resource s_rally_ce496f17_tJrqVfBz. Status changed: UPLOADING => AVAILABLE in 37.50435185432434
2019-12-27 20:39:17.619 2784 RALLYDEBUG rally.task.utils [-] Waiting for resource s_rally_ce496f17_tJrqVfBz. Status changed: AVAILABLE => DELETING in 0.07189011573791504
2019-12-27 20:39:23.652 2785 RALLYDEBUG rally.task.utils [-] Waiting for resource s_rally_ce496f17_17RUOkVm. Status changed: UPLOADING => AVAILABLE in 43.651365756988525
2019-12-27 20:39:23.876 2785 RALLYDEBUG rally.task.utils [-] Waiting for resource s_rally_ce496f17_17RUOkVm. Status changed: AVAILABLE => DELETING in 0.07109975814819336
2019-12-27 20:39:24.463 2784 INFO rally.task.runner [-] Task a6ccca18-b553-414c-9946-917bd4d6573b | ITER: 5 END: OK
2019-12-27 20:39:24.468 2784 INFO rally.task.runner [-] Task a6ccca18-b553-414c-9946-917bd4d6573b | ITER: 9 START
2019-12-27 20:39:24.504 2786 RALLYDEBUG rally.task.utils [-] Waiting for resource s_rally_ce496f17_mt5UXE1D. Status changed: UPLOADING => AVAILABLE in 43.68202233314514
2019-12-27 20:39:24.729 2786 RALLYDEBUG rally.task.utils [-] Waiting for resource s_rally_ce496f17_mt5UXE1D. Status changed: AVAILABLE => DELETING in 0.06922411918640137
2019-12-27 20:39:25.813 2783 RALLYDEBUG rally.task.utils [-] Waiting for resource s_rally_ce496f17_LTAxTMzs. Status changed: UPLOADING => AVAILABLE in 45.9439742565155
2019-12-27 20:39:26.032 2783 RALLYDEBUG rally.task.utils [-] Waiting for resource s_rally_ce496f17_LTAxTMzs. Status changed: AVAILABLE => DELETING in 0.07948803901672363
2019-12-27 20:39:26.486 2785 INFO rally.task.runner [-] Task a6ccca18-b553-414c-9946-917bd4d6573b | ITER: 6 END: OK
2019-12-27 20:39:26.491 2785 INFO rally.task.runner [-] Task a6ccca18-b553-414c-9946-917bd4d6573b | ITER: 10 START
2019-12-27 20:39:27.386 2784 RALLYDEBUG rally.task.utils [-] Waiting for resource s_rally_ce496f17_KmL3I7RC. Status changed: AVAILABLE => UPLOADING in 0.07535314559936523
2019-12-27 20:39:27.488 2786 INFO rally.task.runner [-] Task a6ccca18-b553-414c-9946-917bd4d6573b | ITER: 8 END: OK
2019-12-27 20:39:28.575 2783 INFO rally.task.runner [-] Task a6ccca18-b553-414c-9946-917bd4d6573b | ITER: 7 END: OK
2019-12-27 20:39:29.657 2785 RALLYDEBUG rally.task.utils [-] Waiting for resource s_rally_ce496f17_kstzmjPD. Status changed: AVAILABLE => UPLOADING in 0.07257080078125
2019-12-27 20:39:48.185 2784 RALLYDEBUG rally.task.utils [-] Waiting for resource s_rally_ce496f17_KmL3I7RC. Status changed: UPLOADING => AVAILABLE in 20.799172401428223
2019-12-27 20:39:48.412 2784 RALLYDEBUG rally.task.utils [-] Waiting for resource s_rally_ce496f17_KmL3I7RC. Status changed: AVAILABLE => DELETING in 0.08073544502258301
2019-12-27 20:39:50.450 2785 RALLYDEBUG rally.task.utils [-] Waiting for resource s_rally_ce496f17_kstzmjPD. Status changed: UPLOADING => AVAILABLE in 20.79292893409729
2019-12-27 20:39:50.671 2785 RALLYDEBUG rally.task.utils [-] Waiting for resource s_rally_ce496f17_kstzmjPD. Status changed: AVAILABLE => DELETING in 0.07291269302368164
2019-12-27 20:39:51.060 2784 INFO rally.task.runner [-] Task a6ccca18-b553-414c-9946-917bd4d6573b | ITER: 9 END: OK
2019-12-27 20:39:53.605 2785 INFO rally.task.runner [-] Task a6ccca18-b553-414c-9946-917bd4d6573b | ITER: 10 END: OK
2019-12-27 20:39:53.628 1843 INFO rally.task.context [-] Task a6ccca18-b553-414c-9946-917bd4d6573b | Context cleanup@openstack cleanup() started
2019-12-27 20:39:53.635 1843 RALLYDEBUG rally_openstack.cleanup.manager [-] Cleaning up cinder backups objects
2019-12-27 20:39:54.292 1843 RALLYDEBUG rally_openstack.cleanup.manager [-] Cleaning up cinder volume_snapshots objects
2019-12-27 20:39:54.744 1843 RALLYDEBUG rally_openstack.cleanup.manager [-] Cleaning up cinder transfers objects
2019-12-27 20:39:55.141 1843 RALLYDEBUG rally_openstack.cleanup.manager [-] Cleaning up cinder volumes objects
2019-12-27 20:39:55.645 1843 RALLYDEBUG rally_openstack.cleanup.manager [-] Cleaning up glance images objects
2019-12-27 20:39:56.379 1843 INFO rally.task.context [-] Task a6ccca18-b553-414c-9946-917bd4d6573b | Context cleanup@openstack cleanup() finished in 2.75 sec
2019-12-27 20:39:56.380 1843 INFO rally.task.context [-] Task a6ccca18-b553-414c-9946-917bd4d6573b | Context quotas@openstack cleanup() started
2019-12-27 20:39:56.464 1843 INFO rally.task.context [-] Task a6ccca18-b553-414c-9946-917bd4d6573b | Context quotas@openstack cleanup() finished in 83.94 msec
2019-12-27 20:39:56.465 1843 INFO rally.task.context [-] Task a6ccca18-b553-414c-9946-917bd4d6573b | Context api_versions@openstack cleanup() started
2019-12-27 20:39:56.465 1843 INFO rally.task.context [-] Task a6ccca18-b553-414c-9946-917bd4d6573b | Context api_versions@openstack cleanup() finished in 0.35 msec
2019-12-27 20:39:56.465 1843 INFO rally.task.context [-] Task a6ccca18-b553-414c-9946-917bd4d6573b | Context users@openstack cleanup() started
2019-12-27 20:39:58.996 1843 INFO rally.task.context [-] Task a6ccca18-b553-414c-9946-917bd4d6573b | Context users@openstack cleanup() finished in 2.53 sec
2019-12-27 20:39:59.087 1843 INFO rally.task.engine [-] Load duration is: 132.974446
2019-12-27 20:39:59.087 1843 INFO rally.task.engine [-] Full runner duration is: 133.141151
2019-12-27 20:39:59.088 1843 INFO rally.task.engine [-] Full duration is: 140.593943
2019-12-27 20:39:59.179 1843 INFO rally.task.engine [-] Running workload: position = 0 config = { "version": 2, "title": "A cropped version of a bigger task.", "description": "Auto-generated task from a single workload (uuid=3d9aeb31-c2f7-4959-ae22-8054d27afa72)", "subtasks": [ { "title": "CinderVolumes.create_nested_snapshots_and_attach_volume", "description": "Create a volume from snapshot and attach/detach the volume", "scenario": { "CinderVolumes.create_nested_snapshots_and_attach_volume": { "flavor": { "name": "rally_full-flavor_36367365-141e-491e-9278-0872bf21122a" }, "image": { "name": "rally_full-img_36367365-141e-491e-9278-0872bf21122a" }, "nested_level": 1, "size": { "max": 1, "min": 1 }, "create_vm_params": { "nics": [ { "net-id": "1e55b386-f4ab-4c3b-a854-395b1368fcf2" } ] } } }, "contexts": { "users": { "tenants": 3, "users_per_tenant": 2 }, "quotas": { "cinder": { "gigabytes": -1, "snapshots": -1, "volumes": -1 } }, "api_versions": { "cinder": { "version": 3, "service_type": "volumev3" } } }, "runner": { "constant": { "concurrency": 4, "times": 10 } }, "hooks": [], "sla": { "failure_rate": { "max": 0 } } } ] }
2019-12-27 20:39:59.199 1843 RALLYDEBUG rally_openstack.contexts.keystone.users [-] Creating 3 tenants using 20 threads
2019-12-27 20:39:59.879 1843 RALLYDEBUG rally_openstack.contexts.keystone.users [-] Creating 6 users using 20 threads
2019-12-27 20:40:00.878 1843 INFO rally.task.context [-] Task a6ccca18-b553-414c-9946-917bd4d6573b | Context users@openstack setup() finished in 1.68 sec
2019-12-27 20:40:01.040 1843 INFO rally.task.context [-] Task a6ccca18-b553-414c-9946-917bd4d6573b | Context api_versions@openstack setup() finished in 0.16 sec
2019-12-27 20:40:01.622 1843 INFO rally.task.context [-] Task a6ccca18-b553-414c-9946-917bd4d6573b | Context quotas@openstack setup() finished in 0.58 sec
2019-12-27 20:40:01.622 1843 INFO rally.task.context [-] Task a6ccca18-b553-414c-9946-917bd4d6573b | Context cleanup@openstack setup() finished in 0.02 msec
2019-12-27 20:40:02.206 1843 RALLYDEBUG rally.task.runner [-] Starting the constant runner (task UUID: a6ccca18-b553-414c-9946-917bd4d6573b). times: 10 concurrency: 4 timeout: 0 max_cpu_used: 88 processes_to_start: 4 concurrency_per_worker: 1 concurrency_overhead: 0
2019-12-27 20:40:02.219 2987 RALLYDEBUG rally.task.runner [-] Starting a worker. times: 10 duration: None concurrency: 1 timeout: 0 cls: method_name: run args: {"flavor": "c28c0299-fc4f-4504-8190-b508d68552b4", "image": "8e9857b8-e9c2-49d8-a3fa-6bf33c036d9e", "nested_level": 1, "size": {"max": 1, "min": 1}, "create_vm_params": {"nics": [{"net-id": "1e55b386-f4ab-4c3b-a854-395b1368fcf2"}]}}
2019-12-27 20:40:02.222 2988 RALLYDEBUG rally.task.runner [-] Starting a worker. times: 10 duration: None concurrency: 1 timeout: 0 cls: method_name: run args: {"flavor": "c28c0299-fc4f-4504-8190-b508d68552b4", "image": "8e9857b8-e9c2-49d8-a3fa-6bf33c036d9e", "nested_level": 1, "size": {"max": 1, "min": 1}, "create_vm_params": {"nics": [{"net-id": "1e55b386-f4ab-4c3b-a854-395b1368fcf2"}]}}
2019-12-27 20:40:02.225 2989 RALLYDEBUG rally.task.runner [-] Starting a worker. times: 10 duration: None concurrency: 1 timeout: 0 cls: method_name: run args: {"flavor": "c28c0299-fc4f-4504-8190-b508d68552b4", "image": "8e9857b8-e9c2-49d8-a3fa-6bf33c036d9e", "nested_level": 1, "size": {"max": 1, "min": 1}, "create_vm_params": {"nics": [{"net-id": "1e55b386-f4ab-4c3b-a854-395b1368fcf2"}]}}
2019-12-27 20:40:02.227 2987 INFO rally.task.runner [-] Task a6ccca18-b553-414c-9946-917bd4d6573b | ITER: 1 START
2019-12-27 20:40:02.228 2988 INFO rally.task.runner [-] Task a6ccca18-b553-414c-9946-917bd4d6573b | ITER: 2 START
2019-12-27 20:40:02.228 2990 RALLYDEBUG rally.task.runner [-] Starting a worker. times: 10 duration: None concurrency: 1 timeout: 0 cls: method_name: run args: {"flavor": "c28c0299-fc4f-4504-8190-b508d68552b4", "image": "8e9857b8-e9c2-49d8-a3fa-6bf33c036d9e", "nested_level": 1, "size": {"max": 1, "min": 1}, "create_vm_params": {"nics": [{"net-id": "1e55b386-f4ab-4c3b-a854-395b1368fcf2"}]}}
2019-12-27 20:40:02.233 2989 INFO rally.task.runner [-] Task a6ccca18-b553-414c-9946-917bd4d6573b | ITER: 3 START
2019-12-27 20:40:02.235 2990 INFO rally.task.runner [-] Task a6ccca18-b553-414c-9946-917bd4d6573b | ITER: 4 START
2019-12-27 20:40:14.789 2988 RALLYDEBUG rally.task.utils [-] Waiting for resource s_rally_3d9aeb31_YgKUtgMx. Status changed: BUILD => ACTIVE in 9.13281774520874
2019-12-27 20:40:18.973 2987 RALLYDEBUG rally.task.utils [-] Waiting for resource s_rally_3d9aeb31_4sVizFEY. Status changed: BUILD => ACTIVE in 13.62101697921753
2019-12-27 20:40:19.048 2990 RALLYDEBUG rally.task.utils [-] Waiting for resource s_rally_3d9aeb31_KOHeEGAO. Status changed: BUILD => ACTIVE in 13.564182996749878
2019-12-27 20:40:19.120 2989 RALLYDEBUG rally.task.utils [-] Waiting for resource s_rally_3d9aeb31_7kJ3mejs. Status changed: BUILD => ACTIVE in 13.73699164390564
2019-12-27 20:40:21.192 2988 RALLYDEBUG rally.task.utils [-] Waiting for resource s_rally_3d9aeb31_bBFa4LO8. Status changed: AVAILABLE => RESERVED in 0.22199463844299316
2019-12-27 20:40:23.398 2988 RALLYDEBUG rally.task.utils [-] Waiting for resource s_rally_3d9aeb31_bBFa4LO8. Status changed: RESERVED => IN-USE in 2.20603609085083
2019-12-27 20:40:24.560 2990 RALLYDEBUG rally.task.utils [-] Waiting for resource s_rally_3d9aeb31_E4pzqp50. Status changed: AVAILABLE => RESERVED in 0.2119755744934082
2019-12-27 20:40:25.091 2988 RALLYDEBUG rally.task.utils [-] Waiting for resource s_rally_3d9aeb31_bBFa4LO8. Status changed: AVAILABLE => DETACHING in 0.39135313034057617
2019-12-27 20:40:25.352 2987 RALLYDEBUG rally.task.utils [-] Waiting for resource s_rally_3d9aeb31_hToXFt8A. Status changed: AVAILABLE => RESERVED in 0.1901102066040039
2019-12-27 20:40:25.593 2989 RALLYDEBUG rally.task.utils [-] Waiting for resource s_rally_3d9aeb31_O6HsQdIM. Status changed: AVAILABLE => RESERVED in 0.18408799171447754
2019-12-27 20:40:26.789 2990 RALLYDEBUG rally.task.utils [-] Waiting for resource s_rally_3d9aeb31_E4pzqp50. Status changed: RESERVED => IN-USE in 2.2287614345550537
2019-12-27 20:40:27.314 2988 RALLYDEBUG rally.task.utils [-] Waiting for resource s_rally_3d9aeb31_bBFa4LO8. Status changed: DETACHING => AVAILABLE in 2.2238171100616455
2019-12-27 20:40:27.436 2988 RALLYDEBUG rally.task.utils [-] Waiting for resource s_rally_3d9aeb31_NqmeSnVr. Status changed: AVAILABLE => DELETING in 0.03873300552368164
2019-12-27 20:40:27.544 2987 RALLYDEBUG rally.task.utils [-] Waiting for resource s_rally_3d9aeb31_hToXFt8A. Status changed: RESERVED => IN-USE in 2.1923675537109375
2019-12-27 20:40:27.796 2989 RALLYDEBUG rally.task.utils [-] Waiting for resource s_rally_3d9aeb31_O6HsQdIM. Status changed: RESERVED => IN-USE in 2.2033615112304688
2019-12-27 20:40:28.249 2990 RALLYDEBUG rally.task.utils [-] Waiting for resource s_rally_3d9aeb31_E4pzqp50. Status changed: AVAILABLE => DETACHING in 0.18734455108642578
2019-12-27 20:40:29.012 2987 RALLYDEBUG rally.task.utils [-] Waiting for resource s_rally_3d9aeb31_hToXFt8A. Status changed: AVAILABLE => DETACHING in 0.19490790367126465
2019-12-27 20:40:29.275 2989 RALLYDEBUG rally.task.utils [-] Waiting for resource s_rally_3d9aeb31_O6HsQdIM. Status changed: AVAILABLE => DETACHING in 0.2010505199432373
2019-12-27 20:40:29.621 2988 RALLYDEBUG rally.task.utils [-] Waiting for resource s_rally_3d9aeb31_bBFa4LO8. Status changed: AVAILABLE => DELETING in 0.06999540328979492
2019-12-27 20:40:30.478 2990 RALLYDEBUG rally.task.utils [-] Waiting for resource s_rally_3d9aeb31_E4pzqp50. Status changed: DETACHING => AVAILABLE in 2.2291548252105713
2019-12-27 20:40:30.599 2990 RALLYDEBUG rally.task.utils [-] Waiting for resource s_rally_3d9aeb31_pkp7Dmff. Status changed: AVAILABLE => DELETING in 0.041182518005371094
2019-12-27 20:40:31.218 2987 RALLYDEBUG rally.task.utils [-] Waiting for resource s_rally_3d9aeb31_hToXFt8A. Status changed: DETACHING => AVAILABLE in 2.2063374519348145
2019-12-27 20:40:31.370 2987 RALLYDEBUG rally.task.utils [-] Waiting for resource s_rally_3d9aeb31_awqCvz3Y. Status changed: AVAILABLE => DELETING in 0.051484107971191406
2019-12-27 20:40:31.470 2989 RALLYDEBUG rally.task.utils [-] Waiting for resource s_rally_3d9aeb31_O6HsQdIM. Status changed: DETACHING => AVAILABLE in 2.1953811645507812
2019-12-27 20:40:31.592 2989 RALLYDEBUG rally.task.utils [-] Waiting for resource s_rally_3d9aeb31_KKpObDFP. Status changed: AVAILABLE => DELETING in 0.04335832595825195
2019-12-27 20:40:32.797 2990 RALLYDEBUG rally.task.utils [-] Waiting for resource s_rally_3d9aeb31_E4pzqp50. Status changed: AVAILABLE => DELETING in 0.08178210258483887
2019-12-27 20:40:33.576 2987 RALLYDEBUG rally.task.utils [-] Waiting for resource s_rally_3d9aeb31_hToXFt8A. Status changed: AVAILABLE => DELETING in 0.07491636276245117
2019-12-27 20:40:33.803 2989 RALLYDEBUG rally.task.utils [-] Waiting for resource s_rally_3d9aeb31_O6HsQdIM. Status changed: AVAILABLE => DELETING in 0.07215189933776855
2019-12-27 20:40:35.165 2988 INFO rally.task.runner [-] Task a6ccca18-b553-414c-9946-917bd4d6573b | ITER: 2 END: OK
2019-12-27 20:40:35.171 2988 INFO rally.task.runner [-] Task a6ccca18-b553-414c-9946-917bd4d6573b | ITER: 5 START
2019-12-27 20:40:38.127 2987 INFO rally.task.runner [-] Task a6ccca18-b553-414c-9946-917bd4d6573b | ITER: 1 END: OK
2019-12-27 20:40:38.134 2987 INFO rally.task.runner [-] Task a6ccca18-b553-414c-9946-917bd4d6573b | ITER: 6 START
2019-12-27 20:40:38.309 2990 INFO rally.task.runner [-] Task a6ccca18-b553-414c-9946-917bd4d6573b | ITER: 4 END: OK
2019-12-27 20:40:38.316 2990 INFO rally.task.runner [-] Task a6ccca18-b553-414c-9946-917bd4d6573b | ITER: 7 START
2019-12-27 20:40:39.326 2989 INFO rally.task.runner [-] Task a6ccca18-b553-414c-9946-917bd4d6573b | ITER: 3 END: OK
2019-12-27 20:40:39.332 2989 INFO rally.task.runner [-] Task a6ccca18-b553-414c-9946-917bd4d6573b | ITER: 8 START
2019-12-27 20:40:47.945 2990 RALLYDEBUG rally.task.utils [-] Waiting for resource s_rally_3d9aeb31_12hrg1NJ. Status changed: BUILD => ACTIVE in 7.349220514297485
2019-12-27 20:40:49.431 2988 RALLYDEBUG rally.task.utils [-] Waiting for resource s_rally_3d9aeb31_1RXC1N3T. Status changed: BUILD => ACTIVE in 11.161266326904297
2019-12-27 20:40:50.432 2989 RALLYDEBUG rally.task.utils [-] Waiting for resource s_rally_3d9aeb31_KXzemEWB. Status changed: BUILD => ACTIVE in 7.493641138076782
2019-12-27 20:40:50.770 2987 RALLYDEBUG rally.task.utils [-] Waiting for resource s_rally_3d9aeb31_62SX3KvG. Status changed: BUILD => ACTIVE in 8.991724014282227
2019-12-27 20:40:53.399 2990 RALLYDEBUG rally.task.utils [-] Waiting for resource s_rally_3d9aeb31_sQyHbhb0. Status changed: AVAILABLE => RESERVED in 0.23649954795837402
2019-12-27 20:40:54.724 2988 RALLYDEBUG rally.task.utils [-] Waiting for resource s_rally_3d9aeb31_rzrW0kQL. Status changed: AVAILABLE => RESERVED in 0.18634414672851562
2019-12-27 20:40:55.614 2990 RALLYDEBUG rally.task.utils [-] Waiting for resource s_rally_3d9aeb31_sQyHbhb0. Status changed: RESERVED => IN-USE in 2.215369462966919
2019-12-27 20:40:55.764 2989 RALLYDEBUG rally.task.utils [-] Waiting for resource s_rally_3d9aeb31_gEjiEDSu. Status changed: AVAILABLE => RESERVED in 0.19097352027893066
2019-12-27 20:40:56.035 2990 RALLYDEBUG rally.task.utils [-] Waiting for resource s_rally_3d9aeb31_sQyHbhb0. Status changed: AVAILABLE => DETACHING in 0.1983814239501953
2019-12-27 20:40:56.939 2988 RALLYDEBUG rally.task.utils [-] Waiting for resource s_rally_3d9aeb31_rzrW0kQL. Status changed: RESERVED => IN-USE in 2.215407133102417
2019-12-27 20:40:57.140 2987 RALLYDEBUG rally.task.utils [-] Waiting for resource s_rally_3d9aeb31_ealqNYVE. Status changed: AVAILABLE => RESERVED in 0.1943645477294922
2019-12-27 20:40:57.542 2988 RALLYDEBUG rally.task.utils [-] Waiting for resource s_rally_3d9aeb31_rzrW0kQL. Status changed: AVAILABLE => DETACHING in 0.18853092193603516
2019-12-27 20:40:57.952 2989 RALLYDEBUG rally.task.utils [-] Waiting for resource s_rally_3d9aeb31_gEjiEDSu. Status changed: RESERVED => IN-USE in 2.188241481781006
2019-12-27 20:40:58.235 2990 RALLYDEBUG rally.task.utils [-] Waiting for resource s_rally_3d9aeb31_sQyHbhb0. Status changed: DETACHING => AVAILABLE in 2.200284719467163
2019-12-27 20:40:58.360 2990 RALLYDEBUG rally.task.utils [-] Waiting for resource s_rally_3d9aeb31_sBLwT49V. Status changed: AVAILABLE => DELETING in 0.04159045219421387
2019-12-27 20:40:58.531 2989 RALLYDEBUG rally.task.utils [-] Waiting for resource s_rally_3d9aeb31_gEjiEDSu. Status changed: AVAILABLE => DETACHING in 0.35593628883361816
2019-12-27 20:40:59.321 2987 RALLYDEBUG rally.task.utils [-] Waiting for resource s_rally_3d9aeb31_ealqNYVE. Status changed: RESERVED => IN-USE in 2.181300163269043
2019-12-27 20:40:59.727 2987 RALLYDEBUG rally.task.utils [-] Waiting for resource s_rally_3d9aeb31_ealqNYVE. Status changed: AVAILABLE => DETACHING in 0.17827415466308594
2019-12-27 20:40:59.732 2988 RALLYDEBUG rally.task.utils [-] Waiting for resource s_rally_3d9aeb31_rzrW0kQL. Status changed: DETACHING => AVAILABLE in 2.189265012741089
2019-12-27 20:40:59.852 2988 RALLYDEBUG rally.task.utils [-] Waiting for resource s_rally_3d9aeb31_9O5iCdG1. Status changed: AVAILABLE => DELETING in 0.040369510650634766
2019-12-27 20:41:00.547 2990 RALLYDEBUG rally.task.utils [-] Waiting for resource s_rally_3d9aeb31_sQyHbhb0. Status changed: AVAILABLE => DELETING in 0.07319211959838867
2019-12-27 20:41:00.714 2989 RALLYDEBUG rally.task.utils [-] Waiting for resource s_rally_3d9aeb31_gEjiEDSu. Status changed: DETACHING => AVAILABLE in 2.1827738285064697
2019-12-27 20:41:00.827 2989 RALLYDEBUG rally.task.utils [-] Waiting for resource s_rally_3d9aeb31_9WDv7fVL. Status changed: AVAILABLE => DELETING in 0.03342413902282715
2019-12-27 20:41:01.925 2987 RALLYDEBUG rally.task.utils [-] Waiting for resource s_rally_3d9aeb31_ealqNYVE. Status changed: DETACHING => AVAILABLE in 2.1980292797088623
2019-12-27 20:41:02.031 2988 RALLYDEBUG rally.task.utils [-] Waiting for resource s_rally_3d9aeb31_rzrW0kQL. Status changed: AVAILABLE => DELETING in 0.07091379165649414
2019-12-27 20:41:02.262 2987 RALLYDEBUG rally.task.utils [-] Waiting for resource s_rally_3d9aeb31_PhvXoHQm. Status changed: AVAILABLE => DELETING in 0.03586125373840332
2019-12-27 20:41:03.040 2989 RALLYDEBUG rally.task.utils [-] Waiting for resource s_rally_3d9aeb31_gEjiEDSu. Status changed: AVAILABLE => DELETING in 0.09505653381347656
2019-12-27 20:41:04.461 2987 RALLYDEBUG rally.task.utils [-] Waiting for resource s_rally_3d9aeb31_ealqNYVE. Status changed: AVAILABLE => DELETING in 0.08775925636291504
2019-12-27 20:41:05.050 2990 INFO rally.task.runner [-] Task a6ccca18-b553-414c-9946-917bd4d6573b | ITER: 7 END: OK
2019-12-27 20:41:05.055 2990 INFO rally.task.runner [-] Task a6ccca18-b553-414c-9946-917bd4d6573b | ITER: 9 START
2019-12-27 20:41:06.523 2988 INFO rally.task.runner [-] Task a6ccca18-b553-414c-9946-917bd4d6573b | ITER: 5 END: OK
2019-12-27 20:41:06.527 2988 INFO rally.task.runner [-] Task a6ccca18-b553-414c-9946-917bd4d6573b | ITER: 10 START
2019-12-27 20:41:07.648 2989 INFO rally.task.runner [-] Task a6ccca18-b553-414c-9946-917bd4d6573b | ITER: 8 END: OK
2019-12-27 20:41:09.958 2987 INFO rally.task.runner [-] Task a6ccca18-b553-414c-9946-917bd4d6573b | ITER: 6 END: OK
2019-12-27 20:41:14.932 2990 RALLYDEBUG rally.task.utils [-] Waiting for resource s_rally_3d9aeb31_2jdgBCho. Status changed: BUILD => ACTIVE in 6.905244827270508
2019-12-27 20:41:16.258 2988 RALLYDEBUG rally.task.utils [-] Waiting for resource s_rally_3d9aeb31_E2TcJJZq. Status changed: BUILD => ACTIVE in 6.7704150676727295
2019-12-27 20:41:20.321 2990 RALLYDEBUG rally.task.utils [-] Waiting for resource s_rally_3d9aeb31_uezHPaPA. Status changed: AVAILABLE => RESERVED in 0.21955013275146484
2019-12-27 20:41:21.728 2988 RALLYDEBUG rally.task.utils [-] Waiting for resource s_rally_3d9aeb31_2EyOHE0c. Status changed: AVAILABLE => RESERVED in 0.19131970405578613
2019-12-27 20:41:22.557 2990 RALLYDEBUG rally.task.utils [-] Waiting for resource s_rally_3d9aeb31_uezHPaPA. Status changed: RESERVED => IN-USE in 2.2362990379333496
2019-12-27 20:41:22.977 2990 RALLYDEBUG rally.task.utils [-] Waiting for resource s_rally_3d9aeb31_uezHPaPA. Status changed: AVAILABLE => DETACHING in 0.19252777099609375
2019-12-27 20:41:23.916 2988 RALLYDEBUG rally.task.utils [-] Waiting for resource s_rally_3d9aeb31_2EyOHE0c. Status changed: RESERVED => IN-USE in 2.188378095626831
2019-12-27 20:41:24.346 2988 RALLYDEBUG rally.task.utils [-] Waiting for resource s_rally_3d9aeb31_2EyOHE0c. Status changed: AVAILABLE => DETACHING in 0.18503689765930176
2019-12-27 20:41:25.166 2990 RALLYDEBUG rally.task.utils [-] Waiting for resource s_rally_3d9aeb31_uezHPaPA. Status changed: DETACHING => AVAILABLE in 2.188045024871826
2019-12-27 20:41:25.298 2990 RALLYDEBUG rally.task.utils [-] Waiting for resource s_rally_3d9aeb31_76c3vDVF. Status changed: AVAILABLE => DELETING in 0.03827261924743652
2019-12-27 20:41:26.538 2988 RALLYDEBUG rally.task.utils [-] Waiting for resource s_rally_3d9aeb31_2EyOHE0c. Status changed: DETACHING => AVAILABLE in 2.1916613578796387
2019-12-27 20:41:26.675 2988 RALLYDEBUG rally.task.utils [-] Waiting for resource s_rally_3d9aeb31_eYIcSYFl. Status changed: AVAILABLE => DELETING in 0.042897701263427734
2019-12-27 20:41:27.484 2990 RALLYDEBUG rally.task.utils [-] Waiting for resource s_rally_3d9aeb31_uezHPaPA. Status changed: AVAILABLE => DELETING in 0.0682060718536377
2019-12-27 20:41:28.877 2988 RALLYDEBUG rally.task.utils [-] Waiting for resource s_rally_3d9aeb31_2EyOHE0c. Status changed: AVAILABLE => DELETING in 0.0875403881072998
2019-12-27 20:41:31.952 2990 INFO rally.task.runner [-] Task a6ccca18-b553-414c-9946-917bd4d6573b | ITER: 9 END: OK
2019-12-27 20:41:33.395 2988 INFO rally.task.runner [-] Task a6ccca18-b553-414c-9946-917bd4d6573b | ITER: 10 END: OK
2019-12-27 20:41:33.424 1843 INFO rally.task.context [-] Task a6ccca18-b553-414c-9946-917bd4d6573b | Context cleanup@openstack cleanup() started
2019-12-27 20:41:33.432 1843 RALLYDEBUG rally_openstack.cleanup.manager [-] Cleaning up nova servers objects
2019-12-27 20:41:34.167 1843 RALLYDEBUG rally_openstack.cleanup.manager [-] Cleaning up nova server_groups objects
2019-12-27 20:41:34.698 1843 RALLYDEBUG rally_openstack.cleanup.manager [-] Cleaning up nova keypairs objects
2019-12-27 20:41:35.710 1843 RALLYDEBUG rally_openstack.cleanup.manager [-] Cleaning up cinder backups objects
2019-12-27 20:41:36.180 1843 RALLYDEBUG rally_openstack.cleanup.manager [-] Cleaning up cinder volume_snapshots objects
2019-12-27 20:41:36.625 1843 RALLYDEBUG rally_openstack.cleanup.manager [-] Cleaning up cinder transfers objects
2019-12-27 20:41:37.060 1843 RALLYDEBUG rally_openstack.cleanup.manager [-] Cleaning up cinder volumes objects
2019-12-27 20:41:37.565 1843 INFO rally.task.context [-] Task a6ccca18-b553-414c-9946-917bd4d6573b | Context cleanup@openstack cleanup() finished in 4.14 sec
2019-12-27 20:41:37.566 1843 INFO rally.task.context [-] Task a6ccca18-b553-414c-9946-917bd4d6573b | Context quotas@openstack cleanup() started
2019-12-27 20:41:37.657 1843 INFO rally.task.context [-] Task a6ccca18-b553-414c-9946-917bd4d6573b | Context quotas@openstack cleanup() finished in 91.16 msec
2019-12-27 20:41:37.658 1843 INFO rally.task.context [-] Task a6ccca18-b553-414c-9946-917bd4d6573b | Context api_versions@openstack cleanup() started
2019-12-27 20:41:37.658 1843 INFO rally.task.context [-] Task a6ccca18-b553-414c-9946-917bd4d6573b | Context api_versions@openstack cleanup() finished in 0.39 msec
2019-12-27 20:41:37.659 1843 INFO rally.task.context [-] Task a6ccca18-b553-414c-9946-917bd4d6573b | Context users@openstack cleanup() started
2019-12-27 20:41:40.017 1843 INFO rally.task.context [-] Task a6ccca18-b553-414c-9946-917bd4d6573b | Context users@openstack cleanup() finished in 2.36 sec
2019-12-27 20:41:41.689 1843 INFO rally.task.engine [-] Load duration is: 90.163238
2019-12-27 20:41:41.690 1843 INFO rally.task.engine [-] Full runner duration is: 91.218111
2019-12-27 20:41:41.690 1843 INFO rally.task.engine [-] Full duration is: 100.820241
2019-12-27 20:41:41.787 1843 INFO rally.task.engine [-] Running workload: position = 0 config = { "version": 2, "title": "A cropped version of a bigger task.", "description": "Auto-generated task from a single workload (uuid=65b9bcf0-218d-4a30-a2a2-2bd95593f751)", "subtasks": [ { "title": "CinderVolumes.create_snapshot_and_attach_volume", "description": "Create vm, volume, snapshot and attach/detach volume.", "scenario": { "CinderVolumes.create_snapshot_and_attach_volume": { "flavor": { "name": "rally_full-flavor_36367365-141e-491e-9278-0872bf21122a" }, "image": { "name": "rally_full-img_36367365-141e-491e-9278-0872bf21122a" }, "size": { "min": 1, "max": 1 }, "create_vm_params": { "nics": [ { "net-id": "1e55b386-f4ab-4c3b-a854-395b1368fcf2" } ] } } }, "contexts": { "users": { "tenants": 3, "users_per_tenant": 2 }, "quotas": { "cinder": { "gigabytes": -1, "snapshots": -1, "volumes": -1 } }, "api_versions": { "cinder": { "version": 3, "service_type": "volumev3" } } }, "runner": { "constant": { "concurrency": 4, "times": 10 } }, "hooks": [], "sla": { "failure_rate": { "max": 0 } } } ] }
2019-12-27 20:41:41.807 1843 RALLYDEBUG rally_openstack.contexts.keystone.users [-] Creating 3 tenants using 20 threads
2019-12-27 20:41:42.298 1843 RALLYDEBUG rally_openstack.contexts.keystone.users [-] Creating 6 users using 20 threads
2019-12-27 20:41:43.133 1843 INFO rally.task.context [-] Task a6ccca18-b553-414c-9946-917bd4d6573b | Context users@openstack setup() finished in 1.33 sec
2019-12-27 20:41:43.373 1843 INFO rally.task.context [-] Task a6ccca18-b553-414c-9946-917bd4d6573b | Context api_versions@openstack setup() finished in 0.24 sec
2019-12-27 20:41:43.926 1843 INFO rally.task.context [-] Task a6ccca18-b553-414c-9946-917bd4d6573b | Context quotas@openstack setup() finished in 0.55 sec
2019-12-27 20:41:43.926 1843 INFO rally.task.context [-] Task a6ccca18-b553-414c-9946-917bd4d6573b | Context cleanup@openstack setup() finished in 0.14 msec
2019-12-27 20:41:44.473 1843 RALLYDEBUG rally.task.runner [-] Starting the constant runner (task UUID: a6ccca18-b553-414c-9946-917bd4d6573b). times: 10 concurrency: 4 timeout: 0 max_cpu_used: 88 processes_to_start: 4 concurrency_per_worker: 1 concurrency_overhead: 0
2019-12-27 20:41:44.487 3231 RALLYDEBUG rally.task.runner [-] Starting a worker. times: 10 duration: None concurrency: 1 timeout: 0 cls: method_name: run args: {"flavor": "c28c0299-fc4f-4504-8190-b508d68552b4", "image": "8e9857b8-e9c2-49d8-a3fa-6bf33c036d9e", "size": {"min": 1, "max": 1}, "create_vm_params": {"nics": [{"net-id": "1e55b386-f4ab-4c3b-a854-395b1368fcf2"}]}}
2019-12-27 20:41:44.490 3232 RALLYDEBUG rally.task.runner [-] Starting a worker. times: 10 duration: None concurrency: 1 timeout: 0 cls: method_name: run args: {"flavor": "c28c0299-fc4f-4504-8190-b508d68552b4", "image": "8e9857b8-e9c2-49d8-a3fa-6bf33c036d9e", "size": {"min": 1, "max": 1}, "create_vm_params": {"nics": [{"net-id": "1e55b386-f4ab-4c3b-a854-395b1368fcf2"}]}}
2019-12-27 20:41:44.493 3231 INFO rally.task.runner [-] Task a6ccca18-b553-414c-9946-917bd4d6573b | ITER: 1 START
2019-12-27 20:41:44.493 3233 RALLYDEBUG rally.task.runner [-] Starting a worker. times: 10 duration: None concurrency: 1 timeout: 0 cls: method_name: run args: {"flavor": "c28c0299-fc4f-4504-8190-b508d68552b4", "image": "8e9857b8-e9c2-49d8-a3fa-6bf33c036d9e", "size": {"min": 1, "max": 1}, "create_vm_params": {"nics": [{"net-id": "1e55b386-f4ab-4c3b-a854-395b1368fcf2"}]}}
2019-12-27 20:41:44.496 3235 RALLYDEBUG rally.task.runner [-] Starting a worker. times: 10 duration: None concurrency: 1 timeout: 0 cls: method_name: run args: {"flavor": "c28c0299-fc4f-4504-8190-b508d68552b4", "image": "8e9857b8-e9c2-49d8-a3fa-6bf33c036d9e", "size": {"min": 1, "max": 1}, "create_vm_params": {"nics": [{"net-id": "1e55b386-f4ab-4c3b-a854-395b1368fcf2"}]}}
2019-12-27 20:41:44.497 3232 INFO rally.task.runner [-] Task a6ccca18-b553-414c-9946-917bd4d6573b | ITER: 2 START
2019-12-27 20:41:44.500 3233 INFO rally.task.runner [-] Task a6ccca18-b553-414c-9946-917bd4d6573b | ITER: 3 START
2019-12-27 20:41:44.502 3235 INFO rally.task.runner [-] Task a6ccca18-b553-414c-9946-917bd4d6573b | ITER: 4 START
2019-12-27 20:42:00.444 3235 RALLYDEBUG rally.task.utils [-] Waiting for resource s_rally_65b9bcf0_LgtXTq4m. Status changed: BUILD => ACTIVE in 9.229124069213867
2019-12-27 20:42:01.076 3235 RALLYDEBUG rally.task.utils [-] Waiting for resource s_rally_65b9bcf0_wx0sH8yJ. Status changed: AVAILABLE => RESERVED in 0.19186639785766602
2019-12-27 20:42:01.982 3232 RALLYDEBUG rally.task.utils [-] Waiting for resource s_rally_65b9bcf0_oQVvl5U9. Status changed: BUILD => ACTIVE in 9.5563325881958
2019-12-27 20:42:02.612 3232 RALLYDEBUG rally.task.utils [-] Waiting for resource s_rally_65b9bcf0_hXxij3CC. Status changed: AVAILABLE => RESERVED in 0.1813526153564453
2019-12-27 20:42:03.257 3235 RALLYDEBUG rally.task.utils [-] Waiting for resource s_rally_65b9bcf0_wx0sH8yJ. Status changed: RESERVED => IN-USE in 2.181365728378296
2019-12-27 20:42:03.309 3233 RALLYDEBUG rally.task.utils [-] Waiting for resource s_rally_65b9bcf0_kjOhElMA. Status changed: BUILD => ACTIVE in 11.711154222488403
2019-12-27 20:42:03.656 3231 RALLYDEBUG rally.task.utils [-] Waiting for resource s_rally_65b9bcf0_vXMpJ4B0. Status changed: BUILD => ACTIVE in 11.219928741455078
2019-12-27 20:42:03.696 3235 RALLYDEBUG rally.task.utils [-] Waiting for resource s_rally_65b9bcf0_wx0sH8yJ. Status changed: AVAILABLE => DETACHING in 0.18570876121520996
2019-12-27 20:42:04.144 3233 RALLYDEBUG rally.task.utils [-] Waiting for resource s_rally_65b9bcf0_JIelLPBY. Status changed: AVAILABLE => RESERVED in 0.21760177612304688
2019-12-27 20:42:04.258 3231 RALLYDEBUG rally.task.utils [-] Waiting for resource s_rally_65b9bcf0_JjS1ajFY. Status changed: AVAILABLE => RESERVED in 0.1739671230316162
2019-12-27 20:42:05.013 3232 RALLYDEBUG rally.task.utils [-] Waiting for resource s_rally_65b9bcf0_hXxij3CC. Status changed: RESERVED => IN-USE in 2.400928020477295
2019-12-27 20:42:05.422 3232 RALLYDEBUG rally.task.utils [-] Waiting for resource s_rally_65b9bcf0_hXxij3CC. Status changed: AVAILABLE => DETACHING in 0.1932811737060547
2019-12-27 20:42:05.870 3235 RALLYDEBUG rally.task.utils [-] Waiting for resource s_rally_65b9bcf0_wx0sH8yJ. Status changed: DETACHING => AVAILABLE in 2.173515558242798
2019-12-27 20:42:05.983 3235 RALLYDEBUG rally.task.utils [-] Waiting for resource s_rally_65b9bcf0_l5SThgwy. Status changed: AVAILABLE => DELETING in 0.036546945571899414
2019-12-27 20:42:06.354 3233 RALLYDEBUG rally.task.utils [-] Waiting for resource s_rally_65b9bcf0_JIelLPBY. Status changed: RESERVED => IN-USE in 2.2100718021392822
2019-12-27 20:42:06.473 3231 RALLYDEBUG rally.task.utils [-] Waiting for resource s_rally_65b9bcf0_JjS1ajFY. Status changed: RESERVED => IN-USE in 2.2150890827178955
2019-12-27 20:42:06.799 3233 RALLYDEBUG rally.task.utils [-] Waiting for resource s_rally_65b9bcf0_JIelLPBY. Status changed: AVAILABLE => DETACHING in 0.20356321334838867
2019-12-27 20:42:06.906 3231 RALLYDEBUG rally.task.utils [-] Waiting for resource s_rally_65b9bcf0_JjS1ajFY. Status changed: AVAILABLE => DETACHING in 0.19677424430847168
2019-12-27 20:42:07.631 3232 RALLYDEBUG rally.task.utils [-] Waiting for resource s_rally_65b9bcf0_hXxij3CC. Status changed: DETACHING => AVAILABLE in 2.2079248428344727
2019-12-27 20:42:07.758 3232 RALLYDEBUG rally.task.utils [-] Waiting for resource s_rally_65b9bcf0_ZF2nN9FI. Status changed: AVAILABLE => DELETING in 0.04041934013366699
2019-12-27 20:42:08.193 3235 RALLYDEBUG rally.task.utils [-] Waiting for resource s_rally_65b9bcf0_wx0sH8yJ. Status changed: AVAILABLE => DELETING in 0.08829522132873535
2019-12-27 20:42:08.991 3233 RALLYDEBUG rally.task.utils [-] Waiting for resource s_rally_65b9bcf0_JIelLPBY. Status changed: DETACHING => AVAILABLE in 2.1914186477661133
2019-12-27 20:42:09.112 3231 RALLYDEBUG rally.task.utils [-] Waiting for resource s_rally_65b9bcf0_JjS1ajFY. Status changed: DETACHING => AVAILABLE in 2.2062020301818848
2019-12-27 20:42:09.125 3233 RALLYDEBUG rally.task.utils [-] Waiting for resource s_rally_65b9bcf0_mg1aVmZm. Status changed: AVAILABLE => DELETING in 0.03605294227600098
2019-12-27 20:42:09.236 3231 RALLYDEBUG rally.task.utils [-] Waiting for resource s_rally_65b9bcf0_XMBwTQR6. Status changed: AVAILABLE => DELETING in 0.04483389854431152
2019-12-27 20:42:09.947 3232 RALLYDEBUG rally.task.utils [-] Waiting for resource s_rally_65b9bcf0_hXxij3CC. Status changed: AVAILABLE => DELETING in 0.06870484352111816
2019-12-27 20:42:11.319 3233 RALLYDEBUG rally.task.utils [-] Waiting for resource s_rally_65b9bcf0_JIelLPBY. Status changed: AVAILABLE => DELETING in 0.08164501190185547
2019-12-27 20:42:11.429 3231 RALLYDEBUG rally.task.utils [-] Waiting for resource s_rally_65b9bcf0_JjS1ajFY. Status changed: AVAILABLE => DELETING in 0.06574869155883789
2019-12-27 20:42:12.664 3235 INFO rally.task.runner [-] Task a6ccca18-b553-414c-9946-917bd4d6573b | ITER: 4 END: OK
2019-12-27 20:42:12.670 3235 INFO rally.task.runner [-] Task a6ccca18-b553-414c-9946-917bd4d6573b | ITER: 5 START
2019-12-27 20:42:14.434 3232 INFO rally.task.runner [-] Task a6ccca18-b553-414c-9946-917bd4d6573b | ITER: 2 END: OK
2019-12-27 20:42:14.441 3232 INFO rally.task.runner [-] Task a6ccca18-b553-414c-9946-917bd4d6573b | ITER: 6 START
2019-12-27 20:42:16.380 3231 INFO rally.task.runner [-] Task a6ccca18-b553-414c-9946-917bd4d6573b | ITER: 1 END: OK
2019-12-27 20:42:16.386 3231 INFO rally.task.runner [-] Task a6ccca18-b553-414c-9946-917bd4d6573b | ITER: 7 START
2019-12-27 20:42:17.988 3233 INFO rally.task.runner [-] Task a6ccca18-b553-414c-9946-917bd4d6573b | ITER: 3 END: OK
2019-12-27 20:42:17.995 3233 INFO rally.task.runner [-] Task a6ccca18-b553-414c-9946-917bd4d6573b | ITER: 8 START
2019-12-27 20:42:27.298 3235 RALLYDEBUG rally.task.utils [-] Waiting for resource s_rally_65b9bcf0_FyoGUBKR. Status changed: BUILD => ACTIVE in 6.754215955734253
2019-12-27 20:42:27.935 3235 RALLYDEBUG rally.task.utils [-] Waiting for resource s_rally_65b9bcf0_d3jfb3o9. Status changed: AVAILABLE => RESERVED in 0.20110154151916504
2019-12-27 20:42:28.166 3232 RALLYDEBUG rally.task.utils [-] Waiting for resource s_rally_65b9bcf0_KXimguX1. Status changed: BUILD => ACTIVE in 7.005902528762817
2019-12-27 20:42:28.800 3232 RALLYDEBUG rally.task.utils [-] Waiting for resource s_rally_65b9bcf0_l3IhB4Sb. Status changed: AVAILABLE => RESERVED in 0.19791221618652344
2019-12-27 20:42:29.701 3231 RALLYDEBUG rally.task.utils [-] Waiting for resource s_rally_65b9bcf0_ISwhkIGr. Status changed: BUILD => ACTIVE in 6.7521748542785645
2019-12-27 20:42:30.134 3235 RALLYDEBUG rally.task.utils [-] Waiting for resource s_rally_65b9bcf0_d3jfb3o9. Status changed: RESERVED => IN-USE in 2.198617935180664
2019-12-27 20:42:30.318 3231 RALLYDEBUG rally.task.utils [-] Waiting for resource s_rally_65b9bcf0_fD9mYrS3. Status changed: AVAILABLE => RESERVED in 0.20064377784729004
2019-12-27 20:42:30.609 3235 RALLYDEBUG rally.task.utils [-] Waiting for resource s_rally_65b9bcf0_d3jfb3o9. Status changed: AVAILABLE => DETACHING in 0.24706268310546875
2019-12-27 20:42:30.996 3232 RALLYDEBUG rally.task.utils [-] Waiting for resource s_rally_65b9bcf0_l3IhB4Sb. Status changed: RESERVED => IN-USE in 2.1956496238708496
2019-12-27 20:42:31.619 3232 RALLYDEBUG rally.task.utils [-] Waiting for resource s_rally_65b9bcf0_l3IhB4Sb. Status changed: AVAILABLE => DETACHING in 0.21448183059692383
2019-12-27 20:42:32.497 3231 RALLYDEBUG rally.task.utils [-] Waiting for resource s_rally_65b9bcf0_fD9mYrS3. Status changed: RESERVED => IN-USE in 2.1790947914123535
2019-12-27 20:42:32.811 3235 RALLYDEBUG rally.task.utils [-] Waiting for resource s_rally_65b9bcf0_d3jfb3o9. Status changed: DETACHING => AVAILABLE in 2.2019474506378174
2019-12-27 20:42:32.949 3231 RALLYDEBUG rally.task.utils [-] Waiting for resource s_rally_65b9bcf0_fD9mYrS3. Status changed: AVAILABLE => DETACHING in 0.2154402732849121
2019-12-27 20:42:32.950 3233 RALLYDEBUG rally.task.utils [-] Waiting for resource s_rally_65b9bcf0_gwDWfJDe. Status changed: BUILD => ACTIVE in 7.100844144821167
2019-12-27 20:42:32.954 3235 RALLYDEBUG rally.task.utils [-] Waiting for resource s_rally_65b9bcf0_ob0mJf1E. Status changed: AVAILABLE => DELETING in 0.0390629768371582
2019-12-27 20:42:33.600 3233 RALLYDEBUG rally.task.utils [-] Waiting for resource s_rally_65b9bcf0_AaJzEzsf. Status changed: AVAILABLE => RESERVED in 0.20479607582092285
2019-12-27 20:42:33.831 3232 RALLYDEBUG rally.task.utils [-] Waiting for resource s_rally_65b9bcf0_l3IhB4Sb. Status changed: DETACHING => AVAILABLE in 2.212151288986206
2019-12-27 20:42:33.945 3232 RALLYDEBUG rally.task.utils [-] Waiting for resource s_rally_65b9bcf0_S6EJUpGt. Status changed: AVAILABLE => DELETING in 0.03980398178100586
2019-12-27 20:42:35.125 3235 RALLYDEBUG rally.task.utils [-] Waiting for resource s_rally_65b9bcf0_d3jfb3o9. Status changed: AVAILABLE => DELETING in 0.06860685348510742
2019-12-27 20:42:35.146 3231 RALLYDEBUG rally.task.utils [-] Waiting for resource s_rally_65b9bcf0_fD9mYrS3. Status changed: DETACHING => AVAILABLE in 2.196990728378296
