2019-12-27 20:51:04.267 7790 RALLYDEBUG rally.task.runner [-] Starting a worker. times: 10 duration: None concurrency: 1 timeout: 0 cls: method_name: run args: {"template_path": "heat_template_version: 2013-05-23\n\nparameters:\n # set all correct defaults for parameters before launch test\n image:\n type: string\n default: cirros-0.4.0-x86_64-uec\n flavor:\n type: string\n default: m1.tiny\n availability_zone:\n type: string\n description: The Availability Zone to launch the instance.\n default: nova\n volume_size:\n type: number\n description: Size of the volume to be created.\n default: 1\n constraints:\n - range: { min: 1, max: 1024 }\n description: must be between 1 and 1024 Gb.\n network_id:\n type: string\n\nresources:\n server:\n type: OS::Nova::Server\n properties:\n image: {get_param: image}\n flavor: {get_param: flavor}\n networks:\n - network: { get_param: network_id }\n cinder_volume:\n type: OS::Cinder::Volume\n properties:\n size: { get_param: volume_size }\n availability_zone: { get_param: availability_zone }\n volume_attachment:\n type: OS::Cinder::VolumeAttachment\n properties:\n volume_id: { get_resource: cinder_volume }\n instance_uuid: { get_resource: server}\n mountpoint: /dev/vdc\n", "parameters": {"image": "rally_full-img_36367365-141e-491e-9278-0872bf21122a", "flavor": "rally_full-flavor_36367365-141e-491e-9278-0872bf21122a", "network_id": "1e55b386-f4ab-4c3b-a854-395b1368fcf2"}}
2019-12-27 20:51:04.268 7788 INFO rally.task.runner [-] Task f02bedc5-62e0-40a6-9bb8-5e8f7cfa993b | ITER: 2 START
2019-12-27 20:51:04.271 7789 INFO rally.task.runner [-] Task f02bedc5-62e0-40a6-9bb8-5e8f7cfa993b | ITER: 3 START
2019-12-27 20:51:04.273 7790 INFO rally.task.runner [-] Task f02bedc5-62e0-40a6-9bb8-5e8f7cfa993b | ITER: 4 START
2019-12-27 20:51:20.120 7790 RALLYDEBUG rally.task.utils [-] Waiting for resource . Status changed: CREATE_IN_PROGRESS => CREATE_COMPLETE in 12.266366720199585
2019-12-27 20:51:20.281 7790 RALLYDEBUG rally.task.utils [-] Waiting for resource . Status changed: CREATE_COMPLETE => DELETE_IN_PROGRESS in 0.08022427558898926
2019-12-27 20:51:23.622 7788 RALLYDEBUG rally.task.utils [-] Waiting for resource . Status changed: CREATE_IN_PROGRESS => CREATE_COMPLETE in 15.581482410430908
2019-12-27 20:51:23.687 7789 RALLYDEBUG rally.task.utils [-] Waiting for resource . Status changed: CREATE_IN_PROGRESS => CREATE_COMPLETE in 15.442239999771118
2019-12-27 20:51:23.856 7788 RALLYDEBUG rally.task.utils [-] Waiting for resource . Status changed: CREATE_COMPLETE => DELETE_IN_PROGRESS in 0.09798812866210938
2019-12-27 20:51:23.908 7789 RALLYDEBUG rally.task.utils [-] Waiting for resource . Status changed: CREATE_COMPLETE => DELETE_IN_PROGRESS in 0.08854889869689941
2019-12-27 20:51:26.832 7790 INFO rally.task.runner [-] Task f02bedc5-62e0-40a6-9bb8-5e8f7cfa993b | ITER: 4 END: OK
2019-12-27 20:51:26.838 7790 INFO rally.task.runner [-] Task f02bedc5-62e0-40a6-9bb8-5e8f7cfa993b | ITER: 5 START
2019-12-27 20:51:26.841 7787 RALLYDEBUG rally.task.utils [-] Waiting for resource . Status changed: CREATE_IN_PROGRESS => CREATE_COMPLETE in 18.813133478164673
2019-12-27 20:51:27.031 7787 RALLYDEBUG rally.task.utils [-] Waiting for resource . Status changed: CREATE_COMPLETE => DELETE_IN_PROGRESS in 0.10092997550964355
2019-12-27 20:51:30.382 7788 INFO rally.task.runner [-] Task f02bedc5-62e0-40a6-9bb8-5e8f7cfa993b | ITER: 2 END: OK
2019-12-27 20:51:30.392 7788 INFO rally.task.runner [-] Task f02bedc5-62e0-40a6-9bb8-5e8f7cfa993b | ITER: 6 START
2019-12-27 20:51:31.551 7789 INFO rally.task.runner [-] Task f02bedc5-62e0-40a6-9bb8-5e8f7cfa993b | ITER: 3 END: OK
2019-12-27 20:51:31.558 7789 INFO rally.task.runner [-] Task f02bedc5-62e0-40a6-9bb8-5e8f7cfa993b | ITER: 7 START
2019-12-27 20:51:33.584 7787 INFO rally.task.runner [-] Task f02bedc5-62e0-40a6-9bb8-5e8f7cfa993b | ITER: 1 END: OK
2019-12-27 20:51:33.590 7787 INFO rally.task.runner [-] Task f02bedc5-62e0-40a6-9bb8-5e8f7cfa993b | ITER: 8 START
2019-12-27 20:51:45.204 7790 RALLYDEBUG rally.task.utils [-] Waiting for resource . Status changed: CREATE_IN_PROGRESS => CREATE_COMPLETE in 14.44196343421936
2019-12-27 20:51:45.257 7788 RALLYDEBUG rally.task.utils [-] Waiting for resource . Status changed: CREATE_IN_PROGRESS => CREATE_COMPLETE in 11.117615222930908
2019-12-27 20:51:45.363 7790 RALLYDEBUG rally.task.utils [-] Waiting for resource . Status changed: CREATE_COMPLETE => DELETE_IN_PROGRESS in 0.08147835731506348
2019-12-27 20:51:45.486 7788 RALLYDEBUG rally.task.utils [-] Waiting for resource . Status changed: CREATE_COMPLETE => DELETE_IN_PROGRESS in 0.09749245643615723
2019-12-27 20:51:48.268 7789 RALLYDEBUG rally.task.utils [-] Waiting for resource . Status changed: CREATE_IN_PROGRESS => CREATE_COMPLETE in 13.163787841796875
2019-12-27 20:51:48.423 7789 RALLYDEBUG rally.task.utils [-] Waiting for resource . Status changed: CREATE_COMPLETE => DELETE_IN_PROGRESS in 0.07613849639892578
2019-12-27 20:51:50.661 7787 RALLYDEBUG rally.task.utils [-] Waiting for resource . Status changed: CREATE_IN_PROGRESS => CREATE_COMPLETE in 13.249206304550171
2019-12-27 20:51:50.878 7787 RALLYDEBUG rally.task.utils [-] Waiting for resource . Status changed: CREATE_COMPLETE => DELETE_IN_PROGRESS in 0.08389616012573242
2019-12-27 20:51:51.910 7790 INFO rally.task.runner [-] Task f02bedc5-62e0-40a6-9bb8-5e8f7cfa993b | ITER: 5 END: OK
2019-12-27 20:51:51.917 7790 INFO rally.task.runner [-] Task f02bedc5-62e0-40a6-9bb8-5e8f7cfa993b | ITER: 9 START
2019-12-27 20:51:52.013 7788 INFO rally.task.runner [-] Task f02bedc5-62e0-40a6-9bb8-5e8f7cfa993b | ITER: 6 END: OK
2019-12-27 20:51:52.018 7788 INFO rally.task.runner [-] Task f02bedc5-62e0-40a6-9bb8-5e8f7cfa993b | ITER: 10 START
2019-12-27 20:51:54.965 7789 INFO rally.task.runner [-] Task f02bedc5-62e0-40a6-9bb8-5e8f7cfa993b | ITER: 7 END: OK
2019-12-27 20:51:57.399 7787 INFO rally.task.runner [-] Task f02bedc5-62e0-40a6-9bb8-5e8f7cfa993b | ITER: 8 END: OK
2019-12-27 20:52:06.359 7790 RALLYDEBUG rally.task.utils [-] Waiting for resource . Status changed: CREATE_IN_PROGRESS => CREATE_COMPLETE in 11.134115219116211
2019-12-27 20:52:06.523 7790 RALLYDEBUG rally.task.utils [-] Waiting for resource . Status changed: CREATE_COMPLETE => DELETE_IN_PROGRESS in 0.08120274543762207
2019-12-27 20:52:08.705 7788 RALLYDEBUG rally.task.utils [-] Waiting for resource . Status changed: CREATE_IN_PROGRESS => CREATE_COMPLETE in 13.234251022338867
2019-12-27 20:52:08.867 7788 RALLYDEBUG rally.task.utils [-] Waiting for resource . Status changed: CREATE_COMPLETE => DELETE_IN_PROGRESS in 0.08308148384094238
2019-12-27 20:52:13.076 7790 INFO rally.task.runner [-] Task f02bedc5-62e0-40a6-9bb8-5e8f7cfa993b | ITER: 9 END: OK
2019-12-27 20:52:16.524 7788 INFO rally.task.runner [-] Task f02bedc5-62e0-40a6-9bb8-5e8f7cfa993b | ITER: 10 END: OK
2019-12-27 20:52:16.549 6545 INFO rally.task.context [-] Task f02bedc5-62e0-40a6-9bb8-5e8f7cfa993b | Context cleanup@openstack cleanup() started
2019-12-27 20:52:16.557 6545 RALLYDEBUG rally_openstack.cleanup.manager [-] Cleaning up heat stacks objects
2019-12-27 20:52:17.505 6545 INFO rally.task.context [-] Task f02bedc5-62e0-40a6-9bb8-5e8f7cfa993b | Context cleanup@openstack cleanup() finished in 0.96 sec
2019-12-27 20:52:17.506 6545 INFO rally.task.context [-] Task f02bedc5-62e0-40a6-9bb8-5e8f7cfa993b | Context roles@openstack cleanup() started
2019-12-27 20:52:17.515 6545 INFO rally.task.context [-] Task f02bedc5-62e0-40a6-9bb8-5e8f7cfa993b | Context roles@openstack cleanup() finished in 9.00 msec
2019-12-27 20:52:17.515 6545 INFO rally.task.context [-] Task f02bedc5-62e0-40a6-9bb8-5e8f7cfa993b | Context users@openstack cleanup() started
2019-12-27 20:52:20.492 6545 INFO rally.task.context [-] Task f02bedc5-62e0-40a6-9bb8-5e8f7cfa993b | Context users@openstack cleanup() finished in 2.98 sec
2019-12-27 20:52:20.941 6545 INFO rally.task.engine [-] Load duration is: 70.258095
2019-12-27 20:52:20.941 6545 INFO rally.task.engine [-] Full runner duration is: 72.301815
2019-12-27 20:52:20.942 6545 INFO rally.task.engine [-] Full duration is: 77.91761
2019-12-27 20:52:21.033 6545 INFO rally.task.engine [-] Running workload: position = 0 config = { "version": 2, "title": "A cropped version of a bigger task.", "description": "Auto-generated task from a single workload (uuid=44a4bca7-a4eb-4a23-9476-82e56daeec1b)", "subtasks": [ { "title": "HeatStacks.create_and_list_stack", "description": "Create a stack and then list all stacks.", "scenario": { "HeatStacks.create_and_list_stack": { "template_path": "/usr/lib/python3.6/site-packages/functest/opnfv_tests/openstack/rally/scenario/templates/default.yaml.template" } }, "contexts": { "users": { "tenants": 3, "users_per_tenant": 2 }, "roles": [ "heat_stack_owner" ] }, "runner": { "constant": { "concurrency": 4, "times": 10 } }, "hooks": [], "sla": { "failure_rate": { "max": 0 } } } ] }
2019-12-27 20:52:21.056 6545 RALLYDEBUG rally_openstack.contexts.keystone.users [-] Creating 3 tenants using 20 threads
2019-12-27 20:52:21.685 6545 RALLYDEBUG rally_openstack.contexts.keystone.users [-] Creating 6 users using 20 threads
2019-12-27 20:52:22.674 6545 INFO rally.task.context [-] Task f02bedc5-62e0-40a6-9bb8-5e8f7cfa993b | Context users@openstack setup() finished in 1.62 sec
2019-12-27 20:52:22.889 6545 ERROR rally.common.broker [-] Failed to publish a task to the queue: rally.exceptions.NotFoundException: The resource can not be found: There is no role with name `heat_stack_owner`
2019-12-27 20:52:22.889 6545 ERROR rally.common.broker
Traceback (most recent call last):
2019-12-27 20:52:22.889 6545 ERROR rally.common.broker
File "/usr/lib/python3.6/site-packages/rally/common/broker.py", line 58, in _publisher
2019-12-27 20:52:22.889 6545 ERROR rally.common.broker publish(queue)
2019-12-27 20:52:22.889 6545 ERROR rally.common.broker
File "/usr/lib/python3.6/site-packages/rally_openstack/contexts/keystone/roles.py", line 91, in publish
2019-12-27 20:52:22.889 6545 ERROR rally.common.broker role = self._get_role_object(context_role)
2019-12-27 20:52:22.889 6545 ERROR rally.common.broker
File "/usr/lib/python3.6/site-packages/rally_openstack/contexts/keystone/roles.py", line 65, in _get_role_object
2019-12-27 20:52:22.889 6545 ERROR rally.common.broker "There is no role with name `%s`" % context_role)
2019-12-27 20:52:22.889 6545 ERROR rally.common.broker rally.exceptions.NotFoundException: The resource can not be found: There is no role with name `heat_stack_owner`
2019-12-27 20:52:22.889 6545 ERROR rally.common.broker
2019-12-27 20:52:22.907 6545 INFO rally.task.context [-] Task f02bedc5-62e0-40a6-9bb8-5e8f7cfa993b | Context roles@openstack setup() finished in 0.23 sec
2019-12-27 20:52:22.907 6545 INFO rally.task.context [-] Task f02bedc5-62e0-40a6-9bb8-5e8f7cfa993b | Context cleanup@openstack setup() finished in 0.01 msec
2019-12-27 20:52:22.915 6545 RALLYDEBUG rally.task.runner [-] Starting the constant runner (task UUID: f02bedc5-62e0-40a6-9bb8-5e8f7cfa993b). times: 10 concurrency: 4 timeout: 0 max_cpu_used: 88 processes_to_start: 4 concurrency_per_worker: 1 concurrency_overhead: 0
2019-12-27 20:52:22.926 7971 RALLYDEBUG rally.task.runner [-] Starting a worker. times: 10 duration: None concurrency: 1 timeout: 0 cls: method_name: run args: {"template_path": "heat_template_version: 2014-10-16"}
2019-12-27 20:52:22.928 7972 RALLYDEBUG rally.task.runner [-] Starting a worker. times: 10 duration: None concurrency: 1 timeout: 0 cls: method_name: run args: {"template_path": "heat_template_version: 2014-10-16"}
2019-12-27 20:52:22.931 7973 RALLYDEBUG rally.task.runner [-] Starting a worker. times: 10 duration: None concurrency: 1 timeout: 0 cls: method_name: run args: {"template_path": "heat_template_version: 2014-10-16"}
2019-12-27 20:52:22.932 7971 INFO rally.task.runner [-] Task f02bedc5-62e0-40a6-9bb8-5e8f7cfa993b | ITER: 1 START
2019-12-27 20:52:22.933 7974 RALLYDEBUG rally.task.runner [-] Starting a worker. times: 10 duration: None concurrency: 1 timeout: 0 cls: method_name: run args: {"template_path": "heat_template_version: 2014-10-16"}
2019-12-27 20:52:22.934 7972 INFO rally.task.runner [-] Task f02bedc5-62e0-40a6-9bb8-5e8f7cfa993b | ITER: 2 START
2019-12-27 20:52:22.938 7973 INFO rally.task.runner [-] Task f02bedc5-62e0-40a6-9bb8-5e8f7cfa993b | ITER: 3 START
2019-12-27 20:52:22.940 7974 INFO rally.task.runner [-] Task f02bedc5-62e0-40a6-9bb8-5e8f7cfa993b | ITER: 4 START
2019-12-27 20:52:26.017 7972 INFO rally.task.runner [-] Task f02bedc5-62e0-40a6-9bb8-5e8f7cfa993b | ITER: 2 END: OK
2019-12-27 20:52:26.022 7972 INFO rally.task.runner [-] Task f02bedc5-62e0-40a6-9bb8-5e8f7cfa993b | ITER: 5 START
2019-12-27 20:52:26.045 7973 INFO rally.task.runner [-] Task f02bedc5-62e0-40a6-9bb8-5e8f7cfa993b | ITER: 3 END: OK
2019-12-27 20:52:26.050 7973 INFO rally.task.runner [-] Task f02bedc5-62e0-40a6-9bb8-5e8f7cfa993b | ITER: 6 START
2019-12-27 20:52:26.126 7974 INFO rally.task.runner [-] Task f02bedc5-62e0-40a6-9bb8-5e8f7cfa993b | ITER: 4 END: OK
2019-12-27 20:52:26.131 7974 INFO rally.task.runner [-] Task f02bedc5-62e0-40a6-9bb8-5e8f7cfa993b | ITER: 7 START
2019-12-27 20:52:26.193 7971 INFO rally.task.runner [-] Task f02bedc5-62e0-40a6-9bb8-5e8f7cfa993b | ITER: 1 END: OK
2019-12-27 20:52:26.198 7971 INFO rally.task.runner [-] Task f02bedc5-62e0-40a6-9bb8-5e8f7cfa993b | ITER: 8 START
2019-12-27 20:52:29.044 7974 INFO rally.task.runner [-] Task f02bedc5-62e0-40a6-9bb8-5e8f7cfa993b | ITER: 7 END: OK
2019-12-27 20:52:29.049 7974 INFO rally.task.runner [-] Task f02bedc5-62e0-40a6-9bb8-5e8f7cfa993b | ITER: 9 START
2019-12-27 20:52:29.053 7972 INFO rally.task.runner [-] Task f02bedc5-62e0-40a6-9bb8-5e8f7cfa993b | ITER: 5 END: OK
2019-12-27 20:52:29.058 7972 INFO rally.task.runner [-] Task f02bedc5-62e0-40a6-9bb8-5e8f7cfa993b | ITER: 10 START
2019-12-27 20:52:29.066 7973 INFO rally.task.runner [-] Task f02bedc5-62e0-40a6-9bb8-5e8f7cfa993b | ITER: 6 END: OK
2019-12-27 20:52:29.081 7971 INFO rally.task.runner [-] Task f02bedc5-62e0-40a6-9bb8-5e8f7cfa993b | ITER: 8 END: OK
2019-12-27 20:52:32.144 7972 INFO rally.task.runner [-] Task f02bedc5-62e0-40a6-9bb8-5e8f7cfa993b | ITER: 10 END: OK
2019-12-27 20:52:32.146 7974 INFO rally.task.runner [-] Task f02bedc5-62e0-40a6-9bb8-5e8f7cfa993b | ITER: 9 END: OK
2019-12-27 20:52:32.172 6545 INFO rally.task.context [-] Task f02bedc5-62e0-40a6-9bb8-5e8f7cfa993b | Context cleanup@openstack cleanup() started
2019-12-27 20:52:32.180 6545 RALLYDEBUG rally_openstack.cleanup.manager [-] Cleaning up heat stacks objects
2019-12-27 20:52:33.011 6545 RALLYDEBUG rally_openstack.cleanup.manager [-] Deleting heat.stacks object s_rally_44a4bca7_KimJXp3N (6239c8d7-67e2-466e-9414-339d0c7129f2)
2019-12-27 20:52:33.012 6545 RALLYDEBUG rally_openstack.cleanup.manager [-] Deleting heat.stacks object s_rally_44a4bca7_Dqw9HGZf (b83850f5-c6ce-4db7-8c71-653bb29640b2)
2019-12-27 20:52:33.013 6545 RALLYDEBUG rally_openstack.cleanup.manager [-] Deleting heat.stacks object s_rally_44a4bca7_KFnT8YJa (2ed3de9f-1468-4a67-ad94-4382edec48a5)
2019-12-27 20:52:33.014 6545 RALLYDEBUG rally_openstack.cleanup.manager [-] Deleting heat.stacks object s_rally_44a4bca7_0fanJkBU (30ae656e-9a95-421e-8b13-747a7c51478f)
2019-12-27 20:52:33.018 6545 RALLYDEBUG rally_openstack.cleanup.manager [-] Deleting heat.stacks object s_rally_44a4bca7_ZyCzCXjR (e42457cb-3047-48f7-aa0a-a44d00999d2c)
2019-12-27 20:52:33.044 6545 RALLYDEBUG rally_openstack.cleanup.manager [-] Deleting heat.stacks object s_rally_44a4bca7_cM2JoWJs (d8278625-86d4-4d1e-b5ef-03b7ca16157c)
2019-12-27 20:52:33.061 6545 RALLYDEBUG rally_openstack.cleanup.manager [-] Deleting heat.stacks object s_rally_44a4bca7_Iow3hURv (f86853af-859a-476e-a8a5-e3489e7f5a81)
2019-12-27 20:52:33.094 6545 RALLYDEBUG rally_openstack.cleanup.manager [-] Deleting heat.stacks object s_rally_44a4bca7_ZO4KNoc4 (62a21ef7-de5d-40cb-8a2b-19063515609a)
2019-12-27 20:52:33.112 6545 RALLYDEBUG rally_openstack.cleanup.manager [-] Deleting heat.stacks object s_rally_44a4bca7_1q8tvkPE (0c52dcfa-a1a1-47cb-bc58-babce376d3d0)
2019-12-27 20:52:33.125 6545 RALLYDEBUG rally_openstack.cleanup.manager [-] Deleting heat.stacks object s_rally_44a4bca7_osOkLETU (26098b84-46c5-4d92-8762-54f50e20ed2a)
2019-12-27 20:52:34.727 6545 INFO rally.task.context [-] Task f02bedc5-62e0-40a6-9bb8-5e8f7cfa993b | Context cleanup@openstack cleanup() finished in 2.56 sec
2019-12-27 20:52:34.728 6545 INFO rally.task.context [-] Task f02bedc5-62e0-40a6-9bb8-5e8f7cfa993b | Context roles@openstack cleanup() started
2019-12-27 20:52:34.737 6545 INFO rally.task.context [-] Task f02bedc5-62e0-40a6-9bb8-5e8f7cfa993b | Context roles@openstack cleanup() finished in 9.06 msec
2019-12-27 20:52:34.737 6545 INFO rally.task.context [-] Task f02bedc5-62e0-40a6-9bb8-5e8f7cfa993b | Context users@openstack cleanup() started
2019-12-27 20:52:37.799 6545 INFO rally.task.context [-] Task f02bedc5-62e0-40a6-9bb8-5e8f7cfa993b | Context users@openstack cleanup() finished in 3.06 sec
2019-12-27 20:52:39.359 6545 INFO rally.task.engine [-] Load duration is: 7.212863
2019-12-27 20:52:39.360 6545 INFO rally.task.engine [-] Full runner duration is: 9.256218
2019-12-27 20:52:39.360 6545 INFO rally.task.engine [-] Full duration is: 16.746563
2019-12-27 20:52:39.447 6545 INFO rally.task.engine [-] Running workload: position = 0 config = { "version": 2, "title": "A cropped version of a bigger task.", "description": "Auto-generated task from a single workload (uuid=f4564942-a402-4c3d-a9d6-1bed5cdaef4b)", "subtasks": [ { "title": "HeatStacks.create_update_delete_stack", "description": "Create, update and then delete a stack.", "scenario": { "HeatStacks.create_update_delete_stack": { "template_path": "/usr/lib/python3.6/site-packages/functest/opnfv_tests/openstack/rally/scenario/templates/random_strings.yaml.template", "updated_template_path": "/usr/lib/python3.6/site-packages/functest/opnfv_tests/openstack/rally/scenario/templates/updated_random_strings_add.yaml.template" } }, "contexts": { "users": { "tenants": 3, "users_per_tenant": 2 }, "roles": [ "heat_stack_owner" ] }, "runner": { "constant": { "concurrency": 4, "times": 10 } }, "hooks": [], "sla": { "failure_rate": { "max": 0 } } } ] }
2019-12-27 20:52:39.465 6545 RALLYDEBUG rally_openstack.contexts.keystone.users [-] Creating 3 tenants using 20 threads
2019-12-27 20:52:40.039 6545 RALLYDEBUG rally_openstack.contexts.keystone.users [-] Creating 6 users using 20 threads
2019-12-27 20:52:41.035 6545 INFO rally.task.context [-] Task f02bedc5-62e0-40a6-9bb8-5e8f7cfa993b | Context users@openstack setup() finished in 1.57 sec
2019-12-27 20:52:41.274 6545 ERROR rally.common.broker [-] Failed to publish a task to the queue: rally.exceptions.NotFoundException: The resource can not be found: There is no role with name `heat_stack_owner`
2019-12-27 20:52:41.274 6545 ERROR rally.common.broker
Traceback (most recent call last):
2019-12-27 20:52:41.274 6545 ERROR rally.common.broker
File "/usr/lib/python3.6/site-packages/rally/common/broker.py", line 58, in _publisher
2019-12-27 20:52:41.274 6545 ERROR rally.common.broker publish(queue)
2019-12-27 20:52:41.274 6545 ERROR rally.common.broker
File "/usr/lib/python3.6/site-packages/rally_openstack/contexts/keystone/roles.py", line 91, in publish
2019-12-27 20:52:41.274 6545 ERROR rally.common.broker role = self._get_role_object(context_role)
2019-12-27 20:52:41.274 6545 ERROR rally.common.broker
File "/usr/lib/python3.6/site-packages/rally_openstack/contexts/keystone/roles.py", line 65, in _get_role_object
2019-12-27 20:52:41.274 6545 ERROR rally.common.broker "There is no role with name `%s`" % context_role)
2019-12-27 20:52:41.274 6545 ERROR rally.common.broker rally.exceptions.NotFoundException: The resource can not be found: There is no role with name `heat_stack_owner`
2019-12-27 20:52:41.274 6545 ERROR rally.common.broker
2019-12-27 20:52:41.286 6545 INFO rally.task.context [-] Task f02bedc5-62e0-40a6-9bb8-5e8f7cfa993b | Context roles@openstack setup() finished in 0.25 sec
2019-12-27 20:52:41.286 6545 INFO rally.task.context [-] Task f02bedc5-62e0-40a6-9bb8-5e8f7cfa993b | Context cleanup@openstack setup() finished in 0.00 msec
2019-12-27 20:52:41.296 6545 RALLYDEBUG rally.task.runner [-] Starting the constant runner (task UUID: f02bedc5-62e0-40a6-9bb8-5e8f7cfa993b). times: 10 concurrency: 4 timeout: 0 max_cpu_used: 88 processes_to_start: 4 concurrency_per_worker: 1 concurrency_overhead: 0
2019-12-27 20:52:41.307 8155 RALLYDEBUG rally.task.runner [-] Starting a worker. times: 10 duration: None concurrency: 1 timeout: 0 cls: method_name: run args: {"template_path": "heat_template_version: 2014-10-16\n\ndescription: Test template for rally create-update-delete scenario\n\nresources:\n test_string_one:\n type: OS::Heat::RandomString\n properties:\n length: 20\n test_string_two:\n type: OS::Heat::RandomString\n properties:\n length: 20", "updated_template_path": "heat_template_version: 2014-10-16\n\ndescription: >\n Test template for create-update-delete-stack scenario in rally.\n The template updates the stack defined by random_strings.yaml.template with additional resource.\n\nresources:\n test_string_one:\n type: OS::Heat::RandomString\n properties:\n length: 20\n test_string_two:\n type: OS::Heat::RandomString\n properties:\n length: 20\n test_string_three:\n type: OS::Heat::RandomString\n properties:\n length: 20"}
2019-12-27 20:52:41.310 8156 RALLYDEBUG rally.task.runner [-] Starting a worker. times: 10 duration: None concurrency: 1 timeout: 0 cls: method_name: run args: {"template_path": "heat_template_version: 2014-10-16\n\ndescription: Test template for rally create-update-delete scenario\n\nresources:\n test_string_one:\n type: OS::Heat::RandomString\n properties:\n length: 20\n test_string_two:\n type: OS::Heat::RandomString\n properties:\n length: 20", "updated_template_path": "heat_template_version: 2014-10-16\n\ndescription: >\n Test template for create-update-delete-stack scenario in rally.\n The template updates the stack defined by random_strings.yaml.template with additional resource.\n\nresources:\n test_string_one:\n type: OS::Heat::RandomString\n properties:\n length: 20\n test_string_two:\n type: OS::Heat::RandomString\n properties:\n length: 20\n test_string_three:\n type: OS::Heat::RandomString\n properties:\n length: 20"}
2019-12-27 20:52:41.313 8157 RALLYDEBUG rally.task.runner [-] Starting a worker. times: 10 duration: None concurrency: 1 timeout: 0 cls: method_name: run args: {"template_path": "heat_template_version: 2014-10-16\n\ndescription: Test template for rally create-update-delete scenario\n\nresources:\n test_string_one:\n type: OS::Heat::RandomString\n properties:\n length: 20\n test_string_two:\n type: OS::Heat::RandomString\n properties:\n length: 20", "updated_template_path": "heat_template_version: 2014-10-16\n\ndescription: >\n Test template for create-update-delete-stack scenario in rally.\n The template updates the stack defined by random_strings.yaml.template with additional resource.\n\nresources:\n test_string_one:\n type: OS::Heat::RandomString\n properties:\n length: 20\n test_string_two:\n type: OS::Heat::RandomString\n properties:\n length: 20\n test_string_three:\n type: OS::Heat::RandomString\n properties:\n length: 20"}
2019-12-27 20:52:41.315 8155 INFO rally.task.runner [-] Task f02bedc5-62e0-40a6-9bb8-5e8f7cfa993b | ITER: 1 START
2019-12-27 20:52:41.316 8158 RALLYDEBUG rally.task.runner [-] Starting a worker. times: 10 duration: None concurrency: 1 timeout: 0 cls: method_name: run args: {"template_path": "heat_template_version: 2014-10-16\n\ndescription: Test template for rally create-update-delete scenario\n\nresources:\n test_string_one:\n type: OS::Heat::RandomString\n properties:\n length: 20\n test_string_two:\n type: OS::Heat::RandomString\n properties:\n length: 20", "updated_template_path": "heat_template_version: 2014-10-16\n\ndescription: >\n Test template for create-update-delete-stack scenario in rally.\n The template updates the stack defined by random_strings.yaml.template with additional resource.\n\nresources:\n test_string_one:\n type: OS::Heat::RandomString\n properties:\n length: 20\n test_string_two:\n type: OS::Heat::RandomString\n properties:\n length: 20\n test_string_three:\n type: OS::Heat::RandomString\n properties:\n length: 20"}
2019-12-27 20:52:41.317 8156 INFO rally.task.runner [-] Task f02bedc5-62e0-40a6-9bb8-5e8f7cfa993b | ITER: 2 START
2019-12-27 20:52:41.319 8157 INFO rally.task.runner [-] Task f02bedc5-62e0-40a6-9bb8-5e8f7cfa993b | ITER: 3 START
2019-12-27 20:52:41.321 8158 INFO rally.task.runner [-] Task f02bedc5-62e0-40a6-9bb8-5e8f7cfa993b | ITER: 4 START
2019-12-27 20:52:44.326 8157 RALLYDEBUG rally.task.utils [-] Waiting for resource . Status changed: CREATE_IN_PROGRESS => CREATE_COMPLETE in 0.10233902931213379
2019-12-27 20:52:44.333 8156 RALLYDEBUG rally.task.utils [-] Waiting for resource . Status changed: CREATE_IN_PROGRESS => CREATE_COMPLETE in 0.11193728446960449
2019-12-27 20:52:44.371 8158 RALLYDEBUG rally.task.utils [-] Waiting for resource . Status changed: CREATE_IN_PROGRESS => CREATE_COMPLETE in 0.09175658226013184
2019-12-27 20:52:44.421 8155 RALLYDEBUG rally.task.utils [-] Waiting for resource . Status changed: CREATE_IN_PROGRESS => CREATE_COMPLETE in 0.09132909774780273
2019-12-27 20:52:46.583 8157 RALLYDEBUG rally.task.utils [-] Waiting for resource . Status changed: CREATE_COMPLETE => UPDATE_IN_PROGRESS in 0.08693361282348633
2019-12-27 20:52:46.634 8158 RALLYDEBUG rally.task.utils [-] Waiting for resource . Status changed: CREATE_COMPLETE => UPDATE_IN_PROGRESS in 0.09667634963989258
2019-12-27 20:52:46.638 8156 RALLYDEBUG rally.task.utils [-] Waiting for resource . Status changed: CREATE_COMPLETE => UPDATE_IN_PROGRESS in 0.12128210067749023
2019-12-27 20:52:46.678 8155 RALLYDEBUG rally.task.utils [-] Waiting for resource . Status changed: CREATE_COMPLETE => UPDATE_IN_PROGRESS in 0.08307719230651855
2019-12-27 20:52:47.684 8157 RALLYDEBUG rally.task.utils [-] Waiting for resource . Status changed: UPDATE_IN_PROGRESS => UPDATE_COMPLETE in 1.1007637977600098
2019-12-27 20:52:47.733 8158 RALLYDEBUG rally.task.utils [-] Waiting for resource . Status changed: UPDATE_IN_PROGRESS => UPDATE_COMPLETE in 1.098093032836914
2019-12-27 20:52:47.734 8156 RALLYDEBUG rally.task.utils [-] Waiting for resource . Status changed: UPDATE_IN_PROGRESS => UPDATE_COMPLETE in 1.0957560539245605
2019-12-27 20:52:47.775 8155 RALLYDEBUG rally.task.utils [-] Waiting for resource . Status changed: UPDATE_IN_PROGRESS => UPDATE_COMPLETE in 1.0965571403503418
2019-12-27 20:52:47.850 8157 RALLYDEBUG rally.task.utils [-] Waiting for resource . Status changed: CREATE_COMPLETE => DELETE_IN_PROGRESS in 0.08549976348876953
2019-12-27 20:52:47.913 8156 RALLYDEBUG rally.task.utils [-] Waiting for resource . Status changed: CREATE_COMPLETE => DELETE_IN_PROGRESS in 0.0889132022857666
2019-12-27 20:52:47.935 8155 RALLYDEBUG rally.task.utils [-] Waiting for resource . Status changed: CREATE_COMPLETE => DELETE_IN_PROGRESS in 0.08154463768005371
2019-12-27 20:52:47.947 8158 RALLYDEBUG rally.task.utils [-] Waiting for resource . Status changed: CREATE_COMPLETE => DELETE_IN_PROGRESS in 0.1252756118774414
2019-12-27 20:52:50.022 8157 INFO rally.task.runner [-] Task f02bedc5-62e0-40a6-9bb8-5e8f7cfa993b | ITER: 3 END: OK
2019-12-27 20:52:50.028 8157 INFO rally.task.runner [-] Task f02bedc5-62e0-40a6-9bb8-5e8f7cfa993b | ITER: 5 START
2019-12-27 20:52:50.097 8156 INFO rally.task.runner [-] Task f02bedc5-62e0-40a6-9bb8-5e8f7cfa993b | ITER: 2 END: OK
2019-12-27 20:52:50.103 8156 INFO rally.task.runner [-] Task f02bedc5-62e0-40a6-9bb8-5e8f7cfa993b | ITER: 6 START
2019-12-27 20:52:50.111 8158 INFO rally.task.runner [-] Task f02bedc5-62e0-40a6-9bb8-5e8f7cfa993b | ITER: 4 END: OK
2019-12-27 20:52:50.116 8158 INFO rally.task.runner [-] Task f02bedc5-62e0-40a6-9bb8-5e8f7cfa993b | ITER: 7 START
2019-12-27 20:52:51.185 8155 INFO rally.task.runner [-] Task f02bedc5-62e0-40a6-9bb8-5e8f7cfa993b | ITER: 1 END: OK
2019-12-27 20:52:51.191 8155 INFO rally.task.runner [-] Task f02bedc5-62e0-40a6-9bb8-5e8f7cfa993b | ITER: 8 START
2019-12-27 20:52:53.004 8156 RALLYDEBUG rally.task.utils [-] Waiting for resource . Status changed: CREATE_IN_PROGRESS => CREATE_COMPLETE in 0.08703374862670898
2019-12-27 20:52:53.035 8157 RALLYDEBUG rally.task.utils [-] Waiting for resource . Status changed: CREATE_IN_PROGRESS => CREATE_COMPLETE in 0.10280013084411621
2019-12-27 20:52:53.095 8158 RALLYDEBUG rally.task.utils [-] Waiting for resource . Status changed: CREATE_IN_PROGRESS => CREATE_COMPLETE in 0.092193603515625
2019-12-27 20:52:54.123 8155 RALLYDEBUG rally.task.utils [-] Waiting for resource . Status changed: CREATE_IN_PROGRESS => CREATE_COMPLETE in 0.10101890563964844
2019-12-27 20:52:55.284 8156 RALLYDEBUG rally.task.utils [-] Waiting for resource . Status changed: CREATE_COMPLETE => UPDATE_IN_PROGRESS in 0.10154175758361816
2019-12-27 20:52:55.334 8157 RALLYDEBUG rally.task.utils [-] Waiting for resource . Status changed: CREATE_COMPLETE => UPDATE_IN_PROGRESS in 0.13003063201904297
2019-12-27 20:52:55.345 8158 RALLYDEBUG rally.task.utils [-] Waiting for resource . Status changed: CREATE_COMPLETE => UPDATE_IN_PROGRESS in 0.07961225509643555
2019-12-27 20:52:56.374 8156 RALLYDEBUG rally.task.utils [-] Waiting for resource . Status changed: UPDATE_IN_PROGRESS => UPDATE_COMPLETE in 1.0906600952148438
2019-12-27 20:52:56.385 8155 RALLYDEBUG rally.task.utils [-] Waiting for resource . Status changed: CREATE_COMPLETE => UPDATE_IN_PROGRESS in 0.1315140724182129
2019-12-27 20:52:56.419 8157 RALLYDEBUG rally.task.utils [-] Waiting for resource . Status changed: UPDATE_IN_PROGRESS => UPDATE_COMPLETE in 1.0851590633392334
2019-12-27 20:52:56.430 8158 RALLYDEBUG rally.task.utils [-] Waiting for resource . Status changed: UPDATE_IN_PROGRESS => UPDATE_COMPLETE in 1.085190773010254
2019-12-27 20:52:56.537 8156 RALLYDEBUG rally.task.utils [-] Waiting for resource . Status changed: CREATE_COMPLETE => DELETE_IN_PROGRESS in 0.08254361152648926
2019-12-27 20:52:56.628 8157 RALLYDEBUG rally.task.utils [-] Waiting for resource . Status changed: CREATE_COMPLETE => DELETE_IN_PROGRESS in 0.08156657218933105
2019-12-27 20:52:56.639 8158 RALLYDEBUG rally.task.utils [-] Waiting for resource . Status changed: CREATE_COMPLETE => DELETE_IN_PROGRESS in 0.07962274551391602
2019-12-27 20:52:57.502 8155 RALLYDEBUG rally.task.utils [-] Waiting for resource . Status changed: UPDATE_IN_PROGRESS => UPDATE_COMPLETE in 1.1174836158752441
2019-12-27 20:52:57.670 8155 RALLYDEBUG rally.task.utils [-] Waiting for resource . Status changed: CREATE_COMPLETE => DELETE_IN_PROGRESS in 0.08745050430297852
2019-12-27 20:52:58.728 8156 INFO rally.task.runner [-] Task f02bedc5-62e0-40a6-9bb8-5e8f7cfa993b | ITER: 6 END: OK
2019-12-27 20:52:58.731 8156 INFO rally.task.runner [-] Task f02bedc5-62e0-40a6-9bb8-5e8f7cfa993b | ITER: 9 START
2019-12-27 20:52:58.808 8157 INFO rally.task.runner [-] Task f02bedc5-62e0-40a6-9bb8-5e8f7cfa993b | ITER: 5 END: OK
2019-12-27 20:52:58.812 8157 INFO rally.task.runner [-] Task f02bedc5-62e0-40a6-9bb8-5e8f7cfa993b | ITER: 10 START
2019-12-27 20:52:59.846 8155 INFO rally.task.runner [-] Task f02bedc5-62e0-40a6-9bb8-5e8f7cfa993b | ITER: 8 END: OK
2019-12-27 20:52:59.892 8158 INFO rally.task.runner [-] Task f02bedc5-62e0-40a6-9bb8-5e8f7cfa993b | ITER: 7 END: OK
2019-12-27 20:53:01.767 8156 RALLYDEBUG rally.task.utils [-] Waiting for resource . Status changed: CREATE_IN_PROGRESS => CREATE_COMPLETE in 0.09966754913330078
2019-12-27 20:53:01.801 8157 RALLYDEBUG rally.task.utils [-] Waiting for resource . Status changed: CREATE_IN_PROGRESS => CREATE_COMPLETE in 0.07870364189147949
2019-12-27 20:53:03.980 8156 RALLYDEBUG rally.task.utils [-] Waiting for resource . Status changed: CREATE_COMPLETE => UPDATE_IN_PROGRESS in 0.09112739562988281
2019-12-27 20:53:04.092 8157 RALLYDEBUG rally.task.utils [-] Waiting for resource . Status changed: CREATE_COMPLETE => UPDATE_IN_PROGRESS in 0.12228989601135254
2019-12-27 20:53:05.071 8156 RALLYDEBUG rally.task.utils [-] Waiting for resource . Status changed: UPDATE_IN_PROGRESS => UPDATE_COMPLETE in 1.09067964553833
2019-12-27 20:53:05.181 8157 RALLYDEBUG rally.task.utils [-] Waiting for resource . Status changed: UPDATE_IN_PROGRESS => UPDATE_COMPLETE in 1.088961124420166
2019-12-27 20:53:05.234 8156 RALLYDEBUG rally.task.utils [-] Waiting for resource . Status changed: CREATE_COMPLETE => DELETE_IN_PROGRESS in 0.0825812816619873
2019-12-27 20:53:05.399 8157 RALLYDEBUG rally.task.utils [-] Waiting for resource . Status changed: CREATE_COMPLETE => DELETE_IN_PROGRESS in 0.08036208152770996
2019-12-27 20:53:07.425 8156 INFO rally.task.runner [-] Task f02bedc5-62e0-40a6-9bb8-5e8f7cfa993b | ITER: 9 END: OK
2019-12-27 20:53:07.583 8157 INFO rally.task.runner [-] Task f02bedc5-62e0-40a6-9bb8-5e8f7cfa993b | ITER: 10 END: OK
2019-12-27 20:53:07.614 6545 INFO rally.task.context [-] Task f02bedc5-62e0-40a6-9bb8-5e8f7cfa993b | Context cleanup@openstack cleanup() started
2019-12-27 20:53:07.620 6545 RALLYDEBUG rally_openstack.cleanup.manager [-] Cleaning up heat stacks objects
2019-12-27 20:53:08.666 6545 INFO rally.task.context [-] Task f02bedc5-62e0-40a6-9bb8-5e8f7cfa993b | Context cleanup@openstack cleanup() finished in 1.05 sec
2019-12-27 20:53:08.667 6545 INFO rally.task.context [-] Task f02bedc5-62e0-40a6-9bb8-5e8f7cfa993b | Context roles@openstack cleanup() started
2019-12-27 20:53:08.676 6545 INFO rally.task.context [-] Task f02bedc5-62e0-40a6-9bb8-5e8f7cfa993b | Context roles@openstack cleanup() finished in 9.41 msec
2019-12-27 20:53:08.677 6545 INFO rally.task.context [-] Task f02bedc5-62e0-40a6-9bb8-5e8f7cfa993b | Context users@openstack cleanup() started
2019-12-27 20:53:11.586 6545 INFO rally.task.context [-] Task f02bedc5-62e0-40a6-9bb8-5e8f7cfa993b | Context users@openstack cleanup() finished in 2.91 sec
2019-12-27 20:53:11.679 6545 INFO rally.task.engine [-] Load duration is: 22.266598
2019-12-27 20:53:11.679 6545 INFO rally.task.engine [-] Full runner duration is: 26.317385
2019-12-27 20:53:11.679 6545 INFO rally.task.engine [-] Full duration is: 32.123344
2019-12-27 20:53:11.744 6545 INFO rally.task.engine [-] Running workload: position = 1 config = { "version": 2, "title": "A cropped version of a bigger task.", "description": "Auto-generated task from a single workload (uuid=bce75a6f-c825-4721-a3fc-98a095c23549)", "subtasks": [ { "title": "HeatStacks.create_update_delete_stack", "description": "Create, update and then delete a stack.", "scenario": { "HeatStacks.create_update_delete_stack": { "template_path": "/usr/lib/python3.6/site-packages/functest/opnfv_tests/openstack/rally/scenario/templates/random_strings.yaml.template", "updated_template_path": "/usr/lib/python3.6/site-packages/functest/opnfv_tests/openstack/rally/scenario/templates/updated_random_strings_delete.yaml.template" } }, "contexts": { "users": { "tenants": 3, "users_per_tenant": 2 }, "roles": [ "heat_stack_owner" ] }, "runner": { "constant": { "concurrency": 4, "times": 10 } }, "hooks": [], "sla": { "failure_rate": { "max": 0 } } } ] }
2019-12-27 20:53:11.765 6545 RALLYDEBUG rally_openstack.contexts.keystone.users [-] Creating 3 tenants using 20 threads
2019-12-27 20:53:12.308 6545 RALLYDEBUG rally_openstack.contexts.keystone.users [-] Creating 6 users using 20 threads
2019-12-27 20:53:13.266 6545 INFO rally.task.context [-] Task f02bedc5-62e0-40a6-9bb8-5e8f7cfa993b | Context users@openstack setup() finished in 1.50 sec
2019-12-27 20:53:13.486 6545 ERROR rally.common.broker [-] Failed to publish a task to the queue: rally.exceptions.NotFoundException: The resource can not be found: There is no role with name `heat_stack_owner`
2019-12-27 20:53:13.486 6545 ERROR rally.common.broker
Traceback (most recent call last):
2019-12-27 20:53:13.486 6545 ERROR rally.common.broker
File "/usr/lib/python3.6/site-packages/rally/common/broker.py", line 58, in _publisher
2019-12-27 20:53:13.486 6545 ERROR rally.common.broker publish(queue)
2019-12-27 20:53:13.486 6545 ERROR rally.common.broker
File "/usr/lib/python3.6/site-packages/rally_openstack/contexts/keystone/roles.py", line 91, in publish
2019-12-27 20:53:13.486 6545 ERROR rally.common.broker role = self._get_role_object(context_role)
2019-12-27 20:53:13.486 6545 ERROR rally.common.broker
File "/usr/lib/python3.6/site-packages/rally_openstack/contexts/keystone/roles.py", line 65, in _get_role_object
2019-12-27 20:53:13.486 6545 ERROR rally.common.broker "There is no role with name `%s`" % context_role)
2019-12-27 20:53:13.486 6545 ERROR rally.common.broker rally.exceptions.NotFoundException: The resource can not be found: There is no role with name `heat_stack_owner`
2019-12-27 20:53:13.486 6545 ERROR rally.common.broker
2019-12-27 20:53:13.497 6545 INFO rally.task.context [-] Task f02bedc5-62e0-40a6-9bb8-5e8f7cfa993b | Context roles@openstack setup() finished in 0.23 sec
2019-12-27 20:53:13.498 6545 INFO rally.task.context [-] Task f02bedc5-62e0-40a6-9bb8-5e8f7cfa993b | Context cleanup@openstack setup() finished in 0.02 msec
2019-12-27 20:53:13.506 6545 RALLYDEBUG rally.task.runner [-] Starting the constant runner (task UUID: f02bedc5-62e0-40a6-9bb8-5e8f7cfa993b). times: 10 concurrency: 4 timeout: 0 max_cpu_used: 88 processes_to_start: 4 concurrency_per_worker: 1 concurrency_overhead: 0
2019-12-27 20:53:13.517 8339 RALLYDEBUG rally.task.runner [-] Starting a worker. times: 10 duration: None concurrency: 1 timeout: 0 cls: method_name: run args: {"template_path": "heat_template_version: 2014-10-16\n\ndescription: Test template for rally create-update-delete scenario\n\nresources:\n test_string_one:\n type: OS::Heat::RandomString\n properties:\n length: 20\n test_string_two:\n type: OS::Heat::RandomString\n properties:\n length: 20", "updated_template_path": "heat_template_version: 2014-10-16\n\ndescription: >\n Test template for create-update-delete-stack scenario in rally.\n The template deletes one resource from the stack defined by random_strings.yaml.template.\n\nresources:\n test_string_one:\n type: OS::Heat::RandomString\n properties:\n length: 20"}
2019-12-27 20:53:13.520 8340 RALLYDEBUG rally.task.runner [-] Starting a worker. times: 10 duration: None concurrency: 1 timeout: 0 cls: method_name: run args: {"template_path": "heat_template_version: 2014-10-16\n\ndescription: Test template for rally create-update-delete scenario\n\nresources:\n test_string_one:\n type: OS::Heat::RandomString\n properties:\n length: 20\n test_string_two:\n type: OS::Heat::RandomString\n properties:\n length: 20", "updated_template_path": "heat_template_version: 2014-10-16\n\ndescription: >\n Test template for create-update-delete-stack scenario in rally.\n The template deletes one resource from the stack defined by random_strings.yaml.template.\n\nresources:\n test_string_one:\n type: OS::Heat::RandomString\n properties:\n length: 20"}
2019-12-27 20:53:13.522 8341 RALLYDEBUG rally.task.runner [-] Starting a worker. times: 10 duration: None concurrency: 1 timeout: 0 cls: method_name: run args: {"template_path": "heat_template_version: 2014-10-16\n\ndescription: Test template for rally create-update-delete scenario\n\nresources:\n test_string_one:\n type: OS::Heat::RandomString\n properties:\n length: 20\n test_string_two:\n type: OS::Heat::RandomString\n properties:\n length: 20", "updated_template_path": "heat_template_version: 2014-10-16\n\ndescription: >\n Test template for create-update-delete-stack scenario in rally.\n The template deletes one resource from the stack defined by random_strings.yaml.template.\n\nresources:\n test_string_one:\n type: OS::Heat::RandomString\n properties:\n length: 20"}
2019-12-27 20:53:13.524 8339 INFO rally.task.runner [-] Task f02bedc5-62e0-40a6-9bb8-5e8f7cfa993b | ITER: 1 START
2019-12-27 20:53:13.524 8342 RALLYDEBUG rally.task.runner [-] Starting a worker. times: 10 duration: None concurrency: 1 timeout: 0 cls: method_name: run args: {"template_path": "heat_template_version: 2014-10-16\n\ndescription: Test template for rally create-update-delete scenario\n\nresources:\n test_string_one:\n type: OS::Heat::RandomString\n properties:\n length: 20\n test_string_two:\n type: OS::Heat::RandomString\n properties:\n length: 20", "updated_template_path": "heat_template_version: 2014-10-16\n\ndescription: >\n Test template for create-update-delete-stack scenario in rally.\n The template deletes one resource from the stack defined by random_strings.yaml.template.\n\nresources:\n test_string_one:\n type: OS::Heat::RandomString\n properties:\n length: 20"}
2019-12-27 20:53:13.527 8340 INFO rally.task.runner [-] Task f02bedc5-62e0-40a6-9bb8-5e8f7cfa993b | ITER: 2 START
2019-12-27 20:53:13.529 8341 INFO rally.task.runner [-] Task f02bedc5-62e0-40a6-9bb8-5e8f7cfa993b | ITER: 3 START
2019-12-27 20:53:13.531 8342 INFO rally.task.runner [-] Task f02bedc5-62e0-40a6-9bb8-5e8f7cfa993b | ITER: 4 START
2019-12-27 20:53:16.518 8340 RALLYDEBUG rally.task.utils [-] Waiting for resource . Status changed: CREATE_IN_PROGRESS => CREATE_COMPLETE in 0.1036367416381836
2019-12-27 20:53:16.547 8342 RALLYDEBUG rally.task.utils [-] Waiting for resource . Status changed: CREATE_IN_PROGRESS => CREATE_COMPLETE in 0.10260391235351562
2019-12-27 20:53:16.572 8339 RALLYDEBUG rally.task.utils [-] Waiting for resource . Status changed: CREATE_IN_PROGRESS => CREATE_COMPLETE in 0.10059428215026855
2019-12-27 20:53:16.585 8341 RALLYDEBUG rally.task.utils [-] Waiting for resource . Status changed: CREATE_IN_PROGRESS => CREATE_COMPLETE in 0.08055877685546875
2019-12-27 20:53:18.722 8340 RALLYDEBUG rally.task.utils [-] Waiting for resource . Status changed: CREATE_COMPLETE => UPDATE_COMPLETE in 0.08514690399169922
2019-12-27 20:53:18.837 8339 RALLYDEBUG rally.task.utils [-] Waiting for resource . Status changed: CREATE_COMPLETE => UPDATE_COMPLETE in 0.09693717956542969
2019-12-27 20:53:18.843 8342 RALLYDEBUG rally.task.utils [-] Waiting for resource . Status changed: CREATE_COMPLETE => UPDATE_COMPLETE in 0.11432719230651855
2019-12-27 20:53:18.858 8341 RALLYDEBUG rally.task.utils [-] Waiting for resource . Status changed: CREATE_COMPLETE => UPDATE_COMPLETE in 0.09336471557617188
2019-12-27 20:53:18.892 8340 RALLYDEBUG rally.task.utils [-] Waiting for resource . Status changed: CREATE_COMPLETE => DELETE_IN_PROGRESS in 0.08630084991455078
2019-12-27 20:53:19.003 8339 RALLYDEBUG rally.task.utils [-] Waiting for resource . Status changed: CREATE_COMPLETE => DELETE_IN_PROGRESS in 0.07974839210510254
2019-12-27 20:53:19.063 8342 RALLYDEBUG rally.task.utils [-] Waiting for resource . Status changed: CREATE_COMPLETE => DELETE_IN_PROGRESS in 0.08768439292907715
2019-12-27 20:53:19.069 8341 RALLYDEBUG rally.task.utils [-] Waiting for resource . Status changed: CREATE_COMPLETE => DELETE_IN_PROGRESS in 0.07680034637451172
2019-12-27 20:53:19.975 8340 INFO rally.task.runner [-] Task f02bedc5-62e0-40a6-9bb8-5e8f7cfa993b | ITER: 2 END: OK
2019-12-27 20:53:19.980 8340 INFO rally.task.runner [-] Task f02bedc5-62e0-40a6-9bb8-5e8f7cfa993b | ITER: 5 START
2019-12-27 20:53:20.088 8339 INFO rally.task.runner [-] Task f02bedc5-62e0-40a6-9bb8-5e8f7cfa993b | ITER: 1 END: OK
2019-12-27 20:53:20.093 8339 INFO rally.task.runner [-] Task f02bedc5-62e0-40a6-9bb8-5e8f7cfa993b | ITER: 6 START
2019-12-27 20:53:20.153 8342 INFO rally.task.runner [-] Task f02bedc5-62e0-40a6-9bb8-5e8f7cfa993b | ITER: 4 END: OK
2019-12-27 20:53:20.157 8342 INFO rally.task.runner [-] Task f02bedc5-62e0-40a6-9bb8-5e8f7cfa993b | ITER: 7 START
2019-12-27 20:53:20.170 8341 INFO rally.task.runner [-] Task f02bedc5-62e0-40a6-9bb8-5e8f7cfa993b | ITER: 3 END: OK
2019-12-27 20:53:20.175 8341 INFO rally.task.runner [-] Task f02bedc5-62e0-40a6-9bb8-5e8f7cfa993b | ITER: 8 START
2019-12-27 20:53:22.977 8341 RALLYDEBUG rally.task.utils [-] Waiting for resource . Status changed: CREATE_IN_PROGRESS => CREATE_COMPLETE in 0.08508563041687012
2019-12-27 20:53:23.038 8342 RALLYDEBUG rally.task.utils [-] Waiting for resource . Status changed: CREATE_IN_PROGRESS => CREATE_COMPLETE in 0.1206655502319336
2019-12-27 20:53:23.040 8340 RALLYDEBUG rally.task.utils [-] Waiting for resource . Status changed: CREATE_IN_PROGRESS => CREATE_COMPLETE in 0.1195065975189209
2019-12-27 20:53:23.163 8339 RALLYDEBUG rally.task.utils [-] Waiting for resource . Status changed: CREATE_IN_PROGRESS => CREATE_COMPLETE in 0.12435007095336914
2019-12-27 20:53:25.212 8341 RALLYDEBUG rally.task.utils [-] Waiting for resource . Status changed: CREATE_COMPLETE => UPDATE_COMPLETE in 0.08445119857788086
2019-12-27 20:53:25.303 8340 RALLYDEBUG rally.task.utils [-] Waiting for resource . Status changed: CREATE_COMPLETE => UPDATE_COMPLETE in 0.09293007850646973
2019-12-27 20:53:25.318 8342 RALLYDEBUG rally.task.utils [-] Waiting for resource . Status changed: CREATE_COMPLETE => UPDATE_COMPLETE in 0.0897219181060791
2019-12-27 20:53:25.401 8341 RALLYDEBUG rally.task.utils [-] Waiting for resource . Status changed: CREATE_COMPLETE => DELETE_IN_PROGRESS in 0.10440683364868164
2019-12-27 20:53:25.409 8339 RALLYDEBUG rally.task.utils [-] Waiting for resource . Status changed: CREATE_COMPLETE => UPDATE_COMPLETE in 0.0818018913269043
2019-12-27 20:53:25.465 8340 RALLYDEBUG rally.task.utils [-] Waiting for resource . Status changed: CREATE_COMPLETE => DELETE_IN_PROGRESS in 0.0807032585144043
2019-12-27 20:53:25.532 8342 RALLYDEBUG rally.task.utils [-] Waiting for resource . Status changed: CREATE_COMPLETE => DELETE_IN_PROGRESS in 0.08287382125854492
2019-12-27 20:53:25.641 8339 RALLYDEBUG rally.task.utils [-] Waiting for resource . Status changed: CREATE_COMPLETE => DELETE_IN_PROGRESS in 0.09768939018249512
2019-12-27 20:53:26.503 8341 INFO rally.task.runner [-] Task f02bedc5-62e0-40a6-9bb8-5e8f7cfa993b | ITER: 8 END: OK
2019-12-27 20:53:26.509 8341 INFO rally.task.runner [-] Task f02bedc5-62e0-40a6-9bb8-5e8f7cfa993b | ITER: 9 START
2019-12-27 20:53:26.566 8340 INFO rally.task.runner [-] Task f02bedc5-62e0-40a6-9bb8-5e8f7cfa993b | ITER: 5 END: OK
2019-12-27 20:53:26.570 8340 INFO rally.task.runner [-] Task f02bedc5-62e0-40a6-9bb8-5e8f7cfa993b | ITER: 10 START
2019-12-27 20:53:26.637 8342 INFO rally.task.runner [-] Task f02bedc5-62e0-40a6-9bb8-5e8f7cfa993b | ITER: 7 END: OK
2019-12-27 20:53:26.723 8339 INFO rally.task.runner [-] Task f02bedc5-62e0-40a6-9bb8-5e8f7cfa993b | ITER: 6 END: OK
2019-12-27 20:53:29.358 8340 RALLYDEBUG rally.task.utils [-] Waiting for resource . Status changed: CREATE_IN_PROGRESS => CREATE_COMPLETE in 0.08391046524047852
2019-12-27 20:53:29.369 8341 RALLYDEBUG rally.task.utils [-] Waiting for resource . Status changed: CREATE_IN_PROGRESS => CREATE_COMPLETE in 0.09766340255737305
2019-12-27 20:53:31.624 8341 RALLYDEBUG rally.task.utils [-] Waiting for resource . Status changed: CREATE_COMPLETE => UPDATE_COMPLETE in 0.08163261413574219
2019-12-27 20:53:31.653 8340 RALLYDEBUG rally.task.utils [-] Waiting for resource . Status changed: CREATE_COMPLETE => UPDATE_COMPLETE in 0.11160445213317871
2019-12-27 20:53:31.785 8341 RALLYDEBUG rally.task.utils [-] Waiting for resource . Status changed: CREATE_COMPLETE => DELETE_IN_PROGRESS in 0.08040070533752441
2019-12-27 20:53:31.866 8340 RALLYDEBUG rally.task.utils [-] Waiting for resource . Status changed: CREATE_COMPLETE => DELETE_IN_PROGRESS in 0.08138918876647949
2019-12-27 20:53:32.871 8341 INFO rally.task.runner [-] Task f02bedc5-62e0-40a6-9bb8-5e8f7cfa993b | ITER: 9 END: OK
2019-12-27 20:53:32.951 8340 INFO rally.task.runner [-] Task f02bedc5-62e0-40a6-9bb8-5e8f7cfa993b | ITER: 10 END: OK
2019-12-27 20:53:32.976 6545 INFO rally.task.context [-] Task f02bedc5-62e0-40a6-9bb8-5e8f7cfa993b | Context cleanup@openstack cleanup() started
2019-12-27 20:53:32.984 6545 RALLYDEBUG rally_openstack.cleanup.manager [-] Cleaning up heat stacks objects
2019-12-27 20:53:33.830 6545 INFO rally.task.context [-] Task f02bedc5-62e0-40a6-9bb8-5e8f7cfa993b | Context cleanup@openstack cleanup() finished in 0.85 sec
2019-12-27 20:53:33.831 6545 INFO rally.task.context [-] Task f02bedc5-62e0-40a6-9bb8-5e8f7cfa993b | Context roles@openstack cleanup() started
2019-12-27 20:53:33.839 6545 INFO rally.task.context [-] Task f02bedc5-62e0-40a6-9bb8-5e8f7cfa993b | Context roles@openstack cleanup() finished in 8.61 msec
2019-12-27 20:53:33.840 6545 INFO rally.task.context [-] Task f02bedc5-62e0-40a6-9bb8-5e8f7cfa993b | Context users@openstack cleanup() started
2019-12-27 20:53:36.659 6545 INFO rally.task.context [-] Task f02bedc5-62e0-40a6-9bb8-5e8f7cfa993b | Context users@openstack cleanup() finished in 2.82 sec
2019-12-27 20:53:37.908 6545 INFO rally.task.engine [-] Load duration is: 15.425235
2019-12-27 20:53:37.909 6545 INFO rally.task.engine [-] Full runner duration is: 19.469478
2019-12-27 20:53:37.909 6545 INFO rally.task.engine [-] Full duration is: 24.896638
2019-12-27 20:53:37.973 6545 INFO rally.task.engine [-] Running workload: position = 2 config = { "version": 2, "title": "A cropped version of a bigger task.", "description": "Auto-generated task from a single workload (uuid=75eb0c42-986c-4553-a82a-c5b00ba71c53)", "subtasks": [ { "title": "HeatStacks.create_update_delete_stack", "description": "Create, update and then delete a stack.", "scenario": { "HeatStacks.create_update_delete_stack": { "template_path": "/usr/lib/python3.6/site-packages/functest/opnfv_tests/openstack/rally/scenario/templates/resource_group.yaml.template", "updated_template_path": "/usr/lib/python3.6/site-packages/functest/opnfv_tests/openstack/rally/scenario/templates/updated_resource_group_increase.yaml.template" } }, "contexts": { "users": { "tenants": 3, "users_per_tenant": 2 }, "roles": [ "heat_stack_owner" ] }, "runner": { "constant": { "concurrency": 4, "times": 10 } }, "hooks": [], "sla": { "failure_rate": { "max": 0 } } } ] }
2019-12-27 20:53:37.996 6545 RALLYDEBUG rally_openstack.contexts.keystone.users [-] Creating 3 tenants using 20 threads
