2020-04-10 04:13:57.957 3120 INFO rally.task.runner [-] Task 9b6e273c-4817-4ae8-a04b-5d8f2a159d8e | ITER: 9 START
2020-04-10 04:13:57.956 3124 RALLYDEBUG rally.task.runner [-] Starting a worker. times: 40 duration: None concurrency: 1 timeout: 0 cls: method_name: run args: {"network_create_args": {}, "subnet_create_args": {}, "subnet_cidr_start": "1.1.0.0/30", "subnets_per_network": 2, "router_create_args": {}}
2020-04-10 04:13:57.960 3126 RALLYDEBUG rally.task.runner [-] Starting a worker. times: 40 duration: None concurrency: 1 timeout: 0 cls: method_name: run args: {"network_create_args": {}, "subnet_create_args": {}, "subnet_cidr_start": "1.1.0.0/30", "subnets_per_network": 2, "router_create_args": {}}
2020-04-10 04:13:57.961 3124 INFO rally.task.runner [-] Task 9b6e273c-4817-4ae8-a04b-5d8f2a159d8e | ITER: 10 START
2020-04-10 04:13:57.962 3128 RALLYDEBUG rally.task.runner [-] Starting a worker. times: 40 duration: None concurrency: 1 timeout: 0 cls: method_name: run args: {"network_create_args": {}, "subnet_create_args": {}, "subnet_cidr_start": "1.1.0.0/30", "subnets_per_network": 2, "router_create_args": {}}
2020-04-10 04:13:57.964 3126 INFO rally.task.runner [-] Task 9b6e273c-4817-4ae8-a04b-5d8f2a159d8e | ITER: 11 START
2020-04-10 04:13:57.966 3128 INFO rally.task.runner [-] Task 9b6e273c-4817-4ae8-a04b-5d8f2a159d8e | ITER: 12 START
2020-04-10 04:13:57.967 3131 RALLYDEBUG rally.task.runner [-] Starting a worker. times: 40 duration: None concurrency: 1 timeout: 0 cls: method_name: run args: {"network_create_args": {}, "subnet_create_args": {}, "subnet_cidr_start": "1.1.0.0/30", "subnets_per_network": 2, "router_create_args": {}}
2020-04-10 04:13:57.971 3131 INFO rally.task.runner [-] Task 9b6e273c-4817-4ae8-a04b-5d8f2a159d8e | ITER: 13 START
2020-04-10 04:13:57.970 3135 RALLYDEBUG rally.task.runner [-] Starting a worker. times: 40 duration: None concurrency: 1 timeout: 0 cls: method_name: run args: {"network_create_args": {}, "subnet_create_args": {}, "subnet_cidr_start": "1.1.0.0/30", "subnets_per_network": 2, "router_create_args": {}}
2020-04-10 04:13:57.972 3137 RALLYDEBUG rally.task.runner [-] Starting a worker. times: 40 duration: None concurrency: 1 timeout: 0 cls: method_name: run args: {"network_create_args": {}, "subnet_create_args": {}, "subnet_cidr_start": "1.1.0.0/30", "subnets_per_network": 2, "router_create_args": {}}
2020-04-10 04:13:57.975 3135 INFO rally.task.runner [-] Task 9b6e273c-4817-4ae8-a04b-5d8f2a159d8e | ITER: 14 START
2020-04-10 04:13:57.976 3137 INFO rally.task.runner [-] Task 9b6e273c-4817-4ae8-a04b-5d8f2a159d8e | ITER: 15 START
2020-04-10 04:13:57.976 3140 RALLYDEBUG rally.task.runner [-] Starting a worker. times: 40 duration: None concurrency: 1 timeout: 0 cls: method_name: run args: {"network_create_args": {}, "subnet_create_args": {}, "subnet_cidr_start": "1.1.0.0/30", "subnets_per_network": 2, "router_create_args": {}}
2020-04-10 04:13:57.979 3142 RALLYDEBUG rally.task.runner [-] Starting a worker. times: 40 duration: None concurrency: 1 timeout: 0 cls: method_name: run args: {"network_create_args": {}, "subnet_create_args": {}, "subnet_cidr_start": "1.1.0.0/30", "subnets_per_network": 2, "router_create_args": {}}
2020-04-10 04:13:57.979 3140 INFO rally.task.runner [-] Task 9b6e273c-4817-4ae8-a04b-5d8f2a159d8e | ITER: 16 START
2020-04-10 04:13:57.982 3147 RALLYDEBUG rally.task.runner [-] Starting a worker. times: 40 duration: None concurrency: 1 timeout: 0 cls: method_name: run args: {"network_create_args": {}, "subnet_create_args": {}, "subnet_cidr_start": "1.1.0.0/30", "subnets_per_network": 2, "router_create_args": {}}
2020-04-10 04:13:57.983 3142 INFO rally.task.runner [-] Task 9b6e273c-4817-4ae8-a04b-5d8f2a159d8e | ITER: 17 START
2020-04-10 04:13:57.985 3147 INFO rally.task.runner [-] Task 9b6e273c-4817-4ae8-a04b-5d8f2a159d8e | ITER: 18 START
2020-04-10 04:13:57.986 3150 RALLYDEBUG rally.task.runner [-] Starting a worker. times: 40 duration: None concurrency: 1 timeout: 0 cls: method_name: run args: {"network_create_args": {}, "subnet_create_args": {}, "subnet_cidr_start": "1.1.0.0/30", "subnets_per_network": 2, "router_create_args": {}}
2020-04-10 04:13:57.989 3154 RALLYDEBUG rally.task.runner [-] Starting a worker. times: 40 duration: None concurrency: 1 timeout: 0 cls: method_name: run args: {"network_create_args": {}, "subnet_create_args": {}, "subnet_cidr_start": "1.1.0.0/30", "subnets_per_network": 2, "router_create_args": {}}
2020-04-10 04:13:57.990 3150 INFO rally.task.runner [-] Task 9b6e273c-4817-4ae8-a04b-5d8f2a159d8e | ITER: 19 START
2020-04-10 04:13:57.992 3154 INFO rally.task.runner [-] Task 9b6e273c-4817-4ae8-a04b-5d8f2a159d8e | ITER: 20 START
2020-04-10 04:14:00.042 3120 RALLYDEBUG rally_openstack.wrappers.network [-] CIDR generated: 1.1.8.32/30
2020-04-10 04:14:00.161 3099 RALLYDEBUG rally_openstack.wrappers.network [-] CIDR generated: 1.1.8.36/30
2020-04-10 04:14:00.681 3104 RALLYDEBUG rally_openstack.wrappers.network [-] CIDR generated: 1.1.8.40/30
2020-04-10 04:14:01.035 3135 RALLYDEBUG rally_openstack.wrappers.network [-] CIDR generated: 1.1.8.44/30
2020-04-10 04:14:01.321 3113 RALLYDEBUG rally_openstack.wrappers.network [-] CIDR generated: 1.1.8.48/30
2020-04-10 04:14:02.066 3126 RALLYDEBUG rally_openstack.wrappers.network [-] CIDR generated: 1.1.8.52/30
2020-04-10 04:14:02.409 3147 RALLYDEBUG rally_openstack.wrappers.network [-] CIDR generated: 1.1.8.56/30
2020-04-10 04:14:02.473 3104 RALLYDEBUG rally_openstack.wrappers.network [-] CIDR generated: 1.1.8.60/30
2020-04-10 04:14:03.098 3137 RALLYDEBUG rally_openstack.wrappers.network [-] CIDR generated: 1.1.8.64/30
2020-04-10 04:14:03.390 3120 RALLYDEBUG rally_openstack.wrappers.network [-] CIDR generated: 1.1.8.68/30
2020-04-10 04:14:03.614 3142 RALLYDEBUG rally_openstack.wrappers.network [-] CIDR generated: 1.1.8.72/30
2020-04-10 04:14:04.029 3135 RALLYDEBUG rally_openstack.wrappers.network [-] CIDR generated: 1.1.8.76/30
2020-04-10 04:14:04.199 3128 RALLYDEBUG rally_openstack.wrappers.network [-] CIDR generated: 1.1.8.80/30
2020-04-10 04:14:04.483 3137 RALLYDEBUG rally_openstack.wrappers.network [-] CIDR generated: 1.1.8.84/30
2020-04-10 04:14:04.771 3126 RALLYDEBUG rally_openstack.wrappers.network [-] CIDR generated: 1.1.8.88/30
2020-04-10 04:14:04.813 3099 RALLYDEBUG rally_openstack.wrappers.network [-] CIDR generated: 1.1.8.92/30
2020-04-10 04:14:05.017 3117 RALLYDEBUG rally_openstack.wrappers.network [-] CIDR generated: 1.1.8.96/30
2020-04-10 04:14:05.118 3101 RALLYDEBUG rally_openstack.wrappers.network [-] CIDR generated: 1.1.8.100/30
2020-04-10 04:14:05.185 3107 RALLYDEBUG rally_openstack.wrappers.network [-] CIDR generated: 1.1.8.104/30
2020-04-10 04:14:06.170 3131 RALLYDEBUG rally_openstack.wrappers.network [-] CIDR generated: 1.1.8.108/30
2020-04-10 04:14:06.766 3113 RALLYDEBUG rally_openstack.wrappers.network [-] CIDR generated: 1.1.8.112/30
2020-04-10 04:14:07.140 3124 RALLYDEBUG rally_openstack.wrappers.network [-] CIDR generated: 1.1.8.116/30
2020-04-10 04:14:07.530 3131 RALLYDEBUG rally_openstack.wrappers.network [-] CIDR generated: 1.1.8.120/30
2020-04-10 04:14:07.601 3100 RALLYDEBUG rally_openstack.wrappers.network [-] CIDR generated: 1.1.8.124/30
2020-04-10 04:14:08.083 3142 RALLYDEBUG rally_openstack.wrappers.network [-] CIDR generated: 1.1.8.128/30
2020-04-10 04:14:08.331 3147 RALLYDEBUG rally_openstack.wrappers.network [-] CIDR generated: 1.1.8.132/30
2020-04-10 04:14:09.444 3140 RALLYDEBUG rally_openstack.wrappers.network [-] CIDR generated: 1.1.8.136/30
2020-04-10 04:14:09.794 3128 RALLYDEBUG rally_openstack.wrappers.network [-] CIDR generated: 1.1.8.140/30
2020-04-10 04:14:09.971 3117 RALLYDEBUG rally_openstack.wrappers.network [-] CIDR generated: 1.1.8.144/30
2020-04-10 04:14:10.171 3107 RALLYDEBUG rally_openstack.wrappers.network [-] CIDR generated: 1.1.8.148/30
2020-04-10 04:14:10.343 3101 RALLYDEBUG rally_openstack.wrappers.network [-] CIDR generated: 1.1.8.152/30
2020-04-10 04:14:10.667 3154 RALLYDEBUG rally_openstack.wrappers.network [-] CIDR generated: 1.1.8.156/30
2020-04-10 04:14:11.651 3100 RALLYDEBUG rally_openstack.wrappers.network [-] CIDR generated: 1.1.8.160/30
2020-04-10 04:14:13.322 3150 RALLYDEBUG rally_openstack.wrappers.network [-] CIDR generated: 1.1.8.164/30
2020-04-10 04:14:14.186 3154 RALLYDEBUG rally_openstack.wrappers.network [-] CIDR generated: 1.1.8.168/30
2020-04-10 04:14:14.997 3124 RALLYDEBUG rally_openstack.wrappers.network [-] CIDR generated: 1.1.8.172/30
2020-04-10 04:14:16.531 3140 RALLYDEBUG rally_openstack.wrappers.network [-] CIDR generated: 1.1.8.176/30
2020-04-10 04:14:16.924 3104 INFO rally.task.runner [-] Task 9b6e273c-4817-4ae8-a04b-5d8f2a159d8e | ITER: 4 END: OK
2020-04-10 04:14:16.928 3104 INFO rally.task.runner [-] Task 9b6e273c-4817-4ae8-a04b-5d8f2a159d8e | ITER: 21 START
2020-04-10 04:14:17.591 3150 RALLYDEBUG rally_openstack.wrappers.network [-] CIDR generated: 1.1.8.180/30
2020-04-10 04:14:18.035 3110 RALLYDEBUG rally_openstack.wrappers.network [-] CIDR generated: 1.1.8.184/30
2020-04-10 04:14:18.257 3104 RALLYDEBUG rally_openstack.wrappers.network [-] CIDR generated: 1.1.8.188/30
2020-04-10 04:14:20.301 3104 RALLYDEBUG rally_openstack.wrappers.network [-] CIDR generated: 1.1.8.192/30
2020-04-10 04:14:23.875 3110 RALLYDEBUG rally_openstack.wrappers.network [-] CIDR generated: 1.1.8.196/30
2020-04-10 04:14:28.732 3137 INFO rally.task.runner [-] Task 9b6e273c-4817-4ae8-a04b-5d8f2a159d8e | ITER: 15 END: OK
2020-04-10 04:14:28.739 3137 INFO rally.task.runner [-] Task 9b6e273c-4817-4ae8-a04b-5d8f2a159d8e | ITER: 22 START
2020-04-10 04:14:30.381 3137 RALLYDEBUG rally_openstack.wrappers.network [-] CIDR generated: 1.1.8.200/30
2020-04-10 04:14:30.624 3120 INFO rally.task.runner [-] Task 9b6e273c-4817-4ae8-a04b-5d8f2a159d8e | ITER: 9 END: OK
2020-04-10 04:14:30.630 3120 INFO rally.task.runner [-] Task 9b6e273c-4817-4ae8-a04b-5d8f2a159d8e | ITER: 23 START
2020-04-10 04:14:31.449 3135 INFO rally.task.runner [-] Task 9b6e273c-4817-4ae8-a04b-5d8f2a159d8e | ITER: 14 END: OK
2020-04-10 04:14:31.455 3135 INFO rally.task.runner [-] Task 9b6e273c-4817-4ae8-a04b-5d8f2a159d8e | ITER: 24 START
2020-04-10 04:14:34.073 3120 RALLYDEBUG rally_openstack.wrappers.network [-] CIDR generated: 1.1.8.204/30
2020-04-10 04:14:34.537 3135 RALLYDEBUG rally_openstack.wrappers.network [-] CIDR generated: 1.1.8.208/30
2020-04-10 04:14:34.733 3137 RALLYDEBUG rally_openstack.wrappers.network [-] CIDR generated: 1.1.8.212/30
2020-04-10 04:14:37.177 3135 RALLYDEBUG rally_openstack.wrappers.network [-] CIDR generated: 1.1.8.216/30
2020-04-10 04:14:38.677 3120 RALLYDEBUG rally_openstack.wrappers.network [-] CIDR generated: 1.1.8.220/30
2020-04-10 04:14:40.616 3131 INFO rally.task.runner [-] Task 9b6e273c-4817-4ae8-a04b-5d8f2a159d8e | ITER: 13 END: OK
2020-04-10 04:14:40.623 3131 INFO rally.task.runner [-] Task 9b6e273c-4817-4ae8-a04b-5d8f2a159d8e | ITER: 25 START
2020-04-10 04:14:41.848 3131 RALLYDEBUG rally_openstack.wrappers.network [-] CIDR generated: 1.1.8.224/30
2020-04-10 04:14:44.196 3131 RALLYDEBUG rally_openstack.wrappers.network [-] CIDR generated: 1.1.8.228/30
2020-04-10 04:14:44.298 3099 INFO rally.task.runner [-] Task 9b6e273c-4817-4ae8-a04b-5d8f2a159d8e | ITER: 1 END: OK
2020-04-10 04:14:44.304 3099 INFO rally.task.runner [-] Task 9b6e273c-4817-4ae8-a04b-5d8f2a159d8e | ITER: 26 START
2020-04-10 04:14:45.309 3099 RALLYDEBUG rally_openstack.wrappers.network [-] CIDR generated: 1.1.8.232/30
2020-04-10 04:14:46.154 3113 INFO rally.task.runner [-] Task 9b6e273c-4817-4ae8-a04b-5d8f2a159d8e | ITER: 7 END: OK
2020-04-10 04:14:46.161 3113 INFO rally.task.runner [-] Task 9b6e273c-4817-4ae8-a04b-5d8f2a159d8e | ITER: 27 START
2020-04-10 04:14:46.581 3099 RALLYDEBUG rally_openstack.wrappers.network [-] CIDR generated: 1.1.8.236/30
2020-04-10 04:14:46.688 3142 INFO rally.task.runner [-] Task 9b6e273c-4817-4ae8-a04b-5d8f2a159d8e | ITER: 17 END: OK
2020-04-10 04:14:46.694 3142 INFO rally.task.runner [-] Task 9b6e273c-4817-4ae8-a04b-5d8f2a159d8e | ITER: 28 START
2020-04-10 04:14:47.175 3113 RALLYDEBUG rally_openstack.wrappers.network [-] CIDR generated: 1.1.8.240/30
2020-04-10 04:14:47.401 3104 INFO rally.task.runner [-] Task 9b6e273c-4817-4ae8-a04b-5d8f2a159d8e | ITER: 21 END: OK
2020-04-10 04:14:47.406 3104 INFO rally.task.runner [-] Task 9b6e273c-4817-4ae8-a04b-5d8f2a159d8e | ITER: 29 START
2020-04-10 04:14:48.544 3142 RALLYDEBUG rally_openstack.wrappers.network [-] CIDR generated: 1.1.8.244/30
2020-04-10 04:14:49.364 3113 RALLYDEBUG rally_openstack.wrappers.network [-] CIDR generated: 1.1.8.248/30
2020-04-10 04:14:49.921 3154 INFO rally.task.runner [-] Task 9b6e273c-4817-4ae8-a04b-5d8f2a159d8e | ITER: 20 END: OK
2020-04-10 04:14:49.926 3154 INFO rally.task.runner [-] Task 9b6e273c-4817-4ae8-a04b-5d8f2a159d8e | ITER: 30 START
2020-04-10 04:14:50.010 3104 RALLYDEBUG rally_openstack.wrappers.network [-] CIDR generated: 1.1.8.252/30
2020-04-10 04:14:50.232 3150 INFO rally.task.runner [-] Task 9b6e273c-4817-4ae8-a04b-5d8f2a159d8e | ITER: 19 END: OK
2020-04-10 04:14:50.238 3150 INFO rally.task.runner [-] Task 9b6e273c-4817-4ae8-a04b-5d8f2a159d8e | ITER: 31 START
2020-04-10 04:14:50.296 3126 INFO rally.task.runner [-] Task 9b6e273c-4817-4ae8-a04b-5d8f2a159d8e | ITER: 11 END: OK
2020-04-10 04:14:50.303 3126 INFO rally.task.runner [-] Task 9b6e273c-4817-4ae8-a04b-5d8f2a159d8e | ITER: 32 START
2020-04-10 04:14:50.424 3142 RALLYDEBUG rally_openstack.wrappers.network [-] CIDR generated: 1.1.9.0/30
2020-04-10 04:14:51.652 3135 INFO rally.task.runner [-] Task 9b6e273c-4817-4ae8-a04b-5d8f2a159d8e | ITER: 24 END: OK
2020-04-10 04:14:51.656 3135 INFO rally.task.runner [-] Task 9b6e273c-4817-4ae8-a04b-5d8f2a159d8e | ITER: 33 START
2020-04-10 04:14:51.974 3154 RALLYDEBUG rally_openstack.wrappers.network [-] CIDR generated: 1.1.9.4/30
2020-04-10 04:14:52.404 3126 RALLYDEBUG rally_openstack.wrappers.network [-] CIDR generated: 1.1.9.8/30
2020-04-10 04:14:53.132 3150 RALLYDEBUG rally_openstack.wrappers.network [-] CIDR generated: 1.1.9.12/30
2020-04-10 04:14:53.407 3154 RALLYDEBUG rally_openstack.wrappers.network [-] CIDR generated: 1.1.9.16/30
2020-04-10 04:14:53.631 3104 RALLYDEBUG rally_openstack.wrappers.network [-] CIDR generated: 1.1.9.20/30
2020-04-10 04:14:53.931 3135 RALLYDEBUG rally_openstack.wrappers.network [-] CIDR generated: 1.1.9.24/30
2020-04-10 04:14:54.540 3110 INFO rally.task.runner [-] Task 9b6e273c-4817-4ae8-a04b-5d8f2a159d8e | ITER: 6 END: OK
2020-04-10 04:14:54.547 3110 INFO rally.task.runner [-] Task 9b6e273c-4817-4ae8-a04b-5d8f2a159d8e | ITER: 34 START
2020-04-10 04:14:54.897 3147 INFO rally.task.runner [-] Task 9b6e273c-4817-4ae8-a04b-5d8f2a159d8e | ITER: 18 END: OK
2020-04-10 04:14:54.903 3147 INFO rally.task.runner [-] Task 9b6e273c-4817-4ae8-a04b-5d8f2a159d8e | ITER: 35 START
2020-04-10 04:14:55.414 3110 RALLYDEBUG rally_openstack.wrappers.network [-] CIDR generated: 1.1.9.28/30
2020-04-10 04:14:55.924 3126 RALLYDEBUG rally_openstack.wrappers.network [-] CIDR generated: 1.1.9.32/30
2020-04-10 04:14:56.094 3128 INFO rally.task.runner [-] Task 9b6e273c-4817-4ae8-a04b-5d8f2a159d8e | ITER: 12 END: OK
2020-04-10 04:14:56.102 3128 INFO rally.task.runner [-] Task 9b6e273c-4817-4ae8-a04b-5d8f2a159d8e | ITER: 36 START
2020-04-10 04:14:57.249 3101 INFO rally.task.runner [-] Task 9b6e273c-4817-4ae8-a04b-5d8f2a159d8e | ITER: 3 END: OK
2020-04-10 04:14:57.255 3101 INFO rally.task.runner [-] Task 9b6e273c-4817-4ae8-a04b-5d8f2a159d8e | ITER: 37 START
2020-04-10 04:14:57.562 3135 RALLYDEBUG rally_openstack.wrappers.network [-] CIDR generated: 1.1.9.36/30
2020-04-10 04:14:57.678 3110 RALLYDEBUG rally_openstack.wrappers.network [-] CIDR generated: 1.1.9.40/30
2020-04-10 04:14:57.697 3107 INFO rally.task.runner [-] Task 9b6e273c-4817-4ae8-a04b-5d8f2a159d8e | ITER: 5 END: OK
2020-04-10 04:14:57.703 3107 INFO rally.task.runner [-] Task 9b6e273c-4817-4ae8-a04b-5d8f2a159d8e | ITER: 38 START
2020-04-10 04:14:57.748 3117 INFO rally.task.runner [-] Task 9b6e273c-4817-4ae8-a04b-5d8f2a159d8e | ITER: 8 END: OK
2020-04-10 04:14:57.753 3117 INFO rally.task.runner [-] Task 9b6e273c-4817-4ae8-a04b-5d8f2a159d8e | ITER: 39 START
2020-04-10 04:14:57.936 3147 RALLYDEBUG rally_openstack.wrappers.network [-] CIDR generated: 1.1.9.44/30
2020-04-10 04:14:58.364 3150 RALLYDEBUG rally_openstack.wrappers.network [-] CIDR generated: 1.1.9.48/30
2020-04-10 04:14:58.642 3100 INFO rally.task.runner [-] Task 9b6e273c-4817-4ae8-a04b-5d8f2a159d8e | ITER: 2 END: OK
2020-04-10 04:14:58.648 3100 INFO rally.task.runner [-] Task 9b6e273c-4817-4ae8-a04b-5d8f2a159d8e | ITER: 40 START
2020-04-10 04:14:58.895 3131 INFO rally.task.runner [-] Task 9b6e273c-4817-4ae8-a04b-5d8f2a159d8e | ITER: 25 END: OK
2020-04-10 04:14:59.422 3128 RALLYDEBUG rally_openstack.wrappers.network [-] CIDR generated: 1.1.9.52/30
2020-04-10 04:14:59.537 3100 RALLYDEBUG rally_openstack.wrappers.network [-] CIDR generated: 1.1.9.56/30
2020-04-10 04:15:00.392 3101 RALLYDEBUG rally_openstack.wrappers.network [-] CIDR generated: 1.1.9.60/30
2020-04-10 04:15:01.475 3117 RALLYDEBUG rally_openstack.wrappers.network [-] CIDR generated: 1.1.9.64/30
2020-04-10 04:15:02.194 3100 RALLYDEBUG rally_openstack.wrappers.network [-] CIDR generated: 1.1.9.68/30
2020-04-10 04:15:03.456 3124 INFO rally.task.runner [-] Task 9b6e273c-4817-4ae8-a04b-5d8f2a159d8e | ITER: 10 END: OK
2020-04-10 04:15:04.036 3140 INFO rally.task.runner [-] Task 9b6e273c-4817-4ae8-a04b-5d8f2a159d8e | ITER: 16 END: OK
2020-04-10 04:15:04.085 3147 RALLYDEBUG rally_openstack.wrappers.network [-] CIDR generated: 1.1.9.72/30
2020-04-10 04:15:04.488 3107 RALLYDEBUG rally_openstack.wrappers.network [-] CIDR generated: 1.1.9.76/30
2020-04-10 04:15:04.787 3117 RALLYDEBUG rally_openstack.wrappers.network [-] CIDR generated: 1.1.9.80/30
2020-04-10 04:15:05.554 3128 RALLYDEBUG rally_openstack.wrappers.network [-] CIDR generated: 1.1.9.84/30
2020-04-10 04:15:06.806 3101 RALLYDEBUG rally_openstack.wrappers.network [-] CIDR generated: 1.1.9.88/30
2020-04-10 04:15:08.919 3107 RALLYDEBUG rally_openstack.wrappers.network [-] CIDR generated: 1.1.9.92/30
2020-04-10 04:15:10.090 3120 INFO rally.task.runner [-] Task 9b6e273c-4817-4ae8-a04b-5d8f2a159d8e | ITER: 23 END: OK
2020-04-10 04:15:13.069 3113 INFO rally.task.runner [-] Task 9b6e273c-4817-4ae8-a04b-5d8f2a159d8e | ITER: 27 END: OK
2020-04-10 04:15:13.663 3137 INFO rally.task.runner [-] Task 9b6e273c-4817-4ae8-a04b-5d8f2a159d8e | ITER: 22 END: OK
2020-04-10 04:15:13.755 3154 INFO rally.task.runner [-] Task 9b6e273c-4817-4ae8-a04b-5d8f2a159d8e | ITER: 30 END: OK
2020-04-10 04:15:17.728 3142 INFO rally.task.runner [-] Task 9b6e273c-4817-4ae8-a04b-5d8f2a159d8e | ITER: 28 END: OK
2020-04-10 04:15:18.456 3150 INFO rally.task.runner [-] Task 9b6e273c-4817-4ae8-a04b-5d8f2a159d8e | ITER: 31 END: OK
2020-04-10 04:15:19.443 3135 INFO rally.task.runner [-] Task 9b6e273c-4817-4ae8-a04b-5d8f2a159d8e | ITER: 33 END: OK
2020-04-10 04:15:19.798 3099 INFO rally.task.runner [-] Task 9b6e273c-4817-4ae8-a04b-5d8f2a159d8e | ITER: 26 END: OK
2020-04-10 04:15:21.194 3100 INFO rally.task.runner [-] Task 9b6e273c-4817-4ae8-a04b-5d8f2a159d8e | ITER: 40 END: OK
2020-04-10 04:15:21.927 3126 INFO rally.task.runner [-] Task 9b6e273c-4817-4ae8-a04b-5d8f2a159d8e | ITER: 32 END: OK
2020-04-10 04:15:22.291 3110 INFO rally.task.runner [-] Task 9b6e273c-4817-4ae8-a04b-5d8f2a159d8e | ITER: 34 END: OK
2020-04-10 04:15:24.413 3117 INFO rally.task.runner [-] Task 9b6e273c-4817-4ae8-a04b-5d8f2a159d8e | ITER: 39 END: OK
2020-04-10 04:15:27.803 3104 INFO rally.task.runner [-] Task 9b6e273c-4817-4ae8-a04b-5d8f2a159d8e | ITER: 29 END: OK
2020-04-10 04:15:30.582 3107 INFO rally.task.runner [-] Task 9b6e273c-4817-4ae8-a04b-5d8f2a159d8e | ITER: 38 END: OK
2020-04-10 04:15:32.497 3128 INFO rally.task.runner [-] Task 9b6e273c-4817-4ae8-a04b-5d8f2a159d8e | ITER: 36 END: OK
2020-04-10 04:15:36.493 3147 INFO rally.task.runner [-] Task 9b6e273c-4817-4ae8-a04b-5d8f2a159d8e | ITER: 35 END: OK
2020-04-10 04:15:37.912 3101 INFO rally.task.runner [-] Task 9b6e273c-4817-4ae8-a04b-5d8f2a159d8e | ITER: 37 END: OK
2020-04-10 04:15:37.937 15 INFO rally.task.context [-] Task 9b6e273c-4817-4ae8-a04b-5d8f2a159d8e | Context cleanup@openstack cleanup() started
2020-04-10 04:15:37.943 15 RALLYDEBUG rally_openstack.cleanup.manager [-] Cleaning up neutron vip objects
2020-04-10 04:15:38.188 15 RALLYDEBUG rally_openstack.cleanup.manager [-] Cleaning up neutron health_monitor objects
2020-04-10 04:15:38.352 15 RALLYDEBUG rally_openstack.cleanup.manager [-] Cleaning up neutron pool objects
2020-04-10 04:15:38.501 15 RALLYDEBUG rally_openstack.cleanup.manager [-] Cleaning up neutron loadbalancer objects
2020-04-10 04:15:38.639 15 RALLYDEBUG rally_openstack.cleanup.manager [-] Cleaning up neutron floatingip objects
2020-04-10 04:15:38.858 15 RALLYDEBUG rally_openstack.cleanup.manager [-] Cleaning up neutron trunk objects
2020-04-10 04:15:39.004 15 RALLYDEBUG rally_openstack.cleanup.manager [-] Cleaning up neutron port objects
2020-04-10 04:15:39.570 15 RALLYDEBUG rally_openstack.cleanup.manager [-] Cleaning up neutron subnet objects
2020-04-10 04:15:39.938 15 RALLYDEBUG rally_openstack.cleanup.manager [-] Deleting neutron.subnet object s_rally_6c02a473_81SkRUNf (0404bbe5-8574-42d2-bb33-3e233fcfeb91)
2020-04-10 04:15:39.955 15 RALLYDEBUG rally_openstack.cleanup.manager [-] Deleting neutron.subnet object s_rally_6c02a473_CzrATfeT (072b2cd1-e509-40ce-937d-018978bf522c)
2020-04-10 04:15:39.961 15 RALLYDEBUG rally_openstack.cleanup.manager [-] Deleting neutron.subnet object s_rally_6c02a473_mh5X0NDH (07c200f7-5f3b-4928-b879-37d140244d93)
2020-04-10 04:15:39.961 15 RALLYDEBUG rally_openstack.cleanup.manager [-] Deleting neutron.subnet object s_rally_6c02a473_S15hyfuH (0414c35f-a537-4ead-9564-7a9faa1be382)
2020-04-10 04:15:39.972 15 RALLYDEBUG rally_openstack.cleanup.manager [-] Deleting neutron.subnet object s_rally_6c02a473_rGs7o7Qs (0bff84d5-afae-4b65-8fbe-5a97c56b968e)
2020-04-10 04:15:39.978 15 RALLYDEBUG rally_openstack.cleanup.manager [-] Deleting neutron.subnet object s_rally_6c02a473_itzlRDqL (101fb158-919b-4f4d-ae20-ebb1d428971b)
2020-04-10 04:15:39.989 15 RALLYDEBUG rally_openstack.cleanup.manager [-] Deleting neutron.subnet object s_rally_6c02a473_eYxPgHM5 (10df38aa-4e9e-466b-8bf3-eabd0547ff08)
2020-04-10 04:15:40.003 15 RALLYDEBUG rally_openstack.cleanup.manager [-] Deleting neutron.subnet object s_rally_6c02a473_Ht6A8ENT (1dcf4e3b-43a5-4178-b329-df339168d861)
2020-04-10 04:15:40.009 15 RALLYDEBUG rally_openstack.cleanup.manager [-] Deleting neutron.subnet object s_rally_6c02a473_Bc69U1me (21833e0a-1bc8-4e68-8669-13b1c64e468b)
2020-04-10 04:15:40.069 15 RALLYDEBUG rally_openstack.cleanup.manager [-] Deleting neutron.subnet object s_rally_6c02a473_1cOK0POg (266199d6-4993-424f-a943-dba9dc5564e5)
2020-04-10 04:15:40.075 15 RALLYDEBUG rally_openstack.cleanup.manager [-] Deleting neutron.subnet object s_rally_6c02a473_Uf3tWBNW (2743ad5e-6a3b-4a2e-99d5-53a057544ea3)
2020-04-10 04:15:40.086 15 RALLYDEBUG rally_openstack.cleanup.manager [-] Deleting neutron.subnet object s_rally_6c02a473_IjLmZwJi (2be7dfc4-0121-438c-8678-e16fa45e3e4f)
2020-04-10 04:15:40.089 15 RALLYDEBUG rally_openstack.cleanup.manager [-] Deleting neutron.subnet object s_rally_6c02a473_RU25ySnQ (2b5894bf-ad03-484b-a73b-ed5ec4a89073)
2020-04-10 04:15:40.095 15 RALLYDEBUG rally_openstack.cleanup.manager [-] Deleting neutron.subnet object s_rally_6c02a473_Yh4OfMR7 (2f54ea1e-e607-493c-92c1-4c00b1ed24fb)
2020-04-10 04:15:40.105 15 RALLYDEBUG rally_openstack.cleanup.manager [-] Deleting neutron.subnet object s_rally_6c02a473_nPrU3GQ1 (394b4e2f-6908-4a2e-bbd7-bcbc4c643ddb)
2020-04-10 04:15:40.111 15 RALLYDEBUG rally_openstack.cleanup.manager [-] Deleting neutron.subnet object s_rally_6c02a473_A3iURE1Y (42c79b9c-b69e-41a2-8dd1-e24bc174569b)
2020-04-10 04:15:40.100 15 RALLYDEBUG rally_openstack.cleanup.manager [-] Deleting neutron.subnet object s_rally_6c02a473_IBSCUIin (39274f74-9f6c-4a5d-a97e-44413ea35781)
2020-04-10 04:15:40.116 15 RALLYDEBUG rally_openstack.cleanup.manager [-] Deleting neutron.subnet object s_rally_6c02a473_3PayvXGq (440da3f6-59d5-45e5-8c68-008814df723e)
2020-04-10 04:15:40.128 15 RALLYDEBUG rally_openstack.cleanup.manager [-] Deleting neutron.subnet object s_rally_6c02a473_4c2iByAw (44555554-da3c-45c1-84ba-51d2c03fc55e)
2020-04-10 04:15:40.140 15 RALLYDEBUG rally_openstack.cleanup.manager [-] Deleting neutron.subnet object s_rally_6c02a473_KzudtGuC (492acd0f-dbef-4f49-85fa-e61808d72350)
2020-04-10 04:15:42.608 15 RALLYDEBUG rally_openstack.cleanup.manager [-] Deleting neutron.subnet object s_rally_6c02a473_GXUAJXGY (4bd18c54-6816-4b2d-8a86-493686c34a07)
2020-04-10 04:15:42.840 15 RALLYDEBUG rally_openstack.cleanup.manager [-] Deleting neutron.subnet object s_rally_6c02a473_mXNQ4jPX (4c609b8a-4fc6-4414-bb15-a1373666e255)
2020-04-10 04:15:42.913 15 RALLYDEBUG rally_openstack.cleanup.manager [-] Deleting neutron.subnet object s_rally_6c02a473_qoHtxJAN (4cc2a8db-f006-430c-a35c-31495b2d8cb6)
2020-04-10 04:15:43.139 15 RALLYDEBUG rally_openstack.cleanup.manager [-] Deleting neutron.subnet object s_rally_6c02a473_CJ427N4Q (4f8ffbff-b1d6-466a-aff9-e93c13e8bede)
2020-04-10 04:15:43.395 15 RALLYDEBUG rally_openstack.cleanup.manager [-] Deleting neutron.subnet object s_rally_6c02a473_kVrAf6Qc (52184343-79dd-4b50-9e84-a8f85d2a02b7)
2020-04-10 04:15:43.399 15 RALLYDEBUG rally_openstack.cleanup.manager [-] Deleting neutron.subnet object s_rally_6c02a473_AFPdSPGp (543f2c85-6cfd-4830-8169-b37fddf6fcaa)
2020-04-10 04:15:43.440 15 RALLYDEBUG rally_openstack.cleanup.manager [-] Deleting neutron.subnet object s_rally_6c02a473_5XGFu9Ml (56b52b76-d4e8-4147-b822-b3adc5b3b206)
2020-04-10 04:15:44.124 15 RALLYDEBUG rally_openstack.cleanup.manager [-] Deleting neutron.subnet object s_rally_6c02a473_MCQWBoeP (5864bd7b-f229-4815-a810-668147e6b078)
2020-04-10 04:15:44.136 15 RALLYDEBUG rally_openstack.cleanup.manager [-] Deleting neutron.subnet object s_rally_6c02a473_nu3RE2aO (595e9ed9-7d2e-4b23-b970-82738921f887)
2020-04-10 04:15:44.153 15 RALLYDEBUG rally_openstack.cleanup.manager [-] Deleting neutron.subnet object s_rally_6c02a473_3ULsfXB1 (5c9ea5ce-cac5-488a-8874-d25a01712b4f)
2020-04-10 04:15:44.191 15 RALLYDEBUG rally_openstack.cleanup.manager [-] Deleting neutron.subnet object s_rally_6c02a473_Yn4ZZg5w (5e4fcce4-a4bb-49c8-a230-c9223451ad84)
2020-04-10 04:15:44.197 15 RALLYDEBUG rally_openstack.cleanup.manager [-] Deleting neutron.subnet object s_rally_6c02a473_Y1nksyKI (622c7d2b-4bba-44c6-a1bb-76ccec5af0d4)
2020-04-10 04:15:44.609 15 RALLYDEBUG rally_openstack.cleanup.manager [-] Deleting neutron.subnet object s_rally_6c02a473_tEznbYox (63595b94-fa38-401d-b4ad-7ff9986a61c7)
2020-04-10 04:15:44.631 15 RALLYDEBUG rally_openstack.cleanup.manager [-] Deleting neutron.subnet object s_rally_6c02a473_FX69C7Pg (6a64c28c-cfee-471e-8411-980a68c70dfd)
2020-04-10 04:15:44.892 15 RALLYDEBUG rally_openstack.cleanup.manager [-] Deleting neutron.subnet object s_rally_6c02a473_ABkltLZo (6d075f79-9ac0-4fa6-b044-8a776d082f0b)
2020-04-10 04:15:44.919 15 RALLYDEBUG rally_openstack.cleanup.manager [-] Deleting neutron.subnet object s_rally_6c02a473_zSFTbhSE (6f587b59-fb0e-4a01-b723-429591ec0d9d)
2020-04-10 04:15:44.944 15 RALLYDEBUG rally_openstack.cleanup.manager [-] Deleting neutron.subnet object s_rally_6c02a473_FOsTZy8G (6ffa5107-cafe-4a63-83e1-1db4aea2b200)
2020-04-10 04:15:45.441 15 RALLYDEBUG rally_openstack.cleanup.manager [-] Deleting neutron.subnet object s_rally_6c02a473_nxHxHYiY (7422381f-c912-4f46-8fcf-69885c71047c)
2020-04-10 04:15:45.457 15 RALLYDEBUG rally_openstack.cleanup.manager [-] Deleting neutron.subnet object s_rally_6c02a473_YIvU5uHe (786c7b32-101b-4b4b-9e05-6631ef148bc5)
2020-04-10 04:15:45.614 15 RALLYDEBUG rally_openstack.cleanup.manager [-] Deleting neutron.subnet object s_rally_6c02a473_FFzfoXVr (7a070ee5-8855-41bb-849a-aed4f457e545)
2020-04-10 04:15:45.676 15 RALLYDEBUG rally_openstack.cleanup.manager [-] Deleting neutron.subnet object s_rally_6c02a473_rZEPFxVk (7bfa2607-a68f-498e-8dbf-e8f15ee52530)
2020-04-10 04:15:45.981 15 RALLYDEBUG rally_openstack.cleanup.manager [-] Deleting neutron.subnet object s_rally_6c02a473_GaomP6RY (80377b18-0037-4ef7-99a7-621435346a75)
2020-04-10 04:15:46.049 15 RALLYDEBUG rally_openstack.cleanup.manager [-] Deleting neutron.subnet object s_rally_6c02a473_jhgPmz8B (86379933-a22a-4258-9c4d-8ab31a2015cd)
2020-04-10 04:15:46.327 15 RALLYDEBUG rally_openstack.cleanup.manager [-] Deleting neutron.subnet object s_rally_6c02a473_ityw9kzL (8c113997-b80d-48d1-af3e-05a451935e7b)
2020-04-10 04:15:46.762 15 RALLYDEBUG rally_openstack.cleanup.manager [-] Deleting neutron.subnet object s_rally_6c02a473_N9Vm48eT (8f15920d-cc89-49ac-87b3-63274b799e70)
2020-04-10 04:15:46.946 15 RALLYDEBUG rally_openstack.cleanup.manager [-] Deleting neutron.subnet object s_rally_6c02a473_AaSq8k88 (90ea048f-3fa8-4eeb-a464-f9a4f345de3f)
2020-04-10 04:15:47.099 15 RALLYDEBUG rally_openstack.cleanup.manager [-] Deleting neutron.subnet object s_rally_6c02a473_oRysnIU5 (911e6003-9359-4f12-926e-3efc4b1b0f52)
2020-04-10 04:15:47.124 15 RALLYDEBUG rally_openstack.cleanup.manager [-] Deleting neutron.subnet object s_rally_6c02a473_aNqw5DZp (99e52681-a321-461e-b064-6b55374eda29)
2020-04-10 04:15:47.146 15 RALLYDEBUG rally_openstack.cleanup.manager [-] Deleting neutron.subnet object s_rally_6c02a473_ZI2T4i1u (9cb0eb57-a2f0-494c-87d8-e2c851d5a8ee)
2020-04-10 04:15:47.568 15 RALLYDEBUG rally_openstack.cleanup.manager [-] Deleting neutron.subnet object s_rally_6c02a473_vJ4OrgfF (a093f229-630e-4c33-a8a6-b7f96c93ad1e)
2020-04-10 04:15:47.717 15 RALLYDEBUG rally_openstack.cleanup.manager [-] Deleting neutron.subnet object s_rally_6c02a473_OQOhEQia (a09db225-6266-4924-96c4-c40cf233b3c8)
2020-04-10 04:15:47.924 15 RALLYDEBUG rally_openstack.cleanup.manager [-] Deleting neutron.subnet object s_rally_6c02a473_f4R3Rk75 (a1add4d5-e7aa-4ea6-b281-fe2745ef4ec9)
2020-04-10 04:15:48.075 15 RALLYDEBUG rally_openstack.cleanup.manager [-] Deleting neutron.subnet object s_rally_6c02a473_fzRmmFph (a3e67a8c-16bb-429f-9d31-6dfcde5e486e)
2020-04-10 04:15:48.151 15 RALLYDEBUG rally_openstack.cleanup.manager [-] Deleting neutron.subnet object s_rally_6c02a473_xBeRNrEz (a41559c6-e43f-4d4e-a142-bb26ffcfd9f0)
2020-04-10 04:15:48.250 15 RALLYDEBUG rally_openstack.cleanup.manager [-] Deleting neutron.subnet object s_rally_6c02a473_zCbzgwRN (a5d2998e-fd97-46ca-9f08-b2be376862d4)
2020-04-10 04:15:48.554 15 RALLYDEBUG rally_openstack.cleanup.manager [-] Deleting neutron.subnet object s_rally_6c02a473_ZF7JWAZr (a64d806d-7483-42ea-bbb4-112b293c6886)
2020-04-10 04:15:48.827 15 RALLYDEBUG rally_openstack.cleanup.manager [-] Deleting neutron.subnet object s_rally_6c02a473_Xw21wO4A (a95905d6-ce6c-488a-a4ae-03affcfe5598)
2020-04-10 04:15:48.883 15 RALLYDEBUG rally_openstack.cleanup.manager [-] Deleting neutron.subnet object s_rally_6c02a473_Hwe76D1X (aac19b57-7711-42a0-8a5d-0ad29bbc5a95)
2020-04-10 04:15:49.128 15 RALLYDEBUG rally_openstack.cleanup.manager [-] Deleting neutron.subnet object s_rally_6c02a473_yR4xq4MR (acef52f2-07e9-4b69-b643-7be1d361653a)
2020-04-10 04:15:49.250 15 RALLYDEBUG rally_openstack.cleanup.manager [-] Deleting neutron.subnet object s_rally_6c02a473_2L4yKHin (af4afc5f-9fa4-408a-a5e1-09e44f9ab15d)
2020-04-10 04:15:49.271 15 RALLYDEBUG rally_openstack.cleanup.manager [-] Deleting neutron.subnet object s_rally_6c02a473_Gck5mZac (b06e452b-5570-4bcf-be73-e6891907d9ac)
2020-04-10 04:15:49.498 15 RALLYDEBUG rally_openstack.cleanup.manager [-] Deleting neutron.subnet object s_rally_6c02a473_kldmIqeA (b0a44297-5d29-4126-8f22-df7a8c384e8b)
2020-04-10 04:15:49.565 15 RALLYDEBUG rally_openstack.cleanup.manager [-] Deleting neutron.subnet object s_rally_6c02a473_049hf0s5 (b2c63a24-956d-4082-8fe5-2858cfb573dd)
2020-04-10 04:15:49.671 15 RALLYDEBUG rally_openstack.cleanup.manager [-] Deleting neutron.subnet object s_rally_6c02a473_B3ScIwJZ (bea9703e-c315-4abf-acbc-47c25398387c)
2020-04-10 04:15:49.711 15 RALLYDEBUG rally_openstack.cleanup.manager [-] Deleting neutron.subnet object s_rally_6c02a473_nLl8lJRi (c3d63bfb-0d9d-4b69-9663-e6df257082df)
2020-04-10 04:15:49.721 15 RALLYDEBUG rally_openstack.cleanup.manager [-] Deleting neutron.subnet object s_rally_6c02a473_qKqTQXQ9 (c4524c33-3c39-4c8f-92c5-2afc77ccdea3)
2020-04-10 04:15:49.747 15 RALLYDEBUG rally_openstack.cleanup.manager [-] Deleting neutron.subnet object s_rally_6c02a473_Qqark1lM (c526ddec-40be-4e65-bbb4-f1788222c951)
2020-04-10 04:15:49.915 15 RALLYDEBUG rally_openstack.cleanup.manager [-] Deleting neutron.subnet object s_rally_6c02a473_gIJcxdCF (d23dbf8d-12fc-49ab-aff5-c446aba67afb)
2020-04-10 04:15:50.776 15 RALLYDEBUG rally_openstack.cleanup.manager [-] Deleting neutron.subnet object s_rally_6c02a473_ePZxmOc2 (d3800ce9-7e0f-4390-8056-cf2415bcb1ce)
2020-04-10 04:15:50.956 15 RALLYDEBUG rally_openstack.cleanup.manager [-] Deleting neutron.subnet object s_rally_6c02a473_YgBcUNyh (d416514b-f7f5-48fd-8c65-189a1f6a6e36)
2020-04-10 04:15:51.171 15 RALLYDEBUG rally_openstack.cleanup.manager [-] Deleting neutron.subnet object s_rally_6c02a473_GVAlk9LM (d882bedd-8316-4415-9541-7592d9dd5709)
2020-04-10 04:15:51.267 15 RALLYDEBUG rally_openstack.cleanup.manager [-] Deleting neutron.subnet object s_rally_6c02a473_h9KxiiRa (d99c74bb-4f15-453d-9790-a63e598a629e)
2020-04-10 04:15:51.351 15 RALLYDEBUG rally_openstack.cleanup.manager [-] Deleting neutron.subnet object s_rally_6c02a473_vb0CI1nw (e0b1d9fe-f4c9-4fc5-9c70-8cddf55ceb9a)
2020-04-10 04:15:51.424 15 RALLYDEBUG rally_openstack.cleanup.manager [-] Deleting neutron.subnet object s_rally_6c02a473_q1M8pDyc (e0b3b352-2603-47c1-a513-28612cac39b7)
2020-04-10 04:15:51.592 15 RALLYDEBUG rally_openstack.cleanup.manager [-] Deleting neutron.subnet object s_rally_6c02a473_R2yi6RNy (e1df5adb-fde8-4b95-a8d5-112dffcefe78)
2020-04-10 04:15:51.617 15 RALLYDEBUG rally_openstack.cleanup.manager [-] Deleting neutron.subnet object s_rally_6c02a473_0QTQ3Jd8 (e5e7ca5c-70d4-40c9-b636-3280e5306f4e)
2020-04-10 04:15:51.641 15 RALLYDEBUG rally_openstack.cleanup.manager [-] Deleting neutron.subnet object s_rally_6c02a473_VZqfYohN (e67ced53-1318-4b10-ba2b-3897477d5936)
2020-04-10 04:15:51.674 15 RALLYDEBUG rally_openstack.cleanup.manager [-] Deleting neutron.subnet object s_rally_6c02a473_u0tvadcF (e997778d-e144-40d2-a55e-3cf5f2b45d6b)
2020-04-10 04:15:52.216 15 RALLYDEBUG rally_openstack.cleanup.manager [-] Deleting neutron.subnet object s_rally_6c02a473_mt8AuQh8 (f20b6908-5974-4260-8809-7eb8f638552b)
2020-04-10 04:15:52.410 15 RALLYDEBUG rally_openstack.cleanup.manager [-] Deleting neutron.subnet object s_rally_6c02a473_Fdw7EMxP (f2cdf0eb-41a0-45ef-87e4-127aaee89a95)
2020-04-10 04:15:55.448 15 RALLYDEBUG rally_openstack.cleanup.manager [-] Cleaning up neutron network objects
2020-04-10 04:15:55.854 15 RALLYDEBUG rally_openstack.cleanup.manager [-] Deleting neutron.network object s_rally_6c02a473_87Jn3vk2 (00ad2878-6a55-4f83-9423-69834a91f54b)
2020-04-10 04:15:55.871 15 RALLYDEBUG rally_openstack.cleanup.manager [-] Deleting neutron.network object s_rally_6c02a473_jMgYjAMZ (1088daf4-ac5e-4288-937d-99cf608177ba)
2020-04-10 04:15:55.879 15 RALLYDEBUG rally_openstack.cleanup.manager [-] Deleting neutron.network object s_rally_6c02a473_90YlbRit (0a9c559e-60c9-4e37-a0e4-73f5dd4d13a1)
2020-04-10 04:15:55.885 15 RALLYDEBUG rally_openstack.cleanup.manager [-] Deleting neutron.network object s_rally_6c02a473_gkO0skeY (180f1510-2746-41e8-8b5b-64afe023746b)
2020-04-10 04:15:55.890 15 RALLYDEBUG rally_openstack.cleanup.manager [-] Deleting neutron.network object s_rally_6c02a473_LpPAIKgx (1d7dae51-e1fc-49a4-be4f-71ae43d21e9c)
2020-04-10 04:15:55.902 15 RALLYDEBUG rally_openstack.cleanup.manager [-] Deleting neutron.network object s_rally_6c02a473_11VOWHcr (2667dafb-af46-499a-b742-ef5efda77716)
2020-04-10 04:15:55.927 15 RALLYDEBUG rally_openstack.cleanup.manager [-] Deleting neutron.network object s_rally_6c02a473_gGuhn3kW (3a6d2e98-ee7d-4e4f-97d6-b96654b0d60c)
2020-04-10 04:15:55.940 15 RALLYDEBUG rally_openstack.cleanup.manager [-] Deleting neutron.network object s_rally_6c02a473_op4959tp (3c120570-d7a3-4d73-aa46-5d2f81377b01)
2020-04-10 04:15:55.944 15 RALLYDEBUG rally_openstack.cleanup.manager [-] Deleting neutron.network object s_rally_6c02a473_ScYBGldL (2f0cbb37-5bb2-4cfa-be96-19db6a3f8f75)
2020-04-10 04:15:55.954 15 RALLYDEBUG rally_openstack.cleanup.manager [-] Deleting neutron.network object s_rally_6c02a473_JM6Vu7Nz (3ead10f9-d143-41a7-99ff-cd392b39e356)
2020-04-10 04:15:55.960 15 RALLYDEBUG rally_openstack.cleanup.manager [-] Deleting neutron.network object s_rally_6c02a473_7aTm4PB9 (3f0c4145-6deb-4e50-8e08-63473bedbfb1)
2020-04-10 04:15:55.974 15 RALLYDEBUG rally_openstack.cleanup.manager [-] Deleting neutron.network object s_rally_6c02a473_MWjTbzdi (44d84d7d-b7de-4ba0-9c3a-d38b5da450ce)
2020-04-10 04:15:55.995 15 RALLYDEBUG rally_openstack.cleanup.manager [-] Deleting neutron.network object s_rally_6c02a473_cWXfK3aa (51a682bb-1534-4dbc-99dd-eef943e846f4)
2020-04-10 04:15:56.002 15 RALLYDEBUG rally_openstack.cleanup.manager [-] Deleting neutron.network object s_rally_6c02a473_P80AiEWg (528f5336-2f3b-4ea4-9ae3-8fb4612cdf81)
2020-04-10 04:15:56.032 15 RALLYDEBUG rally_openstack.cleanup.manager [-] Deleting neutron.network object s_rally_6c02a473_PAGhC00v (568db8c0-aa99-413f-9068-58dd11f94e52)
2020-04-10 04:15:56.062 15 RALLYDEBUG rally_openstack.cleanup.manager [-] Deleting neutron.network object s_rally_6c02a473_55q7H0Le (677f88e4-99e3-48ab-9e63-3c2c54c8e3db)
2020-04-10 04:15:56.109 15 RALLYDEBUG rally_openstack.cleanup.manager [-] Deleting neutron.network object s_rally_6c02a473_s58xMvBw (6ba440b6-bc17-4465-9dd2-1e5271415335)
2020-04-10 04:15:56.145 15 RALLYDEBUG rally_openstack.cleanup.manager [-] Deleting neutron.network object s_rally_6c02a473_s3ULxi5b (703a2696-f97e-41ed-a451-00d9dd92f2c2)
2020-04-10 04:15:56.204 15 RALLYDEBUG rally_openstack.cleanup.manager [-] Deleting neutron.network object s_rally_6c02a473_UhdLDru3 (7140268b-fe8c-40b6-925d-338b2ccb5fd7)
2020-04-10 04:15:56.234 15 RALLYDEBUG rally_openstack.cleanup.manager [-] Deleting neutron.network object s_rally_6c02a473_rNj6B8eu (7481928d-0e84-49d5-a9e7-8d4b5c463b4b)
2020-04-10 04:15:58.469 15 RALLYDEBUG rally_openstack.cleanup.manager [-] Deleting neutron.network object s_rally_6c02a473_NrswFTsX (7a9af057-85df-4298-b85d-1aca4c043707)
2020-04-10 04:15:58.639 15 RALLYDEBUG rally_openstack.cleanup.manager [-] Deleting neutron.network object s_rally_6c02a473_QqZwSkzY (7b2dcf7a-1e4c-4498-bed9-d1823780f91e)
2020-04-10 04:15:59.026 15 RALLYDEBUG rally_openstack.cleanup.manager [-] Deleting neutron.network object s_rally_6c02a473_XDSgrCu1 (814916ed-2816-4be1-ab13-1fd0cfa30166)
2020-04-10 04:15:59.322 15 RALLYDEBUG rally_openstack.cleanup.manager [-] Deleting neutron.network object s_rally_6c02a473_0FpAzBws (81f278dc-94ad-40a8-9e6b-c1e35dec2338)
2020-04-10 04:15:59.392 15 RALLYDEBUG rally_openstack.cleanup.manager [-] Deleting neutron.network object s_rally_6c02a473_Hts8jjJr (88dee48c-9801-4882-a6ba-94edb9ee2655)
2020-04-10 04:15:59.566 15 RALLYDEBUG rally_openstack.cleanup.manager [-] Deleting neutron.network object s_rally_6c02a473_YIG4ppj1 (94b940c1-2f2f-455c-bb74-09b298e1f7a5)
2020-04-10 04:15:59.578 15 RALLYDEBUG rally_openstack.cleanup.manager [-] Deleting neutron.network object s_rally_6c02a473_JzDa7OFj (a55fd7f6-2b87-4312-8051-2a849791001a)
2020-04-10 04:15:59.847 15 RALLYDEBUG rally_openstack.cleanup.manager [-] Deleting neutron.network object s_rally_6c02a473_wBKZ3Xhz (aa450079-f7df-4b9e-b5be-bbe7e977487c)
2020-04-10 04:15:59.858 15 RALLYDEBUG rally_openstack.cleanup.manager [-] Deleting neutron.network object s_rally_6c02a473_quoAF0ye (bf37d815-60ea-4c12-85cf-fbc09cf04e7f)
2020-04-10 04:15:59.863 15 RALLYDEBUG rally_openstack.cleanup.manager [-] Deleting neutron.network object s_rally_6c02a473_Ma6vFfBz (c27e3159-f595-4df6-b83e-c97b30600539)
2020-04-10 04:15:59.868 15 RALLYDEBUG rally_openstack.cleanup.manager [-] Deleting neutron.network object s_rally_6c02a473_x0UB0oSb (c44144a1-252d-4207-ba0e-f2b9687ca1e7)
2020-04-10 04:15:59.890 15 RALLYDEBUG rally_openstack.cleanup.manager [-] Deleting neutron.network object s_rally_6c02a473_bo6zhVKR (cd735948-7cc5-4b1c-a4b7-47943ccdfa95)
2020-04-10 04:16:00.008 15 RALLYDEBUG rally_openstack.cleanup.manager [-] Deleting neutron.network object s_rally_6c02a473_GbW0S3D8 (d892ca43-8ad6-430c-855c-f83bf38b675d)
2020-04-10 04:16:00.705 15 RALLYDEBUG rally_openstack.cleanup.manager [-] Deleting neutron.network object s_rally_6c02a473_jybIYs0i (de91de4d-c867-4a53-a5d9-86d18daaa0cc)
2020-04-10 04:16:01.138 15 RALLYDEBUG rally_openstack.cleanup.manager [-] Deleting neutron.network object s_rally_6c02a473_K7d0iVFd (ed5aab5d-1cd4-43bb-bb2b-1b6c95c507c0)
2020-04-10 04:16:01.177 15 RALLYDEBUG rally_openstack.cleanup.manager [-] Deleting neutron.network object s_rally_6c02a473_GSuQbEH9 (fa2d9f15-de84-4393-a7d1-6391b8fc7ddc)
2020-04-10 04:16:01.178 15 RALLYDEBUG rally_openstack.cleanup.manager [-] Deleting neutron.network object s_rally_6c02a473_aspwDASv (eeb36f81-aebc-48bf-8816-f0d67b2dc071)
2020-04-10 04:16:01.263 15 RALLYDEBUG rally_openstack.cleanup.manager [-] Deleting neutron.network object s_rally_6c02a473_BUpQeM0J (fbfd080d-3d15-4095-91bf-9e168cc3db03)
2020-04-10 04:16:01.553 15 RALLYDEBUG rally_openstack.cleanup.manager [-] Deleting neutron.network object s_rally_6c02a473_gxxCh6oy (fdc6cfd9-e860-4706-af96-7dcc637a94b5)
2020-04-10 04:16:01.767 15 RALLYDEBUG rally_openstack.cleanup.manager [-] Deleting neutron.network object s_rally_6c02a473_sPrEloRg (fe1fde30-94cb-4c5c-9dab-1d0c1f317691)
2020-04-10 04:16:04.996 15 RALLYDEBUG rally_openstack.cleanup.manager [-] Cleaning up neutron router objects
2020-04-10 04:16:05.322 15 RALLYDEBUG rally_openstack.cleanup.manager [-] Cleaning up neutron security_group objects
2020-04-10 04:16:05.657 15 INFO rally.task.context [-] Task 9b6e273c-4817-4ae8-a04b-5d8f2a159d8e | Context cleanup@openstack cleanup() finished in 27.72 sec
2020-04-10 04:16:05.658 15 INFO rally.task.context [-] Task 9b6e273c-4817-4ae8-a04b-5d8f2a159d8e | Context quotas@openstack cleanup() started
2020-04-10 04:16:05.684 15 INFO rally.task.context [-] Task 9b6e273c-4817-4ae8-a04b-5d8f2a159d8e | Context quotas@openstack cleanup() finished in 26.07 msec
2020-04-10 04:16:05.684 15 INFO rally.task.context [-] Task 9b6e273c-4817-4ae8-a04b-5d8f2a159d8e | Context users@openstack cleanup() started
2020-04-10 04:16:05.884 15 WARNING rally.common.logging [-] `iterate_per_tenants()' is deprecated in v3.0.0: it is openstack specific.. Used at
2020-04-10 04:16:06.869 15 INFO rally.task.context [-] Task 9b6e273c-4817-4ae8-a04b-5d8f2a159d8e | Context users@openstack cleanup() finished in 1.18 sec
2020-04-10 04:16:07.080 15 INFO rally.task.engine [-] Load duration is: 99.979809
2020-04-10 04:16:07.081 15 INFO rally.task.engine [-] Full runner duration is: 100.028222
2020-04-10 04:16:07.081 15 INFO rally.task.engine [-] Full duration is: 130.387487
2020-04-10 04:16:07.199 15 INFO rally.task.engine [-] Running workload: position = 0 config = { "version": 2, "title": "A cropped version of a bigger task.", "description": "Auto-generated task from a single workload (uuid=3d00fd61-b751-4925-b579-86e09a1db2bb)", "subtasks": [ { "title": "NeutronNetworks.create_and_list_ports", "description": "Check performance of list ports action and ensure > network quotas are not exceeded", "scenario": { "NeutronNetworks.create_and_list_ports": { "network_create_args": null, "port_create_args": null, "ports_per_network": 50 } }, "contexts": { "users": { "tenants": 1, "users_per_tenant": 1 }, "quotas": { "neutron": { "network": -1, "subnet": -1, "router": -1, "port": 811 } } }, "runner": { "constant": { "times": 8, "concurrency": 4 } }, "hooks": [], "sla": { "max_avg_duration_per_atomic": { "neutron.list_ports": 15 }, "failure_rate": { "max": 0 } } } ] }
2020-04-10 04:16:07.219 15 RALLYDEBUG rally_openstack.contexts.keystone.users [-] Creating 1 tenants using 1 threads
2020-04-10 04:16:07.646 15 RALLYDEBUG rally_openstack.contexts.keystone.users [-] Creating 1 users using 1 threads
2020-04-10 04:16:08.283 15 INFO rally.task.context [-] Task 9b6e273c-4817-4ae8-a04b-5d8f2a159d8e | Context users@openstack setup() finished in 1.06 sec
2020-04-10 04:16:08.588 15 INFO rally.task.context [-] Task 9b6e273c-4817-4ae8-a04b-5d8f2a159d8e | Context quotas@openstack setup() finished in 0.30 sec
2020-04-10 04:16:08.589 15 INFO rally.task.context [-] Task 9b6e273c-4817-4ae8-a04b-5d8f2a159d8e | Context cleanup@openstack setup() finished in 0.11 msec
2020-04-10 04:16:08.600 15 RALLYDEBUG rally.task.runner [-] Starting the constant runner (task UUID: 9b6e273c-4817-4ae8-a04b-5d8f2a159d8e). times: 8 concurrency: 4 timeout: 0 max_cpu_used: 88 processes_to_start: 4 concurrency_per_worker: 1 concurrency_overhead: 0
2020-04-10 04:16:08.612 3463 RALLYDEBUG rally.task.runner [-] Starting a worker. times: 8 duration: None concurrency: 1 timeout: 0 cls: method_name: run args: {"network_create_args": null, "port_create_args": null, "ports_per_network": 50}
2020-04-10 04:16:08.614 3464 RALLYDEBUG rally.task.runner [-] Starting a worker. times: 8 duration: None concurrency: 1 timeout: 0 cls: method_name: run args: {"network_create_args": null, "port_create_args": null, "ports_per_network": 50}
2020-04-10 04:16:08.616 3465 RALLYDEBUG rally.task.runner [-] Starting a worker. times: 8 duration: None concurrency: 1 timeout: 0 cls: method_name: run args: {"network_create_args": null, "port_create_args": null, "ports_per_network": 50}
2020-04-10 04:16:08.617 3463 INFO rally.task.runner [-] Task 9b6e273c-4817-4ae8-a04b-5d8f2a159d8e | ITER: 1 START
2020-04-10 04:16:08.619 3463 WARNING rally_openstack.scenarios.neutron.utils [-] Running this scenario without either the 'network' or 'existing_network' context is deprecated
2020-04-10 04:16:08.619 3466 RALLYDEBUG rally.task.runner [-] Starting a worker. times: 8 duration: None concurrency: 1 timeout: 0 cls: method_name: run args: {"network_create_args": null, "port_create_args": null, "ports_per_network": 50}
2020-04-10 04:16:08.619 3464 INFO rally.task.runner [-] Task 9b6e273c-4817-4ae8-a04b-5d8f2a159d8e | ITER: 2 START
2020-04-10 04:16:08.621 3464 WARNING rally_openstack.scenarios.neutron.utils [-] Running this scenario without either the 'network' or 'existing_network' context is deprecated
2020-04-10 04:16:08.621 3465 INFO rally.task.runner [-] Task 9b6e273c-4817-4ae8-a04b-5d8f2a159d8e | ITER: 3 START
2020-04-10 04:16:08.623 3465 WARNING rally_openstack.scenarios.neutron.utils [-] Running this scenario without either the 'network' or 'existing_network' context is deprecated
2020-04-10 04:16:08.624 3466 INFO rally.task.runner [-] Task 9b6e273c-4817-4ae8-a04b-5d8f2a159d8e | ITER: 4 START
2020-04-10 04:16:08.625 3466 WARNING rally_openstack.scenarios.neutron.utils [-] Running this scenario without either the 'network' or 'existing_network' context is deprecated
2020-04-10 04:16:44.616 3464 INFO rally.task.runner [-] Task 9b6e273c-4817-4ae8-a04b-5d8f2a159d8e | ITER: 2 END: OK
2020-04-10 04:16:44.622 3464 INFO rally.task.runner [-] Task 9b6e273c-4817-4ae8-a04b-5d8f2a159d8e | ITER: 5 START
2020-04-10 04:16:44.623 3464 WARNING rally_openstack.scenarios.neutron.utils [-] Running this scenario without either the 'network' or 'existing_network' context is deprecated
2020-04-10 04:16:47.642 3466 INFO rally.task.runner [-] Task 9b6e273c-4817-4ae8-a04b-5d8f2a159d8e | ITER: 4 END: OK
2020-04-10 04:16:47.648 3466 INFO rally.task.runner [-] Task 9b6e273c-4817-4ae8-a04b-5d8f2a159d8e | ITER: 6 START
2020-04-10 04:16:47.649 3466 WARNING rally_openstack.scenarios.neutron.utils [-] Running this scenario without either the 'network' or 'existing_network' context is deprecated
2020-04-10 04:17:17.969 3465 INFO rally.task.runner [-] Task 9b6e273c-4817-4ae8-a04b-5d8f2a159d8e | ITER: 3 END: OK
2020-04-10 04:17:17.977 3465 INFO rally.task.runner [-] Task 9b6e273c-4817-4ae8-a04b-5d8f2a159d8e | ITER: 7 START
2020-04-10 04:17:17.977 3465 WARNING rally_openstack.scenarios.neutron.utils [-] Running this scenario without either the 'network' or 'existing_network' context is deprecated
2020-04-10 04:17:19.532 3463 INFO rally.task.runner [-] Task 9b6e273c-4817-4ae8-a04b-5d8f2a159d8e | ITER: 1 END: OK
2020-04-10 04:17:19.538 3463 INFO rally.task.runner [-] Task 9b6e273c-4817-4ae8-a04b-5d8f2a159d8e | ITER: 8 START
2020-04-10 04:17:19.539 3463 WARNING rally_openstack.scenarios.neutron.utils [-] Running this scenario without either the 'network' or 'existing_network' context is deprecated
2020-04-10 04:17:26.390 3466 INFO rally.task.runner [-] Task 9b6e273c-4817-4ae8-a04b-5d8f2a159d8e | ITER: 6 END: OK
2020-04-10 04:17:28.148 3464 INFO rally.task.runner [-] Task 9b6e273c-4817-4ae8-a04b-5d8f2a159d8e | ITER: 5 END: OK
2020-04-10 04:17:54.854 3465 INFO rally.task.runner [-] Task 9b6e273c-4817-4ae8-a04b-5d8f2a159d8e | ITER: 7 END: OK
2020-04-10 04:17:57.038 3463 INFO rally.task.runner [-] Task 9b6e273c-4817-4ae8-a04b-5d8f2a159d8e | ITER: 8 END: OK
2020-04-10 04:17:57.065 15 INFO rally.task.context [-] Task 9b6e273c-4817-4ae8-a04b-5d8f2a159d8e | Context cleanup@openstack cleanup() started
2020-04-10 04:17:57.072 15 RALLYDEBUG rally_openstack.cleanup.manager [-] Cleaning up neutron vip objects
2020-04-10 04:17:57.312 15 RALLYDEBUG rally_openstack.cleanup.manager [-] Cleaning up neutron health_monitor objects
2020-04-10 04:17:57.429 15 RALLYDEBUG rally_openstack.cleanup.manager [-] Cleaning up neutron pool objects
2020-04-10 04:17:57.571 15 RALLYDEBUG rally_openstack.cleanup.manager [-] Cleaning up neutron loadbalancer objects
2020-04-10 04:17:57.685 15 RALLYDEBUG rally_openstack.cleanup.manager [-] Cleaning up neutron floatingip objects
2020-04-10 04:17:57.899 15 RALLYDEBUG rally_openstack.cleanup.manager [-] Cleaning up neutron trunk objects
