2020-04-10 04:28:10.787 5592 INFO rally.task.runner [-] Task 9b6e273c-4817-4ae8-a04b-5d8f2a159d8e | ITER: 2 START
2020-04-10 04:28:10.787 5594 RALLYDEBUG rally.task.runner [-] Starting a worker. times: 10 duration: None concurrency: 1 timeout: 0 cls: method_name: run args: {"floating_network": "public", "floating_ip_args": {}}
2020-04-10 04:28:10.790 5593 INFO rally.task.runner [-] Task 9b6e273c-4817-4ae8-a04b-5d8f2a159d8e | ITER: 3 START
2020-04-10 04:28:10.790 5597 RALLYDEBUG rally.task.runner [-] Starting a worker. times: 10 duration: None concurrency: 1 timeout: 0 cls: method_name: run args: {"floating_network": "public", "floating_ip_args": {}}
2020-04-10 04:28:10.793 5594 INFO rally.task.runner [-] Task 9b6e273c-4817-4ae8-a04b-5d8f2a159d8e | ITER: 4 START
2020-04-10 04:28:10.796 5597 INFO rally.task.runner [-] Task 9b6e273c-4817-4ae8-a04b-5d8f2a159d8e | ITER: 5 START
2020-04-10 04:28:12.530 5597 INFO rally.task.runner [-] Task 9b6e273c-4817-4ae8-a04b-5d8f2a159d8e | ITER: 5 END: OK
2020-04-10 04:28:12.535 5597 INFO rally.task.runner [-] Task 9b6e273c-4817-4ae8-a04b-5d8f2a159d8e | ITER: 6 START
2020-04-10 04:28:12.628 5591 INFO rally.task.runner [-] Task 9b6e273c-4817-4ae8-a04b-5d8f2a159d8e | ITER: 1 END: OK
2020-04-10 04:28:12.633 5591 INFO rally.task.runner [-] Task 9b6e273c-4817-4ae8-a04b-5d8f2a159d8e | ITER: 7 START
2020-04-10 04:28:13.587 5594 INFO rally.task.runner [-] Task 9b6e273c-4817-4ae8-a04b-5d8f2a159d8e | ITER: 4 END: OK
2020-04-10 04:28:13.592 5594 INFO rally.task.runner [-] Task 9b6e273c-4817-4ae8-a04b-5d8f2a159d8e | ITER: 8 START
2020-04-10 04:28:14.210 5593 INFO rally.task.runner [-] Task 9b6e273c-4817-4ae8-a04b-5d8f2a159d8e | ITER: 3 END: OK
2020-04-10 04:28:14.216 5593 INFO rally.task.runner [-] Task 9b6e273c-4817-4ae8-a04b-5d8f2a159d8e | ITER: 9 START
2020-04-10 04:28:14.218 5592 INFO rally.task.runner [-] Task 9b6e273c-4817-4ae8-a04b-5d8f2a159d8e | ITER: 2 END: OK
2020-04-10 04:28:14.223 5592 INFO rally.task.runner [-] Task 9b6e273c-4817-4ae8-a04b-5d8f2a159d8e | ITER: 10 START
2020-04-10 04:28:15.107 5594 INFO rally.task.runner [-] Task 9b6e273c-4817-4ae8-a04b-5d8f2a159d8e | ITER: 8 END: OK
2020-04-10 04:28:15.876 5597 INFO rally.task.runner [-] Task 9b6e273c-4817-4ae8-a04b-5d8f2a159d8e | ITER: 6 END: OK
2020-04-10 04:28:15.884 5591 INFO rally.task.runner [-] Task 9b6e273c-4817-4ae8-a04b-5d8f2a159d8e | ITER: 7 END: OK
2020-04-10 04:28:15.894 5593 INFO rally.task.runner [-] Task 9b6e273c-4817-4ae8-a04b-5d8f2a159d8e | ITER: 9 END: OK
2020-04-10 04:28:16.456 5592 INFO rally.task.runner [-] Task 9b6e273c-4817-4ae8-a04b-5d8f2a159d8e | ITER: 10 END: OK
2020-04-10 04:28:16.484 15 INFO rally.task.context [-] Task 9b6e273c-4817-4ae8-a04b-5d8f2a159d8e | Context cleanup@openstack cleanup() started
2020-04-10 04:28:16.492 15 RALLYDEBUG rally_openstack.cleanup.manager [-] Cleaning up neutron vip objects
2020-04-10 04:28:16.828 15 RALLYDEBUG rally_openstack.cleanup.manager [-] Cleaning up neutron health_monitor objects
2020-04-10 04:28:17.089 15 RALLYDEBUG rally_openstack.cleanup.manager [-] Cleaning up neutron pool objects
2020-04-10 04:28:17.378 15 RALLYDEBUG rally_openstack.cleanup.manager [-] Cleaning up neutron loadbalancer objects
2020-04-10 04:28:17.678 15 RALLYDEBUG rally_openstack.cleanup.manager [-] Cleaning up neutron floatingip objects
2020-04-10 04:28:18.133 15 RALLYDEBUG rally_openstack.cleanup.manager [-] Deleting neutron.floatingip object s_rally_48140188_LN6CSWyp (10669b8d-af94-4e37-ac7f-f7aecae97e27)
2020-04-10 04:28:18.149 15 RALLYDEBUG rally_openstack.cleanup.manager [-] Deleting neutron.floatingip object s_rally_48140188_fKNLJg9v (69f1c01f-3398-466e-af35-b8ae69580092)
2020-04-10 04:28:18.160 15 RALLYDEBUG rally_openstack.cleanup.manager [-] Deleting neutron.floatingip object s_rally_48140188_j2WPvrhz (898900cb-3803-4355-a551-fab02f110858)
2020-04-10 04:28:18.161 15 RALLYDEBUG rally_openstack.cleanup.manager [-] Deleting neutron.floatingip object s_rally_48140188_frJEdqml (725404d8-6886-4f4f-bb68-eddf0cc8cdba)
2020-04-10 04:28:18.166 15 RALLYDEBUG rally_openstack.cleanup.manager [-] Deleting neutron.floatingip object s_rally_48140188_g3u0m9FP (cd1bb302-5507-44c9-b22c-085eb4fd71aa)
2020-04-10 04:28:18.166 15 RALLYDEBUG rally_openstack.cleanup.manager [-] Deleting neutron.floatingip object s_rally_48140188_ZdTUiLmg (61e3baa2-de1f-4f0a-aa22-21cc4517c692)
2020-04-10 04:28:18.191 15 RALLYDEBUG rally_openstack.cleanup.manager [-] Deleting neutron.floatingip object s_rally_48140188_EBYIdYa6 (8f11fd5a-67a0-455a-9c0c-105c840f082a)
2020-04-10 04:28:18.186 15 RALLYDEBUG rally_openstack.cleanup.manager [-] Deleting neutron.floatingip object s_rally_48140188_O5C8CGdR (dbab1192-d452-4a8b-b007-c5530f91f34c)
2020-04-10 04:28:18.206 15 RALLYDEBUG rally_openstack.cleanup.manager [-] Deleting neutron.floatingip object s_rally_48140188_5VvJVVqs (c3f33a27-16a0-4a2e-9e86-e9fbdcd3cc71)
2020-04-10 04:28:18.222 15 RALLYDEBUG rally_openstack.cleanup.manager [-] Deleting neutron.floatingip object s_rally_48140188_lhrpxj8B (c6fd0215-d59c-4d75-83cd-d4ee77ba6aac)
2020-04-10 04:28:23.067 15 RALLYDEBUG rally_openstack.cleanup.manager [-] Cleaning up neutron trunk objects
2020-04-10 04:28:23.490 15 RALLYDEBUG rally_openstack.cleanup.manager [-] Cleaning up neutron port objects
2020-04-10 04:28:23.855 15 RALLYDEBUG rally_openstack.cleanup.manager [-] Cleaning up neutron subnet objects
2020-04-10 04:28:24.882 15 RALLYDEBUG rally_openstack.cleanup.manager [-] Cleaning up neutron network objects
2020-04-10 04:28:25.221 15 RALLYDEBUG rally_openstack.cleanup.manager [-] Cleaning up neutron router objects
2020-04-10 04:28:25.600 15 RALLYDEBUG rally_openstack.cleanup.manager [-] Cleaning up neutron security_group objects
2020-04-10 04:28:26.425 15 INFO rally.task.context [-] Task 9b6e273c-4817-4ae8-a04b-5d8f2a159d8e | Context cleanup@openstack cleanup() finished in 9.94 sec
2020-04-10 04:28:26.426 15 INFO rally.task.context [-] Task 9b6e273c-4817-4ae8-a04b-5d8f2a159d8e | Context quotas@openstack cleanup() started
2020-04-10 04:28:26.470 15 INFO rally.task.context [-] Task 9b6e273c-4817-4ae8-a04b-5d8f2a159d8e | Context quotas@openstack cleanup() finished in 44.14 msec
2020-04-10 04:28:26.470 15 INFO rally.task.context [-] Task 9b6e273c-4817-4ae8-a04b-5d8f2a159d8e | Context users@openstack cleanup() started
2020-04-10 04:28:27.099 15 WARNING rally.common.logging [-] `iterate_per_tenants()' is deprecated in v3.0.0: it is openstack specific.. Used at
2020-04-10 04:28:28.868 15 INFO rally.task.context [-] Task 9b6e273c-4817-4ae8-a04b-5d8f2a159d8e | Context users@openstack cleanup() finished in 2.40 sec
2020-04-10 04:28:30.844 15 INFO rally.task.engine [-] Load duration is: 5.66882
2020-04-10 04:28:30.845 15 INFO rally.task.engine [-] Full runner duration is: 5.718036
2020-04-10 04:28:30.845 15 INFO rally.task.engine [-] Full duration is: 20.158599
2020-04-10 04:28:30.913 15 INFO rally.task.engine [-] Running workload: position = 2 config = { "version": 2, "title": "A cropped version of a bigger task.", "description": "Auto-generated task from a single workload (uuid=224b4f97-9310-4778-bbd4-d7ebd5e734b3)", "subtasks": [ { "title": "NeutronNetworks.associate_and_dissociate_floating_ips", "description": "Associate and dissociate floating IPs.", "scenario": { "NeutronNetworks.associate_and_dissociate_floating_ips": { "floating_network": "public" } }, "contexts": { "users": { "tenants": 2, "users_per_tenant": 3 }, "quotas": { "neutron": { "floatingip": -1 } } }, "runner": { "constant": { "times": 10, "concurrency": 5 } }, "hooks": [], "sla": { "failure_rate": { "max": 0 } } } ] }
2020-04-10 04:28:30.932 15 RALLYDEBUG rally_openstack.contexts.keystone.users [-] Creating 2 tenants using 2 threads
2020-04-10 04:28:31.444 15 RALLYDEBUG rally_openstack.contexts.keystone.users [-] Creating 6 users using 6 threads
2020-04-10 04:28:32.527 15 INFO rally.task.context [-] Task 9b6e273c-4817-4ae8-a04b-5d8f2a159d8e | Context users@openstack setup() finished in 1.59 sec
2020-04-10 04:28:32.794 15 INFO rally.task.context [-] Task 9b6e273c-4817-4ae8-a04b-5d8f2a159d8e | Context quotas@openstack setup() finished in 0.27 sec
2020-04-10 04:28:32.795 15 INFO rally.task.context [-] Task 9b6e273c-4817-4ae8-a04b-5d8f2a159d8e | Context cleanup@openstack setup() finished in 0.08 msec
2020-04-10 04:28:32.804 15 RALLYDEBUG rally.task.runner [-] Starting the constant runner (task UUID: 9b6e273c-4817-4ae8-a04b-5d8f2a159d8e). times: 10 concurrency: 5 timeout: 0 max_cpu_used: 88 processes_to_start: 5 concurrency_per_worker: 1 concurrency_overhead: 0
2020-04-10 04:28:32.816 5886 RALLYDEBUG rally.task.runner [-] Starting a worker. times: 10 duration: None concurrency: 1 timeout: 0 cls: method_name: run args: {"floating_network": "public"}
2020-04-10 04:28:32.820 5887 RALLYDEBUG rally.task.runner [-] Starting a worker. times: 10 duration: None concurrency: 1 timeout: 0 cls: method_name: run args: {"floating_network": "public"}
2020-04-10 04:28:32.823 5886 INFO rally.task.runner [-] Task 9b6e273c-4817-4ae8-a04b-5d8f2a159d8e | ITER: 1 START
2020-04-10 04:28:32.823 5888 RALLYDEBUG rally.task.runner [-] Starting a worker. times: 10 duration: None concurrency: 1 timeout: 0 cls: method_name: run args: {"floating_network": "public"}
2020-04-10 04:28:32.827 5887 INFO rally.task.runner [-] Task 9b6e273c-4817-4ae8-a04b-5d8f2a159d8e | ITER: 2 START
2020-04-10 04:28:32.827 5890 RALLYDEBUG rally.task.runner [-] Starting a worker. times: 10 duration: None concurrency: 1 timeout: 0 cls: method_name: run args: {"floating_network": "public"}
2020-04-10 04:28:32.829 5888 INFO rally.task.runner [-] Task 9b6e273c-4817-4ae8-a04b-5d8f2a159d8e | ITER: 3 START
2020-04-10 04:28:32.830 5892 RALLYDEBUG rally.task.runner [-] Starting a worker. times: 10 duration: None concurrency: 1 timeout: 0 cls: method_name: run args: {"floating_network": "public"}
2020-04-10 04:28:32.832 5890 INFO rally.task.runner [-] Task 9b6e273c-4817-4ae8-a04b-5d8f2a159d8e | ITER: 4 START
2020-04-10 04:28:32.837 5892 INFO rally.task.runner [-] Task 9b6e273c-4817-4ae8-a04b-5d8f2a159d8e | ITER: 5 START
2020-04-10 04:28:36.293 5888 RALLYDEBUG rally_openstack.wrappers.network [-] CIDR generated: 10.4.92.0/24
2020-04-10 04:28:36.681 5892 RALLYDEBUG rally_openstack.wrappers.network [-] CIDR generated: 10.4.93.0/24
2020-04-10 04:28:36.783 5890 RALLYDEBUG rally_openstack.wrappers.network [-] CIDR generated: 10.4.94.0/24
2020-04-10 04:28:36.922 5887 RALLYDEBUG rally_openstack.wrappers.network [-] CIDR generated: 10.4.95.0/24
2020-04-10 04:28:38.568 5886 RALLYDEBUG rally_openstack.wrappers.network [-] CIDR generated: 10.4.96.0/24
2020-04-10 04:28:48.679 5888 INFO rally.task.runner [-] Task 9b6e273c-4817-4ae8-a04b-5d8f2a159d8e | ITER: 3 END: OK
2020-04-10 04:28:48.684 5888 INFO rally.task.runner [-] Task 9b6e273c-4817-4ae8-a04b-5d8f2a159d8e | ITER: 6 START
2020-04-10 04:28:48.819 5890 INFO rally.task.runner [-] Task 9b6e273c-4817-4ae8-a04b-5d8f2a159d8e | ITER: 4 END: OK
2020-04-10 04:28:48.824 5890 INFO rally.task.runner [-] Task 9b6e273c-4817-4ae8-a04b-5d8f2a159d8e | ITER: 7 START
2020-04-10 04:28:49.889 5892 INFO rally.task.runner [-] Task 9b6e273c-4817-4ae8-a04b-5d8f2a159d8e | ITER: 5 END: OK
2020-04-10 04:28:49.893 5892 INFO rally.task.runner [-] Task 9b6e273c-4817-4ae8-a04b-5d8f2a159d8e | ITER: 8 START
2020-04-10 04:28:51.751 5890 RALLYDEBUG rally_openstack.wrappers.network [-] CIDR generated: 10.4.97.0/24
2020-04-10 04:28:52.030 5892 RALLYDEBUG rally_openstack.wrappers.network [-] CIDR generated: 10.4.98.0/24
2020-04-10 04:28:53.215 5888 RALLYDEBUG rally_openstack.wrappers.network [-] CIDR generated: 10.4.99.0/24
2020-04-10 04:28:57.211 5887 INFO rally.task.runner [-] Task 9b6e273c-4817-4ae8-a04b-5d8f2a159d8e | ITER: 2 END: OK
2020-04-10 04:28:57.222 5887 INFO rally.task.runner [-] Task 9b6e273c-4817-4ae8-a04b-5d8f2a159d8e | ITER: 9 START
2020-04-10 04:28:57.987 5886 INFO rally.task.runner [-] Task 9b6e273c-4817-4ae8-a04b-5d8f2a159d8e | ITER: 1 END: OK
2020-04-10 04:28:57.995 5886 INFO rally.task.runner [-] Task 9b6e273c-4817-4ae8-a04b-5d8f2a159d8e | ITER: 10 START
2020-04-10 04:29:02.166 5887 RALLYDEBUG rally_openstack.wrappers.network [-] CIDR generated: 10.4.100.0/24
2020-04-10 04:29:02.589 5886 RALLYDEBUG rally_openstack.wrappers.network [-] CIDR generated: 10.4.101.0/24
2020-04-10 04:29:02.660 5890 INFO rally.task.runner [-] Task 9b6e273c-4817-4ae8-a04b-5d8f2a159d8e | ITER: 7 END: OK
2020-04-10 04:29:04.767 5888 INFO rally.task.runner [-] Task 9b6e273c-4817-4ae8-a04b-5d8f2a159d8e | ITER: 6 END: OK
2020-04-10 04:29:07.686 5892 INFO rally.task.runner [-] Task 9b6e273c-4817-4ae8-a04b-5d8f2a159d8e | ITER: 8 END: OK
2020-04-10 04:29:12.855 5887 INFO rally.task.runner [-] Task 9b6e273c-4817-4ae8-a04b-5d8f2a159d8e | ITER: 9 END: OK
2020-04-10 04:29:15.530 5886 INFO rally.task.runner [-] Task 9b6e273c-4817-4ae8-a04b-5d8f2a159d8e | ITER: 10 END: OK
2020-04-10 04:29:15.555 15 INFO rally.task.context [-] Task 9b6e273c-4817-4ae8-a04b-5d8f2a159d8e | Context cleanup@openstack cleanup() started
2020-04-10 04:29:15.562 15 RALLYDEBUG rally_openstack.cleanup.manager [-] Cleaning up neutron vip objects
2020-04-10 04:29:16.057 15 RALLYDEBUG rally_openstack.cleanup.manager [-] Cleaning up neutron health_monitor objects
2020-04-10 04:29:16.495 15 RALLYDEBUG rally_openstack.cleanup.manager [-] Cleaning up neutron pool objects
2020-04-10 04:29:16.873 15 RALLYDEBUG rally_openstack.cleanup.manager [-] Cleaning up neutron loadbalancer objects
2020-04-10 04:29:17.220 15 RALLYDEBUG rally_openstack.cleanup.manager [-] Cleaning up neutron floatingip objects
2020-04-10 04:29:17.880 15 RALLYDEBUG rally_openstack.cleanup.manager [-] Deleting neutron.floatingip object s_rally_224b4f97_5B7L1cx5 (42f90a40-6b2c-4900-9409-cdcda4a7ba6d)
2020-04-10 04:29:17.885 15 RALLYDEBUG rally_openstack.cleanup.manager [-] Deleting neutron.floatingip object s_rally_224b4f97_N7CZUU4f (5f0c6340-f8c6-43b5-98e9-32f861903d97)
2020-04-10 04:29:17.896 15 RALLYDEBUG rally_openstack.cleanup.manager [-] Deleting neutron.floatingip object s_rally_224b4f97_RB64hX85 (712d78ee-6e99-42d6-8dc9-63d6e9ae2d49)
2020-04-10 04:29:17.901 15 RALLYDEBUG rally_openstack.cleanup.manager [-] Deleting neutron.floatingip object s_rally_224b4f97_CVw1icjw (8206d97d-94c2-476f-b52d-dccd73e8aacf)
2020-04-10 04:29:17.931 15 RALLYDEBUG rally_openstack.cleanup.manager [-] Deleting neutron.floatingip object s_rally_224b4f97_xBzyPx0t (ee0fb0e7-d7a4-4e8d-bcd7-e7c9f7f62fa5)
2020-04-10 04:29:17.932 15 RALLYDEBUG rally_openstack.cleanup.manager [-] Deleting neutron.floatingip object s_rally_224b4f97_auKcLXr6 (f5c76471-709d-426b-b56e-5489e6ec0716)
2020-04-10 04:29:17.945 15 RALLYDEBUG rally_openstack.cleanup.manager [-] Deleting neutron.floatingip object s_rally_224b4f97_fyZJreeT (f9934459-56f8-4bbd-a16d-8b4af7d48a72)
2020-04-10 04:29:17.958 15 RALLYDEBUG rally_openstack.cleanup.manager [-] Deleting neutron.floatingip object s_rally_224b4f97_3GrOPvKu (93ac4f6a-5c0c-4616-88c9-c87831dfee74)
2020-04-10 04:29:17.976 15 RALLYDEBUG rally_openstack.cleanup.manager [-] Deleting neutron.floatingip object s_rally_224b4f97_SQCbYayY (b08cea10-ef5c-408e-9c26-b63583a3b237)
2020-04-10 04:29:17.996 15 RALLYDEBUG rally_openstack.cleanup.manager [-] Deleting neutron.floatingip object s_rally_224b4f97_BgW4RyWa (cd8ae15f-c46b-4539-8cb0-a4e923324c74)
2020-04-10 04:29:24.431 15 RALLYDEBUG rally_openstack.cleanup.manager [-] Cleaning up neutron trunk objects
2020-04-10 04:29:25.087 15 RALLYDEBUG rally_openstack.cleanup.manager [-] Cleaning up neutron port objects
2020-04-10 04:29:26.221 15 RALLYDEBUG rally_openstack.cleanup.manager [-] Deleting neutron.port object s_rally_224b4f97_gNuotW89 (0a7ddfed-2f34-4de4-acd4-b9d7307a78a5)
2020-04-10 04:29:26.242 15 RALLYDEBUG rally_openstack.cleanup.manager [-] Deleting neutron.port object s_rally_224b4f97_JjFcqIZe (32d3c94f-6828-428a-8109-880013e24029)
2020-04-10 04:29:26.252 15 RALLYDEBUG rally_openstack.cleanup.manager [-] Deleting neutron.port object s_rally_224b4f97_Zvl1BXb1 (252f6980-67b9-4128-9f32-4931eed68df8)
2020-04-10 04:29:26.262 15 RALLYDEBUG rally_openstack.cleanup.manager [-] Deleting neutron.port object s_rally_224b4f97_4uqti8J2 (527da976-3427-4d2a-89c2-929555bdd5ac)
2020-04-10 04:29:26.271 15 RALLYDEBUG rally_openstack.cleanup.manager [-] Deleting neutron.port object s_rally_224b4f97_GD36gTqK (5ba6ec03-241b-4141-94f4-0517e575ca10)
2020-04-10 04:29:26.276 15 RALLYDEBUG rally_openstack.cleanup.manager [-] Deleting neutron.port object s_rally_224b4f97_4LjBxA1G (5e915922-30d9-4187-a543-f594c46dcf67)
2020-04-10 04:29:26.289 15 RALLYDEBUG rally_openstack.cleanup.manager [-] Deleting neutron.port object s_rally_224b4f97_2rmDEX8n (66517e22-0d00-49e6-8736-47c438235f53)
2020-04-10 04:29:26.309 15 RALLYDEBUG rally_openstack.cleanup.manager [-] Deleting neutron.port object s_rally_224b4f97_YLEPtNYy (693e7714-29c3-4794-9765-34674b61646d)
2020-04-10 04:29:26.317 15 RALLYDEBUG rally_openstack.cleanup.manager [-] Deleting neutron.port object s_rally_224b4f97_dQirV3OH (6f20e0d8-5316-4242-93dd-b05ac85de463)
2020-04-10 04:29:26.345 15 RALLYDEBUG rally_openstack.cleanup.manager [-] Deleting neutron.port object s_rally_224b4f97_P25NsnrN (76aad34a-5cfc-4a0a-9c26-8b19ad0af811)
2020-04-10 04:29:26.354 15 RALLYDEBUG rally_openstack.cleanup.manager [-] Deleting neutron.port object s_rally_224b4f97_WjBRHrLn (a7d60591-4377-4305-a259-1f6abc245d63)
2020-04-10 04:29:26.362 15 RALLYDEBUG rally_openstack.cleanup.manager [-] Deleting neutron.port object s_rally_224b4f97_vyr28DVi (aa4cc4b1-c1d1-497f-b604-9c227097a454)
2020-04-10 04:29:26.381 15 RALLYDEBUG rally_openstack.cleanup.manager [-] Deleting neutron.port object s_rally_224b4f97_mSsGQFTE (e20309f4-bb3f-4796-baef-0a37ab50a6a4)
2020-04-10 04:29:26.401 15 RALLYDEBUG rally_openstack.cleanup.manager [-] Deleting neutron.port object s_rally_224b4f97_PreIFKOE (d0f33c58-bb8e-4cee-aee1-d7808cdf5f83)
2020-04-10 04:29:26.431 15 RALLYDEBUG rally_openstack.cleanup.manager [-] Deleting neutron.port object s_rally_224b4f97_1boJRZeW (3df1c83b-e9f0-4f06-bc07-aa4920006e2b)
2020-04-10 04:29:26.439 15 RALLYDEBUG rally_openstack.cleanup.manager [-] Deleting neutron.port object s_rally_224b4f97_d1SFoSpc (28cd8209-276b-4d4a-93a5-2ff2793720fc)
2020-04-10 04:29:26.454 15 RALLYDEBUG rally_openstack.cleanup.manager [-] Deleting neutron.port object s_rally_224b4f97_TAEqtcCl (52228c5c-eb4b-4551-9530-89031e08dc06)
2020-04-10 04:29:26.488 15 RALLYDEBUG rally_openstack.cleanup.manager [-] Deleting neutron.port object s_rally_224b4f97_4fXOWnDh (a01875ab-15c3-48f9-a3e3-a19061b5fb1b)
2020-04-10 04:29:26.678 15 RALLYDEBUG rally_openstack.cleanup.manager [-] Deleting neutron.port object s_rally_224b4f97_lkRM6bN5 (e0426c7d-7ddc-431b-b410-9fad61e91cc0)
2020-04-10 04:29:26.717 15 RALLYDEBUG rally_openstack.cleanup.manager [-] Deleting neutron.port object s_rally_224b4f97_szJ4Ejx0 (cd310f65-23a9-449a-acc5-5987b7923c83)
2020-04-10 04:29:35.268 15 RALLYDEBUG rally_openstack.cleanup.manager [-] Cleaning up neutron subnet objects
2020-04-10 04:29:35.898 15 RALLYDEBUG rally_openstack.cleanup.manager [-] Deleting neutron.subnet object s_rally_224b4f97_P1kIOdxn (2471fdb8-1e88-4aaf-9d18-6652985dd9bb)
2020-04-10 04:29:35.906 15 RALLYDEBUG rally_openstack.cleanup.manager [-] Deleting neutron.subnet object s_rally_224b4f97_9OcQLCJz (249a3870-ae88-41f3-88d9-cab274cab07f)
2020-04-10 04:29:35.923 15 RALLYDEBUG rally_openstack.cleanup.manager [-] Deleting neutron.subnet object s_rally_224b4f97_CNmgUAeR (41191ed0-990b-461d-a860-a89f1e744778)
2020-04-10 04:29:35.933 15 RALLYDEBUG rally_openstack.cleanup.manager [-] Deleting neutron.subnet object s_rally_224b4f97_Vr54Ot7y (51ea36b9-86fe-47e9-9879-b8e9f418506a)
2020-04-10 04:29:35.945 15 RALLYDEBUG rally_openstack.cleanup.manager [-] Deleting neutron.subnet object s_rally_224b4f97_XwJC1va6 (746c2ff3-d900-4e96-a882-cdaf6189b42d)
2020-04-10 04:29:35.940 15 RALLYDEBUG rally_openstack.cleanup.manager [-] Deleting neutron.subnet object s_rally_224b4f97_C5AIY4pp (57247464-da1b-4db7-b18c-c34b05409a8d)
2020-04-10 04:29:35.951 15 RALLYDEBUG rally_openstack.cleanup.manager [-] Deleting neutron.subnet object s_rally_224b4f97_YtVHDYi5 (88a16700-210b-4c3d-967f-1969c532daf7)
2020-04-10 04:29:35.956 15 RALLYDEBUG rally_openstack.cleanup.manager [-] Deleting neutron.subnet object s_rally_224b4f97_6QoEsgkL (3be52738-9e7f-4e0c-b644-a04fba24f2d3)
2020-04-10 04:29:35.966 15 RALLYDEBUG rally_openstack.cleanup.manager [-] Deleting neutron.subnet object s_rally_224b4f97_6CH1D6tE (60aa6435-91d8-43ad-8e63-f25b897988c3)
2020-04-10 04:29:35.975 15 RALLYDEBUG rally_openstack.cleanup.manager [-] Deleting neutron.subnet object s_rally_224b4f97_lpAOqhoX (f451f968-2a04-4ec4-b808-7583d30f2483)
2020-04-10 04:29:41.794 15 RALLYDEBUG rally_openstack.cleanup.manager [-] Cleaning up neutron network objects
2020-04-10 04:29:43.214 15 RALLYDEBUG rally_openstack.cleanup.manager [-] Deleting neutron.network object s_rally_224b4f97_6XVkVYF5 (0e32cd70-5b5a-40bf-ae0c-24a89b812ce1)
2020-04-10 04:29:43.225 15 RALLYDEBUG rally_openstack.cleanup.manager [-] Deleting neutron.network object s_rally_224b4f97_rnXgN2vc (45f68b62-319f-4acf-9b33-c9a0d4338f78)
2020-04-10 04:29:43.231 15 RALLYDEBUG rally_openstack.cleanup.manager [-] Deleting neutron.network object s_rally_224b4f97_4vM1OfJg (67b86f87-8845-4cfe-9dd7-c185a8ef524d)
2020-04-10 04:29:43.245 15 RALLYDEBUG rally_openstack.cleanup.manager [-] Deleting neutron.network object s_rally_224b4f97_cFiqK23A (758cb9ee-0b13-45a0-bec5-1b19e402d455)
2020-04-10 04:29:43.241 15 RALLYDEBUG rally_openstack.cleanup.manager [-] Deleting neutron.network object s_rally_224b4f97_o5E34lUK (6a5ea118-058c-49cd-8eff-925bd69b2878)
2020-04-10 04:29:43.265 15 RALLYDEBUG rally_openstack.cleanup.manager [-] Deleting neutron.network object s_rally_224b4f97_ET5lKUxS (9b15fe1f-ecbc-4b14-aac9-055446d641c6)
2020-04-10 04:29:43.272 15 RALLYDEBUG rally_openstack.cleanup.manager [-] Deleting neutron.network object s_rally_224b4f97_qK27anTU (9eda0374-9b5d-46c2-888f-043d7001134c)
2020-04-10 04:29:43.287 15 RALLYDEBUG rally_openstack.cleanup.manager [-] Deleting neutron.network object s_rally_224b4f97_8Q1ehOVH (24fdff04-d0be-4b57-9544-2664cfd7a25b)
2020-04-10 04:29:43.322 15 RALLYDEBUG rally_openstack.cleanup.manager [-] Deleting neutron.network object s_rally_224b4f97_9VUUedXD (dc5134b5-02e6-409c-8176-f89cb589fb85)
2020-04-10 04:29:43.317 15 RALLYDEBUG rally_openstack.cleanup.manager [-] Deleting neutron.network object s_rally_224b4f97_9TTTZYAC (7f633119-232e-4c44-931b-64fd329e843c)
2020-04-10 04:29:48.074 15 RALLYDEBUG rally_openstack.cleanup.manager [-] Cleaning up neutron router objects
2020-04-10 04:29:48.947 15 RALLYDEBUG rally_openstack.cleanup.manager [-] Deleting neutron.router object s_rally_224b4f97_vyr28DVi (2a51f1fa-5cf3-47c7-9271-b09bdefa21d1)
2020-04-10 04:29:48.965 15 RALLYDEBUG rally_openstack.cleanup.manager [-] Deleting neutron.router object s_rally_224b4f97_GD36gTqK (7d525ba7-8c53-41b0-aaab-256ed0612d0e)
2020-04-10 04:29:48.966 15 RALLYDEBUG rally_openstack.cleanup.manager [-] Deleting neutron.router object s_rally_224b4f97_P25NsnrN (6bc9fdaa-fdfd-47c4-b8bc-81f7edc1c0e0)
2020-04-10 04:29:48.978 15 RALLYDEBUG rally_openstack.cleanup.manager [-] Deleting neutron.router object s_rally_224b4f97_YLEPtNYy (b55cdd03-1efd-4f4a-b48f-b1ffda1fcbde)
2020-04-10 04:29:48.997 15 RALLYDEBUG rally_openstack.cleanup.manager [-] Deleting neutron.router object s_rally_224b4f97_JjFcqIZe (bb7089b6-e66d-4a15-a579-53735af7913c)
2020-04-10 04:29:49.002 15 RALLYDEBUG rally_openstack.cleanup.manager [-] Deleting neutron.router object s_rally_224b4f97_4uqti8J2 (bf530149-6297-4a6f-8e3d-db06a54913a9)
2020-04-10 04:29:49.014 15 RALLYDEBUG rally_openstack.cleanup.manager [-] Deleting neutron.router object s_rally_224b4f97_WjBRHrLn (fc50ffa0-84ca-4074-8f44-7822dc9a1818)
2020-04-10 04:29:49.040 15 RALLYDEBUG rally_openstack.cleanup.manager [-] Deleting neutron.router object s_rally_224b4f97_TAEqtcCl (5eea203a-bbbc-4e67-b51e-b3f4123ebc96)
2020-04-10 04:29:49.052 15 RALLYDEBUG rally_openstack.cleanup.manager [-] Deleting neutron.router object s_rally_224b4f97_1boJRZeW (80b89dfc-77e3-41fe-8525-55c058dd2175)
2020-04-10 04:29:49.066 15 RALLYDEBUG rally_openstack.cleanup.manager [-] Deleting neutron.router object s_rally_224b4f97_d1SFoSpc (8bcc60ef-60c5-48af-a768-50990c670a15)
2020-04-10 04:29:53.761 15 RALLYDEBUG rally_openstack.cleanup.manager [-] Cleaning up neutron security_group objects
2020-04-10 04:29:54.260 15 INFO rally.task.context [-] Task 9b6e273c-4817-4ae8-a04b-5d8f2a159d8e | Context cleanup@openstack cleanup() finished in 38.71 sec
2020-04-10 04:29:54.261 15 INFO rally.task.context [-] Task 9b6e273c-4817-4ae8-a04b-5d8f2a159d8e | Context quotas@openstack cleanup() started
2020-04-10 04:29:54.311 15 INFO rally.task.context [-] Task 9b6e273c-4817-4ae8-a04b-5d8f2a159d8e | Context quotas@openstack cleanup() finished in 49.94 msec
2020-04-10 04:29:54.311 15 INFO rally.task.context [-] Task 9b6e273c-4817-4ae8-a04b-5d8f2a159d8e | Context users@openstack cleanup() started
2020-04-10 04:29:54.511 15 WARNING rally.common.logging [-] `iterate_per_tenants()' is deprecated in v3.0.0: it is openstack specific.. Used at
2020-04-10 04:29:56.948 15 INFO rally.task.context [-] Task 9b6e273c-4817-4ae8-a04b-5d8f2a159d8e | Context users@openstack cleanup() finished in 2.64 sec
2020-04-10 04:29:57.394 15 INFO rally.task.engine [-] Load duration is: 42.705248
2020-04-10 04:29:57.394 15 INFO rally.task.engine [-] Full runner duration is: 42.751052
2020-04-10 04:29:57.395 15 INFO rally.task.engine [-] Full duration is: 86.018043
2020-04-10 04:29:57.483 15 INFO rally.task.engine [-] Running workload: position = 0 config = { "version": 2, "title": "A cropped version of a bigger task.", "description": "Auto-generated task from a single workload (uuid=27e84bce-cafd-42b7-9aa6-818d1b4440f0)", "subtasks": [ { "title": "NeutronSecurityGroup.create_and_delete_security_group_rule", "description": "Create and delete Neutron security-group-rule.", "scenario": { "NeutronSecurityGroup.create_and_delete_security_group_rule": { "security_group_args": {}, "security_group_rule_args": {} } }, "contexts": { "users": { "tenants": 2, "users_per_tenant": 3 }, "quotas": { "neutron": { "security_group": -1, "security_group_rule": -1 } } }, "runner": { "constant": { "times": 50, "concurrency": 10 } }, "hooks": [], "sla": { "failure_rate": { "max": 0 } } } ] }
2020-04-10 04:29:57.503 15 RALLYDEBUG rally_openstack.contexts.keystone.users [-] Creating 2 tenants using 2 threads
2020-04-10 04:29:58.048 15 RALLYDEBUG rally_openstack.contexts.keystone.users [-] Creating 6 users using 6 threads
2020-04-10 04:29:59.132 15 INFO rally.task.context [-] Task 9b6e273c-4817-4ae8-a04b-5d8f2a159d8e | Context users@openstack setup() finished in 1.63 sec
2020-04-10 04:29:59.490 15 INFO rally.task.context [-] Task 9b6e273c-4817-4ae8-a04b-5d8f2a159d8e | Context quotas@openstack setup() finished in 0.36 sec
2020-04-10 04:29:59.491 15 INFO rally.task.context [-] Task 9b6e273c-4817-4ae8-a04b-5d8f2a159d8e | Context cleanup@openstack setup() finished in 0.02 msec
2020-04-10 04:29:59.501 15 RALLYDEBUG rally.task.runner [-] Starting the constant runner (task UUID: 9b6e273c-4817-4ae8-a04b-5d8f2a159d8e). times: 50 concurrency: 10 timeout: 0 max_cpu_used: 88 processes_to_start: 10 concurrency_per_worker: 1 concurrency_overhead: 0
2020-04-10 04:29:59.514 6181 RALLYDEBUG rally.task.runner [-] Starting a worker. times: 50 duration: None concurrency: 1 timeout: 0 cls: method_name: run args: {"security_group_args": {}, "security_group_rule_args": {}}
2020-04-10 04:29:59.516 6182 RALLYDEBUG rally.task.runner [-] Starting a worker. times: 50 duration: None concurrency: 1 timeout: 0 cls: method_name: run args: {"security_group_args": {}, "security_group_rule_args": {}}
2020-04-10 04:29:59.519 6183 RALLYDEBUG rally.task.runner [-] Starting a worker. times: 50 duration: None concurrency: 1 timeout: 0 cls: method_name: run args: {"security_group_args": {}, "security_group_rule_args": {}}
2020-04-10 04:29:59.522 6181 INFO rally.task.runner [-] Task 9b6e273c-4817-4ae8-a04b-5d8f2a159d8e | ITER: 1 START
2020-04-10 04:29:59.522 6182 INFO rally.task.runner [-] Task 9b6e273c-4817-4ae8-a04b-5d8f2a159d8e | ITER: 2 START
2020-04-10 04:29:59.522 6184 RALLYDEBUG rally.task.runner [-] Starting a worker. times: 50 duration: None concurrency: 1 timeout: 0 cls: method_name: run args: {"security_group_args": {}, "security_group_rule_args": {}}
2020-04-10 04:29:59.525 6185 RALLYDEBUG rally.task.runner [-] Starting a worker. times: 50 duration: None concurrency: 1 timeout: 0 cls: method_name: run args: {"security_group_args": {}, "security_group_rule_args": {}}
2020-04-10 04:29:59.526 6183 INFO rally.task.runner [-] Task 9b6e273c-4817-4ae8-a04b-5d8f2a159d8e | ITER: 3 START
2020-04-10 04:29:59.527 6190 RALLYDEBUG rally.task.runner [-] Starting a worker. times: 50 duration: None concurrency: 1 timeout: 0 cls: method_name: run args: {"security_group_args": {}, "security_group_rule_args": {}}
2020-04-10 04:29:59.529 6184 INFO rally.task.runner [-] Task 9b6e273c-4817-4ae8-a04b-5d8f2a159d8e | ITER: 4 START
2020-04-10 04:29:59.531 6193 RALLYDEBUG rally.task.runner [-] Starting a worker. times: 50 duration: None concurrency: 1 timeout: 0 cls: method_name: run args: {"security_group_args": {}, "security_group_rule_args": {}}
2020-04-10 04:29:59.532 6185 INFO rally.task.runner [-] Task 9b6e273c-4817-4ae8-a04b-5d8f2a159d8e | ITER: 5 START
2020-04-10 04:29:59.533 6190 INFO rally.task.runner [-] Task 9b6e273c-4817-4ae8-a04b-5d8f2a159d8e | ITER: 6 START
2020-04-10 04:29:59.538 6193 INFO rally.task.runner [-] Task 9b6e273c-4817-4ae8-a04b-5d8f2a159d8e | ITER: 7 START
2020-04-10 04:29:59.543 6202 RALLYDEBUG rally.task.runner [-] Starting a worker. times: 50 duration: None concurrency: 1 timeout: 0 cls: method_name: run args: {"security_group_args": {}, "security_group_rule_args": {}}
2020-04-10 04:29:59.547 6203 RALLYDEBUG rally.task.runner [-] Starting a worker. times: 50 duration: None concurrency: 1 timeout: 0 cls: method_name: run args: {"security_group_args": {}, "security_group_rule_args": {}}
2020-04-10 04:29:59.550 6202 INFO rally.task.runner [-] Task 9b6e273c-4817-4ae8-a04b-5d8f2a159d8e | ITER: 8 START
2020-04-10 04:29:59.554 6203 INFO rally.task.runner [-] Task 9b6e273c-4817-4ae8-a04b-5d8f2a159d8e | ITER: 9 START
2020-04-10 04:29:59.554 6206 RALLYDEBUG rally.task.runner [-] Starting a worker. times: 50 duration: None concurrency: 1 timeout: 0 cls: method_name: run args: {"security_group_args": {}, "security_group_rule_args": {}}
2020-04-10 04:29:59.561 6206 INFO rally.task.runner [-] Task 9b6e273c-4817-4ae8-a04b-5d8f2a159d8e | ITER: 10 START
2020-04-10 04:30:00.624 6206 INFO rally.task.runner [-] Task 9b6e273c-4817-4ae8-a04b-5d8f2a159d8e | ITER: 10 END: OK
2020-04-10 04:30:00.629 6206 INFO rally.task.runner [-] Task 9b6e273c-4817-4ae8-a04b-5d8f2a159d8e | ITER: 11 START
2020-04-10 04:30:00.649 6184 INFO rally.task.runner [-] Task 9b6e273c-4817-4ae8-a04b-5d8f2a159d8e | ITER: 4 END: OK
2020-04-10 04:30:00.655 6184 INFO rally.task.runner [-] Task 9b6e273c-4817-4ae8-a04b-5d8f2a159d8e | ITER: 12 START
2020-04-10 04:30:01.232 6183 INFO rally.task.runner [-] Task 9b6e273c-4817-4ae8-a04b-5d8f2a159d8e | ITER: 3 END: OK
2020-04-10 04:30:01.237 6183 INFO rally.task.runner [-] Task 9b6e273c-4817-4ae8-a04b-5d8f2a159d8e | ITER: 13 START
2020-04-10 04:30:01.263 6182 INFO rally.task.runner [-] Task 9b6e273c-4817-4ae8-a04b-5d8f2a159d8e | ITER: 2 END: OK
2020-04-10 04:30:01.268 6182 INFO rally.task.runner [-] Task 9b6e273c-4817-4ae8-a04b-5d8f2a159d8e | ITER: 14 START
2020-04-10 04:30:01.349 6181 INFO rally.task.runner [-] Task 9b6e273c-4817-4ae8-a04b-5d8f2a159d8e | ITER: 1 END: OK
2020-04-10 04:30:01.355 6181 INFO rally.task.runner [-] Task 9b6e273c-4817-4ae8-a04b-5d8f2a159d8e | ITER: 15 START
2020-04-10 04:30:01.580 6193 INFO rally.task.runner [-] Task 9b6e273c-4817-4ae8-a04b-5d8f2a159d8e | ITER: 7 END: OK
2020-04-10 04:30:01.585 6193 INFO rally.task.runner [-] Task 9b6e273c-4817-4ae8-a04b-5d8f2a159d8e | ITER: 16 START
2020-04-10 04:30:01.592 6202 INFO rally.task.runner [-] Task 9b6e273c-4817-4ae8-a04b-5d8f2a159d8e | ITER: 8 END: OK
2020-04-10 04:30:01.597 6202 INFO rally.task.runner [-] Task 9b6e273c-4817-4ae8-a04b-5d8f2a159d8e | ITER: 17 START
2020-04-10 04:30:01.889 6184 INFO rally.task.runner [-] Task 9b6e273c-4817-4ae8-a04b-5d8f2a159d8e | ITER: 12 END: OK
2020-04-10 04:30:01.891 6206 INFO rally.task.runner [-] Task 9b6e273c-4817-4ae8-a04b-5d8f2a159d8e | ITER: 11 END: OK
2020-04-10 04:30:01.893 6184 INFO rally.task.runner [-] Task 9b6e273c-4817-4ae8-a04b-5d8f2a159d8e | ITER: 18 START
2020-04-10 04:30:01.896 6206 INFO rally.task.runner [-] Task 9b6e273c-4817-4ae8-a04b-5d8f2a159d8e | ITER: 19 START
2020-04-10 04:30:02.069 6190 INFO rally.task.runner [-] Task 9b6e273c-4817-4ae8-a04b-5d8f2a159d8e | ITER: 6 END: OK
2020-04-10 04:30:02.074 6190 INFO rally.task.runner [-] Task 9b6e273c-4817-4ae8-a04b-5d8f2a159d8e | ITER: 20 START
2020-04-10 04:30:02.081 6185 INFO rally.task.runner [-] Task 9b6e273c-4817-4ae8-a04b-5d8f2a159d8e | ITER: 5 END: OK
2020-04-10 04:30:02.085 6185 INFO rally.task.runner [-] Task 9b6e273c-4817-4ae8-a04b-5d8f2a159d8e | ITER: 21 START
2020-04-10 04:30:02.156 6182 INFO rally.task.runner [-] Task 9b6e273c-4817-4ae8-a04b-5d8f2a159d8e | ITER: 14 END: OK
2020-04-10 04:30:02.160 6182 INFO rally.task.runner [-] Task 9b6e273c-4817-4ae8-a04b-5d8f2a159d8e | ITER: 22 START
2020-04-10 04:30:02.180 6183 INFO rally.task.runner [-] Task 9b6e273c-4817-4ae8-a04b-5d8f2a159d8e | ITER: 13 END: OK
2020-04-10 04:30:02.185 6183 INFO rally.task.runner [-] Task 9b6e273c-4817-4ae8-a04b-5d8f2a159d8e | ITER: 23 START
2020-04-10 04:30:02.416 6181 INFO rally.task.runner [-] Task 9b6e273c-4817-4ae8-a04b-5d8f2a159d8e | ITER: 15 END: OK
2020-04-10 04:30:02.421 6181 INFO rally.task.runner [-] Task 9b6e273c-4817-4ae8-a04b-5d8f2a159d8e | ITER: 24 START
2020-04-10 04:30:02.469 6202 INFO rally.task.runner [-] Task 9b6e273c-4817-4ae8-a04b-5d8f2a159d8e | ITER: 17 END: OK
2020-04-10 04:30:02.473 6202 INFO rally.task.runner [-] Task 9b6e273c-4817-4ae8-a04b-5d8f2a159d8e | ITER: 25 START
2020-04-10 04:30:02.888 6184 INFO rally.task.runner [-] Task 9b6e273c-4817-4ae8-a04b-5d8f2a159d8e | ITER: 18 END: OK
2020-04-10 04:30:02.894 6184 INFO rally.task.runner [-] Task 9b6e273c-4817-4ae8-a04b-5d8f2a159d8e | ITER: 26 START
2020-04-10 04:30:03.074 6193 INFO rally.task.runner [-] Task 9b6e273c-4817-4ae8-a04b-5d8f2a159d8e | ITER: 16 END: OK
2020-04-10 04:30:03.079 6193 INFO rally.task.runner [-] Task 9b6e273c-4817-4ae8-a04b-5d8f2a159d8e | ITER: 27 START
2020-04-10 04:30:03.086 6185 INFO rally.task.runner [-] Task 9b6e273c-4817-4ae8-a04b-5d8f2a159d8e | ITER: 21 END: OK
2020-04-10 04:30:03.090 6185 INFO rally.task.runner [-] Task 9b6e273c-4817-4ae8-a04b-5d8f2a159d8e | ITER: 28 START
2020-04-10 04:30:03.258 6181 INFO rally.task.runner [-] Task 9b6e273c-4817-4ae8-a04b-5d8f2a159d8e | ITER: 24 END: OK
2020-04-10 04:30:03.262 6181 INFO rally.task.runner [-] Task 9b6e273c-4817-4ae8-a04b-5d8f2a159d8e | ITER: 29 START
2020-04-10 04:30:03.271 6183 INFO rally.task.runner [-] Task 9b6e273c-4817-4ae8-a04b-5d8f2a159d8e | ITER: 23 END: OK
2020-04-10 04:30:03.276 6183 INFO rally.task.runner [-] Task 9b6e273c-4817-4ae8-a04b-5d8f2a159d8e | ITER: 30 START
2020-04-10 04:30:03.853 6184 INFO rally.task.runner [-] Task 9b6e273c-4817-4ae8-a04b-5d8f2a159d8e | ITER: 26 END: OK
2020-04-10 04:30:03.858 6184 INFO rally.task.runner [-] Task 9b6e273c-4817-4ae8-a04b-5d8f2a159d8e | ITER: 31 START
2020-04-10 04:30:03.878 6193 INFO rally.task.runner [-] Task 9b6e273c-4817-4ae8-a04b-5d8f2a159d8e | ITER: 27 END: OK
2020-04-10 04:30:03.883 6193 INFO rally.task.runner [-] Task 9b6e273c-4817-4ae8-a04b-5d8f2a159d8e | ITER: 32 START
2020-04-10 04:30:04.064 6202 INFO rally.task.runner [-] Task 9b6e273c-4817-4ae8-a04b-5d8f2a159d8e | ITER: 25 END: OK
2020-04-10 04:30:04.069 6202 INFO rally.task.runner [-] Task 9b6e273c-4817-4ae8-a04b-5d8f2a159d8e | ITER: 33 START
2020-04-10 04:30:04.082 6185 INFO rally.task.runner [-] Task 9b6e273c-4817-4ae8-a04b-5d8f2a159d8e | ITER: 28 END: OK
2020-04-10 04:30:04.087 6185 INFO rally.task.runner [-] Task 9b6e273c-4817-4ae8-a04b-5d8f2a159d8e | ITER: 34 START
2020-04-10 04:30:04.279 6183 INFO rally.task.runner [-] Task 9b6e273c-4817-4ae8-a04b-5d8f2a159d8e | ITER: 30 END: OK
2020-04-10 04:30:04.283 6183 INFO rally.task.runner [-] Task 9b6e273c-4817-4ae8-a04b-5d8f2a159d8e | ITER: 35 START
2020-04-10 04:30:04.301 6181 INFO rally.task.runner [-] Task 9b6e273c-4817-4ae8-a04b-5d8f2a159d8e | ITER: 29 END: OK
2020-04-10 04:30:04.305 6181 INFO rally.task.runner [-] Task 9b6e273c-4817-4ae8-a04b-5d8f2a159d8e | ITER: 36 START
2020-04-10 04:30:04.457 6190 INFO rally.task.runner [-] Task 9b6e273c-4817-4ae8-a04b-5d8f2a159d8e | ITER: 20 END: OK
2020-04-10 04:30:04.461 6190 INFO rally.task.runner [-] Task 9b6e273c-4817-4ae8-a04b-5d8f2a159d8e | ITER: 37 START
2020-04-10 04:30:04.555 6206 INFO rally.task.runner [-] Task 9b6e273c-4817-4ae8-a04b-5d8f2a159d8e | ITER: 19 END: OK
2020-04-10 04:30:04.560 6206 INFO rally.task.runner [-] Task 9b6e273c-4817-4ae8-a04b-5d8f2a159d8e | ITER: 38 START
2020-04-10 04:30:04.564 6182 INFO rally.task.runner [-] Task 9b6e273c-4817-4ae8-a04b-5d8f2a159d8e | ITER: 22 END: OK
2020-04-10 04:30:04.569 6182 INFO rally.task.runner [-] Task 9b6e273c-4817-4ae8-a04b-5d8f2a159d8e | ITER: 39 START
2020-04-10 04:30:04.876 6185 INFO rally.task.runner [-] Task 9b6e273c-4817-4ae8-a04b-5d8f2a159d8e | ITER: 34 END: OK
2020-04-10 04:30:04.880 6185 INFO rally.task.runner [-] Task 9b6e273c-4817-4ae8-a04b-5d8f2a159d8e | ITER: 40 START
2020-04-10 04:30:04.946 6202 INFO rally.task.runner [-] Task 9b6e273c-4817-4ae8-a04b-5d8f2a159d8e | ITER: 33 END: OK
2020-04-10 04:30:04.950 6202 INFO rally.task.runner [-] Task 9b6e273c-4817-4ae8-a04b-5d8f2a159d8e | ITER: 41 START
2020-04-10 04:30:04.964 6193 INFO rally.task.runner [-] Task 9b6e273c-4817-4ae8-a04b-5d8f2a159d8e | ITER: 32 END: OK
2020-04-10 04:30:04.968 6193 INFO rally.task.runner [-] Task 9b6e273c-4817-4ae8-a04b-5d8f2a159d8e | ITER: 42 START
2020-04-10 04:30:05.033 6184 INFO rally.task.runner [-] Task 9b6e273c-4817-4ae8-a04b-5d8f2a159d8e | ITER: 31 END: OK
2020-04-10 04:30:05.038 6184 INFO rally.task.runner [-] Task 9b6e273c-4817-4ae8-a04b-5d8f2a159d8e | ITER: 43 START
2020-04-10 04:30:05.140 6183 INFO rally.task.runner [-] Task 9b6e273c-4817-4ae8-a04b-5d8f2a159d8e | ITER: 35 END: OK
2020-04-10 04:30:05.145 6183 INFO rally.task.runner [-] Task 9b6e273c-4817-4ae8-a04b-5d8f2a159d8e | ITER: 44 START
2020-04-10 04:30:05.173 6181 INFO rally.task.runner [-] Task 9b6e273c-4817-4ae8-a04b-5d8f2a159d8e | ITER: 36 END: OK
2020-04-10 04:30:05.176 6181 INFO rally.task.runner [-] Task 9b6e273c-4817-4ae8-a04b-5d8f2a159d8e | ITER: 45 START
2020-04-10 04:30:05.379 6190 INFO rally.task.runner [-] Task 9b6e273c-4817-4ae8-a04b-5d8f2a159d8e | ITER: 37 END: OK
2020-04-10 04:30:05.384 6190 INFO rally.task.runner [-] Task 9b6e273c-4817-4ae8-a04b-5d8f2a159d8e | ITER: 46 START
2020-04-10 04:30:05.624 6182 INFO rally.task.runner [-] Task 9b6e273c-4817-4ae8-a04b-5d8f2a159d8e | ITER: 39 END: OK
2020-04-10 04:30:05.628 6206 INFO rally.task.runner [-] Task 9b6e273c-4817-4ae8-a04b-5d8f2a159d8e | ITER: 38 END: OK
2020-04-10 04:30:05.628 6182 INFO rally.task.runner [-] Task 9b6e273c-4817-4ae8-a04b-5d8f2a159d8e | ITER: 47 START
2020-04-10 04:30:05.633 6206 INFO rally.task.runner [-] Task 9b6e273c-4817-4ae8-a04b-5d8f2a159d8e | ITER: 48 START
2020-04-10 04:30:06.000 6184 INFO rally.task.runner [-] Task 9b6e273c-4817-4ae8-a04b-5d8f2a159d8e | ITER: 43 END: OK
2020-04-10 04:30:06.005 6184 INFO rally.task.runner [-] Task 9b6e273c-4817-4ae8-a04b-5d8f2a159d8e | ITER: 49 START
2020-04-10 04:30:06.103 6193 INFO rally.task.runner [-] Task 9b6e273c-4817-4ae8-a04b-5d8f2a159d8e | ITER: 42 END: OK
2020-04-10 04:30:06.105 6185 INFO rally.task.runner [-] Task 9b6e273c-4817-4ae8-a04b-5d8f2a159d8e | ITER: 40 END: OK
2020-04-10 04:30:06.108 6193 INFO rally.task.runner [-] Task 9b6e273c-4817-4ae8-a04b-5d8f2a159d8e | ITER: 50 START
2020-04-10 04:30:06.639 6202 INFO rally.task.runner [-] Task 9b6e273c-4817-4ae8-a04b-5d8f2a159d8e | ITER: 41 END: OK
2020-04-10 04:30:06.654 6183 INFO rally.task.runner [-] Task 9b6e273c-4817-4ae8-a04b-5d8f2a159d8e | ITER: 44 END: OK
2020-04-10 04:30:06.826 6184 INFO rally.task.runner [-] Task 9b6e273c-4817-4ae8-a04b-5d8f2a159d8e | ITER: 49 END: OK
2020-04-10 04:30:06.956 6193 INFO rally.task.runner [-] Task 9b6e273c-4817-4ae8-a04b-5d8f2a159d8e | ITER: 50 END: OK
2020-04-10 04:30:07.087 6181 INFO rally.task.runner [-] Task 9b6e273c-4817-4ae8-a04b-5d8f2a159d8e | ITER: 45 END: OK
2020-04-10 04:30:07.093 6182 INFO rally.task.runner [-] Task 9b6e273c-4817-4ae8-a04b-5d8f2a159d8e | ITER: 47 END: OK
2020-04-10 04:30:07.731 6190 INFO rally.task.runner [-] Task 9b6e273c-4817-4ae8-a04b-5d8f2a159d8e | ITER: 46 END: OK
2020-04-10 04:30:07.734 6206 INFO rally.task.runner [-] Task 9b6e273c-4817-4ae8-a04b-5d8f2a159d8e | ITER: 48 END: OK