2020-04-10 04:18:30.504 15 RALLYDEBUG rally_openstack.cleanup.manager [-] Deleting neutron.port object s_rally_3d00fd61_e5LQirj3 (bde5c9ab-bc14-4cba-8a78-c97077046caa)
2020-04-10 04:18:30.519 15 RALLYDEBUG rally_openstack.cleanup.manager [-] Deleting neutron.port object s_rally_3d00fd61_IIMW7S7y (be1b20ab-f044-4cd9-b777-e2c65c2d4d5d)
2020-04-10 04:18:30.527 15 RALLYDEBUG rally_openstack.cleanup.manager [-] Deleting neutron.port object s_rally_3d00fd61_6XzbCOUS (be44333f-be84-4d62-9e94-549e807c19f6)
2020-04-10 04:18:30.800 15 RALLYDEBUG rally_openstack.cleanup.manager [-] Deleting neutron.port object s_rally_3d00fd61_WUqxMQjl (bf691a7d-9bfa-42e9-a423-ed57e75f62e7)
2020-04-10 04:18:30.900 15 RALLYDEBUG rally_openstack.cleanup.manager [-] Deleting neutron.port object s_rally_3d00fd61_rp0umDGp (c04ce0b3-612f-4f81-8879-514e408b922d)
2020-04-10 04:18:30.924 15 RALLYDEBUG rally_openstack.cleanup.manager [-] Deleting neutron.port object s_rally_3d00fd61_EBrvzh1a (c0f9d6c1-fd47-4faa-a0f1-b2b628cacd09)
2020-04-10 04:18:30.949 15 RALLYDEBUG rally_openstack.cleanup.manager [-] Deleting neutron.port object s_rally_3d00fd61_sPbZ2O9X (c111802c-920a-4cf5-8030-f088d4b319ec)
2020-04-10 04:18:31.224 15 RALLYDEBUG rally_openstack.cleanup.manager [-] Deleting neutron.port object s_rally_3d00fd61_wsIICia1 (c16de63f-e8be-4455-9cad-293974403380)
2020-04-10 04:18:31.401 15 RALLYDEBUG rally_openstack.cleanup.manager [-] Deleting neutron.port object s_rally_3d00fd61_TCPwBNfM (c1ebc779-d237-4f9b-948a-f178430a02bf)
2020-04-10 04:18:31.553 15 RALLYDEBUG rally_openstack.cleanup.manager [-] Deleting neutron.port object s_rally_3d00fd61_wlZ6wyJK (c205917f-befc-460d-903e-b3be43092b0e)
2020-04-10 04:18:31.631 15 RALLYDEBUG rally_openstack.cleanup.manager [-] Deleting neutron.port object s_rally_3d00fd61_iY6IH5Qf (c39cd349-0830-4753-9729-60ffb605630f)
2020-04-10 04:18:31.742 15 RALLYDEBUG rally_openstack.cleanup.manager [-] Deleting neutron.port object s_rally_3d00fd61_MCiueBGK (c42e5a3d-5e92-486e-ba32-e6e7107a2370)
2020-04-10 04:18:31.756 15 RALLYDEBUG rally_openstack.cleanup.manager [-] Deleting neutron.port object s_rally_3d00fd61_kH8ya4l1 (c445fe1b-7905-4363-8931-f41b74e39aa4)
2020-04-10 04:18:31.786 15 RALLYDEBUG rally_openstack.cleanup.manager [-] Deleting neutron.port object s_rally_3d00fd61_x6iEccTw (c463572f-471c-4ad7-a175-22bfe41a462d)
2020-04-10 04:18:31.797 15 RALLYDEBUG rally_openstack.cleanup.manager [-] Deleting neutron.port object s_rally_3d00fd61_6fc0XIbq (c4b8052d-599f-4e03-93be-f1e53faf551d)
2020-04-10 04:18:31.801 15 RALLYDEBUG rally_openstack.cleanup.manager [-] Deleting neutron.port object s_rally_3d00fd61_Djeol8uY (c5b387e5-4539-49f1-bfce-84a0b8530ed5)
2020-04-10 04:18:31.877 15 RALLYDEBUG rally_openstack.cleanup.manager [-] Deleting neutron.port object s_rally_3d00fd61_76zHJ6sV (c745a509-0edf-4c3d-821f-1af3a5bd072d)
2020-04-10 04:18:31.987 15 RALLYDEBUG rally_openstack.cleanup.manager [-] Deleting neutron.port object s_rally_3d00fd61_9XNTfKWN (c75a6e9a-60c2-4c44-ae09-450d3400cbcd)
2020-04-10 04:18:32.254 15 RALLYDEBUG rally_openstack.cleanup.manager [-] Deleting neutron.port object s_rally_3d00fd61_MYNHAWNy (c7cd17ba-b68c-42ad-9c2c-8095b6296057)
2020-04-10 04:18:32.493 15 RALLYDEBUG rally_openstack.cleanup.manager [-] Deleting neutron.port object s_rally_3d00fd61_Fi6DqpGf (c80225cb-bbf5-4551-8cc4-e1ae8d82e41c)
2020-04-10 04:18:32.599 15 RALLYDEBUG rally_openstack.cleanup.manager [-] Deleting neutron.port object s_rally_3d00fd61_Pv917mk8 (ca1d67ed-3ede-4028-a697-8ded1816ef86)
2020-04-10 04:18:32.847 15 RALLYDEBUG rally_openstack.cleanup.manager [-] Deleting neutron.port object s_rally_3d00fd61_SNcBLX1K (ca9a9fd4-90de-4146-861a-e1fc99978cc9)
2020-04-10 04:18:32.871 15 RALLYDEBUG rally_openstack.cleanup.manager [-] Deleting neutron.port object s_rally_3d00fd61_wHZtgQzm (cae47548-ab8b-4fda-9e4c-ab0f54764857)
2020-04-10 04:18:32.886 15 RALLYDEBUG rally_openstack.cleanup.manager [-] Deleting neutron.port object s_rally_3d00fd61_uLz2e9Ir (cbe34b80-38f0-4b7d-aa56-5c64939584ba)
2020-04-10 04:18:32.896 15 RALLYDEBUG rally_openstack.cleanup.manager [-] Deleting neutron.port object s_rally_3d00fd61_XrfmhrgW (cbe67f53-486f-4ade-91ef-9332fa944ac8)
2020-04-10 04:18:32.968 15 RALLYDEBUG rally_openstack.cleanup.manager [-] Deleting neutron.port object s_rally_3d00fd61_eP7puAmy (cc6241e5-d329-4617-b642-a55172199441)
2020-04-10 04:18:33.140 15 RALLYDEBUG rally_openstack.cleanup.manager [-] Deleting neutron.port object s_rally_3d00fd61_sQQ6jaec (cc98b2d4-3a0c-4dd5-aeb3-df638bcb5526)
2020-04-10 04:18:33.224 15 RALLYDEBUG rally_openstack.cleanup.manager [-] Deleting neutron.port object s_rally_3d00fd61_ZMkqiwY4 (cc9ab4a0-14e1-41a3-be8e-9f83e7ea552f)
2020-04-10 04:18:33.235 15 RALLYDEBUG rally_openstack.cleanup.manager [-] Deleting neutron.port object s_rally_3d00fd61_I9MTN0VT (ccebb43d-caa3-4408-9aa0-f4b389a8f29a)
2020-04-10 04:18:33.283 15 RALLYDEBUG rally_openstack.cleanup.manager [-] Deleting neutron.port object s_rally_3d00fd61_4pt7ut6S (cef2c06d-dc91-452f-b84c-0fd99362a5a6)
2020-04-10 04:18:33.517 15 RALLYDEBUG rally_openstack.cleanup.manager [-] Deleting neutron.port object s_rally_3d00fd61_laHyC0tZ (d007e132-95c1-4b99-9763-314a6b0eeec3)
2020-04-10 04:18:33.531 15 RALLYDEBUG rally_openstack.cleanup.manager [-] Deleting neutron.port object s_rally_3d00fd61_xFd1BZLz (d079eaf6-2144-4342-ab7e-ea47c058d0a6)
2020-04-10 04:18:33.587 15 RALLYDEBUG rally_openstack.cleanup.manager [-] Deleting neutron.port object s_rally_3d00fd61_kSBPwSG8 (d1ab10a5-ea7a-435a-b31f-81f2067cc649)
2020-04-10 04:18:33.829 15 RALLYDEBUG rally_openstack.cleanup.manager [-] Deleting neutron.port object s_rally_3d00fd61_Ryk1Zq2L (d1b38120-92df-4077-882b-c502f4794d69)
2020-04-10 04:18:34.118 15 RALLYDEBUG rally_openstack.cleanup.manager [-] Deleting neutron.port object s_rally_3d00fd61_bXlvNKiY (d206d2ee-5dbb-41a6-8cc5-fa1c073cec9a)
2020-04-10 04:18:34.131 15 RALLYDEBUG rally_openstack.cleanup.manager [-] Deleting neutron.port object s_rally_3d00fd61_5IIMEPoG (d2a756ba-21da-470d-bf58-72532cb6c2c6)
2020-04-10 04:18:34.138 15 RALLYDEBUG rally_openstack.cleanup.manager [-] Deleting neutron.port object s_rally_3d00fd61_NUygQER0 (d2ea26f9-33c7-4518-80a2-61d84bb6be33)
2020-04-10 04:18:34.163 15 RALLYDEBUG rally_openstack.cleanup.manager [-] Deleting neutron.port object s_rally_3d00fd61_iwcuXGmU (d42b5085-1362-4b9e-9110-c408f1028c7d)
2020-04-10 04:18:34.197 15 RALLYDEBUG rally_openstack.cleanup.manager [-] Deleting neutron.port object s_rally_3d00fd61_Bo8yNd2L (d484a1da-062a-47c2-87c6-0af9998375e7)
2020-04-10 04:18:34.305 15 RALLYDEBUG rally_openstack.cleanup.manager [-] Deleting neutron.port object s_rally_3d00fd61_sBeyTlex (d51da9b8-2c34-42b6-a615-09efaf0f321d)
2020-04-10 04:18:34.434 15 RALLYDEBUG rally_openstack.cleanup.manager [-] Deleting neutron.port object s_rally_3d00fd61_ZwYns91m (d582eee7-1f07-4950-886b-674ce03cef72)
2020-04-10 04:18:34.503 15 RALLYDEBUG rally_openstack.cleanup.manager [-] Deleting neutron.port object s_rally_3d00fd61_SL1KW12V (d5ac536d-f5c1-42e8-bb8e-e05828af8698)
2020-04-10 04:18:34.606 15 RALLYDEBUG rally_openstack.cleanup.manager [-] Deleting neutron.port object s_rally_3d00fd61_bEPytxQG (d6c9e716-bc6c-4a98-ae55-99d742905c11)
2020-04-10 04:18:34.691 15 RALLYDEBUG rally_openstack.cleanup.manager [-] Deleting neutron.port object s_rally_3d00fd61_WHEt9u4w (d781b48d-8221-49c7-b82a-f14f5170a3e2)
2020-04-10 04:18:34.692 15 RALLYDEBUG rally_openstack.cleanup.manager [-] Deleting neutron.port object s_rally_3d00fd61_Z8fY7TiI (d70560fb-41b6-4ffc-aef6-f6abeb813131)
2020-04-10 04:18:34.700 15 RALLYDEBUG rally_openstack.cleanup.manager [-] Deleting neutron.port object s_rally_3d00fd61_wJfXm78J (d92e9c4b-a907-4930-9031-b24ecbf3d529)
2020-04-10 04:18:34.878 15 RALLYDEBUG rally_openstack.cleanup.manager [-] Deleting neutron.port object s_rally_3d00fd61_m8kQPx7E (d9d5f8f0-f432-40be-a30f-423619948ca3)
2020-04-10 04:18:34.890 15 RALLYDEBUG rally_openstack.cleanup.manager [-] Deleting neutron.port object s_rally_3d00fd61_bZESR06l (da141ecc-82eb-4dfd-b25b-3b4acb83dd84)
2020-04-10 04:18:34.920 15 RALLYDEBUG rally_openstack.cleanup.manager [-] Deleting neutron.port object s_rally_3d00fd61_k7JQrckM (da429cda-16fb-4b54-a320-8be9540c0ac2)
2020-04-10 04:18:35.135 15 RALLYDEBUG rally_openstack.cleanup.manager [-] Deleting neutron.port object s_rally_3d00fd61_jrvdMvf2 (db280a22-7c01-4243-80c5-26c5975fe159)
2020-04-10 04:18:35.252 15 RALLYDEBUG rally_openstack.cleanup.manager [-] Deleting neutron.port object s_rally_3d00fd61_27pVegWQ (db3da93e-975b-4c5c-a5ce-d3c2989f45dd)
2020-04-10 04:18:35.407 15 RALLYDEBUG rally_openstack.cleanup.manager [-] Deleting neutron.port object s_rally_3d00fd61_bTLbb4VC (db5aa97b-0571-40be-b126-aaca86eea158)
2020-04-10 04:18:35.704 15 RALLYDEBUG rally_openstack.cleanup.manager [-] Deleting neutron.port object s_rally_3d00fd61_TvE5vuu1 (dc9e8af7-0be8-4c2b-ac3d-db4ca49fdefb)
2020-04-10 04:18:35.777 15 RALLYDEBUG rally_openstack.cleanup.manager [-] Deleting neutron.port object s_rally_3d00fd61_NriL6Ne1 (dd01c766-6d8e-44d0-b58b-b9975f2eafd6)
2020-04-10 04:18:35.927 15 RALLYDEBUG rally_openstack.cleanup.manager [-] Deleting neutron.port object s_rally_3d00fd61_BrKmFN28 (de0dfccf-bf33-481b-9df1-54cb626f200e)
2020-04-10 04:18:36.125 15 RALLYDEBUG rally_openstack.cleanup.manager [-] Deleting neutron.port object s_rally_3d00fd61_1fJwDwIZ (de44bb93-aacb-43a6-92b2-0181f2cfe8c1)
2020-04-10 04:18:36.124 15 RALLYDEBUG rally_openstack.cleanup.manager [-] Deleting neutron.port object s_rally_3d00fd61_rJP7oSG6 (df69a4f9-75c2-4db1-9a2a-b6e9e0a9beff)
2020-04-10 04:18:36.169 15 RALLYDEBUG rally_openstack.cleanup.manager [-] Deleting neutron.port object s_rally_3d00fd61_Mg1exzPE (e08923d9-e8a8-4196-836e-f7a5c7f7d4df)
2020-04-10 04:18:36.169 15 RALLYDEBUG rally_openstack.cleanup.manager [-] Deleting neutron.port object s_rally_3d00fd61_h7zO9IKm (dfe9d1a8-958f-4db1-a2da-1334473f2dd7)
2020-04-10 04:18:36.197 15 RALLYDEBUG rally_openstack.cleanup.manager [-] Deleting neutron.port object s_rally_3d00fd61_c1uoGhzC (e10607d6-0f89-43cb-9532-aea3f0bb1d64)
2020-04-10 04:18:36.550 15 RALLYDEBUG rally_openstack.cleanup.manager [-] Deleting neutron.port object s_rally_3d00fd61_U1dnSGhL (e1132eb7-ce4e-47b4-82fb-9f3c61edcbc9)
2020-04-10 04:18:36.595 15 RALLYDEBUG rally_openstack.cleanup.manager [-] Deleting neutron.port object s_rally_3d00fd61_bCbfacqP (e17d0b46-ee4a-4ee2-ac17-42300c99702d)
2020-04-10 04:18:36.817 15 RALLYDEBUG rally_openstack.cleanup.manager [-] Deleting neutron.port object s_rally_3d00fd61_VJ1T3zcS (e2400de3-6edf-426c-b7bb-e4468b1ba96a)
2020-04-10 04:18:36.901 15 RALLYDEBUG rally_openstack.cleanup.manager [-] Deleting neutron.port object s_rally_3d00fd61_9wWe55B1 (e2e36af7-cd54-4a95-9693-f1c16a996e04)
2020-04-10 04:18:37.051 15 RALLYDEBUG rally_openstack.cleanup.manager [-] Deleting neutron.port object s_rally_3d00fd61_09L8d76z (e2fbbf35-07ea-47c0-bb58-e83b2c794069)
2020-04-10 04:18:37.121 15 RALLYDEBUG rally_openstack.cleanup.manager [-] Deleting neutron.port object s_rally_3d00fd61_LIum0XiD (e3b3be9e-3329-46ed-a8bb-26365efc8c69)
2020-04-10 04:18:37.166 15 RALLYDEBUG rally_openstack.cleanup.manager [-] Deleting neutron.port object s_rally_3d00fd61_gmrMJpZw (e3beca8d-f530-4513-b585-327bb811d71e)
2020-04-10 04:18:37.234 15 RALLYDEBUG rally_openstack.cleanup.manager [-] Deleting neutron.port object s_rally_3d00fd61_8lHzOdNR (e40d1c32-3ba6-470a-84ff-fd656ca99803)
2020-04-10 04:18:37.310 15 RALLYDEBUG rally_openstack.cleanup.manager [-] Deleting neutron.port object s_rally_3d00fd61_9s2q5im9 (e434cbb2-718f-42c9-a924-2f38fc818f1b)
2020-04-10 04:18:37.313 15 RALLYDEBUG rally_openstack.cleanup.manager [-] Deleting neutron.port object s_rally_3d00fd61_iUumM0hy (e44987e3-caf5-4f38-a731-6ee10117a187)
2020-04-10 04:18:37.329 15 RALLYDEBUG rally_openstack.cleanup.manager [-] Deleting neutron.port object s_rally_3d00fd61_S1oJtmx3 (e4939d5e-c6bd-4d85-8283-7d183c622cbb)
2020-04-10 04:18:37.355 15 RALLYDEBUG rally_openstack.cleanup.manager [-] Deleting neutron.port object s_rally_3d00fd61_h8Kh3EhQ (e4fa6554-09de-4117-8462-b43fd918c2b3)
2020-04-10 04:18:37.448 15 RALLYDEBUG rally_openstack.cleanup.manager [-] Deleting neutron.port object s_rally_3d00fd61_4xPH4hVw (e5712233-7925-47b9-a1d5-cd427cdaad65)
2020-04-10 04:18:37.681 15 RALLYDEBUG rally_openstack.cleanup.manager [-] Deleting neutron.port object s_rally_3d00fd61_t7Xca86r (e611e17c-1eb9-4c21-b054-35577462d086)
2020-04-10 04:18:37.824 15 RALLYDEBUG rally_openstack.cleanup.manager [-] Deleting neutron.port object s_rally_3d00fd61_xHQplGUz (e640124e-9391-4e28-b975-8992836080ae)
2020-04-10 04:18:37.836 15 RALLYDEBUG rally_openstack.cleanup.manager [-] Deleting neutron.port object s_rally_3d00fd61_BmHGtPZD (e7ac0f71-e925-4423-a182-8567d43c58ae)
2020-04-10 04:18:37.864 15 RALLYDEBUG rally_openstack.cleanup.manager [-] Deleting neutron.port object s_rally_3d00fd61_x5g2wMUw (e9605d5e-a3c6-49ad-857b-f39a5e04f660)
2020-04-10 04:18:37.864 15 RALLYDEBUG rally_openstack.cleanup.manager [-] Deleting neutron.port object s_rally_3d00fd61_p1rauNeC (e84be798-25ad-4ac2-a7a0-31ae2a963ea2)
2020-04-10 04:18:38.306 15 RALLYDEBUG rally_openstack.cleanup.manager [-] Deleting neutron.port object s_rally_3d00fd61_umWD2Ir1 (ebe92516-cc26-4415-9bec-0164416a92a3)
2020-04-10 04:18:38.301 15 RALLYDEBUG rally_openstack.cleanup.manager [-] Deleting neutron.port object s_rally_3d00fd61_bI9eUld8 (e9c53837-f2f4-4d2e-8499-a4bddbdf50c9)
2020-04-10 04:18:38.486 15 RALLYDEBUG rally_openstack.cleanup.manager [-] Deleting neutron.port object s_rally_3d00fd61_0CqtyM3D (ec368e89-719f-427e-8a86-2aec92eafbe3)
2020-04-10 04:18:38.722 15 RALLYDEBUG rally_openstack.cleanup.manager [-] Deleting neutron.port object s_rally_3d00fd61_GP9iExvI (ec40e368-3a84-427b-8b52-13e8e1d50138)
2020-04-10 04:18:38.873 15 RALLYDEBUG rally_openstack.cleanup.manager [-] Deleting neutron.port object s_rally_3d00fd61_VJnC22KQ (ee4d6e40-c1c3-4324-9ac3-fe30a0cc51ec)
2020-04-10 04:18:38.903 15 RALLYDEBUG rally_openstack.cleanup.manager [-] Deleting neutron.port object s_rally_3d00fd61_so3gQXNp (ef46ce02-5f37-4a8a-959b-652dc8172a4c)
2020-04-10 04:18:39.026 15 RALLYDEBUG rally_openstack.cleanup.manager [-] Deleting neutron.port object s_rally_3d00fd61_Sia05SHf (f0316f79-43d7-48d2-bb2e-cbe15715479d)
2020-04-10 04:18:39.097 15 RALLYDEBUG rally_openstack.cleanup.manager [-] Deleting neutron.port object s_rally_3d00fd61_DohFGSUT (f1cf4dbb-79e2-4f82-98ea-26b158a71df0)
2020-04-10 04:18:39.123 15 RALLYDEBUG rally_openstack.cleanup.manager [-] Deleting neutron.port object s_rally_3d00fd61_KGmsvlhT (f30b7694-cb7f-4805-b669-b24eeaeebdf1)
2020-04-10 04:18:39.283 15 RALLYDEBUG rally_openstack.cleanup.manager [-] Deleting neutron.port object s_rally_3d00fd61_cNt7cgwR (f3185e79-06f1-4161-892c-2e81fd3d5e4c)
2020-04-10 04:18:39.292 15 RALLYDEBUG rally_openstack.cleanup.manager [-] Deleting neutron.port object s_rally_3d00fd61_tyYHqOpo (f31e5bd1-e09f-451b-8c29-bba747554e12)
2020-04-10 04:18:39.518 15 RALLYDEBUG rally_openstack.cleanup.manager [-] Deleting neutron.port object s_rally_3d00fd61_wgDbt2p9 (f3e5f794-1abd-4b35-a8a9-b06d7c354b09)
2020-04-10 04:18:39.542 15 RALLYDEBUG rally_openstack.cleanup.manager [-] Deleting neutron.port object s_rally_3d00fd61_JYuUpJFk (f407b2c5-196b-4d48-9d0d-113ba9e30746)
2020-04-10 04:18:39.641 15 RALLYDEBUG rally_openstack.cleanup.manager [-] Deleting neutron.port object s_rally_3d00fd61_TdKt1kpx (f5e3bd62-8943-4b31-9918-aa8ae68491d5)
2020-04-10 04:18:39.723 15 RALLYDEBUG rally_openstack.cleanup.manager [-] Deleting neutron.port object s_rally_3d00fd61_nl9QtffI (f67fe6bc-e8fb-4ae0-a921-4423226d0bdc)
2020-04-10 04:18:39.937 15 RALLYDEBUG rally_openstack.cleanup.manager [-] Deleting neutron.port object s_rally_3d00fd61_CrqZIlX3 (f715b314-3656-4ab8-a30a-6f0665c5ff0b)
2020-04-10 04:18:40.008 15 RALLYDEBUG rally_openstack.cleanup.manager [-] Deleting neutron.port object s_rally_3d00fd61_cR5o6b9F (f75d434f-37a4-473a-a634-4c67041dbb26)
2020-04-10 04:18:40.022 15 RALLYDEBUG rally_openstack.cleanup.manager [-] Deleting neutron.port object s_rally_3d00fd61_ExvDNvhU (f7ca3add-dca2-4a1b-b784-05bd1bb1e0e0)
2020-04-10 04:18:40.032 15 RALLYDEBUG rally_openstack.cleanup.manager [-] Deleting neutron.port object s_rally_3d00fd61_hXArVc9e (fad528f8-1875-41df-bbf5-bdedf6f27a52)
2020-04-10 04:18:40.057 15 RALLYDEBUG rally_openstack.cleanup.manager [-] Deleting neutron.port object s_rally_3d00fd61_BLLxuGwB (faf54223-1978-4171-bbfc-6e327032bc0a)
2020-04-10 04:18:40.529 15 RALLYDEBUG rally_openstack.cleanup.manager [-] Deleting neutron.port object s_rally_3d00fd61_ViHBxI4Z (fb63cb72-59a7-4524-b37b-2add7d5b8bc2)
2020-04-10 04:18:40.656 15 RALLYDEBUG rally_openstack.cleanup.manager [-] Deleting neutron.port object s_rally_3d00fd61_glPJddqX (fb681224-6485-447d-9fcb-749382c2f537)
2020-04-10 04:18:40.741 15 RALLYDEBUG rally_openstack.cleanup.manager [-] Deleting neutron.port object s_rally_3d00fd61_addC0PJJ (fb82311b-7769-48b7-b6f4-eea2b30fa3b1)
2020-04-10 04:18:40.786 15 RALLYDEBUG rally_openstack.cleanup.manager [-] Deleting neutron.port object s_rally_3d00fd61_9xE2iUwR (fc226214-5705-4dcd-ac09-f6e4343601be)
2020-04-10 04:18:40.799 15 RALLYDEBUG rally_openstack.cleanup.manager [-] Deleting neutron.port object s_rally_3d00fd61_Rr8GGTss (fd20e9ad-1f66-43fd-bd7e-613b7acec49b)
2020-04-10 04:18:41.032 15 RALLYDEBUG rally_openstack.cleanup.manager [-] Deleting neutron.port object s_rally_3d00fd61_TjxChYJ8 (ffadba5a-3499-4d20-9056-32ede8beb389)
2020-04-10 04:18:42.769 15 RALLYDEBUG rally_openstack.cleanup.manager [-] Cleaning up neutron subnet objects
2020-04-10 04:18:43.095 15 RALLYDEBUG rally_openstack.cleanup.manager [-] Cleaning up neutron network objects
2020-04-10 04:18:43.424 15 RALLYDEBUG rally_openstack.cleanup.manager [-] Deleting neutron.network object s_rally_3d00fd61_NPPToqB0 (087fc2fb-76a2-45c3-a967-78f1f9523e43)
2020-04-10 04:18:43.435 15 RALLYDEBUG rally_openstack.cleanup.manager [-] Deleting neutron.network object s_rally_3d00fd61_wA2JVRLF (08ff3247-6434-41f7-a9d9-de1c1a6f4c3f)
2020-04-10 04:18:43.440 15 RALLYDEBUG rally_openstack.cleanup.manager [-] Deleting neutron.network object s_rally_3d00fd61_69bRH8Pc (0b335f61-175d-4f1b-bcff-2d6e2eb77c03)
2020-04-10 04:18:43.451 15 RALLYDEBUG rally_openstack.cleanup.manager [-] Deleting neutron.network object s_rally_3d00fd61_RUfMr0AO (51356a9e-e7e8-4bed-ac52-f7369cb7dbd2)
2020-04-10 04:18:43.456 15 RALLYDEBUG rally_openstack.cleanup.manager [-] Deleting neutron.network object s_rally_3d00fd61_bkMAf9eI (7300b2d6-ab48-474c-ab97-4f06cf23230c)
2020-04-10 04:18:43.460 15 RALLYDEBUG rally_openstack.cleanup.manager [-] Deleting neutron.network object s_rally_3d00fd61_nQwyYhvz (7ccb292b-ab19-48ee-86c8-5dfc1b6eda61)
2020-04-10 04:18:43.471 15 RALLYDEBUG rally_openstack.cleanup.manager [-] Deleting neutron.network object s_rally_3d00fd61_uTh6BJI3 (94fab536-d1a2-4e4d-a3d0-292f26e781dd)
2020-04-10 04:18:43.484 15 RALLYDEBUG rally_openstack.cleanup.manager [-] Deleting neutron.network object s_rally_3d00fd61_AxB9kkwy (e1fe54da-39e0-4093-bda5-1a7959b3ad55)
2020-04-10 04:18:47.827 15 RALLYDEBUG rally_openstack.cleanup.manager [-] Cleaning up neutron router objects
2020-04-10 04:18:49.174 15 RALLYDEBUG rally_openstack.cleanup.manager [-] Cleaning up neutron security_group objects
2020-04-10 04:18:49.338 15 INFO rally.task.context [-] Task 9b6e273c-4817-4ae8-a04b-5d8f2a159d8e | Context cleanup@openstack cleanup() finished in 52.27 sec
2020-04-10 04:18:49.338 15 INFO rally.task.context [-] Task 9b6e273c-4817-4ae8-a04b-5d8f2a159d8e | Context quotas@openstack cleanup() started
2020-04-10 04:18:49.363 15 INFO rally.task.context [-] Task 9b6e273c-4817-4ae8-a04b-5d8f2a159d8e | Context quotas@openstack cleanup() finished in 24.76 msec
2020-04-10 04:18:49.364 15 INFO rally.task.context [-] Task 9b6e273c-4817-4ae8-a04b-5d8f2a159d8e | Context users@openstack cleanup() started
2020-04-10 04:18:49.579 15 WARNING rally.common.logging [-] `iterate_per_tenants()' is deprecated in v3.0.0: it is openstack specific.. Used at
2020-04-10 04:18:50.628 15 INFO rally.task.context [-] Task 9b6e273c-4817-4ae8-a04b-5d8f2a159d8e | Context users@openstack cleanup() finished in 1.26 sec
2020-04-10 04:18:52.122 15 INFO rally.task.engine [-] Load duration is: 108.419393
2020-04-10 04:18:52.123 15 INFO rally.task.engine [-] Full runner duration is: 108.465201
2020-04-10 04:18:52.123 15 INFO rally.task.engine [-] Full duration is: 163.410623
2020-04-10 04:18:52.202 15 INFO rally.task.engine [-] Running workload: position = 1 config = { "version": 2, "title": "A cropped version of a bigger task.", "description": "Auto-generated task from a single workload (uuid=24e2fe17-3c39-4a01-b14f-6480bbf6a820)", "subtasks": [ { "title": "NeutronNetworks.create_and_update_ports", "description": "Create and update a given number of ports.", "scenario": { "NeutronNetworks.create_and_update_ports": { "network_create_args": {}, "port_create_args": {}, "ports_per_network": 5, "port_update_args": { "admin_state_up": false, "device_id": "dummy_id", "device_owner": "dummy_owner", "name": "_port_updated" } } }, "contexts": { "users": { "tenants": 1, "users_per_tenant": 1 }, "quotas": { "neutron": { "network": -1, "port": -1 } } }, "runner": { "constant": { "times": 40, "concurrency": 20 } }, "hooks": [], "sla": { "failure_rate": { "max": 0 } } } ] }
2020-04-10 04:18:52.225 15 RALLYDEBUG rally_openstack.contexts.keystone.users [-] Creating 1 tenants using 1 threads
2020-04-10 04:18:52.652 15 RALLYDEBUG rally_openstack.contexts.keystone.users [-] Creating 1 users using 1 threads
2020-04-10 04:18:53.288 15 INFO rally.task.context [-] Task 9b6e273c-4817-4ae8-a04b-5d8f2a159d8e | Context users@openstack setup() finished in 1.06 sec
2020-04-10 04:18:53.554 15 INFO rally.task.context [-] Task 9b6e273c-4817-4ae8-a04b-5d8f2a159d8e | Context quotas@openstack setup() finished in 0.27 sec
2020-04-10 04:18:53.554 15 INFO rally.task.context [-] Task 9b6e273c-4817-4ae8-a04b-5d8f2a159d8e | Context cleanup@openstack setup() finished in 0.01 msec
2020-04-10 04:18:53.561 15 RALLYDEBUG rally.task.runner [-] Starting the constant runner (task UUID: 9b6e273c-4817-4ae8-a04b-5d8f2a159d8e). times: 40 concurrency: 20 timeout: 0 max_cpu_used: 88 processes_to_start: 20 concurrency_per_worker: 1 concurrency_overhead: 0
2020-04-10 04:18:53.574 3747 RALLYDEBUG rally.task.runner [-] Starting a worker. times: 40 duration: None concurrency: 1 timeout: 0 cls: method_name: run args: {"network_create_args": {}, "port_create_args": {}, "ports_per_network": 5, "port_update_args": {"admin_state_up": false, "device_id": "dummy_id", "device_owner": "dummy_owner", "name": "_port_updated"}}
2020-04-10 04:18:53.577 3748 RALLYDEBUG rally.task.runner [-] Starting a worker. times: 40 duration: None concurrency: 1 timeout: 0 cls: method_name: run args: {"network_create_args": {}, "port_create_args": {}, "ports_per_network": 5, "port_update_args": {"admin_state_up": false, "device_id": "dummy_id", "device_owner": "dummy_owner", "name": "_port_updated"}}
2020-04-10 04:18:53.579 3749 RALLYDEBUG rally.task.runner [-] Starting a worker. times: 40 duration: None concurrency: 1 timeout: 0 cls: method_name: run args: {"network_create_args": {}, "port_create_args": {}, "ports_per_network": 5, "port_update_args": {"admin_state_up": false, "device_id": "dummy_id", "device_owner": "dummy_owner", "name": "_port_updated"}}
2020-04-10 04:18:53.580 3747 INFO rally.task.runner [-] Task 9b6e273c-4817-4ae8-a04b-5d8f2a159d8e | ITER: 1 START
2020-04-10 04:18:53.582 3747 WARNING rally_openstack.scenarios.neutron.utils [-] Running this scenario without either the 'network' or 'existing_network' context is deprecated
2020-04-10 04:18:53.582 3748 INFO rally.task.runner [-] Task 9b6e273c-4817-4ae8-a04b-5d8f2a159d8e | ITER: 2 START
2020-04-10 04:18:53.582 3750 RALLYDEBUG rally.task.runner [-] Starting a worker. times: 40 duration: None concurrency: 1 timeout: 0 cls: method_name: run args: {"network_create_args": {}, "port_create_args": {}, "ports_per_network": 5, "port_update_args": {"admin_state_up": false, "device_id": "dummy_id", "device_owner": "dummy_owner", "name": "_port_updated"}}
2020-04-10 04:18:53.584 3748 WARNING rally_openstack.scenarios.neutron.utils [-] Running this scenario without either the 'network' or 'existing_network' context is deprecated
2020-04-10 04:18:53.585 3749 INFO rally.task.runner [-] Task 9b6e273c-4817-4ae8-a04b-5d8f2a159d8e | ITER: 3 START
2020-04-10 04:18:53.586 3749 WARNING rally_openstack.scenarios.neutron.utils [-] Running this scenario without either the 'network' or 'existing_network' context is deprecated
2020-04-10 04:18:53.585 3753 RALLYDEBUG rally.task.runner [-] Starting a worker. times: 40 duration: None concurrency: 1 timeout: 0 cls: method_name: run args: {"network_create_args": {}, "port_create_args": {}, "ports_per_network": 5, "port_update_args": {"admin_state_up": false, "device_id": "dummy_id", "device_owner": "dummy_owner", "name": "_port_updated"}}
2020-04-10 04:18:53.588 3750 INFO rally.task.runner [-] Task 9b6e273c-4817-4ae8-a04b-5d8f2a159d8e | ITER: 4 START
2020-04-10 04:18:53.588 3757 RALLYDEBUG rally.task.runner [-] Starting a worker. times: 40 duration: None concurrency: 1 timeout: 0 cls: method_name: run args: {"network_create_args": {}, "port_create_args": {}, "ports_per_network": 5, "port_update_args": {"admin_state_up": false, "device_id": "dummy_id", "device_owner": "dummy_owner", "name": "_port_updated"}}
2020-04-10 04:18:53.590 3750 WARNING rally_openstack.scenarios.neutron.utils [-] Running this scenario without either the 'network' or 'existing_network' context is deprecated
2020-04-10 04:18:53.591 3753 INFO rally.task.runner [-] Task 9b6e273c-4817-4ae8-a04b-5d8f2a159d8e | ITER: 5 START
2020-04-10 04:18:53.592 3753 WARNING rally_openstack.scenarios.neutron.utils [-] Running this scenario without either the 'network' or 'existing_network' context is deprecated
2020-04-10 04:18:53.591 3760 RALLYDEBUG rally.task.runner [-] Starting a worker. times: 40 duration: None concurrency: 1 timeout: 0 cls: method_name: run args: {"network_create_args": {}, "port_create_args": {}, "ports_per_network": 5, "port_update_args": {"admin_state_up": false, "device_id": "dummy_id", "device_owner": "dummy_owner", "name": "_port_updated"}}
2020-04-10 04:18:53.594 3757 INFO rally.task.runner [-] Task 9b6e273c-4817-4ae8-a04b-5d8f2a159d8e | ITER: 6 START
2020-04-10 04:18:53.595 3763 RALLYDEBUG rally.task.runner [-] Starting a worker. times: 40 duration: None concurrency: 1 timeout: 0 cls: method_name: run args: {"network_create_args": {}, "port_create_args": {}, "ports_per_network": 5, "port_update_args": {"admin_state_up": false, "device_id": "dummy_id", "device_owner": "dummy_owner", "name": "_port_updated"}}
2020-04-10 04:18:53.595 3757 WARNING rally_openstack.scenarios.neutron.utils [-] Running this scenario without either the 'network' or 'existing_network' context is deprecated
2020-04-10 04:18:53.596 3760 INFO rally.task.runner [-] Task 9b6e273c-4817-4ae8-a04b-5d8f2a159d8e | ITER: 7 START
2020-04-10 04:18:53.597 3766 RALLYDEBUG rally.task.runner [-] Starting a worker. times: 40 duration: None concurrency: 1 timeout: 0 cls: method_name: run args: {"network_create_args": {}, "port_create_args": {}, "ports_per_network": 5, "port_update_args": {"admin_state_up": false, "device_id": "dummy_id", "device_owner": "dummy_owner", "name": "_port_updated"}}
2020-04-10 04:18:53.598 3760 WARNING rally_openstack.scenarios.neutron.utils [-] Running this scenario without either the 'network' or 'existing_network' context is deprecated
2020-04-10 04:18:53.599 3763 INFO rally.task.runner [-] Task 9b6e273c-4817-4ae8-a04b-5d8f2a159d8e | ITER: 8 START
2020-04-10 04:18:53.600 3770 RALLYDEBUG rally.task.runner [-] Starting a worker. times: 40 duration: None concurrency: 1 timeout: 0 cls: method_name: run args: {"network_create_args": {}, "port_create_args": {}, "ports_per_network": 5, "port_update_args": {"admin_state_up": false, "device_id": "dummy_id", "device_owner": "dummy_owner", "name": "_port_updated"}}
2020-04-10 04:18:53.600 3763 WARNING rally_openstack.scenarios.neutron.utils [-] Running this scenario without either the 'network' or 'existing_network' context is deprecated
2020-04-10 04:18:53.602 3766 INFO rally.task.runner [-] Task 9b6e273c-4817-4ae8-a04b-5d8f2a159d8e | ITER: 9 START
2020-04-10 04:18:53.603 3766 WARNING rally_openstack.scenarios.neutron.utils [-] Running this scenario without either the 'network' or 'existing_network' context is deprecated
2020-04-10 04:18:53.604 3770 INFO rally.task.runner [-] Task 9b6e273c-4817-4ae8-a04b-5d8f2a159d8e | ITER: 10 START
2020-04-10 04:18:53.603 3773 RALLYDEBUG rally.task.runner [-] Starting a worker. times: 40 duration: None concurrency: 1 timeout: 0 cls: method_name: run args: {"network_create_args": {}, "port_create_args": {}, "ports_per_network": 5, "port_update_args": {"admin_state_up": false, "device_id": "dummy_id", "device_owner": "dummy_owner", "name": "_port_updated"}}
2020-04-10 04:18:53.605 3770 WARNING rally_openstack.scenarios.neutron.utils [-] Running this scenario without either the 'network' or 'existing_network' context is deprecated
2020-04-10 04:18:53.607 3776 RALLYDEBUG rally.task.runner [-] Starting a worker. times: 40 duration: None concurrency: 1 timeout: 0 cls: method_name: run args: {"network_create_args": {}, "port_create_args": {}, "ports_per_network": 5, "port_update_args": {"admin_state_up": false, "device_id": "dummy_id", "device_owner": "dummy_owner", "name": "_port_updated"}}
2020-04-10 04:18:53.609 3773 INFO rally.task.runner [-] Task 9b6e273c-4817-4ae8-a04b-5d8f2a159d8e | ITER: 11 START
2020-04-10 04:18:53.610 3779 RALLYDEBUG rally.task.runner [-] Starting a worker. times: 40 duration: None concurrency: 1 timeout: 0 cls: method_name: run args: {"network_create_args": {}, "port_create_args": {}, "ports_per_network": 5, "port_update_args": {"admin_state_up": false, "device_id": "dummy_id", "device_owner": "dummy_owner", "name": "_port_updated"}}
2020-04-10 04:18:53.611 3776 INFO rally.task.runner [-] Task 9b6e273c-4817-4ae8-a04b-5d8f2a159d8e | ITER: 12 START
2020-04-10 04:18:53.611 3773 WARNING rally_openstack.scenarios.neutron.utils [-] Running this scenario without either the 'network' or 'existing_network' context is deprecated
2020-04-10 04:18:53.612 3776 WARNING rally_openstack.scenarios.neutron.utils [-] Running this scenario without either the 'network' or 'existing_network' context is deprecated
2020-04-10 04:18:53.613 3781 RALLYDEBUG rally.task.runner [-] Starting a worker. times: 40 duration: None concurrency: 1 timeout: 0 cls: method_name: run args: {"network_create_args": {}, "port_create_args": {}, "ports_per_network": 5, "port_update_args": {"admin_state_up": false, "device_id": "dummy_id", "device_owner": "dummy_owner", "name": "_port_updated"}}
2020-04-10 04:18:53.614 3785 RALLYDEBUG rally.task.runner [-] Starting a worker. times: 40 duration: None concurrency: 1 timeout: 0 cls: method_name: run args: {"network_create_args": {}, "port_create_args": {}, "ports_per_network": 5, "port_update_args": {"admin_state_up": false, "device_id": "dummy_id", "device_owner": "dummy_owner", "name": "_port_updated"}}
2020-04-10 04:18:53.615 3779 INFO rally.task.runner [-] Task 9b6e273c-4817-4ae8-a04b-5d8f2a159d8e | ITER: 13 START
2020-04-10 04:18:53.617 3779 WARNING rally_openstack.scenarios.neutron.utils [-] Running this scenario without either the 'network' or 'existing_network' context is deprecated
2020-04-10 04:18:53.618 3785 INFO rally.task.runner [-] Task 9b6e273c-4817-4ae8-a04b-5d8f2a159d8e | ITER: 15 START
2020-04-10 04:18:53.618 3781 INFO rally.task.runner [-] Task 9b6e273c-4817-4ae8-a04b-5d8f2a159d8e | ITER: 14 START
2020-04-10 04:18:53.619 3785 WARNING rally_openstack.scenarios.neutron.utils [-] Running this scenario without either the 'network' or 'existing_network' context is deprecated
2020-04-10 04:18:53.618 3788 RALLYDEBUG rally.task.runner [-] Starting a worker. times: 40 duration: None concurrency: 1 timeout: 0 cls: method_name: run args: {"network_create_args": {}, "port_create_args": {}, "ports_per_network": 5, "port_update_args": {"admin_state_up": false, "device_id": "dummy_id", "device_owner": "dummy_owner", "name": "_port_updated"}}
2020-04-10 04:18:53.620 3781 WARNING rally_openstack.scenarios.neutron.utils [-] Running this scenario without either the 'network' or 'existing_network' context is deprecated
2020-04-10 04:18:53.621 3793 RALLYDEBUG rally.task.runner [-] Starting a worker. times: 40 duration: None concurrency: 1 timeout: 0 cls: method_name: run args: {"network_create_args": {}, "port_create_args": {}, "ports_per_network": 5, "port_update_args": {"admin_state_up": false, "device_id": "dummy_id", "device_owner": "dummy_owner", "name": "_port_updated"}}
2020-04-10 04:18:53.623 3788 INFO rally.task.runner [-] Task 9b6e273c-4817-4ae8-a04b-5d8f2a159d8e | ITER: 16 START
2020-04-10 04:18:53.625 3788 WARNING rally_openstack.scenarios.neutron.utils [-] Running this scenario without either the 'network' or 'existing_network' context is deprecated
2020-04-10 04:18:53.625 3793 INFO rally.task.runner [-] Task 9b6e273c-4817-4ae8-a04b-5d8f2a159d8e | ITER: 17 START
2020-04-10 04:18:53.625 3794 RALLYDEBUG rally.task.runner [-] Starting a worker. times: 40 duration: None concurrency: 1 timeout: 0 cls: method_name: run args: {"network_create_args": {}, "port_create_args": {}, "ports_per_network": 5, "port_update_args": {"admin_state_up": false, "device_id": "dummy_id", "device_owner": "dummy_owner", "name": "_port_updated"}}
2020-04-10 04:18:53.627 3793 WARNING rally_openstack.scenarios.neutron.utils [-] Running this scenario without either the 'network' or 'existing_network' context is deprecated
2020-04-10 04:18:53.627 3797 RALLYDEBUG rally.task.runner [-] Starting a worker. times: 40 duration: None concurrency: 1 timeout: 0 cls: method_name: run args: {"network_create_args": {}, "port_create_args": {}, "ports_per_network": 5, "port_update_args": {"admin_state_up": false, "device_id": "dummy_id", "device_owner": "dummy_owner", "name": "_port_updated"}}
2020-04-10 04:18:53.629 3794 INFO rally.task.runner [-] Task 9b6e273c-4817-4ae8-a04b-5d8f2a159d8e | ITER: 18 START
2020-04-10 04:18:53.629 3800 RALLYDEBUG rally.task.runner [-] Starting a worker. times: 40 duration: None concurrency: 1 timeout: 0 cls: method_name: run args: {"network_create_args": {}, "port_create_args": {}, "ports_per_network": 5, "port_update_args": {"admin_state_up": false, "device_id": "dummy_id", "device_owner": "dummy_owner", "name": "_port_updated"}}
2020-04-10 04:18:53.631 3794 WARNING rally_openstack.scenarios.neutron.utils [-] Running this scenario without either the 'network' or 'existing_network' context is deprecated
2020-04-10 04:18:53.631 3797 INFO rally.task.runner [-] Task 9b6e273c-4817-4ae8-a04b-5d8f2a159d8e | ITER: 19 START
2020-04-10 04:18:53.632 3797 WARNING rally_openstack.scenarios.neutron.utils [-] Running this scenario without either the 'network' or 'existing_network' context is deprecated
2020-04-10 04:18:53.634 3800 INFO rally.task.runner [-] Task 9b6e273c-4817-4ae8-a04b-5d8f2a159d8e | ITER: 20 START
2020-04-10 04:18:53.635 3800 WARNING rally_openstack.scenarios.neutron.utils [-] Running this scenario without either the 'network' or 'existing_network' context is deprecated
2020-04-10 04:19:01.901 3770 INFO rally.task.runner [-] Task 9b6e273c-4817-4ae8-a04b-5d8f2a159d8e | ITER: 10 END: OK
2020-04-10 04:19:01.905 3770 INFO rally.task.runner [-] Task 9b6e273c-4817-4ae8-a04b-5d8f2a159d8e | ITER: 21 START
2020-04-10 04:19:01.905 3770 WARNING rally_openstack.scenarios.neutron.utils [-] Running this scenario without either the 'network' or 'existing_network' context is deprecated
2020-04-10 04:19:02.797 3747 INFO rally.task.runner [-] Task 9b6e273c-4817-4ae8-a04b-5d8f2a159d8e | ITER: 1 END: OK
2020-04-10 04:19:02.801 3747 INFO rally.task.runner [-] Task 9b6e273c-4817-4ae8-a04b-5d8f2a159d8e | ITER: 22 START
2020-04-10 04:19:02.802 3747 WARNING rally_openstack.scenarios.neutron.utils [-] Running this scenario without either the 'network' or 'existing_network' context is deprecated
2020-04-10 04:19:03.406 3750 INFO rally.task.runner [-] Task 9b6e273c-4817-4ae8-a04b-5d8f2a159d8e | ITER: 4 END: OK
2020-04-10 04:19:03.410 3750 INFO rally.task.runner [-] Task 9b6e273c-4817-4ae8-a04b-5d8f2a159d8e | ITER: 23 START
2020-04-10 04:19:03.411 3750 WARNING rally_openstack.scenarios.neutron.utils [-] Running this scenario without either the 'network' or 'existing_network' context is deprecated
2020-04-10 04:19:04.429 3760 INFO rally.task.runner [-] Task 9b6e273c-4817-4ae8-a04b-5d8f2a159d8e | ITER: 7 END: OK
2020-04-10 04:19:04.433 3760 INFO rally.task.runner [-] Task 9b6e273c-4817-4ae8-a04b-5d8f2a159d8e | ITER: 24 START
2020-04-10 04:19:04.434 3760 WARNING rally_openstack.scenarios.neutron.utils [-] Running this scenario without either the 'network' or 'existing_network' context is deprecated
2020-04-10 04:19:05.405 3794 INFO rally.task.runner [-] Task 9b6e273c-4817-4ae8-a04b-5d8f2a159d8e | ITER: 18 END: OK
2020-04-10 04:19:05.409 3794 INFO rally.task.runner [-] Task 9b6e273c-4817-4ae8-a04b-5d8f2a159d8e | ITER: 25 START
2020-04-10 04:19:05.410 3794 WARNING rally_openstack.scenarios.neutron.utils [-] Running this scenario without either the 'network' or 'existing_network' context is deprecated
2020-04-10 04:19:07.658 3779 INFO rally.task.runner [-] Task 9b6e273c-4817-4ae8-a04b-5d8f2a159d8e | ITER: 13 END: OK
2020-04-10 04:19:07.663 3779 INFO rally.task.runner [-] Task 9b6e273c-4817-4ae8-a04b-5d8f2a159d8e | ITER: 26 START
2020-04-10 04:19:07.664 3779 WARNING rally_openstack.scenarios.neutron.utils [-] Running this scenario without either the 'network' or 'existing_network' context is deprecated
2020-04-10 04:19:07.843 3785 INFO rally.task.runner [-] Task 9b6e273c-4817-4ae8-a04b-5d8f2a159d8e | ITER: 15 END: OK
2020-04-10 04:19:07.846 3785 INFO rally.task.runner [-] Task 9b6e273c-4817-4ae8-a04b-5d8f2a159d8e | ITER: 27 START
2020-04-10 04:19:07.847 3785 WARNING rally_openstack.scenarios.neutron.utils [-] Running this scenario without either the 'network' or 'existing_network' context is deprecated
2020-04-10 04:19:09.252 3766 INFO rally.task.runner [-] Task 9b6e273c-4817-4ae8-a04b-5d8f2a159d8e | ITER: 9 END: OK
2020-04-10 04:19:09.257 3766 INFO rally.task.runner [-] Task 9b6e273c-4817-4ae8-a04b-5d8f2a159d8e | ITER: 28 START
2020-04-10 04:19:09.258 3766 WARNING rally_openstack.scenarios.neutron.utils [-] Running this scenario without either the 'network' or 'existing_network' context is deprecated
2020-04-10 04:19:09.737 3749 INFO rally.task.runner [-] Task 9b6e273c-4817-4ae8-a04b-5d8f2a159d8e | ITER: 3 END: OK
2020-04-10 04:19:09.742 3749 INFO rally.task.runner [-] Task 9b6e273c-4817-4ae8-a04b-5d8f2a159d8e | ITER: 29 START
2020-04-10 04:19:09.743 3749 WARNING rally_openstack.scenarios.neutron.utils [-] Running this scenario without either the 'network' or 'existing_network' context is deprecated
2020-04-10 04:19:10.642 3753 INFO rally.task.runner [-] Task 9b6e273c-4817-4ae8-a04b-5d8f2a159d8e | ITER: 5 END: OK
2020-04-10 04:19:10.646 3753 INFO rally.task.runner [-] Task 9b6e273c-4817-4ae8-a04b-5d8f2a159d8e | ITER: 30 START
2020-04-10 04:19:10.646 3753 WARNING rally_openstack.scenarios.neutron.utils [-] Running this scenario without either the 'network' or 'existing_network' context is deprecated
2020-04-10 04:19:10.743 3750 INFO rally.task.runner [-] Task 9b6e273c-4817-4ae8-a04b-5d8f2a159d8e | ITER: 23 END: OK
2020-04-10 04:19:10.746 3750 INFO rally.task.runner [-] Task 9b6e273c-4817-4ae8-a04b-5d8f2a159d8e | ITER: 31 START
2020-04-10 04:19:10.747 3750 WARNING rally_openstack.scenarios.neutron.utils [-] Running this scenario without either the 'network' or 'existing_network' context is deprecated
2020-04-10 04:19:12.696 3800 INFO rally.task.runner [-] Task 9b6e273c-4817-4ae8-a04b-5d8f2a159d8e | ITER: 20 END: OK
2020-04-10 04:19:12.701 3800 INFO rally.task.runner [-] Task 9b6e273c-4817-4ae8-a04b-5d8f2a159d8e | ITER: 32 START
2020-04-10 04:19:12.702 3800 WARNING rally_openstack.scenarios.neutron.utils [-] Running this scenario without either the 'network' or 'existing_network' context is deprecated
2020-04-10 04:19:12.780 3763 INFO rally.task.runner [-] Task 9b6e273c-4817-4ae8-a04b-5d8f2a159d8e | ITER: 8 END: OK
2020-04-10 04:19:12.784 3763 INFO rally.task.runner [-] Task 9b6e273c-4817-4ae8-a04b-5d8f2a159d8e | ITER: 33 START
2020-04-10 04:19:12.785 3763 WARNING rally_openstack.scenarios.neutron.utils [-] Running this scenario without either the 'network' or 'existing_network' context is deprecated
2020-04-10 04:19:13.191 3760 INFO rally.task.runner [-] Task 9b6e273c-4817-4ae8-a04b-5d8f2a159d8e | ITER: 24 END: OK
2020-04-10 04:19:13.195 3760 INFO rally.task.runner [-] Task 9b6e273c-4817-4ae8-a04b-5d8f2a159d8e | ITER: 34 START
2020-04-10 04:19:13.196 3760 WARNING rally_openstack.scenarios.neutron.utils [-] Running this scenario without either the 'network' or 'existing_network' context is deprecated
2020-04-10 04:19:16.989 3747 INFO rally.task.runner [-] Task 9b6e273c-4817-4ae8-a04b-5d8f2a159d8e | ITER: 22 END: OK
2020-04-10 04:19:16.996 3747 INFO rally.task.runner [-] Task 9b6e273c-4817-4ae8-a04b-5d8f2a159d8e | ITER: 35 START
2020-04-10 04:19:16.996 3747 WARNING rally_openstack.scenarios.neutron.utils [-] Running this scenario without either the 'network' or 'existing_network' context is deprecated
2020-04-10 04:19:17.930 3749 INFO rally.task.runner [-] Task 9b6e273c-4817-4ae8-a04b-5d8f2a159d8e | ITER: 29 END: OK
2020-04-10 04:19:17.937 3749 INFO rally.task.runner [-] Task 9b6e273c-4817-4ae8-a04b-5d8f2a159d8e | ITER: 36 START
2020-04-10 04:19:17.938 3749 WARNING rally_openstack.scenarios.neutron.utils [-] Running this scenario without either the 'network' or 'existing_network' context is deprecated
2020-04-10 04:19:18.410 3748 INFO rally.task.runner [-] Task 9b6e273c-4817-4ae8-a04b-5d8f2a159d8e | ITER: 2 END: OK
2020-04-10 04:19:18.419 3748 INFO rally.task.runner [-] Task 9b6e273c-4817-4ae8-a04b-5d8f2a159d8e | ITER: 37 START
2020-04-10 04:19:18.420 3748 WARNING rally_openstack.scenarios.neutron.utils [-] Running this scenario without either the 'network' or 'existing_network' context is deprecated
2020-04-10 04:19:18.730 3753 INFO rally.task.runner [-] Task 9b6e273c-4817-4ae8-a04b-5d8f2a159d8e | ITER: 30 END: OK
2020-04-10 04:19:18.737 3753 INFO rally.task.runner [-] Task 9b6e273c-4817-4ae8-a04b-5d8f2a159d8e | ITER: 38 START
2020-04-10 04:19:18.739 3753 WARNING rally_openstack.scenarios.neutron.utils [-] Running this scenario without either the 'network' or 'existing_network' context is deprecated
2020-04-10 04:19:19.509 3788 INFO rally.task.runner [-] Task 9b6e273c-4817-4ae8-a04b-5d8f2a159d8e | ITER: 16 END: OK
2020-04-10 04:19:19.513 3788 INFO rally.task.runner [-] Task 9b6e273c-4817-4ae8-a04b-5d8f2a159d8e | ITER: 39 START
2020-04-10 04:19:19.514 3788 WARNING rally_openstack.scenarios.neutron.utils [-] Running this scenario without either the 'network' or 'existing_network' context is deprecated
2020-04-10 04:19:19.646 3781 INFO rally.task.runner [-] Task 9b6e273c-4817-4ae8-a04b-5d8f2a159d8e | ITER: 14 END: OK
2020-04-10 04:19:19.653 3781 INFO rally.task.runner [-] Task 9b6e273c-4817-4ae8-a04b-5d8f2a159d8e | ITER: 40 START
2020-04-10 04:19:19.654 3781 WARNING rally_openstack.scenarios.neutron.utils [-] Running this scenario without either the 'network' or 'existing_network' context is deprecated
2020-04-10 04:19:19.787 3797 INFO rally.task.runner [-] Task 9b6e273c-4817-4ae8-a04b-5d8f2a159d8e | ITER: 19 END: OK
2020-04-10 04:19:19.863 3794 INFO rally.task.runner [-] Task 9b6e273c-4817-4ae8-a04b-5d8f2a159d8e | ITER: 25 END: OK
2020-04-10 04:19:19.930 3757 INFO rally.task.runner [-] Task 9b6e273c-4817-4ae8-a04b-5d8f2a159d8e | ITER: 6 END: OK
2020-04-10 04:19:21.093 3785 INFO rally.task.runner [-] Task 9b6e273c-4817-4ae8-a04b-5d8f2a159d8e | ITER: 27 END: OK
2020-04-10 04:19:21.141 3770 INFO rally.task.runner [-] Task 9b6e273c-4817-4ae8-a04b-5d8f2a159d8e | ITER: 21 END: OK
2020-04-10 04:19:21.227 3766 INFO rally.task.runner [-] Task 9b6e273c-4817-4ae8-a04b-5d8f2a159d8e | ITER: 28 END: OK
2020-04-10 04:19:22.799 3773 INFO rally.task.runner [-] Task 9b6e273c-4817-4ae8-a04b-5d8f2a159d8e | ITER: 11 END: OK
2020-04-10 04:19:23.978 3750 INFO rally.task.runner [-] Task 9b6e273c-4817-4ae8-a04b-5d8f2a159d8e | ITER: 31 END: OK
2020-04-10 04:19:24.313 3747 INFO rally.task.runner [-] Task 9b6e273c-4817-4ae8-a04b-5d8f2a159d8e | ITER: 35 END: OK
2020-04-10 04:19:24.414 3800 INFO rally.task.runner [-] Task 9b6e273c-4817-4ae8-a04b-5d8f2a159d8e | ITER: 32 END: OK
2020-04-10 04:19:25.066 3763 INFO rally.task.runner [-] Task 9b6e273c-4817-4ae8-a04b-5d8f2a159d8e | ITER: 33 END: OK
2020-04-10 04:19:25.223 3776 INFO rally.task.runner [-] Task 9b6e273c-4817-4ae8-a04b-5d8f2a159d8e | ITER: 12 END: OK
2020-04-10 04:19:25.755 3753 INFO rally.task.runner [-] Task 9b6e273c-4817-4ae8-a04b-5d8f2a159d8e | ITER: 38 END: OK
2020-04-10 04:19:26.467 3760 INFO rally.task.runner [-] Task 9b6e273c-4817-4ae8-a04b-5d8f2a159d8e | ITER: 34 END: OK
2020-04-10 04:19:26.782 3793 INFO rally.task.runner [-] Task 9b6e273c-4817-4ae8-a04b-5d8f2a159d8e | ITER: 17 END: OK
2020-04-10 04:19:28.209 3749 INFO rally.task.runner [-] Task 9b6e273c-4817-4ae8-a04b-5d8f2a159d8e | ITER: 36 END: OK
2020-04-10 04:19:29.102 3748 INFO rally.task.runner [-] Task 9b6e273c-4817-4ae8-a04b-5d8f2a159d8e | ITER: 37 END: OK
2020-04-10 04:19:29.932 3779 INFO rally.task.runner [-] Task 9b6e273c-4817-4ae8-a04b-5d8f2a159d8e | ITER: 26 END: OK
2020-04-10 04:19:30.019 3788 INFO rally.task.runner [-] Task 9b6e273c-4817-4ae8-a04b-5d8f2a159d8e | ITER: 39 END: OK
2020-04-10 04:19:31.629 3781 INFO rally.task.runner [-] Task 9b6e273c-4817-4ae8-a04b-5d8f2a159d8e | ITER: 40 END: OK
2020-04-10 04:19:31.651 15 INFO rally.task.context [-] Task 9b6e273c-4817-4ae8-a04b-5d8f2a159d8e | Context cleanup@openstack cleanup() started
2020-04-10 04:19:31.655 15 RALLYDEBUG rally_openstack.cleanup.manager [-] Cleaning up neutron vip objects
2020-04-10 04:19:31.803 15 RALLYDEBUG rally_openstack.cleanup.manager [-] Cleaning up neutron health_monitor objects
2020-04-10 04:19:31.928 15 RALLYDEBUG rally_openstack.cleanup.manager [-] Cleaning up neutron pool objects
2020-04-10 04:19:32.051 15 RALLYDEBUG rally_openstack.cleanup.manager [-] Cleaning up neutron loadbalancer objects
2020-04-10 04:19:32.186 15 RALLYDEBUG rally_openstack.cleanup.manager [-] Cleaning up neutron floatingip objects
2020-04-10 04:19:32.427 15 RALLYDEBUG rally_openstack.cleanup.manager [-] Cleaning up neutron trunk objects
2020-04-10 04:19:32.577 15 RALLYDEBUG rally_openstack.cleanup.manager [-] Cleaning up neutron port objects
2020-04-10 04:19:34.195 15 RALLYDEBUG rally_openstack.cleanup.manager [-] Deleting neutron.port object s_rally_24e2fe17_u5WZICaR (003ca319-85fb-4506-84e3-84c8591c6ce4)
2020-04-10 04:19:34.218 15 RALLYDEBUG rally_openstack.cleanup.manager [-] Deleting neutron.port object s_rally_24e2fe17_HSG59Flh (07370e9c-aa0d-45c7-b136-6aa62120ce68)
2020-04-10 04:19:34.224 15 RALLYDEBUG rally_openstack.cleanup.manager [-] Deleting neutron.port object s_rally_24e2fe17_eTZDogvS (03c1a012-7eb7-4c1a-9559-086175223681)
2020-04-10 04:19:34.229 15 RALLYDEBUG rally_openstack.cleanup.manager [-] Deleting neutron.port object s_rally_24e2fe17_M78Goxrj (08a9701b-7b20-4463-8925-46a3167c18d7)
2020-04-10 04:19:34.234 15 RALLYDEBUG rally_openstack.cleanup.manager [-] Deleting neutron.port object s_rally_24e2fe17_NNOiSuBL (0bf8aee4-e1e4-4b65-b05e-304b232663d6)
2020-04-10 04:19:34.236 15 RALLYDEBUG rally_openstack.cleanup.manager [-] Deleting neutron.port object s_rally_24e2fe17_GZCMuNwT (084c2caa-491c-4cb8-a2b3-1ad485adb6a9)
2020-04-10 04:19:34.252 15 RALLYDEBUG rally_openstack.cleanup.manager [-] Deleting neutron.port object s_rally_24e2fe17_TXQjZlz5 (0c3bf9cb-e2f4-4b93-8576-0fa0f744a2f6)
2020-04-10 04:19:34.257 15 RALLYDEBUG rally_openstack.cleanup.manager [-] Deleting neutron.port object s_rally_24e2fe17_8tRaeolf (0dee56f2-e975-4846-961e-03f012ae2b87)
2020-04-10 04:19:34.274 15 RALLYDEBUG rally_openstack.cleanup.manager [-] Deleting neutron.port object s_rally_24e2fe17_vXKDkYE9 (0f1fd2e8-c160-4037-bc3a-2f349af029cc)
2020-04-10 04:19:34.304 15 RALLYDEBUG rally_openstack.cleanup.manager [-] Deleting neutron.port object s_rally_24e2fe17_15PaOFCA (0f46d978-d79e-4112-a5ac-7927a1aa0d6d)
2020-04-10 04:19:34.310 15 RALLYDEBUG rally_openstack.cleanup.manager [-] Deleting neutron.port object s_rally_24e2fe17_KU9HyV6G (0f47049c-d4db-4a02-b67a-8e9f1637023a)
2020-04-10 04:19:34.316 15 RALLYDEBUG rally_openstack.cleanup.manager [-] Deleting neutron.port object s_rally_24e2fe17_mDbaEUxq (10018b5b-495d-4f3b-8d87-a6a163f7bdea)
2020-04-10 04:19:34.323 15 RALLYDEBUG rally_openstack.cleanup.manager [-] Deleting neutron.port object s_rally_24e2fe17_FTNMoPcX (11594f80-baad-4da8-96be-57f45cef66a6)
2020-04-10 04:19:34.354 15 RALLYDEBUG rally_openstack.cleanup.manager [-] Deleting neutron.port object s_rally_24e2fe17_qFLIxwux (11ab3b82-03e9-442d-bc12-462bba56437a)
2020-04-10 04:19:34.382 15 RALLYDEBUG rally_openstack.cleanup.manager [-] Deleting neutron.port object s_rally_24e2fe17_pTqRtWz1 (131d3789-823b-4e1b-bcd5-95bbd99361ed)
2020-04-10 04:19:34.385 15 RALLYDEBUG rally_openstack.cleanup.manager [-] Deleting neutron.port object s_rally_24e2fe17_hQIVLYOV (12886493-3bd7-40f1-9303-0cd970068fd7)
2020-04-10 04:19:34.395 15 RALLYDEBUG rally_openstack.cleanup.manager [-] Deleting neutron.port object s_rally_24e2fe17_VtQrhE69 (13d516ea-0fd1-43ec-bde3-ee4736c626b2)
2020-04-10 04:19:34.433 15 RALLYDEBUG rally_openstack.cleanup.manager [-] Deleting neutron.port object s_rally_24e2fe17_kkMXOGXN (15abe5e9-3c90-49d5-bed6-37b8cf92354d)
2020-04-10 04:19:34.441 15 RALLYDEBUG rally_openstack.cleanup.manager [-] Deleting neutron.port object s_rally_24e2fe17_uNQpSVGa (161acf92-e383-489f-952a-ce150c5c73d8)
