2020-04-10 04:01:51.311 6 RALLYDEBUG rally.api [-] INFO logs from urllib3 and requests module are hide.
2020-04-10 04:01:51.311 6 RALLYDEBUG rally.api [-] urllib3 insecure warnings are hidden.
2020-04-10 04:01:51.311 6 RALLYDEBUG rally.api [-] ERROR log from boto module is hide.
2020-04-10 04:01:53.112 6 ERROR rally.cli.cliutils [-] Unexpected exception in CLI: rally.exceptions.DBRecordNotFound: Record for uuid or name is opnfv-rally not found in table envs
2020-04-10 04:01:53.112 6 ERROR rally.cli.cliutils
Traceback (most recent call last):
2020-04-10 04:01:53.112 6 ERROR rally.cli.cliutils
File "/usr/lib/python3.7/site-packages/rally/cli/cliutils.py", line 657, in run
2020-04-10 04:01:53.112 6 ERROR rally.cli.cliutils ret = fn(*fn_args, **fn_kwargs)
2020-04-10 04:01:53.112 6 ERROR rally.cli.cliutils File "", line 2, in destroy
2020-04-10 04:01:53.112 6 ERROR rally.cli.cliutils
File "/usr/lib/python3.7/site-packages/rally/cli/envutils.py", line 135, in default_from_global
2020-04-10 04:01:53.112 6 ERROR rally.cli.cliutils return f(*args, **kwargs)
2020-04-10 04:01:53.112 6 ERROR rally.cli.cliutils File "", line 2, in destroy
2020-04-10 04:01:53.112 6 ERROR rally.cli.cliutils
File "/usr/lib/python3.7/site-packages/rally/plugins/__init__.py", line 59, in ensure_plugins_are_loaded
2020-04-10 04:01:53.112 6 ERROR rally.cli.cliutils return f(*args, **kwargs)
2020-04-10 04:01:53.112 6 ERROR rally.cli.cliutils
File "/usr/lib/python3.7/site-packages/rally/cli/commands/deployment.py", line 154, in destroy
2020-04-10 04:01:53.112 6 ERROR rally.cli.cliutils api.deployment.destroy(deployment=deployment)
2020-04-10 04:01:53.112 6 ERROR rally.cli.cliutils
File "/usr/lib/python3.7/site-packages/rally/api.py", line 115, in destroy
2020-04-10 04:01:53.112 6 ERROR rally.cli.cliutils deploy = objects.Deployment.get(deployment)
2020-04-10 04:01:53.112 6 ERROR rally.cli.cliutils
File "/usr/lib/python3.7/site-packages/rally/common/objects/deploy.py", line 124, in get
2020-04-10 04:01:53.112 6 ERROR rally.cli.cliutils return Deployment(env_mgr.EnvManager.get(deploy))
2020-04-10 04:01:53.112 6 ERROR rally.cli.cliutils
File "/usr/lib/python3.7/site-packages/rally/env/env_mgr.py", line 212, in get
2020-04-10 04:01:53.112 6 ERROR rally.cli.cliutils return cls(db.env_get(uuid_or_name))
2020-04-10 04:01:53.112 6 ERROR rally.cli.cliutils
File "/usr/lib/python3.7/site-packages/rally/common/db/api.py", line 133, in wrapper
2020-04-10 04:01:53.112 6 ERROR rally.cli.cliutils result = f(session, *args, **kwargs)
2020-04-10 04:01:53.112 6 ERROR rally.cli.cliutils
File "/usr/lib/python3.7/site-packages/rally/common/db/api.py", line 519, in env_get
2020-04-10 04:01:53.112 6 ERROR rally.cli.cliutils criteria="uuid or name is %s" % uuid_or_name, table="envs")
2020-04-10 04:01:53.112 6 ERROR rally.cli.cliutils rally.exceptions.DBRecordNotFound: Record for uuid or name is opnfv-rally not found in table envs
2020-04-10 04:01:53.112 6 ERROR rally.cli.cliutils
2020-04-10 04:01:54.465 8 RALLYDEBUG rally.api [-] INFO logs from urllib3 and requests module are hide.
2020-04-10 04:01:54.465 8 RALLYDEBUG rally.api [-] urllib3 insecure warnings are hidden.
2020-04-10 04:01:54.465 8 RALLYDEBUG rally.api [-] ERROR log from boto module is hide.
2020-04-10 04:01:57.982 10 RALLYDEBUG rally.api [-] INFO logs from urllib3 and requests module are hide.
2020-04-10 04:01:57.982 10 RALLYDEBUG rally.api [-] urllib3 insecure warnings are hidden.
2020-04-10 04:01:57.982 10 RALLYDEBUG rally.api [-] ERROR log from boto module is hide.
2020-04-10 04:02:01.669 13 RALLYDEBUG rally.api [-] INFO logs from urllib3 and requests module are hide.
2020-04-10 04:02:01.670 13 RALLYDEBUG rally.api [-] urllib3 insecure warnings are hidden.
2020-04-10 04:02:01.670 13 RALLYDEBUG rally.api [-] ERROR log from boto module is hide.
2020-04-10 04:02:03.607 15 RALLYDEBUG rally.api [-] INFO logs from urllib3 and requests module are hide.
2020-04-10 04:02:03.608 15 RALLYDEBUG rally.api [-] urllib3 insecure warnings are hidden.
2020-04-10 04:02:03.608 15 RALLYDEBUG rally.api [-] ERROR log from boto module is hide.
2020-04-10 04:02:05.326 15 INFO rally.common.plugin.discover [-] Loading plugins from directories /root/.rally/plugins/*
2020-04-10 04:02:05.326 15 INFO rally.common.plugin.discover [-] Loading plugins from file /root/.rally/plugins/__init__.py
2020-04-10 04:02:05.327 15 INFO rally.common.plugin.discover [-] Loaded module with plugins: __init__
2020-04-10 04:02:05.663 15 INFO rally.task.engine [-] Task 9b6e273c-4817-4ae8-a04b-5d8f2a159d8e | Starting: Task validation.
2020-04-10 04:02:05.677 15 INFO rally.task.engine [-] Task 9b6e273c-4817-4ae8-a04b-5d8f2a159d8e | Starting: Task validation of syntax.
2020-04-10 04:02:06.068 15 INFO rally.task.engine [-] Task 9b6e273c-4817-4ae8-a04b-5d8f2a159d8e | Completed: Task validation of syntax.
2020-04-10 04:02:06.068 15 INFO rally.task.engine [-] Task 9b6e273c-4817-4ae8-a04b-5d8f2a159d8e | Starting: Task validation of required platforms.
2020-04-10 04:02:06.245 15 INFO rally.task.engine [-] Task 9b6e273c-4817-4ae8-a04b-5d8f2a159d8e | Completed: Task validation of required platforms.
2020-04-10 04:02:06.245 15 INFO rally.task.engine [-] Task 9b6e273c-4817-4ae8-a04b-5d8f2a159d8e | Starting: Task validation of semantic.
2020-04-10 04:02:06.245 15 INFO rally.task.engine [-] Check health of the environment '09e58292-38bb-450d-a03a-0dea3c6be06f'.
2020-04-10 04:02:06.891 15 INFO rally.task.engine [-] Platform existing@openstack (available: True): OK!
2020-04-10 04:02:06.905 15 RALLYDEBUG rally_openstack.contexts.keystone.users [-] Creating 1 tenants using 1 threads
2020-04-10 04:02:07.219 15 RALLYDEBUG rally_openstack.contexts.keystone.users [-] Creating 1 users using 1 threads
2020-04-10 04:02:07.830 15 INFO rally.task.context [-] Task 9b6e273c-4817-4ae8-a04b-5d8f2a159d8e | Context users@openstack setup() finished in 0.93 sec
2020-04-10 04:02:11.885 15 INFO rally.task.context [-] Task 9b6e273c-4817-4ae8-a04b-5d8f2a159d8e | Context users@openstack cleanup() started
2020-04-10 04:02:12.016 15 WARNING rally.common.logging [-] `iterate_per_tenants()' is deprecated in v3.0.0: it is openstack specific.. Used at
2020-04-10 04:02:13.255 15 INFO rally.task.context [-] Task 9b6e273c-4817-4ae8-a04b-5d8f2a159d8e | Context users@openstack cleanup() finished in 1.37 sec
2020-04-10 04:02:13.256 15 INFO rally.task.engine [-] Task 9b6e273c-4817-4ae8-a04b-5d8f2a159d8e | Completed: Task validation of semantic.
2020-04-10 04:02:13.256 15 INFO rally.task.engine [-] Task 9b6e273c-4817-4ae8-a04b-5d8f2a159d8e | Completed: Task validation.
2020-04-10 04:02:13.256 15 INFO rally.api [-] Task 9b6e273c-4817-4ae8-a04b-5d8f2a159d8e input file is valid.
2020-04-10 04:02:13.257 15 INFO rally.api [-] Run Task 9b6e273c-4817-4ae8-a04b-5d8f2a159d8e against Deployment 09e58292-38bb-450d-a03a-0dea3c6be06f
2020-04-10 04:02:13.257 15 INFO rally.task.engine [-] Task 9b6e273c-4817-4ae8-a04b-5d8f2a159d8e | Starting: Running task.
2020-04-10 04:02:13.315 15 INFO rally.task.engine [-] Running workload: position = 0 config = { "version": 2, "title": "A cropped version of a bigger task.", "description": "Auto-generated task from a single workload (uuid=7f8164a9-1c76-4379-bdf0-bb04bee2a612)", "subtasks": [ { "title": "NeutronNetworks.create_and_list_networks", "description": "Check performance of list_networks action and ensure > network quotas are not exceeded", "scenario": { "NeutronNetworks.create_and_list_networks": {} }, "contexts": { "users": { "tenants": 1, "users_per_tenant": 1 }, "quotas": { "neutron": { "network": 119 } } }, "runner": { "constant": { "times": 100, "concurrency": 20 } }, "hooks": [], "sla": { "max_avg_duration_per_atomic": { "neutron.list_networks": 15 }, "failure_rate": { "max": 0 } } } ] }
2020-04-10 04:02:13.334 15 RALLYDEBUG rally_openstack.contexts.keystone.users [-] Creating 1 tenants using 1 threads
2020-04-10 04:02:13.842 15 RALLYDEBUG rally_openstack.contexts.keystone.users [-] Creating 1 users using 1 threads
2020-04-10 04:02:14.490 15 INFO rally.task.context [-] Task 9b6e273c-4817-4ae8-a04b-5d8f2a159d8e | Context users@openstack setup() finished in 1.16 sec
2020-04-10 04:02:14.731 15 INFO rally.task.context [-] Task 9b6e273c-4817-4ae8-a04b-5d8f2a159d8e | Context quotas@openstack setup() finished in 0.24 sec
2020-04-10 04:02:14.732 15 INFO rally.task.context [-] Task 9b6e273c-4817-4ae8-a04b-5d8f2a159d8e | Context cleanup@openstack setup() finished in 0.04 msec
2020-04-10 04:02:14.743 15 RALLYDEBUG rally.task.runner [-] Starting the constant runner (task UUID: 9b6e273c-4817-4ae8-a04b-5d8f2a159d8e). times: 100 concurrency: 20 timeout: 0 max_cpu_used: 88 processes_to_start: 20 concurrency_per_worker: 1 concurrency_overhead: 0
2020-04-10 04:02:14.758 63 RALLYDEBUG rally.task.runner [-] Starting a worker. times: 100 duration: None concurrency: 1 timeout: 0 cls: method_name: run args: {}
2020-04-10 04:02:14.760 64 RALLYDEBUG rally.task.runner [-] Starting a worker. times: 100 duration: None concurrency: 1 timeout: 0 cls: method_name: run args: {}
2020-04-10 04:02:14.762 65 RALLYDEBUG rally.task.runner [-] Starting a worker. times: 100 duration: None concurrency: 1 timeout: 0 cls: method_name: run args: {}
2020-04-10 04:02:14.764 63 INFO rally.task.runner [-] Task 9b6e273c-4817-4ae8-a04b-5d8f2a159d8e | ITER: 1 START
2020-04-10 04:02:14.763 66 RALLYDEBUG rally.task.runner [-] Starting a worker. times: 100 duration: None concurrency: 1 timeout: 0 cls: method_name: run args: {}
2020-04-10 04:02:14.766 64 INFO rally.task.runner [-] Task 9b6e273c-4817-4ae8-a04b-5d8f2a159d8e | ITER: 2 START
2020-04-10 04:02:14.766 67 RALLYDEBUG rally.task.runner [-] Starting a worker. times: 100 duration: None concurrency: 1 timeout: 0 cls: method_name: run args: {}
2020-04-10 04:02:14.768 65 INFO rally.task.runner [-] Task 9b6e273c-4817-4ae8-a04b-5d8f2a159d8e | ITER: 3 START
2020-04-10 04:02:14.768 70 RALLYDEBUG rally.task.runner [-] Starting a worker. times: 100 duration: None concurrency: 1 timeout: 0 cls: method_name: run args: {}
2020-04-10 04:02:14.770 66 INFO rally.task.runner [-] Task 9b6e273c-4817-4ae8-a04b-5d8f2a159d8e | ITER: 4 START
2020-04-10 04:02:14.771 73 RALLYDEBUG rally.task.runner [-] Starting a worker. times: 100 duration: None concurrency: 1 timeout: 0 cls: method_name: run args: {}
2020-04-10 04:02:14.773 67 INFO rally.task.runner [-] Task 9b6e273c-4817-4ae8-a04b-5d8f2a159d8e | ITER: 5 START
2020-04-10 04:02:14.772 76 RALLYDEBUG rally.task.runner [-] Starting a worker. times: 100 duration: None concurrency: 1 timeout: 0 cls: method_name: run args: {}
2020-04-10 04:02:14.773 70 INFO rally.task.runner [-] Task 9b6e273c-4817-4ae8-a04b-5d8f2a159d8e | ITER: 6 START
2020-04-10 04:02:14.776 79 RALLYDEBUG rally.task.runner [-] Starting a worker. times: 100 duration: None concurrency: 1 timeout: 0 cls: method_name: run args: {}
2020-04-10 04:02:14.777 73 INFO rally.task.runner [-] Task 9b6e273c-4817-4ae8-a04b-5d8f2a159d8e | ITER: 7 START
2020-04-10 04:02:14.778 76 INFO rally.task.runner [-] Task 9b6e273c-4817-4ae8-a04b-5d8f2a159d8e | ITER: 8 START
2020-04-10 04:02:14.778 83 RALLYDEBUG rally.task.runner [-] Starting a worker. times: 100 duration: None concurrency: 1 timeout: 0 cls: method_name: run args: {}
2020-04-10 04:02:14.781 79 INFO rally.task.runner [-] Task 9b6e273c-4817-4ae8-a04b-5d8f2a159d8e | ITER: 9 START
2020-04-10 04:02:14.780 85 RALLYDEBUG rally.task.runner [-] Starting a worker. times: 100 duration: None concurrency: 1 timeout: 0 cls: method_name: run args: {}
2020-04-10 04:02:14.782 83 INFO rally.task.runner [-] Task 9b6e273c-4817-4ae8-a04b-5d8f2a159d8e | ITER: 10 START
2020-04-10 04:02:14.782 90 RALLYDEBUG rally.task.runner [-] Starting a worker. times: 100 duration: None concurrency: 1 timeout: 0 cls: method_name: run args: {}
2020-04-10 04:02:14.784 91 RALLYDEBUG rally.task.runner [-] Starting a worker. times: 100 duration: None concurrency: 1 timeout: 0 cls: method_name: run args: {}
2020-04-10 04:02:14.785 85 INFO rally.task.runner [-] Task 9b6e273c-4817-4ae8-a04b-5d8f2a159d8e | ITER: 11 START
2020-04-10 04:02:14.787 90 INFO rally.task.runner [-] Task 9b6e273c-4817-4ae8-a04b-5d8f2a159d8e | ITER: 12 START
2020-04-10 04:02:14.787 96 RALLYDEBUG rally.task.runner [-] Starting a worker. times: 100 duration: None concurrency: 1 timeout: 0 cls: method_name: run args: {}
2020-04-10 04:02:14.789 91 INFO rally.task.runner [-] Task 9b6e273c-4817-4ae8-a04b-5d8f2a159d8e | ITER: 13 START
2020-04-10 04:02:14.789 98 RALLYDEBUG rally.task.runner [-] Starting a worker. times: 100 duration: None concurrency: 1 timeout: 0 cls: method_name: run args: {}
2020-04-10 04:02:14.792 96 INFO rally.task.runner [-] Task 9b6e273c-4817-4ae8-a04b-5d8f2a159d8e | ITER: 14 START
2020-04-10 04:02:14.791 102 RALLYDEBUG rally.task.runner [-] Starting a worker. times: 100 duration: None concurrency: 1 timeout: 0 cls: method_name: run args: {}
2020-04-10 04:02:14.793 105 RALLYDEBUG rally.task.runner [-] Starting a worker. times: 100 duration: None concurrency: 1 timeout: 0 cls: method_name: run args: {}
2020-04-10 04:02:14.794 98 INFO rally.task.runner [-] Task 9b6e273c-4817-4ae8-a04b-5d8f2a159d8e | ITER: 15 START
2020-04-10 04:02:14.796 102 INFO rally.task.runner [-] Task 9b6e273c-4817-4ae8-a04b-5d8f2a159d8e | ITER: 16 START
2020-04-10 04:02:14.795 108 RALLYDEBUG rally.task.runner [-] Starting a worker. times: 100 duration: None concurrency: 1 timeout: 0 cls: method_name: run args: {}
2020-04-10 04:02:14.798 105 INFO rally.task.runner [-] Task 9b6e273c-4817-4ae8-a04b-5d8f2a159d8e | ITER: 17 START
2020-04-10 04:02:14.799 108 INFO rally.task.runner [-] Task 9b6e273c-4817-4ae8-a04b-5d8f2a159d8e | ITER: 18 START
2020-04-10 04:02:14.801 115 RALLYDEBUG rally.task.runner [-] Starting a worker. times: 100 duration: None concurrency: 1 timeout: 0 cls: method_name: run args: {}
2020-04-10 04:02:14.804 115 INFO rally.task.runner [-] Task 9b6e273c-4817-4ae8-a04b-5d8f2a159d8e | ITER: 19 START
2020-04-10 04:02:14.805 118 RALLYDEBUG rally.task.runner [-] Starting a worker. times: 100 duration: None concurrency: 1 timeout: 0 cls: method_name: run args: {}
2020-04-10 04:02:14.809 118 INFO rally.task.runner [-] Task 9b6e273c-4817-4ae8-a04b-5d8f2a159d8e | ITER: 20 START
2020-04-10 04:02:17.114 102 INFO rally.task.runner [-] Task 9b6e273c-4817-4ae8-a04b-5d8f2a159d8e | ITER: 16 END: OK
2020-04-10 04:02:17.119 102 INFO rally.task.runner [-] Task 9b6e273c-4817-4ae8-a04b-5d8f2a159d8e | ITER: 21 START
2020-04-10 04:02:17.320 65 INFO rally.task.runner [-] Task 9b6e273c-4817-4ae8-a04b-5d8f2a159d8e | ITER: 3 END: OK
2020-04-10 04:02:17.324 65 INFO rally.task.runner [-] Task 9b6e273c-4817-4ae8-a04b-5d8f2a159d8e | ITER: 22 START
2020-04-10 04:02:17.976 90 INFO rally.task.runner [-] Task 9b6e273c-4817-4ae8-a04b-5d8f2a159d8e | ITER: 12 END: OK
2020-04-10 04:02:17.980 90 INFO rally.task.runner [-] Task 9b6e273c-4817-4ae8-a04b-5d8f2a159d8e | ITER: 23 START
2020-04-10 04:02:18.165 96 INFO rally.task.runner [-] Task 9b6e273c-4817-4ae8-a04b-5d8f2a159d8e | ITER: 14 END: OK
2020-04-10 04:02:18.169 96 INFO rally.task.runner [-] Task 9b6e273c-4817-4ae8-a04b-5d8f2a159d8e | ITER: 24 START
2020-04-10 04:02:18.382 105 INFO rally.task.runner [-] Task 9b6e273c-4817-4ae8-a04b-5d8f2a159d8e | ITER: 17 END: OK
2020-04-10 04:02:18.383 102 INFO rally.task.runner [-] Task 9b6e273c-4817-4ae8-a04b-5d8f2a159d8e | ITER: 21 END: OK
2020-04-10 04:02:18.385 105 INFO rally.task.runner [-] Task 9b6e273c-4817-4ae8-a04b-5d8f2a159d8e | ITER: 25 START
2020-04-10 04:02:18.386 102 INFO rally.task.runner [-] Task 9b6e273c-4817-4ae8-a04b-5d8f2a159d8e | ITER: 26 START
2020-04-10 04:02:18.515 115 INFO rally.task.runner [-] Task 9b6e273c-4817-4ae8-a04b-5d8f2a159d8e | ITER: 19 END: OK
2020-04-10 04:02:18.519 115 INFO rally.task.runner [-] Task 9b6e273c-4817-4ae8-a04b-5d8f2a159d8e | ITER: 27 START
2020-04-10 04:02:18.632 85 INFO rally.task.runner [-] Task 9b6e273c-4817-4ae8-a04b-5d8f2a159d8e | ITER: 11 END: OK
2020-04-10 04:02:18.637 85 INFO rally.task.runner [-] Task 9b6e273c-4817-4ae8-a04b-5d8f2a159d8e | ITER: 28 START
2020-04-10 04:02:18.863 73 INFO rally.task.runner [-] Task 9b6e273c-4817-4ae8-a04b-5d8f2a159d8e | ITER: 7 END: OK
2020-04-10 04:02:18.868 73 INFO rally.task.runner [-] Task 9b6e273c-4817-4ae8-a04b-5d8f2a159d8e | ITER: 29 START
2020-04-10 04:02:19.118 76 INFO rally.task.runner [-] Task 9b6e273c-4817-4ae8-a04b-5d8f2a159d8e | ITER: 8 END: OK
2020-04-10 04:02:19.122 76 INFO rally.task.runner [-] Task 9b6e273c-4817-4ae8-a04b-5d8f2a159d8e | ITER: 30 START
2020-04-10 04:02:19.680 70 INFO rally.task.runner [-] Task 9b6e273c-4817-4ae8-a04b-5d8f2a159d8e | ITER: 6 END: OK
2020-04-10 04:02:19.685 70 INFO rally.task.runner [-] Task 9b6e273c-4817-4ae8-a04b-5d8f2a159d8e | ITER: 31 START
2020-04-10 04:02:19.966 118 INFO rally.task.runner [-] Task 9b6e273c-4817-4ae8-a04b-5d8f2a159d8e | ITER: 20 END: OK
2020-04-10 04:02:19.970 118 INFO rally.task.runner [-] Task 9b6e273c-4817-4ae8-a04b-5d8f2a159d8e | ITER: 32 START
2020-04-10 04:02:20.325 79 INFO rally.task.runner [-] Task 9b6e273c-4817-4ae8-a04b-5d8f2a159d8e | ITER: 9 END: OK
2020-04-10 04:02:20.330 79 INFO rally.task.runner [-] Task 9b6e273c-4817-4ae8-a04b-5d8f2a159d8e | ITER: 33 START
2020-04-10 04:02:20.401 105 INFO rally.task.runner [-] Task 9b6e273c-4817-4ae8-a04b-5d8f2a159d8e | ITER: 25 END: OK
2020-04-10 04:02:20.404 105 INFO rally.task.runner [-] Task 9b6e273c-4817-4ae8-a04b-5d8f2a159d8e | ITER: 34 START
2020-04-10 04:02:20.829 64 INFO rally.task.runner [-] Task 9b6e273c-4817-4ae8-a04b-5d8f2a159d8e | ITER: 2 END: OK
2020-04-10 04:02:20.833 64 INFO rally.task.runner [-] Task 9b6e273c-4817-4ae8-a04b-5d8f2a159d8e | ITER: 35 START
2020-04-10 04:02:21.013 96 INFO rally.task.runner [-] Task 9b6e273c-4817-4ae8-a04b-5d8f2a159d8e | ITER: 24 END: OK
2020-04-10 04:02:21.016 96 INFO rally.task.runner [-] Task 9b6e273c-4817-4ae8-a04b-5d8f2a159d8e | ITER: 36 START
2020-04-10 04:02:21.162 70 INFO rally.task.runner [-] Task 9b6e273c-4817-4ae8-a04b-5d8f2a159d8e | ITER: 31 END: OK
2020-04-10 04:02:21.166 70 INFO rally.task.runner [-] Task 9b6e273c-4817-4ae8-a04b-5d8f2a159d8e | ITER: 37 START
2020-04-10 04:02:21.658 85 INFO rally.task.runner [-] Task 9b6e273c-4817-4ae8-a04b-5d8f2a159d8e | ITER: 28 END: OK
2020-04-10 04:02:21.661 85 INFO rally.task.runner [-] Task 9b6e273c-4817-4ae8-a04b-5d8f2a159d8e | ITER: 38 START
2020-04-10 04:02:21.688 105 INFO rally.task.runner [-] Task 9b6e273c-4817-4ae8-a04b-5d8f2a159d8e | ITER: 34 END: OK
2020-04-10 04:02:21.691 105 INFO rally.task.runner [-] Task 9b6e273c-4817-4ae8-a04b-5d8f2a159d8e | ITER: 39 START
2020-04-10 04:02:21.852 90 INFO rally.task.runner [-] Task 9b6e273c-4817-4ae8-a04b-5d8f2a159d8e | ITER: 23 END: OK
2020-04-10 04:02:21.855 90 INFO rally.task.runner [-] Task 9b6e273c-4817-4ae8-a04b-5d8f2a159d8e | ITER: 40 START
2020-04-10 04:02:22.328 118 INFO rally.task.runner [-] Task 9b6e273c-4817-4ae8-a04b-5d8f2a159d8e | ITER: 32 END: OK
2020-04-10 04:02:22.332 118 INFO rally.task.runner [-] Task 9b6e273c-4817-4ae8-a04b-5d8f2a159d8e | ITER: 41 START
2020-04-10 04:02:23.525 118 INFO rally.task.runner [-] Task 9b6e273c-4817-4ae8-a04b-5d8f2a159d8e | ITER: 41 END: OK
2020-04-10 04:02:23.529 118 INFO rally.task.runner [-] Task 9b6e273c-4817-4ae8-a04b-5d8f2a159d8e | ITER: 42 START
2020-04-10 04:02:23.695 73 INFO rally.task.runner [-] Task 9b6e273c-4817-4ae8-a04b-5d8f2a159d8e | ITER: 29 END: OK
2020-04-10 04:02:23.699 73 INFO rally.task.runner [-] Task 9b6e273c-4817-4ae8-a04b-5d8f2a159d8e | ITER: 43 START
2020-04-10 04:02:23.753 76 INFO rally.task.runner [-] Task 9b6e273c-4817-4ae8-a04b-5d8f2a159d8e | ITER: 30 END: OK
2020-04-10 04:02:23.757 76 INFO rally.task.runner [-] Task 9b6e273c-4817-4ae8-a04b-5d8f2a159d8e | ITER: 44 START
2020-04-10 04:02:23.977 63 INFO rally.task.runner [-] Task 9b6e273c-4817-4ae8-a04b-5d8f2a159d8e | ITER: 1 END: OK
2020-04-10 04:02:23.982 63 INFO rally.task.runner [-] Task 9b6e273c-4817-4ae8-a04b-5d8f2a159d8e | ITER: 45 START
2020-04-10 04:02:24.029 96 INFO rally.task.runner [-] Task 9b6e273c-4817-4ae8-a04b-5d8f2a159d8e | ITER: 36 END: OK
2020-04-10 04:02:24.032 96 INFO rally.task.runner [-] Task 9b6e273c-4817-4ae8-a04b-5d8f2a159d8e | ITER: 46 START
2020-04-10 04:02:24.998 79 INFO rally.task.runner [-] Task 9b6e273c-4817-4ae8-a04b-5d8f2a159d8e | ITER: 33 END: OK
2020-04-10 04:02:25.002 79 INFO rally.task.runner [-] Task 9b6e273c-4817-4ae8-a04b-5d8f2a159d8e | ITER: 47 START
2020-04-10 04:02:26.528 67 INFO rally.task.runner [-] Task 9b6e273c-4817-4ae8-a04b-5d8f2a159d8e | ITER: 5 END: OK
2020-04-10 04:02:26.531 67 INFO rally.task.runner [-] Task 9b6e273c-4817-4ae8-a04b-5d8f2a159d8e | ITER: 48 START
2020-04-10 04:02:26.703 70 INFO rally.task.runner [-] Task 9b6e273c-4817-4ae8-a04b-5d8f2a159d8e | ITER: 37 END: OK
2020-04-10 04:02:26.707 70 INFO rally.task.runner [-] Task 9b6e273c-4817-4ae8-a04b-5d8f2a159d8e | ITER: 49 START
2020-04-10 04:02:27.483 64 INFO rally.task.runner [-] Task 9b6e273c-4817-4ae8-a04b-5d8f2a159d8e | ITER: 35 END: OK
2020-04-10 04:02:27.487 64 INFO rally.task.runner [-] Task 9b6e273c-4817-4ae8-a04b-5d8f2a159d8e | ITER: 50 START
2020-04-10 04:02:27.774 73 INFO rally.task.runner [-] Task 9b6e273c-4817-4ae8-a04b-5d8f2a159d8e | ITER: 43 END: OK
2020-04-10 04:02:27.778 73 INFO rally.task.runner [-] Task 9b6e273c-4817-4ae8-a04b-5d8f2a159d8e | ITER: 51 START
2020-04-10 04:02:28.140 118 INFO rally.task.runner [-] Task 9b6e273c-4817-4ae8-a04b-5d8f2a159d8e | ITER: 42 END: OK
2020-04-10 04:02:28.143 118 INFO rally.task.runner [-] Task 9b6e273c-4817-4ae8-a04b-5d8f2a159d8e | ITER: 52 START
2020-04-10 04:02:28.211 90 INFO rally.task.runner [-] Task 9b6e273c-4817-4ae8-a04b-5d8f2a159d8e | ITER: 40 END: OK
2020-04-10 04:02:28.216 90 INFO rally.task.runner [-] Task 9b6e273c-4817-4ae8-a04b-5d8f2a159d8e | ITER: 53 START
2020-04-10 04:02:28.296 96 INFO rally.task.runner [-] Task 9b6e273c-4817-4ae8-a04b-5d8f2a159d8e | ITER: 46 END: OK
2020-04-10 04:02:28.300 96 INFO rally.task.runner [-] Task 9b6e273c-4817-4ae8-a04b-5d8f2a159d8e | ITER: 54 START
2020-04-10 04:02:28.750 70 INFO rally.task.runner [-] Task 9b6e273c-4817-4ae8-a04b-5d8f2a159d8e | ITER: 49 END: OK
2020-04-10 04:02:28.753 70 INFO rally.task.runner [-] Task 9b6e273c-4817-4ae8-a04b-5d8f2a159d8e | ITER: 55 START
2020-04-10 04:02:29.524 91 INFO rally.task.runner [-] Task 9b6e273c-4817-4ae8-a04b-5d8f2a159d8e | ITER: 13 END: OK
2020-04-10 04:02:29.527 91 INFO rally.task.runner [-] Task 9b6e273c-4817-4ae8-a04b-5d8f2a159d8e | ITER: 56 START
2020-04-10 04:02:29.624 73 INFO rally.task.runner [-] Task 9b6e273c-4817-4ae8-a04b-5d8f2a159d8e | ITER: 51 END: OK
2020-04-10 04:02:29.627 73 INFO rally.task.runner [-] Task 9b6e273c-4817-4ae8-a04b-5d8f2a159d8e | ITER: 57 START
2020-04-10 04:02:29.842 67 INFO rally.task.runner [-] Task 9b6e273c-4817-4ae8-a04b-5d8f2a159d8e | ITER: 48 END: OK
2020-04-10 04:02:29.846 67 INFO rally.task.runner [-] Task 9b6e273c-4817-4ae8-a04b-5d8f2a159d8e | ITER: 58 START
2020-04-10 04:02:30.055 98 INFO rally.task.runner [-] Task 9b6e273c-4817-4ae8-a04b-5d8f2a159d8e | ITER: 15 END: OK
2020-04-10 04:02:30.059 98 INFO rally.task.runner [-] Task 9b6e273c-4817-4ae8-a04b-5d8f2a159d8e | ITER: 59 START
2020-04-10 04:02:30.837 102 INFO rally.task.runner [-] Task 9b6e273c-4817-4ae8-a04b-5d8f2a159d8e | ITER: 26 END: OK
2020-04-10 04:02:30.841 102 INFO rally.task.runner [-] Task 9b6e273c-4817-4ae8-a04b-5d8f2a159d8e | ITER: 60 START
2020-04-10 04:02:31.031 64 INFO rally.task.runner [-] Task 9b6e273c-4817-4ae8-a04b-5d8f2a159d8e | ITER: 50 END: OK
2020-04-10 04:02:31.034 64 INFO rally.task.runner [-] Task 9b6e273c-4817-4ae8-a04b-5d8f2a159d8e | ITER: 61 START
2020-04-10 04:02:31.780 70 INFO rally.task.runner [-] Task 9b6e273c-4817-4ae8-a04b-5d8f2a159d8e | ITER: 55 END: OK
2020-04-10 04:02:31.784 70 INFO rally.task.runner [-] Task 9b6e273c-4817-4ae8-a04b-5d8f2a159d8e | ITER: 62 START
2020-04-10 04:02:32.271 102 INFO rally.task.runner [-] Task 9b6e273c-4817-4ae8-a04b-5d8f2a159d8e | ITER: 60 END: OK
2020-04-10 04:02:32.275 102 INFO rally.task.runner [-] Task 9b6e273c-4817-4ae8-a04b-5d8f2a159d8e | ITER: 63 START
2020-04-10 04:02:32.715 98 INFO rally.task.runner [-] Task 9b6e273c-4817-4ae8-a04b-5d8f2a159d8e | ITER: 59 END: OK
2020-04-10 04:02:32.719 98 INFO rally.task.runner [-] Task 9b6e273c-4817-4ae8-a04b-5d8f2a159d8e | ITER: 64 START
2020-04-10 04:02:33.692 91 INFO rally.task.runner [-] Task 9b6e273c-4817-4ae8-a04b-5d8f2a159d8e | ITER: 56 END: OK
2020-04-10 04:02:33.695 91 INFO rally.task.runner [-] Task 9b6e273c-4817-4ae8-a04b-5d8f2a159d8e | ITER: 65 START
2020-04-10 04:02:34.010 96 INFO rally.task.runner [-] Task 9b6e273c-4817-4ae8-a04b-5d8f2a159d8e | ITER: 54 END: OK
2020-04-10 04:02:34.013 96 INFO rally.task.runner [-] Task 9b6e273c-4817-4ae8-a04b-5d8f2a159d8e | ITER: 66 START
2020-04-10 04:02:34.885 105 INFO rally.task.runner [-] Task 9b6e273c-4817-4ae8-a04b-5d8f2a159d8e | ITER: 39 END: OK
2020-04-10 04:02:34.889 105 INFO rally.task.runner [-] Task 9b6e273c-4817-4ae8-a04b-5d8f2a159d8e | ITER: 67 START
2020-04-10 04:02:35.922 98 INFO rally.task.runner [-] Task 9b6e273c-4817-4ae8-a04b-5d8f2a159d8e | ITER: 64 END: OK
2020-04-10 04:02:35.925 98 INFO rally.task.runner [-] Task 9b6e273c-4817-4ae8-a04b-5d8f2a159d8e | ITER: 68 START
2020-04-10 04:02:36.086 96 INFO rally.task.runner [-] Task 9b6e273c-4817-4ae8-a04b-5d8f2a159d8e | ITER: 66 END: OK
2020-04-10 04:02:36.090 96 INFO rally.task.runner [-] Task 9b6e273c-4817-4ae8-a04b-5d8f2a159d8e | ITER: 69 START
2020-04-10 04:02:37.597 105 INFO rally.task.runner [-] Task 9b6e273c-4817-4ae8-a04b-5d8f2a159d8e | ITER: 67 END: OK
2020-04-10 04:02:37.606 105 INFO rally.task.runner [-] Task 9b6e273c-4817-4ae8-a04b-5d8f2a159d8e | ITER: 70 START
2020-04-10 04:02:37.611 76 INFO rally.task.runner [-] Task 9b6e273c-4817-4ae8-a04b-5d8f2a159d8e | ITER: 44 END: OK
2020-04-10 04:02:37.618 76 INFO rally.task.runner [-] Task 9b6e273c-4817-4ae8-a04b-5d8f2a159d8e | ITER: 71 START
2020-04-10 04:02:38.166 73 INFO rally.task.runner [-] Task 9b6e273c-4817-4ae8-a04b-5d8f2a159d8e | ITER: 57 END: OK
2020-04-10 04:02:38.175 73 INFO rally.task.runner [-] Task 9b6e273c-4817-4ae8-a04b-5d8f2a159d8e | ITER: 72 START
2020-04-10 04:02:38.261 70 INFO rally.task.runner [-] Task 9b6e273c-4817-4ae8-a04b-5d8f2a159d8e | ITER: 62 END: OK
2020-04-10 04:02:38.267 70 INFO rally.task.runner [-] Task 9b6e273c-4817-4ae8-a04b-5d8f2a159d8e | ITER: 73 START
2020-04-10 04:02:38.531 96 INFO rally.task.runner [-] Task 9b6e273c-4817-4ae8-a04b-5d8f2a159d8e | ITER: 69 END: OK
2020-04-10 04:02:38.540 96 INFO rally.task.runner [-] Task 9b6e273c-4817-4ae8-a04b-5d8f2a159d8e | ITER: 74 START
2020-04-10 04:02:38.987 90 INFO rally.task.runner [-] Task 9b6e273c-4817-4ae8-a04b-5d8f2a159d8e | ITER: 53 END: OK
2020-04-10 04:02:38.993 90 INFO rally.task.runner [-] Task 9b6e273c-4817-4ae8-a04b-5d8f2a159d8e | ITER: 75 START
2020-04-10 04:02:39.188 98 INFO rally.task.runner [-] Task 9b6e273c-4817-4ae8-a04b-5d8f2a159d8e | ITER: 68 END: OK
2020-04-10 04:02:39.194 98 INFO rally.task.runner [-] Task 9b6e273c-4817-4ae8-a04b-5d8f2a159d8e | ITER: 76 START
2020-04-10 04:02:39.324 105 INFO rally.task.runner [-] Task 9b6e273c-4817-4ae8-a04b-5d8f2a159d8e | ITER: 70 END: OK
2020-04-10 04:02:39.329 105 INFO rally.task.runner [-] Task 9b6e273c-4817-4ae8-a04b-5d8f2a159d8e | ITER: 77 START
2020-04-10 04:02:39.397 64 INFO rally.task.runner [-] Task 9b6e273c-4817-4ae8-a04b-5d8f2a159d8e | ITER: 61 END: OK
2020-04-10 04:02:39.402 64 INFO rally.task.runner [-] Task 9b6e273c-4817-4ae8-a04b-5d8f2a159d8e | ITER: 78 START
2020-04-10 04:02:40.634 70 INFO rally.task.runner [-] Task 9b6e273c-4817-4ae8-a04b-5d8f2a159d8e | ITER: 73 END: OK
2020-04-10 04:02:40.637 70 INFO rally.task.runner [-] Task 9b6e273c-4817-4ae8-a04b-5d8f2a159d8e | ITER: 79 START
2020-04-10 04:02:40.769 64 INFO rally.task.runner [-] Task 9b6e273c-4817-4ae8-a04b-5d8f2a159d8e | ITER: 78 END: OK
2020-04-10 04:02:40.773 64 INFO rally.task.runner [-] Task 9b6e273c-4817-4ae8-a04b-5d8f2a159d8e | ITER: 80 START
2020-04-10 04:02:40.966 118 INFO rally.task.runner [-] Task 9b6e273c-4817-4ae8-a04b-5d8f2a159d8e | ITER: 52 END: OK
2020-04-10 04:02:40.971 118 INFO rally.task.runner [-] Task 9b6e273c-4817-4ae8-a04b-5d8f2a159d8e | ITER: 81 START
2020-04-10 04:02:41.880 73 INFO rally.task.runner [-] Task 9b6e273c-4817-4ae8-a04b-5d8f2a159d8e | ITER: 72 END: OK
2020-04-10 04:02:41.884 73 INFO rally.task.runner [-] Task 9b6e273c-4817-4ae8-a04b-5d8f2a159d8e | ITER: 82 START
2020-04-10 04:02:43.607 64 INFO rally.task.runner [-] Task 9b6e273c-4817-4ae8-a04b-5d8f2a159d8e | ITER: 80 END: OK
2020-04-10 04:02:43.610 64 INFO rally.task.runner [-] Task 9b6e273c-4817-4ae8-a04b-5d8f2a159d8e | ITER: 83 START
2020-04-10 04:02:43.628 118 INFO rally.task.runner [-] Task 9b6e273c-4817-4ae8-a04b-5d8f2a159d8e | ITER: 81 END: OK
2020-04-10 04:02:43.631 118 INFO rally.task.runner [-] Task 9b6e273c-4817-4ae8-a04b-5d8f2a159d8e | ITER: 84 START
2020-04-10 04:02:43.982 98 INFO rally.task.runner [-] Task 9b6e273c-4817-4ae8-a04b-5d8f2a159d8e | ITER: 76 END: OK
2020-04-10 04:02:43.986 98 INFO rally.task.runner [-] Task 9b6e273c-4817-4ae8-a04b-5d8f2a159d8e | ITER: 85 START
2020-04-10 04:02:44.048 85 INFO rally.task.runner [-] Task 9b6e273c-4817-4ae8-a04b-5d8f2a159d8e | ITER: 38 END: OK
2020-04-10 04:02:44.054 85 INFO rally.task.runner [-] Task 9b6e273c-4817-4ae8-a04b-5d8f2a159d8e | ITER: 86 START
2020-04-10 04:02:44.186 70 INFO rally.task.runner [-] Task 9b6e273c-4817-4ae8-a04b-5d8f2a159d8e | ITER: 79 END: OK
2020-04-10 04:02:44.190 70 INFO rally.task.runner [-] Task 9b6e273c-4817-4ae8-a04b-5d8f2a159d8e | ITER: 87 START
2020-04-10 04:02:44.413 105 INFO rally.task.runner [-] Task 9b6e273c-4817-4ae8-a04b-5d8f2a159d8e | ITER: 77 END: OK
2020-04-10 04:02:44.418 105 INFO rally.task.runner [-] Task 9b6e273c-4817-4ae8-a04b-5d8f2a159d8e | ITER: 88 START
2020-04-10 04:02:44.519 79 INFO rally.task.runner [-] Task 9b6e273c-4817-4ae8-a04b-5d8f2a159d8e | ITER: 47 END: OK
2020-04-10 04:02:44.524 79 INFO rally.task.runner [-] Task 9b6e273c-4817-4ae8-a04b-5d8f2a159d8e | ITER: 89 START
2020-04-10 04:02:45.512 98 INFO rally.task.runner [-] Task 9b6e273c-4817-4ae8-a04b-5d8f2a159d8e | ITER: 85 END: OK
2020-04-10 04:02:45.516 98 INFO rally.task.runner [-] Task 9b6e273c-4817-4ae8-a04b-5d8f2a159d8e | ITER: 90 START
2020-04-10 04:02:45.920 105 INFO rally.task.runner [-] Task 9b6e273c-4817-4ae8-a04b-5d8f2a159d8e | ITER: 88 END: OK
2020-04-10 04:02:45.922 105 INFO rally.task.runner [-] Task 9b6e273c-4817-4ae8-a04b-5d8f2a159d8e | ITER: 91 START
2020-04-10 04:02:45.995 118 INFO rally.task.runner [-] Task 9b6e273c-4817-4ae8-a04b-5d8f2a159d8e | ITER: 84 END: OK
2020-04-10 04:02:45.999 118 INFO rally.task.runner [-] Task 9b6e273c-4817-4ae8-a04b-5d8f2a159d8e | ITER: 92 START
2020-04-10 04:02:46.194 63 INFO rally.task.runner [-] Task 9b6e273c-4817-4ae8-a04b-5d8f2a159d8e | ITER: 45 END: OK
2020-04-10 04:02:46.198 63 INFO rally.task.runner [-] Task 9b6e273c-4817-4ae8-a04b-5d8f2a159d8e | ITER: 93 START
2020-04-10 04:02:46.200 70 INFO rally.task.runner [-] Task 9b6e273c-4817-4ae8-a04b-5d8f2a159d8e | ITER: 87 END: OK
2020-04-10 04:02:46.204 70 INFO rally.task.runner [-] Task 9b6e273c-4817-4ae8-a04b-5d8f2a159d8e | ITER: 94 START
2020-04-10 04:02:47.000 76 INFO rally.task.runner [-] Task 9b6e273c-4817-4ae8-a04b-5d8f2a159d8e | ITER: 71 END: OK
2020-04-10 04:02:47.004 76 INFO rally.task.runner [-] Task 9b6e273c-4817-4ae8-a04b-5d8f2a159d8e | ITER: 95 START
2020-04-10 04:02:47.881 79 INFO rally.task.runner [-] Task 9b6e273c-4817-4ae8-a04b-5d8f2a159d8e | ITER: 89 END: OK
2020-04-10 04:02:47.885 79 INFO rally.task.runner [-] Task 9b6e273c-4817-4ae8-a04b-5d8f2a159d8e | ITER: 96 START
2020-04-10 04:02:47.968 105 INFO rally.task.runner [-] Task 9b6e273c-4817-4ae8-a04b-5d8f2a159d8e | ITER: 91 END: OK
2020-04-10 04:02:47.971 105 INFO rally.task.runner [-] Task 9b6e273c-4817-4ae8-a04b-5d8f2a159d8e | ITER: 97 START
2020-04-10 04:02:48.301 73 INFO rally.task.runner [-] Task 9b6e273c-4817-4ae8-a04b-5d8f2a159d8e | ITER: 82 END: OK
2020-04-10 04:02:48.305 73 INFO rally.task.runner [-] Task 9b6e273c-4817-4ae8-a04b-5d8f2a159d8e | ITER: 98 START
2020-04-10 04:02:49.016 115 INFO rally.task.runner [-] Task 9b6e273c-4817-4ae8-a04b-5d8f2a159d8e | ITER: 27 END: OK
2020-04-10 04:02:49.021 115 INFO rally.task.runner [-] Task 9b6e273c-4817-4ae8-a04b-5d8f2a159d8e | ITER: 99 START
2020-04-10 04:02:49.358 63 INFO rally.task.runner [-] Task 9b6e273c-4817-4ae8-a04b-5d8f2a159d8e | ITER: 93 END: OK
2020-04-10 04:02:49.362 63 INFO rally.task.runner [-] Task 9b6e273c-4817-4ae8-a04b-5d8f2a159d8e | ITER: 100 START
2020-04-10 04:02:49.482 79 INFO rally.task.runner [-] Task 9b6e273c-4817-4ae8-a04b-5d8f2a159d8e | ITER: 96 END: OK
2020-04-10 04:02:49.742 90 INFO rally.task.runner [-] Task 9b6e273c-4817-4ae8-a04b-5d8f2a159d8e | ITER: 75 END: OK
2020-04-10 04:02:50.146 98 INFO rally.task.runner [-] Task 9b6e273c-4817-4ae8-a04b-5d8f2a159d8e | ITER: 90 END: OK
2020-04-10 04:02:50.405 64 INFO rally.task.runner [-] Task 9b6e273c-4817-4ae8-a04b-5d8f2a159d8e | ITER: 83 END: OK
2020-04-10 04:02:50.570 105 INFO rally.task.runner [-] Task 9b6e273c-4817-4ae8-a04b-5d8f2a159d8e | ITER: 97 END: OK
2020-04-10 04:02:50.647 70 INFO rally.task.runner [-] Task 9b6e273c-4817-4ae8-a04b-5d8f2a159d8e | ITER: 94 END: OK
2020-04-10 04:02:51.199 85 INFO rally.task.runner [-] Task 9b6e273c-4817-4ae8-a04b-5d8f2a159d8e | ITER: 86 END: OK
2020-04-10 04:02:52.387 63 INFO rally.task.runner [-] Task 9b6e273c-4817-4ae8-a04b-5d8f2a159d8e | ITER: 100 END: OK
2020-04-10 04:02:52.763 118 INFO rally.task.runner [-] Task 9b6e273c-4817-4ae8-a04b-5d8f2a159d8e | ITER: 92 END: OK
2020-04-10 04:02:53.007 66 INFO rally.task.runner [-] Task 9b6e273c-4817-4ae8-a04b-5d8f2a159d8e | ITER: 4 END: OK
2020-04-10 04:02:54.031 102 INFO rally.task.runner [-] Task 9b6e273c-4817-4ae8-a04b-5d8f2a159d8e | ITER: 63 END: OK
2020-04-10 04:02:55.491 115 INFO rally.task.runner [-] Task 9b6e273c-4817-4ae8-a04b-5d8f2a159d8e | ITER: 99 END: OK
2020-04-10 04:02:55.740 91 INFO rally.task.runner [-] Task 9b6e273c-4817-4ae8-a04b-5d8f2a159d8e | ITER: 65 END: OK
2020-04-10 04:02:55.986 76 INFO rally.task.runner [-] Task 9b6e273c-4817-4ae8-a04b-5d8f2a159d8e | ITER: 95 END: OK
2020-04-10 04:02:56.606 96 INFO rally.task.runner [-] Task 9b6e273c-4817-4ae8-a04b-5d8f2a159d8e | ITER: 74 END: OK
2020-04-10 04:02:59.867 65 INFO rally.task.runner [-] Task 9b6e273c-4817-4ae8-a04b-5d8f2a159d8e | ITER: 22 END: OK
2020-04-10 04:03:00.459 67 INFO rally.task.runner [-] Task 9b6e273c-4817-4ae8-a04b-5d8f2a159d8e | ITER: 58 END: OK
2020-04-10 04:03:02.325 108 INFO rally.task.runner [-] Task 9b6e273c-4817-4ae8-a04b-5d8f2a159d8e | ITER: 18 END: OK
2020-04-10 04:03:03.029 73 INFO rally.task.runner [-] Task 9b6e273c-4817-4ae8-a04b-5d8f2a159d8e | ITER: 98 END: OK
2020-04-10 04:03:04.081 83 INFO rally.task.runner [-] Task 9b6e273c-4817-4ae8-a04b-5d8f2a159d8e | ITER: 10 END: OK
2020-04-10 04:03:04.108 15 INFO rally.task.context [-] Task 9b6e273c-4817-4ae8-a04b-5d8f2a159d8e | Context cleanup@openstack cleanup() started
2020-04-10 04:03:04.113 15 RALLYDEBUG rally_openstack.cleanup.manager [-] Cleaning up neutron vip objects
2020-04-10 04:03:04.350 15 RALLYDEBUG rally_openstack.cleanup.manager [-] Cleaning up neutron health_monitor objects
2020-04-10 04:03:04.565 15 RALLYDEBUG rally_openstack.cleanup.manager [-] Cleaning up neutron pool objects
2020-04-10 04:03:04.694 15 RALLYDEBUG rally_openstack.cleanup.manager [-] Cleaning up neutron loadbalancer objects
2020-04-10 04:03:04.815 15 RALLYDEBUG rally_openstack.cleanup.manager [-] Cleaning up neutron floatingip objects
2020-04-10 04:03:05.110 15 RALLYDEBUG rally_openstack.cleanup.manager [-] Cleaning up neutron trunk objects
2020-04-10 04:03:05.243 15 RALLYDEBUG rally_openstack.cleanup.manager [-] Cleaning up neutron port objects
2020-04-10 04:03:06.302 15 RALLYDEBUG rally_openstack.cleanup.manager [-] Cleaning up neutron subnet objects
2020-04-10 04:03:06.485 15 RALLYDEBUG rally_openstack.cleanup.manager [-] Cleaning up neutron network objects
2020-04-10 04:03:07.043 15 RALLYDEBUG rally_openstack.cleanup.manager [-] Deleting neutron.network object s_rally_7f8164a9_uuHlGuN0 (0073f7c4-e8fe-4de9-a4ae-64bcc0b68fa0)
2020-04-10 04:03:07.061 15 RALLYDEBUG rally_openstack.cleanup.manager [-] Deleting neutron.network object s_rally_7f8164a9_bThME5qI (0ef6ee8b-b2b0-4092-87f1-8ce6acd8aa71)
2020-04-10 04:03:07.056 15 RALLYDEBUG rally_openstack.cleanup.manager [-] Deleting neutron.network object s_rally_7f8164a9_PQcW29Bz (0c2b09ca-1294-4069-b27d-1d8a5c525e03)
2020-04-10 04:03:07.078 15 RALLYDEBUG rally_openstack.cleanup.manager [-] Deleting neutron.network object s_rally_7f8164a9_n87VVcW8 (13b095ce-3b46-4ae6-8155-d3ba47547cba)
2020-04-10 04:03:07.073 15 RALLYDEBUG rally_openstack.cleanup.manager [-] Deleting neutron.network object s_rally_7f8164a9_BMxwAgBJ (10a33fdd-8d07-4865-b11b-4207de77a884)
2020-04-10 04:03:07.108 15 RALLYDEBUG rally_openstack.cleanup.manager [-] Deleting neutron.network object s_rally_7f8164a9_oUJxZyzI (15eee3ad-c3a7-4c24-a3df-b38bab729536)
2020-04-10 04:03:07.121 15 RALLYDEBUG rally_openstack.cleanup.manager [-] Deleting neutron.network object s_rally_7f8164a9_E4cUgTzc (169fddde-6ee8-41d1-af05-097910a936f7)
2020-04-10 04:03:07.139 15 RALLYDEBUG rally_openstack.cleanup.manager [-] Deleting neutron.network object s_rally_7f8164a9_tX0jvse0 (18a616f0-c457-486b-860e-da1010d25d33)
2020-04-10 04:03:07.157 15 RALLYDEBUG rally_openstack.cleanup.manager [-] Deleting neutron.network object s_rally_7f8164a9_3CAO6hoK (1928b9db-3bd9-40b8-9529-6478076e2edd)
2020-04-10 04:03:07.163 15 RALLYDEBUG rally_openstack.cleanup.manager [-] Deleting neutron.network object s_rally_7f8164a9_RV9uqKLE (19328b5e-9e2d-4b0d-9060-7ef96379439a)
2020-04-10 04:03:07.177 15 RALLYDEBUG rally_openstack.cleanup.manager [-] Deleting neutron.network object s_rally_7f8164a9_YFnXdUDh (19ff6c70-d9f1-4040-a0fb-b8e945c0a8ce)
2020-04-10 04:03:07.203 15 RALLYDEBUG rally_openstack.cleanup.manager [-] Deleting neutron.network object s_rally_7f8164a9_0hXW9Ykn (1d0b0bd5-4857-4ca6-a59e-a79a3b010e16)
2020-04-10 04:03:07.197 15 RALLYDEBUG rally_openstack.cleanup.manager [-] Deleting neutron.network object s_rally_7f8164a9_yus7YWqS (1a9a67f9-23a0-44c5-9b8b-d1337676d0ee)
2020-04-10 04:03:07.217 15 RALLYDEBUG rally_openstack.cleanup.manager [-] Deleting neutron.network object s_rally_7f8164a9_PqIWjr5k (1d1ff5e2-e46d-4236-b249-3a46e373cf52)
2020-04-10 04:03:07.268 15 RALLYDEBUG rally_openstack.cleanup.manager [-] Deleting neutron.network object s_rally_7f8164a9_3M9rkPOF (1e44b18c-9ada-4346-9448-fca2d23b7cd7)
2020-04-10 04:03:07.279 15 RALLYDEBUG rally_openstack.cleanup.manager [-] Deleting neutron.network object s_rally_7f8164a9_J88IzA5b (1fb06d68-eb7d-4995-b377-ad6b3984f3fb)
2020-04-10 04:03:07.273 15 RALLYDEBUG rally_openstack.cleanup.manager [-] Deleting neutron.network object s_rally_7f8164a9_A8kkfKr8 (1f5e35d5-2063-40a8-9e5a-5e866972f0ca)
2020-04-10 04:03:07.296 15 RALLYDEBUG rally_openstack.cleanup.manager [-] Deleting neutron.network object s_rally_7f8164a9_vNgDUH9r (206895f5-f212-4128-a130-0476ecc33c0b)
2020-04-10 04:03:07.319 15 RALLYDEBUG rally_openstack.cleanup.manager [-] Deleting neutron.network object s_rally_7f8164a9_0FnVbvX5 (2181ef84-d016-41cb-9aa1-3e64cb183952)
2020-04-10 04:03:07.337 15 RALLYDEBUG rally_openstack.cleanup.manager [-] Deleting neutron.network object s_rally_7f8164a9_86nnw4Cb (23d61e70-abb1-4094-b7c8-d85021f93e1c)
2020-04-10 04:03:09.744 15 RALLYDEBUG rally_openstack.cleanup.manager [-] Deleting neutron.network object s_rally_7f8164a9_tezg3tfk (2ba29dbe-c6c8-4a7a-8e25-2e1012d369f2)
2020-04-10 04:03:09.764 15 RALLYDEBUG rally_openstack.cleanup.manager [-] Deleting neutron.network object s_rally_7f8164a9_LEXeiKj3 (31f03d05-6470-4c65-81be-20f5d693339c)
2020-04-10 04:03:09.821 15 RALLYDEBUG rally_openstack.cleanup.manager [-] Deleting neutron.network object s_rally_7f8164a9_q9PaD9fe (3297d3a5-4b82-4e06-a5a3-e899e31627f2)
2020-04-10 04:03:09.888 15 RALLYDEBUG rally_openstack.cleanup.manager [-] Deleting neutron.network object s_rally_7f8164a9_zYShjaGS (35418c8e-d69d-4d49-9e60-b1426ec8b968)
2020-04-10 04:03:10.528 15 RALLYDEBUG rally_openstack.cleanup.manager [-] Deleting neutron.network object s_rally_7f8164a9_yTWWg5jW (35f4328d-4fd0-4c4a-ad9e-8aa44de50b6c)
2020-04-10 04:03:11.096 15 RALLYDEBUG rally_openstack.cleanup.manager [-] Deleting neutron.network object s_rally_7f8164a9_GYl7HXyf (371a3cbe-9665-46ac-a3e9-099f2c70398c)
2020-04-10 04:03:11.135 15 RALLYDEBUG rally_openstack.cleanup.manager [-] Deleting neutron.network object s_rally_7f8164a9_UjgRA9IU (3ce0cc42-6e2b-4234-9c1a-bca70eecc7e9)
2020-04-10 04:03:11.279 15 RALLYDEBUG rally_openstack.cleanup.manager [-] Deleting neutron.network object s_rally_7f8164a9_J53V7oiz (3f99ba64-c03a-44eb-8898-3de686e75dc2)
2020-04-10 04:03:11.303 15 RALLYDEBUG rally_openstack.cleanup.manager [-] Deleting neutron.network object s_rally_7f8164a9_hiHyJ1tf (3fee8061-a113-469f-9975-4ba9f6b610c3)
2020-04-10 04:03:11.315 15 RALLYDEBUG rally_openstack.cleanup.manager [-] Deleting neutron.network object s_rally_7f8164a9_NZZFUBZD (40a567ca-1f63-4573-b665-b98668e1ca96)
2020-04-10 04:03:11.329 15 RALLYDEBUG rally_openstack.cleanup.manager [-] Deleting neutron.network object s_rally_7f8164a9_VPjoc1k4 (477a9a58-47c3-4a58-b5b6-9be113f5417e)
2020-04-10 04:03:11.392 15 RALLYDEBUG rally_openstack.cleanup.manager [-] Deleting neutron.network object s_rally_7f8164a9_6L16dftx (487fd210-ac6d-48ce-94ff-6bfba63d3bbb)
2020-04-10 04:03:11.421 15 RALLYDEBUG rally_openstack.cleanup.manager [-] Deleting neutron.network object s_rally_7f8164a9_7y5aTVbM (48dfc161-0078-4e54-8f15-3213ae54c649)
2020-04-10 04:03:12.085 15 RALLYDEBUG rally_openstack.cleanup.manager [-] Deleting neutron.network object s_rally_7f8164a9_jKHmG6uV (4fac397e-ca12-43e8-b1ec-f111e7d95480)
2020-04-10 04:03:12.746 15 RALLYDEBUG rally_openstack.cleanup.manager [-] Deleting neutron.network object s_rally_7f8164a9_ShdJcyKh (4ff63e2d-219e-43bd-9720-8a8fc07e7fa2)
2020-04-10 04:03:12.963 15 RALLYDEBUG rally_openstack.cleanup.manager [-] Deleting neutron.network object s_rally_7f8164a9_VYoaE2rs (53f55c8e-de22-4898-9951-19a5c56480a3)
2020-04-10 04:03:12.979 15 RALLYDEBUG rally_openstack.cleanup.manager [-] Deleting neutron.network object s_rally_7f8164a9_uK9c4oL3 (552ec383-fd7c-4454-ad41-d1b554982813)
2020-04-10 04:03:12.993 15 RALLYDEBUG rally_openstack.cleanup.manager [-] Deleting neutron.network object s_rally_7f8164a9_zeUVqiRz (57742e33-b4d0-4af6-88c1-2d79cde94656)
2020-04-10 04:03:13.002 15 RALLYDEBUG rally_openstack.cleanup.manager [-] Deleting neutron.network object s_rally_7f8164a9_6xdQVSo8 (5abb9843-5dec-4940-b12b-c099d72470f5)
2020-04-10 04:03:13.018 15 RALLYDEBUG rally_openstack.cleanup.manager [-] Deleting neutron.network object s_rally_7f8164a9_SUhXRabv (5deeb78c-031b-47aa-91a7-ac5a5eed04ac)
2020-04-10 04:03:13.179 15 RALLYDEBUG rally_openstack.cleanup.manager [-] Deleting neutron.network object s_rally_7f8164a9_pa5kG3dZ (6033464a-3f23-4d80-a1b0-f3c459b8e8f1)
2020-04-10 04:03:13.180 15 RALLYDEBUG rally_openstack.cleanup.manager [-] Deleting neutron.network object s_rally_7f8164a9_SRknB77t (5f171dd0-3e94-4a00-b0b6-dae6f487737f)
2020-04-10 04:03:13.184 15 RALLYDEBUG rally_openstack.cleanup.manager [-] Deleting neutron.network object s_rally_7f8164a9_D1CXJJNQ (60dbdb2a-d4a8-46c3-96ee-b08dcf918aa6)
2020-04-10 04:03:13.779 15 RALLYDEBUG rally_openstack.cleanup.manager [-] Deleting neutron.network object s_rally_7f8164a9_8uSG0HSN (64915097-dd25-4e93-a109-e8f3145dc97a)
2020-04-10 04:03:13.784 15 RALLYDEBUG rally_openstack.cleanup.manager [-] Deleting neutron.network object s_rally_7f8164a9_YuYbnfbr (674d3732-5a48-4c07-9d29-8f2d20e3ece8)
2020-04-10 04:03:13.822 15 RALLYDEBUG rally_openstack.cleanup.manager [-] Deleting neutron.network object s_rally_7f8164a9_1pdhxNKJ (683e230a-7f36-4f80-8737-b2227f518e38)
2020-04-10 04:03:14.375 15 RALLYDEBUG rally_openstack.cleanup.manager [-] Deleting neutron.network object s_rally_7f8164a9_UkoT1Zd7 (6989abf5-ac53-4ba0-ae19-50a39248ee16)
2020-04-10 04:03:14.518 15 RALLYDEBUG rally_openstack.cleanup.manager [-] Deleting neutron.network object s_rally_7f8164a9_bi9MTsr1 (6c339130-fbbe-4c25-8bc1-b0b197c4ec8a)
2020-04-10 04:03:14.797 15 RALLYDEBUG rally_openstack.cleanup.manager [-] Deleting neutron.network object s_rally_7f8164a9_WxOi89xR (6e33a1fb-f292-4fb9-9904-020bacf6aecb)
2020-04-10 04:03:15.018 15 RALLYDEBUG rally_openstack.cleanup.manager [-] Deleting neutron.network object s_rally_7f8164a9_RxbuZ6aT (6ebbcd76-1f95-499a-99b1-0e20d8e4163d)
2020-04-10 04:03:15.031 15 RALLYDEBUG rally_openstack.cleanup.manager [-] Deleting neutron.network object s_rally_7f8164a9_3cbD17N0 (6f4d9dcb-fc45-4f66-898d-35538046b195)
2020-04-10 04:03:15.535 15 RALLYDEBUG rally_openstack.cleanup.manager [-] Deleting neutron.network object s_rally_7f8164a9_6qh0kM1L (736b6fb8-de9b-4afc-ad20-ad37683ec040)
2020-04-10 04:03:15.540 15 RALLYDEBUG rally_openstack.cleanup.manager [-] Deleting neutron.network object s_rally_7f8164a9_hM4NuP56 (7685e9c4-f8c3-43b3-848c-3425ddace970)
2020-04-10 04:03:15.824 15 RALLYDEBUG rally_openstack.cleanup.manager [-] Deleting neutron.network object s_rally_7f8164a9_VAAFtES8 (771f22fe-a85c-415a-80b4-92cf5c108a55)
2020-04-10 04:03:15.835 15 RALLYDEBUG rally_openstack.cleanup.manager [-] Deleting neutron.network object s_rally_7f8164a9_TfRRnodC (80c2e9e0-ff61-4b59-af45-28a853e463a4)
2020-04-10 04:03:16.322 15 RALLYDEBUG rally_openstack.cleanup.manager [-] Deleting neutron.network object s_rally_7f8164a9_wunJ7NXJ (83231923-66a3-4b2d-a947-85b2b607809b)
2020-04-10 04:03:16.368 15 RALLYDEBUG rally_openstack.cleanup.manager [-] Deleting neutron.network object s_rally_7f8164a9_naBXCElS (884ad2a6-727e-4723-a790-397f591a33cf)
2020-04-10 04:03:16.636 15 RALLYDEBUG rally_openstack.cleanup.manager [-] Deleting neutron.network object s_rally_7f8164a9_cHwxnnne (8b1b4d2c-ef12-4135-a1aa-31dbd8ad0dd1)
2020-04-10 04:03:16.790 15 RALLYDEBUG rally_openstack.cleanup.manager [-] Deleting neutron.network object s_rally_7f8164a9_OmOOt8Zv (8c0c7aab-6f4b-45bd-a42a-18508ca33a65)
2020-04-10 04:03:16.796 15 RALLYDEBUG rally_openstack.cleanup.manager [-] Deleting neutron.network object s_rally_7f8164a9_rkvoUhZp (919af329-ca05-4eed-84cf-716430b574b5)
2020-04-10 04:03:17.097 15 RALLYDEBUG rally_openstack.cleanup.manager [-] Deleting neutron.network object s_rally_7f8164a9_JD6O9hSQ (933e8e06-b313-4ce9-b2f6-8b83c066d5ef)
2020-04-10 04:03:17.141 15 RALLYDEBUG rally_openstack.cleanup.manager [-] Deleting neutron.network object s_rally_7f8164a9_Z4ffZOii (94977658-0f11-4903-a6af-da3eb78bc05c)
2020-04-10 04:03:17.152 15 RALLYDEBUG rally_openstack.cleanup.manager [-] Deleting neutron.network object s_rally_7f8164a9_f2IlsJaP (96e6d8e8-7b18-4589-93ca-7fd1586a2db1)
2020-04-10 04:03:17.847 15 RALLYDEBUG rally_openstack.cleanup.manager [-] Deleting neutron.network object s_rally_7f8164a9_by319wuT (977d498e-16ff-47b7-9460-0c8a42b054b5)
2020-04-10 04:03:18.269 15 RALLYDEBUG rally_openstack.cleanup.manager [-] Deleting neutron.network object s_rally_7f8164a9_6itMLVSN (98b49134-f0c2-407f-b325-a65523ce2346)
2020-04-10 04:03:18.318 15 RALLYDEBUG rally_openstack.cleanup.manager [-] Deleting neutron.network object s_rally_7f8164a9_HC5yh7Wb (98d5c267-e2cf-414e-b24c-641988332185)
2020-04-10 04:03:18.560 15 RALLYDEBUG rally_openstack.cleanup.manager [-] Deleting neutron.network object s_rally_7f8164a9_l2DFNvkk (9b9d99ee-1c59-4822-b879-d4a73fd49cfe)
2020-04-10 04:03:18.577 15 RALLYDEBUG rally_openstack.cleanup.manager [-] Deleting neutron.network object s_rally_7f8164a9_Zye5Gude (9ee6cbc6-d78b-4cb7-a02d-fe78d039b280)
2020-04-10 04:03:18.582 15 RALLYDEBUG rally_openstack.cleanup.manager [-] Deleting neutron.network object s_rally_7f8164a9_L199awKM (a05cdc00-8927-4542-abc7-791130186262)
2020-04-10 04:03:18.582 15 RALLYDEBUG rally_openstack.cleanup.manager [-] Deleting neutron.network object s_rally_7f8164a9_k5Xihzzw (9c99101b-1572-43e6-9d1e-35de95f9fbd2)
2020-04-10 04:03:19.317 15 RALLYDEBUG rally_openstack.cleanup.manager [-] Deleting neutron.network object s_rally_7f8164a9_4LoG55CJ (a4a26642-de87-4f65-ba16-55df5a3abac3)
2020-04-10 04:03:19.327 15 RALLYDEBUG rally_openstack.cleanup.manager [-] Deleting neutron.network object s_rally_7f8164a9_xugEpsb6 (a5cfa191-6af6-44c7-a3c5-609514cf3f4b)
2020-04-10 04:03:19.469 15 RALLYDEBUG rally_openstack.cleanup.manager [-] Deleting neutron.network object s_rally_7f8164a9_v66lQFHG (a7e983da-30ca-404c-9b23-1f4dc65d6fd5)
2020-04-10 04:03:19.470 15 RALLYDEBUG rally_openstack.cleanup.manager [-] Deleting neutron.network object s_rally_7f8164a9_aGMSQqbF (a6ae9f80-6cd4-4759-b409-b8d1db4f40b6)
2020-04-10 04:03:19.783 15 RALLYDEBUG rally_openstack.cleanup.manager [-] Deleting neutron.network object s_rally_7f8164a9_2WRUDBfe (acbb1fbf-5ff6-4dfb-8f06-e0f40c26543c)
2020-04-10 04:03:20.054 15 RALLYDEBUG rally_openstack.cleanup.manager [-] Deleting neutron.network object s_rally_7f8164a9_khScHeSH (af54aff4-afb5-44ee-9f77-d483ac3101e5)
2020-04-10 04:03:20.082 15 RALLYDEBUG rally_openstack.cleanup.manager [-] Deleting neutron.network object s_rally_7f8164a9_nDFuNkVO (b0c41a2a-23f5-4f8b-a054-ee4a78950f4e)
2020-04-10 04:03:20.311 15 RALLYDEBUG rally_openstack.cleanup.manager [-] Deleting neutron.network object s_rally_7f8164a9_NmolN9vi (b42a9ed0-4c0f-4f85-bff0-953b63ca65e7)
2020-04-10 04:03:20.320 15 RALLYDEBUG rally_openstack.cleanup.manager [-] Deleting neutron.network object s_rally_7f8164a9_TyCWOF9D (b0feb259-456b-47a4-9f45-9e2ebd2b9b8a)
2020-04-10 04:03:20.496 15 RALLYDEBUG rally_openstack.cleanup.manager [-] Deleting neutron.network object s_rally_7f8164a9_FeN8AC8d (b8a07922-3baf-47d8-9f8f-e47eff8879cc)
2020-04-10 04:03:20.509 15 RALLYDEBUG rally_openstack.cleanup.manager [-] Deleting neutron.network object s_rally_7f8164a9_79TaB4hR (bb46d29e-45d2-4dda-88de-12f42f4b6d1c)
2020-04-10 04:03:20.632 15 RALLYDEBUG rally_openstack.cleanup.manager [-] Deleting neutron.network object s_rally_7f8164a9_B1HKAtlz (bc9b6517-60f0-4559-b568-80ecb2345f75)
