2020-04-10 04:08:12.051 15 INFO rally.task.engine [-] Running workload: position = 2 config = { "version": 2, "title": "A cropped version of a bigger task.", "description": "Auto-generated task from a single workload (uuid=60e8dc82-0cf8-450e-9e2f-04d757e9ee46)", "subtasks": [ { "title": "NeutronNetworks.create_and_delete_subnets", "description": "Create and delete a given number of subnets.", "scenario": { "NeutronNetworks.create_and_delete_subnets": { "network_create_args": {}, "subnet_create_args": {}, "subnet_cidr_start": "1.1.0.0/30", "subnets_per_network": 2 } }, "contexts": { "users": { "tenants": 1, "users_per_tenant": 1 }, "quotas": { "neutron": { "network": -1, "subnet": -1 } } }, "runner": { "constant": { "times": 40, "concurrency": 20 } }, "hooks": [], "sla": { "failure_rate": { "max": 0 } } } ] }
2020-04-10 04:08:12.065 15 RALLYDEBUG rally_openstack.contexts.keystone.users [-] Creating 1 tenants using 1 threads
2020-04-10 04:08:12.526 15 RALLYDEBUG rally_openstack.contexts.keystone.users [-] Creating 1 users using 1 threads
2020-04-10 04:08:13.155 15 INFO rally.task.context [-] Task 9b6e273c-4817-4ae8-a04b-5d8f2a159d8e | Context users@openstack setup() finished in 1.09 sec
2020-04-10 04:08:13.387 15 INFO rally.task.context [-] Task 9b6e273c-4817-4ae8-a04b-5d8f2a159d8e | Context quotas@openstack setup() finished in 0.23 sec
2020-04-10 04:08:13.388 15 INFO rally.task.context [-] Task 9b6e273c-4817-4ae8-a04b-5d8f2a159d8e | Context cleanup@openstack setup() finished in 0.01 msec
2020-04-10 04:08:13.398 15 RALLYDEBUG rally.task.runner [-] Starting the constant runner (task UUID: 9b6e273c-4817-4ae8-a04b-5d8f2a159d8e). times: 40 concurrency: 20 timeout: 0 max_cpu_used: 88 processes_to_start: 20 concurrency_per_worker: 1 concurrency_overhead: 0
2020-04-10 04:08:13.410 2007 RALLYDEBUG rally.task.runner [-] Starting a worker. times: 40 duration: None concurrency: 1 timeout: 0 cls: method_name: run args: {"network_create_args": {}, "subnet_create_args": {}, "subnet_cidr_start": "1.1.0.0/30", "subnets_per_network": 2}
2020-04-10 04:08:13.412 2008 RALLYDEBUG rally.task.runner [-] Starting a worker. times: 40 duration: None concurrency: 1 timeout: 0 cls: method_name: run args: {"network_create_args": {}, "subnet_create_args": {}, "subnet_cidr_start": "1.1.0.0/30", "subnets_per_network": 2}
2020-04-10 04:08:13.415 2009 RALLYDEBUG rally.task.runner [-] Starting a worker. times: 40 duration: None concurrency: 1 timeout: 0 cls: method_name: run args: {"network_create_args": {}, "subnet_create_args": {}, "subnet_cidr_start": "1.1.0.0/30", "subnets_per_network": 2}
2020-04-10 04:08:13.415 2007 INFO rally.task.runner [-] Task 9b6e273c-4817-4ae8-a04b-5d8f2a159d8e | ITER: 1 START
2020-04-10 04:08:13.417 2007 WARNING rally_openstack.scenarios.neutron.utils [-] Running this scenario without either the 'network' or 'existing_network' context is deprecated
2020-04-10 04:08:13.417 2008 INFO rally.task.runner [-] Task 9b6e273c-4817-4ae8-a04b-5d8f2a159d8e | ITER: 2 START
2020-04-10 04:08:13.417 2010 RALLYDEBUG rally.task.runner [-] Starting a worker. times: 40 duration: None concurrency: 1 timeout: 0 cls: method_name: run args: {"network_create_args": {}, "subnet_create_args": {}, "subnet_cidr_start": "1.1.0.0/30", "subnets_per_network": 2}
2020-04-10 04:08:13.419 2008 WARNING rally_openstack.scenarios.neutron.utils [-] Running this scenario without either the 'network' or 'existing_network' context is deprecated
2020-04-10 04:08:13.420 2009 INFO rally.task.runner [-] Task 9b6e273c-4817-4ae8-a04b-5d8f2a159d8e | ITER: 3 START
2020-04-10 04:08:13.420 2013 RALLYDEBUG rally.task.runner [-] Starting a worker. times: 40 duration: None concurrency: 1 timeout: 0 cls: method_name: run args: {"network_create_args": {}, "subnet_create_args": {}, "subnet_cidr_start": "1.1.0.0/30", "subnets_per_network": 2}
2020-04-10 04:08:13.421 2009 WARNING rally_openstack.scenarios.neutron.utils [-] Running this scenario without either the 'network' or 'existing_network' context is deprecated
2020-04-10 04:08:13.422 2010 INFO rally.task.runner [-] Task 9b6e273c-4817-4ae8-a04b-5d8f2a159d8e | ITER: 4 START
2020-04-10 04:08:13.422 2016 RALLYDEBUG rally.task.runner [-] Starting a worker. times: 40 duration: None concurrency: 1 timeout: 0 cls: method_name: run args: {"network_create_args": {}, "subnet_create_args": {}, "subnet_cidr_start": "1.1.0.0/30", "subnets_per_network": 2}
2020-04-10 04:08:13.423 2010 WARNING rally_openstack.scenarios.neutron.utils [-] Running this scenario without either the 'network' or 'existing_network' context is deprecated
2020-04-10 04:08:13.425 2013 INFO rally.task.runner [-] Task 9b6e273c-4817-4ae8-a04b-5d8f2a159d8e | ITER: 5 START
2020-04-10 04:08:13.426 2013 WARNING rally_openstack.scenarios.neutron.utils [-] Running this scenario without either the 'network' or 'existing_network' context is deprecated
2020-04-10 04:08:13.425 2019 RALLYDEBUG rally.task.runner [-] Starting a worker. times: 40 duration: None concurrency: 1 timeout: 0 cls: method_name: run args: {"network_create_args": {}, "subnet_create_args": {}, "subnet_cidr_start": "1.1.0.0/30", "subnets_per_network": 2}
2020-04-10 04:08:13.427 2016 INFO rally.task.runner [-] Task 9b6e273c-4817-4ae8-a04b-5d8f2a159d8e | ITER: 6 START
2020-04-10 04:08:13.428 2016 WARNING rally_openstack.scenarios.neutron.utils [-] Running this scenario without either the 'network' or 'existing_network' context is deprecated
2020-04-10 04:08:13.428 2022 RALLYDEBUG rally.task.runner [-] Starting a worker. times: 40 duration: None concurrency: 1 timeout: 0 cls: method_name: run args: {"network_create_args": {}, "subnet_create_args": {}, "subnet_cidr_start": "1.1.0.0/30", "subnets_per_network": 2}
2020-04-10 04:08:13.430 2019 INFO rally.task.runner [-] Task 9b6e273c-4817-4ae8-a04b-5d8f2a159d8e | ITER: 7 START
2020-04-10 04:08:13.431 2027 RALLYDEBUG rally.task.runner [-] Starting a worker. times: 40 duration: None concurrency: 1 timeout: 0 cls: method_name: run args: {"network_create_args": {}, "subnet_create_args": {}, "subnet_cidr_start": "1.1.0.0/30", "subnets_per_network": 2}
2020-04-10 04:08:13.432 2022 INFO rally.task.runner [-] Task 9b6e273c-4817-4ae8-a04b-5d8f2a159d8e | ITER: 8 START
2020-04-10 04:08:13.432 2019 WARNING rally_openstack.scenarios.neutron.utils [-] Running this scenario without either the 'network' or 'existing_network' context is deprecated
2020-04-10 04:08:13.433 2022 WARNING rally_openstack.scenarios.neutron.utils [-] Running this scenario without either the 'network' or 'existing_network' context is deprecated
2020-04-10 04:08:13.433 2028 RALLYDEBUG rally.task.runner [-] Starting a worker. times: 40 duration: None concurrency: 1 timeout: 0 cls: method_name: run args: {"network_create_args": {}, "subnet_create_args": {}, "subnet_cidr_start": "1.1.0.0/30", "subnets_per_network": 2}
2020-04-10 04:08:13.436 2027 INFO rally.task.runner [-] Task 9b6e273c-4817-4ae8-a04b-5d8f2a159d8e | ITER: 9 START
2020-04-10 04:08:13.438 2027 WARNING rally_openstack.scenarios.neutron.utils [-] Running this scenario without either the 'network' or 'existing_network' context is deprecated
2020-04-10 04:08:13.437 2033 RALLYDEBUG rally.task.runner [-] Starting a worker. times: 40 duration: None concurrency: 1 timeout: 0 cls: method_name: run args: {"network_create_args": {}, "subnet_create_args": {}, "subnet_cidr_start": "1.1.0.0/30", "subnets_per_network": 2}
2020-04-10 04:08:13.438 2028 INFO rally.task.runner [-] Task 9b6e273c-4817-4ae8-a04b-5d8f2a159d8e | ITER: 10 START
2020-04-10 04:08:13.439 2028 WARNING rally_openstack.scenarios.neutron.utils [-] Running this scenario without either the 'network' or 'existing_network' context is deprecated
2020-04-10 04:08:13.439 2035 RALLYDEBUG rally.task.runner [-] Starting a worker. times: 40 duration: None concurrency: 1 timeout: 0 cls: method_name: run args: {"network_create_args": {}, "subnet_create_args": {}, "subnet_cidr_start": "1.1.0.0/30", "subnets_per_network": 2}
2020-04-10 04:08:13.441 2038 RALLYDEBUG rally.task.runner [-] Starting a worker. times: 40 duration: None concurrency: 1 timeout: 0 cls: method_name: run args: {"network_create_args": {}, "subnet_create_args": {}, "subnet_cidr_start": "1.1.0.0/30", "subnets_per_network": 2}
2020-04-10 04:08:13.442 2033 INFO rally.task.runner [-] Task 9b6e273c-4817-4ae8-a04b-5d8f2a159d8e | ITER: 11 START
2020-04-10 04:08:13.443 2033 WARNING rally_openstack.scenarios.neutron.utils [-] Running this scenario without either the 'network' or 'existing_network' context is deprecated
2020-04-10 04:08:13.445 2040 RALLYDEBUG rally.task.runner [-] Starting a worker. times: 40 duration: None concurrency: 1 timeout: 0 cls: method_name: run args: {"network_create_args": {}, "subnet_create_args": {}, "subnet_cidr_start": "1.1.0.0/30", "subnets_per_network": 2}
2020-04-10 04:08:13.446 2035 INFO rally.task.runner [-] Task 9b6e273c-4817-4ae8-a04b-5d8f2a159d8e | ITER: 12 START
2020-04-10 04:08:13.446 2038 INFO rally.task.runner [-] Task 9b6e273c-4817-4ae8-a04b-5d8f2a159d8e | ITER: 13 START
2020-04-10 04:08:13.447 2035 WARNING rally_openstack.scenarios.neutron.utils [-] Running this scenario without either the 'network' or 'existing_network' context is deprecated
2020-04-10 04:08:13.447 2043 RALLYDEBUG rally.task.runner [-] Starting a worker. times: 40 duration: None concurrency: 1 timeout: 0 cls: method_name: run args: {"network_create_args": {}, "subnet_create_args": {}, "subnet_cidr_start": "1.1.0.0/30", "subnets_per_network": 2}
2020-04-10 04:08:13.448 2038 WARNING rally_openstack.scenarios.neutron.utils [-] Running this scenario without either the 'network' or 'existing_network' context is deprecated
2020-04-10 04:08:13.450 2040 INFO rally.task.runner [-] Task 9b6e273c-4817-4ae8-a04b-5d8f2a159d8e | ITER: 14 START
2020-04-10 04:08:13.451 2043 INFO rally.task.runner [-] Task 9b6e273c-4817-4ae8-a04b-5d8f2a159d8e | ITER: 15 START
2020-04-10 04:08:13.451 2040 WARNING rally_openstack.scenarios.neutron.utils [-] Running this scenario without either the 'network' or 'existing_network' context is deprecated
2020-04-10 04:08:13.452 2043 WARNING rally_openstack.scenarios.neutron.utils [-] Running this scenario without either the 'network' or 'existing_network' context is deprecated
2020-04-10 04:08:13.451 2048 RALLYDEBUG rally.task.runner [-] Starting a worker. times: 40 duration: None concurrency: 1 timeout: 0 cls: method_name: run args: {"network_create_args": {}, "subnet_create_args": {}, "subnet_cidr_start": "1.1.0.0/30", "subnets_per_network": 2}
2020-04-10 04:08:13.454 2051 RALLYDEBUG rally.task.runner [-] Starting a worker. times: 40 duration: None concurrency: 1 timeout: 0 cls: method_name: run args: {"network_create_args": {}, "subnet_create_args": {}, "subnet_cidr_start": "1.1.0.0/30", "subnets_per_network": 2}
2020-04-10 04:08:13.456 2048 INFO rally.task.runner [-] Task 9b6e273c-4817-4ae8-a04b-5d8f2a159d8e | ITER: 16 START
2020-04-10 04:08:13.457 2054 RALLYDEBUG rally.task.runner [-] Starting a worker. times: 40 duration: None concurrency: 1 timeout: 0 cls: method_name: run args: {"network_create_args": {}, "subnet_create_args": {}, "subnet_cidr_start": "1.1.0.0/30", "subnets_per_network": 2}
2020-04-10 04:08:13.458 2051 INFO rally.task.runner [-] Task 9b6e273c-4817-4ae8-a04b-5d8f2a159d8e | ITER: 17 START
2020-04-10 04:08:13.458 2048 WARNING rally_openstack.scenarios.neutron.utils [-] Running this scenario without either the 'network' or 'existing_network' context is deprecated
2020-04-10 04:08:13.459 2051 WARNING rally_openstack.scenarios.neutron.utils [-] Running this scenario without either the 'network' or 'existing_network' context is deprecated
2020-04-10 04:08:13.460 2056 RALLYDEBUG rally.task.runner [-] Starting a worker. times: 40 duration: None concurrency: 1 timeout: 0 cls: method_name: run args: {"network_create_args": {}, "subnet_create_args": {}, "subnet_cidr_start": "1.1.0.0/30", "subnets_per_network": 2}
2020-04-10 04:08:13.461 2054 INFO rally.task.runner [-] Task 9b6e273c-4817-4ae8-a04b-5d8f2a159d8e | ITER: 18 START
2020-04-10 04:08:13.462 2060 RALLYDEBUG rally.task.runner [-] Starting a worker. times: 40 duration: None concurrency: 1 timeout: 0 cls: method_name: run args: {"network_create_args": {}, "subnet_create_args": {}, "subnet_cidr_start": "1.1.0.0/30", "subnets_per_network": 2}
2020-04-10 04:08:13.462 2054 WARNING rally_openstack.scenarios.neutron.utils [-] Running this scenario without either the 'network' or 'existing_network' context is deprecated
2020-04-10 04:08:13.465 2056 INFO rally.task.runner [-] Task 9b6e273c-4817-4ae8-a04b-5d8f2a159d8e | ITER: 19 START
2020-04-10 04:08:13.465 2060 INFO rally.task.runner [-] Task 9b6e273c-4817-4ae8-a04b-5d8f2a159d8e | ITER: 20 START
2020-04-10 04:08:13.466 2056 WARNING rally_openstack.scenarios.neutron.utils [-] Running this scenario without either the 'network' or 'existing_network' context is deprecated
2020-04-10 04:08:13.466 2060 WARNING rally_openstack.scenarios.neutron.utils [-] Running this scenario without either the 'network' or 'existing_network' context is deprecated
2020-04-10 04:08:15.243 2008 RALLYDEBUG rally_openstack.wrappers.network [-] CIDR generated: 1.1.4.96/30
2020-04-10 04:08:15.581 2010 RALLYDEBUG rally_openstack.wrappers.network [-] CIDR generated: 1.1.4.100/30
2020-04-10 04:08:16.024 2033 RALLYDEBUG rally_openstack.wrappers.network [-] CIDR generated: 1.1.4.104/30
2020-04-10 04:08:16.640 2008 RALLYDEBUG rally_openstack.wrappers.network [-] CIDR generated: 1.1.4.108/30
2020-04-10 04:08:16.810 2038 RALLYDEBUG rally_openstack.wrappers.network [-] CIDR generated: 1.1.4.112/30
2020-04-10 04:08:17.062 2019 RALLYDEBUG rally_openstack.wrappers.network [-] CIDR generated: 1.1.4.116/30
2020-04-10 04:08:17.230 2010 RALLYDEBUG rally_openstack.wrappers.network [-] CIDR generated: 1.1.4.120/30
2020-04-10 04:08:17.784 2060 RALLYDEBUG rally_openstack.wrappers.network [-] CIDR generated: 1.1.4.124/30
2020-04-10 04:08:18.117 2038 RALLYDEBUG rally_openstack.wrappers.network [-] CIDR generated: 1.1.4.128/30
2020-04-10 04:08:18.177 2027 RALLYDEBUG rally_openstack.wrappers.network [-] CIDR generated: 1.1.4.132/30
2020-04-10 04:08:18.990 2009 RALLYDEBUG rally_openstack.wrappers.network [-] CIDR generated: 1.1.4.136/30
2020-04-10 04:08:19.257 2054 RALLYDEBUG rally_openstack.wrappers.network [-] CIDR generated: 1.1.4.140/30
2020-04-10 04:08:19.362 2019 RALLYDEBUG rally_openstack.wrappers.network [-] CIDR generated: 1.1.4.144/30
2020-04-10 04:08:19.616 2028 RALLYDEBUG rally_openstack.wrappers.network [-] CIDR generated: 1.1.4.148/30
2020-04-10 04:08:20.234 2009 RALLYDEBUG rally_openstack.wrappers.network [-] CIDR generated: 1.1.4.152/30
2020-04-10 04:08:20.281 2043 RALLYDEBUG rally_openstack.wrappers.network [-] CIDR generated: 1.1.4.156/30
2020-04-10 04:08:20.432 2033 RALLYDEBUG rally_openstack.wrappers.network [-] CIDR generated: 1.1.4.160/30
2020-04-10 04:08:20.874 2008 INFO rally.task.runner [-] Task 9b6e273c-4817-4ae8-a04b-5d8f2a159d8e | ITER: 2 END: OK
2020-04-10 04:08:20.878 2008 INFO rally.task.runner [-] Task 9b6e273c-4817-4ae8-a04b-5d8f2a159d8e | ITER: 21 START
2020-04-10 04:08:20.879 2008 WARNING rally_openstack.scenarios.neutron.utils [-] Running this scenario without either the 'network' or 'existing_network' context is deprecated
2020-04-10 04:08:21.041 2054 RALLYDEBUG rally_openstack.wrappers.network [-] CIDR generated: 1.1.4.164/30
2020-04-10 04:08:21.112 2013 RALLYDEBUG rally_openstack.wrappers.network [-] CIDR generated: 1.1.4.168/30
2020-04-10 04:08:21.586 2010 INFO rally.task.runner [-] Task 9b6e273c-4817-4ae8-a04b-5d8f2a159d8e | ITER: 4 END: OK
2020-04-10 04:08:21.590 2010 INFO rally.task.runner [-] Task 9b6e273c-4817-4ae8-a04b-5d8f2a159d8e | ITER: 22 START
2020-04-10 04:08:21.591 2010 WARNING rally_openstack.scenarios.neutron.utils [-] Running this scenario without either the 'network' or 'existing_network' context is deprecated
2020-04-10 04:08:22.207 2038 INFO rally.task.runner [-] Task 9b6e273c-4817-4ae8-a04b-5d8f2a159d8e | ITER: 13 END: OK
2020-04-10 04:08:22.212 2038 INFO rally.task.runner [-] Task 9b6e273c-4817-4ae8-a04b-5d8f2a159d8e | ITER: 23 START
2020-04-10 04:08:22.213 2038 WARNING rally_openstack.scenarios.neutron.utils [-] Running this scenario without either the 'network' or 'existing_network' context is deprecated
2020-04-10 04:08:22.709 2048 RALLYDEBUG rally_openstack.wrappers.network [-] CIDR generated: 1.1.4.172/30
2020-04-10 04:08:23.045 2040 RALLYDEBUG rally_openstack.wrappers.network [-] CIDR generated: 1.1.4.176/30
2020-04-10 04:08:23.377 2027 RALLYDEBUG rally_openstack.wrappers.network [-] CIDR generated: 1.1.4.180/30
2020-04-10 04:08:23.590 2028 RALLYDEBUG rally_openstack.wrappers.network [-] CIDR generated: 1.1.4.184/30
2020-04-10 04:08:23.775 2010 RALLYDEBUG rally_openstack.wrappers.network [-] CIDR generated: 1.1.4.188/30
2020-04-10 04:08:24.052 2022 RALLYDEBUG rally_openstack.wrappers.network [-] CIDR generated: 1.1.4.192/30
2020-04-10 04:08:24.234 2007 RALLYDEBUG rally_openstack.wrappers.network [-] CIDR generated: 1.1.4.196/30
2020-04-10 04:08:24.357 2043 RALLYDEBUG rally_openstack.wrappers.network [-] CIDR generated: 1.1.4.200/30
2020-04-10 04:08:24.767 2038 RALLYDEBUG rally_openstack.wrappers.network [-] CIDR generated: 1.1.4.204/30
2020-04-10 04:08:25.141 2060 RALLYDEBUG rally_openstack.wrappers.network [-] CIDR generated: 1.1.4.208/30
2020-04-10 04:08:26.155 2022 RALLYDEBUG rally_openstack.wrappers.network [-] CIDR generated: 1.1.4.212/30
2020-04-10 04:08:26.767 2038 RALLYDEBUG rally_openstack.wrappers.network [-] CIDR generated: 1.1.4.216/30
2020-04-10 04:08:27.256 2008 RALLYDEBUG rally_openstack.wrappers.network [-] CIDR generated: 1.1.4.220/30
2020-04-10 04:08:27.400 2054 INFO rally.task.runner [-] Task 9b6e273c-4817-4ae8-a04b-5d8f2a159d8e | ITER: 18 END: OK
2020-04-10 04:08:27.404 2054 INFO rally.task.runner [-] Task 9b6e273c-4817-4ae8-a04b-5d8f2a159d8e | ITER: 24 START
2020-04-10 04:08:27.405 2054 WARNING rally_openstack.scenarios.neutron.utils [-] Running this scenario without either the 'network' or 'existing_network' context is deprecated
2020-04-10 04:08:27.500 2009 INFO rally.task.runner [-] Task 9b6e273c-4817-4ae8-a04b-5d8f2a159d8e | ITER: 3 END: OK
2020-04-10 04:08:27.505 2009 INFO rally.task.runner [-] Task 9b6e273c-4817-4ae8-a04b-5d8f2a159d8e | ITER: 25 START
2020-04-10 04:08:27.505 2009 WARNING rally_openstack.scenarios.neutron.utils [-] Running this scenario without either the 'network' or 'existing_network' context is deprecated
2020-04-10 04:08:27.634 2010 RALLYDEBUG rally_openstack.wrappers.network [-] CIDR generated: 1.1.4.224/30
2020-04-10 04:08:27.882 2048 RALLYDEBUG rally_openstack.wrappers.network [-] CIDR generated: 1.1.4.228/30
2020-04-10 04:08:28.202 2040 RALLYDEBUG rally_openstack.wrappers.network [-] CIDR generated: 1.1.4.232/30
2020-04-10 04:08:28.709 2013 RALLYDEBUG rally_openstack.wrappers.network [-] CIDR generated: 1.1.4.236/30
2020-04-10 04:08:29.631 2054 RALLYDEBUG rally_openstack.wrappers.network [-] CIDR generated: 1.1.4.240/30
2020-04-10 04:08:30.028 2009 RALLYDEBUG rally_openstack.wrappers.network [-] CIDR generated: 1.1.4.244/30
2020-04-10 04:08:30.358 2008 RALLYDEBUG rally_openstack.wrappers.network [-] CIDR generated: 1.1.4.248/30
2020-04-10 04:08:30.933 2019 INFO rally.task.runner [-] Task 9b6e273c-4817-4ae8-a04b-5d8f2a159d8e | ITER: 7 END: OK
2020-04-10 04:08:30.936 2019 INFO rally.task.runner [-] Task 9b6e273c-4817-4ae8-a04b-5d8f2a159d8e | ITER: 26 START
2020-04-10 04:08:30.937 2019 WARNING rally_openstack.scenarios.neutron.utils [-] Running this scenario without either the 'network' or 'existing_network' context is deprecated
2020-04-10 04:08:31.491 2009 RALLYDEBUG rally_openstack.wrappers.network [-] CIDR generated: 1.1.4.252/30
2020-04-10 04:08:31.617 2035 RALLYDEBUG rally_openstack.wrappers.network [-] CIDR generated: 1.1.5.0/30
2020-04-10 04:08:31.927 2022 INFO rally.task.runner [-] Task 9b6e273c-4817-4ae8-a04b-5d8f2a159d8e | ITER: 8 END: OK
2020-04-10 04:08:31.932 2022 INFO rally.task.runner [-] Task 9b6e273c-4817-4ae8-a04b-5d8f2a159d8e | ITER: 27 START
2020-04-10 04:08:31.933 2022 WARNING rally_openstack.scenarios.neutron.utils [-] Running this scenario without either the 'network' or 'existing_network' context is deprecated
2020-04-10 04:08:31.961 2019 RALLYDEBUG rally_openstack.wrappers.network [-] CIDR generated: 1.1.5.4/30
2020-04-10 04:08:31.988 2054 RALLYDEBUG rally_openstack.wrappers.network [-] CIDR generated: 1.1.5.8/30
2020-04-10 04:08:32.743 2016 RALLYDEBUG rally_openstack.wrappers.network [-] CIDR generated: 1.1.5.12/30
2020-04-10 04:08:33.131 2007 RALLYDEBUG rally_openstack.wrappers.network [-] CIDR generated: 1.1.5.16/30
2020-04-10 04:08:33.451 2051 RALLYDEBUG rally_openstack.wrappers.network [-] CIDR generated: 1.1.5.20/30
2020-04-10 04:08:34.301 2019 RALLYDEBUG rally_openstack.wrappers.network [-] CIDR generated: 1.1.5.24/30
2020-04-10 04:08:34.823 2022 RALLYDEBUG rally_openstack.wrappers.network [-] CIDR generated: 1.1.5.28/30
2020-04-10 04:08:35.134 2038 INFO rally.task.runner [-] Task 9b6e273c-4817-4ae8-a04b-5d8f2a159d8e | ITER: 23 END: OK
2020-04-10 04:08:35.138 2038 INFO rally.task.runner [-] Task 9b6e273c-4817-4ae8-a04b-5d8f2a159d8e | ITER: 28 START
2020-04-10 04:08:35.139 2038 WARNING rally_openstack.scenarios.neutron.utils [-] Running this scenario without either the 'network' or 'existing_network' context is deprecated
2020-04-10 04:08:35.179 2010 INFO rally.task.runner [-] Task 9b6e273c-4817-4ae8-a04b-5d8f2a159d8e | ITER: 22 END: OK
2020-04-10 04:08:35.183 2010 INFO rally.task.runner [-] Task 9b6e273c-4817-4ae8-a04b-5d8f2a159d8e | ITER: 29 START
2020-04-10 04:08:35.184 2010 WARNING rally_openstack.scenarios.neutron.utils [-] Running this scenario without either the 'network' or 'existing_network' context is deprecated
2020-04-10 04:08:35.517 2056 RALLYDEBUG rally_openstack.wrappers.network [-] CIDR generated: 1.1.5.32/30
2020-04-10 04:08:35.659 2016 RALLYDEBUG rally_openstack.wrappers.network [-] CIDR generated: 1.1.5.36/30
2020-04-10 04:08:35.779 2009 INFO rally.task.runner [-] Task 9b6e273c-4817-4ae8-a04b-5d8f2a159d8e | ITER: 25 END: OK
2020-04-10 04:08:35.782 2009 INFO rally.task.runner [-] Task 9b6e273c-4817-4ae8-a04b-5d8f2a159d8e | ITER: 30 START
2020-04-10 04:08:35.783 2009 WARNING rally_openstack.scenarios.neutron.utils [-] Running this scenario without either the 'network' or 'existing_network' context is deprecated
2020-04-10 04:08:36.243 2054 INFO rally.task.runner [-] Task 9b6e273c-4817-4ae8-a04b-5d8f2a159d8e | ITER: 24 END: OK
2020-04-10 04:08:36.247 2054 INFO rally.task.runner [-] Task 9b6e273c-4817-4ae8-a04b-5d8f2a159d8e | ITER: 31 START
2020-04-10 04:08:36.248 2054 WARNING rally_openstack.scenarios.neutron.utils [-] Running this scenario without either the 'network' or 'existing_network' context is deprecated
2020-04-10 04:08:36.395 2038 RALLYDEBUG rally_openstack.wrappers.network [-] CIDR generated: 1.1.5.40/30
2020-04-10 04:08:36.579 2027 INFO rally.task.runner [-] Task 9b6e273c-4817-4ae8-a04b-5d8f2a159d8e | ITER: 9 END: OK
2020-04-10 04:08:36.583 2028 INFO rally.task.runner [-] Task 9b6e273c-4817-4ae8-a04b-5d8f2a159d8e | ITER: 10 END: OK
2020-04-10 04:08:36.586 2027 INFO rally.task.runner [-] Task 9b6e273c-4817-4ae8-a04b-5d8f2a159d8e | ITER: 32 START
2020-04-10 04:08:36.588 2027 WARNING rally_openstack.scenarios.neutron.utils [-] Running this scenario without either the 'network' or 'existing_network' context is deprecated
2020-04-10 04:08:36.590 2028 INFO rally.task.runner [-] Task 9b6e273c-4817-4ae8-a04b-5d8f2a159d8e | ITER: 33 START
2020-04-10 04:08:36.591 2028 WARNING rally_openstack.scenarios.neutron.utils [-] Running this scenario without either the 'network' or 'existing_network' context is deprecated
2020-04-10 04:08:36.658 2009 RALLYDEBUG rally_openstack.wrappers.network [-] CIDR generated: 1.1.5.44/30
2020-04-10 04:08:36.757 2035 RALLYDEBUG rally_openstack.wrappers.network [-] CIDR generated: 1.1.5.48/30
2020-04-10 04:08:36.896 2043 INFO rally.task.runner [-] Task 9b6e273c-4817-4ae8-a04b-5d8f2a159d8e | ITER: 15 END: OK
2020-04-10 04:08:36.909 2043 INFO rally.task.runner [-] Task 9b6e273c-4817-4ae8-a04b-5d8f2a159d8e | ITER: 34 START
2020-04-10 04:08:36.913 2043 WARNING rally_openstack.scenarios.neutron.utils [-] Running this scenario without either the 'network' or 'existing_network' context is deprecated
2020-04-10 04:08:37.117 2054 RALLYDEBUG rally_openstack.wrappers.network [-] CIDR generated: 1.1.5.52/30
2020-04-10 04:08:37.256 2008 INFO rally.task.runner [-] Task 9b6e273c-4817-4ae8-a04b-5d8f2a159d8e | ITER: 21 END: OK
2020-04-10 04:08:37.264 2008 INFO rally.task.runner [-] Task 9b6e273c-4817-4ae8-a04b-5d8f2a159d8e | ITER: 35 START
2020-04-10 04:08:37.267 2008 WARNING rally_openstack.scenarios.neutron.utils [-] Running this scenario without either the 'network' or 'existing_network' context is deprecated
2020-04-10 04:08:37.598 2010 RALLYDEBUG rally_openstack.wrappers.network [-] CIDR generated: 1.1.5.56/30
2020-04-10 04:08:37.881 2043 RALLYDEBUG rally_openstack.wrappers.network [-] CIDR generated: 1.1.5.60/30
2020-04-10 04:08:38.126 2040 INFO rally.task.runner [-] Task 9b6e273c-4817-4ae8-a04b-5d8f2a159d8e | ITER: 14 END: OK
2020-04-10 04:08:38.136 2040 INFO rally.task.runner [-] Task 9b6e273c-4817-4ae8-a04b-5d8f2a159d8e | ITER: 36 START
2020-04-10 04:08:38.136 2048 INFO rally.task.runner [-] Task 9b6e273c-4817-4ae8-a04b-5d8f2a159d8e | ITER: 16 END: OK
2020-04-10 04:08:38.137 2040 WARNING rally_openstack.scenarios.neutron.utils [-] Running this scenario without either the 'network' or 'existing_network' context is deprecated
2020-04-10 04:08:38.142 2048 INFO rally.task.runner [-] Task 9b6e273c-4817-4ae8-a04b-5d8f2a159d8e | ITER: 37 START
2020-04-10 04:08:38.144 2048 WARNING rally_openstack.scenarios.neutron.utils [-] Running this scenario without either the 'network' or 'existing_network' context is deprecated
2020-04-10 04:08:38.738 2008 RALLYDEBUG rally_openstack.wrappers.network [-] CIDR generated: 1.1.5.64/30
2020-04-10 04:08:38.825 2028 RALLYDEBUG rally_openstack.wrappers.network [-] CIDR generated: 1.1.5.68/30
2020-04-10 04:08:39.011 2027 RALLYDEBUG rally_openstack.wrappers.network [-] CIDR generated: 1.1.5.72/30
2020-04-10 04:08:39.031 2048 RALLYDEBUG rally_openstack.wrappers.network [-] CIDR generated: 1.1.5.76/30
2020-04-10 04:08:39.176 2010 RALLYDEBUG rally_openstack.wrappers.network [-] CIDR generated: 1.1.5.80/30
2020-04-10 04:08:39.239 2054 RALLYDEBUG rally_openstack.wrappers.network [-] CIDR generated: 1.1.5.84/30
2020-04-10 04:08:39.389 2043 RALLYDEBUG rally_openstack.wrappers.network [-] CIDR generated: 1.1.5.88/30
2020-04-10 04:08:39.553 2038 RALLYDEBUG rally_openstack.wrappers.network [-] CIDR generated: 1.1.5.92/30
2020-04-10 04:08:39.671 2040 RALLYDEBUG rally_openstack.wrappers.network [-] CIDR generated: 1.1.5.96/30
2020-04-10 04:08:39.988 2016 INFO rally.task.runner [-] Task 9b6e273c-4817-4ae8-a04b-5d8f2a159d8e | ITER: 6 END: OK
2020-04-10 04:08:39.994 2016 INFO rally.task.runner [-] Task 9b6e273c-4817-4ae8-a04b-5d8f2a159d8e | ITER: 38 START
2020-04-10 04:08:39.995 2016 WARNING rally_openstack.scenarios.neutron.utils [-] Running this scenario without either the 'network' or 'existing_network' context is deprecated
2020-04-10 04:08:40.040 2009 RALLYDEBUG rally_openstack.wrappers.network [-] CIDR generated: 1.1.5.100/30
2020-04-10 04:08:40.314 2048 RALLYDEBUG rally_openstack.wrappers.network [-] CIDR generated: 1.1.5.104/30
2020-04-10 04:08:40.530 2019 INFO rally.task.runner [-] Task 9b6e273c-4817-4ae8-a04b-5d8f2a159d8e | ITER: 26 END: OK
2020-04-10 04:08:40.535 2019 INFO rally.task.runner [-] Task 9b6e273c-4817-4ae8-a04b-5d8f2a159d8e | ITER: 39 START
2020-04-10 04:08:40.536 2019 WARNING rally_openstack.scenarios.neutron.utils [-] Running this scenario without either the 'network' or 'existing_network' context is deprecated
2020-04-10 04:08:40.859 2022 RALLYDEBUG rally_openstack.wrappers.network [-] CIDR generated: 1.1.5.108/30
2020-04-10 04:08:40.970 2016 RALLYDEBUG rally_openstack.wrappers.network [-] CIDR generated: 1.1.5.112/30
2020-04-10 04:08:41.089 2040 RALLYDEBUG rally_openstack.wrappers.network [-] CIDR generated: 1.1.5.116/30
2020-04-10 04:08:41.284 2033 INFO rally.task.runner [-] Task 9b6e273c-4817-4ae8-a04b-5d8f2a159d8e | ITER: 11 END: OK
2020-04-10 04:08:41.290 2033 INFO rally.task.runner [-] Task 9b6e273c-4817-4ae8-a04b-5d8f2a159d8e | ITER: 40 START
2020-04-10 04:08:41.291 2033 WARNING rally_openstack.scenarios.neutron.utils [-] Running this scenario without either the 'network' or 'existing_network' context is deprecated
2020-04-10 04:08:41.426 2028 RALLYDEBUG rally_openstack.wrappers.network [-] CIDR generated: 1.1.5.120/30
2020-04-10 04:08:41.515 2056 RALLYDEBUG rally_openstack.wrappers.network [-] CIDR generated: 1.1.5.124/30
2020-04-10 04:08:42.541 2008 RALLYDEBUG rally_openstack.wrappers.network [-] CIDR generated: 1.1.5.128/30
2020-04-10 04:08:42.577 2051 RALLYDEBUG rally_openstack.wrappers.network [-] CIDR generated: 1.1.5.132/30
2020-04-10 04:08:42.754 2027 RALLYDEBUG rally_openstack.wrappers.network [-] CIDR generated: 1.1.5.136/30
2020-04-10 04:08:42.859 2019 RALLYDEBUG rally_openstack.wrappers.network [-] CIDR generated: 1.1.5.140/30
2020-04-10 04:08:43.590 2033 RALLYDEBUG rally_openstack.wrappers.network [-] CIDR generated: 1.1.5.144/30
2020-04-10 04:08:43.604 2010 INFO rally.task.runner [-] Task 9b6e273c-4817-4ae8-a04b-5d8f2a159d8e | ITER: 29 END: OK
2020-04-10 04:08:43.922 2016 RALLYDEBUG rally_openstack.wrappers.network [-] CIDR generated: 1.1.5.148/30
2020-04-10 04:08:44.359 2043 INFO rally.task.runner [-] Task 9b6e273c-4817-4ae8-a04b-5d8f2a159d8e | ITER: 34 END: OK
2020-04-10 04:08:44.612 2038 INFO rally.task.runner [-] Task 9b6e273c-4817-4ae8-a04b-5d8f2a159d8e | ITER: 28 END: OK
2020-04-10 04:08:44.664 2048 INFO rally.task.runner [-] Task 9b6e273c-4817-4ae8-a04b-5d8f2a159d8e | ITER: 37 END: OK
2020-04-10 04:08:44.812 2054 INFO rally.task.runner [-] Task 9b6e273c-4817-4ae8-a04b-5d8f2a159d8e | ITER: 31 END: OK
2020-04-10 04:08:44.998 2019 RALLYDEBUG rally_openstack.wrappers.network [-] CIDR generated: 1.1.5.152/30
2020-04-10 04:08:45.316 2040 INFO rally.task.runner [-] Task 9b6e273c-4817-4ae8-a04b-5d8f2a159d8e | ITER: 36 END: OK
2020-04-10 04:08:45.983 2033 RALLYDEBUG rally_openstack.wrappers.network [-] CIDR generated: 1.1.5.156/30
2020-04-10 04:08:46.540 2060 INFO rally.task.runner [-] Task 9b6e273c-4817-4ae8-a04b-5d8f2a159d8e | ITER: 20 END: OK
2020-04-10 04:08:48.842 2013 INFO rally.task.runner [-] Task 9b6e273c-4817-4ae8-a04b-5d8f2a159d8e | ITER: 5 END: OK
2020-04-10 04:08:48.871 2009 INFO rally.task.runner [-] Task 9b6e273c-4817-4ae8-a04b-5d8f2a159d8e | ITER: 30 END: OK
2020-04-10 04:08:49.049 2019 INFO rally.task.runner [-] Task 9b6e273c-4817-4ae8-a04b-5d8f2a159d8e | ITER: 39 END: OK
2020-04-10 04:08:49.511 2028 INFO rally.task.runner [-] Task 9b6e273c-4817-4ae8-a04b-5d8f2a159d8e | ITER: 33 END: OK
2020-04-10 04:08:49.803 2007 INFO rally.task.runner [-] Task 9b6e273c-4817-4ae8-a04b-5d8f2a159d8e | ITER: 1 END: OK
2020-04-10 04:08:50.290 2008 INFO rally.task.runner [-] Task 9b6e273c-4817-4ae8-a04b-5d8f2a159d8e | ITER: 35 END: OK
2020-04-10 04:08:50.338 2035 INFO rally.task.runner [-] Task 9b6e273c-4817-4ae8-a04b-5d8f2a159d8e | ITER: 12 END: OK
2020-04-10 04:08:50.350 2027 INFO rally.task.runner [-] Task 9b6e273c-4817-4ae8-a04b-5d8f2a159d8e | ITER: 32 END: OK
2020-04-10 04:08:51.065 2051 INFO rally.task.runner [-] Task 9b6e273c-4817-4ae8-a04b-5d8f2a159d8e | ITER: 17 END: OK
2020-04-10 04:08:51.808 2016 INFO rally.task.runner [-] Task 9b6e273c-4817-4ae8-a04b-5d8f2a159d8e | ITER: 38 END: OK
2020-04-10 04:08:52.998 2022 INFO rally.task.runner [-] Task 9b6e273c-4817-4ae8-a04b-5d8f2a159d8e | ITER: 27 END: OK
2020-04-10 04:08:53.000 2033 INFO rally.task.runner [-] Task 9b6e273c-4817-4ae8-a04b-5d8f2a159d8e | ITER: 40 END: OK
2020-04-10 04:08:53.170 2056 INFO rally.task.runner [-] Task 9b6e273c-4817-4ae8-a04b-5d8f2a159d8e | ITER: 19 END: OK
2020-04-10 04:08:53.198 15 INFO rally.task.context [-] Task 9b6e273c-4817-4ae8-a04b-5d8f2a159d8e | Context cleanup@openstack cleanup() started
2020-04-10 04:08:53.202 15 RALLYDEBUG rally_openstack.cleanup.manager [-] Cleaning up neutron vip objects
2020-04-10 04:08:53.414 15 RALLYDEBUG rally_openstack.cleanup.manager [-] Cleaning up neutron health_monitor objects
2020-04-10 04:08:53.549 15 RALLYDEBUG rally_openstack.cleanup.manager [-] Cleaning up neutron pool objects
2020-04-10 04:08:53.718 15 RALLYDEBUG rally_openstack.cleanup.manager [-] Cleaning up neutron loadbalancer objects
2020-04-10 04:08:53.882 15 RALLYDEBUG rally_openstack.cleanup.manager [-] Cleaning up neutron floatingip objects
2020-04-10 04:08:54.104 15 RALLYDEBUG rally_openstack.cleanup.manager [-] Cleaning up neutron trunk objects
2020-04-10 04:08:54.269 15 RALLYDEBUG rally_openstack.cleanup.manager [-] Cleaning up neutron port objects
2020-04-10 04:08:54.848 15 RALLYDEBUG rally_openstack.cleanup.manager [-] Cleaning up neutron subnet objects
2020-04-10 04:08:55.053 15 RALLYDEBUG rally_openstack.cleanup.manager [-] Cleaning up neutron network objects
2020-04-10 04:08:55.479 15 RALLYDEBUG rally_openstack.cleanup.manager [-] Deleting neutron.network object s_rally_60e8dc82_EMyilkU3 (03c20d2e-1d3a-4a00-832e-7eccc47e0ef8)
2020-04-10 04:08:55.484 15 RALLYDEBUG rally_openstack.cleanup.manager [-] Deleting neutron.network object s_rally_60e8dc82_bJTZRW3z (11399e94-e6d5-45d7-8278-28dfe8b8f3ec)
2020-04-10 04:08:55.500 15 RALLYDEBUG rally_openstack.cleanup.manager [-] Deleting neutron.network object s_rally_60e8dc82_GQPBvmjw (1158632f-266f-48ec-9e17-3a27b062c2cd)
2020-04-10 04:08:55.513 15 RALLYDEBUG rally_openstack.cleanup.manager [-] Deleting neutron.network object s_rally_60e8dc82_3Xn9EBWR (1485408a-63c8-4224-85f9-4c9681d75b96)
2020-04-10 04:08:55.525 15 RALLYDEBUG rally_openstack.cleanup.manager [-] Deleting neutron.network object s_rally_60e8dc82_Ul10PMFR (14a368ef-c4a1-4edf-9b8c-bf8aa84de43d)
2020-04-10 04:08:55.542 15 RALLYDEBUG rally_openstack.cleanup.manager [-] Deleting neutron.network object s_rally_60e8dc82_DMsYVsqh (1739f78c-0237-4ca1-8fbc-40c5a0068a37)
2020-04-10 04:08:55.553 15 RALLYDEBUG rally_openstack.cleanup.manager [-] Deleting neutron.network object s_rally_60e8dc82_av8AYFFx (257c777b-50de-48a1-aefb-36f4ef143cc8)
2020-04-10 04:08:55.567 15 RALLYDEBUG rally_openstack.cleanup.manager [-] Deleting neutron.network object s_rally_60e8dc82_lJHRTdKs (2d8e93de-731b-41d6-9022-902754ca1247)
2020-04-10 04:08:55.602 15 RALLYDEBUG rally_openstack.cleanup.manager [-] Deleting neutron.network object s_rally_60e8dc82_ULlR5PFz (2d954bbe-5381-4390-b8d1-fb576b920f89)
2020-04-10 04:08:55.601 15 RALLYDEBUG rally_openstack.cleanup.manager [-] Deleting neutron.network object s_rally_60e8dc82_odtQyAi9 (339c965f-8624-4565-b70e-6ac6784d0b28)
2020-04-10 04:08:55.630 15 RALLYDEBUG rally_openstack.cleanup.manager [-] Deleting neutron.network object s_rally_60e8dc82_2BwAIyX8 (3bf75717-6f86-4747-af81-65f1f65a1f93)
2020-04-10 04:08:55.636 15 RALLYDEBUG rally_openstack.cleanup.manager [-] Deleting neutron.network object s_rally_60e8dc82_39kdkpco (3aa9b74b-be06-4de3-a02b-87d4a534e3b9)
2020-04-10 04:08:55.643 15 RALLYDEBUG rally_openstack.cleanup.manager [-] Deleting neutron.network object s_rally_60e8dc82_5I6HKrNN (41c498d7-93e1-4dd4-8a7d-1857db844f73)
2020-04-10 04:08:55.658 15 RALLYDEBUG rally_openstack.cleanup.manager [-] Deleting neutron.network object s_rally_60e8dc82_90oJctQ4 (427bb0d6-12ce-4fb6-8595-67f95743d9f6)
2020-04-10 04:08:55.683 15 RALLYDEBUG rally_openstack.cleanup.manager [-] Deleting neutron.network object s_rally_60e8dc82_rGUyM723 (46b4cc3b-c0fb-4cb6-b610-1cecb59ec86e)
2020-04-10 04:08:55.695 15 RALLYDEBUG rally_openstack.cleanup.manager [-] Deleting neutron.network object s_rally_60e8dc82_xLlxR4Zd (4b84aefc-2122-4b94-847a-56b0d90f73a3)
2020-04-10 04:08:55.739 15 RALLYDEBUG rally_openstack.cleanup.manager [-] Deleting neutron.network object s_rally_60e8dc82_uyAYqsVj (77ae8520-3b75-4d0f-957e-c5a5dce6d171)
2020-04-10 04:08:55.753 15 RALLYDEBUG rally_openstack.cleanup.manager [-] Deleting neutron.network object s_rally_60e8dc82_dXwZlcJ5 (82262e86-c054-432b-809e-fb419f693c35)
2020-04-10 04:08:55.759 15 RALLYDEBUG rally_openstack.cleanup.manager [-] Deleting neutron.network object s_rally_60e8dc82_PPhr4d6I (631d6532-80c1-48e0-940e-75132b6ebeae)
2020-04-10 04:08:55.765 15 RALLYDEBUG rally_openstack.cleanup.manager [-] Deleting neutron.network object s_rally_60e8dc82_ZAr5USuh (83e252e0-40a7-43b6-b2fe-bba5eac2bd62)
2020-04-10 04:08:58.201 15 RALLYDEBUG rally_openstack.cleanup.manager [-] Deleting neutron.network object s_rally_60e8dc82_M9YcYqNU (86b0a1db-c025-4ca9-b9ed-37d3e8cac9cc)
2020-04-10 04:08:59.162 15 RALLYDEBUG rally_openstack.cleanup.manager [-] Deleting neutron.network object s_rally_60e8dc82_ZBor0k0y (88272b17-9049-40df-bca7-7db508a1ea5f)
2020-04-10 04:08:59.177 15 RALLYDEBUG rally_openstack.cleanup.manager [-] Deleting neutron.network object s_rally_60e8dc82_7Z9j8aUn (9825d685-1b77-48be-9f45-2831ca417bcf)
2020-04-10 04:08:59.374 15 RALLYDEBUG rally_openstack.cleanup.manager [-] Deleting neutron.network object s_rally_60e8dc82_o8SMfYe7 (a736563f-1191-45a5-9d03-4553cf7c37b9)
2020-04-10 04:08:59.469 15 RALLYDEBUG rally_openstack.cleanup.manager [-] Deleting neutron.network object s_rally_60e8dc82_j7njH4iF (b24eb43f-caae-4e74-b60b-7687477e23f8)
2020-04-10 04:08:59.481 15 RALLYDEBUG rally_openstack.cleanup.manager [-] Deleting neutron.network object s_rally_60e8dc82_1UH0tc6X (ba3c8b5b-88de-456e-8dce-64a0a3325844)
2020-04-10 04:08:59.799 15 RALLYDEBUG rally_openstack.cleanup.manager [-] Deleting neutron.network object s_rally_60e8dc82_KDUY7lhQ (ba4ccd12-1d60-410c-a365-c26d331368e7)
2020-04-10 04:08:59.804 15 RALLYDEBUG rally_openstack.cleanup.manager [-] Deleting neutron.network object s_rally_60e8dc82_nWTL73CJ (bab0d970-78fa-43e9-afef-81a33fbdc212)
2020-04-10 04:08:59.814 15 RALLYDEBUG rally_openstack.cleanup.manager [-] Deleting neutron.network object s_rally_60e8dc82_9yILsWYd (bb8753ab-eb88-472c-ac45-aa609223af2d)
2020-04-10 04:08:59.950 15 RALLYDEBUG rally_openstack.cleanup.manager [-] Deleting neutron.network object s_rally_60e8dc82_hBybezzZ (c0562b8e-5f46-42fe-8181-5c99eb7341ad)
2020-04-10 04:08:59.962 15 RALLYDEBUG rally_openstack.cleanup.manager [-] Deleting neutron.network object s_rally_60e8dc82_MKJzvTi5 (c0857447-6a79-4ed4-bdc6-6e80341b60a7)
2020-04-10 04:08:59.994 15 RALLYDEBUG rally_openstack.cleanup.manager [-] Deleting neutron.network object s_rally_60e8dc82_dVrXKVWC (c0a5373b-aef0-4024-829a-55c8cc1d7cf4)
2020-04-10 04:09:00.106 15 RALLYDEBUG rally_openstack.cleanup.manager [-] Deleting neutron.network object s_rally_60e8dc82_2qv1lxDc (ca29f2f9-5e26-43ca-8000-df8af3d1c050)
2020-04-10 04:09:00.110 15 RALLYDEBUG rally_openstack.cleanup.manager [-] Deleting neutron.network object s_rally_60e8dc82_YvGY3NIG (d00f5c4c-7911-4af5-b6d0-9ce48959a283)
2020-04-10 04:09:00.349 15 RALLYDEBUG rally_openstack.cleanup.manager [-] Deleting neutron.network object s_rally_60e8dc82_fiqkuc62 (e3be7912-9b83-4246-a1e4-8b719f8c42d5)
2020-04-10 04:09:00.415 15 RALLYDEBUG rally_openstack.cleanup.manager [-] Deleting neutron.network object s_rally_60e8dc82_sWh7N83F (eec71ee8-cc8c-4a18-bc4c-da830fef3d10)
2020-04-10 04:09:00.429 15 RALLYDEBUG rally_openstack.cleanup.manager [-] Deleting neutron.network object s_rally_60e8dc82_LO3rOeSa (f07608a5-1925-4446-85a9-b4b6a758badb)
2020-04-10 04:09:00.440 15 RALLYDEBUG rally_openstack.cleanup.manager [-] Deleting neutron.network object s_rally_60e8dc82_4TmCpuEc (f3a3b3b0-5ff5-456f-8107-c070c053baf1)
2020-04-10 04:09:01.514 15 RALLYDEBUG rally_openstack.cleanup.manager [-] Deleting neutron.network object s_rally_60e8dc82_wQB4pjYV (feaad6df-ea5f-46fb-9040-8e4b5978065d)
2020-04-10 04:09:01.608 15 RALLYDEBUG rally_openstack.cleanup.manager [-] Deleting neutron.network object s_rally_60e8dc82_tcUg8Ipv (ff5b40cf-bd95-4a7a-911a-2ee3b87460cc)
2020-04-10 04:09:04.484 15 RALLYDEBUG rally_openstack.cleanup.manager [-] Cleaning up neutron router objects
2020-04-10 04:09:04.730 15 RALLYDEBUG rally_openstack.cleanup.manager [-] Cleaning up neutron security_group objects
2020-04-10 04:09:04.956 15 INFO rally.task.context [-] Task 9b6e273c-4817-4ae8-a04b-5d8f2a159d8e | Context cleanup@openstack cleanup() finished in 11.76 sec
2020-04-10 04:09:04.957 15 INFO rally.task.context [-] Task 9b6e273c-4817-4ae8-a04b-5d8f2a159d8e | Context quotas@openstack cleanup() started
2020-04-10 04:09:04.979 15 INFO rally.task.context [-] Task 9b6e273c-4817-4ae8-a04b-5d8f2a159d8e | Context quotas@openstack cleanup() finished in 22.32 msec
2020-04-10 04:09:04.980 15 INFO rally.task.context [-] Task 9b6e273c-4817-4ae8-a04b-5d8f2a159d8e | Context users@openstack cleanup() started
2020-04-10 04:09:05.183 15 WARNING rally.common.logging [-] `iterate_per_tenants()' is deprecated in v3.0.0: it is openstack specific.. Used at
2020-04-10 04:09:06.223 15 INFO rally.task.context [-] Task 9b6e273c-4817-4ae8-a04b-5d8f2a159d8e | Context users@openstack cleanup() finished in 1.24 sec
2020-04-10 04:09:06.318 15 INFO rally.task.engine [-] Load duration is: 39.752439
2020-04-10 04:09:06.318 15 INFO rally.task.engine [-] Full runner duration is: 39.800007
2020-04-10 04:09:06.319 15 INFO rally.task.engine [-] Full duration is: 54.159543
2020-04-10 04:09:06.418 15 INFO rally.task.engine [-] Running workload: position = 0 config = { "version": 2, "title": "A cropped version of a bigger task.", "description": "Auto-generated task from a single workload (uuid=2174bf08-6f97-4c3c-9957-9c2ca437d428)", "subtasks": [ { "title": "NeutronNetworks.create_and_list_routers", "description": "Create and a given number of routers and list all routers.", "scenario": { "NeutronNetworks.create_and_list_routers": { "network_create_args": null, "subnet_create_args": null, "subnet_cidr_start": "1.1.0.0/30", "subnets_per_network": 2, "router_create_args": null } }, "contexts": { "users": { "tenants": 1, "users_per_tenant": 1 }, "quotas": { "neutron": { "network": -1, "subnet": -1, "router": -1 } } }, "runner": { "constant": { "times": 40, "concurrency": 20 } }, "hooks": [], "sla": { "failure_rate": { "max": 0 } } } ] }
2020-04-10 04:09:06.439 15 RALLYDEBUG rally_openstack.contexts.keystone.users [-] Creating 1 tenants using 1 threads
2020-04-10 04:09:06.872 15 RALLYDEBUG rally_openstack.contexts.keystone.users [-] Creating 1 users using 1 threads
2020-04-10 04:09:07.537 15 INFO rally.task.context [-] Task 9b6e273c-4817-4ae8-a04b-5d8f2a159d8e | Context users@openstack setup() finished in 1.10 sec
2020-04-10 04:09:07.949 15 INFO rally.task.context [-] Task 9b6e273c-4817-4ae8-a04b-5d8f2a159d8e | Context quotas@openstack setup() finished in 0.41 sec
2020-04-10 04:09:07.950 15 INFO rally.task.context [-] Task 9b6e273c-4817-4ae8-a04b-5d8f2a159d8e | Context cleanup@openstack setup() finished in 0.04 msec
2020-04-10 04:09:07.960 15 RALLYDEBUG rally.task.runner [-] Starting the constant runner (task UUID: 9b6e273c-4817-4ae8-a04b-5d8f2a159d8e). times: 40 concurrency: 20 timeout: 0 max_cpu_used: 88 processes_to_start: 20 concurrency_per_worker: 1 concurrency_overhead: 0
2020-04-10 04:09:07.972 2371 RALLYDEBUG rally.task.runner [-] Starting a worker. times: 40 duration: None concurrency: 1 timeout: 0 cls: method_name: run args: {"network_create_args": null, "subnet_create_args": null, "subnet_cidr_start": "1.1.0.0/30", "subnets_per_network": 2, "router_create_args": null}
2020-04-10 04:09:07.975 2372 RALLYDEBUG rally.task.runner [-] Starting a worker. times: 40 duration: None concurrency: 1 timeout: 0 cls: method_name: run args: {"network_create_args": null, "subnet_create_args": null, "subnet_cidr_start": "1.1.0.0/30", "subnets_per_network": 2, "router_create_args": null}
2020-04-10 04:09:07.978 2371 INFO rally.task.runner [-] Task 9b6e273c-4817-4ae8-a04b-5d8f2a159d8e | ITER: 1 START
2020-04-10 04:09:07.977 2373 RALLYDEBUG rally.task.runner [-] Starting a worker. times: 40 duration: None concurrency: 1 timeout: 0 cls: method_name: run args: {"network_create_args": null, "subnet_create_args": null, "subnet_cidr_start": "1.1.0.0/30", "subnets_per_network": 2, "router_create_args": null}
2020-04-10 04:09:07.980 2372 INFO rally.task.runner [-] Task 9b6e273c-4817-4ae8-a04b-5d8f2a159d8e | ITER: 2 START
2020-04-10 04:09:07.981 2374 RALLYDEBUG rally.task.runner [-] Starting a worker. times: 40 duration: None concurrency: 1 timeout: 0 cls: method_name: run args: {"network_create_args": null, "subnet_create_args": null, "subnet_cidr_start": "1.1.0.0/30", "subnets_per_network": 2, "router_create_args": null}
2020-04-10 04:09:07.982 2377 RALLYDEBUG rally.task.runner [-] Starting a worker. times: 40 duration: None concurrency: 1 timeout: 0 cls: method_name: run args: {"network_create_args": null, "subnet_create_args": null, "subnet_cidr_start": "1.1.0.0/30", "subnets_per_network": 2, "router_create_args": null}
2020-04-10 04:09:07.983 2373 INFO rally.task.runner [-] Task 9b6e273c-4817-4ae8-a04b-5d8f2a159d8e | ITER: 3 START
2020-04-10 04:09:07.986 2377 INFO rally.task.runner [-] Task 9b6e273c-4817-4ae8-a04b-5d8f2a159d8e | ITER: 5 START
2020-04-10 04:09:07.986 2374 INFO rally.task.runner [-] Task 9b6e273c-4817-4ae8-a04b-5d8f2a159d8e | ITER: 4 START
2020-04-10 04:09:07.987 2382 RALLYDEBUG rally.task.runner [-] Starting a worker. times: 40 duration: None concurrency: 1 timeout: 0 cls: method_name: run args: {"network_create_args": null, "subnet_create_args": null, "subnet_cidr_start": "1.1.0.0/30", "subnets_per_network": 2, "router_create_args": null}
2020-04-10 04:09:07.990 2387 RALLYDEBUG rally.task.runner [-] Starting a worker. times: 40 duration: None concurrency: 1 timeout: 0 cls: method_name: run args: {"network_create_args": null, "subnet_create_args": null, "subnet_cidr_start": "1.1.0.0/30", "subnets_per_network": 2, "router_create_args": null}
2020-04-10 04:09:07.992 2382 INFO rally.task.runner [-] Task 9b6e273c-4817-4ae8-a04b-5d8f2a159d8e | ITER: 6 START
2020-04-10 04:09:07.993 2388 RALLYDEBUG rally.task.runner [-] Starting a worker. times: 40 duration: None concurrency: 1 timeout: 0 cls: method_name: run args: {"network_create_args": null, "subnet_create_args": null, "subnet_cidr_start": "1.1.0.0/30", "subnets_per_network": 2, "router_create_args": null}
2020-04-10 04:09:07.995 2387 INFO rally.task.runner [-] Task 9b6e273c-4817-4ae8-a04b-5d8f2a159d8e | ITER: 7 START
2020-04-10 04:09:07.995 2391 RALLYDEBUG rally.task.runner [-] Starting a worker. times: 40 duration: None concurrency: 1 timeout: 0 cls: method_name: run args: {"network_create_args": null, "subnet_create_args": null, "subnet_cidr_start": "1.1.0.0/30", "subnets_per_network": 2, "router_create_args": null}
2020-04-10 04:09:07.998 2388 INFO rally.task.runner [-] Task 9b6e273c-4817-4ae8-a04b-5d8f2a159d8e | ITER: 8 START
2020-04-10 04:09:07.998 2394 RALLYDEBUG rally.task.runner [-] Starting a worker. times: 40 duration: None concurrency: 1 timeout: 0 cls: method_name: run args: {"network_create_args": null, "subnet_create_args": null, "subnet_cidr_start": "1.1.0.0/30", "subnets_per_network": 2, "router_create_args": null}
2020-04-10 04:09:08.000 2391 INFO rally.task.runner [-] Task 9b6e273c-4817-4ae8-a04b-5d8f2a159d8e | ITER: 9 START
2020-04-10 04:09:08.001 2394 INFO rally.task.runner [-] Task 9b6e273c-4817-4ae8-a04b-5d8f2a159d8e | ITER: 10 START
2020-04-10 04:09:08.002 2397 RALLYDEBUG rally.task.runner [-] Starting a worker. times: 40 duration: None concurrency: 1 timeout: 0 cls: method_name: run args: {"network_create_args": null, "subnet_create_args": null, "subnet_cidr_start": "1.1.0.0/30", "subnets_per_network": 2, "router_create_args": null}
2020-04-10 04:09:08.004 2400 RALLYDEBUG rally.task.runner [-] Starting a worker. times: 40 duration: None concurrency: 1 timeout: 0 cls: method_name: run args: {"network_create_args": null, "subnet_create_args": null, "subnet_cidr_start": "1.1.0.0/30", "subnets_per_network": 2, "router_create_args": null}
2020-04-10 04:09:08.006 2403 RALLYDEBUG rally.task.runner [-] Starting a worker. times: 40 duration: None concurrency: 1 timeout: 0 cls: method_name: run args: {"network_create_args": null, "subnet_create_args": null, "subnet_cidr_start": "1.1.0.0/30", "subnets_per_network": 2, "router_create_args": null}
2020-04-10 04:09:08.007 2397 INFO rally.task.runner [-] Task 9b6e273c-4817-4ae8-a04b-5d8f2a159d8e | ITER: 11 START
2020-04-10 04:09:08.007 2400 INFO rally.task.runner [-] Task 9b6e273c-4817-4ae8-a04b-5d8f2a159d8e | ITER: 12 START
2020-04-10 04:09:08.010 2403 INFO rally.task.runner [-] Task 9b6e273c-4817-4ae8-a04b-5d8f2a159d8e | ITER: 13 START
2020-04-10 04:09:08.010 2407 RALLYDEBUG rally.task.runner [-] Starting a worker. times: 40 duration: None concurrency: 1 timeout: 0 cls: method_name: run args: {"network_create_args": null, "subnet_create_args": null, "subnet_cidr_start": "1.1.0.0/30", "subnets_per_network": 2, "router_create_args": null}
2020-04-10 04:09:08.014 2411 RALLYDEBUG rally.task.runner [-] Starting a worker. times: 40 duration: None concurrency: 1 timeout: 0 cls: method_name: run args: {"network_create_args": null, "subnet_create_args": null, "subnet_cidr_start": "1.1.0.0/30", "subnets_per_network": 2, "router_create_args": null}
2020-04-10 04:09:08.015 2407 INFO rally.task.runner [-] Task 9b6e273c-4817-4ae8-a04b-5d8f2a159d8e | ITER: 14 START
2020-04-10 04:09:08.017 2412 RALLYDEBUG rally.task.runner [-] Starting a worker. times: 40 duration: None concurrency: 1 timeout: 0 cls: method_name: run args: {"network_create_args": null, "subnet_create_args": null, "subnet_cidr_start": "1.1.0.0/30", "subnets_per_network": 2, "router_create_args": null}
2020-04-10 04:09:08.019 2411 INFO rally.task.runner [-] Task 9b6e273c-4817-4ae8-a04b-5d8f2a159d8e | ITER: 15 START
