2020-04-10 04:36:33.795 9693 RALLYDEBUG rally_openstack.wrappers.network [-] CIDR generated: 10.2.36.0/24
2020-04-10 04:36:36.130 9693 RALLYDEBUG rally_openstack.wrappers.network [-] CIDR generated: 10.2.37.0/24
2020-04-10 04:36:37.740 9693 RALLYDEBUG rally_openstack.wrappers.network [-] CIDR generated: 10.2.38.0/24
2020-04-10 04:36:38.690 9693 INFO rally.task.context [-] Task 6b570e05-f4de-4128-b781-49feb2df61fd | Context network@openstack setup() finished in 5.91 sec
2020-04-10 04:36:38.691 9693 INFO rally.task.context [-] Task 6b570e05-f4de-4128-b781-49feb2df61fd | Context cleanup@openstack setup() finished in 0.01 msec
2020-04-10 04:36:38.700 9693 RALLYDEBUG rally.task.runner [-] Starting the constant runner (task UUID: 6b570e05-f4de-4128-b781-49feb2df61fd). times: 10 concurrency: 4 timeout: 0 max_cpu_used: 88 processes_to_start: 4 concurrency_per_worker: 1 concurrency_overhead: 0
2020-04-10 04:36:38.712 11799 RALLYDEBUG rally.task.runner [-] Starting a worker. times: 10 duration: None concurrency: 1 timeout: 0 cls: method_name: run args: {"network_create_args": {}, "subnet_cidr_start": "1.1.0.0/30", "subnet_create_args": {}, "subnets_per_network": 1}
2020-04-10 04:36:38.714 11800 RALLYDEBUG rally.task.runner [-] Starting a worker. times: 10 duration: None concurrency: 1 timeout: 0 cls: method_name: run args: {"network_create_args": {}, "subnet_cidr_start": "1.1.0.0/30", "subnet_create_args": {}, "subnets_per_network": 1}
2020-04-10 04:36:38.717 11801 RALLYDEBUG rally.task.runner [-] Starting a worker. times: 10 duration: None concurrency: 1 timeout: 0 cls: method_name: run args: {"network_create_args": {}, "subnet_cidr_start": "1.1.0.0/30", "subnet_create_args": {}, "subnets_per_network": 1}
2020-04-10 04:36:38.720 11799 INFO rally.task.runner [-] Task 6b570e05-f4de-4128-b781-49feb2df61fd | ITER: 1 START
2020-04-10 04:36:38.719 11802 RALLYDEBUG rally.task.runner [-] Starting a worker. times: 10 duration: None concurrency: 1 timeout: 0 cls: method_name: run args: {"network_create_args": {}, "subnet_cidr_start": "1.1.0.0/30", "subnet_create_args": {}, "subnets_per_network": 1}
2020-04-10 04:36:38.720 11800 INFO rally.task.runner [-] Task 6b570e05-f4de-4128-b781-49feb2df61fd | ITER: 2 START
2020-04-10 04:36:38.722 11799 RALLYDEBUG rally_openstack.wrappers.network [-] CIDR generated: 1.1.0.156/30
2020-04-10 04:36:38.723 11800 RALLYDEBUG rally_openstack.wrappers.network [-] CIDR generated: 1.1.0.160/30
2020-04-10 04:36:38.724 11801 INFO rally.task.runner [-] Task 6b570e05-f4de-4128-b781-49feb2df61fd | ITER: 3 START
2020-04-10 04:36:38.726 11802 INFO rally.task.runner [-] Task 6b570e05-f4de-4128-b781-49feb2df61fd | ITER: 4 START
2020-04-10 04:36:38.727 11801 RALLYDEBUG rally_openstack.wrappers.network [-] CIDR generated: 1.1.0.164/30
2020-04-10 04:36:38.729 11802 RALLYDEBUG rally_openstack.wrappers.network [-] CIDR generated: 1.1.0.168/30
2020-04-10 04:36:41.994 11801 INFO rally.task.runner [-] Task 6b570e05-f4de-4128-b781-49feb2df61fd | ITER: 3 END: OK
2020-04-10 04:36:42.001 11801 INFO rally.task.runner [-] Task 6b570e05-f4de-4128-b781-49feb2df61fd | ITER: 5 START
2020-04-10 04:36:42.002 11801 RALLYDEBUG rally_openstack.wrappers.network [-] CIDR generated: 1.1.0.172/30
2020-04-10 04:36:42.084 11800 INFO rally.task.runner [-] Task 6b570e05-f4de-4128-b781-49feb2df61fd | ITER: 2 END: OK
2020-04-10 04:36:42.090 11800 INFO rally.task.runner [-] Task 6b570e05-f4de-4128-b781-49feb2df61fd | ITER: 6 START
2020-04-10 04:36:42.091 11800 RALLYDEBUG rally_openstack.wrappers.network [-] CIDR generated: 1.1.0.176/30
2020-04-10 04:36:42.593 11802 INFO rally.task.runner [-] Task 6b570e05-f4de-4128-b781-49feb2df61fd | ITER: 4 END: OK
2020-04-10 04:36:42.599 11802 INFO rally.task.runner [-] Task 6b570e05-f4de-4128-b781-49feb2df61fd | ITER: 7 START
2020-04-10 04:36:42.600 11802 RALLYDEBUG rally_openstack.wrappers.network [-] CIDR generated: 1.1.0.180/30
2020-04-10 04:36:43.318 11799 DEBUG neutronclient.v2_0.client [-] Error message: {"NeutronError": {"type": "SubnetNotFound", "message": "Subnet 7f9a2bb6-1c15-467b-85ef-50769f4971c5 could not be found.", "detail": ""}} _handle_fault_response /usr/lib/python3.7/site-packages/neutronclient/v2_0/client.py:259
2020-04-10 04:36:43.327 11799 ERROR rally.task.runner [-] Iteration 1 raised Exception: neutronclient.common.exceptions.NotFound: Subnet 7f9a2bb6-1c15-467b-85ef-50769f4971c5 could not be found. Neutron server returns request_ids: ['req-bb044a5e-1775-46fc-95d4-b009fd6e7ae3']
2020-04-10 04:36:43.327 11799 ERROR rally.task.runner
Traceback (most recent call last):
2020-04-10 04:36:43.327 11799 ERROR rally.task.runner
File "/usr/lib/python3.7/site-packages/rally/task/runner.py", line 69, in _run_scenario_once
2020-04-10 04:36:43.327 11799 ERROR rally.task.runner getattr(scenario_inst, method_name)(**scenario_kwargs)
2020-04-10 04:36:43.327 11799 ERROR rally.task.runner
File "/usr/lib/python3.7/site-packages/rally_openstack/scenarios/neutron/network.py", line 233, in run
2020-04-10 04:36:43.327 11799 ERROR rally.task.runner subnet_cidr_start, subnets_per_network)
2020-04-10 04:36:43.327 11799 ERROR rally.task.runner
File "/usr/lib/python3.7/site-packages/rally_openstack/scenarios/neutron/utils.py", line 344, in _create_subnets
2020-04-10 04:36:43.327 11799 ERROR rally.task.runner for i in range(subnets_per_network)]
2020-04-10 04:36:43.327 11799 ERROR rally.task.runner
File "/usr/lib/python3.7/site-packages/rally_openstack/scenarios/neutron/utils.py", line 344, in
2020-04-10 04:36:43.327 11799 ERROR rally.task.runner for i in range(subnets_per_network)]
2020-04-10 04:36:43.327 11799 ERROR rally.task.runner
File "/usr/lib/python3.7/site-packages/rally/task/atomic.py", line 91, in func_atomic_actions
2020-04-10 04:36:43.327 11799 ERROR rally.task.runner f = func(self, *args, **kwargs)
2020-04-10 04:36:43.327 11799 ERROR rally.task.runner
File "/usr/lib/python3.7/site-packages/rally_openstack/scenarios/neutron/utils.py", line 154, in _create_subnet
2020-04-10 04:36:43.327 11799 ERROR rally.task.runner {"subnet": subnet_create_args})
2020-04-10 04:36:43.327 11799 ERROR rally.task.runner
File "/usr/lib/python3.7/site-packages/neutronclient/v2_0/client.py", line 848, in create_subnet
2020-04-10 04:36:43.327 11799 ERROR rally.task.runner return self.post(self.subnets_path, body=body)
2020-04-10 04:36:43.327 11799 ERROR rally.task.runner
File "/usr/lib/python3.7/site-packages/neutronclient/v2_0/client.py", line 359, in post
2020-04-10 04:36:43.327 11799 ERROR rally.task.runner headers=headers, params=params)
2020-04-10 04:36:43.327 11799 ERROR rally.task.runner
File "/usr/lib/python3.7/site-packages/neutronclient/v2_0/client.py", line 294, in do_request
2020-04-10 04:36:43.327 11799 ERROR rally.task.runner self._handle_fault_response(status_code, replybody, resp)
2020-04-10 04:36:43.327 11799 ERROR rally.task.runner
File "/usr/lib/python3.7/site-packages/neutronclient/v2_0/client.py", line 269, in _handle_fault_response
2020-04-10 04:36:43.327 11799 ERROR rally.task.runner exception_handler_v20(status_code, error_body)
2020-04-10 04:36:43.327 11799 ERROR rally.task.runner
File "/usr/lib/python3.7/site-packages/neutronclient/v2_0/client.py", line 93, in exception_handler_v20
2020-04-10 04:36:43.327 11799 ERROR rally.task.runner request_ids=request_ids)
2020-04-10 04:36:43.327 11799 ERROR rally.task.runner neutronclient.common.exceptions.NotFound: Subnet 7f9a2bb6-1c15-467b-85ef-50769f4971c5 could not be found.
2020-04-10 04:36:43.327 11799 ERROR rally.task.runner Neutron server returns request_ids: ['req-bb044a5e-1775-46fc-95d4-b009fd6e7ae3']
2020-04-10 04:36:43.327 11799 ERROR rally.task.runner
2020-04-10 04:36:43.328 11799 INFO rally.task.runner [-] Task 6b570e05-f4de-4128-b781-49feb2df61fd | ITER: 1 END: Error NotFound: Subnet 7f9a2bb6-1c15-467b-85ef-50769f4971c5 could not be found. Neutron server returns request_ids: ['req-bb044a5e-1775-46fc-95d4-b009fd6e7ae3']
2020-04-10 04:36:43.333 11799 INFO rally.task.runner [-] Task 6b570e05-f4de-4128-b781-49feb2df61fd | ITER: 8 START
2020-04-10 04:36:43.334 11799 RALLYDEBUG rally_openstack.wrappers.network [-] CIDR generated: 1.1.0.184/30
2020-04-10 04:36:45.879 11801 INFO rally.task.runner [-] Task 6b570e05-f4de-4128-b781-49feb2df61fd | ITER: 5 END: OK
2020-04-10 04:36:46.182 11802 INFO rally.task.runner [-] Task 6b570e05-f4de-4128-b781-49feb2df61fd | ITER: 7 END: OK
2020-04-10 04:36:47.872 11800 INFO rally.task.runner [-] Task 6b570e05-f4de-4128-b781-49feb2df61fd | ITER: 6 END: OK
2020-04-10 04:36:48.751 11799 INFO rally.task.runner [-] Task 6b570e05-f4de-4128-b781-49feb2df61fd | ITER: 8 END: OK
2020-04-10 04:36:48.777 9693 INFO rally.task.context [-] Task 6b570e05-f4de-4128-b781-49feb2df61fd | Context cleanup@openstack cleanup() started
2020-04-10 04:36:48.784 9693 RALLYDEBUG rally_openstack.cleanup.manager [-] Cleaning up neutron vip objects
2020-04-10 04:36:49.241 9693 RALLYDEBUG rally_openstack.cleanup.manager [-] Cleaning up neutron health_monitor objects
2020-04-10 04:36:49.667 9693 RALLYDEBUG rally_openstack.cleanup.manager [-] Cleaning up neutron pool objects
2020-04-10 04:36:50.095 9693 RALLYDEBUG rally_openstack.cleanup.manager [-] Cleaning up neutron loadbalancer objects
2020-04-10 04:36:50.557 9693 RALLYDEBUG rally_openstack.cleanup.manager [-] Cleaning up neutron floatingip objects
2020-04-10 04:36:51.176 9693 RALLYDEBUG rally_openstack.cleanup.manager [-] Cleaning up neutron trunk objects
2020-04-10 04:36:51.728 9693 RALLYDEBUG rally_openstack.cleanup.manager [-] Cleaning up neutron port objects
2020-04-10 04:36:53.063 9693 RALLYDEBUG rally_openstack.cleanup.manager [-] Cleaning up neutron subnet objects
2020-04-10 04:36:53.703 9693 RALLYDEBUG rally_openstack.cleanup.manager [-] Cleaning up neutron network objects
2020-04-10 04:36:55.158 9693 RALLYDEBUG rally_openstack.cleanup.manager [-] Cleaning up neutron router objects
2020-04-10 04:36:55.761 9693 RALLYDEBUG rally_openstack.cleanup.manager [-] Cleaning up neutron security_group objects
2020-04-10 04:36:56.344 9693 INFO rally.task.context [-] Task 6b570e05-f4de-4128-b781-49feb2df61fd | Context cleanup@openstack cleanup() finished in 7.57 sec
2020-04-10 04:36:56.345 9693 INFO rally.task.context [-] Task 6b570e05-f4de-4128-b781-49feb2df61fd | Context network@openstack cleanup() started
2020-04-10 04:37:01.720 9693 INFO rally.task.context [-] Task 6b570e05-f4de-4128-b781-49feb2df61fd | Context network@openstack cleanup() finished in 5.38 sec
2020-04-10 04:37:01.721 9693 INFO rally.task.context [-] Task 6b570e05-f4de-4128-b781-49feb2df61fd | Context quotas@openstack cleanup() started
2020-04-10 04:37:01.785 9693 INFO rally.task.context [-] Task 6b570e05-f4de-4128-b781-49feb2df61fd | Context quotas@openstack cleanup() finished in 64.10 msec
2020-04-10 04:37:01.786 9693 INFO rally.task.context [-] Task 6b570e05-f4de-4128-b781-49feb2df61fd | Context users@openstack cleanup() started
2020-04-10 04:37:01.931 9693 WARNING rally.common.logging [-] `iterate_per_tenants()' is deprecated in v3.0.0: it is openstack specific.. Used at
2020-04-10 04:37:03.906 9693 INFO rally.task.context [-] Task 6b570e05-f4de-4128-b781-49feb2df61fd | Context users@openstack cleanup() finished in 2.12 sec
2020-04-10 04:37:05.308 9693 INFO rally.task.engine [-] Load duration is: 10.029974
2020-04-10 04:37:05.308 9693 INFO rally.task.engine [-] Full runner duration is: 10.077848
2020-04-10 04:37:05.309 9693 INFO rally.task.engine [-] Full duration is: 32.869199
2020-04-10 04:37:05.407 9693 INFO rally.task.engine [-] Received aborting signal.
2020-04-10 04:37:05.421 9693 INFO rally.task.engine [-] Task 6b570e05-f4de-4128-b781-49feb2df61fd | Completed: Running task.
2020-04-10 04:37:07.059 12079 RALLYDEBUG rally.api [-] INFO logs from urllib3 and requests module are hide.
2020-04-10 04:37:07.060 12079 RALLYDEBUG rally.api [-] urllib3 insecure warnings are hidden.
2020-04-10 04:37:07.060 12079 RALLYDEBUG rally.api [-] ERROR log from boto module is hide.
2020-04-10 04:37:08.431 12080 RALLYDEBUG rally.api [-] INFO logs from urllib3 and requests module are hide.
2020-04-10 04:37:08.431 12080 RALLYDEBUG rally.api [-] urllib3 insecure warnings are hidden.
2020-04-10 04:37:08.432 12080 RALLYDEBUG rally.api [-] ERROR log from boto module is hide.
2020-04-10 04:37:09.904 12081 RALLYDEBUG rally.api [-] INFO logs from urllib3 and requests module are hide.
2020-04-10 04:37:09.905 12081 RALLYDEBUG rally.api [-] urllib3 insecure warnings are hidden.
2020-04-10 04:37:09.905 12081 RALLYDEBUG rally.api [-] ERROR log from boto module is hide.
2020-04-10 04:37:11.808 12081 INFO rally.api [-] Building 'json' report for the following task(s): '6b570e05-f4de-4128-b781-49feb2df61fd'.
2020-04-10 04:37:11.829 12081 INFO rally.api [-] The report has been successfully built.
2020-04-10 04:37:13.294 12083 RALLYDEBUG rally.api [-] INFO logs from urllib3 and requests module are hide.
2020-04-10 04:37:13.294 12083 RALLYDEBUG rally.api [-] urllib3 insecure warnings are hidden.
2020-04-10 04:37:13.295 12083 RALLYDEBUG rally.api [-] ERROR log from boto module is hide.
2020-04-10 04:37:15.694 12083 INFO rally.task.engine [-] Task d1d340ee-1fb5-43fe-9c49-f4bcd8af8f08 | Starting: Task validation.
2020-04-10 04:37:15.706 12083 INFO rally.task.engine [-] Task d1d340ee-1fb5-43fe-9c49-f4bcd8af8f08 | Starting: Task validation of syntax.
2020-04-10 04:37:16.119 12083 INFO rally.task.engine [-] Task d1d340ee-1fb5-43fe-9c49-f4bcd8af8f08 | Completed: Task validation of syntax.
2020-04-10 04:37:16.119 12083 INFO rally.task.engine [-] Task d1d340ee-1fb5-43fe-9c49-f4bcd8af8f08 | Starting: Task validation of required platforms.
2020-04-10 04:37:16.339 12083 INFO rally.task.engine [-] Task d1d340ee-1fb5-43fe-9c49-f4bcd8af8f08 | Completed: Task validation of required platforms.
2020-04-10 04:37:16.340 12083 INFO rally.task.engine [-] Task d1d340ee-1fb5-43fe-9c49-f4bcd8af8f08 | Starting: Task validation of semantic.
2020-04-10 04:37:16.340 12083 INFO rally.task.engine [-] Check health of the environment '12112318-7055-4447-9f85-97c68bb245e8'.
2020-04-10 04:37:16.965 12083 INFO rally.task.engine [-] Platform existing@openstack (available: True): OK!
2020-04-10 04:37:16.978 12083 RALLYDEBUG rally_openstack.contexts.keystone.users [-] Creating 1 tenants using 1 threads
2020-04-10 04:37:17.379 12083 RALLYDEBUG rally_openstack.contexts.keystone.users [-] Creating 1 users using 1 threads
2020-04-10 04:37:17.951 12083 INFO rally.task.context [-] Task d1d340ee-1fb5-43fe-9c49-f4bcd8af8f08 | Context users@openstack setup() finished in 0.97 sec
2020-04-10 04:37:33.259 12083 INFO rally.task.context [-] Task d1d340ee-1fb5-43fe-9c49-f4bcd8af8f08 | Context users@openstack cleanup() started
2020-04-10 04:37:33.471 12083 WARNING rally.common.logging [-] `iterate_per_tenants()' is deprecated in v3.0.0: it is openstack specific.. Used at
2020-04-10 04:37:34.623 12083 INFO rally.task.context [-] Task d1d340ee-1fb5-43fe-9c49-f4bcd8af8f08 | Context users@openstack cleanup() finished in 1.36 sec
2020-04-10 04:37:34.624 12083 INFO rally.task.engine [-] Task d1d340ee-1fb5-43fe-9c49-f4bcd8af8f08 | Completed: Task validation of semantic.
2020-04-10 04:37:34.624 12083 INFO rally.task.engine [-] Task d1d340ee-1fb5-43fe-9c49-f4bcd8af8f08 | Completed: Task validation.
2020-04-10 04:37:34.624 12083 INFO rally.api [-] Task d1d340ee-1fb5-43fe-9c49-f4bcd8af8f08 input file is valid.
2020-04-10 04:37:34.624 12083 INFO rally.api [-] Run Task d1d340ee-1fb5-43fe-9c49-f4bcd8af8f08 against Deployment 12112318-7055-4447-9f85-97c68bb245e8
2020-04-10 04:37:34.625 12083 INFO rally.task.engine [-] Task d1d340ee-1fb5-43fe-9c49-f4bcd8af8f08 | Starting: Running task.
2020-04-10 04:37:34.686 12083 INFO rally.task.engine [-] Running workload: position = 0 config = { "version": 2, "title": "A cropped version of a bigger task.", "description": "Auto-generated task from a single workload (uuid=930e9e3a-5f5e-4cfa-b77a-bab96bbdec39)", "subtasks": [ { "title": "NovaKeypair.create_and_delete_keypair", "description": "Create a keypair with random name and delete keypair.", "scenario": { "NovaKeypair.create_and_delete_keypair": {} }, "contexts": { "users": { "tenants": 3, "users_per_tenant": 2 }, "quotas": { "nova": { "cores": -1, "floating_ips": -1, "instances": -1, "key_pairs": -1, "ram": -1, "security_group_rules": -1, "security_groups": -1 } } }, "runner": { "constant": { "concurrency": 4, "times": 10 } }, "hooks": [], "sla": { "failure_rate": { "max": 0 } } } ] }
2020-04-10 04:37:34.709 12083 RALLYDEBUG rally_openstack.contexts.keystone.users [-] Creating 3 tenants using 3 threads
2020-04-10 04:37:35.169 12083 RALLYDEBUG rally_openstack.contexts.keystone.users [-] Creating 6 users using 6 threads
2020-04-10 04:37:36.151 12083 INFO rally.task.context [-] Task d1d340ee-1fb5-43fe-9c49-f4bcd8af8f08 | Context users@openstack setup() finished in 1.44 sec
2020-04-10 04:37:37.026 12083 INFO rally.task.context [-] Task d1d340ee-1fb5-43fe-9c49-f4bcd8af8f08 | Context quotas@openstack setup() finished in 0.87 sec
2020-04-10 04:37:37.027 12083 INFO rally.task.context [-] Task d1d340ee-1fb5-43fe-9c49-f4bcd8af8f08 | Context cleanup@openstack setup() finished in 0.02 msec
2020-04-10 04:37:37.038 12083 RALLYDEBUG rally.task.runner [-] Starting the constant runner (task UUID: d1d340ee-1fb5-43fe-9c49-f4bcd8af8f08). times: 10 concurrency: 4 timeout: 0 max_cpu_used: 88 processes_to_start: 4 concurrency_per_worker: 1 concurrency_overhead: 0
2020-04-10 04:37:37.053 12138 RALLYDEBUG rally.task.runner [-] Starting a worker. times: 10 duration: None concurrency: 1 timeout: 0 cls: method_name: run args: {}
2020-04-10 04:37:37.056 12139 RALLYDEBUG rally.task.runner [-] Starting a worker. times: 10 duration: None concurrency: 1 timeout: 0 cls: method_name: run args: {}
2020-04-10 04:37:37.058 12140 RALLYDEBUG rally.task.runner [-] Starting a worker. times: 10 duration: None concurrency: 1 timeout: 0 cls: method_name: run args: {}
2020-04-10 04:37:37.061 12141 RALLYDEBUG rally.task.runner [-] Starting a worker. times: 10 duration: None concurrency: 1 timeout: 0 cls: method_name: run args: {}
2020-04-10 04:37:37.063 12138 INFO rally.task.runner [-] Task d1d340ee-1fb5-43fe-9c49-f4bcd8af8f08 | ITER: 1 START
2020-04-10 04:37:37.065 12139 INFO rally.task.runner [-] Task d1d340ee-1fb5-43fe-9c49-f4bcd8af8f08 | ITER: 2 START
2020-04-10 04:37:37.068 12140 INFO rally.task.runner [-] Task d1d340ee-1fb5-43fe-9c49-f4bcd8af8f08 | ITER: 3 START
2020-04-10 04:37:37.070 12141 INFO rally.task.runner [-] Task d1d340ee-1fb5-43fe-9c49-f4bcd8af8f08 | ITER: 4 START
2020-04-10 04:37:37.583 12140 INFO rally.task.runner [-] Task d1d340ee-1fb5-43fe-9c49-f4bcd8af8f08 | ITER: 3 END: OK
2020-04-10 04:37:37.587 12140 INFO rally.task.runner [-] Task d1d340ee-1fb5-43fe-9c49-f4bcd8af8f08 | ITER: 5 START
2020-04-10 04:37:38.022 12140 INFO rally.task.runner [-] Task d1d340ee-1fb5-43fe-9c49-f4bcd8af8f08 | ITER: 5 END: OK
2020-04-10 04:37:38.026 12140 INFO rally.task.runner [-] Task d1d340ee-1fb5-43fe-9c49-f4bcd8af8f08 | ITER: 6 START
2020-04-10 04:37:38.614 12139 INFO rally.task.runner [-] Task d1d340ee-1fb5-43fe-9c49-f4bcd8af8f08 | ITER: 2 END: OK
2020-04-10 04:37:38.619 12139 INFO rally.task.runner [-] Task d1d340ee-1fb5-43fe-9c49-f4bcd8af8f08 | ITER: 7 START
2020-04-10 04:37:38.635 12138 INFO rally.task.runner [-] Task d1d340ee-1fb5-43fe-9c49-f4bcd8af8f08 | ITER: 1 END: OK
2020-04-10 04:37:38.640 12138 INFO rally.task.runner [-] Task d1d340ee-1fb5-43fe-9c49-f4bcd8af8f08 | ITER: 8 START
2020-04-10 04:37:38.730 12141 INFO rally.task.runner [-] Task d1d340ee-1fb5-43fe-9c49-f4bcd8af8f08 | ITER: 4 END: OK
2020-04-10 04:37:38.735 12141 INFO rally.task.runner [-] Task d1d340ee-1fb5-43fe-9c49-f4bcd8af8f08 | ITER: 9 START
2020-04-10 04:37:38.926 12139 INFO rally.task.runner [-] Task d1d340ee-1fb5-43fe-9c49-f4bcd8af8f08 | ITER: 7 END: OK
2020-04-10 04:37:38.930 12139 INFO rally.task.runner [-] Task d1d340ee-1fb5-43fe-9c49-f4bcd8af8f08 | ITER: 10 START
2020-04-10 04:37:39.182 12141 INFO rally.task.runner [-] Task d1d340ee-1fb5-43fe-9c49-f4bcd8af8f08 | ITER: 9 END: OK
2020-04-10 04:37:39.227 12138 INFO rally.task.runner [-] Task d1d340ee-1fb5-43fe-9c49-f4bcd8af8f08 | ITER: 8 END: OK
2020-04-10 04:37:39.319 12139 INFO rally.task.runner [-] Task d1d340ee-1fb5-43fe-9c49-f4bcd8af8f08 | ITER: 10 END: OK
2020-04-10 04:37:39.571 12140 INFO rally.task.runner [-] Task d1d340ee-1fb5-43fe-9c49-f4bcd8af8f08 | ITER: 6 END: OK
2020-04-10 04:37:39.597 12083 INFO rally.task.context [-] Task d1d340ee-1fb5-43fe-9c49-f4bcd8af8f08 | Context cleanup@openstack cleanup() started
2020-04-10 04:37:39.602 12083 RALLYDEBUG rally_openstack.cleanup.manager [-] Cleaning up nova servers objects
2020-04-10 04:37:40.311 12083 RALLYDEBUG rally_openstack.cleanup.manager [-] Cleaning up nova server_groups objects
2020-04-10 04:37:40.767 12083 RALLYDEBUG rally_openstack.cleanup.manager [-] Cleaning up nova keypairs objects
2020-04-10 04:37:41.754 12083 INFO rally.task.context [-] Task d1d340ee-1fb5-43fe-9c49-f4bcd8af8f08 | Context cleanup@openstack cleanup() finished in 2.16 sec
2020-04-10 04:37:41.755 12083 INFO rally.task.context [-] Task d1d340ee-1fb5-43fe-9c49-f4bcd8af8f08 | Context quotas@openstack cleanup() started
2020-04-10 04:37:41.812 12083 INFO rally.task.context [-] Task d1d340ee-1fb5-43fe-9c49-f4bcd8af8f08 | Context quotas@openstack cleanup() finished in 57.72 msec
2020-04-10 04:37:41.813 12083 INFO rally.task.context [-] Task d1d340ee-1fb5-43fe-9c49-f4bcd8af8f08 | Context users@openstack cleanup() started
2020-04-10 04:37:42.017 12083 WARNING rally.common.logging [-] `iterate_per_tenants()' is deprecated in v3.0.0: it is openstack specific.. Used at
2020-04-10 04:37:45.092 12083 INFO rally.task.context [-] Task d1d340ee-1fb5-43fe-9c49-f4bcd8af8f08 | Context users@openstack cleanup() finished in 3.28 sec
2020-04-10 04:37:46.808 12083 INFO rally.task.engine [-] Load duration is: 2.506608
2020-04-10 04:37:46.808 12083 INFO rally.task.engine [-] Full runner duration is: 2.559318
2020-04-10 04:37:46.808 12083 INFO rally.task.engine [-] Full duration is: 10.384973
2020-04-10 04:37:46.897 12083 INFO rally.task.engine [-] Running workload: position = 0 config = { "version": 2, "title": "A cropped version of a bigger task.", "description": "Auto-generated task from a single workload (uuid=cbefd56b-b82d-45d7-8ffa-64f63ecb79fa)", "subtasks": [ { "title": "NovaKeypair.create_and_list_keypairs", "description": "Create a keypair with random name and list keypairs.", "scenario": { "NovaKeypair.create_and_list_keypairs": {} }, "contexts": { "users": { "tenants": 3, "users_per_tenant": 2 }, "quotas": { "nova": { "cores": -1, "floating_ips": -1, "instances": -1, "key_pairs": -1, "ram": -1, "security_group_rules": -1, "security_groups": -1 } } }, "runner": { "constant": { "concurrency": 4, "times": 10 } }, "hooks": [], "sla": { "failure_rate": { "max": 0 } } } ] }
2020-04-10 04:37:46.917 12083 RALLYDEBUG rally_openstack.contexts.keystone.users [-] Creating 3 tenants using 3 threads
2020-04-10 04:37:47.368 12083 RALLYDEBUG rally_openstack.contexts.keystone.users [-] Creating 6 users using 6 threads
2020-04-10 04:37:48.307 12083 INFO rally.task.context [-] Task d1d340ee-1fb5-43fe-9c49-f4bcd8af8f08 | Context users@openstack setup() finished in 1.39 sec
2020-04-10 04:37:49.189 12083 INFO rally.task.context [-] Task d1d340ee-1fb5-43fe-9c49-f4bcd8af8f08 | Context quotas@openstack setup() finished in 0.88 sec
2020-04-10 04:37:49.189 12083 INFO rally.task.context [-] Task d1d340ee-1fb5-43fe-9c49-f4bcd8af8f08 | Context cleanup@openstack setup() finished in 0.01 msec
2020-04-10 04:37:49.199 12083 RALLYDEBUG rally.task.runner [-] Starting the constant runner (task UUID: d1d340ee-1fb5-43fe-9c49-f4bcd8af8f08). times: 10 concurrency: 4 timeout: 0 max_cpu_used: 88 processes_to_start: 4 concurrency_per_worker: 1 concurrency_overhead: 0
2020-04-10 04:37:49.209 12271 RALLYDEBUG rally.task.runner [-] Starting a worker. times: 10 duration: None concurrency: 1 timeout: 0 cls: method_name: run args: {}
2020-04-10 04:37:49.212 12272 RALLYDEBUG rally.task.runner [-] Starting a worker. times: 10 duration: None concurrency: 1 timeout: 0 cls: method_name: run args: {}
2020-04-10 04:37:49.214 12273 RALLYDEBUG rally.task.runner [-] Starting a worker. times: 10 duration: None concurrency: 1 timeout: 0 cls: method_name: run args: {}
2020-04-10 04:37:49.216 12271 INFO rally.task.runner [-] Task d1d340ee-1fb5-43fe-9c49-f4bcd8af8f08 | ITER: 1 START
2020-04-10 04:37:49.217 12274 RALLYDEBUG rally.task.runner [-] Starting a worker. times: 10 duration: None concurrency: 1 timeout: 0 cls: method_name: run args: {}
2020-04-10 04:37:49.218 12272 INFO rally.task.runner [-] Task d1d340ee-1fb5-43fe-9c49-f4bcd8af8f08 | ITER: 2 START
2020-04-10 04:37:49.221 12273 INFO rally.task.runner [-] Task d1d340ee-1fb5-43fe-9c49-f4bcd8af8f08 | ITER: 3 START
2020-04-10 04:37:49.224 12274 INFO rally.task.runner [-] Task d1d340ee-1fb5-43fe-9c49-f4bcd8af8f08 | ITER: 4 START
2020-04-10 04:37:49.644 12271 INFO rally.task.runner [-] Task d1d340ee-1fb5-43fe-9c49-f4bcd8af8f08 | ITER: 1 END: OK
2020-04-10 04:37:49.648 12271 INFO rally.task.runner [-] Task d1d340ee-1fb5-43fe-9c49-f4bcd8af8f08 | ITER: 5 START
2020-04-10 04:37:49.662 12272 INFO rally.task.runner [-] Task d1d340ee-1fb5-43fe-9c49-f4bcd8af8f08 | ITER: 2 END: OK
2020-04-10 04:37:49.666 12272 INFO rally.task.runner [-] Task d1d340ee-1fb5-43fe-9c49-f4bcd8af8f08 | ITER: 6 START
2020-04-10 04:37:49.675 12273 INFO rally.task.runner [-] Task d1d340ee-1fb5-43fe-9c49-f4bcd8af8f08 | ITER: 3 END: OK
2020-04-10 04:37:49.680 12273 INFO rally.task.runner [-] Task d1d340ee-1fb5-43fe-9c49-f4bcd8af8f08 | ITER: 7 START
2020-04-10 04:37:49.684 12274 INFO rally.task.runner [-] Task d1d340ee-1fb5-43fe-9c49-f4bcd8af8f08 | ITER: 4 END: OK
2020-04-10 04:37:49.689 12274 INFO rally.task.runner [-] Task d1d340ee-1fb5-43fe-9c49-f4bcd8af8f08 | ITER: 8 START
2020-04-10 04:37:50.008 12272 INFO rally.task.runner [-] Task d1d340ee-1fb5-43fe-9c49-f4bcd8af8f08 | ITER: 6 END: OK
2020-04-10 04:37:50.013 12272 INFO rally.task.runner [-] Task d1d340ee-1fb5-43fe-9c49-f4bcd8af8f08 | ITER: 9 START
2020-04-10 04:37:50.094 12274 INFO rally.task.runner [-] Task d1d340ee-1fb5-43fe-9c49-f4bcd8af8f08 | ITER: 8 END: OK
2020-04-10 04:37:50.096 12273 INFO rally.task.runner [-] Task d1d340ee-1fb5-43fe-9c49-f4bcd8af8f08 | ITER: 7 END: OK
2020-04-10 04:37:50.097 12274 INFO rally.task.runner [-] Task d1d340ee-1fb5-43fe-9c49-f4bcd8af8f08 | ITER: 10 START
2020-04-10 04:37:50.117 12271 INFO rally.task.runner [-] Task d1d340ee-1fb5-43fe-9c49-f4bcd8af8f08 | ITER: 5 END: OK
2020-04-10 04:37:50.527 12274 INFO rally.task.runner [-] Task d1d340ee-1fb5-43fe-9c49-f4bcd8af8f08 | ITER: 10 END: OK
2020-04-10 04:37:50.627 12272 INFO rally.task.runner [-] Task d1d340ee-1fb5-43fe-9c49-f4bcd8af8f08 | ITER: 9 END: OK
2020-04-10 04:37:50.649 12083 INFO rally.task.context [-] Task d1d340ee-1fb5-43fe-9c49-f4bcd8af8f08 | Context cleanup@openstack cleanup() started
2020-04-10 04:37:50.654 12083 RALLYDEBUG rally_openstack.cleanup.manager [-] Cleaning up nova servers objects
2020-04-10 04:37:51.323 12083 RALLYDEBUG rally_openstack.cleanup.manager [-] Cleaning up nova server_groups objects
2020-04-10 04:37:51.824 12083 RALLYDEBUG rally_openstack.cleanup.manager [-] Cleaning up nova keypairs objects
2020-04-10 04:37:52.988 12083 RALLYDEBUG rally_openstack.cleanup.manager [-] Deleting nova.keypairs object s_rally_cbefd56b_Y0NgCQi1 (s_rally_cbefd56b_Y0NgCQi1)
2020-04-10 04:37:52.992 12083 RALLYDEBUG rally_openstack.cleanup.manager [-] Deleting nova.keypairs object s_rally_cbefd56b_kmLAJ2v2 (s_rally_cbefd56b_kmLAJ2v2)
2020-04-10 04:37:53.015 12083 RALLYDEBUG rally_openstack.cleanup.manager [-] Deleting nova.keypairs object s_rally_cbefd56b_IMYekc6J (s_rally_cbefd56b_IMYekc6J)
2020-04-10 04:37:53.021 12083 RALLYDEBUG rally_openstack.cleanup.manager [-] Deleting nova.keypairs object s_rally_cbefd56b_QyVtykai (s_rally_cbefd56b_QyVtykai)
2020-04-10 04:37:53.021 12083 RALLYDEBUG rally_openstack.cleanup.manager [-] Deleting nova.keypairs object s_rally_cbefd56b_LMbFDA6W (s_rally_cbefd56b_LMbFDA6W)
2020-04-10 04:37:53.023 12083 RALLYDEBUG rally_openstack.cleanup.manager [-] Deleting nova.keypairs object s_rally_cbefd56b_CWQUhyDB (s_rally_cbefd56b_CWQUhyDB)
2020-04-10 04:37:53.031 12083 RALLYDEBUG rally_openstack.cleanup.manager [-] Deleting nova.keypairs object s_rally_cbefd56b_xqIEDaoA (s_rally_cbefd56b_xqIEDaoA)
2020-04-10 04:37:53.057 12083 RALLYDEBUG rally_openstack.cleanup.manager [-] Deleting nova.keypairs object s_rally_cbefd56b_qcWtHLq0 (s_rally_cbefd56b_qcWtHLq0)
2020-04-10 04:37:53.066 12083 RALLYDEBUG rally_openstack.cleanup.manager [-] Deleting nova.keypairs object s_rally_cbefd56b_ufixIjbh (s_rally_cbefd56b_ufixIjbh)
2020-04-10 04:37:53.052 12083 RALLYDEBUG rally_openstack.cleanup.manager [-] Deleting nova.keypairs object s_rally_cbefd56b_IN3EBdwG (s_rally_cbefd56b_IN3EBdwG)
2020-04-10 04:37:54.401 12083 INFO rally.task.context [-] Task d1d340ee-1fb5-43fe-9c49-f4bcd8af8f08 | Context cleanup@openstack cleanup() finished in 3.75 sec
2020-04-10 04:37:54.401 12083 INFO rally.task.context [-] Task d1d340ee-1fb5-43fe-9c49-f4bcd8af8f08 | Context quotas@openstack cleanup() started
2020-04-10 04:37:54.479 12083 INFO rally.task.context [-] Task d1d340ee-1fb5-43fe-9c49-f4bcd8af8f08 | Context quotas@openstack cleanup() finished in 77.94 msec
2020-04-10 04:37:54.480 12083 INFO rally.task.context [-] Task d1d340ee-1fb5-43fe-9c49-f4bcd8af8f08 | Context users@openstack cleanup() started
2020-04-10 04:37:54.681 12083 WARNING rally.common.logging [-] `iterate_per_tenants()' is deprecated in v3.0.0: it is openstack specific.. Used at
2020-04-10 04:37:57.173 12083 INFO rally.task.context [-] Task d1d340ee-1fb5-43fe-9c49-f4bcd8af8f08 | Context users@openstack cleanup() finished in 2.69 sec
2020-04-10 04:37:59.080 12083 INFO rally.task.engine [-] Load duration is: 1.409549
2020-04-10 04:37:59.081 12083 INFO rally.task.engine [-] Full runner duration is: 1.450845
2020-04-10 04:37:59.081 12083 INFO rally.task.engine [-] Full duration is: 10.258851
2020-04-10 04:37:59.192 12083 INFO rally.task.engine [-] Running workload: position = 0 config = { "version": 2, "title": "A cropped version of a bigger task.", "description": "Auto-generated task from a single workload (uuid=d4d3d433-ad8e-4121-86f9-154185c18154)", "subtasks": [ { "title": "NovaServers.boot_and_bounce_server", "description": "Boot a server and run specified actions against it.", "scenario": { "NovaServers.boot_and_bounce_server": { "actions": [ { "hard_reboot": 1 }, { "soft_reboot": 1 }, { "stop_start": 1 }, { "rescue_unrescue": 1 } ], "flavor": { "name": "rally_full-flavor_904cbf3a-2ea6-4f0d-90b5-c5ed3d669543" }, "image": { "name": "rally_full-img_904cbf3a-2ea6-4f0d-90b5-c5ed3d669543" }, "nics": [ { "net-id": "22362b54-3fa0-4639-b461-978014ed8faf" } ] } }, "contexts": { "users": { "tenants": 3, "users_per_tenant": 2 }, "network": { "networks_per_tenant": 1, "start_cidr": "100.1.0.0/25" }, "quotas": { "neutron": { "network": -1, "port": -1, "subnet": -1 }, "nova": { "cores": -1, "floating_ips": -1, "instances": -1, "ram": -1, "security_group_rules": -1, "security_groups": -1 } } }, "runner": { "constant": { "concurrency": 4, "times": 10 } }, "hooks": [], "sla": { "failure_rate": { "max": 0 } } } ] }
2020-04-10 04:37:59.222 12083 RALLYDEBUG rally_openstack.contexts.keystone.users [-] Creating 3 tenants using 3 threads
2020-04-10 04:37:59.721 12083 RALLYDEBUG rally_openstack.contexts.keystone.users [-] Creating 6 users using 6 threads
2020-04-10 04:38:00.626 12083 INFO rally.task.context [-] Task d1d340ee-1fb5-43fe-9c49-f4bcd8af8f08 | Context users@openstack setup() finished in 1.40 sec
2020-04-10 04:38:01.661 12083 INFO rally.task.context [-] Task d1d340ee-1fb5-43fe-9c49-f4bcd8af8f08 | Context quotas@openstack setup() finished in 1.03 sec
2020-04-10 04:38:01.712 12083 WARNING rally.common.logging [-] `iterate_per_tenants()' is deprecated in v3.0.0: it is openstack specific.. Used at
2020-04-10 04:38:04.760 12083 RALLYDEBUG rally_openstack.wrappers.network [-] CIDR generated: 100.1.0.0/25
2020-04-10 04:38:11.764 12083 RALLYDEBUG rally_openstack.wrappers.network [-] CIDR generated: 100.1.0.128/25
2020-04-10 04:38:18.680 12083 RALLYDEBUG rally_openstack.wrappers.network [-] CIDR generated: 100.1.1.0/25
2020-04-10 04:38:22.540 12083 INFO rally.task.context [-] Task d1d340ee-1fb5-43fe-9c49-f4bcd8af8f08 | Context network@openstack setup() finished in 20.88 sec
2020-04-10 04:38:22.541 12083 INFO rally.task.context [-] Task d1d340ee-1fb5-43fe-9c49-f4bcd8af8f08 | Context cleanup@openstack setup() finished in 0.04 msec
2020-04-10 04:38:22.934 12083 RALLYDEBUG rally.task.runner [-] Starting the constant runner (task UUID: d1d340ee-1fb5-43fe-9c49-f4bcd8af8f08). times: 10 concurrency: 4 timeout: 0 max_cpu_used: 88 processes_to_start: 4 concurrency_per_worker: 1 concurrency_overhead: 0
2020-04-10 04:38:22.947 12404 RALLYDEBUG rally.task.runner [-] Starting a worker. times: 10 duration: None concurrency: 1 timeout: 0 cls: method_name: run args: {"actions": [{"hard_reboot": 1}, {"soft_reboot": 1}, {"stop_start": 1}, {"rescue_unrescue": 1}], "flavor": "f17c0487-351b-48c5-baa4-be5129fdc368", "image": "fb2519f7-fd71-4231-bbb1-c2646090e539", "nics": [{"net-id": "22362b54-3fa0-4639-b461-978014ed8faf"}]}
2020-04-10 04:38:22.950 12405 RALLYDEBUG rally.task.runner [-] Starting a worker. times: 10 duration: None concurrency: 1 timeout: 0 cls: method_name: run args: {"actions": [{"hard_reboot": 1}, {"soft_reboot": 1}, {"stop_start": 1}, {"rescue_unrescue": 1}], "flavor": "f17c0487-351b-48c5-baa4-be5129fdc368", "image": "fb2519f7-fd71-4231-bbb1-c2646090e539", "nics": [{"net-id": "22362b54-3fa0-4639-b461-978014ed8faf"}]}
2020-04-10 04:38:22.953 12406 RALLYDEBUG rally.task.runner [-] Starting a worker. times: 10 duration: None concurrency: 1 timeout: 0 cls: method_name: run args: {"actions": [{"hard_reboot": 1}, {"soft_reboot": 1}, {"stop_start": 1}, {"rescue_unrescue": 1}], "flavor": "f17c0487-351b-48c5-baa4-be5129fdc368", "image": "fb2519f7-fd71-4231-bbb1-c2646090e539", "nics": [{"net-id": "22362b54-3fa0-4639-b461-978014ed8faf"}]}
2020-04-10 04:38:22.955 12404 INFO rally.task.runner [-] Task d1d340ee-1fb5-43fe-9c49-f4bcd8af8f08 | ITER: 1 START
2020-04-10 04:38:22.955 12407 RALLYDEBUG rally.task.runner [-] Starting a worker. times: 10 duration: None concurrency: 1 timeout: 0 cls: method_name: run args: {"actions": [{"hard_reboot": 1}, {"soft_reboot": 1}, {"stop_start": 1}, {"rescue_unrescue": 1}], "flavor": "f17c0487-351b-48c5-baa4-be5129fdc368", "image": "fb2519f7-fd71-4231-bbb1-c2646090e539", "nics": [{"net-id": "22362b54-3fa0-4639-b461-978014ed8faf"}]}
2020-04-10 04:38:22.958 12405 INFO rally.task.runner [-] Task d1d340ee-1fb5-43fe-9c49-f4bcd8af8f08 | ITER: 2 START
2020-04-10 04:38:22.960 12406 INFO rally.task.runner [-] Task d1d340ee-1fb5-43fe-9c49-f4bcd8af8f08 | ITER: 3 START
2020-04-10 04:38:22.961 12407 INFO rally.task.runner [-] Task d1d340ee-1fb5-43fe-9c49-f4bcd8af8f08 | ITER: 4 START
2020-04-10 04:38:34.474 12407 RALLYDEBUG rally.task.utils [-] Waiting for resource s_rally_d4d3d433_xlBALSQ2. Status changed: BUILD => ACTIVE in 9.284863471984863
2020-04-10 04:38:34.622 12405 RALLYDEBUG rally.task.utils [-] Waiting for resource s_rally_d4d3d433_emFZtZqa. Status changed: BUILD => ACTIVE in 8.468239307403564
2020-04-10 04:38:36.672 12404 RALLYDEBUG rally.task.utils [-] Waiting for resource s_rally_d4d3d433_MMpSoHZF. Status changed: BUILD => ACTIVE in 11.266312837600708
2020-04-10 04:38:36.710 12406 RALLYDEBUG rally.task.utils [-] Waiting for resource s_rally_d4d3d433_DVIfTAO3. Status changed: BUILD => ACTIVE in 11.411512851715088
2020-04-10 04:38:37.500 12407 RALLYDEBUG rally.task.utils [-] Waiting for resource s_rally_d4d3d433_xlBALSQ2. Status changed: ACTIVE => HARD_REBOOT in 0.8895201683044434
2020-04-10 04:38:38.015 12405 RALLYDEBUG rally.task.utils [-] Waiting for resource s_rally_d4d3d433_emFZtZqa. Status changed: ACTIVE => HARD_REBOOT in 0.23569345474243164
2020-04-10 04:38:39.025 12404 RALLYDEBUG rally.task.utils [-] Waiting for resource s_rally_d4d3d433_MMpSoHZF. Status changed: ACTIVE => HARD_REBOOT in 0.21109271049499512
2020-04-10 04:38:39.720 12407 RALLYDEBUG rally.task.utils [-] Waiting for resource s_rally_d4d3d433_xlBALSQ2. Status changed: HARD_REBOOT => ACTIVE in 2.220590829849243
2020-04-10 04:38:40.449 12405 RALLYDEBUG rally.task.utils [-] Waiting for resource s_rally_d4d3d433_emFZtZqa. Status changed: HARD_REBOOT => ACTIVE in 2.4332590103149414
2020-04-10 04:38:40.596 12406 RALLYDEBUG rally.task.utils [-] Waiting for resource s_rally_d4d3d433_DVIfTAO3. Status changed: ACTIVE => HARD_REBOOT in 0.7057156562805176
2020-04-10 04:38:41.232 12404 RALLYDEBUG rally.task.utils [-] Waiting for resource s_rally_d4d3d433_MMpSoHZF. Status changed: HARD_REBOOT => ACTIVE in 2.2066268920898438
2020-04-10 04:38:42.119 12407 RALLYDEBUG rally.task.utils [-] Waiting for resource s_rally_d4d3d433_xlBALSQ2. Status changed: ACTIVE => REBOOT in 0.2593691349029541
2020-04-10 04:38:42.877 12405 RALLYDEBUG rally.task.utils [-] Waiting for resource s_rally_d4d3d433_emFZtZqa. Status changed: ACTIVE => REBOOT in 0.2805190086364746
2020-04-10 04:38:42.877 12406 RALLYDEBUG rally.task.utils [-] Waiting for resource s_rally_d4d3d433_DVIfTAO3. Status changed: HARD_REBOOT => ACTIVE in 2.2806577682495117
2020-04-10 04:38:43.639 12404 RALLYDEBUG rally.task.utils [-] Waiting for resource s_rally_d4d3d433_MMpSoHZF. Status changed: ACTIVE => REBOOT in 0.27614665031433105
2020-04-10 04:38:45.250 12406 RALLYDEBUG rally.task.utils [-] Waiting for resource s_rally_d4d3d433_DVIfTAO3. Status changed: ACTIVE => REBOOT in 0.23154592514038086
2020-04-10 04:40:44.142 12407 RALLYDEBUG rally.task.utils [-] Waiting for resource s_rally_d4d3d433_xlBALSQ2. Status changed: REBOOT => ACTIVE in 122.02282214164734
2020-04-10 04:40:45.786 12405 RALLYDEBUG rally.task.utils [-] Waiting for resource s_rally_d4d3d433_emFZtZqa. Status changed: REBOOT => ACTIVE in 122.90872168540955
2020-04-10 04:40:46.337 12404 RALLYDEBUG rally.task.utils [-] Waiting for resource s_rally_d4d3d433_MMpSoHZF. Status changed: REBOOT => ACTIVE in 122.6980333328247
2020-04-10 04:40:46.735 12407 RALLYDEBUG rally.task.utils [-] Waiting for resource s_rally_d4d3d433_xlBALSQ2. Status changed: ACTIVE => SHUTOFF in 2.486900806427002
2020-04-10 04:40:47.073 12407 RALLYDEBUG rally.task.utils [-] Waiting for resource s_rally_d4d3d433_xlBALSQ2. Status changed: ACTIVE => SHUTOFF in 0.21542072296142578
2020-04-10 04:40:48.121 12406 RALLYDEBUG rally.task.utils [-] Waiting for resource s_rally_d4d3d433_DVIfTAO3. Status changed: REBOOT => ACTIVE in 122.87105917930603
2020-04-10 04:40:48.927 12404 RALLYDEBUG rally.task.utils [-] Waiting for resource s_rally_d4d3d433_MMpSoHZF. Status changed: ACTIVE => SHUTOFF in 2.4631404876708984
2020-04-10 04:40:49.259 12404 RALLYDEBUG rally.task.utils [-] Waiting for resource s_rally_d4d3d433_MMpSoHZF. Status changed: ACTIVE => SHUTOFF in 0.21492719650268555
2020-04-10 04:40:49.272 12405 RALLYDEBUG rally.task.utils [-] Waiting for resource s_rally_d4d3d433_emFZtZqa. Status changed: ACTIVE => SHUTOFF in 3.1551129817962646
2020-04-10 04:40:49.581 12405 RALLYDEBUG rally.task.utils [-] Waiting for resource s_rally_d4d3d433_emFZtZqa. Status changed: ACTIVE => SHUTOFF in 0.1937868595123291
2020-04-10 04:40:50.745 12406 RALLYDEBUG rally.task.utils [-] Waiting for resource s_rally_d4d3d433_DVIfTAO3. Status changed: ACTIVE => SHUTOFF in 2.4930646419525146
2020-04-10 04:40:50.814 12407 RALLYDEBUG rally.task.utils [-] Waiting for resource s_rally_d4d3d433_xlBALSQ2. Status changed: SHUTOFF => ACTIVE in 3.7413878440856934
2020-04-10 04:40:51.107 12406 RALLYDEBUG rally.task.utils [-] Waiting for resource s_rally_d4d3d433_DVIfTAO3. Status changed: ACTIVE => SHUTOFF in 0.23700165748596191
2020-04-10 04:40:52.667 12405 RALLYDEBUG rally.task.utils [-] Waiting for resource s_rally_d4d3d433_emFZtZqa. Status changed: SHUTOFF => ACTIVE in 3.08552885055542
2020-04-10 04:40:52.939 12404 RALLYDEBUG rally.task.utils [-] Waiting for resource s_rally_d4d3d433_MMpSoHZF. Status changed: SHUTOFF => ACTIVE in 3.6794345378875732
2020-04-10 04:40:56.023 12406 RALLYDEBUG rally.task.utils [-] Waiting for resource s_rally_d4d3d433_DVIfTAO3. Status changed: SHUTOFF => ACTIVE in 4.916386127471924
2020-04-10 04:40:57.274 12405 RALLYDEBUG rally.task.utils [-] Waiting for resource s_rally_d4d3d433_emFZtZqa. Status changed: ACTIVE => RESCUE in 2.4542224407196045
2020-04-10 04:40:58.539 12407 RALLYDEBUG rally.task.utils [-] Waiting for resource s_rally_d4d3d433_xlBALSQ2. Status changed: ACTIVE => RESCUE in 5.584143161773682
2020-04-10 04:40:59.642 12405 RALLYDEBUG rally.task.utils [-] Waiting for resource s_rally_d4d3d433_emFZtZqa. Status changed: ACTIVE => RESCUE in 0.2137441635131836
2020-04-10 04:40:59.781 12404 RALLYDEBUG rally.task.utils [-] Waiting for resource s_rally_d4d3d433_MMpSoHZF. Status changed: ACTIVE => RESCUE in 4.706918001174927
2020-04-10 04:41:01.019 12407 RALLYDEBUG rally.task.utils [-] Waiting for resource s_rally_d4d3d433_xlBALSQ2. Status changed: ACTIVE => RESCUE in 0.29821300506591797
2020-04-10 04:41:01.861 12405 RALLYDEBUG rally.task.utils [-] Waiting for resource s_rally_d4d3d433_emFZtZqa. Status changed: RESCUE => ACTIVE in 2.219278335571289
2020-04-10 04:41:02.124 12404 RALLYDEBUG rally.task.utils [-] Waiting for resource s_rally_d4d3d433_MMpSoHZF. Status changed: ACTIVE => RESCUE in 0.2104954719543457
2020-04-10 04:41:02.857 12406 RALLYDEBUG rally.task.utils [-] Waiting for resource s_rally_d4d3d433_DVIfTAO3. Status changed: ACTIVE => RESCUE in 4.701647758483887
2020-04-10 04:41:03.246 12407 RALLYDEBUG rally.task.utils [-] Waiting for resource s_rally_d4d3d433_xlBALSQ2. Status changed: RESCUE => ACTIVE in 2.226689577102661
2020-04-10 04:41:04.312 12405 INFO rally.task.runner [-] Task d1d340ee-1fb5-43fe-9c49-f4bcd8af8f08 | ITER: 2 END: OK
2020-04-10 04:41:04.324 12405 INFO rally.task.runner [-] Task d1d340ee-1fb5-43fe-9c49-f4bcd8af8f08 | ITER: 5 START
2020-04-10 04:41:04.346 12404 RALLYDEBUG rally.task.utils [-] Waiting for resource s_rally_d4d3d433_MMpSoHZF. Status changed: RESCUE => ACTIVE in 2.2222037315368652
2020-04-10 04:41:05.190 12406 RALLYDEBUG rally.task.utils [-] Waiting for resource s_rally_d4d3d433_DVIfTAO3. Status changed: ACTIVE => RESCUE in 0.20534610748291016
2020-04-10 04:41:05.875 12407 INFO rally.task.runner [-] Task d1d340ee-1fb5-43fe-9c49-f4bcd8af8f08 | ITER: 4 END: OK
2020-04-10 04:41:05.883 12407 INFO rally.task.runner [-] Task d1d340ee-1fb5-43fe-9c49-f4bcd8af8f08 | ITER: 6 START
2020-04-10 04:41:06.862 12404 INFO rally.task.runner [-] Task d1d340ee-1fb5-43fe-9c49-f4bcd8af8f08 | ITER: 1 END: OK
2020-04-10 04:41:06.869 12404 INFO rally.task.runner [-] Task d1d340ee-1fb5-43fe-9c49-f4bcd8af8f08 | ITER: 7 START
2020-04-10 04:41:07.427 12406 RALLYDEBUG rally.task.utils [-] Waiting for resource s_rally_d4d3d433_DVIfTAO3. Status changed: RESCUE => ACTIVE in 2.2372186183929443
2020-04-10 04:41:10.517 12406 INFO rally.task.runner [-] Task d1d340ee-1fb5-43fe-9c49-f4bcd8af8f08 | ITER: 3 END: OK
2020-04-10 04:41:10.523 12406 INFO rally.task.runner [-] Task d1d340ee-1fb5-43fe-9c49-f4bcd8af8f08 | ITER: 8 START
2020-04-10 04:41:13.135 12405 RALLYDEBUG rally.task.utils [-] Waiting for resource s_rally_d4d3d433_L1r1VUdz. Status changed: BUILD => ACTIVE in 6.813937664031982
2020-04-10 04:41:15.433 12407 RALLYDEBUG rally.task.utils [-] Waiting for resource s_rally_d4d3d433_MLPjzgOZ. Status changed: BUILD => ACTIVE in 7.64610743522644
2020-04-10 04:41:15.505 12405 RALLYDEBUG rally.task.utils [-] Waiting for resource s_rally_d4d3d433_L1r1VUdz. Status changed: ACTIVE => HARD_REBOOT in 0.23214459419250488
2020-04-10 04:41:17.785 12407 RALLYDEBUG rally.task.utils [-] Waiting for resource s_rally_d4d3d433_MLPjzgOZ. Status changed: ACTIVE => HARD_REBOOT in 0.20239615440368652
2020-04-10 04:41:18.678 12404 RALLYDEBUG rally.task.utils [-] Waiting for resource s_rally_d4d3d433_MZzCKblH. Status changed: BUILD => ACTIVE in 9.025011539459229
2020-04-10 04:41:18.724 12405 RALLYDEBUG rally.task.utils [-] Waiting for resource s_rally_d4d3d433_L1r1VUdz. Status changed: HARD_REBOOT => ACTIVE in 3.2181053161621094
2020-04-10 04:41:21.019 12404 RALLYDEBUG rally.task.utils [-] Waiting for resource s_rally_d4d3d433_MZzCKblH. Status changed: ACTIVE => HARD_REBOOT in 0.20957279205322266
2020-04-10 04:41:21.095 12405 RALLYDEBUG rally.task.utils [-] Waiting for resource s_rally_d4d3d433_L1r1VUdz. Status changed: ACTIVE => REBOOT in 0.23438572883605957
2020-04-10 04:41:22.192 12407 RALLYDEBUG rally.task.utils [-] Waiting for resource s_rally_d4d3d433_MLPjzgOZ. Status changed: HARD_REBOOT => ACTIVE in 4.406816720962524
2020-04-10 04:41:22.833 12406 RALLYDEBUG rally.task.utils [-] Waiting for resource s_rally_d4d3d433_BAESm5bh. Status changed: BUILD => ACTIVE in 9.552934408187866
2020-04-10 04:41:23.224 12404 RALLYDEBUG rally.task.utils [-] Waiting for resource s_rally_d4d3d433_MZzCKblH. Status changed: HARD_REBOOT => ACTIVE in 2.204824924468994
2020-04-10 04:41:25.310 12407 RALLYDEBUG rally.task.utils [-] Waiting for resource s_rally_d4d3d433_MLPjzgOZ. Status changed: ACTIVE => REBOOT in 0.9772605895996094
2020-04-10 04:41:25.572 12404 RALLYDEBUG rally.task.utils [-] Waiting for resource s_rally_d4d3d433_MZzCKblH. Status changed: ACTIVE => REBOOT in 0.20990300178527832
2020-04-10 04:41:25.904 12406 RALLYDEBUG rally.task.utils [-] Waiting for resource s_rally_d4d3d433_BAESm5bh. Status changed: ACTIVE => HARD_REBOOT in 0.9303791522979736
2020-04-10 04:41:28.144 12406 RALLYDEBUG rally.task.utils [-] Waiting for resource s_rally_d4d3d433_BAESm5bh. Status changed: HARD_REBOOT => ACTIVE in 2.2399299144744873
2020-04-10 04:41:30.512 12406 RALLYDEBUG rally.task.utils [-] Waiting for resource s_rally_d4d3d433_BAESm5bh. Status changed: ACTIVE => REBOOT in 0.22896599769592285
2020-04-10 04:43:24.087 12405 RALLYDEBUG rally.task.utils [-] Waiting for resource s_rally_d4d3d433_L1r1VUdz. Status changed: REBOOT => ACTIVE in 122.99243545532227
2020-04-10 04:43:26.920 12405 RALLYDEBUG rally.task.utils [-] Waiting for resource s_rally_d4d3d433_L1r1VUdz. Status changed: ACTIVE => SHUTOFF in 2.702073335647583
2020-04-10 04:43:27.346 12405 RALLYDEBUG rally.task.utils [-] Waiting for resource s_rally_d4d3d433_L1r1VUdz. Status changed: ACTIVE => SHUTOFF in 0.31085896492004395
2020-04-10 04:43:28.438 12407 RALLYDEBUG rally.task.utils [-] Waiting for resource s_rally_d4d3d433_MLPjzgOZ. Status changed: REBOOT => ACTIVE in 123.12802600860596
2020-04-10 04:43:31.054 12407 RALLYDEBUG rally.task.utils [-] Waiting for resource s_rally_d4d3d433_MLPjzgOZ. Status changed: ACTIVE => SHUTOFF in 2.498145341873169
2020-04-10 04:43:31.299 12404 RALLYDEBUG rally.task.utils [-] Waiting for resource s_rally_d4d3d433_MZzCKblH. Status changed: REBOOT => ACTIVE in 125.72693610191345
2020-04-10 04:43:31.373 12405 RALLYDEBUG rally.task.utils [-] Waiting for resource s_rally_d4d3d433_L1r1VUdz. Status changed: SHUTOFF => ACTIVE in 4.026987552642822
2020-04-10 04:43:31.403 12407 RALLYDEBUG rally.task.utils [-] Waiting for resource s_rally_d4d3d433_MLPjzgOZ. Status changed: ACTIVE => SHUTOFF in 0.22423171997070312
2020-04-10 04:43:33.886 12404 RALLYDEBUG rally.task.utils [-] Waiting for resource s_rally_d4d3d433_MZzCKblH. Status changed: ACTIVE => SHUTOFF in 2.4680421352386475
2020-04-10 04:43:33.982 12406 RALLYDEBUG rally.task.utils [-] Waiting for resource s_rally_d4d3d433_BAESm5bh. Status changed: REBOOT => ACTIVE in 123.4697916507721
2020-04-10 04:43:34.232 12404 RALLYDEBUG rally.task.utils [-] Waiting for resource s_rally_d4d3d433_MZzCKblH. Status changed: ACTIVE => SHUTOFF in 0.2248842716217041
2020-04-10 04:43:35.145 12407 RALLYDEBUG rally.task.utils [-] Waiting for resource s_rally_d4d3d433_MLPjzgOZ. Status changed: SHUTOFF => ACTIVE in 3.7416062355041504
2020-04-10 04:43:36.484 12406 RALLYDEBUG rally.task.utils [-] Waiting for resource s_rally_d4d3d433_BAESm5bh. Status changed: ACTIVE => SHUTOFF in 2.3821635246276855
2020-04-10 04:43:36.961 12406 RALLYDEBUG rally.task.utils [-] Waiting for resource s_rally_d4d3d433_BAESm5bh. Status changed: ACTIVE => SHUTOFF in 0.3645660877227783
2020-04-10 04:43:38.196 12405 RALLYDEBUG rally.task.utils [-] Waiting for resource s_rally_d4d3d433_L1r1VUdz. Status changed: ACTIVE => RESCUE in 4.707173109054565
2020-04-10 04:43:38.558 12404 RALLYDEBUG rally.task.utils [-] Waiting for resource s_rally_d4d3d433_MZzCKblH. Status changed: SHUTOFF => ACTIVE in 4.325703382492065
2020-04-10 04:43:40.726 12405 RALLYDEBUG rally.task.utils [-] Waiting for resource s_rally_d4d3d433_L1r1VUdz. Status changed: ACTIVE => RESCUE in 0.4020423889160156
2020-04-10 04:43:41.827 12406 RALLYDEBUG rally.task.utils [-] Waiting for resource s_rally_d4d3d433_BAESm5bh. Status changed: SHUTOFF => ACTIVE in 4.865814208984375
2020-04-10 04:43:42.059 12407 RALLYDEBUG rally.task.utils [-] Waiting for resource s_rally_d4d3d433_MLPjzgOZ. Status changed: ACTIVE => RESCUE in 4.782367467880249
2020-04-10 04:43:42.929 12405 RALLYDEBUG rally.task.utils [-] Waiting for resource s_rally_d4d3d433_L1r1VUdz. Status changed: RESCUE => ACTIVE in 2.2031168937683105
2020-04-10 04:43:44.391 12407 RALLYDEBUG rally.task.utils [-] Waiting for resource s_rally_d4d3d433_MLPjzgOZ. Status changed: ACTIVE => RESCUE in 0.20671916007995605
2020-04-10 04:43:46.050 12404 RALLYDEBUG rally.task.utils [-] Waiting for resource s_rally_d4d3d433_MZzCKblH. Status changed: ACTIVE => RESCUE in 5.357943058013916
2020-04-10 04:43:46.226 12405 INFO rally.task.runner [-] Task d1d340ee-1fb5-43fe-9c49-f4bcd8af8f08 | ITER: 5 END: OK
2020-04-10 04:43:46.232 12405 INFO rally.task.runner [-] Task d1d340ee-1fb5-43fe-9c49-f4bcd8af8f08 | ITER: 9 START
