2020-04-10 04:53:10.654 12937 RALLYDEBUG rally.task.utils [-] Waiting for resource s_rally_06d8496c_6PrMYLk5. Status changed: QUEUED => SAVING in 6.138974666595459
2020-04-10 04:53:11.597 12938 RALLYDEBUG rally.task.utils [-] Waiting for resource s_rally_06d8496c_rQ3ur8Xx. Status changed: BUILD => ACTIVE in 36.06586050987244
2020-04-10 04:53:13.234 12939 RALLYDEBUG rally.task.utils [-] Waiting for resource s_rally_06d8496c_qP4bNs0d. Status changed: BUILD => ACTIVE in 36.97208881378174
2020-04-10 04:53:14.152 12938 WARNING /usr/lib/python3.7/site-packages/rally_openstack/scenarios/nova/utils.py [-] Method '_delete_image' of NovaScenario class is deprecated since Rally 0.10.0. Use GlanceUtils instead.
2020-04-10 04:53:14.606 12936 RALLYDEBUG rally.task.utils [-] Waiting for resource s_rally_06d8496c_cyOkXlpR. Status changed: BUILD => ACTIVE in 37.04826021194458
2020-04-10 04:53:14.910 12938 DEBUG glanceclient.common.http [-] Request returned failure status 404. _handle_response /usr/lib/python3.7/site-packages/glanceclient/common/http.py:125
2020-04-10 04:53:14.915 12938 INFO rally.task.runner [-] Task d1d340ee-1fb5-43fe-9c49-f4bcd8af8f08 | ITER: 3 END: OK
2020-04-10 04:53:14.920 12938 INFO rally.task.runner [-] Task d1d340ee-1fb5-43fe-9c49-f4bcd8af8f08 | ITER: 6 START
2020-04-10 04:53:16.759 12937 RALLYDEBUG rally.task.utils [-] Waiting for resource s_rally_06d8496c_6PrMYLk5. Status changed: SAVING => ACTIVE in 6.104897737503052
2020-04-10 04:53:17.377 12936 WARNING /usr/lib/python3.7/site-packages/rally_openstack/scenarios/nova/utils.py [-] Method '_delete_image' of NovaScenario class is deprecated since Rally 0.10.0. Use GlanceUtils instead.
2020-04-10 04:53:17.979 12939 WARNING /usr/lib/python3.7/site-packages/rally_openstack/scenarios/nova/utils.py [-] Method '_delete_image' of NovaScenario class is deprecated since Rally 0.10.0. Use GlanceUtils instead.
2020-04-10 04:53:18.033 12936 DEBUG glanceclient.common.http [-] Request returned failure status 404. _handle_response /usr/lib/python3.7/site-packages/glanceclient/common/http.py:125
2020-04-10 04:53:18.037 12936 INFO rally.task.runner [-] Task d1d340ee-1fb5-43fe-9c49-f4bcd8af8f08 | ITER: 1 END: OK
2020-04-10 04:53:18.043 12936 INFO rally.task.runner [-] Task d1d340ee-1fb5-43fe-9c49-f4bcd8af8f08 | ITER: 7 START
2020-04-10 04:53:18.558 12939 DEBUG glanceclient.common.http [-] Request returned failure status 404. _handle_response /usr/lib/python3.7/site-packages/glanceclient/common/http.py:125
2020-04-10 04:53:18.561 12939 INFO rally.task.runner [-] Task d1d340ee-1fb5-43fe-9c49-f4bcd8af8f08 | ITER: 4 END: OK
2020-04-10 04:53:18.567 12939 INFO rally.task.runner [-] Task d1d340ee-1fb5-43fe-9c49-f4bcd8af8f08 | ITER: 8 START
2020-04-10 04:53:24.287 12938 RALLYDEBUG rally.task.utils [-] Waiting for resource s_rally_06d8496c_uNCg4UzE. Status changed: BUILD => ACTIVE in 7.103323459625244
2020-04-10 04:53:30.811 12938 RALLYDEBUG rally.task.utils [-] Waiting for resource s_rally_06d8496c_uNCg4UzE. Status changed: QUEUED => SAVING in 6.143082857131958
2020-04-10 04:53:36.382 12939 RALLYDEBUG rally.task.utils [-] Waiting for resource s_rally_06d8496c_zdGb55kd. Status changed: BUILD => ACTIVE in 15.863359451293945
2020-04-10 04:53:36.721 12936 RALLYDEBUG rally.task.utils [-] Waiting for resource s_rally_06d8496c_KJPi7uDu. Status changed: BUILD => ACTIVE in 16.69997525215149
2020-04-10 04:53:36.923 12938 RALLYDEBUG rally.task.utils [-] Waiting for resource s_rally_06d8496c_uNCg4UzE. Status changed: SAVING => ACTIVE in 6.112439393997192
2020-04-10 04:53:37.653 12937 RALLYDEBUG rally.task.utils [-] Waiting for resource s_rally_06d8496c_7ZvMRPhE. Status changed: BUILD => ACTIVE in 16.382225275039673
2020-04-10 04:53:40.195 12937 WARNING /usr/lib/python3.7/site-packages/rally_openstack/scenarios/nova/utils.py [-] Method '_delete_image' of NovaScenario class is deprecated since Rally 0.10.0. Use GlanceUtils instead.
2020-04-10 04:53:40.897 12937 DEBUG glanceclient.common.http [-] Request returned failure status 404. _handle_response /usr/lib/python3.7/site-packages/glanceclient/common/http.py:125
2020-04-10 04:53:40.898 12937 INFO rally.task.runner [-] Task d1d340ee-1fb5-43fe-9c49-f4bcd8af8f08 | ITER: 5 END: OK
2020-04-10 04:53:40.903 12937 INFO rally.task.runner [-] Task d1d340ee-1fb5-43fe-9c49-f4bcd8af8f08 | ITER: 9 START
2020-04-10 04:53:42.892 12939 RALLYDEBUG rally.task.utils [-] Waiting for resource s_rally_06d8496c_zdGb55kd. Status changed: QUEUED => SAVING in 6.131402015686035
2020-04-10 04:53:43.224 12936 RALLYDEBUG rally.task.utils [-] Waiting for resource s_rally_06d8496c_KJPi7uDu. Status changed: QUEUED => SAVING in 6.1337339878082275
2020-04-10 04:53:55.110 12939 RALLYDEBUG rally.task.utils [-] Waiting for resource s_rally_06d8496c_zdGb55kd. Status changed: SAVING => ACTIVE in 12.218156099319458
2020-04-10 04:53:55.440 12936 RALLYDEBUG rally.task.utils [-] Waiting for resource s_rally_06d8496c_KJPi7uDu. Status changed: SAVING => ACTIVE in 12.215664386749268
2020-04-10 04:53:58.072 12937 RALLYDEBUG rally.task.utils [-] Waiting for resource s_rally_06d8496c_a954CEyv. Status changed: BUILD => ACTIVE in 14.490785598754883
2020-04-10 04:53:58.308 12938 RALLYDEBUG rally.task.utils [-] Waiting for resource s_rally_06d8496c_MAQtDNcR. Status changed: BUILD => ACTIVE in 16.933752298355103
2020-04-10 04:54:02.860 12938 WARNING /usr/lib/python3.7/site-packages/rally_openstack/scenarios/nova/utils.py [-] Method '_delete_image' of NovaScenario class is deprecated since Rally 0.10.0. Use GlanceUtils instead.
2020-04-10 04:54:03.502 12938 DEBUG glanceclient.common.http [-] Request returned failure status 404. _handle_response /usr/lib/python3.7/site-packages/glanceclient/common/http.py:125
2020-04-10 04:54:03.503 12938 INFO rally.task.runner [-] Task d1d340ee-1fb5-43fe-9c49-f4bcd8af8f08 | ITER: 6 END: OK
2020-04-10 04:54:03.509 12938 INFO rally.task.runner [-] Task d1d340ee-1fb5-43fe-9c49-f4bcd8af8f08 | ITER: 10 START
2020-04-10 04:54:04.602 12937 RALLYDEBUG rally.task.utils [-] Waiting for resource s_rally_06d8496c_a954CEyv. Status changed: QUEUED => SAVING in 6.136611700057983
2020-04-10 04:54:12.213 12938 RALLYDEBUG rally.task.utils [-] Waiting for resource s_rally_06d8496c_Vj0f7VUc. Status changed: BUILD => ACTIVE in 6.852660894393921
2020-04-10 04:54:14.808 12937 RALLYDEBUG rally.task.utils [-] Waiting for resource s_rally_06d8496c_a954CEyv. Status changed: SAVING => ACTIVE in 10.205934286117554
2020-04-10 04:54:18.944 12938 RALLYDEBUG rally.task.utils [-] Waiting for resource s_rally_06d8496c_Vj0f7VUc. Status changed: QUEUED => SAVING in 6.128681182861328
2020-04-10 04:54:25.809 12936 RALLYDEBUG rally.task.utils [-] Waiting for resource s_rally_06d8496c_CYBKcEA9. Status changed: BUILD => ACTIVE in 24.153517484664917
2020-04-10 04:54:28.591 12939 RALLYDEBUG rally.task.utils [-] Waiting for resource s_rally_06d8496c_fpS6Z9LC. Status changed: BUILD => ACTIVE in 26.83474588394165
2020-04-10 04:54:30.630 12936 WARNING /usr/lib/python3.7/site-packages/rally_openstack/scenarios/nova/utils.py [-] Method '_delete_image' of NovaScenario class is deprecated since Rally 0.10.0. Use GlanceUtils instead.
2020-04-10 04:54:31.147 12936 DEBUG glanceclient.common.http [-] Request returned failure status 404. _handle_response /usr/lib/python3.7/site-packages/glanceclient/common/http.py:125
2020-04-10 04:54:31.148 12936 INFO rally.task.runner [-] Task d1d340ee-1fb5-43fe-9c49-f4bcd8af8f08 | ITER: 7 END: OK
2020-04-10 04:54:35.856 12937 RALLYDEBUG rally.task.utils [-] Waiting for resource s_rally_06d8496c_KL9S7AsJ. Status changed: BUILD => ACTIVE in 16.05504322052002
2020-04-10 04:54:37.285 12938 RALLYDEBUG rally.task.utils [-] Waiting for resource s_rally_06d8496c_Vj0f7VUc. Status changed: SAVING => ACTIVE in 18.34085750579834
2020-04-10 04:54:37.305 12939 WARNING /usr/lib/python3.7/site-packages/rally_openstack/scenarios/nova/utils.py [-] Method '_delete_image' of NovaScenario class is deprecated since Rally 0.10.0. Use GlanceUtils instead.
2020-04-10 04:54:37.945 12939 DEBUG glanceclient.common.http [-] Request returned failure status 404. _handle_response /usr/lib/python3.7/site-packages/glanceclient/common/http.py:125
2020-04-10 04:54:37.946 12939 INFO rally.task.runner [-] Task d1d340ee-1fb5-43fe-9c49-f4bcd8af8f08 | ITER: 8 END: OK
2020-04-10 04:54:38.410 12937 WARNING /usr/lib/python3.7/site-packages/rally_openstack/scenarios/nova/utils.py [-] Method '_delete_image' of NovaScenario class is deprecated since Rally 0.10.0. Use GlanceUtils instead.
2020-04-10 04:54:39.039 12937 DEBUG glanceclient.common.http [-] Request returned failure status 404. _handle_response /usr/lib/python3.7/site-packages/glanceclient/common/http.py:125
2020-04-10 04:54:39.041 12937 INFO rally.task.runner [-] Task d1d340ee-1fb5-43fe-9c49-f4bcd8af8f08 | ITER: 9 END: OK
2020-04-10 04:55:00.422 12938 RALLYDEBUG rally.task.utils [-] Waiting for resource s_rally_06d8496c_JNFLivxe. Status changed: BUILD => ACTIVE in 15.787740230560303
2020-04-10 04:55:02.851 12938 WARNING /usr/lib/python3.7/site-packages/rally_openstack/scenarios/nova/utils.py [-] Method '_delete_image' of NovaScenario class is deprecated since Rally 0.10.0. Use GlanceUtils instead.
2020-04-10 04:55:03.496 12938 DEBUG glanceclient.common.http [-] Request returned failure status 404. _handle_response /usr/lib/python3.7/site-packages/glanceclient/common/http.py:125
2020-04-10 04:55:03.497 12938 INFO rally.task.runner [-] Task d1d340ee-1fb5-43fe-9c49-f4bcd8af8f08 | ITER: 10 END: OK
2020-04-10 04:55:03.527 12083 INFO rally.task.context [-] Task d1d340ee-1fb5-43fe-9c49-f4bcd8af8f08 | Context cleanup@openstack cleanup() started
2020-04-10 04:55:03.531 12083 RALLYDEBUG rally_openstack.cleanup.manager [-] Cleaning up nova servers objects
2020-04-10 04:55:04.204 12083 RALLYDEBUG rally_openstack.cleanup.manager [-] Cleaning up nova server_groups objects
2020-04-10 04:55:04.864 12083 RALLYDEBUG rally_openstack.cleanup.manager [-] Cleaning up nova keypairs objects
2020-04-10 04:55:05.789 12083 RALLYDEBUG rally_openstack.cleanup.manager [-] Cleaning up glance images objects
2020-04-10 04:55:06.500 12083 INFO rally.task.context [-] Task d1d340ee-1fb5-43fe-9c49-f4bcd8af8f08 | Context cleanup@openstack cleanup() finished in 2.97 sec
2020-04-10 04:55:06.501 12083 INFO rally.task.context [-] Task d1d340ee-1fb5-43fe-9c49-f4bcd8af8f08 | Context network@openstack cleanup() started
2020-04-10 04:55:24.452 12083 INFO rally.task.context [-] Task d1d340ee-1fb5-43fe-9c49-f4bcd8af8f08 | Context network@openstack cleanup() finished in 17.95 sec
2020-04-10 04:55:24.453 12083 INFO rally.task.context [-] Task d1d340ee-1fb5-43fe-9c49-f4bcd8af8f08 | Context quotas@openstack cleanup() started
2020-04-10 04:55:24.608 12083 INFO rally.task.context [-] Task d1d340ee-1fb5-43fe-9c49-f4bcd8af8f08 | Context quotas@openstack cleanup() finished in 0.15 sec
2020-04-10 04:55:24.608 12083 INFO rally.task.context [-] Task d1d340ee-1fb5-43fe-9c49-f4bcd8af8f08 | Context users@openstack cleanup() started
2020-04-10 04:55:24.747 12083 WARNING rally.common.logging [-] `iterate_per_tenants()' is deprecated in v3.0.0: it is openstack specific.. Used at
2020-04-10 04:55:26.968 12083 INFO rally.task.context [-] Task d1d340ee-1fb5-43fe-9c49-f4bcd8af8f08 | Context users@openstack cleanup() finished in 2.36 sec
2020-04-10 04:55:28.698 12083 INFO rally.task.engine [-] Load duration is: 184.317576
2020-04-10 04:55:28.699 12083 INFO rally.task.engine [-] Full runner duration is: 186.369735
2020-04-10 04:55:28.699 12083 INFO rally.task.engine [-] Full duration is: 233.365167
2020-04-10 04:55:28.799 12083 INFO rally.task.engine [-] Running workload: position = 0 config = { "version": 2, "title": "A cropped version of a bigger task.", "description": "Auto-generated task from a single workload (uuid=08147f7e-4aa6-4660-9a31-4a125d1b3e02)", "subtasks": [ { "title": "NovaServers.boot_server_from_volume", "description": "Boot a server from volume.", "scenario": { "NovaServers.boot_server_from_volume": { "flavor": { "name": "rally_full-flavor_904cbf3a-2ea6-4f0d-90b5-c5ed3d669543" }, "image": { "name": "rally_full-img_904cbf3a-2ea6-4f0d-90b5-c5ed3d669543" }, "volume_size": 1, "nics": [ { "net-id": "22362b54-3fa0-4639-b461-978014ed8faf" } ] } }, "contexts": { "users": { "tenants": 3, "users_per_tenant": 2 }, "api_versions": { "cinder": { "version": 3, "service_type": "volumev3" } } }, "runner": { "constant": { "concurrency": 4, "times": 10 } }, "hooks": [], "sla": { "failure_rate": { "max": 0 } } } ] }
2020-04-10 04:55:28.819 12083 RALLYDEBUG rally_openstack.contexts.keystone.users [-] Creating 3 tenants using 3 threads
2020-04-10 04:55:29.271 12083 RALLYDEBUG rally_openstack.contexts.keystone.users [-] Creating 6 users using 6 threads
2020-04-10 04:55:30.182 12083 INFO rally.task.context [-] Task d1d340ee-1fb5-43fe-9c49-f4bcd8af8f08 | Context users@openstack setup() finished in 1.36 sec
2020-04-10 04:55:30.313 12083 INFO rally.task.context [-] Task d1d340ee-1fb5-43fe-9c49-f4bcd8af8f08 | Context api_versions@openstack setup() finished in 0.13 sec
2020-04-10 04:55:30.314 12083 INFO rally.task.context [-] Task d1d340ee-1fb5-43fe-9c49-f4bcd8af8f08 | Context cleanup@openstack setup() finished in 0.00 msec
2020-04-10 04:55:30.793 12083 RALLYDEBUG rally.task.runner [-] Starting the constant runner (task UUID: d1d340ee-1fb5-43fe-9c49-f4bcd8af8f08). times: 10 concurrency: 4 timeout: 0 max_cpu_used: 88 processes_to_start: 4 concurrency_per_worker: 1 concurrency_overhead: 0
2020-04-10 04:55:30.806 13089 RALLYDEBUG rally.task.runner [-] Starting a worker. times: 10 duration: None concurrency: 1 timeout: 0 cls: method_name: run args: {"flavor": "f17c0487-351b-48c5-baa4-be5129fdc368", "image": "fb2519f7-fd71-4231-bbb1-c2646090e539", "volume_size": 1, "nics": [{"net-id": "22362b54-3fa0-4639-b461-978014ed8faf"}]}
2020-04-10 04:55:30.810 13090 RALLYDEBUG rally.task.runner [-] Starting a worker. times: 10 duration: None concurrency: 1 timeout: 0 cls: method_name: run args: {"flavor": "f17c0487-351b-48c5-baa4-be5129fdc368", "image": "fb2519f7-fd71-4231-bbb1-c2646090e539", "volume_size": 1, "nics": [{"net-id": "22362b54-3fa0-4639-b461-978014ed8faf"}]}
2020-04-10 04:55:30.812 13091 RALLYDEBUG rally.task.runner [-] Starting a worker. times: 10 duration: None concurrency: 1 timeout: 0 cls: method_name: run args: {"flavor": "f17c0487-351b-48c5-baa4-be5129fdc368", "image": "fb2519f7-fd71-4231-bbb1-c2646090e539", "volume_size": 1, "nics": [{"net-id": "22362b54-3fa0-4639-b461-978014ed8faf"}]}
2020-04-10 04:55:30.813 13089 INFO rally.task.runner [-] Task d1d340ee-1fb5-43fe-9c49-f4bcd8af8f08 | ITER: 1 START
2020-04-10 04:55:30.815 13092 RALLYDEBUG rally.task.runner [-] Starting a worker. times: 10 duration: None concurrency: 1 timeout: 0 cls: method_name: run args: {"flavor": "f17c0487-351b-48c5-baa4-be5129fdc368", "image": "fb2519f7-fd71-4231-bbb1-c2646090e539", "volume_size": 1, "nics": [{"net-id": "22362b54-3fa0-4639-b461-978014ed8faf"}]}
2020-04-10 04:55:30.817 13090 INFO rally.task.runner [-] Task d1d340ee-1fb5-43fe-9c49-f4bcd8af8f08 | ITER: 2 START
2020-04-10 04:55:30.818 13091 INFO rally.task.runner [-] Task d1d340ee-1fb5-43fe-9c49-f4bcd8af8f08 | ITER: 3 START
2020-04-10 04:55:30.822 13092 INFO rally.task.runner [-] Task d1d340ee-1fb5-43fe-9c49-f4bcd8af8f08 | ITER: 4 START
2020-04-10 04:55:35.851 13090 RALLYDEBUG rally.task.utils [-] Waiting for resource s_rally_08147f7e_Vspn6MNa. Status changed: DOWNLOADING => AVAILABLE in 2.2601146697998047
2020-04-10 04:55:35.941 13092 RALLYDEBUG rally.task.utils [-] Waiting for resource s_rally_08147f7e_65HwRaPH. Status changed: DOWNLOADING => AVAILABLE in 2.2868080139160156
2020-04-10 04:55:36.182 13089 RALLYDEBUG rally.task.utils [-] Waiting for resource s_rally_08147f7e_4QbVoSze. Status changed: DOWNLOADING => AVAILABLE in 2.2980830669403076
2020-04-10 04:55:36.308 13091 RALLYDEBUG rally.task.utils [-] Waiting for resource s_rally_08147f7e_GepZ56Bs. Status changed: DOWNLOADING => AVAILABLE in 2.675351142883301
2020-04-10 04:55:46.071 13091 RALLYDEBUG rally.task.utils [-] Waiting for resource s_rally_08147f7e_NZkckLhk. Status changed: BUILD => ACTIVE in 6.985720872879028
2020-04-10 04:55:46.072 13091 INFO rally.task.runner [-] Task d1d340ee-1fb5-43fe-9c49-f4bcd8af8f08 | ITER: 3 END: OK
2020-04-10 04:55:46.076 13091 INFO rally.task.runner [-] Task d1d340ee-1fb5-43fe-9c49-f4bcd8af8f08 | ITER: 5 START
2020-04-10 04:55:47.407 13089 RALLYDEBUG rally.task.utils [-] Waiting for resource s_rally_08147f7e_1xBAU1fU. Status changed: BUILD => ACTIVE in 9.115676164627075
2020-04-10 04:55:47.408 13089 INFO rally.task.runner [-] Task d1d340ee-1fb5-43fe-9c49-f4bcd8af8f08 | ITER: 1 END: OK
2020-04-10 04:55:47.414 13089 INFO rally.task.runner [-] Task d1d340ee-1fb5-43fe-9c49-f4bcd8af8f08 | ITER: 6 START
2020-04-10 04:55:47.928 13092 RALLYDEBUG rally.task.utils [-] Waiting for resource s_rally_08147f7e_M9rOWILv. Status changed: BUILD => ACTIVE in 9.90431523323059
2020-04-10 04:55:47.928 13092 INFO rally.task.runner [-] Task d1d340ee-1fb5-43fe-9c49-f4bcd8af8f08 | ITER: 4 END: OK
2020-04-10 04:55:47.932 13092 INFO rally.task.runner [-] Task d1d340ee-1fb5-43fe-9c49-f4bcd8af8f08 | ITER: 7 START
2020-04-10 04:55:48.215 13090 RALLYDEBUG rally.task.utils [-] Waiting for resource s_rally_08147f7e_OoY723wc. Status changed: BUILD => ACTIVE in 10.003439903259277
2020-04-10 04:55:48.216 13090 INFO rally.task.runner [-] Task d1d340ee-1fb5-43fe-9c49-f4bcd8af8f08 | ITER: 2 END: OK
2020-04-10 04:55:48.220 13090 INFO rally.task.runner [-] Task d1d340ee-1fb5-43fe-9c49-f4bcd8af8f08 | ITER: 8 START
2020-04-10 04:55:50.984 13091 RALLYDEBUG rally.task.utils [-] Waiting for resource s_rally_08147f7e_dS3Dd7wC. Status changed: DOWNLOADING => AVAILABLE in 2.2271597385406494
2020-04-10 04:55:52.293 13089 RALLYDEBUG rally.task.utils [-] Waiting for resource s_rally_08147f7e_McyWNSe0. Status changed: DOWNLOADING => AVAILABLE in 2.2352101802825928
2020-04-10 04:55:52.789 13092 RALLYDEBUG rally.task.utils [-] Waiting for resource s_rally_08147f7e_AaOKPSB0. Status changed: DOWNLOADING => AVAILABLE in 2.248866081237793
2020-04-10 04:55:53.094 13090 RALLYDEBUG rally.task.utils [-] Waiting for resource s_rally_08147f7e_Ir7LWK8Q. Status changed: DOWNLOADING => AVAILABLE in 2.220702648162842
2020-04-10 04:55:58.106 13091 RALLYDEBUG rally.task.utils [-] Waiting for resource s_rally_08147f7e_Laf5n9OR. Status changed: BUILD => ACTIVE in 4.787377834320068
2020-04-10 04:55:58.109 13091 INFO rally.task.runner [-] Task d1d340ee-1fb5-43fe-9c49-f4bcd8af8f08 | ITER: 5 END: OK
2020-04-10 04:55:58.116 13091 INFO rally.task.runner [-] Task d1d340ee-1fb5-43fe-9c49-f4bcd8af8f08 | ITER: 9 START
2020-04-10 04:56:02.305 13089 RALLYDEBUG rally.task.utils [-] Waiting for resource s_rally_08147f7e_A491vpVl. Status changed: BUILD => ACTIVE in 7.068890571594238
2020-04-10 04:56:02.306 13089 INFO rally.task.runner [-] Task d1d340ee-1fb5-43fe-9c49-f4bcd8af8f08 | ITER: 6 END: OK
2020-04-10 04:56:02.313 13089 INFO rally.task.runner [-] Task d1d340ee-1fb5-43fe-9c49-f4bcd8af8f08 | ITER: 10 START
2020-04-10 04:56:02.910 13091 RALLYDEBUG rally.task.utils [-] Waiting for resource s_rally_08147f7e_thW4hEha. Status changed: DOWNLOADING => AVAILABLE in 2.2326362133026123
2020-04-10 04:56:04.599 13092 RALLYDEBUG rally.task.utils [-] Waiting for resource s_rally_08147f7e_gad0UCFv. Status changed: BUILD => ACTIVE in 9.113601446151733
2020-04-10 04:56:04.601 13092 INFO rally.task.runner [-] Task d1d340ee-1fb5-43fe-9c49-f4bcd8af8f08 | ITER: 7 END: OK
2020-04-10 04:56:04.968 13090 RALLYDEBUG rally.task.utils [-] Waiting for resource s_rally_08147f7e_6QJbTfjf. Status changed: BUILD => ACTIVE in 9.75809121131897
2020-04-10 04:56:04.969 13090 INFO rally.task.runner [-] Task d1d340ee-1fb5-43fe-9c49-f4bcd8af8f08 | ITER: 8 END: OK
2020-04-10 04:56:07.168 13089 RALLYDEBUG rally.task.utils [-] Waiting for resource s_rally_08147f7e_ttXT1vY6. Status changed: DOWNLOADING => AVAILABLE in 2.243837833404541
2020-04-10 04:56:13.071 13091 RALLYDEBUG rally.task.utils [-] Waiting for resource s_rally_08147f7e_afnKGOdy. Status changed: BUILD => ACTIVE in 7.463865756988525
2020-04-10 04:56:13.072 13091 INFO rally.task.runner [-] Task d1d340ee-1fb5-43fe-9c49-f4bcd8af8f08 | ITER: 9 END: OK
2020-04-10 04:56:14.544 13089 RALLYDEBUG rally.task.utils [-] Waiting for resource s_rally_08147f7e_5dVOPXvK. Status changed: BUILD => ACTIVE in 4.6026036739349365
2020-04-10 04:56:14.545 13089 INFO rally.task.runner [-] Task d1d340ee-1fb5-43fe-9c49-f4bcd8af8f08 | ITER: 10 END: OK
2020-04-10 04:56:14.571 12083 INFO rally.task.context [-] Task d1d340ee-1fb5-43fe-9c49-f4bcd8af8f08 | Context cleanup@openstack cleanup() started
2020-04-10 04:56:14.579 12083 RALLYDEBUG rally_openstack.cleanup.manager [-] Cleaning up nova servers objects
2020-04-10 04:56:16.197 12083 RALLYDEBUG rally_openstack.cleanup.manager [-] Deleting nova.servers object s_rally_08147f7e_Laf5n9OR (e0124970-3022-4bda-82c1-7df421467c74)
2020-04-10 04:56:16.199 12083 RALLYDEBUG rally_openstack.cleanup.manager [-] Deleting nova.servers object s_rally_08147f7e_M9rOWILv (eeb50aaa-2807-46bf-8d30-8c6a574cbf36)
2020-04-10 04:56:16.204 12083 RALLYDEBUG rally_openstack.cleanup.manager [-] Deleting nova.servers object s_rally_08147f7e_5dVOPXvK (c5abb0ac-ebd5-4235-b60b-dac1d7f92e01)
2020-04-10 04:56:16.209 12083 RALLYDEBUG rally_openstack.cleanup.manager [-] Deleting nova.servers object s_rally_08147f7e_afnKGOdy (b4f58cd1-6ab2-4348-84c8-55128fabf33e)
2020-04-10 04:56:16.210 12083 RALLYDEBUG rally_openstack.cleanup.manager [-] Deleting nova.servers object s_rally_08147f7e_A491vpVl (b08bdfc2-214e-4ad5-8e5c-729c924cb912)
2020-04-10 04:56:16.222 12083 RALLYDEBUG rally_openstack.cleanup.manager [-] Deleting nova.servers object s_rally_08147f7e_gad0UCFv (2cfeee66-fae4-4dd9-be5c-0deaa12eb051)
2020-04-10 04:56:16.238 12083 RALLYDEBUG rally_openstack.cleanup.manager [-] Deleting nova.servers object s_rally_08147f7e_NZkckLhk (c871b2c7-bd0d-4346-bee0-0f782b2b5f91)
2020-04-10 04:56:16.243 12083 RALLYDEBUG rally_openstack.cleanup.manager [-] Deleting nova.servers object s_rally_08147f7e_1xBAU1fU (cc1a9649-4281-4f2e-8500-65fa9a6880b5)
2020-04-10 04:56:16.258 12083 RALLYDEBUG rally_openstack.cleanup.manager [-] Deleting nova.servers object s_rally_08147f7e_6QJbTfjf (e3189a9d-a379-40ff-8728-4f509433f035)
2020-04-10 04:56:16.262 12083 RALLYDEBUG rally_openstack.cleanup.manager [-] Deleting nova.servers object s_rally_08147f7e_OoY723wc (a177d94b-d1a9-485b-9543-7c2a98be2061)
2020-04-10 04:56:23.467 12083 RALLYDEBUG rally_openstack.cleanup.manager [-] Cleaning up nova server_groups objects
2020-04-10 04:56:23.964 12083 RALLYDEBUG rally_openstack.cleanup.manager [-] Cleaning up nova keypairs objects
2020-04-10 04:56:25.125 12083 RALLYDEBUG rally_openstack.cleanup.manager [-] Cleaning up cinder backups objects
2020-04-10 04:56:25.647 12083 RALLYDEBUG rally_openstack.cleanup.manager [-] Cleaning up cinder volume_snapshots objects
2020-04-10 04:56:26.070 12083 RALLYDEBUG rally_openstack.cleanup.manager [-] Cleaning up cinder transfers objects
2020-04-10 04:56:26.487 12083 RALLYDEBUG rally_openstack.cleanup.manager [-] Cleaning up cinder volumes objects
2020-04-10 04:56:27.103 12083 RALLYDEBUG rally_openstack.cleanup.manager [-] Deleting cinder.volumes object s_rally_08147f7e_McyWNSe0 (8c7468fc-6c55-4376-96e5-f949f74180ff)
2020-04-10 04:56:27.113 12083 RALLYDEBUG rally_openstack.cleanup.manager [-] Deleting cinder.volumes object s_rally_08147f7e_65HwRaPH (79f70019-2b2b-407e-b54b-7d8e42ca7f0a)
2020-04-10 04:56:27.108 12083 RALLYDEBUG rally_openstack.cleanup.manager [-] Deleting cinder.volumes object s_rally_08147f7e_dS3Dd7wC (a6060158-d7dd-4341-b37d-51c97a9c8a93)
2020-04-10 04:56:27.119 12083 RALLYDEBUG rally_openstack.cleanup.manager [-] Deleting cinder.volumes object s_rally_08147f7e_ttXT1vY6 (3ee29e9a-18aa-4bd8-957d-4073e826620a)
2020-04-10 04:56:27.151 12083 RALLYDEBUG rally_openstack.cleanup.manager [-] Deleting cinder.volumes object s_rally_08147f7e_Ir7LWK8Q (663126d9-9dbe-4e55-b8de-3070640b77b9)
2020-04-10 04:56:27.159 12083 RALLYDEBUG rally_openstack.cleanup.manager [-] Deleting cinder.volumes object s_rally_08147f7e_AaOKPSB0 (149da7b9-959f-4e62-9e4a-4db81595af3c)
2020-04-10 04:56:27.174 12083 RALLYDEBUG rally_openstack.cleanup.manager [-] Deleting cinder.volumes object s_rally_08147f7e_4QbVoSze (af948a4d-6e52-4b56-aa68-591dad1e4edd)
2020-04-10 04:56:27.145 12083 RALLYDEBUG rally_openstack.cleanup.manager [-] Deleting cinder.volumes object s_rally_08147f7e_thW4hEha (3782f26f-bdcc-4d97-bde7-657bddc56b18)
2020-04-10 04:56:27.205 12083 RALLYDEBUG rally_openstack.cleanup.manager [-] Deleting cinder.volumes object s_rally_08147f7e_Vspn6MNa (53ea0cec-34b8-4bc9-8275-7cb9833e6e2e)
2020-04-10 04:56:27.202 12083 RALLYDEBUG rally_openstack.cleanup.manager [-] Deleting cinder.volumes object s_rally_08147f7e_GepZ56Bs (814ceac2-3079-4969-b2d6-c4eebb2ec184)
2020-04-10 04:56:29.756 12083 INFO rally.task.context [-] Task d1d340ee-1fb5-43fe-9c49-f4bcd8af8f08 | Context cleanup@openstack cleanup() finished in 15.18 sec
2020-04-10 04:56:29.756 12083 INFO rally.task.context [-] Task d1d340ee-1fb5-43fe-9c49-f4bcd8af8f08 | Context api_versions@openstack cleanup() started
2020-04-10 04:56:29.757 12083 INFO rally.task.context [-] Task d1d340ee-1fb5-43fe-9c49-f4bcd8af8f08 | Context api_versions@openstack cleanup() finished in 0.42 msec
2020-04-10 04:56:29.757 12083 INFO rally.task.context [-] Task d1d340ee-1fb5-43fe-9c49-f4bcd8af8f08 | Context users@openstack cleanup() started
2020-04-10 04:56:29.919 12083 WARNING rally.common.logging [-] `iterate_per_tenants()' is deprecated in v3.0.0: it is openstack specific.. Used at
2020-04-10 04:56:33.187 12083 INFO rally.task.context [-] Task d1d340ee-1fb5-43fe-9c49-f4bcd8af8f08 | Context users@openstack cleanup() finished in 3.43 sec
2020-04-10 04:56:33.285 12083 INFO rally.task.engine [-] Load duration is: 42.727795
2020-04-10 04:56:33.286 12083 INFO rally.task.engine [-] Full runner duration is: 43.778339
2020-04-10 04:56:33.286 12083 INFO rally.task.engine [-] Full duration is: 64.369947
2020-04-10 04:56:33.378 12083 INFO rally.task.engine [-] Running workload: position = 0 config = { "version": 2, "title": "A cropped version of a bigger task.", "description": "Auto-generated task from a single workload (uuid=d6f57aed-cc7c-4c9d-aba8-15aa29e888a7)", "subtasks": [ { "title": "NovaServers.boot_server", "description": "Boot a server.", "scenario": { "NovaServers.boot_server": { "flavor": { "name": "rally_full-flavor_904cbf3a-2ea6-4f0d-90b5-c5ed3d669543" }, "image": { "name": "rally_full-img_904cbf3a-2ea6-4f0d-90b5-c5ed3d669543" }, "nics": [ { "net-id": "22362b54-3fa0-4639-b461-978014ed8faf" } ] } }, "contexts": { "users": { "tenants": 3, "users_per_tenant": 2 } }, "runner": { "constant": { "concurrency": 4, "times": 10 } }, "hooks": [], "sla": { "failure_rate": { "max": 0 } } } ] }
2020-04-10 04:56:33.402 12083 RALLYDEBUG rally_openstack.contexts.keystone.users [-] Creating 3 tenants using 3 threads
2020-04-10 04:56:33.973 12083 RALLYDEBUG rally_openstack.contexts.keystone.users [-] Creating 6 users using 6 threads
2020-04-10 04:56:34.906 12083 INFO rally.task.context [-] Task d1d340ee-1fb5-43fe-9c49-f4bcd8af8f08 | Context users@openstack setup() finished in 1.50 sec
2020-04-10 04:56:34.906 12083 INFO rally.task.context [-] Task d1d340ee-1fb5-43fe-9c49-f4bcd8af8f08 | Context cleanup@openstack setup() finished in 0.01 msec
2020-04-10 04:56:35.479 12083 RALLYDEBUG rally.task.runner [-] Starting the constant runner (task UUID: d1d340ee-1fb5-43fe-9c49-f4bcd8af8f08). times: 10 concurrency: 4 timeout: 0 max_cpu_used: 88 processes_to_start: 4 concurrency_per_worker: 1 concurrency_overhead: 0
2020-04-10 04:56:35.494 13302 RALLYDEBUG rally.task.runner [-] Starting a worker. times: 10 duration: None concurrency: 1 timeout: 0 cls: method_name: run args: {"flavor": "f17c0487-351b-48c5-baa4-be5129fdc368", "image": "fb2519f7-fd71-4231-bbb1-c2646090e539", "nics": [{"net-id": "22362b54-3fa0-4639-b461-978014ed8faf"}]}
2020-04-10 04:56:35.498 13303 RALLYDEBUG rally.task.runner [-] Starting a worker. times: 10 duration: None concurrency: 1 timeout: 0 cls: method_name: run args: {"flavor": "f17c0487-351b-48c5-baa4-be5129fdc368", "image": "fb2519f7-fd71-4231-bbb1-c2646090e539", "nics": [{"net-id": "22362b54-3fa0-4639-b461-978014ed8faf"}]}
2020-04-10 04:56:35.501 13302 INFO rally.task.runner [-] Task d1d340ee-1fb5-43fe-9c49-f4bcd8af8f08 | ITER: 1 START
2020-04-10 04:56:35.501 13304 RALLYDEBUG rally.task.runner [-] Starting a worker. times: 10 duration: None concurrency: 1 timeout: 0 cls: method_name: run args: {"flavor": "f17c0487-351b-48c5-baa4-be5129fdc368", "image": "fb2519f7-fd71-4231-bbb1-c2646090e539", "nics": [{"net-id": "22362b54-3fa0-4639-b461-978014ed8faf"}]}
2020-04-10 04:56:35.504 13303 INFO rally.task.runner [-] Task d1d340ee-1fb5-43fe-9c49-f4bcd8af8f08 | ITER: 2 START
2020-04-10 04:56:35.504 13305 RALLYDEBUG rally.task.runner [-] Starting a worker. times: 10 duration: None concurrency: 1 timeout: 0 cls: method_name: run args: {"flavor": "f17c0487-351b-48c5-baa4-be5129fdc368", "image": "fb2519f7-fd71-4231-bbb1-c2646090e539", "nics": [{"net-id": "22362b54-3fa0-4639-b461-978014ed8faf"}]}
2020-04-10 04:56:35.508 13304 INFO rally.task.runner [-] Task d1d340ee-1fb5-43fe-9c49-f4bcd8af8f08 | ITER: 3 START
2020-04-10 04:56:35.511 13305 INFO rally.task.runner [-] Task d1d340ee-1fb5-43fe-9c49-f4bcd8af8f08 | ITER: 4 START
2020-04-10 04:56:45.957 13303 RALLYDEBUG rally.task.utils [-] Waiting for resource s_rally_d6f57aed_YO2Qf77A. Status changed: BUILD => ACTIVE in 7.839867353439331
2020-04-10 04:56:45.957 13303 INFO rally.task.runner [-] Task d1d340ee-1fb5-43fe-9c49-f4bcd8af8f08 | ITER: 2 END: OK
2020-04-10 04:56:45.961 13303 INFO rally.task.runner [-] Task d1d340ee-1fb5-43fe-9c49-f4bcd8af8f08 | ITER: 5 START
2020-04-10 04:56:46.716 13304 RALLYDEBUG rally.task.utils [-] Waiting for resource s_rally_d6f57aed_0RRiHdQI. Status changed: BUILD => ACTIVE in 9.179776668548584
2020-04-10 04:56:46.717 13304 INFO rally.task.runner [-] Task d1d340ee-1fb5-43fe-9c49-f4bcd8af8f08 | ITER: 3 END: OK
2020-04-10 04:56:46.723 13304 INFO rally.task.runner [-] Task d1d340ee-1fb5-43fe-9c49-f4bcd8af8f08 | ITER: 6 START
2020-04-10 04:56:47.176 13302 RALLYDEBUG rally.task.utils [-] Waiting for resource s_rally_d6f57aed_uocRBjgZ. Status changed: BUILD => ACTIVE in 9.061410903930664
2020-04-10 04:56:47.177 13302 INFO rally.task.runner [-] Task d1d340ee-1fb5-43fe-9c49-f4bcd8af8f08 | ITER: 1 END: OK
2020-04-10 04:56:47.182 13302 INFO rally.task.runner [-] Task d1d340ee-1fb5-43fe-9c49-f4bcd8af8f08 | ITER: 7 START
2020-04-10 04:56:47.956 13305 RALLYDEBUG rally.task.utils [-] Waiting for resource s_rally_d6f57aed_CZiukKsK. Status changed: BUILD => ACTIVE in 10.3248872756958
2020-04-10 04:56:47.956 13305 INFO rally.task.runner [-] Task d1d340ee-1fb5-43fe-9c49-f4bcd8af8f08 | ITER: 4 END: OK
2020-04-10 04:56:47.961 13305 INFO rally.task.runner [-] Task d1d340ee-1fb5-43fe-9c49-f4bcd8af8f08 | ITER: 8 START
2020-04-10 04:56:56.672 13303 RALLYDEBUG rally.task.utils [-] Waiting for resource s_rally_d6f57aed_yCktTPYt. Status changed: BUILD => ACTIVE in 8.690827369689941
2020-04-10 04:56:56.673 13303 INFO rally.task.runner [-] Task d1d340ee-1fb5-43fe-9c49-f4bcd8af8f08 | ITER: 5 END: OK
2020-04-10 04:56:56.677 13303 INFO rally.task.runner [-] Task d1d340ee-1fb5-43fe-9c49-f4bcd8af8f08 | ITER: 9 START
2020-04-10 04:56:57.579 13302 RALLYDEBUG rally.task.utils [-] Waiting for resource s_rally_d6f57aed_xoc8zYPc. Status changed: BUILD => ACTIVE in 7.7211596965789795
2020-04-10 04:56:57.580 13302 INFO rally.task.runner [-] Task d1d340ee-1fb5-43fe-9c49-f4bcd8af8f08 | ITER: 7 END: OK
2020-04-10 04:56:57.584 13302 INFO rally.task.runner [-] Task d1d340ee-1fb5-43fe-9c49-f4bcd8af8f08 | ITER: 10 START
2020-04-10 04:56:58.701 13304 RALLYDEBUG rally.task.utils [-] Waiting for resource s_rally_d6f57aed_X7KbUmZa. Status changed: BUILD => ACTIVE in 9.121340990066528
2020-04-10 04:56:58.701 13304 INFO rally.task.runner [-] Task d1d340ee-1fb5-43fe-9c49-f4bcd8af8f08 | ITER: 6 END: OK
2020-04-10 04:56:59.175 13305 RALLYDEBUG rally.task.utils [-] Waiting for resource s_rally_d6f57aed_uNidm2EI. Status changed: BUILD => ACTIVE in 9.103209972381592
2020-04-10 04:56:59.175 13305 INFO rally.task.runner [-] Task d1d340ee-1fb5-43fe-9c49-f4bcd8af8f08 | ITER: 8 END: OK
2020-04-10 04:57:05.581 13303 RALLYDEBUG rally.task.utils [-] Waiting for resource s_rally_d6f57aed_cYvwmqj1. Status changed: BUILD => ACTIVE in 6.871674537658691
2020-04-10 04:57:05.583 13303 INFO rally.task.runner [-] Task d1d340ee-1fb5-43fe-9c49-f4bcd8af8f08 | ITER: 9 END: OK
2020-04-10 04:57:06.603 13302 RALLYDEBUG rally.task.utils [-] Waiting for resource s_rally_d6f57aed_ZC1t7OXK. Status changed: BUILD => ACTIVE in 6.817157506942749
2020-04-10 04:57:06.605 13302 INFO rally.task.runner [-] Task d1d340ee-1fb5-43fe-9c49-f4bcd8af8f08 | ITER: 10 END: OK
2020-04-10 04:57:06.635 12083 INFO rally.task.context [-] Task d1d340ee-1fb5-43fe-9c49-f4bcd8af8f08 | Context cleanup@openstack cleanup() started
2020-04-10 04:57:06.644 12083 RALLYDEBUG rally_openstack.cleanup.manager [-] Cleaning up nova servers objects
2020-04-10 04:57:08.770 12083 RALLYDEBUG rally_openstack.cleanup.manager [-] Deleting nova.servers object s_rally_d6f57aed_uNidm2EI (28416391-92d9-4be4-9bb4-49f852835681)
2020-04-10 04:57:08.779 12083 RALLYDEBUG rally_openstack.cleanup.manager [-] Deleting nova.servers object s_rally_d6f57aed_xoc8zYPc (146ee4b4-06b3-4a7e-8ba6-a3f46ef48445)
2020-04-10 04:57:08.793 12083 RALLYDEBUG rally_openstack.cleanup.manager [-] Deleting nova.servers object s_rally_d6f57aed_X7KbUmZa (52e309f0-b3f2-4afe-8e8d-758b927b53ff)
2020-04-10 04:57:08.808 12083 RALLYDEBUG rally_openstack.cleanup.manager [-] Deleting nova.servers object s_rally_d6f57aed_0RRiHdQI (d20fe01d-5195-44a8-a792-3a59105cb4ac)
2020-04-10 04:57:08.820 12083 RALLYDEBUG rally_openstack.cleanup.manager [-] Deleting nova.servers object s_rally_d6f57aed_ZC1t7OXK (648267f7-dd0d-4305-93a4-78be6f82b8e0)
2020-04-10 04:57:08.829 12083 RALLYDEBUG rally_openstack.cleanup.manager [-] Deleting nova.servers object s_rally_d6f57aed_cYvwmqj1 (a448c819-d46b-4720-9087-30959b649119)
2020-04-10 04:57:08.842 12083 RALLYDEBUG rally_openstack.cleanup.manager [-] Deleting nova.servers object s_rally_d6f57aed_YO2Qf77A (b34245de-c6c1-4bb2-8122-659cabb9756a)
2020-04-10 04:57:08.847 12083 RALLYDEBUG rally_openstack.cleanup.manager [-] Deleting nova.servers object s_rally_d6f57aed_CZiukKsK (bbfdd136-d772-4dce-accd-213876f7e63b)
2020-04-10 04:57:08.865 12083 RALLYDEBUG rally_openstack.cleanup.manager [-] Deleting nova.servers object s_rally_d6f57aed_uocRBjgZ (ed96e8cb-6609-4d6e-baa4-e97332e94960)
2020-04-10 04:57:08.836 12083 RALLYDEBUG rally_openstack.cleanup.manager [-] Deleting nova.servers object s_rally_d6f57aed_yCktTPYt (23bd53af-558a-40e4-8e6f-86af283e883a)
2020-04-10 04:57:14.977 12083 RALLYDEBUG rally_openstack.cleanup.manager [-] Cleaning up nova server_groups objects
2020-04-10 04:57:15.456 12083 RALLYDEBUG rally_openstack.cleanup.manager [-] Cleaning up nova keypairs objects
2020-04-10 04:57:16.351 12083 INFO rally.task.context [-] Task d1d340ee-1fb5-43fe-9c49-f4bcd8af8f08 | Context cleanup@openstack cleanup() finished in 9.72 sec
2020-04-10 04:57:16.351 12083 INFO rally.task.context [-] Task d1d340ee-1fb5-43fe-9c49-f4bcd8af8f08 | Context users@openstack cleanup() started
2020-04-10 04:57:16.493 12083 WARNING rally.common.logging [-] `iterate_per_tenants()' is deprecated in v3.0.0: it is openstack specific.. Used at
2020-04-10 04:57:19.093 12083 INFO rally.task.context [-] Task d1d340ee-1fb5-43fe-9c49-f4bcd8af8f08 | Context users@openstack cleanup() finished in 2.74 sec
2020-04-10 04:57:19.652 12083 INFO rally.task.engine [-] Load duration is: 30.101975
2020-04-10 04:57:19.653 12083 INFO rally.task.engine [-] Full runner duration is: 31.155369
2020-04-10 04:57:19.653 12083 INFO rally.task.engine [-] Full duration is: 45.693608
2020-04-10 04:57:19.747 12083 INFO rally.task.engine [-] Running workload: position = 0 config = { "version": 2, "title": "A cropped version of a bigger task.", "description": "Auto-generated task from a single workload (uuid=db661bef-db88-410d-bc06-b01737fb6e55)", "subtasks": [ { "title": "NovaServers.list_servers", "description": "List all servers.", "scenario": { "NovaServers.list_servers": { "detailed": true } }, "contexts": { "users": { "tenants": 3, "users_per_tenant": 2 }, "servers": { "flavor": { "name": "rally_full-flavor_904cbf3a-2ea6-4f0d-90b5-c5ed3d669543" }, "image": { "name": "rally_full-img_904cbf3a-2ea6-4f0d-90b5-c5ed3d669543" }, "servers_per_tenant": 2, "auto_assign_nic": true }, "network": {} }, "runner": { "constant": { "concurrency": 4, "times": 10 } }, "hooks": [], "sla": { "failure_rate": { "max": 0 } } } ] }
2020-04-10 04:57:19.767 12083 RALLYDEBUG rally_openstack.contexts.keystone.users [-] Creating 3 tenants using 3 threads
2020-04-10 04:57:20.217 12083 RALLYDEBUG rally_openstack.contexts.keystone.users [-] Creating 6 users using 6 threads
2020-04-10 04:57:21.151 12083 INFO rally.task.context [-] Task d1d340ee-1fb5-43fe-9c49-f4bcd8af8f08 | Context users@openstack setup() finished in 1.38 sec
2020-04-10 04:57:21.210 12083 WARNING rally.common.logging [-] `iterate_per_tenants()' is deprecated in v3.0.0: it is openstack specific.. Used at
2020-04-10 04:57:24.691 12083 RALLYDEBUG rally_openstack.wrappers.network [-] CIDR generated: 10.2.15.0/24
2020-04-10 04:57:31.605 12083 RALLYDEBUG rally_openstack.wrappers.network [-] CIDR generated: 10.2.16.0/24
2020-04-10 04:57:38.369 12083 RALLYDEBUG rally_openstack.wrappers.network [-] CIDR generated: 10.2.17.0/24
2020-04-10 04:57:42.084 12083 INFO rally.task.context [-] Task d1d340ee-1fb5-43fe-9c49-f4bcd8af8f08 | Context network@openstack setup() finished in 20.93 sec
2020-04-10 04:57:42.679 12083 WARNING rally.common.logging [-] `iterate_per_tenants()' is deprecated in v3.0.0: it is openstack specific.. Used at
2020-04-10 04:57:42.679 12083 RALLYDEBUG rally_openstack.contexts.nova.servers [-] Booting servers for user tenant 6288124175304c4ca9293650c5ba0dc8
2020-04-10 04:57:42.680 12083 RALLYDEBUG rally_openstack.contexts.nova.servers [-] Calling _boot_servers with image_id=fb2519f7-fd71-4231-bbb1-c2646090e539 flavor_id=f17c0487-351b-48c5-baa4-be5129fdc368 servers_per_tenant=2
2020-04-10 04:57:53.072 12083 RALLYDEBUG rally.task.utils [-] Waiting for resource s_rally_db661bef_mA7PJ1uZ_1. Status changed: BUILD => ACTIVE in 6.845494747161865
2020-04-10 04:57:53.263 12083 RALLYDEBUG rally.task.utils [-] Waiting for resource s_rally_db661bef_mA7PJ1uZ_0. Status changed: BUILD => ACTIVE in 0.19040870666503906
2020-04-10 04:57:53.263 12083 RALLYDEBUG rally_openstack.contexts.nova.servers [-] Adding booted servers ['a5f343da-3614-486a-b95c-d91f9b503d73', 'f60f8deb-0f15-49f0-bd28-8242e48c7b4e'] to context
2020-04-10 04:57:53.263 12083 RALLYDEBUG rally_openstack.contexts.nova.servers [-] Booting servers for user tenant ea7cbfc9e7674a06a69d51b96668fc7d
2020-04-10 04:57:53.264 12083 RALLYDEBUG rally_openstack.contexts.nova.servers [-] Calling _boot_servers with image_id=fb2519f7-fd71-4231-bbb1-c2646090e539 flavor_id=f17c0487-351b-48c5-baa4-be5129fdc368 servers_per_tenant=2
2020-04-10 04:58:03.101 12083 RALLYDEBUG rally.task.utils [-] Waiting for resource s_rally_db661bef_DMNZQHmP_1. Status changed: BUILD => ACTIVE in 6.8410210609436035
2020-04-10 04:58:03.353 12083 RALLYDEBUG rally.task.utils [-] Waiting for resource s_rally_db661bef_DMNZQHmP_0. Status changed: BUILD => ACTIVE in 0.2510356903076172
2020-04-10 04:58:03.354 12083 RALLYDEBUG rally_openstack.contexts.nova.servers [-] Adding booted servers ['fc435c8e-28fa-48f4-896d-7a1dcbb93a76', '2508d861-7ecd-4c61-b503-3362bbb5cd73'] to context
2020-04-10 04:58:03.354 12083 RALLYDEBUG rally_openstack.contexts.nova.servers [-] Booting servers for user tenant 736b52a805514b238bf1ad96fd5d02f0
2020-04-10 04:58:03.354 12083 RALLYDEBUG rally_openstack.contexts.nova.servers [-] Calling _boot_servers with image_id=fb2519f7-fd71-4231-bbb1-c2646090e539 flavor_id=f17c0487-351b-48c5-baa4-be5129fdc368 servers_per_tenant=2
2020-04-10 04:58:13.794 12083 RALLYDEBUG rally.task.utils [-] Waiting for resource s_rally_db661bef_WflNmM6D_1. Status changed: BUILD => ACTIVE in 6.849816083908081
2020-04-10 04:58:14.004 12083 RALLYDEBUG rally.task.utils [-] Waiting for resource s_rally_db661bef_WflNmM6D_0. Status changed: BUILD => ACTIVE in 0.20882940292358398
2020-04-10 04:58:14.005 12083 RALLYDEBUG rally_openstack.contexts.nova.servers [-] Adding booted servers ['3aefae31-3bcc-4b29-be16-0b8e2954d0fb', 'cce0881e-677f-473c-9061-6821ee801754'] to context
2020-04-10 04:58:14.005 12083 INFO rally.task.context [-] Task d1d340ee-1fb5-43fe-9c49-f4bcd8af8f08 | Context servers@openstack setup() finished in 31.92 sec
2020-04-10 04:58:14.018 12083 RALLYDEBUG rally.task.runner [-] Starting the constant runner (task UUID: d1d340ee-1fb5-43fe-9c49-f4bcd8af8f08). times: 10 concurrency: 4 timeout: 0 max_cpu_used: 88 processes_to_start: 4 concurrency_per_worker: 1 concurrency_overhead: 0
2020-04-10 04:58:14.029 13435 RALLYDEBUG rally.task.runner [-] Starting a worker. times: 10 duration: None concurrency: 1 timeout: 0 cls: method_name: run args: {"detailed": true}
2020-04-10 04:58:14.031 13436 RALLYDEBUG rally.task.runner [-] Starting a worker. times: 10 duration: None concurrency: 1 timeout: 0 cls: method_name: run args: {"detailed": true}
2020-04-10 04:58:14.033 13437 RALLYDEBUG rally.task.runner [-] Starting a worker. times: 10 duration: None concurrency: 1 timeout: 0 cls: method_name: run args: {"detailed": true}
2020-04-10 04:58:14.036 13435 INFO rally.task.runner [-] Task d1d340ee-1fb5-43fe-9c49-f4bcd8af8f08 | ITER: 1 START
2020-04-10 04:58:14.036 13438 RALLYDEBUG rally.task.runner [-] Starting a worker. times: 10 duration: None concurrency: 1 timeout: 0 cls: method_name: run args: {"detailed": true}
2020-04-10 04:58:14.037 13436 INFO rally.task.runner [-] Task d1d340ee-1fb5-43fe-9c49-f4bcd8af8f08 | ITER: 2 START
2020-04-10 04:58:14.039 13437 INFO rally.task.runner [-] Task d1d340ee-1fb5-43fe-9c49-f4bcd8af8f08 | ITER: 3 START
2020-04-10 04:58:14.042 13438 INFO rally.task.runner [-] Task d1d340ee-1fb5-43fe-9c49-f4bcd8af8f08 | ITER: 4 START
2020-04-10 04:58:14.506 13437 INFO rally.task.runner [-] Task d1d340ee-1fb5-43fe-9c49-f4bcd8af8f08 | ITER: 3 END: OK
2020-04-10 04:58:14.510 13437 INFO rally.task.runner [-] Task d1d340ee-1fb5-43fe-9c49-f4bcd8af8f08 | ITER: 5 START
2020-04-10 04:58:14.511 13436 INFO rally.task.runner [-] Task d1d340ee-1fb5-43fe-9c49-f4bcd8af8f08 | ITER: 2 END: OK
2020-04-10 04:58:14.516 13436 INFO rally.task.runner [-] Task d1d340ee-1fb5-43fe-9c49-f4bcd8af8f08 | ITER: 6 START
2020-04-10 04:58:14.595 13435 INFO rally.task.runner [-] Task d1d340ee-1fb5-43fe-9c49-f4bcd8af8f08 | ITER: 1 END: OK
2020-04-10 04:58:14.600 13435 INFO rally.task.runner [-] Task d1d340ee-1fb5-43fe-9c49-f4bcd8af8f08 | ITER: 7 START
2020-04-10 04:58:15.039 13437 INFO rally.task.runner [-] Task d1d340ee-1fb5-43fe-9c49-f4bcd8af8f08 | ITER: 5 END: OK
2020-04-10 04:58:15.044 13437 INFO rally.task.runner [-] Task d1d340ee-1fb5-43fe-9c49-f4bcd8af8f08 | ITER: 8 START
2020-04-10 04:58:15.114 13436 INFO rally.task.runner [-] Task d1d340ee-1fb5-43fe-9c49-f4bcd8af8f08 | ITER: 6 END: OK
2020-04-10 04:58:15.120 13436 INFO rally.task.runner [-] Task d1d340ee-1fb5-43fe-9c49-f4bcd8af8f08 | ITER: 9 START
2020-04-10 04:58:15.140 13435 INFO rally.task.runner [-] Task d1d340ee-1fb5-43fe-9c49-f4bcd8af8f08 | ITER: 7 END: OK
2020-04-10 04:58:15.145 13435 INFO rally.task.runner [-] Task d1d340ee-1fb5-43fe-9c49-f4bcd8af8f08 | ITER: 10 START
2020-04-10 04:58:15.325 13438 INFO rally.task.runner [-] Task d1d340ee-1fb5-43fe-9c49-f4bcd8af8f08 | ITER: 4 END: OK
2020-04-10 04:58:15.537 13437 INFO rally.task.runner [-] Task d1d340ee-1fb5-43fe-9c49-f4bcd8af8f08 | ITER: 8 END: OK
2020-04-10 04:58:15.635 13435 INFO rally.task.runner [-] Task d1d340ee-1fb5-43fe-9c49-f4bcd8af8f08 | ITER: 10 END: OK
2020-04-10 04:58:15.702 13436 INFO rally.task.runner [-] Task d1d340ee-1fb5-43fe-9c49-f4bcd8af8f08 | ITER: 9 END: OK
2020-04-10 04:58:15.723 12083 INFO rally.task.context [-] Task d1d340ee-1fb5-43fe-9c49-f4bcd8af8f08 | Context servers@openstack cleanup() started
2020-04-10 04:58:15.726 12083 RALLYDEBUG rally_openstack.cleanup.manager [-] Cleaning up nova servers objects
2020-04-10 04:58:19.252 12083 RALLYDEBUG rally_openstack.cleanup.manager [-] Deleting nova.servers object s_rally_db661bef_mA7PJ1uZ_1 (a5f343da-3614-486a-b95c-d91f9b503d73)
2020-04-10 04:58:19.262 12083 RALLYDEBUG rally_openstack.cleanup.manager [-] Deleting nova.servers object s_rally_db661bef_mA7PJ1uZ_0 (f60f8deb-0f15-49f0-bd28-8242e48c7b4e)
2020-04-10 04:58:19.271 12083 RALLYDEBUG rally_openstack.cleanup.manager [-] Deleting nova.servers object s_rally_db661bef_DMNZQHmP_0 (2508d861-7ecd-4c61-b503-3362bbb5cd73)
2020-04-10 04:58:19.279 12083 RALLYDEBUG rally_openstack.cleanup.manager [-] Deleting nova.servers object s_rally_db661bef_DMNZQHmP_1 (fc435c8e-28fa-48f4-896d-7a1dcbb93a76)
2020-04-10 04:58:19.288 12083 RALLYDEBUG rally_openstack.cleanup.manager [-] Deleting nova.servers object s_rally_db661bef_WflNmM6D_1 (3aefae31-3bcc-4b29-be16-0b8e2954d0fb)
2020-04-10 04:58:19.298 12083 RALLYDEBUG rally_openstack.cleanup.manager [-] Deleting nova.servers object s_rally_db661bef_WflNmM6D_0 (cce0881e-677f-473c-9061-6821ee801754)
2020-04-10 04:58:24.796 12083 INFO rally.task.context [-] Task d1d340ee-1fb5-43fe-9c49-f4bcd8af8f08 | Context servers@openstack cleanup() finished in 9.07 sec
2020-04-10 04:58:24.797 12083 INFO rally.task.context [-] Task d1d340ee-1fb5-43fe-9c49-f4bcd8af8f08 | Context network@openstack cleanup() started
2020-04-10 04:58:41.751 12083 INFO rally.task.context [-] Task d1d340ee-1fb5-43fe-9c49-f4bcd8af8f08 | Context network@openstack cleanup() finished in 16.95 sec
2020-04-10 04:58:41.752 12083 INFO rally.task.context [-] Task d1d340ee-1fb5-43fe-9c49-f4bcd8af8f08 | Context users@openstack cleanup() started
2020-04-10 04:58:41.907 12083 WARNING rally.common.logging [-] `iterate_per_tenants()' is deprecated in v3.0.0: it is openstack specific.. Used at
2020-04-10 04:58:44.701 12083 INFO rally.task.context [-] Task d1d340ee-1fb5-43fe-9c49-f4bcd8af8f08 | Context users@openstack cleanup() finished in 2.95 sec
2020-04-10 04:58:46.185 12083 INFO rally.task.engine [-] Load duration is: 1.664736
2020-04-10 04:58:46.185 12083 INFO rally.task.engine [-] Full runner duration is: 1.705103
2020-04-10 04:58:46.186 12083 INFO rally.task.engine [-] Full duration is: 84.936829
2020-04-10 04:58:46.281 12083 INFO rally.task.engine [-] Running workload: position = 0 config = { "version": 2, "title": "A cropped version of a bigger task.", "description": "Auto-generated task from a single workload (uuid=5cb17195-6a12-4b3d-88c7-76e38add5ece)", "subtasks": [ { "title": "NovaServers.resize_server", "description": "Boot a server, then resize and delete it.", "scenario": { "NovaServers.resize_server": { "flavor": { "name": "rally_full-flavor_904cbf3a-2ea6-4f0d-90b5-c5ed3d669543" }, "image": { "name": "rally_full-img_904cbf3a-2ea6-4f0d-90b5-c5ed3d669543" }, "to_flavor": { "name": "rally_full-flavor_alt_904cbf3a-2ea6-4f0d-90b5-c5ed3d669543" }, "confirm": true, "force_delete": false, "nics": [ { "net-id": "22362b54-3fa0-4639-b461-978014ed8faf" } ] } }, "contexts": { "users": { "tenants": 3, "users_per_tenant": 2 } }, "runner": { "constant": { "concurrency": 4, "times": 10 } }, "hooks": [], "sla": { "failure_rate": { "max": 0 } } } ] }
2020-04-10 04:58:46.302 12083 RALLYDEBUG rally_openstack.contexts.keystone.users [-] Creating 3 tenants using 3 threads
2020-04-10 04:58:46.753 12083 RALLYDEBUG rally_openstack.contexts.keystone.users [-] Creating 6 users using 6 threads
2020-04-10 04:58:47.891 12083 INFO rally.task.context [-] Task d1d340ee-1fb5-43fe-9c49-f4bcd8af8f08 | Context users@openstack setup() finished in 1.59 sec
2020-04-10 04:58:47.892 12083 INFO rally.task.context [-] Task d1d340ee-1fb5-43fe-9c49-f4bcd8af8f08 | Context cleanup@openstack setup() finished in 0.01 msec
2020-04-10 04:58:48.578 12083 RALLYDEBUG rally.task.runner [-] Starting the constant runner (task UUID: d1d340ee-1fb5-43fe-9c49-f4bcd8af8f08). times: 10 concurrency: 4 timeout: 0 max_cpu_used: 88 processes_to_start: 4 concurrency_per_worker: 1 concurrency_overhead: 0
2020-04-10 04:58:48.591 13528 RALLYDEBUG rally.task.runner [-] Starting a worker. times: 10 duration: None concurrency: 1 timeout: 0 cls: method_name: run args: {"flavor": "f17c0487-351b-48c5-baa4-be5129fdc368", "image": "fb2519f7-fd71-4231-bbb1-c2646090e539", "to_flavor": "9295ae0a-8313-4061-9a16-9dee020d73d2", "confirm": true, "force_delete": false, "nics": [{"net-id": "22362b54-3fa0-4639-b461-978014ed8faf"}]}
2020-04-10 04:58:48.595 13529 RALLYDEBUG rally.task.runner [-] Starting a worker. times: 10 duration: None concurrency: 1 timeout: 0 cls: method_name: run args: {"flavor": "f17c0487-351b-48c5-baa4-be5129fdc368", "image": "fb2519f7-fd71-4231-bbb1-c2646090e539", "to_flavor": "9295ae0a-8313-4061-9a16-9dee020d73d2", "confirm": true, "force_delete": false, "nics": [{"net-id": "22362b54-3fa0-4639-b461-978014ed8faf"}]}
2020-04-10 04:58:48.597 13530 RALLYDEBUG rally.task.runner [-] Starting a worker. times: 10 duration: None concurrency: 1 timeout: 0 cls: method_name: run args: {"flavor": "f17c0487-351b-48c5-baa4-be5129fdc368", "image": "fb2519f7-fd71-4231-bbb1-c2646090e539", "to_flavor": "9295ae0a-8313-4061-9a16-9dee020d73d2", "confirm": true, "force_delete": false, "nics": [{"net-id": "22362b54-3fa0-4639-b461-978014ed8faf"}]}
2020-04-10 04:58:48.599 13528 INFO rally.task.runner [-] Task d1d340ee-1fb5-43fe-9c49-f4bcd8af8f08 | ITER: 1 START
2020-04-10 04:58:48.602 13529 INFO rally.task.runner [-] Task d1d340ee-1fb5-43fe-9c49-f4bcd8af8f08 | ITER: 2 START
