2020-04-10 04:58:48.601 13531 RALLYDEBUG rally.task.runner [-] Starting a worker. times: 10 duration: None concurrency: 1 timeout: 0 cls: method_name: run args: {"flavor": "f17c0487-351b-48c5-baa4-be5129fdc368", "image": "fb2519f7-fd71-4231-bbb1-c2646090e539", "to_flavor": "9295ae0a-8313-4061-9a16-9dee020d73d2", "confirm": true, "force_delete": false, "nics": [{"net-id": "22362b54-3fa0-4639-b461-978014ed8faf"}]}
2020-04-10 04:58:48.604 13530 INFO rally.task.runner [-] Task d1d340ee-1fb5-43fe-9c49-f4bcd8af8f08 | ITER: 3 START
2020-04-10 04:58:48.608 13531 INFO rally.task.runner [-] Task d1d340ee-1fb5-43fe-9c49-f4bcd8af8f08 | ITER: 4 START
2020-04-10 04:58:58.838 13530 RALLYDEBUG rally.task.utils [-] Waiting for resource s_rally_5cb17195_7JgJWNkH. Status changed: BUILD => ACTIVE in 7.0198304653167725
2020-04-10 04:58:58.886 13529 RALLYDEBUG rally.task.utils [-] Waiting for resource s_rally_5cb17195_mGgDVMXQ. Status changed: BUILD => ACTIVE in 7.06162166595459
2020-04-10 04:59:00.120 13528 RALLYDEBUG rally.task.utils [-] Waiting for resource s_rally_5cb17195_zCvs8tXn. Status changed: BUILD => ACTIVE in 9.337964296340942
2020-04-10 04:59:00.236 13530 RALLYDEBUG rally.task.utils [-] Waiting for resource s_rally_5cb17195_7JgJWNkH. Status changed: ACTIVE => RESIZE in 0.32177305221557617
2020-04-10 04:59:00.321 13529 RALLYDEBUG rally.task.utils [-] Waiting for resource s_rally_5cb17195_mGgDVMXQ. Status changed: ACTIVE => RESIZE in 0.23301196098327637
2020-04-10 04:59:01.080 13531 RALLYDEBUG rally.task.utils [-] Waiting for resource s_rally_5cb17195_VXTF433g. Status changed: BUILD => ACTIVE in 9.41540265083313
2020-04-10 04:59:01.635 13528 RALLYDEBUG rally.task.utils [-] Waiting for resource s_rally_5cb17195_zCvs8tXn. Status changed: ACTIVE => RESIZE in 0.21636462211608887
2020-04-10 04:59:03.861 13531 RALLYDEBUG rally.task.utils [-] Waiting for resource s_rally_5cb17195_VXTF433g. Status changed: ACTIVE => RESIZE in 0.8095512390136719
2020-04-10 04:59:10.793 13529 RALLYDEBUG rally.task.utils [-] Waiting for resource s_rally_5cb17195_mGgDVMXQ. Status changed: RESIZE => VERIFY_RESIZE in 10.472049951553345
2020-04-10 04:59:10.794 13530 RALLYDEBUG rally.task.utils [-] Waiting for resource s_rally_5cb17195_7JgJWNkH. Status changed: RESIZE => VERIFY_RESIZE in 10.558316469192505
2020-04-10 04:59:11.208 13530 RALLYDEBUG rally.task.utils [-] Waiting for resource s_rally_5cb17195_7JgJWNkH. Status changed: ACTIVE => VERIFY_RESIZE in 0.302156925201416
2020-04-10 04:59:11.757 13529 RALLYDEBUG rally.task.utils [-] Waiting for resource s_rally_5cb17195_mGgDVMXQ. Status changed: ACTIVE => VERIFY_RESIZE in 0.8627958297729492
2020-04-10 04:59:12.314 13528 RALLYDEBUG rally.task.utils [-] Waiting for resource s_rally_5cb17195_zCvs8tXn. Status changed: RESIZE => VERIFY_RESIZE in 10.679131746292114
2020-04-10 04:59:12.627 13528 RALLYDEBUG rally.task.utils [-] Waiting for resource s_rally_5cb17195_zCvs8tXn. Status changed: ACTIVE => VERIFY_RESIZE in 0.21555161476135254
2020-04-10 04:59:13.966 13529 RALLYDEBUG rally.task.utils [-] Waiting for resource s_rally_5cb17195_mGgDVMXQ. Status changed: VERIFY_RESIZE => ACTIVE in 2.2080633640289307
2020-04-10 04:59:14.358 13531 RALLYDEBUG rally.task.utils [-] Waiting for resource s_rally_5cb17195_VXTF433g. Status changed: RESIZE => VERIFY_RESIZE in 10.496062278747559
2020-04-10 04:59:14.677 13531 RALLYDEBUG rally.task.utils [-] Waiting for resource s_rally_5cb17195_VXTF433g. Status changed: ACTIVE => VERIFY_RESIZE in 0.2185955047607422
2020-04-10 04:59:15.667 13530 RALLYDEBUG rally.task.utils [-] Waiting for resource s_rally_5cb17195_7JgJWNkH. Status changed: VERIFY_RESIZE => ACTIVE in 4.458611726760864
2020-04-10 04:59:16.406 13529 INFO rally.task.runner [-] Task d1d340ee-1fb5-43fe-9c49-f4bcd8af8f08 | ITER: 2 END: OK
2020-04-10 04:59:16.414 13529 INFO rally.task.runner [-] Task d1d340ee-1fb5-43fe-9c49-f4bcd8af8f08 | ITER: 5 START
2020-04-10 04:59:17.121 13528 RALLYDEBUG rally.task.utils [-] Waiting for resource s_rally_5cb17195_zCvs8tXn. Status changed: VERIFY_RESIZE => ACTIVE in 4.49331259727478
2020-04-10 04:59:18.208 13530 INFO rally.task.runner [-] Task d1d340ee-1fb5-43fe-9c49-f4bcd8af8f08 | ITER: 3 END: OK
2020-04-10 04:59:18.213 13530 INFO rally.task.runner [-] Task d1d340ee-1fb5-43fe-9c49-f4bcd8af8f08 | ITER: 6 START
2020-04-10 04:59:19.697 13528 INFO rally.task.runner [-] Task d1d340ee-1fb5-43fe-9c49-f4bcd8af8f08 | ITER: 1 END: OK
2020-04-10 04:59:19.704 13528 INFO rally.task.runner [-] Task d1d340ee-1fb5-43fe-9c49-f4bcd8af8f08 | ITER: 7 START
2020-04-10 04:59:20.151 13531 RALLYDEBUG rally.task.utils [-] Waiting for resource s_rally_5cb17195_VXTF433g. Status changed: VERIFY_RESIZE => ACTIVE in 5.473353862762451
2020-04-10 04:59:22.630 13531 INFO rally.task.runner [-] Task d1d340ee-1fb5-43fe-9c49-f4bcd8af8f08 | ITER: 4 END: OK
2020-04-10 04:59:22.637 13531 INFO rally.task.runner [-] Task d1d340ee-1fb5-43fe-9c49-f4bcd8af8f08 | ITER: 8 START
2020-04-10 04:59:27.055 13530 RALLYDEBUG rally.task.utils [-] Waiting for resource s_rally_5cb17195_pnXXVqCR. Status changed: BUILD => ACTIVE in 6.883477210998535
2020-04-10 04:59:27.497 13529 RALLYDEBUG rally.task.utils [-] Waiting for resource s_rally_5cb17195_25mpeRvX. Status changed: BUILD => ACTIVE in 9.031511545181274
2020-04-10 04:59:28.374 13530 RALLYDEBUG rally.task.utils [-] Waiting for resource s_rally_5cb17195_pnXXVqCR. Status changed: ACTIVE => RESIZE in 0.22513794898986816
2020-04-10 04:59:29.490 13528 RALLYDEBUG rally.task.utils [-] Waiting for resource s_rally_5cb17195_0Zhmaqj7. Status changed: BUILD => ACTIVE in 6.985591411590576
2020-04-10 04:59:29.508 13529 RALLYDEBUG rally.task.utils [-] Waiting for resource s_rally_5cb17195_25mpeRvX. Status changed: ACTIVE => RESIZE in 0.44172000885009766
2020-04-10 04:59:30.719 13528 RALLYDEBUG rally.task.utils [-] Waiting for resource s_rally_5cb17195_0Zhmaqj7. Status changed: ACTIVE => RESIZE in 0.23343300819396973
2020-04-10 04:59:32.345 13531 RALLYDEBUG rally.task.utils [-] Waiting for resource s_rally_5cb17195_0QQ4SoT6. Status changed: BUILD => ACTIVE in 7.536268472671509
2020-04-10 04:59:33.671 13531 RALLYDEBUG rally.task.utils [-] Waiting for resource s_rally_5cb17195_0QQ4SoT6. Status changed: ACTIVE => RESIZE in 0.18926334381103516
2020-04-10 04:59:38.825 13530 RALLYDEBUG rally.task.utils [-] Waiting for resource s_rally_5cb17195_pnXXVqCR. Status changed: RESIZE => VERIFY_RESIZE in 10.451210737228394
2020-04-10 04:59:39.148 13530 RALLYDEBUG rally.task.utils [-] Waiting for resource s_rally_5cb17195_pnXXVqCR. Status changed: ACTIVE => VERIFY_RESIZE in 0.21744585037231445
2020-04-10 04:59:40.067 13529 RALLYDEBUG rally.task.utils [-] Waiting for resource s_rally_5cb17195_25mpeRvX. Status changed: RESIZE => VERIFY_RESIZE in 10.558499097824097
2020-04-10 04:59:40.998 13529 RALLYDEBUG rally.task.utils [-] Waiting for resource s_rally_5cb17195_25mpeRvX. Status changed: ACTIVE => VERIFY_RESIZE in 0.8338923454284668
2020-04-10 04:59:41.392 13530 RALLYDEBUG rally.task.utils [-] Waiting for resource s_rally_5cb17195_pnXXVqCR. Status changed: VERIFY_RESIZE => ACTIVE in 2.243187427520752
2020-04-10 04:59:41.980 13528 RALLYDEBUG rally.task.utils [-] Waiting for resource s_rally_5cb17195_0Zhmaqj7. Status changed: RESIZE => VERIFY_RESIZE in 11.260667324066162
2020-04-10 04:59:42.271 13528 RALLYDEBUG rally.task.utils [-] Waiting for resource s_rally_5cb17195_0Zhmaqj7. Status changed: ACTIVE => VERIFY_RESIZE in 0.19756627082824707
2020-04-10 04:59:43.206 13529 RALLYDEBUG rally.task.utils [-] Waiting for resource s_rally_5cb17195_25mpeRvX. Status changed: VERIFY_RESIZE => ACTIVE in 2.2080094814300537
2020-04-10 04:59:43.858 13530 INFO rally.task.runner [-] Task d1d340ee-1fb5-43fe-9c49-f4bcd8af8f08 | ITER: 6 END: OK
2020-04-10 04:59:43.865 13530 INFO rally.task.runner [-] Task d1d340ee-1fb5-43fe-9c49-f4bcd8af8f08 | ITER: 9 START
2020-04-10 04:59:44.119 13531 RALLYDEBUG rally.task.utils [-] Waiting for resource s_rally_5cb17195_0QQ4SoT6. Status changed: RESIZE => VERIFY_RESIZE in 10.447141170501709
2020-04-10 04:59:44.430 13531 RALLYDEBUG rally.task.utils [-] Waiting for resource s_rally_5cb17195_0QQ4SoT6. Status changed: ACTIVE => VERIFY_RESIZE in 0.21725940704345703
2020-04-10 04:59:44.486 13528 RALLYDEBUG rally.task.utils [-] Waiting for resource s_rally_5cb17195_0Zhmaqj7. Status changed: VERIFY_RESIZE => ACTIVE in 2.214900493621826
2020-04-10 04:59:46.927 13528 INFO rally.task.runner [-] Task d1d340ee-1fb5-43fe-9c49-f4bcd8af8f08 | ITER: 7 END: OK
2020-04-10 04:59:46.930 13528 INFO rally.task.runner [-] Task d1d340ee-1fb5-43fe-9c49-f4bcd8af8f08 | ITER: 10 START
2020-04-10 04:59:47.777 13529 INFO rally.task.runner [-] Task d1d340ee-1fb5-43fe-9c49-f4bcd8af8f08 | ITER: 5 END: OK
2020-04-10 04:59:48.889 13531 RALLYDEBUG rally.task.utils [-] Waiting for resource s_rally_5cb17195_0QQ4SoT6. Status changed: VERIFY_RESIZE => ACTIVE in 4.458254098892212
2020-04-10 04:59:51.350 13531 INFO rally.task.runner [-] Task d1d340ee-1fb5-43fe-9c49-f4bcd8af8f08 | ITER: 8 END: OK
2020-04-10 04:59:52.737 13530 RALLYDEBUG rally.task.utils [-] Waiting for resource s_rally_5cb17195_uUZkBo6K. Status changed: BUILD => ACTIVE in 6.8864405155181885
2020-04-10 04:59:53.911 13530 RALLYDEBUG rally.task.utils [-] Waiting for resource s_rally_5cb17195_uUZkBo6K. Status changed: ACTIVE => RESIZE in 0.1977674961090088
2020-04-10 04:59:55.647 13528 RALLYDEBUG rally.task.utils [-] Waiting for resource s_rally_5cb17195_jBfL25ss. Status changed: BUILD => ACTIVE in 6.78640079498291
2020-04-10 04:59:57.942 13528 RALLYDEBUG rally.task.utils [-] Waiting for resource s_rally_5cb17195_jBfL25ss. Status changed: ACTIVE => RESIZE in 0.2128922939300537
2020-04-10 05:00:04.512 13530 RALLYDEBUG rally.task.utils [-] Waiting for resource s_rally_5cb17195_uUZkBo6K. Status changed: RESIZE => VERIFY_RESIZE in 10.601059198379517
2020-04-10 05:00:04.844 13530 RALLYDEBUG rally.task.utils [-] Waiting for resource s_rally_5cb17195_uUZkBo6K. Status changed: ACTIVE => VERIFY_RESIZE in 0.23201656341552734
2020-04-10 05:00:07.103 13530 RALLYDEBUG rally.task.utils [-] Waiting for resource s_rally_5cb17195_uUZkBo6K. Status changed: VERIFY_RESIZE => ACTIVE in 2.2595293521881104
2020-04-10 05:00:08.624 13528 RALLYDEBUG rally.task.utils [-] Waiting for resource s_rally_5cb17195_jBfL25ss. Status changed: RESIZE => VERIFY_RESIZE in 10.682113885879517
2020-04-10 05:00:09.535 13530 INFO rally.task.runner [-] Task d1d340ee-1fb5-43fe-9c49-f4bcd8af8f08 | ITER: 9 END: OK
2020-04-10 05:00:09.544 13528 RALLYDEBUG rally.task.utils [-] Waiting for resource s_rally_5cb17195_jBfL25ss. Status changed: ACTIVE => VERIFY_RESIZE in 0.8179981708526611
2020-04-10 05:00:11.761 13528 RALLYDEBUG rally.task.utils [-] Waiting for resource s_rally_5cb17195_jBfL25ss. Status changed: VERIFY_RESIZE => ACTIVE in 2.216892957687378
2020-04-10 05:00:14.265 13528 INFO rally.task.runner [-] Task d1d340ee-1fb5-43fe-9c49-f4bcd8af8f08 | ITER: 10 END: OK
2020-04-10 05:00:14.299 12083 INFO rally.task.context [-] Task d1d340ee-1fb5-43fe-9c49-f4bcd8af8f08 | Context cleanup@openstack cleanup() started
2020-04-10 05:00:14.306 12083 RALLYDEBUG rally_openstack.cleanup.manager [-] Cleaning up nova servers objects
2020-04-10 05:00:15.397 12083 RALLYDEBUG rally_openstack.cleanup.manager [-] Deleting nova.servers object s_rally_5cb17195_jBfL25ss (64121e17-e431-4804-892c-2b062fe2f66b)
2020-04-10 05:00:15.732 12083 ERROR rally_openstack.cleanup.manager [-] Resource deletion failed, max retries exceeded for nova.servers: 64121e17-e431-4804-892c-2b062fe2f66b.: novaclient.exceptions.NotFound: Instance 64121e17-e431-4804-892c-2b062fe2f66b could not be found. (HTTP 404) (Request-ID: req-9b99d71d-381f-4b38-8330-96b56dc0e3da)
2020-04-10 05:00:15.732 12083 ERROR rally_openstack.cleanup.manager
Traceback (most recent call last):
2020-04-10 05:00:15.732 12083 ERROR rally_openstack.cleanup.manager
File "/usr/lib/python3.7/site-packages/rally_openstack/cleanup/manager.py", line 85, in _delete_single_resource
2020-04-10 05:00:15.732 12083 ERROR rally_openstack.cleanup.manager rutils.retry(resource._max_attempts, resource.delete)
2020-04-10 05:00:15.732 12083 ERROR rally_openstack.cleanup.manager
File "/usr/lib/python3.7/site-packages/rally/common/utils.py", line 211, in retry
2020-04-10 05:00:15.732 12083 ERROR rally_openstack.cleanup.manager return func(*args, **kwargs)
2020-04-10 05:00:15.732 12083 ERROR rally_openstack.cleanup.manager
File "/usr/lib/python3.7/site-packages/rally_openstack/cleanup/resources.py", line 151, in delete
2020-04-10 05:00:15.732 12083 ERROR rally_openstack.cleanup.manager super(NovaServer, self).delete()
2020-04-10 05:00:15.732 12083 ERROR rally_openstack.cleanup.manager
File "/usr/lib/python3.7/site-packages/rally_openstack/cleanup/base.py", line 129, in delete
2020-04-10 05:00:15.732 12083 ERROR rally_openstack.cleanup.manager self._manager().delete(self.id())
2020-04-10 05:00:15.732 12083 ERROR rally_openstack.cleanup.manager
File "/usr/lib/python3.7/site-packages/novaclient/v2/servers.py", line 1542, in delete
2020-04-10 05:00:15.732 12083 ERROR rally_openstack.cleanup.manager return self._delete("/servers/%s" % base.getid(server))
2020-04-10 05:00:15.732 12083 ERROR rally_openstack.cleanup.manager
File "/usr/lib/python3.7/site-packages/novaclient/base.py", line 376, in _delete
2020-04-10 05:00:15.732 12083 ERROR rally_openstack.cleanup.manager resp, body = self.api.client.delete(url)
2020-04-10 05:00:15.732 12083 ERROR rally_openstack.cleanup.manager
File "/usr/lib/python3.7/site-packages/keystoneauth1/adapter.py", line 401, in delete
2020-04-10 05:00:15.732 12083 ERROR rally_openstack.cleanup.manager return self.request(url, 'DELETE', **kwargs)
2020-04-10 05:00:15.732 12083 ERROR rally_openstack.cleanup.manager
File "/usr/lib/python3.7/site-packages/novaclient/client.py", line 78, in request
2020-04-10 05:00:15.732 12083 ERROR rally_openstack.cleanup.manager raise exceptions.from_response(resp, body, url, method)
2020-04-10 05:00:15.732 12083 ERROR rally_openstack.cleanup.manager novaclient.exceptions.NotFound: Instance 64121e17-e431-4804-892c-2b062fe2f66b could not be found. (HTTP 404) (Request-ID: req-9b99d71d-381f-4b38-8330-96b56dc0e3da)
2020-04-10 05:00:15.732 12083 ERROR rally_openstack.cleanup.manager
2020-04-10 05:00:15.738 12083 RALLYDEBUG rally_openstack.cleanup.manager [-] Cleaning up nova server_groups objects
2020-04-10 05:00:16.228 12083 RALLYDEBUG rally_openstack.cleanup.manager [-] Cleaning up nova keypairs objects
2020-04-10 05:00:17.342 12083 INFO rally.task.context [-] Task d1d340ee-1fb5-43fe-9c49-f4bcd8af8f08 | Context cleanup@openstack cleanup() finished in 3.04 sec
2020-04-10 05:00:17.343 12083 INFO rally.task.context [-] Task d1d340ee-1fb5-43fe-9c49-f4bcd8af8f08 | Context users@openstack cleanup() started
2020-04-10 05:00:17.509 12083 WARNING rally.common.logging [-] `iterate_per_tenants()' is deprecated in v3.0.0: it is openstack specific.. Used at
2020-04-10 05:00:19.718 12083 INFO rally.task.context [-] Task d1d340ee-1fb5-43fe-9c49-f4bcd8af8f08 | Context users@openstack cleanup() finished in 2.37 sec
2020-04-10 05:00:20.852 12083 INFO rally.task.engine [-] Load duration is: 84.665213
2020-04-10 05:00:20.853 12083 INFO rally.task.engine [-] Full runner duration is: 85.721186
2020-04-10 05:00:20.853 12083 INFO rally.task.engine [-] Full duration is: 93.417357
2020-04-10 05:00:20.949 12083 INFO rally.task.engine [-] Running workload: position = 0 config = { "version": 2, "title": "A cropped version of a bigger task.", "description": "Auto-generated task from a single workload (uuid=c8d8afa9-6c7d-40df-bb95-7d6e69660d94)", "subtasks": [ { "title": "NovaServers.boot_and_live_migrate_server", "description": "Live Migrate a server.", "scenario": { "NovaServers.boot_and_live_migrate_server": { "flavor": { "name": "rally_full-flavor_904cbf3a-2ea6-4f0d-90b5-c5ed3d669543" }, "image": { "name": "rally_full-img_904cbf3a-2ea6-4f0d-90b5-c5ed3d669543" }, "block_migration": false, "nics": [ { "net-id": "22362b54-3fa0-4639-b461-978014ed8faf" } ] } }, "contexts": { "users": { "tenants": 3, "users_per_tenant": 2 } }, "runner": { "constant": { "concurrency": 4, "times": 10 } }, "hooks": [], "sla": { "failure_rate": { "max": 0 } } } ] }
2020-04-10 05:00:20.969 12083 RALLYDEBUG rally_openstack.contexts.keystone.users [-] Creating 3 tenants using 3 threads
2020-04-10 05:00:21.474 12083 RALLYDEBUG rally_openstack.contexts.keystone.users [-] Creating 6 users using 6 threads
2020-04-10 05:00:22.500 12083 INFO rally.task.context [-] Task d1d340ee-1fb5-43fe-9c49-f4bcd8af8f08 | Context users@openstack setup() finished in 1.53 sec
2020-04-10 05:00:22.501 12083 INFO rally.task.context [-] Task d1d340ee-1fb5-43fe-9c49-f4bcd8af8f08 | Context cleanup@openstack setup() finished in 0.13 msec
2020-04-10 05:00:23.032 12083 RALLYDEBUG rally.task.runner [-] Starting the constant runner (task UUID: d1d340ee-1fb5-43fe-9c49-f4bcd8af8f08). times: 10 concurrency: 4 timeout: 0 max_cpu_used: 88 processes_to_start: 4 concurrency_per_worker: 1 concurrency_overhead: 0
2020-04-10 05:00:23.046 13661 RALLYDEBUG rally.task.runner [-] Starting a worker. times: 10 duration: None concurrency: 1 timeout: 0 cls: method_name: run args: {"flavor": "f17c0487-351b-48c5-baa4-be5129fdc368", "image": "fb2519f7-fd71-4231-bbb1-c2646090e539", "block_migration": false, "nics": [{"net-id": "22362b54-3fa0-4639-b461-978014ed8faf"}]}
2020-04-10 05:00:23.048 13662 RALLYDEBUG rally.task.runner [-] Starting a worker. times: 10 duration: None concurrency: 1 timeout: 0 cls: method_name: run args: {"flavor": "f17c0487-351b-48c5-baa4-be5129fdc368", "image": "fb2519f7-fd71-4231-bbb1-c2646090e539", "block_migration": false, "nics": [{"net-id": "22362b54-3fa0-4639-b461-978014ed8faf"}]}
2020-04-10 05:00:23.051 13663 RALLYDEBUG rally.task.runner [-] Starting a worker. times: 10 duration: None concurrency: 1 timeout: 0 cls: method_name: run args: {"flavor": "f17c0487-351b-48c5-baa4-be5129fdc368", "image": "fb2519f7-fd71-4231-bbb1-c2646090e539", "block_migration": false, "nics": [{"net-id": "22362b54-3fa0-4639-b461-978014ed8faf"}]}
2020-04-10 05:00:23.053 13661 INFO rally.task.runner [-] Task d1d340ee-1fb5-43fe-9c49-f4bcd8af8f08 | ITER: 1 START
2020-04-10 05:00:23.053 13664 RALLYDEBUG rally.task.runner [-] Starting a worker. times: 10 duration: None concurrency: 1 timeout: 0 cls: method_name: run args: {"flavor": "f17c0487-351b-48c5-baa4-be5129fdc368", "image": "fb2519f7-fd71-4231-bbb1-c2646090e539", "block_migration": false, "nics": [{"net-id": "22362b54-3fa0-4639-b461-978014ed8faf"}]}
2020-04-10 05:00:23.055 13662 INFO rally.task.runner [-] Task d1d340ee-1fb5-43fe-9c49-f4bcd8af8f08 | ITER: 2 START
2020-04-10 05:00:23.058 13663 INFO rally.task.runner [-] Task d1d340ee-1fb5-43fe-9c49-f4bcd8af8f08 | ITER: 3 START
2020-04-10 05:00:23.060 13664 INFO rally.task.runner [-] Task d1d340ee-1fb5-43fe-9c49-f4bcd8af8f08 | ITER: 4 START
2020-04-10 05:00:34.163 13664 RALLYDEBUG rally.task.utils [-] Waiting for resource s_rally_c8d8afa9_xdb5bWRZ. Status changed: BUILD => ACTIVE in 9.10528302192688
2020-04-10 05:00:35.427 13662 RALLYDEBUG rally.task.utils [-] Waiting for resource s_rally_c8d8afa9_j53FTpcI. Status changed: BUILD => ACTIVE in 9.069840431213379
2020-04-10 05:00:36.094 13663 RALLYDEBUG rally.task.utils [-] Waiting for resource s_rally_c8d8afa9_ZFv3qQEi. Status changed: BUILD => ACTIVE in 9.725046157836914
2020-04-10 05:00:36.120 13664 RALLYDEBUG rally.task.utils [-] Waiting for resource s_rally_c8d8afa9_xdb5bWRZ. Status changed: ACTIVE => MIGRATING in 0.20830106735229492
2020-04-10 05:00:36.459 13661 RALLYDEBUG rally.task.utils [-] Waiting for resource s_rally_c8d8afa9_fnYcljky. Status changed: BUILD => ACTIVE in 11.371392726898193
2020-04-10 05:00:37.925 13662 RALLYDEBUG rally.task.utils [-] Waiting for resource s_rally_c8d8afa9_j53FTpcI. Status changed: ACTIVE => MIGRATING in 0.22320866584777832
2020-04-10 05:00:38.676 13661 RALLYDEBUG rally.task.utils [-] Waiting for resource s_rally_c8d8afa9_fnYcljky. Status changed: ACTIVE => MIGRATING in 0.22736763954162598
2020-04-10 05:00:38.954 13663 RALLYDEBUG rally.task.utils [-] Waiting for resource s_rally_c8d8afa9_ZFv3qQEi. Status changed: ACTIVE => MIGRATING in 0.20027995109558105
2020-04-10 05:00:46.041 13664 RALLYDEBUG rally.task.utils [-] Waiting for resource s_rally_c8d8afa9_xdb5bWRZ. Status changed: MIGRATING => ACTIVE in 9.92028546333313
2020-04-10 05:00:49.680 13664 INFO rally.task.runner [-] Task d1d340ee-1fb5-43fe-9c49-f4bcd8af8f08 | ITER: 4 END: OK
2020-04-10 05:00:49.689 13664 INFO rally.task.runner [-] Task d1d340ee-1fb5-43fe-9c49-f4bcd8af8f08 | ITER: 5 START
2020-04-10 05:00:57.069 13664 RALLYDEBUG rally.task.utils [-] Waiting for resource s_rally_c8d8afa9_5Quxs5WF. Status changed: BUILD => ACTIVE in 5.335395812988281
2020-04-10 05:00:58.199 13662 RALLYDEBUG rally.task.utils [-] Waiting for resource s_rally_c8d8afa9_j53FTpcI. Status changed: MIGRATING => ACTIVE in 20.274224042892456
2020-04-10 05:00:59.602 13664 RALLYDEBUG rally.task.utils [-] Waiting for resource s_rally_c8d8afa9_5Quxs5WF. Status changed: ACTIVE => MIGRATING in 0.3182213306427002
2020-04-10 05:01:01.669 13662 INFO rally.task.runner [-] Task d1d340ee-1fb5-43fe-9c49-f4bcd8af8f08 | ITER: 2 END: OK
2020-04-10 05:01:01.678 13662 INFO rally.task.runner [-] Task d1d340ee-1fb5-43fe-9c49-f4bcd8af8f08 | ITER: 6 START
2020-04-10 05:01:07.994 13661 RALLYDEBUG rally.task.utils [-] Waiting for resource s_rally_c8d8afa9_fnYcljky. Status changed: MIGRATING => ACTIVE in 29.316691637039185
2020-04-10 05:01:08.633 13664 RALLYDEBUG rally.task.utils [-] Waiting for resource s_rally_c8d8afa9_5Quxs5WF. Status changed: MIGRATING => ACTIVE in 9.030481815338135
2020-04-10 05:01:10.737 13661 INFO rally.task.runner [-] Task d1d340ee-1fb5-43fe-9c49-f4bcd8af8f08 | ITER: 1 END: OK
2020-04-10 05:01:10.745 13661 INFO rally.task.runner [-] Task d1d340ee-1fb5-43fe-9c49-f4bcd8af8f08 | ITER: 7 START
2020-04-10 05:01:11.355 13664 INFO rally.task.runner [-] Task d1d340ee-1fb5-43fe-9c49-f4bcd8af8f08 | ITER: 5 END: OK
2020-04-10 05:01:11.361 13664 INFO rally.task.runner [-] Task d1d340ee-1fb5-43fe-9c49-f4bcd8af8f08 | ITER: 8 START
2020-04-10 05:01:11.952 13662 RALLYDEBUG rally.task.utils [-] Waiting for resource s_rally_c8d8afa9_z55rHD3R. Status changed: BUILD => ACTIVE in 8.300616025924683
2020-04-10 05:01:14.882 13662 RALLYDEBUG rally.task.utils [-] Waiting for resource s_rally_c8d8afa9_z55rHD3R. Status changed: ACTIVE => MIGRATING in 0.21361804008483887
2020-04-10 05:01:20.485 13661 RALLYDEBUG rally.task.utils [-] Waiting for resource s_rally_c8d8afa9_BqXcWKmf. Status changed: BUILD => ACTIVE in 7.818936824798584
2020-04-10 05:01:22.107 13664 RALLYDEBUG rally.task.utils [-] Waiting for resource s_rally_c8d8afa9_uk6I2SFo. Status changed: BUILD => ACTIVE in 6.886792182922363
2020-04-10 05:01:22.373 13661 RALLYDEBUG rally.task.utils [-] Waiting for resource s_rally_c8d8afa9_BqXcWKmf. Status changed: ACTIVE => MIGRATING in 0.23102879524230957
2020-04-10 05:01:23.928 13664 RALLYDEBUG rally.task.utils [-] Waiting for resource s_rally_c8d8afa9_uk6I2SFo. Status changed: ACTIVE => MIGRATING in 0.2039029598236084
2020-04-10 05:01:24.544 13663 RALLYDEBUG rally.task.utils [-] Waiting for resource s_rally_c8d8afa9_ZFv3qQEi. Status changed: MIGRATING => ACTIVE in 45.58912444114685
2020-04-10 05:01:27.282 13663 INFO rally.task.runner [-] Task d1d340ee-1fb5-43fe-9c49-f4bcd8af8f08 | ITER: 3 END: OK
2020-04-10 05:01:27.288 13663 INFO rally.task.runner [-] Task d1d340ee-1fb5-43fe-9c49-f4bcd8af8f08 | ITER: 9 START
2020-04-10 05:01:34.384 13661 RALLYDEBUG rally.task.utils [-] Waiting for resource s_rally_c8d8afa9_BqXcWKmf. Status changed: MIGRATING => ACTIVE in 12.011029481887817
2020-04-10 05:01:36.177 13662 RALLYDEBUG rally.task.utils [-] Waiting for resource s_rally_c8d8afa9_z55rHD3R. Status changed: MIGRATING => ACTIVE in 21.29457116127014
2020-04-10 05:01:36.607 13663 RALLYDEBUG rally.task.utils [-] Waiting for resource s_rally_c8d8afa9_CMXcohdG. Status changed: BUILD => ACTIVE in 7.287331819534302
2020-04-10 05:01:37.239 13661 INFO rally.task.runner [-] Task d1d340ee-1fb5-43fe-9c49-f4bcd8af8f08 | ITER: 7 END: OK
2020-04-10 05:01:37.245 13661 INFO rally.task.runner [-] Task d1d340ee-1fb5-43fe-9c49-f4bcd8af8f08 | ITER: 10 START
2020-04-10 05:01:39.968 13663 RALLYDEBUG rally.task.utils [-] Waiting for resource s_rally_c8d8afa9_CMXcohdG. Status changed: ACTIVE => MIGRATING in 0.947314977645874
2020-04-10 05:01:40.964 13662 INFO rally.task.runner [-] Task d1d340ee-1fb5-43fe-9c49-f4bcd8af8f08 | ITER: 6 END: OK
2020-04-10 05:01:46.610 13661 RALLYDEBUG rally.task.utils [-] Waiting for resource s_rally_c8d8afa9_7IPRY0R0. Status changed: BUILD => ACTIVE in 7.395984411239624
2020-04-10 05:01:48.588 13664 RALLYDEBUG rally.task.utils [-] Waiting for resource s_rally_c8d8afa9_uk6I2SFo. Status changed: MIGRATING => ACTIVE in 24.660022497177124
2020-04-10 05:01:49.237 13661 RALLYDEBUG rally.task.utils [-] Waiting for resource s_rally_c8d8afa9_7IPRY0R0. Status changed: ACTIVE => MIGRATING in 0.21751046180725098
2020-04-10 05:01:51.550 13664 INFO rally.task.runner [-] Task d1d340ee-1fb5-43fe-9c49-f4bcd8af8f08 | ITER: 8 END: OK
2020-04-10 05:01:57.976 13663 RALLYDEBUG rally.task.utils [-] Waiting for resource s_rally_c8d8afa9_CMXcohdG. Status changed: MIGRATING => ACTIVE in 18.007706880569458
2020-04-10 05:02:00.767 13663 INFO rally.task.runner [-] Task d1d340ee-1fb5-43fe-9c49-f4bcd8af8f08 | ITER: 9 END: OK
2020-04-10 05:02:10.559 13661 RALLYDEBUG rally.task.utils [-] Waiting for resource s_rally_c8d8afa9_7IPRY0R0. Status changed: MIGRATING => ACTIVE in 21.322421550750732
2020-04-10 05:02:13.228 13661 INFO rally.task.runner [-] Task d1d340ee-1fb5-43fe-9c49-f4bcd8af8f08 | ITER: 10 END: OK
2020-04-10 05:02:13.259 12083 INFO rally.task.context [-] Task d1d340ee-1fb5-43fe-9c49-f4bcd8af8f08 | Context cleanup@openstack cleanup() started
2020-04-10 05:02:13.267 12083 RALLYDEBUG rally_openstack.cleanup.manager [-] Cleaning up nova servers objects
2020-04-10 05:02:14.042 12083 RALLYDEBUG rally_openstack.cleanup.manager [-] Cleaning up nova server_groups objects
2020-04-10 05:02:14.489 12083 RALLYDEBUG rally_openstack.cleanup.manager [-] Cleaning up nova keypairs objects
2020-04-10 05:02:15.422 12083 INFO rally.task.context [-] Task d1d340ee-1fb5-43fe-9c49-f4bcd8af8f08 | Context cleanup@openstack cleanup() finished in 2.16 sec
2020-04-10 05:02:15.423 12083 INFO rally.task.context [-] Task d1d340ee-1fb5-43fe-9c49-f4bcd8af8f08 | Context users@openstack cleanup() started
2020-04-10 05:02:15.570 12083 WARNING rally.common.logging [-] `iterate_per_tenants()' is deprecated in v3.0.0: it is openstack specific.. Used at
2020-04-10 05:02:18.243 12083 INFO rally.task.context [-] Task d1d340ee-1fb5-43fe-9c49-f4bcd8af8f08 | Context users@openstack cleanup() finished in 2.82 sec
2020-04-10 05:02:19.619 12083 INFO rally.task.engine [-] Load duration is: 109.174027
2020-04-10 05:02:19.619 12083 INFO rally.task.engine [-] Full runner duration is: 110.227368
2020-04-10 05:02:19.620 12083 INFO rally.task.engine [-] Full duration is: 117.276432
2020-04-10 05:02:19.719 12083 INFO rally.task.engine [-] Running workload: position = 0 config = { "version": 2, "title": "A cropped version of a bigger task.", "description": "Auto-generated task from a single workload (uuid=8edbcb23-d3a0-4518-882b-7e34ad42eb79)", "subtasks": [ { "title": "NovaServers.boot_server_attach_created_volume_and_live_migrate", "description": "Create a VM, attach a volume to it and live migrate.", "scenario": { "NovaServers.boot_server_attach_created_volume_and_live_migrate": { "flavor": { "name": "rally_full-flavor_904cbf3a-2ea6-4f0d-90b5-c5ed3d669543" }, "image": { "name": "rally_full-img_904cbf3a-2ea6-4f0d-90b5-c5ed3d669543" }, "size": 10, "block_migration": false, "boot_server_kwargs": { "nics": [ { "net-id": "22362b54-3fa0-4639-b461-978014ed8faf" } ] } } }, "contexts": { "users": { "tenants": 3, "users_per_tenant": 2 }, "api_versions": { "cinder": { "version": 3, "service_type": "volumev3" } } }, "runner": { "constant": { "concurrency": 4, "times": 10 } }, "hooks": [], "sla": { "failure_rate": { "max": 0 } } } ] }
2020-04-10 05:02:19.749 12083 RALLYDEBUG rally_openstack.contexts.keystone.users [-] Creating 3 tenants using 3 threads
2020-04-10 05:02:20.486 12083 RALLYDEBUG rally_openstack.contexts.keystone.users [-] Creating 6 users using 6 threads
2020-04-10 05:02:21.498 12083 INFO rally.task.context [-] Task d1d340ee-1fb5-43fe-9c49-f4bcd8af8f08 | Context users@openstack setup() finished in 1.75 sec
2020-04-10 05:02:21.645 12083 INFO rally.task.context [-] Task d1d340ee-1fb5-43fe-9c49-f4bcd8af8f08 | Context api_versions@openstack setup() finished in 0.15 sec
2020-04-10 05:02:21.645 12083 INFO rally.task.context [-] Task d1d340ee-1fb5-43fe-9c49-f4bcd8af8f08 | Context cleanup@openstack setup() finished in 0.03 msec
2020-04-10 05:02:22.269 12083 RALLYDEBUG rally.task.runner [-] Starting the constant runner (task UUID: d1d340ee-1fb5-43fe-9c49-f4bcd8af8f08). times: 10 concurrency: 4 timeout: 0 max_cpu_used: 88 processes_to_start: 4 concurrency_per_worker: 1 concurrency_overhead: 0
2020-04-10 05:02:22.283 13794 RALLYDEBUG rally.task.runner [-] Starting a worker. times: 10 duration: None concurrency: 1 timeout: 0 cls: method_name: run args: {"flavor": "f17c0487-351b-48c5-baa4-be5129fdc368", "image": "fb2519f7-fd71-4231-bbb1-c2646090e539", "size": 10, "block_migration": false, "boot_server_kwargs": {"nics": [{"net-id": "22362b54-3fa0-4639-b461-978014ed8faf"}]}}
2020-04-10 05:02:22.286 13795 RALLYDEBUG rally.task.runner [-] Starting a worker. times: 10 duration: None concurrency: 1 timeout: 0 cls: method_name: run args: {"flavor": "f17c0487-351b-48c5-baa4-be5129fdc368", "image": "fb2519f7-fd71-4231-bbb1-c2646090e539", "size": 10, "block_migration": false, "boot_server_kwargs": {"nics": [{"net-id": "22362b54-3fa0-4639-b461-978014ed8faf"}]}}
2020-04-10 05:02:22.289 13796 RALLYDEBUG rally.task.runner [-] Starting a worker. times: 10 duration: None concurrency: 1 timeout: 0 cls: method_name: run args: {"flavor": "f17c0487-351b-48c5-baa4-be5129fdc368", "image": "fb2519f7-fd71-4231-bbb1-c2646090e539", "size": 10, "block_migration": false, "boot_server_kwargs": {"nics": [{"net-id": "22362b54-3fa0-4639-b461-978014ed8faf"}]}}
2020-04-10 05:02:22.291 13794 INFO rally.task.runner [-] Task d1d340ee-1fb5-43fe-9c49-f4bcd8af8f08 | ITER: 1 START
2020-04-10 05:02:22.292 13797 RALLYDEBUG rally.task.runner [-] Starting a worker. times: 10 duration: None concurrency: 1 timeout: 0 cls: method_name: run args: {"flavor": "f17c0487-351b-48c5-baa4-be5129fdc368", "image": "fb2519f7-fd71-4231-bbb1-c2646090e539", "size": 10, "block_migration": false, "boot_server_kwargs": {"nics": [{"net-id": "22362b54-3fa0-4639-b461-978014ed8faf"}]}}
2020-04-10 05:02:22.292 13795 INFO rally.task.runner [-] Task d1d340ee-1fb5-43fe-9c49-f4bcd8af8f08 | ITER: 2 START
2020-04-10 05:02:22.297 13796 INFO rally.task.runner [-] Task d1d340ee-1fb5-43fe-9c49-f4bcd8af8f08 | ITER: 3 START
2020-04-10 05:02:22.299 13797 INFO rally.task.runner [-] Task d1d340ee-1fb5-43fe-9c49-f4bcd8af8f08 | ITER: 4 START
2020-04-10 05:02:33.584 13796 RALLYDEBUG rally.task.utils [-] Waiting for resource s_rally_8edbcb23_9gLxII3j. Status changed: BUILD => ACTIVE in 8.973183631896973
2020-04-10 05:02:33.663 13794 RALLYDEBUG rally.task.utils [-] Waiting for resource s_rally_8edbcb23_xcJj350p. Status changed: BUILD => ACTIVE in 9.069960117340088
2020-04-10 05:02:33.704 13795 RALLYDEBUG rally.task.utils [-] Waiting for resource s_rally_8edbcb23_k6MpsDVv. Status changed: BUILD => ACTIVE in 9.385982275009155
2020-04-10 05:02:34.327 13797 RALLYDEBUG rally.task.utils [-] Waiting for resource s_rally_8edbcb23_B9xzb0D3. Status changed: BUILD => ACTIVE in 9.20976209640503
2020-04-10 05:02:36.847 13795 RALLYDEBUG rally.task.utils [-] Waiting for resource s_rally_8edbcb23_i9zYsTeM. Status changed: AVAILABLE => RESERVED in 0.21414542198181152
2020-04-10 05:02:36.865 13796 RALLYDEBUG rally.task.utils [-] Waiting for resource s_rally_8edbcb23_h20VD8t8. Status changed: AVAILABLE => RESERVED in 0.2545790672302246
2020-04-10 05:02:36.885 13794 RALLYDEBUG rally.task.utils [-] Waiting for resource s_rally_8edbcb23_45LR85wY. Status changed: AVAILABLE => RESERVED in 0.1933445930480957
2020-04-10 05:02:37.377 13797 RALLYDEBUG rally.task.utils [-] Waiting for resource s_rally_8edbcb23_L8dZZN0M. Status changed: AVAILABLE => RESERVED in 0.19971561431884766
2020-04-10 05:02:39.071 13795 RALLYDEBUG rally.task.utils [-] Waiting for resource s_rally_8edbcb23_i9zYsTeM. Status changed: RESERVED => IN-USE in 2.22304105758667
2020-04-10 05:02:39.076 13796 RALLYDEBUG rally.task.utils [-] Waiting for resource s_rally_8edbcb23_h20VD8t8. Status changed: RESERVED => IN-USE in 2.2101824283599854
2020-04-10 05:02:39.100 13794 RALLYDEBUG rally.task.utils [-] Waiting for resource s_rally_8edbcb23_45LR85wY. Status changed: RESERVED => IN-USE in 2.214447259902954
2020-04-10 05:02:39.560 13797 RALLYDEBUG rally.task.utils [-] Waiting for resource s_rally_8edbcb23_L8dZZN0M. Status changed: RESERVED => IN-USE in 2.1827898025512695
2020-04-10 05:02:41.348 13795 RALLYDEBUG rally.task.utils [-] Waiting for resource s_rally_8edbcb23_k6MpsDVv. Status changed: ACTIVE => MIGRATING in 0.22501230239868164
2020-04-10 05:02:41.540 13796 RALLYDEBUG rally.task.utils [-] Waiting for resource s_rally_8edbcb23_9gLxII3j. Status changed: ACTIVE => MIGRATING in 0.4245624542236328
2020-04-10 05:02:41.545 13794 RALLYDEBUG rally.task.utils [-] Waiting for resource s_rally_8edbcb23_xcJj350p. Status changed: ACTIVE => MIGRATING in 0.4138059616088867
2020-04-10 05:02:42.105 13797 RALLYDEBUG rally.task.utils [-] Waiting for resource s_rally_8edbcb23_B9xzb0D3. Status changed: ACTIVE => MIGRATING in 0.20430207252502441
2020-04-10 05:02:52.877 13796 RALLYDEBUG rally.task.utils [-] Waiting for resource s_rally_8edbcb23_9gLxII3j. Status changed: MIGRATING => ACTIVE in 11.336460828781128
2020-04-10 05:02:53.595 13796 RALLYDEBUG rally.task.utils [-] Waiting for resource s_rally_8edbcb23_h20VD8t8. Status changed: AVAILABLE => DETACHING in 0.25574827194213867
2020-04-10 05:02:53.935 13797 RALLYDEBUG rally.task.utils [-] Waiting for resource s_rally_8edbcb23_B9xzb0D3. Status changed: MIGRATING => ACTIVE in 11.829787254333496
2020-04-10 05:02:54.584 13797 RALLYDEBUG rally.task.utils [-] Waiting for resource s_rally_8edbcb23_L8dZZN0M. Status changed: AVAILABLE => DETACHING in 0.20238780975341797
2020-04-10 05:02:55.783 13796 RALLYDEBUG rally.task.utils [-] Waiting for resource s_rally_8edbcb23_h20VD8t8. Status changed: DETACHING => AVAILABLE in 2.1880290508270264
2020-04-10 05:02:55.972 13796 RALLYDEBUG rally.task.utils [-] Waiting for resource s_rally_8edbcb23_h20VD8t8. Status changed: AVAILABLE => DELETING in 0.0784294605255127
2020-04-10 05:02:56.762 13797 RALLYDEBUG rally.task.utils [-] Waiting for resource s_rally_8edbcb23_L8dZZN0M. Status changed: DETACHING => AVAILABLE in 2.1784772872924805
2020-04-10 05:02:56.930 13797 RALLYDEBUG rally.task.utils [-] Waiting for resource s_rally_8edbcb23_L8dZZN0M. Status changed: AVAILABLE => DELETING in 0.08787703514099121
2020-04-10 05:03:00.454 13796 INFO rally.task.runner [-] Task d1d340ee-1fb5-43fe-9c49-f4bcd8af8f08 | ITER: 3 END: OK
2020-04-10 05:03:00.461 13796 INFO rally.task.runner [-] Task d1d340ee-1fb5-43fe-9c49-f4bcd8af8f08 | ITER: 5 START
2020-04-10 05:03:01.407 13797 INFO rally.task.runner [-] Task d1d340ee-1fb5-43fe-9c49-f4bcd8af8f08 | ITER: 4 END: OK
2020-04-10 05:03:01.414 13797 INFO rally.task.runner [-] Task d1d340ee-1fb5-43fe-9c49-f4bcd8af8f08 | ITER: 6 START
2020-04-10 05:03:07.486 13795 RALLYDEBUG rally.task.utils [-] Waiting for resource s_rally_8edbcb23_k6MpsDVv. Status changed: MIGRATING => ACTIVE in 26.137238264083862
2020-04-10 05:03:08.110 13795 RALLYDEBUG rally.task.utils [-] Waiting for resource s_rally_8edbcb23_i9zYsTeM. Status changed: AVAILABLE => DETACHING in 0.19974565505981445
2020-04-10 05:03:10.015 13796 RALLYDEBUG rally.task.utils [-] Waiting for resource s_rally_8edbcb23_GY93Or8u. Status changed: BUILD => ACTIVE in 7.669621229171753
2020-04-10 05:03:10.314 13795 RALLYDEBUG rally.task.utils [-] Waiting for resource s_rally_8edbcb23_i9zYsTeM. Status changed: DETACHING => AVAILABLE in 2.203721046447754
2020-04-10 05:03:10.479 13795 RALLYDEBUG rally.task.utils [-] Waiting for resource s_rally_8edbcb23_i9zYsTeM. Status changed: AVAILABLE => DELETING in 0.09050941467285156
2020-04-10 05:03:10.858 13797 RALLYDEBUG rally.task.utils [-] Waiting for resource s_rally_8edbcb23_Tz1xyXOd. Status changed: BUILD => ACTIVE in 6.864879608154297
2020-04-10 05:03:13.196 13796 RALLYDEBUG rally.task.utils [-] Waiting for resource s_rally_8edbcb23_YwVK7KIb. Status changed: AVAILABLE => RESERVED in 0.20336341857910156
2020-04-10 05:03:14.118 13797 RALLYDEBUG rally.task.utils [-] Waiting for resource s_rally_8edbcb23_rymlrnbL. Status changed: AVAILABLE => RESERVED in 0.2006072998046875
2020-04-10 05:03:15.412 13796 RALLYDEBUG rally.task.utils [-] Waiting for resource s_rally_8edbcb23_YwVK7KIb. Status changed: RESERVED => IN-USE in 2.2163052558898926
2020-04-10 05:03:16.316 13797 RALLYDEBUG rally.task.utils [-] Waiting for resource s_rally_8edbcb23_rymlrnbL. Status changed: RESERVED => IN-USE in 2.197413921356201
2020-04-10 05:03:17.142 13795 INFO rally.task.runner [-] Task d1d340ee-1fb5-43fe-9c49-f4bcd8af8f08 | ITER: 2 END: OK
2020-04-10 05:03:17.148 13795 INFO rally.task.runner [-] Task d1d340ee-1fb5-43fe-9c49-f4bcd8af8f08 | ITER: 7 START
2020-04-10 05:03:18.549 13796 RALLYDEBUG rally.task.utils [-] Waiting for resource s_rally_8edbcb23_GY93Or8u. Status changed: ACTIVE => MIGRATING in 1.2934331893920898
2020-04-10 05:03:19.184 13794 RALLYDEBUG rally.task.utils [-] Waiting for resource s_rally_8edbcb23_xcJj350p. Status changed: MIGRATING => ACTIVE in 37.6384813785553
2020-04-10 05:03:19.185 13797 RALLYDEBUG rally.task.utils [-] Waiting for resource s_rally_8edbcb23_Tz1xyXOd. Status changed: ACTIVE => MIGRATING in 0.9892797470092773
2020-04-10 05:03:19.833 13794 RALLYDEBUG rally.task.utils [-] Waiting for resource s_rally_8edbcb23_45LR85wY. Status changed: AVAILABLE => DETACHING in 0.18626093864440918
2020-04-10 05:03:22.043 13794 RALLYDEBUG rally.task.utils [-] Waiting for resource s_rally_8edbcb23_45LR85wY. Status changed: DETACHING => AVAILABLE in 2.2104761600494385
2020-04-10 05:03:22.204 13794 RALLYDEBUG rally.task.utils [-] Waiting for resource s_rally_8edbcb23_45LR85wY. Status changed: AVAILABLE => DELETING in 0.07476043701171875
2020-04-10 05:03:26.157 13795 RALLYDEBUG rally.task.utils [-] Waiting for resource s_rally_8edbcb23_7H6p0qrP. Status changed: BUILD => ACTIVE in 6.936135768890381
2020-04-10 05:03:26.749 13794 INFO rally.task.runner [-] Task d1d340ee-1fb5-43fe-9c49-f4bcd8af8f08 | ITER: 1 END: OK
2020-04-10 05:03:26.755 13794 INFO rally.task.runner [-] Task d1d340ee-1fb5-43fe-9c49-f4bcd8af8f08 | ITER: 8 START
2020-04-10 05:03:29.241 13795 RALLYDEBUG rally.task.utils [-] Waiting for resource s_rally_8edbcb23_SUzE7c9T. Status changed: AVAILABLE => RESERVED in 0.19838905334472656
2020-04-10 05:03:31.388 13797 RALLYDEBUG rally.task.utils [-] Waiting for resource s_rally_8edbcb23_Tz1xyXOd. Status changed: MIGRATING => ACTIVE in 12.202157497406006
2020-04-10 05:03:31.445 13795 RALLYDEBUG rally.task.utils [-] Waiting for resource s_rally_8edbcb23_SUzE7c9T. Status changed: RESERVED => IN-USE in 2.2036948204040527
2020-04-10 05:03:32.077 13797 RALLYDEBUG rally.task.utils [-] Waiting for resource s_rally_8edbcb23_rymlrnbL. Status changed: AVAILABLE => DETACHING in 0.19939184188842773
2020-04-10 05:03:33.464 13795 RALLYDEBUG rally.task.utils [-] Waiting for resource s_rally_8edbcb23_7H6p0qrP. Status changed: ACTIVE => MIGRATING in 0.24145889282226562
2020-04-10 05:03:34.272 13797 RALLYDEBUG rally.task.utils [-] Waiting for resource s_rally_8edbcb23_rymlrnbL. Status changed: DETACHING => AVAILABLE in 2.1948227882385254
2020-04-10 05:03:34.384 13796 RALLYDEBUG rally.task.utils [-] Waiting for resource s_rally_8edbcb23_GY93Or8u. Status changed: MIGRATING => ACTIVE in 15.834074258804321
2020-04-10 05:03:34.418 13797 RALLYDEBUG rally.task.utils [-] Waiting for resource s_rally_8edbcb23_rymlrnbL. Status changed: AVAILABLE => DELETING in 0.07364463806152344
2020-04-10 05:03:35.028 13796 RALLYDEBUG rally.task.utils [-] Waiting for resource s_rally_8edbcb23_YwVK7KIb. Status changed: AVAILABLE => DETACHING in 0.18763446807861328
2020-04-10 05:03:35.735 13794 RALLYDEBUG rally.task.utils [-] Waiting for resource s_rally_8edbcb23_to0VbbcO. Status changed: BUILD => ACTIVE in 6.890672922134399
2020-04-10 05:03:37.234 13796 RALLYDEBUG rally.task.utils [-] Waiting for resource s_rally_8edbcb23_YwVK7KIb. Status changed: DETACHING => AVAILABLE in 2.205594062805176
2020-04-10 05:03:37.367 13796 RALLYDEBUG rally.task.utils [-] Waiting for resource s_rally_8edbcb23_YwVK7KIb. Status changed: AVAILABLE => DELETING in 0.05842423439025879
2020-04-10 05:03:38.742 13794 RALLYDEBUG rally.task.utils [-] Waiting for resource s_rally_8edbcb23_EV557fGQ. Status changed: AVAILABLE => RESERVED in 0.18807244300842285
2020-04-10 05:03:39.248 13797 INFO rally.task.runner [-] Task d1d340ee-1fb5-43fe-9c49-f4bcd8af8f08 | ITER: 6 END: OK
2020-04-10 05:03:39.253 13797 INFO rally.task.runner [-] Task d1d340ee-1fb5-43fe-9c49-f4bcd8af8f08 | ITER: 9 START
2020-04-10 05:03:40.952 13794 RALLYDEBUG rally.task.utils [-] Waiting for resource s_rally_8edbcb23_EV557fGQ. Status changed: RESERVED => IN-USE in 2.2099125385284424
2020-04-10 05:03:41.924 13796 INFO rally.task.runner [-] Task d1d340ee-1fb5-43fe-9c49-f4bcd8af8f08 | ITER: 5 END: OK
2020-04-10 05:03:41.930 13796 INFO rally.task.runner [-] Task d1d340ee-1fb5-43fe-9c49-f4bcd8af8f08 | ITER: 10 START
2020-04-10 05:03:43.947 13794 RALLYDEBUG rally.task.utils [-] Waiting for resource s_rally_8edbcb23_to0VbbcO. Status changed: ACTIVE => MIGRATING in 0.23172831535339355
2020-04-10 05:03:47.674 13795 RALLYDEBUG rally.task.utils [-] Waiting for resource s_rally_8edbcb23_7H6p0qrP. Status changed: MIGRATING => ACTIVE in 14.21031665802002
2020-04-10 05:03:48.411 13795 RALLYDEBUG rally.task.utils [-] Waiting for resource s_rally_8edbcb23_SUzE7c9T. Status changed: AVAILABLE => DETACHING in 0.201462984085083
2020-04-10 05:03:50.611 13795 RALLYDEBUG rally.task.utils [-] Waiting for resource s_rally_8edbcb23_SUzE7c9T. Status changed: DETACHING => AVAILABLE in 2.19952392578125
2020-04-10 05:03:50.784 13795 RALLYDEBUG rally.task.utils [-] Waiting for resource s_rally_8edbcb23_SUzE7c9T. Status changed: AVAILABLE => DELETING in 0.08067059516906738
2020-04-10 05:03:50.883 13797 RALLYDEBUG rally.task.utils [-] Waiting for resource s_rally_8edbcb23_DvEt0kBS. Status changed: BUILD => ACTIVE in 9.430377960205078
2020-04-10 05:03:53.997 13797 RALLYDEBUG rally.task.utils [-] Waiting for resource s_rally_8edbcb23_CT00eEpc. Status changed: AVAILABLE => RESERVED in 0.1978907585144043
2020-04-10 05:03:54.095 13796 RALLYDEBUG rally.task.utils [-] Waiting for resource s_rally_8edbcb23_HtSgxj8e. Status changed: BUILD => ACTIVE in 9.40025019645691
2020-04-10 05:03:55.295 13795 INFO rally.task.runner [-] Task d1d340ee-1fb5-43fe-9c49-f4bcd8af8f08 | ITER: 7 END: OK
2020-04-10 05:03:56.200 13797 RALLYDEBUG rally.task.utils [-] Waiting for resource s_rally_8edbcb23_CT00eEpc. Status changed: RESERVED => IN-USE in 2.2031731605529785
2020-04-10 05:03:57.264 13796 RALLYDEBUG rally.task.utils [-] Waiting for resource s_rally_8edbcb23_dRzbp6cx. Status changed: AVAILABLE => RESERVED in 0.18767261505126953
2020-04-10 05:03:58.064 13794 RALLYDEBUG rally.task.utils [-] Waiting for resource s_rally_8edbcb23_to0VbbcO. Status changed: MIGRATING => ACTIVE in 14.11646556854248
2020-04-10 05:03:59.105 13794 RALLYDEBUG rally.task.utils [-] Waiting for resource s_rally_8edbcb23_EV557fGQ. Status changed: AVAILABLE => DETACHING in 0.49082398414611816
2020-04-10 05:03:59.184 13797 RALLYDEBUG rally.task.utils [-] Waiting for resource s_rally_8edbcb23_DvEt0kBS. Status changed: ACTIVE => MIGRATING in 1.0986719131469727
2020-04-10 05:03:59.465 13796 RALLYDEBUG rally.task.utils [-] Waiting for resource s_rally_8edbcb23_dRzbp6cx. Status changed: RESERVED => IN-USE in 2.2013633251190186
2020-04-10 05:04:01.306 13794 RALLYDEBUG rally.task.utils [-] Waiting for resource s_rally_8edbcb23_EV557fGQ. Status changed: DETACHING => AVAILABLE in 2.200578212738037
2020-04-10 05:04:01.455 13794 RALLYDEBUG rally.task.utils [-] Waiting for resource s_rally_8edbcb23_EV557fGQ. Status changed: AVAILABLE => DELETING in 0.07288599014282227
2020-04-10 05:04:03.299 13796 RALLYDEBUG rally.task.utils [-] Waiting for resource s_rally_8edbcb23_HtSgxj8e. Status changed: ACTIVE => MIGRATING in 0.8519082069396973
2020-04-10 05:04:06.059 13794 INFO rally.task.runner [-] Task d1d340ee-1fb5-43fe-9c49-f4bcd8af8f08 | ITER: 8 END: OK
2020-04-10 05:04:10.666 13797 RALLYDEBUG rally.task.utils [-] Waiting for resource s_rally_8edbcb23_DvEt0kBS. Status changed: MIGRATING => ACTIVE in 11.481794357299805
2020-04-10 05:04:11.531 13797 RALLYDEBUG rally.task.utils [-] Waiting for resource s_rally_8edbcb23_CT00eEpc. Status changed: AVAILABLE => DETACHING in 0.19427752494812012
2020-04-10 05:04:13.732 13797 RALLYDEBUG rally.task.utils [-] Waiting for resource s_rally_8edbcb23_CT00eEpc. Status changed: DETACHING => AVAILABLE in 2.2004919052124023
2020-04-10 05:04:13.899 13797 RALLYDEBUG rally.task.utils [-] Waiting for resource s_rally_8edbcb23_CT00eEpc. Status changed: AVAILABLE => DELETING in 0.08998584747314453
2020-04-10 05:04:18.412 13797 INFO rally.task.runner [-] Task d1d340ee-1fb5-43fe-9c49-f4bcd8af8f08 | ITER: 9 END: OK
2020-04-10 05:04:19.534 13796 RALLYDEBUG rally.task.utils [-] Waiting for resource s_rally_8edbcb23_HtSgxj8e. Status changed: MIGRATING => ACTIVE in 16.234557628631592
2020-04-10 05:04:20.219 13796 RALLYDEBUG rally.task.utils [-] Waiting for resource s_rally_8edbcb23_dRzbp6cx. Status changed: AVAILABLE => DETACHING in 0.23582720756530762
2020-04-10 05:04:22.427 13796 RALLYDEBUG rally.task.utils [-] Waiting for resource s_rally_8edbcb23_dRzbp6cx. Status changed: DETACHING => AVAILABLE in 2.207667112350464
2020-04-10 05:04:22.594 13796 RALLYDEBUG rally.task.utils [-] Waiting for resource s_rally_8edbcb23_dRzbp6cx. Status changed: AVAILABLE => DELETING in 0.07751202583312988
2020-04-10 05:04:27.242 13796 INFO rally.task.runner [-] Task d1d340ee-1fb5-43fe-9c49-f4bcd8af8f08 | ITER: 10 END: OK
2020-04-10 05:04:27.273 12083 INFO rally.task.context [-] Task d1d340ee-1fb5-43fe-9c49-f4bcd8af8f08 | Context cleanup@openstack cleanup() started
2020-04-10 05:04:27.280 12083 RALLYDEBUG rally_openstack.cleanup.manager [-] Cleaning up nova servers objects
2020-04-10 05:04:27.964 12083 RALLYDEBUG rally_openstack.cleanup.manager [-] Cleaning up nova server_groups objects
2020-04-10 05:04:28.413 12083 RALLYDEBUG rally_openstack.cleanup.manager [-] Cleaning up nova keypairs objects
2020-04-10 05:04:29.502 12083 RALLYDEBUG rally_openstack.cleanup.manager [-] Cleaning up cinder backups objects
2020-04-10 05:04:29.985 12083 RALLYDEBUG rally_openstack.cleanup.manager [-] Cleaning up cinder volume_snapshots objects
2020-04-10 05:04:30.481 12083 RALLYDEBUG rally_openstack.cleanup.manager [-] Cleaning up cinder transfers objects
2020-04-10 05:04:30.903 12083 RALLYDEBUG rally_openstack.cleanup.manager [-] Cleaning up cinder volumes objects
2020-04-10 05:04:31.481 12083 INFO rally.task.context [-] Task d1d340ee-1fb5-43fe-9c49-f4bcd8af8f08 | Context cleanup@openstack cleanup() finished in 4.21 sec
2020-04-10 05:04:31.482 12083 INFO rally.task.context [-] Task d1d340ee-1fb5-43fe-9c49-f4bcd8af8f08 | Context api_versions@openstack cleanup() started
2020-04-10 05:04:31.482 12083 INFO rally.task.context [-] Task d1d340ee-1fb5-43fe-9c49-f4bcd8af8f08 | Context api_versions@openstack cleanup() finished in 0.41 msec
2020-04-10 05:04:31.483 12083 INFO rally.task.context [-] Task d1d340ee-1fb5-43fe-9c49-f4bcd8af8f08 | Context users@openstack cleanup() started
2020-04-10 05:04:31.646 12083 WARNING rally.common.logging [-] `iterate_per_tenants()' is deprecated in v3.0.0: it is openstack specific.. Used at
2020-04-10 05:04:33.668 12083 INFO rally.task.context [-] Task d1d340ee-1fb5-43fe-9c49-f4bcd8af8f08 | Context users@openstack cleanup() finished in 2.18 sec
2020-04-10 05:04:34.360 12083 INFO rally.task.engine [-] Load duration is: 123.946663
2020-04-10 05:04:34.361 12083 INFO rally.task.engine [-] Full runner duration is: 125.004962
2020-04-10 05:04:34.361 12083 INFO rally.task.engine [-] Full duration is: 133.923055
2020-04-10 05:04:34.458 12083 INFO rally.task.engine [-] Running workload: position = 0 config = { "version": 2, "title": "A cropped version of a bigger task.", "description": "Auto-generated task from a single workload (uuid=feaaa550-6ddf-4101-868d-df1213c35f44)", "subtasks": [ { "title": "NovaServers.boot_server_from_volume_and_live_migrate", "description": "Boot a server from volume and then migrate it.", "scenario": { "NovaServers.boot_server_from_volume_and_live_migrate": { "flavor": { "name": "rally_full-flavor_904cbf3a-2ea6-4f0d-90b5-c5ed3d669543" }, "image": { "name": "rally_full-img_904cbf3a-2ea6-4f0d-90b5-c5ed3d669543" }, "block_migration": false, "volume_size": 1, "force_delete": false, "nics": [ { "net-id": "22362b54-3fa0-4639-b461-978014ed8faf" } ] } }, "contexts": { "users": { "tenants": 3, "users_per_tenant": 2 }, "api_versions": { "cinder": { "version": 3, "service_type": "volumev3" } } }, "runner": { "constant": { "concurrency": 4, "times": 10 } }, "hooks": [], "sla": { "failure_rate": { "max": 0 } } } ] }
2020-04-10 05:04:34.483 12083 RALLYDEBUG rally_openstack.contexts.keystone.users [-] Creating 3 tenants using 3 threads
2020-04-10 05:04:35.013 12083 RALLYDEBUG rally_openstack.contexts.keystone.users [-] Creating 6 users using 6 threads
