2020-04-10 05:25:40.987 16782 RALLYDEBUG rally_openstack.cleanup.manager [-] Deleting swift.container object s_rally_6b9d21f9_To1eQLT5 (['s_rally_6b9d21f9_To1eQLT5'])
2020-04-10 05:25:40.997 16782 RALLYDEBUG rally_openstack.cleanup.manager [-] Deleting swift.container object s_rally_6b9d21f9_ovFYnipA (['s_rally_6b9d21f9_ovFYnipA'])
2020-04-10 05:25:41.015 16782 RALLYDEBUG rally_openstack.cleanup.manager [-] Deleting swift.container object s_rally_6b9d21f9_UoF6IyAD (['s_rally_6b9d21f9_UoF6IyAD'])
2020-04-10 05:25:41.010 16782 RALLYDEBUG rally_openstack.cleanup.manager [-] Deleting swift.container object s_rally_6b9d21f9_QdsXHkwp (['s_rally_6b9d21f9_QdsXHkwp'])
2020-04-10 05:25:41.031 16782 RALLYDEBUG rally_openstack.cleanup.manager [-] Deleting swift.container object s_rally_6b9d21f9_aPwUgjh4 (['s_rally_6b9d21f9_aPwUgjh4'])
2020-04-10 05:25:41.045 16782 RALLYDEBUG rally_openstack.cleanup.manager [-] Deleting swift.container object s_rally_6b9d21f9_vCX0PDgV (['s_rally_6b9d21f9_vCX0PDgV'])
2020-04-10 05:25:41.050 16782 RALLYDEBUG rally_openstack.cleanup.manager [-] Deleting swift.container object s_rally_6b9d21f9_maOkSoBl (['s_rally_6b9d21f9_maOkSoBl'])
2020-04-10 05:25:41.056 16782 RALLYDEBUG rally_openstack.cleanup.manager [-] Deleting swift.container object s_rally_6b9d21f9_mmcAQn3a (['s_rally_6b9d21f9_mmcAQn3a'])
2020-04-10 05:25:41.255 16782 DEBUG swiftclient [-] REQ: curl -i http://172.30.12.85:8080/swift/v1/AUTH_e3d7ce250c344e4fa3757457422b749c/s_rally_6b9d21f9_ovFYnipA DELETE -H "X-Auth-Token: gAAAAABekANVYDzt..." http_log /usr/lib/python3.7/site-packages/swiftclient/client.py:182
2020-04-10 05:25:41.256 16782 DEBUG swiftclient [-] RESP STATUS: 204 No Content http_log /usr/lib/python3.7/site-packages/swiftclient/client.py:183
2020-04-10 05:25:41.258 16782 DEBUG swiftclient [-] REQ: curl -i http://172.30.12.85:8080/swift/v1/AUTH_1944df26996240418f62fc5cd5cc2d53/s_rally_6b9d21f9_aPwUgjh4 DELETE -H "X-Auth-Token: gAAAAABekANV-MeJ..." http_log /usr/lib/python3.7/site-packages/swiftclient/client.py:182
2020-04-10 05:25:41.258 16782 DEBUG swiftclient [-] RESP HEADERS: {'X-Trans-Id': 'tx00000000000000000f465-005e900355-3744-default', 'X-Openstack-Request-Id': 'tx00000000000000000f465-005e900355-3744-default', 'Accept-Ranges': 'bytes', 'Content-Type': 'text/plain; charset=utf-8', 'Date': 'Fri, 10 Apr 2020 05:25:41 GMT'} http_log /usr/lib/python3.7/site-packages/swiftclient/client.py:184
2020-04-10 05:25:41.259 16782 DEBUG swiftclient [-] RESP STATUS: 204 No Content http_log /usr/lib/python3.7/site-packages/swiftclient/client.py:183
2020-04-10 05:25:41.261 16782 DEBUG swiftclient [-] RESP HEADERS: {'X-Trans-Id': 'tx00000000000000000f466-005e900355-3744-default', 'X-Openstack-Request-Id': 'tx00000000000000000f466-005e900355-3744-default', 'Accept-Ranges': 'bytes', 'Content-Type': 'text/plain; charset=utf-8', 'Date': 'Fri, 10 Apr 2020 05:25:41 GMT'} http_log /usr/lib/python3.7/site-packages/swiftclient/client.py:184
2020-04-10 05:25:41.286 16782 DEBUG swiftclient [-] REQ: curl -i http://172.30.12.85:8080/swift/v1/AUTH_1944df26996240418f62fc5cd5cc2d53/s_rally_6b9d21f9_UoF6IyAD DELETE -H "X-Auth-Token: gAAAAABekANVRP1w..." http_log /usr/lib/python3.7/site-packages/swiftclient/client.py:182
2020-04-10 05:25:41.287 16782 DEBUG swiftclient [-] REQ: curl -i http://172.30.12.85:8080/swift/v1/AUTH_e3d7ce250c344e4fa3757457422b749c/s_rally_6b9d21f9_A4kPn9iD DELETE -H "X-Auth-Token: gAAAAABekANVn-8C..." http_log /usr/lib/python3.7/site-packages/swiftclient/client.py:182
2020-04-10 05:25:41.287 16782 DEBUG swiftclient [-] RESP STATUS: 204 No Content http_log /usr/lib/python3.7/site-packages/swiftclient/client.py:183
2020-04-10 05:25:41.288 16782 DEBUG swiftclient [-] RESP STATUS: 204 No Content http_log /usr/lib/python3.7/site-packages/swiftclient/client.py:183
2020-04-10 05:25:41.288 16782 DEBUG swiftclient [-] RESP HEADERS: {'X-Trans-Id': 'tx00000000000000000f467-005e900355-3744-default', 'X-Openstack-Request-Id': 'tx00000000000000000f467-005e900355-3744-default', 'Accept-Ranges': 'bytes', 'Content-Type': 'text/plain; charset=utf-8', 'Date': 'Fri, 10 Apr 2020 05:25:41 GMT'} http_log /usr/lib/python3.7/site-packages/swiftclient/client.py:184
2020-04-10 05:25:41.289 16782 DEBUG swiftclient [-] RESP HEADERS: {'X-Trans-Id': 'tx00000000000000000f468-005e900355-3744-default', 'X-Openstack-Request-Id': 'tx00000000000000000f468-005e900355-3744-default', 'Accept-Ranges': 'bytes', 'Content-Type': 'text/plain; charset=utf-8', 'Date': 'Fri, 10 Apr 2020 05:25:41 GMT'} http_log /usr/lib/python3.7/site-packages/swiftclient/client.py:184
2020-04-10 05:25:41.304 16782 DEBUG swiftclient [-] REQ: curl -i http://172.30.12.85:8080/swift/v1/AUTH_1944df26996240418f62fc5cd5cc2d53/s_rally_6b9d21f9_vCX0PDgV DELETE -H "X-Auth-Token: gAAAAABekANVxQuG..." http_log /usr/lib/python3.7/site-packages/swiftclient/client.py:182
2020-04-10 05:25:41.304 16782 DEBUG swiftclient [-] RESP STATUS: 204 No Content http_log /usr/lib/python3.7/site-packages/swiftclient/client.py:183
2020-04-10 05:25:41.305 16782 DEBUG swiftclient [-] RESP HEADERS: {'X-Trans-Id': 'tx00000000000000000f469-005e900355-3744-default', 'X-Openstack-Request-Id': 'tx00000000000000000f469-005e900355-3744-default', 'Accept-Ranges': 'bytes', 'Content-Type': 'text/plain; charset=utf-8', 'Date': 'Fri, 10 Apr 2020 05:25:41 GMT'} http_log /usr/lib/python3.7/site-packages/swiftclient/client.py:184
2020-04-10 05:25:41.319 16782 DEBUG swiftclient [-] REQ: curl -i http://172.30.12.85:8080/swift/v1/AUTH_e3d7ce250c344e4fa3757457422b749c/s_rally_6b9d21f9_cylc2Kgs DELETE -H "X-Auth-Token: gAAAAABekANVLDrs..." http_log /usr/lib/python3.7/site-packages/swiftclient/client.py:182
2020-04-10 05:25:41.320 16782 DEBUG swiftclient [-] REQ: curl -i http://172.30.12.85:8080/swift/v1/AUTH_1944df26996240418f62fc5cd5cc2d53/s_rally_6b9d21f9_QdsXHkwp DELETE -H "X-Auth-Token: gAAAAABekANVr8pW..." http_log /usr/lib/python3.7/site-packages/swiftclient/client.py:182
2020-04-10 05:25:41.322 16782 DEBUG swiftclient [-] REQ: curl -i http://172.30.12.85:8080/swift/v1/AUTH_e3d7ce250c344e4fa3757457422b749c/s_rally_6b9d21f9_To1eQLT5 DELETE -H "X-Auth-Token: gAAAAABekANVr-A_..." http_log /usr/lib/python3.7/site-packages/swiftclient/client.py:182
2020-04-10 05:25:41.323 16782 DEBUG swiftclient [-] REQ: curl -i http://172.30.12.85:8080/swift/v1/AUTH_39a2dbc40b1143d2a03d4357ced4fa09/s_rally_6b9d21f9_maOkSoBl DELETE -H "X-Auth-Token: gAAAAABekANVunlU..." http_log /usr/lib/python3.7/site-packages/swiftclient/client.py:182
2020-04-10 05:25:41.323 16782 DEBUG swiftclient [-] RESP STATUS: 204 No Content http_log /usr/lib/python3.7/site-packages/swiftclient/client.py:183
2020-04-10 05:25:41.324 16782 DEBUG swiftclient [-] RESP STATUS: 204 No Content http_log /usr/lib/python3.7/site-packages/swiftclient/client.py:183
2020-04-10 05:25:41.324 16782 DEBUG swiftclient [-] RESP STATUS: 204 No Content http_log /usr/lib/python3.7/site-packages/swiftclient/client.py:183
2020-04-10 05:25:41.325 16782 DEBUG swiftclient [-] RESP STATUS: 204 No Content http_log /usr/lib/python3.7/site-packages/swiftclient/client.py:183
2020-04-10 05:25:41.325 16782 DEBUG swiftclient [-] RESP HEADERS: {'X-Trans-Id': 'tx00000000000000000f46d-005e900355-3744-default', 'X-Openstack-Request-Id': 'tx00000000000000000f46d-005e900355-3744-default', 'Accept-Ranges': 'bytes', 'Content-Type': 'text/plain; charset=utf-8', 'Date': 'Fri, 10 Apr 2020 05:25:41 GMT'} http_log /usr/lib/python3.7/site-packages/swiftclient/client.py:184
2020-04-10 05:25:41.326 16782 DEBUG swiftclient [-] RESP HEADERS: {'X-Trans-Id': 'tx00000000000000000f46b-005e900355-3744-default', 'X-Openstack-Request-Id': 'tx00000000000000000f46b-005e900355-3744-default', 'Accept-Ranges': 'bytes', 'Content-Type': 'text/plain; charset=utf-8', 'Date': 'Fri, 10 Apr 2020 05:25:41 GMT'} http_log /usr/lib/python3.7/site-packages/swiftclient/client.py:184
2020-04-10 05:25:41.326 16782 DEBUG swiftclient [-] RESP HEADERS: {'X-Trans-Id': 'tx00000000000000000f46c-005e900355-3744-default', 'X-Openstack-Request-Id': 'tx00000000000000000f46c-005e900355-3744-default', 'Accept-Ranges': 'bytes', 'Content-Type': 'text/plain; charset=utf-8', 'Date': 'Fri, 10 Apr 2020 05:25:41 GMT'} http_log /usr/lib/python3.7/site-packages/swiftclient/client.py:184
2020-04-10 05:25:41.327 16782 DEBUG swiftclient [-] RESP HEADERS: {'X-Trans-Id': 'tx00000000000000000f46a-005e900355-3744-default', 'X-Openstack-Request-Id': 'tx00000000000000000f46a-005e900355-3744-default', 'Accept-Ranges': 'bytes', 'Content-Type': 'text/plain; charset=utf-8', 'Date': 'Fri, 10 Apr 2020 05:25:41 GMT'} http_log /usr/lib/python3.7/site-packages/swiftclient/client.py:184
2020-04-10 05:25:41.383 16782 DEBUG swiftclient [-] REQ: curl -i http://172.30.12.85:8080/swift/v1/AUTH_39a2dbc40b1143d2a03d4357ced4fa09/s_rally_6b9d21f9_mmcAQn3a DELETE -H "X-Auth-Token: gAAAAABekANVAsoj..." http_log /usr/lib/python3.7/site-packages/swiftclient/client.py:182
2020-04-10 05:25:41.383 16782 DEBUG swiftclient [-] RESP STATUS: 204 No Content http_log /usr/lib/python3.7/site-packages/swiftclient/client.py:183
2020-04-10 05:25:41.384 16782 DEBUG swiftclient [-] RESP HEADERS: {'X-Trans-Id': 'tx00000000000000000f46e-005e900355-3744-default', 'X-Openstack-Request-Id': 'tx00000000000000000f46e-005e900355-3744-default', 'Accept-Ranges': 'bytes', 'Content-Type': 'text/plain; charset=utf-8', 'Date': 'Fri, 10 Apr 2020 05:25:41 GMT'} http_log /usr/lib/python3.7/site-packages/swiftclient/client.py:184
2020-04-10 05:25:42.389 16782 INFO rally.task.context [-] Task cf6e7ca0-a162-4803-9299-73e74cbe72b8 | Context cleanup@openstack cleanup() finished in 8.08 sec
2020-04-10 05:25:42.389 16782 INFO rally.task.context [-] Task cf6e7ca0-a162-4803-9299-73e74cbe72b8 | Context roles@openstack cleanup() started
2020-04-10 05:25:42.390 16782 RALLYDEBUG rally_openstack.contexts.keystone.roles [-] Removing assigned role 9fec87626e504833a48581bf8d298704 from all users
2020-04-10 05:25:42.902 16782 INFO rally.task.context [-] Task cf6e7ca0-a162-4803-9299-73e74cbe72b8 | Context roles@openstack cleanup() finished in 0.51 sec
2020-04-10 05:25:42.903 16782 INFO rally.task.context [-] Task cf6e7ca0-a162-4803-9299-73e74cbe72b8 | Context users@openstack cleanup() started
2020-04-10 05:25:43.177 16782 WARNING rally.common.logging [-] `iterate_per_tenants()' is deprecated in v3.0.0: it is openstack specific.. Used at
2020-04-10 05:25:46.645 16782 INFO rally.task.context [-] Task cf6e7ca0-a162-4803-9299-73e74cbe72b8 | Context users@openstack cleanup() finished in 3.74 sec
2020-04-10 05:25:47.418 16782 INFO rally.task.engine [-] Load duration is: 1.676295
2020-04-10 05:25:47.419 16782 INFO rally.task.engine [-] Full runner duration is: 1.71851
2020-04-10 05:25:47.419 16782 INFO rally.task.engine [-] Full duration is: 17.41461
2020-04-10 05:25:47.508 16782 INFO rally.task.engine [-] Running workload: position = 0 config = { "version": 2, "title": "A cropped version of a bigger task.", "description": "Auto-generated task from a single workload (uuid=c4e6efc9-89ed-4f61-8141-e1fbdbb54245)", "subtasks": [ { "title": "SwiftObjects.create_container_and_object_then_delete_all", "description": "Create container and objects then delete everything created.", "scenario": { "SwiftObjects.create_container_and_object_then_delete_all": { "objects_per_container": 5, "object_size": 102400 } }, "contexts": { "users": { "tenants": 3, "users_per_tenant": 2 }, "roles": [ "admin" ] }, "runner": { "constant": { "concurrency": 4, "times": 10 } }, "hooks": [], "sla": { "failure_rate": { "max": 0 } } } ] }
2020-04-10 05:25:47.527 16782 RALLYDEBUG rally_openstack.contexts.keystone.users [-] Creating 3 tenants using 3 threads
2020-04-10 05:25:47.988 16782 RALLYDEBUG rally_openstack.contexts.keystone.users [-] Creating 6 users using 6 threads
2020-04-10 05:25:48.988 16782 INFO rally.task.context [-] Task cf6e7ca0-a162-4803-9299-73e74cbe72b8 | Context users@openstack setup() finished in 1.46 sec
2020-04-10 05:25:49.185 16782 RALLYDEBUG rally_openstack.contexts.keystone.roles [-] Adding role admin having ID 9fec87626e504833a48581bf8d298704 to all users using 30 threads
2020-04-10 05:25:50.941 16782 INFO rally.task.context [-] Task cf6e7ca0-a162-4803-9299-73e74cbe72b8 | Context roles@openstack setup() finished in 1.95 sec
2020-04-10 05:25:50.942 16782 INFO rally.task.context [-] Task cf6e7ca0-a162-4803-9299-73e74cbe72b8 | Context cleanup@openstack setup() finished in 0.01 msec
2020-04-10 05:25:50.952 16782 RALLYDEBUG rally.task.runner [-] Starting the constant runner (task UUID: cf6e7ca0-a162-4803-9299-73e74cbe72b8). times: 10 concurrency: 4 timeout: 0 max_cpu_used: 88 processes_to_start: 4 concurrency_per_worker: 1 concurrency_overhead: 0
2020-04-10 05:25:50.965 17466 RALLYDEBUG rally.task.runner [-] Starting a worker. times: 10 duration: None concurrency: 1 timeout: 0 cls: method_name: run args: {"objects_per_container": 5, "object_size": 102400}
2020-04-10 05:25:50.968 17467 RALLYDEBUG rally.task.runner [-] Starting a worker. times: 10 duration: None concurrency: 1 timeout: 0 cls: method_name: run args: {"objects_per_container": 5, "object_size": 102400}
2020-04-10 05:25:50.971 17468 RALLYDEBUG rally.task.runner [-] Starting a worker. times: 10 duration: None concurrency: 1 timeout: 0 cls: method_name: run args: {"objects_per_container": 5, "object_size": 102400}
2020-04-10 05:25:50.972 17466 INFO rally.task.runner [-] Task cf6e7ca0-a162-4803-9299-73e74cbe72b8 | ITER: 1 START
2020-04-10 05:25:50.974 17469 RALLYDEBUG rally.task.runner [-] Starting a worker. times: 10 duration: None concurrency: 1 timeout: 0 cls: method_name: run args: {"objects_per_container": 5, "object_size": 102400}
2020-04-10 05:25:50.976 17467 INFO rally.task.runner [-] Task cf6e7ca0-a162-4803-9299-73e74cbe72b8 | ITER: 2 START
2020-04-10 05:25:50.978 17468 INFO rally.task.runner [-] Task cf6e7ca0-a162-4803-9299-73e74cbe72b8 | ITER: 3 START
2020-04-10 05:25:50.981 17469 INFO rally.task.runner [-] Task cf6e7ca0-a162-4803-9299-73e74cbe72b8 | ITER: 4 START
2020-04-10 05:25:51.253 17469 DEBUG swiftclient [-] REQ: curl -i http://172.30.12.85:8080/swift/v1/AUTH_b107d3a501b445b5bcdf005992938054/s_rally_c4e6efc9_jLDpLql0 -X PUT -H "X-Auth-Token: gAAAAABekANfWzxf..." -H "Content-Length: 0" http_log /usr/lib/python3.7/site-packages/swiftclient/client.py:182
2020-04-10 05:25:51.254 17469 DEBUG swiftclient [-] RESP STATUS: 201 Created http_log /usr/lib/python3.7/site-packages/swiftclient/client.py:183
2020-04-10 05:25:51.254 17469 DEBUG swiftclient [-] RESP HEADERS: {'Content-Length': '0', 'X-Trans-Id': 'tx00000000000000000f472-005e90035f-3744-default', 'X-Openstack-Request-Id': 'tx00000000000000000f472-005e90035f-3744-default', 'Accept-Ranges': 'bytes', 'Content-Type': 'text/plain; charset=utf-8', 'Date': 'Fri, 10 Apr 2020 05:25:51 GMT'} http_log /usr/lib/python3.7/site-packages/swiftclient/client.py:184
2020-04-10 05:25:51.257 17468 DEBUG swiftclient [-] REQ: curl -i http://172.30.12.85:8080/swift/v1/AUTH_902d2e3ff939437aaf964edc613eaf0a/s_rally_c4e6efc9_LmcuqDCH -X PUT -H "X-Auth-Token: gAAAAABekANf78gc..." -H "Content-Length: 0" http_log /usr/lib/python3.7/site-packages/swiftclient/client.py:182
2020-04-10 05:25:51.258 17468 DEBUG swiftclient [-] RESP STATUS: 201 Created http_log /usr/lib/python3.7/site-packages/swiftclient/client.py:183
2020-04-10 05:25:51.258 17468 DEBUG swiftclient [-] RESP HEADERS: {'Content-Length': '0', 'X-Trans-Id': 'tx00000000000000000f470-005e90035f-3744-default', 'X-Openstack-Request-Id': 'tx00000000000000000f470-005e90035f-3744-default', 'Accept-Ranges': 'bytes', 'Content-Type': 'text/plain; charset=utf-8', 'Date': 'Fri, 10 Apr 2020 05:25:51 GMT'} http_log /usr/lib/python3.7/site-packages/swiftclient/client.py:184
2020-04-10 05:25:51.271 17469 DEBUG swiftclient [-] REQ: curl -i http://172.30.12.85:8080/swift/v1/AUTH_b107d3a501b445b5bcdf005992938054/s_rally_c4e6efc9_jLDpLql0/s_rally_c4e6efc9_etJBaRKp -X PUT -H "X-Auth-Token: gAAAAABekANfWzxf..." http_log /usr/lib/python3.7/site-packages/swiftclient/client.py:182
2020-04-10 05:25:51.271 17469 DEBUG swiftclient [-] RESP STATUS: 201 Created http_log /usr/lib/python3.7/site-packages/swiftclient/client.py:183
2020-04-10 05:25:51.272 17469 DEBUG swiftclient [-] RESP HEADERS: {'etag': '4c6426ac7ef186464ecbb0d81cbfcb1e', 'Last-Modified': 'Fri, 10 Apr 2020 05:25:51 GMT', 'X-Trans-Id': 'tx00000000000000000f473-005e90035f-3744-default', 'X-Openstack-Request-Id': 'tx00000000000000000f473-005e90035f-3744-default', 'Content-Type': 'text/plain; charset=utf-8', 'Content-Length': '0', 'Date': 'Fri, 10 Apr 2020 05:25:51 GMT'} http_log /usr/lib/python3.7/site-packages/swiftclient/client.py:184
2020-04-10 05:25:51.276 17468 DEBUG swiftclient [-] REQ: curl -i http://172.30.12.85:8080/swift/v1/AUTH_902d2e3ff939437aaf964edc613eaf0a/s_rally_c4e6efc9_LmcuqDCH/s_rally_c4e6efc9_KbxsXQlV -X PUT -H "X-Auth-Token: gAAAAABekANf78gc..." http_log /usr/lib/python3.7/site-packages/swiftclient/client.py:182
2020-04-10 05:25:51.276 17468 DEBUG swiftclient [-] RESP STATUS: 201 Created http_log /usr/lib/python3.7/site-packages/swiftclient/client.py:183
2020-04-10 05:25:51.276 17468 DEBUG swiftclient [-] RESP HEADERS: {'etag': '4c6426ac7ef186464ecbb0d81cbfcb1e', 'Last-Modified': 'Fri, 10 Apr 2020 05:25:51 GMT', 'X-Trans-Id': 'tx00000000000000000f474-005e90035f-3744-default', 'X-Openstack-Request-Id': 'tx00000000000000000f474-005e90035f-3744-default', 'Content-Type': 'text/plain; charset=utf-8', 'Content-Length': '0', 'Date': 'Fri, 10 Apr 2020 05:25:51 GMT'} http_log /usr/lib/python3.7/site-packages/swiftclient/client.py:184
2020-04-10 05:25:51.284 17466 DEBUG swiftclient [-] REQ: curl -i http://172.30.12.85:8080/swift/v1/AUTH_a62a218579734a2cafaa586ae6a29e62/s_rally_c4e6efc9_h0nKSJ2H -X PUT -H "X-Auth-Token: gAAAAABekANfoHQy..." -H "Content-Length: 0" http_log /usr/lib/python3.7/site-packages/swiftclient/client.py:182
2020-04-10 05:25:51.284 17469 DEBUG swiftclient [-] REQ: curl -i http://172.30.12.85:8080/swift/v1/AUTH_b107d3a501b445b5bcdf005992938054/s_rally_c4e6efc9_jLDpLql0/s_rally_c4e6efc9_EF9AxkDk -X PUT -H "X-Auth-Token: gAAAAABekANfWzxf..." http_log /usr/lib/python3.7/site-packages/swiftclient/client.py:182
2020-04-10 05:25:51.284 17466 DEBUG swiftclient [-] RESP STATUS: 201 Created http_log /usr/lib/python3.7/site-packages/swiftclient/client.py:183
2020-04-10 05:25:51.285 17469 DEBUG swiftclient [-] RESP STATUS: 201 Created http_log /usr/lib/python3.7/site-packages/swiftclient/client.py:183
2020-04-10 05:25:51.285 17466 DEBUG swiftclient [-] RESP HEADERS: {'Content-Length': '0', 'X-Trans-Id': 'tx00000000000000000f46f-005e90035f-3744-default', 'X-Openstack-Request-Id': 'tx00000000000000000f46f-005e90035f-3744-default', 'Accept-Ranges': 'bytes', 'Content-Type': 'text/plain; charset=utf-8', 'Date': 'Fri, 10 Apr 2020 05:25:51 GMT'} http_log /usr/lib/python3.7/site-packages/swiftclient/client.py:184
2020-04-10 05:25:51.285 17469 DEBUG swiftclient [-] RESP HEADERS: {'etag': '4c6426ac7ef186464ecbb0d81cbfcb1e', 'Last-Modified': 'Fri, 10 Apr 2020 05:25:51 GMT', 'X-Trans-Id': 'tx00000000000000000f475-005e90035f-3744-default', 'X-Openstack-Request-Id': 'tx00000000000000000f475-005e90035f-3744-default', 'Content-Type': 'text/plain; charset=utf-8', 'Content-Length': '0', 'Date': 'Fri, 10 Apr 2020 05:25:51 GMT'} http_log /usr/lib/python3.7/site-packages/swiftclient/client.py:184
2020-04-10 05:25:51.289 17468 DEBUG swiftclient [-] REQ: curl -i http://172.30.12.85:8080/swift/v1/AUTH_902d2e3ff939437aaf964edc613eaf0a/s_rally_c4e6efc9_LmcuqDCH/s_rally_c4e6efc9_CarYb47t -X PUT -H "X-Auth-Token: gAAAAABekANf78gc..." http_log /usr/lib/python3.7/site-packages/swiftclient/client.py:182
2020-04-10 05:25:51.289 17468 DEBUG swiftclient [-] RESP STATUS: 201 Created http_log /usr/lib/python3.7/site-packages/swiftclient/client.py:183
2020-04-10 05:25:51.289 17468 DEBUG swiftclient [-] RESP HEADERS: {'etag': '4c6426ac7ef186464ecbb0d81cbfcb1e', 'Last-Modified': 'Fri, 10 Apr 2020 05:25:51 GMT', 'X-Trans-Id': 'tx00000000000000000f476-005e90035f-3744-default', 'X-Openstack-Request-Id': 'tx00000000000000000f476-005e90035f-3744-default', 'Content-Type': 'text/plain; charset=utf-8', 'Content-Length': '0', 'Date': 'Fri, 10 Apr 2020 05:25:51 GMT'} http_log /usr/lib/python3.7/site-packages/swiftclient/client.py:184
2020-04-10 05:25:51.298 17466 DEBUG swiftclient [-] REQ: curl -i http://172.30.12.85:8080/swift/v1/AUTH_a62a218579734a2cafaa586ae6a29e62/s_rally_c4e6efc9_h0nKSJ2H/s_rally_c4e6efc9_PvLXwU2R -X PUT -H "X-Auth-Token: gAAAAABekANfoHQy..." http_log /usr/lib/python3.7/site-packages/swiftclient/client.py:182
2020-04-10 05:25:51.298 17466 DEBUG swiftclient [-] RESP STATUS: 201 Created http_log /usr/lib/python3.7/site-packages/swiftclient/client.py:183
2020-04-10 05:25:51.298 17466 DEBUG swiftclient [-] RESP HEADERS: {'etag': '4c6426ac7ef186464ecbb0d81cbfcb1e', 'Last-Modified': 'Fri, 10 Apr 2020 05:25:51 GMT', 'X-Trans-Id': 'tx00000000000000000f477-005e90035f-3744-default', 'X-Openstack-Request-Id': 'tx00000000000000000f477-005e90035f-3744-default', 'Content-Type': 'text/plain; charset=utf-8', 'Content-Length': '0', 'Date': 'Fri, 10 Apr 2020 05:25:51 GMT'} http_log /usr/lib/python3.7/site-packages/swiftclient/client.py:184
2020-04-10 05:25:51.299 17469 DEBUG swiftclient [-] REQ: curl -i http://172.30.12.85:8080/swift/v1/AUTH_b107d3a501b445b5bcdf005992938054/s_rally_c4e6efc9_jLDpLql0/s_rally_c4e6efc9_Ipg4ZYSZ -X PUT -H "X-Auth-Token: gAAAAABekANfWzxf..." http_log /usr/lib/python3.7/site-packages/swiftclient/client.py:182
2020-04-10 05:25:51.299 17469 DEBUG swiftclient [-] RESP STATUS: 201 Created http_log /usr/lib/python3.7/site-packages/swiftclient/client.py:183
2020-04-10 05:25:51.300 17469 DEBUG swiftclient [-] RESP HEADERS: {'etag': '4c6426ac7ef186464ecbb0d81cbfcb1e', 'Last-Modified': 'Fri, 10 Apr 2020 05:25:51 GMT', 'X-Trans-Id': 'tx00000000000000000f478-005e90035f-3744-default', 'X-Openstack-Request-Id': 'tx00000000000000000f478-005e90035f-3744-default', 'Content-Type': 'text/plain; charset=utf-8', 'Content-Length': '0', 'Date': 'Fri, 10 Apr 2020 05:25:51 GMT'} http_log /usr/lib/python3.7/site-packages/swiftclient/client.py:184
2020-04-10 05:25:51.302 17468 DEBUG swiftclient [-] REQ: curl -i http://172.30.12.85:8080/swift/v1/AUTH_902d2e3ff939437aaf964edc613eaf0a/s_rally_c4e6efc9_LmcuqDCH/s_rally_c4e6efc9_MpKvjumk -X PUT -H "X-Auth-Token: gAAAAABekANf78gc..." http_log /usr/lib/python3.7/site-packages/swiftclient/client.py:182
2020-04-10 05:25:51.302 17468 DEBUG swiftclient [-] RESP STATUS: 201 Created http_log /usr/lib/python3.7/site-packages/swiftclient/client.py:183
2020-04-10 05:25:51.302 17468 DEBUG swiftclient [-] RESP HEADERS: {'etag': '4c6426ac7ef186464ecbb0d81cbfcb1e', 'Last-Modified': 'Fri, 10 Apr 2020 05:25:51 GMT', 'X-Trans-Id': 'tx00000000000000000f479-005e90035f-3744-default', 'X-Openstack-Request-Id': 'tx00000000000000000f479-005e90035f-3744-default', 'Content-Type': 'text/plain; charset=utf-8', 'Content-Length': '0', 'Date': 'Fri, 10 Apr 2020 05:25:51 GMT'} http_log /usr/lib/python3.7/site-packages/swiftclient/client.py:184
2020-04-10 05:25:51.310 17466 DEBUG swiftclient [-] REQ: curl -i http://172.30.12.85:8080/swift/v1/AUTH_a62a218579734a2cafaa586ae6a29e62/s_rally_c4e6efc9_h0nKSJ2H/s_rally_c4e6efc9_fqk85uV9 -X PUT -H "X-Auth-Token: gAAAAABekANfoHQy..." http_log /usr/lib/python3.7/site-packages/swiftclient/client.py:182
2020-04-10 05:25:51.311 17466 DEBUG swiftclient [-] RESP STATUS: 201 Created http_log /usr/lib/python3.7/site-packages/swiftclient/client.py:183
2020-04-10 05:25:51.311 17466 DEBUG swiftclient [-] RESP HEADERS: {'etag': '4c6426ac7ef186464ecbb0d81cbfcb1e', 'Last-Modified': 'Fri, 10 Apr 2020 05:25:51 GMT', 'X-Trans-Id': 'tx00000000000000000f47a-005e90035f-3744-default', 'X-Openstack-Request-Id': 'tx00000000000000000f47a-005e90035f-3744-default', 'Content-Type': 'text/plain; charset=utf-8', 'Content-Length': '0', 'Date': 'Fri, 10 Apr 2020 05:25:51 GMT'} http_log /usr/lib/python3.7/site-packages/swiftclient/client.py:184
2020-04-10 05:25:51.312 17469 DEBUG swiftclient [-] REQ: curl -i http://172.30.12.85:8080/swift/v1/AUTH_b107d3a501b445b5bcdf005992938054/s_rally_c4e6efc9_jLDpLql0/s_rally_c4e6efc9_oOYRu4Rt -X PUT -H "X-Auth-Token: gAAAAABekANfWzxf..." http_log /usr/lib/python3.7/site-packages/swiftclient/client.py:182
2020-04-10 05:25:51.312 17469 DEBUG swiftclient [-] RESP STATUS: 201 Created http_log /usr/lib/python3.7/site-packages/swiftclient/client.py:183
2020-04-10 05:25:51.312 17469 DEBUG swiftclient [-] RESP HEADERS: {'etag': '4c6426ac7ef186464ecbb0d81cbfcb1e', 'Last-Modified': 'Fri, 10 Apr 2020 05:25:51 GMT', 'X-Trans-Id': 'tx00000000000000000f47b-005e90035f-3744-default', 'X-Openstack-Request-Id': 'tx00000000000000000f47b-005e90035f-3744-default', 'Content-Type': 'text/plain; charset=utf-8', 'Content-Length': '0', 'Date': 'Fri, 10 Apr 2020 05:25:51 GMT'} http_log /usr/lib/python3.7/site-packages/swiftclient/client.py:184
2020-04-10 05:25:51.314 17468 DEBUG swiftclient [-] REQ: curl -i http://172.30.12.85:8080/swift/v1/AUTH_902d2e3ff939437aaf964edc613eaf0a/s_rally_c4e6efc9_LmcuqDCH/s_rally_c4e6efc9_lc1YoOsn -X PUT -H "X-Auth-Token: gAAAAABekANf78gc..." http_log /usr/lib/python3.7/site-packages/swiftclient/client.py:182
2020-04-10 05:25:51.315 17468 DEBUG swiftclient [-] RESP STATUS: 201 Created http_log /usr/lib/python3.7/site-packages/swiftclient/client.py:183
2020-04-10 05:25:51.315 17468 DEBUG swiftclient [-] RESP HEADERS: {'etag': '4c6426ac7ef186464ecbb0d81cbfcb1e', 'Last-Modified': 'Fri, 10 Apr 2020 05:25:51 GMT', 'X-Trans-Id': 'tx00000000000000000f47c-005e90035f-3744-default', 'X-Openstack-Request-Id': 'tx00000000000000000f47c-005e90035f-3744-default', 'Content-Type': 'text/plain; charset=utf-8', 'Content-Length': '0', 'Date': 'Fri, 10 Apr 2020 05:25:51 GMT'} http_log /usr/lib/python3.7/site-packages/swiftclient/client.py:184
2020-04-10 05:25:51.323 17466 DEBUG swiftclient [-] REQ: curl -i http://172.30.12.85:8080/swift/v1/AUTH_a62a218579734a2cafaa586ae6a29e62/s_rally_c4e6efc9_h0nKSJ2H/s_rally_c4e6efc9_8pLH65WT -X PUT -H "X-Auth-Token: gAAAAABekANfoHQy..." http_log /usr/lib/python3.7/site-packages/swiftclient/client.py:182
2020-04-10 05:25:51.324 17466 DEBUG swiftclient [-] RESP STATUS: 201 Created http_log /usr/lib/python3.7/site-packages/swiftclient/client.py:183
2020-04-10 05:25:51.324 17466 DEBUG swiftclient [-] RESP HEADERS: {'etag': '4c6426ac7ef186464ecbb0d81cbfcb1e', 'Last-Modified': 'Fri, 10 Apr 2020 05:25:51 GMT', 'X-Trans-Id': 'tx00000000000000000f47d-005e90035f-3744-default', 'X-Openstack-Request-Id': 'tx00000000000000000f47d-005e90035f-3744-default', 'Content-Type': 'text/plain; charset=utf-8', 'Content-Length': '0', 'Date': 'Fri, 10 Apr 2020 05:25:51 GMT'} http_log /usr/lib/python3.7/site-packages/swiftclient/client.py:184
2020-04-10 05:25:51.325 17469 DEBUG swiftclient [-] REQ: curl -i http://172.30.12.85:8080/swift/v1/AUTH_b107d3a501b445b5bcdf005992938054/s_rally_c4e6efc9_jLDpLql0/s_rally_c4e6efc9_XrYZXZXJ -X PUT -H "X-Auth-Token: gAAAAABekANfWzxf..." http_log /usr/lib/python3.7/site-packages/swiftclient/client.py:182
2020-04-10 05:25:51.326 17469 DEBUG swiftclient [-] RESP STATUS: 201 Created http_log /usr/lib/python3.7/site-packages/swiftclient/client.py:183
2020-04-10 05:25:51.326 17469 DEBUG swiftclient [-] RESP HEADERS: {'etag': '4c6426ac7ef186464ecbb0d81cbfcb1e', 'Last-Modified': 'Fri, 10 Apr 2020 05:25:51 GMT', 'X-Trans-Id': 'tx00000000000000000f47e-005e90035f-3744-default', 'X-Openstack-Request-Id': 'tx00000000000000000f47e-005e90035f-3744-default', 'Content-Type': 'text/plain; charset=utf-8', 'Content-Length': '0', 'Date': 'Fri, 10 Apr 2020 05:25:51 GMT'} http_log /usr/lib/python3.7/site-packages/swiftclient/client.py:184
2020-04-10 05:25:51.328 17468 DEBUG swiftclient [-] REQ: curl -i http://172.30.12.85:8080/swift/v1/AUTH_902d2e3ff939437aaf964edc613eaf0a/s_rally_c4e6efc9_LmcuqDCH/s_rally_c4e6efc9_wwGhQ1l0 -X PUT -H "X-Auth-Token: gAAAAABekANf78gc..." http_log /usr/lib/python3.7/site-packages/swiftclient/client.py:182
2020-04-10 05:25:51.328 17468 DEBUG swiftclient [-] RESP STATUS: 201 Created http_log /usr/lib/python3.7/site-packages/swiftclient/client.py:183
2020-04-10 05:25:51.328 17468 DEBUG swiftclient [-] RESP HEADERS: {'etag': '4c6426ac7ef186464ecbb0d81cbfcb1e', 'Last-Modified': 'Fri, 10 Apr 2020 05:25:51 GMT', 'X-Trans-Id': 'tx00000000000000000f47f-005e90035f-3744-default', 'X-Openstack-Request-Id': 'tx00000000000000000f47f-005e90035f-3744-default', 'Content-Type': 'text/plain; charset=utf-8', 'Content-Length': '0', 'Date': 'Fri, 10 Apr 2020 05:25:51 GMT'} http_log /usr/lib/python3.7/site-packages/swiftclient/client.py:184
2020-04-10 05:25:51.330 17467 DEBUG swiftclient [-] REQ: curl -i http://172.30.12.85:8080/swift/v1/AUTH_902d2e3ff939437aaf964edc613eaf0a/s_rally_c4e6efc9_b1hbX2Aq -X PUT -H "X-Auth-Token: gAAAAABekANfTn8L..." -H "Content-Length: 0" http_log /usr/lib/python3.7/site-packages/swiftclient/client.py:182
2020-04-10 05:25:51.331 17467 DEBUG swiftclient [-] RESP STATUS: 201 Created http_log /usr/lib/python3.7/site-packages/swiftclient/client.py:183
2020-04-10 05:25:51.331 17467 DEBUG swiftclient [-] RESP HEADERS: {'Content-Length': '0', 'X-Trans-Id': 'tx00000000000000000f471-005e90035f-3744-default', 'X-Openstack-Request-Id': 'tx00000000000000000f471-005e90035f-3744-default', 'Accept-Ranges': 'bytes', 'Content-Type': 'text/plain; charset=utf-8', 'Date': 'Fri, 10 Apr 2020 05:25:51 GMT'} http_log /usr/lib/python3.7/site-packages/swiftclient/client.py:184
2020-04-10 05:25:51.337 17466 DEBUG swiftclient [-] REQ: curl -i http://172.30.12.85:8080/swift/v1/AUTH_a62a218579734a2cafaa586ae6a29e62/s_rally_c4e6efc9_h0nKSJ2H/s_rally_c4e6efc9_bZuhTy3M -X PUT -H "X-Auth-Token: gAAAAABekANfoHQy..." http_log /usr/lib/python3.7/site-packages/swiftclient/client.py:182
2020-04-10 05:25:51.337 17466 DEBUG swiftclient [-] RESP STATUS: 201 Created http_log /usr/lib/python3.7/site-packages/swiftclient/client.py:183
2020-04-10 05:25:51.337 17466 DEBUG swiftclient [-] RESP HEADERS: {'etag': '4c6426ac7ef186464ecbb0d81cbfcb1e', 'Last-Modified': 'Fri, 10 Apr 2020 05:25:51 GMT', 'X-Trans-Id': 'tx00000000000000000f480-005e90035f-3744-default', 'X-Openstack-Request-Id': 'tx00000000000000000f480-005e90035f-3744-default', 'Content-Type': 'text/plain; charset=utf-8', 'Content-Length': '0', 'Date': 'Fri, 10 Apr 2020 05:25:51 GMT'} http_log /usr/lib/python3.7/site-packages/swiftclient/client.py:184
2020-04-10 05:25:51.338 17469 DEBUG swiftclient [-] REQ: curl -i http://172.30.12.85:8080/swift/v1/AUTH_b107d3a501b445b5bcdf005992938054/s_rally_c4e6efc9_jLDpLql0/s_rally_c4e6efc9_etJBaRKp DELETE -H "X-Auth-Token: gAAAAABekANfWzxf..." http_log /usr/lib/python3.7/site-packages/swiftclient/client.py:182
2020-04-10 05:25:51.338 17469 DEBUG swiftclient [-] RESP STATUS: 204 No Content http_log /usr/lib/python3.7/site-packages/swiftclient/client.py:183
2020-04-10 05:25:51.338 17469 DEBUG swiftclient [-] RESP HEADERS: {'X-Trans-Id': 'tx00000000000000000f481-005e90035f-3744-default', 'X-Openstack-Request-Id': 'tx00000000000000000f481-005e90035f-3744-default', 'Content-Type': 'text/plain; charset=utf-8', 'Date': 'Fri, 10 Apr 2020 05:25:51 GMT'} http_log /usr/lib/python3.7/site-packages/swiftclient/client.py:184
2020-04-10 05:25:51.339 17468 DEBUG swiftclient [-] REQ: curl -i http://172.30.12.85:8080/swift/v1/AUTH_902d2e3ff939437aaf964edc613eaf0a/s_rally_c4e6efc9_LmcuqDCH/s_rally_c4e6efc9_KbxsXQlV DELETE -H "X-Auth-Token: gAAAAABekANf78gc..." http_log /usr/lib/python3.7/site-packages/swiftclient/client.py:182
2020-04-10 05:25:51.339 17468 DEBUG swiftclient [-] RESP STATUS: 204 No Content http_log /usr/lib/python3.7/site-packages/swiftclient/client.py:183
2020-04-10 05:25:51.339 17468 DEBUG swiftclient [-] RESP HEADERS: {'X-Trans-Id': 'tx00000000000000000f482-005e90035f-3744-default', 'X-Openstack-Request-Id': 'tx00000000000000000f482-005e90035f-3744-default', 'Content-Type': 'text/plain; charset=utf-8', 'Date': 'Fri, 10 Apr 2020 05:25:51 GMT'} http_log /usr/lib/python3.7/site-packages/swiftclient/client.py:184
2020-04-10 05:25:51.348 17469 DEBUG swiftclient [-] REQ: curl -i http://172.30.12.85:8080/swift/v1/AUTH_b107d3a501b445b5bcdf005992938054/s_rally_c4e6efc9_jLDpLql0/s_rally_c4e6efc9_EF9AxkDk DELETE -H "X-Auth-Token: gAAAAABekANfWzxf..." http_log /usr/lib/python3.7/site-packages/swiftclient/client.py:182
2020-04-10 05:25:51.348 17467 DEBUG swiftclient [-] REQ: curl -i http://172.30.12.85:8080/swift/v1/AUTH_902d2e3ff939437aaf964edc613eaf0a/s_rally_c4e6efc9_b1hbX2Aq/s_rally_c4e6efc9_tdVhBOvx -X PUT -H "X-Auth-Token: gAAAAABekANfTn8L..." http_log /usr/lib/python3.7/site-packages/swiftclient/client.py:182
2020-04-10 05:25:51.349 17469 DEBUG swiftclient [-] RESP STATUS: 204 No Content http_log /usr/lib/python3.7/site-packages/swiftclient/client.py:183
2020-04-10 05:25:51.349 17467 DEBUG swiftclient [-] RESP STATUS: 201 Created http_log /usr/lib/python3.7/site-packages/swiftclient/client.py:183
2020-04-10 05:25:51.349 17468 DEBUG swiftclient [-] REQ: curl -i http://172.30.12.85:8080/swift/v1/AUTH_902d2e3ff939437aaf964edc613eaf0a/s_rally_c4e6efc9_LmcuqDCH/s_rally_c4e6efc9_CarYb47t DELETE -H "X-Auth-Token: gAAAAABekANf78gc..." http_log /usr/lib/python3.7/site-packages/swiftclient/client.py:182
2020-04-10 05:25:51.349 17469 DEBUG swiftclient [-] RESP HEADERS: {'X-Trans-Id': 'tx00000000000000000f485-005e90035f-3744-default', 'X-Openstack-Request-Id': 'tx00000000000000000f485-005e90035f-3744-default', 'Content-Type': 'text/plain; charset=utf-8', 'Date': 'Fri, 10 Apr 2020 05:25:51 GMT'} http_log /usr/lib/python3.7/site-packages/swiftclient/client.py:184
2020-04-10 05:25:51.349 17467 DEBUG swiftclient [-] RESP HEADERS: {'etag': '4c6426ac7ef186464ecbb0d81cbfcb1e', 'Last-Modified': 'Fri, 10 Apr 2020 05:25:51 GMT', 'X-Trans-Id': 'tx00000000000000000f483-005e90035f-3744-default', 'X-Openstack-Request-Id': 'tx00000000000000000f483-005e90035f-3744-default', 'Content-Type': 'text/plain; charset=utf-8', 'Content-Length': '0', 'Date': 'Fri, 10 Apr 2020 05:25:51 GMT'} http_log /usr/lib/python3.7/site-packages/swiftclient/client.py:184
2020-04-10 05:25:51.349 17468 DEBUG swiftclient [-] RESP STATUS: 204 No Content http_log /usr/lib/python3.7/site-packages/swiftclient/client.py:183
2020-04-10 05:25:51.349 17466 DEBUG swiftclient [-] REQ: curl -i http://172.30.12.85:8080/swift/v1/AUTH_a62a218579734a2cafaa586ae6a29e62/s_rally_c4e6efc9_h0nKSJ2H/s_rally_c4e6efc9_1X4yhKi3 -X PUT -H "X-Auth-Token: gAAAAABekANfoHQy..." http_log /usr/lib/python3.7/site-packages/swiftclient/client.py:182
2020-04-10 05:25:51.349 17468 DEBUG swiftclient [-] RESP HEADERS: {'X-Trans-Id': 'tx00000000000000000f486-005e90035f-3744-default', 'X-Openstack-Request-Id': 'tx00000000000000000f486-005e90035f-3744-default', 'Content-Type': 'text/plain; charset=utf-8', 'Date': 'Fri, 10 Apr 2020 05:25:51 GMT'} http_log /usr/lib/python3.7/site-packages/swiftclient/client.py:184
2020-04-10 05:25:51.349 17466 DEBUG swiftclient [-] RESP STATUS: 201 Created http_log /usr/lib/python3.7/site-packages/swiftclient/client.py:183
2020-04-10 05:25:51.350 17466 DEBUG swiftclient [-] RESP HEADERS: {'etag': '4c6426ac7ef186464ecbb0d81cbfcb1e', 'Last-Modified': 'Fri, 10 Apr 2020 05:25:51 GMT', 'X-Trans-Id': 'tx00000000000000000f484-005e90035f-3744-default', 'X-Openstack-Request-Id': 'tx00000000000000000f484-005e90035f-3744-default', 'Content-Type': 'text/plain; charset=utf-8', 'Content-Length': '0', 'Date': 'Fri, 10 Apr 2020 05:25:51 GMT'} http_log /usr/lib/python3.7/site-packages/swiftclient/client.py:184
2020-04-10 05:25:51.358 17469 DEBUG swiftclient [-] REQ: curl -i http://172.30.12.85:8080/swift/v1/AUTH_b107d3a501b445b5bcdf005992938054/s_rally_c4e6efc9_jLDpLql0/s_rally_c4e6efc9_Ipg4ZYSZ DELETE -H "X-Auth-Token: gAAAAABekANfWzxf..." http_log /usr/lib/python3.7/site-packages/swiftclient/client.py:182
2020-04-10 05:25:51.358 17469 DEBUG swiftclient [-] RESP STATUS: 204 No Content http_log /usr/lib/python3.7/site-packages/swiftclient/client.py:183
2020-04-10 05:25:51.358 17468 DEBUG swiftclient [-] REQ: curl -i http://172.30.12.85:8080/swift/v1/AUTH_902d2e3ff939437aaf964edc613eaf0a/s_rally_c4e6efc9_LmcuqDCH/s_rally_c4e6efc9_MpKvjumk DELETE -H "X-Auth-Token: gAAAAABekANf78gc..." http_log /usr/lib/python3.7/site-packages/swiftclient/client.py:182
2020-04-10 05:25:51.359 17469 DEBUG swiftclient [-] RESP HEADERS: {'X-Trans-Id': 'tx00000000000000000f487-005e90035f-3744-default', 'X-Openstack-Request-Id': 'tx00000000000000000f487-005e90035f-3744-default', 'Content-Type': 'text/plain; charset=utf-8', 'Date': 'Fri, 10 Apr 2020 05:25:51 GMT'} http_log /usr/lib/python3.7/site-packages/swiftclient/client.py:184
2020-04-10 05:25:51.359 17468 DEBUG swiftclient [-] RESP STATUS: 204 No Content http_log /usr/lib/python3.7/site-packages/swiftclient/client.py:183
2020-04-10 05:25:51.359 17468 DEBUG swiftclient [-] RESP HEADERS: {'X-Trans-Id': 'tx00000000000000000f489-005e90035f-3744-default', 'X-Openstack-Request-Id': 'tx00000000000000000f489-005e90035f-3744-default', 'Content-Type': 'text/plain; charset=utf-8', 'Date': 'Fri, 10 Apr 2020 05:25:51 GMT'} http_log /usr/lib/python3.7/site-packages/swiftclient/client.py:184
2020-04-10 05:25:51.360 17466 DEBUG swiftclient [-] REQ: curl -i http://172.30.12.85:8080/swift/v1/AUTH_a62a218579734a2cafaa586ae6a29e62/s_rally_c4e6efc9_h0nKSJ2H/s_rally_c4e6efc9_PvLXwU2R DELETE -H "X-Auth-Token: gAAAAABekANfoHQy..." http_log /usr/lib/python3.7/site-packages/swiftclient/client.py:182
2020-04-10 05:25:51.360 17467 DEBUG swiftclient [-] REQ: curl -i http://172.30.12.85:8080/swift/v1/AUTH_902d2e3ff939437aaf964edc613eaf0a/s_rally_c4e6efc9_b1hbX2Aq/s_rally_c4e6efc9_pjRm62hg -X PUT -H "X-Auth-Token: gAAAAABekANfTn8L..." http_log /usr/lib/python3.7/site-packages/swiftclient/client.py:182
2020-04-10 05:25:51.360 17466 DEBUG swiftclient [-] RESP STATUS: 204 No Content http_log /usr/lib/python3.7/site-packages/swiftclient/client.py:183
2020-04-10 05:25:51.360 17467 DEBUG swiftclient [-] RESP STATUS: 201 Created http_log /usr/lib/python3.7/site-packages/swiftclient/client.py:183
2020-04-10 05:25:51.360 17467 DEBUG swiftclient [-] RESP HEADERS: {'etag': '4c6426ac7ef186464ecbb0d81cbfcb1e', 'Last-Modified': 'Fri, 10 Apr 2020 05:25:51 GMT', 'X-Trans-Id': 'tx00000000000000000f488-005e90035f-3744-default', 'X-Openstack-Request-Id': 'tx00000000000000000f488-005e90035f-3744-default', 'Content-Type': 'text/plain; charset=utf-8', 'Content-Length': '0', 'Date': 'Fri, 10 Apr 2020 05:25:51 GMT'} http_log /usr/lib/python3.7/site-packages/swiftclient/client.py:184
2020-04-10 05:25:51.360 17466 DEBUG swiftclient [-] RESP HEADERS: {'X-Trans-Id': 'tx00000000000000000f48a-005e90035f-3744-default', 'X-Openstack-Request-Id': 'tx00000000000000000f48a-005e90035f-3744-default', 'Content-Type': 'text/plain; charset=utf-8', 'Date': 'Fri, 10 Apr 2020 05:25:51 GMT'} http_log /usr/lib/python3.7/site-packages/swiftclient/client.py:184
2020-04-10 05:25:51.367 17469 DEBUG swiftclient [-] REQ: curl -i http://172.30.12.85:8080/swift/v1/AUTH_b107d3a501b445b5bcdf005992938054/s_rally_c4e6efc9_jLDpLql0/s_rally_c4e6efc9_oOYRu4Rt DELETE -H "X-Auth-Token: gAAAAABekANfWzxf..." http_log /usr/lib/python3.7/site-packages/swiftclient/client.py:182
2020-04-10 05:25:51.367 17469 DEBUG swiftclient [-] RESP STATUS: 204 No Content http_log /usr/lib/python3.7/site-packages/swiftclient/client.py:183
2020-04-10 05:25:51.368 17469 DEBUG swiftclient [-] RESP HEADERS: {'X-Trans-Id': 'tx00000000000000000f48b-005e90035f-3744-default', 'X-Openstack-Request-Id': 'tx00000000000000000f48b-005e90035f-3744-default', 'Content-Type': 'text/plain; charset=utf-8', 'Date': 'Fri, 10 Apr 2020 05:25:51 GMT'} http_log /usr/lib/python3.7/site-packages/swiftclient/client.py:184
2020-04-10 05:25:51.368 17468 DEBUG swiftclient [-] REQ: curl -i http://172.30.12.85:8080/swift/v1/AUTH_902d2e3ff939437aaf964edc613eaf0a/s_rally_c4e6efc9_LmcuqDCH/s_rally_c4e6efc9_lc1YoOsn DELETE -H "X-Auth-Token: gAAAAABekANf78gc..." http_log /usr/lib/python3.7/site-packages/swiftclient/client.py:182
2020-04-10 05:25:51.368 17468 DEBUG swiftclient [-] RESP STATUS: 204 No Content http_log /usr/lib/python3.7/site-packages/swiftclient/client.py:183
2020-04-10 05:25:51.368 17468 DEBUG swiftclient [-] RESP HEADERS: {'X-Trans-Id': 'tx00000000000000000f48c-005e90035f-3744-default', 'X-Openstack-Request-Id': 'tx00000000000000000f48c-005e90035f-3744-default', 'Content-Type': 'text/plain; charset=utf-8', 'Date': 'Fri, 10 Apr 2020 05:25:51 GMT'} http_log /usr/lib/python3.7/site-packages/swiftclient/client.py:184
2020-04-10 05:25:51.369 17466 DEBUG swiftclient [-] REQ: curl -i http://172.30.12.85:8080/swift/v1/AUTH_a62a218579734a2cafaa586ae6a29e62/s_rally_c4e6efc9_h0nKSJ2H/s_rally_c4e6efc9_fqk85uV9 DELETE -H "X-Auth-Token: gAAAAABekANfoHQy..." http_log /usr/lib/python3.7/site-packages/swiftclient/client.py:182
2020-04-10 05:25:51.370 17466 DEBUG swiftclient [-] RESP STATUS: 204 No Content http_log /usr/lib/python3.7/site-packages/swiftclient/client.py:183
2020-04-10 05:25:51.370 17466 DEBUG swiftclient [-] RESP HEADERS: {'X-Trans-Id': 'tx00000000000000000f48d-005e90035f-3744-default', 'X-Openstack-Request-Id': 'tx00000000000000000f48d-005e90035f-3744-default', 'Content-Type': 'text/plain; charset=utf-8', 'Date': 'Fri, 10 Apr 2020 05:25:51 GMT'} http_log /usr/lib/python3.7/site-packages/swiftclient/client.py:184
2020-04-10 05:25:51.370 17467 DEBUG swiftclient [-] REQ: curl -i http://172.30.12.85:8080/swift/v1/AUTH_902d2e3ff939437aaf964edc613eaf0a/s_rally_c4e6efc9_b1hbX2Aq/s_rally_c4e6efc9_GOrM0tOL -X PUT -H "X-Auth-Token: gAAAAABekANfTn8L..." http_log /usr/lib/python3.7/site-packages/swiftclient/client.py:182
2020-04-10 05:25:51.370 17467 DEBUG swiftclient [-] RESP STATUS: 201 Created http_log /usr/lib/python3.7/site-packages/swiftclient/client.py:183
2020-04-10 05:25:51.371 17467 DEBUG swiftclient [-] RESP HEADERS: {'etag': '4c6426ac7ef186464ecbb0d81cbfcb1e', 'Last-Modified': 'Fri, 10 Apr 2020 05:25:51 GMT', 'X-Trans-Id': 'tx00000000000000000f48e-005e90035f-3744-default', 'X-Openstack-Request-Id': 'tx00000000000000000f48e-005e90035f-3744-default', 'Content-Type': 'text/plain; charset=utf-8', 'Content-Length': '0', 'Date': 'Fri, 10 Apr 2020 05:25:51 GMT'} http_log /usr/lib/python3.7/site-packages/swiftclient/client.py:184
2020-04-10 05:25:51.376 17469 DEBUG swiftclient [-] REQ: curl -i http://172.30.12.85:8080/swift/v1/AUTH_b107d3a501b445b5bcdf005992938054/s_rally_c4e6efc9_jLDpLql0/s_rally_c4e6efc9_XrYZXZXJ DELETE -H "X-Auth-Token: gAAAAABekANfWzxf..." http_log /usr/lib/python3.7/site-packages/swiftclient/client.py:182
2020-04-10 05:25:51.376 17469 DEBUG swiftclient [-] RESP STATUS: 204 No Content http_log /usr/lib/python3.7/site-packages/swiftclient/client.py:183
2020-04-10 05:25:51.376 17468 DEBUG swiftclient [-] REQ: curl -i http://172.30.12.85:8080/swift/v1/AUTH_902d2e3ff939437aaf964edc613eaf0a/s_rally_c4e6efc9_LmcuqDCH/s_rally_c4e6efc9_wwGhQ1l0 DELETE -H "X-Auth-Token: gAAAAABekANf78gc..." http_log /usr/lib/python3.7/site-packages/swiftclient/client.py:182
2020-04-10 05:25:51.377 17469 DEBUG swiftclient [-] RESP HEADERS: {'X-Trans-Id': 'tx00000000000000000f48f-005e90035f-3744-default', 'X-Openstack-Request-Id': 'tx00000000000000000f48f-005e90035f-3744-default', 'Content-Type': 'text/plain; charset=utf-8', 'Date': 'Fri, 10 Apr 2020 05:25:51 GMT'} http_log /usr/lib/python3.7/site-packages/swiftclient/client.py:184
2020-04-10 05:25:51.377 17468 DEBUG swiftclient [-] RESP STATUS: 204 No Content http_log /usr/lib/python3.7/site-packages/swiftclient/client.py:183
2020-04-10 05:25:51.377 17468 DEBUG swiftclient [-] RESP HEADERS: {'X-Trans-Id': 'tx00000000000000000f490-005e90035f-3744-default', 'X-Openstack-Request-Id': 'tx00000000000000000f490-005e90035f-3744-default', 'Content-Type': 'text/plain; charset=utf-8', 'Date': 'Fri, 10 Apr 2020 05:25:51 GMT'} http_log /usr/lib/python3.7/site-packages/swiftclient/client.py:184
2020-04-10 05:25:51.379 17466 DEBUG swiftclient [-] REQ: curl -i http://172.30.12.85:8080/swift/v1/AUTH_a62a218579734a2cafaa586ae6a29e62/s_rally_c4e6efc9_h0nKSJ2H/s_rally_c4e6efc9_8pLH65WT DELETE -H "X-Auth-Token: gAAAAABekANfoHQy..." http_log /usr/lib/python3.7/site-packages/swiftclient/client.py:182
2020-04-10 05:25:51.379 17466 DEBUG swiftclient [-] RESP STATUS: 204 No Content http_log /usr/lib/python3.7/site-packages/swiftclient/client.py:183
2020-04-10 05:25:51.380 17466 DEBUG swiftclient [-] RESP HEADERS: {'X-Trans-Id': 'tx00000000000000000f491-005e90035f-3744-default', 'X-Openstack-Request-Id': 'tx00000000000000000f491-005e90035f-3744-default', 'Content-Type': 'text/plain; charset=utf-8', 'Date': 'Fri, 10 Apr 2020 05:25:51 GMT'} http_log /usr/lib/python3.7/site-packages/swiftclient/client.py:184
2020-04-10 05:25:51.381 17467 DEBUG swiftclient [-] REQ: curl -i http://172.30.12.85:8080/swift/v1/AUTH_902d2e3ff939437aaf964edc613eaf0a/s_rally_c4e6efc9_b1hbX2Aq/s_rally_c4e6efc9_EwHmzWon -X PUT -H "X-Auth-Token: gAAAAABekANfTn8L..." http_log /usr/lib/python3.7/site-packages/swiftclient/client.py:182
2020-04-10 05:25:51.381 17467 DEBUG swiftclient [-] RESP STATUS: 201 Created http_log /usr/lib/python3.7/site-packages/swiftclient/client.py:183
2020-04-10 05:25:51.382 17467 DEBUG swiftclient [-] RESP HEADERS: {'etag': '4c6426ac7ef186464ecbb0d81cbfcb1e', 'Last-Modified': 'Fri, 10 Apr 2020 05:25:51 GMT', 'X-Trans-Id': 'tx00000000000000000f492-005e90035f-3744-default', 'X-Openstack-Request-Id': 'tx00000000000000000f492-005e90035f-3744-default', 'Content-Type': 'text/plain; charset=utf-8', 'Content-Length': '0', 'Date': 'Fri, 10 Apr 2020 05:25:51 GMT'} http_log /usr/lib/python3.7/site-packages/swiftclient/client.py:184
2020-04-10 05:25:51.388 17466 DEBUG swiftclient [-] REQ: curl -i http://172.30.12.85:8080/swift/v1/AUTH_a62a218579734a2cafaa586ae6a29e62/s_rally_c4e6efc9_h0nKSJ2H/s_rally_c4e6efc9_bZuhTy3M DELETE -H "X-Auth-Token: gAAAAABekANfoHQy..." http_log /usr/lib/python3.7/site-packages/swiftclient/client.py:182
2020-04-10 05:25:51.389 17466 DEBUG swiftclient [-] RESP STATUS: 204 No Content http_log /usr/lib/python3.7/site-packages/swiftclient/client.py:183
2020-04-10 05:25:51.389 17466 DEBUG swiftclient [-] RESP HEADERS: {'X-Trans-Id': 'tx00000000000000000f495-005e90035f-3744-default', 'X-Openstack-Request-Id': 'tx00000000000000000f495-005e90035f-3744-default', 'Content-Type': 'text/plain; charset=utf-8', 'Date': 'Fri, 10 Apr 2020 05:25:51 GMT'} http_log /usr/lib/python3.7/site-packages/swiftclient/client.py:184
2020-04-10 05:25:51.390 17468 DEBUG swiftclient [-] REQ: curl -i http://172.30.12.85:8080/swift/v1/AUTH_902d2e3ff939437aaf964edc613eaf0a/s_rally_c4e6efc9_LmcuqDCH DELETE -H "X-Auth-Token: gAAAAABekANf78gc..." http_log /usr/lib/python3.7/site-packages/swiftclient/client.py:182
2020-04-10 05:25:51.390 17468 DEBUG swiftclient [-] RESP STATUS: 204 No Content http_log /usr/lib/python3.7/site-packages/swiftclient/client.py:183
2020-04-10 05:25:51.391 17468 DEBUG swiftclient [-] RESP HEADERS: {'X-Trans-Id': 'tx00000000000000000f494-005e90035f-3744-default', 'X-Openstack-Request-Id': 'tx00000000000000000f494-005e90035f-3744-default', 'Accept-Ranges': 'bytes', 'Content-Type': 'text/plain; charset=utf-8', 'Date': 'Fri, 10 Apr 2020 05:25:51 GMT'} http_log /usr/lib/python3.7/site-packages/swiftclient/client.py:184
2020-04-10 05:25:51.391 17468 INFO rally.task.runner [-] Task cf6e7ca0-a162-4803-9299-73e74cbe72b8 | ITER: 3 END: OK
2020-04-10 05:25:51.392 17469 DEBUG swiftclient [-] REQ: curl -i http://172.30.12.85:8080/swift/v1/AUTH_b107d3a501b445b5bcdf005992938054/s_rally_c4e6efc9_jLDpLql0 DELETE -H "X-Auth-Token: gAAAAABekANfWzxf..." http_log /usr/lib/python3.7/site-packages/swiftclient/client.py:182
2020-04-10 05:25:51.392 17469 DEBUG swiftclient [-] RESP STATUS: 204 No Content http_log /usr/lib/python3.7/site-packages/swiftclient/client.py:183
2020-04-10 05:25:51.392 17469 DEBUG swiftclient [-] RESP HEADERS: {'X-Trans-Id': 'tx00000000000000000f493-005e90035f-3744-default', 'X-Openstack-Request-Id': 'tx00000000000000000f493-005e90035f-3744-default', 'Accept-Ranges': 'bytes', 'Content-Type': 'text/plain; charset=utf-8', 'Date': 'Fri, 10 Apr 2020 05:25:51 GMT'} http_log /usr/lib/python3.7/site-packages/swiftclient/client.py:184
2020-04-10 05:25:51.392 17467 DEBUG swiftclient [-] REQ: curl -i http://172.30.12.85:8080/swift/v1/AUTH_902d2e3ff939437aaf964edc613eaf0a/s_rally_c4e6efc9_b1hbX2Aq/s_rally_c4e6efc9_Q0yhYVmR -X PUT -H "X-Auth-Token: gAAAAABekANfTn8L..." http_log /usr/lib/python3.7/site-packages/swiftclient/client.py:182
2020-04-10 05:25:51.393 17469 INFO rally.task.runner [-] Task cf6e7ca0-a162-4803-9299-73e74cbe72b8 | ITER: 4 END: OK
2020-04-10 05:25:51.393 17467 DEBUG swiftclient [-] RESP STATUS: 201 Created http_log /usr/lib/python3.7/site-packages/swiftclient/client.py:183
2020-04-10 05:25:51.393 17467 DEBUG swiftclient [-] RESP HEADERS: {'etag': '4c6426ac7ef186464ecbb0d81cbfcb1e', 'Last-Modified': 'Fri, 10 Apr 2020 05:25:51 GMT', 'X-Trans-Id': 'tx00000000000000000f496-005e90035f-3744-default', 'X-Openstack-Request-Id': 'tx00000000000000000f496-005e90035f-3744-default', 'Content-Type': 'text/plain; charset=utf-8', 'Content-Length': '0', 'Date': 'Fri, 10 Apr 2020 05:25:51 GMT'} http_log /usr/lib/python3.7/site-packages/swiftclient/client.py:184
2020-04-10 05:25:51.396 17468 INFO rally.task.runner [-] Task cf6e7ca0-a162-4803-9299-73e74cbe72b8 | ITER: 5 START
2020-04-10 05:25:51.398 17469 INFO rally.task.runner [-] Task cf6e7ca0-a162-4803-9299-73e74cbe72b8 | ITER: 6 START
2020-04-10 05:25:51.399 17466 DEBUG swiftclient [-] REQ: curl -i http://172.30.12.85:8080/swift/v1/AUTH_a62a218579734a2cafaa586ae6a29e62/s_rally_c4e6efc9_h0nKSJ2H/s_rally_c4e6efc9_1X4yhKi3 DELETE -H "X-Auth-Token: gAAAAABekANfoHQy..." http_log /usr/lib/python3.7/site-packages/swiftclient/client.py:182
2020-04-10 05:25:51.399 17466 DEBUG swiftclient [-] RESP STATUS: 204 No Content http_log /usr/lib/python3.7/site-packages/swiftclient/client.py:183
