2020-04-10 04:43:46.636 12407 RALLYDEBUG rally.task.utils [-] Waiting for resource s_rally_d4d3d433_MLPjzgOZ. Status changed: RESCUE => ACTIVE in 2.245272159576416
2020-04-10 04:43:48.433 12404 RALLYDEBUG rally.task.utils [-] Waiting for resource s_rally_d4d3d433_MZzCKblH. Status changed: ACTIVE => RESCUE in 0.2670011520385742
2020-04-10 04:43:48.884 12406 RALLYDEBUG rally.task.utils [-] Waiting for resource s_rally_d4d3d433_BAESm5bh. Status changed: ACTIVE => RESCUE in 4.924063205718994
2020-04-10 04:43:49.159 12407 INFO rally.task.runner [-] Task d1d340ee-1fb5-43fe-9c49-f4bcd8af8f08 | ITER: 6 END: OK
2020-04-10 04:43:49.166 12407 INFO rally.task.runner [-] Task d1d340ee-1fb5-43fe-9c49-f4bcd8af8f08 | ITER: 10 START
2020-04-10 04:43:50.781 12404 RALLYDEBUG rally.task.utils [-] Waiting for resource s_rally_d4d3d433_MZzCKblH. Status changed: RESCUE => ACTIVE in 2.3473761081695557
2020-04-10 04:43:51.299 12406 RALLYDEBUG rally.task.utils [-] Waiting for resource s_rally_d4d3d433_BAESm5bh. Status changed: ACTIVE => RESCUE in 0.2717552185058594
2020-04-10 04:43:53.663 12406 RALLYDEBUG rally.task.utils [-] Waiting for resource s_rally_d4d3d433_BAESm5bh. Status changed: RESCUE => ACTIVE in 2.36405348777771
2020-04-10 04:43:55.475 12404 INFO rally.task.runner [-] Task d1d340ee-1fb5-43fe-9c49-f4bcd8af8f08 | ITER: 7 END: OK
2020-04-10 04:43:56.121 12406 INFO rally.task.runner [-] Task d1d340ee-1fb5-43fe-9c49-f4bcd8af8f08 | ITER: 8 END: OK
2020-04-10 04:43:56.722 12405 RALLYDEBUG rally.task.utils [-] Waiting for resource s_rally_d4d3d433_7tbRjruu. Status changed: BUILD => ACTIVE in 8.410915613174438
2020-04-10 04:43:59.036 12407 RALLYDEBUG rally.task.utils [-] Waiting for resource s_rally_d4d3d433_rObWD0kU. Status changed: BUILD => ACTIVE in 7.801058530807495
2020-04-10 04:43:59.214 12405 RALLYDEBUG rally.task.utils [-] Waiting for resource s_rally_d4d3d433_7tbRjruu. Status changed: ACTIVE => HARD_REBOOT in 0.3515338897705078
2020-04-10 04:44:01.433 12405 RALLYDEBUG rally.task.utils [-] Waiting for resource s_rally_d4d3d433_7tbRjruu. Status changed: HARD_REBOOT => ACTIVE in 2.2188055515289307
2020-04-10 04:44:01.457 12407 RALLYDEBUG rally.task.utils [-] Waiting for resource s_rally_d4d3d433_rObWD0kU. Status changed: ACTIVE => HARD_REBOOT in 0.23118853569030762
2020-04-10 04:44:03.702 12407 RALLYDEBUG rally.task.utils [-] Waiting for resource s_rally_d4d3d433_rObWD0kU. Status changed: HARD_REBOOT => ACTIVE in 2.244553327560425
2020-04-10 04:44:03.787 12405 RALLYDEBUG rally.task.utils [-] Waiting for resource s_rally_d4d3d433_7tbRjruu. Status changed: ACTIVE => REBOOT in 0.22431612014770508
2020-04-10 04:44:06.093 12407 RALLYDEBUG rally.task.utils [-] Waiting for resource s_rally_d4d3d433_rObWD0kU. Status changed: ACTIVE => REBOOT in 0.2520148754119873
2020-04-10 04:46:07.990 12407 RALLYDEBUG rally.task.utils [-] Waiting for resource s_rally_d4d3d433_rObWD0kU. Status changed: REBOOT => ACTIVE in 121.896639585495
2020-04-10 04:46:08.127 12405 RALLYDEBUG rally.task.utils [-] Waiting for resource s_rally_d4d3d433_7tbRjruu. Status changed: REBOOT => ACTIVE in 124.33935284614563
2020-04-10 04:46:10.557 12407 RALLYDEBUG rally.task.utils [-] Waiting for resource s_rally_d4d3d433_rObWD0kU. Status changed: ACTIVE => SHUTOFF in 2.4480507373809814
2020-04-10 04:46:10.720 12405 RALLYDEBUG rally.task.utils [-] Waiting for resource s_rally_d4d3d433_7tbRjruu. Status changed: ACTIVE => SHUTOFF in 2.4590132236480713
2020-04-10 04:46:11.066 12405 RALLYDEBUG rally.task.utils [-] Waiting for resource s_rally_d4d3d433_7tbRjruu. Status changed: ACTIVE => SHUTOFF in 0.2246694564819336
2020-04-10 04:46:11.527 12407 RALLYDEBUG rally.task.utils [-] Waiting for resource s_rally_d4d3d433_rObWD0kU. Status changed: ACTIVE => SHUTOFF in 0.8446650505065918
2020-04-10 04:46:15.157 12407 RALLYDEBUG rally.task.utils [-] Waiting for resource s_rally_d4d3d433_rObWD0kU. Status changed: SHUTOFF => ACTIVE in 3.630666971206665
2020-04-10 04:46:15.994 12405 RALLYDEBUG rally.task.utils [-] Waiting for resource s_rally_d4d3d433_7tbRjruu. Status changed: SHUTOFF => ACTIVE in 4.92742657661438
2020-04-10 04:46:20.403 12407 RALLYDEBUG rally.task.utils [-] Waiting for resource s_rally_d4d3d433_rObWD0kU. Status changed: ACTIVE => RESCUE in 3.108419895172119
2020-04-10 04:46:22.774 12407 RALLYDEBUG rally.task.utils [-] Waiting for resource s_rally_d4d3d433_rObWD0kU. Status changed: ACTIVE => RESCUE in 0.23922014236450195
2020-04-10 04:46:23.540 12405 RALLYDEBUG rally.task.utils [-] Waiting for resource s_rally_d4d3d433_7tbRjruu. Status changed: ACTIVE => RESCUE in 5.4176366329193115
2020-04-10 04:46:24.981 12407 RALLYDEBUG rally.task.utils [-] Waiting for resource s_rally_d4d3d433_rObWD0kU. Status changed: RESCUE => ACTIVE in 2.206488609313965
2020-04-10 04:46:25.878 12405 RALLYDEBUG rally.task.utils [-] Waiting for resource s_rally_d4d3d433_7tbRjruu. Status changed: ACTIVE => RESCUE in 0.2149348258972168
2020-04-10 04:46:27.396 12407 INFO rally.task.runner [-] Task d1d340ee-1fb5-43fe-9c49-f4bcd8af8f08 | ITER: 10 END: OK
2020-04-10 04:46:28.088 12405 RALLYDEBUG rally.task.utils [-] Waiting for resource s_rally_d4d3d433_7tbRjruu. Status changed: RESCUE => ACTIVE in 2.209521532058716
2020-04-10 04:46:30.583 12405 INFO rally.task.runner [-] Task d1d340ee-1fb5-43fe-9c49-f4bcd8af8f08 | ITER: 9 END: OK
2020-04-10 04:46:30.609 12083 INFO rally.task.context [-] Task d1d340ee-1fb5-43fe-9c49-f4bcd8af8f08 | Context cleanup@openstack cleanup() started
2020-04-10 04:46:30.616 12083 RALLYDEBUG rally_openstack.cleanup.manager [-] Cleaning up nova servers objects
2020-04-10 04:46:31.366 12083 RALLYDEBUG rally_openstack.cleanup.manager [-] Cleaning up nova server_groups objects
2020-04-10 04:46:31.876 12083 RALLYDEBUG rally_openstack.cleanup.manager [-] Cleaning up nova keypairs objects
2020-04-10 04:46:32.981 12083 INFO rally.task.context [-] Task d1d340ee-1fb5-43fe-9c49-f4bcd8af8f08 | Context cleanup@openstack cleanup() finished in 2.37 sec
2020-04-10 04:46:32.981 12083 INFO rally.task.context [-] Task d1d340ee-1fb5-43fe-9c49-f4bcd8af8f08 | Context network@openstack cleanup() started
2020-04-10 04:46:49.542 12083 INFO rally.task.context [-] Task d1d340ee-1fb5-43fe-9c49-f4bcd8af8f08 | Context network@openstack cleanup() finished in 16.56 sec
2020-04-10 04:46:49.542 12083 INFO rally.task.context [-] Task d1d340ee-1fb5-43fe-9c49-f4bcd8af8f08 | Context quotas@openstack cleanup() started
2020-04-10 04:46:49.737 12083 INFO rally.task.context [-] Task d1d340ee-1fb5-43fe-9c49-f4bcd8af8f08 | Context quotas@openstack cleanup() finished in 0.19 sec
2020-04-10 04:46:49.737 12083 INFO rally.task.context [-] Task d1d340ee-1fb5-43fe-9c49-f4bcd8af8f08 | Context users@openstack cleanup() started
2020-04-10 04:46:49.861 12083 WARNING rally.common.logging [-] `iterate_per_tenants()' is deprecated in v3.0.0: it is openstack specific.. Used at
2020-04-10 04:46:51.921 12083 INFO rally.task.context [-] Task d1d340ee-1fb5-43fe-9c49-f4bcd8af8f08 | Context users@openstack cleanup() finished in 2.18 sec
2020-04-10 04:46:53.697 12083 INFO rally.task.engine [-] Load duration is: 478.626964
2020-04-10 04:46:53.698 12083 INFO rally.task.engine [-] Full runner duration is: 487.674803
2020-04-10 04:46:53.698 12083 INFO rally.task.engine [-] Full duration is: 532.703101
2020-04-10 04:46:53.799 12083 INFO rally.task.engine [-] Running workload: position = 0 config = { "version": 2, "title": "A cropped version of a bigger task.", "description": "Auto-generated task from a single workload (uuid=6a411634-1001-49a8-866b-67f2b131c93f)", "subtasks": [ { "title": "NovaServers.boot_and_delete_server", "description": "Boot and delete a server.", "scenario": { "NovaServers.boot_and_delete_server": { "flavor": { "name": "rally_full-flavor_904cbf3a-2ea6-4f0d-90b5-c5ed3d669543" }, "image": { "name": "rally_full-img_904cbf3a-2ea6-4f0d-90b5-c5ed3d669543" }, "nics": [ { "net-id": "22362b54-3fa0-4639-b461-978014ed8faf" } ] } }, "contexts": { "users": { "tenants": 3, "users_per_tenant": 2 }, "network": { "networks_per_tenant": 1, "start_cidr": "100.1.0.0/25" }, "quotas": { "neutron": { "network": -1, "port": -1, "subnet": -1 }, "nova": { "cores": -1, "floating_ips": -1, "instances": -1, "ram": -1, "security_group_rules": -1, "security_groups": -1 } } }, "runner": { "constant": { "concurrency": 4, "times": 10 } }, "hooks": [], "sla": { "failure_rate": { "max": 0 } } } ] }
2020-04-10 04:46:53.830 12083 RALLYDEBUG rally_openstack.contexts.keystone.users [-] Creating 3 tenants using 3 threads
2020-04-10 04:46:54.347 12083 RALLYDEBUG rally_openstack.contexts.keystone.users [-] Creating 6 users using 6 threads
2020-04-10 04:46:55.342 12083 INFO rally.task.context [-] Task d1d340ee-1fb5-43fe-9c49-f4bcd8af8f08 | Context users@openstack setup() finished in 1.51 sec
2020-04-10 04:46:56.493 12083 INFO rally.task.context [-] Task d1d340ee-1fb5-43fe-9c49-f4bcd8af8f08 | Context quotas@openstack setup() finished in 1.15 sec
2020-04-10 04:46:56.556 12083 WARNING rally.common.logging [-] `iterate_per_tenants()' is deprecated in v3.0.0: it is openstack specific.. Used at
2020-04-10 04:47:00.075 12083 RALLYDEBUG rally_openstack.wrappers.network [-] CIDR generated: 100.1.1.128/25
2020-04-10 04:47:07.091 12083 RALLYDEBUG rally_openstack.wrappers.network [-] CIDR generated: 100.1.2.0/25
2020-04-10 04:47:14.425 12083 RALLYDEBUG rally_openstack.wrappers.network [-] CIDR generated: 100.1.2.128/25
2020-04-10 04:47:18.041 12083 INFO rally.task.context [-] Task d1d340ee-1fb5-43fe-9c49-f4bcd8af8f08 | Context network@openstack setup() finished in 21.55 sec
2020-04-10 04:47:18.042 12083 INFO rally.task.context [-] Task d1d340ee-1fb5-43fe-9c49-f4bcd8af8f08 | Context cleanup@openstack setup() finished in 0.02 msec
2020-04-10 04:47:18.496 12083 RALLYDEBUG rally.task.runner [-] Starting the constant runner (task UUID: d1d340ee-1fb5-43fe-9c49-f4bcd8af8f08). times: 10 concurrency: 4 timeout: 0 max_cpu_used: 88 processes_to_start: 4 concurrency_per_worker: 1 concurrency_overhead: 0
2020-04-10 04:47:18.510 12537 RALLYDEBUG rally.task.runner [-] Starting a worker. times: 10 duration: None concurrency: 1 timeout: 0 cls: method_name: run args: {"flavor": "f17c0487-351b-48c5-baa4-be5129fdc368", "image": "fb2519f7-fd71-4231-bbb1-c2646090e539", "nics": [{"net-id": "22362b54-3fa0-4639-b461-978014ed8faf"}]}
2020-04-10 04:47:18.514 12538 RALLYDEBUG rally.task.runner [-] Starting a worker. times: 10 duration: None concurrency: 1 timeout: 0 cls: method_name: run args: {"flavor": "f17c0487-351b-48c5-baa4-be5129fdc368", "image": "fb2519f7-fd71-4231-bbb1-c2646090e539", "nics": [{"net-id": "22362b54-3fa0-4639-b461-978014ed8faf"}]}
2020-04-10 04:47:18.517 12539 RALLYDEBUG rally.task.runner [-] Starting a worker. times: 10 duration: None concurrency: 1 timeout: 0 cls: method_name: run args: {"flavor": "f17c0487-351b-48c5-baa4-be5129fdc368", "image": "fb2519f7-fd71-4231-bbb1-c2646090e539", "nics": [{"net-id": "22362b54-3fa0-4639-b461-978014ed8faf"}]}
2020-04-10 04:47:18.518 12537 INFO rally.task.runner [-] Task d1d340ee-1fb5-43fe-9c49-f4bcd8af8f08 | ITER: 1 START
2020-04-10 04:47:18.520 12540 RALLYDEBUG rally.task.runner [-] Starting a worker. times: 10 duration: None concurrency: 1 timeout: 0 cls: method_name: run args: {"flavor": "f17c0487-351b-48c5-baa4-be5129fdc368", "image": "fb2519f7-fd71-4231-bbb1-c2646090e539", "nics": [{"net-id": "22362b54-3fa0-4639-b461-978014ed8faf"}]}
2020-04-10 04:47:18.523 12538 INFO rally.task.runner [-] Task d1d340ee-1fb5-43fe-9c49-f4bcd8af8f08 | ITER: 2 START
2020-04-10 04:47:18.525 12539 INFO rally.task.runner [-] Task d1d340ee-1fb5-43fe-9c49-f4bcd8af8f08 | ITER: 3 START
2020-04-10 04:47:18.527 12540 INFO rally.task.runner [-] Task d1d340ee-1fb5-43fe-9c49-f4bcd8af8f08 | ITER: 4 START
2020-04-10 04:47:30.843 12539 RALLYDEBUG rally.task.utils [-] Waiting for resource s_rally_6a411634_hnrRG1LO. Status changed: BUILD => ACTIVE in 9.663918495178223
2020-04-10 04:47:31.326 12537 RALLYDEBUG rally.task.utils [-] Waiting for resource s_rally_6a411634_rmNqrOAc. Status changed: BUILD => ACTIVE in 10.617988109588623
2020-04-10 04:47:32.081 12538 RALLYDEBUG rally.task.utils [-] Waiting for resource s_rally_6a411634_2OfMTtTm. Status changed: BUILD => ACTIVE in 11.392713069915771
2020-04-10 04:47:32.220 12540 RALLYDEBUG rally.task.utils [-] Waiting for resource s_rally_6a411634_Xp3gkXhr. Status changed: BUILD => ACTIVE in 11.233763217926025
2020-04-10 04:47:34.049 12539 INFO rally.task.runner [-] Task d1d340ee-1fb5-43fe-9c49-f4bcd8af8f08 | ITER: 3 END: OK
2020-04-10 04:47:34.054 12539 INFO rally.task.runner [-] Task d1d340ee-1fb5-43fe-9c49-f4bcd8af8f08 | ITER: 5 START
2020-04-10 04:47:34.772 12540 INFO rally.task.runner [-] Task d1d340ee-1fb5-43fe-9c49-f4bcd8af8f08 | ITER: 4 END: OK
2020-04-10 04:47:34.778 12540 INFO rally.task.runner [-] Task d1d340ee-1fb5-43fe-9c49-f4bcd8af8f08 | ITER: 6 START
2020-04-10 04:47:35.395 12538 INFO rally.task.runner [-] Task d1d340ee-1fb5-43fe-9c49-f4bcd8af8f08 | ITER: 2 END: OK
2020-04-10 04:47:35.401 12538 INFO rally.task.runner [-] Task d1d340ee-1fb5-43fe-9c49-f4bcd8af8f08 | ITER: 7 START
2020-04-10 04:47:36.297 12537 INFO rally.task.runner [-] Task d1d340ee-1fb5-43fe-9c49-f4bcd8af8f08 | ITER: 1 END: OK
2020-04-10 04:47:36.302 12537 INFO rally.task.runner [-] Task d1d340ee-1fb5-43fe-9c49-f4bcd8af8f08 | ITER: 8 START
2020-04-10 04:47:43.582 12539 RALLYDEBUG rally.task.utils [-] Waiting for resource s_rally_6a411634_Yakrp7QY. Status changed: BUILD => ACTIVE in 7.553304195404053
2020-04-10 04:47:46.167 12539 INFO rally.task.runner [-] Task d1d340ee-1fb5-43fe-9c49-f4bcd8af8f08 | ITER: 5 END: OK
2020-04-10 04:47:46.174 12539 INFO rally.task.runner [-] Task d1d340ee-1fb5-43fe-9c49-f4bcd8af8f08 | ITER: 9 START
2020-04-10 04:47:46.554 12540 RALLYDEBUG rally.task.utils [-] Waiting for resource s_rally_6a411634_UzUUQSaO. Status changed: BUILD => ACTIVE in 9.765337944030762
2020-04-10 04:47:46.690 12538 RALLYDEBUG rally.task.utils [-] Waiting for resource s_rally_6a411634_vfkJUxkW. Status changed: BUILD => ACTIVE in 9.101680040359497
2020-04-10 04:47:47.195 12537 RALLYDEBUG rally.task.utils [-] Waiting for resource s_rally_6a411634_36dLHHyO. Status changed: BUILD => ACTIVE in 7.898433685302734
2020-04-10 04:47:49.131 12540 INFO rally.task.runner [-] Task d1d340ee-1fb5-43fe-9c49-f4bcd8af8f08 | ITER: 6 END: OK
2020-04-10 04:47:49.136 12540 INFO rally.task.runner [-] Task d1d340ee-1fb5-43fe-9c49-f4bcd8af8f08 | ITER: 10 START
2020-04-10 04:47:49.707 12537 INFO rally.task.runner [-] Task d1d340ee-1fb5-43fe-9c49-f4bcd8af8f08 | ITER: 8 END: OK
2020-04-10 04:47:51.309 12538 INFO rally.task.runner [-] Task d1d340ee-1fb5-43fe-9c49-f4bcd8af8f08 | ITER: 7 END: OK
2020-04-10 04:47:55.795 12539 RALLYDEBUG rally.task.utils [-] Waiting for resource s_rally_6a411634_dc9nVyYS. Status changed: BUILD => ACTIVE in 6.967176198959351
2020-04-10 04:47:57.934 12540 RALLYDEBUG rally.task.utils [-] Waiting for resource s_rally_6a411634_foYMJqEZ. Status changed: BUILD => ACTIVE in 6.810656309127808
2020-04-10 04:47:58.268 12539 INFO rally.task.runner [-] Task d1d340ee-1fb5-43fe-9c49-f4bcd8af8f08 | ITER: 9 END: OK
2020-04-10 04:48:00.470 12540 INFO rally.task.runner [-] Task d1d340ee-1fb5-43fe-9c49-f4bcd8af8f08 | ITER: 10 END: OK
2020-04-10 04:48:00.498 12083 INFO rally.task.context [-] Task d1d340ee-1fb5-43fe-9c49-f4bcd8af8f08 | Context cleanup@openstack cleanup() started
2020-04-10 04:48:00.507 12083 RALLYDEBUG rally_openstack.cleanup.manager [-] Cleaning up nova servers objects
2020-04-10 04:48:01.280 12083 RALLYDEBUG rally_openstack.cleanup.manager [-] Cleaning up nova server_groups objects
2020-04-10 04:48:01.701 12083 RALLYDEBUG rally_openstack.cleanup.manager [-] Cleaning up nova keypairs objects
2020-04-10 04:48:02.619 12083 INFO rally.task.context [-] Task d1d340ee-1fb5-43fe-9c49-f4bcd8af8f08 | Context cleanup@openstack cleanup() finished in 2.12 sec
2020-04-10 04:48:02.620 12083 INFO rally.task.context [-] Task d1d340ee-1fb5-43fe-9c49-f4bcd8af8f08 | Context network@openstack cleanup() started
2020-04-10 04:48:18.901 12083 INFO rally.task.context [-] Task d1d340ee-1fb5-43fe-9c49-f4bcd8af8f08 | Context network@openstack cleanup() finished in 16.28 sec
2020-04-10 04:48:18.901 12083 INFO rally.task.context [-] Task d1d340ee-1fb5-43fe-9c49-f4bcd8af8f08 | Context quotas@openstack cleanup() started
2020-04-10 04:48:19.037 12083 INFO rally.task.context [-] Task d1d340ee-1fb5-43fe-9c49-f4bcd8af8f08 | Context quotas@openstack cleanup() finished in 0.14 sec
2020-04-10 04:48:19.037 12083 INFO rally.task.context [-] Task d1d340ee-1fb5-43fe-9c49-f4bcd8af8f08 | Context users@openstack cleanup() started
2020-04-10 04:48:19.179 12083 WARNING rally.common.logging [-] `iterate_per_tenants()' is deprecated in v3.0.0: it is openstack specific.. Used at
2020-04-10 04:48:21.185 12083 INFO rally.task.context [-] Task d1d340ee-1fb5-43fe-9c49-f4bcd8af8f08 | Context users@openstack cleanup() finished in 2.15 sec
2020-04-10 04:48:22.303 12083 INFO rally.task.engine [-] Load duration is: 40.949725
2020-04-10 04:48:22.303 12083 INFO rally.task.engine [-] Full runner duration is: 42.002579
2020-04-10 04:48:22.304 12083 INFO rally.task.engine [-] Full duration is: 87.358494
2020-04-10 04:48:22.394 12083 INFO rally.task.engine [-] Running workload: position = 0 config = { "version": 2, "title": "A cropped version of a bigger task.", "description": "Auto-generated task from a single workload (uuid=32e40163-2c4e-4605-8204-cc4f54aac70f)", "subtasks": [ { "title": "NovaServers.boot_and_list_server", "description": "Boot a server from an image and then list all servers.", "scenario": { "NovaServers.boot_and_list_server": { "detailed": true, "flavor": { "name": "rally_full-flavor_904cbf3a-2ea6-4f0d-90b5-c5ed3d669543" }, "image": { "name": "rally_full-img_904cbf3a-2ea6-4f0d-90b5-c5ed3d669543" }, "nics": [ { "net-id": "22362b54-3fa0-4639-b461-978014ed8faf" } ] } }, "contexts": { "users": { "tenants": 3, "users_per_tenant": 2 }, "network": { "networks_per_tenant": 1, "start_cidr": "100.1.0.0/25" }, "quotas": { "neutron": { "network": -1, "port": -1, "subnet": -1 }, "nova": { "cores": -1, "floating_ips": -1, "instances": -1, "ram": -1, "security_group_rules": -1, "security_groups": -1 } } }, "runner": { "constant": { "concurrency": 4, "times": 10 } }, "hooks": [], "sla": { "failure_rate": { "max": 0 } } } ] }
2020-04-10 04:48:22.420 12083 RALLYDEBUG rally_openstack.contexts.keystone.users [-] Creating 3 tenants using 3 threads
2020-04-10 04:48:22.964 12083 RALLYDEBUG rally_openstack.contexts.keystone.users [-] Creating 6 users using 6 threads
2020-04-10 04:48:23.884 12083 INFO rally.task.context [-] Task d1d340ee-1fb5-43fe-9c49-f4bcd8af8f08 | Context users@openstack setup() finished in 1.46 sec
2020-04-10 04:48:25.062 12083 INFO rally.task.context [-] Task d1d340ee-1fb5-43fe-9c49-f4bcd8af8f08 | Context quotas@openstack setup() finished in 1.18 sec
2020-04-10 04:48:25.124 12083 WARNING rally.common.logging [-] `iterate_per_tenants()' is deprecated in v3.0.0: it is openstack specific.. Used at
2020-04-10 04:48:28.475 12083 RALLYDEBUG rally_openstack.wrappers.network [-] CIDR generated: 100.1.3.0/25
2020-04-10 04:48:35.714 12083 RALLYDEBUG rally_openstack.wrappers.network [-] CIDR generated: 100.1.3.128/25
2020-04-10 04:48:41.827 12083 RALLYDEBUG rally_openstack.wrappers.network [-] CIDR generated: 100.1.4.0/25
2020-04-10 04:48:45.329 12083 INFO rally.task.context [-] Task d1d340ee-1fb5-43fe-9c49-f4bcd8af8f08 | Context network@openstack setup() finished in 20.27 sec
2020-04-10 04:48:45.330 12083 INFO rally.task.context [-] Task d1d340ee-1fb5-43fe-9c49-f4bcd8af8f08 | Context cleanup@openstack setup() finished in 0.09 msec
2020-04-10 04:48:45.720 12083 RALLYDEBUG rally.task.runner [-] Starting the constant runner (task UUID: d1d340ee-1fb5-43fe-9c49-f4bcd8af8f08). times: 10 concurrency: 4 timeout: 0 max_cpu_used: 88 processes_to_start: 4 concurrency_per_worker: 1 concurrency_overhead: 0
2020-04-10 04:48:45.735 12670 RALLYDEBUG rally.task.runner [-] Starting a worker. times: 10 duration: None concurrency: 1 timeout: 0 cls: method_name: run args: {"detailed": true, "flavor": "f17c0487-351b-48c5-baa4-be5129fdc368", "image": "fb2519f7-fd71-4231-bbb1-c2646090e539", "nics": [{"net-id": "22362b54-3fa0-4639-b461-978014ed8faf"}]}
2020-04-10 04:48:45.737 12671 RALLYDEBUG rally.task.runner [-] Starting a worker. times: 10 duration: None concurrency: 1 timeout: 0 cls: method_name: run args: {"detailed": true, "flavor": "f17c0487-351b-48c5-baa4-be5129fdc368", "image": "fb2519f7-fd71-4231-bbb1-c2646090e539", "nics": [{"net-id": "22362b54-3fa0-4639-b461-978014ed8faf"}]}
2020-04-10 04:48:45.740 12672 RALLYDEBUG rally.task.runner [-] Starting a worker. times: 10 duration: None concurrency: 1 timeout: 0 cls: method_name: run args: {"detailed": true, "flavor": "f17c0487-351b-48c5-baa4-be5129fdc368", "image": "fb2519f7-fd71-4231-bbb1-c2646090e539", "nics": [{"net-id": "22362b54-3fa0-4639-b461-978014ed8faf"}]}
2020-04-10 04:48:45.743 12670 INFO rally.task.runner [-] Task d1d340ee-1fb5-43fe-9c49-f4bcd8af8f08 | ITER: 1 START
2020-04-10 04:48:45.744 12671 INFO rally.task.runner [-] Task d1d340ee-1fb5-43fe-9c49-f4bcd8af8f08 | ITER: 2 START
2020-04-10 04:48:45.743 12673 RALLYDEBUG rally.task.runner [-] Starting a worker. times: 10 duration: None concurrency: 1 timeout: 0 cls: method_name: run args: {"detailed": true, "flavor": "f17c0487-351b-48c5-baa4-be5129fdc368", "image": "fb2519f7-fd71-4231-bbb1-c2646090e539", "nics": [{"net-id": "22362b54-3fa0-4639-b461-978014ed8faf"}]}
2020-04-10 04:48:45.747 12672 INFO rally.task.runner [-] Task d1d340ee-1fb5-43fe-9c49-f4bcd8af8f08 | ITER: 3 START
2020-04-10 04:48:45.751 12673 INFO rally.task.runner [-] Task d1d340ee-1fb5-43fe-9c49-f4bcd8af8f08 | ITER: 4 START
2020-04-10 04:48:57.227 12673 RALLYDEBUG rally.task.utils [-] Waiting for resource s_rally_32e40163_kgFEYYHb. Status changed: BUILD => ACTIVE in 9.217225074768066
2020-04-10 04:48:57.421 12671 RALLYDEBUG rally.task.utils [-] Waiting for resource s_rally_32e40163_yR5T7G34. Status changed: BUILD => ACTIVE in 9.468436241149902
2020-04-10 04:48:57.580 12673 INFO rally.task.runner [-] Task d1d340ee-1fb5-43fe-9c49-f4bcd8af8f08 | ITER: 4 END: OK
2020-04-10 04:48:57.586 12673 INFO rally.task.runner [-] Task d1d340ee-1fb5-43fe-9c49-f4bcd8af8f08 | ITER: 5 START
2020-04-10 04:48:57.807 12671 INFO rally.task.runner [-] Task d1d340ee-1fb5-43fe-9c49-f4bcd8af8f08 | ITER: 2 END: OK
2020-04-10 04:48:57.812 12671 INFO rally.task.runner [-] Task d1d340ee-1fb5-43fe-9c49-f4bcd8af8f08 | ITER: 6 START
2020-04-10 04:48:57.874 12670 RALLYDEBUG rally.task.utils [-] Waiting for resource s_rally_32e40163_O95LNAFN. Status changed: BUILD => ACTIVE in 9.262897491455078
2020-04-10 04:48:58.027 12672 RALLYDEBUG rally.task.utils [-] Waiting for resource s_rally_32e40163_1IrxREL5. Status changed: BUILD => ACTIVE in 10.03580927848816
2020-04-10 04:48:58.232 12670 INFO rally.task.runner [-] Task d1d340ee-1fb5-43fe-9c49-f4bcd8af8f08 | ITER: 1 END: OK
2020-04-10 04:48:58.237 12670 INFO rally.task.runner [-] Task d1d340ee-1fb5-43fe-9c49-f4bcd8af8f08 | ITER: 7 START
2020-04-10 04:48:58.628 12672 INFO rally.task.runner [-] Task d1d340ee-1fb5-43fe-9c49-f4bcd8af8f08 | ITER: 3 END: OK
2020-04-10 04:48:58.634 12672 INFO rally.task.runner [-] Task d1d340ee-1fb5-43fe-9c49-f4bcd8af8f08 | ITER: 8 START
2020-04-10 04:49:08.642 12673 RALLYDEBUG rally.task.utils [-] Waiting for resource s_rally_32e40163_u0HRzZsI. Status changed: BUILD => ACTIVE in 9.066787004470825
2020-04-10 04:49:08.958 12673 INFO rally.task.runner [-] Task d1d340ee-1fb5-43fe-9c49-f4bcd8af8f08 | ITER: 5 END: OK
2020-04-10 04:49:08.965 12673 INFO rally.task.runner [-] Task d1d340ee-1fb5-43fe-9c49-f4bcd8af8f08 | ITER: 9 START
2020-04-10 04:49:09.120 12672 RALLYDEBUG rally.task.utils [-] Waiting for resource s_rally_32e40163_6aWsgs46. Status changed: BUILD => ACTIVE in 8.608011484146118
2020-04-10 04:49:09.457 12672 INFO rally.task.runner [-] Task d1d340ee-1fb5-43fe-9c49-f4bcd8af8f08 | ITER: 8 END: OK
2020-04-10 04:49:09.463 12672 INFO rally.task.runner [-] Task d1d340ee-1fb5-43fe-9c49-f4bcd8af8f08 | ITER: 10 START
2020-04-10 04:49:09.938 12671 RALLYDEBUG rally.task.utils [-] Waiting for resource s_rally_32e40163_JxG1spQX. Status changed: BUILD => ACTIVE in 9.223235130310059
2020-04-10 04:49:10.502 12671 INFO rally.task.runner [-] Task d1d340ee-1fb5-43fe-9c49-f4bcd8af8f08 | ITER: 6 END: OK
2020-04-10 04:49:11.491 12670 RALLYDEBUG rally.task.utils [-] Waiting for resource s_rally_32e40163_vL41YuKN. Status changed: BUILD => ACTIVE in 11.339326620101929
2020-04-10 04:49:11.843 12670 INFO rally.task.runner [-] Task d1d340ee-1fb5-43fe-9c49-f4bcd8af8f08 | ITER: 7 END: OK
2020-04-10 04:49:17.775 12673 RALLYDEBUG rally.task.utils [-] Waiting for resource s_rally_32e40163_q0Ud3SZV. Status changed: BUILD => ACTIVE in 6.855304956436157
2020-04-10 04:49:18.124 12673 INFO rally.task.runner [-] Task d1d340ee-1fb5-43fe-9c49-f4bcd8af8f08 | ITER: 9 END: OK
2020-04-10 04:49:18.202 12672 RALLYDEBUG rally.task.utils [-] Waiting for resource s_rally_32e40163_yo0wdimI. Status changed: BUILD => ACTIVE in 6.774281740188599
2020-04-10 04:49:18.558 12672 INFO rally.task.runner [-] Task d1d340ee-1fb5-43fe-9c49-f4bcd8af8f08 | ITER: 10 END: OK
2020-04-10 04:49:18.584 12083 INFO rally.task.context [-] Task d1d340ee-1fb5-43fe-9c49-f4bcd8af8f08 | Context cleanup@openstack cleanup() started
2020-04-10 04:49:18.593 12083 RALLYDEBUG rally_openstack.cleanup.manager [-] Cleaning up nova servers objects
2020-04-10 04:49:20.134 12083 RALLYDEBUG rally_openstack.cleanup.manager [-] Deleting nova.servers object s_rally_32e40163_q0Ud3SZV (8c59f897-d455-47d2-9085-10b9e3e2a802)
2020-04-10 04:49:20.146 12083 RALLYDEBUG rally_openstack.cleanup.manager [-] Deleting nova.servers object s_rally_32e40163_JxG1spQX (4de652e2-1a94-4728-8549-e99c1aa1347b)
2020-04-10 04:49:20.152 12083 RALLYDEBUG rally_openstack.cleanup.manager [-] Deleting nova.servers object s_rally_32e40163_6aWsgs46 (86b5c55c-3090-4dc9-8e5b-5b425e9999e7)
2020-04-10 04:49:20.162 12083 RALLYDEBUG rally_openstack.cleanup.manager [-] Deleting nova.servers object s_rally_32e40163_vL41YuKN (7ca743b6-0b33-44e9-a5c3-3cfc60f2181e)
2020-04-10 04:49:20.187 12083 RALLYDEBUG rally_openstack.cleanup.manager [-] Deleting nova.servers object s_rally_32e40163_u0HRzZsI (a0487c37-92a0-43bd-97d4-6d1870720e85)
2020-04-10 04:49:20.194 12083 RALLYDEBUG rally_openstack.cleanup.manager [-] Deleting nova.servers object s_rally_32e40163_yo0wdimI (e1904910-8476-4e13-9696-f4fb55348e66)
2020-04-10 04:49:20.200 12083 RALLYDEBUG rally_openstack.cleanup.manager [-] Deleting nova.servers object s_rally_32e40163_O95LNAFN (839a129f-66c4-4535-8b3e-37d4b4297160)
2020-04-10 04:49:20.217 12083 RALLYDEBUG rally_openstack.cleanup.manager [-] Deleting nova.servers object s_rally_32e40163_1IrxREL5 (103adaed-759c-4068-a6c1-6d45d3b1cc03)
2020-04-10 04:49:20.222 12083 RALLYDEBUG rally_openstack.cleanup.manager [-] Deleting nova.servers object s_rally_32e40163_yR5T7G34 (a78f88f9-51a3-4aa3-9177-284e614e1134)
2020-04-10 04:49:20.235 12083 RALLYDEBUG rally_openstack.cleanup.manager [-] Deleting nova.servers object s_rally_32e40163_kgFEYYHb (e0da1909-a3a7-4f8e-98a5-cadd5919ef51)
2020-04-10 04:49:26.269 12083 RALLYDEBUG rally_openstack.cleanup.manager [-] Cleaning up nova server_groups objects
2020-04-10 04:49:26.772 12083 RALLYDEBUG rally_openstack.cleanup.manager [-] Cleaning up nova keypairs objects
2020-04-10 04:49:27.853 12083 INFO rally.task.context [-] Task d1d340ee-1fb5-43fe-9c49-f4bcd8af8f08 | Context cleanup@openstack cleanup() finished in 9.27 sec
2020-04-10 04:49:27.854 12083 INFO rally.task.context [-] Task d1d340ee-1fb5-43fe-9c49-f4bcd8af8f08 | Context network@openstack cleanup() started
2020-04-10 04:49:44.096 12083 INFO rally.task.context [-] Task d1d340ee-1fb5-43fe-9c49-f4bcd8af8f08 | Context network@openstack cleanup() finished in 16.24 sec
2020-04-10 04:49:44.096 12083 INFO rally.task.context [-] Task d1d340ee-1fb5-43fe-9c49-f4bcd8af8f08 | Context quotas@openstack cleanup() started
2020-04-10 04:49:44.239 12083 INFO rally.task.context [-] Task d1d340ee-1fb5-43fe-9c49-f4bcd8af8f08 | Context quotas@openstack cleanup() finished in 0.14 sec
2020-04-10 04:49:44.240 12083 INFO rally.task.context [-] Task d1d340ee-1fb5-43fe-9c49-f4bcd8af8f08 | Context users@openstack cleanup() started
2020-04-10 04:49:44.375 12083 WARNING rally.common.logging [-] `iterate_per_tenants()' is deprecated in v3.0.0: it is openstack specific.. Used at
2020-04-10 04:49:47.133 12083 INFO rally.task.context [-] Task d1d340ee-1fb5-43fe-9c49-f4bcd8af8f08 | Context users@openstack cleanup() finished in 2.89 sec
2020-04-10 04:49:48.858 12083 INFO rally.task.engine [-] Load duration is: 31.813213
2020-04-10 04:49:48.859 12083 INFO rally.task.engine [-] Full runner duration is: 32.863837
2020-04-10 04:49:48.859 12083 INFO rally.task.engine [-] Full duration is: 84.715603
2020-04-10 04:49:48.938 12083 INFO rally.task.engine [-] Running workload: position = 0 config = { "version": 2, "title": "A cropped version of a bigger task.", "description": "Auto-generated task from a single workload (uuid=7c55056a-5b45-4ac0-8215-ebd92e4a90d9)", "subtasks": [ { "title": "NovaServers.boot_and_rebuild_server", "description": "Rebuild a server.", "scenario": { "NovaServers.boot_and_rebuild_server": { "flavor": { "name": "rally_full-flavor_904cbf3a-2ea6-4f0d-90b5-c5ed3d669543" }, "from_image": { "name": "rally_full-img_904cbf3a-2ea6-4f0d-90b5-c5ed3d669543" }, "to_image": { "name": "rally_full-img_904cbf3a-2ea6-4f0d-90b5-c5ed3d669543" }, "nics": [ { "net-id": "22362b54-3fa0-4639-b461-978014ed8faf" } ] } }, "contexts": { "users": { "tenants": 3, "users_per_tenant": 2 }, "network": { "networks_per_tenant": 1, "start_cidr": "100.1.0.0/25" }, "quotas": { "neutron": { "network": -1, "port": -1, "subnet": -1 }, "nova": { "cores": -1, "floating_ips": -1, "instances": -1, "ram": -1, "security_group_rules": -1, "security_groups": -1 } } }, "runner": { "constant": { "concurrency": 4, "times": 10 } }, "hooks": [], "sla": { "failure_rate": { "max": 0 } } } ] }
2020-04-10 04:49:48.960 12083 RALLYDEBUG rally_openstack.contexts.keystone.users [-] Creating 3 tenants using 3 threads
2020-04-10 04:49:49.439 12083 RALLYDEBUG rally_openstack.contexts.keystone.users [-] Creating 6 users using 6 threads
2020-04-10 04:49:50.528 12083 INFO rally.task.context [-] Task d1d340ee-1fb5-43fe-9c49-f4bcd8af8f08 | Context users@openstack setup() finished in 1.57 sec
2020-04-10 04:49:51.747 12083 INFO rally.task.context [-] Task d1d340ee-1fb5-43fe-9c49-f4bcd8af8f08 | Context quotas@openstack setup() finished in 1.22 sec
2020-04-10 04:49:51.800 12083 WARNING rally.common.logging [-] `iterate_per_tenants()' is deprecated in v3.0.0: it is openstack specific.. Used at
2020-04-10 04:49:55.209 12083 RALLYDEBUG rally_openstack.wrappers.network [-] CIDR generated: 100.1.4.128/25
2020-04-10 04:50:02.270 12083 RALLYDEBUG rally_openstack.wrappers.network [-] CIDR generated: 100.1.5.0/25
2020-04-10 04:50:08.966 12083 RALLYDEBUG rally_openstack.wrappers.network [-] CIDR generated: 100.1.5.128/25
2020-04-10 04:50:14.265 12083 INFO rally.task.context [-] Task d1d340ee-1fb5-43fe-9c49-f4bcd8af8f08 | Context network@openstack setup() finished in 22.52 sec
2020-04-10 04:50:14.266 12083 INFO rally.task.context [-] Task d1d340ee-1fb5-43fe-9c49-f4bcd8af8f08 | Context cleanup@openstack setup() finished in 0.01 msec
2020-04-10 04:50:14.637 12083 RALLYDEBUG rally.task.runner [-] Starting the constant runner (task UUID: d1d340ee-1fb5-43fe-9c49-f4bcd8af8f08). times: 10 concurrency: 4 timeout: 0 max_cpu_used: 88 processes_to_start: 4 concurrency_per_worker: 1 concurrency_overhead: 0
2020-04-10 04:50:14.649 12803 RALLYDEBUG rally.task.runner [-] Starting a worker. times: 10 duration: None concurrency: 1 timeout: 0 cls: method_name: run args: {"flavor": "f17c0487-351b-48c5-baa4-be5129fdc368", "from_image": "fb2519f7-fd71-4231-bbb1-c2646090e539", "to_image": "fb2519f7-fd71-4231-bbb1-c2646090e539", "nics": [{"net-id": "22362b54-3fa0-4639-b461-978014ed8faf"}]}
2020-04-10 04:50:14.653 12804 RALLYDEBUG rally.task.runner [-] Starting a worker. times: 10 duration: None concurrency: 1 timeout: 0 cls: method_name: run args: {"flavor": "f17c0487-351b-48c5-baa4-be5129fdc368", "from_image": "fb2519f7-fd71-4231-bbb1-c2646090e539", "to_image": "fb2519f7-fd71-4231-bbb1-c2646090e539", "nics": [{"net-id": "22362b54-3fa0-4639-b461-978014ed8faf"}]}
2020-04-10 04:50:14.655 12805 RALLYDEBUG rally.task.runner [-] Starting a worker. times: 10 duration: None concurrency: 1 timeout: 0 cls: method_name: run args: {"flavor": "f17c0487-351b-48c5-baa4-be5129fdc368", "from_image": "fb2519f7-fd71-4231-bbb1-c2646090e539", "to_image": "fb2519f7-fd71-4231-bbb1-c2646090e539", "nics": [{"net-id": "22362b54-3fa0-4639-b461-978014ed8faf"}]}
2020-04-10 04:50:14.656 12803 INFO rally.task.runner [-] Task d1d340ee-1fb5-43fe-9c49-f4bcd8af8f08 | ITER: 1 START
2020-04-10 04:50:14.657 12806 RALLYDEBUG rally.task.runner [-] Starting a worker. times: 10 duration: None concurrency: 1 timeout: 0 cls: method_name: run args: {"flavor": "f17c0487-351b-48c5-baa4-be5129fdc368", "from_image": "fb2519f7-fd71-4231-bbb1-c2646090e539", "to_image": "fb2519f7-fd71-4231-bbb1-c2646090e539", "nics": [{"net-id": "22362b54-3fa0-4639-b461-978014ed8faf"}]}
2020-04-10 04:50:14.661 12804 INFO rally.task.runner [-] Task d1d340ee-1fb5-43fe-9c49-f4bcd8af8f08 | ITER: 2 START
2020-04-10 04:50:14.662 12805 INFO rally.task.runner [-] Task d1d340ee-1fb5-43fe-9c49-f4bcd8af8f08 | ITER: 3 START
2020-04-10 04:50:14.663 12806 INFO rally.task.runner [-] Task d1d340ee-1fb5-43fe-9c49-f4bcd8af8f08 | ITER: 4 START
2020-04-10 04:50:26.543 12803 RALLYDEBUG rally.task.utils [-] Waiting for resource s_rally_7c55056a_3Ijd0zw7. Status changed: BUILD => ACTIVE in 9.97482967376709
2020-04-10 04:50:26.700 12806 RALLYDEBUG rally.task.utils [-] Waiting for resource s_rally_7c55056a_yh2pzvsN. Status changed: BUILD => ACTIVE in 10.105873823165894
2020-04-10 04:50:28.135 12803 RALLYDEBUG rally.task.utils [-] Waiting for resource s_rally_7c55056a_3Ijd0zw7. Status changed: ACTIVE => REBUILD in 0.2552015781402588
2020-04-10 04:50:28.324 12806 RALLYDEBUG rally.task.utils [-] Waiting for resource s_rally_7c55056a_yh2pzvsN. Status changed: ACTIVE => REBUILD in 0.25746989250183105
2020-04-10 04:50:28.817 12804 RALLYDEBUG rally.task.utils [-] Waiting for resource s_rally_7c55056a_CtzWeahh. Status changed: BUILD => ACTIVE in 12.001908540725708
2020-04-10 04:50:28.839 12805 RALLYDEBUG rally.task.utils [-] Waiting for resource s_rally_7c55056a_7Yfg4Hiz. Status changed: BUILD => ACTIVE in 12.023623704910278
2020-04-10 04:50:30.387 12804 RALLYDEBUG rally.task.utils [-] Waiting for resource s_rally_7c55056a_CtzWeahh. Status changed: ACTIVE => REBUILD in 0.2228231430053711
2020-04-10 04:50:30.446 12805 RALLYDEBUG rally.task.utils [-] Waiting for resource s_rally_7c55056a_7Yfg4Hiz. Status changed: ACTIVE => REBUILD in 0.24929213523864746
2020-04-10 04:50:33.104 12803 RALLYDEBUG rally.task.utils [-] Waiting for resource s_rally_7c55056a_3Ijd0zw7. Status changed: REBUILD => ACTIVE in 4.969393253326416
2020-04-10 04:50:34.425 12806 RALLYDEBUG rally.task.utils [-] Waiting for resource s_rally_7c55056a_yh2pzvsN. Status changed: REBUILD => ACTIVE in 6.101192235946655
2020-04-10 04:50:35.746 12803 INFO rally.task.runner [-] Task d1d340ee-1fb5-43fe-9c49-f4bcd8af8f08 | ITER: 1 END: OK
2020-04-10 04:50:35.752 12803 INFO rally.task.runner [-] Task d1d340ee-1fb5-43fe-9c49-f4bcd8af8f08 | ITER: 5 START
2020-04-10 04:50:36.537 12804 RALLYDEBUG rally.task.utils [-] Waiting for resource s_rally_7c55056a_CtzWeahh. Status changed: REBUILD => ACTIVE in 6.149211406707764
2020-04-10 04:50:36.537 12805 RALLYDEBUG rally.task.utils [-] Waiting for resource s_rally_7c55056a_7Yfg4Hiz. Status changed: REBUILD => ACTIVE in 6.091637134552002
2020-04-10 04:50:39.228 12805 INFO rally.task.runner [-] Task d1d340ee-1fb5-43fe-9c49-f4bcd8af8f08 | ITER: 3 END: OK
2020-04-10 04:50:39.236 12805 INFO rally.task.runner [-] Task d1d340ee-1fb5-43fe-9c49-f4bcd8af8f08 | ITER: 6 START
2020-04-10 04:50:39.324 12806 INFO rally.task.runner [-] Task d1d340ee-1fb5-43fe-9c49-f4bcd8af8f08 | ITER: 4 END: OK
2020-04-10 04:50:39.333 12806 INFO rally.task.runner [-] Task d1d340ee-1fb5-43fe-9c49-f4bcd8af8f08 | ITER: 7 START
2020-04-10 04:50:41.182 12804 INFO rally.task.runner [-] Task d1d340ee-1fb5-43fe-9c49-f4bcd8af8f08 | ITER: 2 END: OK
2020-04-10 04:50:41.192 12804 INFO rally.task.runner [-] Task d1d340ee-1fb5-43fe-9c49-f4bcd8af8f08 | ITER: 8 START
2020-04-10 04:50:44.614 12803 RALLYDEBUG rally.task.utils [-] Waiting for resource s_rally_7c55056a_XBfnlZd5. Status changed: BUILD => ACTIVE in 6.868066310882568
2020-04-10 04:50:46.206 12803 RALLYDEBUG rally.task.utils [-] Waiting for resource s_rally_7c55056a_XBfnlZd5. Status changed: ACTIVE => REBUILD in 0.23182106018066406
2020-04-10 04:50:47.866 12805 RALLYDEBUG rally.task.utils [-] Waiting for resource s_rally_7c55056a_NKSNBXvX. Status changed: BUILD => ACTIVE in 6.7918524742126465
2020-04-10 04:50:49.421 12805 RALLYDEBUG rally.task.utils [-] Waiting for resource s_rally_7c55056a_NKSNBXvX. Status changed: ACTIVE => REBUILD in 0.2097153663635254
2020-04-10 04:50:50.323 12806 RALLYDEBUG rally.task.utils [-] Waiting for resource s_rally_7c55056a_PPK2sXKd. Status changed: BUILD => ACTIVE in 9.104016780853271
2020-04-10 04:50:51.144 12803 RALLYDEBUG rally.task.utils [-] Waiting for resource s_rally_7c55056a_XBfnlZd5. Status changed: REBUILD => ACTIVE in 4.938138008117676
2020-04-10 04:50:51.948 12806 RALLYDEBUG rally.task.utils [-] Waiting for resource s_rally_7c55056a_PPK2sXKd. Status changed: ACTIVE => REBUILD in 0.23955965042114258
2020-04-10 04:50:52.944 12804 RALLYDEBUG rally.task.utils [-] Waiting for resource s_rally_7c55056a_UQENHbJR. Status changed: BUILD => ACTIVE in 9.839970350265503
2020-04-10 04:50:53.164 12805 RALLYDEBUG rally.task.utils [-] Waiting for resource s_rally_7c55056a_NKSNBXvX. Status changed: REBUILD => ACTIVE in 3.743121862411499
2020-04-10 04:50:53.636 12803 INFO rally.task.runner [-] Task d1d340ee-1fb5-43fe-9c49-f4bcd8af8f08 | ITER: 5 END: OK
2020-04-10 04:50:53.641 12803 INFO rally.task.runner [-] Task d1d340ee-1fb5-43fe-9c49-f4bcd8af8f08 | ITER: 9 START
2020-04-10 04:50:54.500 12804 RALLYDEBUG rally.task.utils [-] Waiting for resource s_rally_7c55056a_UQENHbJR. Status changed: ACTIVE => REBUILD in 0.21744704246520996
2020-04-10 04:50:55.740 12805 INFO rally.task.runner [-] Task d1d340ee-1fb5-43fe-9c49-f4bcd8af8f08 | ITER: 6 END: OK
2020-04-10 04:50:55.744 12805 INFO rally.task.runner [-] Task d1d340ee-1fb5-43fe-9c49-f4bcd8af8f08 | ITER: 10 START
2020-04-10 04:50:56.908 12806 RALLYDEBUG rally.task.utils [-] Waiting for resource s_rally_7c55056a_PPK2sXKd. Status changed: REBUILD => ACTIVE in 4.960498809814453
2020-04-10 04:50:59.372 12806 INFO rally.task.runner [-] Task d1d340ee-1fb5-43fe-9c49-f4bcd8af8f08 | ITER: 7 END: OK
2020-04-10 04:50:59.579 12804 RALLYDEBUG rally.task.utils [-] Waiting for resource s_rally_7c55056a_UQENHbJR. Status changed: REBUILD => ACTIVE in 5.078670978546143
2020-04-10 04:51:02.110 12804 INFO rally.task.runner [-] Task d1d340ee-1fb5-43fe-9c49-f4bcd8af8f08 | ITER: 8 END: OK
2020-04-10 04:51:03.500 12803 RALLYDEBUG rally.task.utils [-] Waiting for resource s_rally_7c55056a_Qqy7N5kV. Status changed: BUILD => ACTIVE in 7.057499647140503
2020-04-10 04:51:05.291 12805 RALLYDEBUG rally.task.utils [-] Waiting for resource s_rally_7c55056a_lY6uFSeD. Status changed: BUILD => ACTIVE in 6.8755202293396
2020-04-10 04:51:06.013 12803 RALLYDEBUG rally.task.utils [-] Waiting for resource s_rally_7c55056a_Qqy7N5kV. Status changed: ACTIVE => REBUILD in 1.1279618740081787
2020-04-10 04:51:06.857 12805 RALLYDEBUG rally.task.utils [-] Waiting for resource s_rally_7c55056a_lY6uFSeD. Status changed: ACTIVE => REBUILD in 0.21520638465881348
2020-04-10 04:51:08.493 12803 RALLYDEBUG rally.task.utils [-] Waiting for resource s_rally_7c55056a_Qqy7N5kV. Status changed: REBUILD => ACTIVE in 2.4801528453826904
2020-04-10 04:51:10.564 12805 RALLYDEBUG rally.task.utils [-] Waiting for resource s_rally_7c55056a_lY6uFSeD. Status changed: REBUILD => ACTIVE in 3.7072975635528564
2020-04-10 04:51:13.043 12803 INFO rally.task.runner [-] Task d1d340ee-1fb5-43fe-9c49-f4bcd8af8f08 | ITER: 9 END: OK
2020-04-10 04:51:13.099 12805 INFO rally.task.runner [-] Task d1d340ee-1fb5-43fe-9c49-f4bcd8af8f08 | ITER: 10 END: OK
2020-04-10 04:51:13.125 12083 INFO rally.task.context [-] Task d1d340ee-1fb5-43fe-9c49-f4bcd8af8f08 | Context cleanup@openstack cleanup() started
2020-04-10 04:51:13.133 12083 RALLYDEBUG rally_openstack.cleanup.manager [-] Cleaning up nova servers objects
2020-04-10 04:51:14.000 12083 RALLYDEBUG rally_openstack.cleanup.manager [-] Cleaning up nova server_groups objects
2020-04-10 04:51:14.520 12083 RALLYDEBUG rally_openstack.cleanup.manager [-] Cleaning up nova keypairs objects
2020-04-10 04:51:15.477 12083 INFO rally.task.context [-] Task d1d340ee-1fb5-43fe-9c49-f4bcd8af8f08 | Context cleanup@openstack cleanup() finished in 2.35 sec
2020-04-10 04:51:15.478 12083 INFO rally.task.context [-] Task d1d340ee-1fb5-43fe-9c49-f4bcd8af8f08 | Context network@openstack cleanup() started
2020-04-10 04:51:31.159 12083 INFO rally.task.context [-] Task d1d340ee-1fb5-43fe-9c49-f4bcd8af8f08 | Context network@openstack cleanup() finished in 15.68 sec
2020-04-10 04:51:31.160 12083 INFO rally.task.context [-] Task d1d340ee-1fb5-43fe-9c49-f4bcd8af8f08 | Context quotas@openstack cleanup() started
2020-04-10 04:51:31.303 12083 INFO rally.task.context [-] Task d1d340ee-1fb5-43fe-9c49-f4bcd8af8f08 | Context quotas@openstack cleanup() finished in 0.14 sec
2020-04-10 04:51:31.303 12083 INFO rally.task.context [-] Task d1d340ee-1fb5-43fe-9c49-f4bcd8af8f08 | Context users@openstack cleanup() started
2020-04-10 04:51:31.437 12083 WARNING rally.common.logging [-] `iterate_per_tenants()' is deprecated in v3.0.0: it is openstack specific.. Used at
2020-04-10 04:51:33.332 12083 INFO rally.task.context [-] Task d1d340ee-1fb5-43fe-9c49-f4bcd8af8f08 | Context users@openstack cleanup() finished in 2.03 sec
2020-04-10 04:51:33.466 12083 INFO rally.task.engine [-] Load duration is: 56.441278
2020-04-10 04:51:33.467 12083 INFO rally.task.engine [-] Full runner duration is: 58.487838
2020-04-10 04:51:33.467 12083 INFO rally.task.engine [-] Full duration is: 104.37459
2020-04-10 04:51:33.582 12083 INFO rally.task.engine [-] Running workload: position = 0 config = { "version": 2, "title": "A cropped version of a bigger task.", "description": "Auto-generated task from a single workload (uuid=06d8496c-bacd-476f-a81a-293d830213b4)", "subtasks": [ { "title": "NovaServers.snapshot_server", "description": "Boot a server, make its snapshot and delete both.", "scenario": { "NovaServers.snapshot_server": { "flavor": { "name": "rally_full-flavor_904cbf3a-2ea6-4f0d-90b5-c5ed3d669543" }, "image": { "name": "rally_full-img_904cbf3a-2ea6-4f0d-90b5-c5ed3d669543" }, "nics": [ { "net-id": "22362b54-3fa0-4639-b461-978014ed8faf" } ] } }, "contexts": { "users": { "tenants": 3, "users_per_tenant": 2 }, "network": { "networks_per_tenant": 1, "start_cidr": "100.1.0.0/25" }, "quotas": { "neutron": { "network": -1, "port": -1, "subnet": -1 }, "nova": { "cores": -1, "floating_ips": -1, "instances": -1, "ram": -1, "security_group_rules": -1, "security_groups": -1 } } }, "runner": { "constant": { "concurrency": 4, "times": 10 } }, "hooks": [], "sla": { "failure_rate": { "max": 0 } } } ] }
2020-04-10 04:51:33.607 12083 RALLYDEBUG rally_openstack.contexts.keystone.users [-] Creating 3 tenants using 3 threads
2020-04-10 04:51:34.202 12083 RALLYDEBUG rally_openstack.contexts.keystone.users [-] Creating 6 users using 6 threads
2020-04-10 04:51:35.107 12083 INFO rally.task.context [-] Task d1d340ee-1fb5-43fe-9c49-f4bcd8af8f08 | Context users@openstack setup() finished in 1.50 sec
2020-04-10 04:51:36.253 12083 INFO rally.task.context [-] Task d1d340ee-1fb5-43fe-9c49-f4bcd8af8f08 | Context quotas@openstack setup() finished in 1.14 sec
2020-04-10 04:51:36.304 12083 WARNING rally.common.logging [-] `iterate_per_tenants()' is deprecated in v3.0.0: it is openstack specific.. Used at
2020-04-10 04:51:38.860 12083 RALLYDEBUG rally_openstack.wrappers.network [-] CIDR generated: 100.1.6.0/25
2020-04-10 04:51:45.442 12083 RALLYDEBUG rally_openstack.wrappers.network [-] CIDR generated: 100.1.6.128/25
2020-04-10 04:51:53.016 12083 RALLYDEBUG rally_openstack.wrappers.network [-] CIDR generated: 100.1.7.0/25
2020-04-10 04:51:56.783 12083 INFO rally.task.context [-] Task d1d340ee-1fb5-43fe-9c49-f4bcd8af8f08 | Context network@openstack setup() finished in 20.53 sec
2020-04-10 04:51:56.784 12083 INFO rally.task.context [-] Task d1d340ee-1fb5-43fe-9c49-f4bcd8af8f08 | Context cleanup@openstack setup() finished in 0.02 msec
2020-04-10 04:51:57.157 12083 RALLYDEBUG rally.task.runner [-] Starting the constant runner (task UUID: d1d340ee-1fb5-43fe-9c49-f4bcd8af8f08). times: 10 concurrency: 4 timeout: 0 max_cpu_used: 88 processes_to_start: 4 concurrency_per_worker: 1 concurrency_overhead: 0
2020-04-10 04:51:57.171 12936 RALLYDEBUG rally.task.runner [-] Starting a worker. times: 10 duration: None concurrency: 1 timeout: 0 cls: method_name: run args: {"flavor": "f17c0487-351b-48c5-baa4-be5129fdc368", "image": "fb2519f7-fd71-4231-bbb1-c2646090e539", "nics": [{"net-id": "22362b54-3fa0-4639-b461-978014ed8faf"}]}
2020-04-10 04:51:57.174 12937 RALLYDEBUG rally.task.runner [-] Starting a worker. times: 10 duration: None concurrency: 1 timeout: 0 cls: method_name: run args: {"flavor": "f17c0487-351b-48c5-baa4-be5129fdc368", "image": "fb2519f7-fd71-4231-bbb1-c2646090e539", "nics": [{"net-id": "22362b54-3fa0-4639-b461-978014ed8faf"}]}
2020-04-10 04:51:57.176 12938 RALLYDEBUG rally.task.runner [-] Starting a worker. times: 10 duration: None concurrency: 1 timeout: 0 cls: method_name: run args: {"flavor": "f17c0487-351b-48c5-baa4-be5129fdc368", "image": "fb2519f7-fd71-4231-bbb1-c2646090e539", "nics": [{"net-id": "22362b54-3fa0-4639-b461-978014ed8faf"}]}
2020-04-10 04:51:57.178 12936 INFO rally.task.runner [-] Task d1d340ee-1fb5-43fe-9c49-f4bcd8af8f08 | ITER: 1 START
2020-04-10 04:51:57.180 12939 RALLYDEBUG rally.task.runner [-] Starting a worker. times: 10 duration: None concurrency: 1 timeout: 0 cls: method_name: run args: {"flavor": "f17c0487-351b-48c5-baa4-be5129fdc368", "image": "fb2519f7-fd71-4231-bbb1-c2646090e539", "nics": [{"net-id": "22362b54-3fa0-4639-b461-978014ed8faf"}]}
2020-04-10 04:51:57.181 12937 INFO rally.task.runner [-] Task d1d340ee-1fb5-43fe-9c49-f4bcd8af8f08 | ITER: 2 START
2020-04-10 04:51:57.183 12938 INFO rally.task.runner [-] Task d1d340ee-1fb5-43fe-9c49-f4bcd8af8f08 | ITER: 3 START
2020-04-10 04:51:57.188 12939 INFO rally.task.runner [-] Task d1d340ee-1fb5-43fe-9c49-f4bcd8af8f08 | ITER: 4 START
2020-04-10 04:52:07.391 12937 RALLYDEBUG rally.task.utils [-] Waiting for resource s_rally_06d8496c_GYGqP18O. Status changed: BUILD => ACTIVE in 7.550309419631958
2020-04-10 04:52:08.081 12938 RALLYDEBUG rally.task.utils [-] Waiting for resource s_rally_06d8496c_PqBSVfW7. Status changed: BUILD => ACTIVE in 9.020243883132935
2020-04-10 04:52:08.555 12936 RALLYDEBUG rally.task.utils [-] Waiting for resource s_rally_06d8496c_jhl2uIvC. Status changed: BUILD => ACTIVE in 9.268438816070557
2020-04-10 04:52:08.580 12939 RALLYDEBUG rally.task.utils [-] Waiting for resource s_rally_06d8496c_9Dtvk9qd. Status changed: BUILD => ACTIVE in 9.423203706741333
2020-04-10 04:52:13.918 12937 RALLYDEBUG rally.task.utils [-] Waiting for resource s_rally_06d8496c_GYGqP18O. Status changed: QUEUED => SAVING in 6.13596773147583
2020-04-10 04:52:16.649 12938 RALLYDEBUG rally.task.utils [-] Waiting for resource s_rally_06d8496c_PqBSVfW7. Status changed: QUEUED => SAVING in 8.158355236053467
2020-04-10 04:52:17.219 12936 RALLYDEBUG rally.task.utils [-] Waiting for resource s_rally_06d8496c_jhl2uIvC. Status changed: QUEUED => SAVING in 8.16188669204712
2020-04-10 04:52:17.348 12939 RALLYDEBUG rally.task.utils [-] Waiting for resource s_rally_06d8496c_9Dtvk9qd. Status changed: QUEUED => SAVING in 8.193824291229248
2020-04-10 04:52:26.160 12937 RALLYDEBUG rally.task.utils [-] Waiting for resource s_rally_06d8496c_GYGqP18O. Status changed: SAVING => ACTIVE in 12.242377281188965
2020-04-10 04:52:30.915 12938 RALLYDEBUG rally.task.utils [-] Waiting for resource s_rally_06d8496c_PqBSVfW7. Status changed: SAVING => ACTIVE in 14.266154766082764
2020-04-10 04:52:31.486 12936 RALLYDEBUG rally.task.utils [-] Waiting for resource s_rally_06d8496c_jhl2uIvC. Status changed: SAVING => ACTIVE in 14.266331434249878
2020-04-10 04:52:31.606 12939 RALLYDEBUG rally.task.utils [-] Waiting for resource s_rally_06d8496c_9Dtvk9qd. Status changed: SAVING => ACTIVE in 14.256977796554565
2020-04-10 04:52:48.235 12937 RALLYDEBUG rally.task.utils [-] Waiting for resource s_rally_06d8496c_jvl0lln5. Status changed: BUILD => ACTIVE in 15.138359069824219
2020-04-10 04:52:51.342 12937 WARNING /usr/lib/python3.7/site-packages/rally_openstack/scenarios/nova/utils.py [-] Method '_delete_image' of NovaScenario class is deprecated since Rally 0.10.0. Use GlanceUtils instead.
2020-04-10 04:52:52.322 12937 DEBUG glanceclient.common.http [-] Request returned failure status 404. _handle_response /usr/lib/python3.7/site-packages/glanceclient/common/http.py:125
2020-04-10 04:52:52.325 12937 INFO rally.task.runner [-] Task d1d340ee-1fb5-43fe-9c49-f4bcd8af8f08 | ITER: 2 END: OK
2020-04-10 04:52:52.331 12937 INFO rally.task.runner [-] Task d1d340ee-1fb5-43fe-9c49-f4bcd8af8f08 | ITER: 5 START
2020-04-10 04:53:04.151 12937 RALLYDEBUG rally.task.utils [-] Waiting for resource s_rally_06d8496c_6PrMYLk5. Status changed: BUILD => ACTIVE in 9.975737810134888
