2020-04-10 05:17:06.091 15100 RALLYDEBUG rally.task.utils [-] Waiting for resource s_rally_bc455d48_6KOEtj8S. Status changed: BUILD => ACTIVE in 7.498599529266357
2020-04-10 05:17:09.474 15099 INFO rally.task.runner [-] Task d1d340ee-1fb5-43fe-9c49-f4bcd8af8f08 | ITER: 9 END: OK
2020-04-10 05:17:10.281 15100 INFO rally.task.runner [-] Task d1d340ee-1fb5-43fe-9c49-f4bcd8af8f08 | ITER: 10 END: OK
2020-04-10 05:17:10.313 12083 INFO rally.task.context [-] Task d1d340ee-1fb5-43fe-9c49-f4bcd8af8f08 | Context cleanup@openstack cleanup() started
2020-04-10 05:17:10.319 12083 RALLYDEBUG rally_openstack.cleanup.manager [-] Cleaning up nova servers objects
2020-04-10 05:17:12.413 12083 RALLYDEBUG rally_openstack.cleanup.manager [-] Deleting nova.servers object s_rally_bc455d48_P6lTDtN2 (d4f0c0a9-08db-48db-9792-b6e48ee74cf8)
2020-04-10 05:17:12.420 12083 RALLYDEBUG rally_openstack.cleanup.manager [-] Deleting nova.servers object s_rally_bc455d48_6KOEtj8S (2be11472-6db8-42ac-bf39-c35787b5ef42)
2020-04-10 05:17:12.426 12083 RALLYDEBUG rally_openstack.cleanup.manager [-] Deleting nova.servers object s_rally_bc455d48_uwwS9R9I (9134b44d-aec2-4ea9-8e3e-8e93a8b7f003)
2020-04-10 05:17:12.435 12083 RALLYDEBUG rally_openstack.cleanup.manager [-] Deleting nova.servers object s_rally_bc455d48_rIP7ZLEW (deea71af-bc37-4364-8bde-5305d69b2704)
2020-04-10 05:17:12.437 12083 RALLYDEBUG rally_openstack.cleanup.manager [-] Deleting nova.servers object s_rally_bc455d48_XP9aqICq (3c7e4575-56cb-4d2b-bddd-e6d50a0a8155)
2020-04-10 05:17:12.440 12083 RALLYDEBUG rally_openstack.cleanup.manager [-] Deleting nova.servers object s_rally_bc455d48_04vu56PF (b8ab2bc3-b967-457b-b79b-3cfd64fb28c8)
2020-04-10 05:17:12.446 12083 RALLYDEBUG rally_openstack.cleanup.manager [-] Deleting nova.servers object s_rally_bc455d48_ZhlWn4sG (e68b5e87-6dfe-47aa-ab1d-076d9e863a45)
2020-04-10 05:17:12.449 12083 RALLYDEBUG rally_openstack.cleanup.manager [-] Deleting nova.servers object s_rally_bc455d48_XSin0Psq (b6edf9d9-999b-421d-8607-99c78c1d7ef9)
2020-04-10 05:17:12.457 12083 RALLYDEBUG rally_openstack.cleanup.manager [-] Deleting nova.servers object s_rally_bc455d48_2TbQhHkp (09a3c9ef-9fbf-4fc5-9b92-98cea9e5c5b9)
2020-04-10 05:17:12.462 12083 RALLYDEBUG rally_openstack.cleanup.manager [-] Deleting nova.servers object s_rally_bc455d48_JRKUPziU (fda1606c-c2f2-4fab-898d-fd8dbfbb9a92)
2020-04-10 05:17:21.584 12083 RALLYDEBUG rally_openstack.cleanup.manager [-] Cleaning up nova server_groups objects
2020-04-10 05:17:22.189 12083 RALLYDEBUG rally_openstack.cleanup.manager [-] Cleaning up nova keypairs objects
2020-04-10 05:17:23.215 12083 RALLYDEBUG rally_openstack.cleanup.manager [-] Cleaning up neutron vip objects
2020-04-10 05:17:23.684 12083 RALLYDEBUG rally_openstack.cleanup.manager [-] Cleaning up neutron health_monitor objects
2020-04-10 05:17:24.102 12083 RALLYDEBUG rally_openstack.cleanup.manager [-] Cleaning up neutron pool objects
2020-04-10 05:17:24.521 12083 RALLYDEBUG rally_openstack.cleanup.manager [-] Cleaning up neutron loadbalancer objects
2020-04-10 05:17:24.942 12083 RALLYDEBUG rally_openstack.cleanup.manager [-] Cleaning up neutron floatingip objects
2020-04-10 05:17:25.546 12083 RALLYDEBUG rally_openstack.cleanup.manager [-] Cleaning up neutron trunk objects
2020-04-10 05:17:26.037 12083 RALLYDEBUG rally_openstack.cleanup.manager [-] Cleaning up neutron port objects
2020-04-10 05:17:27.177 12083 RALLYDEBUG rally_openstack.cleanup.manager [-] Cleaning up neutron subnet objects
2020-04-10 05:17:27.809 12083 RALLYDEBUG rally_openstack.cleanup.manager [-] Deleting neutron.subnet object s_rally_bc455d48_tg3mc76G (7ca19089-7888-4fe9-b14f-6eff40803959)
2020-04-10 05:17:27.819 12083 RALLYDEBUG rally_openstack.cleanup.manager [-] Deleting neutron.subnet object s_rally_bc455d48_IqJnNXx9 (16d0f41a-a99e-4ab8-a199-e05105cf771e)
2020-04-10 05:17:27.829 12083 RALLYDEBUG rally_openstack.cleanup.manager [-] Deleting neutron.subnet object s_rally_bc455d48_UWN4IenN (193408ed-6dc1-46b1-817f-dd46f4e8e29b)
2020-04-10 05:17:27.840 12083 RALLYDEBUG rally_openstack.cleanup.manager [-] Deleting neutron.subnet object s_rally_bc455d48_edbMG4nu (0d9d0b15-60fe-41de-8d54-1a8fd8cf64a9)
2020-04-10 05:17:27.846 12083 RALLYDEBUG rally_openstack.cleanup.manager [-] Deleting neutron.subnet object s_rally_bc455d48_K4nkHGWo (1231cf2e-caf7-4854-b57d-3407f6925aac)
2020-04-10 05:17:27.850 12083 RALLYDEBUG rally_openstack.cleanup.manager [-] Deleting neutron.subnet object s_rally_bc455d48_DE4gM6us (7bfc3ffa-99bc-49a4-bb9f-e14cc7dc644d)
2020-04-10 05:17:27.861 12083 RALLYDEBUG rally_openstack.cleanup.manager [-] Deleting neutron.subnet object s_rally_bc455d48_Fv8DboDI (510183d7-f1a7-43c3-acba-e52a5df243ef)
2020-04-10 05:17:27.867 12083 RALLYDEBUG rally_openstack.cleanup.manager [-] Deleting neutron.subnet object s_rally_bc455d48_xUnXneLM (a9c0b3d3-a095-4a02-8f27-ac33969a2c21)
2020-04-10 05:17:27.882 12083 RALLYDEBUG rally_openstack.cleanup.manager [-] Deleting neutron.subnet object s_rally_bc455d48_C5sV3ioX (f740fc86-8d56-4bfc-ab79-ecd19a7f095e)
2020-04-10 05:17:27.889 12083 RALLYDEBUG rally_openstack.cleanup.manager [-] Deleting neutron.subnet object s_rally_bc455d48_JBFzW9cZ (f96aa311-c720-40fe-b267-dfd0424150d5)
2020-04-10 05:17:34.566 12083 RALLYDEBUG rally_openstack.cleanup.manager [-] Cleaning up neutron network objects
2020-04-10 05:17:35.398 12083 RALLYDEBUG rally_openstack.cleanup.manager [-] Cleaning up neutron router objects
2020-04-10 05:17:36.306 12083 RALLYDEBUG rally_openstack.cleanup.manager [-] Cleaning up neutron security_group objects
2020-04-10 05:17:36.833 12083 INFO rally.task.context [-] Task d1d340ee-1fb5-43fe-9c49-f4bcd8af8f08 | Context cleanup@openstack cleanup() finished in 26.52 sec
2020-04-10 05:17:36.834 12083 INFO rally.task.context [-] Task d1d340ee-1fb5-43fe-9c49-f4bcd8af8f08 | Context network@openstack cleanup() started
2020-04-10 05:17:53.353 12083 INFO rally.task.context [-] Task d1d340ee-1fb5-43fe-9c49-f4bcd8af8f08 | Context network@openstack cleanup() finished in 16.52 sec
2020-04-10 05:17:53.354 12083 INFO rally.task.context [-] Task d1d340ee-1fb5-43fe-9c49-f4bcd8af8f08 | Context users@openstack cleanup() started
2020-04-10 05:17:53.462 12083 WARNING rally.common.logging [-] `iterate_per_tenants()' is deprecated in v3.0.0: it is openstack specific.. Used at
2020-04-10 05:17:55.876 12083 INFO rally.task.context [-] Task d1d340ee-1fb5-43fe-9c49-f4bcd8af8f08 | Context users@openstack cleanup() finished in 2.52 sec
2020-04-10 05:17:57.407 12083 INFO rally.task.engine [-] Load duration is: 50.840869
2020-04-10 05:17:57.408 12083 INFO rally.task.engine [-] Full runner duration is: 51.897816
2020-04-10 05:17:57.408 12083 INFO rally.task.engine [-] Full duration is: 121.075675
2020-04-10 05:17:57.505 12083 INFO rally.task.engine [-] Running workload: position = 0 config = { "version": 2, "title": "A cropped version of a bigger task.", "description": "Auto-generated task from a single workload (uuid=2d4ec6b0-5450-4d7a-a36d-5726c9439c98)", "subtasks": [ { "title": "NovaServers.boot_server_attach_volume_and_list_attachments", "description": "Create a VM, attach N volume to it and list server's attachemnt.", "scenario": { "NovaServers.boot_server_attach_volume_and_list_attachments": { "flavor": { "name": "rally_full-flavor_904cbf3a-2ea6-4f0d-90b5-c5ed3d669543" }, "image": { "name": "rally_full-img_904cbf3a-2ea6-4f0d-90b5-c5ed3d669543" }, "volume_size": 1, "volume_num": 1, "create_volume_kwargs": {}, "boot_server_kwargs": { "auto_assign_nic": true } } }, "contexts": { "users": { "tenants": 3, "users_per_tenant": 2 }, "network": {}, "api_versions": { "cinder": { "version": 3, "service_type": "volumev3" } } }, "runner": { "constant": { "concurrency": 4, "times": 10 } }, "hooks": [], "sla": { "failure_rate": { "max": 0 } } } ] }
2020-04-10 05:17:57.531 12083 RALLYDEBUG rally_openstack.contexts.keystone.users [-] Creating 3 tenants using 3 threads
2020-04-10 05:17:58.026 12083 RALLYDEBUG rally_openstack.contexts.keystone.users [-] Creating 6 users using 6 threads
2020-04-10 05:17:58.877 12083 INFO rally.task.context [-] Task d1d340ee-1fb5-43fe-9c49-f4bcd8af8f08 | Context users@openstack setup() finished in 1.35 sec
2020-04-10 05:17:59.009 12083 INFO rally.task.context [-] Task d1d340ee-1fb5-43fe-9c49-f4bcd8af8f08 | Context api_versions@openstack setup() finished in 0.13 sec
2020-04-10 05:17:59.064 12083 WARNING rally.common.logging [-] `iterate_per_tenants()' is deprecated in v3.0.0: it is openstack specific.. Used at
2020-04-10 05:18:02.320 12083 RALLYDEBUG rally_openstack.wrappers.network [-] CIDR generated: 10.2.46.0/24
2020-04-10 05:18:09.424 12083 RALLYDEBUG rally_openstack.wrappers.network [-] CIDR generated: 10.2.47.0/24
2020-04-10 05:18:17.274 12083 RALLYDEBUG rally_openstack.wrappers.network [-] CIDR generated: 10.2.48.0/24
2020-04-10 05:18:20.878 12083 INFO rally.task.context [-] Task d1d340ee-1fb5-43fe-9c49-f4bcd8af8f08 | Context network@openstack setup() finished in 21.87 sec
2020-04-10 05:18:20.879 12083 INFO rally.task.context [-] Task d1d340ee-1fb5-43fe-9c49-f4bcd8af8f08 | Context cleanup@openstack setup() finished in 0.02 msec
2020-04-10 05:18:21.366 12083 RALLYDEBUG rally.task.runner [-] Starting the constant runner (task UUID: d1d340ee-1fb5-43fe-9c49-f4bcd8af8f08). times: 10 concurrency: 4 timeout: 0 max_cpu_used: 88 processes_to_start: 4 concurrency_per_worker: 1 concurrency_overhead: 0
2020-04-10 05:18:21.380 15451 RALLYDEBUG rally.task.runner [-] Starting a worker. times: 10 duration: None concurrency: 1 timeout: 0 cls: method_name: run args: {"flavor": "f17c0487-351b-48c5-baa4-be5129fdc368", "image": "fb2519f7-fd71-4231-bbb1-c2646090e539", "volume_size": 1, "volume_num": 1, "create_volume_kwargs": {}, "boot_server_kwargs": {"auto_assign_nic": true}}
2020-04-10 05:18:21.383 15452 RALLYDEBUG rally.task.runner [-] Starting a worker. times: 10 duration: None concurrency: 1 timeout: 0 cls: method_name: run args: {"flavor": "f17c0487-351b-48c5-baa4-be5129fdc368", "image": "fb2519f7-fd71-4231-bbb1-c2646090e539", "volume_size": 1, "volume_num": 1, "create_volume_kwargs": {}, "boot_server_kwargs": {"auto_assign_nic": true}}
2020-04-10 05:18:21.388 15451 INFO rally.task.runner [-] Task d1d340ee-1fb5-43fe-9c49-f4bcd8af8f08 | ITER: 1 START
2020-04-10 05:18:21.388 15453 RALLYDEBUG rally.task.runner [-] Starting a worker. times: 10 duration: None concurrency: 1 timeout: 0 cls: method_name: run args: {"flavor": "f17c0487-351b-48c5-baa4-be5129fdc368", "image": "fb2519f7-fd71-4231-bbb1-c2646090e539", "volume_size": 1, "volume_num": 1, "create_volume_kwargs": {}, "boot_server_kwargs": {"auto_assign_nic": true}}
2020-04-10 05:18:21.391 15452 INFO rally.task.runner [-] Task d1d340ee-1fb5-43fe-9c49-f4bcd8af8f08 | ITER: 2 START
2020-04-10 05:18:21.390 15454 RALLYDEBUG rally.task.runner [-] Starting a worker. times: 10 duration: None concurrency: 1 timeout: 0 cls: method_name: run args: {"flavor": "f17c0487-351b-48c5-baa4-be5129fdc368", "image": "fb2519f7-fd71-4231-bbb1-c2646090e539", "volume_size": 1, "volume_num": 1, "create_volume_kwargs": {}, "boot_server_kwargs": {"auto_assign_nic": true}}
2020-04-10 05:18:21.398 15454 INFO rally.task.runner [-] Task d1d340ee-1fb5-43fe-9c49-f4bcd8af8f08 | ITER: 4 START
2020-04-10 05:18:21.398 15453 INFO rally.task.runner [-] Task d1d340ee-1fb5-43fe-9c49-f4bcd8af8f08 | ITER: 3 START
2020-04-10 05:18:33.114 15452 RALLYDEBUG rally.task.utils [-] Waiting for resource s_rally_2d4ec6b0_6QASYHpA. Status changed: BUILD => ACTIVE in 9.475684404373169
2020-04-10 05:18:33.620 15451 RALLYDEBUG rally.task.utils [-] Waiting for resource s_rally_2d4ec6b0_Aa6eMYnu. Status changed: BUILD => ACTIVE in 9.984472036361694
2020-04-10 05:18:33.682 15453 RALLYDEBUG rally.task.utils [-] Waiting for resource s_rally_2d4ec6b0_UBw4VIRS. Status changed: BUILD => ACTIVE in 10.05977725982666
2020-04-10 05:18:34.883 15454 RALLYDEBUG rally.task.utils [-] Waiting for resource s_rally_2d4ec6b0_m4vdSlpy. Status changed: BUILD => ACTIVE in 11.173484325408936
2020-04-10 05:18:36.362 15452 RALLYDEBUG rally.task.utils [-] Waiting for resource s_rally_2d4ec6b0_iMjw3c0n. Status changed: AVAILABLE => RESERVED in 0.2722344398498535
2020-04-10 05:18:36.751 15451 RALLYDEBUG rally.task.utils [-] Waiting for resource s_rally_2d4ec6b0_fksPPmMq. Status changed: AVAILABLE => RESERVED in 0.18622374534606934
2020-04-10 05:18:36.779 15453 RALLYDEBUG rally.task.utils [-] Waiting for resource s_rally_2d4ec6b0_dYrKSL4J. Status changed: AVAILABLE => RESERVED in 0.1835932731628418
2020-04-10 05:18:38.230 15454 RALLYDEBUG rally.task.utils [-] Waiting for resource s_rally_2d4ec6b0_CY0yUKvK. Status changed: AVAILABLE => RESERVED in 0.19848370552062988
2020-04-10 05:18:38.572 15452 RALLYDEBUG rally.task.utils [-] Waiting for resource s_rally_2d4ec6b0_iMjw3c0n. Status changed: RESERVED => IN-USE in 2.210543394088745
2020-04-10 05:18:38.654 15452 INFO rally.task.runner [-] Task d1d340ee-1fb5-43fe-9c49-f4bcd8af8f08 | ITER: 2 END: OK
2020-04-10 05:18:38.660 15452 INFO rally.task.runner [-] Task d1d340ee-1fb5-43fe-9c49-f4bcd8af8f08 | ITER: 5 START
2020-04-10 05:18:38.948 15451 RALLYDEBUG rally.task.utils [-] Waiting for resource s_rally_2d4ec6b0_fksPPmMq. Status changed: RESERVED => IN-USE in 2.196951150894165
2020-04-10 05:18:38.986 15453 RALLYDEBUG rally.task.utils [-] Waiting for resource s_rally_2d4ec6b0_dYrKSL4J. Status changed: RESERVED => IN-USE in 2.207288980484009
2020-04-10 05:18:39.037 15451 INFO rally.task.runner [-] Task d1d340ee-1fb5-43fe-9c49-f4bcd8af8f08 | ITER: 1 END: OK
2020-04-10 05:18:39.043 15451 INFO rally.task.runner [-] Task d1d340ee-1fb5-43fe-9c49-f4bcd8af8f08 | ITER: 6 START
2020-04-10 05:18:39.061 15453 INFO rally.task.runner [-] Task d1d340ee-1fb5-43fe-9c49-f4bcd8af8f08 | ITER: 3 END: OK
2020-04-10 05:18:39.067 15453 INFO rally.task.runner [-] Task d1d340ee-1fb5-43fe-9c49-f4bcd8af8f08 | ITER: 7 START
2020-04-10 05:18:40.452 15454 RALLYDEBUG rally.task.utils [-] Waiting for resource s_rally_2d4ec6b0_CY0yUKvK. Status changed: RESERVED => IN-USE in 2.2229583263397217
2020-04-10 05:18:40.524 15454 INFO rally.task.runner [-] Task d1d340ee-1fb5-43fe-9c49-f4bcd8af8f08 | ITER: 4 END: OK
2020-04-10 05:18:40.529 15454 INFO rally.task.runner [-] Task d1d340ee-1fb5-43fe-9c49-f4bcd8af8f08 | ITER: 8 START
2020-04-10 05:18:50.196 15452 RALLYDEBUG rally.task.utils [-] Waiting for resource s_rally_2d4ec6b0_wQCADWxd. Status changed: BUILD => ACTIVE in 9.595906734466553
2020-04-10 05:18:51.010 15453 RALLYDEBUG rally.task.utils [-] Waiting for resource s_rally_2d4ec6b0_ysSMENS4. Status changed: BUILD => ACTIVE in 9.180608987808228
2020-04-10 05:18:51.127 15451 RALLYDEBUG rally.task.utils [-] Waiting for resource s_rally_2d4ec6b0_BoCAN5BK. Status changed: BUILD => ACTIVE in 9.304004669189453
2020-04-10 05:18:51.873 15454 RALLYDEBUG rally.task.utils [-] Waiting for resource s_rally_2d4ec6b0_jXrsjYJV. Status changed: BUILD => ACTIVE in 9.21938943862915
2020-04-10 05:18:53.361 15452 RALLYDEBUG rally.task.utils [-] Waiting for resource s_rally_2d4ec6b0_izxTn6rL. Status changed: AVAILABLE => RESERVED in 0.21681928634643555
2020-04-10 05:18:54.134 15453 RALLYDEBUG rally.task.utils [-] Waiting for resource s_rally_2d4ec6b0_AbnEVAnd. Status changed: AVAILABLE => RESERVED in 0.18999719619750977
2020-04-10 05:18:54.177 15451 RALLYDEBUG rally.task.utils [-] Waiting for resource s_rally_2d4ec6b0_76frPNeb. Status changed: AVAILABLE => RESERVED in 0.1938610076904297
2020-04-10 05:18:54.947 15454 RALLYDEBUG rally.task.utils [-] Waiting for resource s_rally_2d4ec6b0_ydgtXCkB. Status changed: AVAILABLE => RESERVED in 0.20290565490722656
2020-04-10 05:18:55.573 15452 RALLYDEBUG rally.task.utils [-] Waiting for resource s_rally_2d4ec6b0_izxTn6rL. Status changed: RESERVED => IN-USE in 2.212190866470337
2020-04-10 05:18:55.649 15452 INFO rally.task.runner [-] Task d1d340ee-1fb5-43fe-9c49-f4bcd8af8f08 | ITER: 5 END: OK
2020-04-10 05:18:55.655 15452 INFO rally.task.runner [-] Task d1d340ee-1fb5-43fe-9c49-f4bcd8af8f08 | ITER: 9 START
2020-04-10 05:18:56.335 15453 RALLYDEBUG rally.task.utils [-] Waiting for resource s_rally_2d4ec6b0_AbnEVAnd. Status changed: RESERVED => IN-USE in 2.201235294342041
2020-04-10 05:18:56.409 15453 INFO rally.task.runner [-] Task d1d340ee-1fb5-43fe-9c49-f4bcd8af8f08 | ITER: 7 END: OK
2020-04-10 05:18:56.415 15453 INFO rally.task.runner [-] Task d1d340ee-1fb5-43fe-9c49-f4bcd8af8f08 | ITER: 10 START
2020-04-10 05:18:56.587 15451 RALLYDEBUG rally.task.utils [-] Waiting for resource s_rally_2d4ec6b0_76frPNeb. Status changed: RESERVED => IN-USE in 2.4103329181671143
2020-04-10 05:18:56.665 15451 INFO rally.task.runner [-] Task d1d340ee-1fb5-43fe-9c49-f4bcd8af8f08 | ITER: 6 END: OK
2020-04-10 05:18:57.168 15454 RALLYDEBUG rally.task.utils [-] Waiting for resource s_rally_2d4ec6b0_ydgtXCkB. Status changed: RESERVED => IN-USE in 2.2212893962860107
2020-04-10 05:18:57.241 15454 INFO rally.task.runner [-] Task d1d340ee-1fb5-43fe-9c49-f4bcd8af8f08 | ITER: 8 END: OK
2020-04-10 05:19:02.930 15452 RALLYDEBUG rally.task.utils [-] Waiting for resource s_rally_2d4ec6b0_ik7uHfkn. Status changed: BUILD => ACTIVE in 5.334590196609497
2020-04-10 05:19:05.313 15453 RALLYDEBUG rally.task.utils [-] Waiting for resource s_rally_2d4ec6b0_uCJiryAo. Status changed: BUILD => ACTIVE in 6.830416440963745
2020-04-10 05:19:06.044 15452 RALLYDEBUG rally.task.utils [-] Waiting for resource s_rally_2d4ec6b0_HmwFBhJq. Status changed: AVAILABLE => RESERVED in 0.18911194801330566
2020-04-10 05:19:08.241 15452 RALLYDEBUG rally.task.utils [-] Waiting for resource s_rally_2d4ec6b0_HmwFBhJq. Status changed: RESERVED => IN-USE in 2.1970784664154053
2020-04-10 05:19:08.315 15452 INFO rally.task.runner [-] Task d1d340ee-1fb5-43fe-9c49-f4bcd8af8f08 | ITER: 9 END: OK
2020-04-10 05:19:08.379 15453 RALLYDEBUG rally.task.utils [-] Waiting for resource s_rally_2d4ec6b0_pkU21BuK. Status changed: AVAILABLE => RESERVED in 0.1697690486907959
2020-04-10 05:19:10.572 15453 RALLYDEBUG rally.task.utils [-] Waiting for resource s_rally_2d4ec6b0_pkU21BuK. Status changed: RESERVED => IN-USE in 2.193357229232788
2020-04-10 05:19:10.652 15453 INFO rally.task.runner [-] Task d1d340ee-1fb5-43fe-9c49-f4bcd8af8f08 | ITER: 10 END: OK
2020-04-10 05:19:10.684 12083 INFO rally.task.context [-] Task d1d340ee-1fb5-43fe-9c49-f4bcd8af8f08 | Context cleanup@openstack cleanup() started
2020-04-10 05:19:10.692 12083 RALLYDEBUG rally_openstack.cleanup.manager [-] Cleaning up nova servers objects
2020-04-10 05:19:12.468 12083 RALLYDEBUG rally_openstack.cleanup.manager [-] Deleting nova.servers object s_rally_2d4ec6b0_Aa6eMYnu (2518be70-2a9e-4122-84f0-09b25e6c3938)
2020-04-10 05:19:12.486 12083 RALLYDEBUG rally_openstack.cleanup.manager [-] Deleting nova.servers object s_rally_2d4ec6b0_jXrsjYJV (258a0c49-651a-4090-90e5-9560e47e3fe6)
2020-04-10 05:19:12.480 12083 RALLYDEBUG rally_openstack.cleanup.manager [-] Deleting nova.servers object s_rally_2d4ec6b0_ik7uHfkn (efd4e6c5-b441-4ede-b162-25c808e9750f)
2020-04-10 05:19:12.514 12083 RALLYDEBUG rally_openstack.cleanup.manager [-] Deleting nova.servers object s_rally_2d4ec6b0_ysSMENS4 (b5e24acf-d460-412c-a93e-018ce8167b59)
2020-04-10 05:19:12.519 12083 RALLYDEBUG rally_openstack.cleanup.manager [-] Deleting nova.servers object s_rally_2d4ec6b0_m4vdSlpy (7067f08e-d70d-4550-a7a7-965b42b46138)
2020-04-10 05:19:12.509 12083 RALLYDEBUG rally_openstack.cleanup.manager [-] Deleting nova.servers object s_rally_2d4ec6b0_BoCAN5BK (7ff0a9f4-e0f1-4bd0-97ac-019c4eb6bf63)
2020-04-10 05:19:12.535 12083 RALLYDEBUG rally_openstack.cleanup.manager [-] Deleting nova.servers object s_rally_2d4ec6b0_uCJiryAo (49b6d849-5d4f-414f-94cc-9f33adf4d117)
2020-04-10 05:19:12.546 12083 RALLYDEBUG rally_openstack.cleanup.manager [-] Deleting nova.servers object s_rally_2d4ec6b0_wQCADWxd (8c63c9b7-cdd3-4244-aadc-80d0d0be2581)
2020-04-10 05:19:12.579 12083 RALLYDEBUG rally_openstack.cleanup.manager [-] Deleting nova.servers object s_rally_2d4ec6b0_UBw4VIRS (bbbb4bf0-8618-4158-87ff-5a573522cef9)
2020-04-10 05:19:12.596 12083 RALLYDEBUG rally_openstack.cleanup.manager [-] Deleting nova.servers object s_rally_2d4ec6b0_6QASYHpA (bb5b2f07-7f6e-475f-99f4-5b0810f03da7)
2020-04-10 05:19:19.581 12083 RALLYDEBUG rally_openstack.cleanup.manager [-] Cleaning up nova server_groups objects
2020-04-10 05:19:20.033 12083 RALLYDEBUG rally_openstack.cleanup.manager [-] Cleaning up nova keypairs objects
2020-04-10 05:19:21.035 12083 RALLYDEBUG rally_openstack.cleanup.manager [-] Cleaning up cinder backups objects
2020-04-10 05:19:21.528 12083 RALLYDEBUG rally_openstack.cleanup.manager [-] Cleaning up cinder volume_snapshots objects
2020-04-10 05:19:21.974 12083 RALLYDEBUG rally_openstack.cleanup.manager [-] Cleaning up cinder transfers objects
2020-04-10 05:19:22.367 12083 RALLYDEBUG rally_openstack.cleanup.manager [-] Cleaning up cinder volumes objects
2020-04-10 05:19:22.977 12083 RALLYDEBUG rally_openstack.cleanup.manager [-] Deleting cinder.volumes object s_rally_2d4ec6b0_AbnEVAnd (3fe0bd1f-ed67-4c8c-9161-8bf9c065d7bb)
2020-04-10 05:19:22.978 12083 RALLYDEBUG rally_openstack.cleanup.manager [-] Deleting cinder.volumes object s_rally_2d4ec6b0_HmwFBhJq (b5ea3fe2-4e4c-41e6-b501-c32e1fb9648b)
2020-04-10 05:19:22.978 12083 RALLYDEBUG rally_openstack.cleanup.manager [-] Deleting cinder.volumes object s_rally_2d4ec6b0_ydgtXCkB (569ceb77-0d58-496e-846e-919e106cd868)
2020-04-10 05:19:22.980 12083 RALLYDEBUG rally_openstack.cleanup.manager [-] Deleting cinder.volumes object s_rally_2d4ec6b0_fksPPmMq (5a598d6f-7d1d-4aaa-91b8-5ab78bcebf19)
2020-04-10 05:19:22.985 12083 RALLYDEBUG rally_openstack.cleanup.manager [-] Deleting cinder.volumes object s_rally_2d4ec6b0_76frPNeb (144360c5-2ead-4660-8841-60ab52c7c7ba)
2020-04-10 05:19:22.996 12083 RALLYDEBUG rally_openstack.cleanup.manager [-] Deleting cinder.volumes object s_rally_2d4ec6b0_CY0yUKvK (9d41f92b-402f-46cf-af1d-c3beba1a2813)
2020-04-10 05:19:23.007 12083 RALLYDEBUG rally_openstack.cleanup.manager [-] Deleting cinder.volumes object s_rally_2d4ec6b0_pkU21BuK (8ee2ad22-95f1-4b69-a39b-25a4717ce573)
2020-04-10 05:19:23.018 12083 RALLYDEBUG rally_openstack.cleanup.manager [-] Deleting cinder.volumes object s_rally_2d4ec6b0_izxTn6rL (572bdbe2-958a-4dcf-bf28-626bfdfa0e50)
2020-04-10 05:19:23.027 12083 RALLYDEBUG rally_openstack.cleanup.manager [-] Deleting cinder.volumes object s_rally_2d4ec6b0_dYrKSL4J (b22d7d88-3b66-40c0-b2e6-99714be9a664)
2020-04-10 05:19:23.032 12083 RALLYDEBUG rally_openstack.cleanup.manager [-] Deleting cinder.volumes object s_rally_2d4ec6b0_iMjw3c0n (9a4705e6-4b7a-4947-9268-b08d806cd59b)
2020-04-10 05:19:25.604 12083 INFO rally.task.context [-] Task d1d340ee-1fb5-43fe-9c49-f4bcd8af8f08 | Context cleanup@openstack cleanup() finished in 14.92 sec
2020-04-10 05:19:25.605 12083 INFO rally.task.context [-] Task d1d340ee-1fb5-43fe-9c49-f4bcd8af8f08 | Context network@openstack cleanup() started
2020-04-10 05:19:41.752 12083 INFO rally.task.context [-] Task d1d340ee-1fb5-43fe-9c49-f4bcd8af8f08 | Context network@openstack cleanup() finished in 16.15 sec
2020-04-10 05:19:41.752 12083 INFO rally.task.context [-] Task d1d340ee-1fb5-43fe-9c49-f4bcd8af8f08 | Context api_versions@openstack cleanup() started
2020-04-10 05:19:41.753 12083 INFO rally.task.context [-] Task d1d340ee-1fb5-43fe-9c49-f4bcd8af8f08 | Context api_versions@openstack cleanup() finished in 0.35 msec
2020-04-10 05:19:41.753 12083 INFO rally.task.context [-] Task d1d340ee-1fb5-43fe-9c49-f4bcd8af8f08 | Context users@openstack cleanup() started
2020-04-10 05:19:41.902 12083 WARNING rally.common.logging [-] `iterate_per_tenants()' is deprecated in v3.0.0: it is openstack specific.. Used at
2020-04-10 05:19:43.854 12083 INFO rally.task.context [-] Task d1d340ee-1fb5-43fe-9c49-f4bcd8af8f08 | Context users@openstack cleanup() finished in 2.10 sec
2020-04-10 05:19:44.064 12083 INFO rally.task.engine [-] Load duration is: 48.259032
2020-04-10 05:19:44.064 12083 INFO rally.task.engine [-] Full runner duration is: 49.318292
2020-04-10 05:19:44.065 12083 INFO rally.task.engine [-] Full duration is: 106.327604
2020-04-10 05:19:44.159 12083 INFO rally.task.engine [-] Running workload: position = 0 config = { "version": 2, "title": "A cropped version of a bigger task.", "description": "Auto-generated task from a single workload (uuid=449e8973-ad80-4cc6-804d-aa5e9477596a)", "subtasks": [ { "title": "NovaServers.boot_server_associate_and_dissociate_floating_ip", "description": "Boot a server associate and dissociate a floating IP from it.", "scenario": { "NovaServers.boot_server_associate_and_dissociate_floating_ip": { "flavor": { "name": "rally_full-flavor_904cbf3a-2ea6-4f0d-90b5-c5ed3d669543" }, "image": { "name": "rally_full-img_904cbf3a-2ea6-4f0d-90b5-c5ed3d669543" }, "create_floating_ip_args": { "ext_network": "public" }, "nics": [ { "net-id": "22362b54-3fa0-4639-b461-978014ed8faf" } ] } }, "contexts": { "users": { "tenants": 3, "users_per_tenant": 2 }, "network": {} }, "runner": { "constant": { "concurrency": 4, "times": 10 } }, "hooks": [], "sla": { "failure_rate": { "max": 0 } } } ] }
2020-04-10 05:19:44.184 12083 RALLYDEBUG rally_openstack.contexts.keystone.users [-] Creating 3 tenants using 3 threads
2020-04-10 05:19:44.706 12083 RALLYDEBUG rally_openstack.contexts.keystone.users [-] Creating 6 users using 6 threads
2020-04-10 05:19:45.773 12083 INFO rally.task.context [-] Task d1d340ee-1fb5-43fe-9c49-f4bcd8af8f08 | Context users@openstack setup() finished in 1.59 sec
2020-04-10 05:19:45.831 12083 WARNING rally.common.logging [-] `iterate_per_tenants()' is deprecated in v3.0.0: it is openstack specific.. Used at
2020-04-10 05:19:49.358 12083 RALLYDEBUG rally_openstack.wrappers.network [-] CIDR generated: 10.2.49.0/24
2020-04-10 05:19:56.939 12083 RALLYDEBUG rally_openstack.wrappers.network [-] CIDR generated: 10.2.50.0/24
2020-04-10 05:20:05.652 12083 RALLYDEBUG rally_openstack.wrappers.network [-] CIDR generated: 10.2.51.0/24
2020-04-10 05:20:09.315 12083 INFO rally.task.context [-] Task d1d340ee-1fb5-43fe-9c49-f4bcd8af8f08 | Context network@openstack setup() finished in 23.54 sec
2020-04-10 05:20:09.315 12083 INFO rally.task.context [-] Task d1d340ee-1fb5-43fe-9c49-f4bcd8af8f08 | Context cleanup@openstack setup() finished in 0.02 msec
2020-04-10 05:20:09.980 12083 RALLYDEBUG rally.task.runner [-] Starting the constant runner (task UUID: d1d340ee-1fb5-43fe-9c49-f4bcd8af8f08). times: 10 concurrency: 4 timeout: 0 max_cpu_used: 88 processes_to_start: 4 concurrency_per_worker: 1 concurrency_overhead: 0
2020-04-10 05:20:09.994 15664 RALLYDEBUG rally.task.runner [-] Starting a worker. times: 10 duration: None concurrency: 1 timeout: 0 cls: method_name: run args: {"flavor": "f17c0487-351b-48c5-baa4-be5129fdc368", "image": "fb2519f7-fd71-4231-bbb1-c2646090e539", "create_floating_ip_args": {"ext_network": "public"}, "nics": [{"net-id": "22362b54-3fa0-4639-b461-978014ed8faf"}]}
2020-04-10 05:20:09.998 15665 RALLYDEBUG rally.task.runner [-] Starting a worker. times: 10 duration: None concurrency: 1 timeout: 0 cls: method_name: run args: {"flavor": "f17c0487-351b-48c5-baa4-be5129fdc368", "image": "fb2519f7-fd71-4231-bbb1-c2646090e539", "create_floating_ip_args": {"ext_network": "public"}, "nics": [{"net-id": "22362b54-3fa0-4639-b461-978014ed8faf"}]}
2020-04-10 05:20:10.002 15664 INFO rally.task.runner [-] Task d1d340ee-1fb5-43fe-9c49-f4bcd8af8f08 | ITER: 1 START
2020-04-10 05:20:10.001 15666 RALLYDEBUG rally.task.runner [-] Starting a worker. times: 10 duration: None concurrency: 1 timeout: 0 cls: method_name: run args: {"flavor": "f17c0487-351b-48c5-baa4-be5129fdc368", "image": "fb2519f7-fd71-4231-bbb1-c2646090e539", "create_floating_ip_args": {"ext_network": "public"}, "nics": [{"net-id": "22362b54-3fa0-4639-b461-978014ed8faf"}]}
2020-04-10 05:20:10.004 15667 RALLYDEBUG rally.task.runner [-] Starting a worker. times: 10 duration: None concurrency: 1 timeout: 0 cls: method_name: run args: {"flavor": "f17c0487-351b-48c5-baa4-be5129fdc368", "image": "fb2519f7-fd71-4231-bbb1-c2646090e539", "create_floating_ip_args": {"ext_network": "public"}, "nics": [{"net-id": "22362b54-3fa0-4639-b461-978014ed8faf"}]}
2020-04-10 05:20:10.005 15665 INFO rally.task.runner [-] Task d1d340ee-1fb5-43fe-9c49-f4bcd8af8f08 | ITER: 2 START
2020-04-10 05:20:10.008 15666 INFO rally.task.runner [-] Task d1d340ee-1fb5-43fe-9c49-f4bcd8af8f08 | ITER: 3 START
2020-04-10 05:20:10.011 15667 INFO rally.task.runner [-] Task d1d340ee-1fb5-43fe-9c49-f4bcd8af8f08 | ITER: 4 START
2020-04-10 05:20:21.496 15667 RALLYDEBUG rally.task.utils [-] Waiting for resource s_rally_449e8973_X78QSiD2. Status changed: BUILD => ACTIVE in 9.285820722579956
2020-04-10 05:20:22.810 15667 WARNING /usr/lib/python3.7/site-packages/rally_openstack/scenarios/nova/utils.py [-] The argument 'address' of NovaScenario._associate_floating_ip method accepts a dict-like representation of floating ip. Transmitting a string with just an IP is deprecated.
2020-04-10 05:20:23.302 15666 RALLYDEBUG rally.task.utils [-] Waiting for resource s_rally_449e8973_4ohPc2RF. Status changed: BUILD => ACTIVE in 9.961677074432373
2020-04-10 05:20:23.804 15667 WARNING rally.common.logging [-] `wait_for()' is deprecated in v0.1.2: Use wait_for_status instead.. Used at
2020-04-10 05:20:23.806 15667 WARNING rally.common.logging [-] `wait_is_ready()' is deprecated in v0.1.2: Use wait_for_status instead.. Used at
2020-04-10 05:20:24.408 15664 RALLYDEBUG rally.task.utils [-] Waiting for resource s_rally_449e8973_QDNBjdej. Status changed: BUILD => ACTIVE in 12.20065450668335
2020-04-10 05:20:25.100 15665 RALLYDEBUG rally.task.utils [-] Waiting for resource s_rally_449e8973_r0gUnqSz. Status changed: BUILD => ACTIVE in 12.851006507873535
2020-04-10 05:20:25.655 15666 WARNING /usr/lib/python3.7/site-packages/rally_openstack/scenarios/nova/utils.py [-] The argument 'address' of NovaScenario._associate_floating_ip method accepts a dict-like representation of floating ip. Transmitting a string with just an IP is deprecated.
2020-04-10 05:20:26.448 15665 WARNING /usr/lib/python3.7/site-packages/rally_openstack/scenarios/nova/utils.py [-] The argument 'address' of NovaScenario._associate_floating_ip method accepts a dict-like representation of floating ip. Transmitting a string with just an IP is deprecated.
2020-04-10 05:20:26.566 15666 WARNING rally.common.logging [-] `wait_for()' is deprecated in v0.1.2: Use wait_for_status instead.. Used at
2020-04-10 05:20:26.568 15666 WARNING rally.common.logging [-] `wait_is_ready()' is deprecated in v0.1.2: Use wait_for_status instead.. Used at
2020-04-10 05:20:26.729 15667 WARNING /usr/lib/python3.7/site-packages/rally_openstack/scenarios/nova/utils.py [-] The argument 'address' of NovaScenario._dissociate_floating_ip method accepts a dict-like representation of floating ip. Transmitting a string with just an IP is deprecated.
2020-04-10 05:20:27.103 15664 WARNING /usr/lib/python3.7/site-packages/rally_openstack/scenarios/nova/utils.py [-] The argument 'address' of NovaScenario._associate_floating_ip method accepts a dict-like representation of floating ip. Transmitting a string with just an IP is deprecated.
2020-04-10 05:20:27.542 15665 WARNING rally.common.logging [-] `wait_for()' is deprecated in v0.1.2: Use wait_for_status instead.. Used at
2020-04-10 05:20:27.544 15665 WARNING rally.common.logging [-] `wait_is_ready()' is deprecated in v0.1.2: Use wait_for_status instead.. Used at
2020-04-10 05:20:27.980 15664 WARNING rally.common.logging [-] `wait_for()' is deprecated in v0.1.2: Use wait_for_status instead.. Used at
2020-04-10 05:20:27.982 15664 WARNING rally.common.logging [-] `wait_is_ready()' is deprecated in v0.1.2: Use wait_for_status instead.. Used at
2020-04-10 05:20:28.375 15666 WARNING /usr/lib/python3.7/site-packages/rally_openstack/scenarios/nova/utils.py [-] The argument 'address' of NovaScenario._dissociate_floating_ip method accepts a dict-like representation of floating ip. Transmitting a string with just an IP is deprecated.
2020-04-10 05:20:30.136 15665 WARNING /usr/lib/python3.7/site-packages/rally_openstack/scenarios/nova/utils.py [-] The argument 'address' of NovaScenario._dissociate_floating_ip method accepts a dict-like representation of floating ip. Transmitting a string with just an IP is deprecated.
2020-04-10 05:20:30.560 15664 WARNING /usr/lib/python3.7/site-packages/rally_openstack/scenarios/nova/utils.py [-] The argument 'address' of NovaScenario._dissociate_floating_ip method accepts a dict-like representation of floating ip. Transmitting a string with just an IP is deprecated.
2020-04-10 05:20:31.456 15667 INFO rally.task.runner [-] Task d1d340ee-1fb5-43fe-9c49-f4bcd8af8f08 | ITER: 4 END: OK
2020-04-10 05:20:31.461 15667 INFO rally.task.runner [-] Task d1d340ee-1fb5-43fe-9c49-f4bcd8af8f08 | ITER: 5 START
2020-04-10 05:20:32.084 15666 INFO rally.task.runner [-] Task d1d340ee-1fb5-43fe-9c49-f4bcd8af8f08 | ITER: 3 END: OK
2020-04-10 05:20:32.089 15666 INFO rally.task.runner [-] Task d1d340ee-1fb5-43fe-9c49-f4bcd8af8f08 | ITER: 6 START
2020-04-10 05:20:34.212 15664 INFO rally.task.runner [-] Task d1d340ee-1fb5-43fe-9c49-f4bcd8af8f08 | ITER: 1 END: OK
2020-04-10 05:20:34.220 15664 INFO rally.task.runner [-] Task d1d340ee-1fb5-43fe-9c49-f4bcd8af8f08 | ITER: 7 START
2020-04-10 05:20:34.762 15665 INFO rally.task.runner [-] Task d1d340ee-1fb5-43fe-9c49-f4bcd8af8f08 | ITER: 2 END: OK
2020-04-10 05:20:34.770 15665 INFO rally.task.runner [-] Task d1d340ee-1fb5-43fe-9c49-f4bcd8af8f08 | ITER: 8 START
2020-04-10 05:20:43.077 15667 RALLYDEBUG rally.task.utils [-] Waiting for resource s_rally_449e8973_KBs56aqS. Status changed: BUILD => ACTIVE in 9.329217910766602
2020-04-10 05:20:44.203 15664 RALLYDEBUG rally.task.utils [-] Waiting for resource s_rally_449e8973_sdBcNwQR. Status changed: BUILD => ACTIVE in 7.818496942520142
2020-04-10 05:20:44.282 15665 RALLYDEBUG rally.task.utils [-] Waiting for resource s_rally_449e8973_hzuROxx4. Status changed: BUILD => ACTIVE in 7.4126293659210205
2020-04-10 05:20:44.282 15666 RALLYDEBUG rally.task.utils [-] Waiting for resource s_rally_449e8973_wxRslM5R. Status changed: BUILD => ACTIVE in 10.142466306686401
2020-04-10 05:20:44.489 15667 WARNING /usr/lib/python3.7/site-packages/rally_openstack/scenarios/nova/utils.py [-] The argument 'address' of NovaScenario._associate_floating_ip method accepts a dict-like representation of floating ip. Transmitting a string with just an IP is deprecated.
2020-04-10 05:20:45.508 15664 WARNING /usr/lib/python3.7/site-packages/rally_openstack/scenarios/nova/utils.py [-] The argument 'address' of NovaScenario._associate_floating_ip method accepts a dict-like representation of floating ip. Transmitting a string with just an IP is deprecated.
2020-04-10 05:20:45.642 15666 WARNING /usr/lib/python3.7/site-packages/rally_openstack/scenarios/nova/utils.py [-] The argument 'address' of NovaScenario._associate_floating_ip method accepts a dict-like representation of floating ip. Transmitting a string with just an IP is deprecated.
2020-04-10 05:20:47.008 15665 WARNING /usr/lib/python3.7/site-packages/rally_openstack/scenarios/nova/utils.py [-] The argument 'address' of NovaScenario._associate_floating_ip method accepts a dict-like representation of floating ip. Transmitting a string with just an IP is deprecated.
2020-04-10 05:20:49.765 15667 WARNING /usr/lib/python3.7/site-packages/rally_openstack/scenarios/nova/utils.py [-] The argument 'address' of NovaScenario._dissociate_floating_ip method accepts a dict-like representation of floating ip. Transmitting a string with just an IP is deprecated.
2020-04-10 05:20:50.310 15664 WARNING /usr/lib/python3.7/site-packages/rally_openstack/scenarios/nova/utils.py [-] The argument 'address' of NovaScenario._dissociate_floating_ip method accepts a dict-like representation of floating ip. Transmitting a string with just an IP is deprecated.
2020-04-10 05:20:50.375 15666 WARNING /usr/lib/python3.7/site-packages/rally_openstack/scenarios/nova/utils.py [-] The argument 'address' of NovaScenario._dissociate_floating_ip method accepts a dict-like representation of floating ip. Transmitting a string with just an IP is deprecated.
2020-04-10 05:20:50.964 15665 WARNING /usr/lib/python3.7/site-packages/rally_openstack/scenarios/nova/utils.py [-] The argument 'address' of NovaScenario._dissociate_floating_ip method accepts a dict-like representation of floating ip. Transmitting a string with just an IP is deprecated.
2020-04-10 05:20:52.796 15666 INFO rally.task.runner [-] Task d1d340ee-1fb5-43fe-9c49-f4bcd8af8f08 | ITER: 6 END: OK
2020-04-10 05:20:52.802 15666 INFO rally.task.runner [-] Task d1d340ee-1fb5-43fe-9c49-f4bcd8af8f08 | ITER: 9 START
2020-04-10 05:20:53.652 15667 INFO rally.task.runner [-] Task d1d340ee-1fb5-43fe-9c49-f4bcd8af8f08 | ITER: 5 END: OK
2020-04-10 05:20:53.659 15667 INFO rally.task.runner [-] Task d1d340ee-1fb5-43fe-9c49-f4bcd8af8f08 | ITER: 10 START
2020-04-10 05:20:54.163 15664 INFO rally.task.runner [-] Task d1d340ee-1fb5-43fe-9c49-f4bcd8af8f08 | ITER: 7 END: OK
2020-04-10 05:20:56.351 15665 INFO rally.task.runner [-] Task d1d340ee-1fb5-43fe-9c49-f4bcd8af8f08 | ITER: 8 END: OK
2020-04-10 05:21:01.862 15666 RALLYDEBUG rally.task.utils [-] Waiting for resource s_rally_449e8973_WSbZcLPH. Status changed: BUILD => ACTIVE in 6.822090148925781
2020-04-10 05:21:03.165 15666 WARNING /usr/lib/python3.7/site-packages/rally_openstack/scenarios/nova/utils.py [-] The argument 'address' of NovaScenario._associate_floating_ip method accepts a dict-like representation of floating ip. Transmitting a string with just an IP is deprecated.
2020-04-10 05:21:03.390 15667 RALLYDEBUG rally.task.utils [-] Waiting for resource s_rally_449e8973_f7XKRLuJ. Status changed: BUILD => ACTIVE in 6.7978129386901855
2020-04-10 05:21:05.696 15667 WARNING /usr/lib/python3.7/site-packages/rally_openstack/scenarios/nova/utils.py [-] The argument 'address' of NovaScenario._associate_floating_ip method accepts a dict-like representation of floating ip. Transmitting a string with just an IP is deprecated.
2020-04-10 05:21:06.300 15666 WARNING /usr/lib/python3.7/site-packages/rally_openstack/scenarios/nova/utils.py [-] The argument 'address' of NovaScenario._dissociate_floating_ip method accepts a dict-like representation of floating ip. Transmitting a string with just an IP is deprecated.
2020-04-10 05:21:09.748 15667 WARNING /usr/lib/python3.7/site-packages/rally_openstack/scenarios/nova/utils.py [-] The argument 'address' of NovaScenario._dissociate_floating_ip method accepts a dict-like representation of floating ip. Transmitting a string with just an IP is deprecated.
2020-04-10 05:21:09.810 15666 INFO rally.task.runner [-] Task d1d340ee-1fb5-43fe-9c49-f4bcd8af8f08 | ITER: 9 END: OK
2020-04-10 05:21:12.091 15667 INFO rally.task.runner [-] Task d1d340ee-1fb5-43fe-9c49-f4bcd8af8f08 | ITER: 10 END: OK
2020-04-10 05:21:12.118 12083 INFO rally.task.context [-] Task d1d340ee-1fb5-43fe-9c49-f4bcd8af8f08 | Context cleanup@openstack cleanup() started
2020-04-10 05:21:12.126 12083 RALLYDEBUG rally_openstack.cleanup.manager [-] Cleaning up nova servers objects
2020-04-10 05:21:14.693 12083 RALLYDEBUG rally_openstack.cleanup.manager [-] Deleting nova.servers object s_rally_449e8973_WSbZcLPH (4150a081-259d-49ee-a0e1-b94329a120d9)
2020-04-10 05:21:14.717 12083 RALLYDEBUG rally_openstack.cleanup.manager [-] Deleting nova.servers object s_rally_449e8973_sdBcNwQR (29d62c5d-e047-4e3a-b464-66614aeef2c4)
2020-04-10 05:21:14.717 12083 RALLYDEBUG rally_openstack.cleanup.manager [-] Deleting nova.servers object s_rally_449e8973_wxRslM5R (8468cb60-f634-435d-b6be-b630f3db617d)
2020-04-10 05:21:14.718 12083 RALLYDEBUG rally_openstack.cleanup.manager [-] Deleting nova.servers object s_rally_449e8973_f7XKRLuJ (0935c671-c6e2-404d-93e3-399876d1f6a1)
2020-04-10 05:21:14.741 12083 RALLYDEBUG rally_openstack.cleanup.manager [-] Deleting nova.servers object s_rally_449e8973_4ohPc2RF (1fa128dc-0e39-4e06-97d2-045654373aed)
2020-04-10 05:21:14.749 12083 RALLYDEBUG rally_openstack.cleanup.manager [-] Deleting nova.servers object s_rally_449e8973_r0gUnqSz (a67dd84e-4223-40ae-9cad-7ece6a6eb4d9)
2020-04-10 05:21:14.754 12083 RALLYDEBUG rally_openstack.cleanup.manager [-] Deleting nova.servers object s_rally_449e8973_QDNBjdej (37aa2b1b-6294-4197-9107-334962451d8c)
2020-04-10 05:21:14.758 12083 RALLYDEBUG rally_openstack.cleanup.manager [-] Deleting nova.servers object s_rally_449e8973_hzuROxx4 (852d873b-bc95-4507-8289-360010f755e1)
2020-04-10 05:21:14.783 12083 RALLYDEBUG rally_openstack.cleanup.manager [-] Deleting nova.servers object s_rally_449e8973_X78QSiD2 (fe96bc81-2b96-40b0-9df6-a9e2ecc65a3b)
2020-04-10 05:21:14.783 12083 RALLYDEBUG rally_openstack.cleanup.manager [-] Deleting nova.servers object s_rally_449e8973_KBs56aqS (36c91d0e-0af3-4942-a8ec-869ed2a93004)
2020-04-10 05:21:21.562 12083 RALLYDEBUG rally_openstack.cleanup.manager [-] Cleaning up nova server_groups objects
2020-04-10 05:21:21.954 12083 RALLYDEBUG rally_openstack.cleanup.manager [-] Cleaning up nova keypairs objects
2020-04-10 05:21:22.757 12083 RALLYDEBUG rally_openstack.cleanup.manager [-] Cleaning up neutron floatingip objects
2020-04-10 05:21:23.374 12083 RALLYDEBUG rally_openstack.cleanup.manager [-] Deleting neutron.floatingip object s_rally_449e8973_ZWy83egv (c52a921a-2ed9-4464-8309-c076cfe84f96)
2020-04-10 05:21:23.392 12083 RALLYDEBUG rally_openstack.cleanup.manager [-] Deleting neutron.floatingip object s_rally_449e8973_5DKGTo5r (2ff8c8e8-c455-4a5f-9919-3fb167d30f0f)
2020-04-10 05:21:23.393 12083 RALLYDEBUG rally_openstack.cleanup.manager [-] Deleting neutron.floatingip object s_rally_449e8973_ju5Scekq (ed5045d4-9879-4b4a-a7be-891c639a3bd1)
2020-04-10 05:21:23.404 12083 RALLYDEBUG rally_openstack.cleanup.manager [-] Deleting neutron.floatingip object s_rally_449e8973_Ij4TBABw (5e65136a-b23e-4e59-bb76-ce1736fef28a)
2020-04-10 05:21:23.428 12083 RALLYDEBUG rally_openstack.cleanup.manager [-] Deleting neutron.floatingip object s_rally_449e8973_MI5cYs5S (f70e254f-bd1e-4469-b836-60990fde668d)
2020-04-10 05:21:23.422 12083 RALLYDEBUG rally_openstack.cleanup.manager [-] Deleting neutron.floatingip object s_rally_449e8973_TvxJQGnm (a2882a68-0219-454c-b4d4-a3ee5fdf80d6)
2020-04-10 05:21:23.444 12083 RALLYDEBUG rally_openstack.cleanup.manager [-] Deleting neutron.floatingip object s_rally_449e8973_os6i9e8O (ffaee03c-0e04-4424-a8f5-a3b9958cd74f)
2020-04-10 05:21:23.451 12083 RALLYDEBUG rally_openstack.cleanup.manager [-] Deleting neutron.floatingip object s_rally_449e8973_9Hv641km (22aa95e0-348c-422b-97c6-779f1d38309b)
2020-04-10 05:21:23.458 12083 RALLYDEBUG rally_openstack.cleanup.manager [-] Deleting neutron.floatingip object s_rally_449e8973_8XPV7ypx (23f6e7e8-5b53-4bda-83aa-7966a415ff53)
2020-04-10 05:21:23.490 12083 RALLYDEBUG rally_openstack.cleanup.manager [-] Deleting neutron.floatingip object s_rally_449e8973_I1Co9WZS (632cb3e0-5add-4f43-a82c-f01cb696d048)
2020-04-10 05:21:27.125 12083 INFO rally.task.context [-] Task d1d340ee-1fb5-43fe-9c49-f4bcd8af8f08 | Context cleanup@openstack cleanup() finished in 15.01 sec
2020-04-10 05:21:27.125 12083 INFO rally.task.context [-] Task d1d340ee-1fb5-43fe-9c49-f4bcd8af8f08 | Context network@openstack cleanup() started
2020-04-10 05:21:42.964 12083 INFO rally.task.context [-] Task d1d340ee-1fb5-43fe-9c49-f4bcd8af8f08 | Context network@openstack cleanup() finished in 15.84 sec
2020-04-10 05:21:42.965 12083 INFO rally.task.context [-] Task d1d340ee-1fb5-43fe-9c49-f4bcd8af8f08 | Context users@openstack cleanup() started
2020-04-10 05:21:43.152 12083 WARNING rally.common.logging [-] `iterate_per_tenants()' is deprecated in v3.0.0: it is openstack specific.. Used at
2020-04-10 05:21:45.233 12083 INFO rally.task.context [-] Task d1d340ee-1fb5-43fe-9c49-f4bcd8af8f08 | Context users@openstack cleanup() finished in 2.27 sec
2020-04-10 05:21:46.756 12083 INFO rally.task.engine [-] Load duration is: 61.087803
2020-04-10 05:21:46.756 12083 INFO rally.task.engine [-] Full runner duration is: 62.137632
2020-04-10 05:21:46.757 12083 INFO rally.task.engine [-] Full duration is: 121.051788
2020-04-10 05:21:46.849 12083 INFO rally.task.engine [-] Running workload: position = 0 config = { "version": 2, "title": "A cropped version of a bigger task.", "description": "Auto-generated task from a single workload (uuid=4de32435-669f-49f9-9d7f-394a98d07d7f)", "subtasks": [ { "title": "NovaServers.boot_and_associate_floating_ip", "description": "Boot a server and associate a floating IP to it.", "scenario": { "NovaServers.boot_and_associate_floating_ip": { "flavor": { "name": "rally_full-flavor_904cbf3a-2ea6-4f0d-90b5-c5ed3d669543" }, "image": { "name": "rally_full-img_904cbf3a-2ea6-4f0d-90b5-c5ed3d669543" }, "create_floating_ip_args": { "ext_network": "public" }, "nics": [ { "net-id": "22362b54-3fa0-4639-b461-978014ed8faf" } ] } }, "contexts": { "users": { "tenants": 3, "users_per_tenant": 2 }, "network": {} }, "runner": { "constant": { "concurrency": 4, "times": 10 } }, "hooks": [], "sla": { "failure_rate": { "max": 0 } } } ] }
2020-04-10 05:21:46.870 12083 RALLYDEBUG rally_openstack.contexts.keystone.users [-] Creating 3 tenants using 3 threads
2020-04-10 05:21:47.345 12083 RALLYDEBUG rally_openstack.contexts.keystone.users [-] Creating 6 users using 6 threads
2020-04-10 05:21:48.252 12083 INFO rally.task.context [-] Task d1d340ee-1fb5-43fe-9c49-f4bcd8af8f08 | Context users@openstack setup() finished in 1.38 sec
2020-04-10 05:21:48.307 12083 WARNING rally.common.logging [-] `iterate_per_tenants()' is deprecated in v3.0.0: it is openstack specific.. Used at
2020-04-10 05:21:51.678 12083 RALLYDEBUG rally_openstack.wrappers.network [-] CIDR generated: 10.2.52.0/24
2020-04-10 05:21:58.398 12083 RALLYDEBUG rally_openstack.wrappers.network [-] CIDR generated: 10.2.53.0/24
2020-04-10 05:22:05.330 12083 RALLYDEBUG rally_openstack.wrappers.network [-] CIDR generated: 10.2.54.0/24
2020-04-10 05:22:09.056 12083 INFO rally.task.context [-] Task d1d340ee-1fb5-43fe-9c49-f4bcd8af8f08 | Context network@openstack setup() finished in 20.80 sec
2020-04-10 05:22:09.057 12083 INFO rally.task.context [-] Task d1d340ee-1fb5-43fe-9c49-f4bcd8af8f08 | Context cleanup@openstack setup() finished in 0.01 msec
2020-04-10 05:22:09.454 12083 RALLYDEBUG rally.task.runner [-] Starting the constant runner (task UUID: d1d340ee-1fb5-43fe-9c49-f4bcd8af8f08). times: 10 concurrency: 4 timeout: 0 max_cpu_used: 88 processes_to_start: 4 concurrency_per_worker: 1 concurrency_overhead: 0
2020-04-10 05:22:09.469 15817 RALLYDEBUG rally.task.runner [-] Starting a worker. times: 10 duration: None concurrency: 1 timeout: 0 cls: method_name: run args: {"flavor": "f17c0487-351b-48c5-baa4-be5129fdc368", "image": "fb2519f7-fd71-4231-bbb1-c2646090e539", "create_floating_ip_args": {"ext_network": "public"}, "nics": [{"net-id": "22362b54-3fa0-4639-b461-978014ed8faf"}]}
2020-04-10 05:22:09.471 15818 RALLYDEBUG rally.task.runner [-] Starting a worker. times: 10 duration: None concurrency: 1 timeout: 0 cls: method_name: run args: {"flavor": "f17c0487-351b-48c5-baa4-be5129fdc368", "image": "fb2519f7-fd71-4231-bbb1-c2646090e539", "create_floating_ip_args": {"ext_network": "public"}, "nics": [{"net-id": "22362b54-3fa0-4639-b461-978014ed8faf"}]}
2020-04-10 05:22:09.474 15819 RALLYDEBUG rally.task.runner [-] Starting a worker. times: 10 duration: None concurrency: 1 timeout: 0 cls: method_name: run args: {"flavor": "f17c0487-351b-48c5-baa4-be5129fdc368", "image": "fb2519f7-fd71-4231-bbb1-c2646090e539", "create_floating_ip_args": {"ext_network": "public"}, "nics": [{"net-id": "22362b54-3fa0-4639-b461-978014ed8faf"}]}
2020-04-10 05:22:09.477 15817 INFO rally.task.runner [-] Task d1d340ee-1fb5-43fe-9c49-f4bcd8af8f08 | ITER: 1 START
2020-04-10 05:22:09.477 15820 RALLYDEBUG rally.task.runner [-] Starting a worker. times: 10 duration: None concurrency: 1 timeout: 0 cls: method_name: run args: {"flavor": "f17c0487-351b-48c5-baa4-be5129fdc368", "image": "fb2519f7-fd71-4231-bbb1-c2646090e539", "create_floating_ip_args": {"ext_network": "public"}, "nics": [{"net-id": "22362b54-3fa0-4639-b461-978014ed8faf"}]}
2020-04-10 05:22:09.478 15818 INFO rally.task.runner [-] Task d1d340ee-1fb5-43fe-9c49-f4bcd8af8f08 | ITER: 2 START
2020-04-10 05:22:09.482 15819 INFO rally.task.runner [-] Task d1d340ee-1fb5-43fe-9c49-f4bcd8af8f08 | ITER: 3 START
2020-04-10 05:22:09.483 15820 INFO rally.task.runner [-] Task d1d340ee-1fb5-43fe-9c49-f4bcd8af8f08 | ITER: 4 START
2020-04-10 05:22:20.972 15819 RALLYDEBUG rally.task.utils [-] Waiting for resource s_rally_4de32435_g0JqFYMh. Status changed: BUILD => ACTIVE in 9.149327754974365
2020-04-10 05:22:20.984 15817 RALLYDEBUG rally.task.utils [-] Waiting for resource s_rally_4de32435_zgevE96o. Status changed: BUILD => ACTIVE in 9.351946592330933
2020-04-10 05:22:21.598 15820 RALLYDEBUG rally.task.utils [-] Waiting for resource s_rally_4de32435_MNMPb76M. Status changed: BUILD => ACTIVE in 9.771703004837036
2020-04-10 05:22:22.171 15818 RALLYDEBUG rally.task.utils [-] Waiting for resource s_rally_4de32435_VpwNyvb8. Status changed: BUILD => ACTIVE in 10.418061256408691
2020-04-10 05:22:22.290 15819 WARNING /usr/lib/python3.7/site-packages/rally_openstack/scenarios/nova/utils.py [-] The argument 'address' of NovaScenario._associate_floating_ip method accepts a dict-like representation of floating ip. Transmitting a string with just an IP is deprecated.
2020-04-10 05:22:22.432 15817 WARNING /usr/lib/python3.7/site-packages/rally_openstack/scenarios/nova/utils.py [-] The argument 'address' of NovaScenario._associate_floating_ip method accepts a dict-like representation of floating ip. Transmitting a string with just an IP is deprecated.
2020-04-10 05:22:24.006 15817 WARNING rally.common.logging [-] `wait_for()' is deprecated in v0.1.2: Use wait_for_status instead.. Used at
