2020-04-10 05:04:35.982 12083 INFO rally.task.context [-] Task d1d340ee-1fb5-43fe-9c49-f4bcd8af8f08 | Context users@openstack setup() finished in 1.50 sec
2020-04-10 05:04:36.110 12083 INFO rally.task.context [-] Task d1d340ee-1fb5-43fe-9c49-f4bcd8af8f08 | Context api_versions@openstack setup() finished in 0.13 sec
2020-04-10 05:04:36.110 12083 INFO rally.task.context [-] Task d1d340ee-1fb5-43fe-9c49-f4bcd8af8f08 | Context cleanup@openstack setup() finished in 0.02 msec
2020-04-10 05:04:36.579 12083 RALLYDEBUG rally.task.runner [-] Starting the constant runner (task UUID: d1d340ee-1fb5-43fe-9c49-f4bcd8af8f08). times: 10 concurrency: 4 timeout: 0 max_cpu_used: 88 processes_to_start: 4 concurrency_per_worker: 1 concurrency_overhead: 0
2020-04-10 05:04:36.592 14007 RALLYDEBUG rally.task.runner [-] Starting a worker. times: 10 duration: None concurrency: 1 timeout: 0 cls: method_name: run args: {"flavor": "f17c0487-351b-48c5-baa4-be5129fdc368", "image": "fb2519f7-fd71-4231-bbb1-c2646090e539", "block_migration": false, "volume_size": 1, "force_delete": false, "nics": [{"net-id": "22362b54-3fa0-4639-b461-978014ed8faf"}]}
2020-04-10 05:04:36.595 14008 RALLYDEBUG rally.task.runner [-] Starting a worker. times: 10 duration: None concurrency: 1 timeout: 0 cls: method_name: run args: {"flavor": "f17c0487-351b-48c5-baa4-be5129fdc368", "image": "fb2519f7-fd71-4231-bbb1-c2646090e539", "block_migration": false, "volume_size": 1, "force_delete": false, "nics": [{"net-id": "22362b54-3fa0-4639-b461-978014ed8faf"}]}
2020-04-10 05:04:36.598 14009 RALLYDEBUG rally.task.runner [-] Starting a worker. times: 10 duration: None concurrency: 1 timeout: 0 cls: method_name: run args: {"flavor": "f17c0487-351b-48c5-baa4-be5129fdc368", "image": "fb2519f7-fd71-4231-bbb1-c2646090e539", "block_migration": false, "volume_size": 1, "force_delete": false, "nics": [{"net-id": "22362b54-3fa0-4639-b461-978014ed8faf"}]}
2020-04-10 05:04:36.600 14007 INFO rally.task.runner [-] Task d1d340ee-1fb5-43fe-9c49-f4bcd8af8f08 | ITER: 1 START
2020-04-10 05:04:36.601 14010 RALLYDEBUG rally.task.runner [-] Starting a worker. times: 10 duration: None concurrency: 1 timeout: 0 cls: method_name: run args: {"flavor": "f17c0487-351b-48c5-baa4-be5129fdc368", "image": "fb2519f7-fd71-4231-bbb1-c2646090e539", "block_migration": false, "volume_size": 1, "force_delete": false, "nics": [{"net-id": "22362b54-3fa0-4639-b461-978014ed8faf"}]}
2020-04-10 05:04:36.602 14008 INFO rally.task.runner [-] Task d1d340ee-1fb5-43fe-9c49-f4bcd8af8f08 | ITER: 2 START
2020-04-10 05:04:36.605 14009 INFO rally.task.runner [-] Task d1d340ee-1fb5-43fe-9c49-f4bcd8af8f08 | ITER: 3 START
2020-04-10 05:04:36.608 14010 INFO rally.task.runner [-] Task d1d340ee-1fb5-43fe-9c49-f4bcd8af8f08 | ITER: 4 START
2020-04-10 05:04:41.639 14010 RALLYDEBUG rally.task.utils [-] Waiting for resource s_rally_feaaa550_RV8Z7xXQ. Status changed: DOWNLOADING => AVAILABLE in 2.241351366043091
2020-04-10 05:04:43.640 14008 RALLYDEBUG rally.task.utils [-] Waiting for resource s_rally_feaaa550_Yt3Ls1oC. Status changed: DOWNLOADING => AVAILABLE in 4.306071758270264
2020-04-10 05:04:43.658 14007 RALLYDEBUG rally.task.utils [-] Waiting for resource s_rally_feaaa550_qfqKIyFO. Status changed: DOWNLOADING => AVAILABLE in 4.331319570541382
2020-04-10 05:04:43.872 14009 RALLYDEBUG rally.task.utils [-] Waiting for resource s_rally_feaaa550_AOqSpfDj. Status changed: DOWNLOADING => AVAILABLE in 4.50675106048584
2020-04-10 05:04:50.798 14010 RALLYDEBUG rally.task.utils [-] Waiting for resource s_rally_feaaa550_RZW9fMP9. Status changed: BUILD => ACTIVE in 7.109379053115845
2020-04-10 05:04:53.457 14010 RALLYDEBUG rally.task.utils [-] Waiting for resource s_rally_feaaa550_RZW9fMP9. Status changed: ACTIVE => MIGRATING in 0.23957061767578125
2020-04-10 05:04:53.600 14007 RALLYDEBUG rally.task.utils [-] Waiting for resource s_rally_feaaa550_B5v82wkZ. Status changed: BUILD => ACTIVE in 6.896601676940918
2020-04-10 05:04:54.149 14009 RALLYDEBUG rally.task.utils [-] Waiting for resource s_rally_feaaa550_aH6n6o31. Status changed: BUILD => ACTIVE in 8.134354591369629
2020-04-10 05:04:55.991 14007 RALLYDEBUG rally.task.utils [-] Waiting for resource s_rally_feaaa550_B5v82wkZ. Status changed: ACTIVE => MIGRATING in 0.27092981338500977
2020-04-10 05:04:56.672 14008 RALLYDEBUG rally.task.utils [-] Waiting for resource s_rally_feaaa550_K5BUt6f2. Status changed: BUILD => ACTIVE in 10.862985372543335
2020-04-10 05:04:57.166 14009 RALLYDEBUG rally.task.utils [-] Waiting for resource s_rally_feaaa550_aH6n6o31. Status changed: ACTIVE => MIGRATING in 0.22629928588867188
2020-04-10 05:04:59.005 14008 RALLYDEBUG rally.task.utils [-] Waiting for resource s_rally_feaaa550_K5BUt6f2. Status changed: ACTIVE => MIGRATING in 0.24008679389953613
2020-04-10 05:05:05.325 14010 RALLYDEBUG rally.task.utils [-] Waiting for resource s_rally_feaaa550_RZW9fMP9. Status changed: MIGRATING => ACTIVE in 11.867944240570068
2020-04-10 05:05:10.107 14010 INFO rally.task.runner [-] Task d1d340ee-1fb5-43fe-9c49-f4bcd8af8f08 | ITER: 4 END: OK
2020-04-10 05:05:10.115 14010 INFO rally.task.runner [-] Task d1d340ee-1fb5-43fe-9c49-f4bcd8af8f08 | ITER: 5 START
2020-04-10 05:05:10.661 14009 RALLYDEBUG rally.task.utils [-] Waiting for resource s_rally_feaaa550_aH6n6o31. Status changed: MIGRATING => ACTIVE in 13.494617462158203
2020-04-10 05:05:13.399 14009 INFO rally.task.runner [-] Task d1d340ee-1fb5-43fe-9c49-f4bcd8af8f08 | ITER: 3 END: OK
2020-04-10 05:05:13.407 14009 INFO rally.task.runner [-] Task d1d340ee-1fb5-43fe-9c49-f4bcd8af8f08 | ITER: 6 START
2020-04-10 05:05:14.879 14010 RALLYDEBUG rally.task.utils [-] Waiting for resource s_rally_feaaa550_erNQhbKd. Status changed: DOWNLOADING => AVAILABLE in 2.223163366317749
2020-04-10 05:05:18.221 14009 RALLYDEBUG rally.task.utils [-] Waiting for resource s_rally_feaaa550_morufxbB. Status changed: DOWNLOADING => AVAILABLE in 2.2320432662963867
2020-04-10 05:05:18.449 14007 RALLYDEBUG rally.task.utils [-] Waiting for resource s_rally_feaaa550_B5v82wkZ. Status changed: MIGRATING => ACTIVE in 22.45752263069153
2020-04-10 05:05:20.887 14008 RALLYDEBUG rally.task.utils [-] Waiting for resource s_rally_feaaa550_K5BUt6f2. Status changed: MIGRATING => ACTIVE in 21.881736993789673
2020-04-10 05:05:21.421 14007 INFO rally.task.runner [-] Task d1d340ee-1fb5-43fe-9c49-f4bcd8af8f08 | ITER: 1 END: OK
2020-04-10 05:05:21.429 14007 INFO rally.task.runner [-] Task d1d340ee-1fb5-43fe-9c49-f4bcd8af8f08 | ITER: 7 START
2020-04-10 05:05:23.564 14008 INFO rally.task.runner [-] Task d1d340ee-1fb5-43fe-9c49-f4bcd8af8f08 | ITER: 2 END: OK
2020-04-10 05:05:23.571 14008 INFO rally.task.runner [-] Task d1d340ee-1fb5-43fe-9c49-f4bcd8af8f08 | ITER: 8 START
2020-04-10 05:05:24.060 14010 RALLYDEBUG rally.task.utils [-] Waiting for resource s_rally_feaaa550_7cWImNOs. Status changed: BUILD => ACTIVE in 6.972615480422974
2020-04-10 05:05:26.025 14010 RALLYDEBUG rally.task.utils [-] Waiting for resource s_rally_feaaa550_7cWImNOs. Status changed: ACTIVE => MIGRATING in 0.2277367115020752
2020-04-10 05:05:26.290 14007 RALLYDEBUG rally.task.utils [-] Waiting for resource s_rally_feaaa550_VfAJKfSL. Status changed: DOWNLOADING => AVAILABLE in 2.234161138534546
2020-04-10 05:05:27.825 14009 RALLYDEBUG rally.task.utils [-] Waiting for resource s_rally_feaaa550_kZCzRVjO. Status changed: BUILD => ACTIVE in 7.521719455718994
2020-04-10 05:05:28.418 14008 RALLYDEBUG rally.task.utils [-] Waiting for resource s_rally_feaaa550_OQwswHGA. Status changed: DOWNLOADING => AVAILABLE in 2.2334537506103516
2020-04-10 05:05:29.756 14009 RALLYDEBUG rally.task.utils [-] Waiting for resource s_rally_feaaa550_kZCzRVjO. Status changed: ACTIVE => MIGRATING in 0.2235116958618164
2020-04-10 05:05:36.732 14007 RALLYDEBUG rally.task.utils [-] Waiting for resource s_rally_feaaa550_dWtwr8L1. Status changed: BUILD => ACTIVE in 7.702205181121826
2020-04-10 05:05:38.732 14007 RALLYDEBUG rally.task.utils [-] Waiting for resource s_rally_feaaa550_dWtwr8L1. Status changed: ACTIVE => MIGRATING in 0.22919249534606934
2020-04-10 05:05:38.942 14010 RALLYDEBUG rally.task.utils [-] Waiting for resource s_rally_feaaa550_7cWImNOs. Status changed: MIGRATING => ACTIVE in 12.917078733444214
2020-04-10 05:05:40.225 14008 RALLYDEBUG rally.task.utils [-] Waiting for resource s_rally_feaaa550_ok9gYqZG. Status changed: BUILD => ACTIVE in 9.131974697113037
2020-04-10 05:05:41.577 14010 INFO rally.task.runner [-] Task d1d340ee-1fb5-43fe-9c49-f4bcd8af8f08 | ITER: 5 END: OK
2020-04-10 05:05:41.582 14010 INFO rally.task.runner [-] Task d1d340ee-1fb5-43fe-9c49-f4bcd8af8f08 | ITER: 9 START
2020-04-10 05:05:42.277 14008 RALLYDEBUG rally.task.utils [-] Waiting for resource s_rally_feaaa550_ok9gYqZG. Status changed: ACTIVE => MIGRATING in 0.2064647674560547
2020-04-10 05:05:43.384 14009 RALLYDEBUG rally.task.utils [-] Waiting for resource s_rally_feaaa550_kZCzRVjO. Status changed: MIGRATING => ACTIVE in 13.627296924591064
2020-04-10 05:05:46.415 14010 RALLYDEBUG rally.task.utils [-] Waiting for resource s_rally_feaaa550_NrUFdEt2. Status changed: DOWNLOADING => AVAILABLE in 2.218587875366211
2020-04-10 05:05:46.651 14009 INFO rally.task.runner [-] Task d1d340ee-1fb5-43fe-9c49-f4bcd8af8f08 | ITER: 6 END: OK
2020-04-10 05:05:46.658 14009 INFO rally.task.runner [-] Task d1d340ee-1fb5-43fe-9c49-f4bcd8af8f08 | ITER: 10 START
2020-04-10 05:05:50.735 14007 RALLYDEBUG rally.task.utils [-] Waiting for resource s_rally_feaaa550_dWtwr8L1. Status changed: MIGRATING => ACTIVE in 12.002820014953613
2020-04-10 05:05:51.621 14009 RALLYDEBUG rally.task.utils [-] Waiting for resource s_rally_feaaa550_ix0pjJcq. Status changed: DOWNLOADING => AVAILABLE in 2.249987840652466
2020-04-10 05:05:54.149 14007 INFO rally.task.runner [-] Task d1d340ee-1fb5-43fe-9c49-f4bcd8af8f08 | ITER: 7 END: OK
2020-04-10 05:05:55.440 14010 RALLYDEBUG rally.task.utils [-] Waiting for resource s_rally_feaaa550_2jIgtSOF. Status changed: BUILD => ACTIVE in 6.84947657585144
2020-04-10 05:05:57.382 14010 RALLYDEBUG rally.task.utils [-] Waiting for resource s_rally_feaaa550_2jIgtSOF. Status changed: ACTIVE => MIGRATING in 0.24834465980529785
2020-04-10 05:05:58.576 14008 RALLYDEBUG rally.task.utils [-] Waiting for resource s_rally_feaaa550_ok9gYqZG. Status changed: MIGRATING => ACTIVE in 16.297960996627808
2020-04-10 05:06:01.291 14008 INFO rally.task.runner [-] Task d1d340ee-1fb5-43fe-9c49-f4bcd8af8f08 | ITER: 8 END: OK
2020-04-10 05:06:01.525 14009 RALLYDEBUG rally.task.utils [-] Waiting for resource s_rally_feaaa550_a4keBLQ5. Status changed: BUILD => ACTIVE in 6.9239890575408936
2020-04-10 05:06:03.530 14009 RALLYDEBUG rally.task.utils [-] Waiting for resource s_rally_feaaa550_a4keBLQ5. Status changed: ACTIVE => MIGRATING in 0.21280121803283691
2020-04-10 05:06:08.641 14010 RALLYDEBUG rally.task.utils [-] Waiting for resource s_rally_feaaa550_2jIgtSOF. Status changed: MIGRATING => ACTIVE in 11.259276151657104
2020-04-10 05:06:11.331 14010 INFO rally.task.runner [-] Task d1d340ee-1fb5-43fe-9c49-f4bcd8af8f08 | ITER: 9 END: OK
2020-04-10 05:06:14.984 14009 RALLYDEBUG rally.task.utils [-] Waiting for resource s_rally_feaaa550_a4keBLQ5. Status changed: MIGRATING => ACTIVE in 11.45377254486084
2020-04-10 05:06:17.642 14009 INFO rally.task.runner [-] Task d1d340ee-1fb5-43fe-9c49-f4bcd8af8f08 | ITER: 10 END: OK
2020-04-10 05:06:17.668 12083 INFO rally.task.context [-] Task d1d340ee-1fb5-43fe-9c49-f4bcd8af8f08 | Context cleanup@openstack cleanup() started
2020-04-10 05:06:17.676 12083 RALLYDEBUG rally_openstack.cleanup.manager [-] Cleaning up nova servers objects
2020-04-10 05:06:18.326 12083 RALLYDEBUG rally_openstack.cleanup.manager [-] Cleaning up nova server_groups objects
2020-04-10 05:06:18.891 12083 RALLYDEBUG rally_openstack.cleanup.manager [-] Cleaning up nova keypairs objects
2020-04-10 05:06:19.901 12083 RALLYDEBUG rally_openstack.cleanup.manager [-] Cleaning up cinder backups objects
2020-04-10 05:06:20.336 12083 RALLYDEBUG rally_openstack.cleanup.manager [-] Cleaning up cinder volume_snapshots objects
2020-04-10 05:06:20.823 12083 RALLYDEBUG rally_openstack.cleanup.manager [-] Cleaning up cinder transfers objects
2020-04-10 05:06:21.263 12083 RALLYDEBUG rally_openstack.cleanup.manager [-] Cleaning up cinder volumes objects
2020-04-10 05:06:21.862 12083 RALLYDEBUG rally_openstack.cleanup.manager [-] Deleting cinder.volumes object s_rally_feaaa550_ix0pjJcq (df7a304d-197e-4310-8f94-6ddc517e78ca)
2020-04-10 05:06:21.880 12083 RALLYDEBUG rally_openstack.cleanup.manager [-] Deleting cinder.volumes object s_rally_feaaa550_NrUFdEt2 (e4ff2379-3db6-4522-b3c1-4e9a69ae7452)
2020-04-10 05:06:21.880 12083 RALLYDEBUG rally_openstack.cleanup.manager [-] Deleting cinder.volumes object s_rally_feaaa550_qfqKIyFO (0a0a2a79-b804-42ac-b0fd-f0a50bb8ffd5)
2020-04-10 05:06:21.891 12083 RALLYDEBUG rally_openstack.cleanup.manager [-] Deleting cinder.volumes object s_rally_feaaa550_OQwswHGA (c04d3709-87ec-4cad-8412-9c65fa9f3a03)
2020-04-10 05:06:21.919 12083 RALLYDEBUG rally_openstack.cleanup.manager [-] Deleting cinder.volumes object s_rally_feaaa550_VfAJKfSL (25f4b46b-a22c-45b1-8d3f-04cc3dfd0b51)
2020-04-10 05:06:21.931 12083 RALLYDEBUG rally_openstack.cleanup.manager [-] Deleting cinder.volumes object s_rally_feaaa550_morufxbB (51fd7c18-060e-494d-9ad0-90f468222f13)
2020-04-10 05:06:21.955 12083 RALLYDEBUG rally_openstack.cleanup.manager [-] Deleting cinder.volumes object s_rally_feaaa550_Yt3Ls1oC (c8de307d-a2cb-4c67-a38b-5abed1c21635)
2020-04-10 05:06:21.955 12083 RALLYDEBUG rally_openstack.cleanup.manager [-] Deleting cinder.volumes object s_rally_feaaa550_erNQhbKd (0fa8329d-639a-4e84-8d95-eb5ea863ca86)
2020-04-10 05:06:21.975 12083 RALLYDEBUG rally_openstack.cleanup.manager [-] Deleting cinder.volumes object s_rally_feaaa550_RV8Z7xXQ (b87c02be-1576-4ac8-88b2-567db295e16b)
2020-04-10 05:06:21.989 12083 RALLYDEBUG rally_openstack.cleanup.manager [-] Deleting cinder.volumes object s_rally_feaaa550_AOqSpfDj (ecb6a31f-3ccb-4cc9-8b18-77b1b7506f3f)
2020-04-10 05:06:24.492 12083 INFO rally.task.context [-] Task d1d340ee-1fb5-43fe-9c49-f4bcd8af8f08 | Context cleanup@openstack cleanup() finished in 6.82 sec
2020-04-10 05:06:24.493 12083 INFO rally.task.context [-] Task d1d340ee-1fb5-43fe-9c49-f4bcd8af8f08 | Context api_versions@openstack cleanup() started
2020-04-10 05:06:24.493 12083 INFO rally.task.context [-] Task d1d340ee-1fb5-43fe-9c49-f4bcd8af8f08 | Context api_versions@openstack cleanup() finished in 0.35 msec
2020-04-10 05:06:24.494 12083 INFO rally.task.context [-] Task d1d340ee-1fb5-43fe-9c49-f4bcd8af8f08 | Context users@openstack cleanup() started
2020-04-10 05:06:24.654 12083 WARNING rally.common.logging [-] `iterate_per_tenants()' is deprecated in v3.0.0: it is openstack specific.. Used at
2020-04-10 05:06:27.197 12083 INFO rally.task.context [-] Task d1d340ee-1fb5-43fe-9c49-f4bcd8af8f08 | Context users@openstack cleanup() finished in 2.70 sec
2020-04-10 05:06:29.016 12083 INFO rally.task.engine [-] Load duration is: 100.036878
2020-04-10 05:06:29.016 12083 INFO rally.task.engine [-] Full runner duration is: 101.089669
2020-04-10 05:06:29.017 12083 INFO rally.task.engine [-] Full duration is: 112.717579
2020-04-10 05:06:29.108 12083 INFO rally.task.engine [-] Running workload: position = 0 config = { "version": 2, "title": "A cropped version of a bigger task.", "description": "Auto-generated task from a single workload (uuid=0f4bc344-e714-4f0b-9666-40a5fc07f626)", "subtasks": [ { "title": "NovaKeypair.boot_and_delete_server_with_keypair", "description": "Boot and delete server with keypair.", "scenario": { "NovaKeypair.boot_and_delete_server_with_keypair": { "flavor": { "name": "rally_full-flavor_904cbf3a-2ea6-4f0d-90b5-c5ed3d669543" }, "image": { "name": "rally_full-img_904cbf3a-2ea6-4f0d-90b5-c5ed3d669543" }, "boot_server_kwargs": { "nics": [ { "net-id": "22362b54-3fa0-4639-b461-978014ed8faf" } ] } } }, "contexts": { "users": { "tenants": 3, "users_per_tenant": 2 }, "network": { "networks_per_tenant": 1, "start_cidr": "100.1.0.0/25" }, "quotas": { "neutron": { "network": -1, "port": -1, "subnet": -1 }, "nova": { "cores": -1, "floating_ips": -1, "instances": -1, "key_pairs": -1, "ram": -1, "security_group_rules": -1, "security_groups": -1 } } }, "runner": { "constant": { "concurrency": 4, "times": 10 } }, "hooks": [], "sla": { "failure_rate": { "max": 0 } } } ] }
2020-04-10 05:06:29.130 12083 RALLYDEBUG rally_openstack.contexts.keystone.users [-] Creating 3 tenants using 3 threads
2020-04-10 05:06:29.592 12083 RALLYDEBUG rally_openstack.contexts.keystone.users [-] Creating 6 users using 6 threads
2020-04-10 05:06:30.606 12083 INFO rally.task.context [-] Task d1d340ee-1fb5-43fe-9c49-f4bcd8af8f08 | Context users@openstack setup() finished in 1.48 sec
2020-04-10 05:06:31.755 12083 INFO rally.task.context [-] Task d1d340ee-1fb5-43fe-9c49-f4bcd8af8f08 | Context quotas@openstack setup() finished in 1.15 sec
2020-04-10 05:06:31.814 12083 WARNING rally.common.logging [-] `iterate_per_tenants()' is deprecated in v3.0.0: it is openstack specific.. Used at
2020-04-10 05:06:35.148 12083 RALLYDEBUG rally_openstack.wrappers.network [-] CIDR generated: 100.1.9.0/25
2020-04-10 05:06:42.023 12083 RALLYDEBUG rally_openstack.wrappers.network [-] CIDR generated: 100.1.9.128/25
2020-04-10 05:06:48.842 12083 RALLYDEBUG rally_openstack.wrappers.network [-] CIDR generated: 100.1.10.0/25
2020-04-10 05:06:52.555 12083 INFO rally.task.context [-] Task d1d340ee-1fb5-43fe-9c49-f4bcd8af8f08 | Context network@openstack setup() finished in 20.80 sec
2020-04-10 05:06:52.555 12083 INFO rally.task.context [-] Task d1d340ee-1fb5-43fe-9c49-f4bcd8af8f08 | Context cleanup@openstack setup() finished in 0.02 msec
2020-04-10 05:06:52.992 12083 RALLYDEBUG rally.task.runner [-] Starting the constant runner (task UUID: d1d340ee-1fb5-43fe-9c49-f4bcd8af8f08). times: 10 concurrency: 4 timeout: 0 max_cpu_used: 88 processes_to_start: 4 concurrency_per_worker: 1 concurrency_overhead: 0
2020-04-10 05:06:53.006 14220 RALLYDEBUG rally.task.runner [-] Starting a worker. times: 10 duration: None concurrency: 1 timeout: 0 cls: method_name: run args: {"flavor": "f17c0487-351b-48c5-baa4-be5129fdc368", "image": "fb2519f7-fd71-4231-bbb1-c2646090e539", "boot_server_kwargs": {"nics": [{"net-id": "22362b54-3fa0-4639-b461-978014ed8faf"}]}}
2020-04-10 05:06:53.008 14221 RALLYDEBUG rally.task.runner [-] Starting a worker. times: 10 duration: None concurrency: 1 timeout: 0 cls: method_name: run args: {"flavor": "f17c0487-351b-48c5-baa4-be5129fdc368", "image": "fb2519f7-fd71-4231-bbb1-c2646090e539", "boot_server_kwargs": {"nics": [{"net-id": "22362b54-3fa0-4639-b461-978014ed8faf"}]}}
2020-04-10 05:06:53.011 14222 RALLYDEBUG rally.task.runner [-] Starting a worker. times: 10 duration: None concurrency: 1 timeout: 0 cls: method_name: run args: {"flavor": "f17c0487-351b-48c5-baa4-be5129fdc368", "image": "fb2519f7-fd71-4231-bbb1-c2646090e539", "boot_server_kwargs": {"nics": [{"net-id": "22362b54-3fa0-4639-b461-978014ed8faf"}]}}
2020-04-10 05:06:53.015 14220 INFO rally.task.runner [-] Task d1d340ee-1fb5-43fe-9c49-f4bcd8af8f08 | ITER: 1 START
2020-04-10 05:06:53.014 14223 RALLYDEBUG rally.task.runner [-] Starting a worker. times: 10 duration: None concurrency: 1 timeout: 0 cls: method_name: run args: {"flavor": "f17c0487-351b-48c5-baa4-be5129fdc368", "image": "fb2519f7-fd71-4231-bbb1-c2646090e539", "boot_server_kwargs": {"nics": [{"net-id": "22362b54-3fa0-4639-b461-978014ed8faf"}]}}
2020-04-10 05:06:53.015 14221 INFO rally.task.runner [-] Task d1d340ee-1fb5-43fe-9c49-f4bcd8af8f08 | ITER: 2 START
2020-04-10 05:06:53.019 14222 INFO rally.task.runner [-] Task d1d340ee-1fb5-43fe-9c49-f4bcd8af8f08 | ITER: 3 START
2020-04-10 05:06:53.021 14223 INFO rally.task.runner [-] Task d1d340ee-1fb5-43fe-9c49-f4bcd8af8f08 | ITER: 4 START
2020-04-10 05:07:02.359 14221 RALLYDEBUG rally.task.utils [-] Waiting for resource s_rally_0f4bc344_fbQwm3uQ. Status changed: BUILD => ACTIVE in 6.898792505264282
2020-04-10 05:07:03.288 14222 RALLYDEBUG rally.task.utils [-] Waiting for resource s_rally_0f4bc344_28QVPhHd. Status changed: BUILD => ACTIVE in 7.043788194656372
2020-04-10 05:07:04.156 14223 RALLYDEBUG rally.task.utils [-] Waiting for resource s_rally_0f4bc344_XzTXxR5r. Status changed: BUILD => ACTIVE in 7.911284685134888
2020-04-10 05:07:04.984 14221 INFO rally.task.runner [-] Task d1d340ee-1fb5-43fe-9c49-f4bcd8af8f08 | ITER: 2 END: OK
2020-04-10 05:07:04.990 14221 INFO rally.task.runner [-] Task d1d340ee-1fb5-43fe-9c49-f4bcd8af8f08 | ITER: 5 START
2020-04-10 05:07:05.481 14220 RALLYDEBUG rally.task.utils [-] Waiting for resource s_rally_0f4bc344_ceIsn78T. Status changed: BUILD => ACTIVE in 10.012360334396362
2020-04-10 05:07:05.853 14222 INFO rally.task.runner [-] Task d1d340ee-1fb5-43fe-9c49-f4bcd8af8f08 | ITER: 3 END: OK
2020-04-10 05:07:05.858 14222 INFO rally.task.runner [-] Task d1d340ee-1fb5-43fe-9c49-f4bcd8af8f08 | ITER: 6 START
2020-04-10 05:07:06.610 14223 INFO rally.task.runner [-] Task d1d340ee-1fb5-43fe-9c49-f4bcd8af8f08 | ITER: 4 END: OK
2020-04-10 05:07:06.616 14223 INFO rally.task.runner [-] Task d1d340ee-1fb5-43fe-9c49-f4bcd8af8f08 | ITER: 7 START
2020-04-10 05:07:08.166 14220 INFO rally.task.runner [-] Task d1d340ee-1fb5-43fe-9c49-f4bcd8af8f08 | ITER: 1 END: OK
2020-04-10 05:07:08.171 14220 INFO rally.task.runner [-] Task d1d340ee-1fb5-43fe-9c49-f4bcd8af8f08 | ITER: 8 START
2020-04-10 05:07:14.185 14221 RALLYDEBUG rally.task.utils [-] Waiting for resource s_rally_0f4bc344_r7mcyLod. Status changed: BUILD => ACTIVE in 6.8412792682647705
2020-04-10 05:07:15.383 14222 RALLYDEBUG rally.task.utils [-] Waiting for resource s_rally_0f4bc344_RlbUIlg7. Status changed: BUILD => ACTIVE in 7.5505125522613525
2020-04-10 05:07:15.767 14223 RALLYDEBUG rally.task.utils [-] Waiting for resource s_rally_0f4bc344_CjJEYDVs. Status changed: BUILD => ACTIVE in 6.87100625038147
2020-04-10 05:07:16.739 14221 INFO rally.task.runner [-] Task d1d340ee-1fb5-43fe-9c49-f4bcd8af8f08 | ITER: 5 END: OK
2020-04-10 05:07:16.744 14221 INFO rally.task.runner [-] Task d1d340ee-1fb5-43fe-9c49-f4bcd8af8f08 | ITER: 9 START
2020-04-10 05:07:18.019 14222 INFO rally.task.runner [-] Task d1d340ee-1fb5-43fe-9c49-f4bcd8af8f08 | ITER: 6 END: OK
2020-04-10 05:07:18.023 14222 INFO rally.task.runner [-] Task d1d340ee-1fb5-43fe-9c49-f4bcd8af8f08 | ITER: 10 START
2020-04-10 05:07:18.365 14223 INFO rally.task.runner [-] Task d1d340ee-1fb5-43fe-9c49-f4bcd8af8f08 | ITER: 7 END: OK
2020-04-10 05:07:20.367 14220 RALLYDEBUG rally.task.utils [-] Waiting for resource s_rally_0f4bc344_PR59eErV. Status changed: BUILD => ACTIVE in 9.1110258102417
2020-04-10 05:07:22.937 14220 INFO rally.task.runner [-] Task d1d340ee-1fb5-43fe-9c49-f4bcd8af8f08 | ITER: 8 END: OK
2020-04-10 05:07:26.127 14221 RALLYDEBUG rally.task.utils [-] Waiting for resource s_rally_0f4bc344_gshA8xV5. Status changed: BUILD => ACTIVE in 6.854334831237793
2020-04-10 05:07:27.252 14222 RALLYDEBUG rally.task.utils [-] Waiting for resource s_rally_0f4bc344_FIUpRKGr. Status changed: BUILD => ACTIVE in 7.064502239227295
2020-04-10 05:07:28.595 14221 INFO rally.task.runner [-] Task d1d340ee-1fb5-43fe-9c49-f4bcd8af8f08 | ITER: 9 END: OK
2020-04-10 05:07:29.812 14222 INFO rally.task.runner [-] Task d1d340ee-1fb5-43fe-9c49-f4bcd8af8f08 | ITER: 10 END: OK
2020-04-10 05:07:29.842 12083 INFO rally.task.context [-] Task d1d340ee-1fb5-43fe-9c49-f4bcd8af8f08 | Context cleanup@openstack cleanup() started
2020-04-10 05:07:29.849 12083 RALLYDEBUG rally_openstack.cleanup.manager [-] Cleaning up nova servers objects
2020-04-10 05:07:30.979 12083 RALLYDEBUG rally_openstack.cleanup.manager [-] Deleting nova.servers object s_rally_0f4bc344_FIUpRKGr (069b1ce2-40b7-43b3-9439-44f4c2182742)
2020-04-10 05:07:31.310 12083 ERROR rally_openstack.cleanup.manager [-] Resource deletion failed, max retries exceeded for nova.servers: 069b1ce2-40b7-43b3-9439-44f4c2182742.: novaclient.exceptions.NotFound: Instance 069b1ce2-40b7-43b3-9439-44f4c2182742 could not be found. (HTTP 404) (Request-ID: req-cc23e6a5-c885-41ef-ab19-a3db3871f9e3)
2020-04-10 05:07:31.310 12083 ERROR rally_openstack.cleanup.manager
Traceback (most recent call last):
2020-04-10 05:07:31.310 12083 ERROR rally_openstack.cleanup.manager
File "/usr/lib/python3.7/site-packages/rally_openstack/cleanup/manager.py", line 85, in _delete_single_resource
2020-04-10 05:07:31.310 12083 ERROR rally_openstack.cleanup.manager rutils.retry(resource._max_attempts, resource.delete)
2020-04-10 05:07:31.310 12083 ERROR rally_openstack.cleanup.manager
File "/usr/lib/python3.7/site-packages/rally/common/utils.py", line 211, in retry
2020-04-10 05:07:31.310 12083 ERROR rally_openstack.cleanup.manager return func(*args, **kwargs)
2020-04-10 05:07:31.310 12083 ERROR rally_openstack.cleanup.manager
File "/usr/lib/python3.7/site-packages/rally_openstack/cleanup/resources.py", line 151, in delete
2020-04-10 05:07:31.310 12083 ERROR rally_openstack.cleanup.manager super(NovaServer, self).delete()
2020-04-10 05:07:31.310 12083 ERROR rally_openstack.cleanup.manager
File "/usr/lib/python3.7/site-packages/rally_openstack/cleanup/base.py", line 129, in delete
2020-04-10 05:07:31.310 12083 ERROR rally_openstack.cleanup.manager self._manager().delete(self.id())
2020-04-10 05:07:31.310 12083 ERROR rally_openstack.cleanup.manager
File "/usr/lib/python3.7/site-packages/novaclient/v2/servers.py", line 1542, in delete
2020-04-10 05:07:31.310 12083 ERROR rally_openstack.cleanup.manager return self._delete("/servers/%s" % base.getid(server))
2020-04-10 05:07:31.310 12083 ERROR rally_openstack.cleanup.manager
File "/usr/lib/python3.7/site-packages/novaclient/base.py", line 376, in _delete
2020-04-10 05:07:31.310 12083 ERROR rally_openstack.cleanup.manager resp, body = self.api.client.delete(url)
2020-04-10 05:07:31.310 12083 ERROR rally_openstack.cleanup.manager
File "/usr/lib/python3.7/site-packages/keystoneauth1/adapter.py", line 401, in delete
2020-04-10 05:07:31.310 12083 ERROR rally_openstack.cleanup.manager return self.request(url, 'DELETE', **kwargs)
2020-04-10 05:07:31.310 12083 ERROR rally_openstack.cleanup.manager
File "/usr/lib/python3.7/site-packages/novaclient/client.py", line 78, in request
2020-04-10 05:07:31.310 12083 ERROR rally_openstack.cleanup.manager raise exceptions.from_response(resp, body, url, method)
2020-04-10 05:07:31.310 12083 ERROR rally_openstack.cleanup.manager novaclient.exceptions.NotFound: Instance 069b1ce2-40b7-43b3-9439-44f4c2182742 could not be found. (HTTP 404) (Request-ID: req-cc23e6a5-c885-41ef-ab19-a3db3871f9e3)
2020-04-10 05:07:31.310 12083 ERROR rally_openstack.cleanup.manager
2020-04-10 05:07:31.312 12083 RALLYDEBUG rally_openstack.cleanup.manager [-] Cleaning up nova server_groups objects
2020-04-10 05:07:31.869 12083 RALLYDEBUG rally_openstack.cleanup.manager [-] Cleaning up nova keypairs objects
2020-04-10 05:07:32.914 12083 INFO rally.task.context [-] Task d1d340ee-1fb5-43fe-9c49-f4bcd8af8f08 | Context cleanup@openstack cleanup() finished in 3.07 sec
2020-04-10 05:07:32.915 12083 INFO rally.task.context [-] Task d1d340ee-1fb5-43fe-9c49-f4bcd8af8f08 | Context network@openstack cleanup() started
2020-04-10 05:07:50.215 12083 INFO rally.task.context [-] Task d1d340ee-1fb5-43fe-9c49-f4bcd8af8f08 | Context network@openstack cleanup() finished in 17.30 sec
2020-04-10 05:07:50.216 12083 INFO rally.task.context [-] Task d1d340ee-1fb5-43fe-9c49-f4bcd8af8f08 | Context quotas@openstack cleanup() started
2020-04-10 05:07:50.358 12083 INFO rally.task.context [-] Task d1d340ee-1fb5-43fe-9c49-f4bcd8af8f08 | Context quotas@openstack cleanup() finished in 0.14 sec
2020-04-10 05:07:50.359 12083 INFO rally.task.context [-] Task d1d340ee-1fb5-43fe-9c49-f4bcd8af8f08 | Context users@openstack cleanup() started
2020-04-10 05:07:50.552 12083 WARNING rally.common.logging [-] `iterate_per_tenants()' is deprecated in v3.0.0: it is openstack specific.. Used at
2020-04-10 05:07:52.611 12083 INFO rally.task.context [-] Task d1d340ee-1fb5-43fe-9c49-f4bcd8af8f08 | Context users@openstack cleanup() finished in 2.25 sec
2020-04-10 05:07:53.541 12083 INFO rally.task.engine [-] Load duration is: 35.795633
2020-04-10 05:07:53.541 12083 INFO rally.task.engine [-] Full runner duration is: 36.850321
2020-04-10 05:07:53.542 12083 INFO rally.task.engine [-] Full duration is: 83.484095
2020-04-10 05:07:53.638 12083 INFO rally.task.engine [-] Running workload: position = 0 config = { "version": 2, "title": "A cropped version of a bigger task.", "description": "Auto-generated task from a single workload (uuid=f43d90a0-dcb1-4adc-93c1-2f40eb95ee12)", "subtasks": [ { "title": "NovaServers.boot_server_from_volume_and_delete", "description": "Boot a server from volume and then delete it.", "scenario": { "NovaServers.boot_server_from_volume_and_delete": { "flavor": { "name": "rally_full-flavor_904cbf3a-2ea6-4f0d-90b5-c5ed3d669543" }, "image": { "name": "rally_full-img_904cbf3a-2ea6-4f0d-90b5-c5ed3d669543" }, "volume_size": 1, "nics": [ { "net-id": "22362b54-3fa0-4639-b461-978014ed8faf" } ] } }, "contexts": { "users": { "tenants": 3, "users_per_tenant": 2 }, "network": { "networks_per_tenant": 1, "start_cidr": "100.1.0.0/25" }, "quotas": { "cinder": { "gigabytes": -1, "snapshots": -1, "volumes": -1 }, "neutron": { "network": -1, "port": -1, "subnet": -1 }, "nova": { "cores": -1, "floating_ips": -1, "instances": -1, "ram": -1, "security_group_rules": -1, "security_groups": -1 } }, "api_versions": { "cinder": { "version": 3, "service_type": "volumev3" } } }, "runner": { "constant": { "concurrency": 4, "times": 10 } }, "hooks": [], "sla": { "failure_rate": { "max": 0 } } } ] }
2020-04-10 05:07:53.663 12083 RALLYDEBUG rally_openstack.contexts.keystone.users [-] Creating 3 tenants using 3 threads
2020-04-10 05:07:54.166 12083 RALLYDEBUG rally_openstack.contexts.keystone.users [-] Creating 6 users using 6 threads
2020-04-10 05:07:55.114 12083 INFO rally.task.context [-] Task d1d340ee-1fb5-43fe-9c49-f4bcd8af8f08 | Context users@openstack setup() finished in 1.45 sec
2020-04-10 05:07:55.242 12083 INFO rally.task.context [-] Task d1d340ee-1fb5-43fe-9c49-f4bcd8af8f08 | Context api_versions@openstack setup() finished in 0.13 sec
2020-04-10 05:07:56.754 12083 INFO rally.task.context [-] Task d1d340ee-1fb5-43fe-9c49-f4bcd8af8f08 | Context quotas@openstack setup() finished in 1.51 sec
2020-04-10 05:07:56.818 12083 WARNING rally.common.logging [-] `iterate_per_tenants()' is deprecated in v3.0.0: it is openstack specific.. Used at
2020-04-10 05:08:00.206 12083 RALLYDEBUG rally_openstack.wrappers.network [-] CIDR generated: 100.1.10.128/25
2020-04-10 05:08:06.741 12083 RALLYDEBUG rally_openstack.wrappers.network [-] CIDR generated: 100.1.11.0/25
2020-04-10 05:08:14.414 12083 RALLYDEBUG rally_openstack.wrappers.network [-] CIDR generated: 100.1.11.128/25
2020-04-10 05:08:18.060 12083 INFO rally.task.context [-] Task d1d340ee-1fb5-43fe-9c49-f4bcd8af8f08 | Context network@openstack setup() finished in 21.30 sec
2020-04-10 05:08:18.060 12083 INFO rally.task.context [-] Task d1d340ee-1fb5-43fe-9c49-f4bcd8af8f08 | Context cleanup@openstack setup() finished in 0.01 msec
2020-04-10 05:08:18.425 12083 RALLYDEBUG rally.task.runner [-] Starting the constant runner (task UUID: d1d340ee-1fb5-43fe-9c49-f4bcd8af8f08). times: 10 concurrency: 4 timeout: 0 max_cpu_used: 88 processes_to_start: 4 concurrency_per_worker: 1 concurrency_overhead: 0
2020-04-10 05:08:18.437 14353 RALLYDEBUG rally.task.runner [-] Starting a worker. times: 10 duration: None concurrency: 1 timeout: 0 cls: method_name: run args: {"flavor": "f17c0487-351b-48c5-baa4-be5129fdc368", "image": "fb2519f7-fd71-4231-bbb1-c2646090e539", "volume_size": 1, "nics": [{"net-id": "22362b54-3fa0-4639-b461-978014ed8faf"}]}
2020-04-10 05:08:18.439 14354 RALLYDEBUG rally.task.runner [-] Starting a worker. times: 10 duration: None concurrency: 1 timeout: 0 cls: method_name: run args: {"flavor": "f17c0487-351b-48c5-baa4-be5129fdc368", "image": "fb2519f7-fd71-4231-bbb1-c2646090e539", "volume_size": 1, "nics": [{"net-id": "22362b54-3fa0-4639-b461-978014ed8faf"}]}
2020-04-10 05:08:18.443 14355 RALLYDEBUG rally.task.runner [-] Starting a worker. times: 10 duration: None concurrency: 1 timeout: 0 cls: method_name: run args: {"flavor": "f17c0487-351b-48c5-baa4-be5129fdc368", "image": "fb2519f7-fd71-4231-bbb1-c2646090e539", "volume_size": 1, "nics": [{"net-id": "22362b54-3fa0-4639-b461-978014ed8faf"}]}
2020-04-10 05:08:18.445 14353 INFO rally.task.runner [-] Task d1d340ee-1fb5-43fe-9c49-f4bcd8af8f08 | ITER: 1 START
2020-04-10 05:08:18.446 14354 INFO rally.task.runner [-] Task d1d340ee-1fb5-43fe-9c49-f4bcd8af8f08 | ITER: 2 START
2020-04-10 05:08:18.445 14356 RALLYDEBUG rally.task.runner [-] Starting a worker. times: 10 duration: None concurrency: 1 timeout: 0 cls: method_name: run args: {"flavor": "f17c0487-351b-48c5-baa4-be5129fdc368", "image": "fb2519f7-fd71-4231-bbb1-c2646090e539", "volume_size": 1, "nics": [{"net-id": "22362b54-3fa0-4639-b461-978014ed8faf"}]}
2020-04-10 05:08:18.448 14355 INFO rally.task.runner [-] Task d1d340ee-1fb5-43fe-9c49-f4bcd8af8f08 | ITER: 3 START
2020-04-10 05:08:18.453 14356 INFO rally.task.runner [-] Task d1d340ee-1fb5-43fe-9c49-f4bcd8af8f08 | ITER: 4 START
2020-04-10 05:08:23.380 14355 RALLYDEBUG rally.task.utils [-] Waiting for resource s_rally_f43d90a0_CPWGskp7. Status changed: DOWNLOADING => AVAILABLE in 2.239396333694458
2020-04-10 05:08:23.455 14353 RALLYDEBUG rally.task.utils [-] Waiting for resource s_rally_f43d90a0_jTGyoeii. Status changed: DOWNLOADING => AVAILABLE in 2.251920223236084
2020-04-10 05:08:23.474 14356 RALLYDEBUG rally.task.utils [-] Waiting for resource s_rally_f43d90a0_Bck9dSpc. Status changed: DOWNLOADING => AVAILABLE in 2.229132890701294
2020-04-10 05:08:23.598 14354 RALLYDEBUG rally.task.utils [-] Waiting for resource s_rally_f43d90a0_LoOeAj3S. Status changed: DOWNLOADING => AVAILABLE in 2.398632049560547
2020-04-10 05:08:32.615 14356 RALLYDEBUG rally.task.utils [-] Waiting for resource s_rally_f43d90a0_WVyhDcgz. Status changed: BUILD => ACTIVE in 7.171375513076782
2020-04-10 05:08:32.628 14355 RALLYDEBUG rally.task.utils [-] Waiting for resource s_rally_f43d90a0_AjiSMDWU. Status changed: BUILD => ACTIVE in 7.266209125518799
2020-04-10 05:08:35.167 14356 INFO rally.task.runner [-] Task d1d340ee-1fb5-43fe-9c49-f4bcd8af8f08 | ITER: 4 END: OK
2020-04-10 05:08:35.173 14356 INFO rally.task.runner [-] Task d1d340ee-1fb5-43fe-9c49-f4bcd8af8f08 | ITER: 5 START
2020-04-10 05:08:35.207 14355 INFO rally.task.runner [-] Task d1d340ee-1fb5-43fe-9c49-f4bcd8af8f08 | ITER: 3 END: OK
2020-04-10 05:08:35.213 14355 INFO rally.task.runner [-] Task d1d340ee-1fb5-43fe-9c49-f4bcd8af8f08 | ITER: 6 START
2020-04-10 05:08:35.327 14353 RALLYDEBUG rally.task.utils [-] Waiting for resource s_rally_f43d90a0_n9Sq0XVI. Status changed: BUILD => ACTIVE in 9.128656387329102
2020-04-10 05:08:37.071 14354 RALLYDEBUG rally.task.utils [-] Waiting for resource s_rally_f43d90a0_Q8DZp4aF. Status changed: BUILD => ACTIVE in 10.721606492996216
2020-04-10 05:08:37.811 14353 INFO rally.task.runner [-] Task d1d340ee-1fb5-43fe-9c49-f4bcd8af8f08 | ITER: 1 END: OK
2020-04-10 05:08:37.817 14353 INFO rally.task.runner [-] Task d1d340ee-1fb5-43fe-9c49-f4bcd8af8f08 | ITER: 7 START
2020-04-10 05:08:39.585 14354 INFO rally.task.runner [-] Task d1d340ee-1fb5-43fe-9c49-f4bcd8af8f08 | ITER: 2 END: OK
2020-04-10 05:08:39.591 14354 INFO rally.task.runner [-] Task d1d340ee-1fb5-43fe-9c49-f4bcd8af8f08 | ITER: 8 START
2020-04-10 05:08:40.055 14355 RALLYDEBUG rally.task.utils [-] Waiting for resource s_rally_f43d90a0_ffmv4nZR. Status changed: DOWNLOADING => AVAILABLE in 2.222534418106079
2020-04-10 05:08:40.090 14356 RALLYDEBUG rally.task.utils [-] Waiting for resource s_rally_f43d90a0_hLrNY0HK. Status changed: DOWNLOADING => AVAILABLE in 2.214451313018799
2020-04-10 05:08:42.654 14353 RALLYDEBUG rally.task.utils [-] Waiting for resource s_rally_f43d90a0_3KzzzYj6. Status changed: DOWNLOADING => AVAILABLE in 2.2297215461730957
2020-04-10 05:08:44.361 14354 RALLYDEBUG rally.task.utils [-] Waiting for resource s_rally_f43d90a0_Y1Iz3XXR. Status changed: DOWNLOADING => AVAILABLE in 2.2268712520599365
2020-04-10 05:08:48.935 14355 RALLYDEBUG rally.task.utils [-] Waiting for resource s_rally_f43d90a0_TOsxcCjx. Status changed: BUILD => ACTIVE in 6.8572633266448975
2020-04-10 05:08:49.557 14353 RALLYDEBUG rally.task.utils [-] Waiting for resource s_rally_f43d90a0_41Cbd3Dp. Status changed: BUILD => ACTIVE in 4.6333677768707275
2020-04-10 05:08:49.841 14356 RALLYDEBUG rally.task.utils [-] Waiting for resource s_rally_f43d90a0_2Ri7C8QP. Status changed: BUILD => ACTIVE in 6.972419261932373
2020-04-10 05:08:51.930 14354 RALLYDEBUG rally.task.utils [-] Waiting for resource s_rally_f43d90a0_Ti5kfuED. Status changed: BUILD => ACTIVE in 5.454820156097412
2020-04-10 05:08:52.255 14353 INFO rally.task.runner [-] Task d1d340ee-1fb5-43fe-9c49-f4bcd8af8f08 | ITER: 7 END: OK
2020-04-10 05:08:52.262 14353 INFO rally.task.runner [-] Task d1d340ee-1fb5-43fe-9c49-f4bcd8af8f08 | ITER: 9 START
2020-04-10 05:08:53.104 14356 INFO rally.task.runner [-] Task d1d340ee-1fb5-43fe-9c49-f4bcd8af8f08 | ITER: 5 END: OK
2020-04-10 05:08:53.112 14356 INFO rally.task.runner [-] Task d1d340ee-1fb5-43fe-9c49-f4bcd8af8f08 | ITER: 10 START
2020-04-10 05:08:53.535 14355 INFO rally.task.runner [-] Task d1d340ee-1fb5-43fe-9c49-f4bcd8af8f08 | ITER: 6 END: OK
2020-04-10 05:08:54.575 14354 INFO rally.task.runner [-] Task d1d340ee-1fb5-43fe-9c49-f4bcd8af8f08 | ITER: 8 END: OK
2020-04-10 05:08:57.014 14353 RALLYDEBUG rally.task.utils [-] Waiting for resource s_rally_f43d90a0_hFWcVN5G. Status changed: DOWNLOADING => AVAILABLE in 2.2219533920288086
2020-04-10 05:08:57.945 14356 RALLYDEBUG rally.task.utils [-] Waiting for resource s_rally_f43d90a0_ol7I5BtX. Status changed: DOWNLOADING => AVAILABLE in 2.2476823329925537
2020-04-10 05:09:05.009 14353 RALLYDEBUG rally.task.utils [-] Waiting for resource s_rally_f43d90a0_kCZworj6. Status changed: BUILD => ACTIVE in 4.670680284500122
2020-04-10 05:09:07.206 14356 RALLYDEBUG rally.task.utils [-] Waiting for resource s_rally_f43d90a0_dYKX50zB. Status changed: BUILD => ACTIVE in 7.0737669467926025
2020-04-10 05:09:07.617 14353 INFO rally.task.runner [-] Task d1d340ee-1fb5-43fe-9c49-f4bcd8af8f08 | ITER: 9 END: OK
2020-04-10 05:09:09.748 14356 INFO rally.task.runner [-] Task d1d340ee-1fb5-43fe-9c49-f4bcd8af8f08 | ITER: 10 END: OK
2020-04-10 05:09:09.776 12083 INFO rally.task.context [-] Task d1d340ee-1fb5-43fe-9c49-f4bcd8af8f08 | Context cleanup@openstack cleanup() started
2020-04-10 05:09:09.783 12083 RALLYDEBUG rally_openstack.cleanup.manager [-] Cleaning up nova servers objects
2020-04-10 05:09:10.426 12083 RALLYDEBUG rally_openstack.cleanup.manager [-] Cleaning up nova server_groups objects
2020-04-10 05:09:10.926 12083 RALLYDEBUG rally_openstack.cleanup.manager [-] Cleaning up nova keypairs objects
2020-04-10 05:09:12.040 12083 RALLYDEBUG rally_openstack.cleanup.manager [-] Cleaning up cinder backups objects
2020-04-10 05:09:12.549 12083 RALLYDEBUG rally_openstack.cleanup.manager [-] Cleaning up cinder volume_snapshots objects
2020-04-10 05:09:13.041 12083 RALLYDEBUG rally_openstack.cleanup.manager [-] Cleaning up cinder transfers objects
2020-04-10 05:09:13.496 12083 RALLYDEBUG rally_openstack.cleanup.manager [-] Cleaning up cinder volumes objects
2020-04-10 05:09:14.113 12083 RALLYDEBUG rally_openstack.cleanup.manager [-] Deleting cinder.volumes object s_rally_f43d90a0_ffmv4nZR (62dddfdd-43a7-4bd2-8dd4-7ab018a5aa74)
2020-04-10 05:09:14.126 12083 RALLYDEBUG rally_openstack.cleanup.manager [-] Deleting cinder.volumes object s_rally_f43d90a0_ol7I5BtX (1c0ff93c-c314-4901-afdf-91cef4e1027c)
2020-04-10 05:09:14.126 12083 RALLYDEBUG rally_openstack.cleanup.manager [-] Deleting cinder.volumes object s_rally_f43d90a0_CPWGskp7 (533573de-6d01-4611-95fd-783fc0769d70)
2020-04-10 05:09:14.137 12083 RALLYDEBUG rally_openstack.cleanup.manager [-] Deleting cinder.volumes object s_rally_f43d90a0_Y1Iz3XXR (65b8fa34-d55d-45d5-a1f7-85cbcc346583)
2020-04-10 05:09:14.157 12083 RALLYDEBUG rally_openstack.cleanup.manager [-] Deleting cinder.volumes object s_rally_f43d90a0_hLrNY0HK (88c444e8-b82b-4978-b87e-53393056db68)
2020-04-10 05:09:14.150 12083 RALLYDEBUG rally_openstack.cleanup.manager [-] Deleting cinder.volumes object s_rally_f43d90a0_3KzzzYj6 (b855020a-ba3e-495b-90ea-8609a31919c8)
2020-04-10 05:09:14.162 12083 RALLYDEBUG rally_openstack.cleanup.manager [-] Deleting cinder.volumes object s_rally_f43d90a0_Bck9dSpc (17b3e741-d5e7-4f87-b333-86f10072b222)
2020-04-10 05:09:14.173 12083 RALLYDEBUG rally_openstack.cleanup.manager [-] Deleting cinder.volumes object s_rally_f43d90a0_hFWcVN5G (55f56206-d77a-4deb-98f8-bc4c0914b819)
2020-04-10 05:09:14.197 12083 RALLYDEBUG rally_openstack.cleanup.manager [-] Deleting cinder.volumes object s_rally_f43d90a0_jTGyoeii (84e21fbe-8dcc-4bb1-8347-412b14d26132)
2020-04-10 05:09:14.190 12083 RALLYDEBUG rally_openstack.cleanup.manager [-] Deleting cinder.volumes object s_rally_f43d90a0_LoOeAj3S (e51aff4d-6a3f-402d-ae9c-b29ececcb4c6)
2020-04-10 05:09:16.893 12083 INFO rally.task.context [-] Task d1d340ee-1fb5-43fe-9c49-f4bcd8af8f08 | Context cleanup@openstack cleanup() finished in 7.12 sec
2020-04-10 05:09:16.894 12083 INFO rally.task.context [-] Task d1d340ee-1fb5-43fe-9c49-f4bcd8af8f08 | Context network@openstack cleanup() started
2020-04-10 05:09:33.705 12083 INFO rally.task.context [-] Task d1d340ee-1fb5-43fe-9c49-f4bcd8af8f08 | Context network@openstack cleanup() finished in 16.81 sec
2020-04-10 05:09:33.706 12083 INFO rally.task.context [-] Task d1d340ee-1fb5-43fe-9c49-f4bcd8af8f08 | Context quotas@openstack cleanup() started
2020-04-10 05:09:33.956 12083 INFO rally.task.context [-] Task d1d340ee-1fb5-43fe-9c49-f4bcd8af8f08 | Context quotas@openstack cleanup() finished in 0.25 sec
2020-04-10 05:09:33.957 12083 INFO rally.task.context [-] Task d1d340ee-1fb5-43fe-9c49-f4bcd8af8f08 | Context api_versions@openstack cleanup() started
2020-04-10 05:09:33.957 12083 INFO rally.task.context [-] Task d1d340ee-1fb5-43fe-9c49-f4bcd8af8f08 | Context api_versions@openstack cleanup() finished in 0.21 msec
2020-04-10 05:09:33.957 12083 INFO rally.task.context [-] Task d1d340ee-1fb5-43fe-9c49-f4bcd8af8f08 | Context users@openstack cleanup() started
2020-04-10 05:09:34.127 12083 WARNING rally.common.logging [-] `iterate_per_tenants()' is deprecated in v3.0.0: it is openstack specific.. Used at
2020-04-10 05:09:36.375 12083 INFO rally.task.context [-] Task d1d340ee-1fb5-43fe-9c49-f4bcd8af8f08 | Context users@openstack cleanup() finished in 2.42 sec
2020-04-10 05:09:38.187 12083 INFO rally.task.engine [-] Load duration is: 50.29813
2020-04-10 05:09:38.188 12083 INFO rally.task.engine [-] Full runner duration is: 51.351761
2020-04-10 05:09:38.188 12083 INFO rally.task.engine [-] Full duration is: 102.716729
2020-04-10 05:09:38.288 12083 INFO rally.task.engine [-] Running workload: position = 0 config = { "version": 2, "title": "A cropped version of a bigger task.", "description": "Auto-generated task from a single workload (uuid=686fc294-709c-4ecd-895b-6cdd9cb57832)", "subtasks": [ { "title": "NovaServers.pause_and_unpause_server", "description": "Create a server, pause, unpause and then delete it", "scenario": { "NovaServers.pause_and_unpause_server": { "flavor": { "name": "rally_full-flavor_904cbf3a-2ea6-4f0d-90b5-c5ed3d669543" }, "image": { "name": "rally_full-img_904cbf3a-2ea6-4f0d-90b5-c5ed3d669543" }, "force_delete": false, "nics": [ { "net-id": "22362b54-3fa0-4639-b461-978014ed8faf" } ] } }, "contexts": { "users": { "tenants": 3, "users_per_tenant": 2 }, "network": { "networks_per_tenant": 1, "start_cidr": "100.1.0.0/25" }, "quotas": { "neutron": { "network": -1, "port": -1, "subnet": -1 }, "nova": { "cores": -1, "floating_ips": -1, "instances": -1, "ram": -1, "security_group_rules": -1, "security_groups": -1 } } }, "runner": { "constant": { "concurrency": 4, "times": 10 } }, "hooks": [], "sla": { "failure_rate": { "max": 0 } } } ] }
2020-04-10 05:09:38.316 12083 RALLYDEBUG rally_openstack.contexts.keystone.users [-] Creating 3 tenants using 3 threads
2020-04-10 05:09:38.811 12083 RALLYDEBUG rally_openstack.contexts.keystone.users [-] Creating 6 users using 6 threads
2020-04-10 05:09:39.757 12083 INFO rally.task.context [-] Task d1d340ee-1fb5-43fe-9c49-f4bcd8af8f08 | Context users@openstack setup() finished in 1.44 sec
2020-04-10 05:09:40.910 12083 INFO rally.task.context [-] Task d1d340ee-1fb5-43fe-9c49-f4bcd8af8f08 | Context quotas@openstack setup() finished in 1.15 sec
2020-04-10 05:09:40.978 12083 WARNING rally.common.logging [-] `iterate_per_tenants()' is deprecated in v3.0.0: it is openstack specific.. Used at
2020-04-10 05:09:44.329 12083 RALLYDEBUG rally_openstack.wrappers.network [-] CIDR generated: 100.1.12.0/25
2020-04-10 05:09:50.909 12083 RALLYDEBUG rally_openstack.wrappers.network [-] CIDR generated: 100.1.12.128/25
2020-04-10 05:09:58.231 12083 RALLYDEBUG rally_openstack.wrappers.network [-] CIDR generated: 100.1.13.0/25
2020-04-10 05:10:01.853 12083 INFO rally.task.context [-] Task d1d340ee-1fb5-43fe-9c49-f4bcd8af8f08 | Context network@openstack setup() finished in 20.94 sec
2020-04-10 05:10:01.854 12083 INFO rally.task.context [-] Task d1d340ee-1fb5-43fe-9c49-f4bcd8af8f08 | Context cleanup@openstack setup() finished in 0.01 msec
2020-04-10 05:10:02.283 12083 RALLYDEBUG rally.task.runner [-] Starting the constant runner (task UUID: d1d340ee-1fb5-43fe-9c49-f4bcd8af8f08). times: 10 concurrency: 4 timeout: 0 max_cpu_used: 88 processes_to_start: 4 concurrency_per_worker: 1 concurrency_overhead: 0
2020-04-10 05:10:02.298 14566 RALLYDEBUG rally.task.runner [-] Starting a worker. times: 10 duration: None concurrency: 1 timeout: 0 cls: method_name: run args: {"flavor": "f17c0487-351b-48c5-baa4-be5129fdc368", "image": "fb2519f7-fd71-4231-bbb1-c2646090e539", "force_delete": false, "nics": [{"net-id": "22362b54-3fa0-4639-b461-978014ed8faf"}]}
2020-04-10 05:10:02.301 14567 RALLYDEBUG rally.task.runner [-] Starting a worker. times: 10 duration: None concurrency: 1 timeout: 0 cls: method_name: run args: {"flavor": "f17c0487-351b-48c5-baa4-be5129fdc368", "image": "fb2519f7-fd71-4231-bbb1-c2646090e539", "force_delete": false, "nics": [{"net-id": "22362b54-3fa0-4639-b461-978014ed8faf"}]}
2020-04-10 05:10:02.304 14568 RALLYDEBUG rally.task.runner [-] Starting a worker. times: 10 duration: None concurrency: 1 timeout: 0 cls: method_name: run args: {"flavor": "f17c0487-351b-48c5-baa4-be5129fdc368", "image": "fb2519f7-fd71-4231-bbb1-c2646090e539", "force_delete": false, "nics": [{"net-id": "22362b54-3fa0-4639-b461-978014ed8faf"}]}
2020-04-10 05:10:02.306 14566 INFO rally.task.runner [-] Task d1d340ee-1fb5-43fe-9c49-f4bcd8af8f08 | ITER: 1 START
2020-04-10 05:10:02.308 14569 RALLYDEBUG rally.task.runner [-] Starting a worker. times: 10 duration: None concurrency: 1 timeout: 0 cls: method_name: run args: {"flavor": "f17c0487-351b-48c5-baa4-be5129fdc368", "image": "fb2519f7-fd71-4231-bbb1-c2646090e539", "force_delete": false, "nics": [{"net-id": "22362b54-3fa0-4639-b461-978014ed8faf"}]}
2020-04-10 05:10:02.309 14567 INFO rally.task.runner [-] Task d1d340ee-1fb5-43fe-9c49-f4bcd8af8f08 | ITER: 2 START
2020-04-10 05:10:02.312 14568 INFO rally.task.runner [-] Task d1d340ee-1fb5-43fe-9c49-f4bcd8af8f08 | ITER: 3 START
2020-04-10 05:10:02.316 14569 INFO rally.task.runner [-] Task d1d340ee-1fb5-43fe-9c49-f4bcd8af8f08 | ITER: 4 START
2020-04-10 05:10:13.366 14566 RALLYDEBUG rally.task.utils [-] Waiting for resource s_rally_686fc294_76tamorG. Status changed: BUILD => ACTIVE in 8.952279806137085
2020-04-10 05:10:14.100 14567 RALLYDEBUG rally.task.utils [-] Waiting for resource s_rally_686fc294_njxXG6xE. Status changed: BUILD => ACTIVE in 9.604557991027832
2020-04-10 05:10:14.280 14569 RALLYDEBUG rally.task.utils [-] Waiting for resource s_rally_686fc294_SrYYrDft. Status changed: BUILD => ACTIVE in 9.77538537979126
2020-04-10 05:10:15.686 14566 RALLYDEBUG rally.task.utils [-] Waiting for resource s_rally_686fc294_76tamorG. Status changed: ACTIVE => PAUSED in 0.21067428588867188
2020-04-10 05:10:15.957 14568 RALLYDEBUG rally.task.utils [-] Waiting for resource s_rally_686fc294_fOuUfE2l. Status changed: BUILD => ACTIVE in 11.498096942901611
2020-04-10 05:10:16.449 14567 RALLYDEBUG rally.task.utils [-] Waiting for resource s_rally_686fc294_njxXG6xE. Status changed: ACTIVE => PAUSED in 0.22978496551513672
2020-04-10 05:10:17.592 14569 RALLYDEBUG rally.task.utils [-] Waiting for resource s_rally_686fc294_SrYYrDft. Status changed: ACTIVE => PAUSED in 1.1841862201690674
2020-04-10 05:10:18.298 14568 RALLYDEBUG rally.task.utils [-] Waiting for resource s_rally_686fc294_fOuUfE2l. Status changed: ACTIVE => PAUSED in 0.22681498527526855
2020-04-10 05:10:21.289 14566 INFO rally.task.runner [-] Task d1d340ee-1fb5-43fe-9c49-f4bcd8af8f08 | ITER: 1 END: OK
2020-04-10 05:10:21.294 14566 INFO rally.task.runner [-] Task d1d340ee-1fb5-43fe-9c49-f4bcd8af8f08 | ITER: 5 START
2020-04-10 05:10:21.345 14567 INFO rally.task.runner [-] Task d1d340ee-1fb5-43fe-9c49-f4bcd8af8f08 | ITER: 2 END: OK
2020-04-10 05:10:21.350 14567 INFO rally.task.runner [-] Task d1d340ee-1fb5-43fe-9c49-f4bcd8af8f08 | ITER: 6 START
2020-04-10 05:10:22.461 14569 INFO rally.task.runner [-] Task d1d340ee-1fb5-43fe-9c49-f4bcd8af8f08 | ITER: 4 END: OK
2020-04-10 05:10:22.467 14569 INFO rally.task.runner [-] Task d1d340ee-1fb5-43fe-9c49-f4bcd8af8f08 | ITER: 7 START
2020-04-10 05:10:23.312 14568 INFO rally.task.runner [-] Task d1d340ee-1fb5-43fe-9c49-f4bcd8af8f08 | ITER: 3 END: OK
2020-04-10 05:10:23.317 14568 INFO rally.task.runner [-] Task d1d340ee-1fb5-43fe-9c49-f4bcd8af8f08 | ITER: 8 START
2020-04-10 05:10:31.185 14569 RALLYDEBUG rally.task.utils [-] Waiting for resource s_rally_686fc294_NlZg1o56. Status changed: BUILD => ACTIVE in 6.853722333908081
