2020-04-10 04:25:53.386 6823 RALLYDEBUG rally.task.utils [-] Waiting for resource . Status changed: CREATE_COMPLETE => UPDATE_COMPLETE in 0.09064221382141113
2020-04-10 04:25:53.391 6826 RALLYDEBUG rally.task.utils [-] Waiting for resource . Status changed: CREATE_COMPLETE => UPDATE_COMPLETE in 0.09252429008483887
2020-04-10 04:25:53.443 6824 RALLYDEBUG rally.task.utils [-] Waiting for resource . Status changed: CREATE_COMPLETE => DELETE_IN_PROGRESS in 0.08273887634277344
2020-04-10 04:25:53.591 6825 RALLYDEBUG rally.task.utils [-] Waiting for resource . Status changed: CREATE_COMPLETE => DELETE_IN_PROGRESS in 0.08786511421203613
2020-04-10 04:25:53.615 6826 RALLYDEBUG rally.task.utils [-] Waiting for resource . Status changed: CREATE_COMPLETE => DELETE_IN_PROGRESS in 0.09383988380432129
2020-04-10 04:25:53.616 6823 RALLYDEBUG rally.task.utils [-] Waiting for resource . Status changed: CREATE_COMPLETE => DELETE_IN_PROGRESS in 0.09696054458618164
2020-04-10 04:25:54.537 6824 INFO rally.task.runner [-] Task e4cf5baa-1074-42c8-8aff-22e4df2c6344 | ITER: 2 END: OK
2020-04-10 04:25:54.542 6824 INFO rally.task.runner [-] Task e4cf5baa-1074-42c8-8aff-22e4df2c6344 | ITER: 5 START
2020-04-10 04:25:54.683 6825 INFO rally.task.runner [-] Task e4cf5baa-1074-42c8-8aff-22e4df2c6344 | ITER: 3 END: OK
2020-04-10 04:25:54.688 6825 INFO rally.task.runner [-] Task e4cf5baa-1074-42c8-8aff-22e4df2c6344 | ITER: 6 START
2020-04-10 04:25:54.702 6826 INFO rally.task.runner [-] Task e4cf5baa-1074-42c8-8aff-22e4df2c6344 | ITER: 4 END: OK
2020-04-10 04:25:54.705 6823 INFO rally.task.runner [-] Task e4cf5baa-1074-42c8-8aff-22e4df2c6344 | ITER: 1 END: OK
2020-04-10 04:25:54.707 6826 INFO rally.task.runner [-] Task e4cf5baa-1074-42c8-8aff-22e4df2c6344 | ITER: 7 START
2020-04-10 04:25:54.709 6823 INFO rally.task.runner [-] Task e4cf5baa-1074-42c8-8aff-22e4df2c6344 | ITER: 8 START
2020-04-10 04:25:57.464 6824 RALLYDEBUG rally.task.utils [-] Waiting for resource . Status changed: CREATE_IN_PROGRESS => CREATE_COMPLETE in 0.0911870002746582
2020-04-10 04:25:57.470 6825 RALLYDEBUG rally.task.utils [-] Waiting for resource . Status changed: CREATE_IN_PROGRESS => CREATE_COMPLETE in 0.08641290664672852
2020-04-10 04:25:57.501 6826 RALLYDEBUG rally.task.utils [-] Waiting for resource . Status changed: CREATE_IN_PROGRESS => CREATE_COMPLETE in 0.10210061073303223
2020-04-10 04:25:57.587 6823 RALLYDEBUG rally.task.utils [-] Waiting for resource . Status changed: CREATE_IN_PROGRESS => CREATE_COMPLETE in 0.08846688270568848
2020-04-10 04:25:59.739 6824 RALLYDEBUG rally.task.utils [-] Waiting for resource . Status changed: CREATE_COMPLETE => UPDATE_COMPLETE in 0.09613227844238281
2020-04-10 04:25:59.741 6825 RALLYDEBUG rally.task.utils [-] Waiting for resource . Status changed: CREATE_COMPLETE => UPDATE_COMPLETE in 0.09241724014282227
2020-04-10 04:25:59.763 6826 RALLYDEBUG rally.task.utils [-] Waiting for resource . Status changed: CREATE_COMPLETE => UPDATE_COMPLETE in 0.08967757225036621
2020-04-10 04:25:59.851 6823 RALLYDEBUG rally.task.utils [-] Waiting for resource . Status changed: CREATE_COMPLETE => UPDATE_COMPLETE in 0.08593988418579102
2020-04-10 04:25:59.910 6824 RALLYDEBUG rally.task.utils [-] Waiting for resource . Status changed: CREATE_COMPLETE => DELETE_IN_PROGRESS in 0.08696866035461426
2020-04-10 04:25:59.962 6825 RALLYDEBUG rally.task.utils [-] Waiting for resource . Status changed: CREATE_COMPLETE => DELETE_IN_PROGRESS in 0.08717703819274902
2020-04-10 04:25:59.963 6826 RALLYDEBUG rally.task.utils [-] Waiting for resource . Status changed: CREATE_COMPLETE => DELETE_IN_PROGRESS in 0.06644082069396973
2020-04-10 04:26:00.070 6823 RALLYDEBUG rally.task.utils [-] Waiting for resource . Status changed: CREATE_COMPLETE => DELETE_IN_PROGRESS in 0.0860283374786377
2020-04-10 04:26:00.997 6824 INFO rally.task.runner [-] Task e4cf5baa-1074-42c8-8aff-22e4df2c6344 | ITER: 5 END: OK
2020-04-10 04:26:01.002 6824 INFO rally.task.runner [-] Task e4cf5baa-1074-42c8-8aff-22e4df2c6344 | ITER: 9 START
2020-04-10 04:26:01.049 6826 INFO rally.task.runner [-] Task e4cf5baa-1074-42c8-8aff-22e4df2c6344 | ITER: 7 END: OK
2020-04-10 04:26:01.051 6825 INFO rally.task.runner [-] Task e4cf5baa-1074-42c8-8aff-22e4df2c6344 | ITER: 6 END: OK
2020-04-10 04:26:01.054 6826 INFO rally.task.runner [-] Task e4cf5baa-1074-42c8-8aff-22e4df2c6344 | ITER: 10 START
2020-04-10 04:26:01.158 6823 INFO rally.task.runner [-] Task e4cf5baa-1074-42c8-8aff-22e4df2c6344 | ITER: 8 END: OK
2020-04-10 04:26:03.859 6824 RALLYDEBUG rally.task.utils [-] Waiting for resource . Status changed: CREATE_IN_PROGRESS => CREATE_COMPLETE in 0.08985066413879395
2020-04-10 04:26:03.961 6826 RALLYDEBUG rally.task.utils [-] Waiting for resource . Status changed: CREATE_IN_PROGRESS => CREATE_COMPLETE in 0.08643484115600586
2020-04-10 04:26:06.079 6824 RALLYDEBUG rally.task.utils [-] Waiting for resource . Status changed: CREATE_COMPLETE => UPDATE_COMPLETE in 0.09114694595336914
2020-04-10 04:26:06.221 6826 RALLYDEBUG rally.task.utils [-] Waiting for resource . Status changed: CREATE_COMPLETE => UPDATE_COMPLETE in 0.08411192893981934
2020-04-10 04:26:06.249 6824 RALLYDEBUG rally.task.utils [-] Waiting for resource . Status changed: CREATE_COMPLETE => DELETE_IN_PROGRESS in 0.08620667457580566
2020-04-10 04:26:06.440 6826 RALLYDEBUG rally.task.utils [-] Waiting for resource . Status changed: CREATE_COMPLETE => DELETE_IN_PROGRESS in 0.08733153343200684
2020-04-10 04:26:07.342 6824 INFO rally.task.runner [-] Task e4cf5baa-1074-42c8-8aff-22e4df2c6344 | ITER: 9 END: OK
2020-04-10 04:26:07.534 6826 INFO rally.task.runner [-] Task e4cf5baa-1074-42c8-8aff-22e4df2c6344 | ITER: 10 END: OK
2020-04-10 04:26:07.565 5253 INFO rally.task.context [-] Task e4cf5baa-1074-42c8-8aff-22e4df2c6344 | Context cleanup@openstack cleanup() started
2020-04-10 04:26:07.572 5253 RALLYDEBUG rally_openstack.cleanup.manager [-] Cleaning up heat stacks objects
2020-04-10 04:26:08.439 5253 INFO rally.task.context [-] Task e4cf5baa-1074-42c8-8aff-22e4df2c6344 | Context cleanup@openstack cleanup() finished in 0.87 sec
2020-04-10 04:26:08.439 5253 INFO rally.task.context [-] Task e4cf5baa-1074-42c8-8aff-22e4df2c6344 | Context roles@openstack cleanup() started
2020-04-10 04:26:08.449 5253 INFO rally.task.context [-] Task e4cf5baa-1074-42c8-8aff-22e4df2c6344 | Context roles@openstack cleanup() finished in 9.37 msec
2020-04-10 04:26:08.449 5253 INFO rally.task.context [-] Task e4cf5baa-1074-42c8-8aff-22e4df2c6344 | Context users@openstack cleanup() started
2020-04-10 04:26:08.725 5253 WARNING rally.common.logging [-] `iterate_per_tenants()' is deprecated in v3.0.0: it is openstack specific.. Used at
2020-04-10 04:26:12.018 5253 INFO rally.task.context [-] Task e4cf5baa-1074-42c8-8aff-22e4df2c6344 | Context users@openstack cleanup() finished in 3.57 sec
2020-04-10 04:26:12.376 5253 INFO rally.task.engine [-] Load duration is: 15.406901
2020-04-10 04:26:12.376 5253 INFO rally.task.engine [-] Full runner duration is: 19.45716
2020-04-10 04:26:12.376 5253 INFO rally.task.engine [-] Full duration is: 25.806068
2020-04-10 04:26:12.439 5253 INFO rally.task.engine [-] Running workload: position = 2 config = { "version": 2, "title": "A cropped version of a bigger task.", "description": "Auto-generated task from a single workload (uuid=08417c00-b660-438c-a425-b9fd75915ab4)", "subtasks": [ { "title": "HeatStacks.create_update_delete_stack", "description": "Create, update and then delete a stack.", "scenario": { "HeatStacks.create_update_delete_stack": { "template_path": "/usr/lib/python3.7/site-packages/functest/opnfv_tests/openstack/rally/scenario/templates/resource_group.yaml.template", "updated_template_path": "/usr/lib/python3.7/site-packages/functest/opnfv_tests/openstack/rally/scenario/templates/updated_resource_group_increase.yaml.template" } }, "contexts": { "users": { "tenants": 3, "users_per_tenant": 2 }, "roles": [ "heat_stack_owner" ] }, "runner": { "constant": { "concurrency": 4, "times": 10 } }, "hooks": [], "sla": { "failure_rate": { "max": 0 } } } ] }
2020-04-10 04:26:12.460 5253 RALLYDEBUG rally_openstack.contexts.keystone.users [-] Creating 3 tenants using 3 threads
2020-04-10 04:26:12.942 5253 RALLYDEBUG rally_openstack.contexts.keystone.users [-] Creating 6 users using 6 threads
2020-04-10 04:26:13.868 5253 INFO rally.task.context [-] Task e4cf5baa-1074-42c8-8aff-22e4df2c6344 | Context users@openstack setup() finished in 1.41 sec
2020-04-10 04:26:14.091 5253 ERROR rally.common.broker [-] Failed to publish a task to the queue: rally.exceptions.NotFoundException: The resource can not be found: There is no role with name `heat_stack_owner`
2020-04-10 04:26:14.091 5253 ERROR rally.common.broker
Traceback (most recent call last):
2020-04-10 04:26:14.091 5253 ERROR rally.common.broker
File "/usr/lib/python3.7/site-packages/rally/common/broker.py", line 58, in _publisher
2020-04-10 04:26:14.091 5253 ERROR rally.common.broker publish(queue)
2020-04-10 04:26:14.091 5253 ERROR rally.common.broker
File "/usr/lib/python3.7/site-packages/rally_openstack/contexts/keystone/roles.py", line 91, in publish
2020-04-10 04:26:14.091 5253 ERROR rally.common.broker role = self._get_role_object(context_role)
2020-04-10 04:26:14.091 5253 ERROR rally.common.broker
File "/usr/lib/python3.7/site-packages/rally_openstack/contexts/keystone/roles.py", line 65, in _get_role_object
2020-04-10 04:26:14.091 5253 ERROR rally.common.broker "There is no role with name `%s`" % context_role)
2020-04-10 04:26:14.091 5253 ERROR rally.common.broker rally.exceptions.NotFoundException: The resource can not be found: There is no role with name `heat_stack_owner`
2020-04-10 04:26:14.091 5253 ERROR rally.common.broker
2020-04-10 04:26:14.102 5253 INFO rally.task.context [-] Task e4cf5baa-1074-42c8-8aff-22e4df2c6344 | Context roles@openstack setup() finished in 0.23 sec
2020-04-10 04:26:14.102 5253 INFO rally.task.context [-] Task e4cf5baa-1074-42c8-8aff-22e4df2c6344 | Context cleanup@openstack setup() finished in 0.00 msec
2020-04-10 04:26:14.111 5253 RALLYDEBUG rally.task.runner [-] Starting the constant runner (task UUID: e4cf5baa-1074-42c8-8aff-22e4df2c6344). times: 10 concurrency: 4 timeout: 0 max_cpu_used: 88 processes_to_start: 4 concurrency_per_worker: 1 concurrency_overhead: 0
2020-04-10 04:26:14.123 6976 RALLYDEBUG rally.task.runner [-] Starting a worker. times: 10 duration: None concurrency: 1 timeout: 0 cls: method_name: run args: {"template_path": "heat_template_version: 2014-10-16\n\ndescription: Test template for rally create-update-delete scenario\n\nresources:\n test_group:\n type: OS::Heat::ResourceGroup\n properties:\n count: 2\n resource_def:\n type: OS::Heat::RandomString\n properties:\n length: 20", "updated_template_path": "heat_template_version: 2014-10-16\n\ndescription: >\n Test template for create-update-delete-stack scenario in rally.\n The template updates one resource from the stack defined by resource_group.yaml.template\n and adds children resources to that resource.\n\nresources:\n test_group:\n type: OS::Heat::ResourceGroup\n properties:\n count: 3\n resource_def:\n type: OS::Heat::RandomString\n properties:\n length: 20"}
2020-04-10 04:26:14.125 6977 RALLYDEBUG rally.task.runner [-] Starting a worker. times: 10 duration: None concurrency: 1 timeout: 0 cls: method_name: run args: {"template_path": "heat_template_version: 2014-10-16\n\ndescription: Test template for rally create-update-delete scenario\n\nresources:\n test_group:\n type: OS::Heat::ResourceGroup\n properties:\n count: 2\n resource_def:\n type: OS::Heat::RandomString\n properties:\n length: 20", "updated_template_path": "heat_template_version: 2014-10-16\n\ndescription: >\n Test template for create-update-delete-stack scenario in rally.\n The template updates one resource from the stack defined by resource_group.yaml.template\n and adds children resources to that resource.\n\nresources:\n test_group:\n type: OS::Heat::ResourceGroup\n properties:\n count: 3\n resource_def:\n type: OS::Heat::RandomString\n properties:\n length: 20"}
2020-04-10 04:26:14.128 6978 RALLYDEBUG rally.task.runner [-] Starting a worker. times: 10 duration: None concurrency: 1 timeout: 0 cls: method_name: run args: {"template_path": "heat_template_version: 2014-10-16\n\ndescription: Test template for rally create-update-delete scenario\n\nresources:\n test_group:\n type: OS::Heat::ResourceGroup\n properties:\n count: 2\n resource_def:\n type: OS::Heat::RandomString\n properties:\n length: 20", "updated_template_path": "heat_template_version: 2014-10-16\n\ndescription: >\n Test template for create-update-delete-stack scenario in rally.\n The template updates one resource from the stack defined by resource_group.yaml.template\n and adds children resources to that resource.\n\nresources:\n test_group:\n type: OS::Heat::ResourceGroup\n properties:\n count: 3\n resource_def:\n type: OS::Heat::RandomString\n properties:\n length: 20"}
2020-04-10 04:26:14.130 6976 INFO rally.task.runner [-] Task e4cf5baa-1074-42c8-8aff-22e4df2c6344 | ITER: 1 START
2020-04-10 04:26:14.131 6979 RALLYDEBUG rally.task.runner [-] Starting a worker. times: 10 duration: None concurrency: 1 timeout: 0 cls: method_name: run args: {"template_path": "heat_template_version: 2014-10-16\n\ndescription: Test template for rally create-update-delete scenario\n\nresources:\n test_group:\n type: OS::Heat::ResourceGroup\n properties:\n count: 2\n resource_def:\n type: OS::Heat::RandomString\n properties:\n length: 20", "updated_template_path": "heat_template_version: 2014-10-16\n\ndescription: >\n Test template for create-update-delete-stack scenario in rally.\n The template updates one resource from the stack defined by resource_group.yaml.template\n and adds children resources to that resource.\n\nresources:\n test_group:\n type: OS::Heat::ResourceGroup\n properties:\n count: 3\n resource_def:\n type: OS::Heat::RandomString\n properties:\n length: 20"}
2020-04-10 04:26:14.132 6977 INFO rally.task.runner [-] Task e4cf5baa-1074-42c8-8aff-22e4df2c6344 | ITER: 2 START
2020-04-10 04:26:14.134 6978 INFO rally.task.runner [-] Task e4cf5baa-1074-42c8-8aff-22e4df2c6344 | ITER: 3 START
2020-04-10 04:26:14.136 6979 INFO rally.task.runner [-] Task e4cf5baa-1074-42c8-8aff-22e4df2c6344 | ITER: 4 START
2020-04-10 04:26:18.117 6979 RALLYDEBUG rally.task.utils [-] Waiting for resource . Status changed: CREATE_IN_PROGRESS => CREATE_COMPLETE in 1.1799132823944092
2020-04-10 04:26:18.167 6977 RALLYDEBUG rally.task.utils [-] Waiting for resource . Status changed: CREATE_IN_PROGRESS => CREATE_COMPLETE in 1.1931960582733154
2020-04-10 04:26:18.173 6978 RALLYDEBUG rally.task.utils [-] Waiting for resource . Status changed: CREATE_IN_PROGRESS => CREATE_COMPLETE in 1.1777350902557373
2020-04-10 04:26:18.176 6976 RALLYDEBUG rally.task.utils [-] Waiting for resource . Status changed: CREATE_IN_PROGRESS => CREATE_COMPLETE in 1.1808342933654785
2020-04-10 04:26:20.334 6979 RALLYDEBUG rally.task.utils [-] Waiting for resource . Status changed: CREATE_COMPLETE => UPDATE_IN_PROGRESS in 0.08543014526367188
2020-04-10 04:26:20.429 6978 RALLYDEBUG rally.task.utils [-] Waiting for resource . Status changed: CREATE_COMPLETE => UPDATE_IN_PROGRESS in 0.08667707443237305
2020-04-10 04:26:20.434 6977 RALLYDEBUG rally.task.utils [-] Waiting for resource . Status changed: CREATE_COMPLETE => UPDATE_IN_PROGRESS in 0.09013557434082031
2020-04-10 04:26:20.438 6976 RALLYDEBUG rally.task.utils [-] Waiting for resource . Status changed: CREATE_COMPLETE => UPDATE_IN_PROGRESS in 0.08595967292785645
2020-04-10 04:26:22.516 6979 RALLYDEBUG rally.task.utils [-] Waiting for resource . Status changed: UPDATE_IN_PROGRESS => UPDATE_COMPLETE in 2.1817586421966553
2020-04-10 04:26:22.612 6977 RALLYDEBUG rally.task.utils [-] Waiting for resource . Status changed: UPDATE_IN_PROGRESS => UPDATE_COMPLETE in 2.1778640747070312
2020-04-10 04:26:22.614 6976 RALLYDEBUG rally.task.utils [-] Waiting for resource . Status changed: UPDATE_IN_PROGRESS => UPDATE_COMPLETE in 2.176206350326538
2020-04-10 04:26:22.615 6978 RALLYDEBUG rally.task.utils [-] Waiting for resource . Status changed: UPDATE_IN_PROGRESS => UPDATE_COMPLETE in 2.185887575149536
2020-04-10 04:26:22.692 6979 RALLYDEBUG rally.task.utils [-] Waiting for resource . Status changed: CREATE_COMPLETE => DELETE_IN_PROGRESS in 0.09165692329406738
2020-04-10 04:26:22.814 6977 RALLYDEBUG rally.task.utils [-] Waiting for resource . Status changed: CREATE_COMPLETE => DELETE_IN_PROGRESS in 0.06719207763671875
2020-04-10 04:26:22.823 6978 RALLYDEBUG rally.task.utils [-] Waiting for resource . Status changed: CREATE_COMPLETE => DELETE_IN_PROGRESS in 0.07394671440124512
2020-04-10 04:26:22.843 6976 RALLYDEBUG rally.task.utils [-] Waiting for resource . Status changed: CREATE_COMPLETE => DELETE_IN_PROGRESS in 0.09647393226623535
2020-04-10 04:26:25.960 6979 INFO rally.task.runner [-] Task e4cf5baa-1074-42c8-8aff-22e4df2c6344 | ITER: 4 END: OK
2020-04-10 04:26:25.965 6979 INFO rally.task.runner [-] Task e4cf5baa-1074-42c8-8aff-22e4df2c6344 | ITER: 5 START
2020-04-10 04:26:26.067 6978 INFO rally.task.runner [-] Task e4cf5baa-1074-42c8-8aff-22e4df2c6344 | ITER: 3 END: OK
2020-04-10 04:26:26.072 6978 INFO rally.task.runner [-] Task e4cf5baa-1074-42c8-8aff-22e4df2c6344 | ITER: 6 START
2020-04-10 04:26:26.084 6977 INFO rally.task.runner [-] Task e4cf5baa-1074-42c8-8aff-22e4df2c6344 | ITER: 2 END: OK
2020-04-10 04:26:26.087 6977 INFO rally.task.runner [-] Task e4cf5baa-1074-42c8-8aff-22e4df2c6344 | ITER: 7 START
2020-04-10 04:26:26.113 6976 INFO rally.task.runner [-] Task e4cf5baa-1074-42c8-8aff-22e4df2c6344 | ITER: 1 END: OK
2020-04-10 04:26:26.118 6976 INFO rally.task.runner [-] Task e4cf5baa-1074-42c8-8aff-22e4df2c6344 | ITER: 8 START
2020-04-10 04:26:30.013 6979 RALLYDEBUG rally.task.utils [-] Waiting for resource . Status changed: CREATE_IN_PROGRESS => CREATE_COMPLETE in 1.1816482543945312
2020-04-10 04:26:30.103 6977 RALLYDEBUG rally.task.utils [-] Waiting for resource . Status changed: CREATE_IN_PROGRESS => CREATE_COMPLETE in 1.1745975017547607
2020-04-10 04:26:30.138 6978 RALLYDEBUG rally.task.utils [-] Waiting for resource . Status changed: CREATE_IN_PROGRESS => CREATE_COMPLETE in 1.1856420040130615
2020-04-10 04:26:30.461 6976 RALLYDEBUG rally.task.utils [-] Waiting for resource . Status changed: CREATE_IN_PROGRESS => CREATE_COMPLETE in 1.3520219326019287
2020-04-10 04:26:32.280 6979 RALLYDEBUG rally.task.utils [-] Waiting for resource . Status changed: CREATE_COMPLETE => UPDATE_IN_PROGRESS in 0.09088373184204102
2020-04-10 04:26:32.325 6977 RALLYDEBUG rally.task.utils [-] Waiting for resource . Status changed: CREATE_COMPLETE => UPDATE_IN_PROGRESS in 0.08704304695129395
2020-04-10 04:26:32.403 6978 RALLYDEBUG rally.task.utils [-] Waiting for resource . Status changed: CREATE_COMPLETE => UPDATE_IN_PROGRESS in 0.08510422706604004
2020-04-10 04:26:32.726 6976 RALLYDEBUG rally.task.utils [-] Waiting for resource . Status changed: CREATE_COMPLETE => UPDATE_IN_PROGRESS in 0.0871284008026123
2020-04-10 04:26:34.469 6979 RALLYDEBUG rally.task.utils [-] Waiting for resource . Status changed: UPDATE_IN_PROGRESS => UPDATE_COMPLETE in 2.189177989959717
2020-04-10 04:26:34.532 6977 RALLYDEBUG rally.task.utils [-] Waiting for resource . Status changed: UPDATE_IN_PROGRESS => UPDATE_COMPLETE in 2.207278251647949
2020-04-10 04:26:34.579 6978 RALLYDEBUG rally.task.utils [-] Waiting for resource . Status changed: UPDATE_IN_PROGRESS => UPDATE_COMPLETE in 2.1763195991516113
2020-04-10 04:26:34.682 6977 RALLYDEBUG rally.task.utils [-] Waiting for resource . Status changed: CREATE_COMPLETE => DELETE_IN_PROGRESS in 0.06597495079040527
2020-04-10 04:26:34.685 6979 RALLYDEBUG rally.task.utils [-] Waiting for resource . Status changed: CREATE_COMPLETE => DELETE_IN_PROGRESS in 0.08577537536621094
2020-04-10 04:26:34.800 6978 RALLYDEBUG rally.task.utils [-] Waiting for resource . Status changed: CREATE_COMPLETE => DELETE_IN_PROGRESS in 0.08939957618713379
2020-04-10 04:26:34.907 6976 RALLYDEBUG rally.task.utils [-] Waiting for resource . Status changed: UPDATE_IN_PROGRESS => UPDATE_COMPLETE in 2.180544853210449
2020-04-10 04:26:35.174 6976 RALLYDEBUG rally.task.utils [-] Waiting for resource . Status changed: CREATE_COMPLETE => DELETE_IN_PROGRESS in 0.08319568634033203
2020-04-10 04:26:37.946 6977 INFO rally.task.runner [-] Task e4cf5baa-1074-42c8-8aff-22e4df2c6344 | ITER: 7 END: OK
2020-04-10 04:26:37.947 6979 INFO rally.task.runner [-] Task e4cf5baa-1074-42c8-8aff-22e4df2c6344 | ITER: 5 END: OK
2020-04-10 04:26:37.952 6977 INFO rally.task.runner [-] Task e4cf5baa-1074-42c8-8aff-22e4df2c6344 | ITER: 9 START
2020-04-10 04:26:37.953 6979 INFO rally.task.runner [-] Task e4cf5baa-1074-42c8-8aff-22e4df2c6344 | ITER: 10 START
2020-04-10 04:26:38.104 6978 INFO rally.task.runner [-] Task e4cf5baa-1074-42c8-8aff-22e4df2c6344 | ITER: 6 END: OK
2020-04-10 04:26:38.442 6976 INFO rally.task.runner [-] Task e4cf5baa-1074-42c8-8aff-22e4df2c6344 | ITER: 8 END: OK
2020-04-10 04:26:42.028 6977 RALLYDEBUG rally.task.utils [-] Waiting for resource . Status changed: CREATE_IN_PROGRESS => CREATE_COMPLETE in 1.1773591041564941
2020-04-10 04:26:42.093 6979 RALLYDEBUG rally.task.utils [-] Waiting for resource . Status changed: CREATE_IN_PROGRESS => CREATE_COMPLETE in 1.1703999042510986
2020-04-10 04:26:44.242 6977 RALLYDEBUG rally.task.utils [-] Waiting for resource . Status changed: CREATE_COMPLETE => UPDATE_IN_PROGRESS in 0.09158945083618164
2020-04-10 04:26:44.361 6979 RALLYDEBUG rally.task.utils [-] Waiting for resource . Status changed: CREATE_COMPLETE => UPDATE_IN_PROGRESS in 0.08905959129333496
2020-04-10 04:26:46.432 6977 RALLYDEBUG rally.task.utils [-] Waiting for resource . Status changed: UPDATE_IN_PROGRESS => UPDATE_COMPLETE in 2.190250873565674
2020-04-10 04:26:46.531 6979 RALLYDEBUG rally.task.utils [-] Waiting for resource . Status changed: UPDATE_IN_PROGRESS => UPDATE_COMPLETE in 2.1701502799987793
2020-04-10 04:26:46.601 6977 RALLYDEBUG rally.task.utils [-] Waiting for resource . Status changed: CREATE_COMPLETE => DELETE_IN_PROGRESS in 0.08698153495788574
2020-04-10 04:26:46.705 6979 RALLYDEBUG rally.task.utils [-] Waiting for resource . Status changed: CREATE_COMPLETE => DELETE_IN_PROGRESS in 0.08938145637512207
2020-04-10 04:26:49.884 6977 INFO rally.task.runner [-] Task e4cf5baa-1074-42c8-8aff-22e4df2c6344 | ITER: 9 END: OK
2020-04-10 04:26:49.971 6979 INFO rally.task.runner [-] Task e4cf5baa-1074-42c8-8aff-22e4df2c6344 | ITER: 10 END: OK
2020-04-10 04:26:49.992 5253 INFO rally.task.context [-] Task e4cf5baa-1074-42c8-8aff-22e4df2c6344 | Context cleanup@openstack cleanup() started
2020-04-10 04:26:49.999 5253 RALLYDEBUG rally_openstack.cleanup.manager [-] Cleaning up heat stacks objects
2020-04-10 04:26:50.883 5253 INFO rally.task.context [-] Task e4cf5baa-1074-42c8-8aff-22e4df2c6344 | Context cleanup@openstack cleanup() finished in 0.89 sec
2020-04-10 04:26:50.883 5253 INFO rally.task.context [-] Task e4cf5baa-1074-42c8-8aff-22e4df2c6344 | Context roles@openstack cleanup() started
2020-04-10 04:26:50.891 5253 INFO rally.task.context [-] Task e4cf5baa-1074-42c8-8aff-22e4df2c6344 | Context roles@openstack cleanup() finished in 7.60 msec
2020-04-10 04:26:50.891 5253 INFO rally.task.context [-] Task e4cf5baa-1074-42c8-8aff-22e4df2c6344 | Context users@openstack cleanup() started
2020-04-10 04:26:51.105 5253 WARNING rally.common.logging [-] `iterate_per_tenants()' is deprecated in v3.0.0: it is openstack specific.. Used at
2020-04-10 04:26:54.190 5253 INFO rally.task.context [-] Task e4cf5baa-1074-42c8-8aff-22e4df2c6344 | Context users@openstack cleanup() finished in 3.30 sec
2020-04-10 04:26:54.693 5253 INFO rally.task.engine [-] Load duration is: 31.839658
2020-04-10 04:26:54.693 5253 INFO rally.task.engine [-] Full runner duration is: 35.88156
2020-04-10 04:26:54.693 5253 INFO rally.task.engine [-] Full duration is: 41.731751
2020-04-10 04:26:54.756 5253 INFO rally.task.engine [-] Running workload: position = 3 config = { "version": 2, "title": "A cropped version of a bigger task.", "description": "Auto-generated task from a single workload (uuid=77f89672-1115-4437-b164-715ceee87f27)", "subtasks": [ { "title": "HeatStacks.create_update_delete_stack", "description": "Create, update and then delete a stack.", "scenario": { "HeatStacks.create_update_delete_stack": { "template_path": "/usr/lib/python3.7/site-packages/functest/opnfv_tests/openstack/rally/scenario/templates/autoscaling_policy.yaml.template", "updated_template_path": "/usr/lib/python3.7/site-packages/functest/opnfv_tests/openstack/rally/scenario/templates/updated_autoscaling_policy_inplace.yaml.template" } }, "contexts": { "users": { "tenants": 3, "users_per_tenant": 2 }, "roles": [ "heat_stack_owner" ] }, "runner": { "constant": { "concurrency": 4, "times": 10 } }, "hooks": [], "sla": { "failure_rate": { "max": 0 } } } ] }
2020-04-10 04:26:54.779 5253 RALLYDEBUG rally_openstack.contexts.keystone.users [-] Creating 3 tenants using 3 threads
2020-04-10 04:26:55.250 5253 RALLYDEBUG rally_openstack.contexts.keystone.users [-] Creating 6 users using 6 threads
2020-04-10 04:26:56.189 5253 INFO rally.task.context [-] Task e4cf5baa-1074-42c8-8aff-22e4df2c6344 | Context users@openstack setup() finished in 1.41 sec
2020-04-10 04:26:56.379 5253 ERROR rally.common.broker [-] Failed to publish a task to the queue: rally.exceptions.NotFoundException: The resource can not be found: There is no role with name `heat_stack_owner`
2020-04-10 04:26:56.379 5253 ERROR rally.common.broker
Traceback (most recent call last):
2020-04-10 04:26:56.379 5253 ERROR rally.common.broker
File "/usr/lib/python3.7/site-packages/rally/common/broker.py", line 58, in _publisher
2020-04-10 04:26:56.379 5253 ERROR rally.common.broker publish(queue)
2020-04-10 04:26:56.379 5253 ERROR rally.common.broker
File "/usr/lib/python3.7/site-packages/rally_openstack/contexts/keystone/roles.py", line 91, in publish
2020-04-10 04:26:56.379 5253 ERROR rally.common.broker role = self._get_role_object(context_role)
2020-04-10 04:26:56.379 5253 ERROR rally.common.broker
File "/usr/lib/python3.7/site-packages/rally_openstack/contexts/keystone/roles.py", line 65, in _get_role_object
2020-04-10 04:26:56.379 5253 ERROR rally.common.broker "There is no role with name `%s`" % context_role)
2020-04-10 04:26:56.379 5253 ERROR rally.common.broker rally.exceptions.NotFoundException: The resource can not be found: There is no role with name `heat_stack_owner`
2020-04-10 04:26:56.379 5253 ERROR rally.common.broker
2020-04-10 04:26:56.389 5253 INFO rally.task.context [-] Task e4cf5baa-1074-42c8-8aff-22e4df2c6344 | Context roles@openstack setup() finished in 0.20 sec
2020-04-10 04:26:56.389 5253 INFO rally.task.context [-] Task e4cf5baa-1074-42c8-8aff-22e4df2c6344 | Context cleanup@openstack setup() finished in 0.00 msec
2020-04-10 04:26:56.398 5253 RALLYDEBUG rally.task.runner [-] Starting the constant runner (task UUID: e4cf5baa-1074-42c8-8aff-22e4df2c6344). times: 10 concurrency: 4 timeout: 0 max_cpu_used: 88 processes_to_start: 4 concurrency_per_worker: 1 concurrency_overhead: 0
2020-04-10 04:26:56.408 7129 RALLYDEBUG rally.task.runner [-] Starting a worker. times: 10 duration: None concurrency: 1 timeout: 0 cls: method_name: run args: {"template_path": "heat_template_version: 2013-05-23\n\nresources:\n test_group:\n type: OS::Heat::AutoScalingGroup\n properties:\n desired_capacity: 0\n max_size: 0\n min_size: 0\n resource:\n type: OS::Heat::RandomString\n test_policy:\n type: OS::Heat::ScalingPolicy\n properties:\n adjustment_type: change_in_capacity\n auto_scaling_group_id: { get_resource: test_group }\n scaling_adjustment: 1", "updated_template_path": "heat_template_version: 2013-05-23\n\ndescription: >\n Test template for create-update-delete-stack scenario in rally.\n The template updates resource parameters without resource re-creation(replacement)\n in the stack defined by autoscaling_policy.yaml.template. It allows to measure\n performance of \"pure\" resource update operation only.\n\nresources:\n test_group:\n type: OS::Heat::AutoScalingGroup\n properties:\n desired_capacity: 0\n max_size: 0\n min_size: 0\n resource:\n type: OS::Heat::RandomString\n test_policy:\n type: OS::Heat::ScalingPolicy\n properties:\n adjustment_type: change_in_capacity\n auto_scaling_group_id: { get_resource: test_group }\n scaling_adjustment: -1"}
2020-04-10 04:26:56.411 7130 RALLYDEBUG rally.task.runner [-] Starting a worker. times: 10 duration: None concurrency: 1 timeout: 0 cls: method_name: run args: {"template_path": "heat_template_version: 2013-05-23\n\nresources:\n test_group:\n type: OS::Heat::AutoScalingGroup\n properties:\n desired_capacity: 0\n max_size: 0\n min_size: 0\n resource:\n type: OS::Heat::RandomString\n test_policy:\n type: OS::Heat::ScalingPolicy\n properties:\n adjustment_type: change_in_capacity\n auto_scaling_group_id: { get_resource: test_group }\n scaling_adjustment: 1", "updated_template_path": "heat_template_version: 2013-05-23\n\ndescription: >\n Test template for create-update-delete-stack scenario in rally.\n The template updates resource parameters without resource re-creation(replacement)\n in the stack defined by autoscaling_policy.yaml.template. It allows to measure\n performance of \"pure\" resource update operation only.\n\nresources:\n test_group:\n type: OS::Heat::AutoScalingGroup\n properties:\n desired_capacity: 0\n max_size: 0\n min_size: 0\n resource:\n type: OS::Heat::RandomString\n test_policy:\n type: OS::Heat::ScalingPolicy\n properties:\n adjustment_type: change_in_capacity\n auto_scaling_group_id: { get_resource: test_group }\n scaling_adjustment: -1"}
2020-04-10 04:26:56.413 7131 RALLYDEBUG rally.task.runner [-] Starting a worker. times: 10 duration: None concurrency: 1 timeout: 0 cls: method_name: run args: {"template_path": "heat_template_version: 2013-05-23\n\nresources:\n test_group:\n type: OS::Heat::AutoScalingGroup\n properties:\n desired_capacity: 0\n max_size: 0\n min_size: 0\n resource:\n type: OS::Heat::RandomString\n test_policy:\n type: OS::Heat::ScalingPolicy\n properties:\n adjustment_type: change_in_capacity\n auto_scaling_group_id: { get_resource: test_group }\n scaling_adjustment: 1", "updated_template_path": "heat_template_version: 2013-05-23\n\ndescription: >\n Test template for create-update-delete-stack scenario in rally.\n The template updates resource parameters without resource re-creation(replacement)\n in the stack defined by autoscaling_policy.yaml.template. It allows to measure\n performance of \"pure\" resource update operation only.\n\nresources:\n test_group:\n type: OS::Heat::AutoScalingGroup\n properties:\n desired_capacity: 0\n max_size: 0\n min_size: 0\n resource:\n type: OS::Heat::RandomString\n test_policy:\n type: OS::Heat::ScalingPolicy\n properties:\n adjustment_type: change_in_capacity\n auto_scaling_group_id: { get_resource: test_group }\n scaling_adjustment: -1"}
2020-04-10 04:26:56.414 7132 RALLYDEBUG rally.task.runner [-] Starting a worker. times: 10 duration: None concurrency: 1 timeout: 0 cls: method_name: run args: {"template_path": "heat_template_version: 2013-05-23\n\nresources:\n test_group:\n type: OS::Heat::AutoScalingGroup\n properties:\n desired_capacity: 0\n max_size: 0\n min_size: 0\n resource:\n type: OS::Heat::RandomString\n test_policy:\n type: OS::Heat::ScalingPolicy\n properties:\n adjustment_type: change_in_capacity\n auto_scaling_group_id: { get_resource: test_group }\n scaling_adjustment: 1", "updated_template_path": "heat_template_version: 2013-05-23\n\ndescription: >\n Test template for create-update-delete-stack scenario in rally.\n The template updates resource parameters without resource re-creation(replacement)\n in the stack defined by autoscaling_policy.yaml.template. It allows to measure\n performance of \"pure\" resource update operation only.\n\nresources:\n test_group:\n type: OS::Heat::AutoScalingGroup\n properties:\n desired_capacity: 0\n max_size: 0\n min_size: 0\n resource:\n type: OS::Heat::RandomString\n test_policy:\n type: OS::Heat::ScalingPolicy\n properties:\n adjustment_type: change_in_capacity\n auto_scaling_group_id: { get_resource: test_group }\n scaling_adjustment: -1"}
2020-04-10 04:26:56.416 7130 INFO rally.task.runner [-] Task e4cf5baa-1074-42c8-8aff-22e4df2c6344 | ITER: 2 START
2020-04-10 04:26:56.417 7129 INFO rally.task.runner [-] Task e4cf5baa-1074-42c8-8aff-22e4df2c6344 | ITER: 1 START
2020-04-10 04:26:56.419 7131 INFO rally.task.runner [-] Task e4cf5baa-1074-42c8-8aff-22e4df2c6344 | ITER: 3 START
2020-04-10 04:26:56.418 7132 INFO rally.task.runner [-] Task e4cf5baa-1074-42c8-8aff-22e4df2c6344 | ITER: 4 START
2020-04-10 04:26:59.282 7132 RALLYDEBUG rally.task.utils [-] Waiting for resource . Status changed: CREATE_IN_PROGRESS => CREATE_COMPLETE in 0.09540081024169922
2020-04-10 04:26:59.317 7131 RALLYDEBUG rally.task.utils [-] Waiting for resource . Status changed: CREATE_IN_PROGRESS => CREATE_COMPLETE in 0.08928608894348145
2020-04-10 04:26:59.417 7130 RALLYDEBUG rally.task.utils [-] Waiting for resource . Status changed: CREATE_IN_PROGRESS => CREATE_COMPLETE in 0.08498811721801758
2020-04-10 04:26:59.470 7129 RALLYDEBUG rally.task.utils [-] Waiting for resource . Status changed: CREATE_IN_PROGRESS => CREATE_COMPLETE in 0.0855417251586914
2020-04-10 04:27:01.541 7132 RALLYDEBUG rally.task.utils [-] Waiting for resource . Status changed: CREATE_COMPLETE => UPDATE_COMPLETE in 0.08579254150390625
2020-04-10 04:27:01.581 7131 RALLYDEBUG rally.task.utils [-] Waiting for resource . Status changed: CREATE_COMPLETE => UPDATE_COMPLETE in 0.0896766185760498
2020-04-10 04:27:01.677 7130 RALLYDEBUG rally.task.utils [-] Waiting for resource . Status changed: CREATE_COMPLETE => UPDATE_COMPLETE in 0.08970904350280762
2020-04-10 04:27:01.695 7132 RALLYDEBUG rally.task.utils [-] Waiting for resource . Status changed: CREATE_COMPLETE => DELETE_IN_PROGRESS in 0.07062530517578125
2020-04-10 04:27:01.728 7129 RALLYDEBUG rally.task.utils [-] Waiting for resource . Status changed: CREATE_COMPLETE => UPDATE_COMPLETE in 0.08429455757141113
2020-04-10 04:27:01.744 7131 RALLYDEBUG rally.task.utils [-] Waiting for resource . Status changed: CREATE_COMPLETE => DELETE_IN_PROGRESS in 0.08137726783752441
2020-04-10 04:27:01.887 7130 RALLYDEBUG rally.task.utils [-] Waiting for resource . Status changed: CREATE_COMPLETE => DELETE_IN_PROGRESS in 0.08030891418457031
2020-04-10 04:27:01.945 7129 RALLYDEBUG rally.task.utils [-] Waiting for resource . Status changed: CREATE_COMPLETE => DELETE_IN_PROGRESS in 0.08530545234680176
2020-04-10 04:27:03.843 7132 INFO rally.task.runner [-] Task e4cf5baa-1074-42c8-8aff-22e4df2c6344 | ITER: 4 END: OK
2020-04-10 04:27:03.847 7132 INFO rally.task.runner [-] Task e4cf5baa-1074-42c8-8aff-22e4df2c6344 | ITER: 5 START
2020-04-10 04:27:03.898 7131 INFO rally.task.runner [-] Task e4cf5baa-1074-42c8-8aff-22e4df2c6344 | ITER: 3 END: OK
2020-04-10 04:27:03.903 7131 INFO rally.task.runner [-] Task e4cf5baa-1074-42c8-8aff-22e4df2c6344 | ITER: 6 START
2020-04-10 04:27:04.067 7130 INFO rally.task.runner [-] Task e4cf5baa-1074-42c8-8aff-22e4df2c6344 | ITER: 2 END: OK
2020-04-10 04:27:04.072 7130 INFO rally.task.runner [-] Task e4cf5baa-1074-42c8-8aff-22e4df2c6344 | ITER: 7 START
2020-04-10 04:27:04.108 7129 INFO rally.task.runner [-] Task e4cf5baa-1074-42c8-8aff-22e4df2c6344 | ITER: 1 END: OK
2020-04-10 04:27:04.111 7129 INFO rally.task.runner [-] Task e4cf5baa-1074-42c8-8aff-22e4df2c6344 | ITER: 8 START
2020-04-10 04:27:06.733 7132 RALLYDEBUG rally.task.utils [-] Waiting for resource . Status changed: CREATE_IN_PROGRESS => CREATE_COMPLETE in 0.09035992622375488
2020-04-10 04:27:06.839 7131 RALLYDEBUG rally.task.utils [-] Waiting for resource . Status changed: CREATE_IN_PROGRESS => CREATE_COMPLETE in 0.08369612693786621
2020-04-10 04:27:06.861 7130 RALLYDEBUG rally.task.utils [-] Waiting for resource . Status changed: CREATE_IN_PROGRESS => CREATE_COMPLETE in 0.08360171318054199
2020-04-10 04:27:06.921 7129 RALLYDEBUG rally.task.utils [-] Waiting for resource . Status changed: CREATE_IN_PROGRESS => CREATE_COMPLETE in 0.08420920372009277
2020-04-10 04:27:08.953 7132 RALLYDEBUG rally.task.utils [-] Waiting for resource . Status changed: CREATE_COMPLETE => UPDATE_COMPLETE in 0.09180092811584473
2020-04-10 04:27:09.049 7131 RALLYDEBUG rally.task.utils [-] Waiting for resource . Status changed: CREATE_COMPLETE => UPDATE_COMPLETE in 0.08588552474975586
2020-04-10 04:27:09.152 7132 RALLYDEBUG rally.task.utils [-] Waiting for resource . Status changed: CREATE_COMPLETE => DELETE_IN_PROGRESS in 0.1158907413482666
2020-04-10 04:27:09.166 7130 RALLYDEBUG rally.task.utils [-] Waiting for resource . Status changed: CREATE_COMPLETE => UPDATE_COMPLETE in 0.0871129035949707
2020-04-10 04:27:09.179 7129 RALLYDEBUG rally.task.utils [-] Waiting for resource . Status changed: CREATE_COMPLETE => UPDATE_COMPLETE in 0.08699440956115723
2020-04-10 04:27:09.213 7131 RALLYDEBUG rally.task.utils [-] Waiting for resource . Status changed: CREATE_COMPLETE => DELETE_IN_PROGRESS in 0.0855562686920166
2020-04-10 04:27:09.315 7130 RALLYDEBUG rally.task.utils [-] Waiting for resource . Status changed: CREATE_COMPLETE => DELETE_IN_PROGRESS in 0.0691378116607666
2020-04-10 04:27:09.417 7129 RALLYDEBUG rally.task.utils [-] Waiting for resource . Status changed: CREATE_COMPLETE => DELETE_IN_PROGRESS in 0.10569000244140625
2020-04-10 04:27:11.333 7132 INFO rally.task.runner [-] Task e4cf5baa-1074-42c8-8aff-22e4df2c6344 | ITER: 5 END: OK
2020-04-10 04:27:11.337 7132 INFO rally.task.runner [-] Task e4cf5baa-1074-42c8-8aff-22e4df2c6344 | ITER: 9 START
2020-04-10 04:27:11.382 7131 INFO rally.task.runner [-] Task e4cf5baa-1074-42c8-8aff-22e4df2c6344 | ITER: 6 END: OK
2020-04-10 04:27:11.387 7131 INFO rally.task.runner [-] Task e4cf5baa-1074-42c8-8aff-22e4df2c6344 | ITER: 10 START
2020-04-10 04:27:11.491 7130 INFO rally.task.runner [-] Task e4cf5baa-1074-42c8-8aff-22e4df2c6344 | ITER: 7 END: OK
2020-04-10 04:27:11.557 7129 INFO rally.task.runner [-] Task e4cf5baa-1074-42c8-8aff-22e4df2c6344 | ITER: 8 END: OK
2020-04-10 04:27:14.269 7132 RALLYDEBUG rally.task.utils [-] Waiting for resource . Status changed: CREATE_IN_PROGRESS => CREATE_COMPLETE in 0.08678460121154785
2020-04-10 04:27:14.273 7131 RALLYDEBUG rally.task.utils [-] Waiting for resource . Status changed: CREATE_IN_PROGRESS => CREATE_COMPLETE in 0.08716130256652832
2020-04-10 04:27:16.530 7132 RALLYDEBUG rally.task.utils [-] Waiting for resource . Status changed: CREATE_COMPLETE => UPDATE_COMPLETE in 0.09047794342041016
2020-04-10 04:27:16.532 7131 RALLYDEBUG rally.task.utils [-] Waiting for resource . Status changed: CREATE_COMPLETE => UPDATE_COMPLETE in 0.08656883239746094
2020-04-10 04:27:16.683 7132 RALLYDEBUG rally.task.utils [-] Waiting for resource . Status changed: CREATE_COMPLETE => DELETE_IN_PROGRESS in 0.07177329063415527
2020-04-10 04:27:16.750 7131 RALLYDEBUG rally.task.utils [-] Waiting for resource . Status changed: CREATE_COMPLETE => DELETE_IN_PROGRESS in 0.08475542068481445
2020-04-10 04:27:18.866 7132 INFO rally.task.runner [-] Task e4cf5baa-1074-42c8-8aff-22e4df2c6344 | ITER: 9 END: OK
2020-04-10 04:27:18.927 7131 INFO rally.task.runner [-] Task e4cf5baa-1074-42c8-8aff-22e4df2c6344 | ITER: 10 END: OK
2020-04-10 04:27:18.953 5253 INFO rally.task.context [-] Task e4cf5baa-1074-42c8-8aff-22e4df2c6344 | Context cleanup@openstack cleanup() started
2020-04-10 04:27:18.959 5253 RALLYDEBUG rally_openstack.cleanup.manager [-] Cleaning up heat stacks objects
2020-04-10 04:27:19.712 5253 INFO rally.task.context [-] Task e4cf5baa-1074-42c8-8aff-22e4df2c6344 | Context cleanup@openstack cleanup() finished in 0.76 sec
2020-04-10 04:27:19.712 5253 INFO rally.task.context [-] Task e4cf5baa-1074-42c8-8aff-22e4df2c6344 | Context roles@openstack cleanup() started
2020-04-10 04:27:19.721 5253 INFO rally.task.context [-] Task e4cf5baa-1074-42c8-8aff-22e4df2c6344 | Context roles@openstack cleanup() finished in 9.31 msec
2020-04-10 04:27:19.722 5253 INFO rally.task.context [-] Task e4cf5baa-1074-42c8-8aff-22e4df2c6344 | Context users@openstack cleanup() started
2020-04-10 04:27:19.910 5253 WARNING rally.common.logging [-] `iterate_per_tenants()' is deprecated in v3.0.0: it is openstack specific.. Used at
2020-04-10 04:27:23.980 5253 INFO rally.task.context [-] Task e4cf5baa-1074-42c8-8aff-22e4df2c6344 | Context users@openstack cleanup() finished in 4.26 sec
2020-04-10 04:27:24.951 5253 INFO rally.task.engine [-] Load duration is: 18.510036
2020-04-10 04:27:24.951 5253 INFO rally.task.engine [-] Full runner duration is: 22.555264
2020-04-10 04:27:24.952 5253 INFO rally.task.engine [-] Full duration is: 29.203169
2020-04-10 04:27:25.008 5253 INFO rally.task.engine [-] Running workload: position = 4 config = { "version": 2, "title": "A cropped version of a bigger task.", "description": "Auto-generated task from a single workload (uuid=7cdc615b-4e7e-4ab2-a434-e2a31f44f2ff)", "subtasks": [ { "title": "HeatStacks.create_update_delete_stack", "description": "Create, update and then delete a stack.", "scenario": { "HeatStacks.create_update_delete_stack": { "template_path": "/usr/lib/python3.7/site-packages/functest/opnfv_tests/openstack/rally/scenario/templates/resource_group.yaml.template", "updated_template_path": "/usr/lib/python3.7/site-packages/functest/opnfv_tests/openstack/rally/scenario/templates/updated_resource_group_reduce.yaml.template" } }, "contexts": { "users": { "tenants": 3, "users_per_tenant": 2 }, "roles": [ "heat_stack_owner" ] }, "runner": { "constant": { "concurrency": 4, "times": 10 } }, "hooks": [], "sla": { "failure_rate": { "max": 0 } } } ] }
2020-04-10 04:27:25.025 5253 RALLYDEBUG rally_openstack.contexts.keystone.users [-] Creating 3 tenants using 3 threads
2020-04-10 04:27:25.519 5253 RALLYDEBUG rally_openstack.contexts.keystone.users [-] Creating 6 users using 6 threads
2020-04-10 04:27:26.507 5253 INFO rally.task.context [-] Task e4cf5baa-1074-42c8-8aff-22e4df2c6344 | Context users@openstack setup() finished in 1.48 sec
2020-04-10 04:27:26.742 5253 ERROR rally.common.broker [-] Failed to publish a task to the queue: rally.exceptions.NotFoundException: The resource can not be found: There is no role with name `heat_stack_owner`
2020-04-10 04:27:26.742 5253 ERROR rally.common.broker
Traceback (most recent call last):
2020-04-10 04:27:26.742 5253 ERROR rally.common.broker
File "/usr/lib/python3.7/site-packages/rally/common/broker.py", line 58, in _publisher
2020-04-10 04:27:26.742 5253 ERROR rally.common.broker publish(queue)
2020-04-10 04:27:26.742 5253 ERROR rally.common.broker
File "/usr/lib/python3.7/site-packages/rally_openstack/contexts/keystone/roles.py", line 91, in publish
2020-04-10 04:27:26.742 5253 ERROR rally.common.broker role = self._get_role_object(context_role)
2020-04-10 04:27:26.742 5253 ERROR rally.common.broker
File "/usr/lib/python3.7/site-packages/rally_openstack/contexts/keystone/roles.py", line 65, in _get_role_object
2020-04-10 04:27:26.742 5253 ERROR rally.common.broker "There is no role with name `%s`" % context_role)
2020-04-10 04:27:26.742 5253 ERROR rally.common.broker rally.exceptions.NotFoundException: The resource can not be found: There is no role with name `heat_stack_owner`
2020-04-10 04:27:26.742 5253 ERROR rally.common.broker
2020-04-10 04:27:26.752 5253 INFO rally.task.context [-] Task e4cf5baa-1074-42c8-8aff-22e4df2c6344 | Context roles@openstack setup() finished in 0.24 sec
2020-04-10 04:27:26.753 5253 INFO rally.task.context [-] Task e4cf5baa-1074-42c8-8aff-22e4df2c6344 | Context cleanup@openstack setup() finished in 0.00 msec
2020-04-10 04:27:26.762 5253 RALLYDEBUG rally.task.runner [-] Starting the constant runner (task UUID: e4cf5baa-1074-42c8-8aff-22e4df2c6344). times: 10 concurrency: 4 timeout: 0 max_cpu_used: 88 processes_to_start: 4 concurrency_per_worker: 1 concurrency_overhead: 0
2020-04-10 04:27:26.773 7282 RALLYDEBUG rally.task.runner [-] Starting a worker. times: 10 duration: None concurrency: 1 timeout: 0 cls: method_name: run args: {"template_path": "heat_template_version: 2014-10-16\n\ndescription: Test template for rally create-update-delete scenario\n\nresources:\n test_group:\n type: OS::Heat::ResourceGroup\n properties:\n count: 2\n resource_def:\n type: OS::Heat::RandomString\n properties:\n length: 20", "updated_template_path": "heat_template_version: 2014-10-16\n\ndescription: >\n Test template for create-update-delete-stack scenario in rally.\n The template updates one resource from the stack defined by resource_group.yaml.template\n and deletes children resources from that resource.\n\nresources:\n test_group:\n type: OS::Heat::ResourceGroup\n properties:\n count: 1\n resource_def:\n type: OS::Heat::RandomString\n properties:\n length: 20"}
2020-04-10 04:27:26.775 7283 RALLYDEBUG rally.task.runner [-] Starting a worker. times: 10 duration: None concurrency: 1 timeout: 0 cls: method_name: run args: {"template_path": "heat_template_version: 2014-10-16\n\ndescription: Test template for rally create-update-delete scenario\n\nresources:\n test_group:\n type: OS::Heat::ResourceGroup\n properties:\n count: 2\n resource_def:\n type: OS::Heat::RandomString\n properties:\n length: 20", "updated_template_path": "heat_template_version: 2014-10-16\n\ndescription: >\n Test template for create-update-delete-stack scenario in rally.\n The template updates one resource from the stack defined by resource_group.yaml.template\n and deletes children resources from that resource.\n\nresources:\n test_group:\n type: OS::Heat::ResourceGroup\n properties:\n count: 1\n resource_def:\n type: OS::Heat::RandomString\n properties:\n length: 20"}
2020-04-10 04:27:26.778 7284 RALLYDEBUG rally.task.runner [-] Starting a worker. times: 10 duration: None concurrency: 1 timeout: 0 cls: method_name: run args: {"template_path": "heat_template_version: 2014-10-16\n\ndescription: Test template for rally create-update-delete scenario\n\nresources:\n test_group:\n type: OS::Heat::ResourceGroup\n properties:\n count: 2\n resource_def:\n type: OS::Heat::RandomString\n properties:\n length: 20", "updated_template_path": "heat_template_version: 2014-10-16\n\ndescription: >\n Test template for create-update-delete-stack scenario in rally.\n The template updates one resource from the stack defined by resource_group.yaml.template\n and deletes children resources from that resource.\n\nresources:\n test_group:\n type: OS::Heat::ResourceGroup\n properties:\n count: 1\n resource_def:\n type: OS::Heat::RandomString\n properties:\n length: 20"}
2020-04-10 04:27:26.779 7282 INFO rally.task.runner [-] Task e4cf5baa-1074-42c8-8aff-22e4df2c6344 | ITER: 1 START
2020-04-10 04:27:26.780 7285 RALLYDEBUG rally.task.runner [-] Starting a worker. times: 10 duration: None concurrency: 1 timeout: 0 cls: method_name: run args: {"template_path": "heat_template_version: 2014-10-16\n\ndescription: Test template for rally create-update-delete scenario\n\nresources:\n test_group:\n type: OS::Heat::ResourceGroup\n properties:\n count: 2\n resource_def:\n type: OS::Heat::RandomString\n properties:\n length: 20", "updated_template_path": "heat_template_version: 2014-10-16\n\ndescription: >\n Test template for create-update-delete-stack scenario in rally.\n The template updates one resource from the stack defined by resource_group.yaml.template\n and deletes children resources from that resource.\n\nresources:\n test_group:\n type: OS::Heat::ResourceGroup\n properties:\n count: 1\n resource_def:\n type: OS::Heat::RandomString\n properties:\n length: 20"}
2020-04-10 04:27:26.782 7283 INFO rally.task.runner [-] Task e4cf5baa-1074-42c8-8aff-22e4df2c6344 | ITER: 2 START
2020-04-10 04:27:26.784 7284 INFO rally.task.runner [-] Task e4cf5baa-1074-42c8-8aff-22e4df2c6344 | ITER: 3 START
2020-04-10 04:27:26.787 7285 INFO rally.task.runner [-] Task e4cf5baa-1074-42c8-8aff-22e4df2c6344 | ITER: 4 START
2020-04-10 04:27:30.759 7282 RALLYDEBUG rally.task.utils [-] Waiting for resource . Status changed: CREATE_IN_PROGRESS => CREATE_COMPLETE in 1.1740646362304688
2020-04-10 04:27:30.763 7285 RALLYDEBUG rally.task.utils [-] Waiting for resource . Status changed: CREATE_IN_PROGRESS => CREATE_COMPLETE in 1.175201416015625
2020-04-10 04:27:30.829 7283 RALLYDEBUG rally.task.utils [-] Waiting for resource . Status changed: CREATE_IN_PROGRESS => CREATE_COMPLETE in 1.1806483268737793
2020-04-10 04:27:30.832 7284 RALLYDEBUG rally.task.utils [-] Waiting for resource . Status changed: CREATE_IN_PROGRESS => CREATE_COMPLETE in 1.1908318996429443
2020-04-10 04:27:32.970 7282 RALLYDEBUG rally.task.utils [-] Waiting for resource . Status changed: CREATE_COMPLETE => UPDATE_IN_PROGRESS in 0.08756518363952637
2020-04-10 04:27:33.026 7285 RALLYDEBUG rally.task.utils [-] Waiting for resource . Status changed: CREATE_COMPLETE => UPDATE_IN_PROGRESS in 0.08772802352905273
2020-04-10 04:27:33.088 7283 RALLYDEBUG rally.task.utils [-] Waiting for resource . Status changed: CREATE_COMPLETE => UPDATE_IN_PROGRESS in 0.08481979370117188
2020-04-10 04:27:33.100 7284 RALLYDEBUG rally.task.utils [-] Waiting for resource . Status changed: CREATE_COMPLETE => UPDATE_IN_PROGRESS in 0.09182071685791016
2020-04-10 04:27:34.064 7282 RALLYDEBUG rally.task.utils [-] Waiting for resource . Status changed: UPDATE_IN_PROGRESS => UPDATE_COMPLETE in 1.0937650203704834
2020-04-10 04:27:34.123 7285 RALLYDEBUG rally.task.utils [-] Waiting for resource . Status changed: UPDATE_IN_PROGRESS => UPDATE_COMPLETE in 1.0975501537322998
2020-04-10 04:27:34.174 7283 RALLYDEBUG rally.task.utils [-] Waiting for resource . Status changed: UPDATE_IN_PROGRESS => UPDATE_COMPLETE in 1.086111068725586
2020-04-10 04:27:34.215 7284 RALLYDEBUG rally.task.utils [-] Waiting for resource . Status changed: UPDATE_IN_PROGRESS => UPDATE_COMPLETE in 1.1145195960998535
