2020-04-10 04:01:52.008 6 RALLYDEBUG rally.api [-] INFO logs from urllib3 and requests module are hide.
2020-04-10 04:01:52.008 6 RALLYDEBUG rally.api [-] urllib3 insecure warnings are hidden.
2020-04-10 04:01:52.008 6 RALLYDEBUG rally.api [-] ERROR log from boto module is hide.
2020-04-10 04:01:53.709 6 ERROR rally.cli.cliutils [-] Unexpected exception in CLI: rally.exceptions.DBRecordNotFound: Record for uuid or name is opnfv-rally not found in table envs
2020-04-10 04:01:53.709 6 ERROR rally.cli.cliutils
Traceback (most recent call last):
2020-04-10 04:01:53.709 6 ERROR rally.cli.cliutils
File "/usr/lib/python3.7/site-packages/rally/cli/cliutils.py", line 657, in run
2020-04-10 04:01:53.709 6 ERROR rally.cli.cliutils ret = fn(*fn_args, **fn_kwargs)
2020-04-10 04:01:53.709 6 ERROR rally.cli.cliutils File "", line 2, in destroy
2020-04-10 04:01:53.709 6 ERROR rally.cli.cliutils
File "/usr/lib/python3.7/site-packages/rally/cli/envutils.py", line 135, in default_from_global
2020-04-10 04:01:53.709 6 ERROR rally.cli.cliutils return f(*args, **kwargs)
2020-04-10 04:01:53.709 6 ERROR rally.cli.cliutils File "", line 2, in destroy
2020-04-10 04:01:53.709 6 ERROR rally.cli.cliutils
File "/usr/lib/python3.7/site-packages/rally/plugins/__init__.py", line 59, in ensure_plugins_are_loaded
2020-04-10 04:01:53.709 6 ERROR rally.cli.cliutils return f(*args, **kwargs)
2020-04-10 04:01:53.709 6 ERROR rally.cli.cliutils
File "/usr/lib/python3.7/site-packages/rally/cli/commands/deployment.py", line 154, in destroy
2020-04-10 04:01:53.709 6 ERROR rally.cli.cliutils api.deployment.destroy(deployment=deployment)
2020-04-10 04:01:53.709 6 ERROR rally.cli.cliutils
File "/usr/lib/python3.7/site-packages/rally/api.py", line 115, in destroy
2020-04-10 04:01:53.709 6 ERROR rally.cli.cliutils deploy = objects.Deployment.get(deployment)
2020-04-10 04:01:53.709 6 ERROR rally.cli.cliutils
File "/usr/lib/python3.7/site-packages/rally/common/objects/deploy.py", line 124, in get
2020-04-10 04:01:53.709 6 ERROR rally.cli.cliutils return Deployment(env_mgr.EnvManager.get(deploy))
2020-04-10 04:01:53.709 6 ERROR rally.cli.cliutils
File "/usr/lib/python3.7/site-packages/rally/env/env_mgr.py", line 212, in get
2020-04-10 04:01:53.709 6 ERROR rally.cli.cliutils return cls(db.env_get(uuid_or_name))
2020-04-10 04:01:53.709 6 ERROR rally.cli.cliutils
File "/usr/lib/python3.7/site-packages/rally/common/db/api.py", line 133, in wrapper
2020-04-10 04:01:53.709 6 ERROR rally.cli.cliutils result = f(session, *args, **kwargs)
2020-04-10 04:01:53.709 6 ERROR rally.cli.cliutils
File "/usr/lib/python3.7/site-packages/rally/common/db/api.py", line 519, in env_get
2020-04-10 04:01:53.709 6 ERROR rally.cli.cliutils criteria="uuid or name is %s" % uuid_or_name, table="envs")
2020-04-10 04:01:53.709 6 ERROR rally.cli.cliutils rally.exceptions.DBRecordNotFound: Record for uuid or name is opnfv-rally not found in table envs
2020-04-10 04:01:53.709 6 ERROR rally.cli.cliutils
2020-04-10 04:01:55.035 8 RALLYDEBUG rally.api [-] INFO logs from urllib3 and requests module are hide.
2020-04-10 04:01:55.036 8 RALLYDEBUG rally.api [-] urllib3 insecure warnings are hidden.
2020-04-10 04:01:55.036 8 RALLYDEBUG rally.api [-] ERROR log from boto module is hide.
2020-04-10 04:01:58.604 10 RALLYDEBUG rally.api [-] INFO logs from urllib3 and requests module are hide.
2020-04-10 04:01:58.604 10 RALLYDEBUG rally.api [-] urllib3 insecure warnings are hidden.
2020-04-10 04:01:58.604 10 RALLYDEBUG rally.api [-] ERROR log from boto module is hide.
2020-04-10 04:02:02.475 13 RALLYDEBUG rally.api [-] INFO logs from urllib3 and requests module are hide.
2020-04-10 04:02:02.476 13 RALLYDEBUG rally.api [-] urllib3 insecure warnings are hidden.
2020-04-10 04:02:02.476 13 RALLYDEBUG rally.api [-] ERROR log from boto module is hide.
2020-04-10 04:02:03.909 15 RALLYDEBUG rally.api [-] INFO logs from urllib3 and requests module are hide.
2020-04-10 04:02:03.909 15 RALLYDEBUG rally.api [-] urllib3 insecure warnings are hidden.
2020-04-10 04:02:03.909 15 RALLYDEBUG rally.api [-] ERROR log from boto module is hide.
2020-04-10 04:02:05.886 15 INFO rally.task.engine [-] Task 1f87fbbc-9802-443d-886f-4a7f55217d76 | Starting: Task validation.
2020-04-10 04:02:05.900 15 INFO rally.task.engine [-] Task 1f87fbbc-9802-443d-886f-4a7f55217d76 | Starting: Task validation of syntax.
2020-04-10 04:02:05.963 15 INFO rally.task.engine [-] Task 1f87fbbc-9802-443d-886f-4a7f55217d76 | Completed: Task validation of syntax.
2020-04-10 04:02:05.963 15 INFO rally.task.engine [-] Task 1f87fbbc-9802-443d-886f-4a7f55217d76 | Starting: Task validation of required platforms.
2020-04-10 04:02:06.001 15 INFO rally.task.engine [-] Task 1f87fbbc-9802-443d-886f-4a7f55217d76 | Completed: Task validation of required platforms.
2020-04-10 04:02:06.001 15 INFO rally.task.engine [-] Task 1f87fbbc-9802-443d-886f-4a7f55217d76 | Starting: Task validation of semantic.
2020-04-10 04:02:06.001 15 INFO rally.task.engine [-] Check health of the environment '12112318-7055-4447-9f85-97c68bb245e8'.
2020-04-10 04:02:06.448 15 INFO rally.task.engine [-] Platform existing@openstack (available: True): OK!
2020-04-10 04:02:06.463 15 RALLYDEBUG rally_openstack.contexts.keystone.users [-] Creating 1 tenants using 1 threads
2020-04-10 04:02:06.812 15 RALLYDEBUG rally_openstack.contexts.keystone.users [-] Creating 1 users using 1 threads
2020-04-10 04:02:07.419 15 INFO rally.task.context [-] Task 1f87fbbc-9802-443d-886f-4a7f55217d76 | Context users@openstack setup() finished in 0.95 sec
2020-04-10 04:02:07.462 15 INFO rally.task.context [-] Task 1f87fbbc-9802-443d-886f-4a7f55217d76 | Context users@openstack cleanup() started
2020-04-10 04:02:07.685 15 WARNING rally.common.logging [-] `iterate_per_tenants()' is deprecated in v3.0.0: it is openstack specific.. Used at
2020-04-10 04:02:08.984 15 INFO rally.task.context [-] Task 1f87fbbc-9802-443d-886f-4a7f55217d76 | Context users@openstack cleanup() finished in 1.52 sec
2020-04-10 04:02:08.984 15 INFO rally.task.engine [-] Task 1f87fbbc-9802-443d-886f-4a7f55217d76 | Completed: Task validation of semantic.
2020-04-10 04:02:08.985 15 INFO rally.task.engine [-] Task 1f87fbbc-9802-443d-886f-4a7f55217d76 | Completed: Task validation.
2020-04-10 04:02:08.985 15 INFO rally.api [-] Task 1f87fbbc-9802-443d-886f-4a7f55217d76 input file is valid.
2020-04-10 04:02:08.986 15 INFO rally.api [-] Run Task 1f87fbbc-9802-443d-886f-4a7f55217d76 against Deployment 12112318-7055-4447-9f85-97c68bb245e8
2020-04-10 04:02:08.986 15 INFO rally.task.engine [-] Task 1f87fbbc-9802-443d-886f-4a7f55217d76 | Starting: Running task.
2020-04-10 04:02:09.133 15 INFO rally.task.engine [-] Running workload: position = 0 config = { "version": 2, "title": "A cropped version of a bigger task.", "description": "Auto-generated task from a single workload (uuid=1b55684e-70d2-4baa-ac72-1fb4f5691cec)", "subtasks": [ { "title": "Authenticate.keystone", "description": "Check Keystone Client.", "scenario": { "Authenticate.keystone": {} }, "contexts": { "users": { "tenants": 3, "users_per_tenant": 2 } }, "runner": { "constant": { "concurrency": 4, "times": 10 } }, "hooks": [], "sla": { "failure_rate": { "max": 0 } } } ] }
2020-04-10 04:02:09.151 15 RALLYDEBUG rally_openstack.contexts.keystone.users [-] Creating 3 tenants using 3 threads
2020-04-10 04:02:09.690 15 RALLYDEBUG rally_openstack.contexts.keystone.users [-] Creating 6 users using 6 threads
2020-04-10 04:02:10.750 15 INFO rally.task.context [-] Task 1f87fbbc-9802-443d-886f-4a7f55217d76 | Context users@openstack setup() finished in 1.60 sec
2020-04-10 04:02:10.760 15 RALLYDEBUG rally.task.runner [-] Starting the constant runner (task UUID: 1f87fbbc-9802-443d-886f-4a7f55217d76). times: 10 concurrency: 4 timeout: 0 max_cpu_used: 88 processes_to_start: 4 concurrency_per_worker: 1 concurrency_overhead: 0
2020-04-10 04:02:10.774 70 RALLYDEBUG rally.task.runner [-] Starting a worker. times: 10 duration: None concurrency: 1 timeout: 0 cls: method_name: run args: {}
2020-04-10 04:02:10.777 71 RALLYDEBUG rally.task.runner [-] Starting a worker. times: 10 duration: None concurrency: 1 timeout: 0 cls: method_name: run args: {}
2020-04-10 04:02:10.780 72 RALLYDEBUG rally.task.runner [-] Starting a worker. times: 10 duration: None concurrency: 1 timeout: 0 cls: method_name: run args: {}
2020-04-10 04:02:10.781 70 INFO rally.task.runner [-] Task 1f87fbbc-9802-443d-886f-4a7f55217d76 | ITER: 1 START
2020-04-10 04:02:10.781 73 RALLYDEBUG rally.task.runner [-] Starting a worker. times: 10 duration: None concurrency: 1 timeout: 0 cls: method_name: run args: {}
2020-04-10 04:02:10.783 71 INFO rally.task.runner [-] Task 1f87fbbc-9802-443d-886f-4a7f55217d76 | ITER: 2 START
2020-04-10 04:02:10.785 73 INFO rally.task.runner [-] Task 1f87fbbc-9802-443d-886f-4a7f55217d76 | ITER: 4 START
2020-04-10 04:02:10.786 72 INFO rally.task.runner [-] Task 1f87fbbc-9802-443d-886f-4a7f55217d76 | ITER: 3 START
2020-04-10 04:02:10.987 71 INFO rally.task.runner [-] Task 1f87fbbc-9802-443d-886f-4a7f55217d76 | ITER: 2 END: OK
2020-04-10 04:02:10.989 73 INFO rally.task.runner [-] Task 1f87fbbc-9802-443d-886f-4a7f55217d76 | ITER: 4 END: OK
2020-04-10 04:02:10.991 70 INFO rally.task.runner [-] Task 1f87fbbc-9802-443d-886f-4a7f55217d76 | ITER: 1 END: OK
2020-04-10 04:02:10.992 71 INFO rally.task.runner [-] Task 1f87fbbc-9802-443d-886f-4a7f55217d76 | ITER: 5 START
2020-04-10 04:02:10.993 73 INFO rally.task.runner [-] Task 1f87fbbc-9802-443d-886f-4a7f55217d76 | ITER: 6 START
2020-04-10 04:02:10.995 70 INFO rally.task.runner [-] Task 1f87fbbc-9802-443d-886f-4a7f55217d76 | ITER: 7 START
2020-04-10 04:02:11.014 72 INFO rally.task.runner [-] Task 1f87fbbc-9802-443d-886f-4a7f55217d76 | ITER: 3 END: OK
2020-04-10 04:02:11.020 72 INFO rally.task.runner [-] Task 1f87fbbc-9802-443d-886f-4a7f55217d76 | ITER: 8 START
2020-04-10 04:02:11.110 71 INFO rally.task.runner [-] Task 1f87fbbc-9802-443d-886f-4a7f55217d76 | ITER: 5 END: OK
2020-04-10 04:02:11.114 71 INFO rally.task.runner [-] Task 1f87fbbc-9802-443d-886f-4a7f55217d76 | ITER: 9 START
2020-04-10 04:02:11.137 72 INFO rally.task.runner [-] Task 1f87fbbc-9802-443d-886f-4a7f55217d76 | ITER: 8 END: OK
2020-04-10 04:02:11.142 72 INFO rally.task.runner [-] Task 1f87fbbc-9802-443d-886f-4a7f55217d76 | ITER: 10 START
2020-04-10 04:02:11.195 70 INFO rally.task.runner [-] Task 1f87fbbc-9802-443d-886f-4a7f55217d76 | ITER: 7 END: OK
2020-04-10 04:02:11.197 73 INFO rally.task.runner [-] Task 1f87fbbc-9802-443d-886f-4a7f55217d76 | ITER: 6 END: OK
2020-04-10 04:02:11.229 71 INFO rally.task.runner [-] Task 1f87fbbc-9802-443d-886f-4a7f55217d76 | ITER: 9 END: OK
2020-04-10 04:02:11.262 72 INFO rally.task.runner [-] Task 1f87fbbc-9802-443d-886f-4a7f55217d76 | ITER: 10 END: OK
2020-04-10 04:02:11.284 15 INFO rally.task.context [-] Task 1f87fbbc-9802-443d-886f-4a7f55217d76 | Context users@openstack cleanup() started
2020-04-10 04:02:11.454 15 WARNING rally.common.logging [-] `iterate_per_tenants()' is deprecated in v3.0.0: it is openstack specific.. Used at
2020-04-10 04:02:14.164 15 INFO rally.task.context [-] Task 1f87fbbc-9802-443d-886f-4a7f55217d76 | Context users@openstack cleanup() finished in 2.88 sec
2020-04-10 04:02:15.216 15 INFO rally.task.engine [-] Load duration is: 0.479942
2020-04-10 04:02:15.219 15 INFO rally.task.engine [-] Full runner duration is: 0.523851
2020-04-10 04:02:15.219 15 INFO rally.task.engine [-] Full duration is: 5.014656
2020-04-10 04:02:15.334 15 INFO rally.task.engine [-] Running workload: position = 0 config = { "version": 2, "title": "A cropped version of a bigger task.", "description": "Auto-generated task from a single workload (uuid=9c857e26-2222-432a-a34e-8cc963ad27bf)", "subtasks": [ { "title": "Authenticate.validate_cinder", "description": "Check Cinder Client to ensure validation of token.", "scenario": { "Authenticate.validate_cinder": { "repetitions": 2 } }, "contexts": { "users": { "tenants": 3, "users_per_tenant": 2 } }, "runner": { "constant": { "concurrency": 4, "times": 10 } }, "hooks": [], "sla": { "failure_rate": { "max": 0 } } } ] }
2020-04-10 04:02:15.363 15 RALLYDEBUG rally_openstack.contexts.keystone.users [-] Creating 3 tenants using 3 threads
2020-04-10 04:02:15.888 15 RALLYDEBUG rally_openstack.contexts.keystone.users [-] Creating 6 users using 6 threads
2020-04-10 04:02:16.842 15 INFO rally.task.context [-] Task 1f87fbbc-9802-443d-886f-4a7f55217d76 | Context users@openstack setup() finished in 1.48 sec
2020-04-10 04:02:16.855 15 RALLYDEBUG rally.task.runner [-] Starting the constant runner (task UUID: 1f87fbbc-9802-443d-886f-4a7f55217d76). times: 10 concurrency: 4 timeout: 0 max_cpu_used: 88 processes_to_start: 4 concurrency_per_worker: 1 concurrency_overhead: 0
2020-04-10 04:02:16.868 143 RALLYDEBUG rally.task.runner [-] Starting a worker. times: 10 duration: None concurrency: 1 timeout: 0 cls: method_name: run args: {"repetitions": 2}
2020-04-10 04:02:16.870 144 RALLYDEBUG rally.task.runner [-] Starting a worker. times: 10 duration: None concurrency: 1 timeout: 0 cls: method_name: run args: {"repetitions": 2}
2020-04-10 04:02:16.872 145 RALLYDEBUG rally.task.runner [-] Starting a worker. times: 10 duration: None concurrency: 1 timeout: 0 cls: method_name: run args: {"repetitions": 2}
2020-04-10 04:02:16.874 143 INFO rally.task.runner [-] Task 1f87fbbc-9802-443d-886f-4a7f55217d76 | ITER: 1 START
2020-04-10 04:02:16.876 146 RALLYDEBUG rally.task.runner [-] Starting a worker. times: 10 duration: None concurrency: 1 timeout: 0 cls: method_name: run args: {"repetitions": 2}
2020-04-10 04:02:16.877 144 INFO rally.task.runner [-] Task 1f87fbbc-9802-443d-886f-4a7f55217d76 | ITER: 2 START
2020-04-10 04:02:16.879 145 INFO rally.task.runner [-] Task 1f87fbbc-9802-443d-886f-4a7f55217d76 | ITER: 3 START
2020-04-10 04:02:16.883 146 INFO rally.task.runner [-] Task 1f87fbbc-9802-443d-886f-4a7f55217d76 | ITER: 4 START
2020-04-10 04:02:17.233 144 INFO rally.task.runner [-] Task 1f87fbbc-9802-443d-886f-4a7f55217d76 | ITER: 2 END: OK
2020-04-10 04:02:17.239 144 INFO rally.task.runner [-] Task 1f87fbbc-9802-443d-886f-4a7f55217d76 | ITER: 5 START
2020-04-10 04:02:17.242 146 INFO rally.task.runner [-] Task 1f87fbbc-9802-443d-886f-4a7f55217d76 | ITER: 4 END: OK
2020-04-10 04:02:17.243 145 INFO rally.task.runner [-] Task 1f87fbbc-9802-443d-886f-4a7f55217d76 | ITER: 3 END: OK
2020-04-10 04:02:17.247 146 INFO rally.task.runner [-] Task 1f87fbbc-9802-443d-886f-4a7f55217d76 | ITER: 6 START
2020-04-10 04:02:17.247 145 INFO rally.task.runner [-] Task 1f87fbbc-9802-443d-886f-4a7f55217d76 | ITER: 7 START
2020-04-10 04:02:17.254 143 INFO rally.task.runner [-] Task 1f87fbbc-9802-443d-886f-4a7f55217d76 | ITER: 1 END: OK
2020-04-10 04:02:17.259 143 INFO rally.task.runner [-] Task 1f87fbbc-9802-443d-886f-4a7f55217d76 | ITER: 8 START
2020-04-10 04:02:17.429 144 INFO rally.task.runner [-] Task 1f87fbbc-9802-443d-886f-4a7f55217d76 | ITER: 5 END: OK
2020-04-10 04:02:17.433 144 INFO rally.task.runner [-] Task 1f87fbbc-9802-443d-886f-4a7f55217d76 | ITER: 9 START
2020-04-10 04:02:17.437 143 INFO rally.task.runner [-] Task 1f87fbbc-9802-443d-886f-4a7f55217d76 | ITER: 8 END: OK
2020-04-10 04:02:17.441 143 INFO rally.task.runner [-] Task 1f87fbbc-9802-443d-886f-4a7f55217d76 | ITER: 10 START
2020-04-10 04:02:17.526 145 INFO rally.task.runner [-] Task 1f87fbbc-9802-443d-886f-4a7f55217d76 | ITER: 7 END: OK
2020-04-10 04:02:17.568 146 INFO rally.task.runner [-] Task 1f87fbbc-9802-443d-886f-4a7f55217d76 | ITER: 6 END: OK
2020-04-10 04:02:17.623 144 INFO rally.task.runner [-] Task 1f87fbbc-9802-443d-886f-4a7f55217d76 | ITER: 9 END: OK
2020-04-10 04:02:17.630 143 INFO rally.task.runner [-] Task 1f87fbbc-9802-443d-886f-4a7f55217d76 | ITER: 10 END: OK
2020-04-10 04:02:17.655 15 INFO rally.task.context [-] Task 1f87fbbc-9802-443d-886f-4a7f55217d76 | Context users@openstack cleanup() started
2020-04-10 04:02:17.799 15 WARNING rally.common.logging [-] `iterate_per_tenants()' is deprecated in v3.0.0: it is openstack specific.. Used at
2020-04-10 04:02:21.845 15 INFO rally.task.context [-] Task 1f87fbbc-9802-443d-886f-4a7f55217d76 | Context users@openstack cleanup() finished in 4.19 sec
2020-04-10 04:02:23.455 15 INFO rally.task.engine [-] Load duration is: 0.755382
2020-04-10 04:02:23.456 15 INFO rally.task.engine [-] Full runner duration is: 0.800799
2020-04-10 04:02:23.456 15 INFO rally.task.engine [-] Full duration is: 6.483235
2020-04-10 04:02:23.546 15 INFO rally.task.engine [-] Running workload: position = 0 config = { "version": 2, "title": "A cropped version of a bigger task.", "description": "Auto-generated task from a single workload (uuid=9b1c15ef-fd33-4f9f-87b4-c13f04f8263f)", "subtasks": [ { "title": "Authenticate.validate_glance", "description": "Check Glance Client to ensure validation of token.", "scenario": { "Authenticate.validate_glance": { "repetitions": 2 } }, "contexts": { "users": { "tenants": 3, "users_per_tenant": 2 } }, "runner": { "constant": { "concurrency": 4, "times": 10 } }, "hooks": [], "sla": { "failure_rate": { "max": 0 } } } ] }
2020-04-10 04:02:23.571 15 RALLYDEBUG rally_openstack.contexts.keystone.users [-] Creating 3 tenants using 3 threads
2020-04-10 04:02:24.204 15 RALLYDEBUG rally_openstack.contexts.keystone.users [-] Creating 6 users using 6 threads
2020-04-10 04:02:25.211 15 INFO rally.task.context [-] Task 1f87fbbc-9802-443d-886f-4a7f55217d76 | Context users@openstack setup() finished in 1.64 sec
2020-04-10 04:02:25.223 15 RALLYDEBUG rally.task.runner [-] Starting the constant runner (task UUID: 1f87fbbc-9802-443d-886f-4a7f55217d76). times: 10 concurrency: 4 timeout: 0 max_cpu_used: 88 processes_to_start: 4 concurrency_per_worker: 1 concurrency_overhead: 0
2020-04-10 04:02:25.237 216 RALLYDEBUG rally.task.runner [-] Starting a worker. times: 10 duration: None concurrency: 1 timeout: 0 cls: method_name: run args: {"repetitions": 2}
2020-04-10 04:02:25.240 217 RALLYDEBUG rally.task.runner [-] Starting a worker. times: 10 duration: None concurrency: 1 timeout: 0 cls: method_name: run args: {"repetitions": 2}
2020-04-10 04:02:25.242 218 RALLYDEBUG rally.task.runner [-] Starting a worker. times: 10 duration: None concurrency: 1 timeout: 0 cls: method_name: run args: {"repetitions": 2}
2020-04-10 04:02:25.244 216 INFO rally.task.runner [-] Task 1f87fbbc-9802-443d-886f-4a7f55217d76 | ITER: 1 START
2020-04-10 04:02:25.245 219 RALLYDEBUG rally.task.runner [-] Starting a worker. times: 10 duration: None concurrency: 1 timeout: 0 cls: method_name: run args: {"repetitions": 2}
2020-04-10 04:02:25.246 217 INFO rally.task.runner [-] Task 1f87fbbc-9802-443d-886f-4a7f55217d76 | ITER: 2 START
2020-04-10 04:02:25.249 218 INFO rally.task.runner [-] Task 1f87fbbc-9802-443d-886f-4a7f55217d76 | ITER: 3 START
2020-04-10 04:02:25.252 219 INFO rally.task.runner [-] Task 1f87fbbc-9802-443d-886f-4a7f55217d76 | ITER: 4 START
2020-04-10 04:02:25.657 216 INFO rally.task.runner [-] Task 1f87fbbc-9802-443d-886f-4a7f55217d76 | ITER: 1 END: OK
2020-04-10 04:02:25.660 219 INFO rally.task.runner [-] Task 1f87fbbc-9802-443d-886f-4a7f55217d76 | ITER: 4 END: OK
2020-04-10 04:02:25.663 216 INFO rally.task.runner [-] Task 1f87fbbc-9802-443d-886f-4a7f55217d76 | ITER: 5 START
2020-04-10 04:02:25.665 219 INFO rally.task.runner [-] Task 1f87fbbc-9802-443d-886f-4a7f55217d76 | ITER: 6 START
2020-04-10 04:02:25.679 217 INFO rally.task.runner [-] Task 1f87fbbc-9802-443d-886f-4a7f55217d76 | ITER: 2 END: OK
2020-04-10 04:02:25.684 217 INFO rally.task.runner [-] Task 1f87fbbc-9802-443d-886f-4a7f55217d76 | ITER: 7 START
2020-04-10 04:02:25.690 218 INFO rally.task.runner [-] Task 1f87fbbc-9802-443d-886f-4a7f55217d76 | ITER: 3 END: OK
2020-04-10 04:02:25.695 218 INFO rally.task.runner [-] Task 1f87fbbc-9802-443d-886f-4a7f55217d76 | ITER: 8 START
2020-04-10 04:02:25.903 216 INFO rally.task.runner [-] Task 1f87fbbc-9802-443d-886f-4a7f55217d76 | ITER: 5 END: OK
2020-04-10 04:02:25.908 216 INFO rally.task.runner [-] Task 1f87fbbc-9802-443d-886f-4a7f55217d76 | ITER: 9 START
2020-04-10 04:02:25.942 219 INFO rally.task.runner [-] Task 1f87fbbc-9802-443d-886f-4a7f55217d76 | ITER: 6 END: OK
2020-04-10 04:02:25.946 219 INFO rally.task.runner [-] Task 1f87fbbc-9802-443d-886f-4a7f55217d76 | ITER: 10 START
2020-04-10 04:02:25.972 218 INFO rally.task.runner [-] Task 1f87fbbc-9802-443d-886f-4a7f55217d76 | ITER: 8 END: OK
2020-04-10 04:02:25.990 217 INFO rally.task.runner [-] Task 1f87fbbc-9802-443d-886f-4a7f55217d76 | ITER: 7 END: OK
2020-04-10 04:02:26.159 216 INFO rally.task.runner [-] Task 1f87fbbc-9802-443d-886f-4a7f55217d76 | ITER: 9 END: OK
2020-04-10 04:02:26.185 219 INFO rally.task.runner [-] Task 1f87fbbc-9802-443d-886f-4a7f55217d76 | ITER: 10 END: OK
2020-04-10 04:02:26.206 15 INFO rally.task.context [-] Task 1f87fbbc-9802-443d-886f-4a7f55217d76 | Context users@openstack cleanup() started
2020-04-10 04:02:26.342 15 WARNING rally.common.logging [-] `iterate_per_tenants()' is deprecated in v3.0.0: it is openstack specific.. Used at
2020-04-10 04:02:29.571 15 INFO rally.task.context [-] Task 1f87fbbc-9802-443d-886f-4a7f55217d76 | Context users@openstack cleanup() finished in 3.36 sec
2020-04-10 04:02:29.630 15 INFO rally.task.engine [-] Load duration is: 0.939085
2020-04-10 04:02:29.630 15 INFO rally.task.engine [-] Full runner duration is: 0.983725
2020-04-10 04:02:29.630 15 INFO rally.task.engine [-] Full duration is: 6.001716
2020-04-10 04:02:29.716 15 INFO rally.task.engine [-] Running workload: position = 0 config = { "version": 2, "title": "A cropped version of a bigger task.", "description": "Auto-generated task from a single workload (uuid=d91a66c5-4bcd-4130-be14-80d3a6f4bd84)", "subtasks": [ { "title": "Authenticate.validate_heat", "description": "Check Heat Client to ensure validation of token.", "scenario": { "Authenticate.validate_heat": { "repetitions": 2 } }, "contexts": { "users": { "tenants": 3, "users_per_tenant": 2 } }, "runner": { "constant": { "concurrency": 4, "times": 10 } }, "hooks": [], "sla": { "failure_rate": { "max": 0 } } } ] }
2020-04-10 04:02:29.736 15 RALLYDEBUG rally_openstack.contexts.keystone.users [-] Creating 3 tenants using 3 threads
2020-04-10 04:02:30.289 15 RALLYDEBUG rally_openstack.contexts.keystone.users [-] Creating 6 users using 6 threads
2020-04-10 04:02:31.262 15 INFO rally.task.context [-] Task 1f87fbbc-9802-443d-886f-4a7f55217d76 | Context users@openstack setup() finished in 1.53 sec
2020-04-10 04:02:31.271 15 RALLYDEBUG rally.task.runner [-] Starting the constant runner (task UUID: 1f87fbbc-9802-443d-886f-4a7f55217d76). times: 10 concurrency: 4 timeout: 0 max_cpu_used: 88 processes_to_start: 4 concurrency_per_worker: 1 concurrency_overhead: 0
2020-04-10 04:02:31.283 289 RALLYDEBUG rally.task.runner [-] Starting a worker. times: 10 duration: None concurrency: 1 timeout: 0 cls: method_name: run args: {"repetitions": 2}
2020-04-10 04:02:31.286 290 RALLYDEBUG rally.task.runner [-] Starting a worker. times: 10 duration: None concurrency: 1 timeout: 0 cls: method_name: run args: {"repetitions": 2}
2020-04-10 04:02:31.288 291 RALLYDEBUG rally.task.runner [-] Starting a worker. times: 10 duration: None concurrency: 1 timeout: 0 cls: method_name: run args: {"repetitions": 2}
2020-04-10 04:02:31.290 292 RALLYDEBUG rally.task.runner [-] Starting a worker. times: 10 duration: None concurrency: 1 timeout: 0 cls: method_name: run args: {"repetitions": 2}
2020-04-10 04:02:31.290 289 INFO rally.task.runner [-] Task 1f87fbbc-9802-443d-886f-4a7f55217d76 | ITER: 1 START
2020-04-10 04:02:31.294 290 INFO rally.task.runner [-] Task 1f87fbbc-9802-443d-886f-4a7f55217d76 | ITER: 2 START
2020-04-10 04:02:31.293 291 INFO rally.task.runner [-] Task 1f87fbbc-9802-443d-886f-4a7f55217d76 | ITER: 3 START
2020-04-10 04:02:31.295 292 INFO rally.task.runner [-] Task 1f87fbbc-9802-443d-886f-4a7f55217d76 | ITER: 4 START
2020-04-10 04:02:31.735 289 INFO rally.task.runner [-] Task 1f87fbbc-9802-443d-886f-4a7f55217d76 | ITER: 1 END: OK
2020-04-10 04:02:31.740 289 INFO rally.task.runner [-] Task 1f87fbbc-9802-443d-886f-4a7f55217d76 | ITER: 5 START
2020-04-10 04:02:31.742 291 INFO rally.task.runner [-] Task 1f87fbbc-9802-443d-886f-4a7f55217d76 | ITER: 3 END: OK
2020-04-10 04:02:31.742 290 INFO rally.task.runner [-] Task 1f87fbbc-9802-443d-886f-4a7f55217d76 | ITER: 2 END: OK
2020-04-10 04:02:31.746 291 INFO rally.task.runner [-] Task 1f87fbbc-9802-443d-886f-4a7f55217d76 | ITER: 6 START
2020-04-10 04:02:31.747 290 INFO rally.task.runner [-] Task 1f87fbbc-9802-443d-886f-4a7f55217d76 | ITER: 7 START
2020-04-10 04:02:31.764 292 INFO rally.task.runner [-] Task 1f87fbbc-9802-443d-886f-4a7f55217d76 | ITER: 4 END: OK
2020-04-10 04:02:31.769 292 INFO rally.task.runner [-] Task 1f87fbbc-9802-443d-886f-4a7f55217d76 | ITER: 8 START
2020-04-10 04:02:31.989 289 INFO rally.task.runner [-] Task 1f87fbbc-9802-443d-886f-4a7f55217d76 | ITER: 5 END: OK
2020-04-10 04:02:31.992 292 INFO rally.task.runner [-] Task 1f87fbbc-9802-443d-886f-4a7f55217d76 | ITER: 8 END: OK
2020-04-10 04:02:31.993 289 INFO rally.task.runner [-] Task 1f87fbbc-9802-443d-886f-4a7f55217d76 | ITER: 9 START
2020-04-10 04:02:31.996 292 INFO rally.task.runner [-] Task 1f87fbbc-9802-443d-886f-4a7f55217d76 | ITER: 10 START
2020-04-10 04:02:32.047 290 INFO rally.task.runner [-] Task 1f87fbbc-9802-443d-886f-4a7f55217d76 | ITER: 7 END: OK
2020-04-10 04:02:32.053 291 INFO rally.task.runner [-] Task 1f87fbbc-9802-443d-886f-4a7f55217d76 | ITER: 6 END: OK
2020-04-10 04:02:32.162 289 INFO rally.task.runner [-] Task 1f87fbbc-9802-443d-886f-4a7f55217d76 | ITER: 9 END: OK
2020-04-10 04:02:32.221 292 INFO rally.task.runner [-] Task 1f87fbbc-9802-443d-886f-4a7f55217d76 | ITER: 10 END: OK
2020-04-10 04:02:32.243 15 INFO rally.task.context [-] Task 1f87fbbc-9802-443d-886f-4a7f55217d76 | Context users@openstack cleanup() started
2020-04-10 04:02:32.387 15 WARNING rally.common.logging [-] `iterate_per_tenants()' is deprecated in v3.0.0: it is openstack specific.. Used at
2020-04-10 04:02:35.768 15 INFO rally.task.context [-] Task 1f87fbbc-9802-443d-886f-4a7f55217d76 | Context users@openstack cleanup() finished in 3.53 sec
2020-04-10 04:02:35.833 15 INFO rally.task.engine [-] Load duration is: 0.929452
2020-04-10 04:02:35.833 15 INFO rally.task.engine [-] Full runner duration is: 0.971327
2020-04-10 04:02:35.833 15 INFO rally.task.engine [-] Full duration is: 6.032876
2020-04-10 04:02:35.921 15 INFO rally.task.engine [-] Running workload: position = 0 config = { "version": 2, "title": "A cropped version of a bigger task.", "description": "Auto-generated task from a single workload (uuid=444662e4-eb70-4336-9403-c4ed6f96afae)", "subtasks": [ { "title": "Authenticate.validate_neutron", "description": "Check Neutron Client to ensure validation of token.", "scenario": { "Authenticate.validate_neutron": { "repetitions": 2 } }, "contexts": { "users": { "tenants": 3, "users_per_tenant": 2 } }, "runner": { "constant": { "concurrency": 4, "times": 10 } }, "hooks": [], "sla": { "failure_rate": { "max": 0 } } } ] }
2020-04-10 04:02:35.939 15 RALLYDEBUG rally_openstack.contexts.keystone.users [-] Creating 3 tenants using 3 threads
2020-04-10 04:02:36.428 15 RALLYDEBUG rally_openstack.contexts.keystone.users [-] Creating 6 users using 6 threads
2020-04-10 04:02:37.560 15 INFO rally.task.context [-] Task 1f87fbbc-9802-443d-886f-4a7f55217d76 | Context users@openstack setup() finished in 1.62 sec
2020-04-10 04:02:37.573 15 RALLYDEBUG rally.task.runner [-] Starting the constant runner (task UUID: 1f87fbbc-9802-443d-886f-4a7f55217d76). times: 10 concurrency: 4 timeout: 0 max_cpu_used: 88 processes_to_start: 4 concurrency_per_worker: 1 concurrency_overhead: 0
2020-04-10 04:02:37.585 362 RALLYDEBUG rally.task.runner [-] Starting a worker. times: 10 duration: None concurrency: 1 timeout: 0 cls: method_name: run args: {"repetitions": 2}
2020-04-10 04:02:37.588 363 RALLYDEBUG rally.task.runner [-] Starting a worker. times: 10 duration: None concurrency: 1 timeout: 0 cls: method_name: run args: {"repetitions": 2}
2020-04-10 04:02:37.591 364 RALLYDEBUG rally.task.runner [-] Starting a worker. times: 10 duration: None concurrency: 1 timeout: 0 cls: method_name: run args: {"repetitions": 2}
2020-04-10 04:02:37.593 362 INFO rally.task.runner [-] Task 1f87fbbc-9802-443d-886f-4a7f55217d76 | ITER: 1 START
2020-04-10 04:02:37.594 365 RALLYDEBUG rally.task.runner [-] Starting a worker. times: 10 duration: None concurrency: 1 timeout: 0 cls: method_name: run args: {"repetitions": 2}
2020-04-10 04:02:37.596 363 INFO rally.task.runner [-] Task 1f87fbbc-9802-443d-886f-4a7f55217d76 | ITER: 2 START
2020-04-10 04:02:37.598 364 INFO rally.task.runner [-] Task 1f87fbbc-9802-443d-886f-4a7f55217d76 | ITER: 3 START
2020-04-10 04:02:37.601 365 INFO rally.task.runner [-] Task 1f87fbbc-9802-443d-886f-4a7f55217d76 | ITER: 4 START
2020-04-10 04:02:38.124 363 INFO rally.task.runner [-] Task 1f87fbbc-9802-443d-886f-4a7f55217d76 | ITER: 2 END: OK
2020-04-10 04:02:38.130 363 INFO rally.task.runner [-] Task 1f87fbbc-9802-443d-886f-4a7f55217d76 | ITER: 5 START
2020-04-10 04:02:38.284 365 INFO rally.task.runner [-] Task 1f87fbbc-9802-443d-886f-4a7f55217d76 | ITER: 4 END: OK
2020-04-10 04:02:38.289 365 INFO rally.task.runner [-] Task 1f87fbbc-9802-443d-886f-4a7f55217d76 | ITER: 6 START
2020-04-10 04:02:38.291 364 INFO rally.task.runner [-] Task 1f87fbbc-9802-443d-886f-4a7f55217d76 | ITER: 3 END: OK
2020-04-10 04:02:38.295 364 INFO rally.task.runner [-] Task 1f87fbbc-9802-443d-886f-4a7f55217d76 | ITER: 7 START
2020-04-10 04:02:38.650 363 INFO rally.task.runner [-] Task 1f87fbbc-9802-443d-886f-4a7f55217d76 | ITER: 5 END: OK
2020-04-10 04:02:38.655 363 INFO rally.task.runner [-] Task 1f87fbbc-9802-443d-886f-4a7f55217d76 | ITER: 8 START
2020-04-10 04:02:39.225 363 INFO rally.task.runner [-] Task 1f87fbbc-9802-443d-886f-4a7f55217d76 | ITER: 8 END: OK
2020-04-10 04:02:39.230 363 INFO rally.task.runner [-] Task 1f87fbbc-9802-443d-886f-4a7f55217d76 | ITER: 9 START
2020-04-10 04:02:39.246 362 INFO rally.task.runner [-] Task 1f87fbbc-9802-443d-886f-4a7f55217d76 | ITER: 1 END: OK
2020-04-10 04:02:39.251 362 INFO rally.task.runner [-] Task 1f87fbbc-9802-443d-886f-4a7f55217d76 | ITER: 10 START
2020-04-10 04:02:39.551 364 INFO rally.task.runner [-] Task 1f87fbbc-9802-443d-886f-4a7f55217d76 | ITER: 7 END: OK
2020-04-10 04:02:39.629 362 INFO rally.task.runner [-] Task 1f87fbbc-9802-443d-886f-4a7f55217d76 | ITER: 10 END: OK
2020-04-10 04:02:39.800 363 INFO rally.task.runner [-] Task 1f87fbbc-9802-443d-886f-4a7f55217d76 | ITER: 9 END: OK
2020-04-10 04:02:39.837 365 INFO rally.task.runner [-] Task 1f87fbbc-9802-443d-886f-4a7f55217d76 | ITER: 6 END: OK
2020-04-10 04:02:39.868 15 INFO rally.task.context [-] Task 1f87fbbc-9802-443d-886f-4a7f55217d76 | Context users@openstack cleanup() started
2020-04-10 04:02:40.037 15 WARNING rally.common.logging [-] `iterate_per_tenants()' is deprecated in v3.0.0: it is openstack specific.. Used at
2020-04-10 04:02:44.033 15 INFO rally.task.context [-] Task 1f87fbbc-9802-443d-886f-4a7f55217d76 | Context users@openstack cleanup() finished in 4.16 sec
2020-04-10 04:02:46.031 15 INFO rally.task.engine [-] Load duration is: 2.242951
2020-04-10 04:02:46.032 15 INFO rally.task.engine [-] Full runner duration is: 2.294943
2020-04-10 04:02:46.032 15 INFO rally.task.engine [-] Full duration is: 8.094924
2020-04-10 04:02:46.121 15 INFO rally.task.engine [-] Running workload: position = 0 config = { "version": 2, "title": "A cropped version of a bigger task.", "description": "Auto-generated task from a single workload (uuid=a16dcafe-9992-42bf-ac65-2699fddeafa7)", "subtasks": [ { "title": "Authenticate.validate_nova", "description": "Check Nova Client to ensure validation of token.", "scenario": { "Authenticate.validate_nova": { "repetitions": 2 } }, "contexts": { "users": { "tenants": 3, "users_per_tenant": 2 } }, "runner": { "constant": { "concurrency": 4, "times": 10 } }, "hooks": [], "sla": { "failure_rate": { "max": 0 } } } ] }
2020-04-10 04:02:46.140 15 RALLYDEBUG rally_openstack.contexts.keystone.users [-] Creating 3 tenants using 3 threads
2020-04-10 04:02:46.684 15 RALLYDEBUG rally_openstack.contexts.keystone.users [-] Creating 6 users using 6 threads
2020-04-10 04:02:47.688 15 INFO rally.task.context [-] Task 1f87fbbc-9802-443d-886f-4a7f55217d76 | Context users@openstack setup() finished in 1.55 sec
2020-04-10 04:02:47.699 15 RALLYDEBUG rally.task.runner [-] Starting the constant runner (task UUID: 1f87fbbc-9802-443d-886f-4a7f55217d76). times: 10 concurrency: 4 timeout: 0 max_cpu_used: 88 processes_to_start: 4 concurrency_per_worker: 1 concurrency_overhead: 0
2020-04-10 04:02:47.711 435 RALLYDEBUG rally.task.runner [-] Starting a worker. times: 10 duration: None concurrency: 1 timeout: 0 cls: method_name: run args: {"repetitions": 2}
2020-04-10 04:02:47.713 436 RALLYDEBUG rally.task.runner [-] Starting a worker. times: 10 duration: None concurrency: 1 timeout: 0 cls: method_name: run args: {"repetitions": 2}
2020-04-10 04:02:47.716 437 RALLYDEBUG rally.task.runner [-] Starting a worker. times: 10 duration: None concurrency: 1 timeout: 0 cls: method_name: run args: {"repetitions": 2}
2020-04-10 04:02:47.718 435 INFO rally.task.runner [-] Task 1f87fbbc-9802-443d-886f-4a7f55217d76 | ITER: 1 START
2020-04-10 04:02:47.718 436 INFO rally.task.runner [-] Task 1f87fbbc-9802-443d-886f-4a7f55217d76 | ITER: 2 START
2020-04-10 04:02:47.719 438 RALLYDEBUG rally.task.runner [-] Starting a worker. times: 10 duration: None concurrency: 1 timeout: 0 cls: method_name: run args: {"repetitions": 2}
2020-04-10 04:02:47.721 437 INFO rally.task.runner [-] Task 1f87fbbc-9802-443d-886f-4a7f55217d76 | ITER: 3 START
2020-04-10 04:02:47.726 438 INFO rally.task.runner [-] Task 1f87fbbc-9802-443d-886f-4a7f55217d76 | ITER: 4 START
2020-04-10 04:02:48.147 436 INFO rally.task.runner [-] Task 1f87fbbc-9802-443d-886f-4a7f55217d76 | ITER: 2 END: OK
2020-04-10 04:02:48.152 436 INFO rally.task.runner [-] Task 1f87fbbc-9802-443d-886f-4a7f55217d76 | ITER: 5 START
2020-04-10 04:02:48.164 435 INFO rally.task.runner [-] Task 1f87fbbc-9802-443d-886f-4a7f55217d76 | ITER: 1 END: OK
2020-04-10 04:02:48.167 437 INFO rally.task.runner [-] Task 1f87fbbc-9802-443d-886f-4a7f55217d76 | ITER: 3 END: OK
2020-04-10 04:02:48.168 435 INFO rally.task.runner [-] Task 1f87fbbc-9802-443d-886f-4a7f55217d76 | ITER: 6 START
2020-04-10 04:02:48.173 437 INFO rally.task.runner [-] Task 1f87fbbc-9802-443d-886f-4a7f55217d76 | ITER: 7 START
2020-04-10 04:02:48.181 438 INFO rally.task.runner [-] Task 1f87fbbc-9802-443d-886f-4a7f55217d76 | ITER: 4 END: OK
2020-04-10 04:02:48.186 438 INFO rally.task.runner [-] Task 1f87fbbc-9802-443d-886f-4a7f55217d76 | ITER: 8 START
2020-04-10 04:02:48.357 436 INFO rally.task.runner [-] Task 1f87fbbc-9802-443d-886f-4a7f55217d76 | ITER: 5 END: OK
2020-04-10 04:02:48.360 436 INFO rally.task.runner [-] Task 1f87fbbc-9802-443d-886f-4a7f55217d76 | ITER: 9 START
2020-04-10 04:02:48.390 438 INFO rally.task.runner [-] Task 1f87fbbc-9802-443d-886f-4a7f55217d76 | ITER: 8 END: OK
2020-04-10 04:02:48.394 438 INFO rally.task.runner [-] Task 1f87fbbc-9802-443d-886f-4a7f55217d76 | ITER: 10 START
2020-04-10 04:02:48.457 437 INFO rally.task.runner [-] Task 1f87fbbc-9802-443d-886f-4a7f55217d76 | ITER: 7 END: OK
2020-04-10 04:02:48.459 435 INFO rally.task.runner [-] Task 1f87fbbc-9802-443d-886f-4a7f55217d76 | ITER: 6 END: OK
2020-04-10 04:02:48.594 436 INFO rally.task.runner [-] Task 1f87fbbc-9802-443d-886f-4a7f55217d76 | ITER: 9 END: OK
2020-04-10 04:02:48.612 438 INFO rally.task.runner [-] Task 1f87fbbc-9802-443d-886f-4a7f55217d76 | ITER: 10 END: OK
2020-04-10 04:02:48.638 15 INFO rally.task.context [-] Task 1f87fbbc-9802-443d-886f-4a7f55217d76 | Context users@openstack cleanup() started
2020-04-10 04:02:48.788 15 WARNING rally.common.logging [-] `iterate_per_tenants()' is deprecated in v3.0.0: it is openstack specific.. Used at
2020-04-10 04:02:51.403 15 INFO rally.task.context [-] Task 1f87fbbc-9802-443d-886f-4a7f55217d76 | Context users@openstack cleanup() finished in 2.77 sec
2020-04-10 04:02:52.199 15 INFO rally.task.engine [-] Load duration is: 0.892937
2020-04-10 04:02:52.200 15 INFO rally.task.engine [-] Full runner duration is: 0.938814
2020-04-10 04:02:52.200 15 INFO rally.task.engine [-] Full duration is: 5.265229
2020-04-10 04:02:52.259 15 INFO rally.task.engine [-] Task 1f87fbbc-9802-443d-886f-4a7f55217d76 | Completed: Running task.
2020-04-10 04:02:54.076 497 RALLYDEBUG rally.api [-] INFO logs from urllib3 and requests module are hide.
2020-04-10 04:02:54.076 497 RALLYDEBUG rally.api [-] urllib3 insecure warnings are hidden.
2020-04-10 04:02:54.076 497 RALLYDEBUG rally.api [-] ERROR log from boto module is hide.
2020-04-10 04:02:55.746 498 RALLYDEBUG rally.api [-] INFO logs from urllib3 and requests module are hide.
2020-04-10 04:02:55.746 498 RALLYDEBUG rally.api [-] urllib3 insecure warnings are hidden.
2020-04-10 04:02:55.747 498 RALLYDEBUG rally.api [-] ERROR log from boto module is hide.
2020-04-10 04:02:57.252 499 RALLYDEBUG rally.api [-] INFO logs from urllib3 and requests module are hide.
2020-04-10 04:02:57.252 499 RALLYDEBUG rally.api [-] urllib3 insecure warnings are hidden.
2020-04-10 04:02:57.252 499 RALLYDEBUG rally.api [-] ERROR log from boto module is hide.
2020-04-10 04:02:59.330 499 INFO rally.api [-] Building 'json' report for the following task(s): '1f87fbbc-9802-443d-886f-4a7f55217d76'.
2020-04-10 04:02:59.344 499 INFO rally.api [-] The report has been successfully built.
2020-04-10 04:03:00.845 501 RALLYDEBUG rally.api [-] INFO logs from urllib3 and requests module are hide.
2020-04-10 04:03:00.845 501 RALLYDEBUG rally.api [-] urllib3 insecure warnings are hidden.
2020-04-10 04:03:00.845 501 RALLYDEBUG rally.api [-] ERROR log from boto module is hide.
2020-04-10 04:03:03.096 501 INFO rally.task.engine [-] Task 9cfec36c-2823-4d72-a61c-bcc0087afe27 | Starting: Task validation.
2020-04-10 04:03:03.110 501 INFO rally.task.engine [-] Task 9cfec36c-2823-4d72-a61c-bcc0087afe27 | Starting: Task validation of syntax.
2020-04-10 04:03:03.260 501 INFO rally.task.engine [-] Task 9cfec36c-2823-4d72-a61c-bcc0087afe27 | Completed: Task validation of syntax.
2020-04-10 04:03:03.260 501 INFO rally.task.engine [-] Task 9cfec36c-2823-4d72-a61c-bcc0087afe27 | Starting: Task validation of required platforms.
2020-04-10 04:03:03.348 501 INFO rally.task.engine [-] Task 9cfec36c-2823-4d72-a61c-bcc0087afe27 | Completed: Task validation of required platforms.
2020-04-10 04:03:03.348 501 INFO rally.task.engine [-] Task 9cfec36c-2823-4d72-a61c-bcc0087afe27 | Starting: Task validation of semantic.
2020-04-10 04:03:03.348 501 INFO rally.task.engine [-] Check health of the environment '12112318-7055-4447-9f85-97c68bb245e8'.
2020-04-10 04:03:03.927 501 INFO rally.task.engine [-] Platform existing@openstack (available: True): OK!
2020-04-10 04:03:03.942 501 RALLYDEBUG rally_openstack.contexts.keystone.users [-] Creating 1 tenants using 1 threads
2020-04-10 04:03:04.343 501 RALLYDEBUG rally_openstack.contexts.keystone.users [-] Creating 1 users using 1 threads
2020-04-10 04:03:04.911 501 INFO rally.task.context [-] Task 9cfec36c-2823-4d72-a61c-bcc0087afe27 | Context users@openstack setup() finished in 0.97 sec
2020-04-10 04:03:06.007 501 INFO rally.task.context [-] Task 9cfec36c-2823-4d72-a61c-bcc0087afe27 | Context users@openstack cleanup() started
2020-04-10 04:03:06.170 501 WARNING rally.common.logging [-] `iterate_per_tenants()' is deprecated in v3.0.0: it is openstack specific.. Used at
2020-04-10 04:03:08.334 501 INFO rally.task.context [-] Task 9cfec36c-2823-4d72-a61c-bcc0087afe27 | Context users@openstack cleanup() finished in 2.33 sec
2020-04-10 04:03:08.335 501 INFO rally.task.engine [-] Task 9cfec36c-2823-4d72-a61c-bcc0087afe27 | Completed: Task validation of semantic.
2020-04-10 04:03:08.335 501 INFO rally.task.engine [-] Task 9cfec36c-2823-4d72-a61c-bcc0087afe27 | Completed: Task validation.
2020-04-10 04:03:08.336 501 INFO rally.api [-] Task 9cfec36c-2823-4d72-a61c-bcc0087afe27 input file is valid.
2020-04-10 04:03:08.336 501 INFO rally.api [-] Run Task 9cfec36c-2823-4d72-a61c-bcc0087afe27 against Deployment 12112318-7055-4447-9f85-97c68bb245e8
2020-04-10 04:03:08.336 501 INFO rally.task.engine [-] Task 9cfec36c-2823-4d72-a61c-bcc0087afe27 | Starting: Running task.
2020-04-10 04:03:08.401 501 INFO rally.task.engine [-] Running workload: position = 0 config = { "version": 2, "title": "A cropped version of a bigger task.", "description": "Auto-generated task from a single workload (uuid=ccac5c40-88e6-461d-bcce-1b1eabf447fa)", "subtasks": [ { "title": "GlanceImages.create_and_delete_image", "description": "Create and then delete an image.", "scenario": { "GlanceImages.create_and_delete_image": { "container_format": "bare", "disk_format": "qcow2", "image_location": "/home/opnfv/functest/images/cirros-0.4.0-x86_64-disk.img" } }, "contexts": { "users": { "tenants": 3, "users_per_tenant": 2 } }, "runner": { "constant": { "concurrency": 4, "times": 10 } }, "hooks": [], "sla": { "failure_rate": { "max": 0 } } } ] }
2020-04-10 04:03:08.419 501 RALLYDEBUG rally_openstack.contexts.keystone.users [-] Creating 3 tenants using 3 threads
2020-04-10 04:03:08.927 501 RALLYDEBUG rally_openstack.contexts.keystone.users [-] Creating 6 users using 6 threads
2020-04-10 04:03:09.846 501 INFO rally.task.context [-] Task 9cfec36c-2823-4d72-a61c-bcc0087afe27 | Context users@openstack setup() finished in 1.43 sec
2020-04-10 04:03:09.847 501 INFO rally.task.context [-] Task 9cfec36c-2823-4d72-a61c-bcc0087afe27 | Context cleanup@openstack setup() finished in 0.00 msec
2020-04-10 04:03:09.854 501 RALLYDEBUG rally.task.runner [-] Starting the constant runner (task UUID: 9cfec36c-2823-4d72-a61c-bcc0087afe27). times: 10 concurrency: 4 timeout: 0 max_cpu_used: 88 processes_to_start: 4 concurrency_per_worker: 1 concurrency_overhead: 0
2020-04-10 04:03:09.867 556 RALLYDEBUG rally.task.runner [-] Starting a worker. times: 10 duration: None concurrency: 1 timeout: 0 cls: method_name: run args: {"container_format": "bare", "disk_format": "qcow2", "image_location": "/home/opnfv/functest/images/cirros-0.4.0-x86_64-disk.img"}
2020-04-10 04:03:09.869 557 RALLYDEBUG rally.task.runner [-] Starting a worker. times: 10 duration: None concurrency: 1 timeout: 0 cls: method_name: run args: {"container_format": "bare", "disk_format": "qcow2", "image_location": "/home/opnfv/functest/images/cirros-0.4.0-x86_64-disk.img"}
2020-04-10 04:03:09.871 558 RALLYDEBUG rally.task.runner [-] Starting a worker. times: 10 duration: None concurrency: 1 timeout: 0 cls: method_name: run args: {"container_format": "bare", "disk_format": "qcow2", "image_location": "/home/opnfv/functest/images/cirros-0.4.0-x86_64-disk.img"}
2020-04-10 04:03:09.873 556 INFO rally.task.runner [-] Task 9cfec36c-2823-4d72-a61c-bcc0087afe27 | ITER: 1 START
2020-04-10 04:03:09.873 559 RALLYDEBUG rally.task.runner [-] Starting a worker. times: 10 duration: None concurrency: 1 timeout: 0 cls: method_name: run args: {"container_format": "bare", "disk_format": "qcow2", "image_location": "/home/opnfv/functest/images/cirros-0.4.0-x86_64-disk.img"}
2020-04-10 04:03:09.875 557 INFO rally.task.runner [-] Task 9cfec36c-2823-4d72-a61c-bcc0087afe27 | ITER: 2 START
2020-04-10 04:03:09.876 558 INFO rally.task.runner [-] Task 9cfec36c-2823-4d72-a61c-bcc0087afe27 | ITER: 3 START
2020-04-10 04:03:09.878 559 INFO rally.task.runner [-] Task 9cfec36c-2823-4d72-a61c-bcc0087afe27 | ITER: 4 START
2020-04-10 04:03:12.357 557 RALLYDEBUG rally.task.utils [-] Waiting for resource '68e46b07-78e5-48e0-b92b-9d28c93221fa'. Status changed: NONE => QUEUED in 0.05577206611633301
2020-04-10 04:03:12.367 556 RALLYDEBUG rally.task.utils [-] Waiting for resource '1321bda8-69b1-4a80-b191-48595e7c5ca7'. Status changed: NONE => QUEUED in 0.04276561737060547
2020-04-10 04:03:12.370 558 RALLYDEBUG rally.task.utils [-] Waiting for resource '714afddf-fa4c-4611-8be8-33112574408c'. Status changed: NONE => QUEUED in 0.04265856742858887
2020-04-10 04:03:12.373 559 RALLYDEBUG rally.task.utils [-] Waiting for resource 'd250b14d-7e4a-47c9-9686-1ee8f169d293'. Status changed: NONE => QUEUED in 0.04929184913635254
2020-04-10 04:03:12.978 559 RALLYDEBUG rally.task.utils [-] Waiting for resource s_rally_ccac5c40_FONQKeBh. Status changed: QUEUED => ACTIVE in 0.034650325775146484
2020-04-10 04:03:12.985 557 RALLYDEBUG rally.task.utils [-] Waiting for resource s_rally_ccac5c40_lTLcYQKP. Status changed: QUEUED => ACTIVE in 0.03146076202392578
2020-04-10 04:03:12.992 558 RALLYDEBUG rally.task.utils [-] Waiting for resource s_rally_ccac5c40_9prg6gtF. Status changed: QUEUED => ACTIVE in 0.025529861450195312
2020-04-10 04:03:12.997 556 RALLYDEBUG rally.task.utils [-] Waiting for resource s_rally_ccac5c40_ik64jYla. Status changed: QUEUED => ACTIVE in 0.02503228187561035
2020-04-10 04:03:13.230 557 INFO rally.task.runner [-] Task 9cfec36c-2823-4d72-a61c-bcc0087afe27 | ITER: 2 END: OK
2020-04-10 04:03:13.230 559 INFO rally.task.runner [-] Task 9cfec36c-2823-4d72-a61c-bcc0087afe27 | ITER: 4 END: OK
2020-04-10 04:03:13.234 557 INFO rally.task.runner [-] Task 9cfec36c-2823-4d72-a61c-bcc0087afe27 | ITER: 5 START
2020-04-10 04:03:13.234 559 INFO rally.task.runner [-] Task 9cfec36c-2823-4d72-a61c-bcc0087afe27 | ITER: 6 START
2020-04-10 04:03:13.282 556 INFO rally.task.runner [-] Task 9cfec36c-2823-4d72-a61c-bcc0087afe27 | ITER: 1 END: OK
2020-04-10 04:03:13.287 556 INFO rally.task.runner [-] Task 9cfec36c-2823-4d72-a61c-bcc0087afe27 | ITER: 7 START
2020-04-10 04:03:13.303 558 INFO rally.task.runner [-] Task 9cfec36c-2823-4d72-a61c-bcc0087afe27 | ITER: 3 END: OK
2020-04-10 04:03:13.308 558 INFO rally.task.runner [-] Task 9cfec36c-2823-4d72-a61c-bcc0087afe27 | ITER: 8 START
2020-04-10 04:03:15.618 556 RALLYDEBUG rally.task.utils [-] Waiting for resource '4a036b63-ee23-43be-9fbd-437131756bbd'. Status changed: NONE => QUEUED in 0.04788470268249512
2020-04-10 04:03:15.634 557 RALLYDEBUG rally.task.utils [-] Waiting for resource '80d35051-3a33-49e1-9056-d578ae00ac0a'. Status changed: NONE => QUEUED in 0.04567766189575195
2020-04-10 04:03:15.645 559 RALLYDEBUG rally.task.utils [-] Waiting for resource 'b7656f89-12ce-4c50-a2f9-e99699c842ed'. Status changed: NONE => QUEUED in 0.04651355743408203
2020-04-10 04:03:15.647 558 RALLYDEBUG rally.task.utils [-] Waiting for resource '0e6e6c77-ab10-41d8-9382-0a3d9ee80026'. Status changed: NONE => QUEUED in 0.04989767074584961
2020-04-10 04:03:16.134 556 RALLYDEBUG rally.task.utils [-] Waiting for resource s_rally_ccac5c40_MBVO4wFB. Status changed: QUEUED => ACTIVE in 0.021937131881713867
2020-04-10 04:03:16.145 559 RALLYDEBUG rally.task.utils [-] Waiting for resource s_rally_ccac5c40_RrT6Z7ds. Status changed: QUEUED => ACTIVE in 0.0331573486328125
2020-04-10 04:03:16.158 557 RALLYDEBUG rally.task.utils [-] Waiting for resource s_rally_ccac5c40_dcF5nHPl. Status changed: QUEUED => ACTIVE in 0.028979778289794922
2020-04-10 04:03:16.165 558 RALLYDEBUG rally.task.utils [-] Waiting for resource s_rally_ccac5c40_YSX8TpsP. Status changed: QUEUED => ACTIVE in 0.029086589813232422
2020-04-10 04:03:16.402 556 INFO rally.task.runner [-] Task 9cfec36c-2823-4d72-a61c-bcc0087afe27 | ITER: 7 END: OK
2020-04-10 04:03:16.406 556 INFO rally.task.runner [-] Task 9cfec36c-2823-4d72-a61c-bcc0087afe27 | ITER: 9 START
2020-04-10 04:03:16.410 559 INFO rally.task.runner [-] Task 9cfec36c-2823-4d72-a61c-bcc0087afe27 | ITER: 6 END: OK
2020-04-10 04:03:16.414 559 INFO rally.task.runner [-] Task 9cfec36c-2823-4d72-a61c-bcc0087afe27 | ITER: 10 START
2020-04-10 04:03:16.454 557 INFO rally.task.runner [-] Task 9cfec36c-2823-4d72-a61c-bcc0087afe27 | ITER: 5 END: OK
2020-04-10 04:03:16.493 558 INFO rally.task.runner [-] Task 9cfec36c-2823-4d72-a61c-bcc0087afe27 | ITER: 8 END: OK
2020-04-10 04:03:18.791 556 RALLYDEBUG rally.task.utils [-] Waiting for resource 'd670e6dc-8dd0-4b83-8faf-f89535fa31de'. Status changed: NONE => QUEUED in 0.03818321228027344
2020-04-10 04:03:18.841 559 RALLYDEBUG rally.task.utils [-] Waiting for resource 'a540e059-e44d-4b37-97ec-771ef803ae5e'. Status changed: NONE => QUEUED in 0.0470433235168457
2020-04-10 04:03:19.260 556 RALLYDEBUG rally.task.utils [-] Waiting for resource s_rally_ccac5c40_IKBBhc04. Status changed: QUEUED => ACTIVE in 0.03667879104614258
2020-04-10 04:03:19.286 559 RALLYDEBUG rally.task.utils [-] Waiting for resource s_rally_ccac5c40_g4903T4k. Status changed: QUEUED => ACTIVE in 0.036466360092163086
2020-04-10 04:03:19.535 556 INFO rally.task.runner [-] Task 9cfec36c-2823-4d72-a61c-bcc0087afe27 | ITER: 9 END: OK
2020-04-10 04:03:19.547 559 INFO rally.task.runner [-] Task 9cfec36c-2823-4d72-a61c-bcc0087afe27 | ITER: 10 END: OK
2020-04-10 04:03:19.573 501 INFO rally.task.context [-] Task 9cfec36c-2823-4d72-a61c-bcc0087afe27 | Context cleanup@openstack cleanup() started
2020-04-10 04:03:19.580 501 RALLYDEBUG rally_openstack.cleanup.manager [-] Cleaning up glance images objects
2020-04-10 04:03:20.377 501 INFO rally.task.context [-] Task 9cfec36c-2823-4d72-a61c-bcc0087afe27 | Context cleanup@openstack cleanup() finished in 0.80 sec
2020-04-10 04:03:20.378 501 INFO rally.task.context [-] Task 9cfec36c-2823-4d72-a61c-bcc0087afe27 | Context users@openstack cleanup() started
2020-04-10 04:03:20.548 501 WARNING rally.common.logging [-] `iterate_per_tenants()' is deprecated in v3.0.0: it is openstack specific.. Used at
2020-04-10 04:03:27.441 501 INFO rally.task.context [-] Task 9cfec36c-2823-4d72-a61c-bcc0087afe27 | Context users@openstack cleanup() finished in 7.06 sec
2020-04-10 04:03:28.581 501 INFO rally.task.engine [-] Load duration is: 9.47702
2020-04-10 04:03:28.581 501 INFO rally.task.engine [-] Full runner duration is: 9.719113
2020-04-10 04:03:28.582 501 INFO rally.task.engine [-] Full duration is: 19.023837
