2020-04-10 04:14:26.292 2469 RALLYDEBUG rally.task.utils [-] Waiting for resource s_rally_cd3dc968_eBxAEXBg. Status changed: DETACHING => AVAILABLE in 2.212618350982666
2020-04-10 04:14:26.428 2469 RALLYDEBUG rally.task.utils [-] Waiting for resource s_rally_cd3dc968_f86jccK6. Status changed: AVAILABLE => DELETING in 0.036272287368774414
2020-04-10 04:14:27.108 2467 RALLYDEBUG rally.task.utils [-] Waiting for resource s_rally_cd3dc968_3daAHJ7P. Status changed: DETACHING => AVAILABLE in 2.2117700576782227
2020-04-10 04:14:27.242 2467 RALLYDEBUG rally.task.utils [-] Waiting for resource s_rally_cd3dc968_SwKVUXV5. Status changed: AVAILABLE => DELETING in 0.046598196029663086
2020-04-10 04:14:27.392 2468 RALLYDEBUG rally.task.utils [-] Waiting for resource s_rally_cd3dc968_3f8c1p6h. Status changed: RESERVED => IN-USE in 2.205864906311035
2020-04-10 04:14:27.848 2468 RALLYDEBUG rally.task.utils [-] Waiting for resource s_rally_cd3dc968_3f8c1p6h. Status changed: AVAILABLE => DETACHING in 0.20055532455444336
2020-04-10 04:14:28.336 2466 RALLYDEBUG rally.task.utils [-] Waiting for resource s_rally_cd3dc968_6LesL8Np. Status changed: BUILD => ACTIVE in 18.990875959396362
2020-04-10 04:14:28.612 2469 RALLYDEBUG rally.task.utils [-] Waiting for resource s_rally_cd3dc968_eBxAEXBg. Status changed: AVAILABLE => DELETING in 0.0621342658996582
2020-04-10 04:14:29.019 2466 RALLYDEBUG rally.task.utils [-] Waiting for resource s_rally_cd3dc968_rUMzIIpK. Status changed: AVAILABLE => RESERVED in 0.21900606155395508
2020-04-10 04:14:29.444 2467 RALLYDEBUG rally.task.utils [-] Waiting for resource s_rally_cd3dc968_3daAHJ7P. Status changed: AVAILABLE => DELETING in 0.07747220993041992
2020-04-10 04:14:30.029 2468 RALLYDEBUG rally.task.utils [-] Waiting for resource s_rally_cd3dc968_3f8c1p6h. Status changed: DETACHING => AVAILABLE in 2.180163860321045
2020-04-10 04:14:30.153 2468 RALLYDEBUG rally.task.utils [-] Waiting for resource s_rally_cd3dc968_3HimiltK. Status changed: AVAILABLE => DELETING in 0.03771615028381348
2020-04-10 04:14:31.210 2466 RALLYDEBUG rally.task.utils [-] Waiting for resource s_rally_cd3dc968_rUMzIIpK. Status changed: RESERVED => IN-USE in 2.190612316131592
2020-04-10 04:14:31.674 2466 RALLYDEBUG rally.task.utils [-] Waiting for resource s_rally_cd3dc968_rUMzIIpK. Status changed: AVAILABLE => DETACHING in 0.20081377029418945
2020-04-10 04:14:32.348 2468 RALLYDEBUG rally.task.utils [-] Waiting for resource s_rally_cd3dc968_3f8c1p6h. Status changed: AVAILABLE => DELETING in 0.07100701332092285
2020-04-10 04:14:33.882 2466 RALLYDEBUG rally.task.utils [-] Waiting for resource s_rally_cd3dc968_rUMzIIpK. Status changed: DETACHING => AVAILABLE in 2.207082986831665
2020-04-10 04:14:34.010 2466 RALLYDEBUG rally.task.utils [-] Waiting for resource s_rally_cd3dc968_ZDU6oxdB. Status changed: AVAILABLE => DELETING in 0.03524374961853027
2020-04-10 04:14:34.105 2467 INFO rally.task.runner [-] Task e8360cdb-5be4-4b68-b1aa-6d6d222a9617 | ITER: 7 END: OK
2020-04-10 04:14:34.116 2467 INFO rally.task.runner [-] Task e8360cdb-5be4-4b68-b1aa-6d6d222a9617 | ITER: 9 START
2020-04-10 04:14:35.624 2469 INFO rally.task.runner [-] Task e8360cdb-5be4-4b68-b1aa-6d6d222a9617 | ITER: 8 END: OK
2020-04-10 04:14:35.628 2469 INFO rally.task.runner [-] Task e8360cdb-5be4-4b68-b1aa-6d6d222a9617 | ITER: 10 START
2020-04-10 04:14:36.227 2466 RALLYDEBUG rally.task.utils [-] Waiting for resource s_rally_cd3dc968_rUMzIIpK. Status changed: AVAILABLE => DELETING in 0.09525704383850098
2020-04-10 04:14:39.962 2468 INFO rally.task.runner [-] Task e8360cdb-5be4-4b68-b1aa-6d6d222a9617 | ITER: 5 END: OK
2020-04-10 04:14:49.141 2466 INFO rally.task.runner [-] Task e8360cdb-5be4-4b68-b1aa-6d6d222a9617 | ITER: 6 END: OK
2020-04-10 04:14:57.327 2467 RALLYDEBUG rally.task.utils [-] Waiting for resource s_rally_cd3dc968_FyFRcu80. Status changed: BUILD => ACTIVE in 15.198090076446533
2020-04-10 04:14:57.359 2469 RALLYDEBUG rally.task.utils [-] Waiting for resource s_rally_cd3dc968_fWlF52Tz. Status changed: BUILD => ACTIVE in 14.915202140808105
2020-04-10 04:14:57.908 2467 RALLYDEBUG rally.task.utils [-] Waiting for resource s_rally_cd3dc968_GuI7V1Gg. Status changed: AVAILABLE => RESERVED in 0.16983962059020996
2020-04-10 04:14:57.999 2469 RALLYDEBUG rally.task.utils [-] Waiting for resource s_rally_cd3dc968_iRSHAPPA. Status changed: AVAILABLE => RESERVED in 0.19873976707458496
2020-04-10 04:15:00.106 2467 RALLYDEBUG rally.task.utils [-] Waiting for resource s_rally_cd3dc968_GuI7V1Gg. Status changed: RESERVED => IN-USE in 2.197277784347534
2020-04-10 04:15:00.210 2469 RALLYDEBUG rally.task.utils [-] Waiting for resource s_rally_cd3dc968_iRSHAPPA. Status changed: RESERVED => IN-USE in 2.2115609645843506
2020-04-10 04:15:00.625 2469 RALLYDEBUG rally.task.utils [-] Waiting for resource s_rally_cd3dc968_iRSHAPPA. Status changed: AVAILABLE => DETACHING in 0.1867692470550537
2020-04-10 04:15:00.836 2467 RALLYDEBUG rally.task.utils [-] Waiting for resource s_rally_cd3dc968_GuI7V1Gg. Status changed: AVAILABLE => DETACHING in 0.1827549934387207
2020-04-10 04:15:02.817 2469 RALLYDEBUG rally.task.utils [-] Waiting for resource s_rally_cd3dc968_iRSHAPPA. Status changed: DETACHING => AVAILABLE in 2.1917660236358643
2020-04-10 04:15:02.955 2469 RALLYDEBUG rally.task.utils [-] Waiting for resource s_rally_cd3dc968_9agWk7VP. Status changed: AVAILABLE => DELETING in 0.03943777084350586
2020-04-10 04:15:03.026 2467 RALLYDEBUG rally.task.utils [-] Waiting for resource s_rally_cd3dc968_GuI7V1Gg. Status changed: DETACHING => AVAILABLE in 2.190685510635376
2020-04-10 04:15:03.166 2467 RALLYDEBUG rally.task.utils [-] Waiting for resource s_rally_cd3dc968_Kt0Dl7Nc. Status changed: AVAILABLE => DELETING in 0.03722882270812988
2020-04-10 04:15:05.161 2469 RALLYDEBUG rally.task.utils [-] Waiting for resource s_rally_cd3dc968_iRSHAPPA. Status changed: AVAILABLE => DELETING in 0.08236455917358398
2020-04-10 04:15:05.382 2467 RALLYDEBUG rally.task.utils [-] Waiting for resource s_rally_cd3dc968_GuI7V1Gg. Status changed: AVAILABLE => DELETING in 0.07429647445678711
2020-04-10 04:15:12.430 2469 INFO rally.task.runner [-] Task e8360cdb-5be4-4b68-b1aa-6d6d222a9617 | ITER: 10 END: OK
2020-04-10 04:15:12.835 2467 INFO rally.task.runner [-] Task e8360cdb-5be4-4b68-b1aa-6d6d222a9617 | ITER: 9 END: OK
2020-04-10 04:15:12.858 1333 INFO rally.task.context [-] Task e8360cdb-5be4-4b68-b1aa-6d6d222a9617 | Context cleanup@openstack cleanup() started
2020-04-10 04:15:12.865 1333 RALLYDEBUG rally_openstack.cleanup.manager [-] Cleaning up nova servers objects
2020-04-10 04:15:13.606 1333 RALLYDEBUG rally_openstack.cleanup.manager [-] Cleaning up nova server_groups objects
2020-04-10 04:15:14.052 1333 RALLYDEBUG rally_openstack.cleanup.manager [-] Cleaning up nova keypairs objects
2020-04-10 04:15:14.940 1333 RALLYDEBUG rally_openstack.cleanup.manager [-] Cleaning up cinder backups objects
2020-04-10 04:15:15.441 1333 RALLYDEBUG rally_openstack.cleanup.manager [-] Cleaning up cinder volume_snapshots objects
2020-04-10 04:15:16.123 1333 RALLYDEBUG rally_openstack.cleanup.manager [-] Cleaning up cinder transfers objects
2020-04-10 04:15:16.571 1333 RALLYDEBUG rally_openstack.cleanup.manager [-] Cleaning up cinder volumes objects
2020-04-10 04:15:17.176 1333 INFO rally.task.context [-] Task e8360cdb-5be4-4b68-b1aa-6d6d222a9617 | Context cleanup@openstack cleanup() finished in 4.32 sec
2020-04-10 04:15:17.176 1333 INFO rally.task.context [-] Task e8360cdb-5be4-4b68-b1aa-6d6d222a9617 | Context quotas@openstack cleanup() started
2020-04-10 04:15:17.284 1333 INFO rally.task.context [-] Task e8360cdb-5be4-4b68-b1aa-6d6d222a9617 | Context quotas@openstack cleanup() finished in 0.11 sec
2020-04-10 04:15:17.285 1333 INFO rally.task.context [-] Task e8360cdb-5be4-4b68-b1aa-6d6d222a9617 | Context api_versions@openstack cleanup() started
2020-04-10 04:15:17.285 1333 INFO rally.task.context [-] Task e8360cdb-5be4-4b68-b1aa-6d6d222a9617 | Context api_versions@openstack cleanup() finished in 0.37 msec
2020-04-10 04:15:17.286 1333 INFO rally.task.context [-] Task e8360cdb-5be4-4b68-b1aa-6d6d222a9617 | Context users@openstack cleanup() started
2020-04-10 04:15:17.482 1333 WARNING rally.common.logging [-] `iterate_per_tenants()' is deprecated in v3.0.0: it is openstack specific.. Used at
2020-04-10 04:15:19.806 1333 INFO rally.task.context [-] Task e8360cdb-5be4-4b68-b1aa-6d6d222a9617 | Context users@openstack cleanup() finished in 2.52 sec
2020-04-10 04:15:21.151 1333 INFO rally.task.engine [-] Load duration is: 108.329226
2020-04-10 04:15:21.151 1333 INFO rally.task.engine [-] Full runner duration is: 109.376053
2020-04-10 04:15:21.152 1333 INFO rally.task.engine [-] Full duration is: 119.192387
2020-04-10 04:15:21.246 1333 INFO rally.task.engine [-] Running workload: position = 0 config = { "version": 2, "title": "A cropped version of a bigger task.", "description": "Auto-generated task from a single workload (uuid=65aa18df-8645-4b81-8a9d-eed4ae7bdbfd)", "subtasks": [ { "title": "CinderVolumes.create_volume", "description": "Create a volume.", "scenario": { "CinderVolumes.create_volume": { "size": 1 } }, "contexts": { "users": { "tenants": 3, "users_per_tenant": 2 }, "api_versions": { "cinder": { "version": 3, "service_type": "volumev3" } } }, "runner": { "constant": { "concurrency": 4, "times": 10 } }, "hooks": [], "sla": { "failure_rate": { "max": 0 } } } ] }
2020-04-10 04:15:21.276 1333 RALLYDEBUG rally_openstack.contexts.keystone.users [-] Creating 3 tenants using 3 threads
2020-04-10 04:15:21.778 1333 RALLYDEBUG rally_openstack.contexts.keystone.users [-] Creating 6 users using 6 threads
2020-04-10 04:15:22.694 1333 INFO rally.task.context [-] Task e8360cdb-5be4-4b68-b1aa-6d6d222a9617 | Context users@openstack setup() finished in 1.42 sec
2020-04-10 04:15:22.843 1333 INFO rally.task.context [-] Task e8360cdb-5be4-4b68-b1aa-6d6d222a9617 | Context api_versions@openstack setup() finished in 0.15 sec
2020-04-10 04:15:22.844 1333 INFO rally.task.context [-] Task e8360cdb-5be4-4b68-b1aa-6d6d222a9617 | Context cleanup@openstack setup() finished in 0.01 msec
2020-04-10 04:15:22.851 1333 RALLYDEBUG rally.task.runner [-] Starting the constant runner (task UUID: e8360cdb-5be4-4b68-b1aa-6d6d222a9617). times: 10 concurrency: 4 timeout: 0 max_cpu_used: 88 processes_to_start: 4 concurrency_per_worker: 1 concurrency_overhead: 0
2020-04-10 04:15:22.862 2679 RALLYDEBUG rally.task.runner [-] Starting a worker. times: 10 duration: None concurrency: 1 timeout: 0 cls: method_name: run args: {"size": 1}
2020-04-10 04:15:22.864 2680 RALLYDEBUG rally.task.runner [-] Starting a worker. times: 10 duration: None concurrency: 1 timeout: 0 cls: method_name: run args: {"size": 1}
2020-04-10 04:15:22.867 2681 RALLYDEBUG rally.task.runner [-] Starting a worker. times: 10 duration: None concurrency: 1 timeout: 0 cls: method_name: run args: {"size": 1}
2020-04-10 04:15:22.870 2679 INFO rally.task.runner [-] Task e8360cdb-5be4-4b68-b1aa-6d6d222a9617 | ITER: 1 START
2020-04-10 04:15:22.871 2682 RALLYDEBUG rally.task.runner [-] Starting a worker. times: 10 duration: None concurrency: 1 timeout: 0 cls: method_name: run args: {"size": 1}
2020-04-10 04:15:22.873 2681 INFO rally.task.runner [-] Task e8360cdb-5be4-4b68-b1aa-6d6d222a9617 | ITER: 3 START
2020-04-10 04:15:22.872 2680 INFO rally.task.runner [-] Task e8360cdb-5be4-4b68-b1aa-6d6d222a9617 | ITER: 2 START
2020-04-10 04:15:22.878 2682 INFO rally.task.runner [-] Task e8360cdb-5be4-4b68-b1aa-6d6d222a9617 | ITER: 4 START
2020-04-10 04:15:25.609 2681 INFO rally.task.runner [-] Task e8360cdb-5be4-4b68-b1aa-6d6d222a9617 | ITER: 3 END: OK
2020-04-10 04:15:25.614 2681 INFO rally.task.runner [-] Task e8360cdb-5be4-4b68-b1aa-6d6d222a9617 | ITER: 5 START
2020-04-10 04:15:25.629 2679 INFO rally.task.runner [-] Task e8360cdb-5be4-4b68-b1aa-6d6d222a9617 | ITER: 1 END: OK
2020-04-10 04:15:25.634 2679 INFO rally.task.runner [-] Task e8360cdb-5be4-4b68-b1aa-6d6d222a9617 | ITER: 6 START
2020-04-10 04:15:25.692 2680 INFO rally.task.runner [-] Task e8360cdb-5be4-4b68-b1aa-6d6d222a9617 | ITER: 2 END: OK
2020-04-10 04:15:25.698 2680 INFO rally.task.runner [-] Task e8360cdb-5be4-4b68-b1aa-6d6d222a9617 | ITER: 7 START
2020-04-10 04:15:25.706 2682 INFO rally.task.runner [-] Task e8360cdb-5be4-4b68-b1aa-6d6d222a9617 | ITER: 4 END: OK
2020-04-10 04:15:25.712 2682 INFO rally.task.runner [-] Task e8360cdb-5be4-4b68-b1aa-6d6d222a9617 | ITER: 8 START
2020-04-10 04:15:28.205 2679 INFO rally.task.runner [-] Task e8360cdb-5be4-4b68-b1aa-6d6d222a9617 | ITER: 6 END: OK
2020-04-10 04:15:28.210 2679 INFO rally.task.runner [-] Task e8360cdb-5be4-4b68-b1aa-6d6d222a9617 | ITER: 9 START
2020-04-10 04:15:28.306 2680 INFO rally.task.runner [-] Task e8360cdb-5be4-4b68-b1aa-6d6d222a9617 | ITER: 7 END: OK
2020-04-10 04:15:28.311 2680 INFO rally.task.runner [-] Task e8360cdb-5be4-4b68-b1aa-6d6d222a9617 | ITER: 10 START
2020-04-10 04:15:28.347 2681 INFO rally.task.runner [-] Task e8360cdb-5be4-4b68-b1aa-6d6d222a9617 | ITER: 5 END: OK
2020-04-10 04:15:28.399 2682 INFO rally.task.runner [-] Task e8360cdb-5be4-4b68-b1aa-6d6d222a9617 | ITER: 8 END: OK
2020-04-10 04:15:30.881 2679 INFO rally.task.runner [-] Task e8360cdb-5be4-4b68-b1aa-6d6d222a9617 | ITER: 9 END: OK
2020-04-10 04:15:30.934 2680 INFO rally.task.runner [-] Task e8360cdb-5be4-4b68-b1aa-6d6d222a9617 | ITER: 10 END: OK
2020-04-10 04:15:30.961 1333 INFO rally.task.context [-] Task e8360cdb-5be4-4b68-b1aa-6d6d222a9617 | Context cleanup@openstack cleanup() started
2020-04-10 04:15:30.969 1333 RALLYDEBUG rally_openstack.cleanup.manager [-] Cleaning up cinder backups objects
2020-04-10 04:15:31.498 1333 RALLYDEBUG rally_openstack.cleanup.manager [-] Cleaning up cinder volume_snapshots objects
2020-04-10 04:15:32.010 1333 RALLYDEBUG rally_openstack.cleanup.manager [-] Cleaning up cinder transfers objects
2020-04-10 04:15:32.490 1333 RALLYDEBUG rally_openstack.cleanup.manager [-] Cleaning up cinder volumes objects
2020-04-10 04:15:33.113 1333 RALLYDEBUG rally_openstack.cleanup.manager [-] Deleting cinder.volumes object s_rally_65aa18df_O00hDgNH (4f421d1c-c8ed-4919-a64d-c833c108cd19)
2020-04-10 04:15:33.125 1333 RALLYDEBUG rally_openstack.cleanup.manager [-] Deleting cinder.volumes object s_rally_65aa18df_5tTlGEpn (9db988fe-e4c5-48ae-8741-4e62a3c5abc2)
2020-04-10 04:15:33.135 1333 RALLYDEBUG rally_openstack.cleanup.manager [-] Deleting cinder.volumes object s_rally_65aa18df_snMVydZT (26da6ce5-a150-44b3-947d-49e16f6ae299)
2020-04-10 04:15:33.147 1333 RALLYDEBUG rally_openstack.cleanup.manager [-] Deleting cinder.volumes object s_rally_65aa18df_Eb1GEuFH (6a0e90c8-3980-42ee-88d9-f1aee04a8f3d)
2020-04-10 04:15:33.184 1333 RALLYDEBUG rally_openstack.cleanup.manager [-] Deleting cinder.volumes object s_rally_65aa18df_2UQ9pG1h (a065aad9-a7db-4d1f-beca-0d8a8cd828e0)
2020-04-10 04:15:33.166 1333 RALLYDEBUG rally_openstack.cleanup.manager [-] Deleting cinder.volumes object s_rally_65aa18df_v1wNlw4h (5f758ce6-fdad-4dc3-860f-ad3b0dce091c)
2020-04-10 04:15:33.198 1333 RALLYDEBUG rally_openstack.cleanup.manager [-] Deleting cinder.volumes object s_rally_65aa18df_kYD12fno (66401f02-0b35-4791-aae5-927ae8b710ac)
2020-04-10 04:15:33.203 1333 RALLYDEBUG rally_openstack.cleanup.manager [-] Deleting cinder.volumes object s_rally_65aa18df_lGwfK4Om (162d8744-4d92-42e0-8529-18fcd1186224)
2020-04-10 04:15:33.214 1333 RALLYDEBUG rally_openstack.cleanup.manager [-] Deleting cinder.volumes object s_rally_65aa18df_dFhSZFXO (4d9d8956-3b76-471a-9b50-a181e368869c)
2020-04-10 04:15:33.244 1333 RALLYDEBUG rally_openstack.cleanup.manager [-] Deleting cinder.volumes object s_rally_65aa18df_J0RNSYKR (4000bb6d-eaef-4de6-9dba-07c9248c6f29)
2020-04-10 04:15:35.775 1333 INFO rally.task.context [-] Task e8360cdb-5be4-4b68-b1aa-6d6d222a9617 | Context cleanup@openstack cleanup() finished in 4.81 sec
2020-04-10 04:15:35.776 1333 INFO rally.task.context [-] Task e8360cdb-5be4-4b68-b1aa-6d6d222a9617 | Context api_versions@openstack cleanup() started
2020-04-10 04:15:35.776 1333 INFO rally.task.context [-] Task e8360cdb-5be4-4b68-b1aa-6d6d222a9617 | Context api_versions@openstack cleanup() finished in 0.37 msec
2020-04-10 04:15:35.777 1333 INFO rally.task.context [-] Task e8360cdb-5be4-4b68-b1aa-6d6d222a9617 | Context users@openstack cleanup() started
2020-04-10 04:15:35.980 1333 WARNING rally.common.logging [-] `iterate_per_tenants()' is deprecated in v3.0.0: it is openstack specific.. Used at
2020-04-10 04:15:40.307 1333 INFO rally.task.context [-] Task e8360cdb-5be4-4b68-b1aa-6d6d222a9617 | Context users@openstack cleanup() finished in 4.53 sec
2020-04-10 04:15:41.494 1333 INFO rally.task.engine [-] Load duration is: 8.057836
2020-04-10 04:15:41.494 1333 INFO rally.task.engine [-] Full runner duration is: 8.109669
2020-04-10 04:15:41.494 1333 INFO rally.task.engine [-] Full duration is: 19.033151
2020-04-10 04:15:41.559 1333 INFO rally.task.engine [-] Running workload: position = 1 config = { "version": 2, "title": "A cropped version of a bigger task.", "description": "Auto-generated task from a single workload (uuid=35fbb062-74a8-4c3f-a5cd-9589b88357b4)", "subtasks": [ { "title": "CinderVolumes.create_volume", "description": "Create a volume.", "scenario": { "CinderVolumes.create_volume": { "size": { "min": 1, "max": 1 } } }, "contexts": { "users": { "tenants": 3, "users_per_tenant": 2 }, "quotas": { "cinder": { "gigabytes": -1, "snapshots": -1, "volumes": -1 } }, "api_versions": { "cinder": { "version": 3, "service_type": "volumev3" } } }, "runner": { "constant": { "concurrency": 4, "times": 10 } }, "hooks": [], "sla": { "failure_rate": { "max": 0 } } } ] }
2020-04-10 04:15:41.582 1333 RALLYDEBUG rally_openstack.contexts.keystone.users [-] Creating 3 tenants using 3 threads
2020-04-10 04:15:42.081 1333 RALLYDEBUG rally_openstack.contexts.keystone.users [-] Creating 6 users using 6 threads
2020-04-10 04:15:43.126 1333 INFO rally.task.context [-] Task e8360cdb-5be4-4b68-b1aa-6d6d222a9617 | Context users@openstack setup() finished in 1.54 sec
2020-04-10 04:15:43.255 1333 INFO rally.task.context [-] Task e8360cdb-5be4-4b68-b1aa-6d6d222a9617 | Context api_versions@openstack setup() finished in 0.13 sec
2020-04-10 04:15:43.950 1333 INFO rally.task.context [-] Task e8360cdb-5be4-4b68-b1aa-6d6d222a9617 | Context quotas@openstack setup() finished in 0.69 sec
2020-04-10 04:15:43.950 1333 INFO rally.task.context [-] Task e8360cdb-5be4-4b68-b1aa-6d6d222a9617 | Context cleanup@openstack setup() finished in 0.03 msec
2020-04-10 04:15:43.958 1333 RALLYDEBUG rally.task.runner [-] Starting the constant runner (task UUID: e8360cdb-5be4-4b68-b1aa-6d6d222a9617). times: 10 concurrency: 4 timeout: 0 max_cpu_used: 88 processes_to_start: 4 concurrency_per_worker: 1 concurrency_overhead: 0
2020-04-10 04:15:43.969 2832 RALLYDEBUG rally.task.runner [-] Starting a worker. times: 10 duration: None concurrency: 1 timeout: 0 cls: method_name: run args: {"size": {"min": 1, "max": 1}}
2020-04-10 04:15:43.972 2833 RALLYDEBUG rally.task.runner [-] Starting a worker. times: 10 duration: None concurrency: 1 timeout: 0 cls: method_name: run args: {"size": {"min": 1, "max": 1}}
2020-04-10 04:15:43.974 2834 RALLYDEBUG rally.task.runner [-] Starting a worker. times: 10 duration: None concurrency: 1 timeout: 0 cls: method_name: run args: {"size": {"min": 1, "max": 1}}
2020-04-10 04:15:43.976 2832 INFO rally.task.runner [-] Task e8360cdb-5be4-4b68-b1aa-6d6d222a9617 | ITER: 1 START
2020-04-10 04:15:43.977 2835 RALLYDEBUG rally.task.runner [-] Starting a worker. times: 10 duration: None concurrency: 1 timeout: 0 cls: method_name: run args: {"size": {"min": 1, "max": 1}}
2020-04-10 04:15:43.977 2833 INFO rally.task.runner [-] Task e8360cdb-5be4-4b68-b1aa-6d6d222a9617 | ITER: 2 START
2020-04-10 04:15:43.981 2834 INFO rally.task.runner [-] Task e8360cdb-5be4-4b68-b1aa-6d6d222a9617 | ITER: 3 START
2020-04-10 04:15:43.983 2835 INFO rally.task.runner [-] Task e8360cdb-5be4-4b68-b1aa-6d6d222a9617 | ITER: 4 START
2020-04-10 04:15:46.665 2834 INFO rally.task.runner [-] Task e8360cdb-5be4-4b68-b1aa-6d6d222a9617 | ITER: 3 END: OK
2020-04-10 04:15:46.669 2834 INFO rally.task.runner [-] Task e8360cdb-5be4-4b68-b1aa-6d6d222a9617 | ITER: 5 START
2020-04-10 04:15:46.672 2832 INFO rally.task.runner [-] Task e8360cdb-5be4-4b68-b1aa-6d6d222a9617 | ITER: 1 END: OK
2020-04-10 04:15:46.677 2832 INFO rally.task.runner [-] Task e8360cdb-5be4-4b68-b1aa-6d6d222a9617 | ITER: 6 START
2020-04-10 04:15:46.685 2835 INFO rally.task.runner [-] Task e8360cdb-5be4-4b68-b1aa-6d6d222a9617 | ITER: 4 END: OK
2020-04-10 04:15:46.690 2835 INFO rally.task.runner [-] Task e8360cdb-5be4-4b68-b1aa-6d6d222a9617 | ITER: 7 START
2020-04-10 04:15:46.781 2833 INFO rally.task.runner [-] Task e8360cdb-5be4-4b68-b1aa-6d6d222a9617 | ITER: 2 END: OK
2020-04-10 04:15:46.787 2833 INFO rally.task.runner [-] Task e8360cdb-5be4-4b68-b1aa-6d6d222a9617 | ITER: 8 START
2020-04-10 04:15:49.266 2832 INFO rally.task.runner [-] Task e8360cdb-5be4-4b68-b1aa-6d6d222a9617 | ITER: 6 END: OK
2020-04-10 04:15:49.270 2832 INFO rally.task.runner [-] Task e8360cdb-5be4-4b68-b1aa-6d6d222a9617 | ITER: 9 START
2020-04-10 04:15:49.355 2835 INFO rally.task.runner [-] Task e8360cdb-5be4-4b68-b1aa-6d6d222a9617 | ITER: 7 END: OK
2020-04-10 04:15:49.359 2835 INFO rally.task.runner [-] Task e8360cdb-5be4-4b68-b1aa-6d6d222a9617 | ITER: 10 START
2020-04-10 04:15:49.485 2834 INFO rally.task.runner [-] Task e8360cdb-5be4-4b68-b1aa-6d6d222a9617 | ITER: 5 END: OK
2020-04-10 04:15:49.600 2833 INFO rally.task.runner [-] Task e8360cdb-5be4-4b68-b1aa-6d6d222a9617 | ITER: 8 END: OK
2020-04-10 04:15:51.866 2832 INFO rally.task.runner [-] Task e8360cdb-5be4-4b68-b1aa-6d6d222a9617 | ITER: 9 END: OK
2020-04-10 04:15:52.107 2835 INFO rally.task.runner [-] Task e8360cdb-5be4-4b68-b1aa-6d6d222a9617 | ITER: 10 END: OK
2020-04-10 04:15:52.133 1333 INFO rally.task.context [-] Task e8360cdb-5be4-4b68-b1aa-6d6d222a9617 | Context cleanup@openstack cleanup() started
2020-04-10 04:15:52.137 1333 RALLYDEBUG rally_openstack.cleanup.manager [-] Cleaning up cinder backups objects
2020-04-10 04:15:52.609 1333 RALLYDEBUG rally_openstack.cleanup.manager [-] Cleaning up cinder volume_snapshots objects
2020-04-10 04:15:53.106 1333 RALLYDEBUG rally_openstack.cleanup.manager [-] Cleaning up cinder transfers objects
2020-04-10 04:15:53.567 1333 RALLYDEBUG rally_openstack.cleanup.manager [-] Cleaning up cinder volumes objects
2020-04-10 04:15:54.178 1333 RALLYDEBUG rally_openstack.cleanup.manager [-] Deleting cinder.volumes object s_rally_35fbb062_BrYExuP4 (67ea2cb7-b157-4702-b035-47bd96f88aa3)
2020-04-10 04:15:54.189 1333 RALLYDEBUG rally_openstack.cleanup.manager [-] Deleting cinder.volumes object s_rally_35fbb062_KbywZSko (d74cf82e-7d92-4cfe-bfc7-d679b5720590)
2020-04-10 04:15:54.195 1333 RALLYDEBUG rally_openstack.cleanup.manager [-] Deleting cinder.volumes object s_rally_35fbb062_EPojx3UC (583c8202-3890-4a74-815b-fb30b5dafd62)
2020-04-10 04:15:54.189 1333 RALLYDEBUG rally_openstack.cleanup.manager [-] Deleting cinder.volumes object s_rally_35fbb062_7hKxDt7t (c8714256-dbab-4159-952b-28b1a696a25b)
2020-04-10 04:15:54.221 1333 RALLYDEBUG rally_openstack.cleanup.manager [-] Deleting cinder.volumes object s_rally_35fbb062_goZwurka (3c44e515-d7e0-47f7-b6db-4adf17377f48)
2020-04-10 04:15:54.216 1333 RALLYDEBUG rally_openstack.cleanup.manager [-] Deleting cinder.volumes object s_rally_35fbb062_XYdQbJyu (4aa95b60-84cb-4827-9ccb-1e21459547fb)
2020-04-10 04:15:54.228 1333 RALLYDEBUG rally_openstack.cleanup.manager [-] Deleting cinder.volumes object s_rally_35fbb062_Ky5U7mVA (904b321b-bcff-4679-bd2a-d6f4763c013a)
2020-04-10 04:15:54.235 1333 RALLYDEBUG rally_openstack.cleanup.manager [-] Deleting cinder.volumes object s_rally_35fbb062_qbghHyav (3b5a588d-20b3-466e-8d94-5664ef16c94c)
2020-04-10 04:15:54.240 1333 RALLYDEBUG rally_openstack.cleanup.manager [-] Deleting cinder.volumes object s_rally_35fbb062_fsbLDsGW (907108da-7930-4637-8366-b98143696bdd)
2020-04-10 04:15:54.253 1333 RALLYDEBUG rally_openstack.cleanup.manager [-] Deleting cinder.volumes object s_rally_35fbb062_sxBQZQTb (07816b60-9139-4e69-94c6-f50e7dbb5ae4)
2020-04-10 04:15:56.799 1333 INFO rally.task.context [-] Task e8360cdb-5be4-4b68-b1aa-6d6d222a9617 | Context cleanup@openstack cleanup() finished in 4.67 sec
2020-04-10 04:15:56.800 1333 INFO rally.task.context [-] Task e8360cdb-5be4-4b68-b1aa-6d6d222a9617 | Context quotas@openstack cleanup() started
2020-04-10 04:15:56.886 1333 INFO rally.task.context [-] Task e8360cdb-5be4-4b68-b1aa-6d6d222a9617 | Context quotas@openstack cleanup() finished in 86.12 msec
2020-04-10 04:15:56.887 1333 INFO rally.task.context [-] Task e8360cdb-5be4-4b68-b1aa-6d6d222a9617 | Context api_versions@openstack cleanup() started
2020-04-10 04:15:56.887 1333 INFO rally.task.context [-] Task e8360cdb-5be4-4b68-b1aa-6d6d222a9617 | Context api_versions@openstack cleanup() finished in 0.34 msec
2020-04-10 04:15:56.887 1333 INFO rally.task.context [-] Task e8360cdb-5be4-4b68-b1aa-6d6d222a9617 | Context users@openstack cleanup() started
2020-04-10 04:15:57.033 1333 WARNING rally.common.logging [-] `iterate_per_tenants()' is deprecated in v3.0.0: it is openstack specific.. Used at
2020-04-10 04:16:05.329 1333 INFO rally.task.context [-] Task e8360cdb-5be4-4b68-b1aa-6d6d222a9617 | Context users@openstack cleanup() finished in 8.44 sec
2020-04-10 04:16:05.749 1333 INFO rally.task.engine [-] Load duration is: 8.125955
2020-04-10 04:16:05.749 1333 INFO rally.task.engine [-] Full runner duration is: 8.175797
2020-04-10 04:16:05.750 1333 INFO rally.task.engine [-] Full duration is: 23.749233
2020-04-10 04:16:05.836 1333 INFO rally.task.engine [-] Running workload: position = 0 config = { "version": 2, "title": "A cropped version of a bigger task.", "description": "Auto-generated task from a single workload (uuid=fbb9338c-47fd-4fae-a7c3-fe1de11f4805)", "subtasks": [ { "title": "CinderVolumes.list_volumes", "description": "List all volumes.", "scenario": { "CinderVolumes.list_volumes": { "detailed": true } }, "contexts": { "users": { "tenants": 3, "users_per_tenant": 2 }, "quotas": { "cinder": { "gigabytes": -1, "snapshots": -1, "volumes": -1 } }, "api_versions": { "cinder": { "version": 3, "service_type": "volumev3" } }, "volumes": { "size": 1, "volumes_per_tenant": 4 } }, "runner": { "constant": { "concurrency": 4, "times": 10 } }, "hooks": [], "sla": { "failure_rate": { "max": 0 } } } ] }
2020-04-10 04:16:05.855 1333 RALLYDEBUG rally_openstack.contexts.keystone.users [-] Creating 3 tenants using 3 threads
2020-04-10 04:16:06.315 1333 RALLYDEBUG rally_openstack.contexts.keystone.users [-] Creating 6 users using 6 threads
2020-04-10 04:16:07.304 1333 INFO rally.task.context [-] Task e8360cdb-5be4-4b68-b1aa-6d6d222a9617 | Context users@openstack setup() finished in 1.45 sec
2020-04-10 04:16:07.421 1333 INFO rally.task.context [-] Task e8360cdb-5be4-4b68-b1aa-6d6d222a9617 | Context api_versions@openstack setup() finished in 0.12 sec
2020-04-10 04:16:08.011 1333 INFO rally.task.context [-] Task e8360cdb-5be4-4b68-b1aa-6d6d222a9617 | Context quotas@openstack setup() finished in 0.59 sec
2020-04-10 04:16:08.012 1333 WARNING rally.common.logging [-] `iterate_per_tenants()' is deprecated in v3.0.0: it is openstack specific.. Used at
2020-04-10 04:16:38.688 1333 INFO rally.task.context [-] Task e8360cdb-5be4-4b68-b1aa-6d6d222a9617 | Context volumes@openstack setup() finished in 30.68 sec
2020-04-10 04:16:38.700 1333 RALLYDEBUG rally.task.runner [-] Starting the constant runner (task UUID: e8360cdb-5be4-4b68-b1aa-6d6d222a9617). times: 10 concurrency: 4 timeout: 0 max_cpu_used: 88 processes_to_start: 4 concurrency_per_worker: 1 concurrency_overhead: 0
2020-04-10 04:16:38.712 2985 RALLYDEBUG rally.task.runner [-] Starting a worker. times: 10 duration: None concurrency: 1 timeout: 0 cls: method_name: run args: {"detailed": true}
2020-04-10 04:16:38.715 2986 RALLYDEBUG rally.task.runner [-] Starting a worker. times: 10 duration: None concurrency: 1 timeout: 0 cls: method_name: run args: {"detailed": true}
2020-04-10 04:16:38.718 2987 RALLYDEBUG rally.task.runner [-] Starting a worker. times: 10 duration: None concurrency: 1 timeout: 0 cls: method_name: run args: {"detailed": true}
2020-04-10 04:16:38.721 2988 RALLYDEBUG rally.task.runner [-] Starting a worker. times: 10 duration: None concurrency: 1 timeout: 0 cls: method_name: run args: {"detailed": true}
2020-04-10 04:16:38.721 2985 INFO rally.task.runner [-] Task e8360cdb-5be4-4b68-b1aa-6d6d222a9617 | ITER: 1 START
2020-04-10 04:16:38.723 2986 INFO rally.task.runner [-] Task e8360cdb-5be4-4b68-b1aa-6d6d222a9617 | ITER: 2 START
2020-04-10 04:16:38.726 2987 INFO rally.task.runner [-] Task e8360cdb-5be4-4b68-b1aa-6d6d222a9617 | ITER: 3 START
2020-04-10 04:16:38.727 2988 INFO rally.task.runner [-] Task e8360cdb-5be4-4b68-b1aa-6d6d222a9617 | ITER: 4 START
2020-04-10 04:16:38.938 2988 INFO rally.task.runner [-] Task e8360cdb-5be4-4b68-b1aa-6d6d222a9617 | ITER: 4 END: OK
2020-04-10 04:16:38.945 2988 INFO rally.task.runner [-] Task e8360cdb-5be4-4b68-b1aa-6d6d222a9617 | ITER: 5 START
2020-04-10 04:16:39.012 2985 INFO rally.task.runner [-] Task e8360cdb-5be4-4b68-b1aa-6d6d222a9617 | ITER: 1 END: OK
2020-04-10 04:16:39.018 2985 INFO rally.task.runner [-] Task e8360cdb-5be4-4b68-b1aa-6d6d222a9617 | ITER: 6 START
2020-04-10 04:16:39.020 2987 INFO rally.task.runner [-] Task e8360cdb-5be4-4b68-b1aa-6d6d222a9617 | ITER: 3 END: OK
2020-04-10 04:16:39.026 2987 INFO rally.task.runner [-] Task e8360cdb-5be4-4b68-b1aa-6d6d222a9617 | ITER: 7 START
2020-04-10 04:16:39.031 2986 INFO rally.task.runner [-] Task e8360cdb-5be4-4b68-b1aa-6d6d222a9617 | ITER: 2 END: OK
2020-04-10 04:16:39.037 2986 INFO rally.task.runner [-] Task e8360cdb-5be4-4b68-b1aa-6d6d222a9617 | ITER: 8 START
2020-04-10 04:16:39.132 2988 INFO rally.task.runner [-] Task e8360cdb-5be4-4b68-b1aa-6d6d222a9617 | ITER: 5 END: OK
2020-04-10 04:16:39.137 2988 INFO rally.task.runner [-] Task e8360cdb-5be4-4b68-b1aa-6d6d222a9617 | ITER: 9 START
2020-04-10 04:16:39.226 2985 INFO rally.task.runner [-] Task e8360cdb-5be4-4b68-b1aa-6d6d222a9617 | ITER: 6 END: OK
2020-04-10 04:16:39.227 2987 INFO rally.task.runner [-] Task e8360cdb-5be4-4b68-b1aa-6d6d222a9617 | ITER: 7 END: OK
2020-04-10 04:16:39.232 2985 INFO rally.task.runner [-] Task e8360cdb-5be4-4b68-b1aa-6d6d222a9617 | ITER: 10 START
2020-04-10 04:16:39.265 2986 INFO rally.task.runner [-] Task e8360cdb-5be4-4b68-b1aa-6d6d222a9617 | ITER: 8 END: OK
2020-04-10 04:16:39.320 2988 INFO rally.task.runner [-] Task e8360cdb-5be4-4b68-b1aa-6d6d222a9617 | ITER: 9 END: OK
2020-04-10 04:16:39.620 2985 INFO rally.task.runner [-] Task e8360cdb-5be4-4b68-b1aa-6d6d222a9617 | ITER: 10 END: OK
2020-04-10 04:16:39.645 1333 INFO rally.task.context [-] Task e8360cdb-5be4-4b68-b1aa-6d6d222a9617 | Context volumes@openstack cleanup() started
2020-04-10 04:16:39.648 1333 RALLYDEBUG rally_openstack.cleanup.manager [-] Cleaning up cinder volumes objects
2020-04-10 04:16:40.240 1333 RALLYDEBUG rally_openstack.cleanup.manager [-] Deleting cinder.volumes object c_rally_fbb9338c_GzlbNnOk (02db4099-4fe7-4d91-93e7-b90dde22b72d)
2020-04-10 04:16:40.248 1333 RALLYDEBUG rally_openstack.cleanup.manager [-] Deleting cinder.volumes object c_rally_fbb9338c_BXJc2DSM (2fa548b9-55fc-49c9-b714-f4413212006c)
2020-04-10 04:16:40.257 1333 RALLYDEBUG rally_openstack.cleanup.manager [-] Deleting cinder.volumes object c_rally_fbb9338c_a2ksmYHq (b076e452-bbc4-47d0-b9c9-2bd6f02ddaa3)
2020-04-10 04:16:40.263 1333 RALLYDEBUG rally_openstack.cleanup.manager [-] Deleting cinder.volumes object c_rally_fbb9338c_dF5lbMVN (451f6f0e-86d7-4202-a0f9-26559f061ed9)
2020-04-10 04:16:40.275 1333 RALLYDEBUG rally_openstack.cleanup.manager [-] Deleting cinder.volumes object c_rally_fbb9338c_YsBeIjz2 (b6acc568-b480-4eb5-8429-353fc47357d8)
2020-04-10 04:16:40.281 1333 RALLYDEBUG rally_openstack.cleanup.manager [-] Deleting cinder.volumes object c_rally_fbb9338c_KzbEbDOP (82dcd110-4a1a-4be6-b3aa-f4e2d469b46d)
2020-04-10 04:16:40.302 1333 RALLYDEBUG rally_openstack.cleanup.manager [-] Deleting cinder.volumes object c_rally_fbb9338c_aQoZ95t2 (2d663d07-d84e-4330-b912-961a25aeacae)
2020-04-10 04:16:40.312 1333 RALLYDEBUG rally_openstack.cleanup.manager [-] Deleting cinder.volumes object c_rally_fbb9338c_0ocEINp8 (65eb051e-f3ff-48a6-8260-0d601f0a790e)
2020-04-10 04:16:40.327 1333 RALLYDEBUG rally_openstack.cleanup.manager [-] Deleting cinder.volumes object c_rally_fbb9338c_hFEeYvNZ (ae732572-6235-4c3f-9c45-6291c352961b)
2020-04-10 04:16:40.353 1333 RALLYDEBUG rally_openstack.cleanup.manager [-] Deleting cinder.volumes object c_rally_fbb9338c_EB26nAoM (548ccc95-b823-4702-a8d5-96d9a918b19d)
2020-04-10 04:16:40.358 1333 RALLYDEBUG rally_openstack.cleanup.manager [-] Deleting cinder.volumes object c_rally_fbb9338c_o6HWpEyI (a710da31-4dfd-45a2-bebb-9802796b40f7)
2020-04-10 04:16:40.372 1333 RALLYDEBUG rally_openstack.cleanup.manager [-] Deleting cinder.volumes object c_rally_fbb9338c_mOqqbwb3 (9d6ecbdc-9aaa-452c-aef1-ee6d4b1a8944)
2020-04-10 04:16:42.914 1333 INFO rally.task.context [-] Task e8360cdb-5be4-4b68-b1aa-6d6d222a9617 | Context volumes@openstack cleanup() finished in 3.27 sec
2020-04-10 04:16:42.915 1333 INFO rally.task.context [-] Task e8360cdb-5be4-4b68-b1aa-6d6d222a9617 | Context quotas@openstack cleanup() started
2020-04-10 04:16:43.006 1333 INFO rally.task.context [-] Task e8360cdb-5be4-4b68-b1aa-6d6d222a9617 | Context quotas@openstack cleanup() finished in 91.17 msec
2020-04-10 04:16:43.007 1333 INFO rally.task.context [-] Task e8360cdb-5be4-4b68-b1aa-6d6d222a9617 | Context api_versions@openstack cleanup() started
2020-04-10 04:16:43.007 1333 INFO rally.task.context [-] Task e8360cdb-5be4-4b68-b1aa-6d6d222a9617 | Context api_versions@openstack cleanup() finished in 0.28 msec
2020-04-10 04:16:43.007 1333 INFO rally.task.context [-] Task e8360cdb-5be4-4b68-b1aa-6d6d222a9617 | Context users@openstack cleanup() started
2020-04-10 04:16:43.229 1333 WARNING rally.common.logging [-] `iterate_per_tenants()' is deprecated in v3.0.0: it is openstack specific.. Used at
2020-04-10 04:16:47.018 1333 INFO rally.task.context [-] Task e8360cdb-5be4-4b68-b1aa-6d6d222a9617 | Context users@openstack cleanup() finished in 4.01 sec
2020-04-10 04:16:48.091 1333 INFO rally.task.engine [-] Load duration is: 0.893385
2020-04-10 04:16:48.091 1333 INFO rally.task.engine [-] Full runner duration is: 0.945411
2020-04-10 04:16:48.092 1333 INFO rally.task.engine [-] Full duration is: 41.165102
2020-04-10 04:16:48.183 1333 INFO rally.task.engine [-] Running workload: position = 0 config = { "version": 2, "title": "A cropped version of a bigger task.", "description": "Auto-generated task from a single workload (uuid=bbf53439-26fa-4265-b04e-d13d48a06a50)", "subtasks": [ { "title": "CinderVolumes.create_and_delete_snapshot", "description": "Create and then delete a volume-snapshot.", "scenario": { "CinderVolumes.create_and_delete_snapshot": { "force": false } }, "contexts": { "users": { "tenants": 3, "users_per_tenant": 2 }, "quotas": { "cinder": { "gigabytes": -1, "snapshots": -1, "volumes": -1 } }, "api_versions": { "cinder": { "version": 3, "service_type": "volumev3" } }, "volumes": { "size": 1, "volumes_per_tenant": 1 } }, "runner": { "constant": { "concurrency": 4, "times": 10 } }, "hooks": [], "sla": { "failure_rate": { "max": 0 } } } ] }
2020-04-10 04:16:48.207 1333 RALLYDEBUG rally_openstack.contexts.keystone.users [-] Creating 3 tenants using 3 threads
2020-04-10 04:16:48.705 1333 RALLYDEBUG rally_openstack.contexts.keystone.users [-] Creating 6 users using 6 threads
2020-04-10 04:16:49.756 1333 INFO rally.task.context [-] Task e8360cdb-5be4-4b68-b1aa-6d6d222a9617 | Context users@openstack setup() finished in 1.55 sec
2020-04-10 04:16:49.910 1333 INFO rally.task.context [-] Task e8360cdb-5be4-4b68-b1aa-6d6d222a9617 | Context api_versions@openstack setup() finished in 0.15 sec
2020-04-10 04:16:50.642 1333 INFO rally.task.context [-] Task e8360cdb-5be4-4b68-b1aa-6d6d222a9617 | Context quotas@openstack setup() finished in 0.73 sec
2020-04-10 04:16:50.643 1333 WARNING rally.common.logging [-] `iterate_per_tenants()' is deprecated in v3.0.0: it is openstack specific.. Used at
2020-04-10 04:16:59.018 1333 INFO rally.task.context [-] Task e8360cdb-5be4-4b68-b1aa-6d6d222a9617 | Context volumes@openstack setup() finished in 8.38 sec
2020-04-10 04:16:59.019 1333 INFO rally.task.context [-] Task e8360cdb-5be4-4b68-b1aa-6d6d222a9617 | Context cleanup@openstack setup() finished in 0.00 msec
2020-04-10 04:16:59.028 1333 RALLYDEBUG rally.task.runner [-] Starting the constant runner (task UUID: e8360cdb-5be4-4b68-b1aa-6d6d222a9617). times: 10 concurrency: 4 timeout: 0 max_cpu_used: 88 processes_to_start: 4 concurrency_per_worker: 1 concurrency_overhead: 0
2020-04-10 04:16:59.041 3078 RALLYDEBUG rally.task.runner [-] Starting a worker. times: 10 duration: None concurrency: 1 timeout: 0 cls: method_name: run args: {"force": false}
2020-04-10 04:16:59.044 3079 RALLYDEBUG rally.task.runner [-] Starting a worker. times: 10 duration: None concurrency: 1 timeout: 0 cls: method_name: run args: {"force": false}
2020-04-10 04:16:59.046 3080 RALLYDEBUG rally.task.runner [-] Starting a worker. times: 10 duration: None concurrency: 1 timeout: 0 cls: method_name: run args: {"force": false}
2020-04-10 04:16:59.049 3078 INFO rally.task.runner [-] Task e8360cdb-5be4-4b68-b1aa-6d6d222a9617 | ITER: 1 START
2020-04-10 04:16:59.051 3079 INFO rally.task.runner [-] Task e8360cdb-5be4-4b68-b1aa-6d6d222a9617 | ITER: 2 START
2020-04-10 04:16:59.050 3081 RALLYDEBUG rally.task.runner [-] Starting a worker. times: 10 duration: None concurrency: 1 timeout: 0 cls: method_name: run args: {"force": false}
2020-04-10 04:16:59.052 3080 INFO rally.task.runner [-] Task e8360cdb-5be4-4b68-b1aa-6d6d222a9617 | ITER: 3 START
2020-04-10 04:16:59.056 3081 INFO rally.task.runner [-] Task e8360cdb-5be4-4b68-b1aa-6d6d222a9617 | ITER: 4 START
2020-04-10 04:17:01.588 3080 RALLYDEBUG rally.task.utils [-] Waiting for resource s_rally_bbf53439_cBBu7dlC. Status changed: AVAILABLE => DELETING in 0.03502464294433594
2020-04-10 04:17:01.598 3078 RALLYDEBUG rally.task.utils [-] Waiting for resource s_rally_bbf53439_SAbhIuOd. Status changed: AVAILABLE => DELETING in 0.03538393974304199
2020-04-10 04:17:01.623 3081 RALLYDEBUG rally.task.utils [-] Waiting for resource s_rally_bbf53439_cJNaN7nb. Status changed: AVAILABLE => DELETING in 0.03600478172302246
2020-04-10 04:17:01.811 3079 RALLYDEBUG rally.task.utils [-] Waiting for resource s_rally_bbf53439_lRIEGohK. Status changed: AVAILABLE => DELETING in 0.037413835525512695
2020-04-10 04:17:03.628 3080 INFO rally.task.runner [-] Task e8360cdb-5be4-4b68-b1aa-6d6d222a9617 | ITER: 3 END: OK
2020-04-10 04:17:03.634 3080 INFO rally.task.runner [-] Task e8360cdb-5be4-4b68-b1aa-6d6d222a9617 | ITER: 5 START
2020-04-10 04:17:03.639 3078 INFO rally.task.runner [-] Task e8360cdb-5be4-4b68-b1aa-6d6d222a9617 | ITER: 1 END: OK
2020-04-10 04:17:03.645 3078 INFO rally.task.runner [-] Task e8360cdb-5be4-4b68-b1aa-6d6d222a9617 | ITER: 6 START
2020-04-10 04:17:03.661 3081 INFO rally.task.runner [-] Task e8360cdb-5be4-4b68-b1aa-6d6d222a9617 | ITER: 4 END: OK
2020-04-10 04:17:03.667 3081 INFO rally.task.runner [-] Task e8360cdb-5be4-4b68-b1aa-6d6d222a9617 | ITER: 7 START
2020-04-10 04:17:03.847 3079 INFO rally.task.runner [-] Task e8360cdb-5be4-4b68-b1aa-6d6d222a9617 | ITER: 2 END: OK
2020-04-10 04:17:03.852 3079 INFO rally.task.runner [-] Task e8360cdb-5be4-4b68-b1aa-6d6d222a9617 | ITER: 8 START
2020-04-10 04:17:06.145 3080 RALLYDEBUG rally.task.utils [-] Waiting for resource s_rally_bbf53439_1K8eNOmP. Status changed: AVAILABLE => DELETING in 0.03672337532043457
2020-04-10 04:17:06.171 3078 RALLYDEBUG rally.task.utils [-] Waiting for resource s_rally_bbf53439_ixHh3HQU. Status changed: AVAILABLE => DELETING in 0.04245948791503906
2020-04-10 04:17:06.266 3081 RALLYDEBUG rally.task.utils [-] Waiting for resource s_rally_bbf53439_dELiBHlM. Status changed: AVAILABLE => DELETING in 0.04194450378417969
2020-04-10 04:17:06.479 3079 RALLYDEBUG rally.task.utils [-] Waiting for resource s_rally_bbf53439_9CKuwxJa. Status changed: AVAILABLE => DELETING in 0.03913164138793945
2020-04-10 04:17:08.184 3080 INFO rally.task.runner [-] Task e8360cdb-5be4-4b68-b1aa-6d6d222a9617 | ITER: 5 END: OK
2020-04-10 04:17:08.188 3080 INFO rally.task.runner [-] Task e8360cdb-5be4-4b68-b1aa-6d6d222a9617 | ITER: 9 START
2020-04-10 04:17:08.203 3078 INFO rally.task.runner [-] Task e8360cdb-5be4-4b68-b1aa-6d6d222a9617 | ITER: 6 END: OK
2020-04-10 04:17:08.206 3078 INFO rally.task.runner [-] Task e8360cdb-5be4-4b68-b1aa-6d6d222a9617 | ITER: 10 START
2020-04-10 04:17:08.305 3081 INFO rally.task.runner [-] Task e8360cdb-5be4-4b68-b1aa-6d6d222a9617 | ITER: 7 END: OK
2020-04-10 04:17:08.521 3079 INFO rally.task.runner [-] Task e8360cdb-5be4-4b68-b1aa-6d6d222a9617 | ITER: 8 END: OK
2020-04-10 04:17:10.750 3080 RALLYDEBUG rally.task.utils [-] Waiting for resource s_rally_bbf53439_dQ9T6Iai. Status changed: AVAILABLE => DELETING in 0.032125234603881836
2020-04-10 04:17:10.784 3078 RALLYDEBUG rally.task.utils [-] Waiting for resource s_rally_bbf53439_gPerVKcQ. Status changed: AVAILABLE => DELETING in 0.03780198097229004
2020-04-10 04:17:12.794 3080 INFO rally.task.runner [-] Task e8360cdb-5be4-4b68-b1aa-6d6d222a9617 | ITER: 9 END: OK
2020-04-10 04:17:12.826 3078 INFO rally.task.runner [-] Task e8360cdb-5be4-4b68-b1aa-6d6d222a9617 | ITER: 10 END: OK
2020-04-10 04:17:12.848 1333 INFO rally.task.context [-] Task e8360cdb-5be4-4b68-b1aa-6d6d222a9617 | Context cleanup@openstack cleanup() started
2020-04-10 04:17:12.852 1333 RALLYDEBUG rally_openstack.cleanup.manager [-] Cleaning up cinder backups objects
2020-04-10 04:17:13.308 1333 RALLYDEBUG rally_openstack.cleanup.manager [-] Cleaning up cinder volume_snapshots objects
2020-04-10 04:17:13.824 1333 RALLYDEBUG rally_openstack.cleanup.manager [-] Cleaning up cinder transfers objects
2020-04-10 04:17:14.296 1333 RALLYDEBUG rally_openstack.cleanup.manager [-] Cleaning up cinder volumes objects
2020-04-10 04:17:14.888 1333 INFO rally.task.context [-] Task e8360cdb-5be4-4b68-b1aa-6d6d222a9617 | Context cleanup@openstack cleanup() finished in 2.04 sec
2020-04-10 04:17:14.889 1333 INFO rally.task.context [-] Task e8360cdb-5be4-4b68-b1aa-6d6d222a9617 | Context volumes@openstack cleanup() started
2020-04-10 04:17:14.889 1333 RALLYDEBUG rally_openstack.cleanup.manager [-] Cleaning up cinder volumes objects
2020-04-10 04:17:15.451 1333 RALLYDEBUG rally_openstack.cleanup.manager [-] Deleting cinder.volumes object c_rally_bbf53439_vpRdzKXU (486382e8-df4b-46f6-8bae-510f491d014b)
2020-04-10 04:17:15.452 1333 RALLYDEBUG rally_openstack.cleanup.manager [-] Deleting cinder.volumes object c_rally_bbf53439_Gx5sjTLO (b9f5b6fb-2dc6-4a98-98cf-d5b328da1580)
2020-04-10 04:17:15.461 1333 RALLYDEBUG rally_openstack.cleanup.manager [-] Deleting cinder.volumes object c_rally_bbf53439_1l4sYy76 (4a4a2bf7-8922-46ae-94ea-5fe7706001d9)
2020-04-10 04:17:17.839 1333 INFO rally.task.context [-] Task e8360cdb-5be4-4b68-b1aa-6d6d222a9617 | Context volumes@openstack cleanup() finished in 2.95 sec
2020-04-10 04:17:17.840 1333 INFO rally.task.context [-] Task e8360cdb-5be4-4b68-b1aa-6d6d222a9617 | Context quotas@openstack cleanup() started
2020-04-10 04:17:17.934 1333 INFO rally.task.context [-] Task e8360cdb-5be4-4b68-b1aa-6d6d222a9617 | Context quotas@openstack cleanup() finished in 94.26 msec
2020-04-10 04:17:17.935 1333 INFO rally.task.context [-] Task e8360cdb-5be4-4b68-b1aa-6d6d222a9617 | Context api_versions@openstack cleanup() started
2020-04-10 04:17:17.935 1333 INFO rally.task.context [-] Task e8360cdb-5be4-4b68-b1aa-6d6d222a9617 | Context api_versions@openstack cleanup() finished in 0.30 msec
2020-04-10 04:17:17.935 1333 INFO rally.task.context [-] Task e8360cdb-5be4-4b68-b1aa-6d6d222a9617 | Context users@openstack cleanup() started
2020-04-10 04:17:18.149 1333 WARNING rally.common.logging [-] `iterate_per_tenants()' is deprecated in v3.0.0: it is openstack specific.. Used at
2020-04-10 04:17:22.211 1333 INFO rally.task.context [-] Task e8360cdb-5be4-4b68-b1aa-6d6d222a9617 | Context users@openstack cleanup() finished in 4.28 sec
2020-04-10 04:17:22.403 1333 INFO rally.task.engine [-] Load duration is: 13.772489
2020-04-10 04:17:22.403 1333 INFO rally.task.engine [-] Full runner duration is: 13.820632
2020-04-10 04:17:22.403 1333 INFO rally.task.engine [-] Full duration is: 34.007413
2020-04-10 04:17:22.492 1333 INFO rally.task.engine [-] Running workload: position = 0 config = { "version": 2, "title": "A cropped version of a bigger task.", "description": "Auto-generated task from a single workload (uuid=1077dc07-0d55-4722-b649-fd1bc0f5b72f)", "subtasks": [ { "title": "CinderVolumes.create_and_delete_volume", "description": "Create and then delete a volume.", "scenario": { "CinderVolumes.create_and_delete_volume": { "size": { "max": 1, "min": 1 } } }, "contexts": { "users": { "tenants": 3, "users_per_tenant": 2 }, "quotas": { "cinder": { "gigabytes": -1, "snapshots": -1, "volumes": -1 } }, "api_versions": { "cinder": { "version": 3, "service_type": "volumev3" } } }, "runner": { "constant": { "concurrency": 4, "times": 10 } }, "hooks": [], "sla": { "failure_rate": { "max": 0 } } } ] }
2020-04-10 04:17:22.515 1333 RALLYDEBUG rally_openstack.contexts.keystone.users [-] Creating 3 tenants using 3 threads
2020-04-10 04:17:23.026 1333 RALLYDEBUG rally_openstack.contexts.keystone.users [-] Creating 6 users using 6 threads
2020-04-10 04:17:24.095 1333 INFO rally.task.context [-] Task e8360cdb-5be4-4b68-b1aa-6d6d222a9617 | Context users@openstack setup() finished in 1.58 sec
2020-04-10 04:17:24.223 1333 INFO rally.task.context [-] Task e8360cdb-5be4-4b68-b1aa-6d6d222a9617 | Context api_versions@openstack setup() finished in 0.13 sec
2020-04-10 04:17:24.901 1333 INFO rally.task.context [-] Task e8360cdb-5be4-4b68-b1aa-6d6d222a9617 | Context quotas@openstack setup() finished in 0.68 sec
2020-04-10 04:17:24.902 1333 INFO rally.task.context [-] Task e8360cdb-5be4-4b68-b1aa-6d6d222a9617 | Context cleanup@openstack setup() finished in 0.03 msec
2020-04-10 04:17:24.913 1333 RALLYDEBUG rally.task.runner [-] Starting the constant runner (task UUID: e8360cdb-5be4-4b68-b1aa-6d6d222a9617). times: 10 concurrency: 4 timeout: 0 max_cpu_used: 88 processes_to_start: 4 concurrency_per_worker: 1 concurrency_overhead: 0
2020-04-10 04:17:24.926 3251 RALLYDEBUG rally.task.runner [-] Starting a worker. times: 10 duration: None concurrency: 1 timeout: 0 cls: method_name: run args: {"size": {"max": 1, "min": 1}}
2020-04-10 04:17:24.929 3252 RALLYDEBUG rally.task.runner [-] Starting a worker. times: 10 duration: None concurrency: 1 timeout: 0 cls: method_name: run args: {"size": {"max": 1, "min": 1}}
2020-04-10 04:17:24.932 3251 INFO rally.task.runner [-] Task e8360cdb-5be4-4b68-b1aa-6d6d222a9617 | ITER: 1 START
2020-04-10 04:17:24.934 3252 INFO rally.task.runner [-] Task e8360cdb-5be4-4b68-b1aa-6d6d222a9617 | ITER: 2 START
2020-04-10 04:17:24.934 3253 RALLYDEBUG rally.task.runner [-] Starting a worker. times: 10 duration: None concurrency: 1 timeout: 0 cls: method_name: run args: {"size": {"max": 1, "min": 1}}
2020-04-10 04:17:24.937 3256 RALLYDEBUG rally.task.runner [-] Starting a worker. times: 10 duration: None concurrency: 1 timeout: 0 cls: method_name: run args: {"size": {"max": 1, "min": 1}}
2020-04-10 04:17:24.941 3253 INFO rally.task.runner [-] Task e8360cdb-5be4-4b68-b1aa-6d6d222a9617 | ITER: 3 START
2020-04-10 04:17:24.943 3256 INFO rally.task.runner [-] Task e8360cdb-5be4-4b68-b1aa-6d6d222a9617 | ITER: 4 START
2020-04-10 04:17:27.747 3251 RALLYDEBUG rally.task.utils [-] Waiting for resource s_rally_1077dc07_XWS1Cxgp. Status changed: AVAILABLE => DELETING in 0.07606673240661621
2020-04-10 04:17:27.759 3253 RALLYDEBUG rally.task.utils [-] Waiting for resource s_rally_1077dc07_ae8aJzRv. Status changed: AVAILABLE => DELETING in 0.07058048248291016
2020-04-10 04:17:27.806 3256 RALLYDEBUG rally.task.utils [-] Waiting for resource s_rally_1077dc07_VE1JtLEv. Status changed: AVAILABLE => DELETING in 0.08107399940490723
2020-04-10 04:17:27.841 3252 RALLYDEBUG rally.task.utils [-] Waiting for resource s_rally_1077dc07_Bn6Jyn1Q. Status changed: AVAILABLE => DELETING in 0.07362675666809082
2020-04-10 04:17:29.805 3251 INFO rally.task.runner [-] Task e8360cdb-5be4-4b68-b1aa-6d6d222a9617 | ITER: 1 END: OK
2020-04-10 04:17:29.811 3251 INFO rally.task.runner [-] Task e8360cdb-5be4-4b68-b1aa-6d6d222a9617 | ITER: 5 START
2020-04-10 04:17:29.812 3253 INFO rally.task.runner [-] Task e8360cdb-5be4-4b68-b1aa-6d6d222a9617 | ITER: 3 END: OK
2020-04-10 04:17:29.817 3253 INFO rally.task.runner [-] Task e8360cdb-5be4-4b68-b1aa-6d6d222a9617 | ITER: 6 START
2020-04-10 04:17:29.864 3256 INFO rally.task.runner [-] Task e8360cdb-5be4-4b68-b1aa-6d6d222a9617 | ITER: 4 END: OK
2020-04-10 04:17:29.869 3256 INFO rally.task.runner [-] Task e8360cdb-5be4-4b68-b1aa-6d6d222a9617 | ITER: 7 START
2020-04-10 04:17:29.896 3252 INFO rally.task.runner [-] Task e8360cdb-5be4-4b68-b1aa-6d6d222a9617 | ITER: 2 END: OK
2020-04-10 04:17:29.901 3252 INFO rally.task.runner [-] Task e8360cdb-5be4-4b68-b1aa-6d6d222a9617 | ITER: 8 START
2020-04-10 04:17:32.632 3252 RALLYDEBUG rally.task.utils [-] Waiting for resource s_rally_1077dc07_CgNwSQpA. Status changed: AVAILABLE => DELETING in 0.07954025268554688
2020-04-10 04:17:32.680 3256 RALLYDEBUG rally.task.utils [-] Waiting for resource s_rally_1077dc07_OG6ekLny. Status changed: AVAILABLE => DELETING in 0.07371902465820312
2020-04-10 04:17:32.696 3253 RALLYDEBUG rally.task.utils [-] Waiting for resource s_rally_1077dc07_qnMmIyW6. Status changed: AVAILABLE => DELETING in 0.07360529899597168
