2020-04-10 04:05:29.466 969 INFO rally.task.runner [-] Task 9cfec36c-2823-4d72-a61c-bcc0087afe27 | ITER: 8 END: OK
2020-04-10 04:05:29.470 970 INFO rally.task.runner [-] Task 9cfec36c-2823-4d72-a61c-bcc0087afe27 | ITER: 9 START
2020-04-10 04:05:29.470 969 INFO rally.task.runner [-] Task 9cfec36c-2823-4d72-a61c-bcc0087afe27 | ITER: 10 START
2020-04-10 04:05:29.482 968 INFO rally.task.runner [-] Task 9cfec36c-2823-4d72-a61c-bcc0087afe27 | ITER: 6 END: OK
2020-04-10 04:05:29.485 971 INFO rally.task.runner [-] Task 9cfec36c-2823-4d72-a61c-bcc0087afe27 | ITER: 5 END: OK
2020-04-10 04:05:31.821 970 RALLYDEBUG rally.task.utils [-] Waiting for resource '85237996-f9d4-4b55-9265-b3be569132b0'. Status changed: NONE => QUEUED in 0.04031991958618164
2020-04-10 04:05:31.825 969 RALLYDEBUG rally.task.utils [-] Waiting for resource 'bdf67576-916b-44da-9823-a8c19bc5ae5e'. Status changed: NONE => QUEUED in 0.051740169525146484
2020-04-10 04:05:32.286 970 RALLYDEBUG rally.task.utils [-] Waiting for resource s_rally_1a494901_k89lAXO7. Status changed: QUEUED => ACTIVE in 0.030348777770996094
2020-04-10 04:05:32.312 969 RALLYDEBUG rally.task.utils [-] Waiting for resource s_rally_1a494901_O5KaVOCU. Status changed: QUEUED => ACTIVE in 0.03474259376525879
2020-04-10 04:05:32.366 970 INFO rally.task.runner [-] Task 9cfec36c-2823-4d72-a61c-bcc0087afe27 | ITER: 9 END: OK
2020-04-10 04:05:32.401 969 INFO rally.task.runner [-] Task 9cfec36c-2823-4d72-a61c-bcc0087afe27 | ITER: 10 END: OK
2020-04-10 04:05:32.424 501 INFO rally.task.context [-] Task 9cfec36c-2823-4d72-a61c-bcc0087afe27 | Context cleanup@openstack cleanup() started
2020-04-10 04:05:32.431 501 RALLYDEBUG rally_openstack.cleanup.manager [-] Cleaning up glance images objects
2020-04-10 04:05:33.207 501 RALLYDEBUG rally_openstack.cleanup.manager [-] Deleting glance.images object s_rally_1a494901_MNsMcwwZ (3f576bac-f216-43cd-933d-7b0057927d89)
2020-04-10 04:05:33.220 501 RALLYDEBUG rally_openstack.cleanup.manager [-] Deleting glance.images object s_rally_1a494901_f5UvLPuE (d8361576-b700-49bd-aad9-659ef88dda65)
2020-04-10 04:05:33.232 501 RALLYDEBUG rally_openstack.cleanup.manager [-] Deleting glance.images object s_rally_1a494901_Xm8FFqDW (6c7b822d-83ef-44b8-954c-79d1610e45ea)
2020-04-10 04:05:33.250 501 RALLYDEBUG rally_openstack.cleanup.manager [-] Deleting glance.images object s_rally_1a494901_wyZQZGKo (82b85a4f-cbfb-498a-8cac-38312577f5a2)
2020-04-10 04:05:33.250 501 RALLYDEBUG rally_openstack.cleanup.manager [-] Deleting glance.images object s_rally_1a494901_9ILg5Z9P (2917d1e0-ee14-4c74-9d34-eef3d7995ad0)
2020-04-10 04:05:33.256 501 RALLYDEBUG rally_openstack.cleanup.manager [-] Deleting glance.images object s_rally_1a494901_sUUYwKDu (be13dd5a-1873-4e59-a3af-f889349b0868)
2020-04-10 04:05:33.257 501 RALLYDEBUG rally_openstack.cleanup.manager [-] Deleting glance.images object s_rally_1a494901_O5KaVOCU (bdf67576-916b-44da-9823-a8c19bc5ae5e)
2020-04-10 04:05:33.266 501 RALLYDEBUG rally_openstack.cleanup.manager [-] Deleting glance.images object s_rally_1a494901_RtLHbUKl (8a517f8a-4eea-455e-966e-db0f5caaee23)
2020-04-10 04:05:33.281 501 RALLYDEBUG rally_openstack.cleanup.manager [-] Deleting glance.images object s_rally_1a494901_k89lAXO7 (85237996-f9d4-4b55-9265-b3be569132b0)
2020-04-10 04:05:33.297 501 RALLYDEBUG rally_openstack.cleanup.manager [-] Deleting glance.images object s_rally_1a494901_Y2iy0E8h (fde6dc38-713f-4d62-9528-8e23583f475d)
2020-04-10 04:05:33.823 501 DEBUG glanceclient.common.http [-] Request returned failure status 404. _handle_response /usr/lib/python3.7/site-packages/glanceclient/common/http.py:125
2020-04-10 04:05:33.831 501 DEBUG glanceclient.common.http [-] Request returned failure status 404. _handle_response /usr/lib/python3.7/site-packages/glanceclient/common/http.py:125
2020-04-10 04:05:33.845 501 DEBUG glanceclient.common.http [-] Request returned failure status 404. _handle_response /usr/lib/python3.7/site-packages/glanceclient/common/http.py:125
2020-04-10 04:05:33.857 501 DEBUG glanceclient.common.http [-] Request returned failure status 404. _handle_response /usr/lib/python3.7/site-packages/glanceclient/common/http.py:125
2020-04-10 04:05:33.859 501 DEBUG glanceclient.common.http [-] Request returned failure status 404. _handle_response /usr/lib/python3.7/site-packages/glanceclient/common/http.py:125
2020-04-10 04:05:33.874 501 DEBUG glanceclient.common.http [-] Request returned failure status 404. _handle_response /usr/lib/python3.7/site-packages/glanceclient/common/http.py:125
2020-04-10 04:05:33.881 501 DEBUG glanceclient.common.http [-] Request returned failure status 404. _handle_response /usr/lib/python3.7/site-packages/glanceclient/common/http.py:125
2020-04-10 04:05:33.884 501 DEBUG glanceclient.common.http [-] Request returned failure status 404. _handle_response /usr/lib/python3.7/site-packages/glanceclient/common/http.py:125
2020-04-10 04:05:33.899 501 DEBUG glanceclient.common.http [-] Request returned failure status 404. _handle_response /usr/lib/python3.7/site-packages/glanceclient/common/http.py:125
2020-04-10 04:05:33.908 501 DEBUG glanceclient.common.http [-] Request returned failure status 404. _handle_response /usr/lib/python3.7/site-packages/glanceclient/common/http.py:125
2020-04-10 04:05:33.945 501 DEBUG glanceclient.common.http [-] Request returned failure status 404. _handle_response /usr/lib/python3.7/site-packages/glanceclient/common/http.py:125
2020-04-10 04:05:33.953 501 DEBUG glanceclient.common.http [-] Request returned failure status 404. _handle_response /usr/lib/python3.7/site-packages/glanceclient/common/http.py:125
2020-04-10 04:05:33.955 501 DEBUG glanceclient.common.http [-] Request returned failure status 404. _handle_response /usr/lib/python3.7/site-packages/glanceclient/common/http.py:125
2020-04-10 04:05:33.966 501 DEBUG glanceclient.common.http [-] Request returned failure status 404. _handle_response /usr/lib/python3.7/site-packages/glanceclient/common/http.py:125
2020-04-10 04:05:33.972 501 DEBUG glanceclient.common.http [-] Request returned failure status 404. _handle_response /usr/lib/python3.7/site-packages/glanceclient/common/http.py:125
2020-04-10 04:05:33.974 501 DEBUG glanceclient.common.http [-] Request returned failure status 404. _handle_response /usr/lib/python3.7/site-packages/glanceclient/common/http.py:125
2020-04-10 04:05:33.985 501 DEBUG glanceclient.common.http [-] Request returned failure status 404. _handle_response /usr/lib/python3.7/site-packages/glanceclient/common/http.py:125
2020-04-10 04:05:33.993 501 DEBUG glanceclient.common.http [-] Request returned failure status 404. _handle_response /usr/lib/python3.7/site-packages/glanceclient/common/http.py:125
2020-04-10 04:05:34.009 501 DEBUG glanceclient.common.http [-] Request returned failure status 404. _handle_response /usr/lib/python3.7/site-packages/glanceclient/common/http.py:125
2020-04-10 04:05:34.010 501 DEBUG glanceclient.common.http [-] Request returned failure status 404. _handle_response /usr/lib/python3.7/site-packages/glanceclient/common/http.py:125
2020-04-10 04:05:35.015 501 INFO rally.task.context [-] Task 9cfec36c-2823-4d72-a61c-bcc0087afe27 | Context cleanup@openstack cleanup() finished in 2.59 sec
2020-04-10 04:05:35.015 501 INFO rally.task.context [-] Task 9cfec36c-2823-4d72-a61c-bcc0087afe27 | Context users@openstack cleanup() started
2020-04-10 04:05:35.147 501 WARNING rally.common.logging [-] `iterate_per_tenants()' is deprecated in v3.0.0: it is openstack specific.. Used at
2020-04-10 04:05:38.264 501 INFO rally.task.context [-] Task 9cfec36c-2823-4d72-a61c-bcc0087afe27 | Context users@openstack cleanup() finished in 3.25 sec
2020-04-10 04:05:39.939 501 INFO rally.task.engine [-] Load duration is: 8.942073
2020-04-10 04:05:39.939 501 INFO rally.task.engine [-] Full runner duration is: 9.157999
2020-04-10 04:05:39.940 501 INFO rally.task.engine [-] Full duration is: 16.480311
2020-04-10 04:05:40.022 501 INFO rally.task.engine [-] Running workload: position = 0 config = { "version": 2, "title": "A cropped version of a bigger task.", "description": "Auto-generated task from a single workload (uuid=8e46142c-aba0-4293-8e13-736f4293c126)", "subtasks": [ { "title": "GlanceImages.create_and_download_image", "description": "Create an image, then download data of the image.", "scenario": { "GlanceImages.create_and_download_image": { "container_format": "bare", "disk_format": "qcow2", "image_location": "/home/opnfv/functest/images/cirros-0.4.0-x86_64-disk.img" } }, "contexts": { "users": { "tenants": 3, "users_per_tenant": 2 } }, "runner": { "constant": { "concurrency": 4, "times": 10 } }, "hooks": [], "sla": { "failure_rate": { "max": 0 } } } ] }
2020-04-10 04:05:40.042 501 RALLYDEBUG rally_openstack.contexts.keystone.users [-] Creating 3 tenants using 3 threads
2020-04-10 04:05:40.635 501 RALLYDEBUG rally_openstack.contexts.keystone.users [-] Creating 6 users using 6 threads
2020-04-10 04:05:41.663 501 INFO rally.task.context [-] Task 9cfec36c-2823-4d72-a61c-bcc0087afe27 | Context users@openstack setup() finished in 1.62 sec
2020-04-10 04:05:41.664 501 INFO rally.task.context [-] Task 9cfec36c-2823-4d72-a61c-bcc0087afe27 | Context cleanup@openstack setup() finished in 0.13 msec
2020-04-10 04:05:41.673 501 RALLYDEBUG rally.task.runner [-] Starting the constant runner (task UUID: 9cfec36c-2823-4d72-a61c-bcc0087afe27). times: 10 concurrency: 4 timeout: 0 max_cpu_used: 88 processes_to_start: 4 concurrency_per_worker: 1 concurrency_overhead: 0
2020-04-10 04:05:41.685 1061 RALLYDEBUG rally.task.runner [-] Starting a worker. times: 10 duration: None concurrency: 1 timeout: 0 cls: method_name: run args: {"container_format": "bare", "disk_format": "qcow2", "image_location": "/home/opnfv/functest/images/cirros-0.4.0-x86_64-disk.img"}
2020-04-10 04:05:41.688 1062 RALLYDEBUG rally.task.runner [-] Starting a worker. times: 10 duration: None concurrency: 1 timeout: 0 cls: method_name: run args: {"container_format": "bare", "disk_format": "qcow2", "image_location": "/home/opnfv/functest/images/cirros-0.4.0-x86_64-disk.img"}
2020-04-10 04:05:41.691 1061 INFO rally.task.runner [-] Task 9cfec36c-2823-4d72-a61c-bcc0087afe27 | ITER: 1 START
2020-04-10 04:05:41.691 1063 RALLYDEBUG rally.task.runner [-] Starting a worker. times: 10 duration: None concurrency: 1 timeout: 0 cls: method_name: run args: {"container_format": "bare", "disk_format": "qcow2", "image_location": "/home/opnfv/functest/images/cirros-0.4.0-x86_64-disk.img"}
2020-04-10 04:05:41.693 1064 RALLYDEBUG rally.task.runner [-] Starting a worker. times: 10 duration: None concurrency: 1 timeout: 0 cls: method_name: run args: {"container_format": "bare", "disk_format": "qcow2", "image_location": "/home/opnfv/functest/images/cirros-0.4.0-x86_64-disk.img"}
2020-04-10 04:05:41.695 1062 INFO rally.task.runner [-] Task 9cfec36c-2823-4d72-a61c-bcc0087afe27 | ITER: 2 START
2020-04-10 04:05:41.697 1063 INFO rally.task.runner [-] Task 9cfec36c-2823-4d72-a61c-bcc0087afe27 | ITER: 3 START
2020-04-10 04:05:41.699 1064 INFO rally.task.runner [-] Task 9cfec36c-2823-4d72-a61c-bcc0087afe27 | ITER: 4 START
2020-04-10 04:05:44.148 1061 RALLYDEBUG rally.task.utils [-] Waiting for resource '2a334e96-96b5-4e1e-b38b-992e54f7d1a6'. Status changed: NONE => QUEUED in 0.04369187355041504
2020-04-10 04:05:44.170 1063 RALLYDEBUG rally.task.utils [-] Waiting for resource 'c32dda55-e930-409b-9fb6-e6e737102a2b'. Status changed: NONE => QUEUED in 0.04672360420227051
2020-04-10 04:05:44.171 1064 RALLYDEBUG rally.task.utils [-] Waiting for resource '5035fad1-e187-443b-9134-245fefc6372e'. Status changed: NONE => QUEUED in 0.050962209701538086
2020-04-10 04:05:44.210 1062 RALLYDEBUG rally.task.utils [-] Waiting for resource '0f1acbe5-1e20-42fa-9e7d-046553a80632'. Status changed: NONE => QUEUED in 0.04440498352050781
2020-04-10 04:05:44.775 1064 RALLYDEBUG rally.task.utils [-] Waiting for resource s_rally_8e46142c_Fah7HBMR. Status changed: QUEUED => ACTIVE in 0.03150463104248047
2020-04-10 04:05:44.781 1063 RALLYDEBUG rally.task.utils [-] Waiting for resource s_rally_8e46142c_E7SSzrUh. Status changed: QUEUED => ACTIVE in 0.030953645706176758
2020-04-10 04:05:44.784 1062 RALLYDEBUG rally.task.utils [-] Waiting for resource s_rally_8e46142c_6l4brsyz. Status changed: QUEUED => ACTIVE in 0.027318239212036133
2020-04-10 04:05:44.799 1061 RALLYDEBUG rally.task.utils [-] Waiting for resource s_rally_8e46142c_5UCcR1n3. Status changed: QUEUED => ACTIVE in 0.026570558547973633
2020-04-10 04:05:44.953 1064 INFO rally.task.runner [-] Task 9cfec36c-2823-4d72-a61c-bcc0087afe27 | ITER: 4 END: OK
2020-04-10 04:05:44.956 1063 INFO rally.task.runner [-] Task 9cfec36c-2823-4d72-a61c-bcc0087afe27 | ITER: 3 END: OK
2020-04-10 04:05:44.957 1064 INFO rally.task.runner [-] Task 9cfec36c-2823-4d72-a61c-bcc0087afe27 | ITER: 5 START
2020-04-10 04:05:44.961 1063 INFO rally.task.runner [-] Task 9cfec36c-2823-4d72-a61c-bcc0087afe27 | ITER: 6 START
2020-04-10 04:05:44.968 1062 INFO rally.task.runner [-] Task 9cfec36c-2823-4d72-a61c-bcc0087afe27 | ITER: 2 END: OK
2020-04-10 04:05:44.973 1062 INFO rally.task.runner [-] Task 9cfec36c-2823-4d72-a61c-bcc0087afe27 | ITER: 7 START
2020-04-10 04:05:44.980 1061 INFO rally.task.runner [-] Task 9cfec36c-2823-4d72-a61c-bcc0087afe27 | ITER: 1 END: OK
2020-04-10 04:05:44.984 1061 INFO rally.task.runner [-] Task 9cfec36c-2823-4d72-a61c-bcc0087afe27 | ITER: 8 START
2020-04-10 04:05:47.310 1062 RALLYDEBUG rally.task.utils [-] Waiting for resource '5599e7bd-5b6f-458f-bb2e-44d7750753d7'. Status changed: NONE => QUEUED in 0.0451655387878418
2020-04-10 04:05:47.394 1064 RALLYDEBUG rally.task.utils [-] Waiting for resource '1df18da8-642e-41b9-997a-51158168f452'. Status changed: NONE => QUEUED in 0.041396379470825195
2020-04-10 04:05:47.395 1063 RALLYDEBUG rally.task.utils [-] Waiting for resource '73f2eb8c-48c6-44e9-b7f4-37ad934195f4'. Status changed: NONE => QUEUED in 0.057999372482299805
2020-04-10 04:05:47.430 1061 RALLYDEBUG rally.task.utils [-] Waiting for resource 'cfea6a16-64dc-4329-9fb2-db22c6af8241'. Status changed: NONE => QUEUED in 0.04280734062194824
2020-04-10 04:05:47.761 1062 RALLYDEBUG rally.task.utils [-] Waiting for resource s_rally_8e46142c_6fqDBX63. Status changed: QUEUED => ACTIVE in 0.03531599044799805
2020-04-10 04:05:47.907 1064 RALLYDEBUG rally.task.utils [-] Waiting for resource s_rally_8e46142c_DwH2IWSt. Status changed: QUEUED => ACTIVE in 0.029269695281982422
2020-04-10 04:05:47.912 1063 RALLYDEBUG rally.task.utils [-] Waiting for resource s_rally_8e46142c_Zpnm8gue. Status changed: QUEUED => ACTIVE in 0.02726912498474121
2020-04-10 04:05:47.914 1061 RALLYDEBUG rally.task.utils [-] Waiting for resource s_rally_8e46142c_3j1sN74Z. Status changed: QUEUED => ACTIVE in 0.021923065185546875
2020-04-10 04:05:47.964 1062 INFO rally.task.runner [-] Task 9cfec36c-2823-4d72-a61c-bcc0087afe27 | ITER: 7 END: OK
2020-04-10 04:05:47.968 1062 INFO rally.task.runner [-] Task 9cfec36c-2823-4d72-a61c-bcc0087afe27 | ITER: 9 START
2020-04-10 04:05:48.099 1061 INFO rally.task.runner [-] Task 9cfec36c-2823-4d72-a61c-bcc0087afe27 | ITER: 8 END: OK
2020-04-10 04:05:48.100 1064 INFO rally.task.runner [-] Task 9cfec36c-2823-4d72-a61c-bcc0087afe27 | ITER: 5 END: OK
2020-04-10 04:05:48.103 1061 INFO rally.task.runner [-] Task 9cfec36c-2823-4d72-a61c-bcc0087afe27 | ITER: 10 START
2020-04-10 04:05:48.115 1063 INFO rally.task.runner [-] Task 9cfec36c-2823-4d72-a61c-bcc0087afe27 | ITER: 6 END: OK
2020-04-10 04:05:50.353 1062 RALLYDEBUG rally.task.utils [-] Waiting for resource '6069de61-ad16-4769-95ab-f7aad3050907'. Status changed: NONE => QUEUED in 0.04381680488586426
2020-04-10 04:05:50.462 1061 RALLYDEBUG rally.task.utils [-] Waiting for resource 'a8797006-261c-44a1-bacf-473e3cd18ff0'. Status changed: NONE => QUEUED in 0.05276989936828613
2020-04-10 04:05:50.788 1062 RALLYDEBUG rally.task.utils [-] Waiting for resource s_rally_8e46142c_fdzuqzTb. Status changed: QUEUED => ACTIVE in 0.03458118438720703
2020-04-10 04:05:50.926 1061 RALLYDEBUG rally.task.utils [-] Waiting for resource s_rally_8e46142c_KV4wTabb. Status changed: QUEUED => ACTIVE in 0.03458261489868164
2020-04-10 04:05:50.985 1062 INFO rally.task.runner [-] Task 9cfec36c-2823-4d72-a61c-bcc0087afe27 | ITER: 9 END: OK
2020-04-10 04:05:51.124 1061 INFO rally.task.runner [-] Task 9cfec36c-2823-4d72-a61c-bcc0087afe27 | ITER: 10 END: OK
2020-04-10 04:05:51.149 501 INFO rally.task.context [-] Task 9cfec36c-2823-4d72-a61c-bcc0087afe27 | Context cleanup@openstack cleanup() started
2020-04-10 04:05:51.153 501 RALLYDEBUG rally_openstack.cleanup.manager [-] Cleaning up glance images objects
2020-04-10 04:05:51.958 501 RALLYDEBUG rally_openstack.cleanup.manager [-] Deleting glance.images object s_rally_8e46142c_5UCcR1n3 (2a334e96-96b5-4e1e-b38b-992e54f7d1a6)
2020-04-10 04:05:51.958 501 RALLYDEBUG rally_openstack.cleanup.manager [-] Deleting glance.images object s_rally_8e46142c_DwH2IWSt (1df18da8-642e-41b9-997a-51158168f452)
2020-04-10 04:05:51.960 501 RALLYDEBUG rally_openstack.cleanup.manager [-] Deleting glance.images object s_rally_8e46142c_Fah7HBMR (5035fad1-e187-443b-9134-245fefc6372e)
2020-04-10 04:05:51.961 501 RALLYDEBUG rally_openstack.cleanup.manager [-] Deleting glance.images object s_rally_8e46142c_fdzuqzTb (6069de61-ad16-4769-95ab-f7aad3050907)
2020-04-10 04:05:51.993 501 RALLYDEBUG rally_openstack.cleanup.manager [-] Deleting glance.images object s_rally_8e46142c_6fqDBX63 (5599e7bd-5b6f-458f-bb2e-44d7750753d7)
2020-04-10 04:05:51.994 501 RALLYDEBUG rally_openstack.cleanup.manager [-] Deleting glance.images object s_rally_8e46142c_KV4wTabb (a8797006-261c-44a1-bacf-473e3cd18ff0)
2020-04-10 04:05:51.997 501 RALLYDEBUG rally_openstack.cleanup.manager [-] Deleting glance.images object s_rally_8e46142c_Zpnm8gue (73f2eb8c-48c6-44e9-b7f4-37ad934195f4)
2020-04-10 04:05:52.012 501 RALLYDEBUG rally_openstack.cleanup.manager [-] Deleting glance.images object s_rally_8e46142c_6l4brsyz (0f1acbe5-1e20-42fa-9e7d-046553a80632)
2020-04-10 04:05:52.021 501 RALLYDEBUG rally_openstack.cleanup.manager [-] Deleting glance.images object s_rally_8e46142c_3j1sN74Z (cfea6a16-64dc-4329-9fb2-db22c6af8241)
2020-04-10 04:05:52.023 501 RALLYDEBUG rally_openstack.cleanup.manager [-] Deleting glance.images object s_rally_8e46142c_E7SSzrUh (c32dda55-e930-409b-9fb6-e6e737102a2b)
2020-04-10 04:05:52.450 501 DEBUG glanceclient.common.http [-] Request returned failure status 404. _handle_response /usr/lib/python3.7/site-packages/glanceclient/common/http.py:125
2020-04-10 04:05:52.475 501 DEBUG glanceclient.common.http [-] Request returned failure status 404. _handle_response /usr/lib/python3.7/site-packages/glanceclient/common/http.py:125
2020-04-10 04:05:52.585 501 DEBUG glanceclient.common.http [-] Request returned failure status 404. _handle_response /usr/lib/python3.7/site-packages/glanceclient/common/http.py:125
2020-04-10 04:05:52.588 501 DEBUG glanceclient.common.http [-] Request returned failure status 404. _handle_response /usr/lib/python3.7/site-packages/glanceclient/common/http.py:125
2020-04-10 04:05:52.607 501 DEBUG glanceclient.common.http [-] Request returned failure status 404. _handle_response /usr/lib/python3.7/site-packages/glanceclient/common/http.py:125
2020-04-10 04:05:52.609 501 DEBUG glanceclient.common.http [-] Request returned failure status 404. _handle_response /usr/lib/python3.7/site-packages/glanceclient/common/http.py:125
2020-04-10 04:05:52.619 501 DEBUG glanceclient.common.http [-] Request returned failure status 404. _handle_response /usr/lib/python3.7/site-packages/glanceclient/common/http.py:125
2020-04-10 04:05:52.632 501 DEBUG glanceclient.common.http [-] Request returned failure status 404. _handle_response /usr/lib/python3.7/site-packages/glanceclient/common/http.py:125
2020-04-10 04:05:52.638 501 DEBUG glanceclient.common.http [-] Request returned failure status 404. _handle_response /usr/lib/python3.7/site-packages/glanceclient/common/http.py:125
2020-04-10 04:05:52.654 501 DEBUG glanceclient.common.http [-] Request returned failure status 404. _handle_response /usr/lib/python3.7/site-packages/glanceclient/common/http.py:125
2020-04-10 04:05:52.662 501 DEBUG glanceclient.common.http [-] Request returned failure status 404. _handle_response /usr/lib/python3.7/site-packages/glanceclient/common/http.py:125
2020-04-10 04:05:52.664 501 DEBUG glanceclient.common.http [-] Request returned failure status 404. _handle_response /usr/lib/python3.7/site-packages/glanceclient/common/http.py:125
2020-04-10 04:05:52.665 501 DEBUG glanceclient.common.http [-] Request returned failure status 404. _handle_response /usr/lib/python3.7/site-packages/glanceclient/common/http.py:125
2020-04-10 04:05:52.680 501 DEBUG glanceclient.common.http [-] Request returned failure status 404. _handle_response /usr/lib/python3.7/site-packages/glanceclient/common/http.py:125
2020-04-10 04:05:52.691 501 DEBUG glanceclient.common.http [-] Request returned failure status 404. _handle_response /usr/lib/python3.7/site-packages/glanceclient/common/http.py:125
2020-04-10 04:05:52.694 501 DEBUG glanceclient.common.http [-] Request returned failure status 404. _handle_response /usr/lib/python3.7/site-packages/glanceclient/common/http.py:125
2020-04-10 04:05:52.699 501 DEBUG glanceclient.common.http [-] Request returned failure status 404. _handle_response /usr/lib/python3.7/site-packages/glanceclient/common/http.py:125
2020-04-10 04:05:52.701 501 DEBUG glanceclient.common.http [-] Request returned failure status 404. _handle_response /usr/lib/python3.7/site-packages/glanceclient/common/http.py:125
2020-04-10 04:05:52.710 501 DEBUG glanceclient.common.http [-] Request returned failure status 404. _handle_response /usr/lib/python3.7/site-packages/glanceclient/common/http.py:125
2020-04-10 04:05:52.731 501 DEBUG glanceclient.common.http [-] Request returned failure status 404. _handle_response /usr/lib/python3.7/site-packages/glanceclient/common/http.py:125
2020-04-10 04:05:53.734 501 INFO rally.task.context [-] Task 9cfec36c-2823-4d72-a61c-bcc0087afe27 | Context cleanup@openstack cleanup() finished in 2.58 sec
2020-04-10 04:05:53.735 501 INFO rally.task.context [-] Task 9cfec36c-2823-4d72-a61c-bcc0087afe27 | Context users@openstack cleanup() started
2020-04-10 04:05:53.866 501 WARNING rally.common.logging [-] `iterate_per_tenants()' is deprecated in v3.0.0: it is openstack specific.. Used at
2020-04-10 04:05:57.313 501 INFO rally.task.context [-] Task 9cfec36c-2823-4d72-a61c-bcc0087afe27 | Context users@openstack cleanup() finished in 3.58 sec
2020-04-10 04:05:58.264 501 INFO rally.task.engine [-] Load duration is: 9.243739
2020-04-10 04:05:58.265 501 INFO rally.task.engine [-] Full runner duration is: 9.476986
2020-04-10 04:05:58.265 501 INFO rally.task.engine [-] Full duration is: 17.272501
2020-04-10 04:05:58.353 501 INFO rally.task.engine [-] Running workload: position = 0 config = { "version": 2, "title": "A cropped version of a bigger task.", "description": "Auto-generated task from a single workload (uuid=ba1e4349-3890-4917-a2fd-1923a911661b)", "subtasks": [ { "title": "GlanceImages.create_and_get_image", "description": "Create and get detailed information of an image.", "scenario": { "GlanceImages.create_and_get_image": { "container_format": "bare", "disk_format": "qcow2", "image_location": "/home/opnfv/functest/images/cirros-0.4.0-x86_64-disk.img" } }, "contexts": { "users": { "tenants": 3, "users_per_tenant": 2 } }, "runner": { "constant": { "concurrency": 4, "times": 10 } }, "hooks": [], "sla": { "failure_rate": { "max": 0 } } } ] }
2020-04-10 04:05:58.373 501 RALLYDEBUG rally_openstack.contexts.keystone.users [-] Creating 3 tenants using 3 threads
2020-04-10 04:05:58.867 501 RALLYDEBUG rally_openstack.contexts.keystone.users [-] Creating 6 users using 6 threads
2020-04-10 04:05:59.796 501 INFO rally.task.context [-] Task 9cfec36c-2823-4d72-a61c-bcc0087afe27 | Context users@openstack setup() finished in 1.42 sec
2020-04-10 04:05:59.797 501 INFO rally.task.context [-] Task 9cfec36c-2823-4d72-a61c-bcc0087afe27 | Context cleanup@openstack setup() finished in 0.04 msec
2020-04-10 04:05:59.806 501 RALLYDEBUG rally.task.runner [-] Starting the constant runner (task UUID: 9cfec36c-2823-4d72-a61c-bcc0087afe27). times: 10 concurrency: 4 timeout: 0 max_cpu_used: 88 processes_to_start: 4 concurrency_per_worker: 1 concurrency_overhead: 0
2020-04-10 04:05:59.816 1154 RALLYDEBUG rally.task.runner [-] Starting a worker. times: 10 duration: None concurrency: 1 timeout: 0 cls: method_name: run args: {"container_format": "bare", "disk_format": "qcow2", "image_location": "/home/opnfv/functest/images/cirros-0.4.0-x86_64-disk.img"}
2020-04-10 04:05:59.821 1154 INFO rally.task.runner [-] Task 9cfec36c-2823-4d72-a61c-bcc0087afe27 | ITER: 1 START
2020-04-10 04:05:59.821 1155 RALLYDEBUG rally.task.runner [-] Starting a worker. times: 10 duration: None concurrency: 1 timeout: 0 cls: method_name: run args: {"container_format": "bare", "disk_format": "qcow2", "image_location": "/home/opnfv/functest/images/cirros-0.4.0-x86_64-disk.img"}
2020-04-10 04:05:59.823 1156 RALLYDEBUG rally.task.runner [-] Starting a worker. times: 10 duration: None concurrency: 1 timeout: 0 cls: method_name: run args: {"container_format": "bare", "disk_format": "qcow2", "image_location": "/home/opnfv/functest/images/cirros-0.4.0-x86_64-disk.img"}
2020-04-10 04:05:59.827 1155 INFO rally.task.runner [-] Task 9cfec36c-2823-4d72-a61c-bcc0087afe27 | ITER: 2 START
2020-04-10 04:05:59.826 1159 RALLYDEBUG rally.task.runner [-] Starting a worker. times: 10 duration: None concurrency: 1 timeout: 0 cls: method_name: run args: {"container_format": "bare", "disk_format": "qcow2", "image_location": "/home/opnfv/functest/images/cirros-0.4.0-x86_64-disk.img"}
2020-04-10 04:05:59.830 1156 INFO rally.task.runner [-] Task 9cfec36c-2823-4d72-a61c-bcc0087afe27 | ITER: 3 START
2020-04-10 04:05:59.831 1159 INFO rally.task.runner [-] Task 9cfec36c-2823-4d72-a61c-bcc0087afe27 | ITER: 4 START
2020-04-10 04:06:02.315 1155 RALLYDEBUG rally.task.utils [-] Waiting for resource 'f0d35b0f-35a5-4c4c-8979-6fb499f21800'. Status changed: NONE => QUEUED in 0.04679584503173828
2020-04-10 04:06:02.330 1159 RALLYDEBUG rally.task.utils [-] Waiting for resource '4e8edc98-69db-4de2-9dab-dc3b287c12fe'. Status changed: NONE => QUEUED in 0.06833624839782715
2020-04-10 04:06:02.335 1154 RALLYDEBUG rally.task.utils [-] Waiting for resource 'f637e65a-f89a-4eed-8344-ea69e12aa6e1'. Status changed: NONE => QUEUED in 0.04655814170837402
2020-04-10 04:06:02.339 1156 RALLYDEBUG rally.task.utils [-] Waiting for resource '86c9e6ac-5fbf-435f-9c58-9fe938c73391'. Status changed: NONE => QUEUED in 0.04819512367248535
2020-04-10 04:06:02.934 1155 RALLYDEBUG rally.task.utils [-] Waiting for resource s_rally_ba1e4349_T19S8DrA. Status changed: QUEUED => ACTIVE in 0.026154279708862305
2020-04-10 04:06:02.940 1159 RALLYDEBUG rally.task.utils [-] Waiting for resource s_rally_ba1e4349_9UaVXzyM. Status changed: QUEUED => ACTIVE in 0.02602672576904297
2020-04-10 04:06:02.941 1156 RALLYDEBUG rally.task.utils [-] Waiting for resource s_rally_ba1e4349_KA74ehwk. Status changed: QUEUED => ACTIVE in 0.024610042572021484
2020-04-10 04:06:02.957 1154 RALLYDEBUG rally.task.utils [-] Waiting for resource s_rally_ba1e4349_j4Gbmvjl. Status changed: QUEUED => ACTIVE in 0.02271556854248047
2020-04-10 04:06:02.962 1155 INFO rally.task.runner [-] Task 9cfec36c-2823-4d72-a61c-bcc0087afe27 | ITER: 2 END: OK
2020-04-10 04:06:02.967 1155 INFO rally.task.runner [-] Task 9cfec36c-2823-4d72-a61c-bcc0087afe27 | ITER: 5 START
2020-04-10 04:06:02.967 1159 INFO rally.task.runner [-] Task 9cfec36c-2823-4d72-a61c-bcc0087afe27 | ITER: 4 END: OK
2020-04-10 04:06:02.969 1156 INFO rally.task.runner [-] Task 9cfec36c-2823-4d72-a61c-bcc0087afe27 | ITER: 3 END: OK
2020-04-10 04:06:02.972 1159 INFO rally.task.runner [-] Task 9cfec36c-2823-4d72-a61c-bcc0087afe27 | ITER: 6 START
2020-04-10 04:06:02.973 1156 INFO rally.task.runner [-] Task 9cfec36c-2823-4d72-a61c-bcc0087afe27 | ITER: 7 START
2020-04-10 04:06:02.990 1154 INFO rally.task.runner [-] Task 9cfec36c-2823-4d72-a61c-bcc0087afe27 | ITER: 1 END: OK
2020-04-10 04:06:02.995 1154 INFO rally.task.runner [-] Task 9cfec36c-2823-4d72-a61c-bcc0087afe27 | ITER: 8 START
2020-04-10 04:06:05.488 1159 RALLYDEBUG rally.task.utils [-] Waiting for resource 'b493a1f1-b16c-42e1-b628-dadd450b3c71'. Status changed: NONE => QUEUED in 0.04691791534423828
2020-04-10 04:06:05.489 1155 RALLYDEBUG rally.task.utils [-] Waiting for resource '37b53019-d77e-474a-812d-cf635fbbf200'. Status changed: NONE => QUEUED in 0.044558048248291016
2020-04-10 04:06:05.498 1154 RALLYDEBUG rally.task.utils [-] Waiting for resource '6282a316-9b35-45db-a25e-2878bb29913c'. Status changed: NONE => QUEUED in 0.04261302947998047
2020-04-10 04:06:05.500 1156 RALLYDEBUG rally.task.utils [-] Waiting for resource 'f534f39e-d191-4db7-a8eb-61e7ee27b4c7'. Status changed: NONE => QUEUED in 0.05071139335632324
2020-04-10 04:06:06.039 1154 RALLYDEBUG rally.task.utils [-] Waiting for resource s_rally_ba1e4349_tjkTjLBf. Status changed: QUEUED => ACTIVE in 0.03151559829711914
2020-04-10 04:06:06.044 1156 RALLYDEBUG rally.task.utils [-] Waiting for resource s_rally_ba1e4349_1E6S44XO. Status changed: QUEUED => ACTIVE in 0.028525352478027344
2020-04-10 04:06:06.045 1159 RALLYDEBUG rally.task.utils [-] Waiting for resource s_rally_ba1e4349_visQsgEm. Status changed: QUEUED => ACTIVE in 0.030567407608032227
2020-04-10 04:06:06.046 1155 RALLYDEBUG rally.task.utils [-] Waiting for resource s_rally_ba1e4349_ehFZlLf5. Status changed: QUEUED => ACTIVE in 0.03196406364440918
2020-04-10 04:06:06.069 1154 INFO rally.task.runner [-] Task 9cfec36c-2823-4d72-a61c-bcc0087afe27 | ITER: 8 END: OK
2020-04-10 04:06:06.072 1159 INFO rally.task.runner [-] Task 9cfec36c-2823-4d72-a61c-bcc0087afe27 | ITER: 6 END: OK
2020-04-10 04:06:06.073 1154 INFO rally.task.runner [-] Task 9cfec36c-2823-4d72-a61c-bcc0087afe27 | ITER: 9 START
2020-04-10 04:06:06.073 1155 INFO rally.task.runner [-] Task 9cfec36c-2823-4d72-a61c-bcc0087afe27 | ITER: 5 END: OK
2020-04-10 04:06:06.075 1156 INFO rally.task.runner [-] Task 9cfec36c-2823-4d72-a61c-bcc0087afe27 | ITER: 7 END: OK
2020-04-10 04:06:06.077 1159 INFO rally.task.runner [-] Task 9cfec36c-2823-4d72-a61c-bcc0087afe27 | ITER: 10 START
2020-04-10 04:06:08.432 1159 RALLYDEBUG rally.task.utils [-] Waiting for resource 'f65c2513-597d-4c18-b02f-604750742650'. Status changed: NONE => QUEUED in 0.04326176643371582
2020-04-10 04:06:08.446 1154 RALLYDEBUG rally.task.utils [-] Waiting for resource 'e4a2e8e4-db42-4aa2-accc-fb1bb1d7d032'. Status changed: NONE => QUEUED in 0.046253204345703125
2020-04-10 04:06:08.896 1154 RALLYDEBUG rally.task.utils [-] Waiting for resource s_rally_ba1e4349_wzQZo7pn. Status changed: QUEUED => ACTIVE in 0.0299224853515625
2020-04-10 04:06:08.900 1159 RALLYDEBUG rally.task.utils [-] Waiting for resource s_rally_ba1e4349_JQKXu8qS. Status changed: QUEUED => ACTIVE in 0.047180891036987305
2020-04-10 04:06:08.921 1154 INFO rally.task.runner [-] Task 9cfec36c-2823-4d72-a61c-bcc0087afe27 | ITER: 9 END: OK
2020-04-10 04:06:08.931 1159 INFO rally.task.runner [-] Task 9cfec36c-2823-4d72-a61c-bcc0087afe27 | ITER: 10 END: OK
2020-04-10 04:06:08.951 501 INFO rally.task.context [-] Task 9cfec36c-2823-4d72-a61c-bcc0087afe27 | Context cleanup@openstack cleanup() started
2020-04-10 04:06:08.956 501 RALLYDEBUG rally_openstack.cleanup.manager [-] Cleaning up glance images objects
2020-04-10 04:06:09.719 501 RALLYDEBUG rally_openstack.cleanup.manager [-] Deleting glance.images object s_rally_ba1e4349_wzQZo7pn (e4a2e8e4-db42-4aa2-accc-fb1bb1d7d032)
2020-04-10 04:06:09.720 501 RALLYDEBUG rally_openstack.cleanup.manager [-] Deleting glance.images object s_rally_ba1e4349_ehFZlLf5 (37b53019-d77e-474a-812d-cf635fbbf200)
2020-04-10 04:06:09.736 501 RALLYDEBUG rally_openstack.cleanup.manager [-] Deleting glance.images object s_rally_ba1e4349_1E6S44XO (f534f39e-d191-4db7-a8eb-61e7ee27b4c7)
2020-04-10 04:06:09.755 501 RALLYDEBUG rally_openstack.cleanup.manager [-] Deleting glance.images object s_rally_ba1e4349_j4Gbmvjl (f637e65a-f89a-4eed-8344-ea69e12aa6e1)
2020-04-10 04:06:09.796 501 RALLYDEBUG rally_openstack.cleanup.manager [-] Deleting glance.images object s_rally_ba1e4349_KA74ehwk (86c9e6ac-5fbf-435f-9c58-9fe938c73391)
2020-04-10 04:06:09.801 501 RALLYDEBUG rally_openstack.cleanup.manager [-] Deleting glance.images object s_rally_ba1e4349_JQKXu8qS (f65c2513-597d-4c18-b02f-604750742650)
2020-04-10 04:06:09.802 501 RALLYDEBUG rally_openstack.cleanup.manager [-] Deleting glance.images object s_rally_ba1e4349_visQsgEm (b493a1f1-b16c-42e1-b628-dadd450b3c71)
2020-04-10 04:06:09.804 501 RALLYDEBUG rally_openstack.cleanup.manager [-] Deleting glance.images object s_rally_ba1e4349_tjkTjLBf (6282a316-9b35-45db-a25e-2878bb29913c)
2020-04-10 04:06:09.805 501 RALLYDEBUG rally_openstack.cleanup.manager [-] Deleting glance.images object s_rally_ba1e4349_T19S8DrA (f0d35b0f-35a5-4c4c-8979-6fb499f21800)
2020-04-10 04:06:09.805 501 RALLYDEBUG rally_openstack.cleanup.manager [-] Deleting glance.images object s_rally_ba1e4349_9UaVXzyM (4e8edc98-69db-4de2-9dab-dc3b287c12fe)
2020-04-10 04:06:10.323 501 DEBUG glanceclient.common.http [-] Request returned failure status 404. _handle_response /usr/lib/python3.7/site-packages/glanceclient/common/http.py:125
2020-04-10 04:06:10.341 501 DEBUG glanceclient.common.http [-] Request returned failure status 404. _handle_response /usr/lib/python3.7/site-packages/glanceclient/common/http.py:125
2020-04-10 04:06:10.357 501 DEBUG glanceclient.common.http [-] Request returned failure status 404. _handle_response /usr/lib/python3.7/site-packages/glanceclient/common/http.py:125
2020-04-10 04:06:10.365 501 DEBUG glanceclient.common.http [-] Request returned failure status 404. _handle_response /usr/lib/python3.7/site-packages/glanceclient/common/http.py:125
2020-04-10 04:06:10.373 501 DEBUG glanceclient.common.http [-] Request returned failure status 404. _handle_response /usr/lib/python3.7/site-packages/glanceclient/common/http.py:125
2020-04-10 04:06:10.392 501 DEBUG glanceclient.common.http [-] Request returned failure status 404. _handle_response /usr/lib/python3.7/site-packages/glanceclient/common/http.py:125
2020-04-10 04:06:10.394 501 DEBUG glanceclient.common.http [-] Request returned failure status 404. _handle_response /usr/lib/python3.7/site-packages/glanceclient/common/http.py:125
2020-04-10 04:06:10.397 501 DEBUG glanceclient.common.http [-] Request returned failure status 404. _handle_response /usr/lib/python3.7/site-packages/glanceclient/common/http.py:125
2020-04-10 04:06:10.398 501 DEBUG glanceclient.common.http [-] Request returned failure status 404. _handle_response /usr/lib/python3.7/site-packages/glanceclient/common/http.py:125
2020-04-10 04:06:10.415 501 DEBUG glanceclient.common.http [-] Request returned failure status 404. _handle_response /usr/lib/python3.7/site-packages/glanceclient/common/http.py:125
2020-04-10 04:06:10.417 501 DEBUG glanceclient.common.http [-] Request returned failure status 404. _handle_response /usr/lib/python3.7/site-packages/glanceclient/common/http.py:125
2020-04-10 04:06:10.424 501 DEBUG glanceclient.common.http [-] Request returned failure status 404. _handle_response /usr/lib/python3.7/site-packages/glanceclient/common/http.py:125
2020-04-10 04:06:10.426 501 DEBUG glanceclient.common.http [-] Request returned failure status 404. _handle_response /usr/lib/python3.7/site-packages/glanceclient/common/http.py:125
2020-04-10 04:06:10.435 501 DEBUG glanceclient.common.http [-] Request returned failure status 404. _handle_response /usr/lib/python3.7/site-packages/glanceclient/common/http.py:125
2020-04-10 04:06:10.450 501 DEBUG glanceclient.common.http [-] Request returned failure status 404. _handle_response /usr/lib/python3.7/site-packages/glanceclient/common/http.py:125
2020-04-10 04:06:10.455 501 DEBUG glanceclient.common.http [-] Request returned failure status 404. _handle_response /usr/lib/python3.7/site-packages/glanceclient/common/http.py:125
2020-04-10 04:06:10.464 501 DEBUG glanceclient.common.http [-] Request returned failure status 404. _handle_response /usr/lib/python3.7/site-packages/glanceclient/common/http.py:125
2020-04-10 04:06:10.484 501 DEBUG glanceclient.common.http [-] Request returned failure status 404. _handle_response /usr/lib/python3.7/site-packages/glanceclient/common/http.py:125
2020-04-10 04:06:10.494 501 DEBUG glanceclient.common.http [-] Request returned failure status 404. _handle_response /usr/lib/python3.7/site-packages/glanceclient/common/http.py:125
2020-04-10 04:06:10.520 501 DEBUG glanceclient.common.http [-] Request returned failure status 404. _handle_response /usr/lib/python3.7/site-packages/glanceclient/common/http.py:125
2020-04-10 04:06:11.523 501 INFO rally.task.context [-] Task 9cfec36c-2823-4d72-a61c-bcc0087afe27 | Context cleanup@openstack cleanup() finished in 2.57 sec
2020-04-10 04:06:11.524 501 INFO rally.task.context [-] Task 9cfec36c-2823-4d72-a61c-bcc0087afe27 | Context users@openstack cleanup() started
2020-04-10 04:06:11.684 501 WARNING rally.common.logging [-] `iterate_per_tenants()' is deprecated in v3.0.0: it is openstack specific.. Used at
2020-04-10 04:06:15.238 501 INFO rally.task.context [-] Task 9cfec36c-2823-4d72-a61c-bcc0087afe27 | Context users@openstack cleanup() finished in 3.71 sec
2020-04-10 04:06:16.497 501 INFO rally.task.engine [-] Load duration is: 8.910098
2020-04-10 04:06:16.498 501 INFO rally.task.engine [-] Full runner duration is: 9.146356
2020-04-10 04:06:16.498 501 INFO rally.task.engine [-] Full duration is: 16.866219
2020-04-10 04:06:16.586 501 INFO rally.task.engine [-] Running workload: position = 0 config = { "version": 2, "title": "A cropped version of a bigger task.", "description": "Auto-generated task from a single workload (uuid=916d19ec-1af7-41a7-9da2-8affdf105505)", "subtasks": [ { "title": "GlanceImages.create_and_update_image", "description": "Create an image then update it.", "scenario": { "GlanceImages.create_and_update_image": { "container_format": "bare", "disk_format": "qcow2", "image_location": "/home/opnfv/functest/images/cirros-0.4.0-x86_64-disk.img" } }, "contexts": { "users": { "tenants": 3, "users_per_tenant": 2 } }, "runner": { "constant": { "concurrency": 4, "times": 10 } }, "hooks": [], "sla": { "failure_rate": { "max": 0 } } } ] }
2020-04-10 04:06:16.603 501 RALLYDEBUG rally_openstack.contexts.keystone.users [-] Creating 3 tenants using 3 threads
2020-04-10 04:06:17.084 501 RALLYDEBUG rally_openstack.contexts.keystone.users [-] Creating 6 users using 6 threads
2020-04-10 04:06:18.025 501 INFO rally.task.context [-] Task 9cfec36c-2823-4d72-a61c-bcc0087afe27 | Context users@openstack setup() finished in 1.42 sec
2020-04-10 04:06:18.025 501 INFO rally.task.context [-] Task 9cfec36c-2823-4d72-a61c-bcc0087afe27 | Context cleanup@openstack setup() finished in 0.01 msec
2020-04-10 04:06:18.038 501 RALLYDEBUG rally.task.runner [-] Starting the constant runner (task UUID: 9cfec36c-2823-4d72-a61c-bcc0087afe27). times: 10 concurrency: 4 timeout: 0 max_cpu_used: 88 processes_to_start: 4 concurrency_per_worker: 1 concurrency_overhead: 0
2020-04-10 04:06:18.051 1247 RALLYDEBUG rally.task.runner [-] Starting a worker. times: 10 duration: None concurrency: 1 timeout: 0 cls: method_name: run args: {"container_format": "bare", "disk_format": "qcow2", "image_location": "/home/opnfv/functest/images/cirros-0.4.0-x86_64-disk.img"}
2020-04-10 04:06:18.054 1248 RALLYDEBUG rally.task.runner [-] Starting a worker. times: 10 duration: None concurrency: 1 timeout: 0 cls: method_name: run args: {"container_format": "bare", "disk_format": "qcow2", "image_location": "/home/opnfv/functest/images/cirros-0.4.0-x86_64-disk.img"}
2020-04-10 04:06:18.057 1249 RALLYDEBUG rally.task.runner [-] Starting a worker. times: 10 duration: None concurrency: 1 timeout: 0 cls: method_name: run args: {"container_format": "bare", "disk_format": "qcow2", "image_location": "/home/opnfv/functest/images/cirros-0.4.0-x86_64-disk.img"}
2020-04-10 04:06:18.057 1247 INFO rally.task.runner [-] Task 9cfec36c-2823-4d72-a61c-bcc0087afe27 | ITER: 1 START
2020-04-10 04:06:18.060 1248 INFO rally.task.runner [-] Task 9cfec36c-2823-4d72-a61c-bcc0087afe27 | ITER: 2 START
2020-04-10 04:06:18.061 1251 RALLYDEBUG rally.task.runner [-] Starting a worker. times: 10 duration: None concurrency: 1 timeout: 0 cls: method_name: run args: {"container_format": "bare", "disk_format": "qcow2", "image_location": "/home/opnfv/functest/images/cirros-0.4.0-x86_64-disk.img"}
2020-04-10 04:06:18.062 1249 INFO rally.task.runner [-] Task 9cfec36c-2823-4d72-a61c-bcc0087afe27 | ITER: 3 START
2020-04-10 04:06:18.066 1251 INFO rally.task.runner [-] Task 9cfec36c-2823-4d72-a61c-bcc0087afe27 | ITER: 4 START
2020-04-10 04:06:20.530 1248 RALLYDEBUG rally.task.utils [-] Waiting for resource '350312a0-a771-40e9-ae3e-567bc5e7eb67'. Status changed: NONE => QUEUED in 0.04407620429992676
2020-04-10 04:06:20.537 1249 RALLYDEBUG rally.task.utils [-] Waiting for resource 'c364aec3-830a-4e31-bcf8-96e09fe767cc'. Status changed: NONE => QUEUED in 0.049321651458740234
2020-04-10 04:06:20.544 1247 RALLYDEBUG rally.task.utils [-] Waiting for resource '3c417fb8-5e65-42ae-8e5d-91847456846e'. Status changed: NONE => QUEUED in 0.06678533554077148
2020-04-10 04:06:20.573 1251 RALLYDEBUG rally.task.utils [-] Waiting for resource 'c9996d84-ace2-49e4-b9a3-0f8f95876526'. Status changed: NONE => QUEUED in 0.04699969291687012
2020-04-10 04:06:21.129 1251 RALLYDEBUG rally.task.utils [-] Waiting for resource s_rally_916d19ec_vM25mtM3. Status changed: QUEUED => ACTIVE in 0.033965110778808594
2020-04-10 04:06:21.140 1248 RALLYDEBUG rally.task.utils [-] Waiting for resource s_rally_916d19ec_jlL0dAwz. Status changed: QUEUED => ACTIVE in 0.029419660568237305
2020-04-10 04:06:21.143 1247 RALLYDEBUG rally.task.utils [-] Waiting for resource s_rally_916d19ec_0RffFFeb. Status changed: QUEUED => ACTIVE in 0.030034542083740234
2020-04-10 04:06:21.157 1249 RALLYDEBUG rally.task.utils [-] Waiting for resource s_rally_916d19ec_raFZMnLY. Status changed: QUEUED => ACTIVE in 0.027986764907836914
2020-04-10 04:06:21.294 1248 INFO rally.task.runner [-] Task 9cfec36c-2823-4d72-a61c-bcc0087afe27 | ITER: 2 END: OK
2020-04-10 04:06:21.299 1248 INFO rally.task.runner [-] Task 9cfec36c-2823-4d72-a61c-bcc0087afe27 | ITER: 5 START
2020-04-10 04:06:21.303 1251 INFO rally.task.runner [-] Task 9cfec36c-2823-4d72-a61c-bcc0087afe27 | ITER: 4 END: OK
2020-04-10 04:06:21.306 1251 INFO rally.task.runner [-] Task 9cfec36c-2823-4d72-a61c-bcc0087afe27 | ITER: 6 START
2020-04-10 04:06:21.312 1247 INFO rally.task.runner [-] Task 9cfec36c-2823-4d72-a61c-bcc0087afe27 | ITER: 1 END: OK
2020-04-10 04:06:21.317 1247 INFO rally.task.runner [-] Task 9cfec36c-2823-4d72-a61c-bcc0087afe27 | ITER: 7 START
2020-04-10 04:06:21.323 1249 INFO rally.task.runner [-] Task 9cfec36c-2823-4d72-a61c-bcc0087afe27 | ITER: 3 END: OK
2020-04-10 04:06:21.328 1249 INFO rally.task.runner [-] Task 9cfec36c-2823-4d72-a61c-bcc0087afe27 | ITER: 8 START
2020-04-10 04:06:23.643 1248 RALLYDEBUG rally.task.utils [-] Waiting for resource '353093d2-d436-49cd-bab4-3c0f04c24178'. Status changed: NONE => QUEUED in 0.05153489112854004
2020-04-10 04:06:23.654 1247 RALLYDEBUG rally.task.utils [-] Waiting for resource '21bbd91e-d879-44ef-b93b-963b9f6551b9'. Status changed: NONE => QUEUED in 0.0447385311126709
2020-04-10 04:06:23.728 1251 RALLYDEBUG rally.task.utils [-] Waiting for resource '13e96c32-dee8-4fef-9c28-3aa770fc3647'. Status changed: NONE => QUEUED in 0.045708417892456055
2020-04-10 04:06:23.738 1249 RALLYDEBUG rally.task.utils [-] Waiting for resource '39aec5f1-be6e-471a-becc-467a1b6365c2'. Status changed: NONE => QUEUED in 0.04450249671936035
2020-04-10 04:06:24.075 1248 RALLYDEBUG rally.task.utils [-] Waiting for resource s_rally_916d19ec_tbyVo9op. Status changed: QUEUED => ACTIVE in 0.027659177780151367
2020-04-10 04:06:24.133 1247 RALLYDEBUG rally.task.utils [-] Waiting for resource s_rally_916d19ec_OtzCrwhs. Status changed: QUEUED => ACTIVE in 0.031049013137817383
2020-04-10 04:06:24.182 1249 RALLYDEBUG rally.task.utils [-] Waiting for resource s_rally_916d19ec_2rv4tXpM. Status changed: QUEUED => ACTIVE in 0.031002521514892578
2020-04-10 04:06:24.192 1251 RALLYDEBUG rally.task.utils [-] Waiting for resource s_rally_916d19ec_kvRWNwRv. Status changed: QUEUED => ACTIVE in 0.026807069778442383
2020-04-10 04:06:24.234 1248 INFO rally.task.runner [-] Task 9cfec36c-2823-4d72-a61c-bcc0087afe27 | ITER: 5 END: OK
2020-04-10 04:06:24.239 1248 INFO rally.task.runner [-] Task 9cfec36c-2823-4d72-a61c-bcc0087afe27 | ITER: 9 START
2020-04-10 04:06:24.298 1247 INFO rally.task.runner [-] Task 9cfec36c-2823-4d72-a61c-bcc0087afe27 | ITER: 7 END: OK
2020-04-10 04:06:24.302 1247 INFO rally.task.runner [-] Task 9cfec36c-2823-4d72-a61c-bcc0087afe27 | ITER: 10 START
2020-04-10 04:06:24.358 1249 INFO rally.task.runner [-] Task 9cfec36c-2823-4d72-a61c-bcc0087afe27 | ITER: 8 END: OK
2020-04-10 04:06:24.363 1251 INFO rally.task.runner [-] Task 9cfec36c-2823-4d72-a61c-bcc0087afe27 | ITER: 6 END: OK
2020-04-10 04:06:26.578 1248 RALLYDEBUG rally.task.utils [-] Waiting for resource '39752455-7399-4133-ba6e-3389e87a894c'. Status changed: NONE => QUEUED in 0.05057191848754883
2020-04-10 04:06:26.717 1247 RALLYDEBUG rally.task.utils [-] Waiting for resource 'c938f1cb-4276-4dd6-9f57-19b55e83597c'. Status changed: NONE => QUEUED in 0.04739570617675781
2020-04-10 04:06:27.022 1248 RALLYDEBUG rally.task.utils [-] Waiting for resource s_rally_916d19ec_YcMLSDxo. Status changed: QUEUED => ACTIVE in 0.029378414154052734
2020-04-10 04:06:27.158 1247 RALLYDEBUG rally.task.utils [-] Waiting for resource s_rally_916d19ec_X0IKERQu. Status changed: QUEUED => ACTIVE in 0.03200817108154297
2020-04-10 04:06:27.199 1248 INFO rally.task.runner [-] Task 9cfec36c-2823-4d72-a61c-bcc0087afe27 | ITER: 9 END: OK
2020-04-10 04:06:27.335 1247 INFO rally.task.runner [-] Task 9cfec36c-2823-4d72-a61c-bcc0087afe27 | ITER: 10 END: OK
2020-04-10 04:06:27.357 501 INFO rally.task.context [-] Task 9cfec36c-2823-4d72-a61c-bcc0087afe27 | Context cleanup@openstack cleanup() started
2020-04-10 04:06:27.362 501 RALLYDEBUG rally_openstack.cleanup.manager [-] Cleaning up glance images objects
2020-04-10 04:06:28.227 501 RALLYDEBUG rally_openstack.cleanup.manager [-] Deleting glance.images object s_rally_916d19ec_34vwRki4 (353093d2-d436-49cd-bab4-3c0f04c24178)
2020-04-10 04:06:28.229 501 RALLYDEBUG rally_openstack.cleanup.manager [-] Deleting glance.images object s_rally_916d19ec_2WQ4u2oQ (39752455-7399-4133-ba6e-3389e87a894c)
2020-04-10 04:06:28.256 501 RALLYDEBUG rally_openstack.cleanup.manager [-] Deleting glance.images object s_rally_916d19ec_6nU5ZYkG (c9996d84-ace2-49e4-b9a3-0f8f95876526)
2020-04-10 04:06:28.261 501 RALLYDEBUG rally_openstack.cleanup.manager [-] Deleting glance.images object s_rally_916d19ec_CFEiMl3a (21bbd91e-d879-44ef-b93b-963b9f6551b9)
2020-04-10 04:06:28.274 501 RALLYDEBUG rally_openstack.cleanup.manager [-] Deleting glance.images object s_rally_916d19ec_nkvkJpp3 (c364aec3-830a-4e31-bcf8-96e09fe767cc)
2020-04-10 04:06:28.303 501 RALLYDEBUG rally_openstack.cleanup.manager [-] Deleting glance.images object s_rally_916d19ec_pFJwyfBn (13e96c32-dee8-4fef-9c28-3aa770fc3647)
2020-04-10 04:06:28.309 501 RALLYDEBUG rally_openstack.cleanup.manager [-] Deleting glance.images object s_rally_916d19ec_nYRIGVKl (39aec5f1-be6e-471a-becc-467a1b6365c2)
2020-04-10 04:06:28.285 501 RALLYDEBUG rally_openstack.cleanup.manager [-] Deleting glance.images object s_rally_916d19ec_kiWR0Tf2 (350312a0-a771-40e9-ae3e-567bc5e7eb67)
2020-04-10 04:06:28.309 501 RALLYDEBUG rally_openstack.cleanup.manager [-] Deleting glance.images object s_rally_916d19ec_DKsEcZ02 (c938f1cb-4276-4dd6-9f57-19b55e83597c)
2020-04-10 04:06:28.346 501 RALLYDEBUG rally_openstack.cleanup.manager [-] Deleting glance.images object s_rally_916d19ec_Ykcm8cfH (3c417fb8-5e65-42ae-8e5d-91847456846e)
2020-04-10 04:06:28.835 501 DEBUG glanceclient.common.http [-] Request returned failure status 404. _handle_response /usr/lib/python3.7/site-packages/glanceclient/common/http.py:125
2020-04-10 04:06:28.843 501 DEBUG glanceclient.common.http [-] Request returned failure status 404. _handle_response /usr/lib/python3.7/site-packages/glanceclient/common/http.py:125
2020-04-10 04:06:28.863 501 DEBUG glanceclient.common.http [-] Request returned failure status 404. _handle_response /usr/lib/python3.7/site-packages/glanceclient/common/http.py:125
2020-04-10 04:06:28.881 501 DEBUG glanceclient.common.http [-] Request returned failure status 404. _handle_response /usr/lib/python3.7/site-packages/glanceclient/common/http.py:125
2020-04-10 04:06:28.897 501 DEBUG glanceclient.common.http [-] Request returned failure status 404. _handle_response /usr/lib/python3.7/site-packages/glanceclient/common/http.py:125
2020-04-10 04:06:28.906 501 DEBUG glanceclient.common.http [-] Request returned failure status 404. _handle_response /usr/lib/python3.7/site-packages/glanceclient/common/http.py:125
2020-04-10 04:06:28.926 501 DEBUG glanceclient.common.http [-] Request returned failure status 404. _handle_response /usr/lib/python3.7/site-packages/glanceclient/common/http.py:125
2020-04-10 04:06:28.934 501 DEBUG glanceclient.common.http [-] Request returned failure status 404. _handle_response /usr/lib/python3.7/site-packages/glanceclient/common/http.py:125
2020-04-10 04:06:28.935 501 DEBUG glanceclient.common.http [-] Request returned failure status 404. _handle_response /usr/lib/python3.7/site-packages/glanceclient/common/http.py:125
2020-04-10 04:06:28.942 501 DEBUG glanceclient.common.http [-] Request returned failure status 404. _handle_response /usr/lib/python3.7/site-packages/glanceclient/common/http.py:125
