2020-04-10 04:19:56.321 4036 INFO rally.task.runner [-] Task e8360cdb-5be4-4b68-b1aa-6d6d222a9617 | ITER: 10 START
2020-04-10 04:19:56.321 4038 INFO rally.task.runner [-] Task e8360cdb-5be4-4b68-b1aa-6d6d222a9617 | ITER: 8 END: OK
2020-04-10 04:19:56.332 4037 INFO rally.task.runner [-] Task e8360cdb-5be4-4b68-b1aa-6d6d222a9617 | ITER: 5 END: OK
2020-04-10 04:19:56.498 4039 INFO rally.task.runner [-] Task e8360cdb-5be4-4b68-b1aa-6d6d222a9617 | ITER: 9 END: OK
2020-04-10 04:19:56.501 4036 INFO rally.task.runner [-] Task e8360cdb-5be4-4b68-b1aa-6d6d222a9617 | ITER: 10 END: OK
2020-04-10 04:19:56.522 1333 INFO rally.task.context [-] Task e8360cdb-5be4-4b68-b1aa-6d6d222a9617 | Context admin_cleanup@openstack cleanup() started
2020-04-10 04:19:56.526 1333 RALLYDEBUG rally_openstack.cleanup.manager [-] Cleaning up cinder volume_types objects
2020-04-10 04:19:56.714 1333 RALLYDEBUG rally_openstack.cleanup.manager [-] Cleaning up cinder image_volumes_cache objects
2020-04-10 04:19:57.044 1333 RALLYDEBUG rally_openstack.cleanup.manager [-] Cleaning up cinder quotas objects
2020-04-10 04:19:57.386 1333 RALLYDEBUG rally_openstack.cleanup.manager [-] Cleaning up cinder qos_specs objects
2020-04-10 04:19:57.540 1333 RALLYDEBUG rally_openstack.cleanup.manager [-] Deleting cinder.qos_specs object s_rally_a8ea4e3f_xk0ds69L (e22da5ee-1780-42e4-9ea3-fb547f212ed6)
2020-04-10 04:19:57.551 1333 RALLYDEBUG rally_openstack.cleanup.manager [-] Deleting cinder.qos_specs object s_rally_a8ea4e3f_9jyPODjw (d32a836f-5835-4ad9-9c3a-0356559014bf)
2020-04-10 04:19:57.578 1333 RALLYDEBUG rally_openstack.cleanup.manager [-] Deleting cinder.qos_specs object s_rally_a8ea4e3f_YTYHkze9 (977b17c1-6be1-4e6b-81eb-41ce94f05fd9)
2020-04-10 04:19:57.578 1333 RALLYDEBUG rally_openstack.cleanup.manager [-] Deleting cinder.qos_specs object s_rally_a8ea4e3f_OQQmOYhM (a4d8f238-46ea-45a9-bb45-e6dc69457b00)
2020-04-10 04:19:57.580 1333 RALLYDEBUG rally_openstack.cleanup.manager [-] Deleting cinder.qos_specs object s_rally_a8ea4e3f_2A1suV0W (e1a3aa7b-cb3b-4ce1-9cf1-7238d32aab72)
2020-04-10 04:19:57.567 1333 RALLYDEBUG rally_openstack.cleanup.manager [-] Deleting cinder.qos_specs object s_rally_a8ea4e3f_YKOUk9hy (a7708918-8241-4523-8e41-3d152f12e56c)
2020-04-10 04:19:57.603 1333 RALLYDEBUG rally_openstack.cleanup.manager [-] Deleting cinder.qos_specs object s_rally_a8ea4e3f_EflnT6hh (8e78de56-35e4-41b5-89aa-7d0be11340e4)
2020-04-10 04:19:57.604 1333 RALLYDEBUG rally_openstack.cleanup.manager [-] Deleting cinder.qos_specs object s_rally_a8ea4e3f_iDaQTZLS (c0872a1e-d566-47d6-962d-4bdf41ec17f9)
2020-04-10 04:19:57.621 1333 RALLYDEBUG rally_openstack.cleanup.manager [-] Deleting cinder.qos_specs object s_rally_a8ea4e3f_bEuuEEjA (6bc29a96-deb7-4cda-aa72-f403411cce7a)
2020-04-10 04:19:57.633 1333 RALLYDEBUG rally_openstack.cleanup.manager [-] Deleting cinder.qos_specs object s_rally_a8ea4e3f_97Z2UJUx (3984b7ea-d052-47d9-af35-cd215e2bb282)
2020-04-10 04:19:59.021 1333 INFO rally.task.context [-] Task e8360cdb-5be4-4b68-b1aa-6d6d222a9617 | Context admin_cleanup@openstack cleanup() finished in 2.50 sec
2020-04-10 04:19:59.022 1333 INFO rally.task.context [-] Task e8360cdb-5be4-4b68-b1aa-6d6d222a9617 | Context api_versions@openstack cleanup() started
2020-04-10 04:19:59.022 1333 INFO rally.task.context [-] Task e8360cdb-5be4-4b68-b1aa-6d6d222a9617 | Context api_versions@openstack cleanup() finished in 0.37 msec
2020-04-10 04:19:59.023 1333 INFO rally.task.context [-] Task e8360cdb-5be4-4b68-b1aa-6d6d222a9617 | Context users@openstack cleanup() started
2020-04-10 04:19:59.185 1333 WARNING rally.common.logging [-] `iterate_per_tenants()' is deprecated in v3.0.0: it is openstack specific.. Used at
2020-04-10 04:20:05.637 1333 INFO rally.task.context [-] Task e8360cdb-5be4-4b68-b1aa-6d6d222a9617 | Context users@openstack cleanup() finished in 6.61 sec
2020-04-10 04:20:06.200 1333 INFO rally.task.engine [-] Load duration is: 0.623572
2020-04-10 04:20:06.201 1333 INFO rally.task.engine [-] Full runner duration is: 0.667953
2020-04-10 04:20:06.201 1333 INFO rally.task.engine [-] Full duration is: 11.531993
2020-04-10 04:20:06.300 1333 INFO rally.task.engine [-] Running workload: position = 0 config = { "version": 2, "title": "A cropped version of a bigger task.", "description": "Auto-generated task from a single workload (uuid=02a21ae0-0edc-4d00-85ab-fef0d0315ffb)", "subtasks": [ { "title": "CinderQos.create_and_list_qos", "description": "Create a qos, then list all qos.", "scenario": { "CinderQos.create_and_list_qos": { "consumer": "both", "write_iops_sec": "10", "read_iops_sec": "1000" } }, "contexts": { "users": { "tenants": 3, "users_per_tenant": 2 }, "api_versions": { "cinder": { "version": 3, "service_type": "volumev3" } } }, "runner": { "constant": { "concurrency": 4, "times": 10 } }, "hooks": [], "sla": { "failure_rate": { "max": 0 } } } ] }
2020-04-10 04:20:06.320 1333 RALLYDEBUG rally_openstack.contexts.keystone.users [-] Creating 3 tenants using 3 threads
2020-04-10 04:20:06.796 1333 RALLYDEBUG rally_openstack.contexts.keystone.users [-] Creating 6 users using 6 threads
2020-04-10 04:20:07.751 1333 INFO rally.task.context [-] Task e8360cdb-5be4-4b68-b1aa-6d6d222a9617 | Context users@openstack setup() finished in 1.43 sec
2020-04-10 04:20:07.884 1333 INFO rally.task.context [-] Task e8360cdb-5be4-4b68-b1aa-6d6d222a9617 | Context api_versions@openstack setup() finished in 0.13 sec
2020-04-10 04:20:07.885 1333 INFO rally.task.context [-] Task e8360cdb-5be4-4b68-b1aa-6d6d222a9617 | Context admin_cleanup@openstack setup() finished in 0.00 msec
2020-04-10 04:20:07.894 1333 RALLYDEBUG rally.task.runner [-] Starting the constant runner (task UUID: e8360cdb-5be4-4b68-b1aa-6d6d222a9617). times: 10 concurrency: 4 timeout: 0 max_cpu_used: 88 processes_to_start: 4 concurrency_per_worker: 1 concurrency_overhead: 0
2020-04-10 04:20:07.905 4189 RALLYDEBUG rally.task.runner [-] Starting a worker. times: 10 duration: None concurrency: 1 timeout: 0 cls: method_name: run args: {"consumer": "both", "write_iops_sec": "10", "read_iops_sec": "1000"}
2020-04-10 04:20:07.908 4190 RALLYDEBUG rally.task.runner [-] Starting a worker. times: 10 duration: None concurrency: 1 timeout: 0 cls: method_name: run args: {"consumer": "both", "write_iops_sec": "10", "read_iops_sec": "1000"}
2020-04-10 04:20:07.910 4191 RALLYDEBUG rally.task.runner [-] Starting a worker. times: 10 duration: None concurrency: 1 timeout: 0 cls: method_name: run args: {"consumer": "both", "write_iops_sec": "10", "read_iops_sec": "1000"}
2020-04-10 04:20:07.911 4189 INFO rally.task.runner [-] Task e8360cdb-5be4-4b68-b1aa-6d6d222a9617 | ITER: 1 START
2020-04-10 04:20:07.915 4192 RALLYDEBUG rally.task.runner [-] Starting a worker. times: 10 duration: None concurrency: 1 timeout: 0 cls: method_name: run args: {"consumer": "both", "write_iops_sec": "10", "read_iops_sec": "1000"}
2020-04-10 04:20:07.917 4190 INFO rally.task.runner [-] Task e8360cdb-5be4-4b68-b1aa-6d6d222a9617 | ITER: 2 START
2020-04-10 04:20:07.918 4191 INFO rally.task.runner [-] Task e8360cdb-5be4-4b68-b1aa-6d6d222a9617 | ITER: 3 START
2020-04-10 04:20:07.922 4192 INFO rally.task.runner [-] Task e8360cdb-5be4-4b68-b1aa-6d6d222a9617 | ITER: 4 START
2020-04-10 04:20:08.201 4190 INFO rally.task.runner [-] Task e8360cdb-5be4-4b68-b1aa-6d6d222a9617 | ITER: 2 END: OK
2020-04-10 04:20:08.206 4190 INFO rally.task.runner [-] Task e8360cdb-5be4-4b68-b1aa-6d6d222a9617 | ITER: 5 START
2020-04-10 04:20:08.224 4189 INFO rally.task.runner [-] Task e8360cdb-5be4-4b68-b1aa-6d6d222a9617 | ITER: 1 END: OK
2020-04-10 04:20:08.230 4189 INFO rally.task.runner [-] Task e8360cdb-5be4-4b68-b1aa-6d6d222a9617 | ITER: 6 START
2020-04-10 04:20:08.231 4191 INFO rally.task.runner [-] Task e8360cdb-5be4-4b68-b1aa-6d6d222a9617 | ITER: 3 END: OK
2020-04-10 04:20:08.232 4192 INFO rally.task.runner [-] Task e8360cdb-5be4-4b68-b1aa-6d6d222a9617 | ITER: 4 END: OK
2020-04-10 04:20:08.236 4191 INFO rally.task.runner [-] Task e8360cdb-5be4-4b68-b1aa-6d6d222a9617 | ITER: 7 START
2020-04-10 04:20:08.237 4192 INFO rally.task.runner [-] Task e8360cdb-5be4-4b68-b1aa-6d6d222a9617 | ITER: 8 START
2020-04-10 04:20:08.409 4190 INFO rally.task.runner [-] Task e8360cdb-5be4-4b68-b1aa-6d6d222a9617 | ITER: 5 END: OK
2020-04-10 04:20:08.413 4190 INFO rally.task.runner [-] Task e8360cdb-5be4-4b68-b1aa-6d6d222a9617 | ITER: 9 START
2020-04-10 04:20:08.516 4189 INFO rally.task.runner [-] Task e8360cdb-5be4-4b68-b1aa-6d6d222a9617 | ITER: 6 END: OK
2020-04-10 04:20:08.521 4191 INFO rally.task.runner [-] Task e8360cdb-5be4-4b68-b1aa-6d6d222a9617 | ITER: 7 END: OK
2020-04-10 04:20:08.521 4189 INFO rally.task.runner [-] Task e8360cdb-5be4-4b68-b1aa-6d6d222a9617 | ITER: 10 START
2020-04-10 04:20:08.535 4192 INFO rally.task.runner [-] Task e8360cdb-5be4-4b68-b1aa-6d6d222a9617 | ITER: 8 END: OK
2020-04-10 04:20:08.599 4190 INFO rally.task.runner [-] Task e8360cdb-5be4-4b68-b1aa-6d6d222a9617 | ITER: 9 END: OK
2020-04-10 04:20:08.716 4189 INFO rally.task.runner [-] Task e8360cdb-5be4-4b68-b1aa-6d6d222a9617 | ITER: 10 END: OK
2020-04-10 04:20:08.739 1333 INFO rally.task.context [-] Task e8360cdb-5be4-4b68-b1aa-6d6d222a9617 | Context admin_cleanup@openstack cleanup() started
2020-04-10 04:20:08.744 1333 RALLYDEBUG rally_openstack.cleanup.manager [-] Cleaning up cinder volume_types objects
2020-04-10 04:20:08.922 1333 RALLYDEBUG rally_openstack.cleanup.manager [-] Cleaning up cinder image_volumes_cache objects
2020-04-10 04:20:09.225 1333 RALLYDEBUG rally_openstack.cleanup.manager [-] Cleaning up cinder quotas objects
2020-04-10 04:20:09.604 1333 RALLYDEBUG rally_openstack.cleanup.manager [-] Cleaning up cinder qos_specs objects
2020-04-10 04:20:09.811 1333 RALLYDEBUG rally_openstack.cleanup.manager [-] Deleting cinder.qos_specs object s_rally_02a21ae0_K9iDpDxA (f6ff583a-fb1e-44b5-8c00-5e6fd1ff3d08)
2020-04-10 04:20:09.815 1333 RALLYDEBUG rally_openstack.cleanup.manager [-] Deleting cinder.qos_specs object s_rally_02a21ae0_lgEXGAg7 (ba3921f7-c399-428c-83ba-24df115d2711)
2020-04-10 04:20:09.828 1333 RALLYDEBUG rally_openstack.cleanup.manager [-] Deleting cinder.qos_specs object s_rally_02a21ae0_GHVMCpWI (fe279213-6d23-4a90-9f3e-79983c617182)
2020-04-10 04:20:09.837 1333 RALLYDEBUG rally_openstack.cleanup.manager [-] Deleting cinder.qos_specs object s_rally_02a21ae0_Fwgyl0Jc (cb76efd4-8b5d-4d64-8287-0b3ba0b2357a)
2020-04-10 04:20:09.855 1333 RALLYDEBUG rally_openstack.cleanup.manager [-] Deleting cinder.qos_specs object s_rally_02a21ae0_tekRvnx0 (9f1348e8-14fd-40b1-88e8-7a7bfb79974f)
2020-04-10 04:20:09.850 1333 RALLYDEBUG rally_openstack.cleanup.manager [-] Deleting cinder.qos_specs object s_rally_02a21ae0_igXIZWlN (c2e67aef-05a1-495c-8cc2-5d17b28e927c)
2020-04-10 04:20:09.889 1333 RALLYDEBUG rally_openstack.cleanup.manager [-] Deleting cinder.qos_specs object s_rally_02a21ae0_qRqz78lz (4af44f18-1cd0-4f89-9504-1fdc2c5b726d)
2020-04-10 04:20:09.884 1333 RALLYDEBUG rally_openstack.cleanup.manager [-] Deleting cinder.qos_specs object s_rally_02a21ae0_Hn7sUxNv (74146e35-f9c5-4408-915e-f7b0f2f07507)
2020-04-10 04:20:09.928 1333 RALLYDEBUG rally_openstack.cleanup.manager [-] Deleting cinder.qos_specs object s_rally_02a21ae0_KH3530By (2170792f-e513-4357-b4a4-92de9cf558a4)
2020-04-10 04:20:09.931 1333 RALLYDEBUG rally_openstack.cleanup.manager [-] Deleting cinder.qos_specs object s_rally_02a21ae0_TaW1Dkel (28be8ae5-a44d-46cb-8262-1b30d785fc39)
2020-04-10 04:20:11.314 1333 INFO rally.task.context [-] Task e8360cdb-5be4-4b68-b1aa-6d6d222a9617 | Context admin_cleanup@openstack cleanup() finished in 2.57 sec
2020-04-10 04:20:11.314 1333 INFO rally.task.context [-] Task e8360cdb-5be4-4b68-b1aa-6d6d222a9617 | Context api_versions@openstack cleanup() started
2020-04-10 04:20:11.315 1333 INFO rally.task.context [-] Task e8360cdb-5be4-4b68-b1aa-6d6d222a9617 | Context api_versions@openstack cleanup() finished in 0.35 msec
2020-04-10 04:20:11.315 1333 INFO rally.task.context [-] Task e8360cdb-5be4-4b68-b1aa-6d6d222a9617 | Context users@openstack cleanup() started
2020-04-10 04:20:11.501 1333 WARNING rally.common.logging [-] `iterate_per_tenants()' is deprecated in v3.0.0: it is openstack specific.. Used at
2020-04-10 04:20:14.157 1333 INFO rally.task.context [-] Task e8360cdb-5be4-4b68-b1aa-6d6d222a9617 | Context users@openstack cleanup() finished in 2.84 sec
2020-04-10 04:20:14.398 1333 INFO rally.task.engine [-] Load duration is: 0.799767
2020-04-10 04:20:14.398 1333 INFO rally.task.engine [-] Full runner duration is: 0.845629
2020-04-10 04:20:14.399 1333 INFO rally.task.engine [-] Full duration is: 7.838244
2020-04-10 04:20:14.489 1333 INFO rally.task.engine [-] Running workload: position = 0 config = { "version": 2, "title": "A cropped version of a bigger task.", "description": "Auto-generated task from a single workload (uuid=cf045053-3af3-4d9a-8a87-1637fb28f992)", "subtasks": [ { "title": "CinderQos.create_and_set_qos", "description": "Create a qos, then Add/Update keys in qos specs.", "scenario": { "CinderQos.create_and_set_qos": { "consumer": "back-end", "write_iops_sec": "10", "read_iops_sec": "1000", "set_consumer": "both", "set_write_iops_sec": "11", "set_read_iops_sec": "1001" } }, "contexts": { "users": { "tenants": 3, "users_per_tenant": 2 }, "api_versions": { "cinder": { "version": 3, "service_type": "volumev3" } } }, "runner": { "constant": { "concurrency": 4, "times": 10 } }, "hooks": [], "sla": { "failure_rate": { "max": 0 } } } ] }
2020-04-10 04:20:14.507 1333 RALLYDEBUG rally_openstack.contexts.keystone.users [-] Creating 3 tenants using 3 threads
2020-04-10 04:20:15.036 1333 RALLYDEBUG rally_openstack.contexts.keystone.users [-] Creating 6 users using 6 threads
2020-04-10 04:20:16.189 1333 INFO rally.task.context [-] Task e8360cdb-5be4-4b68-b1aa-6d6d222a9617 | Context users@openstack setup() finished in 1.68 sec
2020-04-10 04:20:16.339 1333 INFO rally.task.context [-] Task e8360cdb-5be4-4b68-b1aa-6d6d222a9617 | Context api_versions@openstack setup() finished in 0.15 sec
2020-04-10 04:20:16.339 1333 INFO rally.task.context [-] Task e8360cdb-5be4-4b68-b1aa-6d6d222a9617 | Context admin_cleanup@openstack setup() finished in 0.00 msec
2020-04-10 04:20:16.351 1333 RALLYDEBUG rally.task.runner [-] Starting the constant runner (task UUID: e8360cdb-5be4-4b68-b1aa-6d6d222a9617). times: 10 concurrency: 4 timeout: 0 max_cpu_used: 88 processes_to_start: 4 concurrency_per_worker: 1 concurrency_overhead: 0
2020-04-10 04:20:16.366 4342 RALLYDEBUG rally.task.runner [-] Starting a worker. times: 10 duration: None concurrency: 1 timeout: 0 cls: method_name: run args: {"consumer": "back-end", "write_iops_sec": "10", "read_iops_sec": "1000", "set_consumer": "both", "set_write_iops_sec": "11", "set_read_iops_sec": "1001"}
2020-04-10 04:20:16.366 4343 RALLYDEBUG rally.task.runner [-] Starting a worker. times: 10 duration: None concurrency: 1 timeout: 0 cls: method_name: run args: {"consumer": "back-end", "write_iops_sec": "10", "read_iops_sec": "1000", "set_consumer": "both", "set_write_iops_sec": "11", "set_read_iops_sec": "1001"}
2020-04-10 04:20:16.367 4344 RALLYDEBUG rally.task.runner [-] Starting a worker. times: 10 duration: None concurrency: 1 timeout: 0 cls: method_name: run args: {"consumer": "back-end", "write_iops_sec": "10", "read_iops_sec": "1000", "set_consumer": "both", "set_write_iops_sec": "11", "set_read_iops_sec": "1001"}
2020-04-10 04:20:16.370 4345 RALLYDEBUG rally.task.runner [-] Starting a worker. times: 10 duration: None concurrency: 1 timeout: 0 cls: method_name: run args: {"consumer": "back-end", "write_iops_sec": "10", "read_iops_sec": "1000", "set_consumer": "both", "set_write_iops_sec": "11", "set_read_iops_sec": "1001"}
2020-04-10 04:20:16.373 4343 INFO rally.task.runner [-] Task e8360cdb-5be4-4b68-b1aa-6d6d222a9617 | ITER: 2 START
2020-04-10 04:20:16.373 4344 INFO rally.task.runner [-] Task e8360cdb-5be4-4b68-b1aa-6d6d222a9617 | ITER: 3 START
2020-04-10 04:20:16.374 4342 INFO rally.task.runner [-] Task e8360cdb-5be4-4b68-b1aa-6d6d222a9617 | ITER: 1 START
2020-04-10 04:20:16.377 4345 INFO rally.task.runner [-] Task e8360cdb-5be4-4b68-b1aa-6d6d222a9617 | ITER: 4 START
2020-04-10 04:20:16.624 4342 INFO rally.task.runner [-] Task e8360cdb-5be4-4b68-b1aa-6d6d222a9617 | ITER: 1 END: OK
2020-04-10 04:20:16.629 4342 INFO rally.task.runner [-] Task e8360cdb-5be4-4b68-b1aa-6d6d222a9617 | ITER: 5 START
2020-04-10 04:20:16.632 4344 INFO rally.task.runner [-] Task e8360cdb-5be4-4b68-b1aa-6d6d222a9617 | ITER: 3 END: OK
2020-04-10 04:20:16.638 4344 INFO rally.task.runner [-] Task e8360cdb-5be4-4b68-b1aa-6d6d222a9617 | ITER: 6 START
2020-04-10 04:20:16.640 4343 INFO rally.task.runner [-] Task e8360cdb-5be4-4b68-b1aa-6d6d222a9617 | ITER: 2 END: OK
2020-04-10 04:20:16.645 4343 INFO rally.task.runner [-] Task e8360cdb-5be4-4b68-b1aa-6d6d222a9617 | ITER: 7 START
2020-04-10 04:20:16.648 4345 INFO rally.task.runner [-] Task e8360cdb-5be4-4b68-b1aa-6d6d222a9617 | ITER: 4 END: OK
2020-04-10 04:20:16.653 4345 INFO rally.task.runner [-] Task e8360cdb-5be4-4b68-b1aa-6d6d222a9617 | ITER: 8 START
2020-04-10 04:20:16.824 4342 INFO rally.task.runner [-] Task e8360cdb-5be4-4b68-b1aa-6d6d222a9617 | ITER: 5 END: OK
2020-04-10 04:20:16.828 4342 INFO rally.task.runner [-] Task e8360cdb-5be4-4b68-b1aa-6d6d222a9617 | ITER: 9 START
2020-04-10 04:20:16.833 4344 INFO rally.task.runner [-] Task e8360cdb-5be4-4b68-b1aa-6d6d222a9617 | ITER: 6 END: OK
2020-04-10 04:20:16.837 4344 INFO rally.task.runner [-] Task e8360cdb-5be4-4b68-b1aa-6d6d222a9617 | ITER: 10 START
2020-04-10 04:20:16.842 4345 INFO rally.task.runner [-] Task e8360cdb-5be4-4b68-b1aa-6d6d222a9617 | ITER: 8 END: OK
2020-04-10 04:20:16.849 4343 INFO rally.task.runner [-] Task e8360cdb-5be4-4b68-b1aa-6d6d222a9617 | ITER: 7 END: OK
2020-04-10 04:20:17.028 4342 INFO rally.task.runner [-] Task e8360cdb-5be4-4b68-b1aa-6d6d222a9617 | ITER: 9 END: OK
2020-04-10 04:20:17.040 4344 INFO rally.task.runner [-] Task e8360cdb-5be4-4b68-b1aa-6d6d222a9617 | ITER: 10 END: OK
2020-04-10 04:20:17.071 1333 INFO rally.task.context [-] Task e8360cdb-5be4-4b68-b1aa-6d6d222a9617 | Context admin_cleanup@openstack cleanup() started
2020-04-10 04:20:17.076 1333 RALLYDEBUG rally_openstack.cleanup.manager [-] Cleaning up cinder volume_types objects
2020-04-10 04:20:17.246 1333 RALLYDEBUG rally_openstack.cleanup.manager [-] Cleaning up cinder image_volumes_cache objects
2020-04-10 04:20:17.572 1333 RALLYDEBUG rally_openstack.cleanup.manager [-] Cleaning up cinder quotas objects
2020-04-10 04:20:17.870 1333 RALLYDEBUG rally_openstack.cleanup.manager [-] Cleaning up cinder qos_specs objects
2020-04-10 04:20:18.047 1333 RALLYDEBUG rally_openstack.cleanup.manager [-] Deleting cinder.qos_specs object s_rally_cf045053_H6rnGBQC (b3067860-1a69-404f-851e-a250411658e7)
2020-04-10 04:20:18.047 1333 RALLYDEBUG rally_openstack.cleanup.manager [-] Deleting cinder.qos_specs object s_rally_cf045053_Q63MFf4d (cb129e28-2c54-4a06-bab9-aa43e7380cb6)
2020-04-10 04:20:18.041 1333 RALLYDEBUG rally_openstack.cleanup.manager [-] Deleting cinder.qos_specs object s_rally_cf045053_PFAwTae8 (b3d06050-fd05-4835-ae32-0110561a7001)
2020-04-10 04:20:18.036 1333 RALLYDEBUG rally_openstack.cleanup.manager [-] Deleting cinder.qos_specs object s_rally_cf045053_RmDwmWVh (bc399e9c-61fc-43fd-b0f2-bac2a177bbe6)
2020-04-10 04:20:18.053 1333 RALLYDEBUG rally_openstack.cleanup.manager [-] Deleting cinder.qos_specs object s_rally_cf045053_iuY4FVgE (9a5827c9-9fe4-4384-ae10-03537af9600e)
2020-04-10 04:20:18.069 1333 RALLYDEBUG rally_openstack.cleanup.manager [-] Deleting cinder.qos_specs object s_rally_cf045053_BZXtWJgB (6146770c-173a-4cfe-87bd-27530f13729a)
2020-04-10 04:20:18.075 1333 RALLYDEBUG rally_openstack.cleanup.manager [-] Deleting cinder.qos_specs object s_rally_cf045053_f01bTYYY (1708e930-5976-4774-a7e4-f2019d2ad837)
2020-04-10 04:20:18.093 1333 RALLYDEBUG rally_openstack.cleanup.manager [-] Deleting cinder.qos_specs object s_rally_cf045053_m86qQ7wE (93a74cce-8b22-41be-af62-d53ded2d87c2)
2020-04-10 04:20:18.093 1333 RALLYDEBUG rally_openstack.cleanup.manager [-] Deleting cinder.qos_specs object s_rally_cf045053_yEvsXoSK (125a9fba-bc37-435b-a67b-669d497fc6e8)
2020-04-10 04:20:18.116 1333 RALLYDEBUG rally_openstack.cleanup.manager [-] Deleting cinder.qos_specs object s_rally_cf045053_YXaB0XWJ (0291b64b-e9f8-46fa-9f72-d76fcafe4a46)
2020-04-10 04:20:19.507 1333 INFO rally.task.context [-] Task e8360cdb-5be4-4b68-b1aa-6d6d222a9617 | Context admin_cleanup@openstack cleanup() finished in 2.44 sec
2020-04-10 04:20:19.508 1333 INFO rally.task.context [-] Task e8360cdb-5be4-4b68-b1aa-6d6d222a9617 | Context api_versions@openstack cleanup() started
2020-04-10 04:20:19.509 1333 INFO rally.task.context [-] Task e8360cdb-5be4-4b68-b1aa-6d6d222a9617 | Context api_versions@openstack cleanup() finished in 0.38 msec
2020-04-10 04:20:19.509 1333 INFO rally.task.context [-] Task e8360cdb-5be4-4b68-b1aa-6d6d222a9617 | Context users@openstack cleanup() started
2020-04-10 04:20:19.721 1333 WARNING rally.common.logging [-] `iterate_per_tenants()' is deprecated in v3.0.0: it is openstack specific.. Used at
2020-04-10 04:20:23.441 1333 INFO rally.task.context [-] Task e8360cdb-5be4-4b68-b1aa-6d6d222a9617 | Context users@openstack cleanup() finished in 3.93 sec
2020-04-10 04:20:24.642 1333 INFO rally.task.engine [-] Load duration is: 0.660904
2020-04-10 04:20:24.642 1333 INFO rally.task.engine [-] Full runner duration is: 0.720872
2020-04-10 04:20:24.643 1333 INFO rally.task.engine [-] Full duration is: 8.935928
2020-04-10 04:20:24.731 1333 INFO rally.task.engine [-] Running workload: position = 0 config = { "version": 2, "title": "A cropped version of a bigger task.", "description": "Auto-generated task from a single workload (uuid=94096586-1d62-44b6-af1c-143f38824390)", "subtasks": [ { "title": "CinderVolumeTypes.create_and_get_volume_type", "description": "Create a volume Type, then get the details of the type.", "scenario": { "CinderVolumeTypes.create_and_get_volume_type": { "description": "rally tests creating types" } }, "contexts": { "users": { "tenants": 3, "users_per_tenant": 2 }, "api_versions": { "cinder": { "version": 3, "service_type": "volumev3" } } }, "runner": { "constant": { "concurrency": 4, "times": 10 } }, "hooks": [], "sla": { "failure_rate": { "max": 0 } } } ] }
2020-04-10 04:20:24.754 1333 RALLYDEBUG rally_openstack.contexts.keystone.users [-] Creating 3 tenants using 3 threads
2020-04-10 04:20:25.264 1333 RALLYDEBUG rally_openstack.contexts.keystone.users [-] Creating 6 users using 6 threads
2020-04-10 04:20:26.191 1333 INFO rally.task.context [-] Task e8360cdb-5be4-4b68-b1aa-6d6d222a9617 | Context users@openstack setup() finished in 1.44 sec
2020-04-10 04:20:26.320 1333 INFO rally.task.context [-] Task e8360cdb-5be4-4b68-b1aa-6d6d222a9617 | Context api_versions@openstack setup() finished in 0.13 sec
2020-04-10 04:20:26.321 1333 INFO rally.task.context [-] Task e8360cdb-5be4-4b68-b1aa-6d6d222a9617 | Context admin_cleanup@openstack setup() finished in 0.01 msec
2020-04-10 04:20:26.328 1333 RALLYDEBUG rally.task.runner [-] Starting the constant runner (task UUID: e8360cdb-5be4-4b68-b1aa-6d6d222a9617). times: 10 concurrency: 4 timeout: 0 max_cpu_used: 88 processes_to_start: 4 concurrency_per_worker: 1 concurrency_overhead: 0
2020-04-10 04:20:26.341 4495 RALLYDEBUG rally.task.runner [-] Starting a worker. times: 10 duration: None concurrency: 1 timeout: 0 cls: method_name: run args: {"description": "rally tests creating types"}
2020-04-10 04:20:26.343 4496 RALLYDEBUG rally.task.runner [-] Starting a worker. times: 10 duration: None concurrency: 1 timeout: 0 cls: method_name: run args: {"description": "rally tests creating types"}
2020-04-10 04:20:26.347 4495 INFO rally.task.runner [-] Task e8360cdb-5be4-4b68-b1aa-6d6d222a9617 | ITER: 1 START
2020-04-10 04:20:26.346 4497 RALLYDEBUG rally.task.runner [-] Starting a worker. times: 10 duration: None concurrency: 1 timeout: 0 cls: method_name: run args: {"description": "rally tests creating types"}
2020-04-10 04:20:26.349 4498 RALLYDEBUG rally.task.runner [-] Starting a worker. times: 10 duration: None concurrency: 1 timeout: 0 cls: method_name: run args: {"description": "rally tests creating types"}
2020-04-10 04:20:26.351 4496 INFO rally.task.runner [-] Task e8360cdb-5be4-4b68-b1aa-6d6d222a9617 | ITER: 2 START
2020-04-10 04:20:26.354 4497 INFO rally.task.runner [-] Task e8360cdb-5be4-4b68-b1aa-6d6d222a9617 | ITER: 3 START
2020-04-10 04:20:26.355 4498 INFO rally.task.runner [-] Task e8360cdb-5be4-4b68-b1aa-6d6d222a9617 | ITER: 4 START
2020-04-10 04:20:26.615 4495 INFO rally.task.runner [-] Task e8360cdb-5be4-4b68-b1aa-6d6d222a9617 | ITER: 1 END: OK
2020-04-10 04:20:26.620 4495 INFO rally.task.runner [-] Task e8360cdb-5be4-4b68-b1aa-6d6d222a9617 | ITER: 5 START
2020-04-10 04:20:26.626 4497 INFO rally.task.runner [-] Task e8360cdb-5be4-4b68-b1aa-6d6d222a9617 | ITER: 3 END: OK
2020-04-10 04:20:26.631 4497 INFO rally.task.runner [-] Task e8360cdb-5be4-4b68-b1aa-6d6d222a9617 | ITER: 6 START
2020-04-10 04:20:26.637 4498 INFO rally.task.runner [-] Task e8360cdb-5be4-4b68-b1aa-6d6d222a9617 | ITER: 4 END: OK
2020-04-10 04:20:26.641 4496 INFO rally.task.runner [-] Task e8360cdb-5be4-4b68-b1aa-6d6d222a9617 | ITER: 2 END: OK
2020-04-10 04:20:26.642 4498 INFO rally.task.runner [-] Task e8360cdb-5be4-4b68-b1aa-6d6d222a9617 | ITER: 7 START
2020-04-10 04:20:26.645 4496 INFO rally.task.runner [-] Task e8360cdb-5be4-4b68-b1aa-6d6d222a9617 | ITER: 8 START
2020-04-10 04:20:26.820 4495 INFO rally.task.runner [-] Task e8360cdb-5be4-4b68-b1aa-6d6d222a9617 | ITER: 5 END: OK
2020-04-10 04:20:26.825 4495 INFO rally.task.runner [-] Task e8360cdb-5be4-4b68-b1aa-6d6d222a9617 | ITER: 9 START
2020-04-10 04:20:26.825 4497 INFO rally.task.runner [-] Task e8360cdb-5be4-4b68-b1aa-6d6d222a9617 | ITER: 6 END: OK
2020-04-10 04:20:26.829 4497 INFO rally.task.runner [-] Task e8360cdb-5be4-4b68-b1aa-6d6d222a9617 | ITER: 10 START
2020-04-10 04:20:26.845 4498 INFO rally.task.runner [-] Task e8360cdb-5be4-4b68-b1aa-6d6d222a9617 | ITER: 7 END: OK
2020-04-10 04:20:26.850 4496 INFO rally.task.runner [-] Task e8360cdb-5be4-4b68-b1aa-6d6d222a9617 | ITER: 8 END: OK
2020-04-10 04:20:27.019 4495 INFO rally.task.runner [-] Task e8360cdb-5be4-4b68-b1aa-6d6d222a9617 | ITER: 9 END: OK
2020-04-10 04:20:27.029 4497 INFO rally.task.runner [-] Task e8360cdb-5be4-4b68-b1aa-6d6d222a9617 | ITER: 10 END: OK
2020-04-10 04:20:27.056 1333 INFO rally.task.context [-] Task e8360cdb-5be4-4b68-b1aa-6d6d222a9617 | Context admin_cleanup@openstack cleanup() started
2020-04-10 04:20:27.061 1333 RALLYDEBUG rally_openstack.cleanup.manager [-] Cleaning up cinder volume_types objects
2020-04-10 04:20:27.243 1333 RALLYDEBUG rally_openstack.cleanup.manager [-] Deleting cinder.volume_types object s_rally_94096586_oFlrsD3U (ddaaead8-87ba-4d41-aed1-e69091177f75)
2020-04-10 04:20:27.254 1333 RALLYDEBUG rally_openstack.cleanup.manager [-] Deleting cinder.volume_types object s_rally_94096586_Wl6sg1SC (d8c01a62-650f-4890-8118-bbe6fa3bbfc0)
2020-04-10 04:20:27.265 1333 RALLYDEBUG rally_openstack.cleanup.manager [-] Deleting cinder.volume_types object s_rally_94096586_8rX383DK (b74c1f6d-bc80-4fa3-a979-0db3de18097c)
2020-04-10 04:20:27.265 1333 RALLYDEBUG rally_openstack.cleanup.manager [-] Deleting cinder.volume_types object s_rally_94096586_jiBSOYQE (d7819686-fddc-4959-bbd4-3239f0b7e39e)
2020-04-10 04:20:27.284 1333 RALLYDEBUG rally_openstack.cleanup.manager [-] Deleting cinder.volume_types object s_rally_94096586_bfAC1WFk (8b1e3422-fd51-48d9-923f-bfb151f84294)
2020-04-10 04:20:27.290 1333 RALLYDEBUG rally_openstack.cleanup.manager [-] Deleting cinder.volume_types object s_rally_94096586_BIhVFCB7 (6b3e6dd5-186c-45a1-bc5e-5605b724f711)
2020-04-10 04:20:27.308 1333 RALLYDEBUG rally_openstack.cleanup.manager [-] Deleting cinder.volume_types object s_rally_94096586_yWBZEjI5 (32ccf904-f2b8-4621-9e87-6d2456ac121e)
2020-04-10 04:20:27.308 1333 RALLYDEBUG rally_openstack.cleanup.manager [-] Deleting cinder.volume_types object s_rally_94096586_CKKpnLdJ (44f1f037-d0d5-4b95-a671-afee143ba8eb)
2020-04-10 04:20:27.325 1333 RALLYDEBUG rally_openstack.cleanup.manager [-] Deleting cinder.volume_types object s_rally_94096586_bWY4lZpN (2b6344e0-ec08-4620-be70-bf674750cd4d)
2020-04-10 04:20:27.330 1333 RALLYDEBUG rally_openstack.cleanup.manager [-] Deleting cinder.volume_types object s_rally_94096586_I1rPbrh2 (3062f915-6f1c-4576-90fc-606e958d6414)
2020-04-10 04:20:28.776 1333 RALLYDEBUG rally_openstack.cleanup.manager [-] Cleaning up cinder image_volumes_cache objects
2020-04-10 04:20:29.093 1333 RALLYDEBUG rally_openstack.cleanup.manager [-] Cleaning up cinder quotas objects
2020-04-10 04:20:29.438 1333 RALLYDEBUG rally_openstack.cleanup.manager [-] Cleaning up cinder qos_specs objects
2020-04-10 04:20:29.608 1333 INFO rally.task.context [-] Task e8360cdb-5be4-4b68-b1aa-6d6d222a9617 | Context admin_cleanup@openstack cleanup() finished in 2.55 sec
2020-04-10 04:20:29.609 1333 INFO rally.task.context [-] Task e8360cdb-5be4-4b68-b1aa-6d6d222a9617 | Context api_versions@openstack cleanup() started
2020-04-10 04:20:29.609 1333 INFO rally.task.context [-] Task e8360cdb-5be4-4b68-b1aa-6d6d222a9617 | Context api_versions@openstack cleanup() finished in 0.32 msec
2020-04-10 04:20:29.610 1333 INFO rally.task.context [-] Task e8360cdb-5be4-4b68-b1aa-6d6d222a9617 | Context users@openstack cleanup() started
2020-04-10 04:20:29.813 1333 WARNING rally.common.logging [-] `iterate_per_tenants()' is deprecated in v3.0.0: it is openstack specific.. Used at
2020-04-10 04:20:34.060 1333 INFO rally.task.context [-] Task e8360cdb-5be4-4b68-b1aa-6d6d222a9617 | Context users@openstack cleanup() finished in 4.45 sec
2020-04-10 04:20:34.830 1333 INFO rally.task.engine [-] Load duration is: 0.677162
2020-04-10 04:20:34.830 1333 INFO rally.task.engine [-] Full runner duration is: 0.728341
2020-04-10 04:20:34.831 1333 INFO rally.task.engine [-] Full duration is: 9.309288
2020-04-10 04:20:34.915 1333 INFO rally.task.engine [-] Running workload: position = 0 config = { "version": 2, "title": "A cropped version of a bigger task.", "description": "Auto-generated task from a single workload (uuid=448b15a5-9880-4997-8a28-e6ffa75a5a51)", "subtasks": [ { "title": "CinderVolumeTypes.create_and_list_volume_types", "description": "Create a volume Type, then list all types.", "scenario": { "CinderVolumeTypes.create_and_list_volume_types": { "description": "rally tests creating types" } }, "contexts": { "users": { "tenants": 3, "users_per_tenant": 2 }, "api_versions": { "cinder": { "version": 3, "service_type": "volumev3" } } }, "runner": { "constant": { "concurrency": 4, "times": 10 } }, "hooks": [], "sla": { "failure_rate": { "max": 0 } } } ] }
2020-04-10 04:20:34.936 1333 RALLYDEBUG rally_openstack.contexts.keystone.users [-] Creating 3 tenants using 3 threads
2020-04-10 04:20:35.491 1333 RALLYDEBUG rally_openstack.contexts.keystone.users [-] Creating 6 users using 6 threads
2020-04-10 04:20:36.553 1333 INFO rally.task.context [-] Task e8360cdb-5be4-4b68-b1aa-6d6d222a9617 | Context users@openstack setup() finished in 1.62 sec
2020-04-10 04:20:36.689 1333 INFO rally.task.context [-] Task e8360cdb-5be4-4b68-b1aa-6d6d222a9617 | Context api_versions@openstack setup() finished in 0.13 sec
2020-04-10 04:20:36.689 1333 INFO rally.task.context [-] Task e8360cdb-5be4-4b68-b1aa-6d6d222a9617 | Context admin_cleanup@openstack setup() finished in 0.00 msec
2020-04-10 04:20:36.697 1333 RALLYDEBUG rally.task.runner [-] Starting the constant runner (task UUID: e8360cdb-5be4-4b68-b1aa-6d6d222a9617). times: 10 concurrency: 4 timeout: 0 max_cpu_used: 88 processes_to_start: 4 concurrency_per_worker: 1 concurrency_overhead: 0
2020-04-10 04:20:36.710 4648 RALLYDEBUG rally.task.runner [-] Starting a worker. times: 10 duration: None concurrency: 1 timeout: 0 cls: method_name: run args: {"description": "rally tests creating types"}
2020-04-10 04:20:36.713 4649 RALLYDEBUG rally.task.runner [-] Starting a worker. times: 10 duration: None concurrency: 1 timeout: 0 cls: method_name: run args: {"description": "rally tests creating types"}
2020-04-10 04:20:36.715 4650 RALLYDEBUG rally.task.runner [-] Starting a worker. times: 10 duration: None concurrency: 1 timeout: 0 cls: method_name: run args: {"description": "rally tests creating types"}
2020-04-10 04:20:36.717 4648 INFO rally.task.runner [-] Task e8360cdb-5be4-4b68-b1aa-6d6d222a9617 | ITER: 1 START
2020-04-10 04:20:36.718 4651 RALLYDEBUG rally.task.runner [-] Starting a worker. times: 10 duration: None concurrency: 1 timeout: 0 cls: method_name: run args: {"description": "rally tests creating types"}
2020-04-10 04:20:36.720 4649 INFO rally.task.runner [-] Task e8360cdb-5be4-4b68-b1aa-6d6d222a9617 | ITER: 2 START
2020-04-10 04:20:36.722 4650 INFO rally.task.runner [-] Task e8360cdb-5be4-4b68-b1aa-6d6d222a9617 | ITER: 3 START
2020-04-10 04:20:36.726 4651 INFO rally.task.runner [-] Task e8360cdb-5be4-4b68-b1aa-6d6d222a9617 | ITER: 4 START
2020-04-10 04:20:36.971 4648 INFO rally.task.runner [-] Task e8360cdb-5be4-4b68-b1aa-6d6d222a9617 | ITER: 1 END: OK
2020-04-10 04:20:36.971 4651 INFO rally.task.runner [-] Task e8360cdb-5be4-4b68-b1aa-6d6d222a9617 | ITER: 4 END: OK
2020-04-10 04:20:36.975 4648 INFO rally.task.runner [-] Task e8360cdb-5be4-4b68-b1aa-6d6d222a9617 | ITER: 5 START
2020-04-10 04:20:36.976 4651 INFO rally.task.runner [-] Task e8360cdb-5be4-4b68-b1aa-6d6d222a9617 | ITER: 6 START
2020-04-10 04:20:36.980 4650 INFO rally.task.runner [-] Task e8360cdb-5be4-4b68-b1aa-6d6d222a9617 | ITER: 3 END: OK
2020-04-10 04:20:36.985 4650 INFO rally.task.runner [-] Task e8360cdb-5be4-4b68-b1aa-6d6d222a9617 | ITER: 7 START
2020-04-10 04:20:36.985 4649 INFO rally.task.runner [-] Task e8360cdb-5be4-4b68-b1aa-6d6d222a9617 | ITER: 2 END: OK
2020-04-10 04:20:36.990 4649 INFO rally.task.runner [-] Task e8360cdb-5be4-4b68-b1aa-6d6d222a9617 | ITER: 8 START
2020-04-10 04:20:37.171 4651 INFO rally.task.runner [-] Task e8360cdb-5be4-4b68-b1aa-6d6d222a9617 | ITER: 6 END: OK
2020-04-10 04:20:37.176 4651 INFO rally.task.runner [-] Task e8360cdb-5be4-4b68-b1aa-6d6d222a9617 | ITER: 9 START
2020-04-10 04:20:37.180 4649 INFO rally.task.runner [-] Task e8360cdb-5be4-4b68-b1aa-6d6d222a9617 | ITER: 8 END: OK
2020-04-10 04:20:37.180 4648 INFO rally.task.runner [-] Task e8360cdb-5be4-4b68-b1aa-6d6d222a9617 | ITER: 5 END: OK
2020-04-10 04:20:37.183 4649 INFO rally.task.runner [-] Task e8360cdb-5be4-4b68-b1aa-6d6d222a9617 | ITER: 10 START
2020-04-10 04:20:37.185 4650 INFO rally.task.runner [-] Task e8360cdb-5be4-4b68-b1aa-6d6d222a9617 | ITER: 7 END: OK
2020-04-10 04:20:37.384 4651 INFO rally.task.runner [-] Task e8360cdb-5be4-4b68-b1aa-6d6d222a9617 | ITER: 9 END: OK
2020-04-10 04:20:37.493 4649 INFO rally.task.runner [-] Task e8360cdb-5be4-4b68-b1aa-6d6d222a9617 | ITER: 10 END: OK
2020-04-10 04:20:37.521 1333 INFO rally.task.context [-] Task e8360cdb-5be4-4b68-b1aa-6d6d222a9617 | Context admin_cleanup@openstack cleanup() started
2020-04-10 04:20:37.525 1333 RALLYDEBUG rally_openstack.cleanup.manager [-] Cleaning up cinder volume_types objects
2020-04-10 04:20:37.683 1333 RALLYDEBUG rally_openstack.cleanup.manager [-] Deleting cinder.volume_types object s_rally_448b15a5_pWpkrH0k (e422157f-362a-44c1-acd2-77e434b19fc6)
2020-04-10 04:20:37.694 1333 RALLYDEBUG rally_openstack.cleanup.manager [-] Deleting cinder.volume_types object s_rally_448b15a5_ot3Scs9N (bb0ef6c3-d330-4b37-9e08-586cbf554903)
2020-04-10 04:20:37.700 1333 RALLYDEBUG rally_openstack.cleanup.manager [-] Deleting cinder.volume_types object s_rally_448b15a5_cvKSM9EY (d5f5331d-3df7-4bb7-9d32-f8fc3ab90870)
2020-04-10 04:20:37.716 1333 RALLYDEBUG rally_openstack.cleanup.manager [-] Deleting cinder.volume_types object s_rally_448b15a5_X8l6k5LK (9afec084-7700-450b-ae8d-3229e570f6e5)
2020-04-10 04:20:37.732 1333 RALLYDEBUG rally_openstack.cleanup.manager [-] Deleting cinder.volume_types object s_rally_448b15a5_9hqEelBT (808b2ae8-a3c6-43e6-9507-79cbfb9a0db3)
2020-04-10 04:20:37.722 1333 RALLYDEBUG rally_openstack.cleanup.manager [-] Deleting cinder.volume_types object s_rally_448b15a5_gZKfhqAJ (93314c74-0384-4103-a36a-f7993b32c513)
2020-04-10 04:20:37.739 1333 RALLYDEBUG rally_openstack.cleanup.manager [-] Deleting cinder.volume_types object s_rally_448b15a5_LqBwpNkU (36dcc6b8-6f76-4e44-ad2a-ecaf42ebd8ff)
2020-04-10 04:20:37.740 1333 RALLYDEBUG rally_openstack.cleanup.manager [-] Deleting cinder.volume_types object s_rally_448b15a5_ghwhJYQR (868b3bc6-f8f7-4dcf-b770-a71ba94cda2e)
2020-04-10 04:20:37.759 1333 RALLYDEBUG rally_openstack.cleanup.manager [-] Deleting cinder.volume_types object s_rally_448b15a5_68I15YNM (9f0d8a1a-5a2b-4dbf-bb43-4ff7cba58be4)
2020-04-10 04:20:37.779 1333 RALLYDEBUG rally_openstack.cleanup.manager [-] Deleting cinder.volume_types object s_rally_448b15a5_4bghypfT (30889717-5e75-469e-bfcf-e58bf0ca56fc)
2020-04-10 04:20:39.192 1333 RALLYDEBUG rally_openstack.cleanup.manager [-] Cleaning up cinder image_volumes_cache objects
2020-04-10 04:20:39.501 1333 RALLYDEBUG rally_openstack.cleanup.manager [-] Cleaning up cinder quotas objects
2020-04-10 04:20:39.802 1333 RALLYDEBUG rally_openstack.cleanup.manager [-] Cleaning up cinder qos_specs objects
2020-04-10 04:20:39.943 1333 INFO rally.task.context [-] Task e8360cdb-5be4-4b68-b1aa-6d6d222a9617 | Context admin_cleanup@openstack cleanup() finished in 2.42 sec
2020-04-10 04:20:39.943 1333 INFO rally.task.context [-] Task e8360cdb-5be4-4b68-b1aa-6d6d222a9617 | Context api_versions@openstack cleanup() started
2020-04-10 04:20:39.944 1333 INFO rally.task.context [-] Task e8360cdb-5be4-4b68-b1aa-6d6d222a9617 | Context api_versions@openstack cleanup() finished in 0.21 msec
2020-04-10 04:20:39.944 1333 INFO rally.task.context [-] Task e8360cdb-5be4-4b68-b1aa-6d6d222a9617 | Context users@openstack cleanup() started
2020-04-10 04:20:40.119 1333 WARNING rally.common.logging [-] `iterate_per_tenants()' is deprecated in v3.0.0: it is openstack specific.. Used at
2020-04-10 04:20:43.606 1333 INFO rally.task.context [-] Task e8360cdb-5be4-4b68-b1aa-6d6d222a9617 | Context users@openstack cleanup() finished in 3.66 sec
2020-04-10 04:20:45.010 1333 INFO rally.task.engine [-] Load duration is: 0.771097
2020-04-10 04:20:45.011 1333 INFO rally.task.engine [-] Full runner duration is: 0.823571
2020-04-10 04:20:45.011 1333 INFO rally.task.engine [-] Full duration is: 8.673136
2020-04-10 04:20:45.094 1333 INFO rally.task.engine [-] Running workload: position = 0 config = { "version": 2, "title": "A cropped version of a bigger task.", "description": "Auto-generated task from a single workload (uuid=5a8fb0c7-1278-470d-9b93-44110d4dc4ac)", "subtasks": [ { "title": "CinderVolumeTypes.create_and_update_volume_type", "description": "create a volume type, then update the type.", "scenario": { "CinderVolumeTypes.create_and_update_volume_type": { "description": "test", "update_description": "test update" } }, "contexts": { "users": { "tenants": 3, "users_per_tenant": 2 }, "api_versions": { "cinder": { "version": 3, "service_type": "volumev3" } } }, "runner": { "constant": { "concurrency": 4, "times": 10 } }, "hooks": [], "sla": { "failure_rate": { "max": 0 } } } ] }
2020-04-10 04:20:45.111 1333 RALLYDEBUG rally_openstack.contexts.keystone.users [-] Creating 3 tenants using 3 threads
2020-04-10 04:20:45.561 1333 RALLYDEBUG rally_openstack.contexts.keystone.users [-] Creating 6 users using 6 threads
2020-04-10 04:20:46.407 1333 INFO rally.task.context [-] Task e8360cdb-5be4-4b68-b1aa-6d6d222a9617 | Context users@openstack setup() finished in 1.30 sec
2020-04-10 04:20:46.548 1333 INFO rally.task.context [-] Task e8360cdb-5be4-4b68-b1aa-6d6d222a9617 | Context api_versions@openstack setup() finished in 0.14 sec
2020-04-10 04:20:46.548 1333 INFO rally.task.context [-] Task e8360cdb-5be4-4b68-b1aa-6d6d222a9617 | Context admin_cleanup@openstack setup() finished in 0.01 msec
2020-04-10 04:20:46.558 1333 RALLYDEBUG rally.task.runner [-] Starting the constant runner (task UUID: e8360cdb-5be4-4b68-b1aa-6d6d222a9617). times: 10 concurrency: 4 timeout: 0 max_cpu_used: 88 processes_to_start: 4 concurrency_per_worker: 1 concurrency_overhead: 0
2020-04-10 04:20:46.571 4801 RALLYDEBUG rally.task.runner [-] Starting a worker. times: 10 duration: None concurrency: 1 timeout: 0 cls: method_name: run args: {"description": "test", "update_description": "test update"}
2020-04-10 04:20:46.574 4802 RALLYDEBUG rally.task.runner [-] Starting a worker. times: 10 duration: None concurrency: 1 timeout: 0 cls: method_name: run args: {"description": "test", "update_description": "test update"}
2020-04-10 04:20:46.576 4803 RALLYDEBUG rally.task.runner [-] Starting a worker. times: 10 duration: None concurrency: 1 timeout: 0 cls: method_name: run args: {"description": "test", "update_description": "test update"}
2020-04-10 04:20:46.579 4801 INFO rally.task.runner [-] Task e8360cdb-5be4-4b68-b1aa-6d6d222a9617 | ITER: 1 START
2020-04-10 04:20:46.579 4804 RALLYDEBUG rally.task.runner [-] Starting a worker. times: 10 duration: None concurrency: 1 timeout: 0 cls: method_name: run args: {"description": "test", "update_description": "test update"}
2020-04-10 04:20:46.581 4802 INFO rally.task.runner [-] Task e8360cdb-5be4-4b68-b1aa-6d6d222a9617 | ITER: 2 START
2020-04-10 04:20:46.584 4803 INFO rally.task.runner [-] Task e8360cdb-5be4-4b68-b1aa-6d6d222a9617 | ITER: 3 START
2020-04-10 04:20:46.587 4804 INFO rally.task.runner [-] Task e8360cdb-5be4-4b68-b1aa-6d6d222a9617 | ITER: 4 START
2020-04-10 04:20:46.645 4801 WARNING cinderclient.api_versions [-] Version 2 is deprecated, use alternative version 3 instead.
2020-04-10 04:20:46.646 4802 WARNING cinderclient.api_versions [-] Version 2 is deprecated, use alternative version 3 instead.
2020-04-10 04:20:46.646 4803 WARNING cinderclient.api_versions [-] Version 2 is deprecated, use alternative version 3 instead.
2020-04-10 04:20:46.648 4801 DEBUG cinderclient.v2.client [-] REQ: curl -g -i -X POST http://172.30.12.85/volume/v3/afe0edeb15aa4ecc87135baf930b69c5/types -H "Accept: application/json" -H "Content-Type: application/json" -H "User-Agent: python-cinderclient" -H "X-Auth-Token: {SHA256}9d74350e7e21cd3ab63c3e4356f6f61faa9f8d8822cd8c01dad6c9b7aab32543" -d '{"volume_type": {"name": "s_rally_5a8fb0c7_BVmvkQdM", "description": "test", "os-volume-type-access:is_public": true}}' _http_log_request /usr/lib/python3.7/site-packages/keystoneauth1/session.py:494
2020-04-10 04:20:46.650 4803 DEBUG cinderclient.v2.client [-] REQ: curl -g -i -X POST http://172.30.12.85/volume/v3/afe0edeb15aa4ecc87135baf930b69c5/types -H "Accept: application/json" -H "Content-Type: application/json" -H "User-Agent: python-cinderclient" -H "X-Auth-Token: {SHA256}351281b588ae9000eb79ea5e1f7bab7ae2aa726ce4cefbe38022643296f7bd9d" -d '{"volume_type": {"name": "s_rally_5a8fb0c7_u8dlm1DH", "description": "test", "os-volume-type-access:is_public": true}}' _http_log_request /usr/lib/python3.7/site-packages/keystoneauth1/session.py:494
2020-04-10 04:20:46.650 4802 DEBUG cinderclient.v2.client [-] REQ: curl -g -i -X POST http://172.30.12.85/volume/v3/afe0edeb15aa4ecc87135baf930b69c5/types -H "Accept: application/json" -H "Content-Type: application/json" -H "User-Agent: python-cinderclient" -H "X-Auth-Token: {SHA256}2bc899a0166455737eba2493a4e7fb7f1cd2efde19e730fc157125657d444bb1" -d '{"volume_type": {"name": "s_rally_5a8fb0c7_5Pa1Gd0W", "description": "test", "os-volume-type-access:is_public": true}}' _http_log_request /usr/lib/python3.7/site-packages/keystoneauth1/session.py:494
2020-04-10 04:20:46.652 4804 WARNING cinderclient.api_versions [-] Version 2 is deprecated, use alternative version 3 instead.
2020-04-10 04:20:46.656 4804 DEBUG cinderclient.v2.client [-] REQ: curl -g -i -X POST http://172.30.12.85/volume/v3/afe0edeb15aa4ecc87135baf930b69c5/types -H "Accept: application/json" -H "Content-Type: application/json" -H "User-Agent: python-cinderclient" -H "X-Auth-Token: {SHA256}d41b6c6fd74eb7f1a6f37f2254798ad6088098a563fd552496c3dcbffbabbe1f" -d '{"volume_type": {"name": "s_rally_5a8fb0c7_d0OHjzO3", "description": "test", "os-volume-type-access:is_public": true}}' _http_log_request /usr/lib/python3.7/site-packages/keystoneauth1/session.py:494
2020-04-10 04:20:46.815 4801 DEBUG cinderclient.v2.client [-] RESP: [200] Connection: close Content-Length: 202 Content-Type: application/json Date: Fri, 10 Apr 2020 04:20:46 GMT OpenStack-API-Version: volume 3.0 Server: Apache/2.4.29 (Ubuntu) Vary: OpenStack-API-Version x-compute-request-id: req-ec603ed2-fa3a-4894-ae9d-7e8bbd8cb52a x-openstack-request-id: req-ec603ed2-fa3a-4894-ae9d-7e8bbd8cb52a _http_log_response /usr/lib/python3.7/site-packages/keystoneauth1/session.py:525
2020-04-10 04:20:46.816 4801 DEBUG cinderclient.v2.client [-] RESP BODY: {"volume_type": {"name": "s_rally_5a8fb0c7_BVmvkQdM", "extra_specs": {}, "os-volume-type-access:is_public": true, "is_public": true, "id": "c38debe9-f721-4ee0-9c41-51dcdf28568b", "description": "test"}} _http_log_response /usr/lib/python3.7/site-packages/keystoneauth1/session.py:557
2020-04-10 04:20:46.816 4801 DEBUG cinderclient.v2.client [-] POST call to volumev2 for http://172.30.12.85/volume/v3/afe0edeb15aa4ecc87135baf930b69c5/types used request id req-ec603ed2-fa3a-4894-ae9d-7e8bbd8cb52a request /usr/lib/python3.7/site-packages/keystoneauth1/session.py:918
2020-04-10 04:20:46.818 4801 DEBUG cinderclient.v2.client [-] REQ: curl -g -i -X PUT http://172.30.12.85/volume/v3/afe0edeb15aa4ecc87135baf930b69c5/types/c38debe9-f721-4ee0-9c41-51dcdf28568b -H "Accept: application/json" -H "Content-Type: application/json" -H "User-Agent: python-cinderclient" -H "X-Auth-Token: {SHA256}9d74350e7e21cd3ab63c3e4356f6f61faa9f8d8822cd8c01dad6c9b7aab32543" -H "X-OpenStack-Request-ID: req-ec603ed2-fa3a-4894-ae9d-7e8bbd8cb52a" -d '{"volume_type": {"name": "s_rally_5a8fb0c7_BVmvkQdM", "description": "test update"}}' _http_log_request /usr/lib/python3.7/site-packages/keystoneauth1/session.py:494
2020-04-10 04:20:46.820 4803 DEBUG cinderclient.v2.client [-] RESP: [200] Connection: close Content-Length: 202 Content-Type: application/json Date: Fri, 10 Apr 2020 04:20:46 GMT OpenStack-API-Version: volume 3.0 Server: Apache/2.4.29 (Ubuntu) Vary: OpenStack-API-Version x-compute-request-id: req-edb9f745-8509-4827-98f0-e303ef2a09d8 x-openstack-request-id: req-edb9f745-8509-4827-98f0-e303ef2a09d8 _http_log_response /usr/lib/python3.7/site-packages/keystoneauth1/session.py:525
2020-04-10 04:20:46.821 4802 DEBUG cinderclient.v2.client [-] RESP: [200] Connection: close Content-Length: 202 Content-Type: application/json Date: Fri, 10 Apr 2020 04:20:46 GMT OpenStack-API-Version: volume 3.0 Server: Apache/2.4.29 (Ubuntu) Vary: OpenStack-API-Version x-compute-request-id: req-3e7c1ca2-8f0a-4d05-824e-4a0000df2a1e x-openstack-request-id: req-3e7c1ca2-8f0a-4d05-824e-4a0000df2a1e _http_log_response /usr/lib/python3.7/site-packages/keystoneauth1/session.py:525
2020-04-10 04:20:46.821 4803 DEBUG cinderclient.v2.client [-] RESP BODY: {"volume_type": {"name": "s_rally_5a8fb0c7_u8dlm1DH", "extra_specs": {}, "os-volume-type-access:is_public": true, "is_public": true, "id": "d399f240-1dd6-42db-a503-53420a667cf7", "description": "test"}} _http_log_response /usr/lib/python3.7/site-packages/keystoneauth1/session.py:557
2020-04-10 04:20:46.821 4803 DEBUG cinderclient.v2.client [-] POST call to volumev2 for http://172.30.12.85/volume/v3/afe0edeb15aa4ecc87135baf930b69c5/types used request id req-edb9f745-8509-4827-98f0-e303ef2a09d8 request /usr/lib/python3.7/site-packages/keystoneauth1/session.py:918
2020-04-10 04:20:46.821 4802 DEBUG cinderclient.v2.client [-] RESP BODY: {"volume_type": {"name": "s_rally_5a8fb0c7_5Pa1Gd0W", "extra_specs": {}, "os-volume-type-access:is_public": true, "is_public": true, "id": "d8664b1b-ff7b-425d-b744-671f9d55b9ab", "description": "test"}} _http_log_response /usr/lib/python3.7/site-packages/keystoneauth1/session.py:557
2020-04-10 04:20:46.822 4802 DEBUG cinderclient.v2.client [-] POST call to volumev2 for http://172.30.12.85/volume/v3/afe0edeb15aa4ecc87135baf930b69c5/types used request id req-3e7c1ca2-8f0a-4d05-824e-4a0000df2a1e request /usr/lib/python3.7/site-packages/keystoneauth1/session.py:918
2020-04-10 04:20:46.823 4803 DEBUG cinderclient.v2.client [-] REQ: curl -g -i -X PUT http://172.30.12.85/volume/v3/afe0edeb15aa4ecc87135baf930b69c5/types/d399f240-1dd6-42db-a503-53420a667cf7 -H "Accept: application/json" -H "Content-Type: application/json" -H "User-Agent: python-cinderclient" -H "X-Auth-Token: {SHA256}351281b588ae9000eb79ea5e1f7bab7ae2aa726ce4cefbe38022643296f7bd9d" -H "X-OpenStack-Request-ID: req-edb9f745-8509-4827-98f0-e303ef2a09d8" -d '{"volume_type": {"name": "s_rally_5a8fb0c7_u8dlm1DH", "description": "test update"}}' _http_log_request /usr/lib/python3.7/site-packages/keystoneauth1/session.py:494
2020-04-10 04:20:46.824 4802 DEBUG cinderclient.v2.client [-] REQ: curl -g -i -X PUT http://172.30.12.85/volume/v3/afe0edeb15aa4ecc87135baf930b69c5/types/d8664b1b-ff7b-425d-b744-671f9d55b9ab -H "Accept: application/json" -H "Content-Type: application/json" -H "User-Agent: python-cinderclient" -H "X-Auth-Token: {SHA256}2bc899a0166455737eba2493a4e7fb7f1cd2efde19e730fc157125657d444bb1" -H "X-OpenStack-Request-ID: req-3e7c1ca2-8f0a-4d05-824e-4a0000df2a1e" -d '{"volume_type": {"name": "s_rally_5a8fb0c7_5Pa1Gd0W", "description": "test update"}}' _http_log_request /usr/lib/python3.7/site-packages/keystoneauth1/session.py:494
