2020-04-10 04:03:28.688 501 INFO rally.task.engine [-] Running workload: position = 0 config = { "version": 2, "title": "A cropped version of a bigger task.", "description": "Auto-generated task from a single workload (uuid=fbf8629f-01f5-4f50-a57b-ad5396e6b5d5)", "subtasks": [ { "title": "GlanceImages.create_and_list_image", "description": "Create an image and then list all images.", "scenario": { "GlanceImages.create_and_list_image": { "container_format": "bare", "disk_format": "qcow2", "image_location": "/home/opnfv/functest/images/cirros-0.4.0-x86_64-disk.img" } }, "contexts": { "users": { "tenants": 3, "users_per_tenant": 2 } }, "runner": { "constant": { "concurrency": 4, "times": 10 } }, "hooks": [], "sla": { "failure_rate": { "max": 0 } } } ] }
2020-04-10 04:03:28.711 501 RALLYDEBUG rally_openstack.contexts.keystone.users [-] Creating 3 tenants using 3 threads
2020-04-10 04:03:29.281 501 RALLYDEBUG rally_openstack.contexts.keystone.users [-] Creating 6 users using 6 threads
2020-04-10 04:03:30.255 501 INFO rally.task.context [-] Task 9cfec36c-2823-4d72-a61c-bcc0087afe27 | Context users@openstack setup() finished in 1.54 sec
2020-04-10 04:03:30.256 501 INFO rally.task.context [-] Task 9cfec36c-2823-4d72-a61c-bcc0087afe27 | Context cleanup@openstack setup() finished in 0.02 msec
2020-04-10 04:03:30.268 501 RALLYDEBUG rally.task.runner [-] Starting the constant runner (task UUID: 9cfec36c-2823-4d72-a61c-bcc0087afe27). times: 10 concurrency: 4 timeout: 0 max_cpu_used: 88 processes_to_start: 4 concurrency_per_worker: 1 concurrency_overhead: 0
2020-04-10 04:03:30.279 649 RALLYDEBUG rally.task.runner [-] Starting a worker. times: 10 duration: None concurrency: 1 timeout: 0 cls: method_name: run args: {"container_format": "bare", "disk_format": "qcow2", "image_location": "/home/opnfv/functest/images/cirros-0.4.0-x86_64-disk.img"}
2020-04-10 04:03:30.281 650 RALLYDEBUG rally.task.runner [-] Starting a worker. times: 10 duration: None concurrency: 1 timeout: 0 cls: method_name: run args: {"container_format": "bare", "disk_format": "qcow2", "image_location": "/home/opnfv/functest/images/cirros-0.4.0-x86_64-disk.img"}
2020-04-10 04:03:30.284 651 RALLYDEBUG rally.task.runner [-] Starting a worker. times: 10 duration: None concurrency: 1 timeout: 0 cls: method_name: run args: {"container_format": "bare", "disk_format": "qcow2", "image_location": "/home/opnfv/functest/images/cirros-0.4.0-x86_64-disk.img"}
2020-04-10 04:03:30.286 649 INFO rally.task.runner [-] Task 9cfec36c-2823-4d72-a61c-bcc0087afe27 | ITER: 1 START
2020-04-10 04:03:30.288 650 INFO rally.task.runner [-] Task 9cfec36c-2823-4d72-a61c-bcc0087afe27 | ITER: 2 START
2020-04-10 04:03:30.287 652 RALLYDEBUG rally.task.runner [-] Starting a worker. times: 10 duration: None concurrency: 1 timeout: 0 cls: method_name: run args: {"container_format": "bare", "disk_format": "qcow2", "image_location": "/home/opnfv/functest/images/cirros-0.4.0-x86_64-disk.img"}
2020-04-10 04:03:30.291 651 INFO rally.task.runner [-] Task 9cfec36c-2823-4d72-a61c-bcc0087afe27 | ITER: 3 START
2020-04-10 04:03:30.293 652 INFO rally.task.runner [-] Task 9cfec36c-2823-4d72-a61c-bcc0087afe27 | ITER: 4 START
2020-04-10 04:03:32.797 650 RALLYDEBUG rally.task.utils [-] Waiting for resource '21fb68c5-0784-46bc-bf77-c85f2ee5dd53'. Status changed: NONE => QUEUED in 0.04674339294433594
2020-04-10 04:03:32.807 649 RALLYDEBUG rally.task.utils [-] Waiting for resource '174717d4-5c86-43f5-b645-02e1ffaac830'. Status changed: NONE => QUEUED in 0.04283332824707031
2020-04-10 04:03:32.813 652 RALLYDEBUG rally.task.utils [-] Waiting for resource '8c915bd3-543a-47d1-bd5e-f2e9b00f432c'. Status changed: NONE => QUEUED in 0.048246145248413086
2020-04-10 04:03:32.821 651 RALLYDEBUG rally.task.utils [-] Waiting for resource '7490e014-1f36-4a6f-96cd-222b38699ce9'. Status changed: NONE => QUEUED in 0.0455174446105957
2020-04-10 04:03:33.450 649 RALLYDEBUG rally.task.utils [-] Waiting for resource s_rally_fbf8629f_u4ilteRq. Status changed: QUEUED => ACTIVE in 0.0296323299407959
2020-04-10 04:03:33.452 652 RALLYDEBUG rally.task.utils [-] Waiting for resource s_rally_fbf8629f_lPgRnGAL. Status changed: QUEUED => ACTIVE in 0.029094219207763672
2020-04-10 04:03:33.457 650 RALLYDEBUG rally.task.utils [-] Waiting for resource s_rally_fbf8629f_7a4HFhsq. Status changed: QUEUED => ACTIVE in 0.027260303497314453
2020-04-10 04:03:33.466 651 RALLYDEBUG rally.task.utils [-] Waiting for resource s_rally_fbf8629f_6GnAs1VB. Status changed: QUEUED => ACTIVE in 0.026489973068237305
2020-04-10 04:03:33.511 652 INFO rally.task.runner [-] Task 9cfec36c-2823-4d72-a61c-bcc0087afe27 | ITER: 4 END: OK
2020-04-10 04:03:33.516 652 INFO rally.task.runner [-] Task 9cfec36c-2823-4d72-a61c-bcc0087afe27 | ITER: 5 START
2020-04-10 04:03:33.517 651 INFO rally.task.runner [-] Task 9cfec36c-2823-4d72-a61c-bcc0087afe27 | ITER: 3 END: OK
2020-04-10 04:03:33.522 651 INFO rally.task.runner [-] Task 9cfec36c-2823-4d72-a61c-bcc0087afe27 | ITER: 6 START
2020-04-10 04:03:33.537 649 INFO rally.task.runner [-] Task 9cfec36c-2823-4d72-a61c-bcc0087afe27 | ITER: 1 END: OK
2020-04-10 04:03:33.540 650 INFO rally.task.runner [-] Task 9cfec36c-2823-4d72-a61c-bcc0087afe27 | ITER: 2 END: OK
2020-04-10 04:03:33.541 649 INFO rally.task.runner [-] Task 9cfec36c-2823-4d72-a61c-bcc0087afe27 | ITER: 7 START
2020-04-10 04:03:33.544 650 INFO rally.task.runner [-] Task 9cfec36c-2823-4d72-a61c-bcc0087afe27 | ITER: 8 START
2020-04-10 04:03:36.018 649 RALLYDEBUG rally.task.utils [-] Waiting for resource '0e50dd03-73dc-47d5-8caf-ce5f3e2500f5'. Status changed: NONE => QUEUED in 0.050037384033203125
2020-04-10 04:03:36.027 652 RALLYDEBUG rally.task.utils [-] Waiting for resource '03b093e7-88ca-4e2c-9efc-a6bb7bb17af0'. Status changed: NONE => QUEUED in 0.05230355262756348
2020-04-10 04:03:36.032 651 RALLYDEBUG rally.task.utils [-] Waiting for resource 'aef9ad3a-6b4b-438f-874e-b4a743b56e5f'. Status changed: NONE => QUEUED in 0.0505366325378418
2020-04-10 04:03:36.040 650 RALLYDEBUG rally.task.utils [-] Waiting for resource 'e7117b2f-7517-42a6-834e-45486938e9a5'. Status changed: NONE => QUEUED in 0.0458836555480957
2020-04-10 04:03:36.551 652 RALLYDEBUG rally.task.utils [-] Waiting for resource s_rally_fbf8629f_0uR8kf1h. Status changed: QUEUED => ACTIVE in 0.03291511535644531
2020-04-10 04:03:36.558 650 RALLYDEBUG rally.task.utils [-] Waiting for resource s_rally_fbf8629f_dlnQu5aD. Status changed: QUEUED => ACTIVE in 0.03358268737792969
2020-04-10 04:03:36.563 649 RALLYDEBUG rally.task.utils [-] Waiting for resource s_rally_fbf8629f_6tFzHs6v. Status changed: QUEUED => ACTIVE in 0.029118776321411133
2020-04-10 04:03:36.574 651 RALLYDEBUG rally.task.utils [-] Waiting for resource s_rally_fbf8629f_78qrPtKr. Status changed: QUEUED => ACTIVE in 0.030186176300048828
2020-04-10 04:03:36.619 649 INFO rally.task.runner [-] Task 9cfec36c-2823-4d72-a61c-bcc0087afe27 | ITER: 7 END: OK
2020-04-10 04:03:36.619 652 INFO rally.task.runner [-] Task 9cfec36c-2823-4d72-a61c-bcc0087afe27 | ITER: 5 END: OK
2020-04-10 04:03:36.620 650 INFO rally.task.runner [-] Task 9cfec36c-2823-4d72-a61c-bcc0087afe27 | ITER: 8 END: OK
2020-04-10 04:03:36.624 649 INFO rally.task.runner [-] Task 9cfec36c-2823-4d72-a61c-bcc0087afe27 | ITER: 9 START
2020-04-10 04:03:36.624 652 INFO rally.task.runner [-] Task 9cfec36c-2823-4d72-a61c-bcc0087afe27 | ITER: 10 START
2020-04-10 04:03:36.643 651 INFO rally.task.runner [-] Task 9cfec36c-2823-4d72-a61c-bcc0087afe27 | ITER: 6 END: OK
2020-04-10 04:03:38.970 649 RALLYDEBUG rally.task.utils [-] Waiting for resource '489f0914-81bb-4f28-9517-459957354965'. Status changed: NONE => QUEUED in 0.054723501205444336
2020-04-10 04:03:39.001 652 RALLYDEBUG rally.task.utils [-] Waiting for resource '51da1b47-700b-430e-beb8-f58752272ef3'. Status changed: NONE => QUEUED in 0.04592156410217285
2020-04-10 04:03:39.441 649 RALLYDEBUG rally.task.utils [-] Waiting for resource s_rally_fbf8629f_GQqYklNW. Status changed: QUEUED => ACTIVE in 0.027182579040527344
2020-04-10 04:03:39.458 652 RALLYDEBUG rally.task.utils [-] Waiting for resource s_rally_fbf8629f_ARPcBeap. Status changed: QUEUED => ACTIVE in 0.029119014739990234
2020-04-10 04:03:39.506 649 INFO rally.task.runner [-] Task 9cfec36c-2823-4d72-a61c-bcc0087afe27 | ITER: 9 END: OK
2020-04-10 04:03:39.520 652 INFO rally.task.runner [-] Task 9cfec36c-2823-4d72-a61c-bcc0087afe27 | ITER: 10 END: OK
2020-04-10 04:03:39.549 501 INFO rally.task.context [-] Task 9cfec36c-2823-4d72-a61c-bcc0087afe27 | Context cleanup@openstack cleanup() started
2020-04-10 04:03:39.553 501 RALLYDEBUG rally_openstack.cleanup.manager [-] Cleaning up glance images objects
2020-04-10 04:03:40.356 501 RALLYDEBUG rally_openstack.cleanup.manager [-] Deleting glance.images object s_rally_fbf8629f_GQqYklNW (489f0914-81bb-4f28-9517-459957354965)
2020-04-10 04:03:40.372 501 RALLYDEBUG rally_openstack.cleanup.manager [-] Deleting glance.images object s_rally_fbf8629f_lPgRnGAL (8c915bd3-543a-47d1-bd5e-f2e9b00f432c)
2020-04-10 04:03:40.373 501 RALLYDEBUG rally_openstack.cleanup.manager [-] Deleting glance.images object s_rally_fbf8629f_dlnQu5aD (e7117b2f-7517-42a6-834e-45486938e9a5)
2020-04-10 04:03:40.373 501 RALLYDEBUG rally_openstack.cleanup.manager [-] Deleting glance.images object s_rally_fbf8629f_78qrPtKr (aef9ad3a-6b4b-438f-874e-b4a743b56e5f)
2020-04-10 04:03:40.399 501 RALLYDEBUG rally_openstack.cleanup.manager [-] Deleting glance.images object s_rally_fbf8629f_6tFzHs6v (0e50dd03-73dc-47d5-8caf-ce5f3e2500f5)
2020-04-10 04:03:40.399 501 RALLYDEBUG rally_openstack.cleanup.manager [-] Deleting glance.images object s_rally_fbf8629f_0uR8kf1h (03b093e7-88ca-4e2c-9efc-a6bb7bb17af0)
2020-04-10 04:03:40.405 501 RALLYDEBUG rally_openstack.cleanup.manager [-] Deleting glance.images object s_rally_fbf8629f_7a4HFhsq (21fb68c5-0784-46bc-bf77-c85f2ee5dd53)
2020-04-10 04:03:40.406 501 RALLYDEBUG rally_openstack.cleanup.manager [-] Deleting glance.images object s_rally_fbf8629f_u4ilteRq (174717d4-5c86-43f5-b645-02e1ffaac830)
2020-04-10 04:03:40.412 501 RALLYDEBUG rally_openstack.cleanup.manager [-] Deleting glance.images object s_rally_fbf8629f_ARPcBeap (51da1b47-700b-430e-beb8-f58752272ef3)
2020-04-10 04:03:40.427 501 RALLYDEBUG rally_openstack.cleanup.manager [-] Deleting glance.images object s_rally_fbf8629f_6GnAs1VB (7490e014-1f36-4a6f-96cd-222b38699ce9)
2020-04-10 04:03:40.910 501 DEBUG glanceclient.common.http [-] Request returned failure status 404. _handle_response /usr/lib/python3.7/site-packages/glanceclient/common/http.py:125
2020-04-10 04:03:40.911 501 DEBUG glanceclient.common.http [-] Request returned failure status 404. _handle_response /usr/lib/python3.7/site-packages/glanceclient/common/http.py:125
2020-04-10 04:03:40.934 501 DEBUG glanceclient.common.http [-] Request returned failure status 404. _handle_response /usr/lib/python3.7/site-packages/glanceclient/common/http.py:125
2020-04-10 04:03:40.943 501 DEBUG glanceclient.common.http [-] Request returned failure status 404. _handle_response /usr/lib/python3.7/site-packages/glanceclient/common/http.py:125
2020-04-10 04:03:40.945 501 DEBUG glanceclient.common.http [-] Request returned failure status 404. _handle_response /usr/lib/python3.7/site-packages/glanceclient/common/http.py:125
2020-04-10 04:03:40.951 501 DEBUG glanceclient.common.http [-] Request returned failure status 404. _handle_response /usr/lib/python3.7/site-packages/glanceclient/common/http.py:125
2020-04-10 04:03:40.952 501 DEBUG glanceclient.common.http [-] Request returned failure status 404. _handle_response /usr/lib/python3.7/site-packages/glanceclient/common/http.py:125
2020-04-10 04:03:40.960 501 DEBUG glanceclient.common.http [-] Request returned failure status 404. _handle_response /usr/lib/python3.7/site-packages/glanceclient/common/http.py:125
2020-04-10 04:03:40.969 501 DEBUG glanceclient.common.http [-] Request returned failure status 404. _handle_response /usr/lib/python3.7/site-packages/glanceclient/common/http.py:125
2020-04-10 04:03:40.975 501 DEBUG glanceclient.common.http [-] Request returned failure status 404. _handle_response /usr/lib/python3.7/site-packages/glanceclient/common/http.py:125
2020-04-10 04:03:41.045 501 DEBUG glanceclient.common.http [-] Request returned failure status 404. _handle_response /usr/lib/python3.7/site-packages/glanceclient/common/http.py:125
2020-04-10 04:03:41.053 501 DEBUG glanceclient.common.http [-] Request returned failure status 404. _handle_response /usr/lib/python3.7/site-packages/glanceclient/common/http.py:125
2020-04-10 04:03:41.074 501 DEBUG glanceclient.common.http [-] Request returned failure status 404. _handle_response /usr/lib/python3.7/site-packages/glanceclient/common/http.py:125
2020-04-10 04:03:41.081 501 DEBUG glanceclient.common.http [-] Request returned failure status 404. _handle_response /usr/lib/python3.7/site-packages/glanceclient/common/http.py:125
2020-04-10 04:03:41.082 501 DEBUG glanceclient.common.http [-] Request returned failure status 404. _handle_response /usr/lib/python3.7/site-packages/glanceclient/common/http.py:125
2020-04-10 04:03:41.084 501 DEBUG glanceclient.common.http [-] Request returned failure status 404. _handle_response /usr/lib/python3.7/site-packages/glanceclient/common/http.py:125
2020-04-10 04:03:41.100 501 DEBUG glanceclient.common.http [-] Request returned failure status 404. _handle_response /usr/lib/python3.7/site-packages/glanceclient/common/http.py:125
2020-04-10 04:03:41.112 501 DEBUG glanceclient.common.http [-] Request returned failure status 404. _handle_response /usr/lib/python3.7/site-packages/glanceclient/common/http.py:125
2020-04-10 04:03:41.119 501 DEBUG glanceclient.common.http [-] Request returned failure status 404. _handle_response /usr/lib/python3.7/site-packages/glanceclient/common/http.py:125
2020-04-10 04:03:41.139 501 DEBUG glanceclient.common.http [-] Request returned failure status 404. _handle_response /usr/lib/python3.7/site-packages/glanceclient/common/http.py:125
2020-04-10 04:03:42.142 501 INFO rally.task.context [-] Task 9cfec36c-2823-4d72-a61c-bcc0087afe27 | Context cleanup@openstack cleanup() finished in 2.59 sec
2020-04-10 04:03:42.143 501 INFO rally.task.context [-] Task 9cfec36c-2823-4d72-a61c-bcc0087afe27 | Context users@openstack cleanup() started
2020-04-10 04:03:42.270 501 WARNING rally.common.logging [-] `iterate_per_tenants()' is deprecated in v3.0.0: it is openstack specific.. Used at
2020-04-10 04:03:45.714 501 INFO rally.task.context [-] Task 9cfec36c-2823-4d72-a61c-bcc0087afe27 | Context users@openstack cleanup() finished in 3.57 sec
2020-04-10 04:03:46.901 501 INFO rally.task.engine [-] Load duration is: 9.057311
2020-04-10 04:03:46.901 501 INFO rally.task.engine [-] Full runner duration is: 9.281921
2020-04-10 04:03:46.902 501 INFO rally.task.engine [-] Full duration is: 17.005291
2020-04-10 04:03:46.987 501 INFO rally.task.engine [-] Running workload: position = 0 config = { "version": 2, "title": "A cropped version of a bigger task.", "description": "Auto-generated task from a single workload (uuid=8af9ebe2-5d60-46b3-a26c-2b931dae29ae)", "subtasks": [ { "title": "GlanceImages.list_images", "description": "List all images.", "scenario": { "GlanceImages.list_images": {} }, "contexts": { "users": { "tenants": 3, "users_per_tenant": 2 } }, "runner": { "constant": { "concurrency": 4, "times": 10 } }, "hooks": [], "sla": { "failure_rate": { "max": 0 } } } ] }
2020-04-10 04:03:47.006 501 RALLYDEBUG rally_openstack.contexts.keystone.users [-] Creating 3 tenants using 3 threads
2020-04-10 04:03:47.444 501 RALLYDEBUG rally_openstack.contexts.keystone.users [-] Creating 6 users using 6 threads
2020-04-10 04:03:48.298 501 INFO rally.task.context [-] Task 9cfec36c-2823-4d72-a61c-bcc0087afe27 | Context users@openstack setup() finished in 1.29 sec
2020-04-10 04:03:48.308 501 RALLYDEBUG rally.task.runner [-] Starting the constant runner (task UUID: 9cfec36c-2823-4d72-a61c-bcc0087afe27). times: 10 concurrency: 4 timeout: 0 max_cpu_used: 88 processes_to_start: 4 concurrency_per_worker: 1 concurrency_overhead: 0
2020-04-10 04:03:48.320 742 RALLYDEBUG rally.task.runner [-] Starting a worker. times: 10 duration: None concurrency: 1 timeout: 0 cls: method_name: run args: {}
2020-04-10 04:03:48.323 743 RALLYDEBUG rally.task.runner [-] Starting a worker. times: 10 duration: None concurrency: 1 timeout: 0 cls: method_name: run args: {}
2020-04-10 04:03:48.325 744 RALLYDEBUG rally.task.runner [-] Starting a worker. times: 10 duration: None concurrency: 1 timeout: 0 cls: method_name: run args: {}
2020-04-10 04:03:48.327 742 INFO rally.task.runner [-] Task 9cfec36c-2823-4d72-a61c-bcc0087afe27 | ITER: 1 START
2020-04-10 04:03:48.328 743 INFO rally.task.runner [-] Task 9cfec36c-2823-4d72-a61c-bcc0087afe27 | ITER: 2 START
2020-04-10 04:03:48.328 745 RALLYDEBUG rally.task.runner [-] Starting a worker. times: 10 duration: None concurrency: 1 timeout: 0 cls: method_name: run args: {}
2020-04-10 04:03:48.332 744 INFO rally.task.runner [-] Task 9cfec36c-2823-4d72-a61c-bcc0087afe27 | ITER: 3 START
2020-04-10 04:03:48.335 745 INFO rally.task.runner [-] Task 9cfec36c-2823-4d72-a61c-bcc0087afe27 | ITER: 4 START
2020-04-10 04:03:48.693 743 INFO rally.task.runner [-] Task 9cfec36c-2823-4d72-a61c-bcc0087afe27 | ITER: 2 END: OK
2020-04-10 04:03:48.697 743 INFO rally.task.runner [-] Task 9cfec36c-2823-4d72-a61c-bcc0087afe27 | ITER: 5 START
2020-04-10 04:03:48.706 742 INFO rally.task.runner [-] Task 9cfec36c-2823-4d72-a61c-bcc0087afe27 | ITER: 1 END: OK
2020-04-10 04:03:48.708 745 INFO rally.task.runner [-] Task 9cfec36c-2823-4d72-a61c-bcc0087afe27 | ITER: 4 END: OK
2020-04-10 04:03:48.710 742 INFO rally.task.runner [-] Task 9cfec36c-2823-4d72-a61c-bcc0087afe27 | ITER: 6 START
2020-04-10 04:03:48.710 744 INFO rally.task.runner [-] Task 9cfec36c-2823-4d72-a61c-bcc0087afe27 | ITER: 3 END: OK
2020-04-10 04:03:48.713 745 INFO rally.task.runner [-] Task 9cfec36c-2823-4d72-a61c-bcc0087afe27 | ITER: 7 START
2020-04-10 04:03:48.715 744 INFO rally.task.runner [-] Task 9cfec36c-2823-4d72-a61c-bcc0087afe27 | ITER: 8 START
2020-04-10 04:03:48.938 745 INFO rally.task.runner [-] Task 9cfec36c-2823-4d72-a61c-bcc0087afe27 | ITER: 7 END: OK
2020-04-10 04:03:48.943 745 INFO rally.task.runner [-] Task 9cfec36c-2823-4d72-a61c-bcc0087afe27 | ITER: 9 START
2020-04-10 04:03:48.951 743 INFO rally.task.runner [-] Task 9cfec36c-2823-4d72-a61c-bcc0087afe27 | ITER: 5 END: OK
2020-04-10 04:03:48.955 744 INFO rally.task.runner [-] Task 9cfec36c-2823-4d72-a61c-bcc0087afe27 | ITER: 8 END: OK
2020-04-10 04:03:48.956 743 INFO rally.task.runner [-] Task 9cfec36c-2823-4d72-a61c-bcc0087afe27 | ITER: 10 START
2020-04-10 04:03:49.046 742 INFO rally.task.runner [-] Task 9cfec36c-2823-4d72-a61c-bcc0087afe27 | ITER: 6 END: OK
2020-04-10 04:03:49.185 745 INFO rally.task.runner [-] Task 9cfec36c-2823-4d72-a61c-bcc0087afe27 | ITER: 9 END: OK
2020-04-10 04:03:49.213 743 INFO rally.task.runner [-] Task 9cfec36c-2823-4d72-a61c-bcc0087afe27 | ITER: 10 END: OK
2020-04-10 04:03:49.237 501 INFO rally.task.context [-] Task 9cfec36c-2823-4d72-a61c-bcc0087afe27 | Context users@openstack cleanup() started
2020-04-10 04:03:49.426 501 WARNING rally.common.logging [-] `iterate_per_tenants()' is deprecated in v3.0.0: it is openstack specific.. Used at
2020-04-10 04:03:52.169 501 INFO rally.task.context [-] Task 9cfec36c-2823-4d72-a61c-bcc0087afe27 | Context users@openstack cleanup() finished in 2.93 sec
2020-04-10 04:03:53.075 501 INFO rally.task.engine [-] Load duration is: 0.692383
2020-04-10 04:03:53.075 501 INFO rally.task.engine [-] Full runner duration is: 0.929491
2020-04-10 04:03:53.076 501 INFO rally.task.engine [-] Full duration is: 5.165188
2020-04-10 04:03:53.153 501 INFO rally.task.engine [-] Running workload: position = 0 config = { "version": 2, "title": "A cropped version of a bigger task.", "description": "Auto-generated task from a single workload (uuid=ab0ff171-e8d2-40aa-bfaf-2bd09866a1e3)", "subtasks": [ { "title": "GlanceImages.create_image_and_boot_instances", "description": "Create an image and boot several instances from it.", "scenario": { "GlanceImages.create_image_and_boot_instances": { "container_format": "bare", "disk_format": "qcow2", "image_location": "/home/opnfv/functest/images/cirros-0.4.0-x86_64-disk.img", "flavor": { "name": "rally_full-flavor_904cbf3a-2ea6-4f0d-90b5-c5ed3d669543" }, "number_instances": 2, "boot_server_kwargs": { "nics": [ { "net-id": "22362b54-3fa0-4639-b461-978014ed8faf" } ] } } }, "contexts": { "users": { "tenants": 3, "users_per_tenant": 2 }, "quotas": { "nova": { "cores": -1, "floating_ips": -1, "instances": -1, "ram": -1, "security_group_rules": -1, "security_groups": -1 } } }, "runner": { "constant": { "concurrency": 4, "times": 10 } }, "hooks": [], "sla": { "failure_rate": { "max": 0 } } } ] }
2020-04-10 04:03:53.169 501 RALLYDEBUG rally_openstack.contexts.keystone.users [-] Creating 3 tenants using 3 threads
2020-04-10 04:03:53.635 501 RALLYDEBUG rally_openstack.contexts.keystone.users [-] Creating 6 users using 6 threads
2020-04-10 04:03:54.679 501 INFO rally.task.context [-] Task 9cfec36c-2823-4d72-a61c-bcc0087afe27 | Context users@openstack setup() finished in 1.51 sec
2020-04-10 04:03:55.742 501 INFO rally.task.context [-] Task 9cfec36c-2823-4d72-a61c-bcc0087afe27 | Context quotas@openstack setup() finished in 1.06 sec
2020-04-10 04:03:55.743 501 INFO rally.task.context [-] Task 9cfec36c-2823-4d72-a61c-bcc0087afe27 | Context cleanup@openstack setup() finished in 0.03 msec
2020-04-10 04:03:55.950 501 RALLYDEBUG rally.task.runner [-] Starting the constant runner (task UUID: 9cfec36c-2823-4d72-a61c-bcc0087afe27). times: 10 concurrency: 4 timeout: 0 max_cpu_used: 88 processes_to_start: 4 concurrency_per_worker: 1 concurrency_overhead: 0
2020-04-10 04:03:55.961 815 RALLYDEBUG rally.task.runner [-] Starting a worker. times: 10 duration: None concurrency: 1 timeout: 0 cls: method_name: run args: {"container_format": "bare", "disk_format": "qcow2", "image_location": "/home/opnfv/functest/images/cirros-0.4.0-x86_64-disk.img", "flavor": "f17c0487-351b-48c5-baa4-be5129fdc368", "number_instances": 2, "boot_server_kwargs": {"nics": [{"net-id": "22362b54-3fa0-4639-b461-978014ed8faf"}]}}
2020-04-10 04:03:55.963 816 RALLYDEBUG rally.task.runner [-] Starting a worker. times: 10 duration: None concurrency: 1 timeout: 0 cls: method_name: run args: {"container_format": "bare", "disk_format": "qcow2", "image_location": "/home/opnfv/functest/images/cirros-0.4.0-x86_64-disk.img", "flavor": "f17c0487-351b-48c5-baa4-be5129fdc368", "number_instances": 2, "boot_server_kwargs": {"nics": [{"net-id": "22362b54-3fa0-4639-b461-978014ed8faf"}]}}
2020-04-10 04:03:55.966 817 RALLYDEBUG rally.task.runner [-] Starting a worker. times: 10 duration: None concurrency: 1 timeout: 0 cls: method_name: run args: {"container_format": "bare", "disk_format": "qcow2", "image_location": "/home/opnfv/functest/images/cirros-0.4.0-x86_64-disk.img", "flavor": "f17c0487-351b-48c5-baa4-be5129fdc368", "number_instances": 2, "boot_server_kwargs": {"nics": [{"net-id": "22362b54-3fa0-4639-b461-978014ed8faf"}]}}
2020-04-10 04:03:55.969 818 RALLYDEBUG rally.task.runner [-] Starting a worker. times: 10 duration: None concurrency: 1 timeout: 0 cls: method_name: run args: {"container_format": "bare", "disk_format": "qcow2", "image_location": "/home/opnfv/functest/images/cirros-0.4.0-x86_64-disk.img", "flavor": "f17c0487-351b-48c5-baa4-be5129fdc368", "number_instances": 2, "boot_server_kwargs": {"nics": [{"net-id": "22362b54-3fa0-4639-b461-978014ed8faf"}]}}
2020-04-10 04:03:55.971 816 INFO rally.task.runner [-] Task 9cfec36c-2823-4d72-a61c-bcc0087afe27 | ITER: 2 START
2020-04-10 04:03:55.971 815 INFO rally.task.runner [-] Task 9cfec36c-2823-4d72-a61c-bcc0087afe27 | ITER: 1 START
2020-04-10 04:03:55.975 817 INFO rally.task.runner [-] Task 9cfec36c-2823-4d72-a61c-bcc0087afe27 | ITER: 3 START
2020-04-10 04:03:55.978 818 INFO rally.task.runner [-] Task 9cfec36c-2823-4d72-a61c-bcc0087afe27 | ITER: 4 START
2020-04-10 04:03:58.435 818 RALLYDEBUG rally.task.utils [-] Waiting for resource '80ac7d47-6db8-4292-9468-f2c929744408'. Status changed: NONE => QUEUED in 0.0449368953704834
2020-04-10 04:03:58.440 817 RALLYDEBUG rally.task.utils [-] Waiting for resource '1ad54c13-3d2c-4fed-86fe-9d6bcf2d84ea'. Status changed: NONE => QUEUED in 0.045078277587890625
2020-04-10 04:03:58.449 815 RALLYDEBUG rally.task.utils [-] Waiting for resource '4307b670-cc6a-446a-b19c-e95b1ec90595'. Status changed: NONE => QUEUED in 0.042989492416381836
2020-04-10 04:03:58.570 816 RALLYDEBUG rally.task.utils [-] Waiting for resource '80df976e-25d9-4b7b-bb0f-74d9140e04d4'. Status changed: NONE => QUEUED in 0.047065019607543945
2020-04-10 04:03:59.045 815 RALLYDEBUG rally.task.utils [-] Waiting for resource s_rally_ab0ff171_4YFq0iKi. Status changed: QUEUED => ACTIVE in 0.02607131004333496
2020-04-10 04:03:59.067 818 RALLYDEBUG rally.task.utils [-] Waiting for resource s_rally_ab0ff171_1w2CeYTw. Status changed: QUEUED => ACTIVE in 0.03286385536193848
2020-04-10 04:03:59.069 817 RALLYDEBUG rally.task.utils [-] Waiting for resource s_rally_ab0ff171_VV4eYzuZ. Status changed: QUEUED => ACTIVE in 0.023273706436157227
2020-04-10 04:03:59.162 816 RALLYDEBUG rally.task.utils [-] Waiting for resource s_rally_ab0ff171_p2Jmkuc7. Status changed: QUEUED => ACTIVE in 0.025469541549682617
2020-04-10 04:04:18.330 816 RALLYDEBUG rally.task.utils [-] Waiting for resource s_rally_ab0ff171_VkE3DYrq_1. Status changed: BUILD => ACTIVE in 14.302812814712524
2020-04-10 04:04:18.590 817 RALLYDEBUG rally.task.utils [-] Waiting for resource s_rally_ab0ff171_jK6ZCEge_1. Status changed: BUILD => ACTIVE in 16.77748680114746
2020-04-10 04:04:18.688 816 RALLYDEBUG rally.task.utils [-] Waiting for resource s_rally_ab0ff171_VkE3DYrq_0. Status changed: BUILD => ACTIVE in 0.35682177543640137
2020-04-10 04:04:18.689 816 INFO rally.task.runner [-] Task 9cfec36c-2823-4d72-a61c-bcc0087afe27 | ITER: 2 END: OK
2020-04-10 04:04:18.693 816 INFO rally.task.runner [-] Task 9cfec36c-2823-4d72-a61c-bcc0087afe27 | ITER: 5 START
2020-04-10 04:04:19.680 817 RALLYDEBUG rally.task.utils [-] Waiting for resource s_rally_ab0ff171_jK6ZCEge_0. Status changed: BUILD => ACTIVE in 1.0893263816833496
2020-04-10 04:04:19.687 817 INFO rally.task.runner [-] Task 9cfec36c-2823-4d72-a61c-bcc0087afe27 | ITER: 3 END: OK
2020-04-10 04:04:19.692 817 INFO rally.task.runner [-] Task 9cfec36c-2823-4d72-a61c-bcc0087afe27 | ITER: 6 START
2020-04-10 04:04:20.594 818 RALLYDEBUG rally.task.utils [-] Waiting for resource s_rally_ab0ff171_99b6TR7E_1. Status changed: BUILD => ACTIVE in 18.712088584899902
2020-04-10 04:04:20.841 818 RALLYDEBUG rally.task.utils [-] Waiting for resource s_rally_ab0ff171_99b6TR7E_0. Status changed: BUILD => ACTIVE in 0.24467182159423828
2020-04-10 04:04:20.842 818 INFO rally.task.runner [-] Task 9cfec36c-2823-4d72-a61c-bcc0087afe27 | ITER: 4 END: OK
2020-04-10 04:04:20.849 818 INFO rally.task.runner [-] Task 9cfec36c-2823-4d72-a61c-bcc0087afe27 | ITER: 7 START
2020-04-10 04:04:21.273 816 RALLYDEBUG rally.task.utils [-] Waiting for resource 'cd286a39-2c3d-4b7c-b8dc-a6e745db77ef'. Status changed: NONE => QUEUED in 0.052820682525634766
2020-04-10 04:04:21.896 816 RALLYDEBUG rally.task.utils [-] Waiting for resource s_rally_ab0ff171_wqa0RZiK. Status changed: QUEUED => ACTIVE in 0.024915218353271484
2020-04-10 04:04:22.105 817 RALLYDEBUG rally.task.utils [-] Waiting for resource '1a71d109-10c0-46e0-a3d5-c1d251324eb8'. Status changed: NONE => QUEUED in 0.044751644134521484
2020-04-10 04:04:22.535 817 RALLYDEBUG rally.task.utils [-] Waiting for resource s_rally_ab0ff171_OhB9dJBa. Status changed: QUEUED => ACTIVE in 0.03374290466308594
2020-04-10 04:04:23.322 818 RALLYDEBUG rally.task.utils [-] Waiting for resource 'b338ee28-36a9-46ef-975f-1ff5a9420cdb'. Status changed: NONE => QUEUED in 0.05665159225463867
2020-04-10 04:04:23.388 815 RALLYDEBUG rally.task.utils [-] Waiting for resource s_rally_ab0ff171_HGA3WyoA_1. Status changed: BUILD => ACTIVE in 21.45575761795044
2020-04-10 04:04:23.629 815 RALLYDEBUG rally.task.utils [-] Waiting for resource s_rally_ab0ff171_HGA3WyoA_0. Status changed: BUILD => ACTIVE in 0.23956608772277832
2020-04-10 04:04:23.630 815 INFO rally.task.runner [-] Task 9cfec36c-2823-4d72-a61c-bcc0087afe27 | ITER: 1 END: OK
2020-04-10 04:04:23.637 815 INFO rally.task.runner [-] Task 9cfec36c-2823-4d72-a61c-bcc0087afe27 | ITER: 8 START
2020-04-10 04:04:23.795 818 RALLYDEBUG rally.task.utils [-] Waiting for resource s_rally_ab0ff171_loaMoFX6. Status changed: QUEUED => ACTIVE in 0.0300750732421875
2020-04-10 04:04:25.980 815 RALLYDEBUG rally.task.utils [-] Waiting for resource '3cf872cb-6df1-4fa4-addd-97dcdfd95ce0'. Status changed: NONE => QUEUED in 0.04676508903503418
2020-04-10 04:04:26.453 815 RALLYDEBUG rally.task.utils [-] Waiting for resource s_rally_ab0ff171_96yG0bWO. Status changed: QUEUED => ACTIVE in 0.03158378601074219
2020-04-10 04:04:36.442 817 RALLYDEBUG rally.task.utils [-] Waiting for resource s_rally_ab0ff171_RJBFInh2_1. Status changed: BUILD => ACTIVE in 8.47105073928833
2020-04-10 04:04:36.777 817 RALLYDEBUG rally.task.utils [-] Waiting for resource s_rally_ab0ff171_RJBFInh2_0. Status changed: BUILD => ACTIVE in 0.3349277973175049
2020-04-10 04:04:36.778 817 INFO rally.task.runner [-] Task 9cfec36c-2823-4d72-a61c-bcc0087afe27 | ITER: 6 END: OK
2020-04-10 04:04:36.782 817 INFO rally.task.runner [-] Task 9cfec36c-2823-4d72-a61c-bcc0087afe27 | ITER: 9 START
2020-04-10 04:04:39.204 817 RALLYDEBUG rally.task.utils [-] Waiting for resource '4f974d43-7bfe-46ae-8e6e-07c4278829fa'. Status changed: NONE => QUEUED in 0.04856681823730469
2020-04-10 04:04:39.648 818 RALLYDEBUG rally.task.utils [-] Waiting for resource s_rally_ab0ff171_bZoBxbrT_1. Status changed: BUILD => ACTIVE in 12.481285095214844
2020-04-10 04:04:39.679 817 RALLYDEBUG rally.task.utils [-] Waiting for resource s_rally_ab0ff171_KjsK8Cmk. Status changed: QUEUED => ACTIVE in 0.02865433692932129
2020-04-10 04:04:40.366 815 RALLYDEBUG rally.task.utils [-] Waiting for resource s_rally_ab0ff171_TWzQh6A7_1. Status changed: BUILD => ACTIVE in 7.782766342163086
2020-04-10 04:04:41.780 816 RALLYDEBUG rally.task.utils [-] Waiting for resource s_rally_ab0ff171_gRsKi7Nl_1. Status changed: BUILD => ACTIVE in 12.7592453956604
2020-04-10 04:04:42.164 816 RALLYDEBUG rally.task.utils [-] Waiting for resource s_rally_ab0ff171_gRsKi7Nl_0. Status changed: BUILD => ACTIVE in 0.3826158046722412
2020-04-10 04:04:42.165 816 INFO rally.task.runner [-] Task 9cfec36c-2823-4d72-a61c-bcc0087afe27 | ITER: 5 END: OK
2020-04-10 04:04:42.170 816 INFO rally.task.runner [-] Task 9cfec36c-2823-4d72-a61c-bcc0087afe27 | ITER: 10 START
2020-04-10 04:04:42.627 818 RALLYDEBUG rally.task.utils [-] Waiting for resource s_rally_ab0ff171_bZoBxbrT_0. Status changed: BUILD => ACTIVE in 2.9785609245300293
2020-04-10 04:04:42.627 818 INFO rally.task.runner [-] Task 9cfec36c-2823-4d72-a61c-bcc0087afe27 | ITER: 7 END: OK
2020-04-10 04:04:42.903 815 RALLYDEBUG rally.task.utils [-] Waiting for resource s_rally_ab0ff171_TWzQh6A7_0. Status changed: BUILD => ACTIVE in 2.537048101425171
2020-04-10 04:04:42.904 815 INFO rally.task.runner [-] Task 9cfec36c-2823-4d72-a61c-bcc0087afe27 | ITER: 8 END: OK
2020-04-10 04:04:44.668 816 RALLYDEBUG rally.task.utils [-] Waiting for resource '637ef494-7657-40d4-82b5-f30ccec7c164'. Status changed: NONE => QUEUED in 0.04779767990112305
2020-04-10 04:04:45.065 816 RALLYDEBUG rally.task.utils [-] Waiting for resource s_rally_ab0ff171_GKaT988r. Status changed: QUEUED => ACTIVE in 0.029946565628051758
2020-04-10 04:04:50.517 817 RALLYDEBUG rally.task.utils [-] Waiting for resource s_rally_ab0ff171_R7v7yFYx_1. Status changed: BUILD => ACTIVE in 7.485069274902344
2020-04-10 04:04:50.759 817 RALLYDEBUG rally.task.utils [-] Waiting for resource s_rally_ab0ff171_R7v7yFYx_0. Status changed: BUILD => ACTIVE in 0.23949503898620605
2020-04-10 04:04:50.760 817 INFO rally.task.runner [-] Task 9cfec36c-2823-4d72-a61c-bcc0087afe27 | ITER: 9 END: OK
2020-04-10 04:04:53.524 816 RALLYDEBUG rally.task.utils [-] Waiting for resource s_rally_ab0ff171_TxjGSWbr_1. Status changed: BUILD => ACTIVE in 4.697993755340576
2020-04-10 04:04:55.966 816 RALLYDEBUG rally.task.utils [-] Waiting for resource s_rally_ab0ff171_TxjGSWbr_0. Status changed: BUILD => ACTIVE in 2.441547393798828
2020-04-10 04:04:55.967 816 INFO rally.task.runner [-] Task 9cfec36c-2823-4d72-a61c-bcc0087afe27 | ITER: 10 END: OK
2020-04-10 04:04:55.992 501 INFO rally.task.context [-] Task 9cfec36c-2823-4d72-a61c-bcc0087afe27 | Context cleanup@openstack cleanup() started
2020-04-10 04:04:56.000 501 RALLYDEBUG rally_openstack.cleanup.manager [-] Cleaning up nova servers objects
2020-04-10 04:04:58.327 501 RALLYDEBUG rally_openstack.cleanup.manager [-] Deleting nova.servers object s_rally_ab0ff171_R7v7yFYx_1 (2e06a78a-664b-48b4-aec6-160e404a3a54)
2020-04-10 04:04:58.335 501 RALLYDEBUG rally_openstack.cleanup.manager [-] Deleting nova.servers object s_rally_ab0ff171_R7v7yFYx_0 (ed188594-5c09-4630-b495-c1b9d6419f87)
2020-04-10 04:04:58.348 501 RALLYDEBUG rally_openstack.cleanup.manager [-] Deleting nova.servers object s_rally_ab0ff171_gRsKi7Nl_1 (762e77db-df11-4e23-8fa0-74fb6287a1bb)
2020-04-10 04:04:58.361 501 RALLYDEBUG rally_openstack.cleanup.manager [-] Deleting nova.servers object s_rally_ab0ff171_gRsKi7Nl_0 (271b8c9a-b170-4907-b0ca-f1f2d8f0d9c6)
2020-04-10 04:04:58.393 501 RALLYDEBUG rally_openstack.cleanup.manager [-] Deleting nova.servers object s_rally_ab0ff171_TxjGSWbr_1 (dc9181d3-ee58-4352-b542-8fcdcf0739de)
2020-04-10 04:04:58.394 501 RALLYDEBUG rally_openstack.cleanup.manager [-] Deleting nova.servers object s_rally_ab0ff171_VkE3DYrq_1 (8297eed0-3fde-478a-acfc-22e01c29dd99)
2020-04-10 04:04:58.396 501 RALLYDEBUG rally_openstack.cleanup.manager [-] Deleting nova.servers object s_rally_ab0ff171_VkE3DYrq_0 (a7da3dc8-0ed1-42c8-a009-f03306da5ead)
2020-04-10 04:04:58.399 501 RALLYDEBUG rally_openstack.cleanup.manager [-] Deleting nova.servers object s_rally_ab0ff171_HGA3WyoA_0 (f16eeb18-6afa-45d8-9a69-396795d264c5)
2020-04-10 04:04:58.399 501 RALLYDEBUG rally_openstack.cleanup.manager [-] Deleting nova.servers object s_rally_ab0ff171_HGA3WyoA_1 (9190dbee-6114-4431-8753-3629dfacfef4)
2020-04-10 04:04:58.405 501 RALLYDEBUG rally_openstack.cleanup.manager [-] Deleting nova.servers object s_rally_ab0ff171_TxjGSWbr_0 (eba7a7a2-4f98-4419-8676-e280f9cc247f)
2020-04-10 04:04:58.417 501 RALLYDEBUG rally_openstack.cleanup.manager [-] Deleting nova.servers object s_rally_ab0ff171_jK6ZCEge_0 (be865ac5-b2cc-43aa-98aa-2a5a5dd72e57)
2020-04-10 04:04:58.458 501 RALLYDEBUG rally_openstack.cleanup.manager [-] Deleting nova.servers object s_rally_ab0ff171_TWzQh6A7_0 (70db8321-0165-4e92-8306-25a3208864a0)
2020-04-10 04:04:58.465 501 RALLYDEBUG rally_openstack.cleanup.manager [-] Deleting nova.servers object s_rally_ab0ff171_jK6ZCEge_1 (3b7222a4-2828-4536-a8da-5a31b7b5d2a0)
2020-04-10 04:04:58.465 501 RALLYDEBUG rally_openstack.cleanup.manager [-] Deleting nova.servers object s_rally_ab0ff171_RJBFInh2_1 (328dac52-7289-4ac4-a5fc-cf3b0d0ebdc2)
2020-04-10 04:04:58.479 501 RALLYDEBUG rally_openstack.cleanup.manager [-] Deleting nova.servers object s_rally_ab0ff171_TWzQh6A7_1 (b75cf88c-89d8-4dbb-91b1-641f5f6333da)
2020-04-10 04:04:58.484 501 RALLYDEBUG rally_openstack.cleanup.manager [-] Deleting nova.servers object s_rally_ab0ff171_RJBFInh2_0 (568e9dbc-9fa0-4c98-a467-32e8a1089cd0)
2020-04-10 04:04:58.490 501 RALLYDEBUG rally_openstack.cleanup.manager [-] Deleting nova.servers object s_rally_ab0ff171_bZoBxbrT_0 (9b1ad76f-d38e-4fa3-849b-5ac0b4e90798)
2020-04-10 04:04:58.498 501 RALLYDEBUG rally_openstack.cleanup.manager [-] Deleting nova.servers object s_rally_ab0ff171_99b6TR7E_1 (49ef6291-a5a3-4f1e-96e1-0de55ee65f84)
2020-04-10 04:04:58.499 501 RALLYDEBUG rally_openstack.cleanup.manager [-] Deleting nova.servers object s_rally_ab0ff171_bZoBxbrT_1 (e2e085e8-2341-484d-b052-815ec7111e0c)
2020-04-10 04:04:58.512 501 RALLYDEBUG rally_openstack.cleanup.manager [-] Deleting nova.servers object s_rally_ab0ff171_99b6TR7E_0 (f16fde69-e5eb-451e-b9c0-89f1018efdd7)
2020-04-10 04:05:10.380 501 RALLYDEBUG rally_openstack.cleanup.manager [-] Cleaning up nova server_groups objects
2020-04-10 04:05:10.842 501 RALLYDEBUG rally_openstack.cleanup.manager [-] Cleaning up nova keypairs objects
2020-04-10 04:05:11.862 501 RALLYDEBUG rally_openstack.cleanup.manager [-] Cleaning up glance images objects
2020-04-10 04:05:12.833 501 RALLYDEBUG rally_openstack.cleanup.manager [-] Deleting glance.images object s_rally_ab0ff171_KjsK8Cmk (4f974d43-7bfe-46ae-8e6e-07c4278829fa)
2020-04-10 04:05:12.838 501 RALLYDEBUG rally_openstack.cleanup.manager [-] Deleting glance.images object s_rally_ab0ff171_p2Jmkuc7 (80df976e-25d9-4b7b-bb0f-74d9140e04d4)
2020-04-10 04:05:12.838 501 RALLYDEBUG rally_openstack.cleanup.manager [-] Deleting glance.images object s_rally_ab0ff171_wqa0RZiK (cd286a39-2c3d-4b7c-b8dc-a6e745db77ef)
2020-04-10 04:05:12.839 501 RALLYDEBUG rally_openstack.cleanup.manager [-] Deleting glance.images object s_rally_ab0ff171_4YFq0iKi (4307b670-cc6a-446a-b19c-e95b1ec90595)
2020-04-10 04:05:12.857 501 RALLYDEBUG rally_openstack.cleanup.manager [-] Deleting glance.images object s_rally_ab0ff171_GKaT988r (637ef494-7657-40d4-82b5-f30ccec7c164)
2020-04-10 04:05:12.874 501 RALLYDEBUG rally_openstack.cleanup.manager [-] Deleting glance.images object s_rally_ab0ff171_VV4eYzuZ (1ad54c13-3d2c-4fed-86fe-9d6bcf2d84ea)
2020-04-10 04:05:12.905 501 RALLYDEBUG rally_openstack.cleanup.manager [-] Deleting glance.images object s_rally_ab0ff171_loaMoFX6 (b338ee28-36a9-46ef-975f-1ff5a9420cdb)
2020-04-10 04:05:12.909 501 RALLYDEBUG rally_openstack.cleanup.manager [-] Deleting glance.images object s_rally_ab0ff171_96yG0bWO (3cf872cb-6df1-4fa4-addd-97dcdfd95ce0)
2020-04-10 04:05:12.921 501 RALLYDEBUG rally_openstack.cleanup.manager [-] Deleting glance.images object s_rally_ab0ff171_OhB9dJBa (1a71d109-10c0-46e0-a3d5-c1d251324eb8)
2020-04-10 04:05:12.930 501 RALLYDEBUG rally_openstack.cleanup.manager [-] Deleting glance.images object s_rally_ab0ff171_1w2CeYTw (80ac7d47-6db8-4292-9468-f2c929744408)
2020-04-10 04:05:13.506 501 DEBUG glanceclient.common.http [-] Request returned failure status 404. _handle_response /usr/lib/python3.7/site-packages/glanceclient/common/http.py:125
2020-04-10 04:05:13.529 501 DEBUG glanceclient.common.http [-] Request returned failure status 404. _handle_response /usr/lib/python3.7/site-packages/glanceclient/common/http.py:125
2020-04-10 04:05:13.542 501 DEBUG glanceclient.common.http [-] Request returned failure status 404. _handle_response /usr/lib/python3.7/site-packages/glanceclient/common/http.py:125
2020-04-10 04:05:13.570 501 DEBUG glanceclient.common.http [-] Request returned failure status 404. _handle_response /usr/lib/python3.7/site-packages/glanceclient/common/http.py:125
2020-04-10 04:05:13.578 501 DEBUG glanceclient.common.http [-] Request returned failure status 404. _handle_response /usr/lib/python3.7/site-packages/glanceclient/common/http.py:125
2020-04-10 04:05:13.581 501 DEBUG glanceclient.common.http [-] Request returned failure status 404. _handle_response /usr/lib/python3.7/site-packages/glanceclient/common/http.py:125
2020-04-10 04:05:13.595 501 DEBUG glanceclient.common.http [-] Request returned failure status 404. _handle_response /usr/lib/python3.7/site-packages/glanceclient/common/http.py:125
2020-04-10 04:05:13.601 501 DEBUG glanceclient.common.http [-] Request returned failure status 404. _handle_response /usr/lib/python3.7/site-packages/glanceclient/common/http.py:125
2020-04-10 04:05:13.613 501 DEBUG glanceclient.common.http [-] Request returned failure status 404. _handle_response /usr/lib/python3.7/site-packages/glanceclient/common/http.py:125
2020-04-10 04:05:13.647 501 DEBUG glanceclient.common.http [-] Request returned failure status 404. _handle_response /usr/lib/python3.7/site-packages/glanceclient/common/http.py:125
2020-04-10 04:05:13.649 501 DEBUG glanceclient.common.http [-] Request returned failure status 404. _handle_response /usr/lib/python3.7/site-packages/glanceclient/common/http.py:125
2020-04-10 04:05:13.669 501 DEBUG glanceclient.common.http [-] Request returned failure status 404. _handle_response /usr/lib/python3.7/site-packages/glanceclient/common/http.py:125
2020-04-10 04:05:13.678 501 DEBUG glanceclient.common.http [-] Request returned failure status 404. _handle_response /usr/lib/python3.7/site-packages/glanceclient/common/http.py:125
2020-04-10 04:05:13.692 501 DEBUG glanceclient.common.http [-] Request returned failure status 404. _handle_response /usr/lib/python3.7/site-packages/glanceclient/common/http.py:125
2020-04-10 04:05:13.717 501 DEBUG glanceclient.common.http [-] Request returned failure status 404. _handle_response /usr/lib/python3.7/site-packages/glanceclient/common/http.py:125
2020-04-10 04:05:13.741 501 DEBUG glanceclient.common.http [-] Request returned failure status 404. _handle_response /usr/lib/python3.7/site-packages/glanceclient/common/http.py:125
2020-04-10 04:05:13.769 501 DEBUG glanceclient.common.http [-] Request returned failure status 404. _handle_response /usr/lib/python3.7/site-packages/glanceclient/common/http.py:125
2020-04-10 04:05:13.793 501 DEBUG glanceclient.common.http [-] Request returned failure status 404. _handle_response /usr/lib/python3.7/site-packages/glanceclient/common/http.py:125
2020-04-10 04:05:13.828 501 DEBUG glanceclient.common.http [-] Request returned failure status 404. _handle_response /usr/lib/python3.7/site-packages/glanceclient/common/http.py:125
2020-04-10 04:05:13.854 501 DEBUG glanceclient.common.http [-] Request returned failure status 404. _handle_response /usr/lib/python3.7/site-packages/glanceclient/common/http.py:125
2020-04-10 04:05:14.857 501 INFO rally.task.context [-] Task 9cfec36c-2823-4d72-a61c-bcc0087afe27 | Context cleanup@openstack cleanup() finished in 18.87 sec
2020-04-10 04:05:14.858 501 INFO rally.task.context [-] Task 9cfec36c-2823-4d72-a61c-bcc0087afe27 | Context quotas@openstack cleanup() started
2020-04-10 04:05:14.935 501 INFO rally.task.context [-] Task 9cfec36c-2823-4d72-a61c-bcc0087afe27 | Context quotas@openstack cleanup() finished in 77.46 msec
2020-04-10 04:05:14.936 501 INFO rally.task.context [-] Task 9cfec36c-2823-4d72-a61c-bcc0087afe27 | Context users@openstack cleanup() started
2020-04-10 04:05:15.106 501 WARNING rally.common.logging [-] `iterate_per_tenants()' is deprecated in v3.0.0: it is openstack specific.. Used at
2020-04-10 04:05:20.065 501 INFO rally.task.context [-] Task 9cfec36c-2823-4d72-a61c-bcc0087afe27 | Context users@openstack cleanup() finished in 5.13 sec
2020-04-10 04:05:21.664 501 INFO rally.task.engine [-] Load duration is: 58.802396
2020-04-10 04:05:21.664 501 INFO rally.task.engine [-] Full runner duration is: 60.042324
2020-04-10 04:05:21.665 501 INFO rally.task.engine [-] Full duration is: 86.898032
2020-04-10 04:05:21.760 501 INFO rally.task.engine [-] Running workload: position = 0 config = { "version": 2, "title": "A cropped version of a bigger task.", "description": "Auto-generated task from a single workload (uuid=1a494901-3562-4802-bd18-b4ac0dacb3f3)", "subtasks": [ { "title": "GlanceImages.create_and_deactivate_image", "description": "Create an image, then deactivate it.", "scenario": { "GlanceImages.create_and_deactivate_image": { "container_format": "bare", "disk_format": "qcow2", "image_location": "/home/opnfv/functest/images/cirros-0.4.0-x86_64-disk.img" } }, "contexts": { "users": { "tenants": 3, "users_per_tenant": 2 } }, "runner": { "constant": { "concurrency": 4, "times": 10 } }, "hooks": [], "sla": { "failure_rate": { "max": 0 } } } ] }
2020-04-10 04:05:21.786 501 RALLYDEBUG rally_openstack.contexts.keystone.users [-] Creating 3 tenants using 3 threads
2020-04-10 04:05:22.325 501 RALLYDEBUG rally_openstack.contexts.keystone.users [-] Creating 6 users using 6 threads
2020-04-10 04:05:23.254 501 INFO rally.task.context [-] Task 9cfec36c-2823-4d72-a61c-bcc0087afe27 | Context users@openstack setup() finished in 1.47 sec
2020-04-10 04:05:23.254 501 INFO rally.task.context [-] Task 9cfec36c-2823-4d72-a61c-bcc0087afe27 | Context cleanup@openstack setup() finished in 0.12 msec
2020-04-10 04:05:23.265 501 RALLYDEBUG rally.task.runner [-] Starting the constant runner (task UUID: 9cfec36c-2823-4d72-a61c-bcc0087afe27). times: 10 concurrency: 4 timeout: 0 max_cpu_used: 88 processes_to_start: 4 concurrency_per_worker: 1 concurrency_overhead: 0
2020-04-10 04:05:23.276 968 RALLYDEBUG rally.task.runner [-] Starting a worker. times: 10 duration: None concurrency: 1 timeout: 0 cls: method_name: run args: {"container_format": "bare", "disk_format": "qcow2", "image_location": "/home/opnfv/functest/images/cirros-0.4.0-x86_64-disk.img"}
2020-04-10 04:05:23.279 969 RALLYDEBUG rally.task.runner [-] Starting a worker. times: 10 duration: None concurrency: 1 timeout: 0 cls: method_name: run args: {"container_format": "bare", "disk_format": "qcow2", "image_location": "/home/opnfv/functest/images/cirros-0.4.0-x86_64-disk.img"}
2020-04-10 04:05:23.281 970 RALLYDEBUG rally.task.runner [-] Starting a worker. times: 10 duration: None concurrency: 1 timeout: 0 cls: method_name: run args: {"container_format": "bare", "disk_format": "qcow2", "image_location": "/home/opnfv/functest/images/cirros-0.4.0-x86_64-disk.img"}
2020-04-10 04:05:23.283 968 INFO rally.task.runner [-] Task 9cfec36c-2823-4d72-a61c-bcc0087afe27 | ITER: 1 START
2020-04-10 04:05:23.284 971 RALLYDEBUG rally.task.runner [-] Starting a worker. times: 10 duration: None concurrency: 1 timeout: 0 cls: method_name: run args: {"container_format": "bare", "disk_format": "qcow2", "image_location": "/home/opnfv/functest/images/cirros-0.4.0-x86_64-disk.img"}
2020-04-10 04:05:23.286 969 INFO rally.task.runner [-] Task 9cfec36c-2823-4d72-a61c-bcc0087afe27 | ITER: 2 START
2020-04-10 04:05:23.288 970 INFO rally.task.runner [-] Task 9cfec36c-2823-4d72-a61c-bcc0087afe27 | ITER: 3 START
2020-04-10 04:05:23.290 971 INFO rally.task.runner [-] Task 9cfec36c-2823-4d72-a61c-bcc0087afe27 | ITER: 4 START
2020-04-10 04:05:25.755 971 RALLYDEBUG rally.task.utils [-] Waiting for resource 'fde6dc38-713f-4d62-9528-8e23583f475d'. Status changed: NONE => QUEUED in 0.05336189270019531
2020-04-10 04:05:25.755 968 RALLYDEBUG rally.task.utils [-] Waiting for resource '6c7b822d-83ef-44b8-954c-79d1610e45ea'. Status changed: NONE => QUEUED in 0.04754781723022461
2020-04-10 04:05:25.767 969 RALLYDEBUG rally.task.utils [-] Waiting for resource 'd8361576-b700-49bd-aad9-659ef88dda65'. Status changed: NONE => QUEUED in 0.04790353775024414
2020-04-10 04:05:25.780 970 RALLYDEBUG rally.task.utils [-] Waiting for resource '2917d1e0-ee14-4c74-9d34-eef3d7995ad0'. Status changed: NONE => QUEUED in 0.04678940773010254
2020-04-10 04:05:26.377 968 RALLYDEBUG rally.task.utils [-] Waiting for resource s_rally_1a494901_Xm8FFqDW. Status changed: QUEUED => ACTIVE in 0.031219005584716797
2020-04-10 04:05:26.383 971 RALLYDEBUG rally.task.utils [-] Waiting for resource s_rally_1a494901_Y2iy0E8h. Status changed: QUEUED => ACTIVE in 0.029277563095092773
2020-04-10 04:05:26.399 970 RALLYDEBUG rally.task.utils [-] Waiting for resource s_rally_1a494901_9ILg5Z9P. Status changed: QUEUED => ACTIVE in 0.029229402542114258
2020-04-10 04:05:26.403 969 RALLYDEBUG rally.task.utils [-] Waiting for resource s_rally_1a494901_f5UvLPuE. Status changed: QUEUED => ACTIVE in 0.025735139846801758
2020-04-10 04:05:26.465 971 INFO rally.task.runner [-] Task 9cfec36c-2823-4d72-a61c-bcc0087afe27 | ITER: 4 END: OK
2020-04-10 04:05:26.470 971 INFO rally.task.runner [-] Task 9cfec36c-2823-4d72-a61c-bcc0087afe27 | ITER: 5 START
2020-04-10 04:05:26.475 968 INFO rally.task.runner [-] Task 9cfec36c-2823-4d72-a61c-bcc0087afe27 | ITER: 1 END: OK
2020-04-10 04:05:26.479 968 INFO rally.task.runner [-] Task 9cfec36c-2823-4d72-a61c-bcc0087afe27 | ITER: 6 START
2020-04-10 04:05:26.484 970 INFO rally.task.runner [-] Task 9cfec36c-2823-4d72-a61c-bcc0087afe27 | ITER: 3 END: OK
2020-04-10 04:05:26.489 970 INFO rally.task.runner [-] Task 9cfec36c-2823-4d72-a61c-bcc0087afe27 | ITER: 7 START
2020-04-10 04:05:26.490 969 INFO rally.task.runner [-] Task 9cfec36c-2823-4d72-a61c-bcc0087afe27 | ITER: 2 END: OK
2020-04-10 04:05:26.495 969 INFO rally.task.runner [-] Task 9cfec36c-2823-4d72-a61c-bcc0087afe27 | ITER: 8 START
2020-04-10 04:05:28.847 969 RALLYDEBUG rally.task.utils [-] Waiting for resource '3f576bac-f216-43cd-933d-7b0057927d89'. Status changed: NONE => QUEUED in 0.05623221397399902
2020-04-10 04:05:28.889 970 RALLYDEBUG rally.task.utils [-] Waiting for resource '82b85a4f-cbfb-498a-8cac-38312577f5a2'. Status changed: NONE => QUEUED in 0.041769981384277344
2020-04-10 04:05:28.895 971 RALLYDEBUG rally.task.utils [-] Waiting for resource '8a517f8a-4eea-455e-966e-db0f5caaee23'. Status changed: NONE => QUEUED in 0.051347970962524414
2020-04-10 04:05:28.903 968 RALLYDEBUG rally.task.utils [-] Waiting for resource 'be13dd5a-1873-4e59-a3af-f889349b0868'. Status changed: NONE => QUEUED in 0.04612588882446289
2020-04-10 04:05:29.388 969 RALLYDEBUG rally.task.utils [-] Waiting for resource s_rally_1a494901_MNsMcwwZ. Status changed: QUEUED => ACTIVE in 0.0294497013092041
2020-04-10 04:05:29.391 970 RALLYDEBUG rally.task.utils [-] Waiting for resource s_rally_1a494901_wyZQZGKo. Status changed: QUEUED => ACTIVE in 0.03345823287963867
2020-04-10 04:05:29.400 968 RALLYDEBUG rally.task.utils [-] Waiting for resource s_rally_1a494901_sUUYwKDu. Status changed: QUEUED => ACTIVE in 0.03223085403442383
2020-04-10 04:05:29.404 971 RALLYDEBUG rally.task.utils [-] Waiting for resource s_rally_1a494901_RtLHbUKl. Status changed: QUEUED => ACTIVE in 0.02710437774658203
2020-04-10 04:05:29.466 970 INFO rally.task.runner [-] Task 9cfec36c-2823-4d72-a61c-bcc0087afe27 | ITER: 7 END: OK
