2020-04-10 04:29:09.001 7742 RALLYDEBUG rally.task.utils [-] Waiting for resource . Status changed: CREATE_COMPLETE => RESUME_IN_PROGRESS in 0.08952212333679199
2020-04-10 04:29:09.035 7743 RALLYDEBUG rally.task.utils [-] Waiting for resource . Status changed: CREATE_COMPLETE => RESUME_IN_PROGRESS in 0.08649945259094238
2020-04-10 04:29:09.170 7744 RALLYDEBUG rally.task.utils [-] Waiting for resource . Status changed: CREATE_COMPLETE => SUSPEND_IN_PROGRESS in 0.08518075942993164
2020-04-10 04:29:09.933 7741 RALLYDEBUG rally.task.utils [-] Waiting for resource . Status changed: RESUME_IN_PROGRESS => RESUME_COMPLETE in 1.106729507446289
2020-04-10 04:29:10.088 7741 RALLYDEBUG rally.task.utils [-] Waiting for resource . Status changed: CREATE_COMPLETE => DELETE_IN_PROGRESS in 0.0702207088470459
2020-04-10 04:29:10.089 7742 RALLYDEBUG rally.task.utils [-] Waiting for resource . Status changed: RESUME_IN_PROGRESS => RESUME_COMPLETE in 1.087956428527832
2020-04-10 04:29:10.139 7743 RALLYDEBUG rally.task.utils [-] Waiting for resource . Status changed: RESUME_IN_PROGRESS => RESUME_COMPLETE in 1.1038758754730225
2020-04-10 04:29:10.256 7742 RALLYDEBUG rally.task.utils [-] Waiting for resource . Status changed: CREATE_COMPLETE => DELETE_IN_PROGRESS in 0.08754968643188477
2020-04-10 04:29:10.258 7744 RALLYDEBUG rally.task.utils [-] Waiting for resource . Status changed: SUSPEND_IN_PROGRESS => SUSPEND_COMPLETE in 1.0881562232971191
2020-04-10 04:29:10.297 7743 RALLYDEBUG rally.task.utils [-] Waiting for resource . Status changed: CREATE_COMPLETE => DELETE_IN_PROGRESS in 0.06996369361877441
2020-04-10 04:29:10.516 7744 RALLYDEBUG rally.task.utils [-] Waiting for resource . Status changed: CREATE_COMPLETE => RESUME_COMPLETE in 0.0883021354675293
2020-04-10 04:29:10.685 7744 RALLYDEBUG rally.task.utils [-] Waiting for resource . Status changed: CREATE_COMPLETE => DELETE_IN_PROGRESS in 0.08574867248535156
2020-04-10 04:29:11.177 7741 INFO rally.task.runner [-] Task e4cf5baa-1074-42c8-8aff-22e4df2c6344 | ITER: 5 END: OK
2020-04-10 04:29:11.182 7741 INFO rally.task.runner [-] Task e4cf5baa-1074-42c8-8aff-22e4df2c6344 | ITER: 9 START
2020-04-10 04:29:11.347 7742 INFO rally.task.runner [-] Task e4cf5baa-1074-42c8-8aff-22e4df2c6344 | ITER: 6 END: OK
2020-04-10 04:29:11.351 7742 INFO rally.task.runner [-] Task e4cf5baa-1074-42c8-8aff-22e4df2c6344 | ITER: 10 START
2020-04-10 04:29:11.778 7744 INFO rally.task.runner [-] Task e4cf5baa-1074-42c8-8aff-22e4df2c6344 | ITER: 8 END: OK
2020-04-10 04:29:12.474 7743 INFO rally.task.runner [-] Task e4cf5baa-1074-42c8-8aff-22e4df2c6344 | ITER: 7 END: OK
2020-04-10 04:29:14.078 7741 RALLYDEBUG rally.task.utils [-] Waiting for resource . Status changed: CREATE_IN_PROGRESS => CREATE_COMPLETE in 0.08150887489318848
2020-04-10 04:29:14.189 7742 RALLYDEBUG rally.task.utils [-] Waiting for resource . Status changed: CREATE_IN_PROGRESS => CREATE_COMPLETE in 0.08238863945007324
2020-04-10 04:29:14.287 7741 RALLYDEBUG rally.task.utils [-] Waiting for resource . Status changed: CREATE_COMPLETE => SUSPEND_IN_PROGRESS in 0.08689045906066895
2020-04-10 04:29:14.445 7742 RALLYDEBUG rally.task.utils [-] Waiting for resource . Status changed: CREATE_COMPLETE => SUSPEND_COMPLETE in 0.08362174034118652
2020-04-10 04:29:14.702 7742 RALLYDEBUG rally.task.utils [-] Waiting for resource . Status changed: CREATE_COMPLETE => RESUME_COMPLETE in 0.08489251136779785
2020-04-10 04:29:14.872 7742 RALLYDEBUG rally.task.utils [-] Waiting for resource . Status changed: CREATE_COMPLETE => DELETE_IN_PROGRESS in 0.0879976749420166
2020-04-10 04:29:15.379 7741 RALLYDEBUG rally.task.utils [-] Waiting for resource . Status changed: SUSPEND_IN_PROGRESS => SUSPEND_COMPLETE in 1.0920634269714355
2020-04-10 04:29:15.593 7741 RALLYDEBUG rally.task.utils [-] Waiting for resource . Status changed: CREATE_COMPLETE => RESUME_IN_PROGRESS in 0.08471989631652832
2020-04-10 04:29:15.962 7742 INFO rally.task.runner [-] Task e4cf5baa-1074-42c8-8aff-22e4df2c6344 | ITER: 10 END: OK
2020-04-10 04:29:16.697 7741 RALLYDEBUG rally.task.utils [-] Waiting for resource . Status changed: RESUME_IN_PROGRESS => RESUME_COMPLETE in 1.1036746501922607
2020-04-10 04:29:16.850 7741 RALLYDEBUG rally.task.utils [-] Waiting for resource . Status changed: CREATE_COMPLETE => DELETE_IN_PROGRESS in 0.06894803047180176
2020-04-10 04:29:17.935 7741 INFO rally.task.runner [-] Task e4cf5baa-1074-42c8-8aff-22e4df2c6344 | ITER: 9 END: OK
2020-04-10 04:29:17.961 5253 INFO rally.task.context [-] Task e4cf5baa-1074-42c8-8aff-22e4df2c6344 | Context cleanup@openstack cleanup() started
2020-04-10 04:29:17.968 5253 RALLYDEBUG rally_openstack.cleanup.manager [-] Cleaning up heat stacks objects
2020-04-10 04:29:18.817 5253 RALLYDEBUG rally_openstack.cleanup.manager [-] Deleting heat.stacks object s_rally_286e0198_nh2pAMSK (5b7aec83-37ff-48af-8192-641900b00964)
2020-04-10 04:29:19.273 5253 ERROR rally_openstack.cleanup.manager [-] Resource deletion failed, max retries exceeded for heat.stacks: 5b7aec83-37ff-48af-8192-641900b00964.: heatclient.exc.HTTPNotFound: ERROR: The Stack (s_rally_286e0198_nh2pAMSK) could not be found.
2020-04-10 04:29:19.273 5253 ERROR rally_openstack.cleanup.manager
Traceback (most recent call last):
2020-04-10 04:29:19.273 5253 ERROR rally_openstack.cleanup.manager
File "/usr/lib/python3.7/site-packages/rally_openstack/cleanup/manager.py", line 85, in _delete_single_resource
2020-04-10 04:29:19.273 5253 ERROR rally_openstack.cleanup.manager rutils.retry(resource._max_attempts, resource.delete)
2020-04-10 04:29:19.273 5253 ERROR rally_openstack.cleanup.manager
File "/usr/lib/python3.7/site-packages/rally/common/utils.py", line 211, in retry
2020-04-10 04:29:19.273 5253 ERROR rally_openstack.cleanup.manager return func(*args, **kwargs)
2020-04-10 04:29:19.273 5253 ERROR rally_openstack.cleanup.manager
File "/usr/lib/python3.7/site-packages/rally_openstack/cleanup/base.py", line 129, in delete
2020-04-10 04:29:19.273 5253 ERROR rally_openstack.cleanup.manager self._manager().delete(self.id())
2020-04-10 04:29:19.273 5253 ERROR rally_openstack.cleanup.manager
File "/usr/lib/python3.7/site-packages/heatclient/v1/stacks.py", line 210, in delete
2020-04-10 04:29:19.273 5253 ERROR rally_openstack.cleanup.manager self._delete("/stacks/%s" % stack_id)
2020-04-10 04:29:19.273 5253 ERROR rally_openstack.cleanup.manager
File "/usr/lib/python3.7/site-packages/heatclient/common/base.py", line 207, in _delete
2020-04-10 04:29:19.273 5253 ERROR rally_openstack.cleanup.manager return self.client.delete(url)
2020-04-10 04:29:19.273 5253 ERROR rally_openstack.cleanup.manager
File "/usr/lib/python3.7/site-packages/keystoneauth1/adapter.py", line 401, in delete
2020-04-10 04:29:19.273 5253 ERROR rally_openstack.cleanup.manager return self.request(url, 'DELETE', **kwargs)
2020-04-10 04:29:19.273 5253 ERROR rally_openstack.cleanup.manager
File "/usr/lib/python3.7/site-packages/heatclient/common/http.py", line 323, in request
2020-04-10 04:29:19.273 5253 ERROR rally_openstack.cleanup.manager raise exc.from_response(resp)
2020-04-10 04:29:19.273 5253 ERROR rally_openstack.cleanup.manager heatclient.exc.HTTPNotFound: ERROR: The Stack (s_rally_286e0198_nh2pAMSK) could not be found.
2020-04-10 04:29:19.273 5253 ERROR rally_openstack.cleanup.manager
2020-04-10 04:29:19.276 5253 INFO rally.task.context [-] Task e4cf5baa-1074-42c8-8aff-22e4df2c6344 | Context cleanup@openstack cleanup() finished in 1.31 sec
2020-04-10 04:29:19.276 5253 INFO rally.task.context [-] Task e4cf5baa-1074-42c8-8aff-22e4df2c6344 | Context roles@openstack cleanup() started
2020-04-10 04:29:19.285 5253 INFO rally.task.context [-] Task e4cf5baa-1074-42c8-8aff-22e4df2c6344 | Context roles@openstack cleanup() finished in 9.26 msec
2020-04-10 04:29:19.286 5253 INFO rally.task.context [-] Task e4cf5baa-1074-42c8-8aff-22e4df2c6344 | Context users@openstack cleanup() started
2020-04-10 04:29:19.541 5253 WARNING rally.common.logging [-] `iterate_per_tenants()' is deprecated in v3.0.0: it is openstack specific.. Used at
2020-04-10 04:29:22.944 5253 INFO rally.task.context [-] Task e4cf5baa-1074-42c8-8aff-22e4df2c6344 | Context users@openstack cleanup() finished in 3.66 sec
2020-04-10 04:29:24.150 5253 INFO rally.task.engine [-] Load duration is: 18.365362
2020-04-10 04:29:24.151 5253 INFO rally.task.engine [-] Full runner duration is: 20.409497
2020-04-10 04:29:24.151 5253 INFO rally.task.engine [-] Full duration is: 27.057463
2020-04-10 04:29:24.242 5253 INFO rally.task.engine [-] Running workload: position = 0 config = { "version": 2, "title": "A cropped version of a bigger task.", "description": "Auto-generated task from a single workload (uuid=7da53038-a1e6-466b-80f8-7bbbfccc42f5)", "subtasks": [ { "title": "HeatStacks.list_stacks_and_resources", "description": "List all resources from tenant stacks.", "scenario": { "HeatStacks.list_stacks_and_resources": {} }, "contexts": { "users": { "tenants": 3, "users_per_tenant": 2 }, "roles": [ "heat_stack_owner" ] }, "runner": { "constant": { "concurrency": 4, "times": 10 } }, "hooks": [], "sla": { "failure_rate": { "max": 0 } } } ] }
2020-04-10 04:29:24.260 5253 RALLYDEBUG rally_openstack.contexts.keystone.users [-] Creating 3 tenants using 3 threads
2020-04-10 04:29:24.846 5253 RALLYDEBUG rally_openstack.contexts.keystone.users [-] Creating 6 users using 6 threads
2020-04-10 04:29:25.907 5253 INFO rally.task.context [-] Task e4cf5baa-1074-42c8-8aff-22e4df2c6344 | Context users@openstack setup() finished in 1.65 sec
2020-04-10 04:29:26.126 5253 ERROR rally.common.broker [-] Failed to publish a task to the queue: rally.exceptions.NotFoundException: The resource can not be found: There is no role with name `heat_stack_owner`
2020-04-10 04:29:26.126 5253 ERROR rally.common.broker
Traceback (most recent call last):
2020-04-10 04:29:26.126 5253 ERROR rally.common.broker
File "/usr/lib/python3.7/site-packages/rally/common/broker.py", line 58, in _publisher
2020-04-10 04:29:26.126 5253 ERROR rally.common.broker publish(queue)
2020-04-10 04:29:26.126 5253 ERROR rally.common.broker
File "/usr/lib/python3.7/site-packages/rally_openstack/contexts/keystone/roles.py", line 91, in publish
2020-04-10 04:29:26.126 5253 ERROR rally.common.broker role = self._get_role_object(context_role)
2020-04-10 04:29:26.126 5253 ERROR rally.common.broker
File "/usr/lib/python3.7/site-packages/rally_openstack/contexts/keystone/roles.py", line 65, in _get_role_object
2020-04-10 04:29:26.126 5253 ERROR rally.common.broker "There is no role with name `%s`" % context_role)
2020-04-10 04:29:26.126 5253 ERROR rally.common.broker rally.exceptions.NotFoundException: The resource can not be found: There is no role with name `heat_stack_owner`
2020-04-10 04:29:26.126 5253 ERROR rally.common.broker
2020-04-10 04:29:26.136 5253 INFO rally.task.context [-] Task e4cf5baa-1074-42c8-8aff-22e4df2c6344 | Context roles@openstack setup() finished in 0.23 sec
2020-04-10 04:29:26.142 5253 RALLYDEBUG rally.task.runner [-] Starting the constant runner (task UUID: e4cf5baa-1074-42c8-8aff-22e4df2c6344). times: 10 concurrency: 4 timeout: 0 max_cpu_used: 88 processes_to_start: 4 concurrency_per_worker: 1 concurrency_overhead: 0
2020-04-10 04:29:26.153 7894 RALLYDEBUG rally.task.runner [-] Starting a worker. times: 10 duration: None concurrency: 1 timeout: 0 cls: method_name: run args: {}
2020-04-10 04:29:26.158 7895 RALLYDEBUG rally.task.runner [-] Starting a worker. times: 10 duration: None concurrency: 1 timeout: 0 cls: method_name: run args: {}
2020-04-10 04:29:26.159 7894 INFO rally.task.runner [-] Task e4cf5baa-1074-42c8-8aff-22e4df2c6344 | ITER: 1 START
2020-04-10 04:29:26.164 7898 RALLYDEBUG rally.task.runner [-] Starting a worker. times: 10 duration: None concurrency: 1 timeout: 0 cls: method_name: run args: {}
2020-04-10 04:29:26.165 7895 INFO rally.task.runner [-] Task e4cf5baa-1074-42c8-8aff-22e4df2c6344 | ITER: 2 START
2020-04-10 04:29:26.168 7899 RALLYDEBUG rally.task.runner [-] Starting a worker. times: 10 duration: None concurrency: 1 timeout: 0 cls: method_name: run args: {}
2020-04-10 04:29:26.169 7898 INFO rally.task.runner [-] Task e4cf5baa-1074-42c8-8aff-22e4df2c6344 | ITER: 3 START
2020-04-10 04:29:26.174 7899 INFO rally.task.runner [-] Task e4cf5baa-1074-42c8-8aff-22e4df2c6344 | ITER: 4 START
2020-04-10 04:29:26.485 7894 INFO rally.task.runner [-] Task e4cf5baa-1074-42c8-8aff-22e4df2c6344 | ITER: 1 END: OK
2020-04-10 04:29:26.486 7895 INFO rally.task.runner [-] Task e4cf5baa-1074-42c8-8aff-22e4df2c6344 | ITER: 2 END: OK
2020-04-10 04:29:26.490 7894 INFO rally.task.runner [-] Task e4cf5baa-1074-42c8-8aff-22e4df2c6344 | ITER: 5 START
2020-04-10 04:29:26.491 7895 INFO rally.task.runner [-] Task e4cf5baa-1074-42c8-8aff-22e4df2c6344 | ITER: 6 START
2020-04-10 04:29:26.495 7899 INFO rally.task.runner [-] Task e4cf5baa-1074-42c8-8aff-22e4df2c6344 | ITER: 4 END: OK
2020-04-10 04:29:26.498 7898 INFO rally.task.runner [-] Task e4cf5baa-1074-42c8-8aff-22e4df2c6344 | ITER: 3 END: OK
2020-04-10 04:29:26.499 7899 INFO rally.task.runner [-] Task e4cf5baa-1074-42c8-8aff-22e4df2c6344 | ITER: 7 START
2020-04-10 04:29:26.503 7898 INFO rally.task.runner [-] Task e4cf5baa-1074-42c8-8aff-22e4df2c6344 | ITER: 8 START
2020-04-10 04:29:26.667 7899 INFO rally.task.runner [-] Task e4cf5baa-1074-42c8-8aff-22e4df2c6344 | ITER: 7 END: OK
2020-04-10 04:29:26.671 7899 INFO rally.task.runner [-] Task e4cf5baa-1074-42c8-8aff-22e4df2c6344 | ITER: 9 START
2020-04-10 04:29:26.751 7894 INFO rally.task.runner [-] Task e4cf5baa-1074-42c8-8aff-22e4df2c6344 | ITER: 5 END: OK
2020-04-10 04:29:26.755 7894 INFO rally.task.runner [-] Task e4cf5baa-1074-42c8-8aff-22e4df2c6344 | ITER: 10 START
2020-04-10 04:29:26.762 7898 INFO rally.task.runner [-] Task e4cf5baa-1074-42c8-8aff-22e4df2c6344 | ITER: 8 END: OK
2020-04-10 04:29:26.780 7895 INFO rally.task.runner [-] Task e4cf5baa-1074-42c8-8aff-22e4df2c6344 | ITER: 6 END: OK
2020-04-10 04:29:26.861 7899 INFO rally.task.runner [-] Task e4cf5baa-1074-42c8-8aff-22e4df2c6344 | ITER: 9 END: OK
2020-04-10 04:29:26.931 7894 INFO rally.task.runner [-] Task e4cf5baa-1074-42c8-8aff-22e4df2c6344 | ITER: 10 END: OK
2020-04-10 04:29:26.960 5253 INFO rally.task.context [-] Task e4cf5baa-1074-42c8-8aff-22e4df2c6344 | Context roles@openstack cleanup() started
2020-04-10 04:29:26.970 5253 INFO rally.task.context [-] Task e4cf5baa-1074-42c8-8aff-22e4df2c6344 | Context roles@openstack cleanup() finished in 10.02 msec
2020-04-10 04:29:26.970 5253 INFO rally.task.context [-] Task e4cf5baa-1074-42c8-8aff-22e4df2c6344 | Context users@openstack cleanup() started
2020-04-10 04:29:27.141 5253 WARNING rally.common.logging [-] `iterate_per_tenants()' is deprecated in v3.0.0: it is openstack specific.. Used at
2020-04-10 04:29:29.766 5253 INFO rally.task.context [-] Task e4cf5baa-1074-42c8-8aff-22e4df2c6344 | Context users@openstack cleanup() finished in 2.80 sec
2020-04-10 04:29:30.317 5253 INFO rally.task.engine [-] Load duration is: 0.770189
2020-04-10 04:29:30.318 5253 INFO rally.task.engine [-] Full runner duration is: 0.818197
2020-04-10 04:29:30.318 5253 INFO rally.task.engine [-] Full duration is: 5.508149
2020-04-10 04:29:30.403 5253 INFO rally.task.engine [-] Task e4cf5baa-1074-42c8-8aff-22e4df2c6344 | Completed: Running task.
2020-04-10 04:29:32.074 7986 RALLYDEBUG rally.api [-] INFO logs from urllib3 and requests module are hide.
2020-04-10 04:29:32.074 7986 RALLYDEBUG rally.api [-] urllib3 insecure warnings are hidden.
2020-04-10 04:29:32.074 7986 RALLYDEBUG rally.api [-] ERROR log from boto module is hide.
2020-04-10 04:29:33.411 7987 RALLYDEBUG rally.api [-] INFO logs from urllib3 and requests module are hide.
2020-04-10 04:29:33.412 7987 RALLYDEBUG rally.api [-] urllib3 insecure warnings are hidden.
2020-04-10 04:29:33.412 7987 RALLYDEBUG rally.api [-] ERROR log from boto module is hide.
2020-04-10 04:29:34.969 7988 RALLYDEBUG rally.api [-] INFO logs from urllib3 and requests module are hide.
2020-04-10 04:29:34.969 7988 RALLYDEBUG rally.api [-] urllib3 insecure warnings are hidden.
2020-04-10 04:29:34.969 7988 RALLYDEBUG rally.api [-] ERROR log from boto module is hide.
2020-04-10 04:29:36.906 7988 INFO rally.api [-] Building 'json' report for the following task(s): 'e4cf5baa-1074-42c8-8aff-22e4df2c6344'.
2020-04-10 04:29:36.939 7988 INFO rally.api [-] The report has been successfully built.
2020-04-10 04:29:38.464 7990 RALLYDEBUG rally.api [-] INFO logs from urllib3 and requests module are hide.
2020-04-10 04:29:38.465 7990 RALLYDEBUG rally.api [-] urllib3 insecure warnings are hidden.
2020-04-10 04:29:38.465 7990 RALLYDEBUG rally.api [-] ERROR log from boto module is hide.
2020-04-10 04:29:40.637 7990 INFO rally.task.engine [-] Task 96471459-445f-4cd8-8d75-a87a1b3a9d7b | Starting: Task validation.
2020-04-10 04:29:40.652 7990 INFO rally.task.engine [-] Task 96471459-445f-4cd8-8d75-a87a1b3a9d7b | Starting: Task validation of syntax.
2020-04-10 04:29:40.811 7990 INFO rally.task.engine [-] Task 96471459-445f-4cd8-8d75-a87a1b3a9d7b | Completed: Task validation of syntax.
2020-04-10 04:29:40.811 7990 INFO rally.task.engine [-] Task 96471459-445f-4cd8-8d75-a87a1b3a9d7b | Starting: Task validation of required platforms.
2020-04-10 04:29:40.881 7990 INFO rally.task.engine [-] Task 96471459-445f-4cd8-8d75-a87a1b3a9d7b | Completed: Task validation of required platforms.
2020-04-10 04:29:40.881 7990 INFO rally.task.engine [-] Task 96471459-445f-4cd8-8d75-a87a1b3a9d7b | Starting: Task validation of semantic.
2020-04-10 04:29:40.881 7990 INFO rally.task.engine [-] Check health of the environment '12112318-7055-4447-9f85-97c68bb245e8'.
2020-04-10 04:29:41.446 7990 INFO rally.task.engine [-] Platform existing@openstack (available: True): OK!
2020-04-10 04:29:41.465 7990 RALLYDEBUG rally_openstack.contexts.keystone.users [-] Creating 1 tenants using 1 threads
2020-04-10 04:29:41.837 7990 RALLYDEBUG rally_openstack.contexts.keystone.users [-] Creating 1 users using 1 threads
2020-04-10 04:29:42.467 7990 INFO rally.task.context [-] Task 96471459-445f-4cd8-8d75-a87a1b3a9d7b | Context users@openstack setup() finished in 1.00 sec
2020-04-10 04:29:42.562 7990 INFO rally.task.context [-] Task 96471459-445f-4cd8-8d75-a87a1b3a9d7b | Context users@openstack cleanup() started
2020-04-10 04:29:42.845 7990 WARNING rally.common.logging [-] `iterate_per_tenants()' is deprecated in v3.0.0: it is openstack specific.. Used at
2020-04-10 04:29:44.133 7990 INFO rally.task.context [-] Task 96471459-445f-4cd8-8d75-a87a1b3a9d7b | Context users@openstack cleanup() finished in 1.57 sec
2020-04-10 04:29:44.134 7990 INFO rally.task.engine [-] Task 96471459-445f-4cd8-8d75-a87a1b3a9d7b | Completed: Task validation of semantic.
2020-04-10 04:29:44.134 7990 INFO rally.task.engine [-] Task 96471459-445f-4cd8-8d75-a87a1b3a9d7b | Completed: Task validation.
2020-04-10 04:29:44.135 7990 INFO rally.api [-] Task 96471459-445f-4cd8-8d75-a87a1b3a9d7b input file is valid.
2020-04-10 04:29:44.135 7990 INFO rally.api [-] Run Task 96471459-445f-4cd8-8d75-a87a1b3a9d7b against Deployment 12112318-7055-4447-9f85-97c68bb245e8
2020-04-10 04:29:44.135 7990 INFO rally.task.engine [-] Task 96471459-445f-4cd8-8d75-a87a1b3a9d7b | Starting: Running task.
2020-04-10 04:29:44.188 7990 INFO rally.task.engine [-] Running workload: position = 0 config = { "version": 2, "title": "A cropped version of a bigger task.", "description": "Auto-generated task from a single workload (uuid=5eb10649-6b90-4ccc-9d6e-a30f89cab143)", "subtasks": [ { "title": "KeystoneBasic.add_and_remove_user_role", "description": "Create a user role add to a user and disassociate.", "scenario": { "KeystoneBasic.add_and_remove_user_role": {} }, "contexts": { "users": { "tenants": 3, "users_per_tenant": 2 } }, "runner": { "constant": { "concurrency": 4, "times": 10 } }, "hooks": [], "sla": { "failure_rate": { "max": 0 } } } ] }
2020-04-10 04:29:44.207 7990 RALLYDEBUG rally_openstack.contexts.keystone.users [-] Creating 3 tenants using 3 threads
2020-04-10 04:29:44.752 7990 RALLYDEBUG rally_openstack.contexts.keystone.users [-] Creating 6 users using 6 threads
2020-04-10 04:29:45.730 7990 INFO rally.task.context [-] Task 96471459-445f-4cd8-8d75-a87a1b3a9d7b | Context users@openstack setup() finished in 1.52 sec
2020-04-10 04:29:45.731 7990 INFO rally.task.context [-] Task 96471459-445f-4cd8-8d75-a87a1b3a9d7b | Context admin_cleanup@openstack setup() finished in 0.00 msec
2020-04-10 04:29:45.741 7990 RALLYDEBUG rally.task.runner [-] Starting the constant runner (task UUID: 96471459-445f-4cd8-8d75-a87a1b3a9d7b). times: 10 concurrency: 4 timeout: 0 max_cpu_used: 88 processes_to_start: 4 concurrency_per_worker: 1 concurrency_overhead: 0
2020-04-10 04:29:45.755 8045 RALLYDEBUG rally.task.runner [-] Starting a worker. times: 10 duration: None concurrency: 1 timeout: 0 cls: method_name: run args: {}
2020-04-10 04:29:45.757 8046 RALLYDEBUG rally.task.runner [-] Starting a worker. times: 10 duration: None concurrency: 1 timeout: 0 cls: method_name: run args: {}
2020-04-10 04:29:45.760 8047 RALLYDEBUG rally.task.runner [-] Starting a worker. times: 10 duration: None concurrency: 1 timeout: 0 cls: method_name: run args: {}
2020-04-10 04:29:45.761 8045 INFO rally.task.runner [-] Task 96471459-445f-4cd8-8d75-a87a1b3a9d7b | ITER: 1 START
2020-04-10 04:29:45.763 8048 RALLYDEBUG rally.task.runner [-] Starting a worker. times: 10 duration: None concurrency: 1 timeout: 0 cls: method_name: run args: {}
2020-04-10 04:29:45.764 8046 INFO rally.task.runner [-] Task 96471459-445f-4cd8-8d75-a87a1b3a9d7b | ITER: 2 START
2020-04-10 04:29:45.766 8047 INFO rally.task.runner [-] Task 96471459-445f-4cd8-8d75-a87a1b3a9d7b | ITER: 3 START
2020-04-10 04:29:45.768 8048 INFO rally.task.runner [-] Task 96471459-445f-4cd8-8d75-a87a1b3a9d7b | ITER: 4 START
2020-04-10 04:29:46.380 8047 INFO rally.task.runner [-] Task 96471459-445f-4cd8-8d75-a87a1b3a9d7b | ITER: 3 END: OK
2020-04-10 04:29:46.386 8047 INFO rally.task.runner [-] Task 96471459-445f-4cd8-8d75-a87a1b3a9d7b | ITER: 5 START
2020-04-10 04:29:46.396 8046 INFO rally.task.runner [-] Task 96471459-445f-4cd8-8d75-a87a1b3a9d7b | ITER: 2 END: OK
2020-04-10 04:29:46.399 8046 INFO rally.task.runner [-] Task 96471459-445f-4cd8-8d75-a87a1b3a9d7b | ITER: 6 START
2020-04-10 04:29:46.412 8045 INFO rally.task.runner [-] Task 96471459-445f-4cd8-8d75-a87a1b3a9d7b | ITER: 1 END: OK
2020-04-10 04:29:46.417 8045 INFO rally.task.runner [-] Task 96471459-445f-4cd8-8d75-a87a1b3a9d7b | ITER: 7 START
2020-04-10 04:29:46.464 8048 INFO rally.task.runner [-] Task 96471459-445f-4cd8-8d75-a87a1b3a9d7b | ITER: 4 END: OK
2020-04-10 04:29:46.469 8048 INFO rally.task.runner [-] Task 96471459-445f-4cd8-8d75-a87a1b3a9d7b | ITER: 8 START
2020-04-10 04:29:47.031 8046 INFO rally.task.runner [-] Task 96471459-445f-4cd8-8d75-a87a1b3a9d7b | ITER: 6 END: OK
2020-04-10 04:29:47.035 8046 INFO rally.task.runner [-] Task 96471459-445f-4cd8-8d75-a87a1b3a9d7b | ITER: 9 START
2020-04-10 04:29:47.072 8047 INFO rally.task.runner [-] Task 96471459-445f-4cd8-8d75-a87a1b3a9d7b | ITER: 5 END: OK
2020-04-10 04:29:47.076 8047 INFO rally.task.runner [-] Task 96471459-445f-4cd8-8d75-a87a1b3a9d7b | ITER: 10 START
2020-04-10 04:29:47.185 8048 INFO rally.task.runner [-] Task 96471459-445f-4cd8-8d75-a87a1b3a9d7b | ITER: 8 END: OK
2020-04-10 04:29:47.328 8045 INFO rally.task.runner [-] Task 96471459-445f-4cd8-8d75-a87a1b3a9d7b | ITER: 7 END: OK
2020-04-10 04:29:47.814 8046 INFO rally.task.runner [-] Task 96471459-445f-4cd8-8d75-a87a1b3a9d7b | ITER: 9 END: OK
2020-04-10 04:29:47.902 8047 INFO rally.task.runner [-] Task 96471459-445f-4cd8-8d75-a87a1b3a9d7b | ITER: 10 END: OK
2020-04-10 04:29:47.925 7990 INFO rally.task.context [-] Task 96471459-445f-4cd8-8d75-a87a1b3a9d7b | Context admin_cleanup@openstack cleanup() started
2020-04-10 04:29:47.929 7990 RALLYDEBUG rally_openstack.cleanup.manager [-] Cleaning up keystone user objects
2020-04-10 04:29:48.495 7990 RALLYDEBUG rally_openstack.cleanup.manager [-] Cleaning up keystone project objects
2020-04-10 04:29:48.828 7990 RALLYDEBUG rally_openstack.cleanup.manager [-] Cleaning up keystone service objects
2020-04-10 04:29:49.102 7990 RALLYDEBUG rally_openstack.cleanup.manager [-] Cleaning up keystone role objects
2020-04-10 04:29:49.313 7990 RALLYDEBUG rally_openstack.cleanup.manager [-] Deleting keystone.role object s_rally_5eb10649_PvhyhyVL (01a35a116bb74bb3aca8336ba4a7f03e)
2020-04-10 04:29:49.329 7990 RALLYDEBUG rally_openstack.cleanup.manager [-] Deleting keystone.role object s_rally_5eb10649_gfc3LYip (49ead9677523405ab89787f2aa9f97a5)
2020-04-10 04:29:49.329 7990 RALLYDEBUG rally_openstack.cleanup.manager [-] Deleting keystone.role object s_rally_5eb10649_5RpFbV8D (3eb7c76c7e014f7bbe45e954c4f6215b)
2020-04-10 04:29:49.360 7990 RALLYDEBUG rally_openstack.cleanup.manager [-] Deleting keystone.role object s_rally_5eb10649_0HDifD9e (4b4af7c780b94882ad8b1b8faefb5c61)
2020-04-10 04:29:49.407 7990 RALLYDEBUG rally_openstack.cleanup.manager [-] Deleting keystone.role object s_rally_5eb10649_UV2sTON7 (b2569605d2d14efc9d8c12a2c3cae69d)
2020-04-10 04:29:49.416 7990 RALLYDEBUG rally_openstack.cleanup.manager [-] Deleting keystone.role object s_rally_5eb10649_lf7OahaP (b8454c13452c401a97e59d2b0c4f25eb)
2020-04-10 04:29:49.430 7990 RALLYDEBUG rally_openstack.cleanup.manager [-] Deleting keystone.role object s_rally_5eb10649_THBn3TqL (c2994d61465348069902f28b8b8833d9)
2020-04-10 04:29:49.437 7990 RALLYDEBUG rally_openstack.cleanup.manager [-] Deleting keystone.role object s_rally_5eb10649_qFTQSH4F (930384ed938d4894aa5f483915535bdc)
2020-04-10 04:29:49.447 7990 RALLYDEBUG rally_openstack.cleanup.manager [-] Deleting keystone.role object s_rally_5eb10649_92XMXVFm (cfbc0280d800445aa918fc67a1d60b67)
2020-04-10 04:29:49.456 7990 RALLYDEBUG rally_openstack.cleanup.manager [-] Deleting keystone.role object s_rally_5eb10649_tjEIzd0H (dff51f8be5d541e2aafb30eeae54be98)
2020-04-10 04:29:51.223 7990 INFO rally.task.context [-] Task 96471459-445f-4cd8-8d75-a87a1b3a9d7b | Context admin_cleanup@openstack cleanup() finished in 3.30 sec
2020-04-10 04:29:51.224 7990 INFO rally.task.context [-] Task 96471459-445f-4cd8-8d75-a87a1b3a9d7b | Context users@openstack cleanup() started
2020-04-10 04:29:51.520 7990 WARNING rally.common.logging [-] `iterate_per_tenants()' is deprecated in v3.0.0: it is openstack specific.. Used at
2020-04-10 04:29:55.191 7990 INFO rally.task.context [-] Task 96471459-445f-4cd8-8d75-a87a1b3a9d7b | Context users@openstack cleanup() finished in 3.97 sec
2020-04-10 04:29:56.371 7990 INFO rally.task.engine [-] Load duration is: 1.789166
2020-04-10 04:29:56.372 7990 INFO rally.task.engine [-] Full runner duration is: 2.184065
2020-04-10 04:29:56.372 7990 INFO rally.task.engine [-] Full duration is: 10.98579
2020-04-10 04:29:56.464 7990 INFO rally.task.engine [-] Running workload: position = 0 config = { "version": 2, "title": "A cropped version of a bigger task.", "description": "Auto-generated task from a single workload (uuid=6968e5de-420e-4bf0-85c6-08857202bf54)", "subtasks": [ { "title": "KeystoneBasic.create_add_and_list_user_roles", "description": "Create user role, add it and list user roles for given user.", "scenario": { "KeystoneBasic.create_add_and_list_user_roles": {} }, "contexts": { "users": { "tenants": 3, "users_per_tenant": 2 } }, "runner": { "constant": { "concurrency": 4, "times": 10 } }, "hooks": [], "sla": { "failure_rate": { "max": 0 } } } ] }
2020-04-10 04:29:56.482 7990 RALLYDEBUG rally_openstack.contexts.keystone.users [-] Creating 3 tenants using 3 threads
2020-04-10 04:29:57.125 7990 RALLYDEBUG rally_openstack.contexts.keystone.users [-] Creating 6 users using 6 threads
2020-04-10 04:29:58.143 7990 INFO rally.task.context [-] Task 96471459-445f-4cd8-8d75-a87a1b3a9d7b | Context users@openstack setup() finished in 1.66 sec
2020-04-10 04:29:58.143 7990 INFO rally.task.context [-] Task 96471459-445f-4cd8-8d75-a87a1b3a9d7b | Context admin_cleanup@openstack setup() finished in 0.01 msec
2020-04-10 04:29:58.153 7990 RALLYDEBUG rally.task.runner [-] Starting the constant runner (task UUID: 96471459-445f-4cd8-8d75-a87a1b3a9d7b). times: 10 concurrency: 4 timeout: 0 max_cpu_used: 88 processes_to_start: 4 concurrency_per_worker: 1 concurrency_overhead: 0
2020-04-10 04:29:58.164 8198 RALLYDEBUG rally.task.runner [-] Starting a worker. times: 10 duration: None concurrency: 1 timeout: 0 cls: method_name: run args: {}
2020-04-10 04:29:58.167 8199 RALLYDEBUG rally.task.runner [-] Starting a worker. times: 10 duration: None concurrency: 1 timeout: 0 cls: method_name: run args: {}
2020-04-10 04:29:58.169 8198 INFO rally.task.runner [-] Task 96471459-445f-4cd8-8d75-a87a1b3a9d7b | ITER: 1 START
2020-04-10 04:29:58.170 8200 RALLYDEBUG rally.task.runner [-] Starting a worker. times: 10 duration: None concurrency: 1 timeout: 0 cls: method_name: run args: {}
2020-04-10 04:29:58.173 8199 INFO rally.task.runner [-] Task 96471459-445f-4cd8-8d75-a87a1b3a9d7b | ITER: 2 START
2020-04-10 04:29:58.174 8201 RALLYDEBUG rally.task.runner [-] Starting a worker. times: 10 duration: None concurrency: 1 timeout: 0 cls: method_name: run args: {}
2020-04-10 04:29:58.177 8200 INFO rally.task.runner [-] Task 96471459-445f-4cd8-8d75-a87a1b3a9d7b | ITER: 3 START
2020-04-10 04:29:58.179 8201 INFO rally.task.runner [-] Task 96471459-445f-4cd8-8d75-a87a1b3a9d7b | ITER: 4 START
2020-04-10 04:29:58.750 8201 INFO rally.task.runner [-] Task 96471459-445f-4cd8-8d75-a87a1b3a9d7b | ITER: 4 END: OK
2020-04-10 04:29:58.755 8201 INFO rally.task.runner [-] Task 96471459-445f-4cd8-8d75-a87a1b3a9d7b | ITER: 5 START
2020-04-10 04:29:58.776 8198 INFO rally.task.runner [-] Task 96471459-445f-4cd8-8d75-a87a1b3a9d7b | ITER: 1 END: OK
2020-04-10 04:29:58.781 8198 INFO rally.task.runner [-] Task 96471459-445f-4cd8-8d75-a87a1b3a9d7b | ITER: 6 START
2020-04-10 04:29:58.785 8200 INFO rally.task.runner [-] Task 96471459-445f-4cd8-8d75-a87a1b3a9d7b | ITER: 3 END: OK
2020-04-10 04:29:58.788 8200 INFO rally.task.runner [-] Task 96471459-445f-4cd8-8d75-a87a1b3a9d7b | ITER: 7 START
2020-04-10 04:29:58.940 8199 INFO rally.task.runner [-] Task 96471459-445f-4cd8-8d75-a87a1b3a9d7b | ITER: 2 END: OK
2020-04-10 04:29:58.944 8199 INFO rally.task.runner [-] Task 96471459-445f-4cd8-8d75-a87a1b3a9d7b | ITER: 8 START
2020-04-10 04:29:59.371 8198 INFO rally.task.runner [-] Task 96471459-445f-4cd8-8d75-a87a1b3a9d7b | ITER: 6 END: OK
2020-04-10 04:29:59.374 8198 INFO rally.task.runner [-] Task 96471459-445f-4cd8-8d75-a87a1b3a9d7b | ITER: 9 START
2020-04-10 04:29:59.464 8200 INFO rally.task.runner [-] Task 96471459-445f-4cd8-8d75-a87a1b3a9d7b | ITER: 7 END: OK
2020-04-10 04:29:59.468 8200 INFO rally.task.runner [-] Task 96471459-445f-4cd8-8d75-a87a1b3a9d7b | ITER: 10 START
2020-04-10 04:29:59.502 8201 INFO rally.task.runner [-] Task 96471459-445f-4cd8-8d75-a87a1b3a9d7b | ITER: 5 END: OK
2020-04-10 04:29:59.757 8199 INFO rally.task.runner [-] Task 96471459-445f-4cd8-8d75-a87a1b3a9d7b | ITER: 8 END: OK
2020-04-10 04:30:00.046 8200 INFO rally.task.runner [-] Task 96471459-445f-4cd8-8d75-a87a1b3a9d7b | ITER: 10 END: OK
2020-04-10 04:30:00.059 8198 INFO rally.task.runner [-] Task 96471459-445f-4cd8-8d75-a87a1b3a9d7b | ITER: 9 END: OK
2020-04-10 04:30:00.083 7990 INFO rally.task.context [-] Task 96471459-445f-4cd8-8d75-a87a1b3a9d7b | Context admin_cleanup@openstack cleanup() started
2020-04-10 04:30:00.087 7990 RALLYDEBUG rally_openstack.cleanup.manager [-] Cleaning up keystone user objects
2020-04-10 04:30:00.519 7990 RALLYDEBUG rally_openstack.cleanup.manager [-] Cleaning up keystone project objects
2020-04-10 04:30:00.862 7990 RALLYDEBUG rally_openstack.cleanup.manager [-] Cleaning up keystone service objects
2020-04-10 04:30:01.122 7990 RALLYDEBUG rally_openstack.cleanup.manager [-] Cleaning up keystone role objects
2020-04-10 04:30:01.387 7990 RALLYDEBUG rally_openstack.cleanup.manager [-] Deleting keystone.role object s_rally_6968e5de_Z5M1i376 (71ff1472c76b4a2fb580cf45f9d41ee3)
2020-04-10 04:30:01.408 7990 RALLYDEBUG rally_openstack.cleanup.manager [-] Deleting keystone.role object s_rally_6968e5de_QaGudPLq (899aa6f86df0447ca2b93a01683ddc65)
2020-04-10 04:30:01.403 7990 RALLYDEBUG rally_openstack.cleanup.manager [-] Deleting keystone.role object s_rally_6968e5de_aJ2cwOwD (8e2138bbb6664b9db5750bbf5b9de34a)
2020-04-10 04:30:01.420 7990 RALLYDEBUG rally_openstack.cleanup.manager [-] Deleting keystone.role object s_rally_6968e5de_itywDja9 (97bfc12eadd74c1ebbc77b27f05a3b3e)
2020-04-10 04:30:01.446 7990 RALLYDEBUG rally_openstack.cleanup.manager [-] Deleting keystone.role object s_rally_6968e5de_RFf03259 (ba4fc7e68ec244d08ae24266fc879e4c)
2020-04-10 04:30:01.454 7990 RALLYDEBUG rally_openstack.cleanup.manager [-] Deleting keystone.role object s_rally_6968e5de_rE8bCICB (a6c2f0fdc447444b92304bdc6c6b9fef)
2020-04-10 04:30:01.467 7990 RALLYDEBUG rally_openstack.cleanup.manager [-] Deleting keystone.role object s_rally_6968e5de_FzlVMRfZ (bdeaef752ca04ffea7181067d680fe92)
2020-04-10 04:30:01.470 7990 RALLYDEBUG rally_openstack.cleanup.manager [-] Deleting keystone.role object s_rally_6968e5de_FV6v08N8 (a8248f637d2541c28fadd676a703066c)
2020-04-10 04:30:01.481 7990 RALLYDEBUG rally_openstack.cleanup.manager [-] Deleting keystone.role object s_rally_6968e5de_qy7yG4e1 (ee8c250ef35644559c1b6c6c0d9f6db6)
2020-04-10 04:30:01.483 7990 RALLYDEBUG rally_openstack.cleanup.manager [-] Deleting keystone.role object s_rally_6968e5de_b8OFRO3T (e36da90cdda443a9a77a2557cc32382b)
2020-04-10 04:30:03.416 7990 INFO rally.task.context [-] Task 96471459-445f-4cd8-8d75-a87a1b3a9d7b | Context admin_cleanup@openstack cleanup() finished in 3.33 sec
2020-04-10 04:30:03.417 7990 INFO rally.task.context [-] Task 96471459-445f-4cd8-8d75-a87a1b3a9d7b | Context users@openstack cleanup() started
2020-04-10 04:30:03.630 7990 WARNING rally.common.logging [-] `iterate_per_tenants()' is deprecated in v3.0.0: it is openstack specific.. Used at
2020-04-10 04:30:06.919 7990 INFO rally.task.context [-] Task 96471459-445f-4cd8-8d75-a87a1b3a9d7b | Context users@openstack cleanup() finished in 3.50 sec
2020-04-10 04:30:08.590 7990 INFO rally.task.engine [-] Load duration is: 1.542376
2020-04-10 04:30:08.590 7990 INFO rally.task.engine [-] Full runner duration is: 1.929505
2020-04-10 04:30:08.591 7990 INFO rally.task.engine [-] Full duration is: 10.439037
2020-04-10 04:30:08.688 7990 INFO rally.task.engine [-] Running workload: position = 0 config = { "version": 2, "title": "A cropped version of a bigger task.", "description": "Auto-generated task from a single workload (uuid=ca6a83bc-1d99-414e-8495-0ab0008902fa)", "subtasks": [ { "title": "KeystoneBasic.create_and_list_tenants", "description": "Create a keystone tenant with random name and list all tenants.", "scenario": { "KeystoneBasic.create_and_list_tenants": {} }, "contexts": { "users": { "tenants": 3, "users_per_tenant": 2 } }, "runner": { "constant": { "concurrency": 4, "times": 10 } }, "hooks": [], "sla": { "failure_rate": { "max": 0 } } } ] }
2020-04-10 04:30:08.709 7990 RALLYDEBUG rally_openstack.contexts.keystone.users [-] Creating 3 tenants using 3 threads
2020-04-10 04:30:09.165 7990 RALLYDEBUG rally_openstack.contexts.keystone.users [-] Creating 6 users using 6 threads
2020-04-10 04:30:10.053 7990 INFO rally.task.context [-] Task 96471459-445f-4cd8-8d75-a87a1b3a9d7b | Context users@openstack setup() finished in 1.34 sec
2020-04-10 04:30:10.053 7990 INFO rally.task.context [-] Task 96471459-445f-4cd8-8d75-a87a1b3a9d7b | Context admin_cleanup@openstack setup() finished in 0.00 msec
2020-04-10 04:30:10.066 7990 RALLYDEBUG rally.task.runner [-] Starting the constant runner (task UUID: 96471459-445f-4cd8-8d75-a87a1b3a9d7b). times: 10 concurrency: 4 timeout: 0 max_cpu_used: 88 processes_to_start: 4 concurrency_per_worker: 1 concurrency_overhead: 0
2020-04-10 04:30:10.079 8351 RALLYDEBUG rally.task.runner [-] Starting a worker. times: 10 duration: None concurrency: 1 timeout: 0 cls: method_name: run args: {}
2020-04-10 04:30:10.081 8352 RALLYDEBUG rally.task.runner [-] Starting a worker. times: 10 duration: None concurrency: 1 timeout: 0 cls: method_name: run args: {}
2020-04-10 04:30:10.084 8353 RALLYDEBUG rally.task.runner [-] Starting a worker. times: 10 duration: None concurrency: 1 timeout: 0 cls: method_name: run args: {}
2020-04-10 04:30:10.086 8351 INFO rally.task.runner [-] Task 96471459-445f-4cd8-8d75-a87a1b3a9d7b | ITER: 1 START
2020-04-10 04:30:10.087 8352 INFO rally.task.runner [-] Task 96471459-445f-4cd8-8d75-a87a1b3a9d7b | ITER: 2 START
2020-04-10 04:30:10.087 8354 RALLYDEBUG rally.task.runner [-] Starting a worker. times: 10 duration: None concurrency: 1 timeout: 0 cls: method_name: run args: {}
2020-04-10 04:30:10.091 8353 INFO rally.task.runner [-] Task 96471459-445f-4cd8-8d75-a87a1b3a9d7b | ITER: 3 START
2020-04-10 04:30:10.094 8354 INFO rally.task.runner [-] Task 96471459-445f-4cd8-8d75-a87a1b3a9d7b | ITER: 4 START
2020-04-10 04:30:10.739 8351 INFO rally.task.runner [-] Task 96471459-445f-4cd8-8d75-a87a1b3a9d7b | ITER: 1 END: OK
2020-04-10 04:30:10.744 8351 INFO rally.task.runner [-] Task 96471459-445f-4cd8-8d75-a87a1b3a9d7b | ITER: 5 START
2020-04-10 04:30:10.750 8354 INFO rally.task.runner [-] Task 96471459-445f-4cd8-8d75-a87a1b3a9d7b | ITER: 4 END: OK
2020-04-10 04:30:10.755 8354 INFO rally.task.runner [-] Task 96471459-445f-4cd8-8d75-a87a1b3a9d7b | ITER: 6 START
2020-04-10 04:30:10.765 8352 INFO rally.task.runner [-] Task 96471459-445f-4cd8-8d75-a87a1b3a9d7b | ITER: 2 END: OK
2020-04-10 04:30:10.770 8352 INFO rally.task.runner [-] Task 96471459-445f-4cd8-8d75-a87a1b3a9d7b | ITER: 7 START
2020-04-10 04:30:10.772 8353 INFO rally.task.runner [-] Task 96471459-445f-4cd8-8d75-a87a1b3a9d7b | ITER: 3 END: OK
2020-04-10 04:30:10.777 8353 INFO rally.task.runner [-] Task 96471459-445f-4cd8-8d75-a87a1b3a9d7b | ITER: 8 START
2020-04-10 04:30:11.342 8354 INFO rally.task.runner [-] Task 96471459-445f-4cd8-8d75-a87a1b3a9d7b | ITER: 6 END: OK
2020-04-10 04:30:11.346 8354 INFO rally.task.runner [-] Task 96471459-445f-4cd8-8d75-a87a1b3a9d7b | ITER: 9 START
2020-04-10 04:30:11.368 8353 INFO rally.task.runner [-] Task 96471459-445f-4cd8-8d75-a87a1b3a9d7b | ITER: 8 END: OK
2020-04-10 04:30:11.371 8353 INFO rally.task.runner [-] Task 96471459-445f-4cd8-8d75-a87a1b3a9d7b | ITER: 10 START
2020-04-10 04:30:11.384 8351 INFO rally.task.runner [-] Task 96471459-445f-4cd8-8d75-a87a1b3a9d7b | ITER: 5 END: OK
2020-04-10 04:30:11.454 8352 INFO rally.task.runner [-] Task 96471459-445f-4cd8-8d75-a87a1b3a9d7b | ITER: 7 END: OK
2020-04-10 04:30:12.024 8353 INFO rally.task.runner [-] Task 96471459-445f-4cd8-8d75-a87a1b3a9d7b | ITER: 10 END: OK
2020-04-10 04:30:12.037 8354 INFO rally.task.runner [-] Task 96471459-445f-4cd8-8d75-a87a1b3a9d7b | ITER: 9 END: OK
2020-04-10 04:30:12.064 7990 INFO rally.task.context [-] Task 96471459-445f-4cd8-8d75-a87a1b3a9d7b | Context admin_cleanup@openstack cleanup() started
2020-04-10 04:30:12.069 7990 RALLYDEBUG rally_openstack.cleanup.manager [-] Cleaning up keystone user objects
2020-04-10 04:30:12.484 7990 RALLYDEBUG rally_openstack.cleanup.manager [-] Cleaning up keystone project objects
2020-04-10 04:30:12.719 7990 RALLYDEBUG rally_openstack.cleanup.manager [-] Deleting keystone.project object s_rally_ca6a83bc_ktUaYgte (27b2da39b9a9499182a3ea5a46f7ec1e)
2020-04-10 04:30:12.725 7990 RALLYDEBUG rally_openstack.cleanup.manager [-] Deleting keystone.project object s_rally_ca6a83bc_DV5NMAbN (046a2b8df6614e58a4649b74e767b6db)
2020-04-10 04:30:12.730 7990 RALLYDEBUG rally_openstack.cleanup.manager [-] Deleting keystone.project object s_rally_ca6a83bc_YgyPBO7M (3b0c5d0d4d7e4ae3816c2f09d07b7490)
2020-04-10 04:30:12.744 7990 RALLYDEBUG rally_openstack.cleanup.manager [-] Deleting keystone.project object s_rally_ca6a83bc_ADMqNIKT (27cd355a5df3459eadf6070a39314325)
2020-04-10 04:30:12.762 7990 RALLYDEBUG rally_openstack.cleanup.manager [-] Deleting keystone.project object s_rally_ca6a83bc_EAUjNFsB (55de6c512cc845a69bafe1b56f0f72c5)
2020-04-10 04:30:12.787 7990 RALLYDEBUG rally_openstack.cleanup.manager [-] Deleting keystone.project object s_rally_ca6a83bc_mFZOEMOw (6ac8449331d3452aa853cd6ca0b72548)
2020-04-10 04:30:12.808 7990 RALLYDEBUG rally_openstack.cleanup.manager [-] Deleting keystone.project object s_rally_ca6a83bc_PObsEV8v (6101c27c51604f0688065aec746cdcaa)
2020-04-10 04:30:12.813 7990 RALLYDEBUG rally_openstack.cleanup.manager [-] Deleting keystone.project object s_rally_ca6a83bc_kRbZPdjx (6a1c63fdd2134cc8b1373c361a009255)
2020-04-10 04:30:12.876 7990 RALLYDEBUG rally_openstack.cleanup.manager [-] Deleting keystone.project object s_rally_ca6a83bc_CtwG9SBo (ec122866ff734b708878e162ed064a00)
2020-04-10 04:30:12.886 7990 RALLYDEBUG rally_openstack.cleanup.manager [-] Deleting keystone.project object s_rally_ca6a83bc_9GiTtcsO (f19b9e9748e44098b6e18f66cfb8cdd9)
2020-04-10 04:30:14.624 7990 RALLYDEBUG rally_openstack.cleanup.manager [-] Cleaning up keystone service objects
2020-04-10 04:30:15.042 7990 RALLYDEBUG rally_openstack.cleanup.manager [-] Cleaning up keystone role objects
2020-04-10 04:30:15.316 7990 INFO rally.task.context [-] Task 96471459-445f-4cd8-8d75-a87a1b3a9d7b | Context admin_cleanup@openstack cleanup() finished in 3.25 sec
2020-04-10 04:30:15.317 7990 INFO rally.task.context [-] Task 96471459-445f-4cd8-8d75-a87a1b3a9d7b | Context users@openstack cleanup() started
2020-04-10 04:30:15.523 7990 WARNING rally.common.logging [-] `iterate_per_tenants()' is deprecated in v3.0.0: it is openstack specific.. Used at
2020-04-10 04:30:18.799 7990 INFO rally.task.context [-] Task 96471459-445f-4cd8-8d75-a87a1b3a9d7b | Context users@openstack cleanup() finished in 3.48 sec
2020-04-10 04:30:18.965 7990 INFO rally.task.engine [-] Load duration is: 1.618805
2020-04-10 04:30:18.966 7990 INFO rally.task.engine [-] Full runner duration is: 1.999378
2020-04-10 04:30:18.966 7990 INFO rally.task.engine [-] Full duration is: 10.091758
2020-04-10 04:30:19.053 7990 INFO rally.task.engine [-] Running workload: position = 0 config = { "version": 2, "title": "A cropped version of a bigger task.", "description": "Auto-generated task from a single workload (uuid=1c8389bc-4871-4418-983e-b27e91dffa01)", "subtasks": [ { "title": "KeystoneBasic.create_and_delete_role", "description": "Create a user role and delete it.", "scenario": { "KeystoneBasic.create_and_delete_role": {} }, "contexts": { "users": { "tenants": 3, "users_per_tenant": 2 } }, "runner": { "constant": { "concurrency": 4, "times": 10 } }, "hooks": [], "sla": { "failure_rate": { "max": 0 } } } ] }
2020-04-10 04:30:19.068 7990 RALLYDEBUG rally_openstack.contexts.keystone.users [-] Creating 3 tenants using 3 threads
2020-04-10 04:30:19.583 7990 RALLYDEBUG rally_openstack.contexts.keystone.users [-] Creating 6 users using 6 threads
2020-04-10 04:30:20.554 7990 INFO rally.task.context [-] Task 96471459-445f-4cd8-8d75-a87a1b3a9d7b | Context users@openstack setup() finished in 1.49 sec
2020-04-10 04:30:20.555 7990 INFO rally.task.context [-] Task 96471459-445f-4cd8-8d75-a87a1b3a9d7b | Context admin_cleanup@openstack setup() finished in 0.00 msec
2020-04-10 04:30:20.564 7990 RALLYDEBUG rally.task.runner [-] Starting the constant runner (task UUID: 96471459-445f-4cd8-8d75-a87a1b3a9d7b). times: 10 concurrency: 4 timeout: 0 max_cpu_used: 88 processes_to_start: 4 concurrency_per_worker: 1 concurrency_overhead: 0
2020-04-10 04:30:20.575 8504 RALLYDEBUG rally.task.runner [-] Starting a worker. times: 10 duration: None concurrency: 1 timeout: 0 cls: method_name: run args: {}
2020-04-10 04:30:20.577 8505 RALLYDEBUG rally.task.runner [-] Starting a worker. times: 10 duration: None concurrency: 1 timeout: 0 cls: method_name: run args: {}
2020-04-10 04:30:20.579 8506 RALLYDEBUG rally.task.runner [-] Starting a worker. times: 10 duration: None concurrency: 1 timeout: 0 cls: method_name: run args: {}
2020-04-10 04:30:20.582 8504 INFO rally.task.runner [-] Task 96471459-445f-4cd8-8d75-a87a1b3a9d7b | ITER: 1 START
2020-04-10 04:30:20.583 8505 INFO rally.task.runner [-] Task 96471459-445f-4cd8-8d75-a87a1b3a9d7b | ITER: 2 START
2020-04-10 04:30:20.582 8507 RALLYDEBUG rally.task.runner [-] Starting a worker. times: 10 duration: None concurrency: 1 timeout: 0 cls: method_name: run args: {}
2020-04-10 04:30:20.586 8506 INFO rally.task.runner [-] Task 96471459-445f-4cd8-8d75-a87a1b3a9d7b | ITER: 3 START
2020-04-10 04:30:20.588 8507 INFO rally.task.runner [-] Task 96471459-445f-4cd8-8d75-a87a1b3a9d7b | ITER: 4 START
2020-04-10 04:30:21.108 8506 INFO rally.task.runner [-] Task 96471459-445f-4cd8-8d75-a87a1b3a9d7b | ITER: 3 END: OK
2020-04-10 04:30:21.115 8506 INFO rally.task.runner [-] Task 96471459-445f-4cd8-8d75-a87a1b3a9d7b | ITER: 5 START
2020-04-10 04:30:21.127 8504 INFO rally.task.runner [-] Task 96471459-445f-4cd8-8d75-a87a1b3a9d7b | ITER: 1 END: OK
2020-04-10 04:30:21.132 8504 INFO rally.task.runner [-] Task 96471459-445f-4cd8-8d75-a87a1b3a9d7b | ITER: 6 START
2020-04-10 04:30:21.135 8507 INFO rally.task.runner [-] Task 96471459-445f-4cd8-8d75-a87a1b3a9d7b | ITER: 4 END: OK
2020-04-10 04:30:21.137 8505 INFO rally.task.runner [-] Task 96471459-445f-4cd8-8d75-a87a1b3a9d7b | ITER: 2 END: OK
2020-04-10 04:30:21.140 8507 INFO rally.task.runner [-] Task 96471459-445f-4cd8-8d75-a87a1b3a9d7b | ITER: 7 START
2020-04-10 04:30:21.142 8505 INFO rally.task.runner [-] Task 96471459-445f-4cd8-8d75-a87a1b3a9d7b | ITER: 8 START
2020-04-10 04:30:21.641 8507 INFO rally.task.runner [-] Task 96471459-445f-4cd8-8d75-a87a1b3a9d7b | ITER: 7 END: OK
2020-04-10 04:30:21.645 8507 INFO rally.task.runner [-] Task 96471459-445f-4cd8-8d75-a87a1b3a9d7b | ITER: 9 START
2020-04-10 04:30:21.649 8504 INFO rally.task.runner [-] Task 96471459-445f-4cd8-8d75-a87a1b3a9d7b | ITER: 6 END: OK
2020-04-10 04:30:21.653 8504 INFO rally.task.runner [-] Task 96471459-445f-4cd8-8d75-a87a1b3a9d7b | ITER: 10 START
2020-04-10 04:30:21.667 8506 INFO rally.task.runner [-] Task 96471459-445f-4cd8-8d75-a87a1b3a9d7b | ITER: 5 END: OK
2020-04-10 04:30:21.753 8505 INFO rally.task.runner [-] Task 96471459-445f-4cd8-8d75-a87a1b3a9d7b | ITER: 8 END: OK
2020-04-10 04:30:22.218 8507 INFO rally.task.runner [-] Task 96471459-445f-4cd8-8d75-a87a1b3a9d7b | ITER: 9 END: OK
2020-04-10 04:30:22.225 8504 INFO rally.task.runner [-] Task 96471459-445f-4cd8-8d75-a87a1b3a9d7b | ITER: 10 END: OK
2020-04-10 04:30:22.251 7990 INFO rally.task.context [-] Task 96471459-445f-4cd8-8d75-a87a1b3a9d7b | Context admin_cleanup@openstack cleanup() started
2020-04-10 04:30:22.260 7990 RALLYDEBUG rally_openstack.cleanup.manager [-] Cleaning up keystone user objects
2020-04-10 04:30:22.737 7990 RALLYDEBUG rally_openstack.cleanup.manager [-] Cleaning up keystone project objects
2020-04-10 04:30:23.065 7990 RALLYDEBUG rally_openstack.cleanup.manager [-] Cleaning up keystone service objects
2020-04-10 04:30:23.358 7990 RALLYDEBUG rally_openstack.cleanup.manager [-] Cleaning up keystone role objects
2020-04-10 04:30:23.639 7990 INFO rally.task.context [-] Task 96471459-445f-4cd8-8d75-a87a1b3a9d7b | Context admin_cleanup@openstack cleanup() finished in 1.39 sec
2020-04-10 04:30:23.640 7990 INFO rally.task.context [-] Task 96471459-445f-4cd8-8d75-a87a1b3a9d7b | Context users@openstack cleanup() started
2020-04-10 04:30:23.869 7990 WARNING rally.common.logging [-] `iterate_per_tenants()' is deprecated in v3.0.0: it is openstack specific.. Used at
2020-04-10 04:30:26.546 7990 INFO rally.task.context [-] Task 96471459-445f-4cd8-8d75-a87a1b3a9d7b | Context users@openstack cleanup() finished in 2.91 sec
2020-04-10 04:30:27.161 7990 INFO rally.task.engine [-] Load duration is: 1.282659
2020-04-10 04:30:27.162 7990 INFO rally.task.engine [-] Full runner duration is: 1.68603
2020-04-10 04:30:27.162 7990 INFO rally.task.engine [-] Full duration is: 7.479532
2020-04-10 04:30:27.254 7990 INFO rally.task.engine [-] Running workload: position = 0 config = { "version": 2, "title": "A cropped version of a bigger task.", "description": "Auto-generated task from a single workload (uuid=7194d40d-6300-468d-9122-d8c3b6316d61)", "subtasks": [ { "title": "KeystoneBasic.create_and_delete_service", "description": "Create and delete service.", "scenario": { "KeystoneBasic.create_and_delete_service": {} }, "contexts": { "users": { "tenants": 3, "users_per_tenant": 2 } }, "runner": { "constant": { "concurrency": 4, "times": 10 } }, "hooks": [], "sla": { "failure_rate": { "max": 0 } } } ] }
2020-04-10 04:30:27.275 7990 RALLYDEBUG rally_openstack.contexts.keystone.users [-] Creating 3 tenants using 3 threads
2020-04-10 04:30:27.778 7990 RALLYDEBUG rally_openstack.contexts.keystone.users [-] Creating 6 users using 6 threads
2020-04-10 04:30:28.852 7990 INFO rally.task.context [-] Task 96471459-445f-4cd8-8d75-a87a1b3a9d7b | Context users@openstack setup() finished in 1.58 sec
2020-04-10 04:30:28.852 7990 INFO rally.task.context [-] Task 96471459-445f-4cd8-8d75-a87a1b3a9d7b | Context admin_cleanup@openstack setup() finished in 0.00 msec
2020-04-10 04:30:28.862 7990 RALLYDEBUG rally.task.runner [-] Starting the constant runner (task UUID: 96471459-445f-4cd8-8d75-a87a1b3a9d7b). times: 10 concurrency: 4 timeout: 0 max_cpu_used: 88 processes_to_start: 4 concurrency_per_worker: 1 concurrency_overhead: 0
2020-04-10 04:30:28.872 8657 RALLYDEBUG rally.task.runner [-] Starting a worker. times: 10 duration: None concurrency: 1 timeout: 0 cls: method_name: run args: {}
2020-04-10 04:30:28.875 8658 RALLYDEBUG rally.task.runner [-] Starting a worker. times: 10 duration: None concurrency: 1 timeout: 0 cls: method_name: run args: {}
2020-04-10 04:30:28.877 8659 RALLYDEBUG rally.task.runner [-] Starting a worker. times: 10 duration: None concurrency: 1 timeout: 0 cls: method_name: run args: {}
2020-04-10 04:30:28.878 8657 INFO rally.task.runner [-] Task 96471459-445f-4cd8-8d75-a87a1b3a9d7b | ITER: 1 START
2020-04-10 04:30:28.880 8658 INFO rally.task.runner [-] Task 96471459-445f-4cd8-8d75-a87a1b3a9d7b | ITER: 2 START
