2020-04-10 04:17:32.979 3251 RALLYDEBUG rally.task.utils [-] Waiting for resource s_rally_1077dc07_wgv795tg. Status changed: AVAILABLE => DELETING in 0.07225751876831055
2020-04-10 04:17:34.687 3252 INFO rally.task.runner [-] Task e8360cdb-5be4-4b68-b1aa-6d6d222a9617 | ITER: 8 END: OK
2020-04-10 04:17:34.692 3252 INFO rally.task.runner [-] Task e8360cdb-5be4-4b68-b1aa-6d6d222a9617 | ITER: 9 START
2020-04-10 04:17:34.733 3256 INFO rally.task.runner [-] Task e8360cdb-5be4-4b68-b1aa-6d6d222a9617 | ITER: 7 END: OK
2020-04-10 04:17:34.737 3256 INFO rally.task.runner [-] Task e8360cdb-5be4-4b68-b1aa-6d6d222a9617 | ITER: 10 START
2020-04-10 04:17:34.753 3253 INFO rally.task.runner [-] Task e8360cdb-5be4-4b68-b1aa-6d6d222a9617 | ITER: 6 END: OK
2020-04-10 04:17:35.030 3251 INFO rally.task.runner [-] Task e8360cdb-5be4-4b68-b1aa-6d6d222a9617 | ITER: 5 END: OK
2020-04-10 04:17:37.413 3252 RALLYDEBUG rally.task.utils [-] Waiting for resource s_rally_1077dc07_80qvc2BC. Status changed: AVAILABLE => DELETING in 0.06913208961486816
2020-04-10 04:17:37.421 3256 RALLYDEBUG rally.task.utils [-] Waiting for resource s_rally_1077dc07_74NMSYGg. Status changed: AVAILABLE => DELETING in 0.06874632835388184
2020-04-10 04:17:39.468 3252 INFO rally.task.runner [-] Task e8360cdb-5be4-4b68-b1aa-6d6d222a9617 | ITER: 9 END: OK
2020-04-10 04:17:39.477 3256 INFO rally.task.runner [-] Task e8360cdb-5be4-4b68-b1aa-6d6d222a9617 | ITER: 10 END: OK
2020-04-10 04:17:39.498 1333 INFO rally.task.context [-] Task e8360cdb-5be4-4b68-b1aa-6d6d222a9617 | Context cleanup@openstack cleanup() started
2020-04-10 04:17:39.503 1333 RALLYDEBUG rally_openstack.cleanup.manager [-] Cleaning up cinder backups objects
2020-04-10 04:17:40.095 1333 RALLYDEBUG rally_openstack.cleanup.manager [-] Cleaning up cinder volume_snapshots objects
2020-04-10 04:17:40.551 1333 RALLYDEBUG rally_openstack.cleanup.manager [-] Cleaning up cinder transfers objects
2020-04-10 04:17:40.989 1333 RALLYDEBUG rally_openstack.cleanup.manager [-] Cleaning up cinder volumes objects
2020-04-10 04:17:41.551 1333 INFO rally.task.context [-] Task e8360cdb-5be4-4b68-b1aa-6d6d222a9617 | Context cleanup@openstack cleanup() finished in 2.05 sec
2020-04-10 04:17:41.552 1333 INFO rally.task.context [-] Task e8360cdb-5be4-4b68-b1aa-6d6d222a9617 | Context quotas@openstack cleanup() started
2020-04-10 04:17:41.644 1333 INFO rally.task.context [-] Task e8360cdb-5be4-4b68-b1aa-6d6d222a9617 | Context quotas@openstack cleanup() finished in 92.24 msec
2020-04-10 04:17:41.645 1333 INFO rally.task.context [-] Task e8360cdb-5be4-4b68-b1aa-6d6d222a9617 | Context api_versions@openstack cleanup() started
2020-04-10 04:17:41.645 1333 INFO rally.task.context [-] Task e8360cdb-5be4-4b68-b1aa-6d6d222a9617 | Context api_versions@openstack cleanup() finished in 0.42 msec
2020-04-10 04:17:41.646 1333 INFO rally.task.context [-] Task e8360cdb-5be4-4b68-b1aa-6d6d222a9617 | Context users@openstack cleanup() started
2020-04-10 04:17:41.847 1333 WARNING rally.common.logging [-] `iterate_per_tenants()' is deprecated in v3.0.0: it is openstack specific.. Used at
2020-04-10 04:17:45.570 1333 INFO rally.task.context [-] Task e8360cdb-5be4-4b68-b1aa-6d6d222a9617 | Context users@openstack cleanup() finished in 3.92 sec
2020-04-10 04:17:46.770 1333 INFO rally.task.engine [-] Load duration is: 14.540034
2020-04-10 04:17:46.770 1333 INFO rally.task.engine [-] Full runner duration is: 14.584974
2020-04-10 04:17:46.771 1333 INFO rally.task.engine [-] Full duration is: 23.057548
2020-04-10 04:17:46.830 1333 INFO rally.task.engine [-] Running workload: position = 1 config = { "version": 2, "title": "A cropped version of a bigger task.", "description": "Auto-generated task from a single workload (uuid=ed949e7b-f607-4c1c-8933-050cf083db1d)", "subtasks": [ { "title": "CinderVolumes.create_and_delete_volume", "description": "Create and then delete a volume.", "scenario": { "CinderVolumes.create_and_delete_volume": { "image": { "name": "rally_full-img_904cbf3a-2ea6-4f0d-90b5-c5ed3d669543" }, "size": 1 } }, "contexts": { "users": { "tenants": 3, "users_per_tenant": 2 }, "quotas": { "cinder": { "gigabytes": -1, "snapshots": -1, "volumes": -1 } }, "api_versions": { "cinder": { "version": 3, "service_type": "volumev3" } } }, "runner": { "constant": { "concurrency": 4, "times": 10 } }, "hooks": [], "sla": { "failure_rate": { "max": 0 } } } ] }
2020-04-10 04:17:46.857 1333 RALLYDEBUG rally_openstack.contexts.keystone.users [-] Creating 3 tenants using 3 threads
2020-04-10 04:17:47.302 1333 RALLYDEBUG rally_openstack.contexts.keystone.users [-] Creating 6 users using 6 threads
2020-04-10 04:17:48.421 1333 INFO rally.task.context [-] Task e8360cdb-5be4-4b68-b1aa-6d6d222a9617 | Context users@openstack setup() finished in 1.56 sec
2020-04-10 04:17:48.550 1333 INFO rally.task.context [-] Task e8360cdb-5be4-4b68-b1aa-6d6d222a9617 | Context api_versions@openstack setup() finished in 0.13 sec
2020-04-10 04:17:49.398 1333 INFO rally.task.context [-] Task e8360cdb-5be4-4b68-b1aa-6d6d222a9617 | Context quotas@openstack setup() finished in 0.85 sec
2020-04-10 04:17:49.399 1333 INFO rally.task.context [-] Task e8360cdb-5be4-4b68-b1aa-6d6d222a9617 | Context cleanup@openstack setup() finished in 0.02 msec
2020-04-10 04:17:49.679 1333 RALLYDEBUG rally.task.runner [-] Starting the constant runner (task UUID: e8360cdb-5be4-4b68-b1aa-6d6d222a9617). times: 10 concurrency: 4 timeout: 0 max_cpu_used: 88 processes_to_start: 4 concurrency_per_worker: 1 concurrency_overhead: 0
2020-04-10 04:17:49.691 3404 RALLYDEBUG rally.task.runner [-] Starting a worker. times: 10 duration: None concurrency: 1 timeout: 0 cls: method_name: run args: {"image": "fb2519f7-fd71-4231-bbb1-c2646090e539", "size": 1}
2020-04-10 04:17:49.694 3405 RALLYDEBUG rally.task.runner [-] Starting a worker. times: 10 duration: None concurrency: 1 timeout: 0 cls: method_name: run args: {"image": "fb2519f7-fd71-4231-bbb1-c2646090e539", "size": 1}
2020-04-10 04:17:49.697 3406 RALLYDEBUG rally.task.runner [-] Starting a worker. times: 10 duration: None concurrency: 1 timeout: 0 cls: method_name: run args: {"image": "fb2519f7-fd71-4231-bbb1-c2646090e539", "size": 1}
2020-04-10 04:17:49.698 3404 INFO rally.task.runner [-] Task e8360cdb-5be4-4b68-b1aa-6d6d222a9617 | ITER: 1 START
2020-04-10 04:17:49.699 3407 RALLYDEBUG rally.task.runner [-] Starting a worker. times: 10 duration: None concurrency: 1 timeout: 0 cls: method_name: run args: {"image": "fb2519f7-fd71-4231-bbb1-c2646090e539", "size": 1}
2020-04-10 04:17:49.701 3405 INFO rally.task.runner [-] Task e8360cdb-5be4-4b68-b1aa-6d6d222a9617 | ITER: 2 START
2020-04-10 04:17:49.704 3406 INFO rally.task.runner [-] Task e8360cdb-5be4-4b68-b1aa-6d6d222a9617 | ITER: 3 START
2020-04-10 04:17:49.705 3407 INFO rally.task.runner [-] Task e8360cdb-5be4-4b68-b1aa-6d6d222a9617 | ITER: 4 START
2020-04-10 04:17:54.657 3406 RALLYDEBUG rally.task.utils [-] Waiting for resource s_rally_ed949e7b_bh0X6boh. Status changed: DOWNLOADING => AVAILABLE in 2.2412359714508057
2020-04-10 04:17:54.659 3407 RALLYDEBUG rally.task.utils [-] Waiting for resource s_rally_ed949e7b_xHTfMPsJ. Status changed: DOWNLOADING => AVAILABLE in 2.226166009902954
2020-04-10 04:17:54.715 3404 RALLYDEBUG rally.task.utils [-] Waiting for resource s_rally_ed949e7b_Ak2VVTEx. Status changed: DOWNLOADING => AVAILABLE in 2.2503931522369385
2020-04-10 04:17:54.819 3407 RALLYDEBUG rally.task.utils [-] Waiting for resource s_rally_ed949e7b_xHTfMPsJ. Status changed: AVAILABLE => DELETING in 0.07216858863830566
2020-04-10 04:17:54.838 3406 RALLYDEBUG rally.task.utils [-] Waiting for resource s_rally_ed949e7b_bh0X6boh. Status changed: AVAILABLE => DELETING in 0.08118963241577148
2020-04-10 04:17:54.870 3404 RALLYDEBUG rally.task.utils [-] Waiting for resource s_rally_ed949e7b_Ak2VVTEx. Status changed: AVAILABLE => DELETING in 0.07142424583435059
2020-04-10 04:17:55.650 3405 RALLYDEBUG rally.task.utils [-] Waiting for resource s_rally_ed949e7b_kxHPuObM. Status changed: DOWNLOADING => AVAILABLE in 2.236574411392212
2020-04-10 04:17:55.820 3405 RALLYDEBUG rally.task.utils [-] Waiting for resource s_rally_ed949e7b_kxHPuObM. Status changed: AVAILABLE => DELETING in 0.07716655731201172
2020-04-10 04:17:56.872 3407 INFO rally.task.runner [-] Task e8360cdb-5be4-4b68-b1aa-6d6d222a9617 | ITER: 4 END: OK
2020-04-10 04:17:56.877 3407 INFO rally.task.runner [-] Task e8360cdb-5be4-4b68-b1aa-6d6d222a9617 | ITER: 5 START
2020-04-10 04:17:56.888 3406 INFO rally.task.runner [-] Task e8360cdb-5be4-4b68-b1aa-6d6d222a9617 | ITER: 3 END: OK
2020-04-10 04:17:56.893 3406 INFO rally.task.runner [-] Task e8360cdb-5be4-4b68-b1aa-6d6d222a9617 | ITER: 6 START
2020-04-10 04:17:56.934 3404 INFO rally.task.runner [-] Task e8360cdb-5be4-4b68-b1aa-6d6d222a9617 | ITER: 1 END: OK
2020-04-10 04:17:56.939 3404 INFO rally.task.runner [-] Task e8360cdb-5be4-4b68-b1aa-6d6d222a9617 | ITER: 7 START
2020-04-10 04:17:57.879 3405 INFO rally.task.runner [-] Task e8360cdb-5be4-4b68-b1aa-6d6d222a9617 | ITER: 2 END: OK
2020-04-10 04:17:57.884 3405 INFO rally.task.runner [-] Task e8360cdb-5be4-4b68-b1aa-6d6d222a9617 | ITER: 8 START
2020-04-10 04:18:01.784 3407 RALLYDEBUG rally.task.utils [-] Waiting for resource s_rally_ed949e7b_3AdtEETw. Status changed: DOWNLOADING => AVAILABLE in 2.218637704849243
2020-04-10 04:18:01.786 3404 RALLYDEBUG rally.task.utils [-] Waiting for resource s_rally_ed949e7b_zn7RiqQP. Status changed: DOWNLOADING => AVAILABLE in 2.2318942546844482
2020-04-10 04:18:01.924 3406 RALLYDEBUG rally.task.utils [-] Waiting for resource s_rally_ed949e7b_jXo80Kq4. Status changed: DOWNLOADING => AVAILABLE in 2.4621241092681885
2020-04-10 04:18:01.939 3407 RALLYDEBUG rally.task.utils [-] Waiting for resource s_rally_ed949e7b_3AdtEETw. Status changed: AVAILABLE => DELETING in 0.07864832878112793
2020-04-10 04:18:01.942 3404 RALLYDEBUG rally.task.utils [-] Waiting for resource s_rally_ed949e7b_zn7RiqQP. Status changed: AVAILABLE => DELETING in 0.07579159736633301
2020-04-10 04:18:02.098 3406 RALLYDEBUG rally.task.utils [-] Waiting for resource s_rally_ed949e7b_jXo80Kq4. Status changed: AVAILABLE => DELETING in 0.09544730186462402
2020-04-10 04:18:02.852 3405 RALLYDEBUG rally.task.utils [-] Waiting for resource s_rally_ed949e7b_D2Nh8lm2. Status changed: DOWNLOADING => AVAILABLE in 2.2937428951263428
2020-04-10 04:18:02.998 3405 RALLYDEBUG rally.task.utils [-] Waiting for resource s_rally_ed949e7b_D2Nh8lm2. Status changed: AVAILABLE => DELETING in 0.0703427791595459
2020-04-10 04:18:03.992 3407 INFO rally.task.runner [-] Task e8360cdb-5be4-4b68-b1aa-6d6d222a9617 | ITER: 5 END: OK
2020-04-10 04:18:03.996 3407 INFO rally.task.runner [-] Task e8360cdb-5be4-4b68-b1aa-6d6d222a9617 | ITER: 9 START
2020-04-10 04:18:03.997 3404 INFO rally.task.runner [-] Task e8360cdb-5be4-4b68-b1aa-6d6d222a9617 | ITER: 7 END: OK
2020-04-10 04:18:04.001 3404 INFO rally.task.runner [-] Task e8360cdb-5be4-4b68-b1aa-6d6d222a9617 | ITER: 10 START
2020-04-10 04:18:04.163 3406 INFO rally.task.runner [-] Task e8360cdb-5be4-4b68-b1aa-6d6d222a9617 | ITER: 6 END: OK
2020-04-10 04:18:05.057 3405 INFO rally.task.runner [-] Task e8360cdb-5be4-4b68-b1aa-6d6d222a9617 | ITER: 8 END: OK
2020-04-10 04:18:08.865 3404 RALLYDEBUG rally.task.utils [-] Waiting for resource s_rally_ed949e7b_N0HUoSOm. Status changed: DOWNLOADING => AVAILABLE in 2.21884822845459
2020-04-10 04:18:08.970 3407 RALLYDEBUG rally.task.utils [-] Waiting for resource s_rally_ed949e7b_GTaeIsxK. Status changed: DOWNLOADING => AVAILABLE in 2.4193482398986816
2020-04-10 04:18:09.019 3404 RALLYDEBUG rally.task.utils [-] Waiting for resource s_rally_ed949e7b_N0HUoSOm. Status changed: AVAILABLE => DELETING in 0.07672643661499023
2020-04-10 04:18:09.121 3407 RALLYDEBUG rally.task.utils [-] Waiting for resource s_rally_ed949e7b_GTaeIsxK. Status changed: AVAILABLE => DELETING in 0.0802760124206543
2020-04-10 04:18:11.074 3404 INFO rally.task.runner [-] Task e8360cdb-5be4-4b68-b1aa-6d6d222a9617 | ITER: 10 END: OK
2020-04-10 04:18:11.170 3407 INFO rally.task.runner [-] Task e8360cdb-5be4-4b68-b1aa-6d6d222a9617 | ITER: 9 END: OK
2020-04-10 04:18:11.198 1333 INFO rally.task.context [-] Task e8360cdb-5be4-4b68-b1aa-6d6d222a9617 | Context cleanup@openstack cleanup() started
2020-04-10 04:18:11.206 1333 RALLYDEBUG rally_openstack.cleanup.manager [-] Cleaning up cinder backups objects
2020-04-10 04:18:11.670 1333 RALLYDEBUG rally_openstack.cleanup.manager [-] Cleaning up cinder volume_snapshots objects
2020-04-10 04:18:12.130 1333 RALLYDEBUG rally_openstack.cleanup.manager [-] Cleaning up cinder transfers objects
2020-04-10 04:18:12.574 1333 RALLYDEBUG rally_openstack.cleanup.manager [-] Cleaning up cinder volumes objects
2020-04-10 04:18:13.153 1333 INFO rally.task.context [-] Task e8360cdb-5be4-4b68-b1aa-6d6d222a9617 | Context cleanup@openstack cleanup() finished in 1.96 sec
2020-04-10 04:18:13.154 1333 INFO rally.task.context [-] Task e8360cdb-5be4-4b68-b1aa-6d6d222a9617 | Context quotas@openstack cleanup() started
2020-04-10 04:18:13.254 1333 INFO rally.task.context [-] Task e8360cdb-5be4-4b68-b1aa-6d6d222a9617 | Context quotas@openstack cleanup() finished in 99.51 msec
2020-04-10 04:18:13.254 1333 INFO rally.task.context [-] Task e8360cdb-5be4-4b68-b1aa-6d6d222a9617 | Context api_versions@openstack cleanup() started
2020-04-10 04:18:13.255 1333 INFO rally.task.context [-] Task e8360cdb-5be4-4b68-b1aa-6d6d222a9617 | Context api_versions@openstack cleanup() finished in 0.37 msec
2020-04-10 04:18:13.255 1333 INFO rally.task.context [-] Task e8360cdb-5be4-4b68-b1aa-6d6d222a9617 | Context users@openstack cleanup() started
2020-04-10 04:18:13.382 1333 WARNING rally.common.logging [-] `iterate_per_tenants()' is deprecated in v3.0.0: it is openstack specific.. Used at
2020-04-10 04:18:16.527 1333 INFO rally.task.context [-] Task e8360cdb-5be4-4b68-b1aa-6d6d222a9617 | Context users@openstack cleanup() finished in 3.27 sec
2020-04-10 04:18:17.054 1333 INFO rally.task.engine [-] Load duration is: 21.467012
2020-04-10 04:18:17.055 1333 INFO rally.task.engine [-] Full runner duration is: 21.519156
2020-04-10 04:18:17.055 1333 INFO rally.task.engine [-] Full duration is: 29.675072
2020-04-10 04:18:17.117 1333 INFO rally.task.engine [-] Running workload: position = 2 config = { "version": 2, "title": "A cropped version of a bigger task.", "description": "Auto-generated task from a single workload (uuid=ee3d120d-f095-4596-8c0f-2855778947b4)", "subtasks": [ { "title": "CinderVolumes.create_and_delete_volume", "description": "Create and then delete a volume.", "scenario": { "CinderVolumes.create_and_delete_volume": { "size": 1 } }, "contexts": { "users": { "tenants": 3, "users_per_tenant": 2 }, "quotas": { "cinder": { "gigabytes": -1, "snapshots": -1, "volumes": -1 } }, "api_versions": { "cinder": { "version": 3, "service_type": "volumev3" } } }, "runner": { "constant": { "concurrency": 4, "times": 10 } }, "hooks": [], "sla": { "failure_rate": { "max": 0 } } } ] }
2020-04-10 04:18:17.139 1333 RALLYDEBUG rally_openstack.contexts.keystone.users [-] Creating 3 tenants using 3 threads
2020-04-10 04:18:17.603 1333 RALLYDEBUG rally_openstack.contexts.keystone.users [-] Creating 6 users using 6 threads
2020-04-10 04:18:18.692 1333 INFO rally.task.context [-] Task e8360cdb-5be4-4b68-b1aa-6d6d222a9617 | Context users@openstack setup() finished in 1.55 sec
2020-04-10 04:18:18.846 1333 INFO rally.task.context [-] Task e8360cdb-5be4-4b68-b1aa-6d6d222a9617 | Context api_versions@openstack setup() finished in 0.15 sec
2020-04-10 04:18:19.458 1333 INFO rally.task.context [-] Task e8360cdb-5be4-4b68-b1aa-6d6d222a9617 | Context quotas@openstack setup() finished in 0.61 sec
2020-04-10 04:18:19.459 1333 INFO rally.task.context [-] Task e8360cdb-5be4-4b68-b1aa-6d6d222a9617 | Context cleanup@openstack setup() finished in 0.02 msec
2020-04-10 04:18:19.471 1333 RALLYDEBUG rally.task.runner [-] Starting the constant runner (task UUID: e8360cdb-5be4-4b68-b1aa-6d6d222a9617). times: 10 concurrency: 4 timeout: 0 max_cpu_used: 88 processes_to_start: 4 concurrency_per_worker: 1 concurrency_overhead: 0
2020-04-10 04:18:19.483 3557 RALLYDEBUG rally.task.runner [-] Starting a worker. times: 10 duration: None concurrency: 1 timeout: 0 cls: method_name: run args: {"size": 1}
2020-04-10 04:18:19.485 3558 RALLYDEBUG rally.task.runner [-] Starting a worker. times: 10 duration: None concurrency: 1 timeout: 0 cls: method_name: run args: {"size": 1}
2020-04-10 04:18:19.489 3559 RALLYDEBUG rally.task.runner [-] Starting a worker. times: 10 duration: None concurrency: 1 timeout: 0 cls: method_name: run args: {"size": 1}
2020-04-10 04:18:19.490 3557 INFO rally.task.runner [-] Task e8360cdb-5be4-4b68-b1aa-6d6d222a9617 | ITER: 1 START
2020-04-10 04:18:19.491 3560 RALLYDEBUG rally.task.runner [-] Starting a worker. times: 10 duration: None concurrency: 1 timeout: 0 cls: method_name: run args: {"size": 1}
2020-04-10 04:18:19.493 3558 INFO rally.task.runner [-] Task e8360cdb-5be4-4b68-b1aa-6d6d222a9617 | ITER: 2 START
2020-04-10 04:18:19.495 3559 INFO rally.task.runner [-] Task e8360cdb-5be4-4b68-b1aa-6d6d222a9617 | ITER: 3 START
2020-04-10 04:18:19.497 3560 INFO rally.task.runner [-] Task e8360cdb-5be4-4b68-b1aa-6d6d222a9617 | ITER: 4 START
2020-04-10 04:18:22.406 3560 RALLYDEBUG rally.task.utils [-] Waiting for resource s_rally_ee3d120d_qIYBC1q3. Status changed: AVAILABLE => DELETING in 0.0697021484375
2020-04-10 04:18:22.426 3557 RALLYDEBUG rally.task.utils [-] Waiting for resource s_rally_ee3d120d_r6AKj9k3. Status changed: AVAILABLE => DELETING in 0.07897472381591797
2020-04-10 04:18:22.500 3558 RALLYDEBUG rally.task.utils [-] Waiting for resource s_rally_ee3d120d_99CzkA7j. Status changed: AVAILABLE => DELETING in 0.11349654197692871
2020-04-10 04:18:22.646 3559 RALLYDEBUG rally.task.utils [-] Waiting for resource s_rally_ee3d120d_6fpzlEDj. Status changed: AVAILABLE => DELETING in 0.08024811744689941
2020-04-10 04:18:24.466 3560 INFO rally.task.runner [-] Task e8360cdb-5be4-4b68-b1aa-6d6d222a9617 | ITER: 4 END: OK
2020-04-10 04:18:24.470 3560 INFO rally.task.runner [-] Task e8360cdb-5be4-4b68-b1aa-6d6d222a9617 | ITER: 5 START
2020-04-10 04:18:24.487 3557 INFO rally.task.runner [-] Task e8360cdb-5be4-4b68-b1aa-6d6d222a9617 | ITER: 1 END: OK
2020-04-10 04:18:24.492 3557 INFO rally.task.runner [-] Task e8360cdb-5be4-4b68-b1aa-6d6d222a9617 | ITER: 6 START
2020-04-10 04:18:24.554 3558 INFO rally.task.runner [-] Task e8360cdb-5be4-4b68-b1aa-6d6d222a9617 | ITER: 2 END: OK
2020-04-10 04:18:24.560 3558 INFO rally.task.runner [-] Task e8360cdb-5be4-4b68-b1aa-6d6d222a9617 | ITER: 7 START
2020-04-10 04:18:24.704 3559 INFO rally.task.runner [-] Task e8360cdb-5be4-4b68-b1aa-6d6d222a9617 | ITER: 3 END: OK
2020-04-10 04:18:24.710 3559 INFO rally.task.runner [-] Task e8360cdb-5be4-4b68-b1aa-6d6d222a9617 | ITER: 8 START
2020-04-10 04:18:27.230 3557 RALLYDEBUG rally.task.utils [-] Waiting for resource s_rally_ee3d120d_gYKkyOko. Status changed: AVAILABLE => DELETING in 0.06392478942871094
2020-04-10 04:18:27.304 3560 RALLYDEBUG rally.task.utils [-] Waiting for resource s_rally_ee3d120d_DQ6lQ4Qc. Status changed: AVAILABLE => DELETING in 0.07242345809936523
2020-04-10 04:18:27.320 3558 RALLYDEBUG rally.task.utils [-] Waiting for resource s_rally_ee3d120d_o0qlZJEQ. Status changed: AVAILABLE => DELETING in 0.07817769050598145
2020-04-10 04:18:27.468 3559 RALLYDEBUG rally.task.utils [-] Waiting for resource s_rally_ee3d120d_5yrMqioB. Status changed: AVAILABLE => DELETING in 0.07060956954956055
2020-04-10 04:18:29.287 3557 INFO rally.task.runner [-] Task e8360cdb-5be4-4b68-b1aa-6d6d222a9617 | ITER: 6 END: OK
2020-04-10 04:18:29.291 3557 INFO rally.task.runner [-] Task e8360cdb-5be4-4b68-b1aa-6d6d222a9617 | ITER: 9 START
2020-04-10 04:18:29.361 3560 INFO rally.task.runner [-] Task e8360cdb-5be4-4b68-b1aa-6d6d222a9617 | ITER: 5 END: OK
2020-04-10 04:18:29.366 3560 INFO rally.task.runner [-] Task e8360cdb-5be4-4b68-b1aa-6d6d222a9617 | ITER: 10 START
2020-04-10 04:18:29.375 3558 INFO rally.task.runner [-] Task e8360cdb-5be4-4b68-b1aa-6d6d222a9617 | ITER: 7 END: OK
2020-04-10 04:18:29.531 3559 INFO rally.task.runner [-] Task e8360cdb-5be4-4b68-b1aa-6d6d222a9617 | ITER: 8 END: OK
2020-04-10 04:18:32.145 3557 RALLYDEBUG rally.task.utils [-] Waiting for resource s_rally_ee3d120d_WydWUhWq. Status changed: AVAILABLE => DELETING in 0.07846403121948242
2020-04-10 04:18:32.245 3560 RALLYDEBUG rally.task.utils [-] Waiting for resource s_rally_ee3d120d_ulPqcyrr. Status changed: AVAILABLE => DELETING in 0.27007532119750977
2020-04-10 04:18:34.194 3557 INFO rally.task.runner [-] Task e8360cdb-5be4-4b68-b1aa-6d6d222a9617 | ITER: 9 END: OK
2020-04-10 04:18:34.304 3560 INFO rally.task.runner [-] Task e8360cdb-5be4-4b68-b1aa-6d6d222a9617 | ITER: 10 END: OK
2020-04-10 04:18:34.333 1333 INFO rally.task.context [-] Task e8360cdb-5be4-4b68-b1aa-6d6d222a9617 | Context cleanup@openstack cleanup() started
2020-04-10 04:18:34.338 1333 RALLYDEBUG rally_openstack.cleanup.manager [-] Cleaning up cinder backups objects
2020-04-10 04:18:34.906 1333 RALLYDEBUG rally_openstack.cleanup.manager [-] Cleaning up cinder volume_snapshots objects
2020-04-10 04:18:35.351 1333 RALLYDEBUG rally_openstack.cleanup.manager [-] Cleaning up cinder transfers objects
2020-04-10 04:18:35.803 1333 RALLYDEBUG rally_openstack.cleanup.manager [-] Cleaning up cinder volumes objects
2020-04-10 04:18:36.336 1333 INFO rally.task.context [-] Task e8360cdb-5be4-4b68-b1aa-6d6d222a9617 | Context cleanup@openstack cleanup() finished in 2.00 sec
2020-04-10 04:18:36.337 1333 INFO rally.task.context [-] Task e8360cdb-5be4-4b68-b1aa-6d6d222a9617 | Context quotas@openstack cleanup() started
2020-04-10 04:18:36.443 1333 INFO rally.task.context [-] Task e8360cdb-5be4-4b68-b1aa-6d6d222a9617 | Context quotas@openstack cleanup() finished in 0.11 sec
2020-04-10 04:18:36.445 1333 INFO rally.task.context [-] Task e8360cdb-5be4-4b68-b1aa-6d6d222a9617 | Context api_versions@openstack cleanup() started
2020-04-10 04:18:36.445 1333 INFO rally.task.context [-] Task e8360cdb-5be4-4b68-b1aa-6d6d222a9617 | Context api_versions@openstack cleanup() finished in 0.36 msec
2020-04-10 04:18:36.446 1333 INFO rally.task.context [-] Task e8360cdb-5be4-4b68-b1aa-6d6d222a9617 | Context users@openstack cleanup() started
2020-04-10 04:18:36.631 1333 WARNING rally.common.logging [-] `iterate_per_tenants()' is deprecated in v3.0.0: it is openstack specific.. Used at
2020-04-10 04:18:39.273 1333 INFO rally.task.context [-] Task e8360cdb-5be4-4b68-b1aa-6d6d222a9617 | Context users@openstack cleanup() finished in 2.83 sec
2020-04-10 04:18:41.283 1333 INFO rally.task.engine [-] Load duration is: 14.809311
2020-04-10 04:18:41.284 1333 INFO rally.task.engine [-] Full runner duration is: 14.862275
2020-04-10 04:18:41.284 1333 INFO rally.task.engine [-] Full duration is: 22.136969
2020-04-10 04:18:41.398 1333 INFO rally.task.engine [-] Running workload: position = 0 config = { "version": 2, "title": "A cropped version of a bigger task.", "description": "Auto-generated task from a single workload (uuid=c16cd8d8-83d4-4e37-9f3a-89b09d98cd41)", "subtasks": [ { "title": "CinderVolumes.create_and_extend_volume", "description": "Create and extend a volume and then delete it.", "scenario": { "CinderVolumes.create_and_extend_volume": { "new_size": 2, "size": 1 } }, "contexts": { "users": { "tenants": 3, "users_per_tenant": 2 }, "quotas": { "cinder": { "gigabytes": -1, "snapshots": -1, "volumes": -1 } }, "api_versions": { "cinder": { "version": 3, "service_type": "volumev3" } } }, "runner": { "constant": { "concurrency": 4, "times": 10 } }, "hooks": [], "sla": { "failure_rate": { "max": 0 } } } ] }
2020-04-10 04:18:41.420 1333 RALLYDEBUG rally_openstack.contexts.keystone.users [-] Creating 3 tenants using 3 threads
2020-04-10 04:18:41.909 1333 RALLYDEBUG rally_openstack.contexts.keystone.users [-] Creating 6 users using 6 threads
2020-04-10 04:18:42.754 1333 INFO rally.task.context [-] Task e8360cdb-5be4-4b68-b1aa-6d6d222a9617 | Context users@openstack setup() finished in 1.33 sec
2020-04-10 04:18:42.887 1333 INFO rally.task.context [-] Task e8360cdb-5be4-4b68-b1aa-6d6d222a9617 | Context api_versions@openstack setup() finished in 0.13 sec
2020-04-10 04:18:43.610 1333 INFO rally.task.context [-] Task e8360cdb-5be4-4b68-b1aa-6d6d222a9617 | Context quotas@openstack setup() finished in 0.72 sec
2020-04-10 04:18:43.610 1333 INFO rally.task.context [-] Task e8360cdb-5be4-4b68-b1aa-6d6d222a9617 | Context cleanup@openstack setup() finished in 0.11 msec
2020-04-10 04:18:43.622 1333 RALLYDEBUG rally.task.runner [-] Starting the constant runner (task UUID: e8360cdb-5be4-4b68-b1aa-6d6d222a9617). times: 10 concurrency: 4 timeout: 0 max_cpu_used: 88 processes_to_start: 4 concurrency_per_worker: 1 concurrency_overhead: 0
2020-04-10 04:18:43.635 3710 RALLYDEBUG rally.task.runner [-] Starting a worker. times: 10 duration: None concurrency: 1 timeout: 0 cls: method_name: run args: {"new_size": 2, "size": 1}
2020-04-10 04:18:43.637 3711 RALLYDEBUG rally.task.runner [-] Starting a worker. times: 10 duration: None concurrency: 1 timeout: 0 cls: method_name: run args: {"new_size": 2, "size": 1}
2020-04-10 04:18:43.641 3712 RALLYDEBUG rally.task.runner [-] Starting a worker. times: 10 duration: None concurrency: 1 timeout: 0 cls: method_name: run args: {"new_size": 2, "size": 1}
2020-04-10 04:18:43.642 3710 INFO rally.task.runner [-] Task e8360cdb-5be4-4b68-b1aa-6d6d222a9617 | ITER: 1 START
2020-04-10 04:18:43.643 3713 RALLYDEBUG rally.task.runner [-] Starting a worker. times: 10 duration: None concurrency: 1 timeout: 0 cls: method_name: run args: {"new_size": 2, "size": 1}
2020-04-10 04:18:43.644 3711 INFO rally.task.runner [-] Task e8360cdb-5be4-4b68-b1aa-6d6d222a9617 | ITER: 2 START
2020-04-10 04:18:43.649 3712 INFO rally.task.runner [-] Task e8360cdb-5be4-4b68-b1aa-6d6d222a9617 | ITER: 3 START
2020-04-10 04:18:43.649 3713 INFO rally.task.runner [-] Task e8360cdb-5be4-4b68-b1aa-6d6d222a9617 | ITER: 4 START
2020-04-10 04:18:46.553 3713 RALLYDEBUG rally.task.utils [-] Waiting for resource s_rally_c16cd8d8_JZC7W0pG. Status changed: AVAILABLE => EXTENDING in 0.07733631134033203
2020-04-10 04:18:46.631 3712 RALLYDEBUG rally.task.utils [-] Waiting for resource s_rally_c16cd8d8_pEUslhHE. Status changed: AVAILABLE => EXTENDING in 0.07141447067260742
2020-04-10 04:18:46.641 3711 RALLYDEBUG rally.task.utils [-] Waiting for resource s_rally_c16cd8d8_xOGgmd6b. Status changed: AVAILABLE => EXTENDING in 0.06611990928649902
2020-04-10 04:18:46.644 3710 RALLYDEBUG rally.task.utils [-] Waiting for resource s_rally_c16cd8d8_1d5XGsie. Status changed: AVAILABLE => EXTENDING in 0.06881952285766602
2020-04-10 04:18:48.630 3713 RALLYDEBUG rally.task.utils [-] Waiting for resource s_rally_c16cd8d8_JZC7W0pG. Status changed: EXTENDING => AVAILABLE in 2.077209711074829
2020-04-10 04:18:48.716 3712 RALLYDEBUG rally.task.utils [-] Waiting for resource s_rally_c16cd8d8_pEUslhHE. Status changed: EXTENDING => AVAILABLE in 2.084801435470581
2020-04-10 04:18:48.729 3710 RALLYDEBUG rally.task.utils [-] Waiting for resource s_rally_c16cd8d8_1d5XGsie. Status changed: EXTENDING => AVAILABLE in 2.084984064102173
2020-04-10 04:18:48.744 3711 RALLYDEBUG rally.task.utils [-] Waiting for resource s_rally_c16cd8d8_xOGgmd6b. Status changed: EXTENDING => AVAILABLE in 2.102687358856201
2020-04-10 04:18:48.792 3713 RALLYDEBUG rally.task.utils [-] Waiting for resource s_rally_c16cd8d8_JZC7W0pG. Status changed: AVAILABLE => DELETING in 0.07488870620727539
2020-04-10 04:18:48.859 3712 RALLYDEBUG rally.task.utils [-] Waiting for resource s_rally_c16cd8d8_pEUslhHE. Status changed: AVAILABLE => DELETING in 0.07013344764709473
2020-04-10 04:18:48.896 3710 RALLYDEBUG rally.task.utils [-] Waiting for resource s_rally_c16cd8d8_1d5XGsie. Status changed: AVAILABLE => DELETING in 0.08116483688354492
2020-04-10 04:18:48.902 3711 RALLYDEBUG rally.task.utils [-] Waiting for resource s_rally_c16cd8d8_xOGgmd6b. Status changed: AVAILABLE => DELETING in 0.06080269813537598
2020-04-10 04:18:50.852 3713 INFO rally.task.runner [-] Task e8360cdb-5be4-4b68-b1aa-6d6d222a9617 | ITER: 4 END: OK
2020-04-10 04:18:50.857 3713 INFO rally.task.runner [-] Task e8360cdb-5be4-4b68-b1aa-6d6d222a9617 | ITER: 5 START
2020-04-10 04:18:50.916 3712 INFO rally.task.runner [-] Task e8360cdb-5be4-4b68-b1aa-6d6d222a9617 | ITER: 3 END: OK
2020-04-10 04:18:50.923 3712 INFO rally.task.runner [-] Task e8360cdb-5be4-4b68-b1aa-6d6d222a9617 | ITER: 6 START
2020-04-10 04:18:50.960 3711 INFO rally.task.runner [-] Task e8360cdb-5be4-4b68-b1aa-6d6d222a9617 | ITER: 2 END: OK
2020-04-10 04:18:50.964 3710 INFO rally.task.runner [-] Task e8360cdb-5be4-4b68-b1aa-6d6d222a9617 | ITER: 1 END: OK
2020-04-10 04:18:50.965 3711 INFO rally.task.runner [-] Task e8360cdb-5be4-4b68-b1aa-6d6d222a9617 | ITER: 7 START
2020-04-10 04:18:50.969 3710 INFO rally.task.runner [-] Task e8360cdb-5be4-4b68-b1aa-6d6d222a9617 | ITER: 8 START
2020-04-10 04:18:53.833 3711 RALLYDEBUG rally.task.utils [-] Waiting for resource s_rally_c16cd8d8_zEhfJFqq. Status changed: AVAILABLE => EXTENDING in 0.07462120056152344
2020-04-10 04:18:53.845 3713 RALLYDEBUG rally.task.utils [-] Waiting for resource s_rally_c16cd8d8_D9wNPa6Z. Status changed: AVAILABLE => EXTENDING in 0.07138729095458984
2020-04-10 04:18:53.881 3712 RALLYDEBUG rally.task.utils [-] Waiting for resource s_rally_c16cd8d8_UKsX5mh4. Status changed: AVAILABLE => EXTENDING in 0.07022833824157715
2020-04-10 04:18:53.897 3710 RALLYDEBUG rally.task.utils [-] Waiting for resource s_rally_c16cd8d8_fqSpAgYW. Status changed: AVAILABLE => EXTENDING in 0.07512736320495605
2020-04-10 04:18:55.911 3711 RALLYDEBUG rally.task.utils [-] Waiting for resource s_rally_c16cd8d8_zEhfJFqq. Status changed: EXTENDING => AVAILABLE in 2.0780158042907715
2020-04-10 04:18:55.929 3713 RALLYDEBUG rally.task.utils [-] Waiting for resource s_rally_c16cd8d8_D9wNPa6Z. Status changed: EXTENDING => AVAILABLE in 2.0838444232940674
2020-04-10 04:18:55.969 3712 RALLYDEBUG rally.task.utils [-] Waiting for resource s_rally_c16cd8d8_UKsX5mh4. Status changed: EXTENDING => AVAILABLE in 2.0877857208251953
2020-04-10 04:18:55.976 3710 RALLYDEBUG rally.task.utils [-] Waiting for resource s_rally_c16cd8d8_fqSpAgYW. Status changed: EXTENDING => AVAILABLE in 2.0791513919830322
2020-04-10 04:18:56.066 3711 RALLYDEBUG rally.task.utils [-] Waiting for resource s_rally_c16cd8d8_zEhfJFqq. Status changed: AVAILABLE => DELETING in 0.07311296463012695
2020-04-10 04:18:56.077 3713 RALLYDEBUG rally.task.utils [-] Waiting for resource s_rally_c16cd8d8_D9wNPa6Z. Status changed: AVAILABLE => DELETING in 0.06992721557617188
2020-04-10 04:18:56.134 3710 RALLYDEBUG rally.task.utils [-] Waiting for resource s_rally_c16cd8d8_fqSpAgYW. Status changed: AVAILABLE => DELETING in 0.06503725051879883
2020-04-10 04:18:56.159 3712 RALLYDEBUG rally.task.utils [-] Waiting for resource s_rally_c16cd8d8_UKsX5mh4. Status changed: AVAILABLE => DELETING in 0.09787893295288086
2020-04-10 04:18:58.127 3711 INFO rally.task.runner [-] Task e8360cdb-5be4-4b68-b1aa-6d6d222a9617 | ITER: 7 END: OK
2020-04-10 04:18:58.131 3713 INFO rally.task.runner [-] Task e8360cdb-5be4-4b68-b1aa-6d6d222a9617 | ITER: 5 END: OK
2020-04-10 04:18:58.132 3711 INFO rally.task.runner [-] Task e8360cdb-5be4-4b68-b1aa-6d6d222a9617 | ITER: 9 START
2020-04-10 04:18:58.136 3713 INFO rally.task.runner [-] Task e8360cdb-5be4-4b68-b1aa-6d6d222a9617 | ITER: 10 START
2020-04-10 04:18:58.187 3710 INFO rally.task.runner [-] Task e8360cdb-5be4-4b68-b1aa-6d6d222a9617 | ITER: 8 END: OK
2020-04-10 04:18:58.221 3712 INFO rally.task.runner [-] Task e8360cdb-5be4-4b68-b1aa-6d6d222a9617 | ITER: 6 END: OK
2020-04-10 04:19:01.092 3711 RALLYDEBUG rally.task.utils [-] Waiting for resource s_rally_c16cd8d8_wffiiXkN. Status changed: AVAILABLE => EXTENDING in 0.07439184188842773
2020-04-10 04:19:01.101 3713 RALLYDEBUG rally.task.utils [-] Waiting for resource s_rally_c16cd8d8_ky4cZmSi. Status changed: AVAILABLE => EXTENDING in 0.07081294059753418
2020-04-10 04:19:03.184 3711 RALLYDEBUG rally.task.utils [-] Waiting for resource s_rally_c16cd8d8_wffiiXkN. Status changed: EXTENDING => AVAILABLE in 2.091801404953003
2020-04-10 04:19:03.184 3713 RALLYDEBUG rally.task.utils [-] Waiting for resource s_rally_c16cd8d8_ky4cZmSi. Status changed: EXTENDING => AVAILABLE in 2.083024740219116
2020-04-10 04:19:03.352 3711 RALLYDEBUG rally.task.utils [-] Waiting for resource s_rally_c16cd8d8_wffiiXkN. Status changed: AVAILABLE => DELETING in 0.07842326164245605
2020-04-10 04:19:03.360 3713 RALLYDEBUG rally.task.utils [-] Waiting for resource s_rally_c16cd8d8_ky4cZmSi. Status changed: AVAILABLE => DELETING in 0.07645535469055176
2020-04-10 04:19:05.405 3711 INFO rally.task.runner [-] Task e8360cdb-5be4-4b68-b1aa-6d6d222a9617 | ITER: 9 END: OK
2020-04-10 04:19:05.417 3713 INFO rally.task.runner [-] Task e8360cdb-5be4-4b68-b1aa-6d6d222a9617 | ITER: 10 END: OK
2020-04-10 04:19:05.446 1333 INFO rally.task.context [-] Task e8360cdb-5be4-4b68-b1aa-6d6d222a9617 | Context cleanup@openstack cleanup() started
2020-04-10 04:19:05.450 1333 RALLYDEBUG rally_openstack.cleanup.manager [-] Cleaning up cinder backups objects
2020-04-10 04:19:06.035 1333 RALLYDEBUG rally_openstack.cleanup.manager [-] Cleaning up cinder volume_snapshots objects
2020-04-10 04:19:06.449 1333 RALLYDEBUG rally_openstack.cleanup.manager [-] Cleaning up cinder transfers objects
2020-04-10 04:19:06.872 1333 RALLYDEBUG rally_openstack.cleanup.manager [-] Cleaning up cinder volumes objects
2020-04-10 04:19:07.397 1333 INFO rally.task.context [-] Task e8360cdb-5be4-4b68-b1aa-6d6d222a9617 | Context cleanup@openstack cleanup() finished in 1.95 sec
2020-04-10 04:19:07.398 1333 INFO rally.task.context [-] Task e8360cdb-5be4-4b68-b1aa-6d6d222a9617 | Context quotas@openstack cleanup() started
2020-04-10 04:19:07.494 1333 INFO rally.task.context [-] Task e8360cdb-5be4-4b68-b1aa-6d6d222a9617 | Context quotas@openstack cleanup() finished in 95.60 msec
2020-04-10 04:19:07.494 1333 INFO rally.task.context [-] Task e8360cdb-5be4-4b68-b1aa-6d6d222a9617 | Context api_versions@openstack cleanup() started
2020-04-10 04:19:07.495 1333 INFO rally.task.context [-] Task e8360cdb-5be4-4b68-b1aa-6d6d222a9617 | Context api_versions@openstack cleanup() finished in 0.29 msec
2020-04-10 04:19:07.495 1333 INFO rally.task.context [-] Task e8360cdb-5be4-4b68-b1aa-6d6d222a9617 | Context users@openstack cleanup() started
2020-04-10 04:19:07.701 1333 WARNING rally.common.logging [-] `iterate_per_tenants()' is deprecated in v3.0.0: it is openstack specific.. Used at
2020-04-10 04:19:12.743 1333 INFO rally.task.context [-] Task e8360cdb-5be4-4b68-b1aa-6d6d222a9617 | Context users@openstack cleanup() finished in 5.25 sec
2020-04-10 04:19:13.627 1333 INFO rally.task.engine [-] Load duration is: 21.76977
2020-04-10 04:19:13.627 1333 INFO rally.task.engine [-] Full runner duration is: 21.824448
2020-04-10 04:19:13.627 1333 INFO rally.task.engine [-] Full duration is: 31.325131
2020-04-10 04:19:13.716 1333 INFO rally.task.engine [-] Running workload: position = 0 config = { "version": 2, "title": "A cropped version of a bigger task.", "description": "Auto-generated task from a single workload (uuid=af552ddb-50df-4590-aaee-44862011203e)", "subtasks": [ { "title": "CinderVolumes.create_from_volume_and_delete_volume", "description": "Create volume from volume and then delete it.", "scenario": { "CinderVolumes.create_from_volume_and_delete_volume": { "size": 1 } }, "contexts": { "users": { "tenants": 3, "users_per_tenant": 2 }, "quotas": { "cinder": { "gigabytes": -1, "snapshots": -1, "volumes": -1 } }, "api_versions": { "cinder": { "version": 3, "service_type": "volumev3" } }, "volumes": { "size": 1, "volumes_per_tenant": 1 } }, "runner": { "constant": { "concurrency": 4, "times": 10 } }, "hooks": [], "sla": { "failure_rate": { "max": 0 } } } ] }
2020-04-10 04:19:13.744 1333 RALLYDEBUG rally_openstack.contexts.keystone.users [-] Creating 3 tenants using 3 threads
2020-04-10 04:19:14.537 1333 RALLYDEBUG rally_openstack.contexts.keystone.users [-] Creating 6 users using 6 threads
2020-04-10 04:19:15.431 1333 INFO rally.task.context [-] Task e8360cdb-5be4-4b68-b1aa-6d6d222a9617 | Context users@openstack setup() finished in 1.69 sec
2020-04-10 04:19:15.562 1333 INFO rally.task.context [-] Task e8360cdb-5be4-4b68-b1aa-6d6d222a9617 | Context api_versions@openstack setup() finished in 0.13 sec
2020-04-10 04:19:16.221 1333 INFO rally.task.context [-] Task e8360cdb-5be4-4b68-b1aa-6d6d222a9617 | Context quotas@openstack setup() finished in 0.66 sec
2020-04-10 04:19:16.222 1333 WARNING rally.common.logging [-] `iterate_per_tenants()' is deprecated in v3.0.0: it is openstack specific.. Used at
2020-04-10 04:19:24.745 1333 INFO rally.task.context [-] Task e8360cdb-5be4-4b68-b1aa-6d6d222a9617 | Context volumes@openstack setup() finished in 8.52 sec
2020-04-10 04:19:24.746 1333 INFO rally.task.context [-] Task e8360cdb-5be4-4b68-b1aa-6d6d222a9617 | Context cleanup@openstack setup() finished in 0.01 msec
2020-04-10 04:19:24.756 1333 RALLYDEBUG rally.task.runner [-] Starting the constant runner (task UUID: e8360cdb-5be4-4b68-b1aa-6d6d222a9617). times: 10 concurrency: 4 timeout: 0 max_cpu_used: 88 processes_to_start: 4 concurrency_per_worker: 1 concurrency_overhead: 0
2020-04-10 04:19:24.768 3863 RALLYDEBUG rally.task.runner [-] Starting a worker. times: 10 duration: None concurrency: 1 timeout: 0 cls: method_name: run args: {"size": 1}
2020-04-10 04:19:24.771 3864 RALLYDEBUG rally.task.runner [-] Starting a worker. times: 10 duration: None concurrency: 1 timeout: 0 cls: method_name: run args: {"size": 1}
2020-04-10 04:19:24.775 3863 INFO rally.task.runner [-] Task e8360cdb-5be4-4b68-b1aa-6d6d222a9617 | ITER: 1 START
2020-04-10 04:19:24.775 3865 RALLYDEBUG rally.task.runner [-] Starting a worker. times: 10 duration: None concurrency: 1 timeout: 0 cls: method_name: run args: {"size": 1}
2020-04-10 04:19:24.777 3866 RALLYDEBUG rally.task.runner [-] Starting a worker. times: 10 duration: None concurrency: 1 timeout: 0 cls: method_name: run args: {"size": 1}
2020-04-10 04:19:24.779 3864 INFO rally.task.runner [-] Task e8360cdb-5be4-4b68-b1aa-6d6d222a9617 | ITER: 2 START
2020-04-10 04:19:24.782 3865 INFO rally.task.runner [-] Task e8360cdb-5be4-4b68-b1aa-6d6d222a9617 | ITER: 3 START
2020-04-10 04:19:24.785 3866 INFO rally.task.runner [-] Task e8360cdb-5be4-4b68-b1aa-6d6d222a9617 | ITER: 4 START
2020-04-10 04:19:27.621 3866 RALLYDEBUG rally.task.utils [-] Waiting for resource s_rally_af552ddb_LLBbeGaI. Status changed: AVAILABLE => DELETING in 0.08792352676391602
2020-04-10 04:19:27.668 3864 RALLYDEBUG rally.task.utils [-] Waiting for resource s_rally_af552ddb_KSptL63O. Status changed: AVAILABLE => DELETING in 0.07695531845092773
2020-04-10 04:19:27.682 3863 RALLYDEBUG rally.task.utils [-] Waiting for resource s_rally_af552ddb_UQiFgYJm. Status changed: AVAILABLE => DELETING in 0.08259868621826172
2020-04-10 04:19:29.548 3865 RALLYDEBUG rally.task.utils [-] Waiting for resource s_rally_af552ddb_VKlxKPux. Status changed: CREATING => AVAILABLE in 2.226344347000122
2020-04-10 04:19:29.733 3863 INFO rally.task.runner [-] Task e8360cdb-5be4-4b68-b1aa-6d6d222a9617 | ITER: 1 END: OK
2020-04-10 04:19:29.739 3863 INFO rally.task.runner [-] Task e8360cdb-5be4-4b68-b1aa-6d6d222a9617 | ITER: 5 START
2020-04-10 04:19:29.902 3865 RALLYDEBUG rally.task.utils [-] Waiting for resource s_rally_af552ddb_VKlxKPux. Status changed: AVAILABLE => DELETING in 0.07335424423217773
2020-04-10 04:19:31.762 3866 INFO rally.task.runner [-] Task e8360cdb-5be4-4b68-b1aa-6d6d222a9617 | ITER: 4 END: OK
2020-04-10 04:19:31.767 3866 INFO rally.task.runner [-] Task e8360cdb-5be4-4b68-b1aa-6d6d222a9617 | ITER: 6 START
2020-04-10 04:19:31.794 3864 INFO rally.task.runner [-] Task e8360cdb-5be4-4b68-b1aa-6d6d222a9617 | ITER: 2 END: OK
2020-04-10 04:19:31.799 3864 INFO rally.task.runner [-] Task e8360cdb-5be4-4b68-b1aa-6d6d222a9617 | ITER: 7 START
2020-04-10 04:19:31.954 3865 INFO rally.task.runner [-] Task e8360cdb-5be4-4b68-b1aa-6d6d222a9617 | ITER: 3 END: OK
2020-04-10 04:19:31.960 3865 INFO rally.task.runner [-] Task e8360cdb-5be4-4b68-b1aa-6d6d222a9617 | ITER: 8 START
2020-04-10 04:19:32.590 3863 RALLYDEBUG rally.task.utils [-] Waiting for resource s_rally_af552ddb_dPSXDJeC. Status changed: AVAILABLE => DELETING in 0.07889938354492188
2020-04-10 04:19:34.573 3866 RALLYDEBUG rally.task.utils [-] Waiting for resource s_rally_af552ddb_HNfs8idL. Status changed: AVAILABLE => DELETING in 0.07246232032775879
2020-04-10 04:19:34.632 3863 INFO rally.task.runner [-] Task e8360cdb-5be4-4b68-b1aa-6d6d222a9617 | ITER: 5 END: OK
2020-04-10 04:19:34.635 3863 INFO rally.task.runner [-] Task e8360cdb-5be4-4b68-b1aa-6d6d222a9617 | ITER: 9 START
2020-04-10 04:19:34.778 3865 RALLYDEBUG rally.task.utils [-] Waiting for resource s_rally_af552ddb_lY2zFNIC. Status changed: AVAILABLE => DELETING in 0.07361388206481934
2020-04-10 04:19:36.627 3866 INFO rally.task.runner [-] Task e8360cdb-5be4-4b68-b1aa-6d6d222a9617 | ITER: 6 END: OK
2020-04-10 04:19:36.631 3866 INFO rally.task.runner [-] Task e8360cdb-5be4-4b68-b1aa-6d6d222a9617 | ITER: 10 START
2020-04-10 04:19:38.730 3864 RALLYDEBUG rally.task.utils [-] Waiting for resource s_rally_af552ddb_3qj88VG5. Status changed: CREATING => AVAILABLE in 4.294067859649658
2020-04-10 04:19:38.913 3864 RALLYDEBUG rally.task.utils [-] Waiting for resource s_rally_af552ddb_3qj88VG5. Status changed: AVAILABLE => DELETING in 0.10762238502502441
2020-04-10 04:19:39.099 3865 INFO rally.task.runner [-] Task e8360cdb-5be4-4b68-b1aa-6d6d222a9617 | ITER: 8 END: OK
2020-04-10 04:19:39.348 3863 RALLYDEBUG rally.task.utils [-] Waiting for resource s_rally_af552ddb_X3acQ9Wm. Status changed: CREATING => AVAILABLE in 2.2260446548461914
2020-04-10 04:19:39.514 3863 RALLYDEBUG rally.task.utils [-] Waiting for resource s_rally_af552ddb_X3acQ9Wm. Status changed: AVAILABLE => DELETING in 0.07383346557617188
2020-04-10 04:19:39.548 3866 RALLYDEBUG rally.task.utils [-] Waiting for resource s_rally_af552ddb_gtHND574. Status changed: AVAILABLE => DELETING in 0.09042167663574219
2020-04-10 04:19:40.969 3864 INFO rally.task.runner [-] Task e8360cdb-5be4-4b68-b1aa-6d6d222a9617 | ITER: 7 END: OK
2020-04-10 04:19:41.569 3863 INFO rally.task.runner [-] Task e8360cdb-5be4-4b68-b1aa-6d6d222a9617 | ITER: 9 END: OK
2020-04-10 04:19:41.611 3866 INFO rally.task.runner [-] Task e8360cdb-5be4-4b68-b1aa-6d6d222a9617 | ITER: 10 END: OK
2020-04-10 04:19:41.634 1333 INFO rally.task.context [-] Task e8360cdb-5be4-4b68-b1aa-6d6d222a9617 | Context cleanup@openstack cleanup() started
2020-04-10 04:19:41.642 1333 RALLYDEBUG rally_openstack.cleanup.manager [-] Cleaning up cinder backups objects
2020-04-10 04:19:42.299 1333 RALLYDEBUG rally_openstack.cleanup.manager [-] Cleaning up cinder volume_snapshots objects
2020-04-10 04:19:42.783 1333 RALLYDEBUG rally_openstack.cleanup.manager [-] Cleaning up cinder transfers objects
2020-04-10 04:19:43.250 1333 RALLYDEBUG rally_openstack.cleanup.manager [-] Cleaning up cinder volumes objects
2020-04-10 04:19:43.861 1333 INFO rally.task.context [-] Task e8360cdb-5be4-4b68-b1aa-6d6d222a9617 | Context cleanup@openstack cleanup() finished in 2.23 sec
2020-04-10 04:19:43.862 1333 INFO rally.task.context [-] Task e8360cdb-5be4-4b68-b1aa-6d6d222a9617 | Context volumes@openstack cleanup() started
2020-04-10 04:19:43.863 1333 RALLYDEBUG rally_openstack.cleanup.manager [-] Cleaning up cinder volumes objects
2020-04-10 04:19:44.426 1333 RALLYDEBUG rally_openstack.cleanup.manager [-] Deleting cinder.volumes object c_rally_af552ddb_Ch6qQiMd (2b0e62b4-b6fc-4e28-a838-0887e67e35bb)
2020-04-10 04:19:44.435 1333 RALLYDEBUG rally_openstack.cleanup.manager [-] Deleting cinder.volumes object c_rally_af552ddb_L3DiGzEY (21c3da9a-81da-44c8-95ce-85d5ebdda4d7)
2020-04-10 04:19:44.443 1333 RALLYDEBUG rally_openstack.cleanup.manager [-] Deleting cinder.volumes object c_rally_af552ddb_ghGDGzOS (5a1fd4af-9072-4dfb-8c66-f7f727b450e0)
2020-04-10 04:19:46.831 1333 INFO rally.task.context [-] Task e8360cdb-5be4-4b68-b1aa-6d6d222a9617 | Context volumes@openstack cleanup() finished in 2.97 sec
2020-04-10 04:19:46.832 1333 INFO rally.task.context [-] Task e8360cdb-5be4-4b68-b1aa-6d6d222a9617 | Context quotas@openstack cleanup() started
2020-04-10 04:19:46.926 1333 INFO rally.task.context [-] Task e8360cdb-5be4-4b68-b1aa-6d6d222a9617 | Context quotas@openstack cleanup() finished in 93.65 msec
2020-04-10 04:19:46.926 1333 INFO rally.task.context [-] Task e8360cdb-5be4-4b68-b1aa-6d6d222a9617 | Context api_versions@openstack cleanup() started
2020-04-10 04:19:46.926 1333 INFO rally.task.context [-] Task e8360cdb-5be4-4b68-b1aa-6d6d222a9617 | Context api_versions@openstack cleanup() finished in 0.23 msec
2020-04-10 04:19:46.927 1333 INFO rally.task.context [-] Task e8360cdb-5be4-4b68-b1aa-6d6d222a9617 | Context users@openstack cleanup() started
2020-04-10 04:19:47.086 1333 WARNING rally.common.logging [-] `iterate_per_tenants()' is deprecated in v3.0.0: it is openstack specific.. Used at
2020-04-10 04:19:52.659 1333 INFO rally.task.context [-] Task e8360cdb-5be4-4b68-b1aa-6d6d222a9617 | Context users@openstack cleanup() finished in 5.73 sec
2020-04-10 04:19:53.995 1333 INFO rally.task.engine [-] Load duration is: 16.830742
2020-04-10 04:19:53.996 1333 INFO rally.task.engine [-] Full runner duration is: 16.877779
2020-04-10 04:19:53.996 1333 INFO rally.task.engine [-] Full duration is: 38.917918
2020-04-10 04:19:54.087 1333 INFO rally.task.engine [-] Running workload: position = 0 config = { "version": 2, "title": "A cropped version of a bigger task.", "description": "Auto-generated task from a single workload (uuid=a8ea4e3f-7f2c-4826-b208-7c62e3d78c5f)", "subtasks": [ { "title": "CinderQos.create_and_get_qos", "description": "Create a qos, then get details of the qos.", "scenario": { "CinderQos.create_and_get_qos": { "consumer": "both", "write_iops_sec": "10", "read_iops_sec": "1000" } }, "contexts": { "users": { "tenants": 3, "users_per_tenant": 2 }, "api_versions": { "cinder": { "version": 3, "service_type": "volumev3" } } }, "runner": { "constant": { "concurrency": 4, "times": 10 } }, "hooks": [], "sla": { "failure_rate": { "max": 0 } } } ] }
2020-04-10 04:19:54.107 1333 RALLYDEBUG rally_openstack.contexts.keystone.users [-] Creating 3 tenants using 3 threads
2020-04-10 04:19:54.701 1333 RALLYDEBUG rally_openstack.contexts.keystone.users [-] Creating 6 users using 6 threads
2020-04-10 04:19:55.703 1333 INFO rally.task.context [-] Task e8360cdb-5be4-4b68-b1aa-6d6d222a9617 | Context users@openstack setup() finished in 1.60 sec
2020-04-10 04:19:55.847 1333 INFO rally.task.context [-] Task e8360cdb-5be4-4b68-b1aa-6d6d222a9617 | Context api_versions@openstack setup() finished in 0.14 sec
2020-04-10 04:19:55.847 1333 INFO rally.task.context [-] Task e8360cdb-5be4-4b68-b1aa-6d6d222a9617 | Context admin_cleanup@openstack setup() finished in 0.00 msec
2020-04-10 04:19:55.854 1333 RALLYDEBUG rally.task.runner [-] Starting the constant runner (task UUID: e8360cdb-5be4-4b68-b1aa-6d6d222a9617). times: 10 concurrency: 4 timeout: 0 max_cpu_used: 88 processes_to_start: 4 concurrency_per_worker: 1 concurrency_overhead: 0
2020-04-10 04:19:55.865 4036 RALLYDEBUG rally.task.runner [-] Starting a worker. times: 10 duration: None concurrency: 1 timeout: 0 cls: method_name: run args: {"consumer": "both", "write_iops_sec": "10", "read_iops_sec": "1000"}
2020-04-10 04:19:55.867 4037 RALLYDEBUG rally.task.runner [-] Starting a worker. times: 10 duration: None concurrency: 1 timeout: 0 cls: method_name: run args: {"consumer": "both", "write_iops_sec": "10", "read_iops_sec": "1000"}
2020-04-10 04:19:55.870 4038 RALLYDEBUG rally.task.runner [-] Starting a worker. times: 10 duration: None concurrency: 1 timeout: 0 cls: method_name: run args: {"consumer": "both", "write_iops_sec": "10", "read_iops_sec": "1000"}
2020-04-10 04:19:55.872 4036 INFO rally.task.runner [-] Task e8360cdb-5be4-4b68-b1aa-6d6d222a9617 | ITER: 1 START
2020-04-10 04:19:55.872 4039 RALLYDEBUG rally.task.runner [-] Starting a worker. times: 10 duration: None concurrency: 1 timeout: 0 cls: method_name: run args: {"consumer": "both", "write_iops_sec": "10", "read_iops_sec": "1000"}
2020-04-10 04:19:55.874 4037 INFO rally.task.runner [-] Task e8360cdb-5be4-4b68-b1aa-6d6d222a9617 | ITER: 2 START
2020-04-10 04:19:55.877 4038 INFO rally.task.runner [-] Task e8360cdb-5be4-4b68-b1aa-6d6d222a9617 | ITER: 3 START
2020-04-10 04:19:55.878 4039 INFO rally.task.runner [-] Task e8360cdb-5be4-4b68-b1aa-6d6d222a9617 | ITER: 4 START
2020-04-10 04:19:56.125 4037 INFO rally.task.runner [-] Task e8360cdb-5be4-4b68-b1aa-6d6d222a9617 | ITER: 2 END: OK
2020-04-10 04:19:56.128 4036 INFO rally.task.runner [-] Task e8360cdb-5be4-4b68-b1aa-6d6d222a9617 | ITER: 1 END: OK
2020-04-10 04:19:56.129 4039 INFO rally.task.runner [-] Task e8360cdb-5be4-4b68-b1aa-6d6d222a9617 | ITER: 4 END: OK
2020-04-10 04:19:56.130 4037 INFO rally.task.runner [-] Task e8360cdb-5be4-4b68-b1aa-6d6d222a9617 | ITER: 5 START
2020-04-10 04:19:56.133 4036 INFO rally.task.runner [-] Task e8360cdb-5be4-4b68-b1aa-6d6d222a9617 | ITER: 6 START
2020-04-10 04:19:56.134 4038 INFO rally.task.runner [-] Task e8360cdb-5be4-4b68-b1aa-6d6d222a9617 | ITER: 3 END: OK
2020-04-10 04:19:56.134 4039 INFO rally.task.runner [-] Task e8360cdb-5be4-4b68-b1aa-6d6d222a9617 | ITER: 7 START
2020-04-10 04:19:56.138 4038 INFO rally.task.runner [-] Task e8360cdb-5be4-4b68-b1aa-6d6d222a9617 | ITER: 8 START
2020-04-10 04:19:56.311 4039 INFO rally.task.runner [-] Task e8360cdb-5be4-4b68-b1aa-6d6d222a9617 | ITER: 7 END: OK
2020-04-10 04:19:56.315 4039 INFO rally.task.runner [-] Task e8360cdb-5be4-4b68-b1aa-6d6d222a9617 | ITER: 9 START
2020-04-10 04:19:56.317 4036 INFO rally.task.runner [-] Task e8360cdb-5be4-4b68-b1aa-6d6d222a9617 | ITER: 6 END: OK
