2020-04-10 04:33:46.356 9693 RALLYDEBUG rally_openstack.cleanup.manager [-] Deleting neutron.port object s_rally_b61a274b_0cxY07CL (2a469174-8b50-4f5d-9915-15bc9facc4cc)
2020-04-10 04:33:46.361 9693 RALLYDEBUG rally_openstack.cleanup.manager [-] Deleting neutron.port object s_rally_b61a274b_5nQmECaa (b3e40459-25df-4781-a63a-19ed88565e06)
2020-04-10 04:33:46.361 9693 RALLYDEBUG rally_openstack.cleanup.manager [-] Deleting neutron.port object s_rally_b61a274b_xxtnPEN8 (fc9b6cd4-777a-441e-b9b6-858d520f20f5)
2020-04-10 04:33:46.371 9693 RALLYDEBUG rally_openstack.cleanup.manager [-] Deleting neutron.port object s_rally_b61a274b_xhDwHBH2 (2191d1b7-8bb1-4624-b2b9-f726754cdbeb)
2020-04-10 04:33:46.332 9693 RALLYDEBUG rally_openstack.cleanup.manager [-] Deleting neutron.port object s_rally_b61a274b_F4H3fMAI (e51ede9e-40e3-4b62-bace-3197df841e7f)
2020-04-10 04:33:52.063 9693 RALLYDEBUG rally_openstack.cleanup.manager [-] Cleaning up neutron subnet objects
2020-04-10 04:33:52.736 9693 RALLYDEBUG rally_openstack.cleanup.manager [-] Deleting neutron.subnet object s_rally_b61a274b_FevLPOBR (cab16a91-7129-497e-ab3d-b21ecba06335)
2020-04-10 04:33:52.737 9693 RALLYDEBUG rally_openstack.cleanup.manager [-] Deleting neutron.subnet object s_rally_b61a274b_YgA324jH (c7e64f13-880a-4ad9-834e-05f09bf3ff9f)
2020-04-10 04:33:52.737 9693 RALLYDEBUG rally_openstack.cleanup.manager [-] Deleting neutron.subnet object s_rally_b61a274b_aRGFEGlk (1804d67a-bc49-4b12-b956-10cc74e53a5c)
2020-04-10 04:33:52.742 9693 RALLYDEBUG rally_openstack.cleanup.manager [-] Deleting neutron.subnet object s_rally_b61a274b_MfU7Mr04 (845b3acb-1a08-4c19-9509-3d107dbb80f9)
2020-04-10 04:33:52.753 9693 RALLYDEBUG rally_openstack.cleanup.manager [-] Deleting neutron.subnet object s_rally_b61a274b_8g0OaSy4 (b91db1f6-8c7b-4360-8a25-8e42cf0fb372)
2020-04-10 04:33:52.758 9693 RALLYDEBUG rally_openstack.cleanup.manager [-] Deleting neutron.subnet object s_rally_b61a274b_bKfF0uww (c494f891-26a1-4b7f-bdbc-dcb6ccfa697d)
2020-04-10 04:33:52.768 9693 RALLYDEBUG rally_openstack.cleanup.manager [-] Deleting neutron.subnet object s_rally_b61a274b_A9xle9YT (d89b7630-ca5e-4771-94da-4a1858fee203)
2020-04-10 04:33:52.779 9693 RALLYDEBUG rally_openstack.cleanup.manager [-] Deleting neutron.subnet object s_rally_b61a274b_jbEvDkHj (18f659d5-6aa5-4108-86b0-adbc6fd4c1d1)
2020-04-10 04:33:52.794 9693 RALLYDEBUG rally_openstack.cleanup.manager [-] Deleting neutron.subnet object s_rally_b61a274b_FhP4fdSQ (37a634e6-78ba-4a59-b21d-68f760db2e1b)
2020-04-10 04:33:52.806 9693 RALLYDEBUG rally_openstack.cleanup.manager [-] Deleting neutron.subnet object s_rally_b61a274b_hFLTBB2E (fe50d9b6-25bb-4eb9-9d03-ccdc289cc713)
2020-04-10 04:33:57.704 9693 RALLYDEBUG rally_openstack.cleanup.manager [-] Cleaning up neutron network objects
2020-04-10 04:33:58.576 9693 RALLYDEBUG rally_openstack.cleanup.manager [-] Deleting neutron.network object s_rally_b61a274b_HlI7XpUI (52975543-37c0-4d93-94a5-6dcebb9d1212)
2020-04-10 04:33:58.577 9693 RALLYDEBUG rally_openstack.cleanup.manager [-] Deleting neutron.network object s_rally_b61a274b_MPxrIVdw (67bd1908-d92d-4bac-8afe-531dc21b86e5)
2020-04-10 04:33:58.571 9693 RALLYDEBUG rally_openstack.cleanup.manager [-] Deleting neutron.network object s_rally_b61a274b_bHSkfEMk (e2f44182-ac4c-43b7-a80f-31edcc4fe824)
2020-04-10 04:33:58.566 9693 RALLYDEBUG rally_openstack.cleanup.manager [-] Deleting neutron.network object s_rally_b61a274b_s3iRGl2w (747832f9-fe9b-4123-ae38-4b8d02f41ca1)
2020-04-10 04:33:58.583 9693 RALLYDEBUG rally_openstack.cleanup.manager [-] Deleting neutron.network object s_rally_b61a274b_lB8Ba1Na (5e15b141-40e5-49e8-9711-f34f5de7fcfb)
2020-04-10 04:33:58.595 9693 RALLYDEBUG rally_openstack.cleanup.manager [-] Deleting neutron.network object s_rally_b61a274b_igbcgs9c (6d613cc6-2946-4960-951f-60121086e08a)
2020-04-10 04:33:58.600 9693 RALLYDEBUG rally_openstack.cleanup.manager [-] Deleting neutron.network object s_rally_b61a274b_ydOWSY9a (72400b10-96d6-4f3f-88e1-70a8b2338cb5)
2020-04-10 04:33:58.611 9693 RALLYDEBUG rally_openstack.cleanup.manager [-] Deleting neutron.network object s_rally_b61a274b_kcOLc6cr (1016f23a-d610-41b8-8e9c-8fc63cab1c99)
2020-04-10 04:33:58.617 9693 RALLYDEBUG rally_openstack.cleanup.manager [-] Deleting neutron.network object s_rally_b61a274b_uPCUuBNk (6ed3e236-4297-4db0-8a97-859ed5a381f6)
2020-04-10 04:33:58.627 9693 RALLYDEBUG rally_openstack.cleanup.manager [-] Deleting neutron.network object s_rally_b61a274b_czY07W3a (b87fabbd-f9ab-433d-b0fa-653fbb80ac08)
2020-04-10 04:34:04.414 9693 RALLYDEBUG rally_openstack.cleanup.manager [-] Cleaning up neutron router objects
2020-04-10 04:34:05.247 9693 RALLYDEBUG rally_openstack.cleanup.manager [-] Deleting neutron.router object s_rally_b61a274b_0cxY07CL (21fccfe6-b86f-4643-8cc2-b054532cf7a3)
2020-04-10 04:34:05.257 9693 RALLYDEBUG rally_openstack.cleanup.manager [-] Deleting neutron.router object s_rally_b61a274b_uhGbJAsN (d6aeae59-204f-463d-8e46-ad1a1300c629)
2020-04-10 04:34:05.257 9693 RALLYDEBUG rally_openstack.cleanup.manager [-] Deleting neutron.router object s_rally_b61a274b_w7lKuC16 (3ba94842-cd32-4a55-94bd-2bb7cfd0d4ae)
2020-04-10 04:34:05.268 9693 RALLYDEBUG rally_openstack.cleanup.manager [-] Deleting neutron.router object s_rally_b61a274b_2WTr3z56 (14d55536-3698-4d81-906d-1eb3a3764c83)
2020-04-10 04:34:05.275 9693 RALLYDEBUG rally_openstack.cleanup.manager [-] Deleting neutron.router object s_rally_b61a274b_xhDwHBH2 (3e727806-e08c-409d-864f-cec9a59f88f6)
2020-04-10 04:34:05.291 9693 RALLYDEBUG rally_openstack.cleanup.manager [-] Deleting neutron.router object s_rally_b61a274b_5nQmECaa (57f238b2-d622-4c67-b2b9-55d5f1d1b26e)
2020-04-10 04:34:05.286 9693 RALLYDEBUG rally_openstack.cleanup.manager [-] Deleting neutron.router object s_rally_b61a274b_1eNmCEsb (4e3362f0-62db-4a41-9256-dea82669467f)
2020-04-10 04:34:05.304 9693 RALLYDEBUG rally_openstack.cleanup.manager [-] Deleting neutron.router object s_rally_b61a274b_dyjvgmUZ (56d18850-0852-4ccf-9097-2be0d5014af9)
2020-04-10 04:34:05.318 9693 RALLYDEBUG rally_openstack.cleanup.manager [-] Deleting neutron.router object s_rally_b61a274b_F4H3fMAI (88044d9d-0d1d-49b0-a1da-f3701c970308)
2020-04-10 04:34:05.339 9693 RALLYDEBUG rally_openstack.cleanup.manager [-] Deleting neutron.router object s_rally_b61a274b_xxtnPEN8 (c3c41509-94b9-4fca-b4df-41bbd78b3e9c)
2020-04-10 04:34:09.602 9693 RALLYDEBUG rally_openstack.cleanup.manager [-] Cleaning up neutron security_group objects
2020-04-10 04:34:10.192 9693 INFO rally.task.context [-] Task 6b570e05-f4de-4128-b781-49feb2df61fd | Context cleanup@openstack cleanup() finished in 29.05 sec
2020-04-10 04:34:10.193 9693 INFO rally.task.context [-] Task 6b570e05-f4de-4128-b781-49feb2df61fd | Context quotas@openstack cleanup() started
2020-04-10 04:34:10.265 9693 INFO rally.task.context [-] Task 6b570e05-f4de-4128-b781-49feb2df61fd | Context quotas@openstack cleanup() finished in 71.79 msec
2020-04-10 04:34:10.265 9693 INFO rally.task.context [-] Task 6b570e05-f4de-4128-b781-49feb2df61fd | Context users@openstack cleanup() started
2020-04-10 04:34:10.470 9693 WARNING rally.common.logging [-] `iterate_per_tenants()' is deprecated in v3.0.0: it is openstack specific.. Used at
2020-04-10 04:34:12.446 9693 INFO rally.task.context [-] Task 6b570e05-f4de-4128-b781-49feb2df61fd | Context users@openstack cleanup() finished in 2.18 sec
2020-04-10 04:34:13.632 9693 INFO rally.task.engine [-] Load duration is: 23.883806
2020-04-10 04:34:13.632 9693 INFO rally.task.engine [-] Full runner duration is: 23.931483
2020-04-10 04:34:13.632 9693 INFO rally.task.engine [-] Full duration is: 57.252036
2020-04-10 04:34:13.727 9693 INFO rally.task.engine [-] Running workload: position = 0 config = { "version": 2, "title": "A cropped version of a bigger task.", "description": "Auto-generated task from a single workload (uuid=13815c9d-6e02-4915-ac5a-0d104481ed95)", "subtasks": [ { "title": "NeutronNetworks.create_and_update_subnets", "description": "Create and update a subnet.", "scenario": { "NeutronNetworks.create_and_update_subnets": { "network_create_args": {}, "subnet_cidr_start": "1.4.0.0/16", "subnet_create_args": {}, "subnet_update_args": { "enable_dhcp": false }, "subnets_per_network": 1 } }, "contexts": { "users": { "tenants": 3, "users_per_tenant": 2 }, "quotas": { "neutron": { "network": -1, "subnet": -1 } } }, "runner": { "constant": { "concurrency": 4, "times": 10 } }, "hooks": [], "sla": { "failure_rate": { "max": 0 } } } ] }
2020-04-10 04:34:13.755 9693 RALLYDEBUG rally_openstack.contexts.keystone.users [-] Creating 3 tenants using 3 threads
2020-04-10 04:34:14.230 9693 RALLYDEBUG rally_openstack.contexts.keystone.users [-] Creating 6 users using 6 threads
2020-04-10 04:34:15.135 9693 INFO rally.task.context [-] Task 6b570e05-f4de-4128-b781-49feb2df61fd | Context users@openstack setup() finished in 1.38 sec
2020-04-10 04:34:15.506 9693 INFO rally.task.context [-] Task 6b570e05-f4de-4128-b781-49feb2df61fd | Context quotas@openstack setup() finished in 0.37 sec
2020-04-10 04:34:15.507 9693 INFO rally.task.context [-] Task 6b570e05-f4de-4128-b781-49feb2df61fd | Context cleanup@openstack setup() finished in 0.11 msec
2020-04-10 04:34:15.518 9693 RALLYDEBUG rally.task.runner [-] Starting the constant runner (task UUID: 6b570e05-f4de-4128-b781-49feb2df61fd). times: 10 concurrency: 4 timeout: 0 max_cpu_used: 88 processes_to_start: 4 concurrency_per_worker: 1 concurrency_overhead: 0
2020-04-10 04:34:15.530 10627 RALLYDEBUG rally.task.runner [-] Starting a worker. times: 10 duration: None concurrency: 1 timeout: 0 cls: method_name: run args: {"network_create_args": {}, "subnet_cidr_start": "1.4.0.0/16", "subnet_create_args": {}, "subnet_update_args": {"enable_dhcp": false}, "subnets_per_network": 1}
2020-04-10 04:34:15.533 10628 RALLYDEBUG rally.task.runner [-] Starting a worker. times: 10 duration: None concurrency: 1 timeout: 0 cls: method_name: run args: {"network_create_args": {}, "subnet_cidr_start": "1.4.0.0/16", "subnet_create_args": {}, "subnet_update_args": {"enable_dhcp": false}, "subnets_per_network": 1}
2020-04-10 04:34:15.535 10629 RALLYDEBUG rally.task.runner [-] Starting a worker. times: 10 duration: None concurrency: 1 timeout: 0 cls: method_name: run args: {"network_create_args": {}, "subnet_cidr_start": "1.4.0.0/16", "subnet_create_args": {}, "subnet_update_args": {"enable_dhcp": false}, "subnets_per_network": 1}
2020-04-10 04:34:15.537 10627 INFO rally.task.runner [-] Task 6b570e05-f4de-4128-b781-49feb2df61fd | ITER: 1 START
2020-04-10 04:34:15.538 10630 RALLYDEBUG rally.task.runner [-] Starting a worker. times: 10 duration: None concurrency: 1 timeout: 0 cls: method_name: run args: {"network_create_args": {}, "subnet_cidr_start": "1.4.0.0/16", "subnet_create_args": {}, "subnet_update_args": {"enable_dhcp": false}, "subnets_per_network": 1}
2020-04-10 04:34:15.540 10628 INFO rally.task.runner [-] Task 6b570e05-f4de-4128-b781-49feb2df61fd | ITER: 2 START
2020-04-10 04:34:15.542 10629 INFO rally.task.runner [-] Task 6b570e05-f4de-4128-b781-49feb2df61fd | ITER: 3 START
2020-04-10 04:34:15.545 10630 INFO rally.task.runner [-] Task 6b570e05-f4de-4128-b781-49feb2df61fd | ITER: 4 START
2020-04-10 04:34:16.776 10627 RALLYDEBUG rally_openstack.wrappers.network [-] CIDR generated: 1.17.0.0/16
2020-04-10 04:34:18.301 10630 RALLYDEBUG rally_openstack.wrappers.network [-] CIDR generated: 1.18.0.0/16
2020-04-10 04:34:18.766 10629 RALLYDEBUG rally_openstack.wrappers.network [-] CIDR generated: 1.19.0.0/16
2020-04-10 04:34:18.934 10628 RALLYDEBUG rally_openstack.wrappers.network [-] CIDR generated: 1.20.0.0/16
2020-04-10 04:34:19.653 10627 INFO rally.task.runner [-] Task 6b570e05-f4de-4128-b781-49feb2df61fd | ITER: 1 END: OK
2020-04-10 04:34:19.658 10627 INFO rally.task.runner [-] Task 6b570e05-f4de-4128-b781-49feb2df61fd | ITER: 5 START
2020-04-10 04:34:20.783 10628 INFO rally.task.runner [-] Task 6b570e05-f4de-4128-b781-49feb2df61fd | ITER: 2 END: OK
2020-04-10 04:34:20.789 10628 INFO rally.task.runner [-] Task 6b570e05-f4de-4128-b781-49feb2df61fd | ITER: 6 START
2020-04-10 04:34:21.297 10627 RALLYDEBUG rally_openstack.wrappers.network [-] CIDR generated: 1.21.0.0/16
2020-04-10 04:34:21.669 10628 RALLYDEBUG rally_openstack.wrappers.network [-] CIDR generated: 1.22.0.0/16
2020-04-10 04:34:22.143 10630 INFO rally.task.runner [-] Task 6b570e05-f4de-4128-b781-49feb2df61fd | ITER: 4 END: OK
2020-04-10 04:34:22.148 10630 INFO rally.task.runner [-] Task 6b570e05-f4de-4128-b781-49feb2df61fd | ITER: 7 START
2020-04-10 04:34:22.299 10629 INFO rally.task.runner [-] Task 6b570e05-f4de-4128-b781-49feb2df61fd | ITER: 3 END: OK
2020-04-10 04:34:22.304 10629 INFO rally.task.runner [-] Task 6b570e05-f4de-4128-b781-49feb2df61fd | ITER: 8 START
2020-04-10 04:34:23.242 10629 RALLYDEBUG rally_openstack.wrappers.network [-] CIDR generated: 1.23.0.0/16
2020-04-10 04:34:23.550 10627 INFO rally.task.runner [-] Task 6b570e05-f4de-4128-b781-49feb2df61fd | ITER: 5 END: OK
2020-04-10 04:34:23.556 10627 INFO rally.task.runner [-] Task 6b570e05-f4de-4128-b781-49feb2df61fd | ITER: 9 START
2020-04-10 04:34:23.971 10630 RALLYDEBUG rally_openstack.wrappers.network [-] CIDR generated: 1.24.0.0/16
2020-04-10 04:34:24.065 10628 INFO rally.task.runner [-] Task 6b570e05-f4de-4128-b781-49feb2df61fd | ITER: 6 END: OK
2020-04-10 04:34:24.070 10628 INFO rally.task.runner [-] Task 6b570e05-f4de-4128-b781-49feb2df61fd | ITER: 10 START
2020-04-10 04:34:24.577 10627 RALLYDEBUG rally_openstack.wrappers.network [-] CIDR generated: 1.25.0.0/16
2020-04-10 04:34:25.097 10629 INFO rally.task.runner [-] Task 6b570e05-f4de-4128-b781-49feb2df61fd | ITER: 8 END: OK
2020-04-10 04:34:25.391 10628 RALLYDEBUG rally_openstack.wrappers.network [-] CIDR generated: 1.26.0.0/16
2020-04-10 04:34:26.785 10630 INFO rally.task.runner [-] Task 6b570e05-f4de-4128-b781-49feb2df61fd | ITER: 7 END: OK
2020-04-10 04:34:28.234 10627 INFO rally.task.runner [-] Task 6b570e05-f4de-4128-b781-49feb2df61fd | ITER: 9 END: OK
2020-04-10 04:34:28.608 10628 INFO rally.task.runner [-] Task 6b570e05-f4de-4128-b781-49feb2df61fd | ITER: 10 END: OK
2020-04-10 04:34:28.638 9693 INFO rally.task.context [-] Task 6b570e05-f4de-4128-b781-49feb2df61fd | Context cleanup@openstack cleanup() started
2020-04-10 04:34:28.642 9693 RALLYDEBUG rally_openstack.cleanup.manager [-] Cleaning up neutron vip objects
2020-04-10 04:34:29.142 9693 RALLYDEBUG rally_openstack.cleanup.manager [-] Cleaning up neutron health_monitor objects
2020-04-10 04:34:29.717 9693 RALLYDEBUG rally_openstack.cleanup.manager [-] Cleaning up neutron pool objects
2020-04-10 04:34:30.138 9693 RALLYDEBUG rally_openstack.cleanup.manager [-] Cleaning up neutron loadbalancer objects
2020-04-10 04:34:30.546 9693 RALLYDEBUG rally_openstack.cleanup.manager [-] Cleaning up neutron floatingip objects
2020-04-10 04:34:31.152 9693 RALLYDEBUG rally_openstack.cleanup.manager [-] Cleaning up neutron trunk objects
2020-04-10 04:34:31.637 9693 RALLYDEBUG rally_openstack.cleanup.manager [-] Cleaning up neutron port objects
2020-04-10 04:34:32.343 9693 RALLYDEBUG rally_openstack.cleanup.manager [-] Cleaning up neutron subnet objects
2020-04-10 04:34:32.976 9693 RALLYDEBUG rally_openstack.cleanup.manager [-] Deleting neutron.subnet object s_rally_13815c9d_DPEfWWRk (6d6359f0-c4ca-4bc0-bafa-7ba4cf5bf594)
2020-04-10 04:34:32.970 9693 RALLYDEBUG rally_openstack.cleanup.manager [-] Deleting neutron.subnet object s_rally_13815c9d_tsNB97jR (5197425b-2b2b-43c4-bab3-0b767b5a4f59)
2020-04-10 04:34:32.976 9693 RALLYDEBUG rally_openstack.cleanup.manager [-] Deleting neutron.subnet object s_rally_13815c9d_Js3IwFDX (4927fdcd-1744-4e7a-b277-b51474096487)
2020-04-10 04:34:32.982 9693 RALLYDEBUG rally_openstack.cleanup.manager [-] Deleting neutron.subnet object s_rally_13815c9d_tUtwCoDQ (cb4b6e78-6957-4bba-93f6-bffbd5efc9fd)
2020-04-10 04:34:32.993 9693 RALLYDEBUG rally_openstack.cleanup.manager [-] Deleting neutron.subnet object s_rally_13815c9d_sy4zl8Cj (6a92955a-935d-4977-94f4-b20c8817ee82)
2020-04-10 04:34:32.998 9693 RALLYDEBUG rally_openstack.cleanup.manager [-] Deleting neutron.subnet object s_rally_13815c9d_2imsisCA (08deb4cb-52b7-4155-97b4-a61e49d59dcc)
2020-04-10 04:34:33.008 9693 RALLYDEBUG rally_openstack.cleanup.manager [-] Deleting neutron.subnet object s_rally_13815c9d_3ZL3aDHS (473dcdff-ace1-4d95-9380-a561163fa125)
2020-04-10 04:34:33.025 9693 RALLYDEBUG rally_openstack.cleanup.manager [-] Deleting neutron.subnet object s_rally_13815c9d_wNuFWzhX (69104e1f-d29e-40b8-a24b-ab5dcbd38e05)
2020-04-10 04:34:33.036 9693 RALLYDEBUG rally_openstack.cleanup.manager [-] Deleting neutron.subnet object s_rally_13815c9d_hQShO7CC (b819696c-e182-489f-8434-6dc340f3a2e6)
2020-04-10 04:34:33.044 9693 RALLYDEBUG rally_openstack.cleanup.manager [-] Deleting neutron.subnet object s_rally_13815c9d_68rADmKi (c8512edd-1e85-4325-bddc-9f40d4320d5e)
2020-04-10 04:34:37.532 9693 RALLYDEBUG rally_openstack.cleanup.manager [-] Cleaning up neutron network objects
2020-04-10 04:34:38.323 9693 RALLYDEBUG rally_openstack.cleanup.manager [-] Deleting neutron.network object s_rally_13815c9d_0sYiDiPp (3e4ac110-76f4-4c6b-9fe6-7c81226ba68f)
2020-04-10 04:34:38.334 9693 RALLYDEBUG rally_openstack.cleanup.manager [-] Deleting neutron.network object s_rally_13815c9d_vNlUIhSS (aa04f35e-6aba-4e8a-ac1b-84d884e60d2e)
2020-04-10 04:34:38.336 9693 RALLYDEBUG rally_openstack.cleanup.manager [-] Deleting neutron.network object s_rally_13815c9d_i9V6MBd5 (4ae72935-959e-45b4-b5b7-ac4be8736d27)
2020-04-10 04:34:38.341 9693 RALLYDEBUG rally_openstack.cleanup.manager [-] Deleting neutron.network object s_rally_13815c9d_l0coSwRu (d207121e-4bbd-4f4c-a343-f11832e43536)
2020-04-10 04:34:38.357 9693 RALLYDEBUG rally_openstack.cleanup.manager [-] Deleting neutron.network object s_rally_13815c9d_z6KaJwtS (9017fc44-d1bd-44fa-9ebd-ad1d915a3027)
2020-04-10 04:34:38.377 9693 RALLYDEBUG rally_openstack.cleanup.manager [-] Deleting neutron.network object s_rally_13815c9d_Vns5aoUF (9bf0c168-2533-47e4-b833-41c2b2030eca)
2020-04-10 04:34:38.389 9693 RALLYDEBUG rally_openstack.cleanup.manager [-] Deleting neutron.network object s_rally_13815c9d_OJvoCDWJ (b51e0c98-d351-4823-9cf4-46e4cd946e6a)
2020-04-10 04:34:38.397 9693 RALLYDEBUG rally_openstack.cleanup.manager [-] Deleting neutron.network object s_rally_13815c9d_k0lYtoT4 (49e1b949-e7b2-4960-8683-5be198fef402)
2020-04-10 04:34:38.403 9693 RALLYDEBUG rally_openstack.cleanup.manager [-] Deleting neutron.network object s_rally_13815c9d_nghijzMl (e308173b-0419-4ec8-8b0f-b21e361d0ffc)
2020-04-10 04:34:38.411 9693 RALLYDEBUG rally_openstack.cleanup.manager [-] Deleting neutron.network object s_rally_13815c9d_cwGJEwjP (ff1afc7b-bd78-4aed-8afc-2d04f182b2c0)
2020-04-10 04:34:43.061 9693 RALLYDEBUG rally_openstack.cleanup.manager [-] Cleaning up neutron router objects
2020-04-10 04:34:43.635 9693 RALLYDEBUG rally_openstack.cleanup.manager [-] Cleaning up neutron security_group objects
2020-04-10 04:34:44.806 9693 INFO rally.task.context [-] Task 6b570e05-f4de-4128-b781-49feb2df61fd | Context cleanup@openstack cleanup() finished in 16.17 sec
2020-04-10 04:34:44.806 9693 INFO rally.task.context [-] Task 6b570e05-f4de-4128-b781-49feb2df61fd | Context quotas@openstack cleanup() started
2020-04-10 04:34:44.854 9693 INFO rally.task.context [-] Task 6b570e05-f4de-4128-b781-49feb2df61fd | Context quotas@openstack cleanup() finished in 47.73 msec
2020-04-10 04:34:44.855 9693 INFO rally.task.context [-] Task 6b570e05-f4de-4128-b781-49feb2df61fd | Context users@openstack cleanup() started
2020-04-10 04:34:44.988 9693 WARNING rally.common.logging [-] `iterate_per_tenants()' is deprecated in v3.0.0: it is openstack specific.. Used at
2020-04-10 04:34:47.109 9693 INFO rally.task.context [-] Task 6b570e05-f4de-4128-b781-49feb2df61fd | Context users@openstack cleanup() finished in 2.25 sec
2020-04-10 04:34:47.957 9693 INFO rally.task.engine [-] Load duration is: 13.069272
2020-04-10 04:34:47.958 9693 INFO rally.task.engine [-] Full runner duration is: 13.120982
2020-04-10 04:34:47.958 9693 INFO rally.task.engine [-] Full duration is: 33.357558
2020-04-10 04:34:48.059 9693 INFO rally.task.engine [-] Running workload: position = 0 config = { "version": 2, "title": "A cropped version of a bigger task.", "description": "Auto-generated task from a single workload (uuid=63244633-b576-4b9d-8b67-10446760196b)", "subtasks": [ { "title": "NeutronNetworks.create_and_delete_networks", "description": "Create and delete a network.", "scenario": { "NeutronNetworks.create_and_delete_networks": { "network_create_args": {} } }, "contexts": { "users": { "tenants": 3, "users_per_tenant": 2 }, "quotas": { "neutron": { "network": -1 } } }, "runner": { "constant": { "concurrency": 4, "times": 10 } }, "hooks": [], "sla": { "failure_rate": { "max": 0 } } } ] }
2020-04-10 04:34:48.082 9693 RALLYDEBUG rally_openstack.contexts.keystone.users [-] Creating 3 tenants using 3 threads
2020-04-10 04:34:48.543 9693 RALLYDEBUG rally_openstack.contexts.keystone.users [-] Creating 6 users using 6 threads
2020-04-10 04:34:49.522 9693 INFO rally.task.context [-] Task 6b570e05-f4de-4128-b781-49feb2df61fd | Context users@openstack setup() finished in 1.44 sec
2020-04-10 04:34:49.848 9693 INFO rally.task.context [-] Task 6b570e05-f4de-4128-b781-49feb2df61fd | Context quotas@openstack setup() finished in 0.32 sec
2020-04-10 04:34:49.848 9693 INFO rally.task.context [-] Task 6b570e05-f4de-4128-b781-49feb2df61fd | Context cleanup@openstack setup() finished in 0.16 msec
2020-04-10 04:34:49.860 9693 RALLYDEBUG rally.task.runner [-] Starting the constant runner (task UUID: 6b570e05-f4de-4128-b781-49feb2df61fd). times: 10 concurrency: 4 timeout: 0 max_cpu_used: 88 processes_to_start: 4 concurrency_per_worker: 1 concurrency_overhead: 0
2020-04-10 04:34:49.872 10920 RALLYDEBUG rally.task.runner [-] Starting a worker. times: 10 duration: None concurrency: 1 timeout: 0 cls: method_name: run args: {"network_create_args": {}}
2020-04-10 04:34:49.875 10921 RALLYDEBUG rally.task.runner [-] Starting a worker. times: 10 duration: None concurrency: 1 timeout: 0 cls: method_name: run args: {"network_create_args": {}}
2020-04-10 04:34:49.877 10922 RALLYDEBUG rally.task.runner [-] Starting a worker. times: 10 duration: None concurrency: 1 timeout: 0 cls: method_name: run args: {"network_create_args": {}}
2020-04-10 04:34:49.879 10920 INFO rally.task.runner [-] Task 6b570e05-f4de-4128-b781-49feb2df61fd | ITER: 1 START
2020-04-10 04:34:49.880 10923 RALLYDEBUG rally.task.runner [-] Starting a worker. times: 10 duration: None concurrency: 1 timeout: 0 cls: method_name: run args: {"network_create_args": {}}
2020-04-10 04:34:49.881 10921 INFO rally.task.runner [-] Task 6b570e05-f4de-4128-b781-49feb2df61fd | ITER: 2 START
2020-04-10 04:34:49.884 10922 INFO rally.task.runner [-] Task 6b570e05-f4de-4128-b781-49feb2df61fd | ITER: 3 START
2020-04-10 04:34:49.886 10923 INFO rally.task.runner [-] Task 6b570e05-f4de-4128-b781-49feb2df61fd | ITER: 4 START
2020-04-10 04:34:52.966 10923 INFO rally.task.runner [-] Task 6b570e05-f4de-4128-b781-49feb2df61fd | ITER: 4 END: OK
2020-04-10 04:34:52.972 10923 INFO rally.task.runner [-] Task 6b570e05-f4de-4128-b781-49feb2df61fd | ITER: 5 START
2020-04-10 04:34:53.890 10920 INFO rally.task.runner [-] Task 6b570e05-f4de-4128-b781-49feb2df61fd | ITER: 1 END: OK
2020-04-10 04:34:53.895 10920 INFO rally.task.runner [-] Task 6b570e05-f4de-4128-b781-49feb2df61fd | ITER: 6 START
2020-04-10 04:34:54.443 10921 INFO rally.task.runner [-] Task 6b570e05-f4de-4128-b781-49feb2df61fd | ITER: 2 END: OK
2020-04-10 04:34:54.448 10921 INFO rally.task.runner [-] Task 6b570e05-f4de-4128-b781-49feb2df61fd | ITER: 7 START
2020-04-10 04:34:54.865 10923 INFO rally.task.runner [-] Task 6b570e05-f4de-4128-b781-49feb2df61fd | ITER: 5 END: OK
2020-04-10 04:34:54.870 10923 INFO rally.task.runner [-] Task 6b570e05-f4de-4128-b781-49feb2df61fd | ITER: 8 START
2020-04-10 04:34:54.893 10922 INFO rally.task.runner [-] Task 6b570e05-f4de-4128-b781-49feb2df61fd | ITER: 3 END: OK
2020-04-10 04:34:54.898 10922 INFO rally.task.runner [-] Task 6b570e05-f4de-4128-b781-49feb2df61fd | ITER: 9 START
2020-04-10 04:34:55.846 10920 INFO rally.task.runner [-] Task 6b570e05-f4de-4128-b781-49feb2df61fd | ITER: 6 END: OK
2020-04-10 04:34:55.851 10920 INFO rally.task.runner [-] Task 6b570e05-f4de-4128-b781-49feb2df61fd | ITER: 10 START
2020-04-10 04:34:56.283 10921 INFO rally.task.runner [-] Task 6b570e05-f4de-4128-b781-49feb2df61fd | ITER: 7 END: OK
2020-04-10 04:34:58.623 10920 INFO rally.task.runner [-] Task 6b570e05-f4de-4128-b781-49feb2df61fd | ITER: 10 END: OK
2020-04-10 04:34:58.736 10923 INFO rally.task.runner [-] Task 6b570e05-f4de-4128-b781-49feb2df61fd | ITER: 8 END: OK
2020-04-10 04:34:59.413 10922 INFO rally.task.runner [-] Task 6b570e05-f4de-4128-b781-49feb2df61fd | ITER: 9 END: OK
2020-04-10 04:34:59.445 9693 INFO rally.task.context [-] Task 6b570e05-f4de-4128-b781-49feb2df61fd | Context cleanup@openstack cleanup() started
2020-04-10 04:34:59.453 9693 RALLYDEBUG rally_openstack.cleanup.manager [-] Cleaning up neutron vip objects
2020-04-10 04:35:00.067 9693 RALLYDEBUG rally_openstack.cleanup.manager [-] Cleaning up neutron health_monitor objects
2020-04-10 04:35:00.523 9693 RALLYDEBUG rally_openstack.cleanup.manager [-] Cleaning up neutron pool objects
2020-04-10 04:35:00.983 9693 RALLYDEBUG rally_openstack.cleanup.manager [-] Cleaning up neutron loadbalancer objects
2020-04-10 04:35:01.458 9693 RALLYDEBUG rally_openstack.cleanup.manager [-] Cleaning up neutron floatingip objects
2020-04-10 04:35:02.065 9693 RALLYDEBUG rally_openstack.cleanup.manager [-] Cleaning up neutron trunk objects
2020-04-10 04:35:02.681 9693 RALLYDEBUG rally_openstack.cleanup.manager [-] Cleaning up neutron port objects
2020-04-10 04:35:03.231 9693 RALLYDEBUG rally_openstack.cleanup.manager [-] Cleaning up neutron subnet objects
2020-04-10 04:35:04.519 9693 RALLYDEBUG rally_openstack.cleanup.manager [-] Cleaning up neutron network objects
2020-04-10 04:35:05.057 9693 RALLYDEBUG rally_openstack.cleanup.manager [-] Cleaning up neutron router objects
2020-04-10 04:35:05.681 9693 RALLYDEBUG rally_openstack.cleanup.manager [-] Cleaning up neutron security_group objects
2020-04-10 04:35:06.303 9693 INFO rally.task.context [-] Task 6b570e05-f4de-4128-b781-49feb2df61fd | Context cleanup@openstack cleanup() finished in 6.86 sec
2020-04-10 04:35:06.304 9693 INFO rally.task.context [-] Task 6b570e05-f4de-4128-b781-49feb2df61fd | Context quotas@openstack cleanup() started
2020-04-10 04:35:06.374 9693 INFO rally.task.context [-] Task 6b570e05-f4de-4128-b781-49feb2df61fd | Context quotas@openstack cleanup() finished in 69.77 msec
2020-04-10 04:35:06.375 9693 INFO rally.task.context [-] Task 6b570e05-f4de-4128-b781-49feb2df61fd | Context users@openstack cleanup() started
2020-04-10 04:35:06.536 9693 WARNING rally.common.logging [-] `iterate_per_tenants()' is deprecated in v3.0.0: it is openstack specific.. Used at
2020-04-10 04:35:09.254 9693 INFO rally.task.context [-] Task 6b570e05-f4de-4128-b781-49feb2df61fd | Context users@openstack cleanup() finished in 2.88 sec
2020-04-10 04:35:10.220 9693 INFO rally.task.engine [-] Load duration is: 9.53317
2020-04-10 04:35:10.221 9693 INFO rally.task.engine [-] Full runner duration is: 9.585665
2020-04-10 04:35:10.221 9693 INFO rally.task.engine [-] Full duration is: 21.176128
2020-04-10 04:35:10.308 9693 INFO rally.task.engine [-] Running workload: position = 0 config = { "version": 2, "title": "A cropped version of a bigger task.", "description": "Auto-generated task from a single workload (uuid=b2493272-40ff-4fda-a666-ca7bc4d28945)", "subtasks": [ { "title": "NeutronNetworks.create_and_delete_ports", "description": "Create and delete a port.", "scenario": { "NeutronNetworks.create_and_delete_ports": { "network_create_args": {}, "port_create_args": {}, "ports_per_network": 1 } }, "contexts": { "users": { "tenants": 3, "users_per_tenant": 2 }, "network": { "router": {} }, "quotas": { "neutron": { "network": -1, "port": -1 } } }, "runner": { "constant": { "concurrency": 4, "times": 10 } }, "hooks": [], "sla": { "failure_rate": { "max": 0 } } } ] }
2020-04-10 04:35:10.331 9693 RALLYDEBUG rally_openstack.contexts.keystone.users [-] Creating 3 tenants using 3 threads
2020-04-10 04:35:10.879 9693 RALLYDEBUG rally_openstack.contexts.keystone.users [-] Creating 6 users using 6 threads
2020-04-10 04:35:11.851 9693 INFO rally.task.context [-] Task 6b570e05-f4de-4128-b781-49feb2df61fd | Context users@openstack setup() finished in 1.52 sec
2020-04-10 04:35:12.236 9693 INFO rally.task.context [-] Task 6b570e05-f4de-4128-b781-49feb2df61fd | Context quotas@openstack setup() finished in 0.38 sec
2020-04-10 04:35:12.299 9693 WARNING rally.common.logging [-] `iterate_per_tenants()' is deprecated in v3.0.0: it is openstack specific.. Used at
2020-04-10 04:35:13.325 9693 RALLYDEBUG rally_openstack.wrappers.network [-] CIDR generated: 10.2.23.0/24
2020-04-10 04:35:15.644 9693 RALLYDEBUG rally_openstack.wrappers.network [-] CIDR generated: 10.2.24.0/24
2020-04-10 04:35:17.397 9693 RALLYDEBUG rally_openstack.wrappers.network [-] CIDR generated: 10.2.25.0/24
2020-04-10 04:35:18.439 9693 INFO rally.task.context [-] Task 6b570e05-f4de-4128-b781-49feb2df61fd | Context network@openstack setup() finished in 6.20 sec
2020-04-10 04:35:18.440 9693 INFO rally.task.context [-] Task 6b570e05-f4de-4128-b781-49feb2df61fd | Context cleanup@openstack setup() finished in 0.04 msec
2020-04-10 04:35:18.447 9693 RALLYDEBUG rally.task.runner [-] Starting the constant runner (task UUID: 6b570e05-f4de-4128-b781-49feb2df61fd). times: 10 concurrency: 4 timeout: 0 max_cpu_used: 88 processes_to_start: 4 concurrency_per_worker: 1 concurrency_overhead: 0
2020-04-10 04:35:18.461 11213 RALLYDEBUG rally.task.runner [-] Starting a worker. times: 10 duration: None concurrency: 1 timeout: 0 cls: method_name: run args: {"network_create_args": {}, "port_create_args": {}, "ports_per_network": 1}
2020-04-10 04:35:18.464 11214 RALLYDEBUG rally.task.runner [-] Starting a worker. times: 10 duration: None concurrency: 1 timeout: 0 cls: method_name: run args: {"network_create_args": {}, "port_create_args": {}, "ports_per_network": 1}
2020-04-10 04:35:18.467 11215 RALLYDEBUG rally.task.runner [-] Starting a worker. times: 10 duration: None concurrency: 1 timeout: 0 cls: method_name: run args: {"network_create_args": {}, "port_create_args": {}, "ports_per_network": 1}
2020-04-10 04:35:18.469 11213 INFO rally.task.runner [-] Task 6b570e05-f4de-4128-b781-49feb2df61fd | ITER: 1 START
2020-04-10 04:35:18.470 11216 RALLYDEBUG rally.task.runner [-] Starting a worker. times: 10 duration: None concurrency: 1 timeout: 0 cls: method_name: run args: {"network_create_args": {}, "port_create_args": {}, "ports_per_network": 1}
2020-04-10 04:35:18.471 11214 INFO rally.task.runner [-] Task 6b570e05-f4de-4128-b781-49feb2df61fd | ITER: 2 START
2020-04-10 04:35:18.475 11215 INFO rally.task.runner [-] Task 6b570e05-f4de-4128-b781-49feb2df61fd | ITER: 3 START
2020-04-10 04:35:18.477 11216 INFO rally.task.runner [-] Task 6b570e05-f4de-4128-b781-49feb2df61fd | ITER: 4 START
2020-04-10 04:35:20.044 11214 INFO rally.task.runner [-] Task 6b570e05-f4de-4128-b781-49feb2df61fd | ITER: 2 END: OK
2020-04-10 04:35:20.049 11214 INFO rally.task.runner [-] Task 6b570e05-f4de-4128-b781-49feb2df61fd | ITER: 5 START
2020-04-10 04:35:21.049 11216 INFO rally.task.runner [-] Task 6b570e05-f4de-4128-b781-49feb2df61fd | ITER: 4 END: OK
2020-04-10 04:35:21.055 11216 INFO rally.task.runner [-] Task 6b570e05-f4de-4128-b781-49feb2df61fd | ITER: 6 START
2020-04-10 04:35:21.828 11214 INFO rally.task.runner [-] Task 6b570e05-f4de-4128-b781-49feb2df61fd | ITER: 5 END: OK
2020-04-10 04:35:21.833 11214 INFO rally.task.runner [-] Task 6b570e05-f4de-4128-b781-49feb2df61fd | ITER: 7 START
2020-04-10 04:35:21.871 11215 INFO rally.task.runner [-] Task 6b570e05-f4de-4128-b781-49feb2df61fd | ITER: 3 END: OK
2020-04-10 04:35:21.873 11213 INFO rally.task.runner [-] Task 6b570e05-f4de-4128-b781-49feb2df61fd | ITER: 1 END: OK
2020-04-10 04:35:21.877 11215 INFO rally.task.runner [-] Task 6b570e05-f4de-4128-b781-49feb2df61fd | ITER: 8 START
2020-04-10 04:35:21.879 11213 INFO rally.task.runner [-] Task 6b570e05-f4de-4128-b781-49feb2df61fd | ITER: 9 START
2020-04-10 04:35:23.407 11216 INFO rally.task.runner [-] Task 6b570e05-f4de-4128-b781-49feb2df61fd | ITER: 6 END: OK
2020-04-10 04:35:23.412 11216 INFO rally.task.runner [-] Task 6b570e05-f4de-4128-b781-49feb2df61fd | ITER: 10 START
2020-04-10 04:35:24.697 11215 INFO rally.task.runner [-] Task 6b570e05-f4de-4128-b781-49feb2df61fd | ITER: 8 END: OK
2020-04-10 04:35:25.122 11216 INFO rally.task.runner [-] Task 6b570e05-f4de-4128-b781-49feb2df61fd | ITER: 10 END: OK
2020-04-10 04:35:25.266 11214 INFO rally.task.runner [-] Task 6b570e05-f4de-4128-b781-49feb2df61fd | ITER: 7 END: OK
2020-04-10 04:35:25.271 11213 INFO rally.task.runner [-] Task 6b570e05-f4de-4128-b781-49feb2df61fd | ITER: 9 END: OK
2020-04-10 04:35:25.298 9693 INFO rally.task.context [-] Task 6b570e05-f4de-4128-b781-49feb2df61fd | Context cleanup@openstack cleanup() started
2020-04-10 04:35:25.303 9693 RALLYDEBUG rally_openstack.cleanup.manager [-] Cleaning up neutron vip objects
2020-04-10 04:35:25.715 9693 RALLYDEBUG rally_openstack.cleanup.manager [-] Cleaning up neutron health_monitor objects
2020-04-10 04:35:26.115 9693 RALLYDEBUG rally_openstack.cleanup.manager [-] Cleaning up neutron pool objects
2020-04-10 04:35:26.536 9693 RALLYDEBUG rally_openstack.cleanup.manager [-] Cleaning up neutron loadbalancer objects
2020-04-10 04:35:26.927 9693 RALLYDEBUG rally_openstack.cleanup.manager [-] Cleaning up neutron floatingip objects
2020-04-10 04:35:27.466 9693 RALLYDEBUG rally_openstack.cleanup.manager [-] Cleaning up neutron trunk objects
2020-04-10 04:35:27.958 9693 RALLYDEBUG rally_openstack.cleanup.manager [-] Cleaning up neutron port objects
2020-04-10 04:35:28.681 9693 RALLYDEBUG rally_openstack.cleanup.manager [-] Cleaning up neutron subnet objects
2020-04-10 04:35:29.359 9693 RALLYDEBUG rally_openstack.cleanup.manager [-] Cleaning up neutron network objects
2020-04-10 04:35:30.811 9693 RALLYDEBUG rally_openstack.cleanup.manager [-] Cleaning up neutron router objects
2020-04-10 04:35:31.515 9693 RALLYDEBUG rally_openstack.cleanup.manager [-] Cleaning up neutron security_group objects
2020-04-10 04:35:32.127 9693 INFO rally.task.context [-] Task 6b570e05-f4de-4128-b781-49feb2df61fd | Context cleanup@openstack cleanup() finished in 6.83 sec
2020-04-10 04:35:32.128 9693 INFO rally.task.context [-] Task 6b570e05-f4de-4128-b781-49feb2df61fd | Context network@openstack cleanup() started
2020-04-10 04:35:37.779 9693 INFO rally.task.context [-] Task 6b570e05-f4de-4128-b781-49feb2df61fd | Context network@openstack cleanup() finished in 5.65 sec
2020-04-10 04:35:37.780 9693 INFO rally.task.context [-] Task 6b570e05-f4de-4128-b781-49feb2df61fd | Context quotas@openstack cleanup() started
2020-04-10 04:35:37.848 9693 INFO rally.task.context [-] Task 6b570e05-f4de-4128-b781-49feb2df61fd | Context quotas@openstack cleanup() finished in 67.85 msec
2020-04-10 04:35:37.849 9693 INFO rally.task.context [-] Task 6b570e05-f4de-4128-b781-49feb2df61fd | Context users@openstack cleanup() started
2020-04-10 04:35:38.012 9693 WARNING rally.common.logging [-] `iterate_per_tenants()' is deprecated in v3.0.0: it is openstack specific.. Used at
2020-04-10 04:35:40.064 9693 INFO rally.task.context [-] Task 6b570e05-f4de-4128-b781-49feb2df61fd | Context users@openstack cleanup() finished in 2.22 sec
2020-04-10 04:35:40.508 9693 INFO rally.task.engine [-] Load duration is: 6.800535
2020-04-10 04:35:40.508 9693 INFO rally.task.engine [-] Full runner duration is: 6.851068
2020-04-10 04:35:40.509 9693 INFO rally.task.engine [-] Full duration is: 29.736389
2020-04-10 04:35:40.606 9693 INFO rally.task.engine [-] Running workload: position = 0 config = { "version": 2, "title": "A cropped version of a bigger task.", "description": "Auto-generated task from a single workload (uuid=9fb64d37-098b-4fca-a76a-3ede2917f560)", "subtasks": [ { "title": "NeutronNetworks.create_and_delete_routers", "description": "Create and delete a given number of routers.", "scenario": { "NeutronNetworks.create_and_delete_routers": { "network_create_args": {}, "router_create_args": {}, "subnet_cidr_start": "1.1.0.0/30", "subnet_create_args": {}, "subnets_per_network": 1 } }, "contexts": { "users": { "tenants": 3, "users_per_tenant": 2 }, "quotas": { "neutron": { "network": -1, "subnet": -1, "port": -1, "router": -1 } } }, "runner": { "constant": { "concurrency": 4, "times": 10 } }, "hooks": [], "sla": { "failure_rate": { "max": 0 } } } ] }
2020-04-10 04:35:40.630 9693 RALLYDEBUG rally_openstack.contexts.keystone.users [-] Creating 3 tenants using 3 threads
2020-04-10 04:35:41.115 9693 RALLYDEBUG rally_openstack.contexts.keystone.users [-] Creating 6 users using 6 threads
2020-04-10 04:35:42.199 9693 INFO rally.task.context [-] Task 6b570e05-f4de-4128-b781-49feb2df61fd | Context users@openstack setup() finished in 1.57 sec
2020-04-10 04:35:42.620 9693 INFO rally.task.context [-] Task 6b570e05-f4de-4128-b781-49feb2df61fd | Context quotas@openstack setup() finished in 0.42 sec
2020-04-10 04:35:42.621 9693 INFO rally.task.context [-] Task 6b570e05-f4de-4128-b781-49feb2df61fd | Context cleanup@openstack setup() finished in 0.03 msec
2020-04-10 04:35:42.632 9693 RALLYDEBUG rally.task.runner [-] Starting the constant runner (task UUID: 6b570e05-f4de-4128-b781-49feb2df61fd). times: 10 concurrency: 4 timeout: 0 max_cpu_used: 88 processes_to_start: 4 concurrency_per_worker: 1 concurrency_overhead: 0
2020-04-10 04:35:42.645 11506 RALLYDEBUG rally.task.runner [-] Starting a worker. times: 10 duration: None concurrency: 1 timeout: 0 cls: method_name: run args: {"network_create_args": {}, "router_create_args": {}, "subnet_cidr_start": "1.1.0.0/30", "subnet_create_args": {}, "subnets_per_network": 1}
2020-04-10 04:35:42.646 11507 RALLYDEBUG rally.task.runner [-] Starting a worker. times: 10 duration: None concurrency: 1 timeout: 0 cls: method_name: run args: {"network_create_args": {}, "router_create_args": {}, "subnet_cidr_start": "1.1.0.0/30", "subnet_create_args": {}, "subnets_per_network": 1}
2020-04-10 04:35:42.650 11508 RALLYDEBUG rally.task.runner [-] Starting a worker. times: 10 duration: None concurrency: 1 timeout: 0 cls: method_name: run args: {"network_create_args": {}, "router_create_args": {}, "subnet_cidr_start": "1.1.0.0/30", "subnet_create_args": {}, "subnets_per_network": 1}
2020-04-10 04:35:42.652 11507 INFO rally.task.runner [-] Task 6b570e05-f4de-4128-b781-49feb2df61fd | ITER: 2 START
2020-04-10 04:35:42.652 11506 INFO rally.task.runner [-] Task 6b570e05-f4de-4128-b781-49feb2df61fd | ITER: 1 START
2020-04-10 04:35:42.653 11509 RALLYDEBUG rally.task.runner [-] Starting a worker. times: 10 duration: None concurrency: 1 timeout: 0 cls: method_name: run args: {"network_create_args": {}, "router_create_args": {}, "subnet_cidr_start": "1.1.0.0/30", "subnet_create_args": {}, "subnets_per_network": 1}
2020-04-10 04:35:42.656 11508 INFO rally.task.runner [-] Task 6b570e05-f4de-4128-b781-49feb2df61fd | ITER: 3 START
2020-04-10 04:35:42.660 11509 INFO rally.task.runner [-] Task 6b570e05-f4de-4128-b781-49feb2df61fd | ITER: 4 START
2020-04-10 04:35:43.880 11509 RALLYDEBUG rally_openstack.wrappers.network [-] CIDR generated: 1.1.0.104/30
2020-04-10 04:35:44.085 11508 RALLYDEBUG rally_openstack.wrappers.network [-] CIDR generated: 1.1.0.108/30
2020-04-10 04:35:44.364 11507 RALLYDEBUG rally_openstack.wrappers.network [-] CIDR generated: 1.1.0.112/30
2020-04-10 04:35:45.753 11506 RALLYDEBUG rally_openstack.wrappers.network [-] CIDR generated: 1.1.0.116/30
2020-04-10 04:35:51.904 11509 INFO rally.task.runner [-] Task 6b570e05-f4de-4128-b781-49feb2df61fd | ITER: 4 END: OK
2020-04-10 04:35:51.909 11509 INFO rally.task.runner [-] Task 6b570e05-f4de-4128-b781-49feb2df61fd | ITER: 5 START
2020-04-10 04:35:52.116 11507 INFO rally.task.runner [-] Task 6b570e05-f4de-4128-b781-49feb2df61fd | ITER: 2 END: OK
2020-04-10 04:35:52.121 11507 INFO rally.task.runner [-] Task 6b570e05-f4de-4128-b781-49feb2df61fd | ITER: 6 START
2020-04-10 04:35:52.874 11509 RALLYDEBUG rally_openstack.wrappers.network [-] CIDR generated: 1.1.0.120/30
2020-04-10 04:35:53.146 11507 RALLYDEBUG rally_openstack.wrappers.network [-] CIDR generated: 1.1.0.124/30
2020-04-10 04:35:56.979 11508 INFO rally.task.runner [-] Task 6b570e05-f4de-4128-b781-49feb2df61fd | ITER: 3 END: OK
2020-04-10 04:35:56.984 11508 INFO rally.task.runner [-] Task 6b570e05-f4de-4128-b781-49feb2df61fd | ITER: 7 START
2020-04-10 04:35:57.435 11506 INFO rally.task.runner [-] Task 6b570e05-f4de-4128-b781-49feb2df61fd | ITER: 1 END: OK
2020-04-10 04:35:57.438 11506 INFO rally.task.runner [-] Task 6b570e05-f4de-4128-b781-49feb2df61fd | ITER: 8 START
2020-04-10 04:35:58.059 11508 RALLYDEBUG rally_openstack.wrappers.network [-] CIDR generated: 1.1.0.128/30
2020-04-10 04:35:59.417 11506 RALLYDEBUG rally_openstack.wrappers.network [-] CIDR generated: 1.1.0.132/30
2020-04-10 04:36:00.045 11507 INFO rally.task.runner [-] Task 6b570e05-f4de-4128-b781-49feb2df61fd | ITER: 6 END: OK
2020-04-10 04:36:00.049 11507 INFO rally.task.runner [-] Task 6b570e05-f4de-4128-b781-49feb2df61fd | ITER: 9 START
2020-04-10 04:36:00.912 11507 RALLYDEBUG rally_openstack.wrappers.network [-] CIDR generated: 1.1.0.136/30
2020-04-10 04:36:01.577 11509 INFO rally.task.runner [-] Task 6b570e05-f4de-4128-b781-49feb2df61fd | ITER: 5 END: OK
2020-04-10 04:36:01.582 11509 INFO rally.task.runner [-] Task 6b570e05-f4de-4128-b781-49feb2df61fd | ITER: 10 START
2020-04-10 04:36:03.082 11509 RALLYDEBUG rally_openstack.wrappers.network [-] CIDR generated: 1.1.0.140/30
2020-04-10 04:36:05.401 11508 INFO rally.task.runner [-] Task 6b570e05-f4de-4128-b781-49feb2df61fd | ITER: 7 END: OK
2020-04-10 04:36:07.569 11506 INFO rally.task.runner [-] Task 6b570e05-f4de-4128-b781-49feb2df61fd | ITER: 8 END: OK
2020-04-10 04:36:08.160 11507 INFO rally.task.runner [-] Task 6b570e05-f4de-4128-b781-49feb2df61fd | ITER: 9 END: OK
2020-04-10 04:36:09.900 11509 INFO rally.task.runner [-] Task 6b570e05-f4de-4128-b781-49feb2df61fd | ITER: 10 END: OK
2020-04-10 04:36:09.937 9693 INFO rally.task.context [-] Task 6b570e05-f4de-4128-b781-49feb2df61fd | Context cleanup@openstack cleanup() started
2020-04-10 04:36:09.943 9693 RALLYDEBUG rally_openstack.cleanup.manager [-] Cleaning up neutron vip objects
2020-04-10 04:36:10.375 9693 RALLYDEBUG rally_openstack.cleanup.manager [-] Cleaning up neutron health_monitor objects
2020-04-10 04:36:10.824 9693 RALLYDEBUG rally_openstack.cleanup.manager [-] Cleaning up neutron pool objects
2020-04-10 04:36:11.287 9693 RALLYDEBUG rally_openstack.cleanup.manager [-] Cleaning up neutron loadbalancer objects
2020-04-10 04:36:11.812 9693 RALLYDEBUG rally_openstack.cleanup.manager [-] Cleaning up neutron floatingip objects
2020-04-10 04:36:12.495 9693 RALLYDEBUG rally_openstack.cleanup.manager [-] Cleaning up neutron trunk objects
2020-04-10 04:36:12.995 9693 RALLYDEBUG rally_openstack.cleanup.manager [-] Cleaning up neutron port objects
2020-04-10 04:36:13.758 9693 RALLYDEBUG rally_openstack.cleanup.manager [-] Cleaning up neutron subnet objects
2020-04-10 04:36:15.167 9693 RALLYDEBUG rally_openstack.cleanup.manager [-] Deleting neutron.subnet object s_rally_9fb64d37_IqrBZCr6 (7d5ea7de-908c-4a98-8126-f820119fe504)
2020-04-10 04:36:15.190 9693 RALLYDEBUG rally_openstack.cleanup.manager [-] Deleting neutron.subnet object s_rally_9fb64d37_ZxJaaWwv (9a308222-5c64-423d-9969-ac3e22d742b5)
2020-04-10 04:36:15.190 9693 RALLYDEBUG rally_openstack.cleanup.manager [-] Deleting neutron.subnet object s_rally_9fb64d37_xzeQtFad (7e76b4da-2785-40ca-90be-64b020daafda)
2020-04-10 04:36:15.185 9693 RALLYDEBUG rally_openstack.cleanup.manager [-] Deleting neutron.subnet object s_rally_9fb64d37_86wieftm (88a8c6ae-2500-46db-8000-e0a97c93a021)
2020-04-10 04:36:15.196 9693 RALLYDEBUG rally_openstack.cleanup.manager [-] Deleting neutron.subnet object s_rally_9fb64d37_IaRcBpVn (bb0356f3-764b-46b9-9bc5-be858233b008)
2020-04-10 04:36:15.206 9693 RALLYDEBUG rally_openstack.cleanup.manager [-] Deleting neutron.subnet object s_rally_9fb64d37_OR9httAb (b172050b-ef21-4c0a-9f1d-6843d26037b7)
2020-04-10 04:36:15.239 9693 RALLYDEBUG rally_openstack.cleanup.manager [-] Deleting neutron.subnet object s_rally_9fb64d37_F9MEQIh1 (53860d27-534e-4d33-a826-48bc806f95f8)
2020-04-10 04:36:15.240 9693 RALLYDEBUG rally_openstack.cleanup.manager [-] Deleting neutron.subnet object s_rally_9fb64d37_3EUXaUXz (feba4da9-0583-408d-9177-8d89c27e4ec0)
2020-04-10 04:36:15.272 9693 RALLYDEBUG rally_openstack.cleanup.manager [-] Deleting neutron.subnet object s_rally_9fb64d37_0N03ILoI (e0db3529-ff02-440c-9029-d76cc9d32da2)
2020-04-10 04:36:15.266 9693 RALLYDEBUG rally_openstack.cleanup.manager [-] Deleting neutron.subnet object s_rally_9fb64d37_hYmSlKHv (5855dd0e-bea4-4155-9fcc-e5d1dacc461e)
2020-04-10 04:36:21.290 9693 RALLYDEBUG rally_openstack.cleanup.manager [-] Cleaning up neutron network objects
2020-04-10 04:36:22.128 9693 RALLYDEBUG rally_openstack.cleanup.manager [-] Deleting neutron.network object s_rally_9fb64d37_66B35bF3 (11fdedbd-3379-40d8-ac82-dacd07969d2b)
2020-04-10 04:36:22.145 9693 RALLYDEBUG rally_openstack.cleanup.manager [-] Deleting neutron.network object s_rally_9fb64d37_7uCI6cat (ada481fc-3658-4918-9fcd-23c271355227)
2020-04-10 04:36:22.146 9693 RALLYDEBUG rally_openstack.cleanup.manager [-] Deleting neutron.network object s_rally_9fb64d37_XewnePIJ (456755b1-c5e7-414b-8f67-465b95311a70)
2020-04-10 04:36:22.152 9693 RALLYDEBUG rally_openstack.cleanup.manager [-] Deleting neutron.network object s_rally_9fb64d37_bYjywu0O (b6cbc7eb-a5aa-4a5a-91f7-a85123130d56)
2020-04-10 04:36:22.179 9693 RALLYDEBUG rally_openstack.cleanup.manager [-] Deleting neutron.network object s_rally_9fb64d37_aSZVswBK (059e7214-ad95-4a4d-8044-6018d4772b48)
2020-04-10 04:36:22.174 9693 RALLYDEBUG rally_openstack.cleanup.manager [-] Deleting neutron.network object s_rally_9fb64d37_70cmg2C8 (bc7b7072-fe16-466e-9a15-eab213f34fb5)
2020-04-10 04:36:22.191 9693 RALLYDEBUG rally_openstack.cleanup.manager [-] Deleting neutron.network object s_rally_9fb64d37_XfjkALET (9025cbcd-9356-4516-bd32-1b970c73c401)
2020-04-10 04:36:22.201 9693 RALLYDEBUG rally_openstack.cleanup.manager [-] Deleting neutron.network object s_rally_9fb64d37_mYDoN799 (087ed81a-be8e-45d6-ad92-1a65cc84b3ba)
2020-04-10 04:36:22.225 9693 RALLYDEBUG rally_openstack.cleanup.manager [-] Deleting neutron.network object s_rally_9fb64d37_S3TYA8H0 (c547c21e-1140-4b4a-bf0d-09f5f8a6240b)
2020-04-10 04:36:22.228 9693 RALLYDEBUG rally_openstack.cleanup.manager [-] Deleting neutron.network object s_rally_9fb64d37_Z6643Tis (41c04bbf-9025-40cc-a8e8-00eac859c929)
2020-04-10 04:36:26.040 9693 RALLYDEBUG rally_openstack.cleanup.manager [-] Cleaning up neutron router objects
2020-04-10 04:36:27.322 9693 RALLYDEBUG rally_openstack.cleanup.manager [-] Cleaning up neutron security_group objects
2020-04-10 04:36:27.896 9693 INFO rally.task.context [-] Task 6b570e05-f4de-4128-b781-49feb2df61fd | Context cleanup@openstack cleanup() finished in 17.96 sec
2020-04-10 04:36:27.896 9693 INFO rally.task.context [-] Task 6b570e05-f4de-4128-b781-49feb2df61fd | Context quotas@openstack cleanup() started
2020-04-10 04:36:27.954 9693 INFO rally.task.context [-] Task 6b570e05-f4de-4128-b781-49feb2df61fd | Context quotas@openstack cleanup() finished in 58.22 msec
2020-04-10 04:36:27.955 9693 INFO rally.task.context [-] Task 6b570e05-f4de-4128-b781-49feb2df61fd | Context users@openstack cleanup() started
2020-04-10 04:36:28.095 9693 WARNING rally.common.logging [-] `iterate_per_tenants()' is deprecated in v3.0.0: it is openstack specific.. Used at
2020-04-10 04:36:30.294 9693 INFO rally.task.context [-] Task 6b570e05-f4de-4128-b781-49feb2df61fd | Context users@openstack cleanup() finished in 2.34 sec
2020-04-10 04:36:30.921 9693 INFO rally.task.engine [-] Load duration is: 27.246849
2020-04-10 04:36:30.921 9693 INFO rally.task.engine [-] Full runner duration is: 27.304551
2020-04-10 04:36:30.921 9693 INFO rally.task.engine [-] Full duration is: 49.667722
2020-04-10 04:36:31.018 9693 INFO rally.task.engine [-] Running workload: position = 0 config = { "version": 2, "title": "A cropped version of a bigger task.", "description": "Auto-generated task from a single workload (uuid=83c0b63c-2ece-4150-877c-6725dd42f703)", "subtasks": [ { "title": "NeutronNetworks.create_and_delete_subnets", "description": "Create and delete a given number of subnets.", "scenario": { "NeutronNetworks.create_and_delete_subnets": { "network_create_args": {}, "subnet_cidr_start": "1.1.0.0/30", "subnet_create_args": {}, "subnets_per_network": 1 } }, "contexts": { "users": { "tenants": 3, "users_per_tenant": 2 }, "network": { "router": {} }, "quotas": { "neutron": { "network": -1, "subnet": -1 } } }, "runner": { "constant": { "concurrency": 4, "times": 10 } }, "hooks": [], "sla": { "failure_rate": { "max": 0 } } } ] }
2020-04-10 04:36:31.041 9693 RALLYDEBUG rally_openstack.contexts.keystone.users [-] Creating 3 tenants using 3 threads
2020-04-10 04:36:31.524 9693 RALLYDEBUG rally_openstack.contexts.keystone.users [-] Creating 6 users using 6 threads
2020-04-10 04:36:32.380 9693 INFO rally.task.context [-] Task 6b570e05-f4de-4128-b781-49feb2df61fd | Context users@openstack setup() finished in 1.34 sec
2020-04-10 04:36:32.781 9693 INFO rally.task.context [-] Task 6b570e05-f4de-4128-b781-49feb2df61fd | Context quotas@openstack setup() finished in 0.40 sec
2020-04-10 04:36:32.840 9693 WARNING rally.common.logging [-] `iterate_per_tenants()' is deprecated in v3.0.0: it is openstack specific.. Used at
