2020-04-10 04:31:46.394 7990 RALLYDEBUG rally_openstack.cleanup.manager [-] Deleting keystone.user object s_rally_b51a44be_lKqGDoxI (3b4049956330490d8106fbf5ecba4eef)
2020-04-10 04:31:46.401 7990 RALLYDEBUG rally_openstack.cleanup.manager [-] Deleting keystone.user object s_rally_b51a44be_3km6bV2O (419ac37b9fc549c0b0f32589e1ee46b0)
2020-04-10 04:31:46.403 7990 RALLYDEBUG rally_openstack.cleanup.manager [-] Deleting keystone.user object s_rally_b51a44be_gyqXfeoR (39bc8218558f47ecbc0f62d308d7092d)
2020-04-10 04:31:46.407 7990 RALLYDEBUG rally_openstack.cleanup.manager [-] Deleting keystone.user object s_rally_b51a44be_Mkjpokkk (44061a70e1024118b4494c4e14e72338)
2020-04-10 04:31:46.443 7990 RALLYDEBUG rally_openstack.cleanup.manager [-] Deleting keystone.user object s_rally_b51a44be_XRTpxoea (48c512b699b24fc1865e8710db1f6959)
2020-04-10 04:31:46.448 7990 RALLYDEBUG rally_openstack.cleanup.manager [-] Deleting keystone.user object s_rally_b51a44be_uKCPDD7l (4a4d5ff808414a6182326e3db2c979cf)
2020-04-10 04:31:46.461 7990 RALLYDEBUG rally_openstack.cleanup.manager [-] Deleting keystone.user object s_rally_b51a44be_WcPOFAXB (45fa48cb94454620a0bdd05d24757090)
2020-04-10 04:31:48.028 7990 RALLYDEBUG rally_openstack.cleanup.manager [-] Deleting keystone.user object s_rally_b51a44be_QBPPAoMf (4ad21a048d094678a44e5ef0c8dbbc01)
2020-04-10 04:31:48.204 7990 RALLYDEBUG rally_openstack.cleanup.manager [-] Deleting keystone.user object s_rally_b51a44be_dWtQezk4 (4c31e65fb5fe4452a70c7825080083fa)
2020-04-10 04:31:48.233 7990 RALLYDEBUG rally_openstack.cleanup.manager [-] Deleting keystone.user object s_rally_b51a44be_LS8Yg1Nm (52956018b3004bf39790e245ee3a3f9f)
2020-04-10 04:31:48.250 7990 RALLYDEBUG rally_openstack.cleanup.manager [-] Deleting keystone.user object s_rally_b51a44be_7ZvTLjl2 (56829ec28d2d45139733b4877695de92)
2020-04-10 04:31:48.260 7990 RALLYDEBUG rally_openstack.cleanup.manager [-] Deleting keystone.user object s_rally_b51a44be_cDab5L5j (58acce01673a43b6910de54448c5cb2d)
2020-04-10 04:31:48.261 7990 RALLYDEBUG rally_openstack.cleanup.manager [-] Deleting keystone.user object s_rally_b51a44be_SURX9RWY (51f2832b660f4115ae2c7e34b4ee04df)
2020-04-10 04:31:48.261 7990 RALLYDEBUG rally_openstack.cleanup.manager [-] Deleting keystone.user object s_rally_b51a44be_bQjRwka0 (53910e0070d34652947bdb16231232e6)
2020-04-10 04:31:48.419 7990 RALLYDEBUG rally_openstack.cleanup.manager [-] Deleting keystone.user object s_rally_b51a44be_gcVP89ZZ (5fbdd620a8894e30bcb025df3450a2eb)
2020-04-10 04:31:48.443 7990 RALLYDEBUG rally_openstack.cleanup.manager [-] Deleting keystone.user object s_rally_b51a44be_JSLdHzhC (60faa33f381e41a18467088d51b3a422)
2020-04-10 04:31:48.461 7990 RALLYDEBUG rally_openstack.cleanup.manager [-] Deleting keystone.user object s_rally_b51a44be_DlH5wnLk (60129d7c88324766978e44053407a38b)
2020-04-10 04:31:48.454 7990 RALLYDEBUG rally_openstack.cleanup.manager [-] Deleting keystone.user object s_rally_b51a44be_Ucw5jdzO (61b49a07863646a9a0442ed65ea36fef)
2020-04-10 04:31:48.536 7990 RALLYDEBUG rally_openstack.cleanup.manager [-] Deleting keystone.user object s_rally_b51a44be_g6Nq8i7v (6724a61712cf4f08935bfb581e4d1904)
2020-04-10 04:31:48.547 7990 RALLYDEBUG rally_openstack.cleanup.manager [-] Deleting keystone.user object s_rally_b51a44be_zOdBJrmR (6d115797a5f34cfebdf4789f32d1f30c)
2020-04-10 04:31:48.672 7990 RALLYDEBUG rally_openstack.cleanup.manager [-] Deleting keystone.user object s_rally_b51a44be_obZTwDa0 (7323a46478a14c9c9e9bcb28c1990b99)
2020-04-10 04:31:48.690 7990 RALLYDEBUG rally_openstack.cleanup.manager [-] Deleting keystone.user object s_rally_b51a44be_TJc9428X (6d31068c15cb47b0bec6c8353a907a9f)
2020-04-10 04:31:48.787 7990 RALLYDEBUG rally_openstack.cleanup.manager [-] Deleting keystone.user object s_rally_b51a44be_qhKnaVAC (7482994f661241729d929f9db283b30e)
2020-04-10 04:31:48.805 7990 RALLYDEBUG rally_openstack.cleanup.manager [-] Deleting keystone.user object s_rally_b51a44be_5EChBmOH (757f1c03e5d34c8d8622e701cf55bb78)
2020-04-10 04:31:48.811 7990 RALLYDEBUG rally_openstack.cleanup.manager [-] Deleting keystone.user object s_rally_b51a44be_X5cT3CyF (7c263f9cad2a4dae8bf4a686e3bfe0a8)
2020-04-10 04:31:48.816 7990 RALLYDEBUG rally_openstack.cleanup.manager [-] Deleting keystone.user object s_rally_b51a44be_N0qasMVX (80c1b363e351495fbc8f036a9b05148f)
2020-04-10 04:31:48.817 7990 RALLYDEBUG rally_openstack.cleanup.manager [-] Deleting keystone.user object s_rally_b51a44be_KzY6V4wZ (743d39dc07f448c9aa8ca8d6f577f16a)
2020-04-10 04:31:49.880 7990 RALLYDEBUG rally_openstack.cleanup.manager [-] Deleting keystone.user object s_rally_b51a44be_2sZ7bE1k (8176bc7f6ab94869a926a1765af33dd5)
2020-04-10 04:31:50.070 7990 RALLYDEBUG rally_openstack.cleanup.manager [-] Deleting keystone.user object s_rally_b51a44be_VW8wEJm7 (83a5cb7218ee4f3792f87774097fc6a5)
2020-04-10 04:31:50.233 7990 RALLYDEBUG rally_openstack.cleanup.manager [-] Deleting keystone.user object s_rally_b51a44be_GwAJ6MdU (88c11a51ba904637994706191e595894)
2020-04-10 04:31:50.235 7990 RALLYDEBUG rally_openstack.cleanup.manager [-] Deleting keystone.user object s_rally_b51a44be_VqYImkzU (86da109b545049838b4b3e21f9693a81)
2020-04-10 04:31:50.386 7990 RALLYDEBUG rally_openstack.cleanup.manager [-] Deleting keystone.user object s_rally_b51a44be_AdhMtgVA (8a69fc49cec941c08da34783d410fd7b)
2020-04-10 04:31:50.416 7990 RALLYDEBUG rally_openstack.cleanup.manager [-] Deleting keystone.user object s_rally_b51a44be_qoGijTh3 (8b4940cc61d948408f22cc5b4b3bb44a)
2020-04-10 04:31:50.426 7990 RALLYDEBUG rally_openstack.cleanup.manager [-] Deleting keystone.user object s_rally_b51a44be_k93z9nnS (8b2972341fcd4c099a64325e627feecb)
2020-04-10 04:31:50.456 7990 RALLYDEBUG rally_openstack.cleanup.manager [-] Deleting keystone.user object s_rally_b51a44be_Pjze8kIz (8d009f0ba0c64596b3f38c6305eef059)
2020-04-10 04:31:50.456 7990 RALLYDEBUG rally_openstack.cleanup.manager [-] Deleting keystone.user object s_rally_b51a44be_eQogcOBE (8c339aee2db7477c947e70af5443be04)
2020-04-10 04:31:50.489 7990 RALLYDEBUG rally_openstack.cleanup.manager [-] Deleting keystone.user object s_rally_b51a44be_7HQUjGhE (8e09f0ed48374db08ceecbefaf82e70a)
2020-04-10 04:31:50.505 7990 RALLYDEBUG rally_openstack.cleanup.manager [-] Deleting keystone.user object s_rally_b51a44be_AOMQoEZO (9376461e1aa8472dbeae22e849442e78)
2020-04-10 04:31:50.590 7990 RALLYDEBUG rally_openstack.cleanup.manager [-] Deleting keystone.user object s_rally_b51a44be_32vwLSCT (961b0026767e41cdbdb0db831b45f809)
2020-04-10 04:31:50.664 7990 RALLYDEBUG rally_openstack.cleanup.manager [-] Deleting keystone.user object s_rally_b51a44be_3ESf6AU1 (99a72e19060b4e729b01794bb7d6abb5)
2020-04-10 04:31:50.707 7990 RALLYDEBUG rally_openstack.cleanup.manager [-] Deleting keystone.user object s_rally_b51a44be_wm87493x (9e35f96cf3ab4bd8a507c64842787ccd)
2020-04-10 04:31:50.713 7990 RALLYDEBUG rally_openstack.cleanup.manager [-] Deleting keystone.user object s_rally_b51a44be_cPcNwutq (9d93270ce79845cbb5936edf246a5e5e)
2020-04-10 04:31:50.717 7990 RALLYDEBUG rally_openstack.cleanup.manager [-] Deleting keystone.user object s_rally_b51a44be_JFF5us20 (9e54a9a18f9246ce90352441a6211792)
2020-04-10 04:31:50.752 7990 RALLYDEBUG rally_openstack.cleanup.manager [-] Deleting keystone.user object s_rally_b51a44be_BakiCEQH (9f25435e4b4b41f7886b7f37f7259aeb)
2020-04-10 04:31:50.787 7990 RALLYDEBUG rally_openstack.cleanup.manager [-] Deleting keystone.user object s_rally_b51a44be_EViSSQcz (9fc14739e347499aba7d4e05c1ff939b)
2020-04-10 04:31:50.801 7990 RALLYDEBUG rally_openstack.cleanup.manager [-] Deleting keystone.user object s_rally_b51a44be_bFClYUaz (9fc1d397663b4acc9efd21dce045d901)
2020-04-10 04:31:50.841 7990 RALLYDEBUG rally_openstack.cleanup.manager [-] Deleting keystone.user object s_rally_b51a44be_3Dz6qksS (a12d10fd0dcd4ae6a88ae48691e9a7a5)
2020-04-10 04:31:51.388 7990 RALLYDEBUG rally_openstack.cleanup.manager [-] Deleting keystone.user object s_rally_b51a44be_0KSZSEm9 (a2f839202832435b93ede5abef501b7d)
2020-04-10 04:31:51.440 7990 RALLYDEBUG rally_openstack.cleanup.manager [-] Deleting keystone.user object s_rally_b51a44be_KlqImzp8 (a832fb5c0feb47c69a76b7ff5ef2c450)
2020-04-10 04:31:51.855 7990 RALLYDEBUG rally_openstack.cleanup.manager [-] Deleting keystone.user object s_rally_b51a44be_vGD6lL4x (a83fafab0678471bb5e8eed156d651b6)
2020-04-10 04:31:51.881 7990 RALLYDEBUG rally_openstack.cleanup.manager [-] Deleting keystone.user object s_rally_b51a44be_Nqf16su2 (a8ccdcdd47ed4c81a712500cc2495977)
2020-04-10 04:31:51.959 7990 RALLYDEBUG rally_openstack.cleanup.manager [-] Deleting keystone.user object s_rally_b51a44be_ROz0gY1s (b11e1251615d4d33bab1c8624cf37736)
2020-04-10 04:31:52.160 7990 RALLYDEBUG rally_openstack.cleanup.manager [-] Deleting keystone.user object s_rally_b51a44be_iCou3Odj (b1ce7e6feca7451a8d2986b9bc9e03d6)
2020-04-10 04:31:52.181 7990 RALLYDEBUG rally_openstack.cleanup.manager [-] Deleting keystone.user object s_rally_b51a44be_mlZ3PP0e (b27e5965df3943fb8992f00d1d219141)
2020-04-10 04:31:52.351 7990 RALLYDEBUG rally_openstack.cleanup.manager [-] Deleting keystone.user object s_rally_b51a44be_5SK0eJ74 (b39abd1ec6e642d2b0e07675eb9e9cd6)
2020-04-10 04:31:52.357 7990 RALLYDEBUG rally_openstack.cleanup.manager [-] Deleting keystone.user object s_rally_b51a44be_QtSjAm4X (b296a4d8d0ed4efd81c56b1fa7f9de01)
2020-04-10 04:31:52.373 7990 RALLYDEBUG rally_openstack.cleanup.manager [-] Deleting keystone.user object s_rally_b51a44be_lWDk20VV (b5755e19bcb64a1eb188437da54498b1)
2020-04-10 04:31:52.380 7990 RALLYDEBUG rally_openstack.cleanup.manager [-] Deleting keystone.user object s_rally_b51a44be_FNyS8pHs (b5e92471ea714f96a9c59e468ee93e48)
2020-04-10 04:31:52.401 7990 RALLYDEBUG rally_openstack.cleanup.manager [-] Deleting keystone.user object s_rally_b51a44be_nA7unFSu (b9961206cae74376896cf6bee4336270)
2020-04-10 04:31:52.437 7990 RALLYDEBUG rally_openstack.cleanup.manager [-] Deleting keystone.user object s_rally_b51a44be_jOKWGan1 (ba03764d465f489d82b74fbb38a2ec30)
2020-04-10 04:31:52.513 7990 RALLYDEBUG rally_openstack.cleanup.manager [-] Deleting keystone.user object s_rally_b51a44be_5JBVLZXC (bb62a2461f064780b38b4bd34a094eae)
2020-04-10 04:31:52.553 7990 RALLYDEBUG rally_openstack.cleanup.manager [-] Deleting keystone.user object s_rally_b51a44be_3TLr4Soe (bcd0f93443e0426d85d396a6f7b9406d)
2020-04-10 04:31:52.601 7990 RALLYDEBUG rally_openstack.cleanup.manager [-] Deleting keystone.user object s_rally_b51a44be_E65dhxNi (bd2451cdfb2a4b7998234a1390398792)
2020-04-10 04:31:52.668 7990 RALLYDEBUG rally_openstack.cleanup.manager [-] Deleting keystone.user object s_rally_b51a44be_Rj9miIGv (c16074a519574154833a72ac59154137)
2020-04-10 04:31:52.709 7990 RALLYDEBUG rally_openstack.cleanup.manager [-] Deleting keystone.user object s_rally_b51a44be_c8d08Ghq (c2be672e217b4ae394d202607d8efa72)
2020-04-10 04:31:52.786 7990 RALLYDEBUG rally_openstack.cleanup.manager [-] Deleting keystone.user object s_rally_b51a44be_7ssbNgF1 (c52a8ccc57e64a2dacffcba11e331dfa)
2020-04-10 04:31:52.797 7990 RALLYDEBUG rally_openstack.cleanup.manager [-] Deleting keystone.user object s_rally_b51a44be_4j3cEdrm (c548e626cf8142bf9d11bbd9cff88082)
2020-04-10 04:31:52.950 7990 RALLYDEBUG rally_openstack.cleanup.manager [-] Deleting keystone.user object s_rally_b51a44be_JbnGQ2HB (c6d5a210693647f5901e19e8212ca5f1)
2020-04-10 04:31:53.075 7990 RALLYDEBUG rally_openstack.cleanup.manager [-] Deleting keystone.user object s_rally_b51a44be_C6JnSG32 (c8525461ebed4c2186668df98b8d07bb)
2020-04-10 04:31:53.268 7990 RALLYDEBUG rally_openstack.cleanup.manager [-] Deleting keystone.user object s_rally_b51a44be_Tw2NVZjT (cb2248c3719c4820876340f9909c06ba)
2020-04-10 04:31:53.317 7990 RALLYDEBUG rally_openstack.cleanup.manager [-] Deleting keystone.user object s_rally_b51a44be_1Mvq0jhX (cc022ad0c56e46c5963863e5240898a4)
2020-04-10 04:31:53.323 7990 RALLYDEBUG rally_openstack.cleanup.manager [-] Deleting keystone.user object s_rally_b51a44be_l5NhbqlN (cbc81b3d816c49e1968eea9e2e328986)
2020-04-10 04:31:53.680 7990 RALLYDEBUG rally_openstack.cleanup.manager [-] Deleting keystone.user object s_rally_b51a44be_5PYGamah (cd2b9759ed6443f483b7eb1410705311)
2020-04-10 04:31:53.744 7990 RALLYDEBUG rally_openstack.cleanup.manager [-] Deleting keystone.user object s_rally_b51a44be_GUWb3oGg (d07ed8bb7fbf4918a144aedbace071dd)
2020-04-10 04:31:54.090 7990 RALLYDEBUG rally_openstack.cleanup.manager [-] Deleting keystone.user object s_rally_b51a44be_jda6Wezf (d128617547a04b6dbd07e53d6363f6d7)
2020-04-10 04:31:54.103 7990 RALLYDEBUG rally_openstack.cleanup.manager [-] Deleting keystone.user object s_rally_b51a44be_aD1r2D6q (d141053e87f34a0ebfeb0611ddedbced)
2020-04-10 04:31:54.152 7990 RALLYDEBUG rally_openstack.cleanup.manager [-] Deleting keystone.user object s_rally_b51a44be_7Kna1dEJ (d185ba6c8557460cb80f737e8e2d7935)
2020-04-10 04:31:54.157 7990 RALLYDEBUG rally_openstack.cleanup.manager [-] Deleting keystone.user object s_rally_b51a44be_4omOfYjF (d39535c70d2e4ec2af5a1c58e2d0104d)
2020-04-10 04:31:54.233 7990 RALLYDEBUG rally_openstack.cleanup.manager [-] Deleting keystone.user object s_rally_b51a44be_vKcDqfyd (d9c9fc3b9e6242f79cc9223be5fcfbf1)
2020-04-10 04:31:54.288 7990 RALLYDEBUG rally_openstack.cleanup.manager [-] Deleting keystone.user object s_rally_b51a44be_OK5jPDMO (db0c08b46afe4adbbc8d5c56af13bf94)
2020-04-10 04:31:54.306 7990 RALLYDEBUG rally_openstack.cleanup.manager [-] Deleting keystone.user object s_rally_b51a44be_pUw6mxeR (e8b352ca09c34c0ca23e662b5a61614a)
2020-04-10 04:31:54.323 7990 RALLYDEBUG rally_openstack.cleanup.manager [-] Deleting keystone.user object s_rally_b51a44be_PB09wUQC (e9d5e2ac7c434ae5a6f1653b30b55fd1)
2020-04-10 04:31:54.380 7990 RALLYDEBUG rally_openstack.cleanup.manager [-] Deleting keystone.user object s_rally_b51a44be_pV2BpW0F (efc7dd0cd4f04980a3b8abe49aaee7da)
2020-04-10 04:31:54.495 7990 RALLYDEBUG rally_openstack.cleanup.manager [-] Deleting keystone.user object s_rally_b51a44be_kxOpkidl (f28d985f55c148bf818e35e6409f93f2)
2020-04-10 04:31:54.661 7990 RALLYDEBUG rally_openstack.cleanup.manager [-] Deleting keystone.user object s_rally_b51a44be_A8qULpDK (f58b601beaac4cde93c71ab857aabb78)
2020-04-10 04:31:54.672 7990 RALLYDEBUG rally_openstack.cleanup.manager [-] Deleting keystone.user object s_rally_b51a44be_vY4ddzqj (fdd4d8ccdecc40e38953ea06a6221a83)
2020-04-10 04:31:54.668 7990 RALLYDEBUG rally_openstack.cleanup.manager [-] Deleting keystone.user object s_rally_b51a44be_WjNU5TJW (f9540250dce74a818cb4a1242cac4182)
2020-04-10 04:31:56.383 7990 RALLYDEBUG rally_openstack.cleanup.manager [-] Cleaning up keystone project objects
2020-04-10 04:31:56.714 7990 RALLYDEBUG rally_openstack.cleanup.manager [-] Deleting keystone.project object s_rally_b51a44be_2NDf4XQC (5f978f997c5d4b0694a6b8072429e000)
2020-04-10 04:31:56.725 7990 RALLYDEBUG rally_openstack.cleanup.manager [-] Deleting keystone.project object s_rally_b51a44be_QbLZPabR (795461f7b8e84eacb585a8275b06f0aa)
2020-04-10 04:31:56.727 7990 RALLYDEBUG rally_openstack.cleanup.manager [-] Deleting keystone.project object s_rally_b51a44be_FE54k5sL (2f416892bed641f1972a23f355ea34c0)
2020-04-10 04:31:56.735 7990 RALLYDEBUG rally_openstack.cleanup.manager [-] Deleting keystone.project object s_rally_b51a44be_eN9YnKoi (0ccadca6c44d408b87d5221fc1296725)
2020-04-10 04:31:56.761 7990 RALLYDEBUG rally_openstack.cleanup.manager [-] Deleting keystone.project object s_rally_b51a44be_7N87wf6J (8825521513f745fca253d12b804cc4d9)
2020-04-10 04:31:56.782 7990 RALLYDEBUG rally_openstack.cleanup.manager [-] Deleting keystone.project object s_rally_b51a44be_brciADSg (bb3d4ac45bf4452d993a3b27482968e5)
2020-04-10 04:31:56.786 7990 RALLYDEBUG rally_openstack.cleanup.manager [-] Deleting keystone.project object s_rally_b51a44be_H3yBjV1z (c6c05b3520884d2e880b3e0534f1b311)
2020-04-10 04:31:56.808 7990 RALLYDEBUG rally_openstack.cleanup.manager [-] Deleting keystone.project object s_rally_b51a44be_vO0vJkKs (6f8016abd9e34c558c99adda66f97403)
2020-04-10 04:31:56.833 7990 RALLYDEBUG rally_openstack.cleanup.manager [-] Deleting keystone.project object s_rally_b51a44be_QQjXTQn3 (7ea5af18145640678f7a91e24db58d20)
2020-04-10 04:31:56.836 7990 RALLYDEBUG rally_openstack.cleanup.manager [-] Deleting keystone.project object s_rally_b51a44be_jpOtKUkx (cf76b03f54e6441690923e85e8369140)
2020-04-10 04:31:58.592 7990 RALLYDEBUG rally_openstack.cleanup.manager [-] Cleaning up keystone service objects
2020-04-10 04:31:58.998 7990 RALLYDEBUG rally_openstack.cleanup.manager [-] Cleaning up keystone role objects
2020-04-10 04:31:59.279 7990 INFO rally.task.context [-] Task 96471459-445f-4cd8-8d75-a87a1b3a9d7b | Context admin_cleanup@openstack cleanup() finished in 13.58 sec
2020-04-10 04:31:59.280 7990 INFO rally.task.context [-] Task 96471459-445f-4cd8-8d75-a87a1b3a9d7b | Context users@openstack cleanup() started
2020-04-10 04:31:59.477 7990 WARNING rally.common.logging [-] `iterate_per_tenants()' is deprecated in v3.0.0: it is openstack specific.. Used at
2020-04-10 04:32:01.217 7990 INFO rally.task.context [-] Task 96471459-445f-4cd8-8d75-a87a1b3a9d7b | Context users@openstack cleanup() finished in 1.94 sec
2020-04-10 04:32:01.312 7990 INFO rally.task.engine [-] Load duration is: 15.76976
2020-04-10 04:32:01.313 7990 INFO rally.task.engine [-] Full runner duration is: 16.112226
2020-04-10 04:32:01.313 7990 INFO rally.task.engine [-] Full duration is: 32.582222
2020-04-10 04:32:01.403 7990 INFO rally.task.engine [-] Task 96471459-445f-4cd8-8d75-a87a1b3a9d7b | Completed: Running task.
2020-04-10 04:32:03.070 9689 RALLYDEBUG rally.api [-] INFO logs from urllib3 and requests module are hide.
2020-04-10 04:32:03.070 9689 RALLYDEBUG rally.api [-] urllib3 insecure warnings are hidden.
2020-04-10 04:32:03.071 9689 RALLYDEBUG rally.api [-] ERROR log from boto module is hide.
2020-04-10 04:32:04.406 9690 RALLYDEBUG rally.api [-] INFO logs from urllib3 and requests module are hide.
2020-04-10 04:32:04.406 9690 RALLYDEBUG rally.api [-] urllib3 insecure warnings are hidden.
2020-04-10 04:32:04.407 9690 RALLYDEBUG rally.api [-] ERROR log from boto module is hide.
2020-04-10 04:32:05.839 9691 RALLYDEBUG rally.api [-] INFO logs from urllib3 and requests module are hide.
2020-04-10 04:32:05.839 9691 RALLYDEBUG rally.api [-] urllib3 insecure warnings are hidden.
2020-04-10 04:32:05.839 9691 RALLYDEBUG rally.api [-] ERROR log from boto module is hide.
2020-04-10 04:32:07.770 9691 INFO rally.api [-] Building 'json' report for the following task(s): '96471459-445f-4cd8-8d75-a87a1b3a9d7b'.
2020-04-10 04:32:07.806 9691 INFO rally.api [-] The report has been successfully built.
2020-04-10 04:32:09.308 9693 RALLYDEBUG rally.api [-] INFO logs from urllib3 and requests module are hide.
2020-04-10 04:32:09.309 9693 RALLYDEBUG rally.api [-] urllib3 insecure warnings are hidden.
2020-04-10 04:32:09.309 9693 RALLYDEBUG rally.api [-] ERROR log from boto module is hide.
2020-04-10 04:32:11.503 9693 INFO rally.task.engine [-] Task 6b570e05-f4de-4128-b781-49feb2df61fd | Starting: Task validation.
2020-04-10 04:32:11.517 9693 INFO rally.task.engine [-] Task 6b570e05-f4de-4128-b781-49feb2df61fd | Starting: Task validation of syntax.
2020-04-10 04:32:11.865 9693 INFO rally.task.engine [-] Task 6b570e05-f4de-4128-b781-49feb2df61fd | Completed: Task validation of syntax.
2020-04-10 04:32:11.866 9693 INFO rally.task.engine [-] Task 6b570e05-f4de-4128-b781-49feb2df61fd | Starting: Task validation of required platforms.
2020-04-10 04:32:12.023 9693 INFO rally.task.engine [-] Task 6b570e05-f4de-4128-b781-49feb2df61fd | Completed: Task validation of required platforms.
2020-04-10 04:32:12.023 9693 INFO rally.task.engine [-] Task 6b570e05-f4de-4128-b781-49feb2df61fd | Starting: Task validation of semantic.
2020-04-10 04:32:12.023 9693 INFO rally.task.engine [-] Check health of the environment '12112318-7055-4447-9f85-97c68bb245e8'.
2020-04-10 04:32:12.650 9693 INFO rally.task.engine [-] Platform existing@openstack (available: True): OK!
2020-04-10 04:32:12.665 9693 RALLYDEBUG rally_openstack.contexts.keystone.users [-] Creating 1 tenants using 1 threads
2020-04-10 04:32:12.985 9693 RALLYDEBUG rally_openstack.contexts.keystone.users [-] Creating 1 users using 1 threads
2020-04-10 04:32:13.573 9693 INFO rally.task.context [-] Task 6b570e05-f4de-4128-b781-49feb2df61fd | Context users@openstack setup() finished in 0.91 sec
2020-04-10 04:32:14.920 9693 INFO rally.task.context [-] Task 6b570e05-f4de-4128-b781-49feb2df61fd | Context users@openstack cleanup() started
2020-04-10 04:32:15.118 9693 WARNING rally.common.logging [-] `iterate_per_tenants()' is deprecated in v3.0.0: it is openstack specific.. Used at
2020-04-10 04:32:16.343 9693 INFO rally.task.context [-] Task 6b570e05-f4de-4128-b781-49feb2df61fd | Context users@openstack cleanup() finished in 1.42 sec
2020-04-10 04:32:16.343 9693 INFO rally.task.engine [-] Task 6b570e05-f4de-4128-b781-49feb2df61fd | Completed: Task validation of semantic.
2020-04-10 04:32:16.344 9693 INFO rally.task.engine [-] Task 6b570e05-f4de-4128-b781-49feb2df61fd | Completed: Task validation.
2020-04-10 04:32:16.344 9693 INFO rally.api [-] Task 6b570e05-f4de-4128-b781-49feb2df61fd input file is valid.
2020-04-10 04:32:16.344 9693 INFO rally.api [-] Run Task 6b570e05-f4de-4128-b781-49feb2df61fd against Deployment 12112318-7055-4447-9f85-97c68bb245e8
2020-04-10 04:32:16.345 9693 INFO rally.task.engine [-] Task 6b570e05-f4de-4128-b781-49feb2df61fd | Starting: Running task.
2020-04-10 04:32:16.398 9693 INFO rally.task.engine [-] Running workload: position = 0 config = { "version": 2, "title": "A cropped version of a bigger task.", "description": "Auto-generated task from a single workload (uuid=9b3d664f-2fd8-4bc1-add1-3dba1908dfb9)", "subtasks": [ { "title": "NeutronNetworks.create_and_update_networks", "description": "Create and update a network.", "scenario": { "NeutronNetworks.create_and_update_networks": { "network_create_args": {}, "network_update_args": { "admin_state_up": false } } }, "contexts": { "users": { "tenants": 3, "users_per_tenant": 2 }, "quotas": { "neutron": { "network": -1 } } }, "runner": { "constant": { "concurrency": 4, "times": 10 } }, "hooks": [], "sla": { "failure_rate": { "max": 0 } } } ] }
2020-04-10 04:32:16.416 9693 RALLYDEBUG rally_openstack.contexts.keystone.users [-] Creating 3 tenants using 3 threads
2020-04-10 04:32:16.874 9693 RALLYDEBUG rally_openstack.contexts.keystone.users [-] Creating 6 users using 6 threads
2020-04-10 04:32:17.726 9693 INFO rally.task.context [-] Task 6b570e05-f4de-4128-b781-49feb2df61fd | Context users@openstack setup() finished in 1.31 sec
2020-04-10 04:32:18.070 9693 INFO rally.task.context [-] Task 6b570e05-f4de-4128-b781-49feb2df61fd | Context quotas@openstack setup() finished in 0.34 sec
2020-04-10 04:32:18.071 9693 INFO rally.task.context [-] Task 6b570e05-f4de-4128-b781-49feb2df61fd | Context cleanup@openstack setup() finished in 0.00 msec
2020-04-10 04:32:18.079 9693 RALLYDEBUG rally.task.runner [-] Starting the constant runner (task UUID: 6b570e05-f4de-4128-b781-49feb2df61fd). times: 10 concurrency: 4 timeout: 0 max_cpu_used: 88 processes_to_start: 4 concurrency_per_worker: 1 concurrency_overhead: 0
2020-04-10 04:32:18.094 9748 RALLYDEBUG rally.task.runner [-] Starting a worker. times: 10 duration: None concurrency: 1 timeout: 0 cls: method_name: run args: {"network_create_args": {}, "network_update_args": {"admin_state_up": false}}
2020-04-10 04:32:18.097 9749 RALLYDEBUG rally.task.runner [-] Starting a worker. times: 10 duration: None concurrency: 1 timeout: 0 cls: method_name: run args: {"network_create_args": {}, "network_update_args": {"admin_state_up": false}}
2020-04-10 04:32:18.099 9750 RALLYDEBUG rally.task.runner [-] Starting a worker. times: 10 duration: None concurrency: 1 timeout: 0 cls: method_name: run args: {"network_create_args": {}, "network_update_args": {"admin_state_up": false}}
2020-04-10 04:32:18.101 9748 INFO rally.task.runner [-] Task 6b570e05-f4de-4128-b781-49feb2df61fd | ITER: 1 START
2020-04-10 04:32:18.102 9751 RALLYDEBUG rally.task.runner [-] Starting a worker. times: 10 duration: None concurrency: 1 timeout: 0 cls: method_name: run args: {"network_create_args": {}, "network_update_args": {"admin_state_up": false}}
2020-04-10 04:32:18.103 9749 INFO rally.task.runner [-] Task 6b570e05-f4de-4128-b781-49feb2df61fd | ITER: 2 START
2020-04-10 04:32:18.105 9750 INFO rally.task.runner [-] Task 6b570e05-f4de-4128-b781-49feb2df61fd | ITER: 3 START
2020-04-10 04:32:18.109 9751 INFO rally.task.runner [-] Task 6b570e05-f4de-4128-b781-49feb2df61fd | ITER: 4 START
2020-04-10 04:32:19.730 9751 INFO rally.task.runner [-] Task 6b570e05-f4de-4128-b781-49feb2df61fd | ITER: 4 END: OK
2020-04-10 04:32:19.736 9751 INFO rally.task.runner [-] Task 6b570e05-f4de-4128-b781-49feb2df61fd | ITER: 5 START
2020-04-10 04:32:21.181 9751 INFO rally.task.runner [-] Task 6b570e05-f4de-4128-b781-49feb2df61fd | ITER: 5 END: OK
2020-04-10 04:32:21.186 9751 INFO rally.task.runner [-] Task 6b570e05-f4de-4128-b781-49feb2df61fd | ITER: 6 START
2020-04-10 04:32:22.199 9749 INFO rally.task.runner [-] Task 6b570e05-f4de-4128-b781-49feb2df61fd | ITER: 2 END: OK
2020-04-10 04:32:22.204 9749 INFO rally.task.runner [-] Task 6b570e05-f4de-4128-b781-49feb2df61fd | ITER: 7 START
2020-04-10 04:32:22.515 9750 INFO rally.task.runner [-] Task 6b570e05-f4de-4128-b781-49feb2df61fd | ITER: 3 END: OK
2020-04-10 04:32:22.519 9750 INFO rally.task.runner [-] Task 6b570e05-f4de-4128-b781-49feb2df61fd | ITER: 8 START
2020-04-10 04:32:22.968 9748 INFO rally.task.runner [-] Task 6b570e05-f4de-4128-b781-49feb2df61fd | ITER: 1 END: OK
2020-04-10 04:32:22.973 9748 INFO rally.task.runner [-] Task 6b570e05-f4de-4128-b781-49feb2df61fd | ITER: 9 START
2020-04-10 04:32:23.584 9751 INFO rally.task.runner [-] Task 6b570e05-f4de-4128-b781-49feb2df61fd | ITER: 6 END: OK
2020-04-10 04:32:23.589 9751 INFO rally.task.runner [-] Task 6b570e05-f4de-4128-b781-49feb2df61fd | ITER: 10 START
2020-04-10 04:32:23.653 9749 INFO rally.task.runner [-] Task 6b570e05-f4de-4128-b781-49feb2df61fd | ITER: 7 END: OK
2020-04-10 04:32:24.419 9750 INFO rally.task.runner [-] Task 6b570e05-f4de-4128-b781-49feb2df61fd | ITER: 8 END: OK
2020-04-10 04:32:25.315 9751 INFO rally.task.runner [-] Task 6b570e05-f4de-4128-b781-49feb2df61fd | ITER: 10 END: OK
2020-04-10 04:32:26.222 9748 INFO rally.task.runner [-] Task 6b570e05-f4de-4128-b781-49feb2df61fd | ITER: 9 END: OK
2020-04-10 04:32:26.247 9693 INFO rally.task.context [-] Task 6b570e05-f4de-4128-b781-49feb2df61fd | Context cleanup@openstack cleanup() started
2020-04-10 04:32:26.251 9693 RALLYDEBUG rally_openstack.cleanup.manager [-] Cleaning up neutron vip objects
2020-04-10 04:32:26.763 9693 RALLYDEBUG rally_openstack.cleanup.manager [-] Cleaning up neutron health_monitor objects
2020-04-10 04:32:27.183 9693 RALLYDEBUG rally_openstack.cleanup.manager [-] Cleaning up neutron pool objects
2020-04-10 04:32:27.609 9693 RALLYDEBUG rally_openstack.cleanup.manager [-] Cleaning up neutron loadbalancer objects
2020-04-10 04:32:28.113 9693 RALLYDEBUG rally_openstack.cleanup.manager [-] Cleaning up neutron floatingip objects
2020-04-10 04:32:28.763 9693 RALLYDEBUG rally_openstack.cleanup.manager [-] Cleaning up neutron trunk objects
2020-04-10 04:32:29.202 9693 RALLYDEBUG rally_openstack.cleanup.manager [-] Cleaning up neutron port objects
2020-04-10 04:32:29.941 9693 RALLYDEBUG rally_openstack.cleanup.manager [-] Cleaning up neutron subnet objects
2020-04-10 04:32:30.489 9693 RALLYDEBUG rally_openstack.cleanup.manager [-] Cleaning up neutron network objects
2020-04-10 04:32:31.247 9693 RALLYDEBUG rally_openstack.cleanup.manager [-] Deleting neutron.network object s_rally_9b3d664f_xKL4jJtn (734f3e5e-d66a-437c-8301-a73e5d677671)
2020-04-10 04:32:31.266 9693 RALLYDEBUG rally_openstack.cleanup.manager [-] Deleting neutron.network object s_rally_9b3d664f_xQesHbwH (e34f9ae6-a2e1-4ed7-a445-9537a41412bb)
2020-04-10 04:32:31.271 9693 RALLYDEBUG rally_openstack.cleanup.manager [-] Deleting neutron.network object s_rally_9b3d664f_HMZZHzjC (709e31fb-8beb-4694-bc77-92ec5f05d88d)
2020-04-10 04:32:31.293 9693 RALLYDEBUG rally_openstack.cleanup.manager [-] Deleting neutron.network object s_rally_9b3d664f_vGnoGjdw (8eaf1620-0d9c-4721-b1d3-6158dd98e62b)
2020-04-10 04:32:31.294 9693 RALLYDEBUG rally_openstack.cleanup.manager [-] Deleting neutron.network object s_rally_9b3d664f_kFdex1YU (b1c2465f-f313-4b7f-bdca-1c8f13ae11d8)
2020-04-10 04:32:31.300 9693 RALLYDEBUG rally_openstack.cleanup.manager [-] Deleting neutron.network object s_rally_9b3d664f_UVUjkg4n (667cf65c-c319-4717-8d89-c29f44e131e4)
2020-04-10 04:32:31.305 9693 RALLYDEBUG rally_openstack.cleanup.manager [-] Deleting neutron.network object s_rally_9b3d664f_SvVGuzlO (6c19d33f-4514-4a48-977d-0806ddbda1cb)
2020-04-10 04:32:31.287 9693 RALLYDEBUG rally_openstack.cleanup.manager [-] Deleting neutron.network object s_rally_9b3d664f_XZInfOQO (81b267ea-e596-48ab-84b5-2a377cb793fb)
2020-04-10 04:32:31.334 9693 RALLYDEBUG rally_openstack.cleanup.manager [-] Deleting neutron.network object s_rally_9b3d664f_wLFJ4Y1O (e91c5c72-6a04-4556-8e58-df8317bce670)
2020-04-10 04:32:31.329 9693 RALLYDEBUG rally_openstack.cleanup.manager [-] Deleting neutron.network object s_rally_9b3d664f_cy68BC7e (cb37f741-0ccb-44fa-9982-2e2678cd520c)
2020-04-10 04:32:35.345 9693 RALLYDEBUG rally_openstack.cleanup.manager [-] Cleaning up neutron router objects
2020-04-10 04:32:35.923 9693 RALLYDEBUG rally_openstack.cleanup.manager [-] Cleaning up neutron security_group objects
2020-04-10 04:32:37.053 9693 INFO rally.task.context [-] Task 6b570e05-f4de-4128-b781-49feb2df61fd | Context cleanup@openstack cleanup() finished in 10.81 sec
2020-04-10 04:32:37.054 9693 INFO rally.task.context [-] Task 6b570e05-f4de-4128-b781-49feb2df61fd | Context quotas@openstack cleanup() started
2020-04-10 04:32:37.121 9693 INFO rally.task.context [-] Task 6b570e05-f4de-4128-b781-49feb2df61fd | Context quotas@openstack cleanup() finished in 66.66 msec
2020-04-10 04:32:37.122 9693 INFO rally.task.context [-] Task 6b570e05-f4de-4128-b781-49feb2df61fd | Context users@openstack cleanup() started
2020-04-10 04:32:37.256 9693 WARNING rally.common.logging [-] `iterate_per_tenants()' is deprecated in v3.0.0: it is openstack specific.. Used at
2020-04-10 04:32:39.220 9693 INFO rally.task.context [-] Task 6b570e05-f4de-4128-b781-49feb2df61fd | Context users@openstack cleanup() finished in 2.10 sec
2020-04-10 04:32:40.622 9693 INFO rally.task.engine [-] Load duration is: 8.120036
2020-04-10 04:32:40.622 9693 INFO rally.task.engine [-] Full runner duration is: 8.167677
2020-04-10 04:32:40.623 9693 INFO rally.task.engine [-] Full duration is: 22.80588
2020-04-10 04:32:40.722 9693 INFO rally.task.engine [-] Running workload: position = 0 config = { "version": 2, "title": "A cropped version of a bigger task.", "description": "Auto-generated task from a single workload (uuid=4b485151-814d-43b6-8b52-cdd2373c92e2)", "subtasks": [ { "title": "NeutronNetworks.create_and_update_ports", "description": "Create and update a given number of ports.", "scenario": { "NeutronNetworks.create_and_update_ports": { "network_create_args": {}, "port_create_args": {}, "port_update_args": { "admin_state_up": false, "device_id": "dummy_id", "device_owner": "dummy_owner" }, "ports_per_network": 1 } }, "contexts": { "users": { "tenants": 3, "users_per_tenant": 2 }, "network": { "router": {} }, "quotas": { "neutron": { "network": -1, "port": -1 } } }, "runner": { "constant": { "concurrency": 4, "times": 10 } }, "hooks": [], "sla": { "failure_rate": { "max": 0 } } } ] }
2020-04-10 04:32:40.743 9693 RALLYDEBUG rally_openstack.contexts.keystone.users [-] Creating 3 tenants using 3 threads
2020-04-10 04:32:41.201 9693 RALLYDEBUG rally_openstack.contexts.keystone.users [-] Creating 6 users using 6 threads
2020-04-10 04:32:42.395 9693 INFO rally.task.context [-] Task 6b570e05-f4de-4128-b781-49feb2df61fd | Context users@openstack setup() finished in 1.65 sec
2020-04-10 04:32:42.741 9693 INFO rally.task.context [-] Task 6b570e05-f4de-4128-b781-49feb2df61fd | Context quotas@openstack setup() finished in 0.35 sec
2020-04-10 04:32:42.808 9693 WARNING rally.common.logging [-] `iterate_per_tenants()' is deprecated in v3.0.0: it is openstack specific.. Used at
2020-04-10 04:32:44.293 9693 RALLYDEBUG rally_openstack.wrappers.network [-] CIDR generated: 10.2.0.0/24
2020-04-10 04:32:45.923 9693 RALLYDEBUG rally_openstack.wrappers.network [-] CIDR generated: 10.2.1.0/24
2020-04-10 04:32:47.733 9693 RALLYDEBUG rally_openstack.wrappers.network [-] CIDR generated: 10.2.2.0/24
2020-04-10 04:32:49.299 9693 INFO rally.task.context [-] Task 6b570e05-f4de-4128-b781-49feb2df61fd | Context network@openstack setup() finished in 6.56 sec
2020-04-10 04:32:49.300 9693 INFO rally.task.context [-] Task 6b570e05-f4de-4128-b781-49feb2df61fd | Context cleanup@openstack setup() finished in 0.04 msec
2020-04-10 04:32:49.316 9693 RALLYDEBUG rally.task.runner [-] Starting the constant runner (task UUID: 6b570e05-f4de-4128-b781-49feb2df61fd). times: 10 concurrency: 4 timeout: 0 max_cpu_used: 88 processes_to_start: 4 concurrency_per_worker: 1 concurrency_overhead: 0
2020-04-10 04:32:49.326 10041 RALLYDEBUG rally.task.runner [-] Starting a worker. times: 10 duration: None concurrency: 1 timeout: 0 cls: method_name: run args: {"network_create_args": {}, "port_create_args": {}, "port_update_args": {"admin_state_up": false, "device_id": "dummy_id", "device_owner": "dummy_owner"}, "ports_per_network": 1}
2020-04-10 04:32:49.327 10042 RALLYDEBUG rally.task.runner [-] Starting a worker. times: 10 duration: None concurrency: 1 timeout: 0 cls: method_name: run args: {"network_create_args": {}, "port_create_args": {}, "port_update_args": {"admin_state_up": false, "device_id": "dummy_id", "device_owner": "dummy_owner"}, "ports_per_network": 1}
2020-04-10 04:32:49.330 10043 RALLYDEBUG rally.task.runner [-] Starting a worker. times: 10 duration: None concurrency: 1 timeout: 0 cls: method_name: run args: {"network_create_args": {}, "port_create_args": {}, "port_update_args": {"admin_state_up": false, "device_id": "dummy_id", "device_owner": "dummy_owner"}, "ports_per_network": 1}
2020-04-10 04:32:49.332 10044 RALLYDEBUG rally.task.runner [-] Starting a worker. times: 10 duration: None concurrency: 1 timeout: 0 cls: method_name: run args: {"network_create_args": {}, "port_create_args": {}, "port_update_args": {"admin_state_up": false, "device_id": "dummy_id", "device_owner": "dummy_owner"}, "ports_per_network": 1}
2020-04-10 04:32:49.335 10042 INFO rally.task.runner [-] Task 6b570e05-f4de-4128-b781-49feb2df61fd | ITER: 2 START
2020-04-10 04:32:49.335 10041 INFO rally.task.runner [-] Task 6b570e05-f4de-4128-b781-49feb2df61fd | ITER: 1 START
2020-04-10 04:32:49.339 10043 INFO rally.task.runner [-] Task 6b570e05-f4de-4128-b781-49feb2df61fd | ITER: 3 START
2020-04-10 04:32:49.340 10044 INFO rally.task.runner [-] Task 6b570e05-f4de-4128-b781-49feb2df61fd | ITER: 4 START
2020-04-10 04:32:50.890 10043 INFO rally.task.runner [-] Task 6b570e05-f4de-4128-b781-49feb2df61fd | ITER: 3 END: OK
2020-04-10 04:32:50.896 10043 INFO rally.task.runner [-] Task 6b570e05-f4de-4128-b781-49feb2df61fd | ITER: 5 START
2020-04-10 04:32:50.988 10041 INFO rally.task.runner [-] Task 6b570e05-f4de-4128-b781-49feb2df61fd | ITER: 1 END: OK
2020-04-10 04:32:50.995 10041 INFO rally.task.runner [-] Task 6b570e05-f4de-4128-b781-49feb2df61fd | ITER: 6 START
2020-04-10 04:32:51.631 10044 INFO rally.task.runner [-] Task 6b570e05-f4de-4128-b781-49feb2df61fd | ITER: 4 END: OK
2020-04-10 04:32:51.638 10044 INFO rally.task.runner [-] Task 6b570e05-f4de-4128-b781-49feb2df61fd | ITER: 7 START
2020-04-10 04:32:52.077 10042 INFO rally.task.runner [-] Task 6b570e05-f4de-4128-b781-49feb2df61fd | ITER: 2 END: OK
2020-04-10 04:32:52.083 10042 INFO rally.task.runner [-] Task 6b570e05-f4de-4128-b781-49feb2df61fd | ITER: 8 START
2020-04-10 04:32:52.798 10041 INFO rally.task.runner [-] Task 6b570e05-f4de-4128-b781-49feb2df61fd | ITER: 6 END: OK
2020-04-10 04:32:52.803 10041 INFO rally.task.runner [-] Task 6b570e05-f4de-4128-b781-49feb2df61fd | ITER: 9 START
2020-04-10 04:32:53.066 10044 INFO rally.task.runner [-] Task 6b570e05-f4de-4128-b781-49feb2df61fd | ITER: 7 END: OK
2020-04-10 04:32:53.071 10044 INFO rally.task.runner [-] Task 6b570e05-f4de-4128-b781-49feb2df61fd | ITER: 10 START
2020-04-10 04:32:53.088 10043 INFO rally.task.runner [-] Task 6b570e05-f4de-4128-b781-49feb2df61fd | ITER: 5 END: OK
2020-04-10 04:32:54.234 10041 INFO rally.task.runner [-] Task 6b570e05-f4de-4128-b781-49feb2df61fd | ITER: 9 END: OK
2020-04-10 04:32:54.614 10042 INFO rally.task.runner [-] Task 6b570e05-f4de-4128-b781-49feb2df61fd | ITER: 8 END: OK
2020-04-10 04:32:55.097 10044 INFO rally.task.runner [-] Task 6b570e05-f4de-4128-b781-49feb2df61fd | ITER: 10 END: OK
2020-04-10 04:32:55.120 9693 INFO rally.task.context [-] Task 6b570e05-f4de-4128-b781-49feb2df61fd | Context cleanup@openstack cleanup() started
2020-04-10 04:32:55.125 9693 RALLYDEBUG rally_openstack.cleanup.manager [-] Cleaning up neutron vip objects
2020-04-10 04:32:55.582 9693 RALLYDEBUG rally_openstack.cleanup.manager [-] Cleaning up neutron health_monitor objects
2020-04-10 04:32:56.015 9693 RALLYDEBUG rally_openstack.cleanup.manager [-] Cleaning up neutron pool objects
2020-04-10 04:32:56.440 9693 RALLYDEBUG rally_openstack.cleanup.manager [-] Cleaning up neutron loadbalancer objects
2020-04-10 04:32:56.885 9693 RALLYDEBUG rally_openstack.cleanup.manager [-] Cleaning up neutron floatingip objects
2020-04-10 04:32:57.474 9693 RALLYDEBUG rally_openstack.cleanup.manager [-] Cleaning up neutron trunk objects
2020-04-10 04:32:57.945 9693 RALLYDEBUG rally_openstack.cleanup.manager [-] Cleaning up neutron port objects
2020-04-10 04:32:58.647 9693 RALLYDEBUG rally_openstack.cleanup.manager [-] Deleting neutron.port object s_rally_4b485151_ymmkQbmK (0654530a-96ee-4e11-8f3e-d2e5a79b9a90)
2020-04-10 04:32:58.665 9693 RALLYDEBUG rally_openstack.cleanup.manager [-] Deleting neutron.port object s_rally_4b485151_JfykDMN8 (5a62dd64-98e7-4df4-a1cb-a0f626ae6b68)
2020-04-10 04:32:58.682 9693 RALLYDEBUG rally_openstack.cleanup.manager [-] Deleting neutron.port object s_rally_4b485151_I8aOQmiK (cd4f219f-686b-4ab8-a48d-4a998eacd098)
2020-04-10 04:32:58.693 9693 RALLYDEBUG rally_openstack.cleanup.manager [-] Deleting neutron.port object s_rally_4b485151_moZRSuCZ (fdf2b6fe-7a01-4555-9a4c-6f810cd1d93f)
2020-04-10 04:32:58.696 9693 RALLYDEBUG rally_openstack.cleanup.manager [-] Deleting neutron.port object s_rally_4b485151_Y6CzvokK (b30db0fe-217b-4136-8b8d-ebdd8b80d465)
2020-04-10 04:32:58.701 9693 RALLYDEBUG rally_openstack.cleanup.manager [-] Deleting neutron.port object s_rally_4b485151_WR1yTdqK (2fa4932e-7c85-4963-b11c-4887cdc153ed)
2020-04-10 04:32:58.725 9693 RALLYDEBUG rally_openstack.cleanup.manager [-] Deleting neutron.port object s_rally_4b485151_ZDDQXasF (91c47cde-d915-47e9-ad81-ac8c47cbfffe)
2020-04-10 04:32:58.730 9693 RALLYDEBUG rally_openstack.cleanup.manager [-] Deleting neutron.port object s_rally_4b485151_3lRioCqq (516838f1-b871-4fe5-8748-628dfb0ec4a4)
2020-04-10 04:32:58.750 9693 RALLYDEBUG rally_openstack.cleanup.manager [-] Deleting neutron.port object s_rally_4b485151_6auT6v1i (70c10d6f-7c84-4087-a8f2-3d77b0818b80)
2020-04-10 04:32:58.756 9693 RALLYDEBUG rally_openstack.cleanup.manager [-] Deleting neutron.port object s_rally_4b485151_XJ9iFUYF (b6a4f945-51bb-41b7-ad1e-5f39162c7995)
2020-04-10 04:33:01.960 9693 RALLYDEBUG rally_openstack.cleanup.manager [-] Cleaning up neutron subnet objects
2020-04-10 04:33:03.124 9693 RALLYDEBUG rally_openstack.cleanup.manager [-] Cleaning up neutron network objects
2020-04-10 04:33:03.895 9693 RALLYDEBUG rally_openstack.cleanup.manager [-] Cleaning up neutron router objects
2020-04-10 04:33:04.400 9693 RALLYDEBUG rally_openstack.cleanup.manager [-] Cleaning up neutron security_group objects
2020-04-10 04:33:05.030 9693 INFO rally.task.context [-] Task 6b570e05-f4de-4128-b781-49feb2df61fd | Context cleanup@openstack cleanup() finished in 9.91 sec
2020-04-10 04:33:05.030 9693 INFO rally.task.context [-] Task 6b570e05-f4de-4128-b781-49feb2df61fd | Context network@openstack cleanup() started
2020-04-10 04:33:11.541 9693 INFO rally.task.context [-] Task 6b570e05-f4de-4128-b781-49feb2df61fd | Context network@openstack cleanup() finished in 6.51 sec
2020-04-10 04:33:11.541 9693 INFO rally.task.context [-] Task 6b570e05-f4de-4128-b781-49feb2df61fd | Context quotas@openstack cleanup() started
2020-04-10 04:33:11.627 9693 INFO rally.task.context [-] Task 6b570e05-f4de-4128-b781-49feb2df61fd | Context quotas@openstack cleanup() finished in 85.51 msec
2020-04-10 04:33:11.627 9693 INFO rally.task.context [-] Task 6b570e05-f4de-4128-b781-49feb2df61fd | Context users@openstack cleanup() started
2020-04-10 04:33:11.782 9693 WARNING rally.common.logging [-] `iterate_per_tenants()' is deprecated in v3.0.0: it is openstack specific.. Used at
2020-04-10 04:33:13.741 9693 INFO rally.task.context [-] Task 6b570e05-f4de-4128-b781-49feb2df61fd | Context users@openstack cleanup() finished in 2.11 sec
2020-04-10 04:33:15.064 9693 INFO rally.task.engine [-] Load duration is: 5.759402
2020-04-10 04:33:15.065 9693 INFO rally.task.engine [-] Full runner duration is: 5.804583
2020-04-10 04:33:15.065 9693 INFO rally.task.engine [-] Full duration is: 33.000659
2020-04-10 04:33:15.170 9693 INFO rally.task.engine [-] Running workload: position = 0 config = { "version": 2, "title": "A cropped version of a bigger task.", "description": "Auto-generated task from a single workload (uuid=b61a274b-c07b-40e8-8cf8-7bbb1894015d)", "subtasks": [ { "title": "NeutronNetworks.create_and_update_routers", "description": "Create and update a given number of routers.", "scenario": { "NeutronNetworks.create_and_update_routers": { "network_create_args": {}, "router_create_args": {}, "router_update_args": { "admin_state_up": false }, "subnet_cidr_start": "1.1.0.0/30", "subnet_create_args": {}, "subnets_per_network": 1 } }, "contexts": { "users": { "tenants": 3, "users_per_tenant": 2 }, "quotas": { "neutron": { "network": -1, "subnet": -1, "port": -1, "router": -1 } } }, "runner": { "constant": { "concurrency": 4, "times": 10 } }, "hooks": [], "sla": { "failure_rate": { "max": 0 } } } ] }
2020-04-10 04:33:15.196 9693 RALLYDEBUG rally_openstack.contexts.keystone.users [-] Creating 3 tenants using 3 threads
2020-04-10 04:33:15.763 9693 RALLYDEBUG rally_openstack.contexts.keystone.users [-] Creating 6 users using 6 threads
2020-04-10 04:33:16.717 9693 INFO rally.task.context [-] Task 6b570e05-f4de-4128-b781-49feb2df61fd | Context users@openstack setup() finished in 1.52 sec
2020-04-10 04:33:17.197 9693 INFO rally.task.context [-] Task 6b570e05-f4de-4128-b781-49feb2df61fd | Context quotas@openstack setup() finished in 0.48 sec
2020-04-10 04:33:17.197 9693 INFO rally.task.context [-] Task 6b570e05-f4de-4128-b781-49feb2df61fd | Context cleanup@openstack setup() finished in 0.02 msec
2020-04-10 04:33:17.208 9693 RALLYDEBUG rally.task.runner [-] Starting the constant runner (task UUID: 6b570e05-f4de-4128-b781-49feb2df61fd). times: 10 concurrency: 4 timeout: 0 max_cpu_used: 88 processes_to_start: 4 concurrency_per_worker: 1 concurrency_overhead: 0
2020-04-10 04:33:17.221 10334 RALLYDEBUG rally.task.runner [-] Starting a worker. times: 10 duration: None concurrency: 1 timeout: 0 cls: method_name: run args: {"network_create_args": {}, "router_create_args": {}, "router_update_args": {"admin_state_up": false}, "subnet_cidr_start": "1.1.0.0/30", "subnet_create_args": {}, "subnets_per_network": 1}
2020-04-10 04:33:17.223 10335 RALLYDEBUG rally.task.runner [-] Starting a worker. times: 10 duration: None concurrency: 1 timeout: 0 cls: method_name: run args: {"network_create_args": {}, "router_create_args": {}, "router_update_args": {"admin_state_up": false}, "subnet_cidr_start": "1.1.0.0/30", "subnet_create_args": {}, "subnets_per_network": 1}
2020-04-10 04:33:17.226 10336 RALLYDEBUG rally.task.runner [-] Starting a worker. times: 10 duration: None concurrency: 1 timeout: 0 cls: method_name: run args: {"network_create_args": {}, "router_create_args": {}, "router_update_args": {"admin_state_up": false}, "subnet_cidr_start": "1.1.0.0/30", "subnet_create_args": {}, "subnets_per_network": 1}
2020-04-10 04:33:17.229 10334 INFO rally.task.runner [-] Task 6b570e05-f4de-4128-b781-49feb2df61fd | ITER: 1 START
2020-04-10 04:33:17.229 10337 RALLYDEBUG rally.task.runner [-] Starting a worker. times: 10 duration: None concurrency: 1 timeout: 0 cls: method_name: run args: {"network_create_args": {}, "router_create_args": {}, "router_update_args": {"admin_state_up": false}, "subnet_cidr_start": "1.1.0.0/30", "subnet_create_args": {}, "subnets_per_network": 1}
2020-04-10 04:33:17.230 10335 INFO rally.task.runner [-] Task 6b570e05-f4de-4128-b781-49feb2df61fd | ITER: 2 START
2020-04-10 04:33:17.232 10336 INFO rally.task.runner [-] Task 6b570e05-f4de-4128-b781-49feb2df61fd | ITER: 3 START
2020-04-10 04:33:17.236 10337 INFO rally.task.runner [-] Task 6b570e05-f4de-4128-b781-49feb2df61fd | ITER: 4 START
2020-04-10 04:33:18.388 10336 RALLYDEBUG rally_openstack.wrappers.network [-] CIDR generated: 1.1.0.12/30
2020-04-10 04:33:19.611 10337 RALLYDEBUG rally_openstack.wrappers.network [-] CIDR generated: 1.1.0.16/30
2020-04-10 04:33:20.376 10335 RALLYDEBUG rally_openstack.wrappers.network [-] CIDR generated: 1.1.0.20/30
2020-04-10 04:33:20.943 10334 RALLYDEBUG rally_openstack.wrappers.network [-] CIDR generated: 1.1.0.24/30
2020-04-10 04:33:24.618 10336 INFO rally.task.runner [-] Task 6b570e05-f4de-4128-b781-49feb2df61fd | ITER: 3 END: OK
2020-04-10 04:33:24.624 10336 INFO rally.task.runner [-] Task 6b570e05-f4de-4128-b781-49feb2df61fd | ITER: 5 START
2020-04-10 04:33:24.868 10337 INFO rally.task.runner [-] Task 6b570e05-f4de-4128-b781-49feb2df61fd | ITER: 4 END: OK
2020-04-10 04:33:24.874 10337 INFO rally.task.runner [-] Task 6b570e05-f4de-4128-b781-49feb2df61fd | ITER: 6 START
2020-04-10 04:33:25.806 10336 RALLYDEBUG rally_openstack.wrappers.network [-] CIDR generated: 1.1.0.28/30
2020-04-10 04:33:25.814 10337 RALLYDEBUG rally_openstack.wrappers.network [-] CIDR generated: 1.1.0.32/30
2020-04-10 04:33:26.735 10335 INFO rally.task.runner [-] Task 6b570e05-f4de-4128-b781-49feb2df61fd | ITER: 2 END: OK
2020-04-10 04:33:26.741 10335 INFO rally.task.runner [-] Task 6b570e05-f4de-4128-b781-49feb2df61fd | ITER: 7 START
2020-04-10 04:33:27.668 10335 RALLYDEBUG rally_openstack.wrappers.network [-] CIDR generated: 1.1.0.36/30
2020-04-10 04:33:29.070 10334 INFO rally.task.runner [-] Task 6b570e05-f4de-4128-b781-49feb2df61fd | ITER: 1 END: OK
2020-04-10 04:33:29.076 10334 INFO rally.task.runner [-] Task 6b570e05-f4de-4128-b781-49feb2df61fd | ITER: 8 START
2020-04-10 04:33:29.989 10334 RALLYDEBUG rally_openstack.wrappers.network [-] CIDR generated: 1.1.0.40/30
2020-04-10 04:33:32.056 10336 INFO rally.task.runner [-] Task 6b570e05-f4de-4128-b781-49feb2df61fd | ITER: 5 END: OK
2020-04-10 04:33:32.061 10336 INFO rally.task.runner [-] Task 6b570e05-f4de-4128-b781-49feb2df61fd | ITER: 9 START
2020-04-10 04:33:32.267 10337 INFO rally.task.runner [-] Task 6b570e05-f4de-4128-b781-49feb2df61fd | ITER: 6 END: OK
2020-04-10 04:33:32.272 10337 INFO rally.task.runner [-] Task 6b570e05-f4de-4128-b781-49feb2df61fd | ITER: 10 START
2020-04-10 04:33:33.771 10336 RALLYDEBUG rally_openstack.wrappers.network [-] CIDR generated: 1.1.0.44/30
2020-04-10 04:33:34.147 10335 INFO rally.task.runner [-] Task 6b570e05-f4de-4128-b781-49feb2df61fd | ITER: 7 END: OK
2020-04-10 04:33:35.222 10337 RALLYDEBUG rally_openstack.wrappers.network [-] CIDR generated: 1.1.0.48/30
2020-04-10 04:33:36.301 10334 INFO rally.task.runner [-] Task 6b570e05-f4de-4128-b781-49feb2df61fd | ITER: 8 END: OK
2020-04-10 04:33:38.871 10336 INFO rally.task.runner [-] Task 6b570e05-f4de-4128-b781-49feb2df61fd | ITER: 9 END: OK
2020-04-10 04:33:41.115 10337 INFO rally.task.runner [-] Task 6b570e05-f4de-4128-b781-49feb2df61fd | ITER: 10 END: OK
2020-04-10 04:33:41.140 9693 INFO rally.task.context [-] Task 6b570e05-f4de-4128-b781-49feb2df61fd | Context cleanup@openstack cleanup() started
2020-04-10 04:33:41.146 9693 RALLYDEBUG rally_openstack.cleanup.manager [-] Cleaning up neutron vip objects
2020-04-10 04:33:41.662 9693 RALLYDEBUG rally_openstack.cleanup.manager [-] Cleaning up neutron health_monitor objects
2020-04-10 04:33:42.093 9693 RALLYDEBUG rally_openstack.cleanup.manager [-] Cleaning up neutron pool objects
2020-04-10 04:33:42.524 9693 RALLYDEBUG rally_openstack.cleanup.manager [-] Cleaning up neutron loadbalancer objects
2020-04-10 04:33:42.926 9693 RALLYDEBUG rally_openstack.cleanup.manager [-] Cleaning up neutron floatingip objects
2020-04-10 04:33:44.059 9693 RALLYDEBUG rally_openstack.cleanup.manager [-] Cleaning up neutron trunk objects
2020-04-10 04:33:44.670 9693 RALLYDEBUG rally_openstack.cleanup.manager [-] Cleaning up neutron port objects
2020-04-10 04:33:46.337 9693 RALLYDEBUG rally_openstack.cleanup.manager [-] Deleting neutron.port object s_rally_b61a274b_dyjvgmUZ (f5f4f173-6aaa-4964-8011-087e80726f91)
2020-04-10 04:33:46.342 9693 RALLYDEBUG rally_openstack.cleanup.manager [-] Deleting neutron.port object s_rally_b61a274b_2WTr3z56 (81fab558-11be-486f-bbba-7ec3c0945357)
2020-04-10 04:33:46.288 9693 RALLYDEBUG rally_openstack.cleanup.manager [-] Deleting neutron.port object s_rally_b61a274b_uhGbJAsN (92da98c0-119d-48b9-8027-5a45c06dd0cd)
2020-04-10 04:33:46.343 9693 RALLYDEBUG rally_openstack.cleanup.manager [-] Deleting neutron.port object s_rally_b61a274b_1eNmCEsb (976f1e56-ed79-4204-b663-bf4a42e75f2c)
2020-04-10 04:33:46.283 9693 RALLYDEBUG rally_openstack.cleanup.manager [-] Deleting neutron.port object s_rally_b61a274b_w7lKuC16 (8966aa5b-1320-4e1e-a8e9-59ea7c40c51c)
