2020-04-10 05:22:24.008 15817 WARNING rally.common.logging [-] `wait_is_ready()' is deprecated in v0.1.2: Use wait_for_status instead.. Used at
2020-04-10 05:22:24.310 15820 WARNING /usr/lib/python3.7/site-packages/rally_openstack/scenarios/nova/utils.py [-] The argument 'address' of NovaScenario._associate_floating_ip method accepts a dict-like representation of floating ip. Transmitting a string with just an IP is deprecated.
2020-04-10 05:22:24.387 15819 WARNING rally.common.logging [-] `wait_for()' is deprecated in v0.1.2: Use wait_for_status instead.. Used at
2020-04-10 05:22:24.389 15819 WARNING rally.common.logging [-] `wait_is_ready()' is deprecated in v0.1.2: Use wait_for_status instead.. Used at
2020-04-10 05:22:25.360 15818 WARNING /usr/lib/python3.7/site-packages/rally_openstack/scenarios/nova/utils.py [-] The argument 'address' of NovaScenario._associate_floating_ip method accepts a dict-like representation of floating ip. Transmitting a string with just an IP is deprecated.
2020-04-10 05:22:25.823 15817 INFO rally.task.runner [-] Task d1d340ee-1fb5-43fe-9c49-f4bcd8af8f08 | ITER: 1 END: OK
2020-04-10 05:22:25.829 15817 INFO rally.task.runner [-] Task d1d340ee-1fb5-43fe-9c49-f4bcd8af8f08 | ITER: 5 START
2020-04-10 05:22:26.571 15820 WARNING rally.common.logging [-] `wait_for()' is deprecated in v0.1.2: Use wait_for_status instead.. Used at
2020-04-10 05:22:26.573 15820 WARNING rally.common.logging [-] `wait_is_ready()' is deprecated in v0.1.2: Use wait_for_status instead.. Used at
2020-04-10 05:22:27.454 15819 INFO rally.task.runner [-] Task d1d340ee-1fb5-43fe-9c49-f4bcd8af8f08 | ITER: 3 END: OK
2020-04-10 05:22:27.458 15819 INFO rally.task.runner [-] Task d1d340ee-1fb5-43fe-9c49-f4bcd8af8f08 | ITER: 6 START
2020-04-10 05:22:27.536 15818 WARNING rally.common.logging [-] `wait_for()' is deprecated in v0.1.2: Use wait_for_status instead.. Used at
2020-04-10 05:22:27.537 15818 WARNING rally.common.logging [-] `wait_is_ready()' is deprecated in v0.1.2: Use wait_for_status instead.. Used at
2020-04-10 05:22:28.219 15820 INFO rally.task.runner [-] Task d1d340ee-1fb5-43fe-9c49-f4bcd8af8f08 | ITER: 4 END: OK
2020-04-10 05:22:28.223 15820 INFO rally.task.runner [-] Task d1d340ee-1fb5-43fe-9c49-f4bcd8af8f08 | ITER: 7 START
2020-04-10 05:22:30.593 15818 INFO rally.task.runner [-] Task d1d340ee-1fb5-43fe-9c49-f4bcd8af8f08 | ITER: 2 END: OK
2020-04-10 05:22:30.597 15818 INFO rally.task.runner [-] Task d1d340ee-1fb5-43fe-9c49-f4bcd8af8f08 | ITER: 8 START
2020-04-10 05:22:35.347 15817 RALLYDEBUG rally.task.utils [-] Waiting for resource s_rally_4de32435_ot2CvDXg. Status changed: BUILD => ACTIVE in 6.8485307693481445
2020-04-10 05:22:37.187 15820 RALLYDEBUG rally.task.utils [-] Waiting for resource s_rally_4de32435_Py113YSV. Status changed: BUILD => ACTIVE in 6.895803689956665
2020-04-10 05:22:37.333 15819 RALLYDEBUG rally.task.utils [-] Waiting for resource s_rally_4de32435_jfhHWlip. Status changed: BUILD => ACTIVE in 7.128871440887451
2020-04-10 05:22:37.549 15817 WARNING /usr/lib/python3.7/site-packages/rally_openstack/scenarios/nova/utils.py [-] The argument 'address' of NovaScenario._associate_floating_ip method accepts a dict-like representation of floating ip. Transmitting a string with just an IP is deprecated.
2020-04-10 05:22:40.284 15820 WARNING /usr/lib/python3.7/site-packages/rally_openstack/scenarios/nova/utils.py [-] The argument 'address' of NovaScenario._associate_floating_ip method accepts a dict-like representation of floating ip. Transmitting a string with just an IP is deprecated.
2020-04-10 05:22:40.440 15819 WARNING /usr/lib/python3.7/site-packages/rally_openstack/scenarios/nova/utils.py [-] The argument 'address' of NovaScenario._associate_floating_ip method accepts a dict-like representation of floating ip. Transmitting a string with just an IP is deprecated.
2020-04-10 05:22:41.441 15817 INFO rally.task.runner [-] Task d1d340ee-1fb5-43fe-9c49-f4bcd8af8f08 | ITER: 5 END: OK
2020-04-10 05:22:41.447 15817 INFO rally.task.runner [-] Task d1d340ee-1fb5-43fe-9c49-f4bcd8af8f08 | ITER: 9 START
2020-04-10 05:22:42.507 15818 RALLYDEBUG rally.task.utils [-] Waiting for resource s_rally_4de32435_xTUhW81j. Status changed: BUILD => ACTIVE in 9.247018575668335
2020-04-10 05:22:44.765 15820 INFO rally.task.runner [-] Task d1d340ee-1fb5-43fe-9c49-f4bcd8af8f08 | ITER: 7 END: OK
2020-04-10 05:22:44.771 15820 INFO rally.task.runner [-] Task d1d340ee-1fb5-43fe-9c49-f4bcd8af8f08 | ITER: 10 START
2020-04-10 05:22:44.994 15818 WARNING /usr/lib/python3.7/site-packages/rally_openstack/scenarios/nova/utils.py [-] The argument 'address' of NovaScenario._associate_floating_ip method accepts a dict-like representation of floating ip. Transmitting a string with just an IP is deprecated.
2020-04-10 05:22:46.713 15819 INFO rally.task.runner [-] Task d1d340ee-1fb5-43fe-9c49-f4bcd8af8f08 | ITER: 6 END: OK
2020-04-10 05:22:47.659 15818 INFO rally.task.runner [-] Task d1d340ee-1fb5-43fe-9c49-f4bcd8af8f08 | ITER: 8 END: OK
2020-04-10 05:22:51.122 15817 RALLYDEBUG rally.task.utils [-] Waiting for resource s_rally_4de32435_wOpmaLE8. Status changed: BUILD => ACTIVE in 7.52686882019043
2020-04-10 05:22:52.478 15817 WARNING /usr/lib/python3.7/site-packages/rally_openstack/scenarios/nova/utils.py [-] The argument 'address' of NovaScenario._associate_floating_ip method accepts a dict-like representation of floating ip. Transmitting a string with just an IP is deprecated.
2020-04-10 05:22:54.196 15820 RALLYDEBUG rally.task.utils [-] Waiting for resource s_rally_4de32435_gOz8DPtt. Status changed: BUILD => ACTIVE in 7.460787534713745
2020-04-10 05:22:55.438 15817 INFO rally.task.runner [-] Task d1d340ee-1fb5-43fe-9c49-f4bcd8af8f08 | ITER: 9 END: OK
2020-04-10 05:22:56.171 15820 WARNING /usr/lib/python3.7/site-packages/rally_openstack/scenarios/nova/utils.py [-] The argument 'address' of NovaScenario._associate_floating_ip method accepts a dict-like representation of floating ip. Transmitting a string with just an IP is deprecated.
2020-04-10 05:22:59.859 15820 INFO rally.task.runner [-] Task d1d340ee-1fb5-43fe-9c49-f4bcd8af8f08 | ITER: 10 END: OK
2020-04-10 05:22:59.886 12083 INFO rally.task.context [-] Task d1d340ee-1fb5-43fe-9c49-f4bcd8af8f08 | Context cleanup@openstack cleanup() started
2020-04-10 05:22:59.897 12083 RALLYDEBUG rally_openstack.cleanup.manager [-] Cleaning up nova servers objects
2020-04-10 05:23:01.687 12083 RALLYDEBUG rally_openstack.cleanup.manager [-] Deleting nova.servers object s_rally_4de32435_xTUhW81j (e868a549-eef1-48f8-a81d-6d821435495a)
2020-04-10 05:23:01.692 12083 RALLYDEBUG rally_openstack.cleanup.manager [-] Deleting nova.servers object s_rally_4de32435_zgevE96o (1000e370-786f-4bb8-abf4-1b786ab041bc)
2020-04-10 05:23:01.708 12083 RALLYDEBUG rally_openstack.cleanup.manager [-] Deleting nova.servers object s_rally_4de32435_MNMPb76M (66073805-3e84-4b5f-be4c-309223853e32)
2020-04-10 05:23:01.723 12083 RALLYDEBUG rally_openstack.cleanup.manager [-] Deleting nova.servers object s_rally_4de32435_gOz8DPtt (6d84af8a-a73f-44f5-a235-6613416d5029)
2020-04-10 05:23:01.730 12083 RALLYDEBUG rally_openstack.cleanup.manager [-] Deleting nova.servers object s_rally_4de32435_VpwNyvb8 (bb0381e1-c78a-4438-a780-b54f42b56281)
2020-04-10 05:23:01.730 12083 RALLYDEBUG rally_openstack.cleanup.manager [-] Deleting nova.servers object s_rally_4de32435_wOpmaLE8 (03a8084b-0d3a-458d-8ad8-139ded18e26d)
2020-04-10 05:23:01.748 12083 RALLYDEBUG rally_openstack.cleanup.manager [-] Deleting nova.servers object s_rally_4de32435_jfhHWlip (103530c0-410f-4349-9187-510d29d9a53c)
2020-04-10 05:23:01.781 12083 RALLYDEBUG rally_openstack.cleanup.manager [-] Deleting nova.servers object s_rally_4de32435_ot2CvDXg (c97530de-5235-4e09-96db-293a99f446db)
2020-04-10 05:23:01.762 12083 RALLYDEBUG rally_openstack.cleanup.manager [-] Deleting nova.servers object s_rally_4de32435_Py113YSV (29340108-d9e2-409b-8ec6-14a5c6726b16)
2020-04-10 05:23:01.793 12083 RALLYDEBUG rally_openstack.cleanup.manager [-] Deleting nova.servers object s_rally_4de32435_g0JqFYMh (1be0fffc-4f39-471a-a44a-1abc75e923f9)
2020-04-10 05:23:09.305 12083 RALLYDEBUG rally_openstack.cleanup.manager [-] Cleaning up nova server_groups objects
2020-04-10 05:23:09.713 12083 RALLYDEBUG rally_openstack.cleanup.manager [-] Cleaning up nova keypairs objects
2020-04-10 05:23:10.620 12083 RALLYDEBUG rally_openstack.cleanup.manager [-] Cleaning up neutron floatingip objects
2020-04-10 05:23:11.828 12083 RALLYDEBUG rally_openstack.cleanup.manager [-] Deleting neutron.floatingip object s_rally_4de32435_e7a8xqlM (3720184d-18b1-4b9c-81f6-fd01e750ca98)
2020-04-10 05:23:11.847 12083 RALLYDEBUG rally_openstack.cleanup.manager [-] Deleting neutron.floatingip object s_rally_4de32435_fzXbELZd (97673fe3-f621-4b4d-9d92-0336bd983161)
2020-04-10 05:23:11.842 12083 RALLYDEBUG rally_openstack.cleanup.manager [-] Deleting neutron.floatingip object s_rally_4de32435_nzc6PPHz (bec81e1d-9500-492a-8c18-3a45199ba4a0)
2020-04-10 05:23:11.862 12083 RALLYDEBUG rally_openstack.cleanup.manager [-] Deleting neutron.floatingip object s_rally_4de32435_WONFtuEO (d5b20c46-064c-4ae1-bb8a-c8f12d81ca1f)
2020-04-10 05:23:11.881 12083 RALLYDEBUG rally_openstack.cleanup.manager [-] Deleting neutron.floatingip object s_rally_4de32435_e0IUDK6m (760f5d98-4293-4140-9bdd-15c2f0657711)
2020-04-10 05:23:11.893 12083 RALLYDEBUG rally_openstack.cleanup.manager [-] Deleting neutron.floatingip object s_rally_4de32435_LnGWpViY (7dc0fe90-0ff9-4846-9998-a1ced2957d78)
2020-04-10 05:23:11.904 12083 RALLYDEBUG rally_openstack.cleanup.manager [-] Deleting neutron.floatingip object s_rally_4de32435_Av0JrgbZ (a61929ce-fe8e-418a-bf81-0984700e94f9)
2020-04-10 05:23:11.912 12083 RALLYDEBUG rally_openstack.cleanup.manager [-] Deleting neutron.floatingip object s_rally_4de32435_8KysC0lK (e0bbcacd-bb5d-424d-b841-a42a1d254677)
2020-04-10 05:23:11.939 12083 RALLYDEBUG rally_openstack.cleanup.manager [-] Deleting neutron.floatingip object s_rally_4de32435_yOvP7zpq (9f758317-9b7e-4234-97e1-93633d137292)
2020-04-10 05:23:11.946 12083 RALLYDEBUG rally_openstack.cleanup.manager [-] Deleting neutron.floatingip object s_rally_4de32435_xURBH2Lt (feaf339b-52b5-4ca8-a377-de2d80979e21)
2020-04-10 05:23:15.623 12083 INFO rally.task.context [-] Task d1d340ee-1fb5-43fe-9c49-f4bcd8af8f08 | Context cleanup@openstack cleanup() finished in 15.74 sec
2020-04-10 05:23:15.624 12083 INFO rally.task.context [-] Task d1d340ee-1fb5-43fe-9c49-f4bcd8af8f08 | Context network@openstack cleanup() started
2020-04-10 05:23:32.313 12083 INFO rally.task.context [-] Task d1d340ee-1fb5-43fe-9c49-f4bcd8af8f08 | Context network@openstack cleanup() finished in 16.69 sec
2020-04-10 05:23:32.314 12083 INFO rally.task.context [-] Task d1d340ee-1fb5-43fe-9c49-f4bcd8af8f08 | Context users@openstack cleanup() started
2020-04-10 05:23:32.446 12083 WARNING rally.common.logging [-] `iterate_per_tenants()' is deprecated in v3.0.0: it is openstack specific.. Used at
2020-04-10 05:23:34.420 12083 INFO rally.task.context [-] Task d1d340ee-1fb5-43fe-9c49-f4bcd8af8f08 | Context users@openstack cleanup() finished in 2.11 sec
2020-04-10 05:23:35.398 12083 INFO rally.task.engine [-] Load duration is: 49.380414
2020-04-10 05:23:35.399 12083 INFO rally.task.engine [-] Full runner duration is: 50.431657
2020-04-10 05:23:35.399 12083 INFO rally.task.engine [-] Full duration is: 107.553442
2020-04-10 05:23:35.497 12083 INFO rally.task.engine [-] Running workload: position = 0 config = { "version": 2, "title": "A cropped version of a bigger task.", "description": "Auto-generated task from a single workload (uuid=12828d47-dd24-4045-bfec-4666a31af760)", "subtasks": [ { "title": "NovaServerGroups.create_and_delete_server_group", "description": "Create a server group, then delete it.", "scenario": { "NovaServerGroups.create_and_delete_server_group": { "policies": [ "affinity" ] } }, "contexts": { "users": { "tenants": 3, "users_per_tenant": 2 } }, "runner": { "constant": { "concurrency": 4, "times": 10 } }, "hooks": [], "sla": { "failure_rate": { "max": 0 } } } ] }
2020-04-10 05:23:35.521 12083 RALLYDEBUG rally_openstack.contexts.keystone.users [-] Creating 3 tenants using 3 threads
2020-04-10 05:23:36.131 12083 RALLYDEBUG rally_openstack.contexts.keystone.users [-] Creating 6 users using 6 threads
2020-04-10 05:23:37.108 12083 INFO rally.task.context [-] Task d1d340ee-1fb5-43fe-9c49-f4bcd8af8f08 | Context users@openstack setup() finished in 1.59 sec
2020-04-10 05:23:37.109 12083 INFO rally.task.context [-] Task d1d340ee-1fb5-43fe-9c49-f4bcd8af8f08 | Context cleanup@openstack setup() finished in 0.01 msec
2020-04-10 05:23:37.120 12083 RALLYDEBUG rally.task.runner [-] Starting the constant runner (task UUID: d1d340ee-1fb5-43fe-9c49-f4bcd8af8f08). times: 10 concurrency: 4 timeout: 0 max_cpu_used: 88 processes_to_start: 4 concurrency_per_worker: 1 concurrency_overhead: 0
2020-04-10 05:23:37.133 15970 RALLYDEBUG rally.task.runner [-] Starting a worker. times: 10 duration: None concurrency: 1 timeout: 0 cls: method_name: run args: {"policies": ["affinity"]}
2020-04-10 05:23:37.136 15971 RALLYDEBUG rally.task.runner [-] Starting a worker. times: 10 duration: None concurrency: 1 timeout: 0 cls: method_name: run args: {"policies": ["affinity"]}
2020-04-10 05:23:37.138 15972 RALLYDEBUG rally.task.runner [-] Starting a worker. times: 10 duration: None concurrency: 1 timeout: 0 cls: method_name: run args: {"policies": ["affinity"]}
2020-04-10 05:23:37.140 15970 INFO rally.task.runner [-] Task d1d340ee-1fb5-43fe-9c49-f4bcd8af8f08 | ITER: 1 START
2020-04-10 05:23:37.141 15971 INFO rally.task.runner [-] Task d1d340ee-1fb5-43fe-9c49-f4bcd8af8f08 | ITER: 2 START
2020-04-10 05:23:37.141 15973 RALLYDEBUG rally.task.runner [-] Starting a worker. times: 10 duration: None concurrency: 1 timeout: 0 cls: method_name: run args: {"policies": ["affinity"]}
2020-04-10 05:23:37.144 15972 INFO rally.task.runner [-] Task d1d340ee-1fb5-43fe-9c49-f4bcd8af8f08 | ITER: 3 START
2020-04-10 05:23:37.148 15973 INFO rally.task.runner [-] Task d1d340ee-1fb5-43fe-9c49-f4bcd8af8f08 | ITER: 4 START
2020-04-10 05:23:37.539 15971 INFO rally.task.runner [-] Task d1d340ee-1fb5-43fe-9c49-f4bcd8af8f08 | ITER: 2 END: OK
2020-04-10 05:23:37.544 15971 INFO rally.task.runner [-] Task d1d340ee-1fb5-43fe-9c49-f4bcd8af8f08 | ITER: 5 START
2020-04-10 05:23:37.569 15973 INFO rally.task.runner [-] Task d1d340ee-1fb5-43fe-9c49-f4bcd8af8f08 | ITER: 4 END: OK
2020-04-10 05:23:37.572 15973 INFO rally.task.runner [-] Task d1d340ee-1fb5-43fe-9c49-f4bcd8af8f08 | ITER: 6 START
2020-04-10 05:23:37.577 15970 INFO rally.task.runner [-] Task d1d340ee-1fb5-43fe-9c49-f4bcd8af8f08 | ITER: 1 END: OK
2020-04-10 05:23:37.582 15970 INFO rally.task.runner [-] Task d1d340ee-1fb5-43fe-9c49-f4bcd8af8f08 | ITER: 7 START
2020-04-10 05:23:37.584 15972 INFO rally.task.runner [-] Task d1d340ee-1fb5-43fe-9c49-f4bcd8af8f08 | ITER: 3 END: OK
2020-04-10 05:23:37.589 15972 INFO rally.task.runner [-] Task d1d340ee-1fb5-43fe-9c49-f4bcd8af8f08 | ITER: 8 START
2020-04-10 05:23:37.826 15973 INFO rally.task.runner [-] Task d1d340ee-1fb5-43fe-9c49-f4bcd8af8f08 | ITER: 6 END: OK
2020-04-10 05:23:37.827 15970 INFO rally.task.runner [-] Task d1d340ee-1fb5-43fe-9c49-f4bcd8af8f08 | ITER: 7 END: OK
2020-04-10 05:23:37.830 15973 INFO rally.task.runner [-] Task d1d340ee-1fb5-43fe-9c49-f4bcd8af8f08 | ITER: 9 START
2020-04-10 05:23:37.831 15970 INFO rally.task.runner [-] Task d1d340ee-1fb5-43fe-9c49-f4bcd8af8f08 | ITER: 10 START
2020-04-10 05:23:37.904 15971 INFO rally.task.runner [-] Task d1d340ee-1fb5-43fe-9c49-f4bcd8af8f08 | ITER: 5 END: OK
2020-04-10 05:23:37.913 15972 INFO rally.task.runner [-] Task d1d340ee-1fb5-43fe-9c49-f4bcd8af8f08 | ITER: 8 END: OK
2020-04-10 05:23:38.075 15970 INFO rally.task.runner [-] Task d1d340ee-1fb5-43fe-9c49-f4bcd8af8f08 | ITER: 10 END: OK
2020-04-10 05:23:38.108 15973 INFO rally.task.runner [-] Task d1d340ee-1fb5-43fe-9c49-f4bcd8af8f08 | ITER: 9 END: OK
2020-04-10 05:23:38.130 12083 INFO rally.task.context [-] Task d1d340ee-1fb5-43fe-9c49-f4bcd8af8f08 | Context cleanup@openstack cleanup() started
2020-04-10 05:23:38.134 12083 RALLYDEBUG rally_openstack.cleanup.manager [-] Cleaning up nova servers objects
2020-04-10 05:23:38.969 12083 RALLYDEBUG rally_openstack.cleanup.manager [-] Cleaning up nova server_groups objects
2020-04-10 05:23:39.377 12083 RALLYDEBUG rally_openstack.cleanup.manager [-] Cleaning up nova keypairs objects
2020-04-10 05:23:40.221 12083 INFO rally.task.context [-] Task d1d340ee-1fb5-43fe-9c49-f4bcd8af8f08 | Context cleanup@openstack cleanup() finished in 2.09 sec
2020-04-10 05:23:40.222 12083 INFO rally.task.context [-] Task d1d340ee-1fb5-43fe-9c49-f4bcd8af8f08 | Context users@openstack cleanup() started
2020-04-10 05:23:40.382 12083 WARNING rally.common.logging [-] `iterate_per_tenants()' is deprecated in v3.0.0: it is openstack specific.. Used at
2020-04-10 05:23:42.904 12083 INFO rally.task.context [-] Task d1d340ee-1fb5-43fe-9c49-f4bcd8af8f08 | Context users@openstack cleanup() finished in 2.68 sec
2020-04-10 05:23:43.609 12083 INFO rally.task.engine [-] Load duration is: 0.966885
2020-04-10 05:23:43.609 12083 INFO rally.task.engine [-] Full runner duration is: 1.010174
2020-04-10 05:23:43.609 12083 INFO rally.task.engine [-] Full duration is: 7.386131
2020-04-10 05:23:43.701 12083 INFO rally.task.engine [-] Running workload: position = 0 config = { "version": 2, "title": "A cropped version of a bigger task.", "description": "Auto-generated task from a single workload (uuid=4c104fba-d3f6-4a11-9946-c4d855b498de)", "subtasks": [ { "title": "NovaServerGroups.create_and_get_server_group", "description": "Create a server group, then get its detailed information.", "scenario": { "NovaServerGroups.create_and_get_server_group": { "policies": [ "affinity" ] } }, "contexts": { "users": { "tenants": 3, "users_per_tenant": 2 } }, "runner": { "constant": { "concurrency": 4, "times": 10 } }, "hooks": [], "sla": { "failure_rate": { "max": 0 } } } ] }
2020-04-10 05:23:43.723 12083 RALLYDEBUG rally_openstack.contexts.keystone.users [-] Creating 3 tenants using 3 threads
2020-04-10 05:23:44.381 12083 RALLYDEBUG rally_openstack.contexts.keystone.users [-] Creating 6 users using 6 threads
2020-04-10 05:23:45.366 12083 INFO rally.task.context [-] Task d1d340ee-1fb5-43fe-9c49-f4bcd8af8f08 | Context users@openstack setup() finished in 1.64 sec
2020-04-10 05:23:45.367 12083 INFO rally.task.context [-] Task d1d340ee-1fb5-43fe-9c49-f4bcd8af8f08 | Context cleanup@openstack setup() finished in 0.02 msec
2020-04-10 05:23:45.375 12083 RALLYDEBUG rally.task.runner [-] Starting the constant runner (task UUID: d1d340ee-1fb5-43fe-9c49-f4bcd8af8f08). times: 10 concurrency: 4 timeout: 0 max_cpu_used: 88 processes_to_start: 4 concurrency_per_worker: 1 concurrency_overhead: 0
2020-04-10 05:23:45.386 16103 RALLYDEBUG rally.task.runner [-] Starting a worker. times: 10 duration: None concurrency: 1 timeout: 0 cls: method_name: run args: {"policies": ["affinity"]}
2020-04-10 05:23:45.389 16104 RALLYDEBUG rally.task.runner [-] Starting a worker. times: 10 duration: None concurrency: 1 timeout: 0 cls: method_name: run args: {"policies": ["affinity"]}
2020-04-10 05:23:45.391 16103 INFO rally.task.runner [-] Task d1d340ee-1fb5-43fe-9c49-f4bcd8af8f08 | ITER: 1 START
2020-04-10 05:23:45.393 16105 RALLYDEBUG rally.task.runner [-] Starting a worker. times: 10 duration: None concurrency: 1 timeout: 0 cls: method_name: run args: {"policies": ["affinity"]}
2020-04-10 05:23:45.395 16104 INFO rally.task.runner [-] Task d1d340ee-1fb5-43fe-9c49-f4bcd8af8f08 | ITER: 2 START
2020-04-10 05:23:45.395 16107 RALLYDEBUG rally.task.runner [-] Starting a worker. times: 10 duration: None concurrency: 1 timeout: 0 cls: method_name: run args: {"policies": ["affinity"]}
2020-04-10 05:23:45.399 16105 INFO rally.task.runner [-] Task d1d340ee-1fb5-43fe-9c49-f4bcd8af8f08 | ITER: 3 START
2020-04-10 05:23:45.401 16107 INFO rally.task.runner [-] Task d1d340ee-1fb5-43fe-9c49-f4bcd8af8f08 | ITER: 4 START
2020-04-10 05:23:45.764 16103 INFO rally.task.runner [-] Task d1d340ee-1fb5-43fe-9c49-f4bcd8af8f08 | ITER: 1 END: OK
2020-04-10 05:23:45.769 16103 INFO rally.task.runner [-] Task d1d340ee-1fb5-43fe-9c49-f4bcd8af8f08 | ITER: 5 START
2020-04-10 05:23:45.770 16104 INFO rally.task.runner [-] Task d1d340ee-1fb5-43fe-9c49-f4bcd8af8f08 | ITER: 2 END: OK
2020-04-10 05:23:45.774 16104 INFO rally.task.runner [-] Task d1d340ee-1fb5-43fe-9c49-f4bcd8af8f08 | ITER: 6 START
2020-04-10 05:23:45.775 16105 INFO rally.task.runner [-] Task d1d340ee-1fb5-43fe-9c49-f4bcd8af8f08 | ITER: 3 END: OK
2020-04-10 05:23:45.780 16105 INFO rally.task.runner [-] Task d1d340ee-1fb5-43fe-9c49-f4bcd8af8f08 | ITER: 7 START
2020-04-10 05:23:45.783 16107 INFO rally.task.runner [-] Task d1d340ee-1fb5-43fe-9c49-f4bcd8af8f08 | ITER: 4 END: OK
2020-04-10 05:23:45.788 16107 INFO rally.task.runner [-] Task d1d340ee-1fb5-43fe-9c49-f4bcd8af8f08 | ITER: 8 START
2020-04-10 05:23:45.997 16103 INFO rally.task.runner [-] Task d1d340ee-1fb5-43fe-9c49-f4bcd8af8f08 | ITER: 5 END: OK
2020-04-10 05:23:46.000 16103 INFO rally.task.runner [-] Task d1d340ee-1fb5-43fe-9c49-f4bcd8af8f08 | ITER: 9 START
2020-04-10 05:23:46.006 16104 INFO rally.task.runner [-] Task d1d340ee-1fb5-43fe-9c49-f4bcd8af8f08 | ITER: 6 END: OK
2020-04-10 05:23:46.011 16104 INFO rally.task.runner [-] Task d1d340ee-1fb5-43fe-9c49-f4bcd8af8f08 | ITER: 10 START
2020-04-10 05:23:46.015 16107 INFO rally.task.runner [-] Task d1d340ee-1fb5-43fe-9c49-f4bcd8af8f08 | ITER: 8 END: OK
2020-04-10 05:23:46.101 16105 INFO rally.task.runner [-] Task d1d340ee-1fb5-43fe-9c49-f4bcd8af8f08 | ITER: 7 END: OK
2020-04-10 05:23:46.243 16104 INFO rally.task.runner [-] Task d1d340ee-1fb5-43fe-9c49-f4bcd8af8f08 | ITER: 10 END: OK
2020-04-10 05:23:46.339 16103 INFO rally.task.runner [-] Task d1d340ee-1fb5-43fe-9c49-f4bcd8af8f08 | ITER: 9 END: OK
2020-04-10 05:23:46.363 12083 INFO rally.task.context [-] Task d1d340ee-1fb5-43fe-9c49-f4bcd8af8f08 | Context cleanup@openstack cleanup() started
2020-04-10 05:23:46.368 12083 RALLYDEBUG rally_openstack.cleanup.manager [-] Cleaning up nova servers objects
2020-04-10 05:23:47.072 12083 RALLYDEBUG rally_openstack.cleanup.manager [-] Cleaning up nova server_groups objects
2020-04-10 05:23:47.552 12083 RALLYDEBUG rally_openstack.cleanup.manager [-] Deleting nova.server_groups object s_rally_4c104fba_2liuWoXu (9447df73-e798-4a09-9d5f-f47ea2e063c7)
2020-04-10 05:23:47.554 12083 RALLYDEBUG rally_openstack.cleanup.manager [-] Deleting nova.server_groups object s_rally_4c104fba_k5Kqn1IP (5b575c49-a212-4d2c-9421-6b7c5be5d299)
2020-04-10 05:23:47.554 12083 RALLYDEBUG rally_openstack.cleanup.manager [-] Deleting nova.server_groups object s_rally_4c104fba_rF00tdSO (ddc426a0-99b9-40b7-924e-e42e1209abd6)
2020-04-10 05:23:47.555 12083 RALLYDEBUG rally_openstack.cleanup.manager [-] Deleting nova.server_groups object s_rally_4c104fba_xmD2ku3O (9523b7bd-cb43-44bc-8179-26e19dec034b)
2020-04-10 05:23:47.556 12083 RALLYDEBUG rally_openstack.cleanup.manager [-] Deleting nova.server_groups object s_rally_4c104fba_7z5GpG4o (b89d4f2c-1f1c-400f-9c05-3aab6fd60438)
2020-04-10 05:23:47.557 12083 RALLYDEBUG rally_openstack.cleanup.manager [-] Deleting nova.server_groups object s_rally_4c104fba_5SwtTzg8 (65262338-bd50-4c60-adff-87edc087eea0)
2020-04-10 05:23:47.563 12083 RALLYDEBUG rally_openstack.cleanup.manager [-] Deleting nova.server_groups object s_rally_4c104fba_20JWnqWR (f7d4dd2b-1c15-4906-88eb-4415defeb225)
2020-04-10 05:23:47.575 12083 RALLYDEBUG rally_openstack.cleanup.manager [-] Deleting nova.server_groups object s_rally_4c104fba_eyxIxd0I (3b02eb5e-240a-4c64-aa70-50bfee6abc27)
2020-04-10 05:23:47.581 12083 RALLYDEBUG rally_openstack.cleanup.manager [-] Deleting nova.server_groups object s_rally_4c104fba_ndXYUfMi (cda77a73-08f5-46ea-8f73-468a35464257)
2020-04-10 05:23:47.604 12083 RALLYDEBUG rally_openstack.cleanup.manager [-] Deleting nova.server_groups object s_rally_4c104fba_5hSHK7gR (6e0835c9-2e6c-40b6-83c9-2e49455519f1)
2020-04-10 05:23:49.016 12083 RALLYDEBUG rally_openstack.cleanup.manager [-] Cleaning up nova keypairs objects
2020-04-10 05:23:50.011 12083 INFO rally.task.context [-] Task d1d340ee-1fb5-43fe-9c49-f4bcd8af8f08 | Context cleanup@openstack cleanup() finished in 3.65 sec
2020-04-10 05:23:50.012 12083 INFO rally.task.context [-] Task d1d340ee-1fb5-43fe-9c49-f4bcd8af8f08 | Context users@openstack cleanup() started
2020-04-10 05:23:50.207 12083 WARNING rally.common.logging [-] `iterate_per_tenants()' is deprecated in v3.0.0: it is openstack specific.. Used at
2020-04-10 05:23:53.439 12083 INFO rally.task.context [-] Task d1d340ee-1fb5-43fe-9c49-f4bcd8af8f08 | Context users@openstack cleanup() finished in 3.43 sec
2020-04-10 05:23:53.821 12083 INFO rally.task.engine [-] Load duration is: 0.946278
2020-04-10 05:23:53.822 12083 INFO rally.task.engine [-] Full runner duration is: 0.987417
2020-04-10 05:23:53.822 12083 INFO rally.task.engine [-] Full duration is: 9.717642
2020-04-10 05:23:53.910 12083 INFO rally.task.engine [-] Running workload: position = 0 config = { "version": 2, "title": "A cropped version of a bigger task.", "description": "Auto-generated task from a single workload (uuid=ee2651e5-a5cc-4122-8299-31b274e0eb8a)", "subtasks": [ { "title": "NovaServerGroups.create_and_list_server_groups", "description": "Create a server group, then list all server groups.", "scenario": { "NovaServerGroups.create_and_list_server_groups": { "policies": [ "affinity" ], "all_projects": false } }, "contexts": { "users": { "tenants": 3, "users_per_tenant": 2 } }, "runner": { "constant": { "concurrency": 4, "times": 10 } }, "hooks": [], "sla": { "failure_rate": { "max": 0 } } } ] }
2020-04-10 05:23:53.930 12083 RALLYDEBUG rally_openstack.contexts.keystone.users [-] Creating 3 tenants using 3 threads
2020-04-10 05:23:54.414 12083 RALLYDEBUG rally_openstack.contexts.keystone.users [-] Creating 6 users using 6 threads
2020-04-10 05:23:55.335 12083 INFO rally.task.context [-] Task d1d340ee-1fb5-43fe-9c49-f4bcd8af8f08 | Context users@openstack setup() finished in 1.41 sec
2020-04-10 05:23:55.336 12083 INFO rally.task.context [-] Task d1d340ee-1fb5-43fe-9c49-f4bcd8af8f08 | Context cleanup@openstack setup() finished in 0.01 msec
2020-04-10 05:23:55.347 12083 RALLYDEBUG rally.task.runner [-] Starting the constant runner (task UUID: d1d340ee-1fb5-43fe-9c49-f4bcd8af8f08). times: 10 concurrency: 4 timeout: 0 max_cpu_used: 88 processes_to_start: 4 concurrency_per_worker: 1 concurrency_overhead: 0
2020-04-10 05:23:55.360 16236 RALLYDEBUG rally.task.runner [-] Starting a worker. times: 10 duration: None concurrency: 1 timeout: 0 cls: method_name: run args: {"policies": ["affinity"], "all_projects": false}
2020-04-10 05:23:55.363 16237 RALLYDEBUG rally.task.runner [-] Starting a worker. times: 10 duration: None concurrency: 1 timeout: 0 cls: method_name: run args: {"policies": ["affinity"], "all_projects": false}
2020-04-10 05:23:55.366 16238 RALLYDEBUG rally.task.runner [-] Starting a worker. times: 10 duration: None concurrency: 1 timeout: 0 cls: method_name: run args: {"policies": ["affinity"], "all_projects": false}
2020-04-10 05:23:55.367 16236 INFO rally.task.runner [-] Task d1d340ee-1fb5-43fe-9c49-f4bcd8af8f08 | ITER: 1 START
2020-04-10 05:23:55.370 16237 INFO rally.task.runner [-] Task d1d340ee-1fb5-43fe-9c49-f4bcd8af8f08 | ITER: 2 START
2020-04-10 05:23:55.370 16239 RALLYDEBUG rally.task.runner [-] Starting a worker. times: 10 duration: None concurrency: 1 timeout: 0 cls: method_name: run args: {"policies": ["affinity"], "all_projects": false}
2020-04-10 05:23:55.373 16238 INFO rally.task.runner [-] Task d1d340ee-1fb5-43fe-9c49-f4bcd8af8f08 | ITER: 3 START
2020-04-10 05:23:55.376 16239 INFO rally.task.runner [-] Task d1d340ee-1fb5-43fe-9c49-f4bcd8af8f08 | ITER: 4 START
2020-04-10 05:23:55.723 16239 INFO rally.task.runner [-] Task d1d340ee-1fb5-43fe-9c49-f4bcd8af8f08 | ITER: 4 END: OK
2020-04-10 05:23:55.729 16239 INFO rally.task.runner [-] Task d1d340ee-1fb5-43fe-9c49-f4bcd8af8f08 | ITER: 5 START
2020-04-10 05:23:55.733 16237 INFO rally.task.runner [-] Task d1d340ee-1fb5-43fe-9c49-f4bcd8af8f08 | ITER: 2 END: OK
2020-04-10 05:23:55.734 16236 INFO rally.task.runner [-] Task d1d340ee-1fb5-43fe-9c49-f4bcd8af8f08 | ITER: 1 END: OK
2020-04-10 05:23:55.737 16237 INFO rally.task.runner [-] Task d1d340ee-1fb5-43fe-9c49-f4bcd8af8f08 | ITER: 6 START
2020-04-10 05:23:55.739 16236 INFO rally.task.runner [-] Task d1d340ee-1fb5-43fe-9c49-f4bcd8af8f08 | ITER: 7 START
2020-04-10 05:23:55.741 16238 INFO rally.task.runner [-] Task d1d340ee-1fb5-43fe-9c49-f4bcd8af8f08 | ITER: 3 END: OK
2020-04-10 05:23:55.745 16238 INFO rally.task.runner [-] Task d1d340ee-1fb5-43fe-9c49-f4bcd8af8f08 | ITER: 8 START
2020-04-10 05:23:55.963 16239 INFO rally.task.runner [-] Task d1d340ee-1fb5-43fe-9c49-f4bcd8af8f08 | ITER: 5 END: OK
2020-04-10 05:23:55.967 16239 INFO rally.task.runner [-] Task d1d340ee-1fb5-43fe-9c49-f4bcd8af8f08 | ITER: 9 START
2020-04-10 05:23:55.979 16238 INFO rally.task.runner [-] Task d1d340ee-1fb5-43fe-9c49-f4bcd8af8f08 | ITER: 8 END: OK
2020-04-10 05:23:55.984 16238 INFO rally.task.runner [-] Task d1d340ee-1fb5-43fe-9c49-f4bcd8af8f08 | ITER: 10 START
2020-04-10 05:23:56.055 16236 INFO rally.task.runner [-] Task d1d340ee-1fb5-43fe-9c49-f4bcd8af8f08 | ITER: 7 END: OK
2020-04-10 05:23:56.058 16237 INFO rally.task.runner [-] Task d1d340ee-1fb5-43fe-9c49-f4bcd8af8f08 | ITER: 6 END: OK
2020-04-10 05:23:56.201 16238 INFO rally.task.runner [-] Task d1d340ee-1fb5-43fe-9c49-f4bcd8af8f08 | ITER: 10 END: OK
2020-04-10 05:23:56.213 16239 INFO rally.task.runner [-] Task d1d340ee-1fb5-43fe-9c49-f4bcd8af8f08 | ITER: 9 END: OK
2020-04-10 05:23:56.243 12083 INFO rally.task.context [-] Task d1d340ee-1fb5-43fe-9c49-f4bcd8af8f08 | Context cleanup@openstack cleanup() started
2020-04-10 05:23:56.248 12083 RALLYDEBUG rally_openstack.cleanup.manager [-] Cleaning up nova servers objects
2020-04-10 05:23:56.930 12083 RALLYDEBUG rally_openstack.cleanup.manager [-] Cleaning up nova server_groups objects
2020-04-10 05:23:57.416 12083 RALLYDEBUG rally_openstack.cleanup.manager [-] Deleting nova.server_groups object s_rally_ee2651e5_G2J4Hdfi (b03156d0-32b8-421d-b2ca-1e4cc96fe4f3)
2020-04-10 05:23:57.423 12083 RALLYDEBUG rally_openstack.cleanup.manager [-] Deleting nova.server_groups object s_rally_ee2651e5_HXApIWYi (5315ad81-c419-46e9-942c-2ccc851b9777)
2020-04-10 05:23:57.429 12083 RALLYDEBUG rally_openstack.cleanup.manager [-] Deleting nova.server_groups object s_rally_ee2651e5_TytoRV9a (6a59196d-bd11-4b02-8a4a-2392598fdadc)
2020-04-10 05:23:57.434 12083 RALLYDEBUG rally_openstack.cleanup.manager [-] Deleting nova.server_groups object s_rally_ee2651e5_cSh3XvRi (eba17589-64ae-491a-8a43-de44fc6649d6)
2020-04-10 05:23:57.440 12083 RALLYDEBUG rally_openstack.cleanup.manager [-] Deleting nova.server_groups object s_rally_ee2651e5_7m0Xy4V9 (1e491e81-465d-4567-8f87-3e8f55ede0ca)
2020-04-10 05:23:57.445 12083 RALLYDEBUG rally_openstack.cleanup.manager [-] Deleting nova.server_groups object s_rally_ee2651e5_1C4WWYQP (bd5cbcd9-dfc6-4dcd-b565-cef348985a08)
2020-04-10 05:23:57.448 12083 RALLYDEBUG rally_openstack.cleanup.manager [-] Deleting nova.server_groups object s_rally_ee2651e5_Uv4ECayF (9fd871e4-191e-4338-abc3-f3fa133f317f)
2020-04-10 05:23:57.461 12083 RALLYDEBUG rally_openstack.cleanup.manager [-] Deleting nova.server_groups object s_rally_ee2651e5_OGtNecGF (d24f3deb-a3a7-4830-afa0-42b8713c2c67)
2020-04-10 05:23:57.466 12083 RALLYDEBUG rally_openstack.cleanup.manager [-] Deleting nova.server_groups object s_rally_ee2651e5_UN7gqQJj (88fb73ef-e91c-4861-a9a4-a6d1163202b9)
2020-04-10 05:23:57.484 12083 RALLYDEBUG rally_openstack.cleanup.manager [-] Deleting nova.server_groups object s_rally_ee2651e5_YI7DJIiu (bcd31071-1700-4e8b-a726-829bc8e227b4)
2020-04-10 05:23:58.852 12083 RALLYDEBUG rally_openstack.cleanup.manager [-] Cleaning up nova keypairs objects
2020-04-10 05:23:59.764 12083 INFO rally.task.context [-] Task d1d340ee-1fb5-43fe-9c49-f4bcd8af8f08 | Context cleanup@openstack cleanup() finished in 3.52 sec
2020-04-10 05:23:59.765 12083 INFO rally.task.context [-] Task d1d340ee-1fb5-43fe-9c49-f4bcd8af8f08 | Context users@openstack cleanup() started
2020-04-10 05:23:59.957 12083 WARNING rally.common.logging [-] `iterate_per_tenants()' is deprecated in v3.0.0: it is openstack specific.. Used at
2020-04-10 05:24:02.896 12083 INFO rally.task.context [-] Task d1d340ee-1fb5-43fe-9c49-f4bcd8af8f08 | Context users@openstack cleanup() finished in 3.13 sec
2020-04-10 05:24:04.084 12083 INFO rally.task.engine [-] Load duration is: 0.844352
2020-04-10 05:24:04.085 12083 INFO rally.task.engine [-] Full runner duration is: 0.896709
2020-04-10 05:24:04.085 12083 INFO rally.task.engine [-] Full duration is: 8.967951
2020-04-10 05:24:04.162 12083 INFO rally.task.engine [-] Task d1d340ee-1fb5-43fe-9c49-f4bcd8af8f08 | Completed: Running task.
2020-04-10 05:24:05.847 16358 RALLYDEBUG rally.api [-] INFO logs from urllib3 and requests module are hide.
2020-04-10 05:24:05.847 16358 RALLYDEBUG rally.api [-] urllib3 insecure warnings are hidden.
2020-04-10 05:24:05.848 16358 RALLYDEBUG rally.api [-] ERROR log from boto module is hide.
2020-04-10 05:24:07.264 16359 RALLYDEBUG rally.api [-] INFO logs from urllib3 and requests module are hide.
2020-04-10 05:24:07.264 16359 RALLYDEBUG rally.api [-] urllib3 insecure warnings are hidden.
2020-04-10 05:24:07.264 16359 RALLYDEBUG rally.api [-] ERROR log from boto module is hide.
2020-04-10 05:24:08.821 16360 RALLYDEBUG rally.api [-] INFO logs from urllib3 and requests module are hide.
2020-04-10 05:24:08.822 16360 RALLYDEBUG rally.api [-] urllib3 insecure warnings are hidden.
2020-04-10 05:24:08.822 16360 RALLYDEBUG rally.api [-] ERROR log from boto module is hide.
2020-04-10 05:24:10.875 16360 INFO rally.api [-] Building 'json' report for the following task(s): 'd1d340ee-1fb5-43fe-9c49-f4bcd8af8f08'.
2020-04-10 05:24:10.979 16360 INFO rally.api [-] The report has been successfully built.
2020-04-10 05:24:12.431 16362 RALLYDEBUG rally.api [-] INFO logs from urllib3 and requests module are hide.
2020-04-10 05:24:12.431 16362 RALLYDEBUG rally.api [-] urllib3 insecure warnings are hidden.
2020-04-10 05:24:12.431 16362 RALLYDEBUG rally.api [-] ERROR log from boto module is hide.
2020-04-10 05:24:14.585 16362 INFO rally.task.engine [-] Task 88faf639-18d8-40f0-90c0-9be0d8f2e7f8 | Starting: Task validation.
2020-04-10 05:24:14.603 16362 INFO rally.task.engine [-] Task 88faf639-18d8-40f0-90c0-9be0d8f2e7f8 | Starting: Task validation of syntax.
2020-04-10 05:24:14.686 16362 INFO rally.task.engine [-] Task 88faf639-18d8-40f0-90c0-9be0d8f2e7f8 | Completed: Task validation of syntax.
2020-04-10 05:24:14.686 16362 INFO rally.task.engine [-] Task 88faf639-18d8-40f0-90c0-9be0d8f2e7f8 | Starting: Task validation of required platforms.
2020-04-10 05:24:14.731 16362 INFO rally.task.engine [-] Task 88faf639-18d8-40f0-90c0-9be0d8f2e7f8 | Completed: Task validation of required platforms.
2020-04-10 05:24:14.731 16362 INFO rally.task.engine [-] Task 88faf639-18d8-40f0-90c0-9be0d8f2e7f8 | Starting: Task validation of semantic.
2020-04-10 05:24:14.731 16362 INFO rally.task.engine [-] Check health of the environment '12112318-7055-4447-9f85-97c68bb245e8'.
2020-04-10 05:24:15.253 16362 INFO rally.task.engine [-] Platform existing@openstack (available: True): OK!
2020-04-10 05:24:15.269 16362 RALLYDEBUG rally_openstack.contexts.keystone.users [-] Creating 1 tenants using 1 threads
2020-04-10 05:24:15.735 16362 RALLYDEBUG rally_openstack.contexts.keystone.users [-] Creating 1 users using 1 threads
2020-04-10 05:24:16.426 16362 INFO rally.task.context [-] Task 88faf639-18d8-40f0-90c0-9be0d8f2e7f8 | Context users@openstack setup() finished in 1.16 sec
2020-04-10 05:24:16.741 16362 INFO rally.task.context [-] Task 88faf639-18d8-40f0-90c0-9be0d8f2e7f8 | Context users@openstack cleanup() started
2020-04-10 05:24:16.944 16362 WARNING rally.common.logging [-] `iterate_per_tenants()' is deprecated in v3.0.0: it is openstack specific.. Used at
2020-04-10 05:24:18.371 16362 INFO rally.task.context [-] Task 88faf639-18d8-40f0-90c0-9be0d8f2e7f8 | Context users@openstack cleanup() finished in 1.63 sec
2020-04-10 05:24:18.371 16362 INFO rally.task.engine [-] Task 88faf639-18d8-40f0-90c0-9be0d8f2e7f8 | Completed: Task validation of semantic.
2020-04-10 05:24:18.372 16362 INFO rally.task.engine [-] Task 88faf639-18d8-40f0-90c0-9be0d8f2e7f8 | Completed: Task validation.
2020-04-10 05:24:18.372 16362 INFO rally.api [-] Task 88faf639-18d8-40f0-90c0-9be0d8f2e7f8 input file is valid.
2020-04-10 05:24:18.372 16362 INFO rally.api [-] Run Task 88faf639-18d8-40f0-90c0-9be0d8f2e7f8 against Deployment 12112318-7055-4447-9f85-97c68bb245e8
2020-04-10 05:24:18.373 16362 INFO rally.task.engine [-] Task 88faf639-18d8-40f0-90c0-9be0d8f2e7f8 | Starting: Running task.
2020-04-10 05:24:18.424 16362 INFO rally.task.engine [-] Running workload: position = 0 config = { "version": 2, "title": "A cropped version of a bigger task.", "description": "Auto-generated task from a single workload (uuid=5e00215b-94af-49f4-bfc9-afde70228353)", "subtasks": [ { "title": "Quotas.cinder_update_and_delete", "description": "Update and Delete quotas for Cinder.", "scenario": { "Quotas.cinder_update_and_delete": { "max_quota": 1024 } }, "contexts": { "users": { "tenants": 3, "users_per_tenant": 2 }, "api_versions": { "cinder": { "version": 3, "service_type": "volumev3" } } }, "runner": { "constant": { "concurrency": 4, "times": 10 } }, "hooks": [], "sla": { "failure_rate": { "max": 0 } } } ] }
2020-04-10 05:24:18.443 16362 RALLYDEBUG rally_openstack.contexts.keystone.users [-] Creating 3 tenants using 3 threads
2020-04-10 05:24:18.912 16362 RALLYDEBUG rally_openstack.contexts.keystone.users [-] Creating 6 users using 6 threads
2020-04-10 05:24:19.929 16362 INFO rally.task.context [-] Task 88faf639-18d8-40f0-90c0-9be0d8f2e7f8 | Context users@openstack setup() finished in 1.49 sec
2020-04-10 05:24:20.203 16362 INFO rally.task.context [-] Task 88faf639-18d8-40f0-90c0-9be0d8f2e7f8 | Context api_versions@openstack setup() finished in 0.27 sec
2020-04-10 05:24:20.203 16362 INFO rally.task.context [-] Task 88faf639-18d8-40f0-90c0-9be0d8f2e7f8 | Context admin_cleanup@openstack setup() finished in 0.01 msec
2020-04-10 05:24:20.212 16362 RALLYDEBUG rally.task.runner [-] Starting the constant runner (task UUID: 88faf639-18d8-40f0-90c0-9be0d8f2e7f8). times: 10 concurrency: 4 timeout: 0 max_cpu_used: 88 processes_to_start: 4 concurrency_per_worker: 1 concurrency_overhead: 0
2020-04-10 05:24:20.227 16417 RALLYDEBUG rally.task.runner [-] Starting a worker. times: 10 duration: None concurrency: 1 timeout: 0 cls: method_name: run args: {"max_quota": 1024}
2020-04-10 05:24:20.232 16418 RALLYDEBUG rally.task.runner [-] Starting a worker. times: 10 duration: None concurrency: 1 timeout: 0 cls: method_name: run args: {"max_quota": 1024}
2020-04-10 05:24:20.234 16417 INFO rally.task.runner [-] Task 88faf639-18d8-40f0-90c0-9be0d8f2e7f8 | ITER: 1 START
2020-04-10 05:24:20.235 16419 RALLYDEBUG rally.task.runner [-] Starting a worker. times: 10 duration: None concurrency: 1 timeout: 0 cls: method_name: run args: {"max_quota": 1024}
2020-04-10 05:24:20.238 16420 RALLYDEBUG rally.task.runner [-] Starting a worker. times: 10 duration: None concurrency: 1 timeout: 0 cls: method_name: run args: {"max_quota": 1024}
2020-04-10 05:24:20.239 16418 INFO rally.task.runner [-] Task 88faf639-18d8-40f0-90c0-9be0d8f2e7f8 | ITER: 2 START
2020-04-10 05:24:20.242 16419 INFO rally.task.runner [-] Task 88faf639-18d8-40f0-90c0-9be0d8f2e7f8 | ITER: 3 START
2020-04-10 05:24:20.245 16420 INFO rally.task.runner [-] Task 88faf639-18d8-40f0-90c0-9be0d8f2e7f8 | ITER: 4 START
2020-04-10 05:24:20.601 16417 INFO rally.task.runner [-] Task 88faf639-18d8-40f0-90c0-9be0d8f2e7f8 | ITER: 1 END: OK
2020-04-10 05:24:20.607 16417 INFO rally.task.runner [-] Task 88faf639-18d8-40f0-90c0-9be0d8f2e7f8 | ITER: 5 START
2020-04-10 05:24:20.657 16418 INFO rally.task.runner [-] Task 88faf639-18d8-40f0-90c0-9be0d8f2e7f8 | ITER: 2 END: OK
2020-04-10 05:24:20.663 16419 INFO rally.task.runner [-] Task 88faf639-18d8-40f0-90c0-9be0d8f2e7f8 | ITER: 3 END: OK
2020-04-10 05:24:20.663 16418 INFO rally.task.runner [-] Task 88faf639-18d8-40f0-90c0-9be0d8f2e7f8 | ITER: 6 START
2020-04-10 05:24:20.668 16419 INFO rally.task.runner [-] Task 88faf639-18d8-40f0-90c0-9be0d8f2e7f8 | ITER: 7 START
2020-04-10 05:24:20.689 16420 INFO rally.task.runner [-] Task 88faf639-18d8-40f0-90c0-9be0d8f2e7f8 | ITER: 4 END: OK
2020-04-10 05:24:20.694 16420 INFO rally.task.runner [-] Task 88faf639-18d8-40f0-90c0-9be0d8f2e7f8 | ITER: 8 START
2020-04-10 05:24:20.921 16417 INFO rally.task.runner [-] Task 88faf639-18d8-40f0-90c0-9be0d8f2e7f8 | ITER: 5 END: OK
2020-04-10 05:24:20.925 16417 INFO rally.task.runner [-] Task 88faf639-18d8-40f0-90c0-9be0d8f2e7f8 | ITER: 9 START
2020-04-10 05:24:20.955 16418 INFO rally.task.runner [-] Task 88faf639-18d8-40f0-90c0-9be0d8f2e7f8 | ITER: 6 END: OK
2020-04-10 05:24:20.959 16418 INFO rally.task.runner [-] Task 88faf639-18d8-40f0-90c0-9be0d8f2e7f8 | ITER: 10 START
2020-04-10 05:24:20.984 16419 INFO rally.task.runner [-] Task 88faf639-18d8-40f0-90c0-9be0d8f2e7f8 | ITER: 7 END: OK
2020-04-10 05:24:21.013 16420 INFO rally.task.runner [-] Task 88faf639-18d8-40f0-90c0-9be0d8f2e7f8 | ITER: 8 END: OK
2020-04-10 05:24:21.194 16417 INFO rally.task.runner [-] Task 88faf639-18d8-40f0-90c0-9be0d8f2e7f8 | ITER: 9 END: OK
2020-04-10 05:24:21.259 16418 INFO rally.task.runner [-] Task 88faf639-18d8-40f0-90c0-9be0d8f2e7f8 | ITER: 10 END: OK
2020-04-10 05:24:21.284 16362 INFO rally.task.context [-] Task 88faf639-18d8-40f0-90c0-9be0d8f2e7f8 | Context admin_cleanup@openstack cleanup() started
2020-04-10 05:24:21.288 16362 RALLYDEBUG rally_openstack.cleanup.manager [-] Cleaning up cinder quotas objects
2020-04-10 05:24:21.606 16362 INFO rally.task.context [-] Task 88faf639-18d8-40f0-90c0-9be0d8f2e7f8 | Context admin_cleanup@openstack cleanup() finished in 0.32 sec
2020-04-10 05:24:21.607 16362 INFO rally.task.context [-] Task 88faf639-18d8-40f0-90c0-9be0d8f2e7f8 | Context api_versions@openstack cleanup() started
2020-04-10 05:24:21.607 16362 INFO rally.task.context [-] Task 88faf639-18d8-40f0-90c0-9be0d8f2e7f8 | Context api_versions@openstack cleanup() finished in 0.36 msec
2020-04-10 05:24:21.608 16362 INFO rally.task.context [-] Task 88faf639-18d8-40f0-90c0-9be0d8f2e7f8 | Context users@openstack cleanup() started
2020-04-10 05:24:21.777 16362 WARNING rally.common.logging [-] `iterate_per_tenants()' is deprecated in v3.0.0: it is openstack specific.. Used at
2020-04-10 05:24:25.094 16362 INFO rally.task.context [-] Task 88faf639-18d8-40f0-90c0-9be0d8f2e7f8 | Context users@openstack cleanup() finished in 3.49 sec
2020-04-10 05:24:26.525 16362 INFO rally.task.engine [-] Load duration is: 1.023387
2020-04-10 05:24:26.526 16362 INFO rally.task.engine [-] Full runner duration is: 1.071985
2020-04-10 05:24:26.526 16362 INFO rally.task.engine [-] Full duration is: 6.653178
2020-04-10 05:24:26.624 16362 INFO rally.task.engine [-] Running workload: position = 0 config = { "version": 2, "title": "A cropped version of a bigger task.", "description": "Auto-generated task from a single workload (uuid=d3da1797-702e-460c-8aed-552c5134379e)", "subtasks": [ { "title": "Quotas.cinder_update", "description": "Update quotas for Cinder.", "scenario": { "Quotas.cinder_update": { "max_quota": 1024 } }, "contexts": { "users": { "tenants": 3, "users_per_tenant": 2 }, "api_versions": { "cinder": { "version": 3, "service_type": "volumev3" } } }, "runner": { "constant": { "concurrency": 4, "times": 10 } }, "hooks": [], "sla": { "failure_rate": { "max": 0 } } } ] }
2020-04-10 05:24:26.644 16362 RALLYDEBUG rally_openstack.contexts.keystone.users [-] Creating 3 tenants using 3 threads
2020-04-10 05:24:27.110 16362 RALLYDEBUG rally_openstack.contexts.keystone.users [-] Creating 6 users using 6 threads
2020-04-10 05:24:28.045 16362 INFO rally.task.context [-] Task 88faf639-18d8-40f0-90c0-9be0d8f2e7f8 | Context users@openstack setup() finished in 1.40 sec
2020-04-10 05:24:28.193 16362 INFO rally.task.context [-] Task 88faf639-18d8-40f0-90c0-9be0d8f2e7f8 | Context api_versions@openstack setup() finished in 0.15 sec
2020-04-10 05:24:28.194 16362 INFO rally.task.context [-] Task 88faf639-18d8-40f0-90c0-9be0d8f2e7f8 | Context admin_cleanup@openstack setup() finished in 0.00 msec
2020-04-10 05:24:28.200 16362 RALLYDEBUG rally.task.runner [-] Starting the constant runner (task UUID: 88faf639-18d8-40f0-90c0-9be0d8f2e7f8). times: 10 concurrency: 4 timeout: 0 max_cpu_used: 88 processes_to_start: 4 concurrency_per_worker: 1 concurrency_overhead: 0
2020-04-10 05:24:28.212 16510 RALLYDEBUG rally.task.runner [-] Starting a worker. times: 10 duration: None concurrency: 1 timeout: 0 cls: method_name: run args: {"max_quota": 1024}
2020-04-10 05:24:28.214 16511 RALLYDEBUG rally.task.runner [-] Starting a worker. times: 10 duration: None concurrency: 1 timeout: 0 cls: method_name: run args: {"max_quota": 1024}
2020-04-10 05:24:28.216 16512 RALLYDEBUG rally.task.runner [-] Starting a worker. times: 10 duration: None concurrency: 1 timeout: 0 cls: method_name: run args: {"max_quota": 1024}
2020-04-10 05:24:28.219 16510 INFO rally.task.runner [-] Task 88faf639-18d8-40f0-90c0-9be0d8f2e7f8 | ITER: 1 START
2020-04-10 05:24:28.219 16513 RALLYDEBUG rally.task.runner [-] Starting a worker. times: 10 duration: None concurrency: 1 timeout: 0 cls: method_name: run args: {"max_quota": 1024}
2020-04-10 05:24:28.221 16511 INFO rally.task.runner [-] Task 88faf639-18d8-40f0-90c0-9be0d8f2e7f8 | ITER: 2 START
2020-04-10 05:24:28.223 16512 INFO rally.task.runner [-] Task 88faf639-18d8-40f0-90c0-9be0d8f2e7f8 | ITER: 3 START
2020-04-10 05:24:28.226 16513 INFO rally.task.runner [-] Task 88faf639-18d8-40f0-90c0-9be0d8f2e7f8 | ITER: 4 START
2020-04-10 05:24:28.567 16512 INFO rally.task.runner [-] Task 88faf639-18d8-40f0-90c0-9be0d8f2e7f8 | ITER: 3 END: OK
2020-04-10 05:24:28.572 16512 INFO rally.task.runner [-] Task 88faf639-18d8-40f0-90c0-9be0d8f2e7f8 | ITER: 5 START
2020-04-10 05:24:28.580 16510 INFO rally.task.runner [-] Task 88faf639-18d8-40f0-90c0-9be0d8f2e7f8 | ITER: 1 END: OK
2020-04-10 05:24:28.585 16510 INFO rally.task.runner [-] Task 88faf639-18d8-40f0-90c0-9be0d8f2e7f8 | ITER: 6 START
2020-04-10 05:24:28.603 16511 INFO rally.task.runner [-] Task 88faf639-18d8-40f0-90c0-9be0d8f2e7f8 | ITER: 2 END: OK
2020-04-10 05:24:28.608 16511 INFO rally.task.runner [-] Task 88faf639-18d8-40f0-90c0-9be0d8f2e7f8 | ITER: 7 START
2020-04-10 05:24:28.633 16513 INFO rally.task.runner [-] Task 88faf639-18d8-40f0-90c0-9be0d8f2e7f8 | ITER: 4 END: OK
2020-04-10 05:24:28.639 16513 INFO rally.task.runner [-] Task 88faf639-18d8-40f0-90c0-9be0d8f2e7f8 | ITER: 8 START
2020-04-10 05:24:28.864 16510 INFO rally.task.runner [-] Task 88faf639-18d8-40f0-90c0-9be0d8f2e7f8 | ITER: 6 END: OK
2020-04-10 05:24:28.869 16510 INFO rally.task.runner [-] Task 88faf639-18d8-40f0-90c0-9be0d8f2e7f8 | ITER: 9 START
2020-04-10 05:24:28.879 16512 INFO rally.task.runner [-] Task 88faf639-18d8-40f0-90c0-9be0d8f2e7f8 | ITER: 5 END: OK
2020-04-10 05:24:28.883 16511 INFO rally.task.runner [-] Task 88faf639-18d8-40f0-90c0-9be0d8f2e7f8 | ITER: 7 END: OK
2020-04-10 05:24:28.883 16512 INFO rally.task.runner [-] Task 88faf639-18d8-40f0-90c0-9be0d8f2e7f8 | ITER: 10 START
2020-04-10 05:24:28.901 16513 INFO rally.task.runner [-] Task 88faf639-18d8-40f0-90c0-9be0d8f2e7f8 | ITER: 8 END: OK
2020-04-10 05:24:29.141 16510 INFO rally.task.runner [-] Task 88faf639-18d8-40f0-90c0-9be0d8f2e7f8 | ITER: 9 END: OK
2020-04-10 05:24:29.151 16512 INFO rally.task.runner [-] Task 88faf639-18d8-40f0-90c0-9be0d8f2e7f8 | ITER: 10 END: OK
2020-04-10 05:24:29.175 16362 INFO rally.task.context [-] Task 88faf639-18d8-40f0-90c0-9be0d8f2e7f8 | Context admin_cleanup@openstack cleanup() started
2020-04-10 05:24:29.179 16362 RALLYDEBUG rally_openstack.cleanup.manager [-] Cleaning up cinder quotas objects
2020-04-10 05:24:29.520 16362 INFO rally.task.context [-] Task 88faf639-18d8-40f0-90c0-9be0d8f2e7f8 | Context admin_cleanup@openstack cleanup() finished in 0.34 sec
2020-04-10 05:24:29.520 16362 INFO rally.task.context [-] Task 88faf639-18d8-40f0-90c0-9be0d8f2e7f8 | Context api_versions@openstack cleanup() started
2020-04-10 05:24:29.521 16362 INFO rally.task.context [-] Task 88faf639-18d8-40f0-90c0-9be0d8f2e7f8 | Context api_versions@openstack cleanup() finished in 0.38 msec
2020-04-10 05:24:29.521 16362 INFO rally.task.context [-] Task 88faf639-18d8-40f0-90c0-9be0d8f2e7f8 | Context users@openstack cleanup() started
2020-04-10 05:24:29.783 16362 WARNING rally.common.logging [-] `iterate_per_tenants()' is deprecated in v3.0.0: it is openstack specific.. Used at
2020-04-10 05:24:32.489 16362 INFO rally.task.context [-] Task 88faf639-18d8-40f0-90c0-9be0d8f2e7f8 | Context users@openstack cleanup() finished in 2.97 sec
2020-04-10 05:24:32.718 16362 INFO rally.task.engine [-] Load duration is: 0.931269
2020-04-10 05:24:32.719 16362 INFO rally.task.engine [-] Full runner duration is: 0.974674
2020-04-10 05:24:32.719 16362 INFO rally.task.engine [-] Full duration is: 5.846946
2020-04-10 05:24:32.803 16362 INFO rally.task.engine [-] Running workload: position = 0 config = { "version": 2, "title": "A cropped version of a bigger task.", "description": "Auto-generated task from a single workload (uuid=bc23b74d-4b30-496a-ba86-540e415d8869)", "subtasks": [ { "title": "Quotas.neutron_update", "description": "Update quotas for neutron.", "scenario": { "Quotas.neutron_update": { "max_quota": 1024 } }, "contexts": { "users": { "tenants": 3, "users_per_tenant": 2 } }, "runner": { "constant": { "concurrency": 4, "times": 10 } }, "hooks": [], "sla": { "failure_rate": { "max": 0 } } } ] }
