2020-04-10 04:23:39.083 5253 INFO rally.task.context [-] Task e4cf5baa-1074-42c8-8aff-22e4df2c6344 | Context cleanup@openstack setup() finished in 0.00 msec
2020-04-10 04:23:39.091 5253 RALLYDEBUG rally.task.runner [-] Starting the constant runner (task UUID: e4cf5baa-1074-42c8-8aff-22e4df2c6344). times: 10 concurrency: 4 timeout: 0 max_cpu_used: 88 processes_to_start: 4 concurrency_per_worker: 1 concurrency_overhead: 0
2020-04-10 04:23:39.102 6364 RALLYDEBUG rally.task.runner [-] Starting a worker. times: 10 duration: None concurrency: 1 timeout: 0 cls: method_name: run args: {"template_path": "heat_template_version: 2013-05-23\n\nparameters:\n # set all correct defaults for parameters before launch test\n image:\n type: string\n default: cirros-0.4.0-x86_64-uec\n flavor:\n type: string\n default: m1.tiny\n availability_zone:\n type: string\n description: The Availability Zone to launch the instance.\n default: nova\n volume_size:\n type: number\n description: Size of the volume to be created.\n default: 1\n constraints:\n - range: { min: 1, max: 1024 }\n description: must be between 1 and 1024 Gb.\n network_id:\n type: string\n\nresources:\n server:\n type: OS::Nova::Server\n properties:\n image: {get_param: image}\n flavor: {get_param: flavor}\n networks:\n - network: { get_param: network_id }\n cinder_volume:\n type: OS::Cinder::Volume\n properties:\n size: { get_param: volume_size }\n availability_zone: { get_param: availability_zone }\n volume_attachment:\n type: OS::Cinder::VolumeAttachment\n properties:\n volume_id: { get_resource: cinder_volume }\n instance_uuid: { get_resource: server}\n mountpoint: /dev/vdc\n", "parameters": {"image": "rally_full-img_904cbf3a-2ea6-4f0d-90b5-c5ed3d669543", "flavor": "rally_full-flavor_904cbf3a-2ea6-4f0d-90b5-c5ed3d669543", "network_id": "22362b54-3fa0-4639-b461-978014ed8faf"}}
2020-04-10 04:23:39.105 6365 RALLYDEBUG rally.task.runner [-] Starting a worker. times: 10 duration: None concurrency: 1 timeout: 0 cls: method_name: run args: {"template_path": "heat_template_version: 2013-05-23\n\nparameters:\n # set all correct defaults for parameters before launch test\n image:\n type: string\n default: cirros-0.4.0-x86_64-uec\n flavor:\n type: string\n default: m1.tiny\n availability_zone:\n type: string\n description: The Availability Zone to launch the instance.\n default: nova\n volume_size:\n type: number\n description: Size of the volume to be created.\n default: 1\n constraints:\n - range: { min: 1, max: 1024 }\n description: must be between 1 and 1024 Gb.\n network_id:\n type: string\n\nresources:\n server:\n type: OS::Nova::Server\n properties:\n image: {get_param: image}\n flavor: {get_param: flavor}\n networks:\n - network: { get_param: network_id }\n cinder_volume:\n type: OS::Cinder::Volume\n properties:\n size: { get_param: volume_size }\n availability_zone: { get_param: availability_zone }\n volume_attachment:\n type: OS::Cinder::VolumeAttachment\n properties:\n volume_id: { get_resource: cinder_volume }\n instance_uuid: { get_resource: server}\n mountpoint: /dev/vdc\n", "parameters": {"image": "rally_full-img_904cbf3a-2ea6-4f0d-90b5-c5ed3d669543", "flavor": "rally_full-flavor_904cbf3a-2ea6-4f0d-90b5-c5ed3d669543", "network_id": "22362b54-3fa0-4639-b461-978014ed8faf"}}
2020-04-10 04:23:39.106 6366 RALLYDEBUG rally.task.runner [-] Starting a worker. times: 10 duration: None concurrency: 1 timeout: 0 cls: method_name: run args: {"template_path": "heat_template_version: 2013-05-23\n\nparameters:\n # set all correct defaults for parameters before launch test\n image:\n type: string\n default: cirros-0.4.0-x86_64-uec\n flavor:\n type: string\n default: m1.tiny\n availability_zone:\n type: string\n description: The Availability Zone to launch the instance.\n default: nova\n volume_size:\n type: number\n description: Size of the volume to be created.\n default: 1\n constraints:\n - range: { min: 1, max: 1024 }\n description: must be between 1 and 1024 Gb.\n network_id:\n type: string\n\nresources:\n server:\n type: OS::Nova::Server\n properties:\n image: {get_param: image}\n flavor: {get_param: flavor}\n networks:\n - network: { get_param: network_id }\n cinder_volume:\n type: OS::Cinder::Volume\n properties:\n size: { get_param: volume_size }\n availability_zone: { get_param: availability_zone }\n volume_attachment:\n type: OS::Cinder::VolumeAttachment\n properties:\n volume_id: { get_resource: cinder_volume }\n instance_uuid: { get_resource: server}\n mountpoint: /dev/vdc\n", "parameters": {"image": "rally_full-img_904cbf3a-2ea6-4f0d-90b5-c5ed3d669543", "flavor": "rally_full-flavor_904cbf3a-2ea6-4f0d-90b5-c5ed3d669543", "network_id": "22362b54-3fa0-4639-b461-978014ed8faf"}}
2020-04-10 04:23:39.107 6364 INFO rally.task.runner [-] Task e4cf5baa-1074-42c8-8aff-22e4df2c6344 | ITER: 1 START
2020-04-10 04:23:39.110 6367 RALLYDEBUG rally.task.runner [-] Starting a worker. times: 10 duration: None concurrency: 1 timeout: 0 cls: method_name: run args: {"template_path": "heat_template_version: 2013-05-23\n\nparameters:\n # set all correct defaults for parameters before launch test\n image:\n type: string\n default: cirros-0.4.0-x86_64-uec\n flavor:\n type: string\n default: m1.tiny\n availability_zone:\n type: string\n description: The Availability Zone to launch the instance.\n default: nova\n volume_size:\n type: number\n description: Size of the volume to be created.\n default: 1\n constraints:\n - range: { min: 1, max: 1024 }\n description: must be between 1 and 1024 Gb.\n network_id:\n type: string\n\nresources:\n server:\n type: OS::Nova::Server\n properties:\n image: {get_param: image}\n flavor: {get_param: flavor}\n networks:\n - network: { get_param: network_id }\n cinder_volume:\n type: OS::Cinder::Volume\n properties:\n size: { get_param: volume_size }\n availability_zone: { get_param: availability_zone }\n volume_attachment:\n type: OS::Cinder::VolumeAttachment\n properties:\n volume_id: { get_resource: cinder_volume }\n instance_uuid: { get_resource: server}\n mountpoint: /dev/vdc\n", "parameters": {"image": "rally_full-img_904cbf3a-2ea6-4f0d-90b5-c5ed3d669543", "flavor": "rally_full-flavor_904cbf3a-2ea6-4f0d-90b5-c5ed3d669543", "network_id": "22362b54-3fa0-4639-b461-978014ed8faf"}}
2020-04-10 04:23:39.111 6365 INFO rally.task.runner [-] Task e4cf5baa-1074-42c8-8aff-22e4df2c6344 | ITER: 2 START
2020-04-10 04:23:39.111 6366 INFO rally.task.runner [-] Task e4cf5baa-1074-42c8-8aff-22e4df2c6344 | ITER: 3 START
2020-04-10 04:23:39.114 6367 INFO rally.task.runner [-] Task e4cf5baa-1074-42c8-8aff-22e4df2c6344 | ITER: 4 START
2020-04-10 04:23:54.607 6365 RALLYDEBUG rally.task.utils [-] Waiting for resource . Status changed: CREATE_IN_PROGRESS => CREATE_COMPLETE in 12.114540815353394
2020-04-10 04:23:54.777 6365 RALLYDEBUG rally.task.utils [-] Waiting for resource . Status changed: CREATE_COMPLETE => DELETE_IN_PROGRESS in 0.08641433715820312
2020-04-10 04:23:56.994 6367 RALLYDEBUG rally.task.utils [-] Waiting for resource . Status changed: CREATE_IN_PROGRESS => CREATE_COMPLETE in 14.379847049713135
2020-04-10 04:23:57.162 6367 RALLYDEBUG rally.task.utils [-] Waiting for resource . Status changed: CREATE_COMPLETE => DELETE_IN_PROGRESS in 0.08443927764892578
2020-04-10 04:23:59.160 6366 RALLYDEBUG rally.task.utils [-] Waiting for resource . Status changed: CREATE_IN_PROGRESS => CREATE_COMPLETE in 16.528002500534058
2020-04-10 04:23:59.331 6366 RALLYDEBUG rally.task.utils [-] Waiting for resource . Status changed: CREATE_COMPLETE => DELETE_IN_PROGRESS in 0.0879983901977539
2020-04-10 04:24:00.074 6364 RALLYDEBUG rally.task.utils [-] Waiting for resource . Status changed: CREATE_IN_PROGRESS => CREATE_COMPLETE in 17.606367111206055
2020-04-10 04:24:00.253 6364 RALLYDEBUG rally.task.utils [-] Waiting for resource . Status changed: CREATE_COMPLETE => DELETE_IN_PROGRESS in 0.09630417823791504
2020-04-10 04:24:01.349 6365 INFO rally.task.runner [-] Task e4cf5baa-1074-42c8-8aff-22e4df2c6344 | ITER: 2 END: OK
2020-04-10 04:24:01.354 6365 INFO rally.task.runner [-] Task e4cf5baa-1074-42c8-8aff-22e4df2c6344 | ITER: 5 START
2020-04-10 04:24:03.703 6367 INFO rally.task.runner [-] Task e4cf5baa-1074-42c8-8aff-22e4df2c6344 | ITER: 4 END: OK
2020-04-10 04:24:03.710 6367 INFO rally.task.runner [-] Task e4cf5baa-1074-42c8-8aff-22e4df2c6344 | ITER: 6 START
2020-04-10 04:24:05.845 6366 INFO rally.task.runner [-] Task e4cf5baa-1074-42c8-8aff-22e4df2c6344 | ITER: 3 END: OK
2020-04-10 04:24:05.853 6366 INFO rally.task.runner [-] Task e4cf5baa-1074-42c8-8aff-22e4df2c6344 | ITER: 7 START
2020-04-10 04:24:07.898 6364 INFO rally.task.runner [-] Task e4cf5baa-1074-42c8-8aff-22e4df2c6344 | ITER: 1 END: OK
2020-04-10 04:24:07.903 6364 INFO rally.task.runner [-] Task e4cf5baa-1074-42c8-8aff-22e4df2c6344 | ITER: 8 START
2020-04-10 04:24:18.810 6365 RALLYDEBUG rally.task.utils [-] Waiting for resource . Status changed: CREATE_IN_PROGRESS => CREATE_COMPLETE in 13.221058130264282
2020-04-10 04:24:18.977 6365 RALLYDEBUG rally.task.utils [-] Waiting for resource . Status changed: CREATE_COMPLETE => DELETE_IN_PROGRESS in 0.08380579948425293
2020-04-10 04:24:20.445 6367 RALLYDEBUG rally.task.utils [-] Waiting for resource . Status changed: CREATE_IN_PROGRESS => CREATE_COMPLETE in 13.218640327453613
2020-04-10 04:24:20.612 6367 RALLYDEBUG rally.task.utils [-] Waiting for resource . Status changed: CREATE_COMPLETE => DELETE_IN_PROGRESS in 0.08368635177612305
2020-04-10 04:24:21.254 6366 RALLYDEBUG rally.task.utils [-] Waiting for resource . Status changed: CREATE_IN_PROGRESS => CREATE_COMPLETE in 12.100613117218018
2020-04-10 04:24:21.422 6366 RALLYDEBUG rally.task.utils [-] Waiting for resource . Status changed: CREATE_COMPLETE => DELETE_IN_PROGRESS in 0.08271002769470215
2020-04-10 04:24:22.374 6364 RALLYDEBUG rally.task.utils [-] Waiting for resource . Status changed: CREATE_IN_PROGRESS => CREATE_COMPLETE in 11.009444952011108
2020-04-10 04:24:22.548 6364 RALLYDEBUG rally.task.utils [-] Waiting for resource . Status changed: CREATE_COMPLETE => DELETE_IN_PROGRESS in 0.09149646759033203
2020-04-10 04:24:25.491 6365 INFO rally.task.runner [-] Task e4cf5baa-1074-42c8-8aff-22e4df2c6344 | ITER: 5 END: OK
2020-04-10 04:24:25.498 6365 INFO rally.task.runner [-] Task e4cf5baa-1074-42c8-8aff-22e4df2c6344 | ITER: 9 START
2020-04-10 04:24:27.129 6367 INFO rally.task.runner [-] Task e4cf5baa-1074-42c8-8aff-22e4df2c6344 | ITER: 6 END: OK
2020-04-10 04:24:27.134 6367 INFO rally.task.runner [-] Task e4cf5baa-1074-42c8-8aff-22e4df2c6344 | ITER: 10 START
2020-04-10 04:24:27.932 6366 INFO rally.task.runner [-] Task e4cf5baa-1074-42c8-8aff-22e4df2c6344 | ITER: 7 END: OK
2020-04-10 04:24:29.079 6364 INFO rally.task.runner [-] Task e4cf5baa-1074-42c8-8aff-22e4df2c6344 | ITER: 8 END: OK
2020-04-10 04:24:42.165 6365 RALLYDEBUG rally.task.utils [-] Waiting for resource . Status changed: CREATE_IN_PROGRESS => CREATE_COMPLETE in 13.233440160751343
2020-04-10 04:24:42.337 6365 RALLYDEBUG rally.task.utils [-] Waiting for resource . Status changed: CREATE_COMPLETE => DELETE_IN_PROGRESS in 0.08783864974975586
2020-04-10 04:24:42.375 6367 RALLYDEBUG rally.task.utils [-] Waiting for resource . Status changed: CREATE_IN_PROGRESS => CREATE_COMPLETE in 12.182511806488037
2020-04-10 04:24:42.598 6367 RALLYDEBUG rally.task.utils [-] Waiting for resource . Status changed: CREATE_COMPLETE => DELETE_IN_PROGRESS in 0.08787894248962402
2020-04-10 04:24:49.127 6367 INFO rally.task.runner [-] Task e4cf5baa-1074-42c8-8aff-22e4df2c6344 | ITER: 10 END: OK
2020-04-10 04:24:49.966 6365 INFO rally.task.runner [-] Task e4cf5baa-1074-42c8-8aff-22e4df2c6344 | ITER: 9 END: OK
2020-04-10 04:24:49.991 5253 INFO rally.task.context [-] Task e4cf5baa-1074-42c8-8aff-22e4df2c6344 | Context cleanup@openstack cleanup() started
2020-04-10 04:24:49.998 5253 RALLYDEBUG rally_openstack.cleanup.manager [-] Cleaning up heat stacks objects
2020-04-10 04:24:50.823 5253 INFO rally.task.context [-] Task e4cf5baa-1074-42c8-8aff-22e4df2c6344 | Context cleanup@openstack cleanup() finished in 0.83 sec
2020-04-10 04:24:50.823 5253 INFO rally.task.context [-] Task e4cf5baa-1074-42c8-8aff-22e4df2c6344 | Context roles@openstack cleanup() started
2020-04-10 04:24:50.832 5253 INFO rally.task.context [-] Task e4cf5baa-1074-42c8-8aff-22e4df2c6344 | Context roles@openstack cleanup() finished in 8.44 msec
2020-04-10 04:24:50.832 5253 INFO rally.task.context [-] Task e4cf5baa-1074-42c8-8aff-22e4df2c6344 | Context users@openstack cleanup() started
2020-04-10 04:24:51.061 5253 WARNING rally.common.logging [-] `iterate_per_tenants()' is deprecated in v3.0.0: it is openstack specific.. Used at
2020-04-10 04:24:53.345 5253 INFO rally.task.context [-] Task e4cf5baa-1074-42c8-8aff-22e4df2c6344 | Context users@openstack cleanup() finished in 2.51 sec
2020-04-10 04:24:53.572 5253 INFO rally.task.engine [-] Load duration is: 68.857512
2020-04-10 04:24:53.572 5253 INFO rally.task.engine [-] Full runner duration is: 70.900121
2020-04-10 04:24:53.573 5253 INFO rally.task.engine [-] Full duration is: 76.152962
2020-04-10 04:24:53.674 5253 INFO rally.task.engine [-] Running workload: position = 0 config = { "version": 2, "title": "A cropped version of a bigger task.", "description": "Auto-generated task from a single workload (uuid=3981723f-5794-448e-aeda-345211e7c186)", "subtasks": [ { "title": "HeatStacks.create_and_list_stack", "description": "Create a stack and then list all stacks.", "scenario": { "HeatStacks.create_and_list_stack": { "template_path": "/usr/lib/python3.7/site-packages/functest/opnfv_tests/openstack/rally/scenario/templates/default.yaml.template" } }, "contexts": { "users": { "tenants": 3, "users_per_tenant": 2 }, "roles": [ "heat_stack_owner" ] }, "runner": { "constant": { "concurrency": 4, "times": 10 } }, "hooks": [], "sla": { "failure_rate": { "max": 0 } } } ] }
2020-04-10 04:24:53.695 5253 RALLYDEBUG rally_openstack.contexts.keystone.users [-] Creating 3 tenants using 3 threads
2020-04-10 04:24:54.237 5253 RALLYDEBUG rally_openstack.contexts.keystone.users [-] Creating 6 users using 6 threads
2020-04-10 04:24:55.325 5253 INFO rally.task.context [-] Task e4cf5baa-1074-42c8-8aff-22e4df2c6344 | Context users@openstack setup() finished in 1.63 sec
2020-04-10 04:24:55.562 5253 ERROR rally.common.broker [-] Failed to publish a task to the queue: rally.exceptions.NotFoundException: The resource can not be found: There is no role with name `heat_stack_owner`
2020-04-10 04:24:55.562 5253 ERROR rally.common.broker
Traceback (most recent call last):
2020-04-10 04:24:55.562 5253 ERROR rally.common.broker
File "/usr/lib/python3.7/site-packages/rally/common/broker.py", line 58, in _publisher
2020-04-10 04:24:55.562 5253 ERROR rally.common.broker publish(queue)
2020-04-10 04:24:55.562 5253 ERROR rally.common.broker
File "/usr/lib/python3.7/site-packages/rally_openstack/contexts/keystone/roles.py", line 91, in publish
2020-04-10 04:24:55.562 5253 ERROR rally.common.broker role = self._get_role_object(context_role)
2020-04-10 04:24:55.562 5253 ERROR rally.common.broker
File "/usr/lib/python3.7/site-packages/rally_openstack/contexts/keystone/roles.py", line 65, in _get_role_object
2020-04-10 04:24:55.562 5253 ERROR rally.common.broker "There is no role with name `%s`" % context_role)
2020-04-10 04:24:55.562 5253 ERROR rally.common.broker rally.exceptions.NotFoundException: The resource can not be found: There is no role with name `heat_stack_owner`
2020-04-10 04:24:55.562 5253 ERROR rally.common.broker
2020-04-10 04:24:55.572 5253 INFO rally.task.context [-] Task e4cf5baa-1074-42c8-8aff-22e4df2c6344 | Context roles@openstack setup() finished in 0.25 sec
2020-04-10 04:24:55.572 5253 INFO rally.task.context [-] Task e4cf5baa-1074-42c8-8aff-22e4df2c6344 | Context cleanup@openstack setup() finished in 0.00 msec
2020-04-10 04:24:55.579 5253 RALLYDEBUG rally.task.runner [-] Starting the constant runner (task UUID: e4cf5baa-1074-42c8-8aff-22e4df2c6344). times: 10 concurrency: 4 timeout: 0 max_cpu_used: 88 processes_to_start: 4 concurrency_per_worker: 1 concurrency_overhead: 0
2020-04-10 04:24:55.591 6517 RALLYDEBUG rally.task.runner [-] Starting a worker. times: 10 duration: None concurrency: 1 timeout: 0 cls: method_name: run args: {"template_path": "heat_template_version: 2014-10-16"}
2020-04-10 04:24:55.593 6518 RALLYDEBUG rally.task.runner [-] Starting a worker. times: 10 duration: None concurrency: 1 timeout: 0 cls: method_name: run args: {"template_path": "heat_template_version: 2014-10-16"}
2020-04-10 04:24:55.596 6519 RALLYDEBUG rally.task.runner [-] Starting a worker. times: 10 duration: None concurrency: 1 timeout: 0 cls: method_name: run args: {"template_path": "heat_template_version: 2014-10-16"}
2020-04-10 04:24:55.598 6517 INFO rally.task.runner [-] Task e4cf5baa-1074-42c8-8aff-22e4df2c6344 | ITER: 1 START
2020-04-10 04:24:55.599 6520 RALLYDEBUG rally.task.runner [-] Starting a worker. times: 10 duration: None concurrency: 1 timeout: 0 cls: method_name: run args: {"template_path": "heat_template_version: 2014-10-16"}
2020-04-10 04:24:55.600 6518 INFO rally.task.runner [-] Task e4cf5baa-1074-42c8-8aff-22e4df2c6344 | ITER: 2 START
2020-04-10 04:24:55.603 6519 INFO rally.task.runner [-] Task e4cf5baa-1074-42c8-8aff-22e4df2c6344 | ITER: 3 START
2020-04-10 04:24:55.605 6520 INFO rally.task.runner [-] Task e4cf5baa-1074-42c8-8aff-22e4df2c6344 | ITER: 4 START
2020-04-10 04:24:58.487 6518 RALLYDEBUG rally.task.utils [-] Waiting for resource . Status changed: CREATE_IN_PROGRESS => CREATE_COMPLETE in 0.09066605567932129
2020-04-10 04:24:58.540 6518 INFO rally.task.runner [-] Task e4cf5baa-1074-42c8-8aff-22e4df2c6344 | ITER: 2 END: OK
2020-04-10 04:24:58.545 6518 INFO rally.task.runner [-] Task e4cf5baa-1074-42c8-8aff-22e4df2c6344 | ITER: 5 START
2020-04-10 04:24:58.546 6520 INFO rally.task.runner [-] Task e4cf5baa-1074-42c8-8aff-22e4df2c6344 | ITER: 4 END: OK
2020-04-10 04:24:58.551 6520 INFO rally.task.runner [-] Task e4cf5baa-1074-42c8-8aff-22e4df2c6344 | ITER: 6 START
2020-04-10 04:24:58.572 6519 INFO rally.task.runner [-] Task e4cf5baa-1074-42c8-8aff-22e4df2c6344 | ITER: 3 END: OK
2020-04-10 04:24:58.577 6519 INFO rally.task.runner [-] Task e4cf5baa-1074-42c8-8aff-22e4df2c6344 | ITER: 7 START
2020-04-10 04:24:58.777 6517 INFO rally.task.runner [-] Task e4cf5baa-1074-42c8-8aff-22e4df2c6344 | ITER: 1 END: OK
2020-04-10 04:24:58.782 6517 INFO rally.task.runner [-] Task e4cf5baa-1074-42c8-8aff-22e4df2c6344 | ITER: 8 START
2020-04-10 04:25:01.449 6520 INFO rally.task.runner [-] Task e4cf5baa-1074-42c8-8aff-22e4df2c6344 | ITER: 6 END: OK
2020-04-10 04:25:01.454 6520 INFO rally.task.runner [-] Task e4cf5baa-1074-42c8-8aff-22e4df2c6344 | ITER: 9 START
2020-04-10 04:25:01.486 6519 INFO rally.task.runner [-] Task e4cf5baa-1074-42c8-8aff-22e4df2c6344 | ITER: 7 END: OK
2020-04-10 04:25:01.490 6519 INFO rally.task.runner [-] Task e4cf5baa-1074-42c8-8aff-22e4df2c6344 | ITER: 10 START
2020-04-10 04:25:01.493 6518 INFO rally.task.runner [-] Task e4cf5baa-1074-42c8-8aff-22e4df2c6344 | ITER: 5 END: OK
2020-04-10 04:25:01.621 6517 INFO rally.task.runner [-] Task e4cf5baa-1074-42c8-8aff-22e4df2c6344 | ITER: 8 END: OK
2020-04-10 04:25:04.395 6520 INFO rally.task.runner [-] Task e4cf5baa-1074-42c8-8aff-22e4df2c6344 | ITER: 9 END: OK
2020-04-10 04:25:04.463 6519 INFO rally.task.runner [-] Task e4cf5baa-1074-42c8-8aff-22e4df2c6344 | ITER: 10 END: OK
2020-04-10 04:25:04.489 5253 INFO rally.task.context [-] Task e4cf5baa-1074-42c8-8aff-22e4df2c6344 | Context cleanup@openstack cleanup() started
2020-04-10 04:25:04.494 5253 RALLYDEBUG rally_openstack.cleanup.manager [-] Cleaning up heat stacks objects
2020-04-10 04:25:05.341 5253 RALLYDEBUG rally_openstack.cleanup.manager [-] Deleting heat.stacks object s_rally_3981723f_pOitJSpy (e6fa9429-c8bb-4c55-a7f4-d5d5670f5a51)
2020-04-10 04:25:05.351 5253 RALLYDEBUG rally_openstack.cleanup.manager [-] Deleting heat.stacks object s_rally_3981723f_rPVbGdkS (a9d186ad-28a0-4320-9772-41fe3529d683)
2020-04-10 04:25:05.354 5253 RALLYDEBUG rally_openstack.cleanup.manager [-] Deleting heat.stacks object s_rally_3981723f_GO7tOAa0 (987518d0-290b-481c-9d74-8222b0773a07)
2020-04-10 04:25:05.355 5253 RALLYDEBUG rally_openstack.cleanup.manager [-] Deleting heat.stacks object s_rally_3981723f_HZHG8hNO (f5301527-d0de-4dc1-89b9-f4a2780257e0)
2020-04-10 04:25:05.356 5253 RALLYDEBUG rally_openstack.cleanup.manager [-] Deleting heat.stacks object s_rally_3981723f_2BQlUam4 (2f5b5a69-16c7-4a3f-98c4-8bd3a75211f2)
2020-04-10 04:25:05.357 5253 RALLYDEBUG rally_openstack.cleanup.manager [-] Deleting heat.stacks object s_rally_3981723f_5T7FKHoT (d4223161-10ae-4899-a67f-d0d2be1023c8)
2020-04-10 04:25:05.374 5253 RALLYDEBUG rally_openstack.cleanup.manager [-] Deleting heat.stacks object s_rally_3981723f_fSJnPfG7 (75bc739c-38b7-422e-9899-716bebe0a999)
2020-04-10 04:25:05.379 5253 RALLYDEBUG rally_openstack.cleanup.manager [-] Deleting heat.stacks object s_rally_3981723f_0Z652VrQ (ba9fc4e1-9809-4e37-b18c-61b907d5a27d)
2020-04-10 04:25:05.414 5253 RALLYDEBUG rally_openstack.cleanup.manager [-] Deleting heat.stacks object s_rally_3981723f_NKr6Q4r5 (aee28a61-2c83-4bbe-835b-393ae116e98f)
2020-04-10 04:25:05.425 5253 RALLYDEBUG rally_openstack.cleanup.manager [-] Deleting heat.stacks object s_rally_3981723f_W0njccMJ (4f5262f2-2617-4b82-bf9e-ed90ab0a8b50)
2020-04-10 04:25:07.070 5253 INFO rally.task.context [-] Task e4cf5baa-1074-42c8-8aff-22e4df2c6344 | Context cleanup@openstack cleanup() finished in 2.58 sec
2020-04-10 04:25:07.071 5253 INFO rally.task.context [-] Task e4cf5baa-1074-42c8-8aff-22e4df2c6344 | Context roles@openstack cleanup() started
2020-04-10 04:25:07.081 5253 INFO rally.task.context [-] Task e4cf5baa-1074-42c8-8aff-22e4df2c6344 | Context roles@openstack cleanup() finished in 9.91 msec
2020-04-10 04:25:07.081 5253 INFO rally.task.context [-] Task e4cf5baa-1074-42c8-8aff-22e4df2c6344 | Context users@openstack cleanup() started
2020-04-10 04:25:07.370 5253 WARNING rally.common.logging [-] `iterate_per_tenants()' is deprecated in v3.0.0: it is openstack specific.. Used at
2020-04-10 04:25:12.355 5253 INFO rally.task.context [-] Task e4cf5baa-1074-42c8-8aff-22e4df2c6344 | Context users@openstack cleanup() finished in 5.27 sec
2020-04-10 04:25:13.838 5253 INFO rally.task.engine [-] Load duration is: 6.863966
2020-04-10 04:25:13.839 5253 INFO rally.task.engine [-] Full runner duration is: 8.909756
2020-04-10 04:25:13.839 5253 INFO rally.task.engine [-] Full duration is: 18.662713
2020-04-10 04:25:13.926 5253 INFO rally.task.engine [-] Running workload: position = 0 config = { "version": 2, "title": "A cropped version of a bigger task.", "description": "Auto-generated task from a single workload (uuid=ec2b501a-b67b-48e1-94cd-807f9c29a7fa)", "subtasks": [ { "title": "HeatStacks.create_update_delete_stack", "description": "Create, update and then delete a stack.", "scenario": { "HeatStacks.create_update_delete_stack": { "template_path": "/usr/lib/python3.7/site-packages/functest/opnfv_tests/openstack/rally/scenario/templates/random_strings.yaml.template", "updated_template_path": "/usr/lib/python3.7/site-packages/functest/opnfv_tests/openstack/rally/scenario/templates/updated_random_strings_add.yaml.template" } }, "contexts": { "users": { "tenants": 3, "users_per_tenant": 2 }, "roles": [ "heat_stack_owner" ] }, "runner": { "constant": { "concurrency": 4, "times": 10 } }, "hooks": [], "sla": { "failure_rate": { "max": 0 } } } ] }
2020-04-10 04:25:13.946 5253 RALLYDEBUG rally_openstack.contexts.keystone.users [-] Creating 3 tenants using 3 threads
2020-04-10 04:25:14.431 5253 RALLYDEBUG rally_openstack.contexts.keystone.users [-] Creating 6 users using 6 threads
2020-04-10 04:25:15.388 5253 INFO rally.task.context [-] Task e4cf5baa-1074-42c8-8aff-22e4df2c6344 | Context users@openstack setup() finished in 1.44 sec
2020-04-10 04:25:15.599 5253 ERROR rally.common.broker [-] Failed to publish a task to the queue: rally.exceptions.NotFoundException: The resource can not be found: There is no role with name `heat_stack_owner`
2020-04-10 04:25:15.599 5253 ERROR rally.common.broker
Traceback (most recent call last):
2020-04-10 04:25:15.599 5253 ERROR rally.common.broker
File "/usr/lib/python3.7/site-packages/rally/common/broker.py", line 58, in _publisher
2020-04-10 04:25:15.599 5253 ERROR rally.common.broker publish(queue)
2020-04-10 04:25:15.599 5253 ERROR rally.common.broker
File "/usr/lib/python3.7/site-packages/rally_openstack/contexts/keystone/roles.py", line 91, in publish
2020-04-10 04:25:15.599 5253 ERROR rally.common.broker role = self._get_role_object(context_role)
2020-04-10 04:25:15.599 5253 ERROR rally.common.broker
File "/usr/lib/python3.7/site-packages/rally_openstack/contexts/keystone/roles.py", line 65, in _get_role_object
2020-04-10 04:25:15.599 5253 ERROR rally.common.broker "There is no role with name `%s`" % context_role)
2020-04-10 04:25:15.599 5253 ERROR rally.common.broker rally.exceptions.NotFoundException: The resource can not be found: There is no role with name `heat_stack_owner`
2020-04-10 04:25:15.599 5253 ERROR rally.common.broker
2020-04-10 04:25:15.608 5253 INFO rally.task.context [-] Task e4cf5baa-1074-42c8-8aff-22e4df2c6344 | Context roles@openstack setup() finished in 0.22 sec
2020-04-10 04:25:15.609 5253 INFO rally.task.context [-] Task e4cf5baa-1074-42c8-8aff-22e4df2c6344 | Context cleanup@openstack setup() finished in 0.00 msec
2020-04-10 04:25:15.617 5253 RALLYDEBUG rally.task.runner [-] Starting the constant runner (task UUID: e4cf5baa-1074-42c8-8aff-22e4df2c6344). times: 10 concurrency: 4 timeout: 0 max_cpu_used: 88 processes_to_start: 4 concurrency_per_worker: 1 concurrency_overhead: 0
2020-04-10 04:25:15.628 6670 RALLYDEBUG rally.task.runner [-] Starting a worker. times: 10 duration: None concurrency: 1 timeout: 0 cls: method_name: run args: {"template_path": "heat_template_version: 2014-10-16\n\ndescription: Test template for rally create-update-delete scenario\n\nresources:\n test_string_one:\n type: OS::Heat::RandomString\n properties:\n length: 20\n test_string_two:\n type: OS::Heat::RandomString\n properties:\n length: 20", "updated_template_path": "heat_template_version: 2014-10-16\n\ndescription: >\n Test template for create-update-delete-stack scenario in rally.\n The template updates the stack defined by random_strings.yaml.template with additional resource.\n\nresources:\n test_string_one:\n type: OS::Heat::RandomString\n properties:\n length: 20\n test_string_two:\n type: OS::Heat::RandomString\n properties:\n length: 20\n test_string_three:\n type: OS::Heat::RandomString\n properties:\n length: 20"}
2020-04-10 04:25:15.632 6671 RALLYDEBUG rally.task.runner [-] Starting a worker. times: 10 duration: None concurrency: 1 timeout: 0 cls: method_name: run args: {"template_path": "heat_template_version: 2014-10-16\n\ndescription: Test template for rally create-update-delete scenario\n\nresources:\n test_string_one:\n type: OS::Heat::RandomString\n properties:\n length: 20\n test_string_two:\n type: OS::Heat::RandomString\n properties:\n length: 20", "updated_template_path": "heat_template_version: 2014-10-16\n\ndescription: >\n Test template for create-update-delete-stack scenario in rally.\n The template updates the stack defined by random_strings.yaml.template with additional resource.\n\nresources:\n test_string_one:\n type: OS::Heat::RandomString\n properties:\n length: 20\n test_string_two:\n type: OS::Heat::RandomString\n properties:\n length: 20\n test_string_three:\n type: OS::Heat::RandomString\n properties:\n length: 20"}
2020-04-10 04:25:15.634 6672 RALLYDEBUG rally.task.runner [-] Starting a worker. times: 10 duration: None concurrency: 1 timeout: 0 cls: method_name: run args: {"template_path": "heat_template_version: 2014-10-16\n\ndescription: Test template for rally create-update-delete scenario\n\nresources:\n test_string_one:\n type: OS::Heat::RandomString\n properties:\n length: 20\n test_string_two:\n type: OS::Heat::RandomString\n properties:\n length: 20", "updated_template_path": "heat_template_version: 2014-10-16\n\ndescription: >\n Test template for create-update-delete-stack scenario in rally.\n The template updates the stack defined by random_strings.yaml.template with additional resource.\n\nresources:\n test_string_one:\n type: OS::Heat::RandomString\n properties:\n length: 20\n test_string_two:\n type: OS::Heat::RandomString\n properties:\n length: 20\n test_string_three:\n type: OS::Heat::RandomString\n properties:\n length: 20"}
2020-04-10 04:25:15.635 6670 INFO rally.task.runner [-] Task e4cf5baa-1074-42c8-8aff-22e4df2c6344 | ITER: 1 START
2020-04-10 04:25:15.637 6673 RALLYDEBUG rally.task.runner [-] Starting a worker. times: 10 duration: None concurrency: 1 timeout: 0 cls: method_name: run args: {"template_path": "heat_template_version: 2014-10-16\n\ndescription: Test template for rally create-update-delete scenario\n\nresources:\n test_string_one:\n type: OS::Heat::RandomString\n properties:\n length: 20\n test_string_two:\n type: OS::Heat::RandomString\n properties:\n length: 20", "updated_template_path": "heat_template_version: 2014-10-16\n\ndescription: >\n Test template for create-update-delete-stack scenario in rally.\n The template updates the stack defined by random_strings.yaml.template with additional resource.\n\nresources:\n test_string_one:\n type: OS::Heat::RandomString\n properties:\n length: 20\n test_string_two:\n type: OS::Heat::RandomString\n properties:\n length: 20\n test_string_three:\n type: OS::Heat::RandomString\n properties:\n length: 20"}
2020-04-10 04:25:15.638 6671 INFO rally.task.runner [-] Task e4cf5baa-1074-42c8-8aff-22e4df2c6344 | ITER: 2 START
2020-04-10 04:25:15.640 6672 INFO rally.task.runner [-] Task e4cf5baa-1074-42c8-8aff-22e4df2c6344 | ITER: 3 START
2020-04-10 04:25:15.643 6673 INFO rally.task.runner [-] Task e4cf5baa-1074-42c8-8aff-22e4df2c6344 | ITER: 4 START
2020-04-10 04:25:18.547 6670 RALLYDEBUG rally.task.utils [-] Waiting for resource . Status changed: CREATE_IN_PROGRESS => CREATE_COMPLETE in 0.09112358093261719
2020-04-10 04:25:18.563 6673 RALLYDEBUG rally.task.utils [-] Waiting for resource . Status changed: CREATE_IN_PROGRESS => CREATE_COMPLETE in 0.09451770782470703
2020-04-10 04:25:18.574 6671 RALLYDEBUG rally.task.utils [-] Waiting for resource . Status changed: CREATE_IN_PROGRESS => CREATE_COMPLETE in 0.08373808860778809
2020-04-10 04:25:18.612 6672 RALLYDEBUG rally.task.utils [-] Waiting for resource . Status changed: CREATE_IN_PROGRESS => CREATE_COMPLETE in 0.08852839469909668
2020-04-10 04:25:20.818 6670 RALLYDEBUG rally.task.utils [-] Waiting for resource . Status changed: CREATE_COMPLETE => UPDATE_IN_PROGRESS in 0.09409976005554199
2020-04-10 04:25:20.826 6673 RALLYDEBUG rally.task.utils [-] Waiting for resource . Status changed: CREATE_COMPLETE => UPDATE_IN_PROGRESS in 0.08617568016052246
2020-04-10 04:25:20.839 6671 RALLYDEBUG rally.task.utils [-] Waiting for resource . Status changed: CREATE_COMPLETE => UPDATE_IN_PROGRESS in 0.08850646018981934
2020-04-10 04:25:20.878 6672 RALLYDEBUG rally.task.utils [-] Waiting for resource . Status changed: CREATE_COMPLETE => UPDATE_IN_PROGRESS in 0.0916752815246582
2020-04-10 04:25:21.926 6670 RALLYDEBUG rally.task.utils [-] Waiting for resource . Status changed: UPDATE_IN_PROGRESS => UPDATE_COMPLETE in 1.1079037189483643
2020-04-10 04:25:21.949 6673 RALLYDEBUG rally.task.utils [-] Waiting for resource . Status changed: UPDATE_IN_PROGRESS => UPDATE_COMPLETE in 1.122866153717041
2020-04-10 04:25:21.965 6671 RALLYDEBUG rally.task.utils [-] Waiting for resource . Status changed: UPDATE_IN_PROGRESS => UPDATE_COMPLETE in 1.125406265258789
2020-04-10 04:25:21.974 6672 RALLYDEBUG rally.task.utils [-] Waiting for resource . Status changed: UPDATE_IN_PROGRESS => UPDATE_COMPLETE in 1.096085786819458
2020-04-10 04:25:22.092 6670 RALLYDEBUG rally.task.utils [-] Waiting for resource . Status changed: CREATE_COMPLETE => DELETE_IN_PROGRESS in 0.0834047794342041
2020-04-10 04:25:22.105 6673 RALLYDEBUG rally.task.utils [-] Waiting for resource . Status changed: CREATE_COMPLETE => DELETE_IN_PROGRESS in 0.07357478141784668
2020-04-10 04:25:22.187 6671 RALLYDEBUG rally.task.utils [-] Waiting for resource . Status changed: CREATE_COMPLETE => DELETE_IN_PROGRESS in 0.08722591400146484
2020-04-10 04:25:22.191 6672 RALLYDEBUG rally.task.utils [-] Waiting for resource . Status changed: CREATE_COMPLETE => DELETE_IN_PROGRESS in 0.08558964729309082
2020-04-10 04:25:24.270 6670 INFO rally.task.runner [-] Task e4cf5baa-1074-42c8-8aff-22e4df2c6344 | ITER: 1 END: OK
2020-04-10 04:25:24.274 6670 INFO rally.task.runner [-] Task e4cf5baa-1074-42c8-8aff-22e4df2c6344 | ITER: 5 START
2020-04-10 04:25:24.300 6673 INFO rally.task.runner [-] Task e4cf5baa-1074-42c8-8aff-22e4df2c6344 | ITER: 4 END: OK
2020-04-10 04:25:24.305 6673 INFO rally.task.runner [-] Task e4cf5baa-1074-42c8-8aff-22e4df2c6344 | ITER: 6 START
2020-04-10 04:25:24.363 6671 INFO rally.task.runner [-] Task e4cf5baa-1074-42c8-8aff-22e4df2c6344 | ITER: 2 END: OK
2020-04-10 04:25:24.368 6671 INFO rally.task.runner [-] Task e4cf5baa-1074-42c8-8aff-22e4df2c6344 | ITER: 7 START
2020-04-10 04:25:24.383 6672 INFO rally.task.runner [-] Task e4cf5baa-1074-42c8-8aff-22e4df2c6344 | ITER: 3 END: OK
2020-04-10 04:25:24.388 6672 INFO rally.task.runner [-] Task e4cf5baa-1074-42c8-8aff-22e4df2c6344 | ITER: 8 START
2020-04-10 04:25:27.225 6671 RALLYDEBUG rally.task.utils [-] Waiting for resource . Status changed: CREATE_IN_PROGRESS => CREATE_COMPLETE in 0.08768248558044434
2020-04-10 04:25:27.250 6672 RALLYDEBUG rally.task.utils [-] Waiting for resource . Status changed: CREATE_IN_PROGRESS => CREATE_COMPLETE in 0.09013056755065918
2020-04-10 04:25:27.258 6673 RALLYDEBUG rally.task.utils [-] Waiting for resource . Status changed: CREATE_IN_PROGRESS => CREATE_COMPLETE in 0.08569741249084473
2020-04-10 04:25:27.603 6670 RALLYDEBUG rally.task.utils [-] Waiting for resource . Status changed: CREATE_IN_PROGRESS => CREATE_COMPLETE in 0.11989736557006836
2020-04-10 04:25:29.457 6671 RALLYDEBUG rally.task.utils [-] Waiting for resource . Status changed: CREATE_COMPLETE => UPDATE_IN_PROGRESS in 0.1069633960723877
2020-04-10 04:25:29.520 6673 RALLYDEBUG rally.task.utils [-] Waiting for resource . Status changed: CREATE_COMPLETE => UPDATE_IN_PROGRESS in 0.09189128875732422
2020-04-10 04:25:29.530 6672 RALLYDEBUG rally.task.utils [-] Waiting for resource . Status changed: CREATE_COMPLETE => UPDATE_IN_PROGRESS in 0.10724735260009766
2020-04-10 04:25:29.816 6670 RALLYDEBUG rally.task.utils [-] Waiting for resource . Status changed: CREATE_COMPLETE => UPDATE_IN_PROGRESS in 0.08867263793945312
2020-04-10 04:25:30.543 6671 RALLYDEBUG rally.task.utils [-] Waiting for resource . Status changed: UPDATE_IN_PROGRESS => UPDATE_COMPLETE in 1.0852468013763428
2020-04-10 04:25:30.610 6673 RALLYDEBUG rally.task.utils [-] Waiting for resource . Status changed: UPDATE_IN_PROGRESS => UPDATE_COMPLETE in 1.0894038677215576
2020-04-10 04:25:30.618 6672 RALLYDEBUG rally.task.utils [-] Waiting for resource . Status changed: UPDATE_IN_PROGRESS => UPDATE_COMPLETE in 1.0877234935760498
2020-04-10 04:25:30.699 6671 RALLYDEBUG rally.task.utils [-] Waiting for resource . Status changed: CREATE_COMPLETE => DELETE_IN_PROGRESS in 0.07210755348205566
2020-04-10 04:25:30.830 6673 RALLYDEBUG rally.task.utils [-] Waiting for resource . Status changed: CREATE_COMPLETE => DELETE_IN_PROGRESS in 0.08938074111938477
2020-04-10 04:25:30.837 6672 RALLYDEBUG rally.task.utils [-] Waiting for resource . Status changed: CREATE_COMPLETE => DELETE_IN_PROGRESS in 0.08677005767822266
2020-04-10 04:25:30.903 6670 RALLYDEBUG rally.task.utils [-] Waiting for resource . Status changed: UPDATE_IN_PROGRESS => UPDATE_COMPLETE in 1.087019443511963
2020-04-10 04:25:31.076 6670 RALLYDEBUG rally.task.utils [-] Waiting for resource . Status changed: CREATE_COMPLETE => DELETE_IN_PROGRESS in 0.08932232856750488
2020-04-10 04:25:32.884 6671 INFO rally.task.runner [-] Task e4cf5baa-1074-42c8-8aff-22e4df2c6344 | ITER: 7 END: OK
2020-04-10 04:25:32.889 6671 INFO rally.task.runner [-] Task e4cf5baa-1074-42c8-8aff-22e4df2c6344 | ITER: 9 START
2020-04-10 04:25:33.006 6672 INFO rally.task.runner [-] Task e4cf5baa-1074-42c8-8aff-22e4df2c6344 | ITER: 8 END: OK
2020-04-10 04:25:33.010 6672 INFO rally.task.runner [-] Task e4cf5baa-1074-42c8-8aff-22e4df2c6344 | ITER: 10 START
2020-04-10 04:25:33.020 6673 INFO rally.task.runner [-] Task e4cf5baa-1074-42c8-8aff-22e4df2c6344 | ITER: 6 END: OK
2020-04-10 04:25:33.249 6670 INFO rally.task.runner [-] Task e4cf5baa-1074-42c8-8aff-22e4df2c6344 | ITER: 5 END: OK
2020-04-10 04:25:35.790 6672 RALLYDEBUG rally.task.utils [-] Waiting for resource . Status changed: CREATE_IN_PROGRESS => CREATE_COMPLETE in 0.09036707878112793
2020-04-10 04:25:35.879 6671 RALLYDEBUG rally.task.utils [-] Waiting for resource . Status changed: CREATE_IN_PROGRESS => CREATE_COMPLETE in 0.09523940086364746
2020-04-10 04:25:38.005 6672 RALLYDEBUG rally.task.utils [-] Waiting for resource . Status changed: CREATE_COMPLETE => UPDATE_IN_PROGRESS in 0.088134765625
2020-04-10 04:25:38.148 6671 RALLYDEBUG rally.task.utils [-] Waiting for resource . Status changed: CREATE_COMPLETE => UPDATE_IN_PROGRESS in 0.0948019027709961
2020-04-10 04:25:39.107 6672 RALLYDEBUG rally.task.utils [-] Waiting for resource . Status changed: UPDATE_IN_PROGRESS => UPDATE_COMPLETE in 1.1015973091125488
2020-04-10 04:25:39.234 6671 RALLYDEBUG rally.task.utils [-] Waiting for resource . Status changed: UPDATE_IN_PROGRESS => UPDATE_COMPLETE in 1.0859730243682861
2020-04-10 04:25:39.273 6672 RALLYDEBUG rally.task.utils [-] Waiting for resource . Status changed: CREATE_COMPLETE => DELETE_IN_PROGRESS in 0.08510065078735352
2020-04-10 04:25:39.405 6671 RALLYDEBUG rally.task.utils [-] Waiting for resource . Status changed: CREATE_COMPLETE => DELETE_IN_PROGRESS in 0.08636069297790527
2020-04-10 04:25:41.456 6672 INFO rally.task.runner [-] Task e4cf5baa-1074-42c8-8aff-22e4df2c6344 | ITER: 10 END: OK
2020-04-10 04:25:41.586 6671 INFO rally.task.runner [-] Task e4cf5baa-1074-42c8-8aff-22e4df2c6344 | ITER: 9 END: OK
2020-04-10 04:25:41.619 5253 INFO rally.task.context [-] Task e4cf5baa-1074-42c8-8aff-22e4df2c6344 | Context cleanup@openstack cleanup() started
2020-04-10 04:25:41.626 5253 RALLYDEBUG rally_openstack.cleanup.manager [-] Cleaning up heat stacks objects
2020-04-10 04:25:42.493 5253 RALLYDEBUG rally_openstack.cleanup.manager [-] Deleting heat.stacks object s_rally_ec2b501a_k2jPKdmF (73727c33-13c4-4240-a3d8-5b9b63c11120)
2020-04-10 04:25:42.889 5253 ERROR rally_openstack.cleanup.manager [-] Resource deletion failed, max retries exceeded for heat.stacks: 73727c33-13c4-4240-a3d8-5b9b63c11120.: heatclient.exc.HTTPNotFound: ERROR: The Stack (s_rally_ec2b501a_k2jPKdmF) could not be found.
2020-04-10 04:25:42.889 5253 ERROR rally_openstack.cleanup.manager
Traceback (most recent call last):
2020-04-10 04:25:42.889 5253 ERROR rally_openstack.cleanup.manager
File "/usr/lib/python3.7/site-packages/rally_openstack/cleanup/manager.py", line 85, in _delete_single_resource
2020-04-10 04:25:42.889 5253 ERROR rally_openstack.cleanup.manager rutils.retry(resource._max_attempts, resource.delete)
2020-04-10 04:25:42.889 5253 ERROR rally_openstack.cleanup.manager
File "/usr/lib/python3.7/site-packages/rally/common/utils.py", line 211, in retry
2020-04-10 04:25:42.889 5253 ERROR rally_openstack.cleanup.manager return func(*args, **kwargs)
2020-04-10 04:25:42.889 5253 ERROR rally_openstack.cleanup.manager
File "/usr/lib/python3.7/site-packages/rally_openstack/cleanup/base.py", line 129, in delete
2020-04-10 04:25:42.889 5253 ERROR rally_openstack.cleanup.manager self._manager().delete(self.id())
2020-04-10 04:25:42.889 5253 ERROR rally_openstack.cleanup.manager
File "/usr/lib/python3.7/site-packages/heatclient/v1/stacks.py", line 210, in delete
2020-04-10 04:25:42.889 5253 ERROR rally_openstack.cleanup.manager self._delete("/stacks/%s" % stack_id)
2020-04-10 04:25:42.889 5253 ERROR rally_openstack.cleanup.manager
File "/usr/lib/python3.7/site-packages/heatclient/common/base.py", line 207, in _delete
2020-04-10 04:25:42.889 5253 ERROR rally_openstack.cleanup.manager return self.client.delete(url)
2020-04-10 04:25:42.889 5253 ERROR rally_openstack.cleanup.manager
File "/usr/lib/python3.7/site-packages/keystoneauth1/adapter.py", line 401, in delete
2020-04-10 04:25:42.889 5253 ERROR rally_openstack.cleanup.manager return self.request(url, 'DELETE', **kwargs)
2020-04-10 04:25:42.889 5253 ERROR rally_openstack.cleanup.manager
File "/usr/lib/python3.7/site-packages/heatclient/common/http.py", line 323, in request
2020-04-10 04:25:42.889 5253 ERROR rally_openstack.cleanup.manager raise exc.from_response(resp)
2020-04-10 04:25:42.889 5253 ERROR rally_openstack.cleanup.manager heatclient.exc.HTTPNotFound: ERROR: The Stack (s_rally_ec2b501a_k2jPKdmF) could not be found.
2020-04-10 04:25:42.889 5253 ERROR rally_openstack.cleanup.manager
2020-04-10 04:25:42.895 5253 INFO rally.task.context [-] Task e4cf5baa-1074-42c8-8aff-22e4df2c6344 | Context cleanup@openstack cleanup() finished in 1.28 sec
2020-04-10 04:25:42.895 5253 INFO rally.task.context [-] Task e4cf5baa-1074-42c8-8aff-22e4df2c6344 | Context roles@openstack cleanup() started
2020-04-10 04:25:42.905 5253 INFO rally.task.context [-] Task e4cf5baa-1074-42c8-8aff-22e4df2c6344 | Context roles@openstack cleanup() finished in 9.65 msec
2020-04-10 04:25:42.905 5253 INFO rally.task.context [-] Task e4cf5baa-1074-42c8-8aff-22e4df2c6344 | Context users@openstack cleanup() started
2020-04-10 04:25:43.156 5253 WARNING rally.common.logging [-] `iterate_per_tenants()' is deprecated in v3.0.0: it is openstack specific.. Used at
2020-04-10 04:25:45.929 5253 INFO rally.task.context [-] Task e4cf5baa-1074-42c8-8aff-22e4df2c6344 | Context users@openstack cleanup() finished in 3.02 sec
2020-04-10 04:25:46.134 5253 INFO rally.task.engine [-] Load duration is: 21.949289
2020-04-10 04:25:46.135 5253 INFO rally.task.engine [-] Full runner duration is: 26.0017
2020-04-10 04:25:46.135 5253 INFO rally.task.engine [-] Full duration is: 31.985619
2020-04-10 04:25:46.193 5253 INFO rally.task.engine [-] Running workload: position = 1 config = { "version": 2, "title": "A cropped version of a bigger task.", "description": "Auto-generated task from a single workload (uuid=481bcc57-083c-40ba-9a86-41833934ad91)", "subtasks": [ { "title": "HeatStacks.create_update_delete_stack", "description": "Create, update and then delete a stack.", "scenario": { "HeatStacks.create_update_delete_stack": { "template_path": "/usr/lib/python3.7/site-packages/functest/opnfv_tests/openstack/rally/scenario/templates/random_strings.yaml.template", "updated_template_path": "/usr/lib/python3.7/site-packages/functest/opnfv_tests/openstack/rally/scenario/templates/updated_random_strings_delete.yaml.template" } }, "contexts": { "users": { "tenants": 3, "users_per_tenant": 2 }, "roles": [ "heat_stack_owner" ] }, "runner": { "constant": { "concurrency": 4, "times": 10 } }, "hooks": [], "sla": { "failure_rate": { "max": 0 } } } ] }
2020-04-10 04:25:46.214 5253 RALLYDEBUG rally_openstack.contexts.keystone.users [-] Creating 3 tenants using 3 threads
2020-04-10 04:25:46.687 5253 RALLYDEBUG rally_openstack.contexts.keystone.users [-] Creating 6 users using 6 threads
2020-04-10 04:25:47.651 5253 INFO rally.task.context [-] Task e4cf5baa-1074-42c8-8aff-22e4df2c6344 | Context users@openstack setup() finished in 1.44 sec
2020-04-10 04:25:48.088 5253 ERROR rally.common.broker [-] Failed to publish a task to the queue: rally.exceptions.NotFoundException: The resource can not be found: There is no role with name `heat_stack_owner`
2020-04-10 04:25:48.088 5253 ERROR rally.common.broker
Traceback (most recent call last):
2020-04-10 04:25:48.088 5253 ERROR rally.common.broker
File "/usr/lib/python3.7/site-packages/rally/common/broker.py", line 58, in _publisher
2020-04-10 04:25:48.088 5253 ERROR rally.common.broker publish(queue)
2020-04-10 04:25:48.088 5253 ERROR rally.common.broker
File "/usr/lib/python3.7/site-packages/rally_openstack/contexts/keystone/roles.py", line 91, in publish
2020-04-10 04:25:48.088 5253 ERROR rally.common.broker role = self._get_role_object(context_role)
2020-04-10 04:25:48.088 5253 ERROR rally.common.broker
File "/usr/lib/python3.7/site-packages/rally_openstack/contexts/keystone/roles.py", line 65, in _get_role_object
2020-04-10 04:25:48.088 5253 ERROR rally.common.broker "There is no role with name `%s`" % context_role)
2020-04-10 04:25:48.088 5253 ERROR rally.common.broker rally.exceptions.NotFoundException: The resource can not be found: There is no role with name `heat_stack_owner`
2020-04-10 04:25:48.088 5253 ERROR rally.common.broker
2020-04-10 04:25:48.099 5253 INFO rally.task.context [-] Task e4cf5baa-1074-42c8-8aff-22e4df2c6344 | Context roles@openstack setup() finished in 0.45 sec
2020-04-10 04:25:48.099 5253 INFO rally.task.context [-] Task e4cf5baa-1074-42c8-8aff-22e4df2c6344 | Context cleanup@openstack setup() finished in 0.00 msec
2020-04-10 04:25:48.107 5253 RALLYDEBUG rally.task.runner [-] Starting the constant runner (task UUID: e4cf5baa-1074-42c8-8aff-22e4df2c6344). times: 10 concurrency: 4 timeout: 0 max_cpu_used: 88 processes_to_start: 4 concurrency_per_worker: 1 concurrency_overhead: 0
2020-04-10 04:25:48.119 6823 RALLYDEBUG rally.task.runner [-] Starting a worker. times: 10 duration: None concurrency: 1 timeout: 0 cls: method_name: run args: {"template_path": "heat_template_version: 2014-10-16\n\ndescription: Test template for rally create-update-delete scenario\n\nresources:\n test_string_one:\n type: OS::Heat::RandomString\n properties:\n length: 20\n test_string_two:\n type: OS::Heat::RandomString\n properties:\n length: 20", "updated_template_path": "heat_template_version: 2014-10-16\n\ndescription: >\n Test template for create-update-delete-stack scenario in rally.\n The template deletes one resource from the stack defined by random_strings.yaml.template.\n\nresources:\n test_string_one:\n type: OS::Heat::RandomString\n properties:\n length: 20"}
2020-04-10 04:25:48.122 6824 RALLYDEBUG rally.task.runner [-] Starting a worker. times: 10 duration: None concurrency: 1 timeout: 0 cls: method_name: run args: {"template_path": "heat_template_version: 2014-10-16\n\ndescription: Test template for rally create-update-delete scenario\n\nresources:\n test_string_one:\n type: OS::Heat::RandomString\n properties:\n length: 20\n test_string_two:\n type: OS::Heat::RandomString\n properties:\n length: 20", "updated_template_path": "heat_template_version: 2014-10-16\n\ndescription: >\n Test template for create-update-delete-stack scenario in rally.\n The template deletes one resource from the stack defined by random_strings.yaml.template.\n\nresources:\n test_string_one:\n type: OS::Heat::RandomString\n properties:\n length: 20"}
2020-04-10 04:25:48.126 6823 INFO rally.task.runner [-] Task e4cf5baa-1074-42c8-8aff-22e4df2c6344 | ITER: 1 START
2020-04-10 04:25:48.125 6825 RALLYDEBUG rally.task.runner [-] Starting a worker. times: 10 duration: None concurrency: 1 timeout: 0 cls: method_name: run args: {"template_path": "heat_template_version: 2014-10-16\n\ndescription: Test template for rally create-update-delete scenario\n\nresources:\n test_string_one:\n type: OS::Heat::RandomString\n properties:\n length: 20\n test_string_two:\n type: OS::Heat::RandomString\n properties:\n length: 20", "updated_template_path": "heat_template_version: 2014-10-16\n\ndescription: >\n Test template for create-update-delete-stack scenario in rally.\n The template deletes one resource from the stack defined by random_strings.yaml.template.\n\nresources:\n test_string_one:\n type: OS::Heat::RandomString\n properties:\n length: 20"}
2020-04-10 04:25:48.130 6824 INFO rally.task.runner [-] Task e4cf5baa-1074-42c8-8aff-22e4df2c6344 | ITER: 2 START
2020-04-10 04:25:48.129 6826 RALLYDEBUG rally.task.runner [-] Starting a worker. times: 10 duration: None concurrency: 1 timeout: 0 cls: method_name: run args: {"template_path": "heat_template_version: 2014-10-16\n\ndescription: Test template for rally create-update-delete scenario\n\nresources:\n test_string_one:\n type: OS::Heat::RandomString\n properties:\n length: 20\n test_string_two:\n type: OS::Heat::RandomString\n properties:\n length: 20", "updated_template_path": "heat_template_version: 2014-10-16\n\ndescription: >\n Test template for create-update-delete-stack scenario in rally.\n The template deletes one resource from the stack defined by random_strings.yaml.template.\n\nresources:\n test_string_one:\n type: OS::Heat::RandomString\n properties:\n length: 20"}
2020-04-10 04:25:48.131 6825 INFO rally.task.runner [-] Task e4cf5baa-1074-42c8-8aff-22e4df2c6344 | ITER: 3 START
2020-04-10 04:25:48.135 6826 INFO rally.task.runner [-] Task e4cf5baa-1074-42c8-8aff-22e4df2c6344 | ITER: 4 START
2020-04-10 04:25:51.050 6824 RALLYDEBUG rally.task.utils [-] Waiting for resource . Status changed: CREATE_IN_PROGRESS => CREATE_COMPLETE in 0.09112548828125
2020-04-10 04:25:51.091 6825 RALLYDEBUG rally.task.utils [-] Waiting for resource . Status changed: CREATE_IN_PROGRESS => CREATE_COMPLETE in 0.08645868301391602
2020-04-10 04:25:51.107 6826 RALLYDEBUG rally.task.utils [-] Waiting for resource . Status changed: CREATE_IN_PROGRESS => CREATE_COMPLETE in 0.08832263946533203
2020-04-10 04:25:51.116 6823 RALLYDEBUG rally.task.utils [-] Waiting for resource . Status changed: CREATE_IN_PROGRESS => CREATE_COMPLETE in 0.11722993850708008
2020-04-10 04:25:53.268 6824 RALLYDEBUG rally.task.utils [-] Waiting for resource . Status changed: CREATE_COMPLETE => UPDATE_COMPLETE in 0.09104394912719727
2020-04-10 04:25:53.367 6825 RALLYDEBUG rally.task.utils [-] Waiting for resource . Status changed: CREATE_COMPLETE => UPDATE_COMPLETE in 0.10084271430969238
