2020-04-10 05:10:32.176 14568 RALLYDEBUG rally.task.utils [-] Waiting for resource s_rally_686fc294_Y3YmbHpU. Status changed: BUILD => ACTIVE in 6.75434947013855
2020-04-10 05:10:32.750 14567 RALLYDEBUG rally.task.utils [-] Waiting for resource s_rally_686fc294_ZLI9vTqw. Status changed: BUILD => ACTIVE in 9.255707263946533
2020-04-10 05:10:33.541 14569 RALLYDEBUG rally.task.utils [-] Waiting for resource s_rally_686fc294_NlZg1o56. Status changed: ACTIVE => PAUSED in 0.20934295654296875
2020-04-10 05:10:33.829 14566 RALLYDEBUG rally.task.utils [-] Waiting for resource s_rally_686fc294_lqwowdht. Status changed: BUILD => ACTIVE in 10.394597291946411
2020-04-10 05:10:34.520 14568 RALLYDEBUG rally.task.utils [-] Waiting for resource s_rally_686fc294_Y3YmbHpU. Status changed: ACTIVE => PAUSED in 0.21314764022827148
2020-04-10 05:10:35.139 14567 RALLYDEBUG rally.task.utils [-] Waiting for resource s_rally_686fc294_ZLI9vTqw. Status changed: ACTIVE => PAUSED in 0.2723500728607178
2020-04-10 05:10:36.222 14566 RALLYDEBUG rally.task.utils [-] Waiting for resource s_rally_686fc294_lqwowdht. Status changed: ACTIVE => PAUSED in 0.23316717147827148
2020-04-10 05:10:39.727 14568 INFO rally.task.runner [-] Task d1d340ee-1fb5-43fe-9c49-f4bcd8af8f08 | ITER: 8 END: OK
2020-04-10 05:10:39.733 14568 INFO rally.task.runner [-] Task d1d340ee-1fb5-43fe-9c49-f4bcd8af8f08 | ITER: 9 START
2020-04-10 05:10:39.997 14567 INFO rally.task.runner [-] Task d1d340ee-1fb5-43fe-9c49-f4bcd8af8f08 | ITER: 6 END: OK
2020-04-10 05:10:40.004 14567 INFO rally.task.runner [-] Task d1d340ee-1fb5-43fe-9c49-f4bcd8af8f08 | ITER: 10 START
2020-04-10 05:10:40.467 14569 INFO rally.task.runner [-] Task d1d340ee-1fb5-43fe-9c49-f4bcd8af8f08 | ITER: 7 END: OK
2020-04-10 05:10:41.122 14566 INFO rally.task.runner [-] Task d1d340ee-1fb5-43fe-9c49-f4bcd8af8f08 | ITER: 5 END: OK
2020-04-10 05:10:48.717 14567 RALLYDEBUG rally.task.utils [-] Waiting for resource s_rally_686fc294_8mpvfuf1. Status changed: BUILD => ACTIVE in 6.799057722091675
2020-04-10 05:10:49.920 14568 RALLYDEBUG rally.task.utils [-] Waiting for resource s_rally_686fc294_OIhGopyB. Status changed: BUILD => ACTIVE in 7.652112245559692
2020-04-10 05:10:51.075 14567 RALLYDEBUG rally.task.utils [-] Waiting for resource s_rally_686fc294_8mpvfuf1. Status changed: ACTIVE => PAUSED in 0.23129940032958984
2020-04-10 05:10:52.302 14568 RALLYDEBUG rally.task.utils [-] Waiting for resource s_rally_686fc294_OIhGopyB. Status changed: ACTIVE => PAUSED in 0.24782872200012207
2020-04-10 05:10:56.054 14567 INFO rally.task.runner [-] Task d1d340ee-1fb5-43fe-9c49-f4bcd8af8f08 | ITER: 10 END: OK
2020-04-10 05:10:57.722 14568 INFO rally.task.runner [-] Task d1d340ee-1fb5-43fe-9c49-f4bcd8af8f08 | ITER: 9 END: OK
2020-04-10 05:10:57.754 12083 INFO rally.task.context [-] Task d1d340ee-1fb5-43fe-9c49-f4bcd8af8f08 | Context cleanup@openstack cleanup() started
2020-04-10 05:10:57.761 12083 RALLYDEBUG rally_openstack.cleanup.manager [-] Cleaning up nova servers objects
2020-04-10 05:10:58.461 12083 RALLYDEBUG rally_openstack.cleanup.manager [-] Cleaning up nova server_groups objects
2020-04-10 05:10:58.970 12083 RALLYDEBUG rally_openstack.cleanup.manager [-] Cleaning up nova keypairs objects
2020-04-10 05:10:59.974 12083 INFO rally.task.context [-] Task d1d340ee-1fb5-43fe-9c49-f4bcd8af8f08 | Context cleanup@openstack cleanup() finished in 2.22 sec
2020-04-10 05:10:59.975 12083 INFO rally.task.context [-] Task d1d340ee-1fb5-43fe-9c49-f4bcd8af8f08 | Context network@openstack cleanup() started
2020-04-10 05:11:16.947 12083 INFO rally.task.context [-] Task d1d340ee-1fb5-43fe-9c49-f4bcd8af8f08 | Context network@openstack cleanup() finished in 16.97 sec
2020-04-10 05:11:16.948 12083 INFO rally.task.context [-] Task d1d340ee-1fb5-43fe-9c49-f4bcd8af8f08 | Context quotas@openstack cleanup() started
2020-04-10 05:11:17.111 12083 INFO rally.task.context [-] Task d1d340ee-1fb5-43fe-9c49-f4bcd8af8f08 | Context quotas@openstack cleanup() finished in 0.16 sec
2020-04-10 05:11:17.112 12083 INFO rally.task.context [-] Task d1d340ee-1fb5-43fe-9c49-f4bcd8af8f08 | Context users@openstack cleanup() started
2020-04-10 05:11:17.261 12083 WARNING rally.common.logging [-] `iterate_per_tenants()' is deprecated in v3.0.0: it is openstack specific.. Used at
2020-04-10 05:11:19.340 12083 INFO rally.task.context [-] Task d1d340ee-1fb5-43fe-9c49-f4bcd8af8f08 | Context users@openstack cleanup() finished in 2.23 sec
2020-04-10 05:11:20.827 12083 INFO rally.task.engine [-] Load duration is: 50.414011
2020-04-10 05:11:20.827 12083 INFO rally.task.engine [-] Full runner duration is: 55.471386
2020-04-10 05:11:20.828 12083 INFO rally.task.engine [-] Full duration is: 101.028131
2020-04-10 05:11:20.925 12083 INFO rally.task.engine [-] Running workload: position = 0 config = { "version": 2, "title": "A cropped version of a bigger task.", "description": "Auto-generated task from a single workload (uuid=9f84e743-3612-43f8-a1a5-0a3e8e316161)", "subtasks": [ { "title": "NovaServers.boot_and_migrate_server", "description": "Migrate a server.", "scenario": { "NovaServers.boot_and_migrate_server": { "flavor": { "name": "rally_full-flavor_904cbf3a-2ea6-4f0d-90b5-c5ed3d669543" }, "image": { "name": "rally_full-img_904cbf3a-2ea6-4f0d-90b5-c5ed3d669543" }, "nics": [ { "net-id": "22362b54-3fa0-4639-b461-978014ed8faf" } ] } }, "contexts": { "users": { "tenants": 3, "users_per_tenant": 2 } }, "runner": { "constant": { "concurrency": 4, "times": 10 } }, "hooks": [], "sla": { "failure_rate": { "max": 0 } } } ] }
2020-04-10 05:11:20.947 12083 RALLYDEBUG rally_openstack.contexts.keystone.users [-] Creating 3 tenants using 3 threads
2020-04-10 05:11:21.412 12083 RALLYDEBUG rally_openstack.contexts.keystone.users [-] Creating 6 users using 6 threads
2020-04-10 05:11:22.310 12083 INFO rally.task.context [-] Task d1d340ee-1fb5-43fe-9c49-f4bcd8af8f08 | Context users@openstack setup() finished in 1.36 sec
2020-04-10 05:11:22.310 12083 INFO rally.task.context [-] Task d1d340ee-1fb5-43fe-9c49-f4bcd8af8f08 | Context cleanup@openstack setup() finished in 0.01 msec
2020-04-10 05:11:22.794 12083 RALLYDEBUG rally.task.runner [-] Starting the constant runner (task UUID: d1d340ee-1fb5-43fe-9c49-f4bcd8af8f08). times: 10 concurrency: 4 timeout: 0 max_cpu_used: 88 processes_to_start: 4 concurrency_per_worker: 1 concurrency_overhead: 0
2020-04-10 05:11:22.807 14699 RALLYDEBUG rally.task.runner [-] Starting a worker. times: 10 duration: None concurrency: 1 timeout: 0 cls: method_name: run args: {"flavor": "f17c0487-351b-48c5-baa4-be5129fdc368", "image": "fb2519f7-fd71-4231-bbb1-c2646090e539", "nics": [{"net-id": "22362b54-3fa0-4639-b461-978014ed8faf"}]}
2020-04-10 05:11:22.810 14700 RALLYDEBUG rally.task.runner [-] Starting a worker. times: 10 duration: None concurrency: 1 timeout: 0 cls: method_name: run args: {"flavor": "f17c0487-351b-48c5-baa4-be5129fdc368", "image": "fb2519f7-fd71-4231-bbb1-c2646090e539", "nics": [{"net-id": "22362b54-3fa0-4639-b461-978014ed8faf"}]}
2020-04-10 05:11:22.813 14701 RALLYDEBUG rally.task.runner [-] Starting a worker. times: 10 duration: None concurrency: 1 timeout: 0 cls: method_name: run args: {"flavor": "f17c0487-351b-48c5-baa4-be5129fdc368", "image": "fb2519f7-fd71-4231-bbb1-c2646090e539", "nics": [{"net-id": "22362b54-3fa0-4639-b461-978014ed8faf"}]}
2020-04-10 05:11:22.814 14699 INFO rally.task.runner [-] Task d1d340ee-1fb5-43fe-9c49-f4bcd8af8f08 | ITER: 1 START
2020-04-10 05:11:22.816 14700 INFO rally.task.runner [-] Task d1d340ee-1fb5-43fe-9c49-f4bcd8af8f08 | ITER: 2 START
2020-04-10 05:11:22.817 14702 RALLYDEBUG rally.task.runner [-] Starting a worker. times: 10 duration: None concurrency: 1 timeout: 0 cls: method_name: run args: {"flavor": "f17c0487-351b-48c5-baa4-be5129fdc368", "image": "fb2519f7-fd71-4231-bbb1-c2646090e539", "nics": [{"net-id": "22362b54-3fa0-4639-b461-978014ed8faf"}]}
2020-04-10 05:11:22.821 14701 INFO rally.task.runner [-] Task d1d340ee-1fb5-43fe-9c49-f4bcd8af8f08 | ITER: 3 START
2020-04-10 05:11:22.824 14702 INFO rally.task.runner [-] Task d1d340ee-1fb5-43fe-9c49-f4bcd8af8f08 | ITER: 4 START
2020-04-10 05:11:34.839 14702 RALLYDEBUG rally.task.utils [-] Waiting for resource s_rally_9f84e743_WN0hGrcy. Status changed: BUILD => ACTIVE in 9.265644550323486
2020-04-10 05:11:35.751 14699 RALLYDEBUG rally.task.utils [-] Waiting for resource s_rally_9f84e743_91mrknB7. Status changed: BUILD => ACTIVE in 10.159778356552124
2020-04-10 05:11:36.158 14701 RALLYDEBUG rally.task.utils [-] Waiting for resource s_rally_9f84e743_dJnlrZfY. Status changed: BUILD => ACTIVE in 11.305487394332886
2020-04-10 05:11:36.736 14702 RALLYDEBUG rally.task.utils [-] Waiting for resource s_rally_9f84e743_WN0hGrcy. Status changed: ACTIVE => RESIZE in 0.2582211494445801
2020-04-10 05:11:37.209 14700 RALLYDEBUG rally.task.utils [-] Waiting for resource s_rally_9f84e743_PUjwpEws. Status changed: BUILD => ACTIVE in 12.376160383224487
2020-04-10 05:11:37.405 14699 RALLYDEBUG rally.task.utils [-] Waiting for resource s_rally_9f84e743_91mrknB7. Status changed: ACTIVE => RESIZE in 0.26546287536621094
2020-04-10 05:11:37.935 14701 RALLYDEBUG rally.task.utils [-] Waiting for resource s_rally_9f84e743_dJnlrZfY. Status changed: ACTIVE => RESIZE in 0.321136474609375
2020-04-10 05:11:38.999 14700 RALLYDEBUG rally.task.utils [-] Waiting for resource s_rally_9f84e743_PUjwpEws. Status changed: ACTIVE => RESIZE in 0.3804161548614502
2020-04-10 05:11:46.498 14699 RALLYDEBUG rally.task.utils [-] Waiting for resource s_rally_9f84e743_91mrknB7. Status changed: RESIZE => VERIFY_RESIZE in 9.092966556549072
2020-04-10 05:11:47.024 14702 RALLYDEBUG rally.task.utils [-] Waiting for resource s_rally_9f84e743_WN0hGrcy. Status changed: RESIZE => VERIFY_RESIZE in 10.287539958953857
2020-04-10 05:11:47.500 14701 RALLYDEBUG rally.task.utils [-] Waiting for resource s_rally_9f84e743_dJnlrZfY. Status changed: RESIZE => VERIFY_RESIZE in 9.564207315444946
2020-04-10 05:11:47.537 14702 RALLYDEBUG rally.task.utils [-] Waiting for resource s_rally_9f84e743_WN0hGrcy. Status changed: ACTIVE => VERIFY_RESIZE in 0.21593332290649414
2020-04-10 05:11:48.065 14701 RALLYDEBUG rally.task.utils [-] Waiting for resource s_rally_9f84e743_dJnlrZfY. Status changed: ACTIVE => VERIFY_RESIZE in 0.21663451194763184
2020-04-10 05:11:48.091 14699 RALLYDEBUG rally.task.utils [-] Waiting for resource s_rally_9f84e743_91mrknB7. Status changed: ACTIVE => VERIFY_RESIZE in 1.253164291381836
2020-04-10 05:11:48.628 14700 RALLYDEBUG rally.task.utils [-] Waiting for resource s_rally_9f84e743_PUjwpEws. Status changed: RESIZE => VERIFY_RESIZE in 9.629415512084961
2020-04-10 05:11:49.256 14700 RALLYDEBUG rally.task.utils [-] Waiting for resource s_rally_9f84e743_PUjwpEws. Status changed: ACTIVE => VERIFY_RESIZE in 0.2210526466369629
2020-04-10 05:11:50.320 14699 RALLYDEBUG rally.task.utils [-] Waiting for resource s_rally_9f84e743_91mrknB7. Status changed: VERIFY_RESIZE => ACTIVE in 2.2295796871185303
2020-04-10 05:11:51.484 14700 RALLYDEBUG rally.task.utils [-] Waiting for resource s_rally_9f84e743_PUjwpEws. Status changed: VERIFY_RESIZE => ACTIVE in 2.227370023727417
2020-04-10 05:11:52.653 14702 RALLYDEBUG rally.task.utils [-] Waiting for resource s_rally_9f84e743_WN0hGrcy. Status changed: VERIFY_RESIZE => ACTIVE in 5.115562915802002
2020-04-10 05:11:52.669 14701 RALLYDEBUG rally.task.utils [-] Waiting for resource s_rally_9f84e743_dJnlrZfY. Status changed: VERIFY_RESIZE => ACTIVE in 4.603318452835083
2020-04-10 05:11:54.936 14699 INFO rally.task.runner [-] Task d1d340ee-1fb5-43fe-9c49-f4bcd8af8f08 | ITER: 1 END: OK
2020-04-10 05:11:54.943 14699 INFO rally.task.runner [-] Task d1d340ee-1fb5-43fe-9c49-f4bcd8af8f08 | ITER: 5 START
2020-04-10 05:11:55.111 14702 INFO rally.task.runner [-] Task d1d340ee-1fb5-43fe-9c49-f4bcd8af8f08 | ITER: 4 END: OK
2020-04-10 05:11:55.118 14702 INFO rally.task.runner [-] Task d1d340ee-1fb5-43fe-9c49-f4bcd8af8f08 | ITER: 6 START
2020-04-10 05:11:55.176 14701 INFO rally.task.runner [-] Task d1d340ee-1fb5-43fe-9c49-f4bcd8af8f08 | ITER: 3 END: OK
2020-04-10 05:11:55.181 14701 INFO rally.task.runner [-] Task d1d340ee-1fb5-43fe-9c49-f4bcd8af8f08 | ITER: 7 START
2020-04-10 05:11:56.079 14700 INFO rally.task.runner [-] Task d1d340ee-1fb5-43fe-9c49-f4bcd8af8f08 | ITER: 2 END: OK
2020-04-10 05:11:56.086 14700 INFO rally.task.runner [-] Task d1d340ee-1fb5-43fe-9c49-f4bcd8af8f08 | ITER: 8 START
2020-04-10 05:12:04.656 14699 RALLYDEBUG rally.task.utils [-] Waiting for resource s_rally_9f84e743_LF9Yu697. Status changed: BUILD => ACTIVE in 7.664093971252441
2020-04-10 05:12:06.163 14701 RALLYDEBUG rally.task.utils [-] Waiting for resource s_rally_9f84e743_vjLzHYBF. Status changed: BUILD => ACTIVE in 9.067277908325195
2020-04-10 05:12:06.182 14699 RALLYDEBUG rally.task.utils [-] Waiting for resource s_rally_9f84e743_LF9Yu697. Status changed: ACTIVE => RESIZE in 0.21251201629638672
2020-04-10 05:12:06.859 14702 RALLYDEBUG rally.task.utils [-] Waiting for resource s_rally_9f84e743_LhSrurnl. Status changed: BUILD => ACTIVE in 9.758546352386475
2020-04-10 05:12:07.264 14700 RALLYDEBUG rally.task.utils [-] Waiting for resource s_rally_9f84e743_oDpTerRI. Status changed: BUILD => ACTIVE in 9.01700758934021
2020-04-10 05:12:07.707 14701 RALLYDEBUG rally.task.utils [-] Waiting for resource s_rally_9f84e743_vjLzHYBF. Status changed: ACTIVE => RESIZE in 0.23030519485473633
2020-04-10 05:12:08.608 14702 RALLYDEBUG rally.task.utils [-] Waiting for resource s_rally_9f84e743_LhSrurnl. Status changed: ACTIVE => RESIZE in 0.23035526275634766
2020-04-10 05:12:09.691 14700 RALLYDEBUG rally.task.utils [-] Waiting for resource s_rally_9f84e743_oDpTerRI. Status changed: ACTIVE => RESIZE in 0.27359580993652344
2020-04-10 05:12:15.172 14699 RALLYDEBUG rally.task.utils [-] Waiting for resource s_rally_9f84e743_LF9Yu697. Status changed: RESIZE => VERIFY_RESIZE in 8.990128517150879
2020-04-10 05:12:16.377 14699 RALLYDEBUG rally.task.utils [-] Waiting for resource s_rally_9f84e743_LF9Yu697. Status changed: ACTIVE => VERIFY_RESIZE in 0.8851656913757324
2020-04-10 05:12:16.548 14701 RALLYDEBUG rally.task.utils [-] Waiting for resource s_rally_9f84e743_vjLzHYBF. Status changed: RESIZE => VERIFY_RESIZE in 8.840731859207153
2020-04-10 05:12:17.043 14701 RALLYDEBUG rally.task.utils [-] Waiting for resource s_rally_9f84e743_vjLzHYBF. Status changed: ACTIVE => VERIFY_RESIZE in 0.18773365020751953
2020-04-10 05:12:19.975 14702 RALLYDEBUG rally.task.utils [-] Waiting for resource s_rally_9f84e743_LhSrurnl. Status changed: RESIZE => VERIFY_RESIZE in 11.366616249084473
2020-04-10 05:12:20.491 14702 RALLYDEBUG rally.task.utils [-] Waiting for resource s_rally_9f84e743_LhSrurnl. Status changed: ACTIVE => VERIFY_RESIZE in 0.2119605541229248
2020-04-10 05:12:20.864 14699 RALLYDEBUG rally.task.utils [-] Waiting for resource s_rally_9f84e743_LF9Yu697. Status changed: VERIFY_RESIZE => ACTIVE in 4.486846923828125
2020-04-10 05:12:20.925 14700 RALLYDEBUG rally.task.utils [-] Waiting for resource s_rally_9f84e743_oDpTerRI. Status changed: RESIZE => VERIFY_RESIZE in 11.23369812965393
2020-04-10 05:12:21.507 14701 RALLYDEBUG rally.task.utils [-] Waiting for resource s_rally_9f84e743_vjLzHYBF. Status changed: VERIFY_RESIZE => ACTIVE in 4.463484525680542
2020-04-10 05:12:21.551 14700 RALLYDEBUG rally.task.utils [-] Waiting for resource s_rally_9f84e743_oDpTerRI. Status changed: ACTIVE => VERIFY_RESIZE in 0.3105185031890869
2020-04-10 05:12:23.384 14699 INFO rally.task.runner [-] Task d1d340ee-1fb5-43fe-9c49-f4bcd8af8f08 | ITER: 5 END: OK
2020-04-10 05:12:23.389 14699 INFO rally.task.runner [-] Task d1d340ee-1fb5-43fe-9c49-f4bcd8af8f08 | ITER: 9 START
2020-04-10 05:12:24.829 14701 INFO rally.task.runner [-] Task d1d340ee-1fb5-43fe-9c49-f4bcd8af8f08 | ITER: 7 END: OK
2020-04-10 05:12:24.834 14701 INFO rally.task.runner [-] Task d1d340ee-1fb5-43fe-9c49-f4bcd8af8f08 | ITER: 10 START
2020-04-10 05:12:25.066 14702 RALLYDEBUG rally.task.utils [-] Waiting for resource s_rally_9f84e743_LhSrurnl. Status changed: VERIFY_RESIZE => ACTIVE in 4.575063228607178
2020-04-10 05:12:27.177 14700 RALLYDEBUG rally.task.utils [-] Waiting for resource s_rally_9f84e743_oDpTerRI. Status changed: VERIFY_RESIZE => ACTIVE in 5.626710891723633
2020-04-10 05:12:27.642 14702 INFO rally.task.runner [-] Task d1d340ee-1fb5-43fe-9c49-f4bcd8af8f08 | ITER: 6 END: OK
2020-04-10 05:12:31.745 14700 INFO rally.task.runner [-] Task d1d340ee-1fb5-43fe-9c49-f4bcd8af8f08 | ITER: 8 END: OK
2020-04-10 05:12:36.250 14699 RALLYDEBUG rally.task.utils [-] Waiting for resource s_rally_9f84e743_hwjCoU6e. Status changed: BUILD => ACTIVE in 9.809146165847778
2020-04-10 05:12:36.252 14701 RALLYDEBUG rally.task.utils [-] Waiting for resource s_rally_9f84e743_tyDOFCGu. Status changed: BUILD => ACTIVE in 9.323401927947998
2020-04-10 05:12:37.961 14701 RALLYDEBUG rally.task.utils [-] Waiting for resource s_rally_9f84e743_tyDOFCGu. Status changed: ACTIVE => RESIZE in 0.43288469314575195
2020-04-10 05:12:37.964 14699 RALLYDEBUG rally.task.utils [-] Waiting for resource s_rally_9f84e743_hwjCoU6e. Status changed: ACTIVE => RESIZE in 0.36435484886169434
2020-04-10 05:12:46.805 14701 RALLYDEBUG rally.task.utils [-] Waiting for resource s_rally_9f84e743_tyDOFCGu. Status changed: RESIZE => VERIFY_RESIZE in 8.843677282333374
2020-04-10 05:12:47.356 14701 RALLYDEBUG rally.task.utils [-] Waiting for resource s_rally_9f84e743_tyDOFCGu. Status changed: ACTIVE => VERIFY_RESIZE in 0.23584198951721191
2020-04-10 05:12:48.310 14699 RALLYDEBUG rally.task.utils [-] Waiting for resource s_rally_9f84e743_hwjCoU6e. Status changed: RESIZE => VERIFY_RESIZE in 10.346654415130615
2020-04-10 05:12:48.780 14699 RALLYDEBUG rally.task.utils [-] Waiting for resource s_rally_9f84e743_hwjCoU6e. Status changed: ACTIVE => VERIFY_RESIZE in 0.1830127239227295
2020-04-10 05:12:52.507 14701 RALLYDEBUG rally.task.utils [-] Waiting for resource s_rally_9f84e743_tyDOFCGu. Status changed: VERIFY_RESIZE => ACTIVE in 5.150987148284912
2020-04-10 05:12:53.214 14699 RALLYDEBUG rally.task.utils [-] Waiting for resource s_rally_9f84e743_hwjCoU6e. Status changed: VERIFY_RESIZE => ACTIVE in 4.434201955795288
2020-04-10 05:12:54.926 14701 INFO rally.task.runner [-] Task d1d340ee-1fb5-43fe-9c49-f4bcd8af8f08 | ITER: 10 END: OK
2020-04-10 05:12:55.751 14699 INFO rally.task.runner [-] Task d1d340ee-1fb5-43fe-9c49-f4bcd8af8f08 | ITER: 9 END: OK
2020-04-10 05:12:55.781 12083 INFO rally.task.context [-] Task d1d340ee-1fb5-43fe-9c49-f4bcd8af8f08 | Context cleanup@openstack cleanup() started
2020-04-10 05:12:55.790 12083 RALLYDEBUG rally_openstack.cleanup.manager [-] Cleaning up nova servers objects
2020-04-10 05:12:56.663 12083 RALLYDEBUG rally_openstack.cleanup.manager [-] Cleaning up nova server_groups objects
2020-04-10 05:12:57.108 12083 RALLYDEBUG rally_openstack.cleanup.manager [-] Cleaning up nova keypairs objects
2020-04-10 05:12:58.004 12083 INFO rally.task.context [-] Task d1d340ee-1fb5-43fe-9c49-f4bcd8af8f08 | Context cleanup@openstack cleanup() finished in 2.22 sec
2020-04-10 05:12:58.005 12083 INFO rally.task.context [-] Task d1d340ee-1fb5-43fe-9c49-f4bcd8af8f08 | Context users@openstack cleanup() started
2020-04-10 05:12:58.136 12083 WARNING rally.common.logging [-] `iterate_per_tenants()' is deprecated in v3.0.0: it is openstack specific.. Used at
2020-04-10 05:13:00.211 12083 INFO rally.task.context [-] Task d1d340ee-1fb5-43fe-9c49-f4bcd8af8f08 | Context users@openstack cleanup() finished in 2.21 sec
2020-04-10 05:13:01.437 12083 INFO rally.task.engine [-] Load duration is: 91.935473
2020-04-10 05:13:01.438 12083 INFO rally.task.engine [-] Full runner duration is: 92.987265
2020-04-10 05:13:01.438 12083 INFO rally.task.engine [-] Full duration is: 99.265936
2020-04-10 05:13:01.532 12083 INFO rally.task.engine [-] Running workload: position = 0 config = { "version": 2, "title": "A cropped version of a bigger task.", "description": "Auto-generated task from a single workload (uuid=1d86ae59-fa87-4bb8-a149-e287eeaf845d)", "subtasks": [ { "title": "NovaServers.boot_server_and_list_interfaces", "description": "Boot a server and list interfaces attached to it.", "scenario": { "NovaServers.boot_server_and_list_interfaces": { "flavor": { "name": "rally_full-flavor_904cbf3a-2ea6-4f0d-90b5-c5ed3d669543" }, "image": { "name": "rally_full-img_904cbf3a-2ea6-4f0d-90b5-c5ed3d669543" }, "auto_assign_nic": true } }, "contexts": { "users": { "tenants": 3, "users_per_tenant": 2 }, "network": {} }, "runner": { "constant": { "concurrency": 4, "times": 10 } }, "hooks": [], "sla": { "failure_rate": { "max": 0 } } } ] }
2020-04-10 05:13:01.563 12083 RALLYDEBUG rally_openstack.contexts.keystone.users [-] Creating 3 tenants using 3 threads
2020-04-10 05:13:02.165 12083 RALLYDEBUG rally_openstack.contexts.keystone.users [-] Creating 6 users using 6 threads
2020-04-10 05:13:03.071 12083 INFO rally.task.context [-] Task d1d340ee-1fb5-43fe-9c49-f4bcd8af8f08 | Context users@openstack setup() finished in 1.51 sec
2020-04-10 05:13:03.124 12083 WARNING rally.common.logging [-] `iterate_per_tenants()' is deprecated in v3.0.0: it is openstack specific.. Used at
2020-04-10 05:13:06.538 12083 RALLYDEBUG rally_openstack.wrappers.network [-] CIDR generated: 10.2.27.0/24
2020-04-10 05:13:12.875 12083 RALLYDEBUG rally_openstack.wrappers.network [-] CIDR generated: 10.2.28.0/24
2020-04-10 05:13:19.936 12083 RALLYDEBUG rally_openstack.wrappers.network [-] CIDR generated: 10.2.29.0/24
2020-04-10 05:13:23.429 12083 INFO rally.task.context [-] Task d1d340ee-1fb5-43fe-9c49-f4bcd8af8f08 | Context network@openstack setup() finished in 20.36 sec
2020-04-10 05:13:23.429 12083 INFO rally.task.context [-] Task d1d340ee-1fb5-43fe-9c49-f4bcd8af8f08 | Context cleanup@openstack setup() finished in 0.01 msec
2020-04-10 05:13:23.999 12083 RALLYDEBUG rally.task.runner [-] Starting the constant runner (task UUID: d1d340ee-1fb5-43fe-9c49-f4bcd8af8f08). times: 10 concurrency: 4 timeout: 0 max_cpu_used: 88 processes_to_start: 4 concurrency_per_worker: 1 concurrency_overhead: 0
2020-04-10 05:13:24.014 14832 RALLYDEBUG rally.task.runner [-] Starting a worker. times: 10 duration: None concurrency: 1 timeout: 0 cls: method_name: run args: {"flavor": "f17c0487-351b-48c5-baa4-be5129fdc368", "image": "fb2519f7-fd71-4231-bbb1-c2646090e539", "auto_assign_nic": true}
2020-04-10 05:13:24.016 14833 RALLYDEBUG rally.task.runner [-] Starting a worker. times: 10 duration: None concurrency: 1 timeout: 0 cls: method_name: run args: {"flavor": "f17c0487-351b-48c5-baa4-be5129fdc368", "image": "fb2519f7-fd71-4231-bbb1-c2646090e539", "auto_assign_nic": true}
2020-04-10 05:13:24.019 14834 RALLYDEBUG rally.task.runner [-] Starting a worker. times: 10 duration: None concurrency: 1 timeout: 0 cls: method_name: run args: {"flavor": "f17c0487-351b-48c5-baa4-be5129fdc368", "image": "fb2519f7-fd71-4231-bbb1-c2646090e539", "auto_assign_nic": true}
2020-04-10 05:13:24.022 14832 INFO rally.task.runner [-] Task d1d340ee-1fb5-43fe-9c49-f4bcd8af8f08 | ITER: 1 START
2020-04-10 05:13:24.022 14835 RALLYDEBUG rally.task.runner [-] Starting a worker. times: 10 duration: None concurrency: 1 timeout: 0 cls: method_name: run args: {"flavor": "f17c0487-351b-48c5-baa4-be5129fdc368", "image": "fb2519f7-fd71-4231-bbb1-c2646090e539", "auto_assign_nic": true}
2020-04-10 05:13:24.024 14833 INFO rally.task.runner [-] Task d1d340ee-1fb5-43fe-9c49-f4bcd8af8f08 | ITER: 2 START
2020-04-10 05:13:24.027 14834 INFO rally.task.runner [-] Task d1d340ee-1fb5-43fe-9c49-f4bcd8af8f08 | ITER: 3 START
2020-04-10 05:13:24.029 14835 INFO rally.task.runner [-] Task d1d340ee-1fb5-43fe-9c49-f4bcd8af8f08 | ITER: 4 START
2020-04-10 05:13:35.483 14832 RALLYDEBUG rally.task.utils [-] Waiting for resource s_rally_1d86ae59_nWf8bFMV. Status changed: BUILD => ACTIVE in 9.404215097427368
2020-04-10 05:13:35.637 14832 INFO rally.task.runner [-] Task d1d340ee-1fb5-43fe-9c49-f4bcd8af8f08 | ITER: 1 END: OK
2020-04-10 05:13:35.643 14832 INFO rally.task.runner [-] Task d1d340ee-1fb5-43fe-9c49-f4bcd8af8f08 | ITER: 5 START
2020-04-10 05:13:36.081 14835 RALLYDEBUG rally.task.utils [-] Waiting for resource s_rally_1d86ae59_TjN1ILba. Status changed: BUILD => ACTIVE in 10.009873151779175
2020-04-10 05:13:36.279 14835 INFO rally.task.runner [-] Task d1d340ee-1fb5-43fe-9c49-f4bcd8af8f08 | ITER: 4 END: OK
2020-04-10 05:13:36.284 14835 INFO rally.task.runner [-] Task d1d340ee-1fb5-43fe-9c49-f4bcd8af8f08 | ITER: 6 START
2020-04-10 05:13:37.860 14833 RALLYDEBUG rally.task.utils [-] Waiting for resource s_rally_1d86ae59_68u8o82V. Status changed: BUILD => ACTIVE in 11.497109413146973
2020-04-10 05:13:38.019 14833 INFO rally.task.runner [-] Task d1d340ee-1fb5-43fe-9c49-f4bcd8af8f08 | ITER: 2 END: OK
2020-04-10 05:13:38.025 14833 INFO rally.task.runner [-] Task d1d340ee-1fb5-43fe-9c49-f4bcd8af8f08 | ITER: 7 START
2020-04-10 05:13:38.444 14834 RALLYDEBUG rally.task.utils [-] Waiting for resource s_rally_1d86ae59_DvQn1LJF. Status changed: BUILD => ACTIVE in 12.072077989578247
2020-04-10 05:13:38.584 14834 INFO rally.task.runner [-] Task d1d340ee-1fb5-43fe-9c49-f4bcd8af8f08 | ITER: 3 END: OK
2020-04-10 05:13:38.589 14834 INFO rally.task.runner [-] Task d1d340ee-1fb5-43fe-9c49-f4bcd8af8f08 | ITER: 8 START
2020-04-10 05:13:44.481 14832 RALLYDEBUG rally.task.utils [-] Waiting for resource s_rally_1d86ae59_FUaLi6hl. Status changed: BUILD => ACTIVE in 6.804393768310547
2020-04-10 05:13:45.351 14832 INFO rally.task.runner [-] Task d1d340ee-1fb5-43fe-9c49-f4bcd8af8f08 | ITER: 5 END: OK
2020-04-10 05:13:45.356 14832 INFO rally.task.runner [-] Task d1d340ee-1fb5-43fe-9c49-f4bcd8af8f08 | ITER: 9 START
2020-04-10 05:13:47.523 14835 RALLYDEBUG rally.task.utils [-] Waiting for resource s_rally_1d86ae59_pszxiaW4. Status changed: BUILD => ACTIVE in 9.214134931564331
2020-04-10 05:13:47.720 14835 INFO rally.task.runner [-] Task d1d340ee-1fb5-43fe-9c49-f4bcd8af8f08 | ITER: 6 END: OK
2020-04-10 05:13:47.728 14835 INFO rally.task.runner [-] Task d1d340ee-1fb5-43fe-9c49-f4bcd8af8f08 | ITER: 10 START
2020-04-10 05:13:47.867 14833 RALLYDEBUG rally.task.utils [-] Waiting for resource s_rally_1d86ae59_4hfkT6J6. Status changed: BUILD => ACTIVE in 7.79172682762146
2020-04-10 05:13:48.062 14833 INFO rally.task.runner [-] Task d1d340ee-1fb5-43fe-9c49-f4bcd8af8f08 | ITER: 7 END: OK
2020-04-10 05:13:50.315 14834 RALLYDEBUG rally.task.utils [-] Waiting for resource s_rally_1d86ae59_mqG3JL65. Status changed: BUILD => ACTIVE in 9.041669368743896
2020-04-10 05:13:50.494 14834 INFO rally.task.runner [-] Task d1d340ee-1fb5-43fe-9c49-f4bcd8af8f08 | ITER: 8 END: OK
2020-04-10 05:13:54.291 14832 RALLYDEBUG rally.task.utils [-] Waiting for resource s_rally_1d86ae59_rasRiAR6. Status changed: BUILD => ACTIVE in 6.949246168136597
2020-04-10 05:13:54.570 14832 INFO rally.task.runner [-] Task d1d340ee-1fb5-43fe-9c49-f4bcd8af8f08 | ITER: 9 END: OK
2020-04-10 05:13:58.350 14835 RALLYDEBUG rally.task.utils [-] Waiting for resource s_rally_1d86ae59_qJxrqHUl. Status changed: BUILD => ACTIVE in 7.947072744369507
2020-04-10 05:13:58.650 14835 INFO rally.task.runner [-] Task d1d340ee-1fb5-43fe-9c49-f4bcd8af8f08 | ITER: 10 END: OK
2020-04-10 05:13:58.679 12083 INFO rally.task.context [-] Task d1d340ee-1fb5-43fe-9c49-f4bcd8af8f08 | Context cleanup@openstack cleanup() started
2020-04-10 05:13:58.688 12083 RALLYDEBUG rally_openstack.cleanup.manager [-] Cleaning up nova servers objects
2020-04-10 05:14:00.479 12083 RALLYDEBUG rally_openstack.cleanup.manager [-] Deleting nova.servers object s_rally_1d86ae59_rasRiAR6 (ac9c0f56-7716-4753-954e-7fdca0715662)
2020-04-10 05:14:00.485 12083 RALLYDEBUG rally_openstack.cleanup.manager [-] Deleting nova.servers object s_rally_1d86ae59_4hfkT6J6 (0c307025-91cd-4abf-aefd-3e0bbd68d8b1)
2020-04-10 05:14:00.490 12083 RALLYDEBUG rally_openstack.cleanup.manager [-] Deleting nova.servers object s_rally_1d86ae59_DvQn1LJF (b8703b80-134a-43a1-89c1-98b891a17ae2)
2020-04-10 05:14:00.506 12083 RALLYDEBUG rally_openstack.cleanup.manager [-] Deleting nova.servers object s_rally_1d86ae59_68u8o82V (086f04ac-fecc-46e9-925a-b735272f671d)
2020-04-10 05:14:00.500 12083 RALLYDEBUG rally_openstack.cleanup.manager [-] Deleting nova.servers object s_rally_1d86ae59_mqG3JL65 (d8b50e38-a559-40fe-ba85-70e63457ac01)
2020-04-10 05:14:00.518 12083 RALLYDEBUG rally_openstack.cleanup.manager [-] Deleting nova.servers object s_rally_1d86ae59_TjN1ILba (1910b5c5-ee3c-407d-aaae-6a6b79a7d8fd)
2020-04-10 05:14:00.534 12083 RALLYDEBUG rally_openstack.cleanup.manager [-] Deleting nova.servers object s_rally_1d86ae59_nWf8bFMV (c8c741d3-f2d3-4987-ae35-2710ebc0afdf)
2020-04-10 05:14:00.546 12083 RALLYDEBUG rally_openstack.cleanup.manager [-] Deleting nova.servers object s_rally_1d86ae59_pszxiaW4 (04f3c3f7-26d6-4569-a64e-236795778d18)
2020-04-10 05:14:00.552 12083 RALLYDEBUG rally_openstack.cleanup.manager [-] Deleting nova.servers object s_rally_1d86ae59_FUaLi6hl (de679466-4ab7-4ab1-8e61-a54f7a42666b)
2020-04-10 05:14:00.557 12083 RALLYDEBUG rally_openstack.cleanup.manager [-] Deleting nova.servers object s_rally_1d86ae59_qJxrqHUl (65ad4286-11a7-4554-80bf-f951c2f54ece)
2020-04-10 05:14:06.787 12083 RALLYDEBUG rally_openstack.cleanup.manager [-] Cleaning up nova server_groups objects
2020-04-10 05:14:07.260 12083 RALLYDEBUG rally_openstack.cleanup.manager [-] Cleaning up nova keypairs objects
2020-04-10 05:14:08.267 12083 INFO rally.task.context [-] Task d1d340ee-1fb5-43fe-9c49-f4bcd8af8f08 | Context cleanup@openstack cleanup() finished in 9.59 sec
2020-04-10 05:14:08.268 12083 INFO rally.task.context [-] Task d1d340ee-1fb5-43fe-9c49-f4bcd8af8f08 | Context network@openstack cleanup() started
2020-04-10 05:14:24.240 12083 INFO rally.task.context [-] Task d1d340ee-1fb5-43fe-9c49-f4bcd8af8f08 | Context network@openstack cleanup() finished in 15.97 sec
2020-04-10 05:14:24.241 12083 INFO rally.task.context [-] Task d1d340ee-1fb5-43fe-9c49-f4bcd8af8f08 | Context users@openstack cleanup() started
2020-04-10 05:14:24.368 12083 WARNING rally.common.logging [-] `iterate_per_tenants()' is deprecated in v3.0.0: it is openstack specific.. Used at
2020-04-10 05:14:26.429 12083 INFO rally.task.context [-] Task d1d340ee-1fb5-43fe-9c49-f4bcd8af8f08 | Context users@openstack cleanup() finished in 2.19 sec
2020-04-10 05:14:27.980 12083 INFO rally.task.engine [-] Load duration is: 33.626167
2020-04-10 05:14:27.980 12083 INFO rally.task.engine [-] Full runner duration is: 34.679867
2020-04-10 05:14:27.981 12083 INFO rally.task.engine [-] Full duration is: 84.867237
2020-04-10 05:14:28.080 12083 INFO rally.task.engine [-] Running workload: position = 0 config = { "version": 2, "title": "A cropped version of a bigger task.", "description": "Auto-generated task from a single workload (uuid=9d038a75-1689-4873-9be5-a0f77945d9b0)", "subtasks": [ { "title": "NovaServers.boot_and_get_console_url", "description": "Retrieve a console url of a server.", "scenario": { "NovaServers.boot_and_get_console_url": { "flavor": { "name": "rally_full-flavor_904cbf3a-2ea6-4f0d-90b5-c5ed3d669543" }, "image": { "name": "rally_full-img_904cbf3a-2ea6-4f0d-90b5-c5ed3d669543" }, "console_type": "novnc", "auto_assign_nic": true } }, "contexts": { "users": { "tenants": 3, "users_per_tenant": 2 }, "network": {} }, "runner": { "constant": { "concurrency": 4, "times": 10 } }, "hooks": [], "sla": { "failure_rate": { "max": 0 } } } ] }
2020-04-10 05:14:28.119 12083 RALLYDEBUG rally_openstack.contexts.keystone.users [-] Creating 3 tenants using 3 threads
2020-04-10 05:14:28.634 12083 RALLYDEBUG rally_openstack.contexts.keystone.users [-] Creating 6 users using 6 threads
2020-04-10 05:14:29.652 12083 INFO rally.task.context [-] Task d1d340ee-1fb5-43fe-9c49-f4bcd8af8f08 | Context users@openstack setup() finished in 1.53 sec
2020-04-10 05:14:29.708 12083 WARNING rally.common.logging [-] `iterate_per_tenants()' is deprecated in v3.0.0: it is openstack specific.. Used at
2020-04-10 05:14:33.312 12083 RALLYDEBUG rally_openstack.wrappers.network [-] CIDR generated: 10.2.30.0/24
2020-04-10 05:14:39.487 12083 RALLYDEBUG rally_openstack.wrappers.network [-] CIDR generated: 10.2.31.0/24
2020-04-10 05:14:46.334 12083 RALLYDEBUG rally_openstack.wrappers.network [-] CIDR generated: 10.2.32.0/24
2020-04-10 05:14:49.973 12083 INFO rally.task.context [-] Task d1d340ee-1fb5-43fe-9c49-f4bcd8af8f08 | Context network@openstack setup() finished in 20.32 sec
2020-04-10 05:14:49.973 12083 INFO rally.task.context [-] Task d1d340ee-1fb5-43fe-9c49-f4bcd8af8f08 | Context cleanup@openstack setup() finished in 0.01 msec
2020-04-10 05:14:50.468 12083 RALLYDEBUG rally.task.runner [-] Starting the constant runner (task UUID: d1d340ee-1fb5-43fe-9c49-f4bcd8af8f08). times: 10 concurrency: 4 timeout: 0 max_cpu_used: 88 processes_to_start: 4 concurrency_per_worker: 1 concurrency_overhead: 0
2020-04-10 05:14:50.483 14965 RALLYDEBUG rally.task.runner [-] Starting a worker. times: 10 duration: None concurrency: 1 timeout: 0 cls: method_name: run args: {"flavor": "f17c0487-351b-48c5-baa4-be5129fdc368", "image": "fb2519f7-fd71-4231-bbb1-c2646090e539", "console_type": "novnc", "auto_assign_nic": true}
2020-04-10 05:14:50.485 14966 RALLYDEBUG rally.task.runner [-] Starting a worker. times: 10 duration: None concurrency: 1 timeout: 0 cls: method_name: run args: {"flavor": "f17c0487-351b-48c5-baa4-be5129fdc368", "image": "fb2519f7-fd71-4231-bbb1-c2646090e539", "console_type": "novnc", "auto_assign_nic": true}
2020-04-10 05:14:50.487 14967 RALLYDEBUG rally.task.runner [-] Starting a worker. times: 10 duration: None concurrency: 1 timeout: 0 cls: method_name: run args: {"flavor": "f17c0487-351b-48c5-baa4-be5129fdc368", "image": "fb2519f7-fd71-4231-bbb1-c2646090e539", "console_type": "novnc", "auto_assign_nic": true}
2020-04-10 05:14:50.489 14968 RALLYDEBUG rally.task.runner [-] Starting a worker. times: 10 duration: None concurrency: 1 timeout: 0 cls: method_name: run args: {"flavor": "f17c0487-351b-48c5-baa4-be5129fdc368", "image": "fb2519f7-fd71-4231-bbb1-c2646090e539", "console_type": "novnc", "auto_assign_nic": true}
2020-04-10 05:14:50.491 14965 INFO rally.task.runner [-] Task d1d340ee-1fb5-43fe-9c49-f4bcd8af8f08 | ITER: 1 START
2020-04-10 05:14:50.492 14966 INFO rally.task.runner [-] Task d1d340ee-1fb5-43fe-9c49-f4bcd8af8f08 | ITER: 2 START
2020-04-10 05:14:50.495 14968 INFO rally.task.runner [-] Task d1d340ee-1fb5-43fe-9c49-f4bcd8af8f08 | ITER: 4 START
2020-04-10 05:14:50.495 14967 INFO rally.task.runner [-] Task d1d340ee-1fb5-43fe-9c49-f4bcd8af8f08 | ITER: 3 START
2020-04-10 05:14:59.512 14966 RALLYDEBUG rally.task.utils [-] Waiting for resource s_rally_9d038a75_9MxJQmrP. Status changed: BUILD => ACTIVE in 6.8114988803863525
2020-04-10 05:14:59.618 14966 INFO rally.task.runner [-] Task d1d340ee-1fb5-43fe-9c49-f4bcd8af8f08 | ITER: 2 END: OK
2020-04-10 05:14:59.624 14966 INFO rally.task.runner [-] Task d1d340ee-1fb5-43fe-9c49-f4bcd8af8f08 | ITER: 5 START
2020-04-10 05:15:02.195 14967 RALLYDEBUG rally.task.utils [-] Waiting for resource s_rally_9d038a75_GCsVoqbs. Status changed: BUILD => ACTIVE in 9.014949798583984
2020-04-10 05:15:02.276 14965 RALLYDEBUG rally.task.utils [-] Waiting for resource s_rally_9d038a75_3ATXM7s5. Status changed: BUILD => ACTIVE in 9.275951385498047
2020-04-10 05:15:02.307 14967 INFO rally.task.runner [-] Task d1d340ee-1fb5-43fe-9c49-f4bcd8af8f08 | ITER: 3 END: OK
2020-04-10 05:15:02.313 14967 INFO rally.task.runner [-] Task d1d340ee-1fb5-43fe-9c49-f4bcd8af8f08 | ITER: 6 START
2020-04-10 05:15:02.373 14965 INFO rally.task.runner [-] Task d1d340ee-1fb5-43fe-9c49-f4bcd8af8f08 | ITER: 1 END: OK
2020-04-10 05:15:02.378 14965 INFO rally.task.runner [-] Task d1d340ee-1fb5-43fe-9c49-f4bcd8af8f08 | ITER: 7 START
2020-04-10 05:15:03.086 14968 RALLYDEBUG rally.task.utils [-] Waiting for resource s_rally_9d038a75_Sz5Mh9yp. Status changed: BUILD => ACTIVE in 9.906686782836914
2020-04-10 05:15:03.201 14968 INFO rally.task.runner [-] Task d1d340ee-1fb5-43fe-9c49-f4bcd8af8f08 | ITER: 4 END: OK
2020-04-10 05:15:03.206 14968 INFO rally.task.runner [-] Task d1d340ee-1fb5-43fe-9c49-f4bcd8af8f08 | ITER: 8 START
2020-04-10 05:15:10.821 14966 RALLYDEBUG rally.task.utils [-] Waiting for resource s_rally_9d038a75_IWFwJ7oW. Status changed: BUILD => ACTIVE in 9.120317697525024
2020-04-10 05:15:11.114 14966 INFO rally.task.runner [-] Task d1d340ee-1fb5-43fe-9c49-f4bcd8af8f08 | ITER: 5 END: OK
2020-04-10 05:15:11.119 14966 INFO rally.task.runner [-] Task d1d340ee-1fb5-43fe-9c49-f4bcd8af8f08 | ITER: 9 START
2020-04-10 05:15:14.214 14965 RALLYDEBUG rally.task.utils [-] Waiting for resource s_rally_9d038a75_d2mFVas3. Status changed: BUILD => ACTIVE in 9.62471866607666
2020-04-10 05:15:14.301 14965 INFO rally.task.runner [-] Task d1d340ee-1fb5-43fe-9c49-f4bcd8af8f08 | ITER: 7 END: OK
2020-04-10 05:15:14.308 14965 INFO rally.task.runner [-] Task d1d340ee-1fb5-43fe-9c49-f4bcd8af8f08 | ITER: 10 START
2020-04-10 05:15:14.796 14967 RALLYDEBUG rally.task.utils [-] Waiting for resource s_rally_9d038a75_INudaVE7. Status changed: BUILD => ACTIVE in 9.754650115966797
2020-04-10 05:15:14.904 14967 INFO rally.task.runner [-] Task d1d340ee-1fb5-43fe-9c49-f4bcd8af8f08 | ITER: 6 END: OK
2020-04-10 05:15:15.156 14968 RALLYDEBUG rally.task.utils [-] Waiting for resource s_rally_9d038a75_evnU7114. Status changed: BUILD => ACTIVE in 9.047775745391846
2020-04-10 05:15:15.258 14968 INFO rally.task.runner [-] Task d1d340ee-1fb5-43fe-9c49-f4bcd8af8f08 | ITER: 8 END: OK
2020-04-10 05:15:20.224 14966 RALLYDEBUG rally.task.utils [-] Waiting for resource s_rally_9d038a75_AZUaSHry. Status changed: BUILD => ACTIVE in 6.9815874099731445
2020-04-10 05:15:20.332 14966 INFO rally.task.runner [-] Task d1d340ee-1fb5-43fe-9c49-f4bcd8af8f08 | ITER: 9 END: OK
2020-04-10 05:15:23.085 14965 RALLYDEBUG rally.task.utils [-] Waiting for resource s_rally_9d038a75_zmvWUtTT. Status changed: BUILD => ACTIVE in 6.87718653678894
2020-04-10 05:15:23.193 14965 INFO rally.task.runner [-] Task d1d340ee-1fb5-43fe-9c49-f4bcd8af8f08 | ITER: 10 END: OK
2020-04-10 05:15:23.224 12083 INFO rally.task.context [-] Task d1d340ee-1fb5-43fe-9c49-f4bcd8af8f08 | Context cleanup@openstack cleanup() started
2020-04-10 05:15:23.229 12083 RALLYDEBUG rally_openstack.cleanup.manager [-] Cleaning up nova servers objects
2020-04-10 05:15:25.148 12083 RALLYDEBUG rally_openstack.cleanup.manager [-] Deleting nova.servers object s_rally_9d038a75_GCsVoqbs (c000f338-8e74-43ea-af28-5757fabf9e7c)
2020-04-10 05:15:25.149 12083 RALLYDEBUG rally_openstack.cleanup.manager [-] Deleting nova.servers object s_rally_9d038a75_INudaVE7 (e797f75f-c7b6-4499-a81e-b68ea879ac13)
2020-04-10 05:15:25.150 12083 RALLYDEBUG rally_openstack.cleanup.manager [-] Deleting nova.servers object s_rally_9d038a75_Sz5Mh9yp (25e58b12-df84-42c1-bd16-c40dd035f48a)
2020-04-10 05:15:25.151 12083 RALLYDEBUG rally_openstack.cleanup.manager [-] Deleting nova.servers object s_rally_9d038a75_3ATXM7s5 (24d8ebc3-ac99-46f3-8574-98f42c3576cf)
2020-04-10 05:15:25.152 12083 RALLYDEBUG rally_openstack.cleanup.manager [-] Deleting nova.servers object s_rally_9d038a75_evnU7114 (7725511a-6546-4420-b6d3-ceed010bf4ef)
2020-04-10 05:15:25.153 12083 RALLYDEBUG rally_openstack.cleanup.manager [-] Deleting nova.servers object s_rally_9d038a75_zmvWUtTT (6f77da58-c4ec-4c9a-b4e7-cb2bc3065a2d)
2020-04-10 05:15:25.155 12083 RALLYDEBUG rally_openstack.cleanup.manager [-] Deleting nova.servers object s_rally_9d038a75_d2mFVas3 (8c9a3c6c-089b-46f2-a5da-92d6df379dcf)
2020-04-10 05:15:25.156 12083 RALLYDEBUG rally_openstack.cleanup.manager [-] Deleting nova.servers object s_rally_9d038a75_AZUaSHry (0d0c66ac-d4b2-4458-ac18-c872979366eb)
2020-04-10 05:15:25.156 12083 RALLYDEBUG rally_openstack.cleanup.manager [-] Deleting nova.servers object s_rally_9d038a75_9MxJQmrP (d28cd9f5-627c-4840-9dbc-7205b37c644d)
2020-04-10 05:15:25.163 12083 RALLYDEBUG rally_openstack.cleanup.manager [-] Deleting nova.servers object s_rally_9d038a75_IWFwJ7oW (a42f643c-7f78-463d-9944-a4477898a376)
2020-04-10 05:15:31.473 12083 RALLYDEBUG rally_openstack.cleanup.manager [-] Cleaning up nova server_groups objects
2020-04-10 05:15:31.902 12083 RALLYDEBUG rally_openstack.cleanup.manager [-] Cleaning up nova keypairs objects
2020-04-10 05:15:32.797 12083 INFO rally.task.context [-] Task d1d340ee-1fb5-43fe-9c49-f4bcd8af8f08 | Context cleanup@openstack cleanup() finished in 9.57 sec
2020-04-10 05:15:32.798 12083 INFO rally.task.context [-] Task d1d340ee-1fb5-43fe-9c49-f4bcd8af8f08 | Context network@openstack cleanup() started
2020-04-10 05:15:51.090 12083 INFO rally.task.context [-] Task d1d340ee-1fb5-43fe-9c49-f4bcd8af8f08 | Context network@openstack cleanup() finished in 18.29 sec
2020-04-10 05:15:51.091 12083 INFO rally.task.context [-] Task d1d340ee-1fb5-43fe-9c49-f4bcd8af8f08 | Context users@openstack cleanup() started
2020-04-10 05:15:51.228 12083 WARNING rally.common.logging [-] `iterate_per_tenants()' is deprecated in v3.0.0: it is openstack specific.. Used at
2020-04-10 05:15:53.354 12083 INFO rally.task.context [-] Task d1d340ee-1fb5-43fe-9c49-f4bcd8af8f08 | Context users@openstack cleanup() finished in 2.26 sec
2020-04-10 05:15:54.685 12083 INFO rally.task.engine [-] Load duration is: 31.700562
2020-04-10 05:15:54.685 12083 INFO rally.task.engine [-] Full runner duration is: 32.756356
2020-04-10 05:15:54.686 12083 INFO rally.task.engine [-] Full duration is: 85.23806
2020-04-10 05:15:54.777 12083 INFO rally.task.engine [-] Running workload: position = 0 config = { "version": 2, "title": "A cropped version of a bigger task.", "description": "Auto-generated task from a single workload (uuid=bc455d48-83cd-4e6d-bba7-03e311a439b9)", "subtasks": [ { "title": "NovaServers.boot_server_and_attach_interface", "description": "Create server and subnet, then attach the interface to it.", "scenario": { "NovaServers.boot_server_and_attach_interface": { "flavor": { "name": "rally_full-flavor_904cbf3a-2ea6-4f0d-90b5-c5ed3d669543" }, "image": { "name": "rally_full-img_904cbf3a-2ea6-4f0d-90b5-c5ed3d669543" }, "network_create_args": {}, "subnet_create_args": {}, "boot_server_args": { "auto_assign_nic": true } } }, "contexts": { "users": { "tenants": 3, "users_per_tenant": 2 }, "network": {} }, "runner": { "constant": { "concurrency": 4, "times": 10 } }, "hooks": [], "sla": { "failure_rate": { "max": 0 } } } ] }
2020-04-10 05:15:54.804 12083 RALLYDEBUG rally_openstack.contexts.keystone.users [-] Creating 3 tenants using 3 threads
2020-04-10 05:15:55.327 12083 RALLYDEBUG rally_openstack.contexts.keystone.users [-] Creating 6 users using 6 threads
2020-04-10 05:15:56.269 12083 INFO rally.task.context [-] Task d1d340ee-1fb5-43fe-9c49-f4bcd8af8f08 | Context users@openstack setup() finished in 1.47 sec
2020-04-10 05:15:56.333 12083 WARNING rally.common.logging [-] `iterate_per_tenants()' is deprecated in v3.0.0: it is openstack specific.. Used at
2020-04-10 05:16:00.246 12083 RALLYDEBUG rally_openstack.wrappers.network [-] CIDR generated: 10.2.33.0/24
2020-04-10 05:16:07.366 12083 RALLYDEBUG rally_openstack.wrappers.network [-] CIDR generated: 10.2.34.0/24
2020-04-10 05:16:14.172 12083 RALLYDEBUG rally_openstack.wrappers.network [-] CIDR generated: 10.2.35.0/24
2020-04-10 05:16:17.942 12083 INFO rally.task.context [-] Task d1d340ee-1fb5-43fe-9c49-f4bcd8af8f08 | Context network@openstack setup() finished in 21.67 sec
2020-04-10 05:16:17.942 12083 INFO rally.task.context [-] Task d1d340ee-1fb5-43fe-9c49-f4bcd8af8f08 | Context cleanup@openstack setup() finished in 0.00 msec
2020-04-10 05:16:18.416 12083 RALLYDEBUG rally.task.runner [-] Starting the constant runner (task UUID: d1d340ee-1fb5-43fe-9c49-f4bcd8af8f08). times: 10 concurrency: 4 timeout: 0 max_cpu_used: 88 processes_to_start: 4 concurrency_per_worker: 1 concurrency_overhead: 0
2020-04-10 05:16:18.430 15098 RALLYDEBUG rally.task.runner [-] Starting a worker. times: 10 duration: None concurrency: 1 timeout: 0 cls: method_name: run args: {"flavor": "f17c0487-351b-48c5-baa4-be5129fdc368", "image": "fb2519f7-fd71-4231-bbb1-c2646090e539", "network_create_args": {}, "subnet_create_args": {}, "boot_server_args": {"auto_assign_nic": true}}
2020-04-10 05:16:18.433 15099 RALLYDEBUG rally.task.runner [-] Starting a worker. times: 10 duration: None concurrency: 1 timeout: 0 cls: method_name: run args: {"flavor": "f17c0487-351b-48c5-baa4-be5129fdc368", "image": "fb2519f7-fd71-4231-bbb1-c2646090e539", "network_create_args": {}, "subnet_create_args": {}, "boot_server_args": {"auto_assign_nic": true}}
2020-04-10 05:16:18.436 15100 RALLYDEBUG rally.task.runner [-] Starting a worker. times: 10 duration: None concurrency: 1 timeout: 0 cls: method_name: run args: {"flavor": "f17c0487-351b-48c5-baa4-be5129fdc368", "image": "fb2519f7-fd71-4231-bbb1-c2646090e539", "network_create_args": {}, "subnet_create_args": {}, "boot_server_args": {"auto_assign_nic": true}}
2020-04-10 05:16:18.438 15098 INFO rally.task.runner [-] Task d1d340ee-1fb5-43fe-9c49-f4bcd8af8f08 | ITER: 1 START
2020-04-10 05:16:18.440 15101 RALLYDEBUG rally.task.runner [-] Starting a worker. times: 10 duration: None concurrency: 1 timeout: 0 cls: method_name: run args: {"flavor": "f17c0487-351b-48c5-baa4-be5129fdc368", "image": "fb2519f7-fd71-4231-bbb1-c2646090e539", "network_create_args": {}, "subnet_create_args": {}, "boot_server_args": {"auto_assign_nic": true}}
2020-04-10 05:16:18.441 15098 RALLYDEBUG rally_openstack.wrappers.network [-] CIDR generated: 10.2.36.0/24
2020-04-10 05:16:18.441 15099 INFO rally.task.runner [-] Task d1d340ee-1fb5-43fe-9c49-f4bcd8af8f08 | ITER: 2 START
2020-04-10 05:16:18.444 15100 INFO rally.task.runner [-] Task d1d340ee-1fb5-43fe-9c49-f4bcd8af8f08 | ITER: 3 START
2020-04-10 05:16:18.444 15099 RALLYDEBUG rally_openstack.wrappers.network [-] CIDR generated: 10.2.37.0/24
2020-04-10 05:16:18.445 15101 INFO rally.task.runner [-] Task d1d340ee-1fb5-43fe-9c49-f4bcd8af8f08 | ITER: 4 START
2020-04-10 05:16:18.446 15100 RALLYDEBUG rally_openstack.wrappers.network [-] CIDR generated: 10.2.38.0/24
2020-04-10 05:16:18.448 15101 RALLYDEBUG rally_openstack.wrappers.network [-] CIDR generated: 10.2.39.0/24
2020-04-10 05:16:29.701 15101 RALLYDEBUG rally.task.utils [-] Waiting for resource s_rally_bc455d48_rIP7ZLEW. Status changed: BUILD => ACTIVE in 7.0352654457092285
2020-04-10 05:16:31.136 15099 RALLYDEBUG rally.task.utils [-] Waiting for resource s_rally_bc455d48_P6lTDtN2. Status changed: BUILD => ACTIVE in 9.296555757522583
2020-04-10 05:16:31.623 15098 RALLYDEBUG rally.task.utils [-] Waiting for resource s_rally_bc455d48_04vu56PF. Status changed: BUILD => ACTIVE in 7.555044651031494
2020-04-10 05:16:32.136 15100 RALLYDEBUG rally.task.utils [-] Waiting for resource s_rally_bc455d48_ZhlWn4sG. Status changed: BUILD => ACTIVE in 9.173264741897583
2020-04-10 05:16:33.964 15101 INFO rally.task.runner [-] Task d1d340ee-1fb5-43fe-9c49-f4bcd8af8f08 | ITER: 4 END: OK
2020-04-10 05:16:33.970 15101 INFO rally.task.runner [-] Task d1d340ee-1fb5-43fe-9c49-f4bcd8af8f08 | ITER: 5 START
2020-04-10 05:16:33.971 15101 RALLYDEBUG rally_openstack.wrappers.network [-] CIDR generated: 10.2.40.0/24
2020-04-10 05:16:35.026 15098 INFO rally.task.runner [-] Task d1d340ee-1fb5-43fe-9c49-f4bcd8af8f08 | ITER: 1 END: OK
2020-04-10 05:16:35.032 15098 INFO rally.task.runner [-] Task d1d340ee-1fb5-43fe-9c49-f4bcd8af8f08 | ITER: 6 START
2020-04-10 05:16:35.033 15098 RALLYDEBUG rally_openstack.wrappers.network [-] CIDR generated: 10.2.41.0/24
2020-04-10 05:16:37.220 15099 INFO rally.task.runner [-] Task d1d340ee-1fb5-43fe-9c49-f4bcd8af8f08 | ITER: 2 END: OK
2020-04-10 05:16:37.226 15099 INFO rally.task.runner [-] Task d1d340ee-1fb5-43fe-9c49-f4bcd8af8f08 | ITER: 7 START
2020-04-10 05:16:37.227 15099 RALLYDEBUG rally_openstack.wrappers.network [-] CIDR generated: 10.2.42.0/24
2020-04-10 05:16:39.174 15100 INFO rally.task.runner [-] Task d1d340ee-1fb5-43fe-9c49-f4bcd8af8f08 | ITER: 3 END: OK
2020-04-10 05:16:39.179 15100 INFO rally.task.runner [-] Task d1d340ee-1fb5-43fe-9c49-f4bcd8af8f08 | ITER: 8 START
2020-04-10 05:16:39.180 15100 RALLYDEBUG rally_openstack.wrappers.network [-] CIDR generated: 10.2.43.0/24
2020-04-10 05:16:48.831 15101 RALLYDEBUG rally.task.utils [-] Waiting for resource s_rally_bc455d48_uwwS9R9I. Status changed: BUILD => ACTIVE in 9.997236728668213
2020-04-10 05:16:48.907 15098 RALLYDEBUG rally.task.utils [-] Waiting for resource s_rally_bc455d48_XSin0Psq. Status changed: BUILD => ACTIVE in 9.348660469055176
2020-04-10 05:16:49.217 15099 RALLYDEBUG rally.task.utils [-] Waiting for resource s_rally_bc455d48_2TbQhHkp. Status changed: BUILD => ACTIVE in 7.587405443191528
2020-04-10 05:16:50.104 15100 RALLYDEBUG rally.task.utils [-] Waiting for resource s_rally_bc455d48_JRKUPziU. Status changed: BUILD => ACTIVE in 6.802110433578491
2020-04-10 05:16:53.514 15099 INFO rally.task.runner [-] Task d1d340ee-1fb5-43fe-9c49-f4bcd8af8f08 | ITER: 7 END: OK
2020-04-10 05:16:53.521 15099 INFO rally.task.runner [-] Task d1d340ee-1fb5-43fe-9c49-f4bcd8af8f08 | ITER: 9 START
2020-04-10 05:16:53.523 15099 RALLYDEBUG rally_openstack.wrappers.network [-] CIDR generated: 10.2.44.0/24
2020-04-10 05:16:53.807 15100 INFO rally.task.runner [-] Task d1d340ee-1fb5-43fe-9c49-f4bcd8af8f08 | ITER: 8 END: OK
2020-04-10 05:16:53.813 15100 INFO rally.task.runner [-] Task d1d340ee-1fb5-43fe-9c49-f4bcd8af8f08 | ITER: 10 START
2020-04-10 05:16:53.815 15100 RALLYDEBUG rally_openstack.wrappers.network [-] CIDR generated: 10.2.45.0/24
2020-04-10 05:16:55.307 15101 INFO rally.task.runner [-] Task d1d340ee-1fb5-43fe-9c49-f4bcd8af8f08 | ITER: 5 END: OK
2020-04-10 05:16:55.496 15098 INFO rally.task.runner [-] Task d1d340ee-1fb5-43fe-9c49-f4bcd8af8f08 | ITER: 6 END: OK
2020-04-10 05:17:05.119 15099 RALLYDEBUG rally.task.utils [-] Waiting for resource s_rally_bc455d48_XP9aqICq. Status changed: BUILD => ACTIVE in 6.835333585739136
