2020-04-10 06:21:27.603 3119 INFO rally.task.runner [-] Task e6d8596e-ab08-49ee-bc47-31c142205d9c | ITER: 9 START
2020-04-10 06:21:27.603 3124 RALLYDEBUG rally.task.runner [-] Starting a worker. times: 40 duration: None concurrency: 1 timeout: 0 cls: method_name: run args: {"network_create_args": {}, "subnet_create_args": {}, "subnet_cidr_start": "1.1.0.0/30", "subnets_per_network": 2, "router_create_args": {}}
2020-04-10 06:21:27.607 3124 INFO rally.task.runner [-] Task e6d8596e-ab08-49ee-bc47-31c142205d9c | ITER: 10 START
2020-04-10 06:21:27.606 3125 RALLYDEBUG rally.task.runner [-] Starting a worker. times: 40 duration: None concurrency: 1 timeout: 0 cls: method_name: run args: {"network_create_args": {}, "subnet_create_args": {}, "subnet_cidr_start": "1.1.0.0/30", "subnets_per_network": 2, "router_create_args": {}}
2020-04-10 06:21:27.608 3128 RALLYDEBUG rally.task.runner [-] Starting a worker. times: 40 duration: None concurrency: 1 timeout: 0 cls: method_name: run args: {"network_create_args": {}, "subnet_create_args": {}, "subnet_cidr_start": "1.1.0.0/30", "subnets_per_network": 2, "router_create_args": {}}
2020-04-10 06:21:27.610 3131 RALLYDEBUG rally.task.runner [-] Starting a worker. times: 40 duration: None concurrency: 1 timeout: 0 cls: method_name: run args: {"network_create_args": {}, "subnet_create_args": {}, "subnet_cidr_start": "1.1.0.0/30", "subnets_per_network": 2, "router_create_args": {}}
2020-04-10 06:21:27.611 3125 INFO rally.task.runner [-] Task e6d8596e-ab08-49ee-bc47-31c142205d9c | ITER: 11 START
2020-04-10 06:21:27.612 3128 INFO rally.task.runner [-] Task e6d8596e-ab08-49ee-bc47-31c142205d9c | ITER: 12 START
2020-04-10 06:21:27.614 3131 INFO rally.task.runner [-] Task e6d8596e-ab08-49ee-bc47-31c142205d9c | ITER: 13 START
2020-04-10 06:21:27.614 3134 RALLYDEBUG rally.task.runner [-] Starting a worker. times: 40 duration: None concurrency: 1 timeout: 0 cls: method_name: run args: {"network_create_args": {}, "subnet_create_args": {}, "subnet_cidr_start": "1.1.0.0/30", "subnets_per_network": 2, "router_create_args": {}}
2020-04-10 06:21:27.618 3134 INFO rally.task.runner [-] Task e6d8596e-ab08-49ee-bc47-31c142205d9c | ITER: 14 START
2020-04-10 06:21:27.618 3139 RALLYDEBUG rally.task.runner [-] Starting a worker. times: 40 duration: None concurrency: 1 timeout: 0 cls: method_name: run args: {"network_create_args": {}, "subnet_create_args": {}, "subnet_cidr_start": "1.1.0.0/30", "subnets_per_network": 2, "router_create_args": {}}
2020-04-10 06:21:27.620 3140 RALLYDEBUG rally.task.runner [-] Starting a worker. times: 40 duration: None concurrency: 1 timeout: 0 cls: method_name: run args: {"network_create_args": {}, "subnet_create_args": {}, "subnet_cidr_start": "1.1.0.0/30", "subnets_per_network": 2, "router_create_args": {}}
2020-04-10 06:21:27.623 3139 INFO rally.task.runner [-] Task e6d8596e-ab08-49ee-bc47-31c142205d9c | ITER: 15 START
2020-04-10 06:21:27.625 3140 INFO rally.task.runner [-] Task e6d8596e-ab08-49ee-bc47-31c142205d9c | ITER: 16 START
2020-04-10 06:21:27.625 3143 RALLYDEBUG rally.task.runner [-] Starting a worker. times: 40 duration: None concurrency: 1 timeout: 0 cls: method_name: run args: {"network_create_args": {}, "subnet_create_args": {}, "subnet_cidr_start": "1.1.0.0/30", "subnets_per_network": 2, "router_create_args": {}}
2020-04-10 06:21:27.628 3143 INFO rally.task.runner [-] Task e6d8596e-ab08-49ee-bc47-31c142205d9c | ITER: 17 START
2020-04-10 06:21:27.630 3148 RALLYDEBUG rally.task.runner [-] Starting a worker. times: 40 duration: None concurrency: 1 timeout: 0 cls: method_name: run args: {"network_create_args": {}, "subnet_create_args": {}, "subnet_cidr_start": "1.1.0.0/30", "subnets_per_network": 2, "router_create_args": {}}
2020-04-10 06:21:27.632 3151 RALLYDEBUG rally.task.runner [-] Starting a worker. times: 40 duration: None concurrency: 1 timeout: 0 cls: method_name: run args: {"network_create_args": {}, "subnet_create_args": {}, "subnet_cidr_start": "1.1.0.0/30", "subnets_per_network": 2, "router_create_args": {}}
2020-04-10 06:21:27.634 3148 INFO rally.task.runner [-] Task e6d8596e-ab08-49ee-bc47-31c142205d9c | ITER: 18 START
2020-04-10 06:21:27.635 3152 RALLYDEBUG rally.task.runner [-] Starting a worker. times: 40 duration: None concurrency: 1 timeout: 0 cls: method_name: run args: {"network_create_args": {}, "subnet_create_args": {}, "subnet_cidr_start": "1.1.0.0/30", "subnets_per_network": 2, "router_create_args": {}}
2020-04-10 06:21:27.636 3151 INFO rally.task.runner [-] Task e6d8596e-ab08-49ee-bc47-31c142205d9c | ITER: 19 START
2020-04-10 06:21:27.638 3152 INFO rally.task.runner [-] Task e6d8596e-ab08-49ee-bc47-31c142205d9c | ITER: 20 START
2020-04-10 06:21:28.835 3152 RALLYDEBUG rally_openstack.wrappers.network [-] CIDR generated: 1.1.8.32/30
2020-04-10 06:21:29.393 3139 RALLYDEBUG rally_openstack.wrappers.network [-] CIDR generated: 1.1.8.36/30
2020-04-10 06:21:29.404 3125 RALLYDEBUG rally_openstack.wrappers.network [-] CIDR generated: 1.1.8.40/30
2020-04-10 06:21:30.620 3134 RALLYDEBUG rally_openstack.wrappers.network [-] CIDR generated: 1.1.8.44/30
2020-04-10 06:21:30.805 3125 RALLYDEBUG rally_openstack.wrappers.network [-] CIDR generated: 1.1.8.48/30
2020-04-10 06:21:30.983 3151 RALLYDEBUG rally_openstack.wrappers.network [-] CIDR generated: 1.1.8.52/30
2020-04-10 06:21:31.356 3105 RALLYDEBUG rally_openstack.wrappers.network [-] CIDR generated: 1.1.8.56/30
2020-04-10 06:21:31.407 3152 RALLYDEBUG rally_openstack.wrappers.network [-] CIDR generated: 1.1.8.60/30
2020-04-10 06:21:31.861 3124 RALLYDEBUG rally_openstack.wrappers.network [-] CIDR generated: 1.1.8.64/30
2020-04-10 06:21:32.017 3128 RALLYDEBUG rally_openstack.wrappers.network [-] CIDR generated: 1.1.8.68/30
2020-04-10 06:21:32.023 3134 RALLYDEBUG rally_openstack.wrappers.network [-] CIDR generated: 1.1.8.72/30
2020-04-10 06:21:32.248 3119 RALLYDEBUG rally_openstack.wrappers.network [-] CIDR generated: 1.1.8.76/30
2020-04-10 06:21:32.543 3139 RALLYDEBUG rally_openstack.wrappers.network [-] CIDR generated: 1.1.8.80/30
2020-04-10 06:21:32.797 3131 RALLYDEBUG rally_openstack.wrappers.network [-] CIDR generated: 1.1.8.84/30
2020-04-10 06:21:33.124 3102 RALLYDEBUG rally_openstack.wrappers.network [-] CIDR generated: 1.1.8.88/30
2020-04-10 06:21:33.443 3124 RALLYDEBUG rally_openstack.wrappers.network [-] CIDR generated: 1.1.8.92/30
2020-04-10 06:21:33.638 3143 RALLYDEBUG rally_openstack.wrappers.network [-] CIDR generated: 1.1.8.96/30
2020-04-10 06:21:33.714 3105 RALLYDEBUG rally_openstack.wrappers.network [-] CIDR generated: 1.1.8.100/30
2020-04-10 06:21:34.544 3119 RALLYDEBUG rally_openstack.wrappers.network [-] CIDR generated: 1.1.8.104/30
2020-04-10 06:21:34.592 3102 RALLYDEBUG rally_openstack.wrappers.network [-] CIDR generated: 1.1.8.108/30
2020-04-10 06:21:34.975 3143 RALLYDEBUG rally_openstack.wrappers.network [-] CIDR generated: 1.1.8.112/30
2020-04-10 06:21:35.706 3128 RALLYDEBUG rally_openstack.wrappers.network [-] CIDR generated: 1.1.8.116/30
2020-04-10 06:21:36.127 3108 RALLYDEBUG rally_openstack.wrappers.network [-] CIDR generated: 1.1.8.120/30
2020-04-10 06:21:36.340 3111 RALLYDEBUG rally_openstack.wrappers.network [-] CIDR generated: 1.1.8.124/30
2020-04-10 06:21:36.562 3148 RALLYDEBUG rally_openstack.wrappers.network [-] CIDR generated: 1.1.8.128/30
2020-04-10 06:21:37.737 3101 RALLYDEBUG rally_openstack.wrappers.network [-] CIDR generated: 1.1.8.132/30
2020-04-10 06:21:37.864 3151 RALLYDEBUG rally_openstack.wrappers.network [-] CIDR generated: 1.1.8.136/30
2020-04-10 06:21:38.304 3116 RALLYDEBUG rally_openstack.wrappers.network [-] CIDR generated: 1.1.8.140/30
2020-04-10 06:21:39.504 3131 RALLYDEBUG rally_openstack.wrappers.network [-] CIDR generated: 1.1.8.144/30
2020-04-10 06:21:39.860 3140 RALLYDEBUG rally_openstack.wrappers.network [-] CIDR generated: 1.1.8.148/30
2020-04-10 06:21:41.096 3099 RALLYDEBUG rally_openstack.wrappers.network [-] CIDR generated: 1.1.8.152/30
2020-04-10 06:21:41.443 3101 RALLYDEBUG rally_openstack.wrappers.network [-] CIDR generated: 1.1.8.156/30
2020-04-10 06:21:42.348 3116 RALLYDEBUG rally_openstack.wrappers.network [-] CIDR generated: 1.1.8.160/30
2020-04-10 06:21:42.405 3111 RALLYDEBUG rally_openstack.wrappers.network [-] CIDR generated: 1.1.8.164/30
2020-04-10 06:21:42.577 3108 RALLYDEBUG rally_openstack.wrappers.network [-] CIDR generated: 1.1.8.168/30
2020-04-10 06:21:42.761 3148 RALLYDEBUG rally_openstack.wrappers.network [-] CIDR generated: 1.1.8.172/30
2020-04-10 06:21:43.171 3140 RALLYDEBUG rally_openstack.wrappers.network [-] CIDR generated: 1.1.8.176/30
2020-04-10 06:21:45.147 3099 RALLYDEBUG rally_openstack.wrappers.network [-] CIDR generated: 1.1.8.180/30
2020-04-10 06:21:46.802 3125 INFO rally.task.runner [-] Task e6d8596e-ab08-49ee-bc47-31c142205d9c | ITER: 11 END: OK
2020-04-10 06:21:46.806 3125 INFO rally.task.runner [-] Task e6d8596e-ab08-49ee-bc47-31c142205d9c | ITER: 21 START
2020-04-10 06:21:47.868 3100 RALLYDEBUG rally_openstack.wrappers.network [-] CIDR generated: 1.1.8.184/30
2020-04-10 06:21:48.049 3124 INFO rally.task.runner [-] Task e6d8596e-ab08-49ee-bc47-31c142205d9c | ITER: 10 END: OK
2020-04-10 06:21:48.053 3124 INFO rally.task.runner [-] Task e6d8596e-ab08-49ee-bc47-31c142205d9c | ITER: 22 START
2020-04-10 06:21:49.089 3124 RALLYDEBUG rally_openstack.wrappers.network [-] CIDR generated: 1.1.8.188/30
2020-04-10 06:21:49.150 3125 RALLYDEBUG rally_openstack.wrappers.network [-] CIDR generated: 1.1.8.192/30
2020-04-10 06:21:51.286 3119 INFO rally.task.runner [-] Task e6d8596e-ab08-49ee-bc47-31c142205d9c | ITER: 9 END: OK
2020-04-10 06:21:51.294 3119 INFO rally.task.runner [-] Task e6d8596e-ab08-49ee-bc47-31c142205d9c | ITER: 23 START
2020-04-10 06:21:51.326 3124 RALLYDEBUG rally_openstack.wrappers.network [-] CIDR generated: 1.1.8.196/30
2020-04-10 06:21:51.926 3125 RALLYDEBUG rally_openstack.wrappers.network [-] CIDR generated: 1.1.8.200/30
2020-04-10 06:21:52.604 3134 INFO rally.task.runner [-] Task e6d8596e-ab08-49ee-bc47-31c142205d9c | ITER: 14 END: OK
2020-04-10 06:21:52.610 3134 INFO rally.task.runner [-] Task e6d8596e-ab08-49ee-bc47-31c142205d9c | ITER: 24 START
2020-04-10 06:21:52.635 3119 RALLYDEBUG rally_openstack.wrappers.network [-] CIDR generated: 1.1.8.204/30
2020-04-10 06:21:53.380 3100 RALLYDEBUG rally_openstack.wrappers.network [-] CIDR generated: 1.1.8.208/30
2020-04-10 06:21:54.157 3134 RALLYDEBUG rally_openstack.wrappers.network [-] CIDR generated: 1.1.8.212/30
2020-04-10 06:21:56.085 3119 RALLYDEBUG rally_openstack.wrappers.network [-] CIDR generated: 1.1.8.216/30
2020-04-10 06:21:56.654 3105 INFO rally.task.runner [-] Task e6d8596e-ab08-49ee-bc47-31c142205d9c | ITER: 5 END: OK
2020-04-10 06:21:56.660 3105 INFO rally.task.runner [-] Task e6d8596e-ab08-49ee-bc47-31c142205d9c | ITER: 25 START
2020-04-10 06:21:58.694 3134 RALLYDEBUG rally_openstack.wrappers.network [-] CIDR generated: 1.1.8.220/30
2020-04-10 06:21:58.835 3105 RALLYDEBUG rally_openstack.wrappers.network [-] CIDR generated: 1.1.8.224/30
2020-04-10 06:21:59.817 3152 INFO rally.task.runner [-] Task e6d8596e-ab08-49ee-bc47-31c142205d9c | ITER: 20 END: OK
2020-04-10 06:21:59.822 3152 INFO rally.task.runner [-] Task e6d8596e-ab08-49ee-bc47-31c142205d9c | ITER: 26 START
2020-04-10 06:21:59.974 3102 INFO rally.task.runner [-] Task e6d8596e-ab08-49ee-bc47-31c142205d9c | ITER: 4 END: OK
2020-04-10 06:21:59.979 3102 INFO rally.task.runner [-] Task e6d8596e-ab08-49ee-bc47-31c142205d9c | ITER: 27 START
2020-04-10 06:22:01.663 3152 RALLYDEBUG rally_openstack.wrappers.network [-] CIDR generated: 1.1.8.228/30
2020-04-10 06:22:02.091 3105 RALLYDEBUG rally_openstack.wrappers.network [-] CIDR generated: 1.1.8.232/30
2020-04-10 06:22:03.046 3152 RALLYDEBUG rally_openstack.wrappers.network [-] CIDR generated: 1.1.8.236/30
2020-04-10 06:22:03.898 3140 INFO rally.task.runner [-] Task e6d8596e-ab08-49ee-bc47-31c142205d9c | ITER: 16 END: OK
2020-04-10 06:22:03.906 3140 INFO rally.task.runner [-] Task e6d8596e-ab08-49ee-bc47-31c142205d9c | ITER: 28 START
2020-04-10 06:22:04.477 3102 RALLYDEBUG rally_openstack.wrappers.network [-] CIDR generated: 1.1.8.240/30
2020-04-10 06:22:05.424 3101 INFO rally.task.runner [-] Task e6d8596e-ab08-49ee-bc47-31c142205d9c | ITER: 3 END: OK
2020-04-10 06:22:05.430 3101 INFO rally.task.runner [-] Task e6d8596e-ab08-49ee-bc47-31c142205d9c | ITER: 29 START
2020-04-10 06:22:06.004 3143 INFO rally.task.runner [-] Task e6d8596e-ab08-49ee-bc47-31c142205d9c | ITER: 17 END: OK
2020-04-10 06:22:06.010 3143 INFO rally.task.runner [-] Task e6d8596e-ab08-49ee-bc47-31c142205d9c | ITER: 30 START
2020-04-10 06:22:06.195 3140 RALLYDEBUG rally_openstack.wrappers.network [-] CIDR generated: 1.1.8.244/30
2020-04-10 06:22:06.695 3148 INFO rally.task.runner [-] Task e6d8596e-ab08-49ee-bc47-31c142205d9c | ITER: 18 END: OK
2020-04-10 06:22:06.701 3148 INFO rally.task.runner [-] Task e6d8596e-ab08-49ee-bc47-31c142205d9c | ITER: 31 START
2020-04-10 06:22:07.682 3101 RALLYDEBUG rally_openstack.wrappers.network [-] CIDR generated: 1.1.8.248/30
2020-04-10 06:22:08.967 3143 RALLYDEBUG rally_openstack.wrappers.network [-] CIDR generated: 1.1.8.252/30
2020-04-10 06:22:08.982 3116 INFO rally.task.runner [-] Task e6d8596e-ab08-49ee-bc47-31c142205d9c | ITER: 8 END: OK
2020-04-10 06:22:08.986 3116 INFO rally.task.runner [-] Task e6d8596e-ab08-49ee-bc47-31c142205d9c | ITER: 32 START
2020-04-10 06:22:09.194 3101 RALLYDEBUG rally_openstack.wrappers.network [-] CIDR generated: 1.1.9.0/30
2020-04-10 06:22:09.389 3102 RALLYDEBUG rally_openstack.wrappers.network [-] CIDR generated: 1.1.9.4/30
2020-04-10 06:22:11.140 3140 RALLYDEBUG rally_openstack.wrappers.network [-] CIDR generated: 1.1.9.8/30
2020-04-10 06:22:11.282 3148 RALLYDEBUG rally_openstack.wrappers.network [-] CIDR generated: 1.1.9.12/30
2020-04-10 06:22:12.028 3116 RALLYDEBUG rally_openstack.wrappers.network [-] CIDR generated: 1.1.9.16/30
2020-04-10 06:22:13.043 3143 RALLYDEBUG rally_openstack.wrappers.network [-] CIDR generated: 1.1.9.20/30
2020-04-10 06:22:13.699 3148 RALLYDEBUG rally_openstack.wrappers.network [-] CIDR generated: 1.1.9.24/30
2020-04-10 06:22:13.803 3139 INFO rally.task.runner [-] Task e6d8596e-ab08-49ee-bc47-31c142205d9c | ITER: 15 END: OK
2020-04-10 06:22:13.810 3139 INFO rally.task.runner [-] Task e6d8596e-ab08-49ee-bc47-31c142205d9c | ITER: 33 START
2020-04-10 06:22:14.896 3139 RALLYDEBUG rally_openstack.wrappers.network [-] CIDR generated: 1.1.9.28/30
2020-04-10 06:22:16.867 3125 INFO rally.task.runner [-] Task e6d8596e-ab08-49ee-bc47-31c142205d9c | ITER: 21 END: OK
2020-04-10 06:22:16.872 3125 INFO rally.task.runner [-] Task e6d8596e-ab08-49ee-bc47-31c142205d9c | ITER: 34 START
2020-04-10 06:22:17.875 3116 RALLYDEBUG rally_openstack.wrappers.network [-] CIDR generated: 1.1.9.32/30
2020-04-10 06:22:17.881 3125 RALLYDEBUG rally_openstack.wrappers.network [-] CIDR generated: 1.1.9.36/30
2020-04-10 06:22:17.890 3139 RALLYDEBUG rally_openstack.wrappers.network [-] CIDR generated: 1.1.9.40/30
2020-04-10 06:22:19.213 3125 RALLYDEBUG rally_openstack.wrappers.network [-] CIDR generated: 1.1.9.44/30
2020-04-10 06:22:19.697 3128 INFO rally.task.runner [-] Task e6d8596e-ab08-49ee-bc47-31c142205d9c | ITER: 12 END: OK
2020-04-10 06:22:19.703 3128 INFO rally.task.runner [-] Task e6d8596e-ab08-49ee-bc47-31c142205d9c | ITER: 35 START
2020-04-10 06:22:20.143 3105 INFO rally.task.runner [-] Task e6d8596e-ab08-49ee-bc47-31c142205d9c | ITER: 25 END: OK
2020-04-10 06:22:20.148 3105 INFO rally.task.runner [-] Task e6d8596e-ab08-49ee-bc47-31c142205d9c | ITER: 36 START
2020-04-10 06:22:21.193 3134 INFO rally.task.runner [-] Task e6d8596e-ab08-49ee-bc47-31c142205d9c | ITER: 24 END: OK
2020-04-10 06:22:21.196 3134 INFO rally.task.runner [-] Task e6d8596e-ab08-49ee-bc47-31c142205d9c | ITER: 37 START
2020-04-10 06:22:21.840 3105 RALLYDEBUG rally_openstack.wrappers.network [-] CIDR generated: 1.1.9.48/30
2020-04-10 06:22:21.950 3111 INFO rally.task.runner [-] Task e6d8596e-ab08-49ee-bc47-31c142205d9c | ITER: 7 END: OK
2020-04-10 06:22:21.955 3111 INFO rally.task.runner [-] Task e6d8596e-ab08-49ee-bc47-31c142205d9c | ITER: 38 START
2020-04-10 06:22:22.215 3128 RALLYDEBUG rally_openstack.wrappers.network [-] CIDR generated: 1.1.9.52/30
2020-04-10 06:22:22.921 3134 RALLYDEBUG rally_openstack.wrappers.network [-] CIDR generated: 1.1.9.56/30
2020-04-10 06:22:22.923 3099 INFO rally.task.runner [-] Task e6d8596e-ab08-49ee-bc47-31c142205d9c | ITER: 1 END: OK
2020-04-10 06:22:22.931 3099 INFO rally.task.runner [-] Task e6d8596e-ab08-49ee-bc47-31c142205d9c | ITER: 39 START
2020-04-10 06:22:23.194 3105 RALLYDEBUG rally_openstack.wrappers.network [-] CIDR generated: 1.1.9.60/30
2020-04-10 06:22:24.181 3111 RALLYDEBUG rally_openstack.wrappers.network [-] CIDR generated: 1.1.9.64/30
2020-04-10 06:22:24.312 3134 RALLYDEBUG rally_openstack.wrappers.network [-] CIDR generated: 1.1.9.68/30
2020-04-10 06:22:24.886 3124 INFO rally.task.runner [-] Task e6d8596e-ab08-49ee-bc47-31c142205d9c | ITER: 22 END: OK
2020-04-10 06:22:24.891 3124 INFO rally.task.runner [-] Task e6d8596e-ab08-49ee-bc47-31c142205d9c | ITER: 40 START
2020-04-10 06:22:25.577 3101 INFO rally.task.runner [-] Task e6d8596e-ab08-49ee-bc47-31c142205d9c | ITER: 29 END: OK
2020-04-10 06:22:25.768 3151 INFO rally.task.runner [-] Task e6d8596e-ab08-49ee-bc47-31c142205d9c | ITER: 19 END: OK
2020-04-10 06:22:26.050 3111 RALLYDEBUG rally_openstack.wrappers.network [-] CIDR generated: 1.1.9.72/30
2020-04-10 06:22:26.201 3124 RALLYDEBUG rally_openstack.wrappers.network [-] CIDR generated: 1.1.9.76/30
2020-04-10 06:22:26.336 3131 INFO rally.task.runner [-] Task e6d8596e-ab08-49ee-bc47-31c142205d9c | ITER: 13 END: OK
2020-04-10 06:22:26.695 3099 RALLYDEBUG rally_openstack.wrappers.network [-] CIDR generated: 1.1.9.80/30
2020-04-10 06:22:28.296 3108 INFO rally.task.runner [-] Task e6d8596e-ab08-49ee-bc47-31c142205d9c | ITER: 6 END: OK
2020-04-10 06:22:28.705 3128 RALLYDEBUG rally_openstack.wrappers.network [-] CIDR generated: 1.1.9.84/30
2020-04-10 06:22:28.884 3100 INFO rally.task.runner [-] Task e6d8596e-ab08-49ee-bc47-31c142205d9c | ITER: 2 END: OK
2020-04-10 06:22:29.759 3124 RALLYDEBUG rally_openstack.wrappers.network [-] CIDR generated: 1.1.9.88/30
2020-04-10 06:22:30.459 3099 RALLYDEBUG rally_openstack.wrappers.network [-] CIDR generated: 1.1.9.92/30
2020-04-10 06:22:31.529 3119 INFO rally.task.runner [-] Task e6d8596e-ab08-49ee-bc47-31c142205d9c | ITER: 23 END: OK
2020-04-10 06:22:32.238 3152 INFO rally.task.runner [-] Task e6d8596e-ab08-49ee-bc47-31c142205d9c | ITER: 26 END: OK
2020-04-10 06:22:35.991 3125 INFO rally.task.runner [-] Task e6d8596e-ab08-49ee-bc47-31c142205d9c | ITER: 34 END: OK
2020-04-10 06:22:37.739 3102 INFO rally.task.runner [-] Task e6d8596e-ab08-49ee-bc47-31c142205d9c | ITER: 27 END: OK
2020-04-10 06:22:38.067 3140 INFO rally.task.runner [-] Task e6d8596e-ab08-49ee-bc47-31c142205d9c | ITER: 28 END: OK
2020-04-10 06:22:38.688 3116 INFO rally.task.runner [-] Task e6d8596e-ab08-49ee-bc47-31c142205d9c | ITER: 32 END: OK
2020-04-10 06:22:39.642 3134 INFO rally.task.runner [-] Task e6d8596e-ab08-49ee-bc47-31c142205d9c | ITER: 37 END: OK
2020-04-10 06:22:44.133 3143 INFO rally.task.runner [-] Task e6d8596e-ab08-49ee-bc47-31c142205d9c | ITER: 30 END: OK
2020-04-10 06:22:44.765 3148 INFO rally.task.runner [-] Task e6d8596e-ab08-49ee-bc47-31c142205d9c | ITER: 31 END: OK
2020-04-10 06:22:46.997 3139 INFO rally.task.runner [-] Task e6d8596e-ab08-49ee-bc47-31c142205d9c | ITER: 33 END: OK
2020-04-10 06:22:48.093 3105 INFO rally.task.runner [-] Task e6d8596e-ab08-49ee-bc47-31c142205d9c | ITER: 36 END: OK
2020-04-10 06:22:52.136 3099 INFO rally.task.runner [-] Task e6d8596e-ab08-49ee-bc47-31c142205d9c | ITER: 39 END: OK
2020-04-10 06:22:53.230 3128 INFO rally.task.runner [-] Task e6d8596e-ab08-49ee-bc47-31c142205d9c | ITER: 35 END: OK
2020-04-10 06:22:54.731 3111 INFO rally.task.runner [-] Task e6d8596e-ab08-49ee-bc47-31c142205d9c | ITER: 38 END: OK
2020-04-10 06:22:57.325 3124 INFO rally.task.runner [-] Task e6d8596e-ab08-49ee-bc47-31c142205d9c | ITER: 40 END: OK
2020-04-10 06:22:57.353 15 INFO rally.task.context [-] Task e6d8596e-ab08-49ee-bc47-31c142205d9c | Context cleanup@openstack cleanup() started
2020-04-10 06:22:57.360 15 RALLYDEBUG rally_openstack.cleanup.manager [-] Cleaning up neutron vip objects
2020-04-10 06:22:57.600 15 RALLYDEBUG rally_openstack.cleanup.manager [-] Cleaning up neutron health_monitor objects
2020-04-10 06:22:57.718 15 RALLYDEBUG rally_openstack.cleanup.manager [-] Cleaning up neutron pool objects
2020-04-10 06:22:57.839 15 RALLYDEBUG rally_openstack.cleanup.manager [-] Cleaning up neutron loadbalancer objects
2020-04-10 06:22:57.963 15 RALLYDEBUG rally_openstack.cleanup.manager [-] Cleaning up neutron floatingip objects
2020-04-10 06:22:58.146 15 RALLYDEBUG rally_openstack.cleanup.manager [-] Cleaning up neutron trunk objects
2020-04-10 06:22:58.291 15 RALLYDEBUG rally_openstack.cleanup.manager [-] Cleaning up neutron port objects
2020-04-10 06:22:58.849 15 RALLYDEBUG rally_openstack.cleanup.manager [-] Cleaning up neutron subnet objects
2020-04-10 06:22:59.198 15 RALLYDEBUG rally_openstack.cleanup.manager [-] Deleting neutron.subnet object s_rally_d10b8b6f_o2Ft5GfI (024b793b-8f23-4161-8af3-2696de465c60)
2020-04-10 06:22:59.204 15 RALLYDEBUG rally_openstack.cleanup.manager [-] Deleting neutron.subnet object s_rally_d10b8b6f_v9B2FxPN (033222d6-a740-4ef6-bc07-9caf268f20cf)
2020-04-10 06:22:59.215 15 RALLYDEBUG rally_openstack.cleanup.manager [-] Deleting neutron.subnet object s_rally_d10b8b6f_j5YZ2zir (05af1fb6-2e92-430b-9f36-6064a9734408)
2020-04-10 06:22:59.226 15 RALLYDEBUG rally_openstack.cleanup.manager [-] Deleting neutron.subnet object s_rally_d10b8b6f_wBmsXAZ9 (0c41f8fe-5039-4968-9b82-c0f32e89a5a7)
2020-04-10 06:22:59.249 15 RALLYDEBUG rally_openstack.cleanup.manager [-] Deleting neutron.subnet object s_rally_d10b8b6f_LwPrxYfK (0de2c3b9-55ad-4115-bde3-6e45e2b7db3b)
2020-04-10 06:22:59.267 15 RALLYDEBUG rally_openstack.cleanup.manager [-] Deleting neutron.subnet object s_rally_d10b8b6f_2I6o7qBZ (14606976-f271-47da-8039-6a20ed3d02cb)
2020-04-10 06:22:59.244 15 RALLYDEBUG rally_openstack.cleanup.manager [-] Deleting neutron.subnet object s_rally_d10b8b6f_93nWCjZA (0dbcde07-e905-4e70-ba10-8a0aae098fad)
2020-04-10 06:22:59.273 15 RALLYDEBUG rally_openstack.cleanup.manager [-] Deleting neutron.subnet object s_rally_d10b8b6f_NOHo3Z8Q (1ab5269f-dc5e-4133-a11f-ee79ece3d2e0)
2020-04-10 06:22:59.299 15 RALLYDEBUG rally_openstack.cleanup.manager [-] Deleting neutron.subnet object s_rally_d10b8b6f_IDHVhQl8 (1bac0cad-2720-40aa-bf29-04f81d892c93)
2020-04-10 06:22:59.313 15 RALLYDEBUG rally_openstack.cleanup.manager [-] Deleting neutron.subnet object s_rally_d10b8b6f_6q6nRqLW (1c727c39-331d-40cc-b854-23a581cd2063)
2020-04-10 06:22:59.336 15 RALLYDEBUG rally_openstack.cleanup.manager [-] Deleting neutron.subnet object s_rally_d10b8b6f_FwrQ8YNF (212ab9e1-75f3-4fa0-837e-11a1034415c8)
2020-04-10 06:22:59.345 15 RALLYDEBUG rally_openstack.cleanup.manager [-] Deleting neutron.subnet object s_rally_d10b8b6f_UFFwuyai (260462b8-cfa2-43d7-853a-be1fefd36ec7)
2020-04-10 06:22:59.364 15 RALLYDEBUG rally_openstack.cleanup.manager [-] Deleting neutron.subnet object s_rally_d10b8b6f_IVjjgFjV (2ccd3b74-6426-4efc-b2ec-c5ea49c0564f)
2020-04-10 06:22:59.377 15 RALLYDEBUG rally_openstack.cleanup.manager [-] Deleting neutron.subnet object s_rally_d10b8b6f_SqIpiino (279bd773-cb0a-44e3-b32e-c17e4cbe9d84)
2020-04-10 06:22:59.408 15 RALLYDEBUG rally_openstack.cleanup.manager [-] Deleting neutron.subnet object s_rally_d10b8b6f_r4nLfbrS (30c0d8e7-5dc0-42c9-be53-01cbd203d4b2)
2020-04-10 06:22:59.425 15 RALLYDEBUG rally_openstack.cleanup.manager [-] Deleting neutron.subnet object s_rally_d10b8b6f_4OS3La18 (318ecbd9-4ef7-4077-ad33-05af304edd01)
2020-04-10 06:22:59.431 15 RALLYDEBUG rally_openstack.cleanup.manager [-] Deleting neutron.subnet object s_rally_d10b8b6f_eo7FppI7 (37250d80-198b-44a4-99f9-710758c009b3)
2020-04-10 06:22:59.436 15 RALLYDEBUG rally_openstack.cleanup.manager [-] Deleting neutron.subnet object s_rally_d10b8b6f_nj7HBzIP (373bdee7-4a66-49d6-8280-6c4939618a23)
2020-04-10 06:22:59.478 15 RALLYDEBUG rally_openstack.cleanup.manager [-] Deleting neutron.subnet object s_rally_d10b8b6f_xrIWNehu (3c91b803-3043-4e0b-97b9-51a85378db6b)
2020-04-10 06:22:59.503 15 RALLYDEBUG rally_openstack.cleanup.manager [-] Deleting neutron.subnet object s_rally_d10b8b6f_8DUqT6n0 (43a0b907-c2fb-4277-9269-356ee14a05af)
2020-04-10 06:23:01.806 15 RALLYDEBUG rally_openstack.cleanup.manager [-] Deleting neutron.subnet object s_rally_d10b8b6f_YSiQKnB2 (4c312336-170f-40f9-b53c-a1b740ddb479)
2020-04-10 06:23:01.923 15 RALLYDEBUG rally_openstack.cleanup.manager [-] Deleting neutron.subnet object s_rally_d10b8b6f_8YhoneP1 (4c6a4d41-3aa9-480b-ba12-39d6ad690fc4)
2020-04-10 06:23:01.942 15 RALLYDEBUG rally_openstack.cleanup.manager [-] Deleting neutron.subnet object s_rally_d10b8b6f_tU2Jp8fK (52091422-ecb6-4204-ae93-db676f59f50e)
2020-04-10 06:23:02.656 15 RALLYDEBUG rally_openstack.cleanup.manager [-] Deleting neutron.subnet object s_rally_d10b8b6f_Eheb3QHQ (5aa5c8aa-ec89-4404-9d36-0c45fcecaeec)
2020-04-10 06:23:02.676 15 RALLYDEBUG rally_openstack.cleanup.manager [-] Deleting neutron.subnet object s_rally_d10b8b6f_8CJ1x7bf (5aa88a95-dbdf-44af-8d7e-607131079e69)
2020-04-10 06:23:02.713 15 RALLYDEBUG rally_openstack.cleanup.manager [-] Deleting neutron.subnet object s_rally_d10b8b6f_mcAjYXjp (5f185fdc-019b-4bdc-9d97-3484b00cb87f)
2020-04-10 06:23:03.204 15 RALLYDEBUG rally_openstack.cleanup.manager [-] Deleting neutron.subnet object s_rally_d10b8b6f_JVsdim8N (62231573-82f5-42a8-bda0-eb835e748ba6)
2020-04-10 06:23:03.229 15 RALLYDEBUG rally_openstack.cleanup.manager [-] Deleting neutron.subnet object s_rally_d10b8b6f_iPJXgMzO (62b36237-820f-480b-bcfd-c3b149e47bb5)
2020-04-10 06:23:03.243 15 RALLYDEBUG rally_openstack.cleanup.manager [-] Deleting neutron.subnet object s_rally_d10b8b6f_yo9rLyXw (68eb6e31-59cc-4ce8-871d-d61df4a95ca5)
2020-04-10 06:23:03.328 15 RALLYDEBUG rally_openstack.cleanup.manager [-] Deleting neutron.subnet object s_rally_d10b8b6f_R4ZLTgl9 (6e6378ba-a5cb-4182-8bae-79e61460cc42)
2020-04-10 06:23:03.430 15 RALLYDEBUG rally_openstack.cleanup.manager [-] Deleting neutron.subnet object s_rally_d10b8b6f_LXG3NUHL (7693164d-30a2-4408-ad46-6ff84faf8960)
2020-04-10 06:23:03.442 15 RALLYDEBUG rally_openstack.cleanup.manager [-] Deleting neutron.subnet object s_rally_d10b8b6f_YBGRwOws (794972f9-e9e7-4cf4-9f64-4b432dd17fc1)
2020-04-10 06:23:03.630 15 RALLYDEBUG rally_openstack.cleanup.manager [-] Deleting neutron.subnet object s_rally_d10b8b6f_tyWX4eX5 (7a958f35-2581-4a42-aec7-a7367b83cc18)
2020-04-10 06:23:03.692 15 RALLYDEBUG rally_openstack.cleanup.manager [-] Deleting neutron.subnet object s_rally_d10b8b6f_QeTsC2Sg (7e78f700-fc32-4125-8c9e-29d1d1d65be0)
2020-04-10 06:23:04.062 15 RALLYDEBUG rally_openstack.cleanup.manager [-] Deleting neutron.subnet object s_rally_d10b8b6f_5wltkAbG (82171f09-4168-4da7-8be2-829a08f24322)
2020-04-10 06:23:04.069 15 RALLYDEBUG rally_openstack.cleanup.manager [-] Deleting neutron.subnet object s_rally_d10b8b6f_plCWLJom (869f2c50-4161-473f-a260-47104221f4bd)
2020-04-10 06:23:04.958 15 RALLYDEBUG rally_openstack.cleanup.manager [-] Deleting neutron.subnet object s_rally_d10b8b6f_klQTKgUC (900f3c3f-660f-4ad3-9dde-2d745dbe0b37)
2020-04-10 06:23:05.148 15 RALLYDEBUG rally_openstack.cleanup.manager [-] Deleting neutron.subnet object s_rally_d10b8b6f_eJrBBMbp (905dbffb-ca82-4768-89b7-cde29f7bc2e5)
2020-04-10 06:23:05.438 15 RALLYDEBUG rally_openstack.cleanup.manager [-] Deleting neutron.subnet object s_rally_d10b8b6f_ooKSNO5u (90647b03-7038-47ee-898f-e33bd5b844cd)
2020-04-10 06:23:05.615 15 RALLYDEBUG rally_openstack.cleanup.manager [-] Deleting neutron.subnet object s_rally_d10b8b6f_N0teUNcS (9185138e-f1c4-4bd3-9c55-9e560d6b1e88)
2020-04-10 06:23:05.677 15 RALLYDEBUG rally_openstack.cleanup.manager [-] Deleting neutron.subnet object s_rally_d10b8b6f_xxNrBsOh (961cb189-3a87-4ca4-95b2-46d36cf52ba5)
2020-04-10 06:23:05.683 15 RALLYDEBUG rally_openstack.cleanup.manager [-] Deleting neutron.subnet object s_rally_d10b8b6f_9yI2WScD (97bf8abd-b712-4dc7-bad4-de8a621e96cc)
2020-04-10 06:23:05.776 15 RALLYDEBUG rally_openstack.cleanup.manager [-] Deleting neutron.subnet object s_rally_d10b8b6f_zmxKrFNR (98f8c73c-ab85-4c15-8eb6-4e59ac149dce)
2020-04-10 06:23:05.863 15 RALLYDEBUG rally_openstack.cleanup.manager [-] Deleting neutron.subnet object s_rally_d10b8b6f_p0TLEoEa (9a6166a0-2a43-4a97-b12d-381e4ec1d084)
2020-04-10 06:23:05.868 15 RALLYDEBUG rally_openstack.cleanup.manager [-] Deleting neutron.subnet object s_rally_d10b8b6f_Fjpet135 (9c59d13f-8077-4e1e-a23e-0db8d26de1e8)
2020-04-10 06:23:05.887 15 RALLYDEBUG rally_openstack.cleanup.manager [-] Deleting neutron.subnet object s_rally_d10b8b6f_g1UTHOi5 (9d495a47-6a4a-4393-81ad-c959cf4de14c)
2020-04-10 06:23:05.902 15 RALLYDEBUG rally_openstack.cleanup.manager [-] Deleting neutron.subnet object s_rally_d10b8b6f_Id01ojwF (9d4f61ad-ca38-42c4-ab4a-c805d23cf659)
2020-04-10 06:23:05.945 15 RALLYDEBUG rally_openstack.cleanup.manager [-] Deleting neutron.subnet object s_rally_d10b8b6f_Rkg74ve4 (a0606b0d-dd0b-4383-a50c-5a493ddeb72c)
2020-04-10 06:23:06.134 15 RALLYDEBUG rally_openstack.cleanup.manager [-] Deleting neutron.subnet object s_rally_d10b8b6f_xJ89uX3S (a3471798-df00-4a9e-bc5d-56df63648ac5)
2020-04-10 06:23:06.169 15 RALLYDEBUG rally_openstack.cleanup.manager [-] Deleting neutron.subnet object s_rally_d10b8b6f_XEuSoU1K (a778aeb7-77bc-4806-b34b-29c8393fb81d)
2020-04-10 06:23:06.300 15 RALLYDEBUG rally_openstack.cleanup.manager [-] Deleting neutron.subnet object s_rally_d10b8b6f_cljN6Ey6 (aed04310-b6a1-4901-a120-a52c5815dddc)
2020-04-10 06:23:06.401 15 RALLYDEBUG rally_openstack.cleanup.manager [-] Deleting neutron.subnet object s_rally_d10b8b6f_soDlRg6N (b1455104-0e9f-40a4-b3f1-c3a7611f85c2)
2020-04-10 06:23:06.411 15 RALLYDEBUG rally_openstack.cleanup.manager [-] Deleting neutron.subnet object s_rally_d10b8b6f_0fnJbxpM (b8c5cb0e-2361-4350-a9df-b84dd35ae989)
2020-04-10 06:23:06.422 15 RALLYDEBUG rally_openstack.cleanup.manager [-] Deleting neutron.subnet object s_rally_d10b8b6f_4wWH8uip (b9d89bfa-3b7b-4ea3-bd53-c2bc4353e318)
2020-04-10 06:23:06.506 15 RALLYDEBUG rally_openstack.cleanup.manager [-] Deleting neutron.subnet object s_rally_d10b8b6f_TvETioLI (bcf14b2a-8f21-4efb-8d4f-62124c18e661)
2020-04-10 06:23:06.525 15 RALLYDEBUG rally_openstack.cleanup.manager [-] Deleting neutron.subnet object s_rally_d10b8b6f_VVHSLuv2 (c1798a27-b817-435b-9f0c-1e719b7cf8e1)
2020-04-10 06:23:07.278 15 RALLYDEBUG rally_openstack.cleanup.manager [-] Deleting neutron.subnet object s_rally_d10b8b6f_WGxRWJpl (c81b2528-f7b3-497e-b904-45ef10c97f56)
2020-04-10 06:23:08.213 15 RALLYDEBUG rally_openstack.cleanup.manager [-] Deleting neutron.subnet object s_rally_d10b8b6f_khmpq5VK (c8caf2f3-449e-4e6e-a765-dabb3a31fda3)
2020-04-10 06:23:08.225 15 RALLYDEBUG rally_openstack.cleanup.manager [-] Deleting neutron.subnet object s_rally_d10b8b6f_ljhaOBfw (c906272f-267d-4b0b-b8e7-cb8d384cba57)
2020-04-10 06:23:08.454 15 RALLYDEBUG rally_openstack.cleanup.manager [-] Deleting neutron.subnet object s_rally_d10b8b6f_si3H4H12 (cfbfd8ec-e7a5-48b6-8e38-39d4e53a870b)
2020-04-10 06:23:08.466 15 RALLYDEBUG rally_openstack.cleanup.manager [-] Deleting neutron.subnet object s_rally_d10b8b6f_dJajq0SQ (d0145af6-18d0-4538-bee9-39e6568a10ad)
2020-04-10 06:23:08.832 15 RALLYDEBUG rally_openstack.cleanup.manager [-] Deleting neutron.subnet object s_rally_d10b8b6f_sixDB1Rh (d1668e20-18bc-4471-8e6b-675e61743d71)
2020-04-10 06:23:08.849 15 RALLYDEBUG rally_openstack.cleanup.manager [-] Deleting neutron.subnet object s_rally_d10b8b6f_WjFvQFQi (d1ec9b3b-7f93-46a7-ab3c-b3909081a92d)
2020-04-10 06:23:08.961 15 RALLYDEBUG rally_openstack.cleanup.manager [-] Deleting neutron.subnet object s_rally_d10b8b6f_I35lRRwB (d210b0da-7d9e-41c1-a8e1-cff1e58469b2)
2020-04-10 06:23:09.104 15 RALLYDEBUG rally_openstack.cleanup.manager [-] Deleting neutron.subnet object s_rally_d10b8b6f_4GW0D9LS (d3f8b22a-f770-4fd2-bc3c-cd179fc04480)
2020-04-10 06:23:09.115 15 RALLYDEBUG rally_openstack.cleanup.manager [-] Deleting neutron.subnet object s_rally_d10b8b6f_ETkmUtGT (db4ea03f-0ca3-4f33-9330-b1f4ed2ed81a)
2020-04-10 06:23:09.203 15 RALLYDEBUG rally_openstack.cleanup.manager [-] Deleting neutron.subnet object s_rally_d10b8b6f_K12pimVw (dbaf0f6d-85d1-4d00-96eb-e4ea78ea9642)
2020-04-10 06:23:09.502 15 RALLYDEBUG rally_openstack.cleanup.manager [-] Deleting neutron.subnet object s_rally_d10b8b6f_WF6HQvH9 (e3fd07eb-1d72-4bba-ae31-380a6578ef88)
2020-04-10 06:23:09.529 15 RALLYDEBUG rally_openstack.cleanup.manager [-] Deleting neutron.subnet object s_rally_d10b8b6f_a82M0Uy5 (f0fdae59-21b4-44b2-8cad-be7427175132)
2020-04-10 06:23:09.574 15 RALLYDEBUG rally_openstack.cleanup.manager [-] Deleting neutron.subnet object s_rally_d10b8b6f_3InImer5 (f101055e-5f15-4df2-a84e-23889ffc85fb)
2020-04-10 06:23:09.730 15 RALLYDEBUG rally_openstack.cleanup.manager [-] Deleting neutron.subnet object s_rally_d10b8b6f_9PzLmSPy (f3798019-1854-4225-934d-9aaa0537094b)
2020-04-10 06:23:09.874 15 RALLYDEBUG rally_openstack.cleanup.manager [-] Deleting neutron.subnet object s_rally_d10b8b6f_STaB715P (f37c0351-3db9-47f2-9dd0-8534dc6f3a2e)
2020-04-10 06:23:09.898 15 RALLYDEBUG rally_openstack.cleanup.manager [-] Deleting neutron.subnet object s_rally_d10b8b6f_MpwxL06d (f63e37fc-3171-4991-9668-a8aa30789982)
2020-04-10 06:23:10.217 15 RALLYDEBUG rally_openstack.cleanup.manager [-] Deleting neutron.subnet object s_rally_d10b8b6f_FsZ8HTH5 (f67b1de2-90fd-4d42-8f3e-2e0a1436e7d0)
2020-04-10 06:23:10.309 15 RALLYDEBUG rally_openstack.cleanup.manager [-] Deleting neutron.subnet object s_rally_d10b8b6f_cw6fjxCD (f6d8e4e7-c5e2-4790-b4a6-d658755bae0d)
2020-04-10 06:23:10.323 15 RALLYDEBUG rally_openstack.cleanup.manager [-] Deleting neutron.subnet object s_rally_d10b8b6f_dOvDqCc1 (f7c3fc91-bc1e-4579-8971-8add996a8273)
2020-04-10 06:23:10.555 15 RALLYDEBUG rally_openstack.cleanup.manager [-] Deleting neutron.subnet object s_rally_d10b8b6f_24C08guF (f8b3f074-c399-4f9d-b910-d2b7ed206eff)
2020-04-10 06:23:10.563 15 RALLYDEBUG rally_openstack.cleanup.manager [-] Deleting neutron.subnet object s_rally_d10b8b6f_wx1Ee46m (fad8c997-b955-4ae5-b407-6d205fdf6910)
2020-04-10 06:23:11.190 15 RALLYDEBUG rally_openstack.cleanup.manager [-] Deleting neutron.subnet object s_rally_d10b8b6f_ZkiGh9Mf (fc266a1e-bfe2-4a39-b116-60c3bb7754ca)
2020-04-10 06:23:11.300 15 RALLYDEBUG rally_openstack.cleanup.manager [-] Deleting neutron.subnet object s_rally_d10b8b6f_B9O9J8Gj (fe317c93-35ca-48c8-92db-e09f18b13cd8)
2020-04-10 06:23:14.139 15 RALLYDEBUG rally_openstack.cleanup.manager [-] Cleaning up neutron network objects
2020-04-10 06:23:14.693 15 RALLYDEBUG rally_openstack.cleanup.manager [-] Deleting neutron.network object s_rally_d10b8b6f_PXHVsAdh (0cae0b86-0702-469c-8f6f-9d858b1a74cf)
2020-04-10 06:23:14.709 15 RALLYDEBUG rally_openstack.cleanup.manager [-] Deleting neutron.network object s_rally_d10b8b6f_cF1Kdqq2 (15ae9309-a49e-47ef-a5c5-09804287e829)
2020-04-10 06:23:14.704 15 RALLYDEBUG rally_openstack.cleanup.manager [-] Deleting neutron.network object s_rally_d10b8b6f_7rrtPpEn (1039319c-f2e4-485e-a92a-99e051e9c09f)
2020-04-10 06:23:14.726 15 RALLYDEBUG rally_openstack.cleanup.manager [-] Deleting neutron.network object s_rally_d10b8b6f_6V2QviUy (30c7cc34-143a-4321-a510-0a2cd666a0e9)
2020-04-10 06:23:14.720 15 RALLYDEBUG rally_openstack.cleanup.manager [-] Deleting neutron.network object s_rally_d10b8b6f_Gu72hyna (1fb1425d-d073-46a3-9ca7-e8e1349afbe8)
2020-04-10 06:23:14.731 15 RALLYDEBUG rally_openstack.cleanup.manager [-] Deleting neutron.network object s_rally_d10b8b6f_WeUo8ekA (33367669-3d9a-49ed-ba3a-5b559da61ae3)
2020-04-10 06:23:14.751 15 RALLYDEBUG rally_openstack.cleanup.manager [-] Deleting neutron.network object s_rally_d10b8b6f_94wpyGpF (3a48d0cd-6ae5-4d0c-aed7-e5f9c1dac4c9)
2020-04-10 06:23:14.766 15 RALLYDEBUG rally_openstack.cleanup.manager [-] Deleting neutron.network object s_rally_d10b8b6f_lLW3gCyW (4784ef31-347e-4417-9fda-1adb1914361a)
2020-04-10 06:23:14.782 15 RALLYDEBUG rally_openstack.cleanup.manager [-] Deleting neutron.network object s_rally_d10b8b6f_rCIG0xbn (489f5eef-3637-43cc-996b-a812cbf529c7)
2020-04-10 06:23:14.800 15 RALLYDEBUG rally_openstack.cleanup.manager [-] Deleting neutron.network object s_rally_d10b8b6f_BjKLyNpQ (550ad74e-349b-4b82-b824-e8c28cb42150)
2020-04-10 06:23:14.825 15 RALLYDEBUG rally_openstack.cleanup.manager [-] Deleting neutron.network object s_rally_d10b8b6f_uZ4LbK1u (55931933-1896-4af7-8032-03208a233959)
2020-04-10 06:23:14.827 15 RALLYDEBUG rally_openstack.cleanup.manager [-] Deleting neutron.network object s_rally_d10b8b6f_9xNrN4zo (49271fa7-42bc-4910-bcba-16c67e298e25)
2020-04-10 06:23:14.835 15 RALLYDEBUG rally_openstack.cleanup.manager [-] Deleting neutron.network object s_rally_d10b8b6f_eV0Nb3m7 (5b0f1c9f-67b4-4b34-b308-fd65d1c51b1f)
2020-04-10 06:23:14.851 15 RALLYDEBUG rally_openstack.cleanup.manager [-] Deleting neutron.network object s_rally_d10b8b6f_r3P99C9a (5fdcccdb-a101-4b4e-ba57-474bd8f08dde)
2020-04-10 06:23:14.856 15 RALLYDEBUG rally_openstack.cleanup.manager [-] Deleting neutron.network object s_rally_d10b8b6f_pABeWsgX (661b256e-39bd-4268-a2cb-cbbc4ab388f9)
2020-04-10 06:23:14.861 15 RALLYDEBUG rally_openstack.cleanup.manager [-] Deleting neutron.network object s_rally_d10b8b6f_3wO6p9cp (6bb41414-0a80-4534-908f-f6984195ca57)
2020-04-10 06:23:14.921 15 RALLYDEBUG rally_openstack.cleanup.manager [-] Deleting neutron.network object s_rally_d10b8b6f_fbMANtG3 (83062cc1-42c0-45d1-ba94-a13a9641256f)
2020-04-10 06:23:14.921 15 RALLYDEBUG rally_openstack.cleanup.manager [-] Deleting neutron.network object s_rally_d10b8b6f_kROyIKLJ (7f1d3992-384c-44ad-a883-f993d9b1bffd)
2020-04-10 06:23:14.953 15 RALLYDEBUG rally_openstack.cleanup.manager [-] Deleting neutron.network object s_rally_d10b8b6f_Cb5FL9uu (86ca9c87-b288-49d9-a7fc-db2ddbc3f7d3)
2020-04-10 06:23:14.962 15 RALLYDEBUG rally_openstack.cleanup.manager [-] Deleting neutron.network object s_rally_d10b8b6f_qnHwT6EK (8846197f-26cc-41eb-8439-469be70e6cf0)
2020-04-10 06:23:17.307 15 RALLYDEBUG rally_openstack.cleanup.manager [-] Deleting neutron.network object s_rally_d10b8b6f_2ffunDw5 (89fe9f15-454e-4e3b-b33c-8990fee0946b)
2020-04-10 06:23:18.015 15 RALLYDEBUG rally_openstack.cleanup.manager [-] Deleting neutron.network object s_rally_d10b8b6f_4IhVEptj (8ca37293-1539-4a55-ae44-3b64d5d34cc2)
2020-04-10 06:23:18.030 15 RALLYDEBUG rally_openstack.cleanup.manager [-] Deleting neutron.network object s_rally_d10b8b6f_JqPWVX0Y (905c38a1-30bb-4821-b678-85107e920beb)
2020-04-10 06:23:18.053 15 RALLYDEBUG rally_openstack.cleanup.manager [-] Deleting neutron.network object s_rally_d10b8b6f_vGqglZHO (95eb3c5c-fea9-4b5f-8dd4-87f37532f7c8)
2020-04-10 06:23:18.171 15 RALLYDEBUG rally_openstack.cleanup.manager [-] Deleting neutron.network object s_rally_d10b8b6f_rlCZAKSs (9a533157-c4a9-4aaf-b616-903d7c8b3297)
2020-04-10 06:23:18.371 15 RALLYDEBUG rally_openstack.cleanup.manager [-] Deleting neutron.network object s_rally_d10b8b6f_bqo1Dpek (9ef9af11-5df2-422a-b745-fa1261bd5c2b)
2020-04-10 06:23:18.395 15 RALLYDEBUG rally_openstack.cleanup.manager [-] Deleting neutron.network object s_rally_d10b8b6f_jjNiKwOI (af503030-c69c-4c69-a87c-2704148c6098)
2020-04-10 06:23:18.405 15 RALLYDEBUG rally_openstack.cleanup.manager [-] Deleting neutron.network object s_rally_d10b8b6f_9ETzkNYS (b1928c11-28e2-4f68-8bc5-5a85eab0874d)
2020-04-10 06:23:18.631 15 RALLYDEBUG rally_openstack.cleanup.manager [-] Deleting neutron.network object s_rally_d10b8b6f_XZ0Mlw17 (b279729e-a474-486e-a162-f37b40bb2dfe)
2020-04-10 06:23:18.698 15 RALLYDEBUG rally_openstack.cleanup.manager [-] Deleting neutron.network object s_rally_d10b8b6f_wc2M7tar (b3c5674d-717a-4f70-abef-bba7c9c15746)
2020-04-10 06:23:18.908 15 RALLYDEBUG rally_openstack.cleanup.manager [-] Deleting neutron.network object s_rally_d10b8b6f_jqo8MSLZ (b8ad25c7-e46d-40f5-83ac-c1446b92ff76)
2020-04-10 06:23:18.918 15 RALLYDEBUG rally_openstack.cleanup.manager [-] Deleting neutron.network object s_rally_d10b8b6f_lwHJBZ3U (ba5a2dea-6e5c-4436-a548-fda19c2a48c7)
2020-04-10 06:23:18.923 15 RALLYDEBUG rally_openstack.cleanup.manager [-] Deleting neutron.network object s_rally_d10b8b6f_RwgJdN5E (bbb3ebd7-a67e-463a-8e66-98e7f163e73f)
2020-04-10 06:23:19.135 15 RALLYDEBUG rally_openstack.cleanup.manager [-] Deleting neutron.network object s_rally_d10b8b6f_8IvcJ3PD (bd14ae18-d720-4427-bb60-583b84047e0b)
2020-04-10 06:23:19.713 15 RALLYDEBUG rally_openstack.cleanup.manager [-] Deleting neutron.network object s_rally_d10b8b6f_4pqmpnPU (c5087ab6-bcc9-4baf-b54b-694637ee6177)
2020-04-10 06:23:19.725 15 RALLYDEBUG rally_openstack.cleanup.manager [-] Deleting neutron.network object s_rally_d10b8b6f_6PBAzDtX (d960d566-6a78-4231-b2c5-a87c5397ae7a)
2020-04-10 06:23:19.736 15 RALLYDEBUG rally_openstack.cleanup.manager [-] Deleting neutron.network object s_rally_d10b8b6f_LOvB4xtW (df049556-df9c-47fa-9540-4c5b0c776d5a)
2020-04-10 06:23:20.231 15 RALLYDEBUG rally_openstack.cleanup.manager [-] Deleting neutron.network object s_rally_d10b8b6f_7vxPrvk8 (dfa5f413-59c8-475e-829f-fecc72dc653c)
2020-04-10 06:23:20.236 15 RALLYDEBUG rally_openstack.cleanup.manager [-] Deleting neutron.network object s_rally_d10b8b6f_PyerBpcu (e7106e06-0b2b-416b-bb4c-6ce0748a6f94)
2020-04-10 06:23:20.241 15 RALLYDEBUG rally_openstack.cleanup.manager [-] Deleting neutron.network object s_rally_d10b8b6f_9m8dIcfK (f4ac12d5-f4b6-4170-8884-d5f1fb0c5030)
2020-04-10 06:23:25.423 15 RALLYDEBUG rally_openstack.cleanup.manager [-] Cleaning up neutron router objects
2020-04-10 06:23:25.627 15 RALLYDEBUG rally_openstack.cleanup.manager [-] Cleaning up neutron security_group objects
2020-04-10 06:23:25.775 15 INFO rally.task.context [-] Task e6d8596e-ab08-49ee-bc47-31c142205d9c | Context cleanup@openstack cleanup() finished in 28.42 sec
2020-04-10 06:23:25.776 15 INFO rally.task.context [-] Task e6d8596e-ab08-49ee-bc47-31c142205d9c | Context quotas@openstack cleanup() started
2020-04-10 06:23:25.806 15 INFO rally.task.context [-] Task e6d8596e-ab08-49ee-bc47-31c142205d9c | Context quotas@openstack cleanup() finished in 30.83 msec
2020-04-10 06:23:25.807 15 INFO rally.task.context [-] Task e6d8596e-ab08-49ee-bc47-31c142205d9c | Context users@openstack cleanup() started
2020-04-10 06:23:25.986 15 WARNING rally.common.logging [-] `iterate_per_tenants()' is deprecated in v3.0.0: it is openstack specific.. Used at
2020-04-10 06:23:26.999 15 INFO rally.task.context [-] Task e6d8596e-ab08-49ee-bc47-31c142205d9c | Context users@openstack cleanup() finished in 1.19 sec
2020-04-10 06:23:28.696 15 INFO rally.task.engine [-] Load duration is: 89.740896
2020-04-10 06:23:28.697 15 INFO rally.task.engine [-] Full runner duration is: 89.786048
2020-04-10 06:23:28.697 15 INFO rally.task.engine [-] Full duration is: 120.819347
2020-04-10 06:23:28.807 15 INFO rally.task.engine [-] Running workload: position = 0 config = { "version": 2, "title": "A cropped version of a bigger task.", "description": "Auto-generated task from a single workload (uuid=3571a013-02f7-47fe-84df-f2c759a0f607)", "subtasks": [ { "title": "NeutronNetworks.create_and_list_ports", "description": "Check performance of list ports action and ensure > network quotas are not exceeded", "scenario": { "NeutronNetworks.create_and_list_ports": { "network_create_args": null, "port_create_args": null, "ports_per_network": 50 } }, "contexts": { "users": { "tenants": 1, "users_per_tenant": 1 }, "quotas": { "neutron": { "network": -1, "subnet": -1, "router": -1, "port": 811 } } }, "runner": { "constant": { "times": 8, "concurrency": 4 } }, "hooks": [], "sla": { "max_avg_duration_per_atomic": { "neutron.list_ports": 15 }, "failure_rate": { "max": 0 } } } ] }
2020-04-10 06:23:28.837 15 RALLYDEBUG rally_openstack.contexts.keystone.users [-] Creating 1 tenants using 1 threads
2020-04-10 06:23:29.276 15 RALLYDEBUG rally_openstack.contexts.keystone.users [-] Creating 1 users using 1 threads
2020-04-10 06:23:30.115 15 INFO rally.task.context [-] Task e6d8596e-ab08-49ee-bc47-31c142205d9c | Context users@openstack setup() finished in 1.28 sec
2020-04-10 06:23:30.436 15 INFO rally.task.context [-] Task e6d8596e-ab08-49ee-bc47-31c142205d9c | Context quotas@openstack setup() finished in 0.32 sec
2020-04-10 06:23:30.437 15 INFO rally.task.context [-] Task e6d8596e-ab08-49ee-bc47-31c142205d9c | Context cleanup@openstack setup() finished in 0.02 msec
2020-04-10 06:23:30.450 15 RALLYDEBUG rally.task.runner [-] Starting the constant runner (task UUID: e6d8596e-ab08-49ee-bc47-31c142205d9c). times: 8 concurrency: 4 timeout: 0 max_cpu_used: 88 processes_to_start: 4 concurrency_per_worker: 1 concurrency_overhead: 0
2020-04-10 06:23:30.463 3463 RALLYDEBUG rally.task.runner [-] Starting a worker. times: 8 duration: None concurrency: 1 timeout: 0 cls: method_name: run args: {"network_create_args": null, "port_create_args": null, "ports_per_network": 50}
2020-04-10 06:23:30.465 3464 RALLYDEBUG rally.task.runner [-] Starting a worker. times: 8 duration: None concurrency: 1 timeout: 0 cls: method_name: run args: {"network_create_args": null, "port_create_args": null, "ports_per_network": 50}
2020-04-10 06:23:30.469 3463 INFO rally.task.runner [-] Task e6d8596e-ab08-49ee-bc47-31c142205d9c | ITER: 1 START
2020-04-10 06:23:30.468 3465 RALLYDEBUG rally.task.runner [-] Starting a worker. times: 8 duration: None concurrency: 1 timeout: 0 cls: method_name: run args: {"network_create_args": null, "port_create_args": null, "ports_per_network": 50}
2020-04-10 06:23:30.470 3463 WARNING rally_openstack.scenarios.neutron.utils [-] Running this scenario without either the 'network' or 'existing_network' context is deprecated
2020-04-10 06:23:30.471 3464 INFO rally.task.runner [-] Task e6d8596e-ab08-49ee-bc47-31c142205d9c | ITER: 2 START
2020-04-10 06:23:30.472 3464 WARNING rally_openstack.scenarios.neutron.utils [-] Running this scenario without either the 'network' or 'existing_network' context is deprecated
2020-04-10 06:23:30.471 3466 RALLYDEBUG rally.task.runner [-] Starting a worker. times: 8 duration: None concurrency: 1 timeout: 0 cls: method_name: run args: {"network_create_args": null, "port_create_args": null, "ports_per_network": 50}
2020-04-10 06:23:30.474 3465 INFO rally.task.runner [-] Task e6d8596e-ab08-49ee-bc47-31c142205d9c | ITER: 3 START
2020-04-10 06:23:30.475 3465 WARNING rally_openstack.scenarios.neutron.utils [-] Running this scenario without either the 'network' or 'existing_network' context is deprecated
2020-04-10 06:23:30.477 3466 INFO rally.task.runner [-] Task e6d8596e-ab08-49ee-bc47-31c142205d9c | ITER: 4 START
2020-04-10 06:23:30.478 3466 WARNING rally_openstack.scenarios.neutron.utils [-] Running this scenario without either the 'network' or 'existing_network' context is deprecated
2020-04-10 06:24:07.387 3465 INFO rally.task.runner [-] Task e6d8596e-ab08-49ee-bc47-31c142205d9c | ITER: 3 END: OK
2020-04-10 06:24:07.394 3465 INFO rally.task.runner [-] Task e6d8596e-ab08-49ee-bc47-31c142205d9c | ITER: 5 START
2020-04-10 06:24:07.395 3465 WARNING rally_openstack.scenarios.neutron.utils [-] Running this scenario without either the 'network' or 'existing_network' context is deprecated
2020-04-10 06:24:12.411 3466 INFO rally.task.runner [-] Task e6d8596e-ab08-49ee-bc47-31c142205d9c | ITER: 4 END: OK
2020-04-10 06:24:12.417 3466 INFO rally.task.runner [-] Task e6d8596e-ab08-49ee-bc47-31c142205d9c | ITER: 6 START
2020-04-10 06:24:12.419 3466 WARNING rally_openstack.scenarios.neutron.utils [-] Running this scenario without either the 'network' or 'existing_network' context is deprecated
2020-04-10 06:24:12.574 3463 INFO rally.task.runner [-] Task e6d8596e-ab08-49ee-bc47-31c142205d9c | ITER: 1 END: OK
2020-04-10 06:24:12.579 3463 INFO rally.task.runner [-] Task e6d8596e-ab08-49ee-bc47-31c142205d9c | ITER: 7 START
2020-04-10 06:24:12.580 3463 WARNING rally_openstack.scenarios.neutron.utils [-] Running this scenario without either the 'network' or 'existing_network' context is deprecated
2020-04-10 06:24:13.742 3464 INFO rally.task.runner [-] Task e6d8596e-ab08-49ee-bc47-31c142205d9c | ITER: 2 END: OK
2020-04-10 06:24:13.748 3464 INFO rally.task.runner [-] Task e6d8596e-ab08-49ee-bc47-31c142205d9c | ITER: 8 START
2020-04-10 06:24:13.749 3464 WARNING rally_openstack.scenarios.neutron.utils [-] Running this scenario without either the 'network' or 'existing_network' context is deprecated
2020-04-10 06:24:47.178 3465 INFO rally.task.runner [-] Task e6d8596e-ab08-49ee-bc47-31c142205d9c | ITER: 5 END: OK
2020-04-10 06:24:50.282 3466 INFO rally.task.runner [-] Task e6d8596e-ab08-49ee-bc47-31c142205d9c | ITER: 6 END: OK
2020-04-10 06:24:51.473 3463 INFO rally.task.runner [-] Task e6d8596e-ab08-49ee-bc47-31c142205d9c | ITER: 7 END: OK
2020-04-10 06:24:52.680 3464 INFO rally.task.runner [-] Task e6d8596e-ab08-49ee-bc47-31c142205d9c | ITER: 8 END: OK
2020-04-10 06:24:52.713 15 INFO rally.task.context [-] Task e6d8596e-ab08-49ee-bc47-31c142205d9c | Context cleanup@openstack cleanup() started
2020-04-10 06:24:52.721 15 RALLYDEBUG rally_openstack.cleanup.manager [-] Cleaning up neutron vip objects
2020-04-10 06:24:52.914 15 RALLYDEBUG rally_openstack.cleanup.manager [-] Cleaning up neutron health_monitor objects
2020-04-10 06:24:53.063 15 RALLYDEBUG rally_openstack.cleanup.manager [-] Cleaning up neutron pool objects
2020-04-10 06:24:53.191 15 RALLYDEBUG rally_openstack.cleanup.manager [-] Cleaning up neutron loadbalancer objects
2020-04-10 06:24:53.320 15 RALLYDEBUG rally_openstack.cleanup.manager [-] Cleaning up neutron floatingip objects
2020-04-10 06:24:53.529 15 RALLYDEBUG rally_openstack.cleanup.manager [-] Cleaning up neutron trunk objects
