2020-04-10 06:09:12.057 6 RALLYDEBUG rally.api [-] INFO logs from urllib3 and requests module are hide.
2020-04-10 06:09:12.058 6 RALLYDEBUG rally.api [-] urllib3 insecure warnings are hidden.
2020-04-10 06:09:12.058 6 RALLYDEBUG rally.api [-] ERROR log from boto module is hide.
2020-04-10 06:09:14.008 6 ERROR rally.cli.cliutils [-] Unexpected exception in CLI: rally.exceptions.DBRecordNotFound: Record for uuid or name is opnfv-rally not found in table envs
2020-04-10 06:09:14.008 6 ERROR rally.cli.cliutils
Traceback (most recent call last):
2020-04-10 06:09:14.008 6 ERROR rally.cli.cliutils
File "/usr/lib/python3.7/site-packages/rally/cli/cliutils.py", line 657, in run
2020-04-10 06:09:14.008 6 ERROR rally.cli.cliutils ret = fn(*fn_args, **fn_kwargs)
2020-04-10 06:09:14.008 6 ERROR rally.cli.cliutils File "", line 2, in destroy
2020-04-10 06:09:14.008 6 ERROR rally.cli.cliutils
File "/usr/lib/python3.7/site-packages/rally/cli/envutils.py", line 135, in default_from_global
2020-04-10 06:09:14.008 6 ERROR rally.cli.cliutils return f(*args, **kwargs)
2020-04-10 06:09:14.008 6 ERROR rally.cli.cliutils File "", line 2, in destroy
2020-04-10 06:09:14.008 6 ERROR rally.cli.cliutils
File "/usr/lib/python3.7/site-packages/rally/plugins/__init__.py", line 59, in ensure_plugins_are_loaded
2020-04-10 06:09:14.008 6 ERROR rally.cli.cliutils return f(*args, **kwargs)
2020-04-10 06:09:14.008 6 ERROR rally.cli.cliutils
File "/usr/lib/python3.7/site-packages/rally/cli/commands/deployment.py", line 154, in destroy
2020-04-10 06:09:14.008 6 ERROR rally.cli.cliutils api.deployment.destroy(deployment=deployment)
2020-04-10 06:09:14.008 6 ERROR rally.cli.cliutils
File "/usr/lib/python3.7/site-packages/rally/api.py", line 115, in destroy
2020-04-10 06:09:14.008 6 ERROR rally.cli.cliutils deploy = objects.Deployment.get(deployment)
2020-04-10 06:09:14.008 6 ERROR rally.cli.cliutils
File "/usr/lib/python3.7/site-packages/rally/common/objects/deploy.py", line 124, in get
2020-04-10 06:09:14.008 6 ERROR rally.cli.cliutils return Deployment(env_mgr.EnvManager.get(deploy))
2020-04-10 06:09:14.008 6 ERROR rally.cli.cliutils
File "/usr/lib/python3.7/site-packages/rally/env/env_mgr.py", line 212, in get
2020-04-10 06:09:14.008 6 ERROR rally.cli.cliutils return cls(db.env_get(uuid_or_name))
2020-04-10 06:09:14.008 6 ERROR rally.cli.cliutils
File "/usr/lib/python3.7/site-packages/rally/common/db/api.py", line 133, in wrapper
2020-04-10 06:09:14.008 6 ERROR rally.cli.cliutils result = f(session, *args, **kwargs)
2020-04-10 06:09:14.008 6 ERROR rally.cli.cliutils
File "/usr/lib/python3.7/site-packages/rally/common/db/api.py", line 519, in env_get
2020-04-10 06:09:14.008 6 ERROR rally.cli.cliutils criteria="uuid or name is %s" % uuid_or_name, table="envs")
2020-04-10 06:09:14.008 6 ERROR rally.cli.cliutils rally.exceptions.DBRecordNotFound: Record for uuid or name is opnfv-rally not found in table envs
2020-04-10 06:09:14.008 6 ERROR rally.cli.cliutils
2020-04-10 06:09:15.302 8 RALLYDEBUG rally.api [-] INFO logs from urllib3 and requests module are hide.
2020-04-10 06:09:15.302 8 RALLYDEBUG rally.api [-] urllib3 insecure warnings are hidden.
2020-04-10 06:09:15.303 8 RALLYDEBUG rally.api [-] ERROR log from boto module is hide.
2020-04-10 06:09:18.774 10 RALLYDEBUG rally.api [-] INFO logs from urllib3 and requests module are hide.
2020-04-10 06:09:18.775 10 RALLYDEBUG rally.api [-] urllib3 insecure warnings are hidden.
2020-04-10 06:09:18.775 10 RALLYDEBUG rally.api [-] ERROR log from boto module is hide.
2020-04-10 06:09:22.701 13 RALLYDEBUG rally.api [-] INFO logs from urllib3 and requests module are hide.
2020-04-10 06:09:22.702 13 RALLYDEBUG rally.api [-] urllib3 insecure warnings are hidden.
2020-04-10 06:09:22.702 13 RALLYDEBUG rally.api [-] ERROR log from boto module is hide.
2020-04-10 06:09:24.504 15 RALLYDEBUG rally.api [-] INFO logs from urllib3 and requests module are hide.
2020-04-10 06:09:24.504 15 RALLYDEBUG rally.api [-] urllib3 insecure warnings are hidden.
2020-04-10 06:09:24.504 15 RALLYDEBUG rally.api [-] ERROR log from boto module is hide.
2020-04-10 06:09:26.123 15 INFO rally.common.plugin.discover [-] Loading plugins from directories /root/.rally/plugins/*
2020-04-10 06:09:26.124 15 INFO rally.common.plugin.discover [-] Loading plugins from file /root/.rally/plugins/__init__.py
2020-04-10 06:09:26.124 15 INFO rally.common.plugin.discover [-] Loaded module with plugins: __init__
2020-04-10 06:09:26.329 15 INFO rally.task.engine [-] Task e6d8596e-ab08-49ee-bc47-31c142205d9c | Starting: Task validation.
2020-04-10 06:09:26.341 15 INFO rally.task.engine [-] Task e6d8596e-ab08-49ee-bc47-31c142205d9c | Starting: Task validation of syntax.
2020-04-10 06:09:26.561 15 INFO rally.task.engine [-] Task e6d8596e-ab08-49ee-bc47-31c142205d9c | Completed: Task validation of syntax.
2020-04-10 06:09:26.561 15 INFO rally.task.engine [-] Task e6d8596e-ab08-49ee-bc47-31c142205d9c | Starting: Task validation of required platforms.
2020-04-10 06:09:26.662 15 INFO rally.task.engine [-] Task e6d8596e-ab08-49ee-bc47-31c142205d9c | Completed: Task validation of required platforms.
2020-04-10 06:09:26.662 15 INFO rally.task.engine [-] Task e6d8596e-ab08-49ee-bc47-31c142205d9c | Starting: Task validation of semantic.
2020-04-10 06:09:26.663 15 INFO rally.task.engine [-] Check health of the environment 'ee8a2cfe-50f5-42a6-82fd-5c7f021d9bea'.
2020-04-10 06:09:27.234 15 INFO rally.task.engine [-] Platform existing@openstack (available: True): OK!
2020-04-10 06:09:27.250 15 RALLYDEBUG rally_openstack.contexts.keystone.users [-] Creating 1 tenants using 1 threads
2020-04-10 06:09:27.653 15 RALLYDEBUG rally_openstack.contexts.keystone.users [-] Creating 1 users using 1 threads
2020-04-10 06:09:28.427 15 INFO rally.task.context [-] Task e6d8596e-ab08-49ee-bc47-31c142205d9c | Context users@openstack setup() finished in 1.18 sec
2020-04-10 06:09:29.481 15 INFO rally.task.context [-] Task e6d8596e-ab08-49ee-bc47-31c142205d9c | Context users@openstack cleanup() started
2020-04-10 06:09:29.685 15 WARNING rally.common.logging [-] `iterate_per_tenants()' is deprecated in v3.0.0: it is openstack specific.. Used at
2020-04-10 06:09:31.100 15 INFO rally.task.context [-] Task e6d8596e-ab08-49ee-bc47-31c142205d9c | Context users@openstack cleanup() finished in 1.62 sec
2020-04-10 06:09:31.101 15 INFO rally.task.engine [-] Task e6d8596e-ab08-49ee-bc47-31c142205d9c | Completed: Task validation of semantic.
2020-04-10 06:09:31.101 15 INFO rally.task.engine [-] Task e6d8596e-ab08-49ee-bc47-31c142205d9c | Completed: Task validation.
2020-04-10 06:09:31.102 15 INFO rally.api [-] Task e6d8596e-ab08-49ee-bc47-31c142205d9c input file is valid.
2020-04-10 06:09:31.102 15 INFO rally.api [-] Run Task e6d8596e-ab08-49ee-bc47-31c142205d9c against Deployment ee8a2cfe-50f5-42a6-82fd-5c7f021d9bea
2020-04-10 06:09:31.102 15 INFO rally.task.engine [-] Task e6d8596e-ab08-49ee-bc47-31c142205d9c | Starting: Running task.
2020-04-10 06:09:31.160 15 INFO rally.task.engine [-] Running workload: position = 0 config = { "version": 2, "title": "A cropped version of a bigger task.", "description": "Auto-generated task from a single workload (uuid=6e0e34a6-f0e1-4d91-9413-5e2043900511)", "subtasks": [ { "title": "NeutronNetworks.create_and_list_networks", "description": "Check performance of list_networks action and ensure > network quotas are not exceeded", "scenario": { "NeutronNetworks.create_and_list_networks": {} }, "contexts": { "users": { "tenants": 1, "users_per_tenant": 1 }, "quotas": { "neutron": { "network": 119 } } }, "runner": { "constant": { "times": 100, "concurrency": 20 } }, "hooks": [], "sla": { "max_avg_duration_per_atomic": { "neutron.list_networks": 15 }, "failure_rate": { "max": 0 } } } ] }
2020-04-10 06:09:31.181 15 RALLYDEBUG rally_openstack.contexts.keystone.users [-] Creating 1 tenants using 1 threads
2020-04-10 06:09:31.600 15 RALLYDEBUG rally_openstack.contexts.keystone.users [-] Creating 1 users using 1 threads
2020-04-10 06:09:32.192 15 INFO rally.task.context [-] Task e6d8596e-ab08-49ee-bc47-31c142205d9c | Context users@openstack setup() finished in 1.01 sec
2020-04-10 06:09:32.354 15 INFO rally.task.context [-] Task e6d8596e-ab08-49ee-bc47-31c142205d9c | Context quotas@openstack setup() finished in 0.16 sec
2020-04-10 06:09:32.355 15 INFO rally.task.context [-] Task e6d8596e-ab08-49ee-bc47-31c142205d9c | Context cleanup@openstack setup() finished in 0.05 msec
2020-04-10 06:09:32.367 15 RALLYDEBUG rally.task.runner [-] Starting the constant runner (task UUID: e6d8596e-ab08-49ee-bc47-31c142205d9c). times: 100 concurrency: 20 timeout: 0 max_cpu_used: 88 processes_to_start: 20 concurrency_per_worker: 1 concurrency_overhead: 0
2020-04-10 06:09:32.382 63 RALLYDEBUG rally.task.runner [-] Starting a worker. times: 100 duration: None concurrency: 1 timeout: 0 cls: method_name: run args: {}
2020-04-10 06:09:32.383 64 RALLYDEBUG rally.task.runner [-] Starting a worker. times: 100 duration: None concurrency: 1 timeout: 0 cls: method_name: run args: {}
2020-04-10 06:09:32.387 65 RALLYDEBUG rally.task.runner [-] Starting a worker. times: 100 duration: None concurrency: 1 timeout: 0 cls: method_name: run args: {}
2020-04-10 06:09:32.389 66 RALLYDEBUG rally.task.runner [-] Starting a worker. times: 100 duration: None concurrency: 1 timeout: 0 cls: method_name: run args: {}
2020-04-10 06:09:32.392 63 INFO rally.task.runner [-] Task e6d8596e-ab08-49ee-bc47-31c142205d9c | ITER: 1 START
2020-04-10 06:09:32.392 70 RALLYDEBUG rally.task.runner [-] Starting a worker. times: 100 duration: None concurrency: 1 timeout: 0 cls: method_name: run args: {}
2020-04-10 06:09:32.393 64 INFO rally.task.runner [-] Task e6d8596e-ab08-49ee-bc47-31c142205d9c | ITER: 2 START
2020-04-10 06:09:32.395 71 RALLYDEBUG rally.task.runner [-] Starting a worker. times: 100 duration: None concurrency: 1 timeout: 0 cls: method_name: run args: {}
2020-04-10 06:09:32.396 65 INFO rally.task.runner [-] Task e6d8596e-ab08-49ee-bc47-31c142205d9c | ITER: 3 START
2020-04-10 06:09:32.397 73 RALLYDEBUG rally.task.runner [-] Starting a worker. times: 100 duration: None concurrency: 1 timeout: 0 cls: method_name: run args: {}
2020-04-10 06:09:32.399 66 INFO rally.task.runner [-] Task e6d8596e-ab08-49ee-bc47-31c142205d9c | ITER: 4 START
2020-04-10 06:09:32.401 76 RALLYDEBUG rally.task.runner [-] Starting a worker. times: 100 duration: None concurrency: 1 timeout: 0 cls: method_name: run args: {}
2020-04-10 06:09:32.402 70 INFO rally.task.runner [-] Task e6d8596e-ab08-49ee-bc47-31c142205d9c | ITER: 5 START
2020-04-10 06:09:32.405 71 INFO rally.task.runner [-] Task e6d8596e-ab08-49ee-bc47-31c142205d9c | ITER: 6 START
2020-04-10 06:09:32.405 73 INFO rally.task.runner [-] Task e6d8596e-ab08-49ee-bc47-31c142205d9c | ITER: 7 START
2020-04-10 06:09:32.409 79 RALLYDEBUG rally.task.runner [-] Starting a worker. times: 100 duration: None concurrency: 1 timeout: 0 cls: method_name: run args: {}
2020-04-10 06:09:32.411 76 INFO rally.task.runner [-] Task e6d8596e-ab08-49ee-bc47-31c142205d9c | ITER: 8 START
2020-04-10 06:09:32.411 82 RALLYDEBUG rally.task.runner [-] Starting a worker. times: 100 duration: None concurrency: 1 timeout: 0 cls: method_name: run args: {}
2020-04-10 06:09:32.412 87 RALLYDEBUG rally.task.runner [-] Starting a worker. times: 100 duration: None concurrency: 1 timeout: 0 cls: method_name: run args: {}
2020-04-10 06:09:32.413 79 INFO rally.task.runner [-] Task e6d8596e-ab08-49ee-bc47-31c142205d9c | ITER: 9 START
2020-04-10 06:09:32.414 90 RALLYDEBUG rally.task.runner [-] Starting a worker. times: 100 duration: None concurrency: 1 timeout: 0 cls: method_name: run args: {}
2020-04-10 06:09:32.416 87 INFO rally.task.runner [-] Task e6d8596e-ab08-49ee-bc47-31c142205d9c | ITER: 11 START
2020-04-10 06:09:32.415 82 INFO rally.task.runner [-] Task e6d8596e-ab08-49ee-bc47-31c142205d9c | ITER: 10 START
2020-04-10 06:09:32.417 93 RALLYDEBUG rally.task.runner [-] Starting a worker. times: 100 duration: None concurrency: 1 timeout: 0 cls: method_name: run args: {}
2020-04-10 06:09:32.418 90 INFO rally.task.runner [-] Task e6d8596e-ab08-49ee-bc47-31c142205d9c | ITER: 12 START
2020-04-10 06:09:32.421 98 RALLYDEBUG rally.task.runner [-] Starting a worker. times: 100 duration: None concurrency: 1 timeout: 0 cls: method_name: run args: {}
2020-04-10 06:09:32.422 93 INFO rally.task.runner [-] Task e6d8596e-ab08-49ee-bc47-31c142205d9c | ITER: 13 START
2020-04-10 06:09:32.424 101 RALLYDEBUG rally.task.runner [-] Starting a worker. times: 100 duration: None concurrency: 1 timeout: 0 cls: method_name: run args: {}
2020-04-10 06:09:32.426 98 INFO rally.task.runner [-] Task e6d8596e-ab08-49ee-bc47-31c142205d9c | ITER: 14 START
2020-04-10 06:09:32.426 104 RALLYDEBUG rally.task.runner [-] Starting a worker. times: 100 duration: None concurrency: 1 timeout: 0 cls: method_name: run args: {}
2020-04-10 06:09:32.428 101 INFO rally.task.runner [-] Task e6d8596e-ab08-49ee-bc47-31c142205d9c | ITER: 15 START
2020-04-10 06:09:32.429 106 RALLYDEBUG rally.task.runner [-] Starting a worker. times: 100 duration: None concurrency: 1 timeout: 0 cls: method_name: run args: {}
2020-04-10 06:09:32.431 104 INFO rally.task.runner [-] Task e6d8596e-ab08-49ee-bc47-31c142205d9c | ITER: 16 START
2020-04-10 06:09:32.432 110 RALLYDEBUG rally.task.runner [-] Starting a worker. times: 100 duration: None concurrency: 1 timeout: 0 cls: method_name: run args: {}
2020-04-10 06:09:32.433 106 INFO rally.task.runner [-] Task e6d8596e-ab08-49ee-bc47-31c142205d9c | ITER: 17 START
2020-04-10 06:09:32.435 113 RALLYDEBUG rally.task.runner [-] Starting a worker. times: 100 duration: None concurrency: 1 timeout: 0 cls: method_name: run args: {}
2020-04-10 06:09:32.436 110 INFO rally.task.runner [-] Task e6d8596e-ab08-49ee-bc47-31c142205d9c | ITER: 18 START
2020-04-10 06:09:32.438 117 RALLYDEBUG rally.task.runner [-] Starting a worker. times: 100 duration: None concurrency: 1 timeout: 0 cls: method_name: run args: {}
2020-04-10 06:09:32.440 113 INFO rally.task.runner [-] Task e6d8596e-ab08-49ee-bc47-31c142205d9c | ITER: 19 START
2020-04-10 06:09:32.441 117 INFO rally.task.runner [-] Task e6d8596e-ab08-49ee-bc47-31c142205d9c | ITER: 20 START
2020-04-10 06:09:33.883 110 INFO rally.task.runner [-] Task e6d8596e-ab08-49ee-bc47-31c142205d9c | ITER: 18 END: OK
2020-04-10 06:09:33.887 110 INFO rally.task.runner [-] Task e6d8596e-ab08-49ee-bc47-31c142205d9c | ITER: 21 START
2020-04-10 06:09:34.340 104 INFO rally.task.runner [-] Task e6d8596e-ab08-49ee-bc47-31c142205d9c | ITER: 16 END: OK
2020-04-10 06:09:34.345 104 INFO rally.task.runner [-] Task e6d8596e-ab08-49ee-bc47-31c142205d9c | ITER: 22 START
2020-04-10 06:09:34.494 79 INFO rally.task.runner [-] Task e6d8596e-ab08-49ee-bc47-31c142205d9c | ITER: 9 END: OK
2020-04-10 06:09:34.498 79 INFO rally.task.runner [-] Task e6d8596e-ab08-49ee-bc47-31c142205d9c | ITER: 23 START
2020-04-10 06:09:35.134 66 INFO rally.task.runner [-] Task e6d8596e-ab08-49ee-bc47-31c142205d9c | ITER: 4 END: OK
2020-04-10 06:09:35.138 66 INFO rally.task.runner [-] Task e6d8596e-ab08-49ee-bc47-31c142205d9c | ITER: 24 START
2020-04-10 06:09:35.506 104 INFO rally.task.runner [-] Task e6d8596e-ab08-49ee-bc47-31c142205d9c | ITER: 22 END: OK
2020-04-10 06:09:35.510 104 INFO rally.task.runner [-] Task e6d8596e-ab08-49ee-bc47-31c142205d9c | ITER: 25 START
2020-04-10 06:09:35.648 76 INFO rally.task.runner [-] Task e6d8596e-ab08-49ee-bc47-31c142205d9c | ITER: 8 END: OK
2020-04-10 06:09:35.653 76 INFO rally.task.runner [-] Task e6d8596e-ab08-49ee-bc47-31c142205d9c | ITER: 26 START
2020-04-10 06:09:36.174 63 INFO rally.task.runner [-] Task e6d8596e-ab08-49ee-bc47-31c142205d9c | ITER: 1 END: OK
2020-04-10 06:09:36.178 63 INFO rally.task.runner [-] Task e6d8596e-ab08-49ee-bc47-31c142205d9c | ITER: 27 START
2020-04-10 06:09:36.581 79 INFO rally.task.runner [-] Task e6d8596e-ab08-49ee-bc47-31c142205d9c | ITER: 23 END: OK
2020-04-10 06:09:36.584 79 INFO rally.task.runner [-] Task e6d8596e-ab08-49ee-bc47-31c142205d9c | ITER: 28 START
2020-04-10 06:09:36.702 104 INFO rally.task.runner [-] Task e6d8596e-ab08-49ee-bc47-31c142205d9c | ITER: 25 END: OK
2020-04-10 06:09:36.706 104 INFO rally.task.runner [-] Task e6d8596e-ab08-49ee-bc47-31c142205d9c | ITER: 29 START
2020-04-10 06:09:37.168 71 INFO rally.task.runner [-] Task e6d8596e-ab08-49ee-bc47-31c142205d9c | ITER: 6 END: OK
2020-04-10 06:09:37.171 71 INFO rally.task.runner [-] Task e6d8596e-ab08-49ee-bc47-31c142205d9c | ITER: 30 START
2020-04-10 06:09:37.647 101 INFO rally.task.runner [-] Task e6d8596e-ab08-49ee-bc47-31c142205d9c | ITER: 15 END: OK
2020-04-10 06:09:37.651 101 INFO rally.task.runner [-] Task e6d8596e-ab08-49ee-bc47-31c142205d9c | ITER: 31 START
2020-04-10 06:09:38.210 110 INFO rally.task.runner [-] Task e6d8596e-ab08-49ee-bc47-31c142205d9c | ITER: 21 END: OK
2020-04-10 06:09:38.213 110 INFO rally.task.runner [-] Task e6d8596e-ab08-49ee-bc47-31c142205d9c | ITER: 32 START
2020-04-10 06:09:38.440 66 INFO rally.task.runner [-] Task e6d8596e-ab08-49ee-bc47-31c142205d9c | ITER: 24 END: OK
2020-04-10 06:09:38.443 66 INFO rally.task.runner [-] Task e6d8596e-ab08-49ee-bc47-31c142205d9c | ITER: 33 START
2020-04-10 06:09:38.712 65 INFO rally.task.runner [-] Task e6d8596e-ab08-49ee-bc47-31c142205d9c | ITER: 3 END: OK
2020-04-10 06:09:38.716 65 INFO rally.task.runner [-] Task e6d8596e-ab08-49ee-bc47-31c142205d9c | ITER: 34 START
2020-04-10 06:09:38.878 76 INFO rally.task.runner [-] Task e6d8596e-ab08-49ee-bc47-31c142205d9c | ITER: 26 END: OK
2020-04-10 06:09:38.881 76 INFO rally.task.runner [-] Task e6d8596e-ab08-49ee-bc47-31c142205d9c | ITER: 35 START
2020-04-10 06:09:39.103 64 INFO rally.task.runner [-] Task e6d8596e-ab08-49ee-bc47-31c142205d9c | ITER: 2 END: OK
2020-04-10 06:09:39.106 64 INFO rally.task.runner [-] Task e6d8596e-ab08-49ee-bc47-31c142205d9c | ITER: 36 START
2020-04-10 06:09:40.443 71 INFO rally.task.runner [-] Task e6d8596e-ab08-49ee-bc47-31c142205d9c | ITER: 30 END: OK
2020-04-10 06:09:40.448 71 INFO rally.task.runner [-] Task e6d8596e-ab08-49ee-bc47-31c142205d9c | ITER: 37 START
2020-04-10 06:09:41.009 110 INFO rally.task.runner [-] Task e6d8596e-ab08-49ee-bc47-31c142205d9c | ITER: 32 END: OK
2020-04-10 06:09:41.012 110 INFO rally.task.runner [-] Task e6d8596e-ab08-49ee-bc47-31c142205d9c | ITER: 38 START
2020-04-10 06:09:41.253 101 INFO rally.task.runner [-] Task e6d8596e-ab08-49ee-bc47-31c142205d9c | ITER: 31 END: OK
2020-04-10 06:09:41.256 101 INFO rally.task.runner [-] Task e6d8596e-ab08-49ee-bc47-31c142205d9c | ITER: 39 START
2020-04-10 06:09:41.527 66 INFO rally.task.runner [-] Task e6d8596e-ab08-49ee-bc47-31c142205d9c | ITER: 33 END: OK
2020-04-10 06:09:41.530 66 INFO rally.task.runner [-] Task e6d8596e-ab08-49ee-bc47-31c142205d9c | ITER: 40 START
2020-04-10 06:09:42.098 65 INFO rally.task.runner [-] Task e6d8596e-ab08-49ee-bc47-31c142205d9c | ITER: 34 END: OK
2020-04-10 06:09:42.101 65 INFO rally.task.runner [-] Task e6d8596e-ab08-49ee-bc47-31c142205d9c | ITER: 41 START
2020-04-10 06:09:42.128 113 INFO rally.task.runner [-] Task e6d8596e-ab08-49ee-bc47-31c142205d9c | ITER: 19 END: OK
2020-04-10 06:09:42.132 113 INFO rally.task.runner [-] Task e6d8596e-ab08-49ee-bc47-31c142205d9c | ITER: 42 START
2020-04-10 06:09:42.378 110 INFO rally.task.runner [-] Task e6d8596e-ab08-49ee-bc47-31c142205d9c | ITER: 38 END: OK
2020-04-10 06:09:42.382 110 INFO rally.task.runner [-] Task e6d8596e-ab08-49ee-bc47-31c142205d9c | ITER: 43 START
2020-04-10 06:09:43.123 71 INFO rally.task.runner [-] Task e6d8596e-ab08-49ee-bc47-31c142205d9c | ITER: 37 END: OK
2020-04-10 06:09:43.127 71 INFO rally.task.runner [-] Task e6d8596e-ab08-49ee-bc47-31c142205d9c | ITER: 44 START
2020-04-10 06:09:43.514 64 INFO rally.task.runner [-] Task e6d8596e-ab08-49ee-bc47-31c142205d9c | ITER: 36 END: OK
2020-04-10 06:09:43.518 64 INFO rally.task.runner [-] Task e6d8596e-ab08-49ee-bc47-31c142205d9c | ITER: 45 START
2020-04-10 06:09:44.018 66 INFO rally.task.runner [-] Task e6d8596e-ab08-49ee-bc47-31c142205d9c | ITER: 40 END: OK
2020-04-10 06:09:44.021 66 INFO rally.task.runner [-] Task e6d8596e-ab08-49ee-bc47-31c142205d9c | ITER: 46 START
2020-04-10 06:09:44.249 90 INFO rally.task.runner [-] Task e6d8596e-ab08-49ee-bc47-31c142205d9c | ITER: 12 END: OK
2020-04-10 06:09:44.254 90 INFO rally.task.runner [-] Task e6d8596e-ab08-49ee-bc47-31c142205d9c | ITER: 47 START
2020-04-10 06:09:44.489 101 INFO rally.task.runner [-] Task e6d8596e-ab08-49ee-bc47-31c142205d9c | ITER: 39 END: OK
2020-04-10 06:09:44.492 101 INFO rally.task.runner [-] Task e6d8596e-ab08-49ee-bc47-31c142205d9c | ITER: 48 START
2020-04-10 06:09:45.482 65 INFO rally.task.runner [-] Task e6d8596e-ab08-49ee-bc47-31c142205d9c | ITER: 41 END: OK
2020-04-10 06:09:45.486 65 INFO rally.task.runner [-] Task e6d8596e-ab08-49ee-bc47-31c142205d9c | ITER: 49 START
2020-04-10 06:09:45.690 64 INFO rally.task.runner [-] Task e6d8596e-ab08-49ee-bc47-31c142205d9c | ITER: 45 END: OK
2020-04-10 06:09:45.694 64 INFO rally.task.runner [-] Task e6d8596e-ab08-49ee-bc47-31c142205d9c | ITER: 50 START
2020-04-10 06:09:45.950 71 INFO rally.task.runner [-] Task e6d8596e-ab08-49ee-bc47-31c142205d9c | ITER: 44 END: OK
2020-04-10 06:09:45.954 71 INFO rally.task.runner [-] Task e6d8596e-ab08-49ee-bc47-31c142205d9c | ITER: 51 START
2020-04-10 06:09:46.076 87 INFO rally.task.runner [-] Task e6d8596e-ab08-49ee-bc47-31c142205d9c | ITER: 11 END: OK
2020-04-10 06:09:46.080 87 INFO rally.task.runner [-] Task e6d8596e-ab08-49ee-bc47-31c142205d9c | ITER: 52 START
2020-04-10 06:09:46.209 93 INFO rally.task.runner [-] Task e6d8596e-ab08-49ee-bc47-31c142205d9c | ITER: 13 END: OK
2020-04-10 06:09:46.214 93 INFO rally.task.runner [-] Task e6d8596e-ab08-49ee-bc47-31c142205d9c | ITER: 53 START
2020-04-10 06:09:47.499 66 INFO rally.task.runner [-] Task e6d8596e-ab08-49ee-bc47-31c142205d9c | ITER: 46 END: OK
2020-04-10 06:09:47.501 66 INFO rally.task.runner [-] Task e6d8596e-ab08-49ee-bc47-31c142205d9c | ITER: 54 START
2020-04-10 06:09:47.721 93 INFO rally.task.runner [-] Task e6d8596e-ab08-49ee-bc47-31c142205d9c | ITER: 53 END: OK
2020-04-10 06:09:47.724 93 INFO rally.task.runner [-] Task e6d8596e-ab08-49ee-bc47-31c142205d9c | ITER: 55 START
2020-04-10 06:09:47.793 90 INFO rally.task.runner [-] Task e6d8596e-ab08-49ee-bc47-31c142205d9c | ITER: 47 END: OK
2020-04-10 06:09:47.795 90 INFO rally.task.runner [-] Task e6d8596e-ab08-49ee-bc47-31c142205d9c | ITER: 56 START
2020-04-10 06:09:48.417 64 INFO rally.task.runner [-] Task e6d8596e-ab08-49ee-bc47-31c142205d9c | ITER: 50 END: OK
2020-04-10 06:09:48.421 64 INFO rally.task.runner [-] Task e6d8596e-ab08-49ee-bc47-31c142205d9c | ITER: 57 START
2020-04-10 06:09:48.899 66 INFO rally.task.runner [-] Task e6d8596e-ab08-49ee-bc47-31c142205d9c | ITER: 54 END: OK
2020-04-10 06:09:48.903 66 INFO rally.task.runner [-] Task e6d8596e-ab08-49ee-bc47-31c142205d9c | ITER: 58 START
2020-04-10 06:09:49.794 64 INFO rally.task.runner [-] Task e6d8596e-ab08-49ee-bc47-31c142205d9c | ITER: 57 END: OK
2020-04-10 06:09:49.797 87 INFO rally.task.runner [-] Task e6d8596e-ab08-49ee-bc47-31c142205d9c | ITER: 52 END: OK
2020-04-10 06:09:49.798 64 INFO rally.task.runner [-] Task e6d8596e-ab08-49ee-bc47-31c142205d9c | ITER: 59 START
2020-04-10 06:09:49.800 87 INFO rally.task.runner [-] Task e6d8596e-ab08-49ee-bc47-31c142205d9c | ITER: 60 START
2020-04-10 06:09:50.109 110 INFO rally.task.runner [-] Task e6d8596e-ab08-49ee-bc47-31c142205d9c | ITER: 43 END: OK
2020-04-10 06:09:50.112 110 INFO rally.task.runner [-] Task e6d8596e-ab08-49ee-bc47-31c142205d9c | ITER: 61 START
2020-04-10 06:09:50.244 101 INFO rally.task.runner [-] Task e6d8596e-ab08-49ee-bc47-31c142205d9c | ITER: 48 END: OK
2020-04-10 06:09:50.247 101 INFO rally.task.runner [-] Task e6d8596e-ab08-49ee-bc47-31c142205d9c | ITER: 62 START
2020-04-10 06:09:50.605 66 INFO rally.task.runner [-] Task e6d8596e-ab08-49ee-bc47-31c142205d9c | ITER: 58 END: OK
2020-04-10 06:09:50.609 66 INFO rally.task.runner [-] Task e6d8596e-ab08-49ee-bc47-31c142205d9c | ITER: 63 START
2020-04-10 06:09:51.015 93 INFO rally.task.runner [-] Task e6d8596e-ab08-49ee-bc47-31c142205d9c | ITER: 55 END: OK
2020-04-10 06:09:51.019 93 INFO rally.task.runner [-] Task e6d8596e-ab08-49ee-bc47-31c142205d9c | ITER: 64 START
2020-04-10 06:09:51.774 71 INFO rally.task.runner [-] Task e6d8596e-ab08-49ee-bc47-31c142205d9c | ITER: 51 END: OK
2020-04-10 06:09:51.778 71 INFO rally.task.runner [-] Task e6d8596e-ab08-49ee-bc47-31c142205d9c | ITER: 65 START
2020-04-10 06:09:52.441 113 INFO rally.task.runner [-] Task e6d8596e-ab08-49ee-bc47-31c142205d9c | ITER: 42 END: OK
2020-04-10 06:09:52.445 113 INFO rally.task.runner [-] Task e6d8596e-ab08-49ee-bc47-31c142205d9c | ITER: 66 START
2020-04-10 06:09:52.907 64 INFO rally.task.runner [-] Task e6d8596e-ab08-49ee-bc47-31c142205d9c | ITER: 59 END: OK
2020-04-10 06:09:52.910 64 INFO rally.task.runner [-] Task e6d8596e-ab08-49ee-bc47-31c142205d9c | ITER: 67 START
2020-04-10 06:09:53.236 79 INFO rally.task.runner [-] Task e6d8596e-ab08-49ee-bc47-31c142205d9c | ITER: 28 END: OK
2020-04-10 06:09:53.240 79 INFO rally.task.runner [-] Task e6d8596e-ab08-49ee-bc47-31c142205d9c | ITER: 68 START
2020-04-10 06:09:54.186 71 INFO rally.task.runner [-] Task e6d8596e-ab08-49ee-bc47-31c142205d9c | ITER: 65 END: OK
2020-04-10 06:09:54.189 71 INFO rally.task.runner [-] Task e6d8596e-ab08-49ee-bc47-31c142205d9c | ITER: 69 START
2020-04-10 06:09:54.418 93 INFO rally.task.runner [-] Task e6d8596e-ab08-49ee-bc47-31c142205d9c | ITER: 64 END: OK
2020-04-10 06:09:54.421 93 INFO rally.task.runner [-] Task e6d8596e-ab08-49ee-bc47-31c142205d9c | ITER: 70 START
2020-04-10 06:09:54.442 64 INFO rally.task.runner [-] Task e6d8596e-ab08-49ee-bc47-31c142205d9c | ITER: 67 END: OK
2020-04-10 06:09:54.445 64 INFO rally.task.runner [-] Task e6d8596e-ab08-49ee-bc47-31c142205d9c | ITER: 71 START
2020-04-10 06:09:54.853 101 INFO rally.task.runner [-] Task e6d8596e-ab08-49ee-bc47-31c142205d9c | ITER: 62 END: OK
2020-04-10 06:09:54.856 101 INFO rally.task.runner [-] Task e6d8596e-ab08-49ee-bc47-31c142205d9c | ITER: 72 START
2020-04-10 06:09:55.016 110 INFO rally.task.runner [-] Task e6d8596e-ab08-49ee-bc47-31c142205d9c | ITER: 61 END: OK
2020-04-10 06:09:55.022 110 INFO rally.task.runner [-] Task e6d8596e-ab08-49ee-bc47-31c142205d9c | ITER: 73 START
2020-04-10 06:09:55.257 87 INFO rally.task.runner [-] Task e6d8596e-ab08-49ee-bc47-31c142205d9c | ITER: 60 END: OK
2020-04-10 06:09:55.266 87 INFO rally.task.runner [-] Task e6d8596e-ab08-49ee-bc47-31c142205d9c | ITER: 74 START
2020-04-10 06:09:55.826 79 INFO rally.task.runner [-] Task e6d8596e-ab08-49ee-bc47-31c142205d9c | ITER: 68 END: OK
2020-04-10 06:09:55.831 79 INFO rally.task.runner [-] Task e6d8596e-ab08-49ee-bc47-31c142205d9c | ITER: 75 START
2020-04-10 06:09:56.357 113 INFO rally.task.runner [-] Task e6d8596e-ab08-49ee-bc47-31c142205d9c | ITER: 66 END: OK
2020-04-10 06:09:56.362 113 INFO rally.task.runner [-] Task e6d8596e-ab08-49ee-bc47-31c142205d9c | ITER: 76 START
2020-04-10 06:09:56.508 71 INFO rally.task.runner [-] Task e6d8596e-ab08-49ee-bc47-31c142205d9c | ITER: 69 END: OK
2020-04-10 06:09:56.515 71 INFO rally.task.runner [-] Task e6d8596e-ab08-49ee-bc47-31c142205d9c | ITER: 77 START
2020-04-10 06:09:56.966 101 INFO rally.task.runner [-] Task e6d8596e-ab08-49ee-bc47-31c142205d9c | ITER: 72 END: OK
2020-04-10 06:09:56.972 101 INFO rally.task.runner [-] Task e6d8596e-ab08-49ee-bc47-31c142205d9c | ITER: 78 START
2020-04-10 06:09:56.976 64 INFO rally.task.runner [-] Task e6d8596e-ab08-49ee-bc47-31c142205d9c | ITER: 71 END: OK
2020-04-10 06:09:56.983 64 INFO rally.task.runner [-] Task e6d8596e-ab08-49ee-bc47-31c142205d9c | ITER: 79 START
2020-04-10 06:09:57.173 79 INFO rally.task.runner [-] Task e6d8596e-ab08-49ee-bc47-31c142205d9c | ITER: 75 END: OK
2020-04-10 06:09:57.177 79 INFO rally.task.runner [-] Task e6d8596e-ab08-49ee-bc47-31c142205d9c | ITER: 80 START
2020-04-10 06:09:57.458 82 INFO rally.task.runner [-] Task e6d8596e-ab08-49ee-bc47-31c142205d9c | ITER: 10 END: OK
2020-04-10 06:09:57.466 82 INFO rally.task.runner [-] Task e6d8596e-ab08-49ee-bc47-31c142205d9c | ITER: 81 START
2020-04-10 06:09:57.753 93 INFO rally.task.runner [-] Task e6d8596e-ab08-49ee-bc47-31c142205d9c | ITER: 70 END: OK
2020-04-10 06:09:57.759 93 INFO rally.task.runner [-] Task e6d8596e-ab08-49ee-bc47-31c142205d9c | ITER: 82 START
2020-04-10 06:09:57.921 71 INFO rally.task.runner [-] Task e6d8596e-ab08-49ee-bc47-31c142205d9c | ITER: 77 END: OK
2020-04-10 06:09:57.924 71 INFO rally.task.runner [-] Task e6d8596e-ab08-49ee-bc47-31c142205d9c | ITER: 83 START
2020-04-10 06:09:58.928 113 INFO rally.task.runner [-] Task e6d8596e-ab08-49ee-bc47-31c142205d9c | ITER: 76 END: OK
2020-04-10 06:09:58.932 113 INFO rally.task.runner [-] Task e6d8596e-ab08-49ee-bc47-31c142205d9c | ITER: 84 START
2020-04-10 06:09:59.028 87 INFO rally.task.runner [-] Task e6d8596e-ab08-49ee-bc47-31c142205d9c | ITER: 74 END: OK
2020-04-10 06:09:59.031 87 INFO rally.task.runner [-] Task e6d8596e-ab08-49ee-bc47-31c142205d9c | ITER: 85 START
2020-04-10 06:09:59.308 93 INFO rally.task.runner [-] Task e6d8596e-ab08-49ee-bc47-31c142205d9c | ITER: 82 END: OK
2020-04-10 06:09:59.311 93 INFO rally.task.runner [-] Task e6d8596e-ab08-49ee-bc47-31c142205d9c | ITER: 86 START
2020-04-10 06:09:59.546 66 INFO rally.task.runner [-] Task e6d8596e-ab08-49ee-bc47-31c142205d9c | ITER: 63 END: OK
2020-04-10 06:09:59.554 66 INFO rally.task.runner [-] Task e6d8596e-ab08-49ee-bc47-31c142205d9c | ITER: 87 START
2020-04-10 06:09:59.641 82 INFO rally.task.runner [-] Task e6d8596e-ab08-49ee-bc47-31c142205d9c | ITER: 81 END: OK
2020-04-10 06:09:59.645 82 INFO rally.task.runner [-] Task e6d8596e-ab08-49ee-bc47-31c142205d9c | ITER: 88 START
2020-04-10 06:09:59.982 110 INFO rally.task.runner [-] Task e6d8596e-ab08-49ee-bc47-31c142205d9c | ITER: 73 END: OK
2020-04-10 06:09:59.986 110 INFO rally.task.runner [-] Task e6d8596e-ab08-49ee-bc47-31c142205d9c | ITER: 89 START
2020-04-10 06:10:00.137 101 INFO rally.task.runner [-] Task e6d8596e-ab08-49ee-bc47-31c142205d9c | ITER: 78 END: OK
2020-04-10 06:10:00.142 101 INFO rally.task.runner [-] Task e6d8596e-ab08-49ee-bc47-31c142205d9c | ITER: 90 START
2020-04-10 06:10:00.776 79 INFO rally.task.runner [-] Task e6d8596e-ab08-49ee-bc47-31c142205d9c | ITER: 80 END: OK
2020-04-10 06:10:00.780 79 INFO rally.task.runner [-] Task e6d8596e-ab08-49ee-bc47-31c142205d9c | ITER: 91 START
2020-04-10 06:10:00.809 113 INFO rally.task.runner [-] Task e6d8596e-ab08-49ee-bc47-31c142205d9c | ITER: 84 END: OK
2020-04-10 06:10:00.812 113 INFO rally.task.runner [-] Task e6d8596e-ab08-49ee-bc47-31c142205d9c | ITER: 92 START
2020-04-10 06:10:01.909 110 INFO rally.task.runner [-] Task e6d8596e-ab08-49ee-bc47-31c142205d9c | ITER: 89 END: OK
2020-04-10 06:10:01.912 110 INFO rally.task.runner [-] Task e6d8596e-ab08-49ee-bc47-31c142205d9c | ITER: 93 START
2020-04-10 06:10:02.029 66 INFO rally.task.runner [-] Task e6d8596e-ab08-49ee-bc47-31c142205d9c | ITER: 87 END: OK
2020-04-10 06:10:02.032 66 INFO rally.task.runner [-] Task e6d8596e-ab08-49ee-bc47-31c142205d9c | ITER: 94 START
2020-04-10 06:10:02.608 82 INFO rally.task.runner [-] Task e6d8596e-ab08-49ee-bc47-31c142205d9c | ITER: 88 END: OK
2020-04-10 06:10:02.611 82 INFO rally.task.runner [-] Task e6d8596e-ab08-49ee-bc47-31c142205d9c | ITER: 95 START
2020-04-10 06:10:03.560 66 INFO rally.task.runner [-] Task e6d8596e-ab08-49ee-bc47-31c142205d9c | ITER: 94 END: OK
2020-04-10 06:10:03.564 66 INFO rally.task.runner [-] Task e6d8596e-ab08-49ee-bc47-31c142205d9c | ITER: 96 START
2020-04-10 06:10:03.825 110 INFO rally.task.runner [-] Task e6d8596e-ab08-49ee-bc47-31c142205d9c | ITER: 93 END: OK
2020-04-10 06:10:03.829 110 INFO rally.task.runner [-] Task e6d8596e-ab08-49ee-bc47-31c142205d9c | ITER: 97 START
2020-04-10 06:10:04.004 71 INFO rally.task.runner [-] Task e6d8596e-ab08-49ee-bc47-31c142205d9c | ITER: 83 END: OK
2020-04-10 06:10:04.009 71 INFO rally.task.runner [-] Task e6d8596e-ab08-49ee-bc47-31c142205d9c | ITER: 98 START
2020-04-10 06:10:04.074 113 INFO rally.task.runner [-] Task e6d8596e-ab08-49ee-bc47-31c142205d9c | ITER: 92 END: OK
2020-04-10 06:10:04.078 113 INFO rally.task.runner [-] Task e6d8596e-ab08-49ee-bc47-31c142205d9c | ITER: 99 START
2020-04-10 06:10:04.549 87 INFO rally.task.runner [-] Task e6d8596e-ab08-49ee-bc47-31c142205d9c | ITER: 85 END: OK
2020-04-10 06:10:04.553 87 INFO rally.task.runner [-] Task e6d8596e-ab08-49ee-bc47-31c142205d9c | ITER: 100 START
2020-04-10 06:10:05.652 93 INFO rally.task.runner [-] Task e6d8596e-ab08-49ee-bc47-31c142205d9c | ITER: 86 END: OK
2020-04-10 06:10:05.700 71 INFO rally.task.runner [-] Task e6d8596e-ab08-49ee-bc47-31c142205d9c | ITER: 98 END: OK
2020-04-10 06:10:06.022 79 INFO rally.task.runner [-] Task e6d8596e-ab08-49ee-bc47-31c142205d9c | ITER: 91 END: OK
2020-04-10 06:10:06.776 87 INFO rally.task.runner [-] Task e6d8596e-ab08-49ee-bc47-31c142205d9c | ITER: 100 END: OK
2020-04-10 06:10:07.541 82 INFO rally.task.runner [-] Task e6d8596e-ab08-49ee-bc47-31c142205d9c | ITER: 95 END: OK
2020-04-10 06:10:07.580 117 INFO rally.task.runner [-] Task e6d8596e-ab08-49ee-bc47-31c142205d9c | ITER: 20 END: OK
2020-04-10 06:10:07.858 64 INFO rally.task.runner [-] Task e6d8596e-ab08-49ee-bc47-31c142205d9c | ITER: 79 END: OK
2020-04-10 06:10:09.157 66 INFO rally.task.runner [-] Task e6d8596e-ab08-49ee-bc47-31c142205d9c | ITER: 96 END: OK
2020-04-10 06:10:09.794 110 INFO rally.task.runner [-] Task e6d8596e-ab08-49ee-bc47-31c142205d9c | ITER: 97 END: OK
2020-04-10 06:10:10.435 104 INFO rally.task.runner [-] Task e6d8596e-ab08-49ee-bc47-31c142205d9c | ITER: 29 END: OK
2020-04-10 06:10:10.674 63 INFO rally.task.runner [-] Task e6d8596e-ab08-49ee-bc47-31c142205d9c | ITER: 27 END: OK
2020-04-10 06:10:12.132 76 INFO rally.task.runner [-] Task e6d8596e-ab08-49ee-bc47-31c142205d9c | ITER: 35 END: OK
2020-04-10 06:10:12.623 101 INFO rally.task.runner [-] Task e6d8596e-ab08-49ee-bc47-31c142205d9c | ITER: 90 END: OK
2020-04-10 06:10:13.330 113 INFO rally.task.runner [-] Task e6d8596e-ab08-49ee-bc47-31c142205d9c | ITER: 99 END: OK
2020-04-10 06:10:15.221 90 INFO rally.task.runner [-] Task e6d8596e-ab08-49ee-bc47-31c142205d9c | ITER: 56 END: OK
2020-04-10 06:10:15.896 65 INFO rally.task.runner [-] Task e6d8596e-ab08-49ee-bc47-31c142205d9c | ITER: 49 END: OK
2020-04-10 06:10:16.907 70 INFO rally.task.runner [-] Task e6d8596e-ab08-49ee-bc47-31c142205d9c | ITER: 5 END: OK
2020-04-10 06:10:17.953 73 INFO rally.task.runner [-] Task e6d8596e-ab08-49ee-bc47-31c142205d9c | ITER: 7 END: OK
2020-04-10 06:10:19.149 106 INFO rally.task.runner [-] Task e6d8596e-ab08-49ee-bc47-31c142205d9c | ITER: 17 END: OK
2020-04-10 06:10:19.602 98 INFO rally.task.runner [-] Task e6d8596e-ab08-49ee-bc47-31c142205d9c | ITER: 14 END: OK
2020-04-10 06:10:19.627 15 INFO rally.task.context [-] Task e6d8596e-ab08-49ee-bc47-31c142205d9c | Context cleanup@openstack cleanup() started
2020-04-10 06:10:19.632 15 RALLYDEBUG rally_openstack.cleanup.manager [-] Cleaning up neutron vip objects
2020-04-10 06:10:20.047 15 RALLYDEBUG rally_openstack.cleanup.manager [-] Cleaning up neutron health_monitor objects
2020-04-10 06:10:20.197 15 RALLYDEBUG rally_openstack.cleanup.manager [-] Cleaning up neutron pool objects
2020-04-10 06:10:20.389 15 RALLYDEBUG rally_openstack.cleanup.manager [-] Cleaning up neutron loadbalancer objects
2020-04-10 06:10:20.535 15 RALLYDEBUG rally_openstack.cleanup.manager [-] Cleaning up neutron floatingip objects
2020-04-10 06:10:20.728 15 RALLYDEBUG rally_openstack.cleanup.manager [-] Cleaning up neutron trunk objects
2020-04-10 06:10:20.887 15 RALLYDEBUG rally_openstack.cleanup.manager [-] Cleaning up neutron port objects
2020-04-10 06:10:22.446 15 RALLYDEBUG rally_openstack.cleanup.manager [-] Cleaning up neutron subnet objects
2020-04-10 06:10:22.612 15 RALLYDEBUG rally_openstack.cleanup.manager [-] Cleaning up neutron network objects
2020-04-10 06:10:23.249 15 RALLYDEBUG rally_openstack.cleanup.manager [-] Deleting neutron.network object s_rally_6e0e34a6_1haYt96Z (000090bd-cf4c-412d-9df9-5eed8d7fdc59)
2020-04-10 06:10:23.264 15 RALLYDEBUG rally_openstack.cleanup.manager [-] Deleting neutron.network object s_rally_6e0e34a6_IVfrF8GR (09cc61b5-96ab-4543-bda8-da11d0a0fc9b)
2020-04-10 06:10:23.264 15 RALLYDEBUG rally_openstack.cleanup.manager [-] Deleting neutron.network object s_rally_6e0e34a6_5Y0oRcY9 (04aac8c9-24f0-4872-97d8-93347d2b539f)
2020-04-10 06:10:23.275 15 RALLYDEBUG rally_openstack.cleanup.manager [-] Deleting neutron.network object s_rally_6e0e34a6_gLJfJBRG (0fb95b18-63e7-494d-92e4-01966b386e2f)
2020-04-10 06:10:23.292 15 RALLYDEBUG rally_openstack.cleanup.manager [-] Deleting neutron.network object s_rally_6e0e34a6_jmfCE9my (1177cb02-93ec-480f-a14f-884713f776db)
2020-04-10 06:10:23.314 15 RALLYDEBUG rally_openstack.cleanup.manager [-] Deleting neutron.network object s_rally_6e0e34a6_enxy8Eq2 (146ed066-3ce2-41a3-a6ef-535fca9e7ef5)
2020-04-10 06:10:23.320 15 RALLYDEBUG rally_openstack.cleanup.manager [-] Deleting neutron.network object s_rally_6e0e34a6_pd1m57n6 (15f5345f-e813-4dad-a57b-89895b17a002)
2020-04-10 06:10:23.340 15 RALLYDEBUG rally_openstack.cleanup.manager [-] Deleting neutron.network object s_rally_6e0e34a6_DOICx7Q1 (1647a7e4-e16e-4eee-92ff-db60f94a75b8)
2020-04-10 06:10:23.361 15 RALLYDEBUG rally_openstack.cleanup.manager [-] Deleting neutron.network object s_rally_6e0e34a6_L9GAzD7S (17f7f353-d985-4a5d-93e1-d28838e7a1e0)
2020-04-10 06:10:23.367 15 RALLYDEBUG rally_openstack.cleanup.manager [-] Deleting neutron.network object s_rally_6e0e34a6_40G05oAp (181e1b2d-81e1-4946-a04b-ecd8d866848e)
2020-04-10 06:10:23.391 15 RALLYDEBUG rally_openstack.cleanup.manager [-] Deleting neutron.network object s_rally_6e0e34a6_xCKfyQ6z (184a6c2c-d7fd-4b49-9c44-cbd6484a7e47)
2020-04-10 06:10:23.414 15 RALLYDEBUG rally_openstack.cleanup.manager [-] Deleting neutron.network object s_rally_6e0e34a6_rSL6merj (1abf2d96-be5b-4830-975e-9bbfd3f75b17)
2020-04-10 06:10:23.450 15 RALLYDEBUG rally_openstack.cleanup.manager [-] Deleting neutron.network object s_rally_6e0e34a6_yhCv7IiW (1bfa71df-d1e8-457f-b2dc-e0ca96dc65e1)
2020-04-10 06:10:23.458 15 RALLYDEBUG rally_openstack.cleanup.manager [-] Deleting neutron.network object s_rally_6e0e34a6_FDvtkkXI (1b874a15-9558-470e-b917-64f7baee723c)
2020-04-10 06:10:23.512 15 RALLYDEBUG rally_openstack.cleanup.manager [-] Deleting neutron.network object s_rally_6e0e34a6_TRWPDHy8 (1fec2bb0-7933-45b5-978f-7cb07fcafb74)
2020-04-10 06:10:23.518 15 RALLYDEBUG rally_openstack.cleanup.manager [-] Deleting neutron.network object s_rally_6e0e34a6_1vMaa5EG (24087756-fe8c-4130-b691-169810d99ad9)
2020-04-10 06:10:23.507 15 RALLYDEBUG rally_openstack.cleanup.manager [-] Deleting neutron.network object s_rally_6e0e34a6_YwxpbCpc (1f5ea91a-88c7-41da-b004-d5a104aac519)
2020-04-10 06:10:23.574 15 RALLYDEBUG rally_openstack.cleanup.manager [-] Deleting neutron.network object s_rally_6e0e34a6_4deRseI6 (24b56014-7a24-441a-a3c5-7fd5279ce093)
2020-04-10 06:10:23.619 15 RALLYDEBUG rally_openstack.cleanup.manager [-] Deleting neutron.network object s_rally_6e0e34a6_yASY4WGF (25fab8ea-5500-4811-8d9e-48170123f6df)
2020-04-10 06:10:23.671 15 RALLYDEBUG rally_openstack.cleanup.manager [-] Deleting neutron.network object s_rally_6e0e34a6_8NMJTUJC (28ad7f73-6037-45f5-8d02-ae4ee6edbafc)
2020-04-10 06:10:26.008 15 RALLYDEBUG rally_openstack.cleanup.manager [-] Deleting neutron.network object s_rally_6e0e34a6_yHRnFq0G (2b0f9614-17ee-43b6-ab17-e03ba4a90807)
2020-04-10 06:10:26.032 15 RALLYDEBUG rally_openstack.cleanup.manager [-] Deleting neutron.network object s_rally_6e0e34a6_NAvE0zs9 (30dda844-8a7d-4ed0-9b1d-7d1390f89896)
2020-04-10 06:10:26.108 15 RALLYDEBUG rally_openstack.cleanup.manager [-] Deleting neutron.network object s_rally_6e0e34a6_mzLnD4It (30f58c39-1ca1-4cd5-9eff-7998429aaccf)
2020-04-10 06:10:26.734 15 RALLYDEBUG rally_openstack.cleanup.manager [-] Deleting neutron.network object s_rally_6e0e34a6_dQyn6UIK (34454f65-ea59-4637-84b4-6a580376868f)
2020-04-10 06:10:27.336 15 RALLYDEBUG rally_openstack.cleanup.manager [-] Deleting neutron.network object s_rally_6e0e34a6_bqvObmB2 (34f66396-6113-4985-bda3-8e979899dc82)
2020-04-10 06:10:27.347 15 RALLYDEBUG rally_openstack.cleanup.manager [-] Deleting neutron.network object s_rally_6e0e34a6_auFnuJaO (35c7e0ee-37b8-43ff-b9e5-90f4bcfe20a7)
2020-04-10 06:10:27.377 15 RALLYDEBUG rally_openstack.cleanup.manager [-] Deleting neutron.network object s_rally_6e0e34a6_cgwaKUjW (380586b5-8c3b-459d-9d49-df8bd5402aa0)
2020-04-10 06:10:27.392 15 RALLYDEBUG rally_openstack.cleanup.manager [-] Deleting neutron.network object s_rally_6e0e34a6_c7a6tRlq (398442cf-9516-4b7c-bc91-a4d515c3827f)
2020-04-10 06:10:27.492 15 RALLYDEBUG rally_openstack.cleanup.manager [-] Deleting neutron.network object s_rally_6e0e34a6_PyfNfT3b (44ecc938-1dae-420c-b4f5-96a408d48da2)
2020-04-10 06:10:27.482 15 RALLYDEBUG rally_openstack.cleanup.manager [-] Deleting neutron.network object s_rally_6e0e34a6_1m32hAG4 (406035aa-c934-4476-aa14-86ee6edeaf8c)
2020-04-10 06:10:27.612 15 RALLYDEBUG rally_openstack.cleanup.manager [-] Deleting neutron.network object s_rally_6e0e34a6_UU8Jz1eQ (47e53391-900b-41fc-b076-9266614052c2)
2020-04-10 06:10:27.624 15 RALLYDEBUG rally_openstack.cleanup.manager [-] Deleting neutron.network object s_rally_6e0e34a6_EFwiFlev (4eb6671c-75be-4b47-9ec0-68924a3a81a6)
2020-04-10 06:10:27.710 15 RALLYDEBUG rally_openstack.cleanup.manager [-] Deleting neutron.network object s_rally_6e0e34a6_eUhHiaHY (51c5b89f-390f-4f5d-88ab-b9c0c1a77fa2)
2020-04-10 06:10:27.715 15 RALLYDEBUG rally_openstack.cleanup.manager [-] Deleting neutron.network object s_rally_6e0e34a6_nRNjhyE3 (528c7a7d-29a3-4482-8f33-69cfd2804c61)
2020-04-10 06:10:28.199 15 RALLYDEBUG rally_openstack.cleanup.manager [-] Deleting neutron.network object s_rally_6e0e34a6_ZJSQFFFO (54acdb98-dd2b-434e-b0a4-77cfbffd34b4)
2020-04-10 06:10:28.394 15 RALLYDEBUG rally_openstack.cleanup.manager [-] Deleting neutron.network object s_rally_6e0e34a6_2NWMB0k4 (54c0c96e-bf18-46cf-9b11-9022fbba87d4)
2020-04-10 06:10:28.405 15 RALLYDEBUG rally_openstack.cleanup.manager [-] Deleting neutron.network object s_rally_6e0e34a6_VgPNa60f (554ca27a-326e-4383-b9f0-e3859aa60814)
2020-04-10 06:10:28.416 15 RALLYDEBUG rally_openstack.cleanup.manager [-] Deleting neutron.network object s_rally_6e0e34a6_P3GR4HIM (5a9b6fcd-56a1-45af-8dd1-3a9854d4f110)
2020-04-10 06:10:29.210 15 RALLYDEBUG rally_openstack.cleanup.manager [-] Deleting neutron.network object s_rally_6e0e34a6_W8WmRAEV (6cf39476-3ad3-4ce1-908b-58cacbeb872d)
2020-04-10 06:10:29.218 15 RALLYDEBUG rally_openstack.cleanup.manager [-] Deleting neutron.network object s_rally_6e0e34a6_nuO7c3TE (5ee97c41-b1a5-436a-963e-87d2c832fa95)
2020-04-10 06:10:29.247 15 RALLYDEBUG rally_openstack.cleanup.manager [-] Deleting neutron.network object s_rally_6e0e34a6_4YC5ouSt (6e1b4102-f7e3-4add-bc16-8507033261fe)
2020-04-10 06:10:29.779 15 RALLYDEBUG rally_openstack.cleanup.manager [-] Deleting neutron.network object s_rally_6e0e34a6_itNo6nAK (72c4d632-98a8-4cff-bb60-255d147ca094)
2020-04-10 06:10:29.810 15 RALLYDEBUG rally_openstack.cleanup.manager [-] Deleting neutron.network object s_rally_6e0e34a6_ghZnJj8s (730a3c65-1dd4-44c5-8bd2-a128168634f8)
2020-04-10 06:10:30.116 15 RALLYDEBUG rally_openstack.cleanup.manager [-] Deleting neutron.network object s_rally_6e0e34a6_K89SoZBV (7399c391-ef80-42bc-8395-0e98dbc146e7)
2020-04-10 06:10:30.128 15 RALLYDEBUG rally_openstack.cleanup.manager [-] Deleting neutron.network object s_rally_6e0e34a6_TF5BiqQm (773bc17a-2de5-4f6e-b48e-155234e40937)
2020-04-10 06:10:30.246 15 RALLYDEBUG rally_openstack.cleanup.manager [-] Deleting neutron.network object s_rally_6e0e34a6_HzNRYSBf (776349a9-dca4-48e1-a794-ea2981456cbf)
2020-04-10 06:10:30.362 15 RALLYDEBUG rally_openstack.cleanup.manager [-] Deleting neutron.network object s_rally_6e0e34a6_eB9bp0sF (79e8f014-73ba-4681-9cb2-53b3189e5334)
2020-04-10 06:10:30.503 15 RALLYDEBUG rally_openstack.cleanup.manager [-] Deleting neutron.network object s_rally_6e0e34a6_nEOJG7u3 (7be8766e-8228-4c3b-9dc4-e8fcf870bb49)
2020-04-10 06:10:30.558 15 RALLYDEBUG rally_openstack.cleanup.manager [-] Deleting neutron.network object s_rally_6e0e34a6_XxUaIHPY (802c7525-f711-4f94-a67c-25b93963be81)
2020-04-10 06:10:30.647 15 RALLYDEBUG rally_openstack.cleanup.manager [-] Deleting neutron.network object s_rally_6e0e34a6_XoavFo4F (82130b39-80e3-41be-a896-9752dc7b329d)
2020-04-10 06:10:30.731 15 RALLYDEBUG rally_openstack.cleanup.manager [-] Deleting neutron.network object s_rally_6e0e34a6_AluPBha1 (88ecb0b7-1415-4664-8417-d7721f320568)
2020-04-10 06:10:31.205 15 RALLYDEBUG rally_openstack.cleanup.manager [-] Deleting neutron.network object s_rally_6e0e34a6_bPaqmRiN (8b4b1a03-afe1-4a4f-8c6f-db945904d16c)
2020-04-10 06:10:31.219 15 RALLYDEBUG rally_openstack.cleanup.manager [-] Deleting neutron.network object s_rally_6e0e34a6_a2C2Ol0S (8d1f10af-dbef-47fa-a36d-b74826aa753e)
2020-04-10 06:10:31.434 15 RALLYDEBUG rally_openstack.cleanup.manager [-] Deleting neutron.network object s_rally_6e0e34a6_knUxFmnm (8ea0d1b1-4128-4380-a136-3290568a8c17)
2020-04-10 06:10:31.505 15 RALLYDEBUG rally_openstack.cleanup.manager [-] Deleting neutron.network object s_rally_6e0e34a6_9xZXL3Em (92114291-9045-479d-879e-d9cd817ff3de)
2020-04-10 06:10:31.510 15 RALLYDEBUG rally_openstack.cleanup.manager [-] Deleting neutron.network object s_rally_6e0e34a6_v4I8XfiH (9332d0b0-5a84-4399-8063-a8a02fae4b1d)
2020-04-10 06:10:31.527 15 RALLYDEBUG rally_openstack.cleanup.manager [-] Deleting neutron.network object s_rally_6e0e34a6_kDhPT8z4 (96395664-8322-4183-9617-03af61fb5b5d)
2020-04-10 06:10:32.070 15 RALLYDEBUG rally_openstack.cleanup.manager [-] Deleting neutron.network object s_rally_6e0e34a6_nDosrpYn (96c3e301-cd00-448b-a456-882eecb2de16)
2020-04-10 06:10:32.142 15 RALLYDEBUG rally_openstack.cleanup.manager [-] Deleting neutron.network object s_rally_6e0e34a6_dwnAFiK3 (9815af66-1c08-48da-a644-6d081a4cf63c)
2020-04-10 06:10:32.448 15 RALLYDEBUG rally_openstack.cleanup.manager [-] Deleting neutron.network object s_rally_6e0e34a6_2BFuwLe6 (99b804df-d37f-415a-a215-ad5810139a29)
2020-04-10 06:10:32.458 15 RALLYDEBUG rally_openstack.cleanup.manager [-] Deleting neutron.network object s_rally_6e0e34a6_H0ZbUyki (9d4b0252-ee82-4129-b2d1-6a6a9092f070)
2020-04-10 06:10:32.671 15 RALLYDEBUG rally_openstack.cleanup.manager [-] Deleting neutron.network object s_rally_6e0e34a6_RaH35tR8 (9df0aee2-19c1-487c-a862-328f06a6cd44)
2020-04-10 06:10:32.686 15 RALLYDEBUG rally_openstack.cleanup.manager [-] Deleting neutron.network object s_rally_6e0e34a6_Ar5QEspH (9e993a69-6ea9-4e3e-a438-761904d5b4f9)
2020-04-10 06:10:32.733 15 RALLYDEBUG rally_openstack.cleanup.manager [-] Deleting neutron.network object s_rally_6e0e34a6_8dKPMWCn (a0e753dc-9b64-4efb-bb5a-e1828d01756b)
2020-04-10 06:10:32.833 15 RALLYDEBUG rally_openstack.cleanup.manager [-] Deleting neutron.network object s_rally_6e0e34a6_A1crfDjW (a5fa2a61-df7f-4e17-91ea-8d5cbd9e240d)
2020-04-10 06:10:33.127 15 RALLYDEBUG rally_openstack.cleanup.manager [-] Deleting neutron.network object s_rally_6e0e34a6_whwlCNGr (a63bac49-752f-4807-a92c-4187fe6c29eb)
2020-04-10 06:10:33.273 15 RALLYDEBUG rally_openstack.cleanup.manager [-] Deleting neutron.network object s_rally_6e0e34a6_Iil3ZN0Q (a8bad96c-7635-4b29-b494-ab0c8bf17b37)
2020-04-10 06:10:33.303 15 RALLYDEBUG rally_openstack.cleanup.manager [-] Deleting neutron.network object s_rally_6e0e34a6_d82WDOPH (a981a530-8416-407b-abec-a15f9b99af37)
2020-04-10 06:10:33.314 15 RALLYDEBUG rally_openstack.cleanup.manager [-] Deleting neutron.network object s_rally_6e0e34a6_6L5a7Cu3 (accf949e-f82c-4360-a0e5-0adf0028ca59)
2020-04-10 06:10:33.371 15 RALLYDEBUG rally_openstack.cleanup.manager [-] Deleting neutron.network object s_rally_6e0e34a6_80CTxhUu (af61f59b-fe4d-48fb-8a97-c671df8461d5)
2020-04-10 06:10:33.410 15 RALLYDEBUG rally_openstack.cleanup.manager [-] Deleting neutron.network object s_rally_6e0e34a6_053Ld26X (b4df70c8-e937-45fe-a77e-d159614725df)
2020-04-10 06:10:34.256 15 RALLYDEBUG rally_openstack.cleanup.manager [-] Deleting neutron.network object s_rally_6e0e34a6_VjmnAcNr (b7ce8358-1181-4acc-972b-98f512c781d9)
2020-04-10 06:10:34.335 15 RALLYDEBUG rally_openstack.cleanup.manager [-] Deleting neutron.network object s_rally_6e0e34a6_93al2kWu (be36c821-10ed-4a79-9dcf-d62faa4376d6)
2020-04-10 06:10:34.426 15 RALLYDEBUG rally_openstack.cleanup.manager [-] Deleting neutron.network object s_rally_6e0e34a6_TPHLJSyQ (c0785046-d44e-450c-8f39-ea829a108243)
2020-04-10 06:10:34.449 15 RALLYDEBUG rally_openstack.cleanup.manager [-] Deleting neutron.network object s_rally_6e0e34a6_yN96pHEz (c08574e2-2b3e-4a4e-8f61-b5a84ee5f661)
2020-04-10 06:10:34.639 15 RALLYDEBUG rally_openstack.cleanup.manager [-] Deleting neutron.network object s_rally_6e0e34a6_uQSHJlgc (c09cfc9d-79d6-44c3-9f88-5362b6ace361)
2020-04-10 06:10:34.651 15 RALLYDEBUG rally_openstack.cleanup.manager [-] Deleting neutron.network object s_rally_6e0e34a6_fJ8L6lSb (c3c0da87-83ba-4b3c-bb33-94252742736c)
2020-04-10 06:10:35.498 15 RALLYDEBUG rally_openstack.cleanup.manager [-] Deleting neutron.network object s_rally_6e0e34a6_fsCfIG3E (c5df3d9b-70ee-4f73-a0a6-7dd0bba1ec9a)
2020-04-10 06:10:35.535 15 RALLYDEBUG rally_openstack.cleanup.manager [-] Deleting neutron.network object s_rally_6e0e34a6_HplfvMzr (cba04a03-4a0d-4d0f-b73b-596a386926f3)
2020-04-10 06:10:35.536 15 RALLYDEBUG rally_openstack.cleanup.manager [-] Deleting neutron.network object s_rally_6e0e34a6_p2CxDJ49 (ca3016a3-441e-4f0e-9cc8-c0c8c3d56d63)
2020-04-10 06:10:35.801 15 RALLYDEBUG rally_openstack.cleanup.manager [-] Deleting neutron.network object s_rally_6e0e34a6_GKe1XTj5 (ccf70b42-2c75-41ac-91b2-112254b4a68e)
2020-04-10 06:10:36.357 15 RALLYDEBUG rally_openstack.cleanup.manager [-] Deleting neutron.network object s_rally_6e0e34a6_QNywfUO8 (d101ead9-33d9-4493-9735-7f6cd45afcbe)
