2020-04-10 06:25:25.701 15 RALLYDEBUG rally_openstack.cleanup.manager [-] Deleting neutron.port object s_rally_3571a013_Rru6KMlG (c69419d0-3bdb-4551-93b3-337145a35089)
2020-04-10 06:25:25.753 15 RALLYDEBUG rally_openstack.cleanup.manager [-] Deleting neutron.port object s_rally_3571a013_p9PaxKli (c7990a0f-1442-4198-8e30-388344f6fe04)
2020-04-10 06:25:25.850 15 RALLYDEBUG rally_openstack.cleanup.manager [-] Deleting neutron.port object s_rally_3571a013_bXlujXRn (c96735cf-6ae8-46b3-bbd4-bb97fa217375)
2020-04-10 06:25:25.853 15 RALLYDEBUG rally_openstack.cleanup.manager [-] Deleting neutron.port object s_rally_3571a013_joVVsg5T (c9a6a7ca-03f1-41f6-88ef-a6081a66c7ec)
2020-04-10 06:25:25.974 15 RALLYDEBUG rally_openstack.cleanup.manager [-] Deleting neutron.port object s_rally_3571a013_7fMD1xvo (cae43800-19e5-4034-ba3b-97c70906e685)
2020-04-10 06:25:26.064 15 RALLYDEBUG rally_openstack.cleanup.manager [-] Deleting neutron.port object s_rally_3571a013_NZuMuIAK (cbdd2f0a-3380-42cd-a306-e3eedae89452)
2020-04-10 06:25:26.093 15 RALLYDEBUG rally_openstack.cleanup.manager [-] Deleting neutron.port object s_rally_3571a013_t9nJ3cZg (cc0bdc82-5a5a-4128-bab0-3cb7bd08e045)
2020-04-10 06:25:26.220 15 RALLYDEBUG rally_openstack.cleanup.manager [-] Deleting neutron.port object s_rally_3571a013_p0EThyyd (cc6d5c4c-1a3a-4497-906f-b6b5ddb40a37)
2020-04-10 06:25:26.220 15 RALLYDEBUG rally_openstack.cleanup.manager [-] Deleting neutron.port object s_rally_3571a013_H0CtlgGB (cc1cdbda-8c07-4f4e-a9bd-64978bb48e86)
2020-04-10 06:25:26.233 15 RALLYDEBUG rally_openstack.cleanup.manager [-] Deleting neutron.port object s_rally_3571a013_SxuaN5gG (ccfb05ca-fd16-4262-898a-cdfd8dd6f414)
2020-04-10 06:25:26.417 15 RALLYDEBUG rally_openstack.cleanup.manager [-] Deleting neutron.port object s_rally_3571a013_4Cgdgf8W (ce1998eb-5acf-4d11-b275-9542b7b5388d)
2020-04-10 06:25:26.446 15 RALLYDEBUG rally_openstack.cleanup.manager [-] Deleting neutron.port object s_rally_3571a013_txPGVmB0 (ce3d023c-8c38-4493-99da-ab22fc27c228)
2020-04-10 06:25:26.478 15 RALLYDEBUG rally_openstack.cleanup.manager [-] Deleting neutron.port object s_rally_3571a013_suButMLH (ce80e023-03e3-412c-9dd7-bb49d0565441)
2020-04-10 06:25:26.523 15 RALLYDEBUG rally_openstack.cleanup.manager [-] Deleting neutron.port object s_rally_3571a013_Yz7waibI (cea7e9cf-1a88-4f7e-85c7-516d4eeefa15)
2020-04-10 06:25:26.853 15 RALLYDEBUG rally_openstack.cleanup.manager [-] Deleting neutron.port object s_rally_3571a013_eAd0zybb (d19ed108-7a2c-4394-a67e-9fd3ae205a5c)
2020-04-10 06:25:26.865 15 RALLYDEBUG rally_openstack.cleanup.manager [-] Deleting neutron.port object s_rally_3571a013_dpOIUwpE (d1f32b0c-3011-488d-91fe-e1f2f913da7d)
2020-04-10 06:25:27.335 15 RALLYDEBUG rally_openstack.cleanup.manager [-] Deleting neutron.port object s_rally_3571a013_VuFPizKu (d200b251-4fc4-4b8a-bad4-b7d308250a9e)
2020-04-10 06:25:27.345 15 RALLYDEBUG rally_openstack.cleanup.manager [-] Deleting neutron.port object s_rally_3571a013_C0StUOKZ (d23cd5f5-03d5-488c-a854-e7242058ab44)
2020-04-10 06:25:27.367 15 RALLYDEBUG rally_openstack.cleanup.manager [-] Deleting neutron.port object s_rally_3571a013_SEu78v1V (d2a7bc2e-c890-436f-8834-d3b03c483633)
2020-04-10 06:25:27.499 15 RALLYDEBUG rally_openstack.cleanup.manager [-] Deleting neutron.port object s_rally_3571a013_Lq9zfmHi (d2c4f4f1-e8bb-44b8-987f-b0cda7d5887c)
2020-04-10 06:25:27.621 15 RALLYDEBUG rally_openstack.cleanup.manager [-] Deleting neutron.port object s_rally_3571a013_7vPDi2Zw (d392fe65-5bc0-4431-9d39-fc20486db4fd)
2020-04-10 06:25:27.784 15 RALLYDEBUG rally_openstack.cleanup.manager [-] Deleting neutron.port object s_rally_3571a013_rVxLAwQQ (d4636407-19c0-46c0-8ffe-6ce8dbfb4d7d)
2020-04-10 06:25:27.846 15 RALLYDEBUG rally_openstack.cleanup.manager [-] Deleting neutron.port object s_rally_3571a013_F3kLNXNk (d4bf03b1-a8ac-4045-8564-61165d6733c9)
2020-04-10 06:25:27.867 15 RALLYDEBUG rally_openstack.cleanup.manager [-] Deleting neutron.port object s_rally_3571a013_8ZOU5raM (d540f5e1-58da-420c-b57d-8fd240c89dd4)
2020-04-10 06:25:27.900 15 RALLYDEBUG rally_openstack.cleanup.manager [-] Deleting neutron.port object s_rally_3571a013_ftO7I49l (d5aa2b08-aea6-4c69-9f80-443819c41ba2)
2020-04-10 06:25:27.946 15 RALLYDEBUG rally_openstack.cleanup.manager [-] Deleting neutron.port object s_rally_3571a013_0oXt02JZ (d6547cb3-56b9-47f1-958b-54bd1103192c)
2020-04-10 06:25:27.968 15 RALLYDEBUG rally_openstack.cleanup.manager [-] Deleting neutron.port object s_rally_3571a013_MliWLFVY (d6c0f84a-a4d2-4f62-a5b0-e8f66012ef73)
2020-04-10 06:25:28.052 15 RALLYDEBUG rally_openstack.cleanup.manager [-] Deleting neutron.port object s_rally_3571a013_R2pNXnS4 (d89f7e4b-9275-44ad-b1cc-a2f13d8daa56)
2020-04-10 06:25:28.083 15 RALLYDEBUG rally_openstack.cleanup.manager [-] Deleting neutron.port object s_rally_3571a013_PILQEneX (d90bda7a-f7cd-485c-84fa-e97a052a76c0)
2020-04-10 06:25:28.286 15 RALLYDEBUG rally_openstack.cleanup.manager [-] Deleting neutron.port object s_rally_3571a013_3r0rbeQT (db05a39d-9631-4819-b1b9-ea67ffb48bb9)
2020-04-10 06:25:28.826 15 RALLYDEBUG rally_openstack.cleanup.manager [-] Deleting neutron.port object s_rally_3571a013_jMvET7xJ (db076b73-cc01-44b4-848e-99e54a397a5c)
2020-04-10 06:25:28.838 15 RALLYDEBUG rally_openstack.cleanup.manager [-] Deleting neutron.port object s_rally_3571a013_ldHAlYHt (db412e32-d2fa-443f-ab74-f273aaa1c8f2)
2020-04-10 06:25:28.916 15 RALLYDEBUG rally_openstack.cleanup.manager [-] Deleting neutron.port object s_rally_3571a013_JHtXBYie (dbb67552-a4ba-47e4-9433-d11c2932c5a0)
2020-04-10 06:25:28.930 15 RALLYDEBUG rally_openstack.cleanup.manager [-] Deleting neutron.port object s_rally_3571a013_953q56M8 (dbba9fab-0b7b-4bde-a458-63d13f1c2a02)
2020-04-10 06:25:29.162 15 RALLYDEBUG rally_openstack.cleanup.manager [-] Deleting neutron.port object s_rally_3571a013_QtVMneRg (dd9c5106-1b62-4eef-9c24-f55b9c835fcf)
2020-04-10 06:25:29.172 15 RALLYDEBUG rally_openstack.cleanup.manager [-] Deleting neutron.port object s_rally_3571a013_xcEtKPwP (de1ba429-044c-4701-801f-a56339e856a6)
2020-04-10 06:25:29.179 15 RALLYDEBUG rally_openstack.cleanup.manager [-] Deleting neutron.port object s_rally_3571a013_rB89xUuj (de21005a-81b0-48a3-b660-10a8dac4b740)
2020-04-10 06:25:29.195 15 RALLYDEBUG rally_openstack.cleanup.manager [-] Deleting neutron.port object s_rally_3571a013_8s7KjDUC (df206395-9c85-4c4a-bc2c-ee9a527043c0)
2020-04-10 06:25:29.205 15 RALLYDEBUG rally_openstack.cleanup.manager [-] Deleting neutron.port object s_rally_3571a013_9l40rO43 (df3d7b5c-cd26-4f92-9418-c814f91c6389)
2020-04-10 06:25:29.265 15 RALLYDEBUG rally_openstack.cleanup.manager [-] Deleting neutron.port object s_rally_3571a013_SbbYLsTj (df5b75bf-18ff-43aa-b86c-2b8031019f55)
2020-04-10 06:25:29.421 15 RALLYDEBUG rally_openstack.cleanup.manager [-] Deleting neutron.port object s_rally_3571a013_PBizRJcs (df887eab-efd9-4d0f-887d-35a765cc891f)
2020-04-10 06:25:29.500 15 RALLYDEBUG rally_openstack.cleanup.manager [-] Deleting neutron.port object s_rally_3571a013_gFk95t0R (df8a5277-4fb3-4c8a-bedd-5f1b499a72ef)
2020-04-10 06:25:29.659 15 RALLYDEBUG rally_openstack.cleanup.manager [-] Deleting neutron.port object s_rally_3571a013_4FhCZ7pZ (dfe4bef2-cac4-4e79-bc39-6c863a6ca4d3)
2020-04-10 06:25:29.683 15 RALLYDEBUG rally_openstack.cleanup.manager [-] Deleting neutron.port object s_rally_3571a013_0TYLBAyp (e03e8a46-b29b-4674-9ccf-2ff038a42ebb)
2020-04-10 06:25:29.811 15 RALLYDEBUG rally_openstack.cleanup.manager [-] Deleting neutron.port object s_rally_3571a013_GhDU43B8 (e0d35d89-8ca7-4915-bb69-c5840e7cac92)
2020-04-10 06:25:29.933 15 RALLYDEBUG rally_openstack.cleanup.manager [-] Deleting neutron.port object s_rally_3571a013_pY2aSb5b (e0e7278c-5d4c-45de-b0ba-f09739ded087)
2020-04-10 06:25:29.955 15 RALLYDEBUG rally_openstack.cleanup.manager [-] Deleting neutron.port object s_rally_3571a013_PFemJhix (e1026514-bab8-41d4-b35d-7eb6b9898c66)
2020-04-10 06:25:29.965 15 RALLYDEBUG rally_openstack.cleanup.manager [-] Deleting neutron.port object s_rally_3571a013_qbrahXgk (e11c8cfc-ce7a-4840-a157-788fbfdb6e46)
2020-04-10 06:25:29.970 15 RALLYDEBUG rally_openstack.cleanup.manager [-] Deleting neutron.port object s_rally_3571a013_BBCOq17i (e15073f8-96ca-4357-8be4-8acb09dc3493)
2020-04-10 06:25:30.076 15 RALLYDEBUG rally_openstack.cleanup.manager [-] Deleting neutron.port object s_rally_3571a013_RUeVRMeW (e19a5f01-1127-42af-92fb-547fd2499b6e)
2020-04-10 06:25:30.448 15 RALLYDEBUG rally_openstack.cleanup.manager [-] Deleting neutron.port object s_rally_3571a013_cRZvrSzQ (e2614da0-de32-4f83-8a72-fca6301baea3)
2020-04-10 06:25:30.498 15 RALLYDEBUG rally_openstack.cleanup.manager [-] Deleting neutron.port object s_rally_3571a013_MfILo9zE (e2706451-0e5b-4621-a295-52519ffbfb5f)
2020-04-10 06:25:30.544 15 RALLYDEBUG rally_openstack.cleanup.manager [-] Deleting neutron.port object s_rally_3571a013_u8QPos3O (e29ad35b-721f-4708-8e4c-32489babc6bb)
2020-04-10 06:25:30.645 15 RALLYDEBUG rally_openstack.cleanup.manager [-] Deleting neutron.port object s_rally_3571a013_C9XQoX6T (e40da344-2bf3-4a5c-bc7b-df2ee5ce9b34)
2020-04-10 06:25:31.118 15 RALLYDEBUG rally_openstack.cleanup.manager [-] Deleting neutron.port object s_rally_3571a013_W8eSs3yr (e4462cb7-2a97-4fed-abaa-bc1d87641589)
2020-04-10 06:25:31.352 15 RALLYDEBUG rally_openstack.cleanup.manager [-] Deleting neutron.port object s_rally_3571a013_LZJKG8mu (e5019926-cb4b-4d28-a399-1cbd250fb3f1)
2020-04-10 06:25:31.400 15 RALLYDEBUG rally_openstack.cleanup.manager [-] Deleting neutron.port object s_rally_3571a013_BYG1zqNs (e61da063-67f0-4bfe-b39b-24d261cda04e)
2020-04-10 06:25:31.939 15 RALLYDEBUG rally_openstack.cleanup.manager [-] Deleting neutron.port object s_rally_3571a013_FiW8I7K4 (e689c966-aa5c-406e-9f6f-b3bb30f31335)
2020-04-10 06:25:32.087 15 RALLYDEBUG rally_openstack.cleanup.manager [-] Deleting neutron.port object s_rally_3571a013_wthABbm3 (e71988cd-9b84-43e2-8822-e2e7e061366b)
2020-04-10 06:25:32.100 15 RALLYDEBUG rally_openstack.cleanup.manager [-] Deleting neutron.port object s_rally_3571a013_ZAE8fdaZ (e83dfd59-c696-46d5-8d68-6e3b74d4be5c)
2020-04-10 06:25:32.133 15 RALLYDEBUG rally_openstack.cleanup.manager [-] Deleting neutron.port object s_rally_3571a013_npQY85gy (e89f8744-0a79-45f6-ad36-f4a07a006239)
2020-04-10 06:25:32.263 15 RALLYDEBUG rally_openstack.cleanup.manager [-] Deleting neutron.port object s_rally_3571a013_ybBA3MXg (e8bd77ef-f660-4992-8a21-910661ad8777)
2020-04-10 06:25:32.381 15 RALLYDEBUG rally_openstack.cleanup.manager [-] Deleting neutron.port object s_rally_3571a013_W0txg32b (e8d56559-bdde-46fd-9fd3-4cd420277b8e)
2020-04-10 06:25:32.393 15 RALLYDEBUG rally_openstack.cleanup.manager [-] Deleting neutron.port object s_rally_3571a013_32BdTE3o (e95d791b-b2d9-4587-8c4b-6d69433ce987)
2020-04-10 06:25:32.485 15 RALLYDEBUG rally_openstack.cleanup.manager [-] Deleting neutron.port object s_rally_3571a013_myVKec3a (e9a38d4a-129d-4772-b687-24f7b30f8180)
2020-04-10 06:25:32.490 15 RALLYDEBUG rally_openstack.cleanup.manager [-] Deleting neutron.port object s_rally_3571a013_ZAvbUg1d (ea31775a-e5f8-431b-aaa5-f34ea32b6e2a)
2020-04-10 06:25:32.490 15 RALLYDEBUG rally_openstack.cleanup.manager [-] Deleting neutron.port object s_rally_3571a013_c88u7CfM (e9638d3c-8139-41c6-a9e9-ad6c8ed8e89e)
2020-04-10 06:25:32.582 15 RALLYDEBUG rally_openstack.cleanup.manager [-] Deleting neutron.port object s_rally_3571a013_0qdcpvLP (ea77a32a-e3cd-4eea-8a88-a8c1e79933fb)
2020-04-10 06:25:32.788 15 RALLYDEBUG rally_openstack.cleanup.manager [-] Deleting neutron.port object s_rally_3571a013_2Adh8pcK (ebeea7a4-09a1-44e7-812a-d1fc48de8627)
2020-04-10 06:25:32.788 15 RALLYDEBUG rally_openstack.cleanup.manager [-] Deleting neutron.port object s_rally_3571a013_KU18fi1E (ea7eecd4-3d55-4bbf-862a-d04051dee52f)
2020-04-10 06:25:32.810 15 RALLYDEBUG rally_openstack.cleanup.manager [-] Deleting neutron.port object s_rally_3571a013_OjgAHWiv (ec2b4378-1484-481b-992f-c55d42c880ee)
2020-04-10 06:25:33.006 15 RALLYDEBUG rally_openstack.cleanup.manager [-] Deleting neutron.port object s_rally_3571a013_ZIUX8Z5B (ec54b3a6-5042-49bd-8334-d80a5353e1e3)
2020-04-10 06:25:33.133 15 RALLYDEBUG rally_openstack.cleanup.manager [-] Deleting neutron.port object s_rally_3571a013_ONs2UiuG (ec59137f-0d22-45a6-bf62-da68a9bf3327)
2020-04-10 06:25:33.212 15 RALLYDEBUG rally_openstack.cleanup.manager [-] Deleting neutron.port object s_rally_3571a013_zBhmBXe3 (ecb98a31-f4db-4913-a39a-4ebd4709c5db)
2020-04-10 06:25:33.326 15 RALLYDEBUG rally_openstack.cleanup.manager [-] Deleting neutron.port object s_rally_3571a013_HqK3G3km (ed226003-b9ca-4d7b-8f15-3bd4c30fdf58)
2020-04-10 06:25:33.339 15 RALLYDEBUG rally_openstack.cleanup.manager [-] Deleting neutron.port object s_rally_3571a013_SKpeqTK4 (ee445da0-873a-4663-9853-a739d45a35c2)
2020-04-10 06:25:33.601 15 RALLYDEBUG rally_openstack.cleanup.manager [-] Deleting neutron.port object s_rally_3571a013_g2f47gAM (ee619493-6b83-4ca0-94fa-cda2d979cf6a)
2020-04-10 06:25:33.828 15 RALLYDEBUG rally_openstack.cleanup.manager [-] Deleting neutron.port object s_rally_3571a013_OY3U3FsF (f1f9b213-d132-4ddd-bbfe-4fedfa2d3aa4)
2020-04-10 06:25:33.934 15 RALLYDEBUG rally_openstack.cleanup.manager [-] Deleting neutron.port object s_rally_3571a013_s7tvPFQp (f24a9b4a-9b1b-4884-8864-9f7627239953)
2020-04-10 06:25:34.220 15 RALLYDEBUG rally_openstack.cleanup.manager [-] Deleting neutron.port object s_rally_3571a013_QVdfdxEY (f2e7a1e3-f060-4a36-9aea-2e3132481bd4)
2020-04-10 06:25:34.308 15 RALLYDEBUG rally_openstack.cleanup.manager [-] Deleting neutron.port object s_rally_3571a013_CABYvQSL (f2f8e25b-3ed5-4f39-b3e8-cefb1c41dfec)
2020-04-10 06:25:34.347 15 RALLYDEBUG rally_openstack.cleanup.manager [-] Deleting neutron.port object s_rally_3571a013_zBBhW4a1 (f3b65090-c094-4bea-aa6e-f2b21f619d5c)
2020-04-10 06:25:34.379 15 RALLYDEBUG rally_openstack.cleanup.manager [-] Deleting neutron.port object s_rally_3571a013_Yds8DT97 (f4f0039f-4aae-4aef-be89-ecbbe956346a)
2020-04-10 06:25:34.597 15 RALLYDEBUG rally_openstack.cleanup.manager [-] Deleting neutron.port object s_rally_3571a013_Et47gChW (f60677fd-d6fc-4c32-a844-7cd7f7146e50)
2020-04-10 06:25:34.601 15 RALLYDEBUG rally_openstack.cleanup.manager [-] Deleting neutron.port object s_rally_3571a013_hFOFDkgy (f68571af-62f4-42d6-bf98-bf3b56f5f546)
2020-04-10 06:25:34.632 15 RALLYDEBUG rally_openstack.cleanup.manager [-] Deleting neutron.port object s_rally_3571a013_6xGrqMXs (f6a6e9d0-4258-4b1f-bd0b-948d542aa71e)
2020-04-10 06:25:34.794 15 RALLYDEBUG rally_openstack.cleanup.manager [-] Deleting neutron.port object s_rally_3571a013_wxlRUKxf (f6add3eb-59f8-449c-8107-be1c3eda8ebf)
2020-04-10 06:25:34.799 15 RALLYDEBUG rally_openstack.cleanup.manager [-] Deleting neutron.port object s_rally_3571a013_8Y2W50CG (f6f1d2d7-cfcc-4078-b9ea-e34e6c0042de)
2020-04-10 06:25:34.878 15 RALLYDEBUG rally_openstack.cleanup.manager [-] Deleting neutron.port object s_rally_3571a013_jsdb8VhX (f706ec9b-df71-4bb1-90ce-534477d2042a)
2020-04-10 06:25:34.887 15 RALLYDEBUG rally_openstack.cleanup.manager [-] Deleting neutron.port object s_rally_3571a013_ArFIPvJ4 (f87b49a1-2a8f-47ed-9d12-a2c99457f0eb)
2020-04-10 06:25:35.181 15 RALLYDEBUG rally_openstack.cleanup.manager [-] Deleting neutron.port object s_rally_3571a013_F5tDGdE4 (f8b65b46-a1c1-478b-b945-2e87acb53073)
2020-04-10 06:25:35.194 15 RALLYDEBUG rally_openstack.cleanup.manager [-] Deleting neutron.port object s_rally_3571a013_F960DreY (f98daa61-ff06-45e0-ba82-39033a02424b)
2020-04-10 06:25:35.209 15 RALLYDEBUG rally_openstack.cleanup.manager [-] Deleting neutron.port object s_rally_3571a013_A4PCtI6F (fb2354bd-97b9-4ff6-9b42-5b82d5e279b5)
2020-04-10 06:25:35.244 15 RALLYDEBUG rally_openstack.cleanup.manager [-] Deleting neutron.port object s_rally_3571a013_g3PKcA2u (fb474ce8-2a03-4011-a0d5-31a7870d56d0)
2020-04-10 06:25:35.329 15 RALLYDEBUG rally_openstack.cleanup.manager [-] Deleting neutron.port object s_rally_3571a013_5mD95M2W (fb576ee3-2711-4528-8ea0-81b1455b0cd9)
2020-04-10 06:25:35.414 15 RALLYDEBUG rally_openstack.cleanup.manager [-] Deleting neutron.port object s_rally_3571a013_bIXNkzM9 (fb8aa473-5195-4409-9231-8f376afe45a2)
2020-04-10 06:25:35.427 15 RALLYDEBUG rally_openstack.cleanup.manager [-] Deleting neutron.port object s_rally_3571a013_kHsse8zI (fc038610-b113-4100-adea-8b89b63e6c91)
2020-04-10 06:25:35.557 15 RALLYDEBUG rally_openstack.cleanup.manager [-] Deleting neutron.port object s_rally_3571a013_x0OBucEO (fc0441f0-585b-4dab-918e-1a354e8ae50f)
2020-04-10 06:25:35.590 15 RALLYDEBUG rally_openstack.cleanup.manager [-] Deleting neutron.port object s_rally_3571a013_pUS2W4Bi (fc9f4245-27a4-4071-babd-0702b621a47b)
2020-04-10 06:25:35.844 15 RALLYDEBUG rally_openstack.cleanup.manager [-] Deleting neutron.port object s_rally_3571a013_0G7zNoqk (fcb7f973-4a43-4e41-88bd-67e2eddcd4a0)
2020-04-10 06:25:35.967 15 RALLYDEBUG rally_openstack.cleanup.manager [-] Deleting neutron.port object s_rally_3571a013_JUTDg4Hc (fd4ca213-801e-4a95-bf78-57d9ea5623ae)
2020-04-10 06:25:36.329 15 RALLYDEBUG rally_openstack.cleanup.manager [-] Deleting neutron.port object s_rally_3571a013_EJg5XuU1 (fe1f8a42-dce5-4fd3-b759-c14bf653a36d)
2020-04-10 06:25:36.474 15 RALLYDEBUG rally_openstack.cleanup.manager [-] Deleting neutron.port object s_rally_3571a013_QUNkAotn (ff28fdd6-1738-4723-8873-d59d339b10c4)
2020-04-10 06:25:36.486 15 RALLYDEBUG rally_openstack.cleanup.manager [-] Deleting neutron.port object s_rally_3571a013_T6b98hgi (ff2d9de4-2f0c-4541-84e0-73748017119b)
2020-04-10 06:25:38.433 15 RALLYDEBUG rally_openstack.cleanup.manager [-] Cleaning up neutron subnet objects
2020-04-10 06:25:38.642 15 RALLYDEBUG rally_openstack.cleanup.manager [-] Cleaning up neutron network objects
2020-04-10 06:25:38.931 15 RALLYDEBUG rally_openstack.cleanup.manager [-] Deleting neutron.network object s_rally_3571a013_4G7T1MNf (667dcec4-8dac-4266-a262-476681d0b48f)
2020-04-10 06:25:38.933 15 RALLYDEBUG rally_openstack.cleanup.manager [-] Deleting neutron.network object s_rally_3571a013_cKUZwF7l (49609073-ed48-40a2-8a0b-60b079609d2e)
2020-04-10 06:25:38.941 15 RALLYDEBUG rally_openstack.cleanup.manager [-] Deleting neutron.network object s_rally_3571a013_MifX4viJ (1a929a42-f94c-44e3-b054-9a6fb8acff1d)
2020-04-10 06:25:38.957 15 RALLYDEBUG rally_openstack.cleanup.manager [-] Deleting neutron.network object s_rally_3571a013_MV9RBzJM (c08580f5-98d3-4b53-aec6-2874cbdcb9be)
2020-04-10 06:25:38.970 15 RALLYDEBUG rally_openstack.cleanup.manager [-] Deleting neutron.network object s_rally_3571a013_EEQtnCHK (c157e42d-562f-4a44-bc81-b33e3f2969ae)
2020-04-10 06:25:38.976 15 RALLYDEBUG rally_openstack.cleanup.manager [-] Deleting neutron.network object s_rally_3571a013_6sR0a0ZF (cdccc0e0-5451-4037-864c-5bbcff4dfd25)
2020-04-10 06:25:38.987 15 RALLYDEBUG rally_openstack.cleanup.manager [-] Deleting neutron.network object s_rally_3571a013_zN1VKrMW (dc57a387-c3da-46d3-8de2-1b98f63fcd07)
2020-04-10 06:25:38.992 15 RALLYDEBUG rally_openstack.cleanup.manager [-] Deleting neutron.network object s_rally_3571a013_uMvhJ1Bd (fb560aa4-c601-468a-8cb3-5bbe90f28d06)
2020-04-10 06:25:42.873 15 RALLYDEBUG rally_openstack.cleanup.manager [-] Cleaning up neutron router objects
2020-04-10 06:25:43.074 15 RALLYDEBUG rally_openstack.cleanup.manager [-] Cleaning up neutron security_group objects
2020-04-10 06:25:43.260 15 INFO rally.task.context [-] Task e6d8596e-ab08-49ee-bc47-31c142205d9c | Context cleanup@openstack cleanup() finished in 50.55 sec
2020-04-10 06:25:43.261 15 INFO rally.task.context [-] Task e6d8596e-ab08-49ee-bc47-31c142205d9c | Context quotas@openstack cleanup() started
2020-04-10 06:25:43.410 15 INFO rally.task.context [-] Task e6d8596e-ab08-49ee-bc47-31c142205d9c | Context quotas@openstack cleanup() finished in 0.15 sec
2020-04-10 06:25:43.411 15 INFO rally.task.context [-] Task e6d8596e-ab08-49ee-bc47-31c142205d9c | Context users@openstack cleanup() started
2020-04-10 06:25:43.552 15 WARNING rally.common.logging [-] `iterate_per_tenants()' is deprecated in v3.0.0: it is openstack specific.. Used at
2020-04-10 06:25:44.557 15 INFO rally.task.context [-] Task e6d8596e-ab08-49ee-bc47-31c142205d9c | Context users@openstack cleanup() finished in 1.15 sec
2020-04-10 06:25:45.790 15 INFO rally.task.engine [-] Load duration is: 82.210271
2020-04-10 06:25:45.791 15 INFO rally.task.engine [-] Full runner duration is: 82.263398
2020-04-10 06:25:45.791 15 INFO rally.task.engine [-] Full duration is: 135.723642
2020-04-10 06:25:45.868 15 INFO rally.task.engine [-] Running workload: position = 1 config = { "version": 2, "title": "A cropped version of a bigger task.", "description": "Auto-generated task from a single workload (uuid=7be55229-aea0-43c9-a1d3-0e01bb078642)", "subtasks": [ { "title": "NeutronNetworks.create_and_update_ports", "description": "Create and update a given number of ports.", "scenario": { "NeutronNetworks.create_and_update_ports": { "network_create_args": {}, "port_create_args": {}, "ports_per_network": 5, "port_update_args": { "admin_state_up": false, "device_id": "dummy_id", "device_owner": "dummy_owner", "name": "_port_updated" } } }, "contexts": { "users": { "tenants": 1, "users_per_tenant": 1 }, "quotas": { "neutron": { "network": -1, "port": -1 } } }, "runner": { "constant": { "times": 40, "concurrency": 20 } }, "hooks": [], "sla": { "failure_rate": { "max": 0 } } } ] }
2020-04-10 06:25:45.889 15 RALLYDEBUG rally_openstack.contexts.keystone.users [-] Creating 1 tenants using 1 threads
2020-04-10 06:25:46.328 15 RALLYDEBUG rally_openstack.contexts.keystone.users [-] Creating 1 users using 1 threads
2020-04-10 06:25:46.940 15 INFO rally.task.context [-] Task e6d8596e-ab08-49ee-bc47-31c142205d9c | Context users@openstack setup() finished in 1.05 sec
2020-04-10 06:25:47.109 15 INFO rally.task.context [-] Task e6d8596e-ab08-49ee-bc47-31c142205d9c | Context quotas@openstack setup() finished in 0.17 sec
2020-04-10 06:25:47.110 15 INFO rally.task.context [-] Task e6d8596e-ab08-49ee-bc47-31c142205d9c | Context cleanup@openstack setup() finished in 0.05 msec
2020-04-10 06:25:47.119 15 RALLYDEBUG rally.task.runner [-] Starting the constant runner (task UUID: e6d8596e-ab08-49ee-bc47-31c142205d9c). times: 40 concurrency: 20 timeout: 0 max_cpu_used: 88 processes_to_start: 20 concurrency_per_worker: 1 concurrency_overhead: 0
2020-04-10 06:25:47.131 3747 RALLYDEBUG rally.task.runner [-] Starting a worker. times: 40 duration: None concurrency: 1 timeout: 0 cls: method_name: run args: {"network_create_args": {}, "port_create_args": {}, "ports_per_network": 5, "port_update_args": {"admin_state_up": false, "device_id": "dummy_id", "device_owner": "dummy_owner", "name": "_port_updated"}}
2020-04-10 06:25:47.134 3748 RALLYDEBUG rally.task.runner [-] Starting a worker. times: 40 duration: None concurrency: 1 timeout: 0 cls: method_name: run args: {"network_create_args": {}, "port_create_args": {}, "ports_per_network": 5, "port_update_args": {"admin_state_up": false, "device_id": "dummy_id", "device_owner": "dummy_owner", "name": "_port_updated"}}
2020-04-10 06:25:47.137 3747 INFO rally.task.runner [-] Task e6d8596e-ab08-49ee-bc47-31c142205d9c | ITER: 1 START
2020-04-10 06:25:47.136 3749 RALLYDEBUG rally.task.runner [-] Starting a worker. times: 40 duration: None concurrency: 1 timeout: 0 cls: method_name: run args: {"network_create_args": {}, "port_create_args": {}, "ports_per_network": 5, "port_update_args": {"admin_state_up": false, "device_id": "dummy_id", "device_owner": "dummy_owner", "name": "_port_updated"}}
2020-04-10 06:25:47.138 3747 WARNING rally_openstack.scenarios.neutron.utils [-] Running this scenario without either the 'network' or 'existing_network' context is deprecated
2020-04-10 06:25:47.138 3750 RALLYDEBUG rally.task.runner [-] Starting a worker. times: 40 duration: None concurrency: 1 timeout: 0 cls: method_name: run args: {"network_create_args": {}, "port_create_args": {}, "ports_per_network": 5, "port_update_args": {"admin_state_up": false, "device_id": "dummy_id", "device_owner": "dummy_owner", "name": "_port_updated"}}
2020-04-10 06:25:47.140 3748 INFO rally.task.runner [-] Task e6d8596e-ab08-49ee-bc47-31c142205d9c | ITER: 2 START
2020-04-10 06:25:47.142 3748 WARNING rally_openstack.scenarios.neutron.utils [-] Running this scenario without either the 'network' or 'existing_network' context is deprecated
2020-04-10 06:25:47.141 3752 RALLYDEBUG rally.task.runner [-] Starting a worker. times: 40 duration: None concurrency: 1 timeout: 0 cls: method_name: run args: {"network_create_args": {}, "port_create_args": {}, "ports_per_network": 5, "port_update_args": {"admin_state_up": false, "device_id": "dummy_id", "device_owner": "dummy_owner", "name": "_port_updated"}}
2020-04-10 06:25:47.142 3749 INFO rally.task.runner [-] Task e6d8596e-ab08-49ee-bc47-31c142205d9c | ITER: 3 START
2020-04-10 06:25:47.143 3749 WARNING rally_openstack.scenarios.neutron.utils [-] Running this scenario without either the 'network' or 'existing_network' context is deprecated
2020-04-10 06:25:47.143 3750 INFO rally.task.runner [-] Task e6d8596e-ab08-49ee-bc47-31c142205d9c | ITER: 4 START
2020-04-10 06:25:47.143 3754 RALLYDEBUG rally.task.runner [-] Starting a worker. times: 40 duration: None concurrency: 1 timeout: 0 cls: method_name: run args: {"network_create_args": {}, "port_create_args": {}, "ports_per_network": 5, "port_update_args": {"admin_state_up": false, "device_id": "dummy_id", "device_owner": "dummy_owner", "name": "_port_updated"}}
2020-04-10 06:25:47.145 3750 WARNING rally_openstack.scenarios.neutron.utils [-] Running this scenario without either the 'network' or 'existing_network' context is deprecated
2020-04-10 06:25:47.145 3758 RALLYDEBUG rally.task.runner [-] Starting a worker. times: 40 duration: None concurrency: 1 timeout: 0 cls: method_name: run args: {"network_create_args": {}, "port_create_args": {}, "ports_per_network": 5, "port_update_args": {"admin_state_up": false, "device_id": "dummy_id", "device_owner": "dummy_owner", "name": "_port_updated"}}
2020-04-10 06:25:47.146 3752 INFO rally.task.runner [-] Task e6d8596e-ab08-49ee-bc47-31c142205d9c | ITER: 5 START
2020-04-10 06:25:47.148 3754 INFO rally.task.runner [-] Task e6d8596e-ab08-49ee-bc47-31c142205d9c | ITER: 6 START
2020-04-10 06:25:47.148 3752 WARNING rally_openstack.scenarios.neutron.utils [-] Running this scenario without either the 'network' or 'existing_network' context is deprecated
2020-04-10 06:25:47.148 3762 RALLYDEBUG rally.task.runner [-] Starting a worker. times: 40 duration: None concurrency: 1 timeout: 0 cls: method_name: run args: {"network_create_args": {}, "port_create_args": {}, "ports_per_network": 5, "port_update_args": {"admin_state_up": false, "device_id": "dummy_id", "device_owner": "dummy_owner", "name": "_port_updated"}}
2020-04-10 06:25:47.150 3754 WARNING rally_openstack.scenarios.neutron.utils [-] Running this scenario without either the 'network' or 'existing_network' context is deprecated
2020-04-10 06:25:47.150 3758 INFO rally.task.runner [-] Task e6d8596e-ab08-49ee-bc47-31c142205d9c | ITER: 7 START
2020-04-10 06:25:47.150 3765 RALLYDEBUG rally.task.runner [-] Starting a worker. times: 40 duration: None concurrency: 1 timeout: 0 cls: method_name: run args: {"network_create_args": {}, "port_create_args": {}, "ports_per_network": 5, "port_update_args": {"admin_state_up": false, "device_id": "dummy_id", "device_owner": "dummy_owner", "name": "_port_updated"}}
2020-04-10 06:25:47.151 3758 WARNING rally_openstack.scenarios.neutron.utils [-] Running this scenario without either the 'network' or 'existing_network' context is deprecated
2020-04-10 06:25:47.152 3768 RALLYDEBUG rally.task.runner [-] Starting a worker. times: 40 duration: None concurrency: 1 timeout: 0 cls: method_name: run args: {"network_create_args": {}, "port_create_args": {}, "ports_per_network": 5, "port_update_args": {"admin_state_up": false, "device_id": "dummy_id", "device_owner": "dummy_owner", "name": "_port_updated"}}
2020-04-10 06:25:47.154 3762 INFO rally.task.runner [-] Task e6d8596e-ab08-49ee-bc47-31c142205d9c | ITER: 8 START
2020-04-10 06:25:47.155 3762 WARNING rally_openstack.scenarios.neutron.utils [-] Running this scenario without either the 'network' or 'existing_network' context is deprecated
2020-04-10 06:25:47.155 3765 INFO rally.task.runner [-] Task e6d8596e-ab08-49ee-bc47-31c142205d9c | ITER: 9 START
2020-04-10 06:25:47.155 3771 RALLYDEBUG rally.task.runner [-] Starting a worker. times: 40 duration: None concurrency: 1 timeout: 0 cls: method_name: run args: {"network_create_args": {}, "port_create_args": {}, "ports_per_network": 5, "port_update_args": {"admin_state_up": false, "device_id": "dummy_id", "device_owner": "dummy_owner", "name": "_port_updated"}}
2020-04-10 06:25:47.157 3765 WARNING rally_openstack.scenarios.neutron.utils [-] Running this scenario without either the 'network' or 'existing_network' context is deprecated
2020-04-10 06:25:47.158 3768 INFO rally.task.runner [-] Task e6d8596e-ab08-49ee-bc47-31c142205d9c | ITER: 10 START
2020-04-10 06:25:47.157 3774 RALLYDEBUG rally.task.runner [-] Starting a worker. times: 40 duration: None concurrency: 1 timeout: 0 cls: method_name: run args: {"network_create_args": {}, "port_create_args": {}, "ports_per_network": 5, "port_update_args": {"admin_state_up": false, "device_id": "dummy_id", "device_owner": "dummy_owner", "name": "_port_updated"}}
2020-04-10 06:25:47.159 3768 WARNING rally_openstack.scenarios.neutron.utils [-] Running this scenario without either the 'network' or 'existing_network' context is deprecated
2020-04-10 06:25:47.160 3771 INFO rally.task.runner [-] Task e6d8596e-ab08-49ee-bc47-31c142205d9c | ITER: 11 START
2020-04-10 06:25:47.160 3777 RALLYDEBUG rally.task.runner [-] Starting a worker. times: 40 duration: None concurrency: 1 timeout: 0 cls: method_name: run args: {"network_create_args": {}, "port_create_args": {}, "ports_per_network": 5, "port_update_args": {"admin_state_up": false, "device_id": "dummy_id", "device_owner": "dummy_owner", "name": "_port_updated"}}
2020-04-10 06:25:47.162 3771 WARNING rally_openstack.scenarios.neutron.utils [-] Running this scenario without either the 'network' or 'existing_network' context is deprecated
2020-04-10 06:25:47.161 3780 RALLYDEBUG rally.task.runner [-] Starting a worker. times: 40 duration: None concurrency: 1 timeout: 0 cls: method_name: run args: {"network_create_args": {}, "port_create_args": {}, "ports_per_network": 5, "port_update_args": {"admin_state_up": false, "device_id": "dummy_id", "device_owner": "dummy_owner", "name": "_port_updated"}}
2020-04-10 06:25:47.163 3774 INFO rally.task.runner [-] Task e6d8596e-ab08-49ee-bc47-31c142205d9c | ITER: 12 START
2020-04-10 06:25:47.163 3783 RALLYDEBUG rally.task.runner [-] Starting a worker. times: 40 duration: None concurrency: 1 timeout: 0 cls: method_name: run args: {"network_create_args": {}, "port_create_args": {}, "ports_per_network": 5, "port_update_args": {"admin_state_up": false, "device_id": "dummy_id", "device_owner": "dummy_owner", "name": "_port_updated"}}
2020-04-10 06:25:47.164 3777 INFO rally.task.runner [-] Task e6d8596e-ab08-49ee-bc47-31c142205d9c | ITER: 13 START
2020-04-10 06:25:47.164 3774 WARNING rally_openstack.scenarios.neutron.utils [-] Running this scenario without either the 'network' or 'existing_network' context is deprecated
2020-04-10 06:25:47.165 3777 WARNING rally_openstack.scenarios.neutron.utils [-] Running this scenario without either the 'network' or 'existing_network' context is deprecated
2020-04-10 06:25:47.165 3780 INFO rally.task.runner [-] Task e6d8596e-ab08-49ee-bc47-31c142205d9c | ITER: 14 START
2020-04-10 06:25:47.167 3780 WARNING rally_openstack.scenarios.neutron.utils [-] Running this scenario without either the 'network' or 'existing_network' context is deprecated
2020-04-10 06:25:47.167 3783 INFO rally.task.runner [-] Task e6d8596e-ab08-49ee-bc47-31c142205d9c | ITER: 15 START
2020-04-10 06:25:47.167 3788 RALLYDEBUG rally.task.runner [-] Starting a worker. times: 40 duration: None concurrency: 1 timeout: 0 cls: method_name: run args: {"network_create_args": {}, "port_create_args": {}, "ports_per_network": 5, "port_update_args": {"admin_state_up": false, "device_id": "dummy_id", "device_owner": "dummy_owner", "name": "_port_updated"}}
2020-04-10 06:25:47.168 3783 WARNING rally_openstack.scenarios.neutron.utils [-] Running this scenario without either the 'network' or 'existing_network' context is deprecated
2020-04-10 06:25:47.171 3788 INFO rally.task.runner [-] Task e6d8596e-ab08-49ee-bc47-31c142205d9c | ITER: 16 START
2020-04-10 06:25:47.173 3788 WARNING rally_openstack.scenarios.neutron.utils [-] Running this scenario without either the 'network' or 'existing_network' context is deprecated
2020-04-10 06:25:47.172 3793 RALLYDEBUG rally.task.runner [-] Starting a worker. times: 40 duration: None concurrency: 1 timeout: 0 cls: method_name: run args: {"network_create_args": {}, "port_create_args": {}, "ports_per_network": 5, "port_update_args": {"admin_state_up": false, "device_id": "dummy_id", "device_owner": "dummy_owner", "name": "_port_updated"}}
2020-04-10 06:25:47.177 3793 INFO rally.task.runner [-] Task e6d8596e-ab08-49ee-bc47-31c142205d9c | ITER: 17 START
2020-04-10 06:25:47.178 3793 WARNING rally_openstack.scenarios.neutron.utils [-] Running this scenario without either the 'network' or 'existing_network' context is deprecated
2020-04-10 06:25:47.178 3796 RALLYDEBUG rally.task.runner [-] Starting a worker. times: 40 duration: None concurrency: 1 timeout: 0 cls: method_name: run args: {"network_create_args": {}, "port_create_args": {}, "ports_per_network": 5, "port_update_args": {"admin_state_up": false, "device_id": "dummy_id", "device_owner": "dummy_owner", "name": "_port_updated"}}
2020-04-10 06:25:47.182 3799 RALLYDEBUG rally.task.runner [-] Starting a worker. times: 40 duration: None concurrency: 1 timeout: 0 cls: method_name: run args: {"network_create_args": {}, "port_create_args": {}, "ports_per_network": 5, "port_update_args": {"admin_state_up": false, "device_id": "dummy_id", "device_owner": "dummy_owner", "name": "_port_updated"}}
2020-04-10 06:25:47.183 3796 INFO rally.task.runner [-] Task e6d8596e-ab08-49ee-bc47-31c142205d9c | ITER: 18 START
2020-04-10 06:25:47.185 3796 WARNING rally_openstack.scenarios.neutron.utils [-] Running this scenario without either the 'network' or 'existing_network' context is deprecated
2020-04-10 06:25:47.185 3799 INFO rally.task.runner [-] Task e6d8596e-ab08-49ee-bc47-31c142205d9c | ITER: 19 START
2020-04-10 06:25:47.186 3802 RALLYDEBUG rally.task.runner [-] Starting a worker. times: 40 duration: None concurrency: 1 timeout: 0 cls: method_name: run args: {"network_create_args": {}, "port_create_args": {}, "ports_per_network": 5, "port_update_args": {"admin_state_up": false, "device_id": "dummy_id", "device_owner": "dummy_owner", "name": "_port_updated"}}
2020-04-10 06:25:47.187 3799 WARNING rally_openstack.scenarios.neutron.utils [-] Running this scenario without either the 'network' or 'existing_network' context is deprecated
2020-04-10 06:25:47.189 3802 INFO rally.task.runner [-] Task e6d8596e-ab08-49ee-bc47-31c142205d9c | ITER: 20 START
2020-04-10 06:25:47.191 3802 WARNING rally_openstack.scenarios.neutron.utils [-] Running this scenario without either the 'network' or 'existing_network' context is deprecated
2020-04-10 06:25:55.803 3793 INFO rally.task.runner [-] Task e6d8596e-ab08-49ee-bc47-31c142205d9c | ITER: 17 END: OK
2020-04-10 06:25:55.807 3793 INFO rally.task.runner [-] Task e6d8596e-ab08-49ee-bc47-31c142205d9c | ITER: 21 START
2020-04-10 06:25:55.808 3793 WARNING rally_openstack.scenarios.neutron.utils [-] Running this scenario without either the 'network' or 'existing_network' context is deprecated
2020-04-10 06:25:55.894 3765 INFO rally.task.runner [-] Task e6d8596e-ab08-49ee-bc47-31c142205d9c | ITER: 9 END: OK
2020-04-10 06:25:55.899 3765 INFO rally.task.runner [-] Task e6d8596e-ab08-49ee-bc47-31c142205d9c | ITER: 22 START
2020-04-10 06:25:55.900 3765 WARNING rally_openstack.scenarios.neutron.utils [-] Running this scenario without either the 'network' or 'existing_network' context is deprecated
2020-04-10 06:25:57.446 3752 INFO rally.task.runner [-] Task e6d8596e-ab08-49ee-bc47-31c142205d9c | ITER: 5 END: OK
2020-04-10 06:25:57.449 3752 INFO rally.task.runner [-] Task e6d8596e-ab08-49ee-bc47-31c142205d9c | ITER: 23 START
2020-04-10 06:25:57.451 3752 WARNING rally_openstack.scenarios.neutron.utils [-] Running this scenario without either the 'network' or 'existing_network' context is deprecated
2020-04-10 06:25:59.800 3802 INFO rally.task.runner [-] Task e6d8596e-ab08-49ee-bc47-31c142205d9c | ITER: 20 END: OK
2020-04-10 06:25:59.804 3802 INFO rally.task.runner [-] Task e6d8596e-ab08-49ee-bc47-31c142205d9c | ITER: 24 START
2020-04-10 06:25:59.805 3802 WARNING rally_openstack.scenarios.neutron.utils [-] Running this scenario without either the 'network' or 'existing_network' context is deprecated
2020-04-10 06:25:59.834 3748 INFO rally.task.runner [-] Task e6d8596e-ab08-49ee-bc47-31c142205d9c | ITER: 2 END: OK
2020-04-10 06:25:59.839 3748 INFO rally.task.runner [-] Task e6d8596e-ab08-49ee-bc47-31c142205d9c | ITER: 25 START
2020-04-10 06:25:59.839 3748 WARNING rally_openstack.scenarios.neutron.utils [-] Running this scenario without either the 'network' or 'existing_network' context is deprecated
2020-04-10 06:26:02.187 3750 INFO rally.task.runner [-] Task e6d8596e-ab08-49ee-bc47-31c142205d9c | ITER: 4 END: OK
2020-04-10 06:26:02.191 3750 INFO rally.task.runner [-] Task e6d8596e-ab08-49ee-bc47-31c142205d9c | ITER: 26 START
2020-04-10 06:26:02.192 3750 WARNING rally_openstack.scenarios.neutron.utils [-] Running this scenario without either the 'network' or 'existing_network' context is deprecated
2020-04-10 06:26:02.802 3774 INFO rally.task.runner [-] Task e6d8596e-ab08-49ee-bc47-31c142205d9c | ITER: 12 END: OK
2020-04-10 06:26:02.806 3774 INFO rally.task.runner [-] Task e6d8596e-ab08-49ee-bc47-31c142205d9c | ITER: 27 START
2020-04-10 06:26:02.807 3774 WARNING rally_openstack.scenarios.neutron.utils [-] Running this scenario without either the 'network' or 'existing_network' context is deprecated
2020-04-10 06:26:03.169 3780 INFO rally.task.runner [-] Task e6d8596e-ab08-49ee-bc47-31c142205d9c | ITER: 14 END: OK
2020-04-10 06:26:03.173 3780 INFO rally.task.runner [-] Task e6d8596e-ab08-49ee-bc47-31c142205d9c | ITER: 28 START
2020-04-10 06:26:03.174 3780 WARNING rally_openstack.scenarios.neutron.utils [-] Running this scenario without either the 'network' or 'existing_network' context is deprecated
2020-04-10 06:26:03.333 3747 INFO rally.task.runner [-] Task e6d8596e-ab08-49ee-bc47-31c142205d9c | ITER: 1 END: OK
2020-04-10 06:26:03.337 3747 INFO rally.task.runner [-] Task e6d8596e-ab08-49ee-bc47-31c142205d9c | ITER: 29 START
2020-04-10 06:26:03.338 3747 WARNING rally_openstack.scenarios.neutron.utils [-] Running this scenario without either the 'network' or 'existing_network' context is deprecated
2020-04-10 06:26:04.093 3777 INFO rally.task.runner [-] Task e6d8596e-ab08-49ee-bc47-31c142205d9c | ITER: 13 END: OK
2020-04-10 06:26:04.097 3777 INFO rally.task.runner [-] Task e6d8596e-ab08-49ee-bc47-31c142205d9c | ITER: 30 START
2020-04-10 06:26:04.098 3777 WARNING rally_openstack.scenarios.neutron.utils [-] Running this scenario without either the 'network' or 'existing_network' context is deprecated
2020-04-10 06:26:04.247 3771 INFO rally.task.runner [-] Task e6d8596e-ab08-49ee-bc47-31c142205d9c | ITER: 11 END: OK
2020-04-10 06:26:04.251 3771 INFO rally.task.runner [-] Task e6d8596e-ab08-49ee-bc47-31c142205d9c | ITER: 31 START
2020-04-10 06:26:04.253 3771 WARNING rally_openstack.scenarios.neutron.utils [-] Running this scenario without either the 'network' or 'existing_network' context is deprecated
2020-04-10 06:26:05.958 3749 INFO rally.task.runner [-] Task e6d8596e-ab08-49ee-bc47-31c142205d9c | ITER: 3 END: OK
2020-04-10 06:26:05.962 3749 INFO rally.task.runner [-] Task e6d8596e-ab08-49ee-bc47-31c142205d9c | ITER: 32 START
2020-04-10 06:26:05.962 3749 WARNING rally_openstack.scenarios.neutron.utils [-] Running this scenario without either the 'network' or 'existing_network' context is deprecated
2020-04-10 06:26:07.080 3748 INFO rally.task.runner [-] Task e6d8596e-ab08-49ee-bc47-31c142205d9c | ITER: 25 END: OK
2020-04-10 06:26:07.084 3748 INFO rally.task.runner [-] Task e6d8596e-ab08-49ee-bc47-31c142205d9c | ITER: 33 START
2020-04-10 06:26:07.084 3748 WARNING rally_openstack.scenarios.neutron.utils [-] Running this scenario without either the 'network' or 'existing_network' context is deprecated
2020-04-10 06:26:08.957 3758 INFO rally.task.runner [-] Task e6d8596e-ab08-49ee-bc47-31c142205d9c | ITER: 7 END: OK
2020-04-10 06:26:08.962 3758 INFO rally.task.runner [-] Task e6d8596e-ab08-49ee-bc47-31c142205d9c | ITER: 34 START
2020-04-10 06:26:08.963 3758 WARNING rally_openstack.scenarios.neutron.utils [-] Running this scenario without either the 'network' or 'existing_network' context is deprecated
2020-04-10 06:26:09.248 3765 INFO rally.task.runner [-] Task e6d8596e-ab08-49ee-bc47-31c142205d9c | ITER: 22 END: OK
2020-04-10 06:26:09.252 3765 INFO rally.task.runner [-] Task e6d8596e-ab08-49ee-bc47-31c142205d9c | ITER: 35 START
2020-04-10 06:26:09.252 3765 WARNING rally_openstack.scenarios.neutron.utils [-] Running this scenario without either the 'network' or 'existing_network' context is deprecated
2020-04-10 06:26:09.822 3788 INFO rally.task.runner [-] Task e6d8596e-ab08-49ee-bc47-31c142205d9c | ITER: 16 END: OK
2020-04-10 06:26:09.825 3788 INFO rally.task.runner [-] Task e6d8596e-ab08-49ee-bc47-31c142205d9c | ITER: 36 START
2020-04-10 06:26:09.826 3788 WARNING rally_openstack.scenarios.neutron.utils [-] Running this scenario without either the 'network' or 'existing_network' context is deprecated
2020-04-10 06:26:09.912 3750 INFO rally.task.runner [-] Task e6d8596e-ab08-49ee-bc47-31c142205d9c | ITER: 26 END: OK
2020-04-10 06:26:09.919 3750 INFO rally.task.runner [-] Task e6d8596e-ab08-49ee-bc47-31c142205d9c | ITER: 37 START
2020-04-10 06:26:09.921 3750 WARNING rally_openstack.scenarios.neutron.utils [-] Running this scenario without either the 'network' or 'existing_network' context is deprecated
2020-04-10 06:26:10.029 3754 INFO rally.task.runner [-] Task e6d8596e-ab08-49ee-bc47-31c142205d9c | ITER: 6 END: OK
2020-04-10 06:26:10.032 3754 INFO rally.task.runner [-] Task e6d8596e-ab08-49ee-bc47-31c142205d9c | ITER: 38 START
2020-04-10 06:26:10.033 3754 WARNING rally_openstack.scenarios.neutron.utils [-] Running this scenario without either the 'network' or 'existing_network' context is deprecated
2020-04-10 06:26:10.544 3783 INFO rally.task.runner [-] Task e6d8596e-ab08-49ee-bc47-31c142205d9c | ITER: 15 END: OK
2020-04-10 06:26:10.552 3783 INFO rally.task.runner [-] Task e6d8596e-ab08-49ee-bc47-31c142205d9c | ITER: 39 START
2020-04-10 06:26:10.554 3783 WARNING rally_openstack.scenarios.neutron.utils [-] Running this scenario without either the 'network' or 'existing_network' context is deprecated
2020-04-10 06:26:11.267 3793 INFO rally.task.runner [-] Task e6d8596e-ab08-49ee-bc47-31c142205d9c | ITER: 21 END: OK
2020-04-10 06:26:11.276 3793 INFO rally.task.runner [-] Task e6d8596e-ab08-49ee-bc47-31c142205d9c | ITER: 40 START
2020-04-10 06:26:11.277 3793 WARNING rally_openstack.scenarios.neutron.utils [-] Running this scenario without either the 'network' or 'existing_network' context is deprecated
2020-04-10 06:26:11.354 3752 INFO rally.task.runner [-] Task e6d8596e-ab08-49ee-bc47-31c142205d9c | ITER: 23 END: OK
2020-04-10 06:26:11.381 3777 INFO rally.task.runner [-] Task e6d8596e-ab08-49ee-bc47-31c142205d9c | ITER: 30 END: OK
2020-04-10 06:26:12.321 3762 INFO rally.task.runner [-] Task e6d8596e-ab08-49ee-bc47-31c142205d9c | ITER: 8 END: OK
2020-04-10 06:26:14.632 3799 INFO rally.task.runner [-] Task e6d8596e-ab08-49ee-bc47-31c142205d9c | ITER: 19 END: OK
2020-04-10 06:26:14.991 3748 INFO rally.task.runner [-] Task e6d8596e-ab08-49ee-bc47-31c142205d9c | ITER: 33 END: OK
2020-04-10 06:26:16.374 3802 INFO rally.task.runner [-] Task e6d8596e-ab08-49ee-bc47-31c142205d9c | ITER: 24 END: OK
2020-04-10 06:26:16.729 3780 INFO rally.task.runner [-] Task e6d8596e-ab08-49ee-bc47-31c142205d9c | ITER: 28 END: OK
2020-04-10 06:26:17.462 3774 INFO rally.task.runner [-] Task e6d8596e-ab08-49ee-bc47-31c142205d9c | ITER: 27 END: OK
2020-04-10 06:26:17.811 3749 INFO rally.task.runner [-] Task e6d8596e-ab08-49ee-bc47-31c142205d9c | ITER: 32 END: OK
2020-04-10 06:26:19.003 3750 INFO rally.task.runner [-] Task e6d8596e-ab08-49ee-bc47-31c142205d9c | ITER: 37 END: OK
2020-04-10 06:26:19.315 3783 INFO rally.task.runner [-] Task e6d8596e-ab08-49ee-bc47-31c142205d9c | ITER: 39 END: OK
2020-04-10 06:26:19.684 3768 INFO rally.task.runner [-] Task e6d8596e-ab08-49ee-bc47-31c142205d9c | ITER: 10 END: OK
2020-04-10 06:26:20.974 3793 INFO rally.task.runner [-] Task e6d8596e-ab08-49ee-bc47-31c142205d9c | ITER: 40 END: OK
2020-04-10 06:26:24.346 3754 INFO rally.task.runner [-] Task e6d8596e-ab08-49ee-bc47-31c142205d9c | ITER: 38 END: OK
2020-04-10 06:26:24.708 3758 INFO rally.task.runner [-] Task e6d8596e-ab08-49ee-bc47-31c142205d9c | ITER: 34 END: OK
2020-04-10 06:26:25.018 3788 INFO rally.task.runner [-] Task e6d8596e-ab08-49ee-bc47-31c142205d9c | ITER: 36 END: OK
2020-04-10 06:26:26.432 3771 INFO rally.task.runner [-] Task e6d8596e-ab08-49ee-bc47-31c142205d9c | ITER: 31 END: OK
2020-04-10 06:26:26.645 3747 INFO rally.task.runner [-] Task e6d8596e-ab08-49ee-bc47-31c142205d9c | ITER: 29 END: OK
2020-04-10 06:26:27.399 3796 INFO rally.task.runner [-] Task e6d8596e-ab08-49ee-bc47-31c142205d9c | ITER: 18 END: OK
2020-04-10 06:26:27.936 3765 INFO rally.task.runner [-] Task e6d8596e-ab08-49ee-bc47-31c142205d9c | ITER: 35 END: OK
2020-04-10 06:26:27.965 15 INFO rally.task.context [-] Task e6d8596e-ab08-49ee-bc47-31c142205d9c | Context cleanup@openstack cleanup() started
2020-04-10 06:26:27.968 15 RALLYDEBUG rally_openstack.cleanup.manager [-] Cleaning up neutron vip objects
2020-04-10 06:26:28.187 15 RALLYDEBUG rally_openstack.cleanup.manager [-] Cleaning up neutron health_monitor objects
2020-04-10 06:26:28.311 15 RALLYDEBUG rally_openstack.cleanup.manager [-] Cleaning up neutron pool objects
2020-04-10 06:26:28.437 15 RALLYDEBUG rally_openstack.cleanup.manager [-] Cleaning up neutron loadbalancer objects
2020-04-10 06:26:28.600 15 RALLYDEBUG rally_openstack.cleanup.manager [-] Cleaning up neutron floatingip objects
2020-04-10 06:26:28.825 15 RALLYDEBUG rally_openstack.cleanup.manager [-] Cleaning up neutron trunk objects
2020-04-10 06:26:29.018 15 RALLYDEBUG rally_openstack.cleanup.manager [-] Cleaning up neutron port objects
2020-04-10 06:26:30.056 15 RALLYDEBUG rally_openstack.cleanup.manager [-] Deleting neutron.port object s_rally_7be55229_fZ4oBYs3 (0740caca-d9af-44ee-babb-fca6b622aafb)
2020-04-10 06:26:30.062 15 RALLYDEBUG rally_openstack.cleanup.manager [-] Deleting neutron.port object s_rally_7be55229_yLiaSHfq (042cf5e0-2edf-4f7c-ad3b-386de0daf9c4)
2020-04-10 06:26:30.067 15 RALLYDEBUG rally_openstack.cleanup.manager [-] Deleting neutron.port object s_rally_7be55229_SsqfZbGR (08a0bd29-8d28-451d-9da8-477766dbe910)
2020-04-10 06:26:30.071 15 RALLYDEBUG rally_openstack.cleanup.manager [-] Deleting neutron.port object s_rally_7be55229_q9d5HG5j (00d81d49-c7e0-4704-8353-ac8dafae90f6)
2020-04-10 06:26:30.074 15 RALLYDEBUG rally_openstack.cleanup.manager [-] Deleting neutron.port object s_rally_7be55229_9eSBLjRZ (0ac0215b-eca2-469b-8f8d-f06e56776d23)
2020-04-10 06:26:30.080 15 RALLYDEBUG rally_openstack.cleanup.manager [-] Deleting neutron.port object s_rally_7be55229_PSXbji1n (0ae16e34-27ae-479f-a713-d4627b90586e)
2020-04-10 06:26:30.084 15 RALLYDEBUG rally_openstack.cleanup.manager [-] Deleting neutron.port object s_rally_7be55229_UyRXg6Uf (0097af30-1bb2-4a9f-8af0-18f9bc3573f3)
2020-04-10 06:26:30.089 15 RALLYDEBUG rally_openstack.cleanup.manager [-] Deleting neutron.port object s_rally_7be55229_OnDwrYKb (0bee0c00-e4e9-48b6-a660-0ab56d24565d)
2020-04-10 06:26:30.095 15 RALLYDEBUG rally_openstack.cleanup.manager [-] Deleting neutron.port object s_rally_7be55229_GvFOobu1 (0c961013-99f5-4685-965d-2ca1affb44a9)
2020-04-10 06:26:30.116 15 RALLYDEBUG rally_openstack.cleanup.manager [-] Deleting neutron.port object s_rally_7be55229_14wVKvmt (0a689ed8-e3d2-4055-98cb-3e321f05f871)
2020-04-10 06:26:30.132 15 RALLYDEBUG rally_openstack.cleanup.manager [-] Deleting neutron.port object s_rally_7be55229_bTWHHKAM (05cfb351-ccd1-4000-b660-46df4f18c3ba)
2020-04-10 06:26:30.148 15 RALLYDEBUG rally_openstack.cleanup.manager [-] Deleting neutron.port object s_rally_7be55229_CkN6hhcx (0d13d2b6-2706-40de-9b81-645b108675ea)
2020-04-10 06:26:30.161 15 RALLYDEBUG rally_openstack.cleanup.manager [-] Deleting neutron.port object s_rally_7be55229_jAVVHFS6 (0d733867-a54f-4b90-b20a-7df19449b5e1)
2020-04-10 06:26:30.164 15 RALLYDEBUG rally_openstack.cleanup.manager [-] Deleting neutron.port object s_rally_7be55229_SQBGS2ny (0d134ee4-3165-44db-ba19-3f1ebd3a579c)
2020-04-10 06:26:30.172 15 RALLYDEBUG rally_openstack.cleanup.manager [-] Deleting neutron.port object s_rally_7be55229_o6Igvy29 (0d8d5b58-737d-4dc3-a154-5c85b7a07221)
2020-04-10 06:26:30.179 15 RALLYDEBUG rally_openstack.cleanup.manager [-] Deleting neutron.port object s_rally_7be55229_ccNrVXBv (0dbf96d0-8e17-475c-ac4f-099ed825fdf5)
2020-04-10 06:26:30.201 15 RALLYDEBUG rally_openstack.cleanup.manager [-] Deleting neutron.port object s_rally_7be55229_pmDwHahZ (0e443f1c-b826-4457-b8c6-c35105619e46)
2020-04-10 06:26:30.240 15 RALLYDEBUG rally_openstack.cleanup.manager [-] Deleting neutron.port object s_rally_7be55229_goRA04w0 (0e6dfd12-6bf7-4e34-b1de-57002b03d584)
2020-04-10 06:26:30.277 15 RALLYDEBUG rally_openstack.cleanup.manager [-] Deleting neutron.port object s_rally_7be55229_T3etv7p0 (0f6c7fd7-b1e8-45ed-94c6-91ce91be21fb)
