2020-04-10 06:15:41.889 15 INFO rally.task.engine [-] Running workload: position = 2 config = { "version": 2, "title": "A cropped version of a bigger task.", "description": "Auto-generated task from a single workload (uuid=2374fd48-9c5e-4a57-954a-f8756916cb5a)", "subtasks": [ { "title": "NeutronNetworks.create_and_delete_subnets", "description": "Create and delete a given number of subnets.", "scenario": { "NeutronNetworks.create_and_delete_subnets": { "network_create_args": {}, "subnet_create_args": {}, "subnet_cidr_start": "1.1.0.0/30", "subnets_per_network": 2 } }, "contexts": { "users": { "tenants": 1, "users_per_tenant": 1 }, "quotas": { "neutron": { "network": -1, "subnet": -1 } } }, "runner": { "constant": { "times": 40, "concurrency": 20 } }, "hooks": [], "sla": { "failure_rate": { "max": 0 } } } ] }
2020-04-10 06:15:41.908 15 RALLYDEBUG rally_openstack.contexts.keystone.users [-] Creating 1 tenants using 1 threads
2020-04-10 06:15:42.404 15 RALLYDEBUG rally_openstack.contexts.keystone.users [-] Creating 1 users using 1 threads
2020-04-10 06:15:43.042 15 INFO rally.task.context [-] Task e6d8596e-ab08-49ee-bc47-31c142205d9c | Context users@openstack setup() finished in 1.13 sec
2020-04-10 06:15:43.302 15 INFO rally.task.context [-] Task e6d8596e-ab08-49ee-bc47-31c142205d9c | Context quotas@openstack setup() finished in 0.26 sec
2020-04-10 06:15:43.303 15 INFO rally.task.context [-] Task e6d8596e-ab08-49ee-bc47-31c142205d9c | Context cleanup@openstack setup() finished in 0.02 msec
2020-04-10 06:15:43.315 15 RALLYDEBUG rally.task.runner [-] Starting the constant runner (task UUID: e6d8596e-ab08-49ee-bc47-31c142205d9c). times: 40 concurrency: 20 timeout: 0 max_cpu_used: 88 processes_to_start: 20 concurrency_per_worker: 1 concurrency_overhead: 0
2020-04-10 06:15:43.327 2007 RALLYDEBUG rally.task.runner [-] Starting a worker. times: 40 duration: None concurrency: 1 timeout: 0 cls: method_name: run args: {"network_create_args": {}, "subnet_create_args": {}, "subnet_cidr_start": "1.1.0.0/30", "subnets_per_network": 2}
2020-04-10 06:15:43.330 2008 RALLYDEBUG rally.task.runner [-] Starting a worker. times: 40 duration: None concurrency: 1 timeout: 0 cls: method_name: run args: {"network_create_args": {}, "subnet_create_args": {}, "subnet_cidr_start": "1.1.0.0/30", "subnets_per_network": 2}
2020-04-10 06:15:43.333 2007 INFO rally.task.runner [-] Task e6d8596e-ab08-49ee-bc47-31c142205d9c | ITER: 1 START
2020-04-10 06:15:43.333 2009 RALLYDEBUG rally.task.runner [-] Starting a worker. times: 40 duration: None concurrency: 1 timeout: 0 cls: method_name: run args: {"network_create_args": {}, "subnet_create_args": {}, "subnet_cidr_start": "1.1.0.0/30", "subnets_per_network": 2}
2020-04-10 06:15:43.335 2007 WARNING rally_openstack.scenarios.neutron.utils [-] Running this scenario without either the 'network' or 'existing_network' context is deprecated
2020-04-10 06:15:43.335 2008 INFO rally.task.runner [-] Task e6d8596e-ab08-49ee-bc47-31c142205d9c | ITER: 2 START
2020-04-10 06:15:43.335 2010 RALLYDEBUG rally.task.runner [-] Starting a worker. times: 40 duration: None concurrency: 1 timeout: 0 cls: method_name: run args: {"network_create_args": {}, "subnet_create_args": {}, "subnet_cidr_start": "1.1.0.0/30", "subnets_per_network": 2}
2020-04-10 06:15:43.337 2008 WARNING rally_openstack.scenarios.neutron.utils [-] Running this scenario without either the 'network' or 'existing_network' context is deprecated
2020-04-10 06:15:43.338 2009 INFO rally.task.runner [-] Task e6d8596e-ab08-49ee-bc47-31c142205d9c | ITER: 3 START
2020-04-10 06:15:43.338 2014 RALLYDEBUG rally.task.runner [-] Starting a worker. times: 40 duration: None concurrency: 1 timeout: 0 cls: method_name: run args: {"network_create_args": {}, "subnet_create_args": {}, "subnet_cidr_start": "1.1.0.0/30", "subnets_per_network": 2}
2020-04-10 06:15:43.340 2009 WARNING rally_openstack.scenarios.neutron.utils [-] Running this scenario without either the 'network' or 'existing_network' context is deprecated
2020-04-10 06:15:43.340 2010 INFO rally.task.runner [-] Task e6d8596e-ab08-49ee-bc47-31c142205d9c | ITER: 4 START
2020-04-10 06:15:43.340 2016 RALLYDEBUG rally.task.runner [-] Starting a worker. times: 40 duration: None concurrency: 1 timeout: 0 cls: method_name: run args: {"network_create_args": {}, "subnet_create_args": {}, "subnet_cidr_start": "1.1.0.0/30", "subnets_per_network": 2}
2020-04-10 06:15:43.342 2010 WARNING rally_openstack.scenarios.neutron.utils [-] Running this scenario without either the 'network' or 'existing_network' context is deprecated
2020-04-10 06:15:43.343 2014 INFO rally.task.runner [-] Task e6d8596e-ab08-49ee-bc47-31c142205d9c | ITER: 5 START
2020-04-10 06:15:43.343 2019 RALLYDEBUG rally.task.runner [-] Starting a worker. times: 40 duration: None concurrency: 1 timeout: 0 cls: method_name: run args: {"network_create_args": {}, "subnet_create_args": {}, "subnet_cidr_start": "1.1.0.0/30", "subnets_per_network": 2}
2020-04-10 06:15:43.344 2014 WARNING rally_openstack.scenarios.neutron.utils [-] Running this scenario without either the 'network' or 'existing_network' context is deprecated
2020-04-10 06:15:43.345 2016 INFO rally.task.runner [-] Task e6d8596e-ab08-49ee-bc47-31c142205d9c | ITER: 6 START
2020-04-10 06:15:43.345 2022 RALLYDEBUG rally.task.runner [-] Starting a worker. times: 40 duration: None concurrency: 1 timeout: 0 cls: method_name: run args: {"network_create_args": {}, "subnet_create_args": {}, "subnet_cidr_start": "1.1.0.0/30", "subnets_per_network": 2}
2020-04-10 06:15:43.346 2016 WARNING rally_openstack.scenarios.neutron.utils [-] Running this scenario without either the 'network' or 'existing_network' context is deprecated
2020-04-10 06:15:43.348 2019 INFO rally.task.runner [-] Task e6d8596e-ab08-49ee-bc47-31c142205d9c | ITER: 7 START
2020-04-10 06:15:43.348 2025 RALLYDEBUG rally.task.runner [-] Starting a worker. times: 40 duration: None concurrency: 1 timeout: 0 cls: method_name: run args: {"network_create_args": {}, "subnet_create_args": {}, "subnet_cidr_start": "1.1.0.0/30", "subnets_per_network": 2}
2020-04-10 06:15:43.349 2019 WARNING rally_openstack.scenarios.neutron.utils [-] Running this scenario without either the 'network' or 'existing_network' context is deprecated
2020-04-10 06:15:43.350 2022 INFO rally.task.runner [-] Task e6d8596e-ab08-49ee-bc47-31c142205d9c | ITER: 8 START
2020-04-10 06:15:43.350 2028 RALLYDEBUG rally.task.runner [-] Starting a worker. times: 40 duration: None concurrency: 1 timeout: 0 cls: method_name: run args: {"network_create_args": {}, "subnet_create_args": {}, "subnet_cidr_start": "1.1.0.0/30", "subnets_per_network": 2}
2020-04-10 06:15:43.352 2022 WARNING rally_openstack.scenarios.neutron.utils [-] Running this scenario without either the 'network' or 'existing_network' context is deprecated
2020-04-10 06:15:43.353 2025 INFO rally.task.runner [-] Task e6d8596e-ab08-49ee-bc47-31c142205d9c | ITER: 9 START
2020-04-10 06:15:43.353 2031 RALLYDEBUG rally.task.runner [-] Starting a worker. times: 40 duration: None concurrency: 1 timeout: 0 cls: method_name: run args: {"network_create_args": {}, "subnet_create_args": {}, "subnet_cidr_start": "1.1.0.0/30", "subnets_per_network": 2}
2020-04-10 06:15:43.354 2028 INFO rally.task.runner [-] Task e6d8596e-ab08-49ee-bc47-31c142205d9c | ITER: 10 START
2020-04-10 06:15:43.354 2025 WARNING rally_openstack.scenarios.neutron.utils [-] Running this scenario without either the 'network' or 'existing_network' context is deprecated
2020-04-10 06:15:43.355 2028 WARNING rally_openstack.scenarios.neutron.utils [-] Running this scenario without either the 'network' or 'existing_network' context is deprecated
2020-04-10 06:15:43.357 2031 INFO rally.task.runner [-] Task e6d8596e-ab08-49ee-bc47-31c142205d9c | ITER: 11 START
2020-04-10 06:15:43.357 2036 RALLYDEBUG rally.task.runner [-] Starting a worker. times: 40 duration: None concurrency: 1 timeout: 0 cls: method_name: run args: {"network_create_args": {}, "subnet_create_args": {}, "subnet_cidr_start": "1.1.0.0/30", "subnets_per_network": 2}
2020-04-10 06:15:43.359 2031 WARNING rally_openstack.scenarios.neutron.utils [-] Running this scenario without either the 'network' or 'existing_network' context is deprecated
2020-04-10 06:15:43.362 2041 RALLYDEBUG rally.task.runner [-] Starting a worker. times: 40 duration: None concurrency: 1 timeout: 0 cls: method_name: run args: {"network_create_args": {}, "subnet_create_args": {}, "subnet_cidr_start": "1.1.0.0/30", "subnets_per_network": 2}
2020-04-10 06:15:43.364 2036 INFO rally.task.runner [-] Task e6d8596e-ab08-49ee-bc47-31c142205d9c | ITER: 12 START
2020-04-10 06:15:43.365 2036 WARNING rally_openstack.scenarios.neutron.utils [-] Running this scenario without either the 'network' or 'existing_network' context is deprecated
2020-04-10 06:15:43.366 2042 RALLYDEBUG rally.task.runner [-] Starting a worker. times: 40 duration: None concurrency: 1 timeout: 0 cls: method_name: run args: {"network_create_args": {}, "subnet_create_args": {}, "subnet_cidr_start": "1.1.0.0/30", "subnets_per_network": 2}
2020-04-10 06:15:43.367 2041 INFO rally.task.runner [-] Task e6d8596e-ab08-49ee-bc47-31c142205d9c | ITER: 13 START
2020-04-10 06:15:43.368 2041 WARNING rally_openstack.scenarios.neutron.utils [-] Running this scenario without either the 'network' or 'existing_network' context is deprecated
2020-04-10 06:15:43.368 2045 RALLYDEBUG rally.task.runner [-] Starting a worker. times: 40 duration: None concurrency: 1 timeout: 0 cls: method_name: run args: {"network_create_args": {}, "subnet_create_args": {}, "subnet_cidr_start": "1.1.0.0/30", "subnets_per_network": 2}
2020-04-10 06:15:43.370 2042 INFO rally.task.runner [-] Task e6d8596e-ab08-49ee-bc47-31c142205d9c | ITER: 14 START
2020-04-10 06:15:43.371 2042 WARNING rally_openstack.scenarios.neutron.utils [-] Running this scenario without either the 'network' or 'existing_network' context is deprecated
2020-04-10 06:15:43.371 2048 RALLYDEBUG rally.task.runner [-] Starting a worker. times: 40 duration: None concurrency: 1 timeout: 0 cls: method_name: run args: {"network_create_args": {}, "subnet_create_args": {}, "subnet_cidr_start": "1.1.0.0/30", "subnets_per_network": 2}
2020-04-10 06:15:43.372 2045 INFO rally.task.runner [-] Task e6d8596e-ab08-49ee-bc47-31c142205d9c | ITER: 15 START
2020-04-10 06:15:43.373 2045 WARNING rally_openstack.scenarios.neutron.utils [-] Running this scenario without either the 'network' or 'existing_network' context is deprecated
2020-04-10 06:15:43.375 2048 INFO rally.task.runner [-] Task e6d8596e-ab08-49ee-bc47-31c142205d9c | ITER: 16 START
2020-04-10 06:15:43.376 2053 RALLYDEBUG rally.task.runner [-] Starting a worker. times: 40 duration: None concurrency: 1 timeout: 0 cls: method_name: run args: {"network_create_args": {}, "subnet_create_args": {}, "subnet_cidr_start": "1.1.0.0/30", "subnets_per_network": 2}
2020-04-10 06:15:43.376 2048 WARNING rally_openstack.scenarios.neutron.utils [-] Running this scenario without either the 'network' or 'existing_network' context is deprecated
2020-04-10 06:15:43.380 2053 INFO rally.task.runner [-] Task e6d8596e-ab08-49ee-bc47-31c142205d9c | ITER: 17 START
2020-04-10 06:15:43.380 2056 RALLYDEBUG rally.task.runner [-] Starting a worker. times: 40 duration: None concurrency: 1 timeout: 0 cls: method_name: run args: {"network_create_args": {}, "subnet_create_args": {}, "subnet_cidr_start": "1.1.0.0/30", "subnets_per_network": 2}
2020-04-10 06:15:43.381 2053 WARNING rally_openstack.scenarios.neutron.utils [-] Running this scenario without either the 'network' or 'existing_network' context is deprecated
2020-04-10 06:15:43.383 2059 RALLYDEBUG rally.task.runner [-] Starting a worker. times: 40 duration: None concurrency: 1 timeout: 0 cls: method_name: run args: {"network_create_args": {}, "subnet_create_args": {}, "subnet_cidr_start": "1.1.0.0/30", "subnets_per_network": 2}
2020-04-10 06:15:43.384 2056 INFO rally.task.runner [-] Task e6d8596e-ab08-49ee-bc47-31c142205d9c | ITER: 18 START
2020-04-10 06:15:43.385 2060 RALLYDEBUG rally.task.runner [-] Starting a worker. times: 40 duration: None concurrency: 1 timeout: 0 cls: method_name: run args: {"network_create_args": {}, "subnet_create_args": {}, "subnet_cidr_start": "1.1.0.0/30", "subnets_per_network": 2}
2020-04-10 06:15:43.386 2056 WARNING rally_openstack.scenarios.neutron.utils [-] Running this scenario without either the 'network' or 'existing_network' context is deprecated
2020-04-10 06:15:43.388 2059 INFO rally.task.runner [-] Task e6d8596e-ab08-49ee-bc47-31c142205d9c | ITER: 19 START
2020-04-10 06:15:43.389 2060 INFO rally.task.runner [-] Task e6d8596e-ab08-49ee-bc47-31c142205d9c | ITER: 20 START
2020-04-10 06:15:43.390 2059 WARNING rally_openstack.scenarios.neutron.utils [-] Running this scenario without either the 'network' or 'existing_network' context is deprecated
2020-04-10 06:15:43.390 2060 WARNING rally_openstack.scenarios.neutron.utils [-] Running this scenario without either the 'network' or 'existing_network' context is deprecated
2020-04-10 06:15:44.717 2008 RALLYDEBUG rally_openstack.wrappers.network [-] CIDR generated: 1.1.4.96/30
2020-04-10 06:15:45.939 2019 RALLYDEBUG rally_openstack.wrappers.network [-] CIDR generated: 1.1.4.100/30
2020-04-10 06:15:46.223 2008 RALLYDEBUG rally_openstack.wrappers.network [-] CIDR generated: 1.1.4.104/30
2020-04-10 06:15:47.528 2019 RALLYDEBUG rally_openstack.wrappers.network [-] CIDR generated: 1.1.4.108/30
2020-04-10 06:15:47.675 2031 RALLYDEBUG rally_openstack.wrappers.network [-] CIDR generated: 1.1.4.112/30
2020-04-10 06:15:48.102 2042 RALLYDEBUG rally_openstack.wrappers.network [-] CIDR generated: 1.1.4.116/30
2020-04-10 06:15:48.263 2060 RALLYDEBUG rally_openstack.wrappers.network [-] CIDR generated: 1.1.4.120/30
2020-04-10 06:15:48.387 2056 RALLYDEBUG rally_openstack.wrappers.network [-] CIDR generated: 1.1.4.124/30
2020-04-10 06:15:48.506 2007 RALLYDEBUG rally_openstack.wrappers.network [-] CIDR generated: 1.1.4.128/30
2020-04-10 06:15:49.033 2041 RALLYDEBUG rally_openstack.wrappers.network [-] CIDR generated: 1.1.4.132/30
2020-04-10 06:15:49.444 2009 RALLYDEBUG rally_openstack.wrappers.network [-] CIDR generated: 1.1.4.136/30
2020-04-10 06:15:49.877 2016 RALLYDEBUG rally_openstack.wrappers.network [-] CIDR generated: 1.1.4.140/30
2020-04-10 06:15:49.938 2056 RALLYDEBUG rally_openstack.wrappers.network [-] CIDR generated: 1.1.4.144/30
2020-04-10 06:15:49.999 2007 RALLYDEBUG rally_openstack.wrappers.network [-] CIDR generated: 1.1.4.148/30
2020-04-10 06:15:51.002 2010 RALLYDEBUG rally_openstack.wrappers.network [-] CIDR generated: 1.1.4.152/30
2020-04-10 06:15:51.018 2048 RALLYDEBUG rally_openstack.wrappers.network [-] CIDR generated: 1.1.4.156/30
2020-04-10 06:15:51.056 2031 RALLYDEBUG rally_openstack.wrappers.network [-] CIDR generated: 1.1.4.160/30
2020-04-10 06:15:51.194 2042 RALLYDEBUG rally_openstack.wrappers.network [-] CIDR generated: 1.1.4.164/30
2020-04-10 06:15:51.206 2016 RALLYDEBUG rally_openstack.wrappers.network [-] CIDR generated: 1.1.4.168/30
2020-04-10 06:15:51.416 2060 RALLYDEBUG rally_openstack.wrappers.network [-] CIDR generated: 1.1.4.172/30
2020-04-10 06:15:51.942 2053 RALLYDEBUG rally_openstack.wrappers.network [-] CIDR generated: 1.1.4.176/30
2020-04-10 06:15:51.984 2019 INFO rally.task.runner [-] Task e6d8596e-ab08-49ee-bc47-31c142205d9c | ITER: 7 END: OK
2020-04-10 06:15:51.988 2019 INFO rally.task.runner [-] Task e6d8596e-ab08-49ee-bc47-31c142205d9c | ITER: 21 START
2020-04-10 06:15:51.989 2019 WARNING rally_openstack.scenarios.neutron.utils [-] Running this scenario without either the 'network' or 'existing_network' context is deprecated
2020-04-10 06:15:52.104 2009 RALLYDEBUG rally_openstack.wrappers.network [-] CIDR generated: 1.1.4.180/30
2020-04-10 06:15:52.655 2036 RALLYDEBUG rally_openstack.wrappers.network [-] CIDR generated: 1.1.4.184/30
2020-04-10 06:15:52.910 2019 RALLYDEBUG rally_openstack.wrappers.network [-] CIDR generated: 1.1.4.188/30
2020-04-10 06:15:53.211 2048 RALLYDEBUG rally_openstack.wrappers.network [-] CIDR generated: 1.1.4.192/30
2020-04-10 06:15:54.237 2056 INFO rally.task.runner [-] Task e6d8596e-ab08-49ee-bc47-31c142205d9c | ITER: 18 END: OK
2020-04-10 06:15:54.241 2056 INFO rally.task.runner [-] Task e6d8596e-ab08-49ee-bc47-31c142205d9c | ITER: 22 START
2020-04-10 06:15:54.242 2056 WARNING rally_openstack.scenarios.neutron.utils [-] Running this scenario without either the 'network' or 'existing_network' context is deprecated
2020-04-10 06:15:54.784 2041 RALLYDEBUG rally_openstack.wrappers.network [-] CIDR generated: 1.1.4.196/30
2020-04-10 06:15:54.842 2010 RALLYDEBUG rally_openstack.wrappers.network [-] CIDR generated: 1.1.4.200/30
2020-04-10 06:15:54.945 2045 RALLYDEBUG rally_openstack.wrappers.network [-] CIDR generated: 1.1.4.204/30
2020-04-10 06:15:55.132 2019 RALLYDEBUG rally_openstack.wrappers.network [-] CIDR generated: 1.1.4.208/30
2020-04-10 06:15:56.050 2014 RALLYDEBUG rally_openstack.wrappers.network [-] CIDR generated: 1.1.4.212/30
2020-04-10 06:15:56.318 2056 RALLYDEBUG rally_openstack.wrappers.network [-] CIDR generated: 1.1.4.216/30
2020-04-10 06:15:56.446 2008 INFO rally.task.runner [-] Task e6d8596e-ab08-49ee-bc47-31c142205d9c | ITER: 2 END: OK
2020-04-10 06:15:56.449 2008 INFO rally.task.runner [-] Task e6d8596e-ab08-49ee-bc47-31c142205d9c | ITER: 23 START
2020-04-10 06:15:56.450 2008 WARNING rally_openstack.scenarios.neutron.utils [-] Running this scenario without either the 'network' or 'existing_network' context is deprecated
2020-04-10 06:15:56.716 2048 INFO rally.task.runner [-] Task e6d8596e-ab08-49ee-bc47-31c142205d9c | ITER: 16 END: OK
2020-04-10 06:15:56.721 2048 INFO rally.task.runner [-] Task e6d8596e-ab08-49ee-bc47-31c142205d9c | ITER: 24 START
2020-04-10 06:15:56.721 2048 WARNING rally_openstack.scenarios.neutron.utils [-] Running this scenario without either the 'network' or 'existing_network' context is deprecated
2020-04-10 06:15:56.780 2053 RALLYDEBUG rally_openstack.wrappers.network [-] CIDR generated: 1.1.4.220/30
2020-04-10 06:15:57.422 2028 RALLYDEBUG rally_openstack.wrappers.network [-] CIDR generated: 1.1.4.224/30
2020-04-10 06:15:57.941 2016 INFO rally.task.runner [-] Task e6d8596e-ab08-49ee-bc47-31c142205d9c | ITER: 6 END: OK
2020-04-10 06:15:57.944 2016 INFO rally.task.runner [-] Task e6d8596e-ab08-49ee-bc47-31c142205d9c | ITER: 25 START
2020-04-10 06:15:57.945 2016 WARNING rally_openstack.scenarios.neutron.utils [-] Running this scenario without either the 'network' or 'existing_network' context is deprecated
2020-04-10 06:15:58.627 2048 RALLYDEBUG rally_openstack.wrappers.network [-] CIDR generated: 1.1.4.228/30
2020-04-10 06:15:58.628 2019 INFO rally.task.runner [-] Task e6d8596e-ab08-49ee-bc47-31c142205d9c | ITER: 21 END: OK
2020-04-10 06:15:58.631 2019 INFO rally.task.runner [-] Task e6d8596e-ab08-49ee-bc47-31c142205d9c | ITER: 26 START
2020-04-10 06:15:58.632 2019 WARNING rally_openstack.scenarios.neutron.utils [-] Running this scenario without either the 'network' or 'existing_network' context is deprecated
2020-04-10 06:15:58.725 2007 INFO rally.task.runner [-] Task e6d8596e-ab08-49ee-bc47-31c142205d9c | ITER: 1 END: OK
2020-04-10 06:15:58.729 2007 INFO rally.task.runner [-] Task e6d8596e-ab08-49ee-bc47-31c142205d9c | ITER: 27 START
2020-04-10 06:15:58.730 2007 WARNING rally_openstack.scenarios.neutron.utils [-] Running this scenario without either the 'network' or 'existing_network' context is deprecated
2020-04-10 06:15:58.762 2056 RALLYDEBUG rally_openstack.wrappers.network [-] CIDR generated: 1.1.4.232/30
2020-04-10 06:15:59.011 2016 RALLYDEBUG rally_openstack.wrappers.network [-] CIDR generated: 1.1.4.236/30
2020-04-10 06:15:59.118 2036 RALLYDEBUG rally_openstack.wrappers.network [-] CIDR generated: 1.1.4.240/30
2020-04-10 06:15:59.443 2025 RALLYDEBUG rally_openstack.wrappers.network [-] CIDR generated: 1.1.4.244/30
2020-04-10 06:15:59.661 2031 INFO rally.task.runner [-] Task e6d8596e-ab08-49ee-bc47-31c142205d9c | ITER: 11 END: OK
2020-04-10 06:15:59.666 2031 INFO rally.task.runner [-] Task e6d8596e-ab08-49ee-bc47-31c142205d9c | ITER: 28 START
2020-04-10 06:15:59.667 2031 WARNING rally_openstack.scenarios.neutron.utils [-] Running this scenario without either the 'network' or 'existing_network' context is deprecated
2020-04-10 06:15:59.824 2045 RALLYDEBUG rally_openstack.wrappers.network [-] CIDR generated: 1.1.4.248/30
2020-04-10 06:15:59.868 2059 RALLYDEBUG rally_openstack.wrappers.network [-] CIDR generated: 1.1.4.252/30
2020-04-10 06:16:00.032 2060 INFO rally.task.runner [-] Task e6d8596e-ab08-49ee-bc47-31c142205d9c | ITER: 20 END: OK
2020-04-10 06:16:00.037 2060 INFO rally.task.runner [-] Task e6d8596e-ab08-49ee-bc47-31c142205d9c | ITER: 29 START
2020-04-10 06:16:00.037 2060 WARNING rally_openstack.scenarios.neutron.utils [-] Running this scenario without either the 'network' or 'existing_network' context is deprecated
2020-04-10 06:16:00.157 2048 RALLYDEBUG rally_openstack.wrappers.network [-] CIDR generated: 1.1.5.0/30
2020-04-10 06:16:00.281 2028 RALLYDEBUG rally_openstack.wrappers.network [-] CIDR generated: 1.1.5.4/30
2020-04-10 06:16:01.219 2016 RALLYDEBUG rally_openstack.wrappers.network [-] CIDR generated: 1.1.5.8/30
2020-04-10 06:16:01.345 2031 RALLYDEBUG rally_openstack.wrappers.network [-] CIDR generated: 1.1.5.12/30
2020-04-10 06:16:01.449 2014 RALLYDEBUG rally_openstack.wrappers.network [-] CIDR generated: 1.1.5.16/30
2020-04-10 06:16:01.943 2007 RALLYDEBUG rally_openstack.wrappers.network [-] CIDR generated: 1.1.5.20/30
2020-04-10 06:16:02.268 2060 RALLYDEBUG rally_openstack.wrappers.network [-] CIDR generated: 1.1.5.24/30
2020-04-10 06:16:02.337 2008 RALLYDEBUG rally_openstack.wrappers.network [-] CIDR generated: 1.1.5.28/30
2020-04-10 06:16:02.600 2031 RALLYDEBUG rally_openstack.wrappers.network [-] CIDR generated: 1.1.5.32/30
2020-04-10 06:16:02.948 2019 RALLYDEBUG rally_openstack.wrappers.network [-] CIDR generated: 1.1.5.36/30
2020-04-10 06:16:02.975 2042 INFO rally.task.runner [-] Task e6d8596e-ab08-49ee-bc47-31c142205d9c | ITER: 14 END: OK
2020-04-10 06:16:02.979 2042 INFO rally.task.runner [-] Task e6d8596e-ab08-49ee-bc47-31c142205d9c | ITER: 30 START
2020-04-10 06:16:02.979 2042 WARNING rally_openstack.scenarios.neutron.utils [-] Running this scenario without either the 'network' or 'existing_network' context is deprecated
2020-04-10 06:16:03.117 2059 RALLYDEBUG rally_openstack.wrappers.network [-] CIDR generated: 1.1.5.40/30
2020-04-10 06:16:03.767 2007 RALLYDEBUG rally_openstack.wrappers.network [-] CIDR generated: 1.1.5.44/30
2020-04-10 06:16:04.357 2048 INFO rally.task.runner [-] Task e6d8596e-ab08-49ee-bc47-31c142205d9c | ITER: 24 END: OK
2020-04-10 06:16:04.361 2048 INFO rally.task.runner [-] Task e6d8596e-ab08-49ee-bc47-31c142205d9c | ITER: 31 START
2020-04-10 06:16:04.362 2048 WARNING rally_openstack.scenarios.neutron.utils [-] Running this scenario without either the 'network' or 'existing_network' context is deprecated
2020-04-10 06:16:04.751 2060 RALLYDEBUG rally_openstack.wrappers.network [-] CIDR generated: 1.1.5.48/30
2020-04-10 06:16:04.794 2041 INFO rally.task.runner [-] Task e6d8596e-ab08-49ee-bc47-31c142205d9c | ITER: 13 END: OK
2020-04-10 06:16:04.798 2041 INFO rally.task.runner [-] Task e6d8596e-ab08-49ee-bc47-31c142205d9c | ITER: 32 START
2020-04-10 06:16:04.799 2041 WARNING rally_openstack.scenarios.neutron.utils [-] Running this scenario without either the 'network' or 'existing_network' context is deprecated
2020-04-10 06:16:04.956 2009 INFO rally.task.runner [-] Task e6d8596e-ab08-49ee-bc47-31c142205d9c | ITER: 3 END: OK
2020-04-10 06:16:04.959 2009 INFO rally.task.runner [-] Task e6d8596e-ab08-49ee-bc47-31c142205d9c | ITER: 33 START
2020-04-10 06:16:04.960 2009 WARNING rally_openstack.scenarios.neutron.utils [-] Running this scenario without either the 'network' or 'existing_network' context is deprecated
2020-04-10 06:16:05.238 2042 RALLYDEBUG rally_openstack.wrappers.network [-] CIDR generated: 1.1.5.52/30
2020-04-10 06:16:05.599 2025 RALLYDEBUG rally_openstack.wrappers.network [-] CIDR generated: 1.1.5.56/30
2020-04-10 06:16:05.653 2041 RALLYDEBUG rally_openstack.wrappers.network [-] CIDR generated: 1.1.5.60/30
2020-04-10 06:16:06.066 2053 INFO rally.task.runner [-] Task e6d8596e-ab08-49ee-bc47-31c142205d9c | ITER: 17 END: OK
2020-04-10 06:16:06.070 2053 INFO rally.task.runner [-] Task e6d8596e-ab08-49ee-bc47-31c142205d9c | ITER: 34 START
2020-04-10 06:16:06.070 2053 WARNING rally_openstack.scenarios.neutron.utils [-] Running this scenario without either the 'network' or 'existing_network' context is deprecated
2020-04-10 06:16:06.336 2056 INFO rally.task.runner [-] Task e6d8596e-ab08-49ee-bc47-31c142205d9c | ITER: 22 END: OK
2020-04-10 06:16:06.340 2056 INFO rally.task.runner [-] Task e6d8596e-ab08-49ee-bc47-31c142205d9c | ITER: 35 START
2020-04-10 06:16:06.341 2056 WARNING rally_openstack.scenarios.neutron.utils [-] Running this scenario without either the 'network' or 'existing_network' context is deprecated
2020-04-10 06:16:06.490 2009 RALLYDEBUG rally_openstack.wrappers.network [-] CIDR generated: 1.1.5.64/30
2020-04-10 06:16:06.827 2019 RALLYDEBUG rally_openstack.wrappers.network [-] CIDR generated: 1.1.5.68/30
2020-04-10 06:16:06.973 2010 INFO rally.task.runner [-] Task e6d8596e-ab08-49ee-bc47-31c142205d9c | ITER: 4 END: OK
2020-04-10 06:16:06.980 2010 INFO rally.task.runner [-] Task e6d8596e-ab08-49ee-bc47-31c142205d9c | ITER: 36 START
2020-04-10 06:16:06.982 2010 WARNING rally_openstack.scenarios.neutron.utils [-] Running this scenario without either the 'network' or 'existing_network' context is deprecated
2020-04-10 06:16:07.007 2008 RALLYDEBUG rally_openstack.wrappers.network [-] CIDR generated: 1.1.5.72/30
2020-04-10 06:16:07.056 2048 RALLYDEBUG rally_openstack.wrappers.network [-] CIDR generated: 1.1.5.76/30
2020-04-10 06:16:07.549 2031 INFO rally.task.runner [-] Task e6d8596e-ab08-49ee-bc47-31c142205d9c | ITER: 28 END: OK
2020-04-10 06:16:07.551 2042 RALLYDEBUG rally_openstack.wrappers.network [-] CIDR generated: 1.1.5.80/30
2020-04-10 06:16:07.558 2031 INFO rally.task.runner [-] Task e6d8596e-ab08-49ee-bc47-31c142205d9c | ITER: 37 START
2020-04-10 06:16:07.559 2031 WARNING rally_openstack.scenarios.neutron.utils [-] Running this scenario without either the 'network' or 'existing_network' context is deprecated
2020-04-10 06:16:07.716 2045 INFO rally.task.runner [-] Task e6d8596e-ab08-49ee-bc47-31c142205d9c | ITER: 15 END: OK
2020-04-10 06:16:07.722 2045 INFO rally.task.runner [-] Task e6d8596e-ab08-49ee-bc47-31c142205d9c | ITER: 38 START
2020-04-10 06:16:07.724 2045 WARNING rally_openstack.scenarios.neutron.utils [-] Running this scenario without either the 'network' or 'existing_network' context is deprecated
2020-04-10 06:16:07.964 2028 INFO rally.task.runner [-] Task e6d8596e-ab08-49ee-bc47-31c142205d9c | ITER: 10 END: OK
2020-04-10 06:16:07.969 2028 INFO rally.task.runner [-] Task e6d8596e-ab08-49ee-bc47-31c142205d9c | ITER: 39 START
2020-04-10 06:16:07.971 2028 WARNING rally_openstack.scenarios.neutron.utils [-] Running this scenario without either the 'network' or 'existing_network' context is deprecated
2020-04-10 06:16:08.249 2053 RALLYDEBUG rally_openstack.wrappers.network [-] CIDR generated: 1.1.5.84/30
2020-04-10 06:16:08.379 2041 RALLYDEBUG rally_openstack.wrappers.network [-] CIDR generated: 1.1.5.88/30
2020-04-10 06:16:08.602 2048 RALLYDEBUG rally_openstack.wrappers.network [-] CIDR generated: 1.1.5.92/30
2020-04-10 06:16:08.713 2059 INFO rally.task.runner [-] Task e6d8596e-ab08-49ee-bc47-31c142205d9c | ITER: 19 END: OK
2020-04-10 06:16:08.718 2059 INFO rally.task.runner [-] Task e6d8596e-ab08-49ee-bc47-31c142205d9c | ITER: 40 START
2020-04-10 06:16:08.720 2059 WARNING rally_openstack.scenarios.neutron.utils [-] Running this scenario without either the 'network' or 'existing_network' context is deprecated
2020-04-10 06:16:08.847 2056 RALLYDEBUG rally_openstack.wrappers.network [-] CIDR generated: 1.1.5.96/30
2020-04-10 06:16:09.300 2010 RALLYDEBUG rally_openstack.wrappers.network [-] CIDR generated: 1.1.5.100/30
2020-04-10 06:16:09.319 2028 RALLYDEBUG rally_openstack.wrappers.network [-] CIDR generated: 1.1.5.104/30
2020-04-10 06:16:09.325 2036 INFO rally.task.runner [-] Task e6d8596e-ab08-49ee-bc47-31c142205d9c | ITER: 12 END: OK
2020-04-10 06:16:09.408 2060 INFO rally.task.runner [-] Task e6d8596e-ab08-49ee-bc47-31c142205d9c | ITER: 29 END: OK
2020-04-10 06:16:09.415 2009 RALLYDEBUG rally_openstack.wrappers.network [-] CIDR generated: 1.1.5.108/30
2020-04-10 06:16:09.590 2045 RALLYDEBUG rally_openstack.wrappers.network [-] CIDR generated: 1.1.5.112/30
2020-04-10 06:16:09.866 2014 INFO rally.task.runner [-] Task e6d8596e-ab08-49ee-bc47-31c142205d9c | ITER: 5 END: OK
2020-04-10 06:16:10.103 2016 INFO rally.task.runner [-] Task e6d8596e-ab08-49ee-bc47-31c142205d9c | ITER: 25 END: OK
2020-04-10 06:16:10.988 2045 RALLYDEBUG rally_openstack.wrappers.network [-] CIDR generated: 1.1.5.116/30
2020-04-10 06:16:11.086 2007 INFO rally.task.runner [-] Task e6d8596e-ab08-49ee-bc47-31c142205d9c | ITER: 27 END: OK
2020-04-10 06:16:11.098 2059 RALLYDEBUG rally_openstack.wrappers.network [-] CIDR generated: 1.1.5.120/30
2020-04-10 06:16:11.409 2053 RALLYDEBUG rally_openstack.wrappers.network [-] CIDR generated: 1.1.5.124/30
2020-04-10 06:16:11.578 2031 RALLYDEBUG rally_openstack.wrappers.network [-] CIDR generated: 1.1.5.128/30
2020-04-10 06:16:12.191 2022 RALLYDEBUG rally_openstack.wrappers.network [-] CIDR generated: 1.1.5.132/30
2020-04-10 06:16:12.376 2059 RALLYDEBUG rally_openstack.wrappers.network [-] CIDR generated: 1.1.5.136/30
2020-04-10 06:16:12.468 2028 RALLYDEBUG rally_openstack.wrappers.network [-] CIDR generated: 1.1.5.140/30
2020-04-10 06:16:13.053 2048 INFO rally.task.runner [-] Task e6d8596e-ab08-49ee-bc47-31c142205d9c | ITER: 31 END: OK
2020-04-10 06:16:13.762 2042 INFO rally.task.runner [-] Task e6d8596e-ab08-49ee-bc47-31c142205d9c | ITER: 30 END: OK
2020-04-10 06:16:13.895 2025 INFO rally.task.runner [-] Task e6d8596e-ab08-49ee-bc47-31c142205d9c | ITER: 9 END: OK
2020-04-10 06:16:14.486 2008 INFO rally.task.runner [-] Task e6d8596e-ab08-49ee-bc47-31c142205d9c | ITER: 23 END: OK
2020-04-10 06:16:14.909 2056 RALLYDEBUG rally_openstack.wrappers.network [-] CIDR generated: 1.1.5.144/30
2020-04-10 06:16:15.083 2045 INFO rally.task.runner [-] Task e6d8596e-ab08-49ee-bc47-31c142205d9c | ITER: 38 END: OK
2020-04-10 06:16:15.264 2019 INFO rally.task.runner [-] Task e6d8596e-ab08-49ee-bc47-31c142205d9c | ITER: 26 END: OK
2020-04-10 06:16:15.286 2010 RALLYDEBUG rally_openstack.wrappers.network [-] CIDR generated: 1.1.5.148/30
2020-04-10 06:16:15.520 2022 RALLYDEBUG rally_openstack.wrappers.network [-] CIDR generated: 1.1.5.152/30
2020-04-10 06:16:15.690 2041 INFO rally.task.runner [-] Task e6d8596e-ab08-49ee-bc47-31c142205d9c | ITER: 32 END: OK
2020-04-10 06:16:16.378 2031 RALLYDEBUG rally_openstack.wrappers.network [-] CIDR generated: 1.1.5.156/30
2020-04-10 06:16:16.678 2059 INFO rally.task.runner [-] Task e6d8596e-ab08-49ee-bc47-31c142205d9c | ITER: 40 END: OK
2020-04-10 06:16:16.919 2009 INFO rally.task.runner [-] Task e6d8596e-ab08-49ee-bc47-31c142205d9c | ITER: 33 END: OK
2020-04-10 06:16:17.104 2053 INFO rally.task.runner [-] Task e6d8596e-ab08-49ee-bc47-31c142205d9c | ITER: 34 END: OK
2020-04-10 06:16:19.252 2028 INFO rally.task.runner [-] Task e6d8596e-ab08-49ee-bc47-31c142205d9c | ITER: 39 END: OK
2020-04-10 06:16:19.737 2022 INFO rally.task.runner [-] Task e6d8596e-ab08-49ee-bc47-31c142205d9c | ITER: 8 END: OK
2020-04-10 06:16:26.028 2056 INFO rally.task.runner [-] Task e6d8596e-ab08-49ee-bc47-31c142205d9c | ITER: 35 END: OK
2020-04-10 06:16:26.043 2010 INFO rally.task.runner [-] Task e6d8596e-ab08-49ee-bc47-31c142205d9c | ITER: 36 END: OK
2020-04-10 06:16:27.278 2031 INFO rally.task.runner [-] Task e6d8596e-ab08-49ee-bc47-31c142205d9c | ITER: 37 END: OK
2020-04-10 06:16:27.302 15 INFO rally.task.context [-] Task e6d8596e-ab08-49ee-bc47-31c142205d9c | Context cleanup@openstack cleanup() started
2020-04-10 06:16:27.307 15 RALLYDEBUG rally_openstack.cleanup.manager [-] Cleaning up neutron vip objects
2020-04-10 06:16:27.442 15 RALLYDEBUG rally_openstack.cleanup.manager [-] Cleaning up neutron health_monitor objects
2020-04-10 06:16:27.570 15 RALLYDEBUG rally_openstack.cleanup.manager [-] Cleaning up neutron pool objects
2020-04-10 06:16:27.692 15 RALLYDEBUG rally_openstack.cleanup.manager [-] Cleaning up neutron loadbalancer objects
2020-04-10 06:16:27.830 15 RALLYDEBUG rally_openstack.cleanup.manager [-] Cleaning up neutron floatingip objects
2020-04-10 06:16:28.044 15 RALLYDEBUG rally_openstack.cleanup.manager [-] Cleaning up neutron trunk objects
2020-04-10 06:16:28.208 15 RALLYDEBUG rally_openstack.cleanup.manager [-] Cleaning up neutron port objects
2020-04-10 06:16:28.740 15 RALLYDEBUG rally_openstack.cleanup.manager [-] Cleaning up neutron subnet objects
2020-04-10 06:16:28.917 15 RALLYDEBUG rally_openstack.cleanup.manager [-] Cleaning up neutron network objects
2020-04-10 06:16:29.455 15 RALLYDEBUG rally_openstack.cleanup.manager [-] Deleting neutron.network object s_rally_2374fd48_MkRV4utM (0885f5c2-dc04-41ad-8cd2-ea718f4160e8)
2020-04-10 06:16:29.463 15 RALLYDEBUG rally_openstack.cleanup.manager [-] Deleting neutron.network object s_rally_2374fd48_ryDWifyq (08a4b488-e36d-4397-a171-e61d2c8644aa)
2020-04-10 06:16:29.472 15 RALLYDEBUG rally_openstack.cleanup.manager [-] Deleting neutron.network object s_rally_2374fd48_iNWMt8yL (1290b9e2-7109-44a2-8a24-7f03ce586480)
2020-04-10 06:16:29.489 15 RALLYDEBUG rally_openstack.cleanup.manager [-] Deleting neutron.network object s_rally_2374fd48_6jrWvif7 (16daadae-7d83-488f-8468-730d73ef14da)
2020-04-10 06:16:29.500 15 RALLYDEBUG rally_openstack.cleanup.manager [-] Deleting neutron.network object s_rally_2374fd48_gFHLZlFJ (4f51ce38-fbe6-4dde-a3c2-47275d81eb52)
2020-04-10 06:16:29.532 15 RALLYDEBUG rally_openstack.cleanup.manager [-] Deleting neutron.network object s_rally_2374fd48_G2BCDfy6 (5148a7be-4e35-4e42-a79f-c203ca58ef72)
2020-04-10 06:16:29.543 15 RALLYDEBUG rally_openstack.cleanup.manager [-] Deleting neutron.network object s_rally_2374fd48_Az29EdH4 (550a926d-f94d-43ce-9ad3-97bfb70d09b6)
2020-04-10 06:16:29.562 15 RALLYDEBUG rally_openstack.cleanup.manager [-] Deleting neutron.network object s_rally_2374fd48_IfX33p3L (5783cecc-8566-4f3e-ab59-94e2d416a46d)
2020-04-10 06:16:29.568 15 RALLYDEBUG rally_openstack.cleanup.manager [-] Deleting neutron.network object s_rally_2374fd48_95azXUFT (5a5ead96-12e2-4908-9dcc-3e021812011e)
2020-04-10 06:16:29.579 15 RALLYDEBUG rally_openstack.cleanup.manager [-] Deleting neutron.network object s_rally_2374fd48_ErtI2WkW (5a9e8881-f5fb-460d-8ca6-edd95f1c4ba7)
2020-04-10 06:16:29.620 15 RALLYDEBUG rally_openstack.cleanup.manager [-] Deleting neutron.network object s_rally_2374fd48_ub9Jutka (664bec21-50c3-4b51-a9a1-b2e76b1c4490)
2020-04-10 06:16:29.639 15 RALLYDEBUG rally_openstack.cleanup.manager [-] Deleting neutron.network object s_rally_2374fd48_PMQncyIG (79f90483-01a7-4193-8d8c-fbf8736d995d)
2020-04-10 06:16:29.668 15 RALLYDEBUG rally_openstack.cleanup.manager [-] Deleting neutron.network object s_rally_2374fd48_D4YGaeft (7c818c32-e419-4534-b4f8-44425150be12)
2020-04-10 06:16:29.723 15 RALLYDEBUG rally_openstack.cleanup.manager [-] Deleting neutron.network object s_rally_2374fd48_Yf0SVJm9 (811e44e2-0f63-420d-8cd7-9d3a8d163303)
2020-04-10 06:16:29.746 15 RALLYDEBUG rally_openstack.cleanup.manager [-] Deleting neutron.network object s_rally_2374fd48_CiFGRG80 (868c2c71-7efe-415b-9733-2ce552d51260)
2020-04-10 06:16:29.761 15 RALLYDEBUG rally_openstack.cleanup.manager [-] Deleting neutron.network object s_rally_2374fd48_tHMMbzZo (87836c21-bba9-4cc3-b821-a2a764a807d5)
2020-04-10 06:16:29.766 15 RALLYDEBUG rally_openstack.cleanup.manager [-] Deleting neutron.network object s_rally_2374fd48_eXqcOD65 (8ae27ad9-3787-4075-8311-1e3000cad066)
2020-04-10 06:16:29.777 15 RALLYDEBUG rally_openstack.cleanup.manager [-] Deleting neutron.network object s_rally_2374fd48_H9GpOPbv (8ba89dc3-8a27-4878-b3b0-7611ef3cf8aa)
2020-04-10 06:16:29.816 15 RALLYDEBUG rally_openstack.cleanup.manager [-] Deleting neutron.network object s_rally_2374fd48_iyYP1OGz (8b3750f9-b69c-432e-8994-c81aa42b7f24)
2020-04-10 06:16:29.817 15 RALLYDEBUG rally_openstack.cleanup.manager [-] Deleting neutron.network object s_rally_2374fd48_rZoPZZ6M (80ee4377-c67f-4463-9d0b-7e4de29a12b7)
2020-04-10 06:16:31.816 15 RALLYDEBUG rally_openstack.cleanup.manager [-] Deleting neutron.network object s_rally_2374fd48_BkcEs0vy (942d2dee-2d57-4719-ac8d-698fe4d1dac5)
2020-04-10 06:16:31.929 15 RALLYDEBUG rally_openstack.cleanup.manager [-] Deleting neutron.network object s_rally_2374fd48_yFhkZkC1 (9656674b-3d46-430b-8882-7fda26a35237)
2020-04-10 06:16:32.084 15 RALLYDEBUG rally_openstack.cleanup.manager [-] Deleting neutron.network object s_rally_2374fd48_ESTHip6P (9dd1a4b1-fdb4-4aa0-a357-68a9eb2cf0ae)
2020-04-10 06:16:32.157 15 RALLYDEBUG rally_openstack.cleanup.manager [-] Deleting neutron.network object s_rally_2374fd48_qJV7q6CA (a5475038-04cd-487c-a3e2-4f65017c356c)
2020-04-10 06:16:32.398 15 RALLYDEBUG rally_openstack.cleanup.manager [-] Deleting neutron.network object s_rally_2374fd48_SiFPZiAg (ab745deb-3f5a-42e6-a05d-cd2b02b86803)
2020-04-10 06:16:32.821 15 RALLYDEBUG rally_openstack.cleanup.manager [-] Deleting neutron.network object s_rally_2374fd48_uopk58lp (ac1cfc95-b038-47a4-bad5-8b1afc59d13a)
2020-04-10 06:16:32.999 15 RALLYDEBUG rally_openstack.cleanup.manager [-] Deleting neutron.network object s_rally_2374fd48_LGM0TjDG (b89b4d07-98bd-4784-a43c-2d8c206f8231)
2020-04-10 06:16:33.012 15 RALLYDEBUG rally_openstack.cleanup.manager [-] Deleting neutron.network object s_rally_2374fd48_EH7ogfkJ (ba8a4d96-50bc-4b39-ba8c-795ab94b3e4d)
2020-04-10 06:16:33.513 15 RALLYDEBUG rally_openstack.cleanup.manager [-] Deleting neutron.network object s_rally_2374fd48_czxeMmxP (c4d9b88d-ad68-4129-8fdc-f4d2da2a3f4a)
2020-04-10 06:16:33.941 15 RALLYDEBUG rally_openstack.cleanup.manager [-] Deleting neutron.network object s_rally_2374fd48_2RF7qFk6 (cb29cc95-07e1-4087-81ee-e1ab1d415fc6)
2020-04-10 06:16:34.285 15 RALLYDEBUG rally_openstack.cleanup.manager [-] Deleting neutron.network object s_rally_2374fd48_hSOKdpjX (d11588ee-9693-40e9-8aac-377b1fa42a17)
2020-04-10 06:16:34.320 15 RALLYDEBUG rally_openstack.cleanup.manager [-] Deleting neutron.network object s_rally_2374fd48_vxw0to2R (d33042b3-f66a-4a7e-a3a0-b30cf1db6df0)
2020-04-10 06:16:34.435 15 RALLYDEBUG rally_openstack.cleanup.manager [-] Deleting neutron.network object s_rally_2374fd48_8l9Wb90o (d7d4a688-b79d-4184-a29e-5fc10d55d810)
2020-04-10 06:16:34.980 15 RALLYDEBUG rally_openstack.cleanup.manager [-] Deleting neutron.network object s_rally_2374fd48_hwSzNGJm (dc35d654-9d3a-437e-a608-5a87cf1976e2)
2020-04-10 06:16:35.200 15 RALLYDEBUG rally_openstack.cleanup.manager [-] Deleting neutron.network object s_rally_2374fd48_AKGOVcRT (e117a329-9d54-4961-b1af-5d3b27a904fd)
2020-04-10 06:16:35.259 15 RALLYDEBUG rally_openstack.cleanup.manager [-] Deleting neutron.network object s_rally_2374fd48_2D9s2iLP (e5c25875-8362-4471-83f0-e0513faf7f67)
2020-04-10 06:16:35.751 15 RALLYDEBUG rally_openstack.cleanup.manager [-] Deleting neutron.network object s_rally_2374fd48_PxFL1ZBU (f0f5f04c-c1a2-46bc-b90d-271db68d091b)
2020-04-10 06:16:35.899 15 RALLYDEBUG rally_openstack.cleanup.manager [-] Deleting neutron.network object s_rally_2374fd48_u8y3tRiE (f6aa18e1-e71c-419d-b6b7-5b703bed3dec)
2020-04-10 06:16:36.200 15 RALLYDEBUG rally_openstack.cleanup.manager [-] Deleting neutron.network object s_rally_2374fd48_pnjNGYKB (f7261322-e962-4523-bd47-25bd7eb7b442)
2020-04-10 06:16:36.225 15 RALLYDEBUG rally_openstack.cleanup.manager [-] Deleting neutron.network object s_rally_2374fd48_hPBp9kIa (f8735120-87b6-4ee8-97bf-bf69e04272c6)
2020-04-10 06:16:39.399 15 RALLYDEBUG rally_openstack.cleanup.manager [-] Cleaning up neutron router objects
2020-04-10 06:16:39.793 15 RALLYDEBUG rally_openstack.cleanup.manager [-] Cleaning up neutron security_group objects
2020-04-10 06:16:40.002 15 INFO rally.task.context [-] Task e6d8596e-ab08-49ee-bc47-31c142205d9c | Context cleanup@openstack cleanup() finished in 12.70 sec
2020-04-10 06:16:40.003 15 INFO rally.task.context [-] Task e6d8596e-ab08-49ee-bc47-31c142205d9c | Context quotas@openstack cleanup() started
2020-04-10 06:16:40.036 15 INFO rally.task.context [-] Task e6d8596e-ab08-49ee-bc47-31c142205d9c | Context quotas@openstack cleanup() finished in 32.67 msec
2020-04-10 06:16:40.036 15 INFO rally.task.context [-] Task e6d8596e-ab08-49ee-bc47-31c142205d9c | Context users@openstack cleanup() started
2020-04-10 06:16:40.309 15 WARNING rally.common.logging [-] `iterate_per_tenants()' is deprecated in v3.0.0: it is openstack specific.. Used at
2020-04-10 06:16:41.354 15 INFO rally.task.context [-] Task e6d8596e-ab08-49ee-bc47-31c142205d9c | Context users@openstack cleanup() finished in 1.32 sec
2020-04-10 06:16:42.210 15 INFO rally.task.engine [-] Load duration is: 43.943023
2020-04-10 06:16:42.211 15 INFO rally.task.engine [-] Full runner duration is: 43.987511
2020-04-10 06:16:42.211 15 INFO rally.task.engine [-] Full duration is: 59.447543
2020-04-10 06:16:42.312 15 INFO rally.task.engine [-] Running workload: position = 0 config = { "version": 2, "title": "A cropped version of a bigger task.", "description": "Auto-generated task from a single workload (uuid=d2f136fd-ddc3-48e4-a9c8-7ce13803d2b3)", "subtasks": [ { "title": "NeutronNetworks.create_and_list_routers", "description": "Create and a given number of routers and list all routers.", "scenario": { "NeutronNetworks.create_and_list_routers": { "network_create_args": null, "subnet_create_args": null, "subnet_cidr_start": "1.1.0.0/30", "subnets_per_network": 2, "router_create_args": null } }, "contexts": { "users": { "tenants": 1, "users_per_tenant": 1 }, "quotas": { "neutron": { "network": -1, "subnet": -1, "router": -1 } } }, "runner": { "constant": { "times": 40, "concurrency": 20 } }, "hooks": [], "sla": { "failure_rate": { "max": 0 } } } ] }
2020-04-10 06:16:42.333 15 RALLYDEBUG rally_openstack.contexts.keystone.users [-] Creating 1 tenants using 1 threads
2020-04-10 06:16:42.796 15 RALLYDEBUG rally_openstack.contexts.keystone.users [-] Creating 1 users using 1 threads
2020-04-10 06:16:43.414 15 INFO rally.task.context [-] Task e6d8596e-ab08-49ee-bc47-31c142205d9c | Context users@openstack setup() finished in 1.08 sec
2020-04-10 06:16:43.624 15 INFO rally.task.context [-] Task e6d8596e-ab08-49ee-bc47-31c142205d9c | Context quotas@openstack setup() finished in 0.21 sec
2020-04-10 06:16:43.625 15 INFO rally.task.context [-] Task e6d8596e-ab08-49ee-bc47-31c142205d9c | Context cleanup@openstack setup() finished in 0.02 msec
2020-04-10 06:16:43.635 15 RALLYDEBUG rally.task.runner [-] Starting the constant runner (task UUID: e6d8596e-ab08-49ee-bc47-31c142205d9c). times: 40 concurrency: 20 timeout: 0 max_cpu_used: 88 processes_to_start: 20 concurrency_per_worker: 1 concurrency_overhead: 0
2020-04-10 06:16:43.648 2371 RALLYDEBUG rally.task.runner [-] Starting a worker. times: 40 duration: None concurrency: 1 timeout: 0 cls: method_name: run args: {"network_create_args": null, "subnet_create_args": null, "subnet_cidr_start": "1.1.0.0/30", "subnets_per_network": 2, "router_create_args": null}
2020-04-10 06:16:43.650 2372 RALLYDEBUG rally.task.runner [-] Starting a worker. times: 40 duration: None concurrency: 1 timeout: 0 cls: method_name: run args: {"network_create_args": null, "subnet_create_args": null, "subnet_cidr_start": "1.1.0.0/30", "subnets_per_network": 2, "router_create_args": null}
2020-04-10 06:16:43.652 2373 RALLYDEBUG rally.task.runner [-] Starting a worker. times: 40 duration: None concurrency: 1 timeout: 0 cls: method_name: run args: {"network_create_args": null, "subnet_create_args": null, "subnet_cidr_start": "1.1.0.0/30", "subnets_per_network": 2, "router_create_args": null}
2020-04-10 06:16:43.653 2371 INFO rally.task.runner [-] Task e6d8596e-ab08-49ee-bc47-31c142205d9c | ITER: 1 START
2020-04-10 06:16:43.655 2372 INFO rally.task.runner [-] Task e6d8596e-ab08-49ee-bc47-31c142205d9c | ITER: 2 START
2020-04-10 06:16:43.656 2374 RALLYDEBUG rally.task.runner [-] Starting a worker. times: 40 duration: None concurrency: 1 timeout: 0 cls: method_name: run args: {"network_create_args": null, "subnet_create_args": null, "subnet_cidr_start": "1.1.0.0/30", "subnets_per_network": 2, "router_create_args": null}
2020-04-10 06:16:43.657 2373 INFO rally.task.runner [-] Task e6d8596e-ab08-49ee-bc47-31c142205d9c | ITER: 3 START
2020-04-10 06:16:43.657 2377 RALLYDEBUG rally.task.runner [-] Starting a worker. times: 40 duration: None concurrency: 1 timeout: 0 cls: method_name: run args: {"network_create_args": null, "subnet_create_args": null, "subnet_cidr_start": "1.1.0.0/30", "subnets_per_network": 2, "router_create_args": null}
2020-04-10 06:16:43.661 2374 INFO rally.task.runner [-] Task e6d8596e-ab08-49ee-bc47-31c142205d9c | ITER: 4 START
2020-04-10 06:16:43.661 2382 RALLYDEBUG rally.task.runner [-] Starting a worker. times: 40 duration: None concurrency: 1 timeout: 0 cls: method_name: run args: {"network_create_args": null, "subnet_create_args": null, "subnet_cidr_start": "1.1.0.0/30", "subnets_per_network": 2, "router_create_args": null}
2020-04-10 06:16:43.662 2377 INFO rally.task.runner [-] Task e6d8596e-ab08-49ee-bc47-31c142205d9c | ITER: 5 START
2020-04-10 06:16:43.664 2383 RALLYDEBUG rally.task.runner [-] Starting a worker. times: 40 duration: None concurrency: 1 timeout: 0 cls: method_name: run args: {"network_create_args": null, "subnet_create_args": null, "subnet_cidr_start": "1.1.0.0/30", "subnets_per_network": 2, "router_create_args": null}
2020-04-10 06:16:43.665 2382 INFO rally.task.runner [-] Task e6d8596e-ab08-49ee-bc47-31c142205d9c | ITER: 6 START
2020-04-10 06:16:43.666 2388 RALLYDEBUG rally.task.runner [-] Starting a worker. times: 40 duration: None concurrency: 1 timeout: 0 cls: method_name: run args: {"network_create_args": null, "subnet_create_args": null, "subnet_cidr_start": "1.1.0.0/30", "subnets_per_network": 2, "router_create_args": null}
2020-04-10 06:16:43.669 2383 INFO rally.task.runner [-] Task e6d8596e-ab08-49ee-bc47-31c142205d9c | ITER: 7 START
2020-04-10 06:16:43.670 2391 RALLYDEBUG rally.task.runner [-] Starting a worker. times: 40 duration: None concurrency: 1 timeout: 0 cls: method_name: run args: {"network_create_args": null, "subnet_create_args": null, "subnet_cidr_start": "1.1.0.0/30", "subnets_per_network": 2, "router_create_args": null}
2020-04-10 06:16:43.670 2392 RALLYDEBUG rally.task.runner [-] Starting a worker. times: 40 duration: None concurrency: 1 timeout: 0 cls: method_name: run args: {"network_create_args": null, "subnet_create_args": null, "subnet_cidr_start": "1.1.0.0/30", "subnets_per_network": 2, "router_create_args": null}
2020-04-10 06:16:43.671 2388 INFO rally.task.runner [-] Task e6d8596e-ab08-49ee-bc47-31c142205d9c | ITER: 8 START
2020-04-10 06:16:43.674 2392 INFO rally.task.runner [-] Task e6d8596e-ab08-49ee-bc47-31c142205d9c | ITER: 10 START
2020-04-10 06:16:43.675 2391 INFO rally.task.runner [-] Task e6d8596e-ab08-49ee-bc47-31c142205d9c | ITER: 9 START
2020-04-10 06:16:43.675 2396 RALLYDEBUG rally.task.runner [-] Starting a worker. times: 40 duration: None concurrency: 1 timeout: 0 cls: method_name: run args: {"network_create_args": null, "subnet_create_args": null, "subnet_cidr_start": "1.1.0.0/30", "subnets_per_network": 2, "router_create_args": null}
2020-04-10 06:16:43.677 2400 RALLYDEBUG rally.task.runner [-] Starting a worker. times: 40 duration: None concurrency: 1 timeout: 0 cls: method_name: run args: {"network_create_args": null, "subnet_create_args": null, "subnet_cidr_start": "1.1.0.0/30", "subnets_per_network": 2, "router_create_args": null}
2020-04-10 06:16:43.680 2396 INFO rally.task.runner [-] Task e6d8596e-ab08-49ee-bc47-31c142205d9c | ITER: 11 START
2020-04-10 06:16:43.682 2400 INFO rally.task.runner [-] Task e6d8596e-ab08-49ee-bc47-31c142205d9c | ITER: 12 START
2020-04-10 06:16:43.681 2403 RALLYDEBUG rally.task.runner [-] Starting a worker. times: 40 duration: None concurrency: 1 timeout: 0 cls: method_name: run args: {"network_create_args": null, "subnet_create_args": null, "subnet_cidr_start": "1.1.0.0/30", "subnets_per_network": 2, "router_create_args": null}
2020-04-10 06:16:43.685 2406 RALLYDEBUG rally.task.runner [-] Starting a worker. times: 40 duration: None concurrency: 1 timeout: 0 cls: method_name: run args: {"network_create_args": null, "subnet_create_args": null, "subnet_cidr_start": "1.1.0.0/30", "subnets_per_network": 2, "router_create_args": null}
2020-04-10 06:16:43.686 2403 INFO rally.task.runner [-] Task e6d8596e-ab08-49ee-bc47-31c142205d9c | ITER: 13 START
2020-04-10 06:16:43.689 2409 RALLYDEBUG rally.task.runner [-] Starting a worker. times: 40 duration: None concurrency: 1 timeout: 0 cls: method_name: run args: {"network_create_args": null, "subnet_create_args": null, "subnet_cidr_start": "1.1.0.0/30", "subnets_per_network": 2, "router_create_args": null}
2020-04-10 06:16:43.690 2406 INFO rally.task.runner [-] Task e6d8596e-ab08-49ee-bc47-31c142205d9c | ITER: 14 START
2020-04-10 06:16:43.690 2412 RALLYDEBUG rally.task.runner [-] Starting a worker. times: 40 duration: None concurrency: 1 timeout: 0 cls: method_name: run args: {"network_create_args": null, "subnet_create_args": null, "subnet_cidr_start": "1.1.0.0/30", "subnets_per_network": 2, "router_create_args": null}
