2020-04-10 06:30:50.269 5253 ERROR rally.common.broker
Traceback (most recent call last):
2020-04-10 06:30:50.269 5253 ERROR rally.common.broker
File "/usr/lib/python3.7/site-packages/rally/common/broker.py", line 58, in _publisher
2020-04-10 06:30:50.269 5253 ERROR rally.common.broker publish(queue)
2020-04-10 06:30:50.269 5253 ERROR rally.common.broker
File "/usr/lib/python3.7/site-packages/rally_openstack/contexts/keystone/roles.py", line 91, in publish
2020-04-10 06:30:50.269 5253 ERROR rally.common.broker role = self._get_role_object(context_role)
2020-04-10 06:30:50.269 5253 ERROR rally.common.broker
File "/usr/lib/python3.7/site-packages/rally_openstack/contexts/keystone/roles.py", line 65, in _get_role_object
2020-04-10 06:30:50.269 5253 ERROR rally.common.broker "There is no role with name `%s`" % context_role)
2020-04-10 06:30:50.269 5253 ERROR rally.common.broker rally.exceptions.NotFoundException: The resource can not be found: There is no role with name `heat_stack_owner`
2020-04-10 06:30:50.269 5253 ERROR rally.common.broker
2020-04-10 06:30:50.278 5253 INFO rally.task.context [-] Task 175a8ac9-aa45-4fb0-9d0a-95feb04829a7 | Context roles@openstack setup() finished in 0.25 sec
2020-04-10 06:30:50.279 5253 INFO rally.task.context [-] Task 175a8ac9-aa45-4fb0-9d0a-95feb04829a7 | Context cleanup@openstack setup() finished in 0.01 msec
2020-04-10 06:30:50.287 5253 RALLYDEBUG rally.task.runner [-] Starting the constant runner (task UUID: 175a8ac9-aa45-4fb0-9d0a-95feb04829a7). times: 10 concurrency: 4 timeout: 0 max_cpu_used: 88 processes_to_start: 4 concurrency_per_worker: 1 concurrency_overhead: 0
2020-04-10 06:30:50.299 6364 RALLYDEBUG rally.task.runner [-] Starting a worker. times: 10 duration: None concurrency: 1 timeout: 0 cls: method_name: run args: {"template_path": "heat_template_version: 2013-05-23\n\nparameters:\n # set all correct defaults for parameters before launch test\n image:\n type: string\n default: cirros-0.4.0-x86_64-uec\n flavor:\n type: string\n default: m1.tiny\n availability_zone:\n type: string\n description: The Availability Zone to launch the instance.\n default: nova\n volume_size:\n type: number\n description: Size of the volume to be created.\n default: 1\n constraints:\n - range: { min: 1, max: 1024 }\n description: must be between 1 and 1024 Gb.\n network_id:\n type: string\n\nresources:\n server:\n type: OS::Nova::Server\n properties:\n image: {get_param: image}\n flavor: {get_param: flavor}\n networks:\n - network: { get_param: network_id }\n cinder_volume:\n type: OS::Cinder::Volume\n properties:\n size: { get_param: volume_size }\n availability_zone: { get_param: availability_zone }\n volume_attachment:\n type: OS::Cinder::VolumeAttachment\n properties:\n volume_id: { get_resource: cinder_volume }\n instance_uuid: { get_resource: server}\n mountpoint: /dev/vdc\n", "parameters": {"image": "rally_full_cntt-img_20ab9b1c-36ec-46fa-8e46-0f8a8890db19", "flavor": "rally_full_cntt-flavor_20ab9b1c-36ec-46fa-8e46-0f8a8890db19", "network_id": "4a9576c5-6ae6-493c-9563-8d655bcea3b2"}}
2020-04-10 06:30:50.303 6365 RALLYDEBUG rally.task.runner [-] Starting a worker. times: 10 duration: None concurrency: 1 timeout: 0 cls: method_name: run args: {"template_path": "heat_template_version: 2013-05-23\n\nparameters:\n # set all correct defaults for parameters before launch test\n image:\n type: string\n default: cirros-0.4.0-x86_64-uec\n flavor:\n type: string\n default: m1.tiny\n availability_zone:\n type: string\n description: The Availability Zone to launch the instance.\n default: nova\n volume_size:\n type: number\n description: Size of the volume to be created.\n default: 1\n constraints:\n - range: { min: 1, max: 1024 }\n description: must be between 1 and 1024 Gb.\n network_id:\n type: string\n\nresources:\n server:\n type: OS::Nova::Server\n properties:\n image: {get_param: image}\n flavor: {get_param: flavor}\n networks:\n - network: { get_param: network_id }\n cinder_volume:\n type: OS::Cinder::Volume\n properties:\n size: { get_param: volume_size }\n availability_zone: { get_param: availability_zone }\n volume_attachment:\n type: OS::Cinder::VolumeAttachment\n properties:\n volume_id: { get_resource: cinder_volume }\n instance_uuid: { get_resource: server}\n mountpoint: /dev/vdc\n", "parameters": {"image": "rally_full_cntt-img_20ab9b1c-36ec-46fa-8e46-0f8a8890db19", "flavor": "rally_full_cntt-flavor_20ab9b1c-36ec-46fa-8e46-0f8a8890db19", "network_id": "4a9576c5-6ae6-493c-9563-8d655bcea3b2"}}
2020-04-10 06:30:50.305 6364 INFO rally.task.runner [-] Task 175a8ac9-aa45-4fb0-9d0a-95feb04829a7 | ITER: 1 START
2020-04-10 06:30:50.305 6366 RALLYDEBUG rally.task.runner [-] Starting a worker. times: 10 duration: None concurrency: 1 timeout: 0 cls: method_name: run args: {"template_path": "heat_template_version: 2013-05-23\n\nparameters:\n # set all correct defaults for parameters before launch test\n image:\n type: string\n default: cirros-0.4.0-x86_64-uec\n flavor:\n type: string\n default: m1.tiny\n availability_zone:\n type: string\n description: The Availability Zone to launch the instance.\n default: nova\n volume_size:\n type: number\n description: Size of the volume to be created.\n default: 1\n constraints:\n - range: { min: 1, max: 1024 }\n description: must be between 1 and 1024 Gb.\n network_id:\n type: string\n\nresources:\n server:\n type: OS::Nova::Server\n properties:\n image: {get_param: image}\n flavor: {get_param: flavor}\n networks:\n - network: { get_param: network_id }\n cinder_volume:\n type: OS::Cinder::Volume\n properties:\n size: { get_param: volume_size }\n availability_zone: { get_param: availability_zone }\n volume_attachment:\n type: OS::Cinder::VolumeAttachment\n properties:\n volume_id: { get_resource: cinder_volume }\n instance_uuid: { get_resource: server}\n mountpoint: /dev/vdc\n", "parameters": {"image": "rally_full_cntt-img_20ab9b1c-36ec-46fa-8e46-0f8a8890db19", "flavor": "rally_full_cntt-flavor_20ab9b1c-36ec-46fa-8e46-0f8a8890db19", "network_id": "4a9576c5-6ae6-493c-9563-8d655bcea3b2"}}
2020-04-10 06:30:50.306 6367 RALLYDEBUG rally.task.runner [-] Starting a worker. times: 10 duration: None concurrency: 1 timeout: 0 cls: method_name: run args: {"template_path": "heat_template_version: 2013-05-23\n\nparameters:\n # set all correct defaults for parameters before launch test\n image:\n type: string\n default: cirros-0.4.0-x86_64-uec\n flavor:\n type: string\n default: m1.tiny\n availability_zone:\n type: string\n description: The Availability Zone to launch the instance.\n default: nova\n volume_size:\n type: number\n description: Size of the volume to be created.\n default: 1\n constraints:\n - range: { min: 1, max: 1024 }\n description: must be between 1 and 1024 Gb.\n network_id:\n type: string\n\nresources:\n server:\n type: OS::Nova::Server\n properties:\n image: {get_param: image}\n flavor: {get_param: flavor}\n networks:\n - network: { get_param: network_id }\n cinder_volume:\n type: OS::Cinder::Volume\n properties:\n size: { get_param: volume_size }\n availability_zone: { get_param: availability_zone }\n volume_attachment:\n type: OS::Cinder::VolumeAttachment\n properties:\n volume_id: { get_resource: cinder_volume }\n instance_uuid: { get_resource: server}\n mountpoint: /dev/vdc\n", "parameters": {"image": "rally_full_cntt-img_20ab9b1c-36ec-46fa-8e46-0f8a8890db19", "flavor": "rally_full_cntt-flavor_20ab9b1c-36ec-46fa-8e46-0f8a8890db19", "network_id": "4a9576c5-6ae6-493c-9563-8d655bcea3b2"}}
2020-04-10 06:30:50.310 6365 INFO rally.task.runner [-] Task 175a8ac9-aa45-4fb0-9d0a-95feb04829a7 | ITER: 2 START
2020-04-10 06:30:50.310 6367 INFO rally.task.runner [-] Task 175a8ac9-aa45-4fb0-9d0a-95feb04829a7 | ITER: 4 START
2020-04-10 06:30:50.311 6366 INFO rally.task.runner [-] Task 175a8ac9-aa45-4fb0-9d0a-95feb04829a7 | ITER: 3 START
2020-04-10 06:31:10.347 6367 RALLYDEBUG rally.task.utils [-] Waiting for resource . Status changed: CREATE_IN_PROGRESS => CREATE_COMPLETE in 16.5298490524292
2020-04-10 06:31:10.568 6367 RALLYDEBUG rally.task.utils [-] Waiting for resource . Status changed: CREATE_COMPLETE => DELETE_IN_PROGRESS in 0.08700323104858398
2020-04-10 06:31:11.265 6364 RALLYDEBUG rally.task.utils [-] Waiting for resource . Status changed: CREATE_IN_PROGRESS => CREATE_COMPLETE in 17.54766869544983
2020-04-10 06:31:11.359 6365 RALLYDEBUG rally.task.utils [-] Waiting for resource . Status changed: CREATE_IN_PROGRESS => CREATE_COMPLETE in 17.541364908218384
2020-04-10 06:31:11.438 6364 RALLYDEBUG rally.task.utils [-] Waiting for resource . Status changed: CREATE_COMPLETE => DELETE_IN_PROGRESS in 0.08230900764465332
2020-04-10 06:31:11.478 6366 RALLYDEBUG rally.task.utils [-] Waiting for resource . Status changed: CREATE_IN_PROGRESS => CREATE_COMPLETE in 17.49122905731201
2020-04-10 06:31:11.525 6365 RALLYDEBUG rally.task.utils [-] Waiting for resource . Status changed: CREATE_COMPLETE => DELETE_IN_PROGRESS in 0.0845499038696289
2020-04-10 06:31:11.693 6366 RALLYDEBUG rally.task.utils [-] Waiting for resource . Status changed: CREATE_COMPLETE => DELETE_IN_PROGRESS in 0.08279228210449219
2020-04-10 06:31:17.104 6367 INFO rally.task.runner [-] Task 175a8ac9-aa45-4fb0-9d0a-95feb04829a7 | ITER: 4 END: OK
2020-04-10 06:31:17.113 6367 INFO rally.task.runner [-] Task 175a8ac9-aa45-4fb0-9d0a-95feb04829a7 | ITER: 5 START
2020-04-10 06:31:19.131 6365 INFO rally.task.runner [-] Task 175a8ac9-aa45-4fb0-9d0a-95feb04829a7 | ITER: 2 END: OK
2020-04-10 06:31:19.140 6365 INFO rally.task.runner [-] Task 175a8ac9-aa45-4fb0-9d0a-95feb04829a7 | ITER: 6 START
2020-04-10 06:31:19.347 6366 INFO rally.task.runner [-] Task 175a8ac9-aa45-4fb0-9d0a-95feb04829a7 | ITER: 3 END: OK
2020-04-10 06:31:19.355 6366 INFO rally.task.runner [-] Task 175a8ac9-aa45-4fb0-9d0a-95feb04829a7 | ITER: 7 START
2020-04-10 06:31:20.129 6364 INFO rally.task.runner [-] Task 175a8ac9-aa45-4fb0-9d0a-95feb04829a7 | ITER: 1 END: OK
2020-04-10 06:31:20.136 6364 INFO rally.task.runner [-] Task 175a8ac9-aa45-4fb0-9d0a-95feb04829a7 | ITER: 8 START
2020-04-10 06:31:37.080 6366 RALLYDEBUG rally.task.utils [-] Waiting for resource . Status changed: CREATE_IN_PROGRESS => CREATE_COMPLETE in 14.277183532714844
2020-04-10 06:31:37.250 6366 RALLYDEBUG rally.task.utils [-] Waiting for resource . Status changed: CREATE_COMPLETE => DELETE_IN_PROGRESS in 0.08546590805053711
2020-04-10 06:31:37.827 6367 RALLYDEBUG rally.task.utils [-] Waiting for resource . Status changed: CREATE_IN_PROGRESS => CREATE_COMPLETE in 17.619972705841064
2020-04-10 06:31:37.998 6367 RALLYDEBUG rally.task.utils [-] Waiting for resource . Status changed: CREATE_COMPLETE => DELETE_IN_PROGRESS in 0.0873560905456543
2020-04-10 06:31:41.189 6364 RALLYDEBUG rally.task.utils [-] Waiting for resource . Status changed: CREATE_IN_PROGRESS => CREATE_COMPLETE in 17.626540899276733
2020-04-10 06:31:41.361 6364 RALLYDEBUG rally.task.utils [-] Waiting for resource . Status changed: CREATE_COMPLETE => DELETE_IN_PROGRESS in 0.08743476867675781
2020-04-10 06:31:42.417 6365 RALLYDEBUG rally.task.utils [-] Waiting for resource . Status changed: CREATE_IN_PROGRESS => CREATE_COMPLETE in 19.72111463546753
2020-04-10 06:31:42.590 6365 RALLYDEBUG rally.task.utils [-] Waiting for resource . Status changed: CREATE_COMPLETE => DELETE_IN_PROGRESS in 0.08779048919677734
2020-04-10 06:31:44.877 6366 INFO rally.task.runner [-] Task 175a8ac9-aa45-4fb0-9d0a-95feb04829a7 | ITER: 7 END: OK
2020-04-10 06:31:44.882 6366 INFO rally.task.runner [-] Task 175a8ac9-aa45-4fb0-9d0a-95feb04829a7 | ITER: 9 START
2020-04-10 06:31:46.679 6367 INFO rally.task.runner [-] Task 175a8ac9-aa45-4fb0-9d0a-95feb04829a7 | ITER: 5 END: OK
2020-04-10 06:31:46.684 6367 INFO rally.task.runner [-] Task 175a8ac9-aa45-4fb0-9d0a-95feb04829a7 | ITER: 10 START
2020-04-10 06:31:47.881 6364 INFO rally.task.runner [-] Task 175a8ac9-aa45-4fb0-9d0a-95feb04829a7 | ITER: 8 END: OK
2020-04-10 06:31:49.098 6365 INFO rally.task.runner [-] Task 175a8ac9-aa45-4fb0-9d0a-95feb04829a7 | ITER: 6 END: OK
2020-04-10 06:32:03.447 6366 RALLYDEBUG rally.task.utils [-] Waiting for resource . Status changed: CREATE_IN_PROGRESS => CREATE_COMPLETE in 15.3574800491333
2020-04-10 06:32:03.619 6366 RALLYDEBUG rally.task.utils [-] Waiting for resource . Status changed: CREATE_COMPLETE => DELETE_IN_PROGRESS in 0.08737897872924805
2020-04-10 06:32:04.390 6367 RALLYDEBUG rally.task.utils [-] Waiting for resource . Status changed: CREATE_IN_PROGRESS => CREATE_COMPLETE in 14.233134508132935
2020-04-10 06:32:04.605 6367 RALLYDEBUG rally.task.utils [-] Waiting for resource . Status changed: CREATE_COMPLETE => DELETE_IN_PROGRESS in 0.08413386344909668
2020-04-10 06:32:10.120 6366 INFO rally.task.runner [-] Task 175a8ac9-aa45-4fb0-9d0a-95feb04829a7 | ITER: 9 END: OK
2020-04-10 06:32:13.301 6367 INFO rally.task.runner [-] Task 175a8ac9-aa45-4fb0-9d0a-95feb04829a7 | ITER: 10 END: OK
2020-04-10 06:32:13.323 5253 INFO rally.task.context [-] Task 175a8ac9-aa45-4fb0-9d0a-95feb04829a7 | Context cleanup@openstack cleanup() started
2020-04-10 06:32:13.330 5253 RALLYDEBUG rally_openstack.cleanup.manager [-] Cleaning up heat stacks objects
2020-04-10 06:32:14.098 5253 INFO rally.task.context [-] Task 175a8ac9-aa45-4fb0-9d0a-95feb04829a7 | Context cleanup@openstack cleanup() finished in 0.77 sec
2020-04-10 06:32:14.098 5253 INFO rally.task.context [-] Task 175a8ac9-aa45-4fb0-9d0a-95feb04829a7 | Context roles@openstack cleanup() started
2020-04-10 06:32:14.107 5253 INFO rally.task.context [-] Task 175a8ac9-aa45-4fb0-9d0a-95feb04829a7 | Context roles@openstack cleanup() finished in 9.11 msec
2020-04-10 06:32:14.108 5253 INFO rally.task.context [-] Task 175a8ac9-aa45-4fb0-9d0a-95feb04829a7 | Context users@openstack cleanup() started
2020-04-10 06:32:14.324 5253 WARNING rally.common.logging [-] `iterate_per_tenants()' is deprecated in v3.0.0: it is openstack specific.. Used at
2020-04-10 06:32:17.939 5253 INFO rally.task.context [-] Task 175a8ac9-aa45-4fb0-9d0a-95feb04829a7 | Context users@openstack cleanup() finished in 3.83 sec
2020-04-10 06:32:18.970 5253 INFO rally.task.engine [-] Load duration is: 80.994258
2020-04-10 06:32:18.971 5253 INFO rally.task.engine [-] Full runner duration is: 83.035812
2020-04-10 06:32:18.971 5253 INFO rally.task.engine [-] Full duration is: 89.405394
2020-04-10 06:32:19.052 5253 INFO rally.task.engine [-] Running workload: position = 0 config = { "version": 2, "title": "A cropped version of a bigger task.", "description": "Auto-generated task from a single workload (uuid=ef4ee3da-caef-4a08-b1a5-b7ff7c251472)", "subtasks": [ { "title": "HeatStacks.create_and_list_stack", "description": "Create a stack and then list all stacks.", "scenario": { "HeatStacks.create_and_list_stack": { "template_path": "/usr/lib/python3.7/site-packages/functest/opnfv_tests/openstack/rally/scenario/templates/default.yaml.template" } }, "contexts": { "users": { "tenants": 3, "users_per_tenant": 2 }, "roles": [ "heat_stack_owner" ] }, "runner": { "constant": { "concurrency": 4, "times": 10 } }, "hooks": [], "sla": { "failure_rate": { "max": 0 } } } ] }
2020-04-10 06:32:19.068 5253 RALLYDEBUG rally_openstack.contexts.keystone.users [-] Creating 3 tenants using 3 threads
2020-04-10 06:32:19.586 5253 RALLYDEBUG rally_openstack.contexts.keystone.users [-] Creating 6 users using 6 threads
2020-04-10 06:32:20.487 5253 INFO rally.task.context [-] Task 175a8ac9-aa45-4fb0-9d0a-95feb04829a7 | Context users@openstack setup() finished in 1.42 sec
2020-04-10 06:32:20.786 5253 ERROR rally.common.broker [-] Failed to publish a task to the queue: rally.exceptions.NotFoundException: The resource can not be found: There is no role with name `heat_stack_owner`
2020-04-10 06:32:20.786 5253 ERROR rally.common.broker
Traceback (most recent call last):
2020-04-10 06:32:20.786 5253 ERROR rally.common.broker
File "/usr/lib/python3.7/site-packages/rally/common/broker.py", line 58, in _publisher
2020-04-10 06:32:20.786 5253 ERROR rally.common.broker publish(queue)
2020-04-10 06:32:20.786 5253 ERROR rally.common.broker
File "/usr/lib/python3.7/site-packages/rally_openstack/contexts/keystone/roles.py", line 91, in publish
2020-04-10 06:32:20.786 5253 ERROR rally.common.broker role = self._get_role_object(context_role)
2020-04-10 06:32:20.786 5253 ERROR rally.common.broker
File "/usr/lib/python3.7/site-packages/rally_openstack/contexts/keystone/roles.py", line 65, in _get_role_object
2020-04-10 06:32:20.786 5253 ERROR rally.common.broker "There is no role with name `%s`" % context_role)
2020-04-10 06:32:20.786 5253 ERROR rally.common.broker rally.exceptions.NotFoundException: The resource can not be found: There is no role with name `heat_stack_owner`
2020-04-10 06:32:20.786 5253 ERROR rally.common.broker
2020-04-10 06:32:20.796 5253 INFO rally.task.context [-] Task 175a8ac9-aa45-4fb0-9d0a-95feb04829a7 | Context roles@openstack setup() finished in 0.31 sec
2020-04-10 06:32:20.797 5253 INFO rally.task.context [-] Task 175a8ac9-aa45-4fb0-9d0a-95feb04829a7 | Context cleanup@openstack setup() finished in 0.02 msec
2020-04-10 06:32:20.805 5253 RALLYDEBUG rally.task.runner [-] Starting the constant runner (task UUID: 175a8ac9-aa45-4fb0-9d0a-95feb04829a7). times: 10 concurrency: 4 timeout: 0 max_cpu_used: 88 processes_to_start: 4 concurrency_per_worker: 1 concurrency_overhead: 0
2020-04-10 06:32:20.816 6517 RALLYDEBUG rally.task.runner [-] Starting a worker. times: 10 duration: None concurrency: 1 timeout: 0 cls: method_name: run args: {"template_path": "heat_template_version: 2014-10-16"}
2020-04-10 06:32:20.819 6518 RALLYDEBUG rally.task.runner [-] Starting a worker. times: 10 duration: None concurrency: 1 timeout: 0 cls: method_name: run args: {"template_path": "heat_template_version: 2014-10-16"}
2020-04-10 06:32:20.821 6519 RALLYDEBUG rally.task.runner [-] Starting a worker. times: 10 duration: None concurrency: 1 timeout: 0 cls: method_name: run args: {"template_path": "heat_template_version: 2014-10-16"}
2020-04-10 06:32:20.822 6517 INFO rally.task.runner [-] Task 175a8ac9-aa45-4fb0-9d0a-95feb04829a7 | ITER: 1 START
2020-04-10 06:32:20.824 6520 RALLYDEBUG rally.task.runner [-] Starting a worker. times: 10 duration: None concurrency: 1 timeout: 0 cls: method_name: run args: {"template_path": "heat_template_version: 2014-10-16"}
2020-04-10 06:32:20.826 6518 INFO rally.task.runner [-] Task 175a8ac9-aa45-4fb0-9d0a-95feb04829a7 | ITER: 2 START
2020-04-10 06:32:20.827 6519 INFO rally.task.runner [-] Task 175a8ac9-aa45-4fb0-9d0a-95feb04829a7 | ITER: 3 START
2020-04-10 06:32:20.830 6520 INFO rally.task.runner [-] Task 175a8ac9-aa45-4fb0-9d0a-95feb04829a7 | ITER: 4 START
2020-04-10 06:32:23.654 6517 INFO rally.task.runner [-] Task 175a8ac9-aa45-4fb0-9d0a-95feb04829a7 | ITER: 1 END: OK
2020-04-10 06:32:23.660 6517 INFO rally.task.runner [-] Task 175a8ac9-aa45-4fb0-9d0a-95feb04829a7 | ITER: 5 START
2020-04-10 06:32:23.719 6519 INFO rally.task.runner [-] Task 175a8ac9-aa45-4fb0-9d0a-95feb04829a7 | ITER: 3 END: OK
2020-04-10 06:32:23.724 6519 INFO rally.task.runner [-] Task 175a8ac9-aa45-4fb0-9d0a-95feb04829a7 | ITER: 6 START
2020-04-10 06:32:23.773 6518 INFO rally.task.runner [-] Task 175a8ac9-aa45-4fb0-9d0a-95feb04829a7 | ITER: 2 END: OK
2020-04-10 06:32:23.778 6518 INFO rally.task.runner [-] Task 175a8ac9-aa45-4fb0-9d0a-95feb04829a7 | ITER: 7 START
2020-04-10 06:32:23.816 6520 INFO rally.task.runner [-] Task 175a8ac9-aa45-4fb0-9d0a-95feb04829a7 | ITER: 4 END: OK
2020-04-10 06:32:23.821 6520 INFO rally.task.runner [-] Task 175a8ac9-aa45-4fb0-9d0a-95feb04829a7 | ITER: 8 START
2020-04-10 06:32:26.568 6520 INFO rally.task.runner [-] Task 175a8ac9-aa45-4fb0-9d0a-95feb04829a7 | ITER: 8 END: OK
2020-04-10 06:32:26.572 6520 INFO rally.task.runner [-] Task 175a8ac9-aa45-4fb0-9d0a-95feb04829a7 | ITER: 9 START
2020-04-10 06:32:26.657 6517 INFO rally.task.runner [-] Task 175a8ac9-aa45-4fb0-9d0a-95feb04829a7 | ITER: 5 END: OK
2020-04-10 06:32:26.662 6517 INFO rally.task.runner [-] Task 175a8ac9-aa45-4fb0-9d0a-95feb04829a7 | ITER: 10 START
2020-04-10 06:32:26.718 6519 INFO rally.task.runner [-] Task 175a8ac9-aa45-4fb0-9d0a-95feb04829a7 | ITER: 6 END: OK
2020-04-10 06:32:26.900 6518 INFO rally.task.runner [-] Task 175a8ac9-aa45-4fb0-9d0a-95feb04829a7 | ITER: 7 END: OK
2020-04-10 06:32:29.572 6520 INFO rally.task.runner [-] Task 175a8ac9-aa45-4fb0-9d0a-95feb04829a7 | ITER: 9 END: OK
2020-04-10 06:32:29.590 6517 INFO rally.task.runner [-] Task 175a8ac9-aa45-4fb0-9d0a-95feb04829a7 | ITER: 10 END: OK
2020-04-10 06:32:29.616 5253 INFO rally.task.context [-] Task 175a8ac9-aa45-4fb0-9d0a-95feb04829a7 | Context cleanup@openstack cleanup() started
2020-04-10 06:32:29.620 5253 RALLYDEBUG rally_openstack.cleanup.manager [-] Cleaning up heat stacks objects
2020-04-10 06:32:30.473 5253 RALLYDEBUG rally_openstack.cleanup.manager [-] Deleting heat.stacks object s_rally_ef4ee3da_BaUPSokM (97bc8ed2-a9b0-4d1f-8a5d-56e6e501e082)
2020-04-10 06:32:30.478 5253 RALLYDEBUG rally_openstack.cleanup.manager [-] Deleting heat.stacks object s_rally_ef4ee3da_ufyn3hhc (79480045-32ee-45f5-b7ae-d06ff96dac2a)
2020-04-10 06:32:30.491 5253 RALLYDEBUG rally_openstack.cleanup.manager [-] Deleting heat.stacks object s_rally_ef4ee3da_UqrmxcPT (5760ef23-871b-4460-83ae-26afd50b950c)
2020-04-10 06:32:30.497 5253 RALLYDEBUG rally_openstack.cleanup.manager [-] Deleting heat.stacks object s_rally_ef4ee3da_Yk4rQCeg (42692ea9-27bf-424f-8f30-9b1202071372)
2020-04-10 06:32:30.510 5253 RALLYDEBUG rally_openstack.cleanup.manager [-] Deleting heat.stacks object s_rally_ef4ee3da_NNHINAP8 (21751e43-5731-4f95-9169-7bbaabd03e28)
2020-04-10 06:32:30.519 5253 RALLYDEBUG rally_openstack.cleanup.manager [-] Deleting heat.stacks object s_rally_ef4ee3da_ZIH9SNQj (504050a5-0281-413e-b1d9-244519e6e11b)
2020-04-10 06:32:30.530 5253 RALLYDEBUG rally_openstack.cleanup.manager [-] Deleting heat.stacks object s_rally_ef4ee3da_rvnME5yO (54f4bc22-4065-4a7b-926c-8f653f2322b0)
2020-04-10 06:32:30.536 5253 RALLYDEBUG rally_openstack.cleanup.manager [-] Deleting heat.stacks object s_rally_ef4ee3da_CYDETaTH (4b2d9fb8-6f45-453f-ad65-8659bf1a6c9e)
2020-04-10 06:32:30.564 5253 RALLYDEBUG rally_openstack.cleanup.manager [-] Deleting heat.stacks object s_rally_ef4ee3da_ASkta1Wz (4a621d7a-5135-4e05-b3b4-a606185cb399)
2020-04-10 06:32:30.570 5253 RALLYDEBUG rally_openstack.cleanup.manager [-] Deleting heat.stacks object s_rally_ef4ee3da_SApG86yV (027bd56c-9206-4a0f-8644-4c3c9bdaa31e)
2020-04-10 06:32:32.333 5253 INFO rally.task.context [-] Task 175a8ac9-aa45-4fb0-9d0a-95feb04829a7 | Context cleanup@openstack cleanup() finished in 2.72 sec
2020-04-10 06:32:32.334 5253 INFO rally.task.context [-] Task 175a8ac9-aa45-4fb0-9d0a-95feb04829a7 | Context roles@openstack cleanup() started
2020-04-10 06:32:32.343 5253 INFO rally.task.context [-] Task 175a8ac9-aa45-4fb0-9d0a-95feb04829a7 | Context roles@openstack cleanup() finished in 9.16 msec
2020-04-10 06:32:32.344 5253 INFO rally.task.context [-] Task 175a8ac9-aa45-4fb0-9d0a-95feb04829a7 | Context users@openstack cleanup() started
2020-04-10 06:32:32.565 5253 WARNING rally.common.logging [-] `iterate_per_tenants()' is deprecated in v3.0.0: it is openstack specific.. Used at
2020-04-10 06:32:36.435 5253 INFO rally.task.context [-] Task 175a8ac9-aa45-4fb0-9d0a-95feb04829a7 | Context users@openstack cleanup() finished in 4.09 sec
2020-04-10 06:32:37.197 5253 INFO rally.task.engine [-] Load duration is: 6.76633
2020-04-10 06:32:37.198 5253 INFO rally.task.engine [-] Full runner duration is: 8.81123
2020-04-10 06:32:37.198 5253 INFO rally.task.engine [-] Full duration is: 17.367797
2020-04-10 06:32:37.290 5253 INFO rally.task.engine [-] Running workload: position = 0 config = { "version": 2, "title": "A cropped version of a bigger task.", "description": "Auto-generated task from a single workload (uuid=57d249a9-d1af-419c-89e3-8d0105fb2a34)", "subtasks": [ { "title": "HeatStacks.create_update_delete_stack", "description": "Create, update and then delete a stack.", "scenario": { "HeatStacks.create_update_delete_stack": { "template_path": "/usr/lib/python3.7/site-packages/functest/opnfv_tests/openstack/rally/scenario/templates/random_strings.yaml.template", "updated_template_path": "/usr/lib/python3.7/site-packages/functest/opnfv_tests/openstack/rally/scenario/templates/updated_random_strings_add.yaml.template" } }, "contexts": { "users": { "tenants": 3, "users_per_tenant": 2 }, "roles": [ "heat_stack_owner" ] }, "runner": { "constant": { "concurrency": 4, "times": 10 } }, "hooks": [], "sla": { "failure_rate": { "max": 0 } } } ] }
2020-04-10 06:32:37.304 5253 RALLYDEBUG rally_openstack.contexts.keystone.users [-] Creating 3 tenants using 3 threads
2020-04-10 06:32:37.801 5253 RALLYDEBUG rally_openstack.contexts.keystone.users [-] Creating 6 users using 6 threads
2020-04-10 06:32:38.847 5253 INFO rally.task.context [-] Task 175a8ac9-aa45-4fb0-9d0a-95feb04829a7 | Context users@openstack setup() finished in 1.54 sec
2020-04-10 06:32:39.070 5253 ERROR rally.common.broker [-] Failed to publish a task to the queue: rally.exceptions.NotFoundException: The resource can not be found: There is no role with name `heat_stack_owner`
2020-04-10 06:32:39.070 5253 ERROR rally.common.broker
Traceback (most recent call last):
2020-04-10 06:32:39.070 5253 ERROR rally.common.broker
File "/usr/lib/python3.7/site-packages/rally/common/broker.py", line 58, in _publisher
2020-04-10 06:32:39.070 5253 ERROR rally.common.broker publish(queue)
2020-04-10 06:32:39.070 5253 ERROR rally.common.broker
File "/usr/lib/python3.7/site-packages/rally_openstack/contexts/keystone/roles.py", line 91, in publish
2020-04-10 06:32:39.070 5253 ERROR rally.common.broker role = self._get_role_object(context_role)
2020-04-10 06:32:39.070 5253 ERROR rally.common.broker
File "/usr/lib/python3.7/site-packages/rally_openstack/contexts/keystone/roles.py", line 65, in _get_role_object
2020-04-10 06:32:39.070 5253 ERROR rally.common.broker "There is no role with name `%s`" % context_role)
2020-04-10 06:32:39.070 5253 ERROR rally.common.broker rally.exceptions.NotFoundException: The resource can not be found: There is no role with name `heat_stack_owner`
2020-04-10 06:32:39.070 5253 ERROR rally.common.broker
2020-04-10 06:32:39.084 5253 INFO rally.task.context [-] Task 175a8ac9-aa45-4fb0-9d0a-95feb04829a7 | Context roles@openstack setup() finished in 0.24 sec
2020-04-10 06:32:39.085 5253 INFO rally.task.context [-] Task 175a8ac9-aa45-4fb0-9d0a-95feb04829a7 | Context cleanup@openstack setup() finished in 0.02 msec
2020-04-10 06:32:39.098 5253 RALLYDEBUG rally.task.runner [-] Starting the constant runner (task UUID: 175a8ac9-aa45-4fb0-9d0a-95feb04829a7). times: 10 concurrency: 4 timeout: 0 max_cpu_used: 88 processes_to_start: 4 concurrency_per_worker: 1 concurrency_overhead: 0
2020-04-10 06:32:39.109 6670 RALLYDEBUG rally.task.runner [-] Starting a worker. times: 10 duration: None concurrency: 1 timeout: 0 cls: method_name: run args: {"template_path": "heat_template_version: 2014-10-16\n\ndescription: Test template for rally create-update-delete scenario\n\nresources:\n test_string_one:\n type: OS::Heat::RandomString\n properties:\n length: 20\n test_string_two:\n type: OS::Heat::RandomString\n properties:\n length: 20", "updated_template_path": "heat_template_version: 2014-10-16\n\ndescription: >\n Test template for create-update-delete-stack scenario in rally.\n The template updates the stack defined by random_strings.yaml.template with additional resource.\n\nresources:\n test_string_one:\n type: OS::Heat::RandomString\n properties:\n length: 20\n test_string_two:\n type: OS::Heat::RandomString\n properties:\n length: 20\n test_string_three:\n type: OS::Heat::RandomString\n properties:\n length: 20"}
2020-04-10 06:32:39.112 6671 RALLYDEBUG rally.task.runner [-] Starting a worker. times: 10 duration: None concurrency: 1 timeout: 0 cls: method_name: run args: {"template_path": "heat_template_version: 2014-10-16\n\ndescription: Test template for rally create-update-delete scenario\n\nresources:\n test_string_one:\n type: OS::Heat::RandomString\n properties:\n length: 20\n test_string_two:\n type: OS::Heat::RandomString\n properties:\n length: 20", "updated_template_path": "heat_template_version: 2014-10-16\n\ndescription: >\n Test template for create-update-delete-stack scenario in rally.\n The template updates the stack defined by random_strings.yaml.template with additional resource.\n\nresources:\n test_string_one:\n type: OS::Heat::RandomString\n properties:\n length: 20\n test_string_two:\n type: OS::Heat::RandomString\n properties:\n length: 20\n test_string_three:\n type: OS::Heat::RandomString\n properties:\n length: 20"}
2020-04-10 06:32:39.115 6672 RALLYDEBUG rally.task.runner [-] Starting a worker. times: 10 duration: None concurrency: 1 timeout: 0 cls: method_name: run args: {"template_path": "heat_template_version: 2014-10-16\n\ndescription: Test template for rally create-update-delete scenario\n\nresources:\n test_string_one:\n type: OS::Heat::RandomString\n properties:\n length: 20\n test_string_two:\n type: OS::Heat::RandomString\n properties:\n length: 20", "updated_template_path": "heat_template_version: 2014-10-16\n\ndescription: >\n Test template for create-update-delete-stack scenario in rally.\n The template updates the stack defined by random_strings.yaml.template with additional resource.\n\nresources:\n test_string_one:\n type: OS::Heat::RandomString\n properties:\n length: 20\n test_string_two:\n type: OS::Heat::RandomString\n properties:\n length: 20\n test_string_three:\n type: OS::Heat::RandomString\n properties:\n length: 20"}
2020-04-10 06:32:39.116 6670 INFO rally.task.runner [-] Task 175a8ac9-aa45-4fb0-9d0a-95feb04829a7 | ITER: 1 START
2020-04-10 06:32:39.117 6671 INFO rally.task.runner [-] Task 175a8ac9-aa45-4fb0-9d0a-95feb04829a7 | ITER: 2 START
2020-04-10 06:32:39.117 6673 RALLYDEBUG rally.task.runner [-] Starting a worker. times: 10 duration: None concurrency: 1 timeout: 0 cls: method_name: run args: {"template_path": "heat_template_version: 2014-10-16\n\ndescription: Test template for rally create-update-delete scenario\n\nresources:\n test_string_one:\n type: OS::Heat::RandomString\n properties:\n length: 20\n test_string_two:\n type: OS::Heat::RandomString\n properties:\n length: 20", "updated_template_path": "heat_template_version: 2014-10-16\n\ndescription: >\n Test template for create-update-delete-stack scenario in rally.\n The template updates the stack defined by random_strings.yaml.template with additional resource.\n\nresources:\n test_string_one:\n type: OS::Heat::RandomString\n properties:\n length: 20\n test_string_two:\n type: OS::Heat::RandomString\n properties:\n length: 20\n test_string_three:\n type: OS::Heat::RandomString\n properties:\n length: 20"}
2020-04-10 06:32:39.123 6672 INFO rally.task.runner [-] Task 175a8ac9-aa45-4fb0-9d0a-95feb04829a7 | ITER: 3 START
2020-04-10 06:32:39.123 6673 INFO rally.task.runner [-] Task 175a8ac9-aa45-4fb0-9d0a-95feb04829a7 | ITER: 4 START
2020-04-10 06:32:41.959 6673 RALLYDEBUG rally.task.utils [-] Waiting for resource . Status changed: CREATE_IN_PROGRESS => CREATE_COMPLETE in 0.08898258209228516
2020-04-10 06:32:41.992 6670 RALLYDEBUG rally.task.utils [-] Waiting for resource . Status changed: CREATE_IN_PROGRESS => CREATE_COMPLETE in 0.0828852653503418
2020-04-10 06:32:41.998 6672 RALLYDEBUG rally.task.utils [-] Waiting for resource . Status changed: CREATE_IN_PROGRESS => CREATE_COMPLETE in 0.09075093269348145
2020-04-10 06:32:41.999 6671 RALLYDEBUG rally.task.utils [-] Waiting for resource . Status changed: CREATE_IN_PROGRESS => CREATE_COMPLETE in 0.08437252044677734
2020-04-10 06:32:44.172 6673 RALLYDEBUG rally.task.utils [-] Waiting for resource . Status changed: CREATE_COMPLETE => UPDATE_IN_PROGRESS in 0.08916401863098145
2020-04-10 06:32:44.271 6672 RALLYDEBUG rally.task.utils [-] Waiting for resource . Status changed: CREATE_COMPLETE => UPDATE_IN_PROGRESS in 0.09479475021362305
2020-04-10 06:32:44.272 6670 RALLYDEBUG rally.task.utils [-] Waiting for resource . Status changed: CREATE_COMPLETE => UPDATE_IN_PROGRESS in 0.09442901611328125
2020-04-10 06:32:44.277 6671 RALLYDEBUG rally.task.utils [-] Waiting for resource . Status changed: CREATE_COMPLETE => UPDATE_IN_PROGRESS in 0.10314464569091797
2020-04-10 06:32:45.265 6673 RALLYDEBUG rally.task.utils [-] Waiting for resource . Status changed: UPDATE_IN_PROGRESS => UPDATE_COMPLETE in 1.0927729606628418
2020-04-10 06:32:45.372 6670 RALLYDEBUG rally.task.utils [-] Waiting for resource . Status changed: UPDATE_IN_PROGRESS => UPDATE_COMPLETE in 1.0994899272918701
2020-04-10 06:32:45.374 6672 RALLYDEBUG rally.task.utils [-] Waiting for resource . Status changed: UPDATE_IN_PROGRESS => UPDATE_COMPLETE in 1.1026976108551025
2020-04-10 06:32:45.375 6671 RALLYDEBUG rally.task.utils [-] Waiting for resource . Status changed: UPDATE_IN_PROGRESS => UPDATE_COMPLETE in 1.097320556640625
2020-04-10 06:32:45.458 6673 RALLYDEBUG rally.task.utils [-] Waiting for resource . Status changed: CREATE_COMPLETE => DELETE_IN_PROGRESS in 0.10262441635131836
2020-04-10 06:32:45.596 6671 RALLYDEBUG rally.task.utils [-] Waiting for resource . Status changed: CREATE_COMPLETE => DELETE_IN_PROGRESS in 0.08604621887207031
2020-04-10 06:32:45.598 6670 RALLYDEBUG rally.task.utils [-] Waiting for resource . Status changed: CREATE_COMPLETE => DELETE_IN_PROGRESS in 0.08548259735107422
2020-04-10 06:32:45.608 6672 RALLYDEBUG rally.task.utils [-] Waiting for resource . Status changed: CREATE_COMPLETE => DELETE_IN_PROGRESS in 0.09478497505187988
2020-04-10 06:32:47.636 6673 INFO rally.task.runner [-] Task 175a8ac9-aa45-4fb0-9d0a-95feb04829a7 | ITER: 4 END: OK
2020-04-10 06:32:47.640 6673 INFO rally.task.runner [-] Task 175a8ac9-aa45-4fb0-9d0a-95feb04829a7 | ITER: 5 START
2020-04-10 06:32:47.776 6671 INFO rally.task.runner [-] Task 175a8ac9-aa45-4fb0-9d0a-95feb04829a7 | ITER: 2 END: OK
2020-04-10 06:32:47.776 6670 INFO rally.task.runner [-] Task 175a8ac9-aa45-4fb0-9d0a-95feb04829a7 | ITER: 1 END: OK
2020-04-10 06:32:47.780 6670 INFO rally.task.runner [-] Task 175a8ac9-aa45-4fb0-9d0a-95feb04829a7 | ITER: 7 START
2020-04-10 06:32:47.780 6671 INFO rally.task.runner [-] Task 175a8ac9-aa45-4fb0-9d0a-95feb04829a7 | ITER: 6 START
2020-04-10 06:32:47.788 6672 INFO rally.task.runner [-] Task 175a8ac9-aa45-4fb0-9d0a-95feb04829a7 | ITER: 3 END: OK
2020-04-10 06:32:47.793 6672 INFO rally.task.runner [-] Task 175a8ac9-aa45-4fb0-9d0a-95feb04829a7 | ITER: 8 START
2020-04-10 06:32:50.799 6673 RALLYDEBUG rally.task.utils [-] Waiting for resource . Status changed: CREATE_IN_PROGRESS => CREATE_COMPLETE in 0.09317970275878906
2020-04-10 06:32:50.817 6670 RALLYDEBUG rally.task.utils [-] Waiting for resource . Status changed: CREATE_IN_PROGRESS => CREATE_COMPLETE in 0.09346723556518555
2020-04-10 06:32:50.874 6672 RALLYDEBUG rally.task.utils [-] Waiting for resource . Status changed: CREATE_IN_PROGRESS => CREATE_COMPLETE in 0.08797001838684082
2020-04-10 06:32:50.881 6671 RALLYDEBUG rally.task.utils [-] Waiting for resource . Status changed: CREATE_IN_PROGRESS => CREATE_COMPLETE in 0.08794617652893066
2020-04-10 06:32:53.095 6671 RALLYDEBUG rally.task.utils [-] Waiting for resource . Status changed: CREATE_COMPLETE => UPDATE_IN_PROGRESS in 0.08793401718139648
2020-04-10 06:32:53.209 6673 RALLYDEBUG rally.task.utils [-] Waiting for resource . Status changed: CREATE_COMPLETE => UPDATE_IN_PROGRESS in 0.10584282875061035
2020-04-10 06:32:53.221 6670 RALLYDEBUG rally.task.utils [-] Waiting for resource . Status changed: CREATE_COMPLETE => UPDATE_IN_PROGRESS in 0.11400127410888672
2020-04-10 06:32:53.229 6672 RALLYDEBUG rally.task.utils [-] Waiting for resource . Status changed: CREATE_COMPLETE => UPDATE_IN_PROGRESS in 0.0907132625579834
2020-04-10 06:32:54.183 6671 RALLYDEBUG rally.task.utils [-] Waiting for resource . Status changed: UPDATE_IN_PROGRESS => UPDATE_COMPLETE in 1.0886430740356445
2020-04-10 06:32:54.298 6673 RALLYDEBUG rally.task.utils [-] Waiting for resource . Status changed: UPDATE_IN_PROGRESS => UPDATE_COMPLETE in 1.0889055728912354
2020-04-10 06:32:54.306 6670 RALLYDEBUG rally.task.utils [-] Waiting for resource . Status changed: UPDATE_IN_PROGRESS => UPDATE_COMPLETE in 1.0845794677734375
2020-04-10 06:32:54.326 6672 RALLYDEBUG rally.task.utils [-] Waiting for resource . Status changed: UPDATE_IN_PROGRESS => UPDATE_COMPLETE in 1.0974624156951904
2020-04-10 06:32:54.362 6671 RALLYDEBUG rally.task.utils [-] Waiting for resource . Status changed: CREATE_COMPLETE => DELETE_IN_PROGRESS in 0.09482669830322266
2020-04-10 06:32:54.467 6673 RALLYDEBUG rally.task.utils [-] Waiting for resource . Status changed: CREATE_COMPLETE => DELETE_IN_PROGRESS in 0.08598756790161133
2020-04-10 06:32:54.530 6670 RALLYDEBUG rally.task.utils [-] Waiting for resource . Status changed: CREATE_COMPLETE => DELETE_IN_PROGRESS in 0.08820796012878418
2020-04-10 06:32:54.540 6672 RALLYDEBUG rally.task.utils [-] Waiting for resource . Status changed: CREATE_COMPLETE => DELETE_IN_PROGRESS in 0.0820000171661377
2020-04-10 06:32:56.540 6671 INFO rally.task.runner [-] Task 175a8ac9-aa45-4fb0-9d0a-95feb04829a7 | ITER: 6 END: OK
2020-04-10 06:32:56.545 6671 INFO rally.task.runner [-] Task 175a8ac9-aa45-4fb0-9d0a-95feb04829a7 | ITER: 9 START
2020-04-10 06:32:56.653 6673 INFO rally.task.runner [-] Task 175a8ac9-aa45-4fb0-9d0a-95feb04829a7 | ITER: 5 END: OK
2020-04-10 06:32:56.658 6673 INFO rally.task.runner [-] Task 175a8ac9-aa45-4fb0-9d0a-95feb04829a7 | ITER: 10 START
2020-04-10 06:32:56.718 6670 INFO rally.task.runner [-] Task 175a8ac9-aa45-4fb0-9d0a-95feb04829a7 | ITER: 7 END: OK
2020-04-10 06:32:56.718 6672 INFO rally.task.runner [-] Task 175a8ac9-aa45-4fb0-9d0a-95feb04829a7 | ITER: 8 END: OK
2020-04-10 06:32:59.437 6671 RALLYDEBUG rally.task.utils [-] Waiting for resource . Status changed: CREATE_IN_PROGRESS => CREATE_COMPLETE in 0.09112906455993652
2020-04-10 06:32:59.547 6673 RALLYDEBUG rally.task.utils [-] Waiting for resource . Status changed: CREATE_IN_PROGRESS => CREATE_COMPLETE in 0.09012746810913086
2020-04-10 06:33:01.675 6671 RALLYDEBUG rally.task.utils [-] Waiting for resource . Status changed: CREATE_COMPLETE => UPDATE_IN_PROGRESS in 0.10886335372924805
2020-04-10 06:33:01.813 6673 RALLYDEBUG rally.task.utils [-] Waiting for resource . Status changed: CREATE_COMPLETE => UPDATE_IN_PROGRESS in 0.0903925895690918
2020-04-10 06:33:02.770 6671 RALLYDEBUG rally.task.utils [-] Waiting for resource . Status changed: UPDATE_IN_PROGRESS => UPDATE_COMPLETE in 1.095412254333496
2020-04-10 06:33:02.937 6671 RALLYDEBUG rally.task.utils [-] Waiting for resource . Status changed: CREATE_COMPLETE => DELETE_IN_PROGRESS in 0.08682680130004883
2020-04-10 06:33:02.939 6673 RALLYDEBUG rally.task.utils [-] Waiting for resource . Status changed: UPDATE_IN_PROGRESS => UPDATE_COMPLETE in 1.1264400482177734
2020-04-10 06:33:03.112 6673 RALLYDEBUG rally.task.utils [-] Waiting for resource . Status changed: CREATE_COMPLETE => DELETE_IN_PROGRESS in 0.08900070190429688
2020-04-10 06:33:05.113 6671 INFO rally.task.runner [-] Task 175a8ac9-aa45-4fb0-9d0a-95feb04829a7 | ITER: 9 END: OK
2020-04-10 06:33:05.291 6673 INFO rally.task.runner [-] Task 175a8ac9-aa45-4fb0-9d0a-95feb04829a7 | ITER: 10 END: OK
2020-04-10 06:33:05.320 5253 INFO rally.task.context [-] Task 175a8ac9-aa45-4fb0-9d0a-95feb04829a7 | Context cleanup@openstack cleanup() started
2020-04-10 06:33:05.324 5253 RALLYDEBUG rally_openstack.cleanup.manager [-] Cleaning up heat stacks objects
2020-04-10 06:33:06.313 5253 INFO rally.task.context [-] Task 175a8ac9-aa45-4fb0-9d0a-95feb04829a7 | Context cleanup@openstack cleanup() finished in 0.99 sec
2020-04-10 06:33:06.314 5253 INFO rally.task.context [-] Task 175a8ac9-aa45-4fb0-9d0a-95feb04829a7 | Context roles@openstack cleanup() started
2020-04-10 06:33:06.324 5253 INFO rally.task.context [-] Task 175a8ac9-aa45-4fb0-9d0a-95feb04829a7 | Context roles@openstack cleanup() finished in 10.02 msec
2020-04-10 06:33:06.325 5253 INFO rally.task.context [-] Task 175a8ac9-aa45-4fb0-9d0a-95feb04829a7 | Context users@openstack cleanup() started
2020-04-10 06:33:06.702 5253 WARNING rally.common.logging [-] `iterate_per_tenants()' is deprecated in v3.0.0: it is openstack specific.. Used at
2020-04-10 06:33:09.891 5253 INFO rally.task.context [-] Task 175a8ac9-aa45-4fb0-9d0a-95feb04829a7 | Context users@openstack cleanup() finished in 3.57 sec
2020-04-10 06:33:11.527 5253 INFO rally.task.engine [-] Load duration is: 22.173054
2020-04-10 06:33:11.528 5253 INFO rally.task.engine [-] Full runner duration is: 26.222577
2020-04-10 06:33:11.529 5253 INFO rally.task.engine [-] Full duration is: 32.588939
2020-04-10 06:33:11.592 5253 INFO rally.task.engine [-] Running workload: position = 1 config = { "version": 2, "title": "A cropped version of a bigger task.", "description": "Auto-generated task from a single workload (uuid=1d7699ba-2a6b-45a9-bd2a-d4dd607b558a)", "subtasks": [ { "title": "HeatStacks.create_update_delete_stack", "description": "Create, update and then delete a stack.", "scenario": { "HeatStacks.create_update_delete_stack": { "template_path": "/usr/lib/python3.7/site-packages/functest/opnfv_tests/openstack/rally/scenario/templates/random_strings.yaml.template", "updated_template_path": "/usr/lib/python3.7/site-packages/functest/opnfv_tests/openstack/rally/scenario/templates/updated_random_strings_delete.yaml.template" } }, "contexts": { "users": { "tenants": 3, "users_per_tenant": 2 }, "roles": [ "heat_stack_owner" ] }, "runner": { "constant": { "concurrency": 4, "times": 10 } }, "hooks": [], "sla": { "failure_rate": { "max": 0 } } } ] }
2020-04-10 06:33:11.614 5253 RALLYDEBUG rally_openstack.contexts.keystone.users [-] Creating 3 tenants using 3 threads
2020-04-10 06:33:12.117 5253 RALLYDEBUG rally_openstack.contexts.keystone.users [-] Creating 6 users using 6 threads
2020-04-10 06:33:13.144 5253 INFO rally.task.context [-] Task 175a8ac9-aa45-4fb0-9d0a-95feb04829a7 | Context users@openstack setup() finished in 1.53 sec
2020-04-10 06:33:13.470 5253 ERROR rally.common.broker [-] Failed to publish a task to the queue: rally.exceptions.NotFoundException: The resource can not be found: There is no role with name `heat_stack_owner`
2020-04-10 06:33:13.470 5253 ERROR rally.common.broker
Traceback (most recent call last):
2020-04-10 06:33:13.470 5253 ERROR rally.common.broker
File "/usr/lib/python3.7/site-packages/rally/common/broker.py", line 58, in _publisher
2020-04-10 06:33:13.470 5253 ERROR rally.common.broker publish(queue)
2020-04-10 06:33:13.470 5253 ERROR rally.common.broker
File "/usr/lib/python3.7/site-packages/rally_openstack/contexts/keystone/roles.py", line 91, in publish
2020-04-10 06:33:13.470 5253 ERROR rally.common.broker role = self._get_role_object(context_role)
2020-04-10 06:33:13.470 5253 ERROR rally.common.broker
File "/usr/lib/python3.7/site-packages/rally_openstack/contexts/keystone/roles.py", line 65, in _get_role_object
2020-04-10 06:33:13.470 5253 ERROR rally.common.broker "There is no role with name `%s`" % context_role)
2020-04-10 06:33:13.470 5253 ERROR rally.common.broker rally.exceptions.NotFoundException: The resource can not be found: There is no role with name `heat_stack_owner`
2020-04-10 06:33:13.470 5253 ERROR rally.common.broker
2020-04-10 06:33:13.481 5253 INFO rally.task.context [-] Task 175a8ac9-aa45-4fb0-9d0a-95feb04829a7 | Context roles@openstack setup() finished in 0.34 sec
2020-04-10 06:33:13.481 5253 INFO rally.task.context [-] Task 175a8ac9-aa45-4fb0-9d0a-95feb04829a7 | Context cleanup@openstack setup() finished in 0.03 msec
2020-04-10 06:33:13.496 5253 RALLYDEBUG rally.task.runner [-] Starting the constant runner (task UUID: 175a8ac9-aa45-4fb0-9d0a-95feb04829a7). times: 10 concurrency: 4 timeout: 0 max_cpu_used: 88 processes_to_start: 4 concurrency_per_worker: 1 concurrency_overhead: 0
2020-04-10 06:33:13.508 6823 RALLYDEBUG rally.task.runner [-] Starting a worker. times: 10 duration: None concurrency: 1 timeout: 0 cls: method_name: run args: {"template_path": "heat_template_version: 2014-10-16\n\ndescription: Test template for rally create-update-delete scenario\n\nresources:\n test_string_one:\n type: OS::Heat::RandomString\n properties:\n length: 20\n test_string_two:\n type: OS::Heat::RandomString\n properties:\n length: 20", "updated_template_path": "heat_template_version: 2014-10-16\n\ndescription: >\n Test template for create-update-delete-stack scenario in rally.\n The template deletes one resource from the stack defined by random_strings.yaml.template.\n\nresources:\n test_string_one:\n type: OS::Heat::RandomString\n properties:\n length: 20"}
2020-04-10 06:33:13.510 6824 RALLYDEBUG rally.task.runner [-] Starting a worker. times: 10 duration: None concurrency: 1 timeout: 0 cls: method_name: run args: {"template_path": "heat_template_version: 2014-10-16\n\ndescription: Test template for rally create-update-delete scenario\n\nresources:\n test_string_one:\n type: OS::Heat::RandomString\n properties:\n length: 20\n test_string_two:\n type: OS::Heat::RandomString\n properties:\n length: 20", "updated_template_path": "heat_template_version: 2014-10-16\n\ndescription: >\n Test template for create-update-delete-stack scenario in rally.\n The template deletes one resource from the stack defined by random_strings.yaml.template.\n\nresources:\n test_string_one:\n type: OS::Heat::RandomString\n properties:\n length: 20"}
2020-04-10 06:33:13.513 6825 RALLYDEBUG rally.task.runner [-] Starting a worker. times: 10 duration: None concurrency: 1 timeout: 0 cls: method_name: run args: {"template_path": "heat_template_version: 2014-10-16\n\ndescription: Test template for rally create-update-delete scenario\n\nresources:\n test_string_one:\n type: OS::Heat::RandomString\n properties:\n length: 20\n test_string_two:\n type: OS::Heat::RandomString\n properties:\n length: 20", "updated_template_path": "heat_template_version: 2014-10-16\n\ndescription: >\n Test template for create-update-delete-stack scenario in rally.\n The template deletes one resource from the stack defined by random_strings.yaml.template.\n\nresources:\n test_string_one:\n type: OS::Heat::RandomString\n properties:\n length: 20"}
2020-04-10 06:33:13.515 6823 INFO rally.task.runner [-] Task 175a8ac9-aa45-4fb0-9d0a-95feb04829a7 | ITER: 1 START
2020-04-10 06:33:13.515 6824 INFO rally.task.runner [-] Task 175a8ac9-aa45-4fb0-9d0a-95feb04829a7 | ITER: 2 START
2020-04-10 06:33:13.517 6826 RALLYDEBUG rally.task.runner [-] Starting a worker. times: 10 duration: None concurrency: 1 timeout: 0 cls: method_name: run args: {"template_path": "heat_template_version: 2014-10-16\n\ndescription: Test template for rally create-update-delete scenario\n\nresources:\n test_string_one:\n type: OS::Heat::RandomString\n properties:\n length: 20\n test_string_two:\n type: OS::Heat::RandomString\n properties:\n length: 20", "updated_template_path": "heat_template_version: 2014-10-16\n\ndescription: >\n Test template for create-update-delete-stack scenario in rally.\n The template deletes one resource from the stack defined by random_strings.yaml.template.\n\nresources:\n test_string_one:\n type: OS::Heat::RandomString\n properties:\n length: 20"}
2020-04-10 06:33:13.520 6825 INFO rally.task.runner [-] Task 175a8ac9-aa45-4fb0-9d0a-95feb04829a7 | ITER: 3 START
2020-04-10 06:33:13.523 6826 INFO rally.task.runner [-] Task 175a8ac9-aa45-4fb0-9d0a-95feb04829a7 | ITER: 4 START
2020-04-10 06:33:16.411 6823 RALLYDEBUG rally.task.utils [-] Waiting for resource . Status changed: CREATE_IN_PROGRESS => CREATE_COMPLETE in 0.09404444694519043
2020-04-10 06:33:16.447 6825 RALLYDEBUG rally.task.utils [-] Waiting for resource . Status changed: CREATE_IN_PROGRESS => CREATE_COMPLETE in 0.09086394309997559
2020-04-10 06:33:16.448 6826 RALLYDEBUG rally.task.utils [-] Waiting for resource . Status changed: CREATE_IN_PROGRESS => CREATE_COMPLETE in 0.09486746788024902
2020-04-10 06:33:16.520 6824 RALLYDEBUG rally.task.utils [-] Waiting for resource . Status changed: CREATE_IN_PROGRESS => CREATE_COMPLETE in 0.09038877487182617
2020-04-10 06:33:18.628 6823 RALLYDEBUG rally.task.utils [-] Waiting for resource . Status changed: CREATE_COMPLETE => UPDATE_COMPLETE in 0.09189748764038086
2020-04-10 06:33:18.718 6825 RALLYDEBUG rally.task.utils [-] Waiting for resource . Status changed: CREATE_COMPLETE => UPDATE_COMPLETE in 0.09521603584289551
2020-04-10 06:33:18.723 6826 RALLYDEBUG rally.task.utils [-] Waiting for resource . Status changed: CREATE_COMPLETE => UPDATE_COMPLETE in 0.08795666694641113
2020-04-10 06:33:18.778 6824 RALLYDEBUG rally.task.utils [-] Waiting for resource . Status changed: CREATE_COMPLETE => UPDATE_COMPLETE in 0.08296608924865723
2020-04-10 06:33:18.804 6823 RALLYDEBUG rally.task.utils [-] Waiting for resource . Status changed: CREATE_COMPLETE => DELETE_IN_PROGRESS in 0.0918586254119873
2020-04-10 06:33:18.928 6825 RALLYDEBUG rally.task.utils [-] Waiting for resource . Status changed: CREATE_COMPLETE => DELETE_IN_PROGRESS in 0.07147955894470215
2020-04-10 06:33:18.932 6826 RALLYDEBUG rally.task.utils [-] Waiting for resource . Status changed: CREATE_COMPLETE => DELETE_IN_PROGRESS in 0.07678341865539551
2020-04-10 06:33:18.996 6824 RALLYDEBUG rally.task.utils [-] Waiting for resource . Status changed: CREATE_COMPLETE => DELETE_IN_PROGRESS in 0.08602118492126465
2020-04-10 06:33:19.895 6823 INFO rally.task.runner [-] Task 175a8ac9-aa45-4fb0-9d0a-95feb04829a7 | ITER: 1 END: OK
2020-04-10 06:33:19.900 6823 INFO rally.task.runner [-] Task 175a8ac9-aa45-4fb0-9d0a-95feb04829a7 | ITER: 5 START
2020-04-10 06:33:20.013 6825 INFO rally.task.runner [-] Task 175a8ac9-aa45-4fb0-9d0a-95feb04829a7 | ITER: 3 END: OK
2020-04-10 06:33:20.018 6825 INFO rally.task.runner [-] Task 175a8ac9-aa45-4fb0-9d0a-95feb04829a7 | ITER: 6 START
2020-04-10 06:33:20.022 6826 INFO rally.task.runner [-] Task 175a8ac9-aa45-4fb0-9d0a-95feb04829a7 | ITER: 4 END: OK
