2020-04-10 06:51:02.600 12405 RALLYDEBUG rally.task.utils [-] Waiting for resource s_rally_5c63de4c_Hb6eP0MX. Status changed: ACTIVE => SHUTOFF in 0.23436737060546875
2020-04-10 06:51:05.444 12404 RALLYDEBUG rally.task.utils [-] Waiting for resource s_rally_5c63de4c_0Cq5kgvP. Status changed: REBOOT => ACTIVE in 124.07386565208435
2020-04-10 06:51:05.599 12403 RALLYDEBUG rally.task.utils [-] Waiting for resource s_rally_5c63de4c_m5ALusbn. Status changed: REBOOT => ACTIVE in 124.17870879173279
2020-04-10 06:51:06.225 12405 RALLYDEBUG rally.task.utils [-] Waiting for resource s_rally_5c63de4c_Hb6eP0MX. Status changed: SHUTOFF => ACTIVE in 3.6248421669006348
2020-04-10 06:51:08.058 12404 RALLYDEBUG rally.task.utils [-] Waiting for resource s_rally_5c63de4c_0Cq5kgvP. Status changed: ACTIVE => SHUTOFF in 2.4920709133148193
2020-04-10 06:51:08.185 12403 RALLYDEBUG rally.task.utils [-] Waiting for resource s_rally_5c63de4c_m5ALusbn. Status changed: ACTIVE => SHUTOFF in 2.4586544036865234
2020-04-10 06:51:08.379 12404 RALLYDEBUG rally.task.utils [-] Waiting for resource s_rally_5c63de4c_0Cq5kgvP. Status changed: ACTIVE => SHUTOFF in 0.20777344703674316
2020-04-10 06:51:08.497 12403 RALLYDEBUG rally.task.utils [-] Waiting for resource s_rally_5c63de4c_m5ALusbn. Status changed: ACTIVE => SHUTOFF in 0.19272971153259277
2020-04-10 06:51:13.004 12405 RALLYDEBUG rally.task.utils [-] Waiting for resource s_rally_5c63de4c_Hb6eP0MX. Status changed: ACTIVE => RESCUE in 4.631617069244385
2020-04-10 06:51:13.284 12404 RALLYDEBUG rally.task.utils [-] Waiting for resource s_rally_5c63de4c_0Cq5kgvP. Status changed: SHUTOFF => ACTIVE in 4.904722213745117
2020-04-10 06:51:13.545 12403 RALLYDEBUG rally.task.utils [-] Waiting for resource s_rally_5c63de4c_m5ALusbn. Status changed: SHUTOFF => ACTIVE in 5.047670364379883
2020-04-10 06:51:16.251 12405 RALLYDEBUG rally.task.utils [-] Waiting for resource s_rally_5c63de4c_Hb6eP0MX. Status changed: ACTIVE => RESCUE in 1.1242420673370361
2020-04-10 06:51:18.463 12405 RALLYDEBUG rally.task.utils [-] Waiting for resource s_rally_5c63de4c_Hb6eP0MX. Status changed: RESCUE => ACTIVE in 2.2118239402770996
2020-04-10 06:51:20.031 12404 RALLYDEBUG rally.task.utils [-] Waiting for resource s_rally_5c63de4c_0Cq5kgvP. Status changed: ACTIVE => RESCUE in 4.617805004119873
2020-04-10 06:51:21.020 12405 INFO rally.task.runner [-] Task e4a818be-636b-4582-8c06-6be7e376dbb4 | ITER: 5 END: OK
2020-04-10 06:51:21.026 12405 INFO rally.task.runner [-] Task e4a818be-636b-4582-8c06-6be7e376dbb4 | ITER: 8 START
2020-04-10 06:51:21.182 12403 RALLYDEBUG rally.task.utils [-] Waiting for resource s_rally_5c63de4c_m5ALusbn. Status changed: ACTIVE => RESCUE in 5.497086763381958
2020-04-10 06:51:22.372 12404 RALLYDEBUG rally.task.utils [-] Waiting for resource s_rally_5c63de4c_0Cq5kgvP. Status changed: ACTIVE => RESCUE in 0.2178335189819336
2020-04-10 06:51:23.505 12403 RALLYDEBUG rally.task.utils [-] Waiting for resource s_rally_5c63de4c_m5ALusbn. Status changed: ACTIVE => RESCUE in 0.21177124977111816
2020-04-10 06:51:24.597 12404 RALLYDEBUG rally.task.utils [-] Waiting for resource s_rally_5c63de4c_0Cq5kgvP. Status changed: RESCUE => ACTIVE in 2.2255492210388184
2020-04-10 06:51:25.723 12403 RALLYDEBUG rally.task.utils [-] Waiting for resource s_rally_5c63de4c_m5ALusbn. Status changed: RESCUE => ACTIVE in 2.2174465656280518
2020-04-10 06:51:27.276 12404 INFO rally.task.runner [-] Task e4a818be-636b-4582-8c06-6be7e376dbb4 | ITER: 6 END: OK
2020-04-10 06:51:27.282 12404 INFO rally.task.runner [-] Task e4a818be-636b-4582-8c06-6be7e376dbb4 | ITER: 9 START
2020-04-10 06:51:29.021 12403 INFO rally.task.runner [-] Task e4a818be-636b-4582-8c06-6be7e376dbb4 | ITER: 7 END: OK
2020-04-10 06:51:29.033 12403 INFO rally.task.runner [-] Task e4a818be-636b-4582-8c06-6be7e376dbb4 | ITER: 10 START
2020-04-10 06:51:30.093 12405 RALLYDEBUG rally.task.utils [-] Waiting for resource s_rally_5c63de4c_vdyjYysb. Status changed: BUILD => ACTIVE in 6.860934257507324
2020-04-10 06:51:32.477 12405 RALLYDEBUG rally.task.utils [-] Waiting for resource s_rally_5c63de4c_vdyjYysb. Status changed: ACTIVE => HARD_REBOOT in 0.23663783073425293
2020-04-10 06:51:36.911 12405 RALLYDEBUG rally.task.utils [-] Waiting for resource s_rally_5c63de4c_vdyjYysb. Status changed: HARD_REBOOT => ACTIVE in 4.433900594711304
2020-04-10 06:51:39.266 12405 RALLYDEBUG rally.task.utils [-] Waiting for resource s_rally_5c63de4c_vdyjYysb. Status changed: ACTIVE => REBOOT in 0.22362995147705078
2020-04-10 06:51:41.029 12404 RALLYDEBUG rally.task.utils [-] Waiting for resource s_rally_5c63de4c_Lqa50ktR. Status changed: BUILD => ACTIVE in 11.536375045776367
2020-04-10 06:51:41.864 12403 RALLYDEBUG rally.task.utils [-] Waiting for resource s_rally_5c63de4c_eGdvPWWq. Status changed: BUILD => ACTIVE in 9.765386819839478
2020-04-10 06:51:43.431 12404 RALLYDEBUG rally.task.utils [-] Waiting for resource s_rally_5c63de4c_Lqa50ktR. Status changed: ACTIVE => HARD_REBOOT in 0.27177882194519043
2020-04-10 06:51:44.184 12403 RALLYDEBUG rally.task.utils [-] Waiting for resource s_rally_5c63de4c_eGdvPWWq. Status changed: ACTIVE => HARD_REBOOT in 0.18122124671936035
2020-04-10 06:51:45.682 12404 RALLYDEBUG rally.task.utils [-] Waiting for resource s_rally_5c63de4c_Lqa50ktR. Status changed: HARD_REBOOT => ACTIVE in 2.250638484954834
2020-04-10 06:51:47.122 12403 RALLYDEBUG rally.task.utils [-] Waiting for resource s_rally_5c63de4c_eGdvPWWq. Status changed: HARD_REBOOT => ACTIVE in 2.9384708404541016
2020-04-10 06:51:48.080 12404 RALLYDEBUG rally.task.utils [-] Waiting for resource s_rally_5c63de4c_Lqa50ktR. Status changed: ACTIVE => REBOOT in 0.26581740379333496
2020-04-10 06:51:49.482 12403 RALLYDEBUG rally.task.utils [-] Waiting for resource s_rally_5c63de4c_eGdvPWWq. Status changed: ACTIVE => REBOOT in 0.23223662376403809
2020-04-10 06:53:14.301 12406 ERROR rally.task.runner [-] Iteration 4 raised Exception: rally.exceptions.TimeoutException: Rally tired waiting 300.00 seconds for Server s_rally_5c63de4c_dqmBlCHI:f4f04e10-b11a-49a1-8f00-a6a9e0defc40 to become ('ACTIVE') current status SHUTOFF
2020-04-10 06:53:14.301 12406 ERROR rally.task.runner
Traceback (most recent call last):
2020-04-10 06:53:14.301 12406 ERROR rally.task.runner
File "/usr/lib/python3.7/site-packages/rally/task/runner.py", line 69, in _run_scenario_once
2020-04-10 06:53:14.301 12406 ERROR rally.task.runner getattr(scenario_inst, method_name)(**scenario_kwargs)
2020-04-10 06:53:14.301 12406 ERROR rally.task.runner
File "/usr/lib/python3.7/site-packages/rally_openstack/scenarios/nova/servers.py", line 236, in run
2020-04-10 06:53:14.301 12406 ERROR rally.task.runner action()
2020-04-10 06:53:14.301 12406 ERROR rally.task.runner
File "/usr/lib/python3.7/site-packages/rally/task/utils.py", line 373, in _f
2020-04-10 06:53:14.301 12406 ERROR rally.task.runner func(*args, **kwargs)
2020-04-10 06:53:14.301 12406 ERROR rally.task.runner
File "/usr/lib/python3.7/site-packages/rally/task/atomic.py", line 91, in func_atomic_actions
2020-04-10 06:53:14.301 12406 ERROR rally.task.runner f = func(self, *args, **kwargs)
2020-04-10 06:53:14.301 12406 ERROR rally.task.runner
File "/usr/lib/python3.7/site-packages/rally_openstack/scenarios/nova/utils.py", line 1155, in _stop_and_start_server
2020-04-10 06:53:14.301 12406 ERROR rally.task.runner self._start_server(server)
2020-04-10 06:53:14.301 12406 ERROR rally.task.runner
File "/usr/lib/python3.7/site-packages/rally/task/atomic.py", line 91, in func_atomic_actions
2020-04-10 06:53:14.301 12406 ERROR rally.task.runner f = func(self, *args, **kwargs)
2020-04-10 06:53:14.301 12406 ERROR rally.task.runner
File "/usr/lib/python3.7/site-packages/rally_openstack/scenarios/nova/utils.py", line 217, in _start_server
2020-04-10 06:53:14.301 12406 ERROR rally.task.runner check_interval=CONF.openstack.nova_server_start_poll_interval
2020-04-10 06:53:14.301 12406 ERROR rally.task.runner
File "/usr/lib/python3.7/site-packages/rally/task/utils.py", line 251, in wait_for_status
2020-04-10 06:53:14.301 12406 ERROR rally.task.runner timeout=timeout)
2020-04-10 06:53:14.301 12406 ERROR rally.task.runner rally.exceptions.TimeoutException: Rally tired waiting 300.00 seconds for Server s_rally_5c63de4c_dqmBlCHI:f4f04e10-b11a-49a1-8f00-a6a9e0defc40 to become ('ACTIVE') current status SHUTOFF
2020-04-10 06:53:14.301 12406 ERROR rally.task.runner
2020-04-10 06:53:14.302 12406 INFO rally.task.runner [-] Task e4a818be-636b-4582-8c06-6be7e376dbb4 | ITER: 4 END: Error TimeoutException: Rally tired waiting 300.00 seconds for Server s_rally_5c63de4c_dqmBlCHI:f4f04e10-b11a-49a1-8f00-a6a9e0defc40 to become ('ACTIVE') current status SHUTOFF
2020-04-10 06:53:43.195 12405 RALLYDEBUG rally.task.utils [-] Waiting for resource s_rally_5c63de4c_vdyjYysb. Status changed: REBOOT => ACTIVE in 123.92878842353821
2020-04-10 06:53:45.753 12405 RALLYDEBUG rally.task.utils [-] Waiting for resource s_rally_5c63de4c_vdyjYysb. Status changed: ACTIVE => SHUTOFF in 2.4375381469726562
2020-04-10 06:53:46.357 12405 RALLYDEBUG rally.task.utils [-] Waiting for resource s_rally_5c63de4c_vdyjYysb. Status changed: ACTIVE => SHUTOFF in 0.25397515296936035
2020-04-10 06:53:50.044 12405 RALLYDEBUG rally.task.utils [-] Waiting for resource s_rally_5c63de4c_vdyjYysb. Status changed: SHUTOFF => ACTIVE in 3.6861112117767334
2020-04-10 06:53:50.961 12404 RALLYDEBUG rally.task.utils [-] Waiting for resource s_rally_5c63de4c_Lqa50ktR. Status changed: REBOOT => ACTIVE in 122.88151907920837
2020-04-10 06:53:52.836 12403 RALLYDEBUG rally.task.utils [-] Waiting for resource s_rally_5c63de4c_eGdvPWWq. Status changed: REBOOT => ACTIVE in 123.35334873199463
2020-04-10 06:53:53.493 12404 RALLYDEBUG rally.task.utils [-] Waiting for resource s_rally_5c63de4c_Lqa50ktR. Status changed: ACTIVE => SHUTOFF in 2.4066286087036133
2020-04-10 06:53:53.852 12404 RALLYDEBUG rally.task.utils [-] Waiting for resource s_rally_5c63de4c_Lqa50ktR. Status changed: ACTIVE => SHUTOFF in 0.22589325904846191
2020-04-10 06:53:55.664 12403 RALLYDEBUG rally.task.utils [-] Waiting for resource s_rally_5c63de4c_eGdvPWWq. Status changed: ACTIVE => SHUTOFF in 2.709087371826172
2020-04-10 06:53:56.022 12403 RALLYDEBUG rally.task.utils [-] Waiting for resource s_rally_5c63de4c_eGdvPWWq. Status changed: ACTIVE => SHUTOFF in 0.22583699226379395
2020-04-10 06:53:56.931 12405 RALLYDEBUG rally.task.utils [-] Waiting for resource s_rally_5c63de4c_vdyjYysb. Status changed: ACTIVE => RESCUE in 4.745345830917358
2020-04-10 06:53:58.189 12404 RALLYDEBUG rally.task.utils [-] Waiting for resource s_rally_5c63de4c_Lqa50ktR. Status changed: SHUTOFF => ACTIVE in 4.337214231491089
2020-04-10 06:53:59.756 12403 RALLYDEBUG rally.task.utils [-] Waiting for resource s_rally_5c63de4c_eGdvPWWq. Status changed: SHUTOFF => ACTIVE in 3.734175205230713
2020-04-10 06:54:00.165 12405 RALLYDEBUG rally.task.utils [-] Waiting for resource s_rally_5c63de4c_vdyjYysb. Status changed: ACTIVE => RESCUE in 1.1162171363830566
2020-04-10 06:54:02.408 12405 RALLYDEBUG rally.task.utils [-] Waiting for resource s_rally_5c63de4c_vdyjYysb. Status changed: RESCUE => ERROR in 2.2429280281066895
2020-04-10 06:54:02.414 12405 ERROR rally.task.runner [-] Iteration 8 raised Exception: rally.exceptions.GetResourceErrorStatus: Resource has ERROR status. Fault: Status in failure list {'ERROR'}
2020-04-10 06:54:02.414 12405 ERROR rally.task.runner
Traceback (most recent call last):
2020-04-10 06:54:02.414 12405 ERROR rally.task.runner
File "/usr/lib/python3.7/site-packages/rally/task/runner.py", line 69, in _run_scenario_once
2020-04-10 06:54:02.414 12405 ERROR rally.task.runner getattr(scenario_inst, method_name)(**scenario_kwargs)
2020-04-10 06:54:02.414 12405 ERROR rally.task.runner
File "/usr/lib/python3.7/site-packages/rally_openstack/scenarios/nova/servers.py", line 236, in run
2020-04-10 06:54:02.414 12405 ERROR rally.task.runner action()
2020-04-10 06:54:02.414 12405 ERROR rally.task.runner
File "/usr/lib/python3.7/site-packages/rally/task/utils.py", line 373, in _f
2020-04-10 06:54:02.414 12405 ERROR rally.task.runner func(*args, **kwargs)
2020-04-10 06:54:02.414 12405 ERROR rally.task.runner
File "/usr/lib/python3.7/site-packages/rally/task/atomic.py", line 91, in func_atomic_actions
2020-04-10 06:54:02.414 12405 ERROR rally.task.runner f = func(self, *args, **kwargs)
2020-04-10 06:54:02.414 12405 ERROR rally.task.runner
File "/usr/lib/python3.7/site-packages/rally_openstack/scenarios/nova/utils.py", line 1171, in _rescue_and_unrescue_server
2020-04-10 06:54:02.414 12405 ERROR rally.task.runner self._unrescue_server(server)
2020-04-10 06:54:02.414 12405 ERROR rally.task.runner
File "/usr/lib/python3.7/site-packages/rally/task/atomic.py", line 91, in func_atomic_actions
2020-04-10 06:54:02.414 12405 ERROR rally.task.runner f = func(self, *args, **kwargs)
2020-04-10 06:54:02.414 12405 ERROR rally.task.runner
File "/usr/lib/python3.7/site-packages/rally_openstack/scenarios/nova/utils.py", line 272, in _unrescue_server
2020-04-10 06:54:02.414 12405 ERROR rally.task.runner check_interval=CONF.openstack.nova_server_unrescue_poll_interval
2020-04-10 06:54:02.414 12405 ERROR rally.task.runner
File "/usr/lib/python3.7/site-packages/rally/task/utils.py", line 241, in wait_for_status
2020-04-10 06:54:02.414 12405 ERROR rally.task.runner fault="Status in failure list %s" % str(failure_statuses))
2020-04-10 06:54:02.414 12405 ERROR rally.task.runner rally.exceptions.GetResourceErrorStatus: Resource has ERROR status.
2020-04-10 06:54:02.414 12405 ERROR rally.task.runner Fault: Status in failure list {'ERROR'}
2020-04-10 06:54:02.414 12405 ERROR rally.task.runner
2020-04-10 06:54:02.416 12405 INFO rally.task.runner [-] Task e4a818be-636b-4582-8c06-6be7e376dbb4 | ITER: 8 END: Error GetResourceErrorStatus: Resource has ERROR status. Fault: Status in failure list {'ERROR'}
2020-04-10 06:54:03.717 12404 RALLYDEBUG rally.task.utils [-] Waiting for resource s_rally_5c63de4c_Lqa50ktR. Status changed: ACTIVE => RESCUE in 3.403249502182007
2020-04-10 06:54:06.841 12404 RALLYDEBUG rally.task.utils [-] Waiting for resource s_rally_5c63de4c_Lqa50ktR. Status changed: ACTIVE => RESCUE in 1.0221748352050781
2020-04-10 06:54:06.847 12403 RALLYDEBUG rally.task.utils [-] Waiting for resource s_rally_5c63de4c_eGdvPWWq. Status changed: ACTIVE => RESCUE in 4.9429872035980225
2020-04-10 06:54:09.041 12404 RALLYDEBUG rally.task.utils [-] Waiting for resource s_rally_5c63de4c_Lqa50ktR. Status changed: RESCUE => ACTIVE in 2.2002508640289307
2020-04-10 06:54:09.210 12403 RALLYDEBUG rally.task.utils [-] Waiting for resource s_rally_5c63de4c_eGdvPWWq. Status changed: ACTIVE => RESCUE in 0.23200607299804688
2020-04-10 06:54:11.456 12403 RALLYDEBUG rally.task.utils [-] Waiting for resource s_rally_5c63de4c_eGdvPWWq. Status changed: RESCUE => ACTIVE in 2.2465672492980957
2020-04-10 06:54:13.630 12404 INFO rally.task.runner [-] Task e4a818be-636b-4582-8c06-6be7e376dbb4 | ITER: 9 END: OK
2020-04-10 06:54:13.995 12403 INFO rally.task.runner [-] Task e4a818be-636b-4582-8c06-6be7e376dbb4 | ITER: 10 END: OK
2020-04-10 06:54:14.020 12082 INFO rally.task.context [-] Task e4a818be-636b-4582-8c06-6be7e376dbb4 | Context cleanup@openstack cleanup() started
2020-04-10 06:54:14.028 12082 RALLYDEBUG rally_openstack.cleanup.manager [-] Cleaning up nova servers objects
2020-04-10 06:54:16.186 12082 RALLYDEBUG rally_openstack.cleanup.manager [-] Deleting nova.servers object s_rally_5c63de4c_dqmBlCHI (f4f04e10-b11a-49a1-8f00-a6a9e0defc40)
2020-04-10 06:54:16.199 12082 RALLYDEBUG rally_openstack.cleanup.manager [-] Deleting nova.servers object s_rally_5c63de4c_vdyjYysb (796cd24b-b1b7-4a40-85ae-d94fd1cc3303)
2020-04-10 06:54:19.756 12082 RALLYDEBUG rally_openstack.cleanup.manager [-] Cleaning up nova server_groups objects
2020-04-10 06:54:20.232 12082 RALLYDEBUG rally_openstack.cleanup.manager [-] Cleaning up nova keypairs objects
2020-04-10 06:54:21.207 12082 INFO rally.task.context [-] Task e4a818be-636b-4582-8c06-6be7e376dbb4 | Context cleanup@openstack cleanup() finished in 7.19 sec
2020-04-10 06:54:21.208 12082 INFO rally.task.context [-] Task e4a818be-636b-4582-8c06-6be7e376dbb4 | Context network@openstack cleanup() started
2020-04-10 06:54:38.205 12082 INFO rally.task.context [-] Task e4a818be-636b-4582-8c06-6be7e376dbb4 | Context network@openstack cleanup() finished in 17.00 sec
2020-04-10 06:54:38.205 12082 INFO rally.task.context [-] Task e4a818be-636b-4582-8c06-6be7e376dbb4 | Context quotas@openstack cleanup() started
2020-04-10 06:54:38.408 12082 INFO rally.task.context [-] Task e4a818be-636b-4582-8c06-6be7e376dbb4 | Context quotas@openstack cleanup() finished in 0.20 sec
2020-04-10 06:54:38.408 12082 INFO rally.task.context [-] Task e4a818be-636b-4582-8c06-6be7e376dbb4 | Context users@openstack cleanup() started
2020-04-10 06:54:38.531 12082 WARNING rally.common.logging [-] `iterate_per_tenants()' is deprecated in v3.0.0: it is openstack specific.. Used at
2020-04-10 06:54:40.537 12082 INFO rally.task.context [-] Task e4a818be-636b-4582-8c06-6be7e376dbb4 | Context users@openstack cleanup() finished in 2.13 sec
2020-04-10 06:54:41.223 12082 INFO rally.task.engine [-] Load duration is: 499.489923
2020-04-10 06:54:41.224 12082 INFO rally.task.engine [-] Full runner duration is: 508.537671
2020-04-10 06:54:41.224 12082 INFO rally.task.engine [-] Full duration is: 557.878272
2020-04-10 06:54:41.322 12082 INFO rally.task.engine [-] Received aborting signal.
2020-04-10 06:54:41.337 12082 INFO rally.task.engine [-] Task e4a818be-636b-4582-8c06-6be7e376dbb4 | Completed: Running task.
2020-04-10 06:54:42.880 12525 RALLYDEBUG rally.api [-] INFO logs from urllib3 and requests module are hide.
2020-04-10 06:54:42.881 12525 RALLYDEBUG rally.api [-] urllib3 insecure warnings are hidden.
2020-04-10 06:54:42.881 12525 RALLYDEBUG rally.api [-] ERROR log from boto module is hide.
2020-04-10 06:54:44.217 12526 RALLYDEBUG rally.api [-] INFO logs from urllib3 and requests module are hide.
2020-04-10 06:54:44.218 12526 RALLYDEBUG rally.api [-] urllib3 insecure warnings are hidden.
2020-04-10 06:54:44.218 12526 RALLYDEBUG rally.api [-] ERROR log from boto module is hide.
2020-04-10 06:54:45.713 12527 RALLYDEBUG rally.api [-] INFO logs from urllib3 and requests module are hide.
2020-04-10 06:54:45.714 12527 RALLYDEBUG rally.api [-] urllib3 insecure warnings are hidden.
2020-04-10 06:54:45.714 12527 RALLYDEBUG rally.api [-] ERROR log from boto module is hide.
2020-04-10 06:54:47.664 12527 INFO rally.api [-] Building 'json' report for the following task(s): 'e4a818be-636b-4582-8c06-6be7e376dbb4'.
2020-04-10 06:54:47.677 12527 INFO rally.api [-] The report has been successfully built.
2020-04-10 06:54:49.113 12529 RALLYDEBUG rally.api [-] INFO logs from urllib3 and requests module are hide.
2020-04-10 06:54:49.114 12529 RALLYDEBUG rally.api [-] urllib3 insecure warnings are hidden.
2020-04-10 06:54:49.114 12529 RALLYDEBUG rally.api [-] ERROR log from boto module is hide.
2020-04-10 06:54:51.100 12529 INFO rally.task.engine [-] Task 91ba4acf-28a7-45ff-8b03-3a6ad53eac93 | Starting: Task validation.
2020-04-10 06:54:51.114 12529 INFO rally.task.engine [-] Task 91ba4acf-28a7-45ff-8b03-3a6ad53eac93 | Starting: Task validation of syntax.
2020-04-10 06:54:51.170 12529 INFO rally.task.engine [-] Task 91ba4acf-28a7-45ff-8b03-3a6ad53eac93 | Completed: Task validation of syntax.
2020-04-10 06:54:51.170 12529 INFO rally.task.engine [-] Task 91ba4acf-28a7-45ff-8b03-3a6ad53eac93 | Starting: Task validation of required platforms.
2020-04-10 06:54:51.201 12529 INFO rally.task.engine [-] Task 91ba4acf-28a7-45ff-8b03-3a6ad53eac93 | Completed: Task validation of required platforms.
2020-04-10 06:54:51.201 12529 INFO rally.task.engine [-] Task 91ba4acf-28a7-45ff-8b03-3a6ad53eac93 | Starting: Task validation of semantic.
2020-04-10 06:54:51.201 12529 INFO rally.task.engine [-] Check health of the environment 'cc6342ea-1dfd-487f-a3b6-1ea1f52a2133'.
2020-04-10 06:54:51.726 12529 INFO rally.task.engine [-] Platform existing@openstack (available: True): OK!
2020-04-10 06:54:51.737 12529 RALLYDEBUG rally_openstack.contexts.keystone.users [-] Creating 1 tenants using 1 threads
2020-04-10 06:54:52.118 12529 RALLYDEBUG rally_openstack.contexts.keystone.users [-] Creating 1 users using 1 threads
2020-04-10 06:54:52.702 12529 INFO rally.task.context [-] Task 91ba4acf-28a7-45ff-8b03-3a6ad53eac93 | Context users@openstack setup() finished in 0.97 sec
2020-04-10 06:54:52.973 12529 INFO rally.task.context [-] Task 91ba4acf-28a7-45ff-8b03-3a6ad53eac93 | Context users@openstack cleanup() started
2020-04-10 06:54:53.196 12529 WARNING rally.common.logging [-] `iterate_per_tenants()' is deprecated in v3.0.0: it is openstack specific.. Used at
2020-04-10 06:54:54.766 12529 INFO rally.task.context [-] Task 91ba4acf-28a7-45ff-8b03-3a6ad53eac93 | Context users@openstack cleanup() finished in 1.79 sec
2020-04-10 06:54:54.766 12529 INFO rally.task.engine [-] Task 91ba4acf-28a7-45ff-8b03-3a6ad53eac93 | Completed: Task validation of semantic.
2020-04-10 06:54:54.767 12529 INFO rally.task.engine [-] Task 91ba4acf-28a7-45ff-8b03-3a6ad53eac93 | Completed: Task validation.
2020-04-10 06:54:54.767 12529 INFO rally.api [-] Task 91ba4acf-28a7-45ff-8b03-3a6ad53eac93 input file is valid.
2020-04-10 06:54:54.767 12529 INFO rally.api [-] Run Task 91ba4acf-28a7-45ff-8b03-3a6ad53eac93 against Deployment cc6342ea-1dfd-487f-a3b6-1ea1f52a2133
2020-04-10 06:54:54.768 12529 INFO rally.task.engine [-] Task 91ba4acf-28a7-45ff-8b03-3a6ad53eac93 | Starting: Running task.
2020-04-10 06:54:54.821 12529 INFO rally.task.engine [-] Running workload: position = 0 config = { "version": 2, "title": "A cropped version of a bigger task.", "description": "Auto-generated task from a single workload (uuid=7ada1ca1-2fe5-493b-b61f-23962200d15d)", "subtasks": [ { "title": "Quotas.cinder_update_and_delete", "description": "Update and Delete quotas for Cinder.", "scenario": { "Quotas.cinder_update_and_delete": { "max_quota": 1024 } }, "contexts": { "users": { "tenants": 3, "users_per_tenant": 2 }, "api_versions": { "cinder": { "version": 3, "service_type": "volumev3" } } }, "runner": { "constant": { "concurrency": 4, "times": 10 } }, "hooks": [], "sla": { "failure_rate": { "max": 0 } } } ] }
2020-04-10 06:54:54.838 12529 RALLYDEBUG rally_openstack.contexts.keystone.users [-] Creating 3 tenants using 3 threads
2020-04-10 06:54:55.297 12529 RALLYDEBUG rally_openstack.contexts.keystone.users [-] Creating 6 users using 6 threads
2020-04-10 06:54:56.198 12529 INFO rally.task.context [-] Task 91ba4acf-28a7-45ff-8b03-3a6ad53eac93 | Context users@openstack setup() finished in 1.36 sec
2020-04-10 06:54:56.308 12529 INFO rally.task.context [-] Task 91ba4acf-28a7-45ff-8b03-3a6ad53eac93 | Context api_versions@openstack setup() finished in 0.11 sec
2020-04-10 06:54:56.308 12529 INFO rally.task.context [-] Task 91ba4acf-28a7-45ff-8b03-3a6ad53eac93 | Context admin_cleanup@openstack setup() finished in 0.00 msec
2020-04-10 06:54:56.318 12529 RALLYDEBUG rally.task.runner [-] Starting the constant runner (task UUID: 91ba4acf-28a7-45ff-8b03-3a6ad53eac93). times: 10 concurrency: 4 timeout: 0 max_cpu_used: 88 processes_to_start: 4 concurrency_per_worker: 1 concurrency_overhead: 0
2020-04-10 06:54:56.333 12584 RALLYDEBUG rally.task.runner [-] Starting a worker. times: 10 duration: None concurrency: 1 timeout: 0 cls: method_name: run args: {"max_quota": 1024}
2020-04-10 06:54:56.338 12585 RALLYDEBUG rally.task.runner [-] Starting a worker. times: 10 duration: None concurrency: 1 timeout: 0 cls: method_name: run args: {"max_quota": 1024}
2020-04-10 06:54:56.340 12584 INFO rally.task.runner [-] Task 91ba4acf-28a7-45ff-8b03-3a6ad53eac93 | ITER: 1 START
2020-04-10 06:54:56.342 12586 RALLYDEBUG rally.task.runner [-] Starting a worker. times: 10 duration: None concurrency: 1 timeout: 0 cls: method_name: run args: {"max_quota": 1024}
2020-04-10 06:54:56.345 12589 RALLYDEBUG rally.task.runner [-] Starting a worker. times: 10 duration: None concurrency: 1 timeout: 0 cls: method_name: run args: {"max_quota": 1024}
2020-04-10 06:54:56.346 12585 INFO rally.task.runner [-] Task 91ba4acf-28a7-45ff-8b03-3a6ad53eac93 | ITER: 2 START
2020-04-10 06:54:56.349 12586 INFO rally.task.runner [-] Task 91ba4acf-28a7-45ff-8b03-3a6ad53eac93 | ITER: 3 START
2020-04-10 06:54:56.351 12589 INFO rally.task.runner [-] Task 91ba4acf-28a7-45ff-8b03-3a6ad53eac93 | ITER: 4 START
2020-04-10 06:54:56.739 12586 INFO rally.task.runner [-] Task 91ba4acf-28a7-45ff-8b03-3a6ad53eac93 | ITER: 3 END: OK
2020-04-10 06:54:56.744 12586 INFO rally.task.runner [-] Task 91ba4acf-28a7-45ff-8b03-3a6ad53eac93 | ITER: 5 START
2020-04-10 06:54:56.774 12584 INFO rally.task.runner [-] Task 91ba4acf-28a7-45ff-8b03-3a6ad53eac93 | ITER: 1 END: OK
2020-04-10 06:54:56.779 12584 INFO rally.task.runner [-] Task 91ba4acf-28a7-45ff-8b03-3a6ad53eac93 | ITER: 6 START
2020-04-10 06:54:56.791 12585 INFO rally.task.runner [-] Task 91ba4acf-28a7-45ff-8b03-3a6ad53eac93 | ITER: 2 END: OK
2020-04-10 06:54:56.793 12589 INFO rally.task.runner [-] Task 91ba4acf-28a7-45ff-8b03-3a6ad53eac93 | ITER: 4 END: OK
2020-04-10 06:54:56.796 12585 INFO rally.task.runner [-] Task 91ba4acf-28a7-45ff-8b03-3a6ad53eac93 | ITER: 7 START
2020-04-10 06:54:56.797 12589 INFO rally.task.runner [-] Task 91ba4acf-28a7-45ff-8b03-3a6ad53eac93 | ITER: 8 START
2020-04-10 06:54:57.078 12586 INFO rally.task.runner [-] Task 91ba4acf-28a7-45ff-8b03-3a6ad53eac93 | ITER: 5 END: OK
2020-04-10 06:54:57.081 12586 INFO rally.task.runner [-] Task 91ba4acf-28a7-45ff-8b03-3a6ad53eac93 | ITER: 9 START
2020-04-10 06:54:57.128 12585 INFO rally.task.runner [-] Task 91ba4acf-28a7-45ff-8b03-3a6ad53eac93 | ITER: 7 END: OK
2020-04-10 06:54:57.132 12585 INFO rally.task.runner [-] Task 91ba4acf-28a7-45ff-8b03-3a6ad53eac93 | ITER: 10 START
2020-04-10 06:54:57.136 12584 INFO rally.task.runner [-] Task 91ba4acf-28a7-45ff-8b03-3a6ad53eac93 | ITER: 6 END: OK
2020-04-10 06:54:57.144 12589 INFO rally.task.runner [-] Task 91ba4acf-28a7-45ff-8b03-3a6ad53eac93 | ITER: 8 END: OK
2020-04-10 06:54:57.412 12586 INFO rally.task.runner [-] Task 91ba4acf-28a7-45ff-8b03-3a6ad53eac93 | ITER: 9 END: OK
2020-04-10 06:54:57.463 12585 INFO rally.task.runner [-] Task 91ba4acf-28a7-45ff-8b03-3a6ad53eac93 | ITER: 10 END: OK
2020-04-10 06:54:57.487 12529 INFO rally.task.context [-] Task 91ba4acf-28a7-45ff-8b03-3a6ad53eac93 | Context admin_cleanup@openstack cleanup() started
2020-04-10 06:54:57.491 12529 RALLYDEBUG rally_openstack.cleanup.manager [-] Cleaning up cinder quotas objects
2020-04-10 06:54:57.859 12529 INFO rally.task.context [-] Task 91ba4acf-28a7-45ff-8b03-3a6ad53eac93 | Context admin_cleanup@openstack cleanup() finished in 0.37 sec
2020-04-10 06:54:57.861 12529 INFO rally.task.context [-] Task 91ba4acf-28a7-45ff-8b03-3a6ad53eac93 | Context api_versions@openstack cleanup() started
2020-04-10 06:54:57.861 12529 INFO rally.task.context [-] Task 91ba4acf-28a7-45ff-8b03-3a6ad53eac93 | Context api_versions@openstack cleanup() finished in 0.40 msec
2020-04-10 06:54:57.861 12529 INFO rally.task.context [-] Task 91ba4acf-28a7-45ff-8b03-3a6ad53eac93 | Context users@openstack cleanup() started
2020-04-10 06:54:58.054 12529 WARNING rally.common.logging [-] `iterate_per_tenants()' is deprecated in v3.0.0: it is openstack specific.. Used at
2020-04-10 06:55:00.959 12529 INFO rally.task.context [-] Task 91ba4acf-28a7-45ff-8b03-3a6ad53eac93 | Context users@openstack cleanup() finished in 3.10 sec
2020-04-10 06:55:02.918 12529 INFO rally.task.engine [-] Load duration is: 1.122189
2020-04-10 06:55:02.919 12529 INFO rally.task.engine [-] Full runner duration is: 1.168718
2020-04-10 06:55:02.919 12529 INFO rally.task.engine [-] Full duration is: 6.123013
2020-04-10 06:55:03.013 12529 INFO rally.task.engine [-] Running workload: position = 0 config = { "version": 2, "title": "A cropped version of a bigger task.", "description": "Auto-generated task from a single workload (uuid=79d6ba4f-98c8-40ad-81f1-9bae5b955c43)", "subtasks": [ { "title": "Quotas.cinder_update", "description": "Update quotas for Cinder.", "scenario": { "Quotas.cinder_update": { "max_quota": 1024 } }, "contexts": { "users": { "tenants": 3, "users_per_tenant": 2 }, "api_versions": { "cinder": { "version": 3, "service_type": "volumev3" } } }, "runner": { "constant": { "concurrency": 4, "times": 10 } }, "hooks": [], "sla": { "failure_rate": { "max": 0 } } } ] }
2020-04-10 06:55:03.033 12529 RALLYDEBUG rally_openstack.contexts.keystone.users [-] Creating 3 tenants using 3 threads
2020-04-10 06:55:03.511 12529 RALLYDEBUG rally_openstack.contexts.keystone.users [-] Creating 6 users using 6 threads
2020-04-10 06:55:04.535 12529 INFO rally.task.context [-] Task 91ba4acf-28a7-45ff-8b03-3a6ad53eac93 | Context users@openstack setup() finished in 1.50 sec
2020-04-10 06:55:04.666 12529 INFO rally.task.context [-] Task 91ba4acf-28a7-45ff-8b03-3a6ad53eac93 | Context api_versions@openstack setup() finished in 0.13 sec
2020-04-10 06:55:04.667 12529 INFO rally.task.context [-] Task 91ba4acf-28a7-45ff-8b03-3a6ad53eac93 | Context admin_cleanup@openstack setup() finished in 0.14 msec
2020-04-10 06:55:04.678 12529 RALLYDEBUG rally.task.runner [-] Starting the constant runner (task UUID: 91ba4acf-28a7-45ff-8b03-3a6ad53eac93). times: 10 concurrency: 4 timeout: 0 max_cpu_used: 88 processes_to_start: 4 concurrency_per_worker: 1 concurrency_overhead: 0
2020-04-10 06:55:04.689 12677 RALLYDEBUG rally.task.runner [-] Starting a worker. times: 10 duration: None concurrency: 1 timeout: 0 cls: method_name: run args: {"max_quota": 1024}
2020-04-10 06:55:04.692 12678 RALLYDEBUG rally.task.runner [-] Starting a worker. times: 10 duration: None concurrency: 1 timeout: 0 cls: method_name: run args: {"max_quota": 1024}
2020-04-10 06:55:04.696 12677 INFO rally.task.runner [-] Task 91ba4acf-28a7-45ff-8b03-3a6ad53eac93 | ITER: 1 START
2020-04-10 06:55:04.696 12679 RALLYDEBUG rally.task.runner [-] Starting a worker. times: 10 duration: None concurrency: 1 timeout: 0 cls: method_name: run args: {"max_quota": 1024}
2020-04-10 06:55:04.699 12678 INFO rally.task.runner [-] Task 91ba4acf-28a7-45ff-8b03-3a6ad53eac93 | ITER: 2 START
2020-04-10 06:55:04.699 12680 RALLYDEBUG rally.task.runner [-] Starting a worker. times: 10 duration: None concurrency: 1 timeout: 0 cls: method_name: run args: {"max_quota": 1024}
2020-04-10 06:55:04.703 12679 INFO rally.task.runner [-] Task 91ba4acf-28a7-45ff-8b03-3a6ad53eac93 | ITER: 3 START
2020-04-10 06:55:04.706 12680 INFO rally.task.runner [-] Task 91ba4acf-28a7-45ff-8b03-3a6ad53eac93 | ITER: 4 START
2020-04-10 06:55:05.050 12678 INFO rally.task.runner [-] Task 91ba4acf-28a7-45ff-8b03-3a6ad53eac93 | ITER: 2 END: OK
2020-04-10 06:55:05.056 12678 INFO rally.task.runner [-] Task 91ba4acf-28a7-45ff-8b03-3a6ad53eac93 | ITER: 5 START
2020-04-10 06:55:05.082 12677 INFO rally.task.runner [-] Task 91ba4acf-28a7-45ff-8b03-3a6ad53eac93 | ITER: 1 END: OK
2020-04-10 06:55:05.087 12677 INFO rally.task.runner [-] Task 91ba4acf-28a7-45ff-8b03-3a6ad53eac93 | ITER: 6 START
2020-04-10 06:55:05.119 12680 INFO rally.task.runner [-] Task 91ba4acf-28a7-45ff-8b03-3a6ad53eac93 | ITER: 4 END: OK
2020-04-10 06:55:05.124 12679 INFO rally.task.runner [-] Task 91ba4acf-28a7-45ff-8b03-3a6ad53eac93 | ITER: 3 END: OK
2020-04-10 06:55:05.124 12680 INFO rally.task.runner [-] Task 91ba4acf-28a7-45ff-8b03-3a6ad53eac93 | ITER: 7 START
2020-04-10 06:55:05.129 12679 INFO rally.task.runner [-] Task 91ba4acf-28a7-45ff-8b03-3a6ad53eac93 | ITER: 8 START
2020-04-10 06:55:05.337 12678 INFO rally.task.runner [-] Task 91ba4acf-28a7-45ff-8b03-3a6ad53eac93 | ITER: 5 END: OK
2020-04-10 06:55:05.341 12678 INFO rally.task.runner [-] Task 91ba4acf-28a7-45ff-8b03-3a6ad53eac93 | ITER: 9 START
2020-04-10 06:55:05.373 12677 INFO rally.task.runner [-] Task 91ba4acf-28a7-45ff-8b03-3a6ad53eac93 | ITER: 6 END: OK
2020-04-10 06:55:05.376 12677 INFO rally.task.runner [-] Task 91ba4acf-28a7-45ff-8b03-3a6ad53eac93 | ITER: 10 START
2020-04-10 06:55:05.414 12679 INFO rally.task.runner [-] Task 91ba4acf-28a7-45ff-8b03-3a6ad53eac93 | ITER: 8 END: OK
2020-04-10 06:55:05.428 12680 INFO rally.task.runner [-] Task 91ba4acf-28a7-45ff-8b03-3a6ad53eac93 | ITER: 7 END: OK
2020-04-10 06:55:05.612 12678 INFO rally.task.runner [-] Task 91ba4acf-28a7-45ff-8b03-3a6ad53eac93 | ITER: 9 END: OK
2020-04-10 06:55:05.665 12677 INFO rally.task.runner [-] Task 91ba4acf-28a7-45ff-8b03-3a6ad53eac93 | ITER: 10 END: OK
2020-04-10 06:55:05.688 12529 INFO rally.task.context [-] Task 91ba4acf-28a7-45ff-8b03-3a6ad53eac93 | Context admin_cleanup@openstack cleanup() started
2020-04-10 06:55:05.692 12529 RALLYDEBUG rally_openstack.cleanup.manager [-] Cleaning up cinder quotas objects
2020-04-10 06:55:06.030 12529 INFO rally.task.context [-] Task 91ba4acf-28a7-45ff-8b03-3a6ad53eac93 | Context admin_cleanup@openstack cleanup() finished in 0.34 sec
2020-04-10 06:55:06.031 12529 INFO rally.task.context [-] Task 91ba4acf-28a7-45ff-8b03-3a6ad53eac93 | Context api_versions@openstack cleanup() started
2020-04-10 06:55:06.031 12529 INFO rally.task.context [-] Task 91ba4acf-28a7-45ff-8b03-3a6ad53eac93 | Context api_versions@openstack cleanup() finished in 0.38 msec
2020-04-10 06:55:06.031 12529 INFO rally.task.context [-] Task 91ba4acf-28a7-45ff-8b03-3a6ad53eac93 | Context users@openstack cleanup() started
2020-04-10 06:55:06.225 12529 WARNING rally.common.logging [-] `iterate_per_tenants()' is deprecated in v3.0.0: it is openstack specific.. Used at
2020-04-10 06:55:08.917 12529 INFO rally.task.context [-] Task 91ba4acf-28a7-45ff-8b03-3a6ad53eac93 | Context users@openstack cleanup() finished in 2.89 sec
2020-04-10 06:55:09.098 12529 INFO rally.task.engine [-] Load duration is: 0.967736
2020-04-10 06:55:09.098 12529 INFO rally.task.engine [-] Full runner duration is: 1.010674
2020-04-10 06:55:09.099 12529 INFO rally.task.engine [-] Full duration is: 5.88593
2020-04-10 06:55:09.184 12529 INFO rally.task.engine [-] Running workload: position = 0 config = { "version": 2, "title": "A cropped version of a bigger task.", "description": "Auto-generated task from a single workload (uuid=18056e9d-ec48-4f58-bd9f-1f5a61f488fc)", "subtasks": [ { "title": "Quotas.neutron_update", "description": "Update quotas for neutron.", "scenario": { "Quotas.neutron_update": { "max_quota": 1024 } }, "contexts": { "users": { "tenants": 3, "users_per_tenant": 2 } }, "runner": { "constant": { "concurrency": 4, "times": 10 } }, "hooks": [], "sla": { "failure_rate": { "max": 0 } } } ] }
2020-04-10 06:55:09.203 12529 RALLYDEBUG rally_openstack.contexts.keystone.users [-] Creating 3 tenants using 3 threads
2020-04-10 06:55:09.666 12529 RALLYDEBUG rally_openstack.contexts.keystone.users [-] Creating 6 users using 6 threads
2020-04-10 06:55:10.653 12529 INFO rally.task.context [-] Task 91ba4acf-28a7-45ff-8b03-3a6ad53eac93 | Context users@openstack setup() finished in 1.45 sec
2020-04-10 06:55:10.654 12529 INFO rally.task.context [-] Task 91ba4acf-28a7-45ff-8b03-3a6ad53eac93 | Context admin_cleanup@openstack setup() finished in 0.01 msec
2020-04-10 06:55:10.665 12529 RALLYDEBUG rally.task.runner [-] Starting the constant runner (task UUID: 91ba4acf-28a7-45ff-8b03-3a6ad53eac93). times: 10 concurrency: 4 timeout: 0 max_cpu_used: 88 processes_to_start: 4 concurrency_per_worker: 1 concurrency_overhead: 0
2020-04-10 06:55:10.677 12770 RALLYDEBUG rally.task.runner [-] Starting a worker. times: 10 duration: None concurrency: 1 timeout: 0 cls: method_name: run args: {"max_quota": 1024}
2020-04-10 06:55:10.680 12771 RALLYDEBUG rally.task.runner [-] Starting a worker. times: 10 duration: None concurrency: 1 timeout: 0 cls: method_name: run args: {"max_quota": 1024}
2020-04-10 06:55:10.682 12770 INFO rally.task.runner [-] Task 91ba4acf-28a7-45ff-8b03-3a6ad53eac93 | ITER: 1 START
2020-04-10 06:55:10.683 12772 RALLYDEBUG rally.task.runner [-] Starting a worker. times: 10 duration: None concurrency: 1 timeout: 0 cls: method_name: run args: {"max_quota": 1024}
2020-04-10 06:55:10.685 12771 INFO rally.task.runner [-] Task 91ba4acf-28a7-45ff-8b03-3a6ad53eac93 | ITER: 2 START
2020-04-10 06:55:10.687 12775 RALLYDEBUG rally.task.runner [-] Starting a worker. times: 10 duration: None concurrency: 1 timeout: 0 cls: method_name: run args: {"max_quota": 1024}
2020-04-10 06:55:10.690 12772 INFO rally.task.runner [-] Task 91ba4acf-28a7-45ff-8b03-3a6ad53eac93 | ITER: 3 START
2020-04-10 06:55:10.693 12775 INFO rally.task.runner [-] Task 91ba4acf-28a7-45ff-8b03-3a6ad53eac93 | ITER: 4 START
2020-04-10 06:55:11.027 12771 INFO rally.task.runner [-] Task 91ba4acf-28a7-45ff-8b03-3a6ad53eac93 | ITER: 2 END: OK
2020-04-10 06:55:11.032 12771 INFO rally.task.runner [-] Task 91ba4acf-28a7-45ff-8b03-3a6ad53eac93 | ITER: 5 START
2020-04-10 06:55:11.047 12772 INFO rally.task.runner [-] Task 91ba4acf-28a7-45ff-8b03-3a6ad53eac93 | ITER: 3 END: OK
2020-04-10 06:55:11.052 12772 INFO rally.task.runner [-] Task 91ba4acf-28a7-45ff-8b03-3a6ad53eac93 | ITER: 6 START
2020-04-10 06:55:11.072 12770 INFO rally.task.runner [-] Task 91ba4acf-28a7-45ff-8b03-3a6ad53eac93 | ITER: 1 END: OK
2020-04-10 06:55:11.077 12770 INFO rally.task.runner [-] Task 91ba4acf-28a7-45ff-8b03-3a6ad53eac93 | ITER: 7 START
2020-04-10 06:55:11.099 12775 INFO rally.task.runner [-] Task 91ba4acf-28a7-45ff-8b03-3a6ad53eac93 | ITER: 4 END: OK
2020-04-10 06:55:11.105 12775 INFO rally.task.runner [-] Task 91ba4acf-28a7-45ff-8b03-3a6ad53eac93 | ITER: 8 START
2020-04-10 06:55:11.329 12771 INFO rally.task.runner [-] Task 91ba4acf-28a7-45ff-8b03-3a6ad53eac93 | ITER: 5 END: OK
2020-04-10 06:55:11.333 12771 INFO rally.task.runner [-] Task 91ba4acf-28a7-45ff-8b03-3a6ad53eac93 | ITER: 9 START
2020-04-10 06:55:11.358 12772 INFO rally.task.runner [-] Task 91ba4acf-28a7-45ff-8b03-3a6ad53eac93 | ITER: 6 END: OK
2020-04-10 06:55:11.363 12772 INFO rally.task.runner [-] Task 91ba4acf-28a7-45ff-8b03-3a6ad53eac93 | ITER: 10 START
2020-04-10 06:55:11.408 12770 INFO rally.task.runner [-] Task 91ba4acf-28a7-45ff-8b03-3a6ad53eac93 | ITER: 7 END: OK
2020-04-10 06:55:11.416 12775 INFO rally.task.runner [-] Task 91ba4acf-28a7-45ff-8b03-3a6ad53eac93 | ITER: 8 END: OK
2020-04-10 06:55:11.611 12771 INFO rally.task.runner [-] Task 91ba4acf-28a7-45ff-8b03-3a6ad53eac93 | ITER: 9 END: OK
2020-04-10 06:55:11.627 12772 INFO rally.task.runner [-] Task 91ba4acf-28a7-45ff-8b03-3a6ad53eac93 | ITER: 10 END: OK
2020-04-10 06:55:11.650 12529 INFO rally.task.context [-] Task 91ba4acf-28a7-45ff-8b03-3a6ad53eac93 | Context admin_cleanup@openstack cleanup() started
2020-04-10 06:55:11.654 12529 RALLYDEBUG rally_openstack.cleanup.manager [-] Cleaning up neutron quota objects
2020-04-10 06:55:11.974 12529 INFO rally.task.context [-] Task 91ba4acf-28a7-45ff-8b03-3a6ad53eac93 | Context admin_cleanup@openstack cleanup() finished in 0.32 sec
2020-04-10 06:55:11.975 12529 INFO rally.task.context [-] Task 91ba4acf-28a7-45ff-8b03-3a6ad53eac93 | Context users@openstack cleanup() started
2020-04-10 06:55:12.112 12529 WARNING rally.common.logging [-] `iterate_per_tenants()' is deprecated in v3.0.0: it is openstack specific.. Used at
2020-04-10 06:55:14.749 12529 INFO rally.task.context [-] Task 91ba4acf-28a7-45ff-8b03-3a6ad53eac93 | Context users@openstack cleanup() finished in 2.77 sec
2020-04-10 06:55:15.276 12529 INFO rally.task.engine [-] Load duration is: 0.943899
2020-04-10 06:55:15.277 12529 INFO rally.task.engine [-] Full runner duration is: 0.985536
2020-04-10 06:55:15.277 12529 INFO rally.task.engine [-] Full duration is: 5.547651
2020-04-10 06:55:15.366 12529 INFO rally.task.engine [-] Running workload: position = 0 config = { "version": 2, "title": "A cropped version of a bigger task.", "description": "Auto-generated task from a single workload (uuid=c080abe4-93e6-4d19-bce5-43643eff87b8)", "subtasks": [ { "title": "Quotas.nova_update", "description": "Update quotas for Nova.", "scenario": { "Quotas.nova_update": { "max_quota": 1024 } }, "contexts": { "users": { "tenants": 3, "users_per_tenant": 2 } }, "runner": { "constant": { "concurrency": 4, "times": 10 } }, "hooks": [], "sla": { "failure_rate": { "max": 0 } } } ] }
2020-04-10 06:55:15.386 12529 RALLYDEBUG rally_openstack.contexts.keystone.users [-] Creating 3 tenants using 3 threads
2020-04-10 06:55:15.825 12529 RALLYDEBUG rally_openstack.contexts.keystone.users [-] Creating 6 users using 6 threads
2020-04-10 06:55:16.810 12529 INFO rally.task.context [-] Task 91ba4acf-28a7-45ff-8b03-3a6ad53eac93 | Context users@openstack setup() finished in 1.42 sec
2020-04-10 06:55:16.811 12529 INFO rally.task.context [-] Task 91ba4acf-28a7-45ff-8b03-3a6ad53eac93 | Context admin_cleanup@openstack setup() finished in 0.02 msec
2020-04-10 06:55:16.820 12529 RALLYDEBUG rally.task.runner [-] Starting the constant runner (task UUID: 91ba4acf-28a7-45ff-8b03-3a6ad53eac93). times: 10 concurrency: 4 timeout: 0 max_cpu_used: 88 processes_to_start: 4 concurrency_per_worker: 1 concurrency_overhead: 0
2020-04-10 06:55:16.832 12863 RALLYDEBUG rally.task.runner [-] Starting a worker. times: 10 duration: None concurrency: 1 timeout: 0 cls: method_name: run args: {"max_quota": 1024}
2020-04-10 06:55:16.834 12864 RALLYDEBUG rally.task.runner [-] Starting a worker. times: 10 duration: None concurrency: 1 timeout: 0 cls: method_name: run args: {"max_quota": 1024}
2020-04-10 06:55:16.837 12865 RALLYDEBUG rally.task.runner [-] Starting a worker. times: 10 duration: None concurrency: 1 timeout: 0 cls: method_name: run args: {"max_quota": 1024}
2020-04-10 06:55:16.839 12863 INFO rally.task.runner [-] Task 91ba4acf-28a7-45ff-8b03-3a6ad53eac93 | ITER: 1 START
2020-04-10 06:55:16.840 12866 RALLYDEBUG rally.task.runner [-] Starting a worker. times: 10 duration: None concurrency: 1 timeout: 0 cls: method_name: run args: {"max_quota": 1024}
2020-04-10 06:55:16.841 12864 INFO rally.task.runner [-] Task 91ba4acf-28a7-45ff-8b03-3a6ad53eac93 | ITER: 2 START
2020-04-10 06:55:16.844 12865 INFO rally.task.runner [-] Task 91ba4acf-28a7-45ff-8b03-3a6ad53eac93 | ITER: 3 START
2020-04-10 06:55:16.846 12866 INFO rally.task.runner [-] Task 91ba4acf-28a7-45ff-8b03-3a6ad53eac93 | ITER: 4 START
2020-04-10 06:55:17.337 12866 INFO rally.task.runner [-] Task 91ba4acf-28a7-45ff-8b03-3a6ad53eac93 | ITER: 4 END: OK
2020-04-10 06:55:17.342 12866 INFO rally.task.runner [-] Task 91ba4acf-28a7-45ff-8b03-3a6ad53eac93 | ITER: 5 START
2020-04-10 06:55:17.395 12864 INFO rally.task.runner [-] Task 91ba4acf-28a7-45ff-8b03-3a6ad53eac93 | ITER: 2 END: OK
2020-04-10 06:55:17.400 12864 INFO rally.task.runner [-] Task 91ba4acf-28a7-45ff-8b03-3a6ad53eac93 | ITER: 6 START
2020-04-10 06:55:17.437 12865 INFO rally.task.runner [-] Task 91ba4acf-28a7-45ff-8b03-3a6ad53eac93 | ITER: 3 END: OK
2020-04-10 06:55:17.442 12865 INFO rally.task.runner [-] Task 91ba4acf-28a7-45ff-8b03-3a6ad53eac93 | ITER: 7 START
2020-04-10 06:55:17.509 12863 INFO rally.task.runner [-] Task 91ba4acf-28a7-45ff-8b03-3a6ad53eac93 | ITER: 1 END: OK
2020-04-10 06:55:17.513 12863 INFO rally.task.runner [-] Task 91ba4acf-28a7-45ff-8b03-3a6ad53eac93 | ITER: 8 START
2020-04-10 06:55:17.817 12866 INFO rally.task.runner [-] Task 91ba4acf-28a7-45ff-8b03-3a6ad53eac93 | ITER: 5 END: OK
2020-04-10 06:55:17.821 12866 INFO rally.task.runner [-] Task 91ba4acf-28a7-45ff-8b03-3a6ad53eac93 | ITER: 9 START
2020-04-10 06:55:17.918 12864 INFO rally.task.runner [-] Task 91ba4acf-28a7-45ff-8b03-3a6ad53eac93 | ITER: 6 END: OK
2020-04-10 06:55:17.921 12864 INFO rally.task.runner [-] Task 91ba4acf-28a7-45ff-8b03-3a6ad53eac93 | ITER: 10 START
2020-04-10 06:55:17.986 12865 INFO rally.task.runner [-] Task 91ba4acf-28a7-45ff-8b03-3a6ad53eac93 | ITER: 7 END: OK
2020-04-10 06:55:18.009 12863 INFO rally.task.runner [-] Task 91ba4acf-28a7-45ff-8b03-3a6ad53eac93 | ITER: 8 END: OK
2020-04-10 06:55:18.419 12866 INFO rally.task.runner [-] Task 91ba4acf-28a7-45ff-8b03-3a6ad53eac93 | ITER: 9 END: OK
2020-04-10 06:55:18.483 12864 INFO rally.task.runner [-] Task 91ba4acf-28a7-45ff-8b03-3a6ad53eac93 | ITER: 10 END: OK
2020-04-10 06:55:18.507 12529 INFO rally.task.context [-] Task 91ba4acf-28a7-45ff-8b03-3a6ad53eac93 | Context admin_cleanup@openstack cleanup() started
2020-04-10 06:55:18.512 12529 RALLYDEBUG rally_openstack.cleanup.manager [-] Cleaning up nova quotas objects
2020-04-10 06:55:18.817 12529 INFO rally.task.context [-] Task 91ba4acf-28a7-45ff-8b03-3a6ad53eac93 | Context admin_cleanup@openstack cleanup() finished in 0.31 sec
2020-04-10 06:55:18.818 12529 INFO rally.task.context [-] Task 91ba4acf-28a7-45ff-8b03-3a6ad53eac93 | Context users@openstack cleanup() started
2020-04-10 06:55:19.013 12529 WARNING rally.common.logging [-] `iterate_per_tenants()' is deprecated in v3.0.0: it is openstack specific.. Used at
2020-04-10 06:55:22.433 12529 INFO rally.task.context [-] Task 91ba4acf-28a7-45ff-8b03-3a6ad53eac93 | Context users@openstack cleanup() finished in 3.62 sec
2020-04-10 06:55:23.473 12529 INFO rally.task.engine [-] Load duration is: 1.642288
2020-04-10 06:55:23.473 12529 INFO rally.task.engine [-] Full runner duration is: 1.687284
2020-04-10 06:55:23.474 12529 INFO rally.task.engine [-] Full duration is: 7.048654
2020-04-10 06:55:23.546 12529 INFO rally.task.engine [-] Task 91ba4acf-28a7-45ff-8b03-3a6ad53eac93 | Completed: Running task.
2020-04-10 06:55:25.108 12945 RALLYDEBUG rally.api [-] INFO logs from urllib3 and requests module are hide.
2020-04-10 06:55:25.109 12945 RALLYDEBUG rally.api [-] urllib3 insecure warnings are hidden.
2020-04-10 06:55:25.109 12945 RALLYDEBUG rally.api [-] ERROR log from boto module is hide.
2020-04-10 06:55:26.581 12946 RALLYDEBUG rally.api [-] INFO logs from urllib3 and requests module are hide.
2020-04-10 06:55:26.581 12946 RALLYDEBUG rally.api [-] urllib3 insecure warnings are hidden.
2020-04-10 06:55:26.582 12946 RALLYDEBUG rally.api [-] ERROR log from boto module is hide.
2020-04-10 06:55:28.034 12947 RALLYDEBUG rally.api [-] INFO logs from urllib3 and requests module are hide.
2020-04-10 06:55:28.034 12947 RALLYDEBUG rally.api [-] urllib3 insecure warnings are hidden.
2020-04-10 06:55:28.034 12947 RALLYDEBUG rally.api [-] ERROR log from boto module is hide.
2020-04-10 06:55:29.912 12947 INFO rally.api [-] Building 'json' report for the following task(s): '91ba4acf-28a7-45ff-8b03-3a6ad53eac93'.
2020-04-10 06:55:29.925 12947 INFO rally.api [-] The report has been successfully built.
2020-04-10 06:55:31.354 12949 RALLYDEBUG rally.api [-] INFO logs from urllib3 and requests module are hide.
2020-04-10 06:55:31.355 12949 RALLYDEBUG rally.api [-] urllib3 insecure warnings are hidden.
2020-04-10 06:55:31.355 12949 RALLYDEBUG rally.api [-] ERROR log from boto module is hide.
2020-04-10 06:55:33.448 12949 INFO rally.task.engine [-] Task 2b8583d4-6997-465a-afa0-45eeeebc809f | Starting: Task validation.
2020-04-10 06:55:33.462 12949 INFO rally.task.engine [-] Task 2b8583d4-6997-465a-afa0-45eeeebc809f | Starting: Task validation of syntax.
2020-04-10 06:55:33.559 12949 INFO rally.task.engine [-] Task 2b8583d4-6997-465a-afa0-45eeeebc809f | Completed: Task validation of syntax.
2020-04-10 06:55:33.559 12949 INFO rally.task.engine [-] Task 2b8583d4-6997-465a-afa0-45eeeebc809f | Starting: Task validation of required platforms.
2020-04-10 06:55:33.605 12949 INFO rally.task.engine [-] Task 2b8583d4-6997-465a-afa0-45eeeebc809f | Completed: Task validation of required platforms.
2020-04-10 06:55:33.606 12949 INFO rally.task.engine [-] Task 2b8583d4-6997-465a-afa0-45eeeebc809f | Starting: Task validation of semantic.
2020-04-10 06:55:33.606 12949 INFO rally.task.engine [-] Check health of the environment 'cc6342ea-1dfd-487f-a3b6-1ea1f52a2133'.
2020-04-10 06:55:34.136 12949 INFO rally.task.engine [-] Platform existing@openstack (available: True): OK!
2020-04-10 06:55:34.148 12949 RALLYDEBUG rally_openstack.contexts.keystone.users [-] Creating 1 tenants using 1 threads
2020-04-10 06:55:34.512 12949 RALLYDEBUG rally_openstack.contexts.keystone.users [-] Creating 1 users using 1 threads
2020-04-10 06:55:35.072 12949 INFO rally.task.context [-] Task 2b8583d4-6997-465a-afa0-45eeeebc809f | Context users@openstack setup() finished in 0.92 sec
2020-04-10 06:55:35.385 12949 INFO rally.task.context [-] Task 2b8583d4-6997-465a-afa0-45eeeebc809f | Context users@openstack cleanup() started
2020-04-10 06:55:35.577 12949 WARNING rally.common.logging [-] `iterate_per_tenants()' is deprecated in v3.0.0: it is openstack specific.. Used at
2020-04-10 06:55:36.909 12949 INFO rally.task.context [-] Task 2b8583d4-6997-465a-afa0-45eeeebc809f | Context users@openstack cleanup() finished in 1.52 sec
2020-04-10 06:55:36.910 12949 INFO rally.task.engine [-] Task 2b8583d4-6997-465a-afa0-45eeeebc809f | Completed: Task validation of semantic.
2020-04-10 06:55:36.910 12949 INFO rally.task.engine [-] Task 2b8583d4-6997-465a-afa0-45eeeebc809f | Completed: Task validation.
2020-04-10 06:55:36.910 12949 INFO rally.api [-] Task 2b8583d4-6997-465a-afa0-45eeeebc809f input file is valid.
2020-04-10 06:55:36.911 12949 INFO rally.api [-] Run Task 2b8583d4-6997-465a-afa0-45eeeebc809f against Deployment cc6342ea-1dfd-487f-a3b6-1ea1f52a2133
2020-04-10 06:55:36.911 12949 INFO rally.task.engine [-] Task 2b8583d4-6997-465a-afa0-45eeeebc809f | Starting: Running task.
