2020-04-10 06:27:03.652 4039 INFO rally.task.runner [-] Task 5d972f25-35dd-49c1-a6d1-6e1e54fe1678 | ITER: 8 END: OK
2020-04-10 06:27:03.793 4038 INFO rally.task.runner [-] Task 5d972f25-35dd-49c1-a6d1-6e1e54fe1678 | ITER: 9 END: OK
2020-04-10 06:27:03.820 4037 INFO rally.task.runner [-] Task 5d972f25-35dd-49c1-a6d1-6e1e54fe1678 | ITER: 10 END: OK
2020-04-10 06:27:03.874 4036 INFO rally.task.runner [-] Task 5d972f25-35dd-49c1-a6d1-6e1e54fe1678 | ITER: 7 END: OK
2020-04-10 06:27:03.893 1333 INFO rally.task.context [-] Task 5d972f25-35dd-49c1-a6d1-6e1e54fe1678 | Context admin_cleanup@openstack cleanup() started
2020-04-10 06:27:03.898 1333 RALLYDEBUG rally_openstack.cleanup.manager [-] Cleaning up cinder volume_types objects
2020-04-10 06:27:04.074 1333 RALLYDEBUG rally_openstack.cleanup.manager [-] Cleaning up cinder image_volumes_cache objects
2020-04-10 06:27:04.425 1333 RALLYDEBUG rally_openstack.cleanup.manager [-] Cleaning up cinder quotas objects
2020-04-10 06:27:04.771 1333 RALLYDEBUG rally_openstack.cleanup.manager [-] Cleaning up cinder qos_specs objects
2020-04-10 06:27:05.043 1333 RALLYDEBUG rally_openstack.cleanup.manager [-] Deleting cinder.qos_specs object s_rally_1d48ed50_q1l2PWt7 (f18803ad-f44e-4819-acac-a18502213864)
2020-04-10 06:27:05.060 1333 RALLYDEBUG rally_openstack.cleanup.manager [-] Deleting cinder.qos_specs object s_rally_1d48ed50_1GoyuZH4 (99ef8230-05ff-4c35-85ed-695686cb95f8)
2020-04-10 06:27:05.060 1333 RALLYDEBUG rally_openstack.cleanup.manager [-] Deleting cinder.qos_specs object s_rally_1d48ed50_B1uRW5g8 (eec413fa-a687-4a9f-8b00-ec7c6520a589)
2020-04-10 06:27:05.076 1333 RALLYDEBUG rally_openstack.cleanup.manager [-] Deleting cinder.qos_specs object s_rally_1d48ed50_JpdJmmml (434ceb7e-55bb-46c1-8b34-955e1e3c4dcf)
2020-04-10 06:27:05.071 1333 RALLYDEBUG rally_openstack.cleanup.manager [-] Deleting cinder.qos_specs object s_rally_1d48ed50_MV2PFt1s (7363536e-9753-4801-9c73-3f91f35354f0)
2020-04-10 06:27:05.083 1333 RALLYDEBUG rally_openstack.cleanup.manager [-] Deleting cinder.qos_specs object s_rally_1d48ed50_dSKDsR3Y (1e2f086b-03e0-44bd-8d0c-94af0f00bc59)
2020-04-10 06:27:05.106 1333 RALLYDEBUG rally_openstack.cleanup.manager [-] Deleting cinder.qos_specs object s_rally_1d48ed50_arI7C3ob (ac29107a-d979-439b-b3f1-e232b63a96d7)
2020-04-10 06:27:05.100 1333 RALLYDEBUG rally_openstack.cleanup.manager [-] Deleting cinder.qos_specs object s_rally_1d48ed50_N11kH1Tq (c8bc1582-1bf1-4687-a7db-5b54c9cf1561)
2020-04-10 06:27:05.118 1333 RALLYDEBUG rally_openstack.cleanup.manager [-] Deleting cinder.qos_specs object s_rally_1d48ed50_Q2GhFnK9 (99084ee2-2377-450d-a9c8-b2bf2ea3f83a)
2020-04-10 06:27:05.145 1333 RALLYDEBUG rally_openstack.cleanup.manager [-] Deleting cinder.qos_specs object s_rally_1d48ed50_kRamo7J4 (4bef1b0b-1d36-4014-a46b-a843cac1dabb)
2020-04-10 06:27:06.530 1333 INFO rally.task.context [-] Task 5d972f25-35dd-49c1-a6d1-6e1e54fe1678 | Context admin_cleanup@openstack cleanup() finished in 2.64 sec
2020-04-10 06:27:06.531 1333 INFO rally.task.context [-] Task 5d972f25-35dd-49c1-a6d1-6e1e54fe1678 | Context api_versions@openstack cleanup() started
2020-04-10 06:27:06.531 1333 INFO rally.task.context [-] Task 5d972f25-35dd-49c1-a6d1-6e1e54fe1678 | Context api_versions@openstack cleanup() finished in 0.38 msec
2020-04-10 06:27:06.532 1333 INFO rally.task.context [-] Task 5d972f25-35dd-49c1-a6d1-6e1e54fe1678 | Context users@openstack cleanup() started
2020-04-10 06:27:06.728 1333 WARNING rally.common.logging [-] `iterate_per_tenants()' is deprecated in v3.0.0: it is openstack specific.. Used at
2020-04-10 06:27:09.961 1333 INFO rally.task.context [-] Task 5d972f25-35dd-49c1-a6d1-6e1e54fe1678 | Context users@openstack cleanup() finished in 3.43 sec
2020-04-10 06:27:11.679 1333 INFO rally.task.engine [-] Load duration is: 0.675025
2020-04-10 06:27:11.680 1333 INFO rally.task.engine [-] Full runner duration is: 0.722557
2020-04-10 06:27:11.680 1333 INFO rally.task.engine [-] Full duration is: 8.359519
2020-04-10 06:27:11.762 1333 INFO rally.task.engine [-] Running workload: position = 0 config = { "version": 2, "title": "A cropped version of a bigger task.", "description": "Auto-generated task from a single workload (uuid=2255474e-4bc1-4780-b067-7aac51909209)", "subtasks": [ { "title": "CinderQos.create_and_list_qos", "description": "Create a qos, then list all qos.", "scenario": { "CinderQos.create_and_list_qos": { "consumer": "both", "write_iops_sec": "10", "read_iops_sec": "1000" } }, "contexts": { "users": { "tenants": 3, "users_per_tenant": 2 }, "api_versions": { "cinder": { "version": 3, "service_type": "volumev3" } } }, "runner": { "constant": { "concurrency": 4, "times": 10 } }, "hooks": [], "sla": { "failure_rate": { "max": 0 } } } ] }
2020-04-10 06:27:11.781 1333 RALLYDEBUG rally_openstack.contexts.keystone.users [-] Creating 3 tenants using 3 threads
2020-04-10 06:27:12.321 1333 RALLYDEBUG rally_openstack.contexts.keystone.users [-] Creating 6 users using 6 threads
2020-04-10 06:27:13.443 1333 INFO rally.task.context [-] Task 5d972f25-35dd-49c1-a6d1-6e1e54fe1678 | Context users@openstack setup() finished in 1.66 sec
2020-04-10 06:27:13.606 1333 INFO rally.task.context [-] Task 5d972f25-35dd-49c1-a6d1-6e1e54fe1678 | Context api_versions@openstack setup() finished in 0.16 sec
2020-04-10 06:27:13.607 1333 INFO rally.task.context [-] Task 5d972f25-35dd-49c1-a6d1-6e1e54fe1678 | Context admin_cleanup@openstack setup() finished in 0.00 msec
2020-04-10 06:27:13.617 1333 RALLYDEBUG rally.task.runner [-] Starting the constant runner (task UUID: 5d972f25-35dd-49c1-a6d1-6e1e54fe1678). times: 10 concurrency: 4 timeout: 0 max_cpu_used: 88 processes_to_start: 4 concurrency_per_worker: 1 concurrency_overhead: 0
2020-04-10 06:27:13.629 4189 RALLYDEBUG rally.task.runner [-] Starting a worker. times: 10 duration: None concurrency: 1 timeout: 0 cls: method_name: run args: {"consumer": "both", "write_iops_sec": "10", "read_iops_sec": "1000"}
2020-04-10 06:27:13.631 4190 RALLYDEBUG rally.task.runner [-] Starting a worker. times: 10 duration: None concurrency: 1 timeout: 0 cls: method_name: run args: {"consumer": "both", "write_iops_sec": "10", "read_iops_sec": "1000"}
2020-04-10 06:27:13.634 4191 RALLYDEBUG rally.task.runner [-] Starting a worker. times: 10 duration: None concurrency: 1 timeout: 0 cls: method_name: run args: {"consumer": "both", "write_iops_sec": "10", "read_iops_sec": "1000"}
2020-04-10 06:27:13.637 4189 INFO rally.task.runner [-] Task 5d972f25-35dd-49c1-a6d1-6e1e54fe1678 | ITER: 1 START
2020-04-10 06:27:13.637 4190 INFO rally.task.runner [-] Task 5d972f25-35dd-49c1-a6d1-6e1e54fe1678 | ITER: 2 START
2020-04-10 06:27:13.636 4192 RALLYDEBUG rally.task.runner [-] Starting a worker. times: 10 duration: None concurrency: 1 timeout: 0 cls: method_name: run args: {"consumer": "both", "write_iops_sec": "10", "read_iops_sec": "1000"}
2020-04-10 06:27:13.639 4191 INFO rally.task.runner [-] Task 5d972f25-35dd-49c1-a6d1-6e1e54fe1678 | ITER: 3 START
2020-04-10 06:27:13.643 4192 INFO rally.task.runner [-] Task 5d972f25-35dd-49c1-a6d1-6e1e54fe1678 | ITER: 4 START
2020-04-10 06:27:13.885 4192 INFO rally.task.runner [-] Task 5d972f25-35dd-49c1-a6d1-6e1e54fe1678 | ITER: 4 END: OK
2020-04-10 06:27:13.889 4192 INFO rally.task.runner [-] Task 5d972f25-35dd-49c1-a6d1-6e1e54fe1678 | ITER: 5 START
2020-04-10 06:27:13.892 4190 INFO rally.task.runner [-] Task 5d972f25-35dd-49c1-a6d1-6e1e54fe1678 | ITER: 2 END: OK
2020-04-10 06:27:13.895 4191 INFO rally.task.runner [-] Task 5d972f25-35dd-49c1-a6d1-6e1e54fe1678 | ITER: 3 END: OK
2020-04-10 06:27:13.897 4190 INFO rally.task.runner [-] Task 5d972f25-35dd-49c1-a6d1-6e1e54fe1678 | ITER: 6 START
2020-04-10 06:27:13.898 4189 INFO rally.task.runner [-] Task 5d972f25-35dd-49c1-a6d1-6e1e54fe1678 | ITER: 1 END: OK
2020-04-10 06:27:13.900 4191 INFO rally.task.runner [-] Task 5d972f25-35dd-49c1-a6d1-6e1e54fe1678 | ITER: 7 START
2020-04-10 06:27:13.902 4189 INFO rally.task.runner [-] Task 5d972f25-35dd-49c1-a6d1-6e1e54fe1678 | ITER: 8 START
2020-04-10 06:27:14.076 4192 INFO rally.task.runner [-] Task 5d972f25-35dd-49c1-a6d1-6e1e54fe1678 | ITER: 5 END: OK
2020-04-10 06:27:14.080 4192 INFO rally.task.runner [-] Task 5d972f25-35dd-49c1-a6d1-6e1e54fe1678 | ITER: 9 START
2020-04-10 06:27:14.086 4191 INFO rally.task.runner [-] Task 5d972f25-35dd-49c1-a6d1-6e1e54fe1678 | ITER: 7 END: OK
2020-04-10 06:27:14.091 4191 INFO rally.task.runner [-] Task 5d972f25-35dd-49c1-a6d1-6e1e54fe1678 | ITER: 10 START
2020-04-10 06:27:14.094 4190 INFO rally.task.runner [-] Task 5d972f25-35dd-49c1-a6d1-6e1e54fe1678 | ITER: 6 END: OK
2020-04-10 06:27:14.098 4189 INFO rally.task.runner [-] Task 5d972f25-35dd-49c1-a6d1-6e1e54fe1678 | ITER: 8 END: OK
2020-04-10 06:27:14.286 4192 INFO rally.task.runner [-] Task 5d972f25-35dd-49c1-a6d1-6e1e54fe1678 | ITER: 9 END: OK
2020-04-10 06:27:14.295 4191 INFO rally.task.runner [-] Task 5d972f25-35dd-49c1-a6d1-6e1e54fe1678 | ITER: 10 END: OK
2020-04-10 06:27:14.326 1333 INFO rally.task.context [-] Task 5d972f25-35dd-49c1-a6d1-6e1e54fe1678 | Context admin_cleanup@openstack cleanup() started
2020-04-10 06:27:14.330 1333 RALLYDEBUG rally_openstack.cleanup.manager [-] Cleaning up cinder volume_types objects
2020-04-10 06:27:14.498 1333 RALLYDEBUG rally_openstack.cleanup.manager [-] Cleaning up cinder image_volumes_cache objects
2020-04-10 06:27:14.822 1333 RALLYDEBUG rally_openstack.cleanup.manager [-] Cleaning up cinder quotas objects
2020-04-10 06:27:15.131 1333 RALLYDEBUG rally_openstack.cleanup.manager [-] Cleaning up cinder qos_specs objects
2020-04-10 06:27:15.283 1333 RALLYDEBUG rally_openstack.cleanup.manager [-] Deleting cinder.qos_specs object s_rally_2255474e_QcmPFUxG (c9083dac-5587-40b2-8d46-2892be4cebaa)
2020-04-10 06:27:15.285 1333 RALLYDEBUG rally_openstack.cleanup.manager [-] Deleting cinder.qos_specs object s_rally_2255474e_c0VTVdBJ (d8aa3cfb-80fa-4fa8-b3c0-c7e38a5d21c9)
2020-04-10 06:27:15.307 1333 RALLYDEBUG rally_openstack.cleanup.manager [-] Deleting cinder.qos_specs object s_rally_2255474e_Kt0RbZVe (73cfb102-bdc2-4a67-aa20-5fec9127c368)
2020-04-10 06:27:15.321 1333 RALLYDEBUG rally_openstack.cleanup.manager [-] Deleting cinder.qos_specs object s_rally_2255474e_WsXfqJ63 (4ce0dd0f-d49f-43cd-bfcc-97283a1d4366)
2020-04-10 06:27:15.332 1333 RALLYDEBUG rally_openstack.cleanup.manager [-] Deleting cinder.qos_specs object s_rally_2255474e_d765Njmn (2498e29a-e4bc-4dcf-a9a4-bb47330ab26f)
2020-04-10 06:27:15.338 1333 RALLYDEBUG rally_openstack.cleanup.manager [-] Deleting cinder.qos_specs object s_rally_2255474e_jPc5agVe (1a3e68d0-808a-4300-9f2b-8b619969b88c)
2020-04-10 06:27:15.345 1333 RALLYDEBUG rally_openstack.cleanup.manager [-] Deleting cinder.qos_specs object s_rally_2255474e_wI1IxH12 (2572d185-3519-44d5-89ef-23281271bf34)
2020-04-10 06:27:15.352 1333 RALLYDEBUG rally_openstack.cleanup.manager [-] Deleting cinder.qos_specs object s_rally_2255474e_6UreYWLn (16d4e5ea-7b23-438f-a78f-7cc447f9726b)
2020-04-10 06:27:15.383 1333 RALLYDEBUG rally_openstack.cleanup.manager [-] Deleting cinder.qos_specs object s_rally_2255474e_Wmu7faVv (1340a32d-5909-4b3d-bd39-368e471dbfd6)
2020-04-10 06:27:15.395 1333 RALLYDEBUG rally_openstack.cleanup.manager [-] Deleting cinder.qos_specs object s_rally_2255474e_5YI12C8S (070a951f-a457-4d30-867d-e6214b65c296)
2020-04-10 06:27:16.769 1333 INFO rally.task.context [-] Task 5d972f25-35dd-49c1-a6d1-6e1e54fe1678 | Context admin_cleanup@openstack cleanup() finished in 2.44 sec
2020-04-10 06:27:16.770 1333 INFO rally.task.context [-] Task 5d972f25-35dd-49c1-a6d1-6e1e54fe1678 | Context api_versions@openstack cleanup() started
2020-04-10 06:27:16.770 1333 INFO rally.task.context [-] Task 5d972f25-35dd-49c1-a6d1-6e1e54fe1678 | Context api_versions@openstack cleanup() finished in 0.36 msec
2020-04-10 06:27:16.770 1333 INFO rally.task.context [-] Task 5d972f25-35dd-49c1-a6d1-6e1e54fe1678 | Context users@openstack cleanup() started
2020-04-10 06:27:16.967 1333 WARNING rally.common.logging [-] `iterate_per_tenants()' is deprecated in v3.0.0: it is openstack specific.. Used at
2020-04-10 06:27:22.573 1333 INFO rally.task.context [-] Task 5d972f25-35dd-49c1-a6d1-6e1e54fe1678 | Context users@openstack cleanup() finished in 5.80 sec
2020-04-10 06:27:23.877 1333 INFO rally.task.engine [-] Load duration is: 0.654145
2020-04-10 06:27:23.878 1333 INFO rally.task.engine [-] Full runner duration is: 0.708555
2020-04-10 06:27:23.878 1333 INFO rally.task.engine [-] Full duration is: 10.7952
2020-04-10 06:27:23.974 1333 INFO rally.task.engine [-] Running workload: position = 0 config = { "version": 2, "title": "A cropped version of a bigger task.", "description": "Auto-generated task from a single workload (uuid=23d49047-5bda-4728-84d6-4016da344f5a)", "subtasks": [ { "title": "CinderQos.create_and_set_qos", "description": "Create a qos, then Add/Update keys in qos specs.", "scenario": { "CinderQos.create_and_set_qos": { "consumer": "back-end", "write_iops_sec": "10", "read_iops_sec": "1000", "set_consumer": "both", "set_write_iops_sec": "11", "set_read_iops_sec": "1001" } }, "contexts": { "users": { "tenants": 3, "users_per_tenant": 2 }, "api_versions": { "cinder": { "version": 3, "service_type": "volumev3" } } }, "runner": { "constant": { "concurrency": 4, "times": 10 } }, "hooks": [], "sla": { "failure_rate": { "max": 0 } } } ] }
2020-04-10 06:27:23.996 1333 RALLYDEBUG rally_openstack.contexts.keystone.users [-] Creating 3 tenants using 3 threads
2020-04-10 06:27:24.494 1333 RALLYDEBUG rally_openstack.contexts.keystone.users [-] Creating 6 users using 6 threads
2020-04-10 06:27:25.483 1333 INFO rally.task.context [-] Task 5d972f25-35dd-49c1-a6d1-6e1e54fe1678 | Context users@openstack setup() finished in 1.49 sec
2020-04-10 06:27:25.757 1333 INFO rally.task.context [-] Task 5d972f25-35dd-49c1-a6d1-6e1e54fe1678 | Context api_versions@openstack setup() finished in 0.27 sec
2020-04-10 06:27:25.757 1333 INFO rally.task.context [-] Task 5d972f25-35dd-49c1-a6d1-6e1e54fe1678 | Context admin_cleanup@openstack setup() finished in 0.01 msec
2020-04-10 06:27:25.766 1333 RALLYDEBUG rally.task.runner [-] Starting the constant runner (task UUID: 5d972f25-35dd-49c1-a6d1-6e1e54fe1678). times: 10 concurrency: 4 timeout: 0 max_cpu_used: 88 processes_to_start: 4 concurrency_per_worker: 1 concurrency_overhead: 0
2020-04-10 06:27:25.780 4342 RALLYDEBUG rally.task.runner [-] Starting a worker. times: 10 duration: None concurrency: 1 timeout: 0 cls: method_name: run args: {"consumer": "back-end", "write_iops_sec": "10", "read_iops_sec": "1000", "set_consumer": "both", "set_write_iops_sec": "11", "set_read_iops_sec": "1001"}
2020-04-10 06:27:25.783 4343 RALLYDEBUG rally.task.runner [-] Starting a worker. times: 10 duration: None concurrency: 1 timeout: 0 cls: method_name: run args: {"consumer": "back-end", "write_iops_sec": "10", "read_iops_sec": "1000", "set_consumer": "both", "set_write_iops_sec": "11", "set_read_iops_sec": "1001"}
2020-04-10 06:27:25.785 4342 INFO rally.task.runner [-] Task 5d972f25-35dd-49c1-a6d1-6e1e54fe1678 | ITER: 1 START
2020-04-10 06:27:25.786 4344 RALLYDEBUG rally.task.runner [-] Starting a worker. times: 10 duration: None concurrency: 1 timeout: 0 cls: method_name: run args: {"consumer": "back-end", "write_iops_sec": "10", "read_iops_sec": "1000", "set_consumer": "both", "set_write_iops_sec": "11", "set_read_iops_sec": "1001"}
2020-04-10 06:27:25.789 4343 INFO rally.task.runner [-] Task 5d972f25-35dd-49c1-a6d1-6e1e54fe1678 | ITER: 2 START
2020-04-10 06:27:25.790 4347 RALLYDEBUG rally.task.runner [-] Starting a worker. times: 10 duration: None concurrency: 1 timeout: 0 cls: method_name: run args: {"consumer": "back-end", "write_iops_sec": "10", "read_iops_sec": "1000", "set_consumer": "both", "set_write_iops_sec": "11", "set_read_iops_sec": "1001"}
2020-04-10 06:27:25.793 4344 INFO rally.task.runner [-] Task 5d972f25-35dd-49c1-a6d1-6e1e54fe1678 | ITER: 3 START
2020-04-10 06:27:25.795 4347 INFO rally.task.runner [-] Task 5d972f25-35dd-49c1-a6d1-6e1e54fe1678 | ITER: 4 START
2020-04-10 06:27:26.050 4343 INFO rally.task.runner [-] Task 5d972f25-35dd-49c1-a6d1-6e1e54fe1678 | ITER: 2 END: OK
2020-04-10 06:27:26.054 4343 INFO rally.task.runner [-] Task 5d972f25-35dd-49c1-a6d1-6e1e54fe1678 | ITER: 5 START
2020-04-10 06:27:26.067 4347 INFO rally.task.runner [-] Task 5d972f25-35dd-49c1-a6d1-6e1e54fe1678 | ITER: 4 END: OK
2020-04-10 06:27:26.073 4347 INFO rally.task.runner [-] Task 5d972f25-35dd-49c1-a6d1-6e1e54fe1678 | ITER: 6 START
2020-04-10 06:27:26.084 4342 INFO rally.task.runner [-] Task 5d972f25-35dd-49c1-a6d1-6e1e54fe1678 | ITER: 1 END: OK
2020-04-10 06:27:26.084 4344 INFO rally.task.runner [-] Task 5d972f25-35dd-49c1-a6d1-6e1e54fe1678 | ITER: 3 END: OK
2020-04-10 06:27:26.089 4342 INFO rally.task.runner [-] Task 5d972f25-35dd-49c1-a6d1-6e1e54fe1678 | ITER: 8 START
2020-04-10 06:27:26.090 4344 INFO rally.task.runner [-] Task 5d972f25-35dd-49c1-a6d1-6e1e54fe1678 | ITER: 7 START
2020-04-10 06:27:26.255 4343 INFO rally.task.runner [-] Task 5d972f25-35dd-49c1-a6d1-6e1e54fe1678 | ITER: 5 END: OK
2020-04-10 06:27:26.260 4343 INFO rally.task.runner [-] Task 5d972f25-35dd-49c1-a6d1-6e1e54fe1678 | ITER: 9 START
2020-04-10 06:27:26.277 4347 INFO rally.task.runner [-] Task 5d972f25-35dd-49c1-a6d1-6e1e54fe1678 | ITER: 6 END: OK
2020-04-10 06:27:26.282 4347 INFO rally.task.runner [-] Task 5d972f25-35dd-49c1-a6d1-6e1e54fe1678 | ITER: 10 START
2020-04-10 06:27:26.285 4342 INFO rally.task.runner [-] Task 5d972f25-35dd-49c1-a6d1-6e1e54fe1678 | ITER: 8 END: OK
2020-04-10 06:27:26.293 4344 INFO rally.task.runner [-] Task 5d972f25-35dd-49c1-a6d1-6e1e54fe1678 | ITER: 7 END: OK
2020-04-10 06:27:26.477 4343 INFO rally.task.runner [-] Task 5d972f25-35dd-49c1-a6d1-6e1e54fe1678 | ITER: 9 END: OK
2020-04-10 06:27:26.493 4347 INFO rally.task.runner [-] Task 5d972f25-35dd-49c1-a6d1-6e1e54fe1678 | ITER: 10 END: OK
2020-04-10 06:27:26.517 1333 INFO rally.task.context [-] Task 5d972f25-35dd-49c1-a6d1-6e1e54fe1678 | Context admin_cleanup@openstack cleanup() started
2020-04-10 06:27:26.522 1333 RALLYDEBUG rally_openstack.cleanup.manager [-] Cleaning up cinder volume_types objects
2020-04-10 06:27:26.705 1333 RALLYDEBUG rally_openstack.cleanup.manager [-] Cleaning up cinder image_volumes_cache objects
2020-04-10 06:27:27.031 1333 RALLYDEBUG rally_openstack.cleanup.manager [-] Cleaning up cinder quotas objects
2020-04-10 06:27:27.363 1333 RALLYDEBUG rally_openstack.cleanup.manager [-] Cleaning up cinder qos_specs objects
2020-04-10 06:27:27.533 1333 RALLYDEBUG rally_openstack.cleanup.manager [-] Deleting cinder.qos_specs object s_rally_23d49047_MriM6gKA (e580979b-71d2-4fbb-ae72-12260c9f9eed)
2020-04-10 06:27:27.539 1333 RALLYDEBUG rally_openstack.cleanup.manager [-] Deleting cinder.qos_specs object s_rally_23d49047_4z1BYQpa (c3d1ef06-c8a3-4ba8-bddc-9e04a4851586)
2020-04-10 06:27:27.539 1333 RALLYDEBUG rally_openstack.cleanup.manager [-] Deleting cinder.qos_specs object s_rally_23d49047_56vwCXsE (fc39de30-8821-4534-b19c-5ec2accd3bf3)
2020-04-10 06:27:27.557 1333 RALLYDEBUG rally_openstack.cleanup.manager [-] Deleting cinder.qos_specs object s_rally_23d49047_PHQBbCQG (be559c34-1b93-44eb-be4d-26eb74bc91fd)
2020-04-10 06:27:27.571 1333 RALLYDEBUG rally_openstack.cleanup.manager [-] Deleting cinder.qos_specs object s_rally_23d49047_qMEoOUJz (9de6c5af-2e3a-4580-afc8-a1fa2bf7f20d)
2020-04-10 06:27:27.592 1333 RALLYDEBUG rally_openstack.cleanup.manager [-] Deleting cinder.qos_specs object s_rally_23d49047_ybdfqns4 (aa8bed04-c2df-45c9-aa46-ebb0d0e44aad)
2020-04-10 06:27:27.567 1333 RALLYDEBUG rally_openstack.cleanup.manager [-] Deleting cinder.qos_specs object s_rally_23d49047_Pgjp867n (72154fee-e2f1-4cc6-955f-39e45d246651)
2020-04-10 06:27:27.599 1333 RALLYDEBUG rally_openstack.cleanup.manager [-] Deleting cinder.qos_specs object s_rally_23d49047_ONhAKZmX (5ba2cf38-a8d7-4171-9790-54365962dbaa)
2020-04-10 06:27:27.605 1333 RALLYDEBUG rally_openstack.cleanup.manager [-] Deleting cinder.qos_specs object s_rally_23d49047_aQiDk2nn (18d66b51-d077-4a7f-8cef-6182db8e18fc)
2020-04-10 06:27:27.629 1333 RALLYDEBUG rally_openstack.cleanup.manager [-] Deleting cinder.qos_specs object s_rally_23d49047_ODiTpCUR (660ce3d3-a77b-418f-9b26-853a297cdfec)
2020-04-10 06:27:29.009 1333 INFO rally.task.context [-] Task 5d972f25-35dd-49c1-a6d1-6e1e54fe1678 | Context admin_cleanup@openstack cleanup() finished in 2.49 sec
2020-04-10 06:27:29.009 1333 INFO rally.task.context [-] Task 5d972f25-35dd-49c1-a6d1-6e1e54fe1678 | Context api_versions@openstack cleanup() started
2020-04-10 06:27:29.010 1333 INFO rally.task.context [-] Task 5d972f25-35dd-49c1-a6d1-6e1e54fe1678 | Context api_versions@openstack cleanup() finished in 0.36 msec
2020-04-10 06:27:29.010 1333 INFO rally.task.context [-] Task 5d972f25-35dd-49c1-a6d1-6e1e54fe1678 | Context users@openstack cleanup() started
2020-04-10 06:27:29.162 1333 WARNING rally.common.logging [-] `iterate_per_tenants()' is deprecated in v3.0.0: it is openstack specific.. Used at
2020-04-10 06:27:34.087 1333 INFO rally.task.context [-] Task 5d972f25-35dd-49c1-a6d1-6e1e54fe1678 | Context users@openstack cleanup() finished in 5.08 sec
2020-04-10 06:27:36.087 1333 INFO rally.task.engine [-] Load duration is: 0.702822
2020-04-10 06:27:36.087 1333 INFO rally.task.engine [-] Full runner duration is: 0.751041
2020-04-10 06:27:36.088 1333 INFO rally.task.engine [-] Full duration is: 10.093598
2020-04-10 06:27:36.181 1333 INFO rally.task.engine [-] Running workload: position = 0 config = { "version": 2, "title": "A cropped version of a bigger task.", "description": "Auto-generated task from a single workload (uuid=884790ad-7c2a-4552-9e5c-0ba97af3e4d9)", "subtasks": [ { "title": "CinderVolumeTypes.create_and_get_volume_type", "description": "Create a volume Type, then get the details of the type.", "scenario": { "CinderVolumeTypes.create_and_get_volume_type": { "description": "rally tests creating types" } }, "contexts": { "users": { "tenants": 3, "users_per_tenant": 2 }, "api_versions": { "cinder": { "version": 3, "service_type": "volumev3" } } }, "runner": { "constant": { "concurrency": 4, "times": 10 } }, "hooks": [], "sla": { "failure_rate": { "max": 0 } } } ] }
2020-04-10 06:27:36.202 1333 RALLYDEBUG rally_openstack.contexts.keystone.users [-] Creating 3 tenants using 3 threads
2020-04-10 06:27:36.757 1333 RALLYDEBUG rally_openstack.contexts.keystone.users [-] Creating 6 users using 6 threads
2020-04-10 06:27:37.966 1333 INFO rally.task.context [-] Task 5d972f25-35dd-49c1-a6d1-6e1e54fe1678 | Context users@openstack setup() finished in 1.76 sec
2020-04-10 06:27:38.112 1333 INFO rally.task.context [-] Task 5d972f25-35dd-49c1-a6d1-6e1e54fe1678 | Context api_versions@openstack setup() finished in 0.15 sec
2020-04-10 06:27:38.113 1333 INFO rally.task.context [-] Task 5d972f25-35dd-49c1-a6d1-6e1e54fe1678 | Context admin_cleanup@openstack setup() finished in 0.00 msec
2020-04-10 06:27:38.120 1333 RALLYDEBUG rally.task.runner [-] Starting the constant runner (task UUID: 5d972f25-35dd-49c1-a6d1-6e1e54fe1678). times: 10 concurrency: 4 timeout: 0 max_cpu_used: 88 processes_to_start: 4 concurrency_per_worker: 1 concurrency_overhead: 0
2020-04-10 06:27:38.131 4495 RALLYDEBUG rally.task.runner [-] Starting a worker. times: 10 duration: None concurrency: 1 timeout: 0 cls: method_name: run args: {"description": "rally tests creating types"}
2020-04-10 06:27:38.134 4496 RALLYDEBUG rally.task.runner [-] Starting a worker. times: 10 duration: None concurrency: 1 timeout: 0 cls: method_name: run args: {"description": "rally tests creating types"}
2020-04-10 06:27:38.136 4495 INFO rally.task.runner [-] Task 5d972f25-35dd-49c1-a6d1-6e1e54fe1678 | ITER: 1 START
2020-04-10 06:27:38.136 4497 RALLYDEBUG rally.task.runner [-] Starting a worker. times: 10 duration: None concurrency: 1 timeout: 0 cls: method_name: run args: {"description": "rally tests creating types"}
2020-04-10 06:27:38.140 4498 RALLYDEBUG rally.task.runner [-] Starting a worker. times: 10 duration: None concurrency: 1 timeout: 0 cls: method_name: run args: {"description": "rally tests creating types"}
2020-04-10 06:27:38.141 4496 INFO rally.task.runner [-] Task 5d972f25-35dd-49c1-a6d1-6e1e54fe1678 | ITER: 2 START
2020-04-10 06:27:38.142 4497 INFO rally.task.runner [-] Task 5d972f25-35dd-49c1-a6d1-6e1e54fe1678 | ITER: 3 START
2020-04-10 06:27:38.147 4498 INFO rally.task.runner [-] Task 5d972f25-35dd-49c1-a6d1-6e1e54fe1678 | ITER: 4 START
2020-04-10 06:27:38.366 4495 INFO rally.task.runner [-] Task 5d972f25-35dd-49c1-a6d1-6e1e54fe1678 | ITER: 1 END: OK
2020-04-10 06:27:38.371 4495 INFO rally.task.runner [-] Task 5d972f25-35dd-49c1-a6d1-6e1e54fe1678 | ITER: 5 START
2020-04-10 06:27:38.376 4497 INFO rally.task.runner [-] Task 5d972f25-35dd-49c1-a6d1-6e1e54fe1678 | ITER: 3 END: OK
2020-04-10 06:27:38.381 4497 INFO rally.task.runner [-] Task 5d972f25-35dd-49c1-a6d1-6e1e54fe1678 | ITER: 6 START
2020-04-10 06:27:38.400 4496 INFO rally.task.runner [-] Task 5d972f25-35dd-49c1-a6d1-6e1e54fe1678 | ITER: 2 END: OK
2020-04-10 06:27:38.400 4498 INFO rally.task.runner [-] Task 5d972f25-35dd-49c1-a6d1-6e1e54fe1678 | ITER: 4 END: OK
2020-04-10 06:27:38.405 4498 INFO rally.task.runner [-] Task 5d972f25-35dd-49c1-a6d1-6e1e54fe1678 | ITER: 8 START
2020-04-10 06:27:38.405 4496 INFO rally.task.runner [-] Task 5d972f25-35dd-49c1-a6d1-6e1e54fe1678 | ITER: 7 START
2020-04-10 06:27:38.561 4495 INFO rally.task.runner [-] Task 5d972f25-35dd-49c1-a6d1-6e1e54fe1678 | ITER: 5 END: OK
2020-04-10 06:27:38.565 4495 INFO rally.task.runner [-] Task 5d972f25-35dd-49c1-a6d1-6e1e54fe1678 | ITER: 9 START
2020-04-10 06:27:38.576 4497 INFO rally.task.runner [-] Task 5d972f25-35dd-49c1-a6d1-6e1e54fe1678 | ITER: 6 END: OK
2020-04-10 06:27:38.581 4497 INFO rally.task.runner [-] Task 5d972f25-35dd-49c1-a6d1-6e1e54fe1678 | ITER: 10 START
2020-04-10 06:27:38.602 4496 INFO rally.task.runner [-] Task 5d972f25-35dd-49c1-a6d1-6e1e54fe1678 | ITER: 7 END: OK
2020-04-10 06:27:38.620 4498 INFO rally.task.runner [-] Task 5d972f25-35dd-49c1-a6d1-6e1e54fe1678 | ITER: 8 END: OK
2020-04-10 06:27:38.759 4495 INFO rally.task.runner [-] Task 5d972f25-35dd-49c1-a6d1-6e1e54fe1678 | ITER: 9 END: OK
2020-04-10 06:27:38.798 4497 INFO rally.task.runner [-] Task 5d972f25-35dd-49c1-a6d1-6e1e54fe1678 | ITER: 10 END: OK
2020-04-10 06:27:38.819 1333 INFO rally.task.context [-] Task 5d972f25-35dd-49c1-a6d1-6e1e54fe1678 | Context admin_cleanup@openstack cleanup() started
2020-04-10 06:27:38.823 1333 RALLYDEBUG rally_openstack.cleanup.manager [-] Cleaning up cinder volume_types objects
2020-04-10 06:27:38.998 1333 RALLYDEBUG rally_openstack.cleanup.manager [-] Deleting cinder.volume_types object s_rally_884790ad_JlVtcLRc (f42c323f-7e4c-4887-ab5b-0625b155a062)
2020-04-10 06:27:39.015 1333 RALLYDEBUG rally_openstack.cleanup.manager [-] Deleting cinder.volume_types object s_rally_884790ad_1P1xoXYv (e1feacc2-3488-4562-ac79-65d3256459d3)
2020-04-10 06:27:39.026 1333 RALLYDEBUG rally_openstack.cleanup.manager [-] Deleting cinder.volume_types object s_rally_884790ad_yp6ReSMb (d5926bec-de4b-4933-8f3a-10efadb05896)
2020-04-10 06:27:39.027 1333 RALLYDEBUG rally_openstack.cleanup.manager [-] Deleting cinder.volume_types object s_rally_884790ad_xnbEHa0W (ddeea467-41a7-4919-b8dc-16a65ecb61e9)
2020-04-10 06:27:39.038 1333 RALLYDEBUG rally_openstack.cleanup.manager [-] Deleting cinder.volume_types object s_rally_884790ad_NSYVECmi (3e9cfef9-62f3-4dec-aa86-b5595cfa79f7)
2020-04-10 06:27:39.047 1333 RALLYDEBUG rally_openstack.cleanup.manager [-] Deleting cinder.volume_types object s_rally_884790ad_SqmjKxrU (1d7cd574-d67a-4411-b8ac-fdb137785d16)
2020-04-10 06:27:39.052 1333 RALLYDEBUG rally_openstack.cleanup.manager [-] Deleting cinder.volume_types object s_rally_884790ad_jSAcDlh0 (f6fea573-8910-4237-9ad9-a706cbd6f9f5)
2020-04-10 06:27:39.059 1333 RALLYDEBUG rally_openstack.cleanup.manager [-] Deleting cinder.volume_types object s_rally_884790ad_KE7myiEG (b52e9a08-32f8-4399-93fa-dc018a0313d5)
2020-04-10 06:27:39.069 1333 RALLYDEBUG rally_openstack.cleanup.manager [-] Deleting cinder.volume_types object s_rally_884790ad_sYaCN1o8 (72dee354-05c1-4b6b-b408-536803da2fe7)
2020-04-10 06:27:39.089 1333 RALLYDEBUG rally_openstack.cleanup.manager [-] Deleting cinder.volume_types object s_rally_884790ad_hejgNkqV (634313bd-6cd9-4989-9786-79f8ebc7469d)
2020-04-10 06:27:40.539 1333 RALLYDEBUG rally_openstack.cleanup.manager [-] Cleaning up cinder image_volumes_cache objects
2020-04-10 06:27:40.841 1333 RALLYDEBUG rally_openstack.cleanup.manager [-] Cleaning up cinder quotas objects
2020-04-10 06:27:41.198 1333 RALLYDEBUG rally_openstack.cleanup.manager [-] Cleaning up cinder qos_specs objects
2020-04-10 06:27:41.363 1333 INFO rally.task.context [-] Task 5d972f25-35dd-49c1-a6d1-6e1e54fe1678 | Context admin_cleanup@openstack cleanup() finished in 2.54 sec
2020-04-10 06:27:41.363 1333 INFO rally.task.context [-] Task 5d972f25-35dd-49c1-a6d1-6e1e54fe1678 | Context api_versions@openstack cleanup() started
2020-04-10 06:27:41.364 1333 INFO rally.task.context [-] Task 5d972f25-35dd-49c1-a6d1-6e1e54fe1678 | Context api_versions@openstack cleanup() finished in 0.25 msec
2020-04-10 06:27:41.364 1333 INFO rally.task.context [-] Task 5d972f25-35dd-49c1-a6d1-6e1e54fe1678 | Context users@openstack cleanup() started
2020-04-10 06:27:41.560 1333 WARNING rally.common.logging [-] `iterate_per_tenants()' is deprecated in v3.0.0: it is openstack specific.. Used at
2020-04-10 06:27:45.256 1333 INFO rally.task.context [-] Task 5d972f25-35dd-49c1-a6d1-6e1e54fe1678 | Context users@openstack cleanup() finished in 3.89 sec
2020-04-10 06:27:46.283 1333 INFO rally.task.engine [-] Load duration is: 0.657973
2020-04-10 06:27:46.283 1333 INFO rally.task.engine [-] Full runner duration is: 0.698478
2020-04-10 06:27:46.284 1333 INFO rally.task.engine [-] Full duration is: 9.056472
2020-04-10 06:27:46.369 1333 INFO rally.task.engine [-] Running workload: position = 0 config = { "version": 2, "title": "A cropped version of a bigger task.", "description": "Auto-generated task from a single workload (uuid=8233add7-faaa-483d-821a-80d47330a0c3)", "subtasks": [ { "title": "CinderVolumeTypes.create_and_list_volume_types", "description": "Create a volume Type, then list all types.", "scenario": { "CinderVolumeTypes.create_and_list_volume_types": { "description": "rally tests creating types" } }, "contexts": { "users": { "tenants": 3, "users_per_tenant": 2 }, "api_versions": { "cinder": { "version": 3, "service_type": "volumev3" } } }, "runner": { "constant": { "concurrency": 4, "times": 10 } }, "hooks": [], "sla": { "failure_rate": { "max": 0 } } } ] }
2020-04-10 06:27:46.390 1333 RALLYDEBUG rally_openstack.contexts.keystone.users [-] Creating 3 tenants using 3 threads
2020-04-10 06:27:46.851 1333 RALLYDEBUG rally_openstack.contexts.keystone.users [-] Creating 6 users using 6 threads
2020-04-10 06:27:47.807 1333 INFO rally.task.context [-] Task 5d972f25-35dd-49c1-a6d1-6e1e54fe1678 | Context users@openstack setup() finished in 1.42 sec
2020-04-10 06:27:47.941 1333 INFO rally.task.context [-] Task 5d972f25-35dd-49c1-a6d1-6e1e54fe1678 | Context api_versions@openstack setup() finished in 0.13 sec
2020-04-10 06:27:47.942 1333 INFO rally.task.context [-] Task 5d972f25-35dd-49c1-a6d1-6e1e54fe1678 | Context admin_cleanup@openstack setup() finished in 0.01 msec
2020-04-10 06:27:47.951 1333 RALLYDEBUG rally.task.runner [-] Starting the constant runner (task UUID: 5d972f25-35dd-49c1-a6d1-6e1e54fe1678). times: 10 concurrency: 4 timeout: 0 max_cpu_used: 88 processes_to_start: 4 concurrency_per_worker: 1 concurrency_overhead: 0
2020-04-10 06:27:47.963 4648 RALLYDEBUG rally.task.runner [-] Starting a worker. times: 10 duration: None concurrency: 1 timeout: 0 cls: method_name: run args: {"description": "rally tests creating types"}
2020-04-10 06:27:47.966 4649 RALLYDEBUG rally.task.runner [-] Starting a worker. times: 10 duration: None concurrency: 1 timeout: 0 cls: method_name: run args: {"description": "rally tests creating types"}
2020-04-10 06:27:47.969 4650 RALLYDEBUG rally.task.runner [-] Starting a worker. times: 10 duration: None concurrency: 1 timeout: 0 cls: method_name: run args: {"description": "rally tests creating types"}
2020-04-10 06:27:47.970 4648 INFO rally.task.runner [-] Task 5d972f25-35dd-49c1-a6d1-6e1e54fe1678 | ITER: 1 START
2020-04-10 06:27:47.971 4651 RALLYDEBUG rally.task.runner [-] Starting a worker. times: 10 duration: None concurrency: 1 timeout: 0 cls: method_name: run args: {"description": "rally tests creating types"}
2020-04-10 06:27:47.973 4649 INFO rally.task.runner [-] Task 5d972f25-35dd-49c1-a6d1-6e1e54fe1678 | ITER: 2 START
2020-04-10 06:27:47.975 4650 INFO rally.task.runner [-] Task 5d972f25-35dd-49c1-a6d1-6e1e54fe1678 | ITER: 3 START
2020-04-10 06:27:47.978 4651 INFO rally.task.runner [-] Task 5d972f25-35dd-49c1-a6d1-6e1e54fe1678 | ITER: 4 START
2020-04-10 06:27:48.227 4649 INFO rally.task.runner [-] Task 5d972f25-35dd-49c1-a6d1-6e1e54fe1678 | ITER: 2 END: OK
2020-04-10 06:27:48.230 4648 INFO rally.task.runner [-] Task 5d972f25-35dd-49c1-a6d1-6e1e54fe1678 | ITER: 1 END: OK
2020-04-10 06:27:48.230 4651 INFO rally.task.runner [-] Task 5d972f25-35dd-49c1-a6d1-6e1e54fe1678 | ITER: 4 END: OK
2020-04-10 06:27:48.232 4649 INFO rally.task.runner [-] Task 5d972f25-35dd-49c1-a6d1-6e1e54fe1678 | ITER: 5 START
2020-04-10 06:27:48.235 4648 INFO rally.task.runner [-] Task 5d972f25-35dd-49c1-a6d1-6e1e54fe1678 | ITER: 6 START
2020-04-10 06:27:48.235 4651 INFO rally.task.runner [-] Task 5d972f25-35dd-49c1-a6d1-6e1e54fe1678 | ITER: 7 START
2020-04-10 06:27:48.243 4650 INFO rally.task.runner [-] Task 5d972f25-35dd-49c1-a6d1-6e1e54fe1678 | ITER: 3 END: OK
2020-04-10 06:27:48.247 4650 INFO rally.task.runner [-] Task 5d972f25-35dd-49c1-a6d1-6e1e54fe1678 | ITER: 8 START
2020-04-10 06:27:48.416 4649 INFO rally.task.runner [-] Task 5d972f25-35dd-49c1-a6d1-6e1e54fe1678 | ITER: 5 END: OK
2020-04-10 06:27:48.421 4649 INFO rally.task.runner [-] Task 5d972f25-35dd-49c1-a6d1-6e1e54fe1678 | ITER: 9 START
2020-04-10 06:27:48.433 4648 INFO rally.task.runner [-] Task 5d972f25-35dd-49c1-a6d1-6e1e54fe1678 | ITER: 6 END: OK
2020-04-10 06:27:48.433 4651 INFO rally.task.runner [-] Task 5d972f25-35dd-49c1-a6d1-6e1e54fe1678 | ITER: 7 END: OK
2020-04-10 06:27:48.437 4648 INFO rally.task.runner [-] Task 5d972f25-35dd-49c1-a6d1-6e1e54fe1678 | ITER: 10 START
2020-04-10 06:27:48.441 4650 INFO rally.task.runner [-] Task 5d972f25-35dd-49c1-a6d1-6e1e54fe1678 | ITER: 8 END: OK
2020-04-10 06:27:48.634 4649 INFO rally.task.runner [-] Task 5d972f25-35dd-49c1-a6d1-6e1e54fe1678 | ITER: 9 END: OK
2020-04-10 06:27:48.645 4648 INFO rally.task.runner [-] Task 5d972f25-35dd-49c1-a6d1-6e1e54fe1678 | ITER: 10 END: OK
2020-04-10 06:27:48.671 1333 INFO rally.task.context [-] Task 5d972f25-35dd-49c1-a6d1-6e1e54fe1678 | Context admin_cleanup@openstack cleanup() started
2020-04-10 06:27:48.676 1333 RALLYDEBUG rally_openstack.cleanup.manager [-] Cleaning up cinder volume_types objects
2020-04-10 06:27:48.834 1333 RALLYDEBUG rally_openstack.cleanup.manager [-] Deleting cinder.volume_types object s_rally_8233add7_MMS7cHUG (2dd9dd69-4d1d-4abb-b8ff-a837a8ef2bb1)
2020-04-10 06:27:48.845 1333 RALLYDEBUG rally_openstack.cleanup.manager [-] Deleting cinder.volume_types object s_rally_8233add7_1x8nfU2x (18666808-6b89-4c8a-8c4a-cdd3638929cd)
2020-04-10 06:27:48.856 1333 RALLYDEBUG rally_openstack.cleanup.manager [-] Deleting cinder.volume_types object s_rally_8233add7_uLW5s5vT (eee20fa8-b57d-4207-b33c-e6fd5f9092cf)
2020-04-10 06:27:48.864 1333 RALLYDEBUG rally_openstack.cleanup.manager [-] Deleting cinder.volume_types object s_rally_8233add7_DARDBpOg (e560a60c-afae-44d6-878f-3cb644551a67)
2020-04-10 06:27:48.871 1333 RALLYDEBUG rally_openstack.cleanup.manager [-] Deleting cinder.volume_types object s_rally_8233add7_6NvuoDLO (db9991c7-8f9d-482e-9e9f-f812f87097ae)
2020-04-10 06:27:48.885 1333 RALLYDEBUG rally_openstack.cleanup.manager [-] Deleting cinder.volume_types object s_rally_8233add7_0Kqomkrf (85b4c583-c532-4aef-8834-4f27467c9f44)
2020-04-10 06:27:48.898 1333 RALLYDEBUG rally_openstack.cleanup.manager [-] Deleting cinder.volume_types object s_rally_8233add7_wvNj2OXm (6ac1f22b-0794-4f26-93aa-a7af87655870)
2020-04-10 06:27:48.917 1333 RALLYDEBUG rally_openstack.cleanup.manager [-] Deleting cinder.volume_types object s_rally_8233add7_SRjfE3qA (38a57bd4-09ea-4d8b-9289-ca449bd263a1)
2020-04-10 06:27:48.936 1333 RALLYDEBUG rally_openstack.cleanup.manager [-] Deleting cinder.volume_types object s_rally_8233add7_djkqBVxg (175ad637-105d-4ea7-bd07-b6e5e780004c)
2020-04-10 06:27:48.937 1333 RALLYDEBUG rally_openstack.cleanup.manager [-] Deleting cinder.volume_types object s_rally_8233add7_wrJXyUCo (35d69cbf-27c3-481e-aaa9-7747005afa99)
2020-04-10 06:27:50.488 1333 RALLYDEBUG rally_openstack.cleanup.manager [-] Cleaning up cinder image_volumes_cache objects
2020-04-10 06:27:50.780 1333 RALLYDEBUG rally_openstack.cleanup.manager [-] Cleaning up cinder quotas objects
2020-04-10 06:27:51.080 1333 RALLYDEBUG rally_openstack.cleanup.manager [-] Cleaning up cinder qos_specs objects
2020-04-10 06:27:51.257 1333 INFO rally.task.context [-] Task 5d972f25-35dd-49c1-a6d1-6e1e54fe1678 | Context admin_cleanup@openstack cleanup() finished in 2.59 sec
2020-04-10 06:27:51.258 1333 INFO rally.task.context [-] Task 5d972f25-35dd-49c1-a6d1-6e1e54fe1678 | Context api_versions@openstack cleanup() started
2020-04-10 06:27:51.258 1333 INFO rally.task.context [-] Task 5d972f25-35dd-49c1-a6d1-6e1e54fe1678 | Context api_versions@openstack cleanup() finished in 0.35 msec
2020-04-10 06:27:51.259 1333 INFO rally.task.context [-] Task 5d972f25-35dd-49c1-a6d1-6e1e54fe1678 | Context users@openstack cleanup() started
2020-04-10 06:27:51.415 1333 WARNING rally.common.logging [-] `iterate_per_tenants()' is deprecated in v3.0.0: it is openstack specific.. Used at
2020-04-10 06:27:54.031 1333 INFO rally.task.context [-] Task 5d972f25-35dd-49c1-a6d1-6e1e54fe1678 | Context users@openstack cleanup() finished in 2.77 sec
2020-04-10 06:27:54.460 1333 INFO rally.task.engine [-] Load duration is: 0.670247
2020-04-10 06:27:54.460 1333 INFO rally.task.engine [-] Full runner duration is: 0.720558
2020-04-10 06:27:54.461 1333 INFO rally.task.engine [-] Full duration is: 7.642824
2020-04-10 06:27:54.545 1333 INFO rally.task.engine [-] Running workload: position = 0 config = { "version": 2, "title": "A cropped version of a bigger task.", "description": "Auto-generated task from a single workload (uuid=7c8ebd72-4292-4e15-bc2b-7958fe8507ad)", "subtasks": [ { "title": "CinderVolumeTypes.create_and_update_volume_type", "description": "create a volume type, then update the type.", "scenario": { "CinderVolumeTypes.create_and_update_volume_type": { "description": "test", "update_description": "test update" } }, "contexts": { "users": { "tenants": 3, "users_per_tenant": 2 }, "api_versions": { "cinder": { "version": 3, "service_type": "volumev3" } } }, "runner": { "constant": { "concurrency": 4, "times": 10 } }, "hooks": [], "sla": { "failure_rate": { "max": 0 } } } ] }
2020-04-10 06:27:54.564 1333 RALLYDEBUG rally_openstack.contexts.keystone.users [-] Creating 3 tenants using 3 threads
2020-04-10 06:27:55.112 1333 RALLYDEBUG rally_openstack.contexts.keystone.users [-] Creating 6 users using 6 threads
2020-04-10 06:27:56.098 1333 INFO rally.task.context [-] Task 5d972f25-35dd-49c1-a6d1-6e1e54fe1678 | Context users@openstack setup() finished in 1.53 sec
2020-04-10 06:27:56.349 1333 INFO rally.task.context [-] Task 5d972f25-35dd-49c1-a6d1-6e1e54fe1678 | Context api_versions@openstack setup() finished in 0.25 sec
2020-04-10 06:27:56.349 1333 INFO rally.task.context [-] Task 5d972f25-35dd-49c1-a6d1-6e1e54fe1678 | Context admin_cleanup@openstack setup() finished in 0.00 msec
2020-04-10 06:27:56.354 1333 RALLYDEBUG rally.task.runner [-] Starting the constant runner (task UUID: 5d972f25-35dd-49c1-a6d1-6e1e54fe1678). times: 10 concurrency: 4 timeout: 0 max_cpu_used: 88 processes_to_start: 4 concurrency_per_worker: 1 concurrency_overhead: 0
2020-04-10 06:27:56.365 4801 RALLYDEBUG rally.task.runner [-] Starting a worker. times: 10 duration: None concurrency: 1 timeout: 0 cls: method_name: run args: {"description": "test", "update_description": "test update"}
2020-04-10 06:27:56.367 4802 RALLYDEBUG rally.task.runner [-] Starting a worker. times: 10 duration: None concurrency: 1 timeout: 0 cls: method_name: run args: {"description": "test", "update_description": "test update"}
2020-04-10 06:27:56.369 4803 RALLYDEBUG rally.task.runner [-] Starting a worker. times: 10 duration: None concurrency: 1 timeout: 0 cls: method_name: run args: {"description": "test", "update_description": "test update"}
2020-04-10 06:27:56.371 4804 RALLYDEBUG rally.task.runner [-] Starting a worker. times: 10 duration: None concurrency: 1 timeout: 0 cls: method_name: run args: {"description": "test", "update_description": "test update"}
2020-04-10 06:27:56.372 4801 INFO rally.task.runner [-] Task 5d972f25-35dd-49c1-a6d1-6e1e54fe1678 | ITER: 1 START
2020-04-10 06:27:56.375 4802 INFO rally.task.runner [-] Task 5d972f25-35dd-49c1-a6d1-6e1e54fe1678 | ITER: 2 START
2020-04-10 06:27:56.376 4803 INFO rally.task.runner [-] Task 5d972f25-35dd-49c1-a6d1-6e1e54fe1678 | ITER: 3 START
2020-04-10 06:27:56.377 4804 INFO rally.task.runner [-] Task 5d972f25-35dd-49c1-a6d1-6e1e54fe1678 | ITER: 4 START
2020-04-10 06:27:56.435 4804 WARNING cinderclient.api_versions [-] Version 2 is deprecated, use alternative version 3 instead.
2020-04-10 06:27:56.439 4801 WARNING cinderclient.api_versions [-] Version 2 is deprecated, use alternative version 3 instead.
2020-04-10 06:27:56.439 4803 WARNING cinderclient.api_versions [-] Version 2 is deprecated, use alternative version 3 instead.
2020-04-10 06:27:56.439 4804 DEBUG cinderclient.v2.client [-] REQ: curl -g -i -X POST http://172.30.12.85/volume/v3/a46a71b8799b404aa7625a3ba87e5b36/types -H "Accept: application/json" -H "Content-Type: application/json" -H "User-Agent: python-cinderclient" -H "X-Auth-Token: {SHA256}3c94215ba223970c4f7629f4e3e56134c745fcf9032b221d76760cf9cc2d108e" -d '{"volume_type": {"name": "s_rally_7c8ebd72_BhaLWMAj", "description": "test", "os-volume-type-access:is_public": true}}' _http_log_request /usr/lib/python3.7/site-packages/keystoneauth1/session.py:494
2020-04-10 06:27:56.444 4801 DEBUG cinderclient.v2.client [-] REQ: curl -g -i -X POST http://172.30.12.85/volume/v3/a46a71b8799b404aa7625a3ba87e5b36/types -H "Accept: application/json" -H "Content-Type: application/json" -H "User-Agent: python-cinderclient" -H "X-Auth-Token: {SHA256}6a77b0b126f857d914fc9c7d648288dd9d4e44c4887eca773324533e288bebb8" -d '{"volume_type": {"name": "s_rally_7c8ebd72_8YcMGvlV", "description": "test", "os-volume-type-access:is_public": true}}' _http_log_request /usr/lib/python3.7/site-packages/keystoneauth1/session.py:494
2020-04-10 06:27:56.444 4803 DEBUG cinderclient.v2.client [-] REQ: curl -g -i -X POST http://172.30.12.85/volume/v3/a46a71b8799b404aa7625a3ba87e5b36/types -H "Accept: application/json" -H "Content-Type: application/json" -H "User-Agent: python-cinderclient" -H "X-Auth-Token: {SHA256}365646aeeea92fbbf2e8f7396e23942a5d9de7e25f20f95f6ffa80778cec69d0" -d '{"volume_type": {"name": "s_rally_7c8ebd72_t9tI5IEN", "description": "test", "os-volume-type-access:is_public": true}}' _http_log_request /usr/lib/python3.7/site-packages/keystoneauth1/session.py:494
2020-04-10 06:27:56.458 4802 WARNING cinderclient.api_versions [-] Version 2 is deprecated, use alternative version 3 instead.
2020-04-10 06:27:56.463 4802 DEBUG cinderclient.v2.client [-] REQ: curl -g -i -X POST http://172.30.12.85/volume/v3/a46a71b8799b404aa7625a3ba87e5b36/types -H "Accept: application/json" -H "Content-Type: application/json" -H "User-Agent: python-cinderclient" -H "X-Auth-Token: {SHA256}1df197c3c9652af3f06fb8f5fb8edecd2f5ca85a489b1d9ea7e5c8c17d61d549" -d '{"volume_type": {"name": "s_rally_7c8ebd72_KAcF6VSA", "description": "test", "os-volume-type-access:is_public": true}}' _http_log_request /usr/lib/python3.7/site-packages/keystoneauth1/session.py:494
2020-04-10 06:27:56.580 4804 DEBUG cinderclient.v2.client [-] RESP: [200] Connection: close Content-Length: 202 Content-Type: application/json Date: Fri, 10 Apr 2020 06:27:56 GMT OpenStack-API-Version: volume 3.0 Server: Apache/2.4.29 (Ubuntu) Vary: OpenStack-API-Version x-compute-request-id: req-94e60d28-e0d2-43a9-8685-c485365973bf x-openstack-request-id: req-94e60d28-e0d2-43a9-8685-c485365973bf _http_log_response /usr/lib/python3.7/site-packages/keystoneauth1/session.py:525
2020-04-10 06:27:56.581 4804 DEBUG cinderclient.v2.client [-] RESP BODY: {"volume_type": {"name": "s_rally_7c8ebd72_BhaLWMAj", "extra_specs": {}, "os-volume-type-access:is_public": true, "is_public": true, "id": "50b3742f-29ef-40f8-86ee-1de4ed50c728", "description": "test"}} _http_log_response /usr/lib/python3.7/site-packages/keystoneauth1/session.py:557
2020-04-10 06:27:56.581 4804 DEBUG cinderclient.v2.client [-] POST call to volumev2 for http://172.30.12.85/volume/v3/a46a71b8799b404aa7625a3ba87e5b36/types used request id req-94e60d28-e0d2-43a9-8685-c485365973bf request /usr/lib/python3.7/site-packages/keystoneauth1/session.py:918
2020-04-10 06:27:56.583 4804 DEBUG cinderclient.v2.client [-] REQ: curl -g -i -X PUT http://172.30.12.85/volume/v3/a46a71b8799b404aa7625a3ba87e5b36/types/50b3742f-29ef-40f8-86ee-1de4ed50c728 -H "Accept: application/json" -H "Content-Type: application/json" -H "User-Agent: python-cinderclient" -H "X-Auth-Token: {SHA256}3c94215ba223970c4f7629f4e3e56134c745fcf9032b221d76760cf9cc2d108e" -H "X-OpenStack-Request-ID: req-94e60d28-e0d2-43a9-8685-c485365973bf" -d '{"volume_type": {"name": "s_rally_7c8ebd72_BhaLWMAj", "description": "test update"}}' _http_log_request /usr/lib/python3.7/site-packages/keystoneauth1/session.py:494
2020-04-10 06:27:56.610 4803 DEBUG cinderclient.v2.client [-] RESP: [200] Connection: close Content-Length: 202 Content-Type: application/json Date: Fri, 10 Apr 2020 06:27:56 GMT OpenStack-API-Version: volume 3.0 Server: Apache/2.4.29 (Ubuntu) Vary: OpenStack-API-Version x-compute-request-id: req-c01ad647-c194-4aa2-b6a7-f08c29a96120 x-openstack-request-id: req-c01ad647-c194-4aa2-b6a7-f08c29a96120 _http_log_response /usr/lib/python3.7/site-packages/keystoneauth1/session.py:525
2020-04-10 06:27:56.611 4803 DEBUG cinderclient.v2.client [-] RESP BODY: {"volume_type": {"name": "s_rally_7c8ebd72_t9tI5IEN", "extra_specs": {}, "os-volume-type-access:is_public": true, "is_public": true, "id": "c2fea06c-3c93-466b-9e04-c9117f28f802", "description": "test"}} _http_log_response /usr/lib/python3.7/site-packages/keystoneauth1/session.py:557
2020-04-10 06:27:56.611 4803 DEBUG cinderclient.v2.client [-] POST call to volumev2 for http://172.30.12.85/volume/v3/a46a71b8799b404aa7625a3ba87e5b36/types used request id req-c01ad647-c194-4aa2-b6a7-f08c29a96120 request /usr/lib/python3.7/site-packages/keystoneauth1/session.py:918
2020-04-10 06:27:56.612 4801 DEBUG cinderclient.v2.client [-] RESP: [200] Connection: close Content-Length: 202 Content-Type: application/json Date: Fri, 10 Apr 2020 06:27:56 GMT OpenStack-API-Version: volume 3.0 Server: Apache/2.4.29 (Ubuntu) Vary: OpenStack-API-Version x-compute-request-id: req-5809d7ab-cb53-4cd0-8cb3-79a231159194 x-openstack-request-id: req-5809d7ab-cb53-4cd0-8cb3-79a231159194 _http_log_response /usr/lib/python3.7/site-packages/keystoneauth1/session.py:525
2020-04-10 06:27:56.613 4803 DEBUG cinderclient.v2.client [-] REQ: curl -g -i -X PUT http://172.30.12.85/volume/v3/a46a71b8799b404aa7625a3ba87e5b36/types/c2fea06c-3c93-466b-9e04-c9117f28f802 -H "Accept: application/json" -H "Content-Type: application/json" -H "User-Agent: python-cinderclient" -H "X-Auth-Token: {SHA256}365646aeeea92fbbf2e8f7396e23942a5d9de7e25f20f95f6ffa80778cec69d0" -H "X-OpenStack-Request-ID: req-c01ad647-c194-4aa2-b6a7-f08c29a96120" -d '{"volume_type": {"name": "s_rally_7c8ebd72_t9tI5IEN", "description": "test update"}}' _http_log_request /usr/lib/python3.7/site-packages/keystoneauth1/session.py:494
2020-04-10 06:27:56.613 4801 DEBUG cinderclient.v2.client [-] RESP BODY: {"volume_type": {"name": "s_rally_7c8ebd72_8YcMGvlV", "extra_specs": {}, "os-volume-type-access:is_public": true, "is_public": true, "id": "fe7371f0-d617-467c-a7de-d6d92a3bf514", "description": "test"}} _http_log_response /usr/lib/python3.7/site-packages/keystoneauth1/session.py:557
2020-04-10 06:27:56.613 4801 DEBUG cinderclient.v2.client [-] POST call to volumev2 for http://172.30.12.85/volume/v3/a46a71b8799b404aa7625a3ba87e5b36/types used request id req-5809d7ab-cb53-4cd0-8cb3-79a231159194 request /usr/lib/python3.7/site-packages/keystoneauth1/session.py:918
2020-04-10 06:27:56.615 4801 DEBUG cinderclient.v2.client [-] REQ: curl -g -i -X PUT http://172.30.12.85/volume/v3/a46a71b8799b404aa7625a3ba87e5b36/types/fe7371f0-d617-467c-a7de-d6d92a3bf514 -H "Accept: application/json" -H "Content-Type: application/json" -H "User-Agent: python-cinderclient" -H "X-Auth-Token: {SHA256}6a77b0b126f857d914fc9c7d648288dd9d4e44c4887eca773324533e288bebb8" -H "X-OpenStack-Request-ID: req-5809d7ab-cb53-4cd0-8cb3-79a231159194" -d '{"volume_type": {"name": "s_rally_7c8ebd72_8YcMGvlV", "description": "test update"}}' _http_log_request /usr/lib/python3.7/site-packages/keystoneauth1/session.py:494
2020-04-10 06:27:56.625 4802 DEBUG cinderclient.v2.client [-] RESP: [200] Connection: close Content-Length: 202 Content-Type: application/json Date: Fri, 10 Apr 2020 06:27:56 GMT OpenStack-API-Version: volume 3.0 Server: Apache/2.4.29 (Ubuntu) Vary: OpenStack-API-Version x-compute-request-id: req-53e63e59-3ae6-40a3-bcc7-50395c1fb421 x-openstack-request-id: req-53e63e59-3ae6-40a3-bcc7-50395c1fb421 _http_log_response /usr/lib/python3.7/site-packages/keystoneauth1/session.py:525
