2020-04-10 06:10:54.201 501 INFO rally.task.engine [-] Running workload: position = 0 config = { "version": 2, "title": "A cropped version of a bigger task.", "description": "Auto-generated task from a single workload (uuid=1b003d2e-d299-4563-8c52-c7a2d96a831c)", "subtasks": [ { "title": "GlanceImages.create_and_list_image", "description": "Create an image and then list all images.", "scenario": { "GlanceImages.create_and_list_image": { "container_format": "bare", "disk_format": "qcow2", "image_location": "/home/opnfv/functest/images/cirros-0.4.0-x86_64-disk.img" } }, "contexts": { "users": { "tenants": 3, "users_per_tenant": 2 } }, "runner": { "constant": { "concurrency": 4, "times": 10 } }, "hooks": [], "sla": { "failure_rate": { "max": 0 } } } ] }
2020-04-10 06:10:54.219 501 RALLYDEBUG rally_openstack.contexts.keystone.users [-] Creating 3 tenants using 3 threads
2020-04-10 06:10:54.673 501 RALLYDEBUG rally_openstack.contexts.keystone.users [-] Creating 6 users using 6 threads
2020-04-10 06:10:55.577 501 INFO rally.task.context [-] Task 52bcdd51-16de-453f-8810-628a184e0c2d | Context users@openstack setup() finished in 1.36 sec
2020-04-10 06:10:55.578 501 INFO rally.task.context [-] Task 52bcdd51-16de-453f-8810-628a184e0c2d | Context cleanup@openstack setup() finished in 0.07 msec
2020-04-10 06:10:55.590 501 RALLYDEBUG rally.task.runner [-] Starting the constant runner (task UUID: 52bcdd51-16de-453f-8810-628a184e0c2d). times: 10 concurrency: 4 timeout: 0 max_cpu_used: 88 processes_to_start: 4 concurrency_per_worker: 1 concurrency_overhead: 0
2020-04-10 06:10:55.603 649 RALLYDEBUG rally.task.runner [-] Starting a worker. times: 10 duration: None concurrency: 1 timeout: 0 cls: method_name: run args: {"container_format": "bare", "disk_format": "qcow2", "image_location": "/home/opnfv/functest/images/cirros-0.4.0-x86_64-disk.img"}
2020-04-10 06:10:55.606 650 RALLYDEBUG rally.task.runner [-] Starting a worker. times: 10 duration: None concurrency: 1 timeout: 0 cls: method_name: run args: {"container_format": "bare", "disk_format": "qcow2", "image_location": "/home/opnfv/functest/images/cirros-0.4.0-x86_64-disk.img"}
2020-04-10 06:10:55.610 651 RALLYDEBUG rally.task.runner [-] Starting a worker. times: 10 duration: None concurrency: 1 timeout: 0 cls: method_name: run args: {"container_format": "bare", "disk_format": "qcow2", "image_location": "/home/opnfv/functest/images/cirros-0.4.0-x86_64-disk.img"}
2020-04-10 06:10:55.611 649 INFO rally.task.runner [-] Task 52bcdd51-16de-453f-8810-628a184e0c2d | ITER: 1 START
2020-04-10 06:10:55.612 652 RALLYDEBUG rally.task.runner [-] Starting a worker. times: 10 duration: None concurrency: 1 timeout: 0 cls: method_name: run args: {"container_format": "bare", "disk_format": "qcow2", "image_location": "/home/opnfv/functest/images/cirros-0.4.0-x86_64-disk.img"}
2020-04-10 06:10:55.613 650 INFO rally.task.runner [-] Task 52bcdd51-16de-453f-8810-628a184e0c2d | ITER: 2 START
2020-04-10 06:10:55.616 651 INFO rally.task.runner [-] Task 52bcdd51-16de-453f-8810-628a184e0c2d | ITER: 3 START
2020-04-10 06:10:55.619 652 INFO rally.task.runner [-] Task 52bcdd51-16de-453f-8810-628a184e0c2d | ITER: 4 START
2020-04-10 06:10:58.121 651 RALLYDEBUG rally.task.utils [-] Waiting for resource '70ef7198-a034-4ed2-9e7a-f940f909f725'. Status changed: NONE => QUEUED in 0.04725170135498047
2020-04-10 06:10:58.144 652 RALLYDEBUG rally.task.utils [-] Waiting for resource '6b6cbd1c-c697-41e8-ab68-d9fdb5f066ef'. Status changed: NONE => QUEUED in 0.04564666748046875
2020-04-10 06:10:58.153 649 RALLYDEBUG rally.task.utils [-] Waiting for resource 'ba3e6e00-99e8-4b62-b920-1e47fb19f4bc'. Status changed: NONE => QUEUED in 0.04317665100097656
2020-04-10 06:10:58.313 650 RALLYDEBUG rally.task.utils [-] Waiting for resource 'eb2a1ca6-7804-41e0-b676-fffa8956e920'. Status changed: NONE => QUEUED in 0.04928112030029297
2020-04-10 06:10:58.760 651 RALLYDEBUG rally.task.utils [-] Waiting for resource s_rally_1b003d2e_YVUPN7QC. Status changed: QUEUED => ACTIVE in 0.03101968765258789
2020-04-10 06:10:58.762 649 RALLYDEBUG rally.task.utils [-] Waiting for resource s_rally_1b003d2e_DfTJqIoY. Status changed: QUEUED => ACTIVE in 0.023220539093017578
2020-04-10 06:10:58.772 652 RALLYDEBUG rally.task.utils [-] Waiting for resource s_rally_1b003d2e_qqJ6V0fx. Status changed: QUEUED => ACTIVE in 0.023921728134155273
2020-04-10 06:10:58.789 650 RALLYDEBUG rally.task.utils [-] Waiting for resource s_rally_1b003d2e_1cYze9IY. Status changed: QUEUED => ACTIVE in 0.028760910034179688
2020-04-10 06:10:58.819 651 INFO rally.task.runner [-] Task 52bcdd51-16de-453f-8810-628a184e0c2d | ITER: 3 END: OK
2020-04-10 06:10:58.825 651 INFO rally.task.runner [-] Task 52bcdd51-16de-453f-8810-628a184e0c2d | ITER: 5 START
2020-04-10 06:10:58.837 649 INFO rally.task.runner [-] Task 52bcdd51-16de-453f-8810-628a184e0c2d | ITER: 1 END: OK
2020-04-10 06:10:58.840 649 INFO rally.task.runner [-] Task 52bcdd51-16de-453f-8810-628a184e0c2d | ITER: 6 START
2020-04-10 06:10:58.853 652 INFO rally.task.runner [-] Task 52bcdd51-16de-453f-8810-628a184e0c2d | ITER: 4 END: OK
2020-04-10 06:10:58.855 650 INFO rally.task.runner [-] Task 52bcdd51-16de-453f-8810-628a184e0c2d | ITER: 2 END: OK
2020-04-10 06:10:58.858 650 INFO rally.task.runner [-] Task 52bcdd51-16de-453f-8810-628a184e0c2d | ITER: 8 START
2020-04-10 06:10:58.858 652 INFO rally.task.runner [-] Task 52bcdd51-16de-453f-8810-628a184e0c2d | ITER: 7 START
2020-04-10 06:11:01.198 651 RALLYDEBUG rally.task.utils [-] Waiting for resource '7d3901a9-d894-41c7-96e3-8339688d878f'. Status changed: NONE => QUEUED in 0.0518338680267334
2020-04-10 06:11:01.203 652 RALLYDEBUG rally.task.utils [-] Waiting for resource '5b7ae992-fd15-4057-8033-e16878368240'. Status changed: NONE => QUEUED in 0.045701026916503906
2020-04-10 06:11:01.253 650 RALLYDEBUG rally.task.utils [-] Waiting for resource '63607482-8e79-4cd7-afd6-e1d81b6541e9'. Status changed: NONE => QUEUED in 0.04049181938171387
2020-04-10 06:11:01.254 649 RALLYDEBUG rally.task.utils [-] Waiting for resource '92da35ee-a352-4188-b1ea-5369b9c0b8da'. Status changed: NONE => QUEUED in 0.04679107666015625
2020-04-10 06:11:01.722 649 RALLYDEBUG rally.task.utils [-] Waiting for resource s_rally_1b003d2e_wE7EmAdu. Status changed: QUEUED => ACTIVE in 0.024634599685668945
2020-04-10 06:11:01.734 651 RALLYDEBUG rally.task.utils [-] Waiting for resource s_rally_1b003d2e_Lky0IbgN. Status changed: QUEUED => ACTIVE in 0.0269012451171875
2020-04-10 06:11:01.745 650 RALLYDEBUG rally.task.utils [-] Waiting for resource s_rally_1b003d2e_ZofJyzxU. Status changed: QUEUED => ACTIVE in 0.028888940811157227
2020-04-10 06:11:01.769 652 RALLYDEBUG rally.task.utils [-] Waiting for resource s_rally_1b003d2e_vH8tGGjE. Status changed: QUEUED => ACTIVE in 0.030038118362426758
2020-04-10 06:11:01.792 649 INFO rally.task.runner [-] Task 52bcdd51-16de-453f-8810-628a184e0c2d | ITER: 6 END: OK
2020-04-10 06:11:01.795 651 INFO rally.task.runner [-] Task 52bcdd51-16de-453f-8810-628a184e0c2d | ITER: 5 END: OK
2020-04-10 06:11:01.796 649 INFO rally.task.runner [-] Task 52bcdd51-16de-453f-8810-628a184e0c2d | ITER: 9 START
2020-04-10 06:11:01.800 651 INFO rally.task.runner [-] Task 52bcdd51-16de-453f-8810-628a184e0c2d | ITER: 10 START
2020-04-10 06:11:01.806 650 INFO rally.task.runner [-] Task 52bcdd51-16de-453f-8810-628a184e0c2d | ITER: 8 END: OK
2020-04-10 06:11:01.835 652 INFO rally.task.runner [-] Task 52bcdd51-16de-453f-8810-628a184e0c2d | ITER: 7 END: OK
2020-04-10 06:11:04.178 651 RALLYDEBUG rally.task.utils [-] Waiting for resource '6501f32a-54a7-4095-bbfd-67ae05b43f45'. Status changed: NONE => QUEUED in 0.04774045944213867
2020-04-10 06:11:04.233 649 RALLYDEBUG rally.task.utils [-] Waiting for resource '62380c04-2fa6-41ed-a994-337a0cd818f4'. Status changed: NONE => QUEUED in 0.04388236999511719
2020-04-10 06:11:04.670 651 RALLYDEBUG rally.task.utils [-] Waiting for resource s_rally_1b003d2e_FXsulHoO. Status changed: QUEUED => ACTIVE in 0.04021930694580078
2020-04-10 06:11:04.674 649 RALLYDEBUG rally.task.utils [-] Waiting for resource s_rally_1b003d2e_1cdgGcXL. Status changed: QUEUED => ACTIVE in 0.031969308853149414
2020-04-10 06:11:04.731 651 INFO rally.task.runner [-] Task 52bcdd51-16de-453f-8810-628a184e0c2d | ITER: 10 END: OK
2020-04-10 06:11:04.741 649 INFO rally.task.runner [-] Task 52bcdd51-16de-453f-8810-628a184e0c2d | ITER: 9 END: OK
2020-04-10 06:11:04.768 501 INFO rally.task.context [-] Task 52bcdd51-16de-453f-8810-628a184e0c2d | Context cleanup@openstack cleanup() started
2020-04-10 06:11:04.774 501 RALLYDEBUG rally_openstack.cleanup.manager [-] Cleaning up glance images objects
2020-04-10 06:11:05.657 501 RALLYDEBUG rally_openstack.cleanup.manager [-] Deleting glance.images object s_rally_1b003d2e_wE7EmAdu (92da35ee-a352-4188-b1ea-5369b9c0b8da)
2020-04-10 06:11:05.674 501 RALLYDEBUG rally_openstack.cleanup.manager [-] Deleting glance.images object s_rally_1b003d2e_Lky0IbgN (7d3901a9-d894-41c7-96e3-8339688d878f)
2020-04-10 06:11:05.680 501 RALLYDEBUG rally_openstack.cleanup.manager [-] Deleting glance.images object s_rally_1b003d2e_ZofJyzxU (63607482-8e79-4cd7-afd6-e1d81b6541e9)
2020-04-10 06:11:05.685 501 RALLYDEBUG rally_openstack.cleanup.manager [-] Deleting glance.images object s_rally_1b003d2e_1cdgGcXL (62380c04-2fa6-41ed-a994-337a0cd818f4)
2020-04-10 06:11:05.686 501 RALLYDEBUG rally_openstack.cleanup.manager [-] Deleting glance.images object s_rally_1b003d2e_DfTJqIoY (ba3e6e00-99e8-4b62-b920-1e47fb19f4bc)
2020-04-10 06:11:05.698 501 RALLYDEBUG rally_openstack.cleanup.manager [-] Deleting glance.images object s_rally_1b003d2e_vH8tGGjE (5b7ae992-fd15-4057-8033-e16878368240)
2020-04-10 06:11:05.731 501 RALLYDEBUG rally_openstack.cleanup.manager [-] Deleting glance.images object s_rally_1b003d2e_1cYze9IY (eb2a1ca6-7804-41e0-b676-fffa8956e920)
2020-04-10 06:11:05.734 501 RALLYDEBUG rally_openstack.cleanup.manager [-] Deleting glance.images object s_rally_1b003d2e_YVUPN7QC (70ef7198-a034-4ed2-9e7a-f940f909f725)
2020-04-10 06:11:05.751 501 RALLYDEBUG rally_openstack.cleanup.manager [-] Deleting glance.images object s_rally_1b003d2e_FXsulHoO (6501f32a-54a7-4095-bbfd-67ae05b43f45)
2020-04-10 06:11:05.753 501 RALLYDEBUG rally_openstack.cleanup.manager [-] Deleting glance.images object s_rally_1b003d2e_qqJ6V0fx (6b6cbd1c-c697-41e8-ab68-d9fdb5f066ef)
2020-04-10 06:11:06.197 501 DEBUG glanceclient.common.http [-] Request returned failure status 404. _handle_response /usr/lib/python3.7/site-packages/glanceclient/common/http.py:125
2020-04-10 06:11:06.223 501 DEBUG glanceclient.common.http [-] Request returned failure status 404. _handle_response /usr/lib/python3.7/site-packages/glanceclient/common/http.py:125
2020-04-10 06:11:06.238 501 DEBUG glanceclient.common.http [-] Request returned failure status 404. _handle_response /usr/lib/python3.7/site-packages/glanceclient/common/http.py:125
2020-04-10 06:11:06.259 501 DEBUG glanceclient.common.http [-] Request returned failure status 404. _handle_response /usr/lib/python3.7/site-packages/glanceclient/common/http.py:125
2020-04-10 06:11:06.269 501 DEBUG glanceclient.common.http [-] Request returned failure status 404. _handle_response /usr/lib/python3.7/site-packages/glanceclient/common/http.py:125
2020-04-10 06:11:06.314 501 DEBUG glanceclient.common.http [-] Request returned failure status 404. _handle_response /usr/lib/python3.7/site-packages/glanceclient/common/http.py:125
2020-04-10 06:11:06.324 501 DEBUG glanceclient.common.http [-] Request returned failure status 404. _handle_response /usr/lib/python3.7/site-packages/glanceclient/common/http.py:125
2020-04-10 06:11:06.339 501 DEBUG glanceclient.common.http [-] Request returned failure status 404. _handle_response /usr/lib/python3.7/site-packages/glanceclient/common/http.py:125
2020-04-10 06:11:06.346 501 DEBUG glanceclient.common.http [-] Request returned failure status 404. _handle_response /usr/lib/python3.7/site-packages/glanceclient/common/http.py:125
2020-04-10 06:11:06.347 501 DEBUG glanceclient.common.http [-] Request returned failure status 404. _handle_response /usr/lib/python3.7/site-packages/glanceclient/common/http.py:125
2020-04-10 06:11:06.358 501 DEBUG glanceclient.common.http [-] Request returned failure status 404. _handle_response /usr/lib/python3.7/site-packages/glanceclient/common/http.py:125
2020-04-10 06:11:06.359 501 DEBUG glanceclient.common.http [-] Request returned failure status 404. _handle_response /usr/lib/python3.7/site-packages/glanceclient/common/http.py:125
2020-04-10 06:11:06.369 501 DEBUG glanceclient.common.http [-] Request returned failure status 404. _handle_response /usr/lib/python3.7/site-packages/glanceclient/common/http.py:125
2020-04-10 06:11:06.371 501 DEBUG glanceclient.common.http [-] Request returned failure status 404. _handle_response /usr/lib/python3.7/site-packages/glanceclient/common/http.py:125
2020-04-10 06:11:06.385 501 DEBUG glanceclient.common.http [-] Request returned failure status 404. _handle_response /usr/lib/python3.7/site-packages/glanceclient/common/http.py:125
2020-04-10 06:11:06.387 501 DEBUG glanceclient.common.http [-] Request returned failure status 404. _handle_response /usr/lib/python3.7/site-packages/glanceclient/common/http.py:125
2020-04-10 06:11:06.388 501 DEBUG glanceclient.common.http [-] Request returned failure status 404. _handle_response /usr/lib/python3.7/site-packages/glanceclient/common/http.py:125
2020-04-10 06:11:06.389 501 DEBUG glanceclient.common.http [-] Request returned failure status 404. _handle_response /usr/lib/python3.7/site-packages/glanceclient/common/http.py:125
2020-04-10 06:11:06.404 501 DEBUG glanceclient.common.http [-] Request returned failure status 404. _handle_response /usr/lib/python3.7/site-packages/glanceclient/common/http.py:125
2020-04-10 06:11:06.428 501 DEBUG glanceclient.common.http [-] Request returned failure status 404. _handle_response /usr/lib/python3.7/site-packages/glanceclient/common/http.py:125
2020-04-10 06:11:07.431 501 INFO rally.task.context [-] Task 52bcdd51-16de-453f-8810-628a184e0c2d | Context cleanup@openstack cleanup() finished in 2.66 sec
2020-04-10 06:11:07.432 501 INFO rally.task.context [-] Task 52bcdd51-16de-453f-8810-628a184e0c2d | Context users@openstack cleanup() started
2020-04-10 06:11:07.572 501 WARNING rally.common.logging [-] `iterate_per_tenants()' is deprecated in v3.0.0: it is openstack specific.. Used at
2020-04-10 06:11:10.991 501 INFO rally.task.context [-] Task 52bcdd51-16de-453f-8810-628a184e0c2d | Context users@openstack cleanup() finished in 3.56 sec
2020-04-10 06:11:12.404 501 INFO rally.task.engine [-] Load duration is: 8.936298
2020-04-10 06:11:12.405 501 INFO rally.task.engine [-] Full runner duration is: 9.178754
2020-04-10 06:11:12.405 501 INFO rally.task.engine [-] Full duration is: 16.77305
2020-04-10 06:11:12.492 501 INFO rally.task.engine [-] Running workload: position = 0 config = { "version": 2, "title": "A cropped version of a bigger task.", "description": "Auto-generated task from a single workload (uuid=289d5ab8-b2e2-43aa-affa-fefc23de51c2)", "subtasks": [ { "title": "GlanceImages.list_images", "description": "List all images.", "scenario": { "GlanceImages.list_images": {} }, "contexts": { "users": { "tenants": 3, "users_per_tenant": 2 } }, "runner": { "constant": { "concurrency": 4, "times": 10 } }, "hooks": [], "sla": { "failure_rate": { "max": 0 } } } ] }
2020-04-10 06:11:12.510 501 RALLYDEBUG rally_openstack.contexts.keystone.users [-] Creating 3 tenants using 3 threads
2020-04-10 06:11:13.027 501 RALLYDEBUG rally_openstack.contexts.keystone.users [-] Creating 6 users using 6 threads
2020-04-10 06:11:14.046 501 INFO rally.task.context [-] Task 52bcdd51-16de-453f-8810-628a184e0c2d | Context users@openstack setup() finished in 1.54 sec
2020-04-10 06:11:14.058 501 RALLYDEBUG rally.task.runner [-] Starting the constant runner (task UUID: 52bcdd51-16de-453f-8810-628a184e0c2d). times: 10 concurrency: 4 timeout: 0 max_cpu_used: 88 processes_to_start: 4 concurrency_per_worker: 1 concurrency_overhead: 0
2020-04-10 06:11:14.070 742 RALLYDEBUG rally.task.runner [-] Starting a worker. times: 10 duration: None concurrency: 1 timeout: 0 cls: method_name: run args: {}
2020-04-10 06:11:14.073 743 RALLYDEBUG rally.task.runner [-] Starting a worker. times: 10 duration: None concurrency: 1 timeout: 0 cls: method_name: run args: {}
2020-04-10 06:11:14.076 744 RALLYDEBUG rally.task.runner [-] Starting a worker. times: 10 duration: None concurrency: 1 timeout: 0 cls: method_name: run args: {}
2020-04-10 06:11:14.077 742 INFO rally.task.runner [-] Task 52bcdd51-16de-453f-8810-628a184e0c2d | ITER: 1 START
2020-04-10 06:11:14.079 745 RALLYDEBUG rally.task.runner [-] Starting a worker. times: 10 duration: None concurrency: 1 timeout: 0 cls: method_name: run args: {}
2020-04-10 06:11:14.081 743 INFO rally.task.runner [-] Task 52bcdd51-16de-453f-8810-628a184e0c2d | ITER: 2 START
2020-04-10 06:11:14.083 744 INFO rally.task.runner [-] Task 52bcdd51-16de-453f-8810-628a184e0c2d | ITER: 3 START
2020-04-10 06:11:14.086 745 INFO rally.task.runner [-] Task 52bcdd51-16de-453f-8810-628a184e0c2d | ITER: 4 START
2020-04-10 06:11:14.427 744 INFO rally.task.runner [-] Task 52bcdd51-16de-453f-8810-628a184e0c2d | ITER: 3 END: OK
2020-04-10 06:11:14.430 744 INFO rally.task.runner [-] Task 52bcdd51-16de-453f-8810-628a184e0c2d | ITER: 5 START
2020-04-10 06:11:14.432 743 INFO rally.task.runner [-] Task 52bcdd51-16de-453f-8810-628a184e0c2d | ITER: 2 END: OK
2020-04-10 06:11:14.432 742 INFO rally.task.runner [-] Task 52bcdd51-16de-453f-8810-628a184e0c2d | ITER: 1 END: OK
2020-04-10 06:11:14.436 743 INFO rally.task.runner [-] Task 52bcdd51-16de-453f-8810-628a184e0c2d | ITER: 6 START
2020-04-10 06:11:14.437 742 INFO rally.task.runner [-] Task 52bcdd51-16de-453f-8810-628a184e0c2d | ITER: 7 START
2020-04-10 06:11:14.455 745 INFO rally.task.runner [-] Task 52bcdd51-16de-453f-8810-628a184e0c2d | ITER: 4 END: OK
2020-04-10 06:11:14.459 745 INFO rally.task.runner [-] Task 52bcdd51-16de-453f-8810-628a184e0c2d | ITER: 8 START
2020-04-10 06:11:14.646 744 INFO rally.task.runner [-] Task 52bcdd51-16de-453f-8810-628a184e0c2d | ITER: 5 END: OK
2020-04-10 06:11:14.649 744 INFO rally.task.runner [-] Task 52bcdd51-16de-453f-8810-628a184e0c2d | ITER: 9 START
2020-04-10 06:11:14.668 743 INFO rally.task.runner [-] Task 52bcdd51-16de-453f-8810-628a184e0c2d | ITER: 6 END: OK
2020-04-10 06:11:14.673 743 INFO rally.task.runner [-] Task 52bcdd51-16de-453f-8810-628a184e0c2d | ITER: 10 START
2020-04-10 06:11:14.694 745 INFO rally.task.runner [-] Task 52bcdd51-16de-453f-8810-628a184e0c2d | ITER: 8 END: OK
2020-04-10 06:11:14.738 742 INFO rally.task.runner [-] Task 52bcdd51-16de-453f-8810-628a184e0c2d | ITER: 7 END: OK
2020-04-10 06:11:14.913 743 INFO rally.task.runner [-] Task 52bcdd51-16de-453f-8810-628a184e0c2d | ITER: 10 END: OK
2020-04-10 06:11:14.970 744 INFO rally.task.runner [-] Task 52bcdd51-16de-453f-8810-628a184e0c2d | ITER: 9 END: OK
2020-04-10 06:11:14.998 501 INFO rally.task.context [-] Task 52bcdd51-16de-453f-8810-628a184e0c2d | Context users@openstack cleanup() started
2020-04-10 06:11:15.191 501 WARNING rally.common.logging [-] `iterate_per_tenants()' is deprecated in v3.0.0: it is openstack specific.. Used at
2020-04-10 06:11:18.239 501 INFO rally.task.context [-] Task 52bcdd51-16de-453f-8810-628a184e0c2d | Context users@openstack cleanup() finished in 3.24 sec
2020-04-10 06:11:18.592 501 INFO rally.task.engine [-] Load duration is: 0.710492
2020-04-10 06:11:18.592 501 INFO rally.task.engine [-] Full runner duration is: 0.940623
2020-04-10 06:11:18.593 501 INFO rally.task.engine [-] Full duration is: 5.730509
2020-04-10 06:11:18.698 501 INFO rally.task.engine [-] Running workload: position = 0 config = { "version": 2, "title": "A cropped version of a bigger task.", "description": "Auto-generated task from a single workload (uuid=2bf81827-ef04-4dcc-9df4-88e757f91070)", "subtasks": [ { "title": "GlanceImages.create_image_and_boot_instances", "description": "Create an image and boot several instances from it.", "scenario": { "GlanceImages.create_image_and_boot_instances": { "container_format": "bare", "disk_format": "qcow2", "image_location": "/home/opnfv/functest/images/cirros-0.4.0-x86_64-disk.img", "flavor": { "name": "rally_full_cntt-flavor_20ab9b1c-36ec-46fa-8e46-0f8a8890db19" }, "number_instances": 2, "boot_server_kwargs": { "nics": [ { "net-id": "4a9576c5-6ae6-493c-9563-8d655bcea3b2" } ] } } }, "contexts": { "users": { "tenants": 3, "users_per_tenant": 2 }, "quotas": { "nova": { "cores": -1, "floating_ips": -1, "instances": -1, "ram": -1, "security_group_rules": -1, "security_groups": -1 } } }, "runner": { "constant": { "concurrency": 4, "times": 10 } }, "hooks": [], "sla": { "failure_rate": { "max": 0 } } } ] }
2020-04-10 06:11:18.719 501 RALLYDEBUG rally_openstack.contexts.keystone.users [-] Creating 3 tenants using 3 threads
2020-04-10 06:11:19.344 501 RALLYDEBUG rally_openstack.contexts.keystone.users [-] Creating 6 users using 6 threads
2020-04-10 06:11:20.325 501 INFO rally.task.context [-] Task 52bcdd51-16de-453f-8810-628a184e0c2d | Context users@openstack setup() finished in 1.61 sec
2020-04-10 06:11:21.187 501 INFO rally.task.context [-] Task 52bcdd51-16de-453f-8810-628a184e0c2d | Context quotas@openstack setup() finished in 0.86 sec
2020-04-10 06:11:21.188 501 INFO rally.task.context [-] Task 52bcdd51-16de-453f-8810-628a184e0c2d | Context cleanup@openstack setup() finished in 0.12 msec
2020-04-10 06:11:21.379 501 RALLYDEBUG rally.task.runner [-] Starting the constant runner (task UUID: 52bcdd51-16de-453f-8810-628a184e0c2d). times: 10 concurrency: 4 timeout: 0 max_cpu_used: 88 processes_to_start: 4 concurrency_per_worker: 1 concurrency_overhead: 0
2020-04-10 06:11:21.391 815 RALLYDEBUG rally.task.runner [-] Starting a worker. times: 10 duration: None concurrency: 1 timeout: 0 cls: method_name: run args: {"container_format": "bare", "disk_format": "qcow2", "image_location": "/home/opnfv/functest/images/cirros-0.4.0-x86_64-disk.img", "flavor": "8dc5bbab-5f5e-4817-b893-596b62d83864", "number_instances": 2, "boot_server_kwargs": {"nics": [{"net-id": "4a9576c5-6ae6-493c-9563-8d655bcea3b2"}]}}
2020-04-10 06:11:21.394 816 RALLYDEBUG rally.task.runner [-] Starting a worker. times: 10 duration: None concurrency: 1 timeout: 0 cls: method_name: run args: {"container_format": "bare", "disk_format": "qcow2", "image_location": "/home/opnfv/functest/images/cirros-0.4.0-x86_64-disk.img", "flavor": "8dc5bbab-5f5e-4817-b893-596b62d83864", "number_instances": 2, "boot_server_kwargs": {"nics": [{"net-id": "4a9576c5-6ae6-493c-9563-8d655bcea3b2"}]}}
2020-04-10 06:11:21.397 817 RALLYDEBUG rally.task.runner [-] Starting a worker. times: 10 duration: None concurrency: 1 timeout: 0 cls: method_name: run args: {"container_format": "bare", "disk_format": "qcow2", "image_location": "/home/opnfv/functest/images/cirros-0.4.0-x86_64-disk.img", "flavor": "8dc5bbab-5f5e-4817-b893-596b62d83864", "number_instances": 2, "boot_server_kwargs": {"nics": [{"net-id": "4a9576c5-6ae6-493c-9563-8d655bcea3b2"}]}}
2020-04-10 06:11:21.400 815 INFO rally.task.runner [-] Task 52bcdd51-16de-453f-8810-628a184e0c2d | ITER: 1 START
2020-04-10 06:11:21.400 818 RALLYDEBUG rally.task.runner [-] Starting a worker. times: 10 duration: None concurrency: 1 timeout: 0 cls: method_name: run args: {"container_format": "bare", "disk_format": "qcow2", "image_location": "/home/opnfv/functest/images/cirros-0.4.0-x86_64-disk.img", "flavor": "8dc5bbab-5f5e-4817-b893-596b62d83864", "number_instances": 2, "boot_server_kwargs": {"nics": [{"net-id": "4a9576c5-6ae6-493c-9563-8d655bcea3b2"}]}}
2020-04-10 06:11:21.404 816 INFO rally.task.runner [-] Task 52bcdd51-16de-453f-8810-628a184e0c2d | ITER: 2 START
2020-04-10 06:11:21.406 817 INFO rally.task.runner [-] Task 52bcdd51-16de-453f-8810-628a184e0c2d | ITER: 3 START
2020-04-10 06:11:21.409 818 INFO rally.task.runner [-] Task 52bcdd51-16de-453f-8810-628a184e0c2d | ITER: 4 START
2020-04-10 06:11:23.890 816 RALLYDEBUG rally.task.utils [-] Waiting for resource '390ce24a-5928-4d9a-b51b-220fc966c402'. Status changed: NONE => QUEUED in 0.05132699012756348
2020-04-10 06:11:23.904 817 RALLYDEBUG rally.task.utils [-] Waiting for resource 'c55be1ad-97d2-46f6-b0c0-46b188928a70'. Status changed: NONE => QUEUED in 0.0478365421295166
2020-04-10 06:11:23.909 815 RALLYDEBUG rally.task.utils [-] Waiting for resource 'ac5a5207-4e5d-4516-8dc2-37f824825931'. Status changed: NONE => QUEUED in 0.04990410804748535
2020-04-10 06:11:23.921 818 RALLYDEBUG rally.task.utils [-] Waiting for resource 'dbdc434e-5de5-4fa1-b480-49cdaa533d66'. Status changed: NONE => QUEUED in 0.04684638977050781
2020-04-10 06:11:24.547 816 RALLYDEBUG rally.task.utils [-] Waiting for resource s_rally_2bf81827_mocE40hi. Status changed: QUEUED => ACTIVE in 0.0348358154296875
2020-04-10 06:11:24.550 818 RALLYDEBUG rally.task.utils [-] Waiting for resource s_rally_2bf81827_kV3OnTBa. Status changed: QUEUED => ACTIVE in 0.02825617790222168
2020-04-10 06:11:24.553 815 RALLYDEBUG rally.task.utils [-] Waiting for resource s_rally_2bf81827_NvuPApeL. Status changed: QUEUED => ACTIVE in 0.03129267692565918
2020-04-10 06:11:24.668 817 RALLYDEBUG rally.task.utils [-] Waiting for resource s_rally_2bf81827_2hXxX98i. Status changed: QUEUED => ACTIVE in 0.15207433700561523
2020-04-10 06:11:43.181 816 RALLYDEBUG rally.task.utils [-] Waiting for resource s_rally_2bf81827_1D8enPCz_1. Status changed: BUILD => ACTIVE in 14.816551685333252
2020-04-10 06:11:43.569 818 RALLYDEBUG rally.task.utils [-] Waiting for resource s_rally_2bf81827_6DHSjaDz_1. Status changed: BUILD => ACTIVE in 12.765379190444946
2020-04-10 06:11:43.620 816 RALLYDEBUG rally.task.utils [-] Waiting for resource s_rally_2bf81827_1D8enPCz_0. Status changed: BUILD => ACTIVE in 0.43901586532592773
2020-04-10 06:11:43.621 816 INFO rally.task.runner [-] Task 52bcdd51-16de-453f-8810-628a184e0c2d | ITER: 2 END: OK
2020-04-10 06:11:43.627 816 INFO rally.task.runner [-] Task 52bcdd51-16de-453f-8810-628a184e0c2d | ITER: 5 START
2020-04-10 06:11:44.056 818 RALLYDEBUG rally.task.utils [-] Waiting for resource s_rally_2bf81827_6DHSjaDz_0. Status changed: BUILD => ACTIVE in 0.4868912696838379
2020-04-10 06:11:44.057 818 INFO rally.task.runner [-] Task 52bcdd51-16de-453f-8810-628a184e0c2d | ITER: 4 END: OK
2020-04-10 06:11:44.061 818 INFO rally.task.runner [-] Task 52bcdd51-16de-453f-8810-628a184e0c2d | ITER: 6 START
2020-04-10 06:11:44.321 817 RALLYDEBUG rally.task.utils [-] Waiting for resource s_rally_2bf81827_JA18VFAg_1. Status changed: BUILD => ACTIVE in 13.400710105895996
2020-04-10 06:11:44.507 817 RALLYDEBUG rally.task.utils [-] Waiting for resource s_rally_2bf81827_JA18VFAg_0. Status changed: BUILD => ACTIVE in 0.18578219413757324
2020-04-10 06:11:44.507 817 INFO rally.task.runner [-] Task 52bcdd51-16de-453f-8810-628a184e0c2d | ITER: 3 END: OK
2020-04-10 06:11:44.513 817 INFO rally.task.runner [-] Task 52bcdd51-16de-453f-8810-628a184e0c2d | ITER: 7 START
2020-04-10 06:11:45.865 815 RALLYDEBUG rally.task.utils [-] Waiting for resource s_rally_2bf81827_FjHk0wwx_1. Status changed: BUILD => ACTIVE in 16.465728998184204
2020-04-10 06:11:46.083 815 RALLYDEBUG rally.task.utils [-] Waiting for resource s_rally_2bf81827_FjHk0wwx_0. Status changed: BUILD => ACTIVE in 0.2156822681427002
2020-04-10 06:11:46.083 815 INFO rally.task.runner [-] Task 52bcdd51-16de-453f-8810-628a184e0c2d | ITER: 1 END: OK
2020-04-10 06:11:46.091 815 INFO rally.task.runner [-] Task 52bcdd51-16de-453f-8810-628a184e0c2d | ITER: 8 START
2020-04-10 06:11:46.126 816 RALLYDEBUG rally.task.utils [-] Waiting for resource 'a0a739d2-9c9f-4044-bd49-f3eb7abcbcac'. Status changed: NONE => QUEUED in 0.057442426681518555
2020-04-10 06:11:46.464 818 RALLYDEBUG rally.task.utils [-] Waiting for resource '13d9cb55-6a12-404a-b1ee-54f26ea5b386'. Status changed: NONE => QUEUED in 0.04712653160095215
2020-04-10 06:11:46.646 816 RALLYDEBUG rally.task.utils [-] Waiting for resource s_rally_2bf81827_cRXKJop6. Status changed: QUEUED => ACTIVE in 0.03330373764038086
2020-04-10 06:11:46.886 817 RALLYDEBUG rally.task.utils [-] Waiting for resource '95295611-d6b7-417e-9caf-eef3631a81e5'. Status changed: NONE => QUEUED in 0.0503387451171875
2020-04-10 06:11:46.918 818 RALLYDEBUG rally.task.utils [-] Waiting for resource s_rally_2bf81827_ZG95Oswn. Status changed: QUEUED => ACTIVE in 0.03504753112792969
2020-04-10 06:11:47.267 817 RALLYDEBUG rally.task.utils [-] Waiting for resource s_rally_2bf81827_V7BdggDC. Status changed: QUEUED => ACTIVE in 0.030848264694213867
2020-04-10 06:11:48.461 815 RALLYDEBUG rally.task.utils [-] Waiting for resource '310dc0ea-1335-4bd7-ba24-d0f2778946fe'. Status changed: NONE => QUEUED in 0.05197000503540039
2020-04-10 06:11:48.907 815 RALLYDEBUG rally.task.utils [-] Waiting for resource s_rally_2bf81827_1qTyAP7C. Status changed: QUEUED => ACTIVE in 0.05166983604431152
2020-04-10 06:12:01.497 815 RALLYDEBUG rally.task.utils [-] Waiting for resource s_rally_2bf81827_49VOd9Ea_1. Status changed: BUILD => ACTIVE in 7.318441867828369
2020-04-10 06:12:03.121 818 RALLYDEBUG rally.task.utils [-] Waiting for resource s_rally_2bf81827_LvmKtsNV_1. Status changed: BUILD => ACTIVE in 11.661703824996948
2020-04-10 06:12:03.892 817 RALLYDEBUG rally.task.utils [-] Waiting for resource s_rally_2bf81827_ryyoSQqh_1. Status changed: BUILD => ACTIVE in 13.612463235855103
2020-04-10 06:12:04.064 818 RALLYDEBUG rally.task.utils [-] Waiting for resource s_rally_2bf81827_LvmKtsNV_0. Status changed: BUILD => ACTIVE in 0.941319465637207
2020-04-10 06:12:04.064 818 INFO rally.task.runner [-] Task 52bcdd51-16de-453f-8810-628a184e0c2d | ITER: 6 END: OK
2020-04-10 06:12:04.069 818 INFO rally.task.runner [-] Task 52bcdd51-16de-453f-8810-628a184e0c2d | ITER: 9 START
2020-04-10 06:12:06.348 817 RALLYDEBUG rally.task.utils [-] Waiting for resource s_rally_2bf81827_ryyoSQqh_0. Status changed: BUILD => ACTIVE in 2.4560065269470215
2020-04-10 06:12:06.350 817 INFO rally.task.runner [-] Task 52bcdd51-16de-453f-8810-628a184e0c2d | ITER: 7 END: OK
2020-04-10 06:12:06.355 817 INFO rally.task.runner [-] Task 52bcdd51-16de-453f-8810-628a184e0c2d | ITER: 10 START
2020-04-10 06:12:06.555 818 RALLYDEBUG rally.task.utils [-] Waiting for resource '0fc2c574-0389-4f3f-bd7d-e2988b922cb7'. Status changed: NONE => QUEUED in 0.03754472732543945
2020-04-10 06:12:06.960 815 RALLYDEBUG rally.task.utils [-] Waiting for resource s_rally_2bf81827_49VOd9Ea_0. Status changed: BUILD => ACTIVE in 5.4620280265808105
2020-04-10 06:12:06.961 815 INFO rally.task.runner [-] Task 52bcdd51-16de-453f-8810-628a184e0c2d | ITER: 8 END: OK
2020-04-10 06:12:06.987 818 RALLYDEBUG rally.task.utils [-] Waiting for resource s_rally_2bf81827_HnDja4T3. Status changed: QUEUED => ACTIVE in 0.027631521224975586
2020-04-10 06:12:08.824 816 RALLYDEBUG rally.task.utils [-] Waiting for resource s_rally_2bf81827_i0HQuQLm_1. Status changed: BUILD => ACTIVE in 17.472116708755493
2020-04-10 06:12:08.876 817 RALLYDEBUG rally.task.utils [-] Waiting for resource 'b39c3e68-7bc3-43cc-b0e1-987f33c31635'. Status changed: NONE => QUEUED in 0.054814815521240234
2020-04-10 06:12:09.082 816 RALLYDEBUG rally.task.utils [-] Waiting for resource s_rally_2bf81827_i0HQuQLm_0. Status changed: BUILD => ACTIVE in 0.25742220878601074
2020-04-10 06:12:09.083 816 INFO rally.task.runner [-] Task 52bcdd51-16de-453f-8810-628a184e0c2d | ITER: 5 END: OK
2020-04-10 06:12:09.541 817 RALLYDEBUG rally.task.utils [-] Waiting for resource s_rally_2bf81827_SytWvI4J. Status changed: QUEUED => ACTIVE in 0.025011539459228516
2020-04-10 06:12:21.734 818 RALLYDEBUG rally.task.utils [-] Waiting for resource s_rally_2bf81827_I4xc3Tox_1. Status changed: BUILD => ACTIVE in 11.977925539016724
2020-04-10 06:12:22.076 818 RALLYDEBUG rally.task.utils [-] Waiting for resource s_rally_2bf81827_I4xc3Tox_0. Status changed: BUILD => ACTIVE in 0.3410000801086426
2020-04-10 06:12:22.077 818 INFO rally.task.runner [-] Task 52bcdd51-16de-453f-8810-628a184e0c2d | ITER: 9 END: OK
2020-04-10 06:12:22.343 817 RALLYDEBUG rally.task.utils [-] Waiting for resource s_rally_2bf81827_3Az61LTp_1. Status changed: BUILD => ACTIVE in 7.214080333709717
2020-04-10 06:12:25.158 817 RALLYDEBUG rally.task.utils [-] Waiting for resource s_rally_2bf81827_3Az61LTp_0. Status changed: BUILD => ACTIVE in 2.8140950202941895
2020-04-10 06:12:25.158 817 INFO rally.task.runner [-] Task 52bcdd51-16de-453f-8810-628a184e0c2d | ITER: 10 END: OK
2020-04-10 06:12:25.187 501 INFO rally.task.context [-] Task 52bcdd51-16de-453f-8810-628a184e0c2d | Context cleanup@openstack cleanup() started
2020-04-10 06:12:25.193 501 RALLYDEBUG rally_openstack.cleanup.manager [-] Cleaning up nova servers objects
2020-04-10 06:12:29.299 501 RALLYDEBUG rally_openstack.cleanup.manager [-] Deleting nova.servers object s_rally_2bf81827_49VOd9Ea_1 (8f2c424f-dd11-4b08-9023-e1bec3e1b762)
2020-04-10 06:12:29.305 501 RALLYDEBUG rally_openstack.cleanup.manager [-] Deleting nova.servers object s_rally_2bf81827_49VOd9Ea_0 (6e9f7460-708a-4f88-ba0d-debd3c28d8ce)
2020-04-10 06:12:29.316 501 RALLYDEBUG rally_openstack.cleanup.manager [-] Deleting nova.servers object s_rally_2bf81827_LvmKtsNV_1 (d7739ef3-8abc-480a-bf98-21ed297b7e93)
2020-04-10 06:12:29.330 501 RALLYDEBUG rally_openstack.cleanup.manager [-] Deleting nova.servers object s_rally_2bf81827_i0HQuQLm_1 (f1d17520-8a6d-4023-a117-8011b6f0537a)
2020-04-10 06:12:29.349 501 RALLYDEBUG rally_openstack.cleanup.manager [-] Deleting nova.servers object s_rally_2bf81827_LvmKtsNV_0 (5d44405f-fc6f-4aa9-a9e4-a58de60d752e)
2020-04-10 06:12:29.379 501 RALLYDEBUG rally_openstack.cleanup.manager [-] Deleting nova.servers object s_rally_2bf81827_ryyoSQqh_1 (9d03f0d8-3e5b-4728-a393-eb9fb0721b79)
2020-04-10 06:12:29.383 501 RALLYDEBUG rally_openstack.cleanup.manager [-] Deleting nova.servers object s_rally_2bf81827_JA18VFAg_1 (81a5fc4f-ae88-4422-9746-7dc4b5e0a298)
2020-04-10 06:12:29.389 501 RALLYDEBUG rally_openstack.cleanup.manager [-] Deleting nova.servers object s_rally_2bf81827_i0HQuQLm_0 (a88e28b9-bd7f-4c92-a2aa-534040668733)
2020-04-10 06:12:29.409 501 RALLYDEBUG rally_openstack.cleanup.manager [-] Deleting nova.servers object s_rally_2bf81827_ryyoSQqh_0 (dce278b8-1772-45c9-9b5b-f979c3724093)
2020-04-10 06:12:29.434 501 RALLYDEBUG rally_openstack.cleanup.manager [-] Deleting nova.servers object s_rally_2bf81827_6DHSjaDz_1 (cd9ed747-f3e2-4b75-acdd-261d6ca93110)
2020-04-10 06:12:29.471 501 RALLYDEBUG rally_openstack.cleanup.manager [-] Deleting nova.servers object s_rally_2bf81827_1D8enPCz_0 (2e207f09-26ab-424d-a8dc-a699a1982cc9)
2020-04-10 06:12:29.501 501 RALLYDEBUG rally_openstack.cleanup.manager [-] Deleting nova.servers object s_rally_2bf81827_JA18VFAg_0 (db7bb8c5-cf4b-48c3-bcae-c8188b888de4)
2020-04-10 06:12:29.504 501 RALLYDEBUG rally_openstack.cleanup.manager [-] Deleting nova.servers object s_rally_2bf81827_3Az61LTp_1 (c60f4dfd-0367-4925-b140-43091bb6afdb)
2020-04-10 06:12:29.504 501 RALLYDEBUG rally_openstack.cleanup.manager [-] Deleting nova.servers object s_rally_2bf81827_3Az61LTp_0 (e009514a-fe55-4dcf-8709-cb32cdd307e8)
2020-04-10 06:12:29.513 501 RALLYDEBUG rally_openstack.cleanup.manager [-] Deleting nova.servers object s_rally_2bf81827_6DHSjaDz_0 (ec6c69ac-ce77-493e-8c30-4fe4f3ead00b)
2020-04-10 06:12:29.515 501 RALLYDEBUG rally_openstack.cleanup.manager [-] Deleting nova.servers object s_rally_2bf81827_1D8enPCz_1 (99df1491-bf85-4e14-a866-5ca5a89a78a7)
2020-04-10 06:12:29.548 501 RALLYDEBUG rally_openstack.cleanup.manager [-] Deleting nova.servers object s_rally_2bf81827_I4xc3Tox_1 (40b62046-e769-4903-b271-7169d5abefc8)
2020-04-10 06:12:29.549 501 RALLYDEBUG rally_openstack.cleanup.manager [-] Deleting nova.servers object s_rally_2bf81827_I4xc3Tox_0 (7f88d4fe-5126-4804-a5f7-a52241bcf32a)
2020-04-10 06:12:29.558 501 RALLYDEBUG rally_openstack.cleanup.manager [-] Deleting nova.servers object s_rally_2bf81827_FjHk0wwx_1 (22a5e5c2-33de-42dd-816a-2871be3c6525)
2020-04-10 06:12:29.562 501 RALLYDEBUG rally_openstack.cleanup.manager [-] Deleting nova.servers object s_rally_2bf81827_FjHk0wwx_0 (cf901a5e-a7ff-45e1-ac13-3b0185e925a2)
2020-04-10 06:12:40.580 501 RALLYDEBUG rally_openstack.cleanup.manager [-] Cleaning up nova server_groups objects
2020-04-10 06:12:41.020 501 RALLYDEBUG rally_openstack.cleanup.manager [-] Cleaning up nova keypairs objects
2020-04-10 06:12:41.998 501 RALLYDEBUG rally_openstack.cleanup.manager [-] Cleaning up glance images objects
2020-04-10 06:12:42.808 501 RALLYDEBUG rally_openstack.cleanup.manager [-] Deleting glance.images object s_rally_2bf81827_1qTyAP7C (310dc0ea-1335-4bd7-ba24-d0f2778946fe)
2020-04-10 06:12:42.820 501 RALLYDEBUG rally_openstack.cleanup.manager [-] Deleting glance.images object s_rally_2bf81827_V7BdggDC (95295611-d6b7-417e-9caf-eef3631a81e5)
2020-04-10 06:12:42.831 501 RALLYDEBUG rally_openstack.cleanup.manager [-] Deleting glance.images object s_rally_2bf81827_cRXKJop6 (a0a739d2-9c9f-4044-bd49-f3eb7abcbcac)
2020-04-10 06:12:42.842 501 RALLYDEBUG rally_openstack.cleanup.manager [-] Deleting glance.images object s_rally_2bf81827_ZG95Oswn (13d9cb55-6a12-404a-b1ee-54f26ea5b386)
2020-04-10 06:12:42.866 501 RALLYDEBUG rally_openstack.cleanup.manager [-] Deleting glance.images object s_rally_2bf81827_2hXxX98i (c55be1ad-97d2-46f6-b0c0-46b188928a70)
2020-04-10 06:12:42.876 501 RALLYDEBUG rally_openstack.cleanup.manager [-] Deleting glance.images object s_rally_2bf81827_SytWvI4J (b39c3e68-7bc3-43cc-b0e1-987f33c31635)
2020-04-10 06:12:42.864 501 RALLYDEBUG rally_openstack.cleanup.manager [-] Deleting glance.images object s_rally_2bf81827_mocE40hi (390ce24a-5928-4d9a-b51b-220fc966c402)
2020-04-10 06:12:42.888 501 RALLYDEBUG rally_openstack.cleanup.manager [-] Deleting glance.images object s_rally_2bf81827_kV3OnTBa (dbdc434e-5de5-4fa1-b480-49cdaa533d66)
2020-04-10 06:12:42.888 501 RALLYDEBUG rally_openstack.cleanup.manager [-] Deleting glance.images object s_rally_2bf81827_HnDja4T3 (0fc2c574-0389-4f3f-bd7d-e2988b922cb7)
2020-04-10 06:12:42.897 501 RALLYDEBUG rally_openstack.cleanup.manager [-] Deleting glance.images object s_rally_2bf81827_NvuPApeL (ac5a5207-4e5d-4516-8dc2-37f824825931)
2020-04-10 06:12:43.375 501 DEBUG glanceclient.common.http [-] Request returned failure status 404. _handle_response /usr/lib/python3.7/site-packages/glanceclient/common/http.py:125
2020-04-10 06:12:43.397 501 DEBUG glanceclient.common.http [-] Request returned failure status 404. _handle_response /usr/lib/python3.7/site-packages/glanceclient/common/http.py:125
2020-04-10 06:12:43.402 501 DEBUG glanceclient.common.http [-] Request returned failure status 404. _handle_response /usr/lib/python3.7/site-packages/glanceclient/common/http.py:125
2020-04-10 06:12:43.431 501 DEBUG glanceclient.common.http [-] Request returned failure status 404. _handle_response /usr/lib/python3.7/site-packages/glanceclient/common/http.py:125
2020-04-10 06:12:43.442 501 DEBUG glanceclient.common.http [-] Request returned failure status 404. _handle_response /usr/lib/python3.7/site-packages/glanceclient/common/http.py:125
2020-04-10 06:12:43.450 501 DEBUG glanceclient.common.http [-] Request returned failure status 404. _handle_response /usr/lib/python3.7/site-packages/glanceclient/common/http.py:125
2020-04-10 06:12:43.458 501 DEBUG glanceclient.common.http [-] Request returned failure status 404. _handle_response /usr/lib/python3.7/site-packages/glanceclient/common/http.py:125
2020-04-10 06:12:43.482 501 DEBUG glanceclient.common.http [-] Request returned failure status 404. _handle_response /usr/lib/python3.7/site-packages/glanceclient/common/http.py:125
2020-04-10 06:12:43.489 501 DEBUG glanceclient.common.http [-] Request returned failure status 404. _handle_response /usr/lib/python3.7/site-packages/glanceclient/common/http.py:125
2020-04-10 06:12:43.498 501 DEBUG glanceclient.common.http [-] Request returned failure status 404. _handle_response /usr/lib/python3.7/site-packages/glanceclient/common/http.py:125
2020-04-10 06:12:43.509 501 DEBUG glanceclient.common.http [-] Request returned failure status 404. _handle_response /usr/lib/python3.7/site-packages/glanceclient/common/http.py:125
2020-04-10 06:12:43.524 501 DEBUG glanceclient.common.http [-] Request returned failure status 404. _handle_response /usr/lib/python3.7/site-packages/glanceclient/common/http.py:125
2020-04-10 06:12:43.544 501 DEBUG glanceclient.common.http [-] Request returned failure status 404. _handle_response /usr/lib/python3.7/site-packages/glanceclient/common/http.py:125
2020-04-10 06:12:43.552 501 DEBUG glanceclient.common.http [-] Request returned failure status 404. _handle_response /usr/lib/python3.7/site-packages/glanceclient/common/http.py:125
2020-04-10 06:12:43.568 501 DEBUG glanceclient.common.http [-] Request returned failure status 404. _handle_response /usr/lib/python3.7/site-packages/glanceclient/common/http.py:125
2020-04-10 06:12:43.576 501 DEBUG glanceclient.common.http [-] Request returned failure status 404. _handle_response /usr/lib/python3.7/site-packages/glanceclient/common/http.py:125
2020-04-10 06:12:43.584 501 DEBUG glanceclient.common.http [-] Request returned failure status 404. _handle_response /usr/lib/python3.7/site-packages/glanceclient/common/http.py:125
2020-04-10 06:12:43.602 501 DEBUG glanceclient.common.http [-] Request returned failure status 404. _handle_response /usr/lib/python3.7/site-packages/glanceclient/common/http.py:125
2020-04-10 06:12:43.644 501 DEBUG glanceclient.common.http [-] Request returned failure status 404. _handle_response /usr/lib/python3.7/site-packages/glanceclient/common/http.py:125
2020-04-10 06:12:43.671 501 DEBUG glanceclient.common.http [-] Request returned failure status 404. _handle_response /usr/lib/python3.7/site-packages/glanceclient/common/http.py:125
2020-04-10 06:12:44.675 501 INFO rally.task.context [-] Task 52bcdd51-16de-453f-8810-628a184e0c2d | Context cleanup@openstack cleanup() finished in 19.49 sec
2020-04-10 06:12:44.676 501 INFO rally.task.context [-] Task 52bcdd51-16de-453f-8810-628a184e0c2d | Context quotas@openstack cleanup() started
2020-04-10 06:12:44.751 501 INFO rally.task.context [-] Task 52bcdd51-16de-453f-8810-628a184e0c2d | Context quotas@openstack cleanup() finished in 75.02 msec
2020-04-10 06:12:44.751 501 INFO rally.task.context [-] Task 52bcdd51-16de-453f-8810-628a184e0c2d | Context users@openstack cleanup() started
2020-04-10 06:12:44.927 501 WARNING rally.common.logging [-] `iterate_per_tenants()' is deprecated in v3.0.0: it is openstack specific.. Used at
2020-04-10 06:12:47.013 501 INFO rally.task.context [-] Task 52bcdd51-16de-453f-8810-628a184e0c2d | Context users@openstack cleanup() finished in 2.26 sec
2020-04-10 06:12:47.147 501 INFO rally.task.engine [-] Load duration is: 62.547939
2020-04-10 06:12:47.147 501 INFO rally.task.engine [-] Full runner duration is: 63.80853
2020-04-10 06:12:47.148 501 INFO rally.task.engine [-] Full duration is: 88.29651
2020-04-10 06:12:47.240 501 INFO rally.task.engine [-] Running workload: position = 0 config = { "version": 2, "title": "A cropped version of a bigger task.", "description": "Auto-generated task from a single workload (uuid=a3484bff-94b2-4846-979e-db41f005105a)", "subtasks": [ { "title": "GlanceImages.create_and_deactivate_image", "description": "Create an image, then deactivate it.", "scenario": { "GlanceImages.create_and_deactivate_image": { "container_format": "bare", "disk_format": "qcow2", "image_location": "/home/opnfv/functest/images/cirros-0.4.0-x86_64-disk.img" } }, "contexts": { "users": { "tenants": 3, "users_per_tenant": 2 } }, "runner": { "constant": { "concurrency": 4, "times": 10 } }, "hooks": [], "sla": { "failure_rate": { "max": 0 } } } ] }
2020-04-10 06:12:47.263 501 RALLYDEBUG rally_openstack.contexts.keystone.users [-] Creating 3 tenants using 3 threads
2020-04-10 06:12:47.788 501 RALLYDEBUG rally_openstack.contexts.keystone.users [-] Creating 6 users using 6 threads
2020-04-10 06:12:48.698 501 INFO rally.task.context [-] Task 52bcdd51-16de-453f-8810-628a184e0c2d | Context users@openstack setup() finished in 1.43 sec
2020-04-10 06:12:48.699 501 INFO rally.task.context [-] Task 52bcdd51-16de-453f-8810-628a184e0c2d | Context cleanup@openstack setup() finished in 0.01 msec
2020-04-10 06:12:48.709 501 RALLYDEBUG rally.task.runner [-] Starting the constant runner (task UUID: 52bcdd51-16de-453f-8810-628a184e0c2d). times: 10 concurrency: 4 timeout: 0 max_cpu_used: 88 processes_to_start: 4 concurrency_per_worker: 1 concurrency_overhead: 0
2020-04-10 06:12:48.720 968 RALLYDEBUG rally.task.runner [-] Starting a worker. times: 10 duration: None concurrency: 1 timeout: 0 cls: method_name: run args: {"container_format": "bare", "disk_format": "qcow2", "image_location": "/home/opnfv/functest/images/cirros-0.4.0-x86_64-disk.img"}
2020-04-10 06:12:48.722 969 RALLYDEBUG rally.task.runner [-] Starting a worker. times: 10 duration: None concurrency: 1 timeout: 0 cls: method_name: run args: {"container_format": "bare", "disk_format": "qcow2", "image_location": "/home/opnfv/functest/images/cirros-0.4.0-x86_64-disk.img"}
2020-04-10 06:12:48.725 970 RALLYDEBUG rally.task.runner [-] Starting a worker. times: 10 duration: None concurrency: 1 timeout: 0 cls: method_name: run args: {"container_format": "bare", "disk_format": "qcow2", "image_location": "/home/opnfv/functest/images/cirros-0.4.0-x86_64-disk.img"}
2020-04-10 06:12:48.726 968 INFO rally.task.runner [-] Task 52bcdd51-16de-453f-8810-628a184e0c2d | ITER: 1 START
2020-04-10 06:12:48.727 969 INFO rally.task.runner [-] Task 52bcdd51-16de-453f-8810-628a184e0c2d | ITER: 2 START
2020-04-10 06:12:48.728 971 RALLYDEBUG rally.task.runner [-] Starting a worker. times: 10 duration: None concurrency: 1 timeout: 0 cls: method_name: run args: {"container_format": "bare", "disk_format": "qcow2", "image_location": "/home/opnfv/functest/images/cirros-0.4.0-x86_64-disk.img"}
2020-04-10 06:12:48.731 970 INFO rally.task.runner [-] Task 52bcdd51-16de-453f-8810-628a184e0c2d | ITER: 3 START
2020-04-10 06:12:48.734 971 INFO rally.task.runner [-] Task 52bcdd51-16de-453f-8810-628a184e0c2d | ITER: 4 START
2020-04-10 06:12:51.204 969 RALLYDEBUG rally.task.utils [-] Waiting for resource '80de300a-bcc0-4cd8-a343-3a224ef9f5da'. Status changed: NONE => QUEUED in 0.045363664627075195
2020-04-10 06:12:51.223 968 RALLYDEBUG rally.task.utils [-] Waiting for resource '2b1ab07f-ce64-4571-bdca-c8fc76e6088f'. Status changed: NONE => QUEUED in 0.052419185638427734
2020-04-10 06:12:51.233 971 RALLYDEBUG rally.task.utils [-] Waiting for resource 'b649fb85-30cf-4174-8615-4731f40202b6'. Status changed: NONE => QUEUED in 0.04600381851196289
2020-04-10 06:12:51.258 970 RALLYDEBUG rally.task.utils [-] Waiting for resource '5a90054c-27f8-4fb5-b5a0-541fad36e6a6'. Status changed: NONE => QUEUED in 0.04313015937805176
2020-04-10 06:12:51.812 970 RALLYDEBUG rally.task.utils [-] Waiting for resource s_rally_a3484bff_2UzNNViM. Status changed: QUEUED => ACTIVE in 0.026770830154418945
2020-04-10 06:12:51.829 968 RALLYDEBUG rally.task.utils [-] Waiting for resource s_rally_a3484bff_fJRvboSA. Status changed: QUEUED => ACTIVE in 0.026441574096679688
2020-04-10 06:12:51.839 971 RALLYDEBUG rally.task.utils [-] Waiting for resource s_rally_a3484bff_R5XdR1Qt. Status changed: QUEUED => ACTIVE in 0.0329287052154541
2020-04-10 06:12:51.853 969 RALLYDEBUG rally.task.utils [-] Waiting for resource s_rally_a3484bff_fZRt59J2. Status changed: QUEUED => ACTIVE in 0.026490211486816406
2020-04-10 06:12:51.884 970 INFO rally.task.runner [-] Task 52bcdd51-16de-453f-8810-628a184e0c2d | ITER: 3 END: OK
2020-04-10 06:12:51.889 970 INFO rally.task.runner [-] Task 52bcdd51-16de-453f-8810-628a184e0c2d | ITER: 5 START
2020-04-10 06:12:51.911 968 INFO rally.task.runner [-] Task 52bcdd51-16de-453f-8810-628a184e0c2d | ITER: 1 END: OK
2020-04-10 06:12:51.916 968 INFO rally.task.runner [-] Task 52bcdd51-16de-453f-8810-628a184e0c2d | ITER: 6 START
2020-04-10 06:12:51.925 971 INFO rally.task.runner [-] Task 52bcdd51-16de-453f-8810-628a184e0c2d | ITER: 4 END: OK
2020-04-10 06:12:51.926 969 INFO rally.task.runner [-] Task 52bcdd51-16de-453f-8810-628a184e0c2d | ITER: 2 END: OK
2020-04-10 06:12:51.927 971 INFO rally.task.runner [-] Task 52bcdd51-16de-453f-8810-628a184e0c2d | ITER: 7 START
2020-04-10 06:12:51.929 969 INFO rally.task.runner [-] Task 52bcdd51-16de-453f-8810-628a184e0c2d | ITER: 8 START
2020-04-10 06:12:54.280 969 RALLYDEBUG rally.task.utils [-] Waiting for resource 'd084c73d-2102-4555-9207-a0bb92ca766f'. Status changed: NONE => QUEUED in 0.0485537052154541
2020-04-10 06:12:54.327 970 RALLYDEBUG rally.task.utils [-] Waiting for resource 'c11b2043-1e04-4a83-847d-6710e27b6a97'. Status changed: NONE => QUEUED in 0.04627847671508789
2020-04-10 06:12:54.331 968 RALLYDEBUG rally.task.utils [-] Waiting for resource '8837830c-85a6-473e-8a7b-ac1769f09dd6'. Status changed: NONE => QUEUED in 0.04585528373718262
2020-04-10 06:12:54.372 971 RALLYDEBUG rally.task.utils [-] Waiting for resource '02f34f63-e266-4ed8-9a19-99fc59f9fd04'. Status changed: NONE => QUEUED in 0.04105544090270996
2020-04-10 06:12:54.806 969 RALLYDEBUG rally.task.utils [-] Waiting for resource s_rally_a3484bff_1yAmx4G3. Status changed: QUEUED => ACTIVE in 0.025775671005249023
2020-04-10 06:12:54.812 971 RALLYDEBUG rally.task.utils [-] Waiting for resource s_rally_a3484bff_0cFHNmkg. Status changed: QUEUED => ACTIVE in 0.026454925537109375
2020-04-10 06:12:54.833 968 RALLYDEBUG rally.task.utils [-] Waiting for resource s_rally_a3484bff_SE7JH11L. Status changed: QUEUED => ACTIVE in 0.036069631576538086
2020-04-10 06:12:54.842 970 RALLYDEBUG rally.task.utils [-] Waiting for resource s_rally_a3484bff_ITB0vmls. Status changed: QUEUED => ACTIVE in 0.030489683151245117
2020-04-10 06:12:54.872 969 INFO rally.task.runner [-] Task 52bcdd51-16de-453f-8810-628a184e0c2d | ITER: 8 END: OK
