2020-04-10 06:13:54.097 501 DEBUG glanceclient.common.http [-] Request returned failure status 404. _handle_response /usr/lib/python3.7/site-packages/glanceclient/common/http.py:125
2020-04-10 06:13:54.097 501 DEBUG glanceclient.common.http [-] Request returned failure status 404. _handle_response /usr/lib/python3.7/site-packages/glanceclient/common/http.py:125
2020-04-10 06:13:54.098 501 DEBUG glanceclient.common.http [-] Request returned failure status 404. _handle_response /usr/lib/python3.7/site-packages/glanceclient/common/http.py:125
2020-04-10 06:13:54.104 501 DEBUG glanceclient.common.http [-] Request returned failure status 404. _handle_response /usr/lib/python3.7/site-packages/glanceclient/common/http.py:125
2020-04-10 06:13:54.119 501 DEBUG glanceclient.common.http [-] Request returned failure status 404. _handle_response /usr/lib/python3.7/site-packages/glanceclient/common/http.py:125
2020-04-10 06:13:54.120 501 DEBUG glanceclient.common.http [-] Request returned failure status 404. _handle_response /usr/lib/python3.7/site-packages/glanceclient/common/http.py:125
2020-04-10 06:13:54.138 501 DEBUG glanceclient.common.http [-] Request returned failure status 404. _handle_response /usr/lib/python3.7/site-packages/glanceclient/common/http.py:125
2020-04-10 06:13:54.190 501 DEBUG glanceclient.common.http [-] Request returned failure status 404. _handle_response /usr/lib/python3.7/site-packages/glanceclient/common/http.py:125
2020-04-10 06:13:54.219 501 DEBUG glanceclient.common.http [-] Request returned failure status 404. _handle_response /usr/lib/python3.7/site-packages/glanceclient/common/http.py:125
2020-04-10 06:13:54.252 501 DEBUG glanceclient.common.http [-] Request returned failure status 404. _handle_response /usr/lib/python3.7/site-packages/glanceclient/common/http.py:125
2020-04-10 06:13:55.256 501 INFO rally.task.context [-] Task 52bcdd51-16de-453f-8810-628a184e0c2d | Context cleanup@openstack cleanup() finished in 2.63 sec
2020-04-10 06:13:55.257 501 INFO rally.task.context [-] Task 52bcdd51-16de-453f-8810-628a184e0c2d | Context users@openstack cleanup() started
2020-04-10 06:13:55.391 501 WARNING rally.common.logging [-] `iterate_per_tenants()' is deprecated in v3.0.0: it is openstack specific.. Used at
2020-04-10 06:13:58.439 501 INFO rally.task.context [-] Task 52bcdd51-16de-453f-8810-628a184e0c2d | Context users@openstack cleanup() finished in 3.18 sec
2020-04-10 06:14:00.229 501 INFO rally.task.engine [-] Load duration is: 8.902508
2020-04-10 06:14:00.230 501 INFO rally.task.engine [-] Full runner duration is: 9.135654
2020-04-10 06:14:00.230 501 INFO rally.task.engine [-] Full duration is: 16.3384
2020-04-10 06:14:00.314 501 INFO rally.task.engine [-] Task 52bcdd51-16de-453f-8810-628a184e0c2d | Completed: Running task.
2020-04-10 06:14:02.315 1329 RALLYDEBUG rally.api [-] INFO logs from urllib3 and requests module are hide.
2020-04-10 06:14:02.316 1329 RALLYDEBUG rally.api [-] urllib3 insecure warnings are hidden.
2020-04-10 06:14:02.316 1329 RALLYDEBUG rally.api [-] ERROR log from boto module is hide.
2020-04-10 06:14:03.890 1330 RALLYDEBUG rally.api [-] INFO logs from urllib3 and requests module are hide.
2020-04-10 06:14:03.890 1330 RALLYDEBUG rally.api [-] urllib3 insecure warnings are hidden.
2020-04-10 06:14:03.890 1330 RALLYDEBUG rally.api [-] ERROR log from boto module is hide.
2020-04-10 06:14:05.558 1331 RALLYDEBUG rally.api [-] INFO logs from urllib3 and requests module are hide.
2020-04-10 06:14:05.559 1331 RALLYDEBUG rally.api [-] urllib3 insecure warnings are hidden.
2020-04-10 06:14:05.559 1331 RALLYDEBUG rally.api [-] ERROR log from boto module is hide.
2020-04-10 06:14:07.861 1331 INFO rally.api [-] Building 'json' report for the following task(s): '52bcdd51-16de-453f-8810-628a184e0c2d'.
2020-04-10 06:14:07.892 1331 INFO rally.api [-] The report has been successfully built.
2020-04-10 06:14:09.589 1333 RALLYDEBUG rally.api [-] INFO logs from urllib3 and requests module are hide.
2020-04-10 06:14:09.590 1333 RALLYDEBUG rally.api [-] urllib3 insecure warnings are hidden.
2020-04-10 06:14:09.590 1333 RALLYDEBUG rally.api [-] ERROR log from boto module is hide.
2020-04-10 06:14:12.265 1333 INFO rally.task.engine [-] Task 5d972f25-35dd-49c1-a6d1-6e1e54fe1678 | Starting: Task validation.
2020-04-10 06:14:12.293 1333 INFO rally.task.engine [-] Task 5d972f25-35dd-49c1-a6d1-6e1e54fe1678 | Starting: Task validation of syntax.
2020-04-10 06:14:12.836 1333 INFO rally.task.engine [-] Task 5d972f25-35dd-49c1-a6d1-6e1e54fe1678 | Completed: Task validation of syntax.
2020-04-10 06:14:12.837 1333 INFO rally.task.engine [-] Task 5d972f25-35dd-49c1-a6d1-6e1e54fe1678 | Starting: Task validation of required platforms.
2020-04-10 06:14:13.059 1333 INFO rally.task.engine [-] Task 5d972f25-35dd-49c1-a6d1-6e1e54fe1678 | Completed: Task validation of required platforms.
2020-04-10 06:14:13.060 1333 INFO rally.task.engine [-] Task 5d972f25-35dd-49c1-a6d1-6e1e54fe1678 | Starting: Task validation of semantic.
2020-04-10 06:14:13.060 1333 INFO rally.task.engine [-] Check health of the environment 'cc6342ea-1dfd-487f-a3b6-1ea1f52a2133'.
2020-04-10 06:14:13.802 1333 INFO rally.task.engine [-] Platform existing@openstack (available: True): OK!
2020-04-10 06:14:13.819 1333 RALLYDEBUG rally_openstack.contexts.keystone.users [-] Creating 1 tenants using 1 threads
2020-04-10 06:14:14.162 1333 RALLYDEBUG rally_openstack.contexts.keystone.users [-] Creating 1 users using 1 threads
2020-04-10 06:14:14.797 1333 INFO rally.task.context [-] Task 5d972f25-35dd-49c1-a6d1-6e1e54fe1678 | Context users@openstack setup() finished in 0.98 sec
2020-04-10 06:14:19.305 1333 INFO rally.task.context [-] Task 5d972f25-35dd-49c1-a6d1-6e1e54fe1678 | Context users@openstack cleanup() started
2020-04-10 06:14:19.451 1333 WARNING rally.common.logging [-] `iterate_per_tenants()' is deprecated in v3.0.0: it is openstack specific.. Used at
2020-04-10 06:14:21.535 1333 INFO rally.task.context [-] Task 5d972f25-35dd-49c1-a6d1-6e1e54fe1678 | Context users@openstack cleanup() finished in 2.23 sec
2020-04-10 06:14:21.536 1333 INFO rally.task.engine [-] Task 5d972f25-35dd-49c1-a6d1-6e1e54fe1678 | Completed: Task validation of semantic.
2020-04-10 06:14:21.536 1333 INFO rally.task.engine [-] Task 5d972f25-35dd-49c1-a6d1-6e1e54fe1678 | Completed: Task validation.
2020-04-10 06:14:21.537 1333 INFO rally.api [-] Task 5d972f25-35dd-49c1-a6d1-6e1e54fe1678 input file is valid.
2020-04-10 06:14:21.537 1333 INFO rally.api [-] Run Task 5d972f25-35dd-49c1-a6d1-6e1e54fe1678 against Deployment cc6342ea-1dfd-487f-a3b6-1ea1f52a2133
2020-04-10 06:14:21.537 1333 INFO rally.task.engine [-] Task 5d972f25-35dd-49c1-a6d1-6e1e54fe1678 | Starting: Running task.
2020-04-10 06:14:21.598 1333 INFO rally.task.engine [-] Running workload: position = 0 config = { "version": 2, "title": "A cropped version of a bigger task.", "description": "Auto-generated task from a single workload (uuid=95489c1b-b3af-4ae4-9915-2106d0856604)", "subtasks": [ { "title": "CinderVolumes.create_and_attach_volume", "description": "Create a VM and attach a volume to it.", "scenario": { "CinderVolumes.create_and_attach_volume": { "flavor": { "name": "rally_full_cntt-flavor_20ab9b1c-36ec-46fa-8e46-0f8a8890db19" }, "image": { "name": "rally_full_cntt-img_20ab9b1c-36ec-46fa-8e46-0f8a8890db19" }, "size": 1, "nics": [ { "net-id": "4a9576c5-6ae6-493c-9563-8d655bcea3b2" } ] } }, "contexts": { "users": { "tenants": 3, "users_per_tenant": 2 }, "quotas": { "cinder": { "gigabytes": -1, "snapshots": -1, "volumes": -1 } }, "api_versions": { "cinder": { "version": 3, "service_type": "volumev3" } } }, "runner": { "constant": { "concurrency": 4, "times": 10 } }, "hooks": [], "sla": { "failure_rate": { "max": 0 } } } ] }
2020-04-10 06:14:21.623 1333 RALLYDEBUG rally_openstack.contexts.keystone.users [-] Creating 3 tenants using 3 threads
2020-04-10 06:14:22.109 1333 RALLYDEBUG rally_openstack.contexts.keystone.users [-] Creating 6 users using 6 threads
2020-04-10 06:14:23.134 1333 INFO rally.task.context [-] Task 5d972f25-35dd-49c1-a6d1-6e1e54fe1678 | Context users@openstack setup() finished in 1.51 sec
2020-04-10 06:14:23.278 1333 INFO rally.task.context [-] Task 5d972f25-35dd-49c1-a6d1-6e1e54fe1678 | Context api_versions@openstack setup() finished in 0.14 sec
2020-04-10 06:14:23.994 1333 INFO rally.task.context [-] Task 5d972f25-35dd-49c1-a6d1-6e1e54fe1678 | Context quotas@openstack setup() finished in 0.71 sec
2020-04-10 06:14:23.994 1333 INFO rally.task.context [-] Task 5d972f25-35dd-49c1-a6d1-6e1e54fe1678 | Context cleanup@openstack setup() finished in 0.00 msec
2020-04-10 06:14:24.487 1333 RALLYDEBUG rally.task.runner [-] Starting the constant runner (task UUID: 5d972f25-35dd-49c1-a6d1-6e1e54fe1678). times: 10 concurrency: 4 timeout: 0 max_cpu_used: 88 processes_to_start: 4 concurrency_per_worker: 1 concurrency_overhead: 0
2020-04-10 06:14:24.503 1388 RALLYDEBUG rally.task.runner [-] Starting a worker. times: 10 duration: None concurrency: 1 timeout: 0 cls: method_name: run args: {"flavor": "8dc5bbab-5f5e-4817-b893-596b62d83864", "image": "552c22a2-7165-48c5-a40b-95053e9e1423", "size": 1, "nics": [{"net-id": "4a9576c5-6ae6-493c-9563-8d655bcea3b2"}]}
2020-04-10 06:14:24.505 1389 RALLYDEBUG rally.task.runner [-] Starting a worker. times: 10 duration: None concurrency: 1 timeout: 0 cls: method_name: run args: {"flavor": "8dc5bbab-5f5e-4817-b893-596b62d83864", "image": "552c22a2-7165-48c5-a40b-95053e9e1423", "size": 1, "nics": [{"net-id": "4a9576c5-6ae6-493c-9563-8d655bcea3b2"}]}
2020-04-10 06:14:24.508 1390 RALLYDEBUG rally.task.runner [-] Starting a worker. times: 10 duration: None concurrency: 1 timeout: 0 cls: method_name: run args: {"flavor": "8dc5bbab-5f5e-4817-b893-596b62d83864", "image": "552c22a2-7165-48c5-a40b-95053e9e1423", "size": 1, "nics": [{"net-id": "4a9576c5-6ae6-493c-9563-8d655bcea3b2"}]}
2020-04-10 06:14:24.510 1388 INFO rally.task.runner [-] Task 5d972f25-35dd-49c1-a6d1-6e1e54fe1678 | ITER: 1 START
2020-04-10 06:14:24.511 1391 RALLYDEBUG rally.task.runner [-] Starting a worker. times: 10 duration: None concurrency: 1 timeout: 0 cls: method_name: run args: {"flavor": "8dc5bbab-5f5e-4817-b893-596b62d83864", "image": "552c22a2-7165-48c5-a40b-95053e9e1423", "size": 1, "nics": [{"net-id": "4a9576c5-6ae6-493c-9563-8d655bcea3b2"}]}
2020-04-10 06:14:24.514 1389 INFO rally.task.runner [-] Task 5d972f25-35dd-49c1-a6d1-6e1e54fe1678 | ITER: 2 START
2020-04-10 06:14:24.516 1390 INFO rally.task.runner [-] Task 5d972f25-35dd-49c1-a6d1-6e1e54fe1678 | ITER: 3 START
2020-04-10 06:14:24.517 1391 INFO rally.task.runner [-] Task 5d972f25-35dd-49c1-a6d1-6e1e54fe1678 | ITER: 4 START
2020-04-10 06:14:36.008 1389 RALLYDEBUG rally.task.utils [-] Waiting for resource s_rally_95489c1b_ds39Zm4Q. Status changed: BUILD => ACTIVE in 9.102190494537354
2020-04-10 06:14:37.260 1388 RALLYDEBUG rally.task.utils [-] Waiting for resource s_rally_95489c1b_QMAbtDIo. Status changed: BUILD => ACTIVE in 10.601979970932007
2020-04-10 06:14:37.740 1390 RALLYDEBUG rally.task.utils [-] Waiting for resource s_rally_95489c1b_LPSpjSKp. Status changed: BUILD => ACTIVE in 11.286641597747803
2020-04-10 06:14:38.924 1391 RALLYDEBUG rally.task.utils [-] Waiting for resource s_rally_95489c1b_k8H1T1we. Status changed: BUILD => ACTIVE in 12.015628576278687
2020-04-10 06:14:39.245 1389 RALLYDEBUG rally.task.utils [-] Waiting for resource s_rally_95489c1b_61gLjjlI. Status changed: AVAILABLE => RESERVED in 0.2111365795135498
2020-04-10 06:14:40.444 1388 RALLYDEBUG rally.task.utils [-] Waiting for resource s_rally_95489c1b_10SLkFFC. Status changed: AVAILABLE => RESERVED in 0.19402289390563965
2020-04-10 06:14:40.898 1390 RALLYDEBUG rally.task.utils [-] Waiting for resource s_rally_95489c1b_iMLBv5KT. Status changed: AVAILABLE => RESERVED in 0.21068167686462402
2020-04-10 06:14:41.480 1389 RALLYDEBUG rally.task.utils [-] Waiting for resource s_rally_95489c1b_61gLjjlI. Status changed: RESERVED => IN-USE in 2.235119581222534
2020-04-10 06:14:41.920 1389 RALLYDEBUG rally.task.utils [-] Waiting for resource s_rally_95489c1b_61gLjjlI. Status changed: AVAILABLE => DETACHING in 0.1943817138671875
2020-04-10 06:14:42.677 1388 RALLYDEBUG rally.task.utils [-] Waiting for resource s_rally_95489c1b_10SLkFFC. Status changed: RESERVED => IN-USE in 2.2335660457611084
2020-04-10 06:14:42.778 1391 RALLYDEBUG rally.task.utils [-] Waiting for resource s_rally_95489c1b_9j8X050Z. Status changed: AVAILABLE => RESERVED in 0.19570136070251465
2020-04-10 06:14:43.109 1390 RALLYDEBUG rally.task.utils [-] Waiting for resource s_rally_95489c1b_iMLBv5KT. Status changed: RESERVED => IN-USE in 2.2116539478302
2020-04-10 06:14:43.180 1388 RALLYDEBUG rally.task.utils [-] Waiting for resource s_rally_95489c1b_10SLkFFC. Status changed: AVAILABLE => DETACHING in 0.22794032096862793
2020-04-10 06:14:43.560 1390 RALLYDEBUG rally.task.utils [-] Waiting for resource s_rally_95489c1b_iMLBv5KT. Status changed: AVAILABLE => DETACHING in 0.19134998321533203
2020-04-10 06:14:44.118 1389 RALLYDEBUG rally.task.utils [-] Waiting for resource s_rally_95489c1b_61gLjjlI. Status changed: DETACHING => AVAILABLE in 2.1975176334381104
2020-04-10 06:14:44.263 1389 RALLYDEBUG rally.task.utils [-] Waiting for resource s_rally_95489c1b_61gLjjlI. Status changed: AVAILABLE => DELETING in 0.07841110229492188
2020-04-10 06:14:45.012 1391 RALLYDEBUG rally.task.utils [-] Waiting for resource s_rally_95489c1b_9j8X050Z. Status changed: RESERVED => IN-USE in 2.233792781829834
2020-04-10 06:14:45.390 1388 RALLYDEBUG rally.task.utils [-] Waiting for resource s_rally_95489c1b_10SLkFFC. Status changed: DETACHING => AVAILABLE in 2.2096974849700928
2020-04-10 06:14:45.481 1391 RALLYDEBUG rally.task.utils [-] Waiting for resource s_rally_95489c1b_9j8X050Z. Status changed: AVAILABLE => DETACHING in 0.2217419147491455
2020-04-10 06:14:45.551 1388 RALLYDEBUG rally.task.utils [-] Waiting for resource s_rally_95489c1b_10SLkFFC. Status changed: AVAILABLE => DELETING in 0.07361674308776855
2020-04-10 06:14:45.768 1390 RALLYDEBUG rally.task.utils [-] Waiting for resource s_rally_95489c1b_iMLBv5KT. Status changed: DETACHING => AVAILABLE in 2.2083139419555664
2020-04-10 06:14:45.944 1390 RALLYDEBUG rally.task.utils [-] Waiting for resource s_rally_95489c1b_iMLBv5KT. Status changed: AVAILABLE => DELETING in 0.07676863670349121
2020-04-10 06:14:47.696 1391 RALLYDEBUG rally.task.utils [-] Waiting for resource s_rally_95489c1b_9j8X050Z. Status changed: DETACHING => AVAILABLE in 2.2147316932678223
2020-04-10 06:14:47.882 1391 RALLYDEBUG rally.task.utils [-] Waiting for resource s_rally_95489c1b_9j8X050Z. Status changed: AVAILABLE => DELETING in 0.09324431419372559
2020-04-10 06:14:51.080 1389 INFO rally.task.runner [-] Task 5d972f25-35dd-49c1-a6d1-6e1e54fe1678 | ITER: 2 END: OK
2020-04-10 06:14:51.090 1389 INFO rally.task.runner [-] Task 5d972f25-35dd-49c1-a6d1-6e1e54fe1678 | ITER: 5 START
2020-04-10 06:14:52.045 1390 INFO rally.task.runner [-] Task 5d972f25-35dd-49c1-a6d1-6e1e54fe1678 | ITER: 3 END: OK
2020-04-10 06:14:52.053 1390 INFO rally.task.runner [-] Task 5d972f25-35dd-49c1-a6d1-6e1e54fe1678 | ITER: 6 START
2020-04-10 06:14:52.992 1391 INFO rally.task.runner [-] Task 5d972f25-35dd-49c1-a6d1-6e1e54fe1678 | ITER: 4 END: OK
2020-04-10 06:14:52.999 1391 INFO rally.task.runner [-] Task 5d972f25-35dd-49c1-a6d1-6e1e54fe1678 | ITER: 7 START
2020-04-10 06:14:53.150 1388 INFO rally.task.runner [-] Task 5d972f25-35dd-49c1-a6d1-6e1e54fe1678 | ITER: 1 END: OK
2020-04-10 06:14:53.158 1388 INFO rally.task.runner [-] Task 5d972f25-35dd-49c1-a6d1-6e1e54fe1678 | ITER: 8 START
2020-04-10 06:15:07.058 1389 RALLYDEBUG rally.task.utils [-] Waiting for resource s_rally_95489c1b_jm5D0dNX. Status changed: BUILD => ACTIVE in 12.195947885513306
2020-04-10 06:15:07.610 1391 RALLYDEBUG rally.task.utils [-] Waiting for resource s_rally_95489c1b_16L646Vi. Status changed: BUILD => ACTIVE in 12.478766202926636
2020-04-10 06:15:09.856 1388 RALLYDEBUG rally.task.utils [-] Waiting for resource s_rally_95489c1b_2e93PNFb. Status changed: BUILD => ACTIVE in 13.132423639297485
2020-04-10 06:15:10.420 1389 RALLYDEBUG rally.task.utils [-] Waiting for resource s_rally_95489c1b_Rpk5alKz. Status changed: AVAILABLE => RESERVED in 0.1914069652557373
2020-04-10 06:15:10.746 1391 RALLYDEBUG rally.task.utils [-] Waiting for resource s_rally_95489c1b_HRhao6o6. Status changed: AVAILABLE => RESERVED in 0.2053823471069336
2020-04-10 06:15:11.415 1390 RALLYDEBUG rally.task.utils [-] Waiting for resource s_rally_95489c1b_f6NofWoT. Status changed: BUILD => ACTIVE in 15.571216583251953
2020-04-10 06:15:12.638 1389 RALLYDEBUG rally.task.utils [-] Waiting for resource s_rally_95489c1b_Rpk5alKz. Status changed: RESERVED => IN-USE in 2.2175192832946777
2020-04-10 06:15:12.945 1391 RALLYDEBUG rally.task.utils [-] Waiting for resource s_rally_95489c1b_HRhao6o6. Status changed: RESERVED => IN-USE in 2.1985690593719482
2020-04-10 06:15:13.065 1389 RALLYDEBUG rally.task.utils [-] Waiting for resource s_rally_95489c1b_Rpk5alKz. Status changed: AVAILABLE => DETACHING in 0.20095109939575195
2020-04-10 06:15:13.089 1388 RALLYDEBUG rally.task.utils [-] Waiting for resource s_rally_95489c1b_CuUdFlq7. Status changed: AVAILABLE => RESERVED in 0.1896800994873047
2020-04-10 06:15:13.382 1391 RALLYDEBUG rally.task.utils [-] Waiting for resource s_rally_95489c1b_HRhao6o6. Status changed: AVAILABLE => DETACHING in 0.19411945343017578
2020-04-10 06:15:14.942 1390 RALLYDEBUG rally.task.utils [-] Waiting for resource s_rally_95489c1b_rlEwnvaV. Status changed: AVAILABLE => RESERVED in 0.2353382110595703
2020-04-10 06:15:15.251 1389 RALLYDEBUG rally.task.utils [-] Waiting for resource s_rally_95489c1b_Rpk5alKz. Status changed: DETACHING => AVAILABLE in 2.186551809310913
2020-04-10 06:15:15.286 1388 RALLYDEBUG rally.task.utils [-] Waiting for resource s_rally_95489c1b_CuUdFlq7. Status changed: RESERVED => IN-USE in 2.1974616050720215
2020-04-10 06:15:15.388 1389 RALLYDEBUG rally.task.utils [-] Waiting for resource s_rally_95489c1b_Rpk5alKz. Status changed: AVAILABLE => DELETING in 0.06404352188110352
2020-04-10 06:15:15.582 1391 RALLYDEBUG rally.task.utils [-] Waiting for resource s_rally_95489c1b_HRhao6o6. Status changed: DETACHING => AVAILABLE in 2.1992335319519043
2020-04-10 06:15:15.699 1388 RALLYDEBUG rally.task.utils [-] Waiting for resource s_rally_95489c1b_CuUdFlq7. Status changed: AVAILABLE => DETACHING in 0.19875764846801758
2020-04-10 06:15:15.771 1391 RALLYDEBUG rally.task.utils [-] Waiting for resource s_rally_95489c1b_HRhao6o6. Status changed: AVAILABLE => DELETING in 0.0765533447265625
2020-04-10 06:15:17.134 1390 RALLYDEBUG rally.task.utils [-] Waiting for resource s_rally_95489c1b_rlEwnvaV. Status changed: RESERVED => IN-USE in 2.1925272941589355
2020-04-10 06:15:17.573 1390 RALLYDEBUG rally.task.utils [-] Waiting for resource s_rally_95489c1b_rlEwnvaV. Status changed: AVAILABLE => DETACHING in 0.18850159645080566
2020-04-10 06:15:17.883 1388 RALLYDEBUG rally.task.utils [-] Waiting for resource s_rally_95489c1b_CuUdFlq7. Status changed: DETACHING => AVAILABLE in 2.1831119060516357
2020-04-10 06:15:18.031 1388 RALLYDEBUG rally.task.utils [-] Waiting for resource s_rally_95489c1b_CuUdFlq7. Status changed: AVAILABLE => DELETING in 0.07041430473327637
2020-04-10 06:15:19.796 1390 RALLYDEBUG rally.task.utils [-] Waiting for resource s_rally_95489c1b_rlEwnvaV. Status changed: DETACHING => AVAILABLE in 2.2233049869537354
2020-04-10 06:15:19.976 1390 RALLYDEBUG rally.task.utils [-] Waiting for resource s_rally_95489c1b_rlEwnvaV. Status changed: AVAILABLE => DELETING in 0.09279227256774902
2020-04-10 06:15:20.149 1389 INFO rally.task.runner [-] Task 5d972f25-35dd-49c1-a6d1-6e1e54fe1678 | ITER: 5 END: OK
2020-04-10 06:15:20.155 1389 INFO rally.task.runner [-] Task 5d972f25-35dd-49c1-a6d1-6e1e54fe1678 | ITER: 9 START
2020-04-10 06:15:22.743 1391 INFO rally.task.runner [-] Task 5d972f25-35dd-49c1-a6d1-6e1e54fe1678 | ITER: 7 END: OK
2020-04-10 06:15:22.747 1391 INFO rally.task.runner [-] Task 5d972f25-35dd-49c1-a6d1-6e1e54fe1678 | ITER: 10 START
2020-04-10 06:15:23.755 1388 INFO rally.task.runner [-] Task 5d972f25-35dd-49c1-a6d1-6e1e54fe1678 | ITER: 8 END: OK
2020-04-10 06:15:27.061 1390 INFO rally.task.runner [-] Task 5d972f25-35dd-49c1-a6d1-6e1e54fe1678 | ITER: 6 END: OK
2020-04-10 06:15:40.813 1391 RALLYDEBUG rally.task.utils [-] Waiting for resource s_rally_95489c1b_6Ewv7Dxr. Status changed: BUILD => ACTIVE in 14.681122064590454
2020-04-10 06:15:41.940 1389 RALLYDEBUG rally.task.utils [-] Waiting for resource s_rally_95489c1b_E9xcA9T0. Status changed: BUILD => ACTIVE in 18.54018235206604
2020-04-10 06:15:44.017 1391 RALLYDEBUG rally.task.utils [-] Waiting for resource s_rally_95489c1b_WDWPabsn. Status changed: AVAILABLE => RESERVED in 0.3651461601257324
2020-04-10 06:15:45.069 1389 RALLYDEBUG rally.task.utils [-] Waiting for resource s_rally_95489c1b_aPKgfnGc. Status changed: AVAILABLE => RESERVED in 0.2542438507080078
2020-04-10 06:15:46.219 1391 RALLYDEBUG rally.task.utils [-] Waiting for resource s_rally_95489c1b_WDWPabsn. Status changed: RESERVED => IN-USE in 2.2021255493164062
2020-04-10 06:15:46.667 1391 RALLYDEBUG rally.task.utils [-] Waiting for resource s_rally_95489c1b_WDWPabsn. Status changed: AVAILABLE => DETACHING in 0.22365808486938477
2020-04-10 06:15:47.318 1389 RALLYDEBUG rally.task.utils [-] Waiting for resource s_rally_95489c1b_aPKgfnGc. Status changed: RESERVED => IN-USE in 2.2488925457000732
2020-04-10 06:15:47.781 1389 RALLYDEBUG rally.task.utils [-] Waiting for resource s_rally_95489c1b_aPKgfnGc. Status changed: AVAILABLE => DETACHING in 0.18183040618896484
2020-04-10 06:15:48.879 1391 RALLYDEBUG rally.task.utils [-] Waiting for resource s_rally_95489c1b_WDWPabsn. Status changed: DETACHING => AVAILABLE in 2.212671995162964
2020-04-10 06:15:49.083 1391 RALLYDEBUG rally.task.utils [-] Waiting for resource s_rally_95489c1b_WDWPabsn. Status changed: AVAILABLE => DELETING in 0.10889005661010742
2020-04-10 06:15:50.005 1389 RALLYDEBUG rally.task.utils [-] Waiting for resource s_rally_95489c1b_aPKgfnGc. Status changed: DETACHING => AVAILABLE in 2.224224328994751
2020-04-10 06:15:50.182 1389 RALLYDEBUG rally.task.utils [-] Waiting for resource s_rally_95489c1b_aPKgfnGc. Status changed: AVAILABLE => DELETING in 0.09065771102905273
2020-04-10 06:15:56.997 1391 INFO rally.task.runner [-] Task 5d972f25-35dd-49c1-a6d1-6e1e54fe1678 | ITER: 10 END: OK
2020-04-10 06:15:57.914 1389 INFO rally.task.runner [-] Task 5d972f25-35dd-49c1-a6d1-6e1e54fe1678 | ITER: 9 END: OK
2020-04-10 06:15:57.938 1333 INFO rally.task.context [-] Task 5d972f25-35dd-49c1-a6d1-6e1e54fe1678 | Context cleanup@openstack cleanup() started
2020-04-10 06:15:57.946 1333 RALLYDEBUG rally_openstack.cleanup.manager [-] Cleaning up nova servers objects
2020-04-10 06:15:58.887 1333 RALLYDEBUG rally_openstack.cleanup.manager [-] Cleaning up nova server_groups objects
2020-04-10 06:15:59.321 1333 RALLYDEBUG rally_openstack.cleanup.manager [-] Cleaning up nova keypairs objects
2020-04-10 06:16:00.255 1333 RALLYDEBUG rally_openstack.cleanup.manager [-] Cleaning up cinder backups objects
2020-04-10 06:16:00.710 1333 RALLYDEBUG rally_openstack.cleanup.manager [-] Cleaning up cinder volume_snapshots objects
2020-04-10 06:16:01.169 1333 RALLYDEBUG rally_openstack.cleanup.manager [-] Cleaning up cinder transfers objects
2020-04-10 06:16:01.585 1333 RALLYDEBUG rally_openstack.cleanup.manager [-] Cleaning up cinder volumes objects
2020-04-10 06:16:02.146 1333 INFO rally.task.context [-] Task 5d972f25-35dd-49c1-a6d1-6e1e54fe1678 | Context cleanup@openstack cleanup() finished in 4.21 sec
2020-04-10 06:16:02.147 1333 INFO rally.task.context [-] Task 5d972f25-35dd-49c1-a6d1-6e1e54fe1678 | Context quotas@openstack cleanup() started
2020-04-10 06:16:02.236 1333 INFO rally.task.context [-] Task 5d972f25-35dd-49c1-a6d1-6e1e54fe1678 | Context quotas@openstack cleanup() finished in 89.53 msec
2020-04-10 06:16:02.237 1333 INFO rally.task.context [-] Task 5d972f25-35dd-49c1-a6d1-6e1e54fe1678 | Context api_versions@openstack cleanup() started
2020-04-10 06:16:02.237 1333 INFO rally.task.context [-] Task 5d972f25-35dd-49c1-a6d1-6e1e54fe1678 | Context api_versions@openstack cleanup() finished in 0.34 msec
2020-04-10 06:16:02.238 1333 INFO rally.task.context [-] Task 5d972f25-35dd-49c1-a6d1-6e1e54fe1678 | Context users@openstack cleanup() started
2020-04-10 06:16:02.431 1333 WARNING rally.common.logging [-] `iterate_per_tenants()' is deprecated in v3.0.0: it is openstack specific.. Used at
2020-04-10 06:16:05.421 1333 INFO rally.task.context [-] Task 5d972f25-35dd-49c1-a6d1-6e1e54fe1678 | Context users@openstack cleanup() finished in 3.18 sec
2020-04-10 06:16:06.124 1333 INFO rally.task.engine [-] Load duration is: 92.400035
2020-04-10 06:16:06.125 1333 INFO rally.task.engine [-] Full runner duration is: 93.45044
2020-04-10 06:16:06.125 1333 INFO rally.task.engine [-] Full duration is: 103.800924
2020-04-10 06:16:06.236 1333 INFO rally.task.engine [-] Running workload: position = 0 config = { "version": 2, "title": "A cropped version of a bigger task.", "description": "Auto-generated task from a single workload (uuid=c9d22989-1f95-45ad-b5e3-3a4feaebe971)", "subtasks": [ { "title": "CinderVolumes.create_and_list_snapshots", "description": "Create and then list a volume-snapshot.", "scenario": { "CinderVolumes.create_and_list_snapshots": { "detailed": true, "force": false } }, "contexts": { "users": { "tenants": 3, "users_per_tenant": 2 }, "quotas": { "cinder": { "gigabytes": -1, "snapshots": -1, "volumes": -1 } }, "api_versions": { "cinder": { "version": 3, "service_type": "volumev3" } }, "volumes": { "size": 1, "volumes_per_tenant": 1 } }, "runner": { "constant": { "concurrency": 4, "times": 10 } }, "hooks": [], "sla": { "failure_rate": { "max": 0 } } } ] }
2020-04-10 06:16:06.262 1333 RALLYDEBUG rally_openstack.contexts.keystone.users [-] Creating 3 tenants using 3 threads
2020-04-10 06:16:06.713 1333 RALLYDEBUG rally_openstack.contexts.keystone.users [-] Creating 6 users using 6 threads
2020-04-10 06:16:07.637 1333 INFO rally.task.context [-] Task 5d972f25-35dd-49c1-a6d1-6e1e54fe1678 | Context users@openstack setup() finished in 1.37 sec
2020-04-10 06:16:07.766 1333 INFO rally.task.context [-] Task 5d972f25-35dd-49c1-a6d1-6e1e54fe1678 | Context api_versions@openstack setup() finished in 0.13 sec
2020-04-10 06:16:08.369 1333 INFO rally.task.context [-] Task 5d972f25-35dd-49c1-a6d1-6e1e54fe1678 | Context quotas@openstack setup() finished in 0.60 sec
2020-04-10 06:16:08.371 1333 WARNING rally.common.logging [-] `iterate_per_tenants()' is deprecated in v3.0.0: it is openstack specific.. Used at
2020-04-10 06:16:16.710 1333 INFO rally.task.context [-] Task 5d972f25-35dd-49c1-a6d1-6e1e54fe1678 | Context volumes@openstack setup() finished in 8.34 sec
2020-04-10 06:16:16.711 1333 INFO rally.task.context [-] Task 5d972f25-35dd-49c1-a6d1-6e1e54fe1678 | Context cleanup@openstack setup() finished in 0.03 msec
2020-04-10 06:16:16.720 1333 RALLYDEBUG rally.task.runner [-] Starting the constant runner (task UUID: 5d972f25-35dd-49c1-a6d1-6e1e54fe1678). times: 10 concurrency: 4 timeout: 0 max_cpu_used: 88 processes_to_start: 4 concurrency_per_worker: 1 concurrency_overhead: 0
2020-04-10 06:16:16.732 1601 RALLYDEBUG rally.task.runner [-] Starting a worker. times: 10 duration: None concurrency: 1 timeout: 0 cls: method_name: run args: {"detailed": true, "force": false}
2020-04-10 06:16:16.735 1602 RALLYDEBUG rally.task.runner [-] Starting a worker. times: 10 duration: None concurrency: 1 timeout: 0 cls: method_name: run args: {"detailed": true, "force": false}
2020-04-10 06:16:16.737 1603 RALLYDEBUG rally.task.runner [-] Starting a worker. times: 10 duration: None concurrency: 1 timeout: 0 cls: method_name: run args: {"detailed": true, "force": false}
2020-04-10 06:16:16.739 1601 INFO rally.task.runner [-] Task 5d972f25-35dd-49c1-a6d1-6e1e54fe1678 | ITER: 1 START
2020-04-10 06:16:16.740 1604 RALLYDEBUG rally.task.runner [-] Starting a worker. times: 10 duration: None concurrency: 1 timeout: 0 cls: method_name: run args: {"detailed": true, "force": false}
2020-04-10 06:16:16.742 1602 INFO rally.task.runner [-] Task 5d972f25-35dd-49c1-a6d1-6e1e54fe1678 | ITER: 2 START
2020-04-10 06:16:16.744 1603 INFO rally.task.runner [-] Task 5d972f25-35dd-49c1-a6d1-6e1e54fe1678 | ITER: 3 START
2020-04-10 06:16:16.747 1604 INFO rally.task.runner [-] Task 5d972f25-35dd-49c1-a6d1-6e1e54fe1678 | ITER: 4 START
2020-04-10 06:16:19.216 1604 INFO rally.task.runner [-] Task 5d972f25-35dd-49c1-a6d1-6e1e54fe1678 | ITER: 4 END: OK
2020-04-10 06:16:19.221 1604 INFO rally.task.runner [-] Task 5d972f25-35dd-49c1-a6d1-6e1e54fe1678 | ITER: 5 START
2020-04-10 06:16:19.249 1601 INFO rally.task.runner [-] Task 5d972f25-35dd-49c1-a6d1-6e1e54fe1678 | ITER: 1 END: OK
2020-04-10 06:16:19.253 1601 INFO rally.task.runner [-] Task 5d972f25-35dd-49c1-a6d1-6e1e54fe1678 | ITER: 6 START
2020-04-10 06:16:19.260 1602 INFO rally.task.runner [-] Task 5d972f25-35dd-49c1-a6d1-6e1e54fe1678 | ITER: 2 END: OK
2020-04-10 06:16:19.266 1602 INFO rally.task.runner [-] Task 5d972f25-35dd-49c1-a6d1-6e1e54fe1678 | ITER: 7 START
2020-04-10 06:16:21.270 1603 RALLYDEBUG rally.task.utils [-] Waiting for resource s_rally_c9d22989_2J4iBLbb. Status changed: CREATING => AVAILABLE in 2.124262571334839
2020-04-10 06:16:21.308 1603 INFO rally.task.runner [-] Task 5d972f25-35dd-49c1-a6d1-6e1e54fe1678 | ITER: 3 END: OK
2020-04-10 06:16:21.312 1603 INFO rally.task.runner [-] Task 5d972f25-35dd-49c1-a6d1-6e1e54fe1678 | ITER: 8 START
2020-04-10 06:16:21.658 1604 INFO rally.task.runner [-] Task 5d972f25-35dd-49c1-a6d1-6e1e54fe1678 | ITER: 5 END: OK
2020-04-10 06:16:21.662 1601 INFO rally.task.runner [-] Task 5d972f25-35dd-49c1-a6d1-6e1e54fe1678 | ITER: 6 END: OK
2020-04-10 06:16:21.663 1604 INFO rally.task.runner [-] Task 5d972f25-35dd-49c1-a6d1-6e1e54fe1678 | ITER: 9 START
2020-04-10 06:16:21.666 1601 INFO rally.task.runner [-] Task 5d972f25-35dd-49c1-a6d1-6e1e54fe1678 | ITER: 10 START
2020-04-10 06:16:21.808 1602 INFO rally.task.runner [-] Task 5d972f25-35dd-49c1-a6d1-6e1e54fe1678 | ITER: 7 END: OK
2020-04-10 06:16:23.776 1603 INFO rally.task.runner [-] Task 5d972f25-35dd-49c1-a6d1-6e1e54fe1678 | ITER: 8 END: OK
2020-04-10 06:16:24.117 1601 INFO rally.task.runner [-] Task 5d972f25-35dd-49c1-a6d1-6e1e54fe1678 | ITER: 10 END: OK
2020-04-10 06:16:26.115 1604 RALLYDEBUG rally.task.utils [-] Waiting for resource s_rally_c9d22989_tPFpVT3t. Status changed: CREATING => AVAILABLE in 2.1361544132232666
2020-04-10 06:16:26.162 1604 INFO rally.task.runner [-] Task 5d972f25-35dd-49c1-a6d1-6e1e54fe1678 | ITER: 9 END: OK
2020-04-10 06:16:26.191 1333 INFO rally.task.context [-] Task 5d972f25-35dd-49c1-a6d1-6e1e54fe1678 | Context cleanup@openstack cleanup() started
2020-04-10 06:16:26.198 1333 RALLYDEBUG rally_openstack.cleanup.manager [-] Cleaning up cinder backups objects
2020-04-10 06:16:26.701 1333 RALLYDEBUG rally_openstack.cleanup.manager [-] Cleaning up cinder volume_snapshots objects
2020-04-10 06:16:27.212 1333 RALLYDEBUG rally_openstack.cleanup.manager [-] Deleting cinder.volume_snapshots object s_rally_c9d22989_yiHcKlxT (df87220d-d05e-4a89-ac92-b53263754840)
2020-04-10 06:16:27.217 1333 RALLYDEBUG rally_openstack.cleanup.manager [-] Deleting cinder.volume_snapshots object s_rally_c9d22989_2J4iBLbb (9a53e695-1f78-4a24-b3a7-8f2e14d25ab5)
2020-04-10 06:16:27.228 1333 RALLYDEBUG rally_openstack.cleanup.manager [-] Deleting cinder.volume_snapshots object s_rally_c9d22989_XpjyqwCc (b41b6ecf-6662-4dea-88f6-473346656ef8)
2020-04-10 06:16:27.238 1333 RALLYDEBUG rally_openstack.cleanup.manager [-] Deleting cinder.volume_snapshots object s_rally_c9d22989_4ZpUwAnp (06ddd82d-d9a6-4e53-86ca-f6d19c7d43ec)
2020-04-10 06:16:27.244 1333 RALLYDEBUG rally_openstack.cleanup.manager [-] Deleting cinder.volume_snapshots object s_rally_c9d22989_tPFpVT3t (d06a370a-7748-4e81-b431-366aaabcfb3e)
2020-04-10 06:16:27.262 1333 RALLYDEBUG rally_openstack.cleanup.manager [-] Deleting cinder.volume_snapshots object s_rally_c9d22989_LDJA6FSH (3a4b1f0b-9e7c-4b44-a0ff-86a3beba9d98)
2020-04-10 06:16:27.287 1333 RALLYDEBUG rally_openstack.cleanup.manager [-] Deleting cinder.volume_snapshots object s_rally_c9d22989_XTLEIogf (148b2760-3cc0-453a-8c5c-848b7c8ea07d)
2020-04-10 06:16:27.294 1333 RALLYDEBUG rally_openstack.cleanup.manager [-] Deleting cinder.volume_snapshots object s_rally_c9d22989_NAA2D6eh (17e6e387-bae1-4365-87e2-deca5536af54)
2020-04-10 06:16:27.308 1333 RALLYDEBUG rally_openstack.cleanup.manager [-] Deleting cinder.volume_snapshots object s_rally_c9d22989_naN0Txw5 (304ccea3-a65b-41ad-84ef-e2aedb9ac424)
2020-04-10 06:16:27.313 1333 RALLYDEBUG rally_openstack.cleanup.manager [-] Deleting cinder.volume_snapshots object s_rally_c9d22989_VxSRzLFr (2c76e32a-50b9-472c-8450-69e5f3cc1fc6)
2020-04-10 06:16:30.822 1333 RALLYDEBUG rally_openstack.cleanup.manager [-] Cleaning up cinder transfers objects
2020-04-10 06:16:31.229 1333 RALLYDEBUG rally_openstack.cleanup.manager [-] Cleaning up cinder volumes objects
2020-04-10 06:16:31.809 1333 INFO rally.task.context [-] Task 5d972f25-35dd-49c1-a6d1-6e1e54fe1678 | Context cleanup@openstack cleanup() finished in 5.62 sec
2020-04-10 06:16:31.810 1333 INFO rally.task.context [-] Task 5d972f25-35dd-49c1-a6d1-6e1e54fe1678 | Context volumes@openstack cleanup() started
2020-04-10 06:16:31.812 1333 RALLYDEBUG rally_openstack.cleanup.manager [-] Cleaning up cinder volumes objects
2020-04-10 06:16:32.348 1333 RALLYDEBUG rally_openstack.cleanup.manager [-] Deleting cinder.volumes object c_rally_c9d22989_nAz7AUNw (0ed30e06-c91b-42b0-8a27-78f5db6d6009)
2020-04-10 06:16:32.349 1333 RALLYDEBUG rally_openstack.cleanup.manager [-] Deleting cinder.volumes object c_rally_c9d22989_QUMfpCXD (c9e57c7b-8914-460f-bd7c-b1e37d2e8943)
2020-04-10 06:16:32.358 1333 RALLYDEBUG rally_openstack.cleanup.manager [-] Deleting cinder.volumes object c_rally_c9d22989_NwuTNhMf (5f9947a6-2acb-4c75-8ac5-01810440b31c)
2020-04-10 06:16:34.760 1333 INFO rally.task.context [-] Task 5d972f25-35dd-49c1-a6d1-6e1e54fe1678 | Context volumes@openstack cleanup() finished in 2.95 sec
2020-04-10 06:16:34.761 1333 INFO rally.task.context [-] Task 5d972f25-35dd-49c1-a6d1-6e1e54fe1678 | Context quotas@openstack cleanup() started
2020-04-10 06:16:34.889 1333 INFO rally.task.context [-] Task 5d972f25-35dd-49c1-a6d1-6e1e54fe1678 | Context quotas@openstack cleanup() finished in 0.13 sec
2020-04-10 06:16:34.890 1333 INFO rally.task.context [-] Task 5d972f25-35dd-49c1-a6d1-6e1e54fe1678 | Context api_versions@openstack cleanup() started
2020-04-10 06:16:34.890 1333 INFO rally.task.context [-] Task 5d972f25-35dd-49c1-a6d1-6e1e54fe1678 | Context api_versions@openstack cleanup() finished in 0.38 msec
2020-04-10 06:16:34.890 1333 INFO rally.task.context [-] Task 5d972f25-35dd-49c1-a6d1-6e1e54fe1678 | Context users@openstack cleanup() started
2020-04-10 06:16:35.040 1333 WARNING rally.common.logging [-] `iterate_per_tenants()' is deprecated in v3.0.0: it is openstack specific.. Used at
2020-04-10 06:16:39.208 1333 INFO rally.task.context [-] Task 5d972f25-35dd-49c1-a6d1-6e1e54fe1678 | Context users@openstack cleanup() finished in 4.32 sec
2020-04-10 06:16:40.462 1333 INFO rally.task.engine [-] Load duration is: 9.41716
2020-04-10 06:16:40.462 1333 INFO rally.task.engine [-] Full runner duration is: 9.470943
2020-04-10 06:16:40.463 1333 INFO rally.task.engine [-] Full duration is: 32.948303
2020-04-10 06:16:40.554 1333 INFO rally.task.engine [-] Running workload: position = 0 config = { "version": 2, "title": "A cropped version of a bigger task.", "description": "Auto-generated task from a single workload (uuid=3eb50a0c-b0d5-4082-ae11-429da9430b0a)", "subtasks": [ { "title": "CinderVolumes.create_and_list_volume", "description": "Create a volume and list all volumes.", "scenario": { "CinderVolumes.create_and_list_volume": { "detailed": true, "image": { "name": "rally_full_cntt-img_20ab9b1c-36ec-46fa-8e46-0f8a8890db19" }, "size": 1 } }, "contexts": { "users": { "tenants": 3, "users_per_tenant": 2 }, "quotas": { "cinder": { "gigabytes": -1, "snapshots": -1, "volumes": -1 } }, "api_versions": { "cinder": { "version": 3, "service_type": "volumev3" } } }, "runner": { "constant": { "concurrency": 4, "times": 10 } }, "hooks": [], "sla": { "failure_rate": { "max": 0 } } } ] }
2020-04-10 06:16:40.578 1333 RALLYDEBUG rally_openstack.contexts.keystone.users [-] Creating 3 tenants using 3 threads
2020-04-10 06:16:41.123 1333 RALLYDEBUG rally_openstack.contexts.keystone.users [-] Creating 6 users using 6 threads
2020-04-10 06:16:42.080 1333 INFO rally.task.context [-] Task 5d972f25-35dd-49c1-a6d1-6e1e54fe1678 | Context users@openstack setup() finished in 1.50 sec
2020-04-10 06:16:42.231 1333 INFO rally.task.context [-] Task 5d972f25-35dd-49c1-a6d1-6e1e54fe1678 | Context api_versions@openstack setup() finished in 0.15 sec
2020-04-10 06:16:42.867 1333 INFO rally.task.context [-] Task 5d972f25-35dd-49c1-a6d1-6e1e54fe1678 | Context quotas@openstack setup() finished in 0.63 sec
2020-04-10 06:16:42.867 1333 INFO rally.task.context [-] Task 5d972f25-35dd-49c1-a6d1-6e1e54fe1678 | Context cleanup@openstack setup() finished in 0.05 msec
2020-04-10 06:16:43.237 1333 RALLYDEBUG rally.task.runner [-] Starting the constant runner (task UUID: 5d972f25-35dd-49c1-a6d1-6e1e54fe1678). times: 10 concurrency: 4 timeout: 0 max_cpu_used: 88 processes_to_start: 4 concurrency_per_worker: 1 concurrency_overhead: 0
2020-04-10 06:16:43.250 1774 RALLYDEBUG rally.task.runner [-] Starting a worker. times: 10 duration: None concurrency: 1 timeout: 0 cls: method_name: run args: {"detailed": true, "image": "552c22a2-7165-48c5-a40b-95053e9e1423", "size": 1}
2020-04-10 06:16:43.252 1775 RALLYDEBUG rally.task.runner [-] Starting a worker. times: 10 duration: None concurrency: 1 timeout: 0 cls: method_name: run args: {"detailed": true, "image": "552c22a2-7165-48c5-a40b-95053e9e1423", "size": 1}
2020-04-10 06:16:43.255 1776 RALLYDEBUG rally.task.runner [-] Starting a worker. times: 10 duration: None concurrency: 1 timeout: 0 cls: method_name: run args: {"detailed": true, "image": "552c22a2-7165-48c5-a40b-95053e9e1423", "size": 1}
2020-04-10 06:16:43.257 1774 INFO rally.task.runner [-] Task 5d972f25-35dd-49c1-a6d1-6e1e54fe1678 | ITER: 1 START
2020-04-10 06:16:43.257 1777 RALLYDEBUG rally.task.runner [-] Starting a worker. times: 10 duration: None concurrency: 1 timeout: 0 cls: method_name: run args: {"detailed": true, "image": "552c22a2-7165-48c5-a40b-95053e9e1423", "size": 1}
2020-04-10 06:16:43.258 1775 INFO rally.task.runner [-] Task 5d972f25-35dd-49c1-a6d1-6e1e54fe1678 | ITER: 2 START
2020-04-10 06:16:43.262 1776 INFO rally.task.runner [-] Task 5d972f25-35dd-49c1-a6d1-6e1e54fe1678 | ITER: 3 START
2020-04-10 06:16:43.264 1777 INFO rally.task.runner [-] Task 5d972f25-35dd-49c1-a6d1-6e1e54fe1678 | ITER: 4 START
2020-04-10 06:16:48.312 1777 RALLYDEBUG rally.task.utils [-] Waiting for resource s_rally_3eb50a0c_qSS2YAzo. Status changed: DOWNLOADING => AVAILABLE in 2.2899091243743896
2020-04-10 06:16:48.391 1777 INFO rally.task.runner [-] Task 5d972f25-35dd-49c1-a6d1-6e1e54fe1678 | ITER: 4 END: OK
2020-04-10 06:16:48.396 1777 INFO rally.task.runner [-] Task 5d972f25-35dd-49c1-a6d1-6e1e54fe1678 | ITER: 5 START
2020-04-10 06:16:48.397 1776 RALLYDEBUG rally.task.utils [-] Waiting for resource s_rally_3eb50a0c_dj7Y9Fve. Status changed: DOWNLOADING => AVAILABLE in 2.2620186805725098
2020-04-10 06:16:48.470 1776 INFO rally.task.runner [-] Task 5d972f25-35dd-49c1-a6d1-6e1e54fe1678 | ITER: 3 END: OK
2020-04-10 06:16:48.475 1776 INFO rally.task.runner [-] Task 5d972f25-35dd-49c1-a6d1-6e1e54fe1678 | ITER: 6 START
2020-04-10 06:16:50.376 1775 RALLYDEBUG rally.task.utils [-] Waiting for resource s_rally_3eb50a0c_dGsTpkYd. Status changed: DOWNLOADING => AVAILABLE in 4.329604625701904
2020-04-10 06:16:50.453 1775 INFO rally.task.runner [-] Task 5d972f25-35dd-49c1-a6d1-6e1e54fe1678 | ITER: 2 END: OK
2020-04-10 06:16:50.459 1775 INFO rally.task.runner [-] Task 5d972f25-35dd-49c1-a6d1-6e1e54fe1678 | ITER: 7 START
2020-04-10 06:16:50.468 1774 RALLYDEBUG rally.task.utils [-] Waiting for resource s_rally_3eb50a0c_plXCnoy5. Status changed: DOWNLOADING => AVAILABLE in 4.338483572006226
2020-04-10 06:16:50.561 1774 INFO rally.task.runner [-] Task 5d972f25-35dd-49c1-a6d1-6e1e54fe1678 | ITER: 1 END: OK
2020-04-10 06:16:50.566 1774 INFO rally.task.runner [-] Task 5d972f25-35dd-49c1-a6d1-6e1e54fe1678 | ITER: 8 START
2020-04-10 06:16:53.198 1777 RALLYDEBUG rally.task.utils [-] Waiting for resource s_rally_3eb50a0c_BhbcCXs6. Status changed: DOWNLOADING => AVAILABLE in 2.2001471519470215
2020-04-10 06:16:53.297 1777 INFO rally.task.runner [-] Task 5d972f25-35dd-49c1-a6d1-6e1e54fe1678 | ITER: 5 END: OK
2020-04-10 06:16:53.303 1777 INFO rally.task.runner [-] Task 5d972f25-35dd-49c1-a6d1-6e1e54fe1678 | ITER: 9 START
2020-04-10 06:16:53.541 1776 RALLYDEBUG rally.task.utils [-] Waiting for resource s_rally_3eb50a0c_ZBSY0PjH. Status changed: DOWNLOADING => AVAILABLE in 2.2491164207458496
2020-04-10 06:16:53.631 1776 INFO rally.task.runner [-] Task 5d972f25-35dd-49c1-a6d1-6e1e54fe1678 | ITER: 6 END: OK
2020-04-10 06:16:53.635 1776 INFO rally.task.runner [-] Task 5d972f25-35dd-49c1-a6d1-6e1e54fe1678 | ITER: 10 START
2020-04-10 06:16:55.293 1775 RALLYDEBUG rally.task.utils [-] Waiting for resource s_rally_3eb50a0c_ldGH9fGs. Status changed: DOWNLOADING => AVAILABLE in 2.225637674331665
2020-04-10 06:16:55.371 1775 INFO rally.task.runner [-] Task 5d972f25-35dd-49c1-a6d1-6e1e54fe1678 | ITER: 7 END: OK
2020-04-10 06:16:55.389 1774 RALLYDEBUG rally.task.utils [-] Waiting for resource s_rally_3eb50a0c_FDW4IoUv. Status changed: DOWNLOADING => AVAILABLE in 2.234135389328003
2020-04-10 06:16:55.473 1774 INFO rally.task.runner [-] Task 5d972f25-35dd-49c1-a6d1-6e1e54fe1678 | ITER: 8 END: OK
2020-04-10 06:16:58.111 1777 RALLYDEBUG rally.task.utils [-] Waiting for resource s_rally_3eb50a0c_ND4geWPw. Status changed: DOWNLOADING => AVAILABLE in 2.239393949508667
2020-04-10 06:16:58.199 1777 INFO rally.task.runner [-] Task 5d972f25-35dd-49c1-a6d1-6e1e54fe1678 | ITER: 9 END: OK
2020-04-10 06:16:58.448 1776 RALLYDEBUG rally.task.utils [-] Waiting for resource s_rally_3eb50a0c_jS1QkgLt. Status changed: DOWNLOADING => AVAILABLE in 2.241713523864746
2020-04-10 06:16:58.520 1776 INFO rally.task.runner [-] Task 5d972f25-35dd-49c1-a6d1-6e1e54fe1678 | ITER: 10 END: OK
2020-04-10 06:16:58.551 1333 INFO rally.task.context [-] Task 5d972f25-35dd-49c1-a6d1-6e1e54fe1678 | Context cleanup@openstack cleanup() started
2020-04-10 06:16:58.557 1333 RALLYDEBUG rally_openstack.cleanup.manager [-] Cleaning up cinder backups objects
2020-04-10 06:16:59.100 1333 RALLYDEBUG rally_openstack.cleanup.manager [-] Cleaning up cinder volume_snapshots objects
2020-04-10 06:16:59.528 1333 RALLYDEBUG rally_openstack.cleanup.manager [-] Cleaning up cinder transfers objects
2020-04-10 06:16:59.963 1333 RALLYDEBUG rally_openstack.cleanup.manager [-] Cleaning up cinder volumes objects
2020-04-10 06:17:00.672 1333 RALLYDEBUG rally_openstack.cleanup.manager [-] Deleting cinder.volumes object s_rally_3eb50a0c_jS1QkgLt (67379060-8de8-48de-8133-121e6c723051)
2020-04-10 06:17:00.677 1333 RALLYDEBUG rally_openstack.cleanup.manager [-] Deleting cinder.volumes object s_rally_3eb50a0c_BhbcCXs6 (fbcceaad-d4c3-40b6-a288-9ef64651e524)
2020-04-10 06:17:00.678 1333 RALLYDEBUG rally_openstack.cleanup.manager [-] Deleting cinder.volumes object s_rally_3eb50a0c_dj7Y9Fve (027630c8-cbca-4a69-b891-60cd8bb968c2)
2020-04-10 06:17:00.689 1333 RALLYDEBUG rally_openstack.cleanup.manager [-] Deleting cinder.volumes object s_rally_3eb50a0c_ZBSY0PjH (3284cf5b-818d-4f4a-a19b-07cf656418fe)
2020-04-10 06:17:00.709 1333 RALLYDEBUG rally_openstack.cleanup.manager [-] Deleting cinder.volumes object s_rally_3eb50a0c_plXCnoy5 (00609383-cc49-4432-ae39-1df3a37b6ddb)
2020-04-10 06:17:00.721 1333 RALLYDEBUG rally_openstack.cleanup.manager [-] Deleting cinder.volumes object s_rally_3eb50a0c_ND4geWPw (8f336c78-bb13-449a-8ad5-b9d7895b140f)
2020-04-10 06:17:00.739 1333 RALLYDEBUG rally_openstack.cleanup.manager [-] Deleting cinder.volumes object s_rally_3eb50a0c_qSS2YAzo (711e94fe-bf74-48af-ba70-d7ebe3409119)
2020-04-10 06:17:00.756 1333 RALLYDEBUG rally_openstack.cleanup.manager [-] Deleting cinder.volumes object s_rally_3eb50a0c_ldGH9fGs (6ca64cb7-d8ee-4c05-b85b-5e0bf3cd2a3f)
2020-04-10 06:17:00.761 1333 RALLYDEBUG rally_openstack.cleanup.manager [-] Deleting cinder.volumes object s_rally_3eb50a0c_FDW4IoUv (01e3518f-2358-41c5-beed-47e1f0e236b2)
2020-04-10 06:17:00.762 1333 RALLYDEBUG rally_openstack.cleanup.manager [-] Deleting cinder.volumes object s_rally_3eb50a0c_dGsTpkYd (07980f40-71a4-4a2a-8522-70e262361026)
2020-04-10 06:17:03.504 1333 INFO rally.task.context [-] Task 5d972f25-35dd-49c1-a6d1-6e1e54fe1678 | Context cleanup@openstack cleanup() finished in 4.95 sec
2020-04-10 06:17:03.505 1333 INFO rally.task.context [-] Task 5d972f25-35dd-49c1-a6d1-6e1e54fe1678 | Context quotas@openstack cleanup() started
2020-04-10 06:17:03.600 1333 INFO rally.task.context [-] Task 5d972f25-35dd-49c1-a6d1-6e1e54fe1678 | Context quotas@openstack cleanup() finished in 94.69 msec
2020-04-10 06:17:03.601 1333 INFO rally.task.context [-] Task 5d972f25-35dd-49c1-a6d1-6e1e54fe1678 | Context api_versions@openstack cleanup() started
2020-04-10 06:17:03.601 1333 INFO rally.task.context [-] Task 5d972f25-35dd-49c1-a6d1-6e1e54fe1678 | Context api_versions@openstack cleanup() finished in 0.40 msec
2020-04-10 06:17:03.601 1333 INFO rally.task.context [-] Task 5d972f25-35dd-49c1-a6d1-6e1e54fe1678 | Context users@openstack cleanup() started
2020-04-10 06:17:03.812 1333 WARNING rally.common.logging [-] `iterate_per_tenants()' is deprecated in v3.0.0: it is openstack specific.. Used at
2020-04-10 06:17:08.460 1333 INFO rally.task.context [-] Task 5d972f25-35dd-49c1-a6d1-6e1e54fe1678 | Context users@openstack cleanup() finished in 4.86 sec
2020-04-10 06:17:08.856 1333 INFO rally.task.engine [-] Load duration is: 15.258414
2020-04-10 06:17:08.856 1333 INFO rally.task.engine [-] Full runner duration is: 15.315044
2020-04-10 06:17:08.857 1333 INFO rally.task.engine [-] Full duration is: 27.886559
2020-04-10 06:17:08.926 1333 INFO rally.task.engine [-] Running workload: position = 1 config = { "version": 2, "title": "A cropped version of a bigger task.", "description": "Auto-generated task from a single workload (uuid=980fd1f0-fc0a-4994-9f60-c43ee65a6f63)", "subtasks": [ { "title": "CinderVolumes.create_and_list_volume", "description": "Create a volume and list all volumes.", "scenario": { "CinderVolumes.create_and_list_volume": { "detailed": true, "size": 1 } }, "contexts": { "users": { "tenants": 3, "users_per_tenant": 2 }, "quotas": { "cinder": { "gigabytes": -1, "snapshots": -1, "volumes": -1 } }, "api_versions": { "cinder": { "version": 3, "service_type": "volumev3" } } }, "runner": { "constant": { "concurrency": 4, "times": 10 } }, "hooks": [], "sla": { "failure_rate": { "max": 0 } } } ] }
2020-04-10 06:17:08.952 1333 RALLYDEBUG rally_openstack.contexts.keystone.users [-] Creating 3 tenants using 3 threads
2020-04-10 06:17:09.443 1333 RALLYDEBUG rally_openstack.contexts.keystone.users [-] Creating 6 users using 6 threads
2020-04-10 06:17:10.403 1333 INFO rally.task.context [-] Task 5d972f25-35dd-49c1-a6d1-6e1e54fe1678 | Context users@openstack setup() finished in 1.45 sec
2020-04-10 06:17:10.555 1333 INFO rally.task.context [-] Task 5d972f25-35dd-49c1-a6d1-6e1e54fe1678 | Context api_versions@openstack setup() finished in 0.15 sec
2020-04-10 06:17:11.260 1333 INFO rally.task.context [-] Task 5d972f25-35dd-49c1-a6d1-6e1e54fe1678 | Context quotas@openstack setup() finished in 0.70 sec
2020-04-10 06:17:11.261 1333 INFO rally.task.context [-] Task 5d972f25-35dd-49c1-a6d1-6e1e54fe1678 | Context cleanup@openstack setup() finished in 0.02 msec
2020-04-10 06:17:11.269 1333 RALLYDEBUG rally.task.runner [-] Starting the constant runner (task UUID: 5d972f25-35dd-49c1-a6d1-6e1e54fe1678). times: 10 concurrency: 4 timeout: 0 max_cpu_used: 88 processes_to_start: 4 concurrency_per_worker: 1 concurrency_overhead: 0
2020-04-10 06:17:11.281 1927 RALLYDEBUG rally.task.runner [-] Starting a worker. times: 10 duration: None concurrency: 1 timeout: 0 cls: method_name: run args: {"detailed": true, "size": 1}
2020-04-10 06:17:11.284 1928 RALLYDEBUG rally.task.runner [-] Starting a worker. times: 10 duration: None concurrency: 1 timeout: 0 cls: method_name: run args: {"detailed": true, "size": 1}
2020-04-10 06:17:11.286 1929 RALLYDEBUG rally.task.runner [-] Starting a worker. times: 10 duration: None concurrency: 1 timeout: 0 cls: method_name: run args: {"detailed": true, "size": 1}
2020-04-10 06:17:11.287 1927 INFO rally.task.runner [-] Task 5d972f25-35dd-49c1-a6d1-6e1e54fe1678 | ITER: 1 START
2020-04-10 06:17:11.289 1928 INFO rally.task.runner [-] Task 5d972f25-35dd-49c1-a6d1-6e1e54fe1678 | ITER: 2 START
2020-04-10 06:17:11.289 1930 RALLYDEBUG rally.task.runner [-] Starting a worker. times: 10 duration: None concurrency: 1 timeout: 0 cls: method_name: run args: {"detailed": true, "size": 1}
2020-04-10 06:17:11.291 1929 INFO rally.task.runner [-] Task 5d972f25-35dd-49c1-a6d1-6e1e54fe1678 | ITER: 3 START
2020-04-10 06:17:11.295 1930 INFO rally.task.runner [-] Task 5d972f25-35dd-49c1-a6d1-6e1e54fe1678 | ITER: 4 START
2020-04-10 06:17:14.060 1930 INFO rally.task.runner [-] Task 5d972f25-35dd-49c1-a6d1-6e1e54fe1678 | ITER: 4 END: OK
2020-04-10 06:17:14.065 1930 INFO rally.task.runner [-] Task 5d972f25-35dd-49c1-a6d1-6e1e54fe1678 | ITER: 5 START
2020-04-10 06:17:14.105 1927 INFO rally.task.runner [-] Task 5d972f25-35dd-49c1-a6d1-6e1e54fe1678 | ITER: 1 END: OK
2020-04-10 06:17:14.110 1927 INFO rally.task.runner [-] Task 5d972f25-35dd-49c1-a6d1-6e1e54fe1678 | ITER: 6 START
