2020-04-10 06:09:11.685 6 RALLYDEBUG rally.api [-] INFO logs from urllib3 and requests module are hide.
2020-04-10 06:09:11.685 6 RALLYDEBUG rally.api [-] urllib3 insecure warnings are hidden.
2020-04-10 06:09:11.685 6 RALLYDEBUG rally.api [-] ERROR log from boto module is hide.
2020-04-10 06:09:13.842 6 ERROR rally.cli.cliutils [-] Unexpected exception in CLI: rally.exceptions.DBRecordNotFound: Record for uuid or name is opnfv-rally not found in table envs
2020-04-10 06:09:13.842 6 ERROR rally.cli.cliutils
Traceback (most recent call last):
2020-04-10 06:09:13.842 6 ERROR rally.cli.cliutils
File "/usr/lib/python3.7/site-packages/rally/cli/cliutils.py", line 657, in run
2020-04-10 06:09:13.842 6 ERROR rally.cli.cliutils ret = fn(*fn_args, **fn_kwargs)
2020-04-10 06:09:13.842 6 ERROR rally.cli.cliutils File "", line 2, in destroy
2020-04-10 06:09:13.842 6 ERROR rally.cli.cliutils
File "/usr/lib/python3.7/site-packages/rally/cli/envutils.py", line 135, in default_from_global
2020-04-10 06:09:13.842 6 ERROR rally.cli.cliutils return f(*args, **kwargs)
2020-04-10 06:09:13.842 6 ERROR rally.cli.cliutils File "", line 2, in destroy
2020-04-10 06:09:13.842 6 ERROR rally.cli.cliutils
File "/usr/lib/python3.7/site-packages/rally/plugins/__init__.py", line 59, in ensure_plugins_are_loaded
2020-04-10 06:09:13.842 6 ERROR rally.cli.cliutils return f(*args, **kwargs)
2020-04-10 06:09:13.842 6 ERROR rally.cli.cliutils
File "/usr/lib/python3.7/site-packages/rally/cli/commands/deployment.py", line 154, in destroy
2020-04-10 06:09:13.842 6 ERROR rally.cli.cliutils api.deployment.destroy(deployment=deployment)
2020-04-10 06:09:13.842 6 ERROR rally.cli.cliutils
File "/usr/lib/python3.7/site-packages/rally/api.py", line 115, in destroy
2020-04-10 06:09:13.842 6 ERROR rally.cli.cliutils deploy = objects.Deployment.get(deployment)
2020-04-10 06:09:13.842 6 ERROR rally.cli.cliutils
File "/usr/lib/python3.7/site-packages/rally/common/objects/deploy.py", line 124, in get
2020-04-10 06:09:13.842 6 ERROR rally.cli.cliutils return Deployment(env_mgr.EnvManager.get(deploy))
2020-04-10 06:09:13.842 6 ERROR rally.cli.cliutils
File "/usr/lib/python3.7/site-packages/rally/env/env_mgr.py", line 212, in get
2020-04-10 06:09:13.842 6 ERROR rally.cli.cliutils return cls(db.env_get(uuid_or_name))
2020-04-10 06:09:13.842 6 ERROR rally.cli.cliutils
File "/usr/lib/python3.7/site-packages/rally/common/db/api.py", line 133, in wrapper
2020-04-10 06:09:13.842 6 ERROR rally.cli.cliutils result = f(session, *args, **kwargs)
2020-04-10 06:09:13.842 6 ERROR rally.cli.cliutils
File "/usr/lib/python3.7/site-packages/rally/common/db/api.py", line 519, in env_get
2020-04-10 06:09:13.842 6 ERROR rally.cli.cliutils criteria="uuid or name is %s" % uuid_or_name, table="envs")
2020-04-10 06:09:13.842 6 ERROR rally.cli.cliutils rally.exceptions.DBRecordNotFound: Record for uuid or name is opnfv-rally not found in table envs
2020-04-10 06:09:13.842 6 ERROR rally.cli.cliutils
2020-04-10 06:09:15.206 8 RALLYDEBUG rally.api [-] INFO logs from urllib3 and requests module are hide.
2020-04-10 06:09:15.207 8 RALLYDEBUG rally.api [-] urllib3 insecure warnings are hidden.
2020-04-10 06:09:15.207 8 RALLYDEBUG rally.api [-] ERROR log from boto module is hide.
2020-04-10 06:09:18.658 10 RALLYDEBUG rally.api [-] INFO logs from urllib3 and requests module are hide.
2020-04-10 06:09:18.659 10 RALLYDEBUG rally.api [-] urllib3 insecure warnings are hidden.
2020-04-10 06:09:18.659 10 RALLYDEBUG rally.api [-] ERROR log from boto module is hide.
2020-04-10 06:09:22.573 13 RALLYDEBUG rally.api [-] INFO logs from urllib3 and requests module are hide.
2020-04-10 06:09:22.573 13 RALLYDEBUG rally.api [-] urllib3 insecure warnings are hidden.
2020-04-10 06:09:22.573 13 RALLYDEBUG rally.api [-] ERROR log from boto module is hide.
2020-04-10 06:09:24.221 15 RALLYDEBUG rally.api [-] INFO logs from urllib3 and requests module are hide.
2020-04-10 06:09:24.222 15 RALLYDEBUG rally.api [-] urllib3 insecure warnings are hidden.
2020-04-10 06:09:24.222 15 RALLYDEBUG rally.api [-] ERROR log from boto module is hide.
2020-04-10 06:09:26.239 15 INFO rally.task.engine [-] Task 9aaa0b1b-a834-4279-9961-fd993f9fd4b9 | Starting: Task validation.
2020-04-10 06:09:26.270 15 INFO rally.task.engine [-] Task 9aaa0b1b-a834-4279-9961-fd993f9fd4b9 | Starting: Task validation of syntax.
2020-04-10 06:09:26.363 15 INFO rally.task.engine [-] Task 9aaa0b1b-a834-4279-9961-fd993f9fd4b9 | Completed: Task validation of syntax.
2020-04-10 06:09:26.364 15 INFO rally.task.engine [-] Task 9aaa0b1b-a834-4279-9961-fd993f9fd4b9 | Starting: Task validation of required platforms.
2020-04-10 06:09:26.420 15 INFO rally.task.engine [-] Task 9aaa0b1b-a834-4279-9961-fd993f9fd4b9 | Completed: Task validation of required platforms.
2020-04-10 06:09:26.420 15 INFO rally.task.engine [-] Task 9aaa0b1b-a834-4279-9961-fd993f9fd4b9 | Starting: Task validation of semantic.
2020-04-10 06:09:26.420 15 INFO rally.task.engine [-] Check health of the environment 'cc6342ea-1dfd-487f-a3b6-1ea1f52a2133'.
2020-04-10 06:09:26.919 15 INFO rally.task.engine [-] Platform existing@openstack (available: True): OK!
2020-04-10 06:09:26.934 15 RALLYDEBUG rally_openstack.contexts.keystone.users [-] Creating 1 tenants using 1 threads
2020-04-10 06:09:27.303 15 RALLYDEBUG rally_openstack.contexts.keystone.users [-] Creating 1 users using 1 threads
2020-04-10 06:09:27.986 15 INFO rally.task.context [-] Task 9aaa0b1b-a834-4279-9961-fd993f9fd4b9 | Context users@openstack setup() finished in 1.05 sec
2020-04-10 06:09:28.039 15 INFO rally.task.context [-] Task 9aaa0b1b-a834-4279-9961-fd993f9fd4b9 | Context users@openstack cleanup() started
2020-04-10 06:09:28.233 15 WARNING rally.common.logging [-] `iterate_per_tenants()' is deprecated in v3.0.0: it is openstack specific.. Used at
2020-04-10 06:09:29.837 15 INFO rally.task.context [-] Task 9aaa0b1b-a834-4279-9961-fd993f9fd4b9 | Context users@openstack cleanup() finished in 1.80 sec
2020-04-10 06:09:29.837 15 INFO rally.task.engine [-] Task 9aaa0b1b-a834-4279-9961-fd993f9fd4b9 | Completed: Task validation of semantic.
2020-04-10 06:09:29.837 15 INFO rally.task.engine [-] Task 9aaa0b1b-a834-4279-9961-fd993f9fd4b9 | Completed: Task validation.
2020-04-10 06:09:29.838 15 INFO rally.api [-] Task 9aaa0b1b-a834-4279-9961-fd993f9fd4b9 input file is valid.
2020-04-10 06:09:29.838 15 INFO rally.api [-] Run Task 9aaa0b1b-a834-4279-9961-fd993f9fd4b9 against Deployment cc6342ea-1dfd-487f-a3b6-1ea1f52a2133
2020-04-10 06:09:29.838 15 INFO rally.task.engine [-] Task 9aaa0b1b-a834-4279-9961-fd993f9fd4b9 | Starting: Running task.
2020-04-10 06:09:29.887 15 INFO rally.task.engine [-] Running workload: position = 0 config = { "version": 2, "title": "A cropped version of a bigger task.", "description": "Auto-generated task from a single workload (uuid=319f5be7-bed5-497a-b39e-77b16120badf)", "subtasks": [ { "title": "Authenticate.keystone", "description": "Check Keystone Client.", "scenario": { "Authenticate.keystone": {} }, "contexts": { "users": { "tenants": 3, "users_per_tenant": 2 } }, "runner": { "constant": { "concurrency": 4, "times": 10 } }, "hooks": [], "sla": { "failure_rate": { "max": 0 } } } ] }
2020-04-10 06:09:29.901 15 RALLYDEBUG rally_openstack.contexts.keystone.users [-] Creating 3 tenants using 3 threads
2020-04-10 06:09:30.413 15 RALLYDEBUG rally_openstack.contexts.keystone.users [-] Creating 6 users using 6 threads
2020-04-10 06:09:31.380 15 INFO rally.task.context [-] Task 9aaa0b1b-a834-4279-9961-fd993f9fd4b9 | Context users@openstack setup() finished in 1.48 sec
2020-04-10 06:09:31.391 15 RALLYDEBUG rally.task.runner [-] Starting the constant runner (task UUID: 9aaa0b1b-a834-4279-9961-fd993f9fd4b9). times: 10 concurrency: 4 timeout: 0 max_cpu_used: 88 processes_to_start: 4 concurrency_per_worker: 1 concurrency_overhead: 0
2020-04-10 06:09:31.405 70 RALLYDEBUG rally.task.runner [-] Starting a worker. times: 10 duration: None concurrency: 1 timeout: 0 cls: method_name: run args: {}
2020-04-10 06:09:31.408 71 RALLYDEBUG rally.task.runner [-] Starting a worker. times: 10 duration: None concurrency: 1 timeout: 0 cls: method_name: run args: {}
2020-04-10 06:09:31.410 72 RALLYDEBUG rally.task.runner [-] Starting a worker. times: 10 duration: None concurrency: 1 timeout: 0 cls: method_name: run args: {}
2020-04-10 06:09:31.411 70 INFO rally.task.runner [-] Task 9aaa0b1b-a834-4279-9961-fd993f9fd4b9 | ITER: 1 START
2020-04-10 06:09:31.413 73 RALLYDEBUG rally.task.runner [-] Starting a worker. times: 10 duration: None concurrency: 1 timeout: 0 cls: method_name: run args: {}
2020-04-10 06:09:31.414 71 INFO rally.task.runner [-] Task 9aaa0b1b-a834-4279-9961-fd993f9fd4b9 | ITER: 2 START
2020-04-10 06:09:31.417 72 INFO rally.task.runner [-] Task 9aaa0b1b-a834-4279-9961-fd993f9fd4b9 | ITER: 3 START
2020-04-10 06:09:31.419 73 INFO rally.task.runner [-] Task 9aaa0b1b-a834-4279-9961-fd993f9fd4b9 | ITER: 4 START
2020-04-10 06:09:31.666 71 INFO rally.task.runner [-] Task 9aaa0b1b-a834-4279-9961-fd993f9fd4b9 | ITER: 2 END: OK
2020-04-10 06:09:31.667 73 INFO rally.task.runner [-] Task 9aaa0b1b-a834-4279-9961-fd993f9fd4b9 | ITER: 4 END: OK
2020-04-10 06:09:31.671 71 INFO rally.task.runner [-] Task 9aaa0b1b-a834-4279-9961-fd993f9fd4b9 | ITER: 5 START
2020-04-10 06:09:31.672 70 INFO rally.task.runner [-] Task 9aaa0b1b-a834-4279-9961-fd993f9fd4b9 | ITER: 1 END: OK
2020-04-10 06:09:31.672 73 INFO rally.task.runner [-] Task 9aaa0b1b-a834-4279-9961-fd993f9fd4b9 | ITER: 6 START
2020-04-10 06:09:31.673 72 INFO rally.task.runner [-] Task 9aaa0b1b-a834-4279-9961-fd993f9fd4b9 | ITER: 3 END: OK
2020-04-10 06:09:31.677 70 INFO rally.task.runner [-] Task 9aaa0b1b-a834-4279-9961-fd993f9fd4b9 | ITER: 7 START
2020-04-10 06:09:31.679 72 INFO rally.task.runner [-] Task 9aaa0b1b-a834-4279-9961-fd993f9fd4b9 | ITER: 8 START
2020-04-10 06:09:31.798 70 INFO rally.task.runner [-] Task 9aaa0b1b-a834-4279-9961-fd993f9fd4b9 | ITER: 7 END: OK
2020-04-10 06:09:31.802 70 INFO rally.task.runner [-] Task 9aaa0b1b-a834-4279-9961-fd993f9fd4b9 | ITER: 9 START
2020-04-10 06:09:31.878 71 INFO rally.task.runner [-] Task 9aaa0b1b-a834-4279-9961-fd993f9fd4b9 | ITER: 5 END: OK
2020-04-10 06:09:31.879 73 INFO rally.task.runner [-] Task 9aaa0b1b-a834-4279-9961-fd993f9fd4b9 | ITER: 6 END: OK
2020-04-10 06:09:31.880 72 INFO rally.task.runner [-] Task 9aaa0b1b-a834-4279-9961-fd993f9fd4b9 | ITER: 8 END: OK
2020-04-10 06:09:31.882 71 INFO rally.task.runner [-] Task 9aaa0b1b-a834-4279-9961-fd993f9fd4b9 | ITER: 10 START
2020-04-10 06:09:31.922 70 INFO rally.task.runner [-] Task 9aaa0b1b-a834-4279-9961-fd993f9fd4b9 | ITER: 9 END: OK
2020-04-10 06:09:32.010 71 INFO rally.task.runner [-] Task 9aaa0b1b-a834-4279-9961-fd993f9fd4b9 | ITER: 10 END: OK
2020-04-10 06:09:32.040 15 INFO rally.task.context [-] Task 9aaa0b1b-a834-4279-9961-fd993f9fd4b9 | Context users@openstack cleanup() started
2020-04-10 06:09:32.352 15 WARNING rally.common.logging [-] `iterate_per_tenants()' is deprecated in v3.0.0: it is openstack specific.. Used at
2020-04-10 06:09:35.442 15 INFO rally.task.context [-] Task 9aaa0b1b-a834-4279-9961-fd993f9fd4b9 | Context users@openstack cleanup() finished in 3.40 sec
2020-04-10 06:09:35.959 15 INFO rally.task.engine [-] Load duration is: 0.596785
2020-04-10 06:09:35.960 15 INFO rally.task.engine [-] Full runner duration is: 0.649727
2020-04-10 06:09:35.960 15 INFO rally.task.engine [-] Full duration is: 5.542754
2020-04-10 06:09:36.061 15 INFO rally.task.engine [-] Running workload: position = 0 config = { "version": 2, "title": "A cropped version of a bigger task.", "description": "Auto-generated task from a single workload (uuid=67b3cb62-43fd-4266-83fd-538b586c49ad)", "subtasks": [ { "title": "Authenticate.validate_cinder", "description": "Check Cinder Client to ensure validation of token.", "scenario": { "Authenticate.validate_cinder": { "repetitions": 2 } }, "contexts": { "users": { "tenants": 3, "users_per_tenant": 2 } }, "runner": { "constant": { "concurrency": 4, "times": 10 } }, "hooks": [], "sla": { "failure_rate": { "max": 0 } } } ] }
2020-04-10 06:09:36.082 15 RALLYDEBUG rally_openstack.contexts.keystone.users [-] Creating 3 tenants using 3 threads
2020-04-10 06:09:36.597 15 RALLYDEBUG rally_openstack.contexts.keystone.users [-] Creating 6 users using 6 threads
2020-04-10 06:09:37.618 15 INFO rally.task.context [-] Task 9aaa0b1b-a834-4279-9961-fd993f9fd4b9 | Context users@openstack setup() finished in 1.54 sec
2020-04-10 06:09:37.630 15 RALLYDEBUG rally.task.runner [-] Starting the constant runner (task UUID: 9aaa0b1b-a834-4279-9961-fd993f9fd4b9). times: 10 concurrency: 4 timeout: 0 max_cpu_used: 88 processes_to_start: 4 concurrency_per_worker: 1 concurrency_overhead: 0
2020-04-10 06:09:37.642 143 RALLYDEBUG rally.task.runner [-] Starting a worker. times: 10 duration: None concurrency: 1 timeout: 0 cls: method_name: run args: {"repetitions": 2}
2020-04-10 06:09:37.644 144 RALLYDEBUG rally.task.runner [-] Starting a worker. times: 10 duration: None concurrency: 1 timeout: 0 cls: method_name: run args: {"repetitions": 2}
2020-04-10 06:09:37.647 145 RALLYDEBUG rally.task.runner [-] Starting a worker. times: 10 duration: None concurrency: 1 timeout: 0 cls: method_name: run args: {"repetitions": 2}
2020-04-10 06:09:37.648 143 INFO rally.task.runner [-] Task 9aaa0b1b-a834-4279-9961-fd993f9fd4b9 | ITER: 1 START
2020-04-10 06:09:37.649 146 RALLYDEBUG rally.task.runner [-] Starting a worker. times: 10 duration: None concurrency: 1 timeout: 0 cls: method_name: run args: {"repetitions": 2}
2020-04-10 06:09:37.651 144 INFO rally.task.runner [-] Task 9aaa0b1b-a834-4279-9961-fd993f9fd4b9 | ITER: 2 START
2020-04-10 06:09:37.653 145 INFO rally.task.runner [-] Task 9aaa0b1b-a834-4279-9961-fd993f9fd4b9 | ITER: 3 START
2020-04-10 06:09:37.655 146 INFO rally.task.runner [-] Task 9aaa0b1b-a834-4279-9961-fd993f9fd4b9 | ITER: 4 START
2020-04-10 06:09:38.108 145 INFO rally.task.runner [-] Task 9aaa0b1b-a834-4279-9961-fd993f9fd4b9 | ITER: 3 END: OK
2020-04-10 06:09:38.112 143 INFO rally.task.runner [-] Task 9aaa0b1b-a834-4279-9961-fd993f9fd4b9 | ITER: 1 END: OK
2020-04-10 06:09:38.113 145 INFO rally.task.runner [-] Task 9aaa0b1b-a834-4279-9961-fd993f9fd4b9 | ITER: 5 START
2020-04-10 06:09:38.118 144 INFO rally.task.runner [-] Task 9aaa0b1b-a834-4279-9961-fd993f9fd4b9 | ITER: 2 END: OK
2020-04-10 06:09:38.118 143 INFO rally.task.runner [-] Task 9aaa0b1b-a834-4279-9961-fd993f9fd4b9 | ITER: 6 START
2020-04-10 06:09:38.123 144 INFO rally.task.runner [-] Task 9aaa0b1b-a834-4279-9961-fd993f9fd4b9 | ITER: 7 START
2020-04-10 06:09:38.124 146 INFO rally.task.runner [-] Task 9aaa0b1b-a834-4279-9961-fd993f9fd4b9 | ITER: 4 END: OK
2020-04-10 06:09:38.129 146 INFO rally.task.runner [-] Task 9aaa0b1b-a834-4279-9961-fd993f9fd4b9 | ITER: 8 START
2020-04-10 06:09:38.336 145 INFO rally.task.runner [-] Task 9aaa0b1b-a834-4279-9961-fd993f9fd4b9 | ITER: 5 END: OK
2020-04-10 06:09:38.339 145 INFO rally.task.runner [-] Task 9aaa0b1b-a834-4279-9961-fd993f9fd4b9 | ITER: 9 START
2020-04-10 06:09:38.347 144 INFO rally.task.runner [-] Task 9aaa0b1b-a834-4279-9961-fd993f9fd4b9 | ITER: 7 END: OK
2020-04-10 06:09:38.348 146 INFO rally.task.runner [-] Task 9aaa0b1b-a834-4279-9961-fd993f9fd4b9 | ITER: 8 END: OK
2020-04-10 06:09:38.353 144 INFO rally.task.runner [-] Task 9aaa0b1b-a834-4279-9961-fd993f9fd4b9 | ITER: 10 START
2020-04-10 06:09:38.380 143 INFO rally.task.runner [-] Task 9aaa0b1b-a834-4279-9961-fd993f9fd4b9 | ITER: 6 END: OK
2020-04-10 06:09:38.576 144 INFO rally.task.runner [-] Task 9aaa0b1b-a834-4279-9961-fd993f9fd4b9 | ITER: 10 END: OK
2020-04-10 06:09:38.640 145 INFO rally.task.runner [-] Task 9aaa0b1b-a834-4279-9961-fd993f9fd4b9 | ITER: 9 END: OK
2020-04-10 06:09:38.667 15 INFO rally.task.context [-] Task 9aaa0b1b-a834-4279-9961-fd993f9fd4b9 | Context users@openstack cleanup() started
2020-04-10 06:09:38.827 15 WARNING rally.common.logging [-] `iterate_per_tenants()' is deprecated in v3.0.0: it is openstack specific.. Used at
2020-04-10 06:09:41.385 15 INFO rally.task.context [-] Task 9aaa0b1b-a834-4279-9961-fd993f9fd4b9 | Context users@openstack cleanup() finished in 2.72 sec
2020-04-10 06:09:42.143 15 INFO rally.task.engine [-] Load duration is: 0.990443
2020-04-10 06:09:42.143 15 INFO rally.task.engine [-] Full runner duration is: 1.037493
2020-04-10 06:09:42.144 15 INFO rally.task.engine [-] Full duration is: 5.304124
2020-04-10 06:09:42.234 15 INFO rally.task.engine [-] Running workload: position = 0 config = { "version": 2, "title": "A cropped version of a bigger task.", "description": "Auto-generated task from a single workload (uuid=5e62cd86-abb4-479f-977b-a1c74c9a898b)", "subtasks": [ { "title": "Authenticate.validate_glance", "description": "Check Glance Client to ensure validation of token.", "scenario": { "Authenticate.validate_glance": { "repetitions": 2 } }, "contexts": { "users": { "tenants": 3, "users_per_tenant": 2 } }, "runner": { "constant": { "concurrency": 4, "times": 10 } }, "hooks": [], "sla": { "failure_rate": { "max": 0 } } } ] }
2020-04-10 06:09:42.257 15 RALLYDEBUG rally_openstack.contexts.keystone.users [-] Creating 3 tenants using 3 threads
2020-04-10 06:09:42.896 15 RALLYDEBUG rally_openstack.contexts.keystone.users [-] Creating 6 users using 6 threads
2020-04-10 06:09:43.870 15 INFO rally.task.context [-] Task 9aaa0b1b-a834-4279-9961-fd993f9fd4b9 | Context users@openstack setup() finished in 1.61 sec
2020-04-10 06:09:43.881 15 RALLYDEBUG rally.task.runner [-] Starting the constant runner (task UUID: 9aaa0b1b-a834-4279-9961-fd993f9fd4b9). times: 10 concurrency: 4 timeout: 0 max_cpu_used: 88 processes_to_start: 4 concurrency_per_worker: 1 concurrency_overhead: 0
2020-04-10 06:09:43.891 216 RALLYDEBUG rally.task.runner [-] Starting a worker. times: 10 duration: None concurrency: 1 timeout: 0 cls: method_name: run args: {"repetitions": 2}
2020-04-10 06:09:43.893 217 RALLYDEBUG rally.task.runner [-] Starting a worker. times: 10 duration: None concurrency: 1 timeout: 0 cls: method_name: run args: {"repetitions": 2}
2020-04-10 06:09:43.896 218 RALLYDEBUG rally.task.runner [-] Starting a worker. times: 10 duration: None concurrency: 1 timeout: 0 cls: method_name: run args: {"repetitions": 2}
2020-04-10 06:09:43.898 216 INFO rally.task.runner [-] Task 9aaa0b1b-a834-4279-9961-fd993f9fd4b9 | ITER: 1 START
2020-04-10 06:09:43.898 219 RALLYDEBUG rally.task.runner [-] Starting a worker. times: 10 duration: None concurrency: 1 timeout: 0 cls: method_name: run args: {"repetitions": 2}
2020-04-10 06:09:43.900 217 INFO rally.task.runner [-] Task 9aaa0b1b-a834-4279-9961-fd993f9fd4b9 | ITER: 2 START
2020-04-10 06:09:43.903 218 INFO rally.task.runner [-] Task 9aaa0b1b-a834-4279-9961-fd993f9fd4b9 | ITER: 3 START
2020-04-10 06:09:43.904 219 INFO rally.task.runner [-] Task 9aaa0b1b-a834-4279-9961-fd993f9fd4b9 | ITER: 4 START
2020-04-10 06:09:44.375 219 INFO rally.task.runner [-] Task 9aaa0b1b-a834-4279-9961-fd993f9fd4b9 | ITER: 4 END: OK
2020-04-10 06:09:44.379 219 INFO rally.task.runner [-] Task 9aaa0b1b-a834-4279-9961-fd993f9fd4b9 | ITER: 5 START
2020-04-10 06:09:44.379 218 INFO rally.task.runner [-] Task 9aaa0b1b-a834-4279-9961-fd993f9fd4b9 | ITER: 3 END: OK
2020-04-10 06:09:44.382 217 INFO rally.task.runner [-] Task 9aaa0b1b-a834-4279-9961-fd993f9fd4b9 | ITER: 2 END: OK
2020-04-10 06:09:44.384 218 INFO rally.task.runner [-] Task 9aaa0b1b-a834-4279-9961-fd993f9fd4b9 | ITER: 6 START
2020-04-10 06:09:44.386 216 INFO rally.task.runner [-] Task 9aaa0b1b-a834-4279-9961-fd993f9fd4b9 | ITER: 1 END: OK
2020-04-10 06:09:44.386 217 INFO rally.task.runner [-] Task 9aaa0b1b-a834-4279-9961-fd993f9fd4b9 | ITER: 7 START
2020-04-10 06:09:44.390 216 INFO rally.task.runner [-] Task 9aaa0b1b-a834-4279-9961-fd993f9fd4b9 | ITER: 8 START
2020-04-10 06:09:44.689 219 INFO rally.task.runner [-] Task 9aaa0b1b-a834-4279-9961-fd993f9fd4b9 | ITER: 5 END: OK
2020-04-10 06:09:44.694 219 INFO rally.task.runner [-] Task 9aaa0b1b-a834-4279-9961-fd993f9fd4b9 | ITER: 9 START
2020-04-10 06:09:44.712 218 INFO rally.task.runner [-] Task 9aaa0b1b-a834-4279-9961-fd993f9fd4b9 | ITER: 6 END: OK
2020-04-10 06:09:44.715 218 INFO rally.task.runner [-] Task 9aaa0b1b-a834-4279-9961-fd993f9fd4b9 | ITER: 10 START
2020-04-10 06:09:44.716 217 INFO rally.task.runner [-] Task 9aaa0b1b-a834-4279-9961-fd993f9fd4b9 | ITER: 7 END: OK
2020-04-10 06:09:44.763 216 INFO rally.task.runner [-] Task 9aaa0b1b-a834-4279-9961-fd993f9fd4b9 | ITER: 8 END: OK
2020-04-10 06:09:44.941 219 INFO rally.task.runner [-] Task 9aaa0b1b-a834-4279-9961-fd993f9fd4b9 | ITER: 9 END: OK
2020-04-10 06:09:44.966 218 INFO rally.task.runner [-] Task 9aaa0b1b-a834-4279-9961-fd993f9fd4b9 | ITER: 10 END: OK
2020-04-10 06:09:44.997 15 INFO rally.task.context [-] Task 9aaa0b1b-a834-4279-9961-fd993f9fd4b9 | Context users@openstack cleanup() started
2020-04-10 06:09:45.146 15 WARNING rally.common.logging [-] `iterate_per_tenants()' is deprecated in v3.0.0: it is openstack specific.. Used at
2020-04-10 06:09:48.114 15 INFO rally.task.context [-] Task 9aaa0b1b-a834-4279-9961-fd993f9fd4b9 | Context users@openstack cleanup() finished in 3.12 sec
2020-04-10 06:09:48.318 15 INFO rally.task.engine [-] Load duration is: 1.066715
2020-04-10 06:09:48.318 15 INFO rally.task.engine [-] Full runner duration is: 1.115557
2020-04-10 06:09:48.319 15 INFO rally.task.engine [-] Full duration is: 5.858572
2020-04-10 06:09:48.404 15 INFO rally.task.engine [-] Running workload: position = 0 config = { "version": 2, "title": "A cropped version of a bigger task.", "description": "Auto-generated task from a single workload (uuid=d3871e52-c0f6-4b19-9290-b7c1f5029521)", "subtasks": [ { "title": "Authenticate.validate_heat", "description": "Check Heat Client to ensure validation of token.", "scenario": { "Authenticate.validate_heat": { "repetitions": 2 } }, "contexts": { "users": { "tenants": 3, "users_per_tenant": 2 } }, "runner": { "constant": { "concurrency": 4, "times": 10 } }, "hooks": [], "sla": { "failure_rate": { "max": 0 } } } ] }
2020-04-10 06:09:48.421 15 RALLYDEBUG rally_openstack.contexts.keystone.users [-] Creating 3 tenants using 3 threads
2020-04-10 06:09:48.932 15 RALLYDEBUG rally_openstack.contexts.keystone.users [-] Creating 6 users using 6 threads
2020-04-10 06:09:50.047 15 INFO rally.task.context [-] Task 9aaa0b1b-a834-4279-9961-fd993f9fd4b9 | Context users@openstack setup() finished in 1.63 sec
2020-04-10 06:09:50.055 15 RALLYDEBUG rally.task.runner [-] Starting the constant runner (task UUID: 9aaa0b1b-a834-4279-9961-fd993f9fd4b9). times: 10 concurrency: 4 timeout: 0 max_cpu_used: 88 processes_to_start: 4 concurrency_per_worker: 1 concurrency_overhead: 0
2020-04-10 06:09:50.066 289 RALLYDEBUG rally.task.runner [-] Starting a worker. times: 10 duration: None concurrency: 1 timeout: 0 cls: method_name: run args: {"repetitions": 2}
2020-04-10 06:09:50.068 290 RALLYDEBUG rally.task.runner [-] Starting a worker. times: 10 duration: None concurrency: 1 timeout: 0 cls: method_name: run args: {"repetitions": 2}
2020-04-10 06:09:50.071 291 RALLYDEBUG rally.task.runner [-] Starting a worker. times: 10 duration: None concurrency: 1 timeout: 0 cls: method_name: run args: {"repetitions": 2}
2020-04-10 06:09:50.073 289 INFO rally.task.runner [-] Task 9aaa0b1b-a834-4279-9961-fd993f9fd4b9 | ITER: 1 START
2020-04-10 06:09:50.073 292 RALLYDEBUG rally.task.runner [-] Starting a worker. times: 10 duration: None concurrency: 1 timeout: 0 cls: method_name: run args: {"repetitions": 2}
2020-04-10 06:09:50.074 290 INFO rally.task.runner [-] Task 9aaa0b1b-a834-4279-9961-fd993f9fd4b9 | ITER: 2 START
2020-04-10 06:09:50.078 291 INFO rally.task.runner [-] Task 9aaa0b1b-a834-4279-9961-fd993f9fd4b9 | ITER: 3 START
2020-04-10 06:09:50.079 292 INFO rally.task.runner [-] Task 9aaa0b1b-a834-4279-9961-fd993f9fd4b9 | ITER: 4 START
2020-04-10 06:09:50.498 289 INFO rally.task.runner [-] Task 9aaa0b1b-a834-4279-9961-fd993f9fd4b9 | ITER: 1 END: OK
2020-04-10 06:09:50.503 289 INFO rally.task.runner [-] Task 9aaa0b1b-a834-4279-9961-fd993f9fd4b9 | ITER: 5 START
2020-04-10 06:09:50.516 290 INFO rally.task.runner [-] Task 9aaa0b1b-a834-4279-9961-fd993f9fd4b9 | ITER: 2 END: OK
2020-04-10 06:09:50.521 290 INFO rally.task.runner [-] Task 9aaa0b1b-a834-4279-9961-fd993f9fd4b9 | ITER: 6 START
2020-04-10 06:09:50.524 292 INFO rally.task.runner [-] Task 9aaa0b1b-a834-4279-9961-fd993f9fd4b9 | ITER: 4 END: OK
2020-04-10 06:09:50.529 292 INFO rally.task.runner [-] Task 9aaa0b1b-a834-4279-9961-fd993f9fd4b9 | ITER: 7 START
2020-04-10 06:09:50.540 291 INFO rally.task.runner [-] Task 9aaa0b1b-a834-4279-9961-fd993f9fd4b9 | ITER: 3 END: OK
2020-04-10 06:09:50.546 291 INFO rally.task.runner [-] Task 9aaa0b1b-a834-4279-9961-fd993f9fd4b9 | ITER: 8 START
2020-04-10 06:09:50.723 289 INFO rally.task.runner [-] Task 9aaa0b1b-a834-4279-9961-fd993f9fd4b9 | ITER: 5 END: OK
2020-04-10 06:09:50.727 289 INFO rally.task.runner [-] Task 9aaa0b1b-a834-4279-9961-fd993f9fd4b9 | ITER: 9 START
2020-04-10 06:09:50.768 292 INFO rally.task.runner [-] Task 9aaa0b1b-a834-4279-9961-fd993f9fd4b9 | ITER: 7 END: OK
2020-04-10 06:09:50.771 292 INFO rally.task.runner [-] Task 9aaa0b1b-a834-4279-9961-fd993f9fd4b9 | ITER: 10 START
2020-04-10 06:09:50.865 290 INFO rally.task.runner [-] Task 9aaa0b1b-a834-4279-9961-fd993f9fd4b9 | ITER: 6 END: OK
2020-04-10 06:09:50.869 291 INFO rally.task.runner [-] Task 9aaa0b1b-a834-4279-9961-fd993f9fd4b9 | ITER: 8 END: OK
2020-04-10 06:09:50.937 289 INFO rally.task.runner [-] Task 9aaa0b1b-a834-4279-9961-fd993f9fd4b9 | ITER: 9 END: OK
2020-04-10 06:09:50.997 292 INFO rally.task.runner [-] Task 9aaa0b1b-a834-4279-9961-fd993f9fd4b9 | ITER: 10 END: OK
2020-04-10 06:09:51.022 15 INFO rally.task.context [-] Task 9aaa0b1b-a834-4279-9961-fd993f9fd4b9 | Context users@openstack cleanup() started
2020-04-10 06:09:51.190 15 WARNING rally.common.logging [-] `iterate_per_tenants()' is deprecated in v3.0.0: it is openstack specific.. Used at
2020-04-10 06:09:54.982 15 INFO rally.task.context [-] Task 9aaa0b1b-a834-4279-9961-fd993f9fd4b9 | Context users@openstack cleanup() finished in 3.96 sec
2020-04-10 06:09:56.502 15 INFO rally.task.engine [-] Load duration is: 0.921958
2020-04-10 06:09:56.503 15 INFO rally.task.engine [-] Full runner duration is: 0.96715
2020-04-10 06:09:56.503 15 INFO rally.task.engine [-] Full duration is: 6.563362
2020-04-10 06:09:56.595 15 INFO rally.task.engine [-] Running workload: position = 0 config = { "version": 2, "title": "A cropped version of a bigger task.", "description": "Auto-generated task from a single workload (uuid=92aff00b-d1b6-4a70-b8c5-677f4342fe94)", "subtasks": [ { "title": "Authenticate.validate_neutron", "description": "Check Neutron Client to ensure validation of token.", "scenario": { "Authenticate.validate_neutron": { "repetitions": 2 } }, "contexts": { "users": { "tenants": 3, "users_per_tenant": 2 } }, "runner": { "constant": { "concurrency": 4, "times": 10 } }, "hooks": [], "sla": { "failure_rate": { "max": 0 } } } ] }
2020-04-10 06:09:56.616 15 RALLYDEBUG rally_openstack.contexts.keystone.users [-] Creating 3 tenants using 3 threads
2020-04-10 06:09:57.083 15 RALLYDEBUG rally_openstack.contexts.keystone.users [-] Creating 6 users using 6 threads
2020-04-10 06:09:58.035 15 INFO rally.task.context [-] Task 9aaa0b1b-a834-4279-9961-fd993f9fd4b9 | Context users@openstack setup() finished in 1.42 sec
2020-04-10 06:09:58.046 15 RALLYDEBUG rally.task.runner [-] Starting the constant runner (task UUID: 9aaa0b1b-a834-4279-9961-fd993f9fd4b9). times: 10 concurrency: 4 timeout: 0 max_cpu_used: 88 processes_to_start: 4 concurrency_per_worker: 1 concurrency_overhead: 0
2020-04-10 06:09:58.058 362 RALLYDEBUG rally.task.runner [-] Starting a worker. times: 10 duration: None concurrency: 1 timeout: 0 cls: method_name: run args: {"repetitions": 2}
2020-04-10 06:09:58.060 363 RALLYDEBUG rally.task.runner [-] Starting a worker. times: 10 duration: None concurrency: 1 timeout: 0 cls: method_name: run args: {"repetitions": 2}
2020-04-10 06:09:58.062 364 RALLYDEBUG rally.task.runner [-] Starting a worker. times: 10 duration: None concurrency: 1 timeout: 0 cls: method_name: run args: {"repetitions": 2}
2020-04-10 06:09:58.065 363 INFO rally.task.runner [-] Task 9aaa0b1b-a834-4279-9961-fd993f9fd4b9 | ITER: 2 START
2020-04-10 06:09:58.065 362 INFO rally.task.runner [-] Task 9aaa0b1b-a834-4279-9961-fd993f9fd4b9 | ITER: 1 START
2020-04-10 06:09:58.066 364 INFO rally.task.runner [-] Task 9aaa0b1b-a834-4279-9961-fd993f9fd4b9 | ITER: 3 START
2020-04-10 06:09:58.066 365 RALLYDEBUG rally.task.runner [-] Starting a worker. times: 10 duration: None concurrency: 1 timeout: 0 cls: method_name: run args: {"repetitions": 2}
2020-04-10 06:09:58.073 365 INFO rally.task.runner [-] Task 9aaa0b1b-a834-4279-9961-fd993f9fd4b9 | ITER: 4 START
2020-04-10 06:09:58.562 365 INFO rally.task.runner [-] Task 9aaa0b1b-a834-4279-9961-fd993f9fd4b9 | ITER: 4 END: OK
2020-04-10 06:09:58.568 365 INFO rally.task.runner [-] Task 9aaa0b1b-a834-4279-9961-fd993f9fd4b9 | ITER: 5 START
2020-04-10 06:09:58.631 363 INFO rally.task.runner [-] Task 9aaa0b1b-a834-4279-9961-fd993f9fd4b9 | ITER: 2 END: OK
2020-04-10 06:09:58.636 363 INFO rally.task.runner [-] Task 9aaa0b1b-a834-4279-9961-fd993f9fd4b9 | ITER: 6 START
2020-04-10 06:09:58.729 362 INFO rally.task.runner [-] Task 9aaa0b1b-a834-4279-9961-fd993f9fd4b9 | ITER: 1 END: OK
2020-04-10 06:09:58.734 362 INFO rally.task.runner [-] Task 9aaa0b1b-a834-4279-9961-fd993f9fd4b9 | ITER: 7 START
2020-04-10 06:09:59.043 363 INFO rally.task.runner [-] Task 9aaa0b1b-a834-4279-9961-fd993f9fd4b9 | ITER: 6 END: OK
2020-04-10 06:09:59.046 365 INFO rally.task.runner [-] Task 9aaa0b1b-a834-4279-9961-fd993f9fd4b9 | ITER: 5 END: OK
2020-04-10 06:09:59.047 363 INFO rally.task.runner [-] Task 9aaa0b1b-a834-4279-9961-fd993f9fd4b9 | ITER: 8 START
2020-04-10 06:09:59.050 365 INFO rally.task.runner [-] Task 9aaa0b1b-a834-4279-9961-fd993f9fd4b9 | ITER: 9 START
2020-04-10 06:09:59.162 362 INFO rally.task.runner [-] Task 9aaa0b1b-a834-4279-9961-fd993f9fd4b9 | ITER: 7 END: OK
2020-04-10 06:09:59.167 362 INFO rally.task.runner [-] Task 9aaa0b1b-a834-4279-9961-fd993f9fd4b9 | ITER: 10 START
2020-04-10 06:09:59.460 365 INFO rally.task.runner [-] Task 9aaa0b1b-a834-4279-9961-fd993f9fd4b9 | ITER: 9 END: OK
2020-04-10 06:09:59.584 362 INFO rally.task.runner [-] Task 9aaa0b1b-a834-4279-9961-fd993f9fd4b9 | ITER: 10 END: OK
2020-04-10 06:09:59.610 364 INFO rally.task.runner [-] Task 9aaa0b1b-a834-4279-9961-fd993f9fd4b9 | ITER: 3 END: OK
2020-04-10 06:09:59.652 363 INFO rally.task.runner [-] Task 9aaa0b1b-a834-4279-9961-fd993f9fd4b9 | ITER: 8 END: OK
2020-04-10 06:09:59.682 15 INFO rally.task.context [-] Task 9aaa0b1b-a834-4279-9961-fd993f9fd4b9 | Context users@openstack cleanup() started
2020-04-10 06:09:59.826 15 WARNING rally.common.logging [-] `iterate_per_tenants()' is deprecated in v3.0.0: it is openstack specific.. Used at
2020-04-10 06:10:03.033 15 INFO rally.task.context [-] Task 9aaa0b1b-a834-4279-9961-fd993f9fd4b9 | Context users@openstack cleanup() finished in 3.35 sec
2020-04-10 06:10:04.697 15 INFO rally.task.engine [-] Load duration is: 1.585704
2020-04-10 06:10:04.697 15 INFO rally.task.engine [-] Full runner duration is: 1.635781
2020-04-10 06:10:04.698 15 INFO rally.task.engine [-] Full duration is: 6.417755
2020-04-10 06:10:04.778 15 INFO rally.task.engine [-] Running workload: position = 0 config = { "version": 2, "title": "A cropped version of a bigger task.", "description": "Auto-generated task from a single workload (uuid=b907c350-26ad-4c82-9afa-3c7cace64454)", "subtasks": [ { "title": "Authenticate.validate_nova", "description": "Check Nova Client to ensure validation of token.", "scenario": { "Authenticate.validate_nova": { "repetitions": 2 } }, "contexts": { "users": { "tenants": 3, "users_per_tenant": 2 } }, "runner": { "constant": { "concurrency": 4, "times": 10 } }, "hooks": [], "sla": { "failure_rate": { "max": 0 } } } ] }
2020-04-10 06:10:04.794 15 RALLYDEBUG rally_openstack.contexts.keystone.users [-] Creating 3 tenants using 3 threads
2020-04-10 06:10:05.328 15 RALLYDEBUG rally_openstack.contexts.keystone.users [-] Creating 6 users using 6 threads
2020-04-10 06:10:06.216 15 INFO rally.task.context [-] Task 9aaa0b1b-a834-4279-9961-fd993f9fd4b9 | Context users@openstack setup() finished in 1.42 sec
2020-04-10 06:10:06.227 15 RALLYDEBUG rally.task.runner [-] Starting the constant runner (task UUID: 9aaa0b1b-a834-4279-9961-fd993f9fd4b9). times: 10 concurrency: 4 timeout: 0 max_cpu_used: 88 processes_to_start: 4 concurrency_per_worker: 1 concurrency_overhead: 0
2020-04-10 06:10:06.239 435 RALLYDEBUG rally.task.runner [-] Starting a worker. times: 10 duration: None concurrency: 1 timeout: 0 cls: method_name: run args: {"repetitions": 2}
2020-04-10 06:10:06.241 436 RALLYDEBUG rally.task.runner [-] Starting a worker. times: 10 duration: None concurrency: 1 timeout: 0 cls: method_name: run args: {"repetitions": 2}
2020-04-10 06:10:06.244 435 INFO rally.task.runner [-] Task 9aaa0b1b-a834-4279-9961-fd993f9fd4b9 | ITER: 1 START
2020-04-10 06:10:06.244 437 RALLYDEBUG rally.task.runner [-] Starting a worker. times: 10 duration: None concurrency: 1 timeout: 0 cls: method_name: run args: {"repetitions": 2}
2020-04-10 06:10:06.247 438 RALLYDEBUG rally.task.runner [-] Starting a worker. times: 10 duration: None concurrency: 1 timeout: 0 cls: method_name: run args: {"repetitions": 2}
2020-04-10 06:10:06.247 436 INFO rally.task.runner [-] Task 9aaa0b1b-a834-4279-9961-fd993f9fd4b9 | ITER: 2 START
2020-04-10 06:10:06.251 437 INFO rally.task.runner [-] Task 9aaa0b1b-a834-4279-9961-fd993f9fd4b9 | ITER: 3 START
2020-04-10 06:10:06.253 438 INFO rally.task.runner [-] Task 9aaa0b1b-a834-4279-9961-fd993f9fd4b9 | ITER: 4 START
2020-04-10 06:10:06.686 437 INFO rally.task.runner [-] Task 9aaa0b1b-a834-4279-9961-fd993f9fd4b9 | ITER: 3 END: OK
2020-04-10 06:10:06.690 437 INFO rally.task.runner [-] Task 9aaa0b1b-a834-4279-9961-fd993f9fd4b9 | ITER: 5 START
2020-04-10 06:10:06.702 436 INFO rally.task.runner [-] Task 9aaa0b1b-a834-4279-9961-fd993f9fd4b9 | ITER: 2 END: OK
2020-04-10 06:10:06.707 436 INFO rally.task.runner [-] Task 9aaa0b1b-a834-4279-9961-fd993f9fd4b9 | ITER: 6 START
2020-04-10 06:10:06.729 435 INFO rally.task.runner [-] Task 9aaa0b1b-a834-4279-9961-fd993f9fd4b9 | ITER: 1 END: OK
2020-04-10 06:10:06.734 438 INFO rally.task.runner [-] Task 9aaa0b1b-a834-4279-9961-fd993f9fd4b9 | ITER: 4 END: OK
2020-04-10 06:10:06.734 435 INFO rally.task.runner [-] Task 9aaa0b1b-a834-4279-9961-fd993f9fd4b9 | ITER: 7 START
2020-04-10 06:10:06.740 438 INFO rally.task.runner [-] Task 9aaa0b1b-a834-4279-9961-fd993f9fd4b9 | ITER: 8 START
2020-04-10 06:10:06.917 437 INFO rally.task.runner [-] Task 9aaa0b1b-a834-4279-9961-fd993f9fd4b9 | ITER: 5 END: OK
2020-04-10 06:10:06.921 437 INFO rally.task.runner [-] Task 9aaa0b1b-a834-4279-9961-fd993f9fd4b9 | ITER: 9 START
2020-04-10 06:10:06.933 436 INFO rally.task.runner [-] Task 9aaa0b1b-a834-4279-9961-fd993f9fd4b9 | ITER: 6 END: OK
2020-04-10 06:10:06.938 436 INFO rally.task.runner [-] Task 9aaa0b1b-a834-4279-9961-fd993f9fd4b9 | ITER: 10 START
2020-04-10 06:10:07.028 435 INFO rally.task.runner [-] Task 9aaa0b1b-a834-4279-9961-fd993f9fd4b9 | ITER: 7 END: OK
2020-04-10 06:10:07.139 438 INFO rally.task.runner [-] Task 9aaa0b1b-a834-4279-9961-fd993f9fd4b9 | ITER: 8 END: OK
2020-04-10 06:10:07.143 437 INFO rally.task.runner [-] Task 9aaa0b1b-a834-4279-9961-fd993f9fd4b9 | ITER: 9 END: OK
2020-04-10 06:10:07.144 436 INFO rally.task.runner [-] Task 9aaa0b1b-a834-4279-9961-fd993f9fd4b9 | ITER: 10 END: OK
2020-04-10 06:10:07.175 15 INFO rally.task.context [-] Task 9aaa0b1b-a834-4279-9961-fd993f9fd4b9 | Context users@openstack cleanup() started
2020-04-10 06:10:07.367 15 WARNING rally.common.logging [-] `iterate_per_tenants()' is deprecated in v3.0.0: it is openstack specific.. Used at
2020-04-10 06:10:09.971 15 INFO rally.task.context [-] Task 9aaa0b1b-a834-4279-9961-fd993f9fd4b9 | Context users@openstack cleanup() finished in 2.80 sec
2020-04-10 06:10:10.866 15 INFO rally.task.engine [-] Load duration is: 0.899156
2020-04-10 06:10:10.867 15 INFO rally.task.engine [-] Full runner duration is: 0.94863
2020-04-10 06:10:10.867 15 INFO rally.task.engine [-] Full duration is: 5.178043
2020-04-10 06:10:10.945 15 INFO rally.task.engine [-] Task 9aaa0b1b-a834-4279-9961-fd993f9fd4b9 | Completed: Running task.
2020-04-10 06:10:12.694 497 RALLYDEBUG rally.api [-] INFO logs from urllib3 and requests module are hide.
2020-04-10 06:10:12.695 497 RALLYDEBUG rally.api [-] urllib3 insecure warnings are hidden.
2020-04-10 06:10:12.695 497 RALLYDEBUG rally.api [-] ERROR log from boto module is hide.
2020-04-10 06:10:14.238 498 RALLYDEBUG rally.api [-] INFO logs from urllib3 and requests module are hide.
2020-04-10 06:10:14.238 498 RALLYDEBUG rally.api [-] urllib3 insecure warnings are hidden.
2020-04-10 06:10:14.239 498 RALLYDEBUG rally.api [-] ERROR log from boto module is hide.
2020-04-10 06:10:15.795 499 RALLYDEBUG rally.api [-] INFO logs from urllib3 and requests module are hide.
2020-04-10 06:10:15.796 499 RALLYDEBUG rally.api [-] urllib3 insecure warnings are hidden.
2020-04-10 06:10:15.796 499 RALLYDEBUG rally.api [-] ERROR log from boto module is hide.
2020-04-10 06:10:17.839 499 INFO rally.api [-] Building 'json' report for the following task(s): '9aaa0b1b-a834-4279-9961-fd993f9fd4b9'.
2020-04-10 06:10:17.852 499 INFO rally.api [-] The report has been successfully built.
2020-04-10 06:10:19.397 501 RALLYDEBUG rally.api [-] INFO logs from urllib3 and requests module are hide.
2020-04-10 06:10:19.397 501 RALLYDEBUG rally.api [-] urllib3 insecure warnings are hidden.
2020-04-10 06:10:19.397 501 RALLYDEBUG rally.api [-] ERROR log from boto module is hide.
2020-04-10 06:10:21.453 501 INFO rally.task.engine [-] Task 52bcdd51-16de-453f-8810-628a184e0c2d | Starting: Task validation.
2020-04-10 06:10:21.466 501 INFO rally.task.engine [-] Task 52bcdd51-16de-453f-8810-628a184e0c2d | Starting: Task validation of syntax.
2020-04-10 06:10:21.578 501 INFO rally.task.engine [-] Task 52bcdd51-16de-453f-8810-628a184e0c2d | Completed: Task validation of syntax.
2020-04-10 06:10:21.578 501 INFO rally.task.engine [-] Task 52bcdd51-16de-453f-8810-628a184e0c2d | Starting: Task validation of required platforms.
2020-04-10 06:10:21.643 501 INFO rally.task.engine [-] Task 52bcdd51-16de-453f-8810-628a184e0c2d | Completed: Task validation of required platforms.
2020-04-10 06:10:21.643 501 INFO rally.task.engine [-] Task 52bcdd51-16de-453f-8810-628a184e0c2d | Starting: Task validation of semantic.
2020-04-10 06:10:21.643 501 INFO rally.task.engine [-] Check health of the environment 'cc6342ea-1dfd-487f-a3b6-1ea1f52a2133'.
2020-04-10 06:10:22.183 501 INFO rally.task.engine [-] Platform existing@openstack (available: True): OK!
2020-04-10 06:10:22.198 501 RALLYDEBUG rally_openstack.contexts.keystone.users [-] Creating 1 tenants using 1 threads
2020-04-10 06:10:22.535 501 RALLYDEBUG rally_openstack.contexts.keystone.users [-] Creating 1 users using 1 threads
2020-04-10 06:10:23.164 501 INFO rally.task.context [-] Task 52bcdd51-16de-453f-8810-628a184e0c2d | Context users@openstack setup() finished in 0.97 sec
2020-04-10 06:10:24.405 501 INFO rally.task.context [-] Task 52bcdd51-16de-453f-8810-628a184e0c2d | Context users@openstack cleanup() started
2020-04-10 06:10:24.600 501 WARNING rally.common.logging [-] `iterate_per_tenants()' is deprecated in v3.0.0: it is openstack specific.. Used at
2020-04-10 06:10:35.887 501 INFO rally.task.context [-] Task 52bcdd51-16de-453f-8810-628a184e0c2d | Context users@openstack cleanup() finished in 11.48 sec
2020-04-10 06:10:35.887 501 INFO rally.task.engine [-] Task 52bcdd51-16de-453f-8810-628a184e0c2d | Completed: Task validation of semantic.
2020-04-10 06:10:35.888 501 INFO rally.task.engine [-] Task 52bcdd51-16de-453f-8810-628a184e0c2d | Completed: Task validation.
2020-04-10 06:10:35.888 501 INFO rally.api [-] Task 52bcdd51-16de-453f-8810-628a184e0c2d input file is valid.
2020-04-10 06:10:35.889 501 INFO rally.api [-] Run Task 52bcdd51-16de-453f-8810-628a184e0c2d against Deployment cc6342ea-1dfd-487f-a3b6-1ea1f52a2133
2020-04-10 06:10:35.889 501 INFO rally.task.engine [-] Task 52bcdd51-16de-453f-8810-628a184e0c2d | Starting: Running task.
2020-04-10 06:10:35.948 501 INFO rally.task.engine [-] Running workload: position = 0 config = { "version": 2, "title": "A cropped version of a bigger task.", "description": "Auto-generated task from a single workload (uuid=8030a098-1cf7-4a23-8c86-a8f680f13610)", "subtasks": [ { "title": "GlanceImages.create_and_delete_image", "description": "Create and then delete an image.", "scenario": { "GlanceImages.create_and_delete_image": { "container_format": "bare", "disk_format": "qcow2", "image_location": "/home/opnfv/functest/images/cirros-0.4.0-x86_64-disk.img" } }, "contexts": { "users": { "tenants": 3, "users_per_tenant": 2 } }, "runner": { "constant": { "concurrency": 4, "times": 10 } }, "hooks": [], "sla": { "failure_rate": { "max": 0 } } } ] }
2020-04-10 06:10:35.969 501 RALLYDEBUG rally_openstack.contexts.keystone.users [-] Creating 3 tenants using 3 threads
2020-04-10 06:10:36.542 501 RALLYDEBUG rally_openstack.contexts.keystone.users [-] Creating 6 users using 6 threads
2020-04-10 06:10:37.522 501 INFO rally.task.context [-] Task 52bcdd51-16de-453f-8810-628a184e0c2d | Context users@openstack setup() finished in 1.55 sec
2020-04-10 06:10:37.522 501 INFO rally.task.context [-] Task 52bcdd51-16de-453f-8810-628a184e0c2d | Context cleanup@openstack setup() finished in 0.00 msec
2020-04-10 06:10:37.530 501 RALLYDEBUG rally.task.runner [-] Starting the constant runner (task UUID: 52bcdd51-16de-453f-8810-628a184e0c2d). times: 10 concurrency: 4 timeout: 0 max_cpu_used: 88 processes_to_start: 4 concurrency_per_worker: 1 concurrency_overhead: 0
2020-04-10 06:10:37.542 556 RALLYDEBUG rally.task.runner [-] Starting a worker. times: 10 duration: None concurrency: 1 timeout: 0 cls: method_name: run args: {"container_format": "bare", "disk_format": "qcow2", "image_location": "/home/opnfv/functest/images/cirros-0.4.0-x86_64-disk.img"}
2020-04-10 06:10:37.545 557 RALLYDEBUG rally.task.runner [-] Starting a worker. times: 10 duration: None concurrency: 1 timeout: 0 cls: method_name: run args: {"container_format": "bare", "disk_format": "qcow2", "image_location": "/home/opnfv/functest/images/cirros-0.4.0-x86_64-disk.img"}
2020-04-10 06:10:37.547 558 RALLYDEBUG rally.task.runner [-] Starting a worker. times: 10 duration: None concurrency: 1 timeout: 0 cls: method_name: run args: {"container_format": "bare", "disk_format": "qcow2", "image_location": "/home/opnfv/functest/images/cirros-0.4.0-x86_64-disk.img"}
2020-04-10 06:10:37.549 556 INFO rally.task.runner [-] Task 52bcdd51-16de-453f-8810-628a184e0c2d | ITER: 1 START
2020-04-10 06:10:37.550 559 RALLYDEBUG rally.task.runner [-] Starting a worker. times: 10 duration: None concurrency: 1 timeout: 0 cls: method_name: run args: {"container_format": "bare", "disk_format": "qcow2", "image_location": "/home/opnfv/functest/images/cirros-0.4.0-x86_64-disk.img"}
2020-04-10 06:10:37.552 557 INFO rally.task.runner [-] Task 52bcdd51-16de-453f-8810-628a184e0c2d | ITER: 2 START
2020-04-10 06:10:37.553 558 INFO rally.task.runner [-] Task 52bcdd51-16de-453f-8810-628a184e0c2d | ITER: 3 START
2020-04-10 06:10:37.556 559 INFO rally.task.runner [-] Task 52bcdd51-16de-453f-8810-628a184e0c2d | ITER: 4 START
2020-04-10 06:10:40.053 558 RALLYDEBUG rally.task.utils [-] Waiting for resource '7743cae6-2e3e-4202-8cda-c4f3e5d4001f'. Status changed: NONE => QUEUED in 0.04126930236816406
2020-04-10 06:10:40.054 557 RALLYDEBUG rally.task.utils [-] Waiting for resource 'a023f8e1-5665-4437-b6c5-abdb4be6aabe'. Status changed: NONE => QUEUED in 0.04887509346008301
2020-04-10 06:10:40.115 556 RALLYDEBUG rally.task.utils [-] Waiting for resource '5b8b2b8f-1fb3-4ee4-a576-8ae8b5f1fe5f'. Status changed: NONE => QUEUED in 0.05085563659667969
2020-04-10 06:10:40.125 559 RALLYDEBUG rally.task.utils [-] Waiting for resource '018d0e53-49ec-49a5-9906-abd4bf713789'. Status changed: NONE => QUEUED in 0.0458979606628418
2020-04-10 06:10:40.655 558 RALLYDEBUG rally.task.utils [-] Waiting for resource s_rally_8030a098_Ki3fWBGP. Status changed: QUEUED => ACTIVE in 0.026345252990722656
2020-04-10 06:10:40.670 557 RALLYDEBUG rally.task.utils [-] Waiting for resource s_rally_8030a098_vz3jbkLc. Status changed: QUEUED => ACTIVE in 0.029300451278686523
2020-04-10 06:10:40.677 556 RALLYDEBUG rally.task.utils [-] Waiting for resource s_rally_8030a098_s3jCcAhY. Status changed: QUEUED => ACTIVE in 0.03546142578125
2020-04-10 06:10:40.678 559 RALLYDEBUG rally.task.utils [-] Waiting for resource s_rally_8030a098_rwtimy7U. Status changed: QUEUED => ACTIVE in 0.024057388305664062
2020-04-10 06:10:40.944 558 INFO rally.task.runner [-] Task 52bcdd51-16de-453f-8810-628a184e0c2d | ITER: 3 END: OK
2020-04-10 06:10:40.949 558 INFO rally.task.runner [-] Task 52bcdd51-16de-453f-8810-628a184e0c2d | ITER: 5 START
2020-04-10 06:10:40.952 556 INFO rally.task.runner [-] Task 52bcdd51-16de-453f-8810-628a184e0c2d | ITER: 1 END: OK
2020-04-10 06:10:40.952 557 INFO rally.task.runner [-] Task 52bcdd51-16de-453f-8810-628a184e0c2d | ITER: 2 END: OK
2020-04-10 06:10:40.955 556 INFO rally.task.runner [-] Task 52bcdd51-16de-453f-8810-628a184e0c2d | ITER: 6 START
2020-04-10 06:10:40.957 557 INFO rally.task.runner [-] Task 52bcdd51-16de-453f-8810-628a184e0c2d | ITER: 7 START
2020-04-10 06:10:40.961 559 INFO rally.task.runner [-] Task 52bcdd51-16de-453f-8810-628a184e0c2d | ITER: 4 END: OK
2020-04-10 06:10:40.965 559 INFO rally.task.runner [-] Task 52bcdd51-16de-453f-8810-628a184e0c2d | ITER: 8 START
2020-04-10 06:10:43.311 557 RALLYDEBUG rally.task.utils [-] Waiting for resource '87ab2252-1490-46a7-a875-af5d2cfc53e2'. Status changed: NONE => QUEUED in 0.05072832107543945
2020-04-10 06:10:43.315 556 RALLYDEBUG rally.task.utils [-] Waiting for resource '40c1debd-71b3-4423-9639-df64c9218369'. Status changed: NONE => QUEUED in 0.050812721252441406
2020-04-10 06:10:43.421 558 RALLYDEBUG rally.task.utils [-] Waiting for resource 'e61b08ac-fe55-4e82-880b-8012153ed71f'. Status changed: NONE => QUEUED in 0.04607892036437988
2020-04-10 06:10:43.441 559 RALLYDEBUG rally.task.utils [-] Waiting for resource 'c9d7102a-886c-4e91-91b8-7774bfde9629'. Status changed: NONE => QUEUED in 0.04371809959411621
2020-04-10 06:10:43.735 557 RALLYDEBUG rally.task.utils [-] Waiting for resource s_rally_8030a098_GbLlHcYv. Status changed: QUEUED => ACTIVE in 0.021945714950561523
2020-04-10 06:10:43.774 556 RALLYDEBUG rally.task.utils [-] Waiting for resource s_rally_8030a098_TYNgTRox. Status changed: QUEUED => ACTIVE in 0.030794143676757812
2020-04-10 06:10:43.869 558 RALLYDEBUG rally.task.utils [-] Waiting for resource s_rally_8030a098_LBAT8dvE. Status changed: QUEUED => ACTIVE in 0.025321245193481445
2020-04-10 06:10:43.894 559 RALLYDEBUG rally.task.utils [-] Waiting for resource s_rally_8030a098_9ZMTRXmJ. Status changed: QUEUED => ACTIVE in 0.02897334098815918
2020-04-10 06:10:44.011 557 INFO rally.task.runner [-] Task 52bcdd51-16de-453f-8810-628a184e0c2d | ITER: 7 END: OK
2020-04-10 06:10:44.015 557 INFO rally.task.runner [-] Task 52bcdd51-16de-453f-8810-628a184e0c2d | ITER: 9 START
2020-04-10 06:10:44.024 556 INFO rally.task.runner [-] Task 52bcdd51-16de-453f-8810-628a184e0c2d | ITER: 6 END: OK
2020-04-10 06:10:44.027 556 INFO rally.task.runner [-] Task 52bcdd51-16de-453f-8810-628a184e0c2d | ITER: 10 START
2020-04-10 06:10:44.182 559 INFO rally.task.runner [-] Task 52bcdd51-16de-453f-8810-628a184e0c2d | ITER: 8 END: OK
2020-04-10 06:10:44.190 558 INFO rally.task.runner [-] Task 52bcdd51-16de-453f-8810-628a184e0c2d | ITER: 5 END: OK
2020-04-10 06:10:46.571 556 RALLYDEBUG rally.task.utils [-] Waiting for resource 'df07a2f1-67c6-47cc-af7f-fc37a0ab2c93'. Status changed: NONE => QUEUED in 0.044296979904174805
2020-04-10 06:10:46.581 557 RALLYDEBUG rally.task.utils [-] Waiting for resource '39b54f5f-c231-4aa8-8b2a-3aed0a81ea0e'. Status changed: NONE => QUEUED in 0.05670309066772461
2020-04-10 06:10:47.231 557 RALLYDEBUG rally.task.utils [-] Waiting for resource s_rally_8030a098_0oi3vF9p. Status changed: QUEUED => ACTIVE in 0.0315556526184082
2020-04-10 06:10:47.247 556 RALLYDEBUG rally.task.utils [-] Waiting for resource s_rally_8030a098_iBjoVK65. Status changed: QUEUED => ACTIVE in 0.029485225677490234
2020-04-10 06:10:47.540 557 INFO rally.task.runner [-] Task 52bcdd51-16de-453f-8810-628a184e0c2d | ITER: 9 END: OK
2020-04-10 06:10:47.566 556 INFO rally.task.runner [-] Task 52bcdd51-16de-453f-8810-628a184e0c2d | ITER: 10 END: OK
2020-04-10 06:10:47.588 501 INFO rally.task.context [-] Task 52bcdd51-16de-453f-8810-628a184e0c2d | Context cleanup@openstack cleanup() started
2020-04-10 06:10:47.592 501 RALLYDEBUG rally_openstack.cleanup.manager [-] Cleaning up glance images objects
2020-04-10 06:10:48.535 501 INFO rally.task.context [-] Task 52bcdd51-16de-453f-8810-628a184e0c2d | Context cleanup@openstack cleanup() finished in 0.95 sec
2020-04-10 06:10:48.535 501 INFO rally.task.context [-] Task 52bcdd51-16de-453f-8810-628a184e0c2d | Context users@openstack cleanup() started
2020-04-10 06:10:48.730 501 WARNING rally.common.logging [-] `iterate_per_tenants()' is deprecated in v3.0.0: it is openstack specific.. Used at
2020-04-10 06:10:52.677 501 INFO rally.task.context [-] Task 52bcdd51-16de-453f-8810-628a184e0c2d | Context users@openstack cleanup() finished in 4.14 sec
2020-04-10 06:10:54.103 501 INFO rally.task.engine [-] Load duration is: 9.799575
2020-04-10 06:10:54.103 501 INFO rally.task.engine [-] Full runner duration is: 10.058651
2020-04-10 06:10:54.104 501 INFO rally.task.engine [-] Full duration is: 16.710232
