2020-04-10 06:34:58.362 7282 RALLYDEBUG rally.task.utils [-] Waiting for resource . Status changed: CREATE_COMPLETE => UPDATE_IN_PROGRESS in 0.09313035011291504
2020-04-10 06:34:58.448 7283 RALLYDEBUG rally.task.utils [-] Waiting for resource . Status changed: CREATE_COMPLETE => UPDATE_IN_PROGRESS in 0.0905606746673584
2020-04-10 06:34:58.450 7284 RALLYDEBUG rally.task.utils [-] Waiting for resource . Status changed: CREATE_COMPLETE => UPDATE_IN_PROGRESS in 0.09152936935424805
2020-04-10 06:34:59.417 7285 RALLYDEBUG rally.task.utils [-] Waiting for resource . Status changed: UPDATE_IN_PROGRESS => UPDATE_COMPLETE in 1.0912859439849854
2020-04-10 06:34:59.456 7282 RALLYDEBUG rally.task.utils [-] Waiting for resource . Status changed: UPDATE_IN_PROGRESS => UPDATE_COMPLETE in 1.0942714214324951
2020-04-10 06:34:59.539 7283 RALLYDEBUG rally.task.utils [-] Waiting for resource . Status changed: UPDATE_IN_PROGRESS => UPDATE_COMPLETE in 1.0919017791748047
2020-04-10 06:34:59.544 7284 RALLYDEBUG rally.task.utils [-] Waiting for resource . Status changed: UPDATE_IN_PROGRESS => UPDATE_COMPLETE in 1.0939981937408447
2020-04-10 06:34:59.586 7285 RALLYDEBUG rally.task.utils [-] Waiting for resource . Status changed: CREATE_COMPLETE => DELETE_IN_PROGRESS in 0.0854802131652832
2020-04-10 06:34:59.679 7282 RALLYDEBUG rally.task.utils [-] Waiting for resource . Status changed: CREATE_COMPLETE => DELETE_IN_PROGRESS in 0.0878593921661377
2020-04-10 06:34:59.716 7283 RALLYDEBUG rally.task.utils [-] Waiting for resource . Status changed: CREATE_COMPLETE => DELETE_IN_PROGRESS in 0.08109045028686523
2020-04-10 06:34:59.723 7284 RALLYDEBUG rally.task.utils [-] Waiting for resource . Status changed: CREATE_COMPLETE => DELETE_IN_PROGRESS in 0.08847975730895996
2020-04-10 06:35:01.775 7285 INFO rally.task.runner [-] Task 175a8ac9-aa45-4fb0-9d0a-95feb04829a7 | ITER: 4 END: OK
2020-04-10 06:35:01.780 7285 INFO rally.task.runner [-] Task 175a8ac9-aa45-4fb0-9d0a-95feb04829a7 | ITER: 5 START
2020-04-10 06:35:01.853 7282 INFO rally.task.runner [-] Task 175a8ac9-aa45-4fb0-9d0a-95feb04829a7 | ITER: 1 END: OK
2020-04-10 06:35:01.857 7282 INFO rally.task.runner [-] Task 175a8ac9-aa45-4fb0-9d0a-95feb04829a7 | ITER: 6 START
2020-04-10 06:35:01.890 7283 INFO rally.task.runner [-] Task 175a8ac9-aa45-4fb0-9d0a-95feb04829a7 | ITER: 2 END: OK
2020-04-10 06:35:01.895 7283 INFO rally.task.runner [-] Task 175a8ac9-aa45-4fb0-9d0a-95feb04829a7 | ITER: 7 START
2020-04-10 06:35:01.898 7284 INFO rally.task.runner [-] Task 175a8ac9-aa45-4fb0-9d0a-95feb04829a7 | ITER: 3 END: OK
2020-04-10 06:35:01.903 7284 INFO rally.task.runner [-] Task 175a8ac9-aa45-4fb0-9d0a-95feb04829a7 | ITER: 8 START
2020-04-10 06:35:05.848 7282 RALLYDEBUG rally.task.utils [-] Waiting for resource . Status changed: CREATE_IN_PROGRESS => CREATE_COMPLETE in 1.197516679763794
2020-04-10 06:35:05.883 7285 RALLYDEBUG rally.task.utils [-] Waiting for resource . Status changed: CREATE_IN_PROGRESS => CREATE_COMPLETE in 1.1824629306793213
2020-04-10 06:35:05.884 7284 RALLYDEBUG rally.task.utils [-] Waiting for resource . Status changed: CREATE_IN_PROGRESS => CREATE_COMPLETE in 1.2125940322875977
2020-04-10 06:35:05.889 7283 RALLYDEBUG rally.task.utils [-] Waiting for resource . Status changed: CREATE_IN_PROGRESS => CREATE_COMPLETE in 1.1756575107574463
2020-04-10 06:35:08.060 7282 RALLYDEBUG rally.task.utils [-] Waiting for resource . Status changed: CREATE_COMPLETE => UPDATE_IN_PROGRESS in 0.0912024974822998
2020-04-10 06:35:08.158 7283 RALLYDEBUG rally.task.utils [-] Waiting for resource . Status changed: CREATE_COMPLETE => UPDATE_IN_PROGRESS in 0.0897667407989502
2020-04-10 06:35:08.173 7285 RALLYDEBUG rally.task.utils [-] Waiting for resource . Status changed: CREATE_COMPLETE => UPDATE_IN_PROGRESS in 0.09046101570129395
2020-04-10 06:35:08.186 7284 RALLYDEBUG rally.task.utils [-] Waiting for resource . Status changed: CREATE_COMPLETE => UPDATE_IN_PROGRESS in 0.12225675582885742
2020-04-10 06:35:09.152 7282 RALLYDEBUG rally.task.utils [-] Waiting for resource . Status changed: UPDATE_IN_PROGRESS => UPDATE_COMPLETE in 1.0912964344024658
2020-04-10 06:35:09.248 7283 RALLYDEBUG rally.task.utils [-] Waiting for resource . Status changed: UPDATE_IN_PROGRESS => UPDATE_COMPLETE in 1.0896494388580322
2020-04-10 06:35:09.272 7284 RALLYDEBUG rally.task.utils [-] Waiting for resource . Status changed: UPDATE_IN_PROGRESS => UPDATE_COMPLETE in 1.0861718654632568
2020-04-10 06:35:09.297 7285 RALLYDEBUG rally.task.utils [-] Waiting for resource . Status changed: UPDATE_IN_PROGRESS => UPDATE_COMPLETE in 1.123873233795166
2020-04-10 06:35:09.324 7282 RALLYDEBUG rally.task.utils [-] Waiting for resource . Status changed: CREATE_COMPLETE => DELETE_IN_PROGRESS in 0.08911490440368652
2020-04-10 06:35:09.417 7283 RALLYDEBUG rally.task.utils [-] Waiting for resource . Status changed: CREATE_COMPLETE => DELETE_IN_PROGRESS in 0.08646416664123535
2020-04-10 06:35:09.489 7284 RALLYDEBUG rally.task.utils [-] Waiting for resource . Status changed: CREATE_COMPLETE => DELETE_IN_PROGRESS in 0.08628702163696289
2020-04-10 06:35:09.516 7285 RALLYDEBUG rally.task.utils [-] Waiting for resource . Status changed: CREATE_COMPLETE => DELETE_IN_PROGRESS in 0.08507037162780762
2020-04-10 06:35:11.513 7282 INFO rally.task.runner [-] Task 175a8ac9-aa45-4fb0-9d0a-95feb04829a7 | ITER: 6 END: OK
2020-04-10 06:35:11.518 7282 INFO rally.task.runner [-] Task 175a8ac9-aa45-4fb0-9d0a-95feb04829a7 | ITER: 9 START
2020-04-10 06:35:11.597 7283 INFO rally.task.runner [-] Task 175a8ac9-aa45-4fb0-9d0a-95feb04829a7 | ITER: 7 END: OK
2020-04-10 06:35:11.602 7283 INFO rally.task.runner [-] Task 175a8ac9-aa45-4fb0-9d0a-95feb04829a7 | ITER: 10 START
2020-04-10 06:35:11.661 7284 INFO rally.task.runner [-] Task 175a8ac9-aa45-4fb0-9d0a-95feb04829a7 | ITER: 8 END: OK
2020-04-10 06:35:11.691 7285 INFO rally.task.runner [-] Task 175a8ac9-aa45-4fb0-9d0a-95feb04829a7 | ITER: 5 END: OK
2020-04-10 06:35:15.595 7282 RALLYDEBUG rally.task.utils [-] Waiting for resource . Status changed: CREATE_IN_PROGRESS => CREATE_COMPLETE in 1.1891601085662842
2020-04-10 06:35:15.596 7283 RALLYDEBUG rally.task.utils [-] Waiting for resource . Status changed: CREATE_IN_PROGRESS => CREATE_COMPLETE in 1.19679856300354
2020-04-10 06:35:17.859 7283 RALLYDEBUG rally.task.utils [-] Waiting for resource . Status changed: CREATE_COMPLETE => UPDATE_IN_PROGRESS in 0.08626413345336914
2020-04-10 06:35:17.864 7282 RALLYDEBUG rally.task.utils [-] Waiting for resource . Status changed: CREATE_COMPLETE => UPDATE_IN_PROGRESS in 0.0889120101928711
2020-04-10 06:35:18.954 7282 RALLYDEBUG rally.task.utils [-] Waiting for resource . Status changed: UPDATE_IN_PROGRESS => UPDATE_COMPLETE in 1.0899572372436523
2020-04-10 06:35:18.965 7283 RALLYDEBUG rally.task.utils [-] Waiting for resource . Status changed: UPDATE_IN_PROGRESS => UPDATE_COMPLETE in 1.1061618328094482
2020-04-10 06:35:19.122 7282 RALLYDEBUG rally.task.utils [-] Waiting for resource . Status changed: CREATE_COMPLETE => DELETE_IN_PROGRESS in 0.08417105674743652
2020-04-10 06:35:19.184 7283 RALLYDEBUG rally.task.utils [-] Waiting for resource . Status changed: CREATE_COMPLETE => DELETE_IN_PROGRESS in 0.08546900749206543
2020-04-10 06:35:21.309 7282 INFO rally.task.runner [-] Task 175a8ac9-aa45-4fb0-9d0a-95feb04829a7 | ITER: 9 END: OK
2020-04-10 06:35:21.365 7283 INFO rally.task.runner [-] Task 175a8ac9-aa45-4fb0-9d0a-95feb04829a7 | ITER: 10 END: OK
2020-04-10 06:35:21.392 5253 INFO rally.task.context [-] Task 175a8ac9-aa45-4fb0-9d0a-95feb04829a7 | Context cleanup@openstack cleanup() started
2020-04-10 06:35:21.400 5253 RALLYDEBUG rally_openstack.cleanup.manager [-] Cleaning up heat stacks objects
2020-04-10 06:35:22.233 5253 INFO rally.task.context [-] Task 175a8ac9-aa45-4fb0-9d0a-95feb04829a7 | Context cleanup@openstack cleanup() finished in 0.84 sec
2020-04-10 06:35:22.234 5253 INFO rally.task.context [-] Task 175a8ac9-aa45-4fb0-9d0a-95feb04829a7 | Context roles@openstack cleanup() started
2020-04-10 06:35:22.245 5253 INFO rally.task.context [-] Task 175a8ac9-aa45-4fb0-9d0a-95feb04829a7 | Context roles@openstack cleanup() finished in 11.10 msec
2020-04-10 06:35:22.246 5253 INFO rally.task.context [-] Task 175a8ac9-aa45-4fb0-9d0a-95feb04829a7 | Context users@openstack cleanup() started
2020-04-10 06:35:22.504 5253 WARNING rally.common.logging [-] `iterate_per_tenants()' is deprecated in v3.0.0: it is openstack specific.. Used at
2020-04-10 06:35:25.200 5253 INFO rally.task.context [-] Task 175a8ac9-aa45-4fb0-9d0a-95feb04829a7 | Context users@openstack cleanup() finished in 2.95 sec
2020-04-10 06:35:26.662 5253 INFO rally.task.engine [-] Load duration is: 25.232306
2020-04-10 06:35:26.662 5253 INFO rally.task.engine [-] Full runner duration is: 29.279833
2020-04-10 06:35:26.663 5253 INFO rally.task.engine [-] Full duration is: 34.74233
2020-04-10 06:35:26.724 5253 INFO rally.task.engine [-] Running workload: position = 5 config = { "version": 2, "title": "A cropped version of a bigger task.", "description": "Auto-generated task from a single workload (uuid=7158d7e2-f929-4fe5-a7d9-867551d1d45e)", "subtasks": [ { "title": "HeatStacks.create_update_delete_stack", "description": "Create, update and then delete a stack.", "scenario": { "HeatStacks.create_update_delete_stack": { "template_path": "/usr/lib/python3.7/site-packages/functest/opnfv_tests/openstack/rally/scenario/templates/random_strings.yaml.template", "updated_template_path": "/usr/lib/python3.7/site-packages/functest/opnfv_tests/openstack/rally/scenario/templates/updated_random_strings_replace.yaml.template" } }, "contexts": { "users": { "tenants": 3, "users_per_tenant": 2 }, "roles": [ "heat_stack_owner" ] }, "runner": { "constant": { "concurrency": 4, "times": 10 } }, "hooks": [], "sla": { "failure_rate": { "max": 0 } } } ] }
2020-04-10 06:35:26.748 5253 RALLYDEBUG rally_openstack.contexts.keystone.users [-] Creating 3 tenants using 3 threads
2020-04-10 06:35:27.234 5253 RALLYDEBUG rally_openstack.contexts.keystone.users [-] Creating 6 users using 6 threads
2020-04-10 06:35:28.191 5253 INFO rally.task.context [-] Task 175a8ac9-aa45-4fb0-9d0a-95feb04829a7 | Context users@openstack setup() finished in 1.44 sec
2020-04-10 06:35:28.415 5253 ERROR rally.common.broker [-] Failed to publish a task to the queue: rally.exceptions.NotFoundException: The resource can not be found: There is no role with name `heat_stack_owner`
2020-04-10 06:35:28.415 5253 ERROR rally.common.broker
Traceback (most recent call last):
2020-04-10 06:35:28.415 5253 ERROR rally.common.broker
File "/usr/lib/python3.7/site-packages/rally/common/broker.py", line 58, in _publisher
2020-04-10 06:35:28.415 5253 ERROR rally.common.broker publish(queue)
2020-04-10 06:35:28.415 5253 ERROR rally.common.broker
File "/usr/lib/python3.7/site-packages/rally_openstack/contexts/keystone/roles.py", line 91, in publish
2020-04-10 06:35:28.415 5253 ERROR rally.common.broker role = self._get_role_object(context_role)
2020-04-10 06:35:28.415 5253 ERROR rally.common.broker
File "/usr/lib/python3.7/site-packages/rally_openstack/contexts/keystone/roles.py", line 65, in _get_role_object
2020-04-10 06:35:28.415 5253 ERROR rally.common.broker "There is no role with name `%s`" % context_role)
2020-04-10 06:35:28.415 5253 ERROR rally.common.broker rally.exceptions.NotFoundException: The resource can not be found: There is no role with name `heat_stack_owner`
2020-04-10 06:35:28.415 5253 ERROR rally.common.broker
2020-04-10 06:35:28.426 5253 INFO rally.task.context [-] Task 175a8ac9-aa45-4fb0-9d0a-95feb04829a7 | Context roles@openstack setup() finished in 0.23 sec
2020-04-10 06:35:28.427 5253 INFO rally.task.context [-] Task 175a8ac9-aa45-4fb0-9d0a-95feb04829a7 | Context cleanup@openstack setup() finished in 0.02 msec
2020-04-10 06:35:28.435 5253 RALLYDEBUG rally.task.runner [-] Starting the constant runner (task UUID: 175a8ac9-aa45-4fb0-9d0a-95feb04829a7). times: 10 concurrency: 4 timeout: 0 max_cpu_used: 88 processes_to_start: 4 concurrency_per_worker: 1 concurrency_overhead: 0
2020-04-10 06:35:28.447 7435 RALLYDEBUG rally.task.runner [-] Starting a worker. times: 10 duration: None concurrency: 1 timeout: 0 cls: method_name: run args: {"template_path": "heat_template_version: 2014-10-16\n\ndescription: Test template for rally create-update-delete scenario\n\nresources:\n test_string_one:\n type: OS::Heat::RandomString\n properties:\n length: 20\n test_string_two:\n type: OS::Heat::RandomString\n properties:\n length: 20", "updated_template_path": "heat_template_version: 2014-10-16\n\ndescription: >\n Test template for create-update-delete-stack scenario in rally.\n The template deletes one resource from the stack defined by\n random_strings.yaml.template and re-creates it with the updated parameters\n (so-called update-replace). That happens because some parameters cannot be\n changed without resource re-creation. The template allows to measure performance\n of update-replace operation.\n\nresources:\n test_string_one:\n type: OS::Heat::RandomString\n properties:\n length: 20\n test_string_two:\n type: OS::Heat::RandomString\n properties:\n length: 40"}
2020-04-10 06:35:28.451 7436 RALLYDEBUG rally.task.runner [-] Starting a worker. times: 10 duration: None concurrency: 1 timeout: 0 cls: method_name: run args: {"template_path": "heat_template_version: 2014-10-16\n\ndescription: Test template for rally create-update-delete scenario\n\nresources:\n test_string_one:\n type: OS::Heat::RandomString\n properties:\n length: 20\n test_string_two:\n type: OS::Heat::RandomString\n properties:\n length: 20", "updated_template_path": "heat_template_version: 2014-10-16\n\ndescription: >\n Test template for create-update-delete-stack scenario in rally.\n The template deletes one resource from the stack defined by\n random_strings.yaml.template and re-creates it with the updated parameters\n (so-called update-replace). That happens because some parameters cannot be\n changed without resource re-creation. The template allows to measure performance\n of update-replace operation.\n\nresources:\n test_string_one:\n type: OS::Heat::RandomString\n properties:\n length: 20\n test_string_two:\n type: OS::Heat::RandomString\n properties:\n length: 40"}
2020-04-10 06:35:28.453 7435 INFO rally.task.runner [-] Task 175a8ac9-aa45-4fb0-9d0a-95feb04829a7 | ITER: 1 START
2020-04-10 06:35:28.454 7437 RALLYDEBUG rally.task.runner [-] Starting a worker. times: 10 duration: None concurrency: 1 timeout: 0 cls: method_name: run args: {"template_path": "heat_template_version: 2014-10-16\n\ndescription: Test template for rally create-update-delete scenario\n\nresources:\n test_string_one:\n type: OS::Heat::RandomString\n properties:\n length: 20\n test_string_two:\n type: OS::Heat::RandomString\n properties:\n length: 20", "updated_template_path": "heat_template_version: 2014-10-16\n\ndescription: >\n Test template for create-update-delete-stack scenario in rally.\n The template deletes one resource from the stack defined by\n random_strings.yaml.template and re-creates it with the updated parameters\n (so-called update-replace). That happens because some parameters cannot be\n changed without resource re-creation. The template allows to measure performance\n of update-replace operation.\n\nresources:\n test_string_one:\n type: OS::Heat::RandomString\n properties:\n length: 20\n test_string_two:\n type: OS::Heat::RandomString\n properties:\n length: 40"}
2020-04-10 06:35:28.457 7440 RALLYDEBUG rally.task.runner [-] Starting a worker. times: 10 duration: None concurrency: 1 timeout: 0 cls: method_name: run args: {"template_path": "heat_template_version: 2014-10-16\n\ndescription: Test template for rally create-update-delete scenario\n\nresources:\n test_string_one:\n type: OS::Heat::RandomString\n properties:\n length: 20\n test_string_two:\n type: OS::Heat::RandomString\n properties:\n length: 20", "updated_template_path": "heat_template_version: 2014-10-16\n\ndescription: >\n Test template for create-update-delete-stack scenario in rally.\n The template deletes one resource from the stack defined by\n random_strings.yaml.template and re-creates it with the updated parameters\n (so-called update-replace). That happens because some parameters cannot be\n changed without resource re-creation. The template allows to measure performance\n of update-replace operation.\n\nresources:\n test_string_one:\n type: OS::Heat::RandomString\n properties:\n length: 20\n test_string_two:\n type: OS::Heat::RandomString\n properties:\n length: 40"}
2020-04-10 06:35:28.458 7436 INFO rally.task.runner [-] Task 175a8ac9-aa45-4fb0-9d0a-95feb04829a7 | ITER: 2 START
2020-04-10 06:35:28.460 7437 INFO rally.task.runner [-] Task 175a8ac9-aa45-4fb0-9d0a-95feb04829a7 | ITER: 3 START
2020-04-10 06:35:28.463 7440 INFO rally.task.runner [-] Task 175a8ac9-aa45-4fb0-9d0a-95feb04829a7 | ITER: 4 START
2020-04-10 06:35:31.397 7440 RALLYDEBUG rally.task.utils [-] Waiting for resource . Status changed: CREATE_IN_PROGRESS => CREATE_COMPLETE in 0.08591365814208984
2020-04-10 06:35:31.401 7437 RALLYDEBUG rally.task.utils [-] Waiting for resource . Status changed: CREATE_IN_PROGRESS => CREATE_COMPLETE in 0.0990152359008789
2020-04-10 06:35:31.411 7435 RALLYDEBUG rally.task.utils [-] Waiting for resource . Status changed: CREATE_IN_PROGRESS => CREATE_COMPLETE in 0.09205269813537598
2020-04-10 06:35:31.439 7436 RALLYDEBUG rally.task.utils [-] Waiting for resource . Status changed: CREATE_IN_PROGRESS => CREATE_COMPLETE in 0.14084219932556152
2020-04-10 06:35:33.628 7437 RALLYDEBUG rally.task.utils [-] Waiting for resource . Status changed: CREATE_COMPLETE => UPDATE_COMPLETE in 0.10236930847167969
2020-04-10 06:35:33.697 7435 RALLYDEBUG rally.task.utils [-] Waiting for resource . Status changed: CREATE_COMPLETE => UPDATE_COMPLETE in 0.11160612106323242
2020-04-10 06:35:33.704 7440 RALLYDEBUG rally.task.utils [-] Waiting for resource . Status changed: CREATE_COMPLETE => UPDATE_COMPLETE in 0.12996339797973633
2020-04-10 06:35:33.707 7436 RALLYDEBUG rally.task.utils [-] Waiting for resource . Status changed: CREATE_COMPLETE => UPDATE_COMPLETE in 0.08937668800354004
2020-04-10 06:35:33.816 7437 RALLYDEBUG rally.task.utils [-] Waiting for resource . Status changed: CREATE_COMPLETE => DELETE_IN_PROGRESS in 0.10704326629638672
2020-04-10 06:35:33.872 7435 RALLYDEBUG rally.task.utils [-] Waiting for resource . Status changed: CREATE_COMPLETE => DELETE_IN_PROGRESS in 0.0866250991821289
2020-04-10 06:35:33.925 7436 RALLYDEBUG rally.task.utils [-] Waiting for resource . Status changed: CREATE_COMPLETE => DELETE_IN_PROGRESS in 0.08291029930114746
2020-04-10 06:35:33.931 7440 RALLYDEBUG rally.task.utils [-] Waiting for resource . Status changed: CREATE_COMPLETE => DELETE_IN_PROGRESS in 0.08640885353088379
2020-04-10 06:35:34.908 7437 INFO rally.task.runner [-] Task 175a8ac9-aa45-4fb0-9d0a-95feb04829a7 | ITER: 3 END: OK
2020-04-10 06:35:34.912 7437 INFO rally.task.runner [-] Task 175a8ac9-aa45-4fb0-9d0a-95feb04829a7 | ITER: 5 START
2020-04-10 06:35:36.050 7435 INFO rally.task.runner [-] Task 175a8ac9-aa45-4fb0-9d0a-95feb04829a7 | ITER: 1 END: OK
2020-04-10 06:35:36.055 7435 INFO rally.task.runner [-] Task 175a8ac9-aa45-4fb0-9d0a-95feb04829a7 | ITER: 6 START
2020-04-10 06:35:36.109 7440 INFO rally.task.runner [-] Task 175a8ac9-aa45-4fb0-9d0a-95feb04829a7 | ITER: 4 END: OK
2020-04-10 06:35:36.114 7440 INFO rally.task.runner [-] Task 175a8ac9-aa45-4fb0-9d0a-95feb04829a7 | ITER: 7 START
2020-04-10 06:35:36.117 7436 INFO rally.task.runner [-] Task 175a8ac9-aa45-4fb0-9d0a-95feb04829a7 | ITER: 2 END: OK
2020-04-10 06:35:36.121 7436 INFO rally.task.runner [-] Task 175a8ac9-aa45-4fb0-9d0a-95feb04829a7 | ITER: 8 START
2020-04-10 06:35:37.835 7437 RALLYDEBUG rally.task.utils [-] Waiting for resource . Status changed: CREATE_IN_PROGRESS => CREATE_COMPLETE in 0.08623695373535156
2020-04-10 06:35:38.960 7435 RALLYDEBUG rally.task.utils [-] Waiting for resource . Status changed: CREATE_IN_PROGRESS => CREATE_COMPLETE in 0.08772826194763184
2020-04-10 06:35:38.995 7440 RALLYDEBUG rally.task.utils [-] Waiting for resource . Status changed: CREATE_IN_PROGRESS => CREATE_COMPLETE in 0.08733582496643066
2020-04-10 06:35:39.030 7436 RALLYDEBUG rally.task.utils [-] Waiting for resource . Status changed: CREATE_IN_PROGRESS => CREATE_COMPLETE in 0.08963489532470703
2020-04-10 06:35:40.117 7437 RALLYDEBUG rally.task.utils [-] Waiting for resource . Status changed: CREATE_COMPLETE => UPDATE_COMPLETE in 0.09386944770812988
2020-04-10 06:35:40.323 7437 RALLYDEBUG rally.task.utils [-] Waiting for resource . Status changed: CREATE_COMPLETE => DELETE_IN_PROGRESS in 0.12116169929504395
2020-04-10 06:35:41.259 7435 RALLYDEBUG rally.task.utils [-] Waiting for resource . Status changed: CREATE_COMPLETE => UPDATE_COMPLETE in 0.12472343444824219
2020-04-10 06:35:41.260 7440 RALLYDEBUG rally.task.utils [-] Waiting for resource . Status changed: CREATE_COMPLETE => UPDATE_COMPLETE in 0.08922457695007324
2020-04-10 06:35:41.302 7436 RALLYDEBUG rally.task.utils [-] Waiting for resource . Status changed: CREATE_COMPLETE => UPDATE_COMPLETE in 0.09361028671264648
2020-04-10 06:35:41.413 7437 INFO rally.task.runner [-] Task 175a8ac9-aa45-4fb0-9d0a-95feb04829a7 | ITER: 5 END: OK
2020-04-10 06:35:41.417 7437 INFO rally.task.runner [-] Task 175a8ac9-aa45-4fb0-9d0a-95feb04829a7 | ITER: 9 START
2020-04-10 06:35:41.475 7435 RALLYDEBUG rally.task.utils [-] Waiting for resource . Status changed: CREATE_COMPLETE => DELETE_IN_PROGRESS in 0.0845496654510498
2020-04-10 06:35:41.480 7440 RALLYDEBUG rally.task.utils [-] Waiting for resource . Status changed: CREATE_COMPLETE => DELETE_IN_PROGRESS in 0.08748030662536621
2020-04-10 06:35:41.507 7436 RALLYDEBUG rally.task.utils [-] Waiting for resource . Status changed: CREATE_COMPLETE => DELETE_IN_PROGRESS in 0.06850790977478027
2020-04-10 06:35:42.560 7435 INFO rally.task.runner [-] Task 175a8ac9-aa45-4fb0-9d0a-95feb04829a7 | ITER: 6 END: OK
2020-04-10 06:35:42.564 7435 INFO rally.task.runner [-] Task 175a8ac9-aa45-4fb0-9d0a-95feb04829a7 | ITER: 10 START
2020-04-10 06:35:43.670 7440 INFO rally.task.runner [-] Task 175a8ac9-aa45-4fb0-9d0a-95feb04829a7 | ITER: 7 END: OK
2020-04-10 06:35:43.695 7436 INFO rally.task.runner [-] Task 175a8ac9-aa45-4fb0-9d0a-95feb04829a7 | ITER: 8 END: OK
2020-04-10 06:35:44.295 7437 RALLYDEBUG rally.task.utils [-] Waiting for resource . Status changed: CREATE_IN_PROGRESS => CREATE_COMPLETE in 0.08737969398498535
2020-04-10 06:35:45.589 7435 RALLYDEBUG rally.task.utils [-] Waiting for resource . Status changed: CREATE_IN_PROGRESS => CREATE_COMPLETE in 0.08916807174682617
2020-04-10 06:35:46.529 7437 RALLYDEBUG rally.task.utils [-] Waiting for resource . Status changed: CREATE_COMPLETE => UPDATE_COMPLETE in 0.09098076820373535
2020-04-10 06:35:46.698 7437 RALLYDEBUG rally.task.utils [-] Waiting for resource . Status changed: CREATE_COMPLETE => DELETE_IN_PROGRESS in 0.08548188209533691
2020-04-10 06:35:47.792 7437 INFO rally.task.runner [-] Task 175a8ac9-aa45-4fb0-9d0a-95feb04829a7 | ITER: 9 END: OK
2020-04-10 06:35:47.797 7435 RALLYDEBUG rally.task.utils [-] Waiting for resource . Status changed: CREATE_COMPLETE => UPDATE_COMPLETE in 0.08232331275939941
2020-04-10 06:35:47.965 7435 RALLYDEBUG rally.task.utils [-] Waiting for resource . Status changed: CREATE_COMPLETE => DELETE_IN_PROGRESS in 0.08584403991699219
2020-04-10 06:35:50.148 7435 INFO rally.task.runner [-] Task 175a8ac9-aa45-4fb0-9d0a-95feb04829a7 | ITER: 10 END: OK
2020-04-10 06:35:50.180 5253 INFO rally.task.context [-] Task 175a8ac9-aa45-4fb0-9d0a-95feb04829a7 | Context cleanup@openstack cleanup() started
2020-04-10 06:35:50.187 5253 RALLYDEBUG rally_openstack.cleanup.manager [-] Cleaning up heat stacks objects
2020-04-10 06:35:51.194 5253 INFO rally.task.context [-] Task 175a8ac9-aa45-4fb0-9d0a-95feb04829a7 | Context cleanup@openstack cleanup() finished in 1.01 sec
2020-04-10 06:35:51.195 5253 INFO rally.task.context [-] Task 175a8ac9-aa45-4fb0-9d0a-95feb04829a7 | Context roles@openstack cleanup() started
2020-04-10 06:35:51.204 5253 INFO rally.task.context [-] Task 175a8ac9-aa45-4fb0-9d0a-95feb04829a7 | Context roles@openstack cleanup() finished in 9.23 msec
2020-04-10 06:35:51.204 5253 INFO rally.task.context [-] Task 175a8ac9-aa45-4fb0-9d0a-95feb04829a7 | Context users@openstack cleanup() started
2020-04-10 06:35:51.440 5253 WARNING rally.common.logging [-] `iterate_per_tenants()' is deprecated in v3.0.0: it is openstack specific.. Used at
2020-04-10 06:35:54.034 5253 INFO rally.task.context [-] Task 175a8ac9-aa45-4fb0-9d0a-95feb04829a7 | Context users@openstack cleanup() finished in 2.83 sec
2020-04-10 06:35:54.934 5253 INFO rally.task.engine [-] Load duration is: 17.69408
2020-04-10 06:35:54.934 5253 INFO rally.task.engine [-] Full runner duration is: 21.744141
2020-04-10 06:35:54.935 5253 INFO rally.task.engine [-] Full duration is: 27.288381
2020-04-10 06:35:55.024 5253 INFO rally.task.engine [-] Running workload: position = 0 config = { "version": 2, "title": "A cropped version of a bigger task.", "description": "Auto-generated task from a single workload (uuid=82e2a195-e564-47eb-a18b-229539e93956)", "subtasks": [ { "title": "HeatStacks.create_check_delete_stack", "description": "Create, check and delete a stack.", "scenario": { "HeatStacks.create_check_delete_stack": { "template_path": "/usr/lib/python3.7/site-packages/functest/opnfv_tests/openstack/rally/scenario/templates/random_strings.yaml.template" } }, "contexts": { "users": { "tenants": 3, "users_per_tenant": 2 }, "roles": [ "heat_stack_owner" ] }, "runner": { "constant": { "concurrency": 4, "times": 10 } }, "hooks": [], "sla": { "failure_rate": { "max": 0 } } } ] }
2020-04-10 06:35:55.045 5253 RALLYDEBUG rally_openstack.contexts.keystone.users [-] Creating 3 tenants using 3 threads
2020-04-10 06:35:55.565 5253 RALLYDEBUG rally_openstack.contexts.keystone.users [-] Creating 6 users using 6 threads
2020-04-10 06:35:56.501 5253 INFO rally.task.context [-] Task 175a8ac9-aa45-4fb0-9d0a-95feb04829a7 | Context users@openstack setup() finished in 1.46 sec
2020-04-10 06:35:56.840 5253 ERROR rally.common.broker [-] Failed to publish a task to the queue: rally.exceptions.NotFoundException: The resource can not be found: There is no role with name `heat_stack_owner`
2020-04-10 06:35:56.840 5253 ERROR rally.common.broker
Traceback (most recent call last):
2020-04-10 06:35:56.840 5253 ERROR rally.common.broker
File "/usr/lib/python3.7/site-packages/rally/common/broker.py", line 58, in _publisher
2020-04-10 06:35:56.840 5253 ERROR rally.common.broker publish(queue)
2020-04-10 06:35:56.840 5253 ERROR rally.common.broker
File "/usr/lib/python3.7/site-packages/rally_openstack/contexts/keystone/roles.py", line 91, in publish
2020-04-10 06:35:56.840 5253 ERROR rally.common.broker role = self._get_role_object(context_role)
2020-04-10 06:35:56.840 5253 ERROR rally.common.broker
File "/usr/lib/python3.7/site-packages/rally_openstack/contexts/keystone/roles.py", line 65, in _get_role_object
2020-04-10 06:35:56.840 5253 ERROR rally.common.broker "There is no role with name `%s`" % context_role)
2020-04-10 06:35:56.840 5253 ERROR rally.common.broker rally.exceptions.NotFoundException: The resource can not be found: There is no role with name `heat_stack_owner`
2020-04-10 06:35:56.840 5253 ERROR rally.common.broker
2020-04-10 06:35:56.850 5253 INFO rally.task.context [-] Task 175a8ac9-aa45-4fb0-9d0a-95feb04829a7 | Context roles@openstack setup() finished in 0.35 sec
2020-04-10 06:35:56.851 5253 INFO rally.task.context [-] Task 175a8ac9-aa45-4fb0-9d0a-95feb04829a7 | Context cleanup@openstack setup() finished in 0.04 msec
2020-04-10 06:35:56.858 5253 RALLYDEBUG rally.task.runner [-] Starting the constant runner (task UUID: 175a8ac9-aa45-4fb0-9d0a-95feb04829a7). times: 10 concurrency: 4 timeout: 0 max_cpu_used: 88 processes_to_start: 4 concurrency_per_worker: 1 concurrency_overhead: 0
2020-04-10 06:35:56.869 7588 RALLYDEBUG rally.task.runner [-] Starting a worker. times: 10 duration: None concurrency: 1 timeout: 0 cls: method_name: run args: {"template_path": "heat_template_version: 2014-10-16\n\ndescription: Test template for rally create-update-delete scenario\n\nresources:\n test_string_one:\n type: OS::Heat::RandomString\n properties:\n length: 20\n test_string_two:\n type: OS::Heat::RandomString\n properties:\n length: 20"}
2020-04-10 06:35:56.872 7589 RALLYDEBUG rally.task.runner [-] Starting a worker. times: 10 duration: None concurrency: 1 timeout: 0 cls: method_name: run args: {"template_path": "heat_template_version: 2014-10-16\n\ndescription: Test template for rally create-update-delete scenario\n\nresources:\n test_string_one:\n type: OS::Heat::RandomString\n properties:\n length: 20\n test_string_two:\n type: OS::Heat::RandomString\n properties:\n length: 20"}
2020-04-10 06:35:56.875 7590 RALLYDEBUG rally.task.runner [-] Starting a worker. times: 10 duration: None concurrency: 1 timeout: 0 cls: method_name: run args: {"template_path": "heat_template_version: 2014-10-16\n\ndescription: Test template for rally create-update-delete scenario\n\nresources:\n test_string_one:\n type: OS::Heat::RandomString\n properties:\n length: 20\n test_string_two:\n type: OS::Heat::RandomString\n properties:\n length: 20"}
2020-04-10 06:35:56.875 7588 INFO rally.task.runner [-] Task 175a8ac9-aa45-4fb0-9d0a-95feb04829a7 | ITER: 1 START
2020-04-10 06:35:56.878 7591 RALLYDEBUG rally.task.runner [-] Starting a worker. times: 10 duration: None concurrency: 1 timeout: 0 cls: method_name: run args: {"template_path": "heat_template_version: 2014-10-16\n\ndescription: Test template for rally create-update-delete scenario\n\nresources:\n test_string_one:\n type: OS::Heat::RandomString\n properties:\n length: 20\n test_string_two:\n type: OS::Heat::RandomString\n properties:\n length: 20"}
2020-04-10 06:35:56.879 7589 INFO rally.task.runner [-] Task 175a8ac9-aa45-4fb0-9d0a-95feb04829a7 | ITER: 2 START
2020-04-10 06:35:56.881 7590 INFO rally.task.runner [-] Task 175a8ac9-aa45-4fb0-9d0a-95feb04829a7 | ITER: 3 START
2020-04-10 06:35:56.883 7591 INFO rally.task.runner [-] Task 175a8ac9-aa45-4fb0-9d0a-95feb04829a7 | ITER: 4 START
2020-04-10 06:35:59.709 7589 RALLYDEBUG rally.task.utils [-] Waiting for resource . Status changed: CREATE_IN_PROGRESS => CREATE_COMPLETE in 0.09557032585144043
2020-04-10 06:35:59.804 7590 RALLYDEBUG rally.task.utils [-] Waiting for resource . Status changed: CREATE_IN_PROGRESS => CREATE_COMPLETE in 0.0851600170135498
2020-04-10 06:35:59.847 7588 RALLYDEBUG rally.task.utils [-] Waiting for resource . Status changed: CREATE_IN_PROGRESS => CREATE_COMPLETE in 0.08676862716674805
2020-04-10 06:35:59.886 7591 RALLYDEBUG rally.task.utils [-] Waiting for resource . Status changed: CREATE_IN_PROGRESS => CREATE_COMPLETE in 0.08658051490783691
2020-04-10 06:35:59.918 7589 RALLYDEBUG rally.task.utils [-] Waiting for resource . Status changed: CREATE_COMPLETE => CHECK_COMPLETE in 0.08561372756958008
2020-04-10 06:36:00.028 7590 RALLYDEBUG rally.task.utils [-] Waiting for resource . Status changed: CREATE_COMPLETE => CHECK_IN_PROGRESS in 0.08601117134094238
2020-04-10 06:36:00.046 7588 RALLYDEBUG rally.task.utils [-] Waiting for resource . Status changed: CREATE_COMPLETE => CHECK_IN_PROGRESS in 0.08547663688659668
2020-04-10 06:36:00.137 7589 RALLYDEBUG rally.task.utils [-] Waiting for resource . Status changed: CREATE_COMPLETE => DELETE_IN_PROGRESS in 0.08663749694824219
2020-04-10 06:36:00.139 7591 RALLYDEBUG rally.task.utils [-] Waiting for resource . Status changed: CREATE_COMPLETE => CHECK_IN_PROGRESS in 0.08517146110534668
2020-04-10 06:36:01.133 7588 RALLYDEBUG rally.task.utils [-] Waiting for resource . Status changed: CHECK_IN_PROGRESS => CHECK_COMPLETE in 1.0873985290527344
2020-04-10 06:36:01.152 7590 RALLYDEBUG rally.task.utils [-] Waiting for resource . Status changed: CHECK_IN_PROGRESS => CHECK_COMPLETE in 1.124910831451416
2020-04-10 06:36:01.229 7591 RALLYDEBUG rally.task.utils [-] Waiting for resource . Status changed: CHECK_IN_PROGRESS => CHECK_COMPLETE in 1.0892157554626465
2020-04-10 06:36:01.347 7588 RALLYDEBUG rally.task.utils [-] Waiting for resource . Status changed: CREATE_COMPLETE => DELETE_IN_PROGRESS in 0.08089900016784668
2020-04-10 06:36:01.376 7590 RALLYDEBUG rally.task.utils [-] Waiting for resource . Status changed: CREATE_COMPLETE => DELETE_IN_PROGRESS in 0.08895349502563477
2020-04-10 06:36:01.447 7591 RALLYDEBUG rally.task.utils [-] Waiting for resource . Status changed: CREATE_COMPLETE => DELETE_IN_PROGRESS in 0.08461284637451172
2020-04-10 06:36:02.317 7589 INFO rally.task.runner [-] Task 175a8ac9-aa45-4fb0-9d0a-95feb04829a7 | ITER: 2 END: OK
2020-04-10 06:36:02.322 7589 INFO rally.task.runner [-] Task 175a8ac9-aa45-4fb0-9d0a-95feb04829a7 | ITER: 5 START
2020-04-10 06:36:03.531 7588 INFO rally.task.runner [-] Task 175a8ac9-aa45-4fb0-9d0a-95feb04829a7 | ITER: 1 END: OK
2020-04-10 06:36:03.537 7588 INFO rally.task.runner [-] Task 175a8ac9-aa45-4fb0-9d0a-95feb04829a7 | ITER: 6 START
2020-04-10 06:36:03.555 7590 INFO rally.task.runner [-] Task 175a8ac9-aa45-4fb0-9d0a-95feb04829a7 | ITER: 3 END: OK
2020-04-10 06:36:03.561 7590 INFO rally.task.runner [-] Task 175a8ac9-aa45-4fb0-9d0a-95feb04829a7 | ITER: 7 START
2020-04-10 06:36:03.626 7591 INFO rally.task.runner [-] Task 175a8ac9-aa45-4fb0-9d0a-95feb04829a7 | ITER: 4 END: OK
2020-04-10 06:36:03.630 7591 INFO rally.task.runner [-] Task 175a8ac9-aa45-4fb0-9d0a-95feb04829a7 | ITER: 8 START
2020-04-10 06:36:05.418 7589 RALLYDEBUG rally.task.utils [-] Waiting for resource . Status changed: CREATE_IN_PROGRESS => CREATE_COMPLETE in 0.08664941787719727
2020-04-10 06:36:05.672 7589 RALLYDEBUG rally.task.utils [-] Waiting for resource . Status changed: CREATE_COMPLETE => CHECK_COMPLETE in 0.08459091186523438
2020-04-10 06:36:05.838 7589 RALLYDEBUG rally.task.utils [-] Waiting for resource . Status changed: CREATE_COMPLETE => DELETE_IN_PROGRESS in 0.08258271217346191
2020-04-10 06:36:06.404 7590 RALLYDEBUG rally.task.utils [-] Waiting for resource . Status changed: CREATE_IN_PROGRESS => CREATE_COMPLETE in 0.09145331382751465
2020-04-10 06:36:06.435 7591 RALLYDEBUG rally.task.utils [-] Waiting for resource . Status changed: CREATE_IN_PROGRESS => CREATE_COMPLETE in 0.10933566093444824
2020-04-10 06:36:06.456 7588 RALLYDEBUG rally.task.utils [-] Waiting for resource . Status changed: CREATE_IN_PROGRESS => CREATE_COMPLETE in 0.12182450294494629
2020-04-10 06:36:06.615 7590 RALLYDEBUG rally.task.utils [-] Waiting for resource . Status changed: CREATE_COMPLETE => CHECK_IN_PROGRESS in 0.08773946762084961
2020-04-10 06:36:06.692 7591 RALLYDEBUG rally.task.utils [-] Waiting for resource . Status changed: CREATE_COMPLETE => CHECK_COMPLETE in 0.08785152435302734
2020-04-10 06:36:06.710 7588 RALLYDEBUG rally.task.utils [-] Waiting for resource . Status changed: CREATE_COMPLETE => CHECK_COMPLETE in 0.08492016792297363
2020-04-10 06:36:06.859 7591 RALLYDEBUG rally.task.utils [-] Waiting for resource . Status changed: CREATE_COMPLETE => DELETE_IN_PROGRESS in 0.08423852920532227
2020-04-10 06:36:06.930 7588 RALLYDEBUG rally.task.utils [-] Waiting for resource . Status changed: CREATE_COMPLETE => DELETE_IN_PROGRESS in 0.08542346954345703
2020-04-10 06:36:07.707 7590 RALLYDEBUG rally.task.utils [-] Waiting for resource . Status changed: CHECK_IN_PROGRESS => CHECK_COMPLETE in 1.0927047729492188
2020-04-10 06:36:07.880 7590 RALLYDEBUG rally.task.utils [-] Waiting for resource . Status changed: CREATE_COMPLETE => DELETE_IN_PROGRESS in 0.08881497383117676
2020-04-10 06:36:07.998 7589 INFO rally.task.runner [-] Task 175a8ac9-aa45-4fb0-9d0a-95feb04829a7 | ITER: 5 END: OK
2020-04-10 06:36:08.002 7589 INFO rally.task.runner [-] Task 175a8ac9-aa45-4fb0-9d0a-95feb04829a7 | ITER: 9 START
2020-04-10 06:36:08.015 7588 INFO rally.task.runner [-] Task 175a8ac9-aa45-4fb0-9d0a-95feb04829a7 | ITER: 6 END: OK
2020-04-10 06:36:08.020 7588 INFO rally.task.runner [-] Task 175a8ac9-aa45-4fb0-9d0a-95feb04829a7 | ITER: 10 START
2020-04-10 06:36:08.972 7590 INFO rally.task.runner [-] Task 175a8ac9-aa45-4fb0-9d0a-95feb04829a7 | ITER: 7 END: OK
2020-04-10 06:36:09.034 7591 INFO rally.task.runner [-] Task 175a8ac9-aa45-4fb0-9d0a-95feb04829a7 | ITER: 8 END: OK
2020-04-10 06:36:10.904 7589 RALLYDEBUG rally.task.utils [-] Waiting for resource . Status changed: CREATE_IN_PROGRESS => CREATE_COMPLETE in 0.08311247825622559
2020-04-10 06:36:11.106 7588 RALLYDEBUG rally.task.utils [-] Waiting for resource . Status changed: CREATE_IN_PROGRESS => CREATE_COMPLETE in 0.09611010551452637
2020-04-10 06:36:11.112 7589 RALLYDEBUG rally.task.utils [-] Waiting for resource . Status changed: CREATE_COMPLETE => CHECK_COMPLETE in 0.08489608764648438
2020-04-10 06:36:11.282 7589 RALLYDEBUG rally.task.utils [-] Waiting for resource . Status changed: CREATE_COMPLETE => DELETE_IN_PROGRESS in 0.08558368682861328
2020-04-10 06:36:11.360 7588 RALLYDEBUG rally.task.utils [-] Waiting for resource . Status changed: CREATE_COMPLETE => CHECK_COMPLETE in 0.0819392204284668
2020-04-10 06:36:11.531 7588 RALLYDEBUG rally.task.utils [-] Waiting for resource . Status changed: CREATE_COMPLETE => DELETE_IN_PROGRESS in 0.08805561065673828
2020-04-10 06:36:12.375 7589 INFO rally.task.runner [-] Task 175a8ac9-aa45-4fb0-9d0a-95feb04829a7 | ITER: 9 END: OK
2020-04-10 06:36:12.603 7588 INFO rally.task.runner [-] Task 175a8ac9-aa45-4fb0-9d0a-95feb04829a7 | ITER: 10 END: OK
2020-04-10 06:36:12.632 5253 INFO rally.task.context [-] Task 175a8ac9-aa45-4fb0-9d0a-95feb04829a7 | Context cleanup@openstack cleanup() started
2020-04-10 06:36:12.639 5253 RALLYDEBUG rally_openstack.cleanup.manager [-] Cleaning up heat stacks objects
2020-04-10 06:36:13.513 5253 INFO rally.task.context [-] Task 175a8ac9-aa45-4fb0-9d0a-95feb04829a7 | Context cleanup@openstack cleanup() finished in 0.88 sec
2020-04-10 06:36:13.513 5253 INFO rally.task.context [-] Task 175a8ac9-aa45-4fb0-9d0a-95feb04829a7 | Context roles@openstack cleanup() started
2020-04-10 06:36:13.523 5253 INFO rally.task.context [-] Task 175a8ac9-aa45-4fb0-9d0a-95feb04829a7 | Context roles@openstack cleanup() finished in 9.30 msec
2020-04-10 06:36:13.523 5253 INFO rally.task.context [-] Task 175a8ac9-aa45-4fb0-9d0a-95feb04829a7 | Context users@openstack cleanup() started
2020-04-10 06:36:13.806 5253 WARNING rally.common.logging [-] `iterate_per_tenants()' is deprecated in v3.0.0: it is openstack specific.. Used at
2020-04-10 06:36:16.388 5253 INFO rally.task.context [-] Task 175a8ac9-aa45-4fb0-9d0a-95feb04829a7 | Context users@openstack cleanup() finished in 2.87 sec
2020-04-10 06:36:17.206 5253 INFO rally.task.engine [-] Load duration is: 13.726141
2020-04-10 06:36:17.207 5253 INFO rally.task.engine [-] Full runner duration is: 15.773244
2020-04-10 06:36:17.207 5253 INFO rally.task.engine [-] Full duration is: 21.345525
2020-04-10 06:36:17.297 5253 INFO rally.task.engine [-] Running workload: position = 0 config = { "version": 2, "title": "A cropped version of a bigger task.", "description": "Auto-generated task from a single workload (uuid=ddf3615a-530c-4a3b-a97e-3eeea68e4f65)", "subtasks": [ { "title": "HeatStacks.create_suspend_resume_delete_stack", "description": "Create, suspend-resume and then delete a stack.", "scenario": { "HeatStacks.create_suspend_resume_delete_stack": { "template_path": "/usr/lib/python3.7/site-packages/functest/opnfv_tests/openstack/rally/scenario/templates/random_strings.yaml.template" } }, "contexts": { "users": { "tenants": 3, "users_per_tenant": 2 }, "roles": [ "heat_stack_owner" ] }, "runner": { "constant": { "concurrency": 4, "times": 10 } }, "hooks": [], "sla": { "failure_rate": { "max": 0 } } } ] }
2020-04-10 06:36:17.317 5253 RALLYDEBUG rally_openstack.contexts.keystone.users [-] Creating 3 tenants using 3 threads
2020-04-10 06:36:17.829 5253 RALLYDEBUG rally_openstack.contexts.keystone.users [-] Creating 6 users using 6 threads
2020-04-10 06:36:18.778 5253 INFO rally.task.context [-] Task 175a8ac9-aa45-4fb0-9d0a-95feb04829a7 | Context users@openstack setup() finished in 1.46 sec
2020-04-10 06:36:19.037 5253 ERROR rally.common.broker [-] Failed to publish a task to the queue: rally.exceptions.NotFoundException: The resource can not be found: There is no role with name `heat_stack_owner`
2020-04-10 06:36:19.037 5253 ERROR rally.common.broker
Traceback (most recent call last):
2020-04-10 06:36:19.037 5253 ERROR rally.common.broker
File "/usr/lib/python3.7/site-packages/rally/common/broker.py", line 58, in _publisher
2020-04-10 06:36:19.037 5253 ERROR rally.common.broker publish(queue)
2020-04-10 06:36:19.037 5253 ERROR rally.common.broker
File "/usr/lib/python3.7/site-packages/rally_openstack/contexts/keystone/roles.py", line 91, in publish
2020-04-10 06:36:19.037 5253 ERROR rally.common.broker role = self._get_role_object(context_role)
2020-04-10 06:36:19.037 5253 ERROR rally.common.broker
File "/usr/lib/python3.7/site-packages/rally_openstack/contexts/keystone/roles.py", line 65, in _get_role_object
2020-04-10 06:36:19.037 5253 ERROR rally.common.broker "There is no role with name `%s`" % context_role)
2020-04-10 06:36:19.037 5253 ERROR rally.common.broker rally.exceptions.NotFoundException: The resource can not be found: There is no role with name `heat_stack_owner`
2020-04-10 06:36:19.037 5253 ERROR rally.common.broker
2020-04-10 06:36:19.047 5253 INFO rally.task.context [-] Task 175a8ac9-aa45-4fb0-9d0a-95feb04829a7 | Context roles@openstack setup() finished in 0.27 sec
2020-04-10 06:36:19.048 5253 INFO rally.task.context [-] Task 175a8ac9-aa45-4fb0-9d0a-95feb04829a7 | Context cleanup@openstack setup() finished in 0.01 msec
2020-04-10 06:36:19.055 5253 RALLYDEBUG rally.task.runner [-] Starting the constant runner (task UUID: 175a8ac9-aa45-4fb0-9d0a-95feb04829a7). times: 10 concurrency: 4 timeout: 0 max_cpu_used: 88 processes_to_start: 4 concurrency_per_worker: 1 concurrency_overhead: 0
2020-04-10 06:36:19.067 7741 RALLYDEBUG rally.task.runner [-] Starting a worker. times: 10 duration: None concurrency: 1 timeout: 0 cls: method_name: run args: {"template_path": "heat_template_version: 2014-10-16\n\ndescription: Test template for rally create-update-delete scenario\n\nresources:\n test_string_one:\n type: OS::Heat::RandomString\n properties:\n length: 20\n test_string_two:\n type: OS::Heat::RandomString\n properties:\n length: 20"}
2020-04-10 06:36:19.070 7742 RALLYDEBUG rally.task.runner [-] Starting a worker. times: 10 duration: None concurrency: 1 timeout: 0 cls: method_name: run args: {"template_path": "heat_template_version: 2014-10-16\n\ndescription: Test template for rally create-update-delete scenario\n\nresources:\n test_string_one:\n type: OS::Heat::RandomString\n properties:\n length: 20\n test_string_two:\n type: OS::Heat::RandomString\n properties:\n length: 20"}
2020-04-10 06:36:19.073 7743 RALLYDEBUG rally.task.runner [-] Starting a worker. times: 10 duration: None concurrency: 1 timeout: 0 cls: method_name: run args: {"template_path": "heat_template_version: 2014-10-16\n\ndescription: Test template for rally create-update-delete scenario\n\nresources:\n test_string_one:\n type: OS::Heat::RandomString\n properties:\n length: 20\n test_string_two:\n type: OS::Heat::RandomString\n properties:\n length: 20"}
2020-04-10 06:36:19.074 7741 INFO rally.task.runner [-] Task 175a8ac9-aa45-4fb0-9d0a-95feb04829a7 | ITER: 1 START
2020-04-10 06:36:19.075 7744 RALLYDEBUG rally.task.runner [-] Starting a worker. times: 10 duration: None concurrency: 1 timeout: 0 cls: method_name: run args: {"template_path": "heat_template_version: 2014-10-16\n\ndescription: Test template for rally create-update-delete scenario\n\nresources:\n test_string_one:\n type: OS::Heat::RandomString\n properties:\n length: 20\n test_string_two:\n type: OS::Heat::RandomString\n properties:\n length: 20"}
2020-04-10 06:36:19.077 7742 INFO rally.task.runner [-] Task 175a8ac9-aa45-4fb0-9d0a-95feb04829a7 | ITER: 2 START
2020-04-10 06:36:19.079 7743 INFO rally.task.runner [-] Task 175a8ac9-aa45-4fb0-9d0a-95feb04829a7 | ITER: 3 START
2020-04-10 06:36:19.081 7744 INFO rally.task.runner [-] Task 175a8ac9-aa45-4fb0-9d0a-95feb04829a7 | ITER: 4 START
2020-04-10 06:36:21.920 7742 RALLYDEBUG rally.task.utils [-] Waiting for resource . Status changed: CREATE_IN_PROGRESS => CREATE_COMPLETE in 0.12194013595581055
2020-04-10 06:36:21.958 7743 RALLYDEBUG rally.task.utils [-] Waiting for resource . Status changed: CREATE_IN_PROGRESS => CREATE_COMPLETE in 0.08983087539672852
2020-04-10 06:36:21.965 7741 RALLYDEBUG rally.task.utils [-] Waiting for resource . Status changed: CREATE_IN_PROGRESS => CREATE_COMPLETE in 0.10191750526428223
2020-04-10 06:36:22.037 7744 RALLYDEBUG rally.task.utils [-] Waiting for resource . Status changed: CREATE_IN_PROGRESS => CREATE_COMPLETE in 0.09442806243896484
2020-04-10 06:36:22.135 7742 RALLYDEBUG rally.task.utils [-] Waiting for resource . Status changed: CREATE_COMPLETE => SUSPEND_IN_PROGRESS in 0.0847008228302002
2020-04-10 06:36:22.217 7743 RALLYDEBUG rally.task.utils [-] Waiting for resource . Status changed: CREATE_COMPLETE => SUSPEND_IN_PROGRESS in 0.08791851997375488
2020-04-10 06:36:22.247 7741 RALLYDEBUG rally.task.utils [-] Waiting for resource . Status changed: CREATE_COMPLETE => SUSPEND_IN_PROGRESS in 0.08867430686950684
2020-04-10 06:36:22.327 7744 RALLYDEBUG rally.task.utils [-] Waiting for resource . Status changed: CREATE_COMPLETE => SUSPEND_IN_PROGRESS in 0.11892318725585938
2020-04-10 06:36:23.229 7742 RALLYDEBUG rally.task.utils [-] Waiting for resource . Status changed: SUSPEND_IN_PROGRESS => SUSPEND_COMPLETE in 1.0933797359466553
2020-04-10 06:36:23.310 7743 RALLYDEBUG rally.task.utils [-] Waiting for resource . Status changed: SUSPEND_IN_PROGRESS => SUSPEND_COMPLETE in 1.0928261280059814
2020-04-10 06:36:23.338 7741 RALLYDEBUG rally.task.utils [-] Waiting for resource . Status changed: SUSPEND_IN_PROGRESS => SUSPEND_COMPLETE in 1.0904531478881836
2020-04-10 06:36:23.431 7744 RALLYDEBUG rally.task.utils [-] Waiting for resource . Status changed: SUSPEND_IN_PROGRESS => SUSPEND_COMPLETE in 1.103821039199829
2020-04-10 06:36:23.433 7742 RALLYDEBUG rally.task.utils [-] Waiting for resource . Status changed: CREATE_COMPLETE => RESUME_IN_PROGRESS in 0.0827643871307373
2020-04-10 06:36:23.599 7741 RALLYDEBUG rally.task.utils [-] Waiting for resource . Status changed: CREATE_COMPLETE => RESUME_IN_PROGRESS in 0.09152746200561523
2020-04-10 06:36:23.715 7744 RALLYDEBUG rally.task.utils [-] Waiting for resource . Status changed: CREATE_COMPLETE => RESUME_IN_PROGRESS in 0.11660647392272949
2020-04-10 06:36:23.745 7743 RALLYDEBUG rally.task.utils [-] Waiting for resource . Status changed: CREATE_COMPLETE => RESUME_IN_PROGRESS in 0.2669854164123535
2020-04-10 06:36:24.527 7742 RALLYDEBUG rally.task.utils [-] Waiting for resource . Status changed: RESUME_IN_PROGRESS => RESUME_COMPLETE in 1.0939881801605225
2020-04-10 06:36:24.695 7741 RALLYDEBUG rally.task.utils [-] Waiting for resource . Status changed: RESUME_IN_PROGRESS => RESUME_COMPLETE in 1.0962626934051514
2020-04-10 06:36:24.700 7742 RALLYDEBUG rally.task.utils [-] Waiting for resource . Status changed: CREATE_COMPLETE => DELETE_IN_PROGRESS in 0.08593440055847168
2020-04-10 06:36:24.800 7744 RALLYDEBUG rally.task.utils [-] Waiting for resource . Status changed: RESUME_IN_PROGRESS => RESUME_COMPLETE in 1.0847015380859375
2020-04-10 06:36:24.834 7743 RALLYDEBUG rally.task.utils [-] Waiting for resource . Status changed: RESUME_IN_PROGRESS => RESUME_COMPLETE in 1.0889008045196533
2020-04-10 06:36:24.856 7741 RALLYDEBUG rally.task.utils [-] Waiting for resource . Status changed: CREATE_COMPLETE => DELETE_IN_PROGRESS in 0.07919049263000488
2020-04-10 06:36:24.953 7744 RALLYDEBUG rally.task.utils [-] Waiting for resource . Status changed: CREATE_COMPLETE => DELETE_IN_PROGRESS in 0.0695645809173584
2020-04-10 06:36:25.017 7743 RALLYDEBUG rally.task.utils [-] Waiting for resource . Status changed: CREATE_COMPLETE => DELETE_IN_PROGRESS in 0.0999610424041748
2020-04-10 06:36:25.794 7742 INFO rally.task.runner [-] Task 175a8ac9-aa45-4fb0-9d0a-95feb04829a7 | ITER: 2 END: OK
2020-04-10 06:36:25.799 7742 INFO rally.task.runner [-] Task 175a8ac9-aa45-4fb0-9d0a-95feb04829a7 | ITER: 5 START
2020-04-10 06:36:25.940 7741 INFO rally.task.runner [-] Task 175a8ac9-aa45-4fb0-9d0a-95feb04829a7 | ITER: 1 END: OK
2020-04-10 06:36:25.944 7741 INFO rally.task.runner [-] Task 175a8ac9-aa45-4fb0-9d0a-95feb04829a7 | ITER: 6 START
2020-04-10 06:36:27.135 7744 INFO rally.task.runner [-] Task 175a8ac9-aa45-4fb0-9d0a-95feb04829a7 | ITER: 4 END: OK
2020-04-10 06:36:27.140 7744 INFO rally.task.runner [-] Task 175a8ac9-aa45-4fb0-9d0a-95feb04829a7 | ITER: 7 START
2020-04-10 06:36:27.197 7743 INFO rally.task.runner [-] Task 175a8ac9-aa45-4fb0-9d0a-95feb04829a7 | ITER: 3 END: OK
2020-04-10 06:36:27.202 7743 INFO rally.task.runner [-] Task 175a8ac9-aa45-4fb0-9d0a-95feb04829a7 | ITER: 8 START
2020-04-10 06:36:28.720 7742 RALLYDEBUG rally.task.utils [-] Waiting for resource . Status changed: CREATE_IN_PROGRESS => CREATE_COMPLETE in 0.12306022644042969
2020-04-10 06:36:28.766 7741 RALLYDEBUG rally.task.utils [-] Waiting for resource . Status changed: CREATE_IN_PROGRESS => CREATE_COMPLETE in 0.0928049087524414
2020-04-10 06:36:28.927 7742 RALLYDEBUG rally.task.utils [-] Waiting for resource . Status changed: CREATE_COMPLETE => SUSPEND_IN_PROGRESS in 0.08445858955383301
2020-04-10 06:36:29.021 7741 RALLYDEBUG rally.task.utils [-] Waiting for resource . Status changed: CREATE_COMPLETE => SUSPEND_IN_PROGRESS in 0.08711886405944824
2020-04-10 06:36:30.017 7742 RALLYDEBUG rally.task.utils [-] Waiting for resource . Status changed: SUSPEND_IN_PROGRESS => SUSPEND_COMPLETE in 1.0903303623199463
