2020-04-10 06:24:44.310 3253 INFO rally.task.runner [-] Task 5d972f25-35dd-49c1-a6d1-6e1e54fe1678 | ITER: 9 START
2020-04-10 06:24:44.388 3254 INFO rally.task.runner [-] Task 5d972f25-35dd-49c1-a6d1-6e1e54fe1678 | ITER: 5 END: OK
2020-04-10 06:24:44.391 3254 INFO rally.task.runner [-] Task 5d972f25-35dd-49c1-a6d1-6e1e54fe1678 | ITER: 10 START
2020-04-10 06:24:44.411 3252 INFO rally.task.runner [-] Task 5d972f25-35dd-49c1-a6d1-6e1e54fe1678 | ITER: 7 END: OK
2020-04-10 06:24:44.572 3251 INFO rally.task.runner [-] Task 5d972f25-35dd-49c1-a6d1-6e1e54fe1678 | ITER: 8 END: OK
2020-04-10 06:24:47.072 3253 RALLYDEBUG rally.task.utils [-] Waiting for resource s_rally_0d95c852_l4Q1w1kJ. Status changed: AVAILABLE => DELETING in 0.07398867607116699
2020-04-10 06:24:47.363 3254 RALLYDEBUG rally.task.utils [-] Waiting for resource s_rally_0d95c852_n1LOZveB. Status changed: AVAILABLE => DELETING in 0.0785672664642334
2020-04-10 06:24:49.129 3253 INFO rally.task.runner [-] Task 5d972f25-35dd-49c1-a6d1-6e1e54fe1678 | ITER: 9 END: OK
2020-04-10 06:24:49.418 3254 INFO rally.task.runner [-] Task 5d972f25-35dd-49c1-a6d1-6e1e54fe1678 | ITER: 10 END: OK
2020-04-10 06:24:49.442 1333 INFO rally.task.context [-] Task 5d972f25-35dd-49c1-a6d1-6e1e54fe1678 | Context cleanup@openstack cleanup() started
2020-04-10 06:24:49.449 1333 RALLYDEBUG rally_openstack.cleanup.manager [-] Cleaning up cinder backups objects
2020-04-10 06:24:49.959 1333 RALLYDEBUG rally_openstack.cleanup.manager [-] Cleaning up cinder volume_snapshots objects
2020-04-10 06:24:50.449 1333 RALLYDEBUG rally_openstack.cleanup.manager [-] Cleaning up cinder transfers objects
2020-04-10 06:24:50.881 1333 RALLYDEBUG rally_openstack.cleanup.manager [-] Cleaning up cinder volumes objects
2020-04-10 06:24:51.453 1333 INFO rally.task.context [-] Task 5d972f25-35dd-49c1-a6d1-6e1e54fe1678 | Context cleanup@openstack cleanup() finished in 2.01 sec
2020-04-10 06:24:51.453 1333 INFO rally.task.context [-] Task 5d972f25-35dd-49c1-a6d1-6e1e54fe1678 | Context quotas@openstack cleanup() started
2020-04-10 06:24:51.555 1333 INFO rally.task.context [-] Task 5d972f25-35dd-49c1-a6d1-6e1e54fe1678 | Context quotas@openstack cleanup() finished in 0.10 sec
2020-04-10 06:24:51.556 1333 INFO rally.task.context [-] Task 5d972f25-35dd-49c1-a6d1-6e1e54fe1678 | Context api_versions@openstack cleanup() started
2020-04-10 06:24:51.556 1333 INFO rally.task.context [-] Task 5d972f25-35dd-49c1-a6d1-6e1e54fe1678 | Context api_versions@openstack cleanup() finished in 0.42 msec
2020-04-10 06:24:51.557 1333 INFO rally.task.context [-] Task 5d972f25-35dd-49c1-a6d1-6e1e54fe1678 | Context users@openstack cleanup() started
2020-04-10 06:24:51.762 1333 WARNING rally.common.logging [-] `iterate_per_tenants()' is deprecated in v3.0.0: it is openstack specific.. Used at
2020-04-10 06:24:54.926 1333 INFO rally.task.context [-] Task 5d972f25-35dd-49c1-a6d1-6e1e54fe1678 | Context users@openstack cleanup() finished in 3.37 sec
2020-04-10 06:24:56.350 1333 INFO rally.task.engine [-] Load duration is: 14.919928
2020-04-10 06:24:56.351 1333 INFO rally.task.engine [-] Full runner duration is: 14.968151
2020-04-10 06:24:56.351 1333 INFO rally.task.engine [-] Full duration is: 22.743043
2020-04-10 06:24:56.413 1333 INFO rally.task.engine [-] Running workload: position = 1 config = { "version": 2, "title": "A cropped version of a bigger task.", "description": "Auto-generated task from a single workload (uuid=1fda6294-75b0-4331-9a91-8ca616b34b09)", "subtasks": [ { "title": "CinderVolumes.create_and_delete_volume", "description": "Create and then delete a volume.", "scenario": { "CinderVolumes.create_and_delete_volume": { "image": { "name": "rally_full_cntt-img_20ab9b1c-36ec-46fa-8e46-0f8a8890db19" }, "size": 1 } }, "contexts": { "users": { "tenants": 3, "users_per_tenant": 2 }, "quotas": { "cinder": { "gigabytes": -1, "snapshots": -1, "volumes": -1 } }, "api_versions": { "cinder": { "version": 3, "service_type": "volumev3" } } }, "runner": { "constant": { "concurrency": 4, "times": 10 } }, "hooks": [], "sla": { "failure_rate": { "max": 0 } } } ] }
2020-04-10 06:24:56.440 1333 RALLYDEBUG rally_openstack.contexts.keystone.users [-] Creating 3 tenants using 3 threads
2020-04-10 06:24:56.915 1333 RALLYDEBUG rally_openstack.contexts.keystone.users [-] Creating 6 users using 6 threads
2020-04-10 06:24:57.952 1333 INFO rally.task.context [-] Task 5d972f25-35dd-49c1-a6d1-6e1e54fe1678 | Context users@openstack setup() finished in 1.51 sec
2020-04-10 06:24:58.079 1333 INFO rally.task.context [-] Task 5d972f25-35dd-49c1-a6d1-6e1e54fe1678 | Context api_versions@openstack setup() finished in 0.13 sec
2020-04-10 06:24:58.681 1333 INFO rally.task.context [-] Task 5d972f25-35dd-49c1-a6d1-6e1e54fe1678 | Context quotas@openstack setup() finished in 0.60 sec
2020-04-10 06:24:58.682 1333 INFO rally.task.context [-] Task 5d972f25-35dd-49c1-a6d1-6e1e54fe1678 | Context cleanup@openstack setup() finished in 0.05 msec
2020-04-10 06:24:58.902 1333 RALLYDEBUG rally.task.runner [-] Starting the constant runner (task UUID: 5d972f25-35dd-49c1-a6d1-6e1e54fe1678). times: 10 concurrency: 4 timeout: 0 max_cpu_used: 88 processes_to_start: 4 concurrency_per_worker: 1 concurrency_overhead: 0
2020-04-10 06:24:58.913 3404 RALLYDEBUG rally.task.runner [-] Starting a worker. times: 10 duration: None concurrency: 1 timeout: 0 cls: method_name: run args: {"image": "552c22a2-7165-48c5-a40b-95053e9e1423", "size": 1}
2020-04-10 06:24:58.915 3405 RALLYDEBUG rally.task.runner [-] Starting a worker. times: 10 duration: None concurrency: 1 timeout: 0 cls: method_name: run args: {"image": "552c22a2-7165-48c5-a40b-95053e9e1423", "size": 1}
2020-04-10 06:24:58.918 3406 RALLYDEBUG rally.task.runner [-] Starting a worker. times: 10 duration: None concurrency: 1 timeout: 0 cls: method_name: run args: {"image": "552c22a2-7165-48c5-a40b-95053e9e1423", "size": 1}
2020-04-10 06:24:58.919 3404 INFO rally.task.runner [-] Task 5d972f25-35dd-49c1-a6d1-6e1e54fe1678 | ITER: 1 START
2020-04-10 06:24:58.920 3407 RALLYDEBUG rally.task.runner [-] Starting a worker. times: 10 duration: None concurrency: 1 timeout: 0 cls: method_name: run args: {"image": "552c22a2-7165-48c5-a40b-95053e9e1423", "size": 1}
2020-04-10 06:24:58.923 3405 INFO rally.task.runner [-] Task 5d972f25-35dd-49c1-a6d1-6e1e54fe1678 | ITER: 2 START
2020-04-10 06:24:58.923 3406 INFO rally.task.runner [-] Task 5d972f25-35dd-49c1-a6d1-6e1e54fe1678 | ITER: 3 START
2020-04-10 06:24:58.926 3407 INFO rally.task.runner [-] Task 5d972f25-35dd-49c1-a6d1-6e1e54fe1678 | ITER: 4 START
2020-04-10 06:25:03.815 3406 RALLYDEBUG rally.task.utils [-] Waiting for resource s_rally_1fda6294_MtTqzknK. Status changed: DOWNLOADING => AVAILABLE in 2.231761932373047
2020-04-10 06:25:03.840 3404 RALLYDEBUG rally.task.utils [-] Waiting for resource s_rally_1fda6294_7xM9Aa2W. Status changed: DOWNLOADING => AVAILABLE in 2.2649452686309814
2020-04-10 06:25:03.885 3407 RALLYDEBUG rally.task.utils [-] Waiting for resource s_rally_1fda6294_T8iUorYR. Status changed: DOWNLOADING => AVAILABLE in 2.256403684616089
2020-04-10 06:25:03.962 3406 RALLYDEBUG rally.task.utils [-] Waiting for resource s_rally_1fda6294_MtTqzknK. Status changed: AVAILABLE => DELETING in 0.07023811340332031
2020-04-10 06:25:03.990 3404 RALLYDEBUG rally.task.utils [-] Waiting for resource s_rally_1fda6294_7xM9Aa2W. Status changed: AVAILABLE => DELETING in 0.07510828971862793
2020-04-10 06:25:04.058 3407 RALLYDEBUG rally.task.utils [-] Waiting for resource s_rally_1fda6294_T8iUorYR. Status changed: AVAILABLE => DELETING in 0.08171463012695312
2020-04-10 06:25:04.858 3405 RALLYDEBUG rally.task.utils [-] Waiting for resource s_rally_1fda6294_9Vqb171r. Status changed: DOWNLOADING => AVAILABLE in 2.264888048171997
2020-04-10 06:25:05.016 3405 RALLYDEBUG rally.task.utils [-] Waiting for resource s_rally_1fda6294_9Vqb171r. Status changed: AVAILABLE => DELETING in 0.07713866233825684
2020-04-10 06:25:06.018 3406 INFO rally.task.runner [-] Task 5d972f25-35dd-49c1-a6d1-6e1e54fe1678 | ITER: 3 END: OK
2020-04-10 06:25:06.022 3406 INFO rally.task.runner [-] Task 5d972f25-35dd-49c1-a6d1-6e1e54fe1678 | ITER: 5 START
2020-04-10 06:25:06.040 3404 INFO rally.task.runner [-] Task 5d972f25-35dd-49c1-a6d1-6e1e54fe1678 | ITER: 1 END: OK
2020-04-10 06:25:06.045 3404 INFO rally.task.runner [-] Task 5d972f25-35dd-49c1-a6d1-6e1e54fe1678 | ITER: 6 START
2020-04-10 06:25:06.112 3407 INFO rally.task.runner [-] Task 5d972f25-35dd-49c1-a6d1-6e1e54fe1678 | ITER: 4 END: OK
2020-04-10 06:25:06.116 3407 INFO rally.task.runner [-] Task 5d972f25-35dd-49c1-a6d1-6e1e54fe1678 | ITER: 7 START
2020-04-10 06:25:07.065 3405 INFO rally.task.runner [-] Task 5d972f25-35dd-49c1-a6d1-6e1e54fe1678 | ITER: 2 END: OK
2020-04-10 06:25:07.071 3405 INFO rally.task.runner [-] Task 5d972f25-35dd-49c1-a6d1-6e1e54fe1678 | ITER: 8 START
2020-04-10 06:25:10.854 3406 RALLYDEBUG rally.task.utils [-] Waiting for resource s_rally_1fda6294_babXTRPl. Status changed: DOWNLOADING => AVAILABLE in 2.224471092224121
2020-04-10 06:25:10.936 3404 RALLYDEBUG rally.task.utils [-] Waiting for resource s_rally_1fda6294_twpFADOC. Status changed: DOWNLOADING => AVAILABLE in 2.2316253185272217
2020-04-10 06:25:10.977 3407 RALLYDEBUG rally.task.utils [-] Waiting for resource s_rally_1fda6294_rsAWKaIQ. Status changed: DOWNLOADING => AVAILABLE in 2.233314037322998
2020-04-10 06:25:11.016 3406 RALLYDEBUG rally.task.utils [-] Waiting for resource s_rally_1fda6294_babXTRPl. Status changed: AVAILABLE => DELETING in 0.07907915115356445
2020-04-10 06:25:11.136 3407 RALLYDEBUG rally.task.utils [-] Waiting for resource s_rally_1fda6294_rsAWKaIQ. Status changed: AVAILABLE => DELETING in 0.08091354370117188
2020-04-10 06:25:11.139 3404 RALLYDEBUG rally.task.utils [-] Waiting for resource s_rally_1fda6294_twpFADOC. Status changed: AVAILABLE => DELETING in 0.07735395431518555
2020-04-10 06:25:11.934 3405 RALLYDEBUG rally.task.utils [-] Waiting for resource s_rally_1fda6294_nUYCe33G. Status changed: DOWNLOADING => AVAILABLE in 2.2358224391937256
2020-04-10 06:25:12.096 3405 RALLYDEBUG rally.task.utils [-] Waiting for resource s_rally_1fda6294_nUYCe33G. Status changed: AVAILABLE => DELETING in 0.08027052879333496
2020-04-10 06:25:13.074 3406 INFO rally.task.runner [-] Task 5d972f25-35dd-49c1-a6d1-6e1e54fe1678 | ITER: 5 END: OK
2020-04-10 06:25:13.079 3406 INFO rally.task.runner [-] Task 5d972f25-35dd-49c1-a6d1-6e1e54fe1678 | ITER: 9 START
2020-04-10 06:25:13.192 3404 INFO rally.task.runner [-] Task 5d972f25-35dd-49c1-a6d1-6e1e54fe1678 | ITER: 6 END: OK
2020-04-10 06:25:13.193 3407 INFO rally.task.runner [-] Task 5d972f25-35dd-49c1-a6d1-6e1e54fe1678 | ITER: 7 END: OK
2020-04-10 06:25:13.198 3404 INFO rally.task.runner [-] Task 5d972f25-35dd-49c1-a6d1-6e1e54fe1678 | ITER: 10 START
2020-04-10 06:25:14.160 3405 INFO rally.task.runner [-] Task 5d972f25-35dd-49c1-a6d1-6e1e54fe1678 | ITER: 8 END: OK
2020-04-10 06:25:17.955 3406 RALLYDEBUG rally.task.utils [-] Waiting for resource s_rally_1fda6294_7oWKMGMa. Status changed: DOWNLOADING => AVAILABLE in 2.2267110347747803
2020-04-10 06:25:18.099 3404 RALLYDEBUG rally.task.utils [-] Waiting for resource s_rally_1fda6294_ndeHth9Q. Status changed: DOWNLOADING => AVAILABLE in 2.2426388263702393
2020-04-10 06:25:18.106 3406 RALLYDEBUG rally.task.utils [-] Waiting for resource s_rally_1fda6294_7oWKMGMa. Status changed: AVAILABLE => DELETING in 0.07525634765625
2020-04-10 06:25:18.265 3404 RALLYDEBUG rally.task.utils [-] Waiting for resource s_rally_1fda6294_ndeHth9Q. Status changed: AVAILABLE => DELETING in 0.08088064193725586
2020-04-10 06:25:20.176 3406 INFO rally.task.runner [-] Task 5d972f25-35dd-49c1-a6d1-6e1e54fe1678 | ITER: 9 END: OK
2020-04-10 06:25:20.316 3404 INFO rally.task.runner [-] Task 5d972f25-35dd-49c1-a6d1-6e1e54fe1678 | ITER: 10 END: OK
2020-04-10 06:25:20.346 1333 INFO rally.task.context [-] Task 5d972f25-35dd-49c1-a6d1-6e1e54fe1678 | Context cleanup@openstack cleanup() started
2020-04-10 06:25:20.351 1333 RALLYDEBUG rally_openstack.cleanup.manager [-] Cleaning up cinder backups objects
2020-04-10 06:25:20.809 1333 RALLYDEBUG rally_openstack.cleanup.manager [-] Cleaning up cinder volume_snapshots objects
2020-04-10 06:25:21.246 1333 RALLYDEBUG rally_openstack.cleanup.manager [-] Cleaning up cinder transfers objects
2020-04-10 06:25:21.686 1333 RALLYDEBUG rally_openstack.cleanup.manager [-] Cleaning up cinder volumes objects
2020-04-10 06:25:22.245 1333 INFO rally.task.context [-] Task 5d972f25-35dd-49c1-a6d1-6e1e54fe1678 | Context cleanup@openstack cleanup() finished in 1.90 sec
2020-04-10 06:25:22.245 1333 INFO rally.task.context [-] Task 5d972f25-35dd-49c1-a6d1-6e1e54fe1678 | Context quotas@openstack cleanup() started
2020-04-10 06:25:22.339 1333 INFO rally.task.context [-] Task 5d972f25-35dd-49c1-a6d1-6e1e54fe1678 | Context quotas@openstack cleanup() finished in 93.52 msec
2020-04-10 06:25:22.339 1333 INFO rally.task.context [-] Task 5d972f25-35dd-49c1-a6d1-6e1e54fe1678 | Context api_versions@openstack cleanup() started
2020-04-10 06:25:22.340 1333 INFO rally.task.context [-] Task 5d972f25-35dd-49c1-a6d1-6e1e54fe1678 | Context api_versions@openstack cleanup() finished in 0.30 msec
2020-04-10 06:25:22.340 1333 INFO rally.task.context [-] Task 5d972f25-35dd-49c1-a6d1-6e1e54fe1678 | Context users@openstack cleanup() started
2020-04-10 06:25:22.489 1333 WARNING rally.common.logging [-] `iterate_per_tenants()' is deprecated in v3.0.0: it is openstack specific.. Used at
2020-04-10 06:25:26.237 1333 INFO rally.task.context [-] Task 5d972f25-35dd-49c1-a6d1-6e1e54fe1678 | Context users@openstack cleanup() finished in 3.90 sec
2020-04-10 06:25:26.604 1333 INFO rally.task.engine [-] Load duration is: 21.39382
2020-04-10 06:25:26.604 1333 INFO rally.task.engine [-] Full runner duration is: 21.444196
2020-04-10 06:25:26.605 1333 INFO rally.task.engine [-] Full duration is: 29.799392
2020-04-10 06:25:26.669 1333 INFO rally.task.engine [-] Running workload: position = 2 config = { "version": 2, "title": "A cropped version of a bigger task.", "description": "Auto-generated task from a single workload (uuid=36f9c50a-353f-469b-8f6d-4b88e89654ba)", "subtasks": [ { "title": "CinderVolumes.create_and_delete_volume", "description": "Create and then delete a volume.", "scenario": { "CinderVolumes.create_and_delete_volume": { "size": 1 } }, "contexts": { "users": { "tenants": 3, "users_per_tenant": 2 }, "quotas": { "cinder": { "gigabytes": -1, "snapshots": -1, "volumes": -1 } }, "api_versions": { "cinder": { "version": 3, "service_type": "volumev3" } } }, "runner": { "constant": { "concurrency": 4, "times": 10 } }, "hooks": [], "sla": { "failure_rate": { "max": 0 } } } ] }
2020-04-10 06:25:26.691 1333 RALLYDEBUG rally_openstack.contexts.keystone.users [-] Creating 3 tenants using 3 threads
2020-04-10 06:25:27.199 1333 RALLYDEBUG rally_openstack.contexts.keystone.users [-] Creating 6 users using 6 threads
2020-04-10 06:25:28.291 1333 INFO rally.task.context [-] Task 5d972f25-35dd-49c1-a6d1-6e1e54fe1678 | Context users@openstack setup() finished in 1.60 sec
2020-04-10 06:25:28.433 1333 INFO rally.task.context [-] Task 5d972f25-35dd-49c1-a6d1-6e1e54fe1678 | Context api_versions@openstack setup() finished in 0.14 sec
2020-04-10 06:25:29.033 1333 INFO rally.task.context [-] Task 5d972f25-35dd-49c1-a6d1-6e1e54fe1678 | Context quotas@openstack setup() finished in 0.60 sec
2020-04-10 06:25:29.034 1333 INFO rally.task.context [-] Task 5d972f25-35dd-49c1-a6d1-6e1e54fe1678 | Context cleanup@openstack setup() finished in 0.00 msec
2020-04-10 06:25:29.042 1333 RALLYDEBUG rally.task.runner [-] Starting the constant runner (task UUID: 5d972f25-35dd-49c1-a6d1-6e1e54fe1678). times: 10 concurrency: 4 timeout: 0 max_cpu_used: 88 processes_to_start: 4 concurrency_per_worker: 1 concurrency_overhead: 0
2020-04-10 06:25:29.053 3557 RALLYDEBUG rally.task.runner [-] Starting a worker. times: 10 duration: None concurrency: 1 timeout: 0 cls: method_name: run args: {"size": 1}
2020-04-10 06:25:29.057 3558 RALLYDEBUG rally.task.runner [-] Starting a worker. times: 10 duration: None concurrency: 1 timeout: 0 cls: method_name: run args: {"size": 1}
2020-04-10 06:25:29.059 3557 INFO rally.task.runner [-] Task 5d972f25-35dd-49c1-a6d1-6e1e54fe1678 | ITER: 1 START
2020-04-10 06:25:29.060 3559 RALLYDEBUG rally.task.runner [-] Starting a worker. times: 10 duration: None concurrency: 1 timeout: 0 cls: method_name: run args: {"size": 1}
2020-04-10 06:25:29.062 3561 RALLYDEBUG rally.task.runner [-] Starting a worker. times: 10 duration: None concurrency: 1 timeout: 0 cls: method_name: run args: {"size": 1}
2020-04-10 06:25:29.064 3558 INFO rally.task.runner [-] Task 5d972f25-35dd-49c1-a6d1-6e1e54fe1678 | ITER: 2 START
2020-04-10 06:25:29.066 3559 INFO rally.task.runner [-] Task 5d972f25-35dd-49c1-a6d1-6e1e54fe1678 | ITER: 3 START
2020-04-10 06:25:29.067 3561 INFO rally.task.runner [-] Task 5d972f25-35dd-49c1-a6d1-6e1e54fe1678 | ITER: 4 START
2020-04-10 06:25:31.824 3559 RALLYDEBUG rally.task.utils [-] Waiting for resource s_rally_36f9c50a_csOHQxTU. Status changed: AVAILABLE => DELETING in 0.07124018669128418
2020-04-10 06:25:31.983 3561 RALLYDEBUG rally.task.utils [-] Waiting for resource s_rally_36f9c50a_LcPbPwb6. Status changed: AVAILABLE => DELETING in 0.07916069030761719
2020-04-10 06:25:32.199 3557 RALLYDEBUG rally.task.utils [-] Waiting for resource s_rally_36f9c50a_6B6cgUSM. Status changed: AVAILABLE => DELETING in 0.10080528259277344
2020-04-10 06:25:32.830 3558 RALLYDEBUG rally.task.utils [-] Waiting for resource s_rally_36f9c50a_bGsvzNnl. Status changed: AVAILABLE => DELETING in 0.0700070858001709
2020-04-10 06:25:33.878 3559 INFO rally.task.runner [-] Task 5d972f25-35dd-49c1-a6d1-6e1e54fe1678 | ITER: 3 END: OK
2020-04-10 06:25:33.883 3559 INFO rally.task.runner [-] Task 5d972f25-35dd-49c1-a6d1-6e1e54fe1678 | ITER: 5 START
2020-04-10 06:25:34.044 3561 INFO rally.task.runner [-] Task 5d972f25-35dd-49c1-a6d1-6e1e54fe1678 | ITER: 4 END: OK
2020-04-10 06:25:34.049 3561 INFO rally.task.runner [-] Task 5d972f25-35dd-49c1-a6d1-6e1e54fe1678 | ITER: 6 START
2020-04-10 06:25:34.249 3557 INFO rally.task.runner [-] Task 5d972f25-35dd-49c1-a6d1-6e1e54fe1678 | ITER: 1 END: OK
2020-04-10 06:25:34.254 3557 INFO rally.task.runner [-] Task 5d972f25-35dd-49c1-a6d1-6e1e54fe1678 | ITER: 7 START
2020-04-10 06:25:34.881 3558 INFO rally.task.runner [-] Task 5d972f25-35dd-49c1-a6d1-6e1e54fe1678 | ITER: 2 END: OK
2020-04-10 06:25:34.886 3558 INFO rally.task.runner [-] Task 5d972f25-35dd-49c1-a6d1-6e1e54fe1678 | ITER: 8 START
2020-04-10 06:25:36.728 3559 RALLYDEBUG rally.task.utils [-] Waiting for resource s_rally_36f9c50a_GSvL1tpG. Status changed: AVAILABLE => DELETING in 0.06827521324157715
2020-04-10 06:25:36.832 3561 RALLYDEBUG rally.task.utils [-] Waiting for resource s_rally_36f9c50a_7rOsPRtZ. Status changed: AVAILABLE => DELETING in 0.061151981353759766
2020-04-10 06:25:36.950 3557 RALLYDEBUG rally.task.utils [-] Waiting for resource s_rally_36f9c50a_NVnDysB1. Status changed: AVAILABLE => DELETING in 0.07370924949645996
2020-04-10 06:25:37.561 3558 RALLYDEBUG rally.task.utils [-] Waiting for resource s_rally_36f9c50a_tdujJeiK. Status changed: AVAILABLE => DELETING in 0.06874465942382812
2020-04-10 06:25:38.784 3559 INFO rally.task.runner [-] Task 5d972f25-35dd-49c1-a6d1-6e1e54fe1678 | ITER: 5 END: OK
2020-04-10 06:25:38.789 3559 INFO rally.task.runner [-] Task 5d972f25-35dd-49c1-a6d1-6e1e54fe1678 | ITER: 9 START
2020-04-10 06:25:38.888 3561 INFO rally.task.runner [-] Task 5d972f25-35dd-49c1-a6d1-6e1e54fe1678 | ITER: 6 END: OK
2020-04-10 06:25:38.892 3561 INFO rally.task.runner [-] Task 5d972f25-35dd-49c1-a6d1-6e1e54fe1678 | ITER: 10 START
2020-04-10 06:25:39.002 3557 INFO rally.task.runner [-] Task 5d972f25-35dd-49c1-a6d1-6e1e54fe1678 | ITER: 7 END: OK
2020-04-10 06:25:39.617 3558 INFO rally.task.runner [-] Task 5d972f25-35dd-49c1-a6d1-6e1e54fe1678 | ITER: 8 END: OK
2020-04-10 06:25:41.622 3561 RALLYDEBUG rally.task.utils [-] Waiting for resource s_rally_36f9c50a_NlTjuOg8. Status changed: AVAILABLE => DELETING in 0.07119441032409668
2020-04-10 06:25:41.632 3559 RALLYDEBUG rally.task.utils [-] Waiting for resource s_rally_36f9c50a_A5PwKXm4. Status changed: AVAILABLE => DELETING in 0.07378625869750977
2020-04-10 06:25:43.691 3559 INFO rally.task.runner [-] Task 5d972f25-35dd-49c1-a6d1-6e1e54fe1678 | ITER: 9 END: OK
2020-04-10 06:25:43.691 3561 INFO rally.task.runner [-] Task 5d972f25-35dd-49c1-a6d1-6e1e54fe1678 | ITER: 10 END: OK
2020-04-10 06:25:43.714 1333 INFO rally.task.context [-] Task 5d972f25-35dd-49c1-a6d1-6e1e54fe1678 | Context cleanup@openstack cleanup() started
2020-04-10 06:25:43.718 1333 RALLYDEBUG rally_openstack.cleanup.manager [-] Cleaning up cinder backups objects
2020-04-10 06:25:44.202 1333 RALLYDEBUG rally_openstack.cleanup.manager [-] Cleaning up cinder volume_snapshots objects
2020-04-10 06:25:45.085 1333 RALLYDEBUG rally_openstack.cleanup.manager [-] Cleaning up cinder transfers objects
2020-04-10 06:25:45.602 1333 RALLYDEBUG rally_openstack.cleanup.manager [-] Cleaning up cinder volumes objects
2020-04-10 06:25:46.404 1333 INFO rally.task.context [-] Task 5d972f25-35dd-49c1-a6d1-6e1e54fe1678 | Context cleanup@openstack cleanup() finished in 2.69 sec
2020-04-10 06:25:46.405 1333 INFO rally.task.context [-] Task 5d972f25-35dd-49c1-a6d1-6e1e54fe1678 | Context quotas@openstack cleanup() started
2020-04-10 06:25:46.497 1333 INFO rally.task.context [-] Task 5d972f25-35dd-49c1-a6d1-6e1e54fe1678 | Context quotas@openstack cleanup() finished in 92.79 msec
2020-04-10 06:25:46.498 1333 INFO rally.task.context [-] Task 5d972f25-35dd-49c1-a6d1-6e1e54fe1678 | Context api_versions@openstack cleanup() started
2020-04-10 06:25:46.498 1333 INFO rally.task.context [-] Task 5d972f25-35dd-49c1-a6d1-6e1e54fe1678 | Context api_versions@openstack cleanup() finished in 0.40 msec
2020-04-10 06:25:46.499 1333 INFO rally.task.context [-] Task 5d972f25-35dd-49c1-a6d1-6e1e54fe1678 | Context users@openstack cleanup() started
2020-04-10 06:25:46.723 1333 WARNING rally.common.logging [-] `iterate_per_tenants()' is deprecated in v3.0.0: it is openstack specific.. Used at
2020-04-10 06:25:49.630 1333 INFO rally.task.context [-] Task 5d972f25-35dd-49c1-a6d1-6e1e54fe1678 | Context users@openstack cleanup() finished in 3.13 sec
2020-04-10 06:25:50.831 1333 INFO rally.task.engine [-] Load duration is: 14.629343
2020-04-10 06:25:50.831 1333 INFO rally.task.engine [-] Full runner duration is: 14.672624
2020-04-10 06:25:50.832 1333 INFO rally.task.engine [-] Full duration is: 22.942067
2020-04-10 06:25:50.924 1333 INFO rally.task.engine [-] Running workload: position = 0 config = { "version": 2, "title": "A cropped version of a bigger task.", "description": "Auto-generated task from a single workload (uuid=77fa951f-0fe0-44df-a624-51afccf81717)", "subtasks": [ { "title": "CinderVolumes.create_and_extend_volume", "description": "Create and extend a volume and then delete it.", "scenario": { "CinderVolumes.create_and_extend_volume": { "new_size": 2, "size": 1 } }, "contexts": { "users": { "tenants": 3, "users_per_tenant": 2 }, "quotas": { "cinder": { "gigabytes": -1, "snapshots": -1, "volumes": -1 } }, "api_versions": { "cinder": { "version": 3, "service_type": "volumev3" } } }, "runner": { "constant": { "concurrency": 4, "times": 10 } }, "hooks": [], "sla": { "failure_rate": { "max": 0 } } } ] }
2020-04-10 06:25:50.943 1333 RALLYDEBUG rally_openstack.contexts.keystone.users [-] Creating 3 tenants using 3 threads
2020-04-10 06:25:51.510 1333 RALLYDEBUG rally_openstack.contexts.keystone.users [-] Creating 6 users using 6 threads
2020-04-10 06:25:52.598 1333 INFO rally.task.context [-] Task 5d972f25-35dd-49c1-a6d1-6e1e54fe1678 | Context users@openstack setup() finished in 1.65 sec
2020-04-10 06:25:52.728 1333 INFO rally.task.context [-] Task 5d972f25-35dd-49c1-a6d1-6e1e54fe1678 | Context api_versions@openstack setup() finished in 0.13 sec
2020-04-10 06:25:53.426 1333 INFO rally.task.context [-] Task 5d972f25-35dd-49c1-a6d1-6e1e54fe1678 | Context quotas@openstack setup() finished in 0.70 sec
2020-04-10 06:25:53.426 1333 INFO rally.task.context [-] Task 5d972f25-35dd-49c1-a6d1-6e1e54fe1678 | Context cleanup@openstack setup() finished in 0.01 msec
2020-04-10 06:25:53.435 1333 RALLYDEBUG rally.task.runner [-] Starting the constant runner (task UUID: 5d972f25-35dd-49c1-a6d1-6e1e54fe1678). times: 10 concurrency: 4 timeout: 0 max_cpu_used: 88 processes_to_start: 4 concurrency_per_worker: 1 concurrency_overhead: 0
2020-04-10 06:25:53.447 3710 RALLYDEBUG rally.task.runner [-] Starting a worker. times: 10 duration: None concurrency: 1 timeout: 0 cls: method_name: run args: {"new_size": 2, "size": 1}
2020-04-10 06:25:53.450 3711 RALLYDEBUG rally.task.runner [-] Starting a worker. times: 10 duration: None concurrency: 1 timeout: 0 cls: method_name: run args: {"new_size": 2, "size": 1}
2020-04-10 06:25:53.453 3712 RALLYDEBUG rally.task.runner [-] Starting a worker. times: 10 duration: None concurrency: 1 timeout: 0 cls: method_name: run args: {"new_size": 2, "size": 1}
2020-04-10 06:25:53.453 3710 INFO rally.task.runner [-] Task 5d972f25-35dd-49c1-a6d1-6e1e54fe1678 | ITER: 1 START
2020-04-10 06:25:53.455 3713 RALLYDEBUG rally.task.runner [-] Starting a worker. times: 10 duration: None concurrency: 1 timeout: 0 cls: method_name: run args: {"new_size": 2, "size": 1}
2020-04-10 06:25:53.458 3711 INFO rally.task.runner [-] Task 5d972f25-35dd-49c1-a6d1-6e1e54fe1678 | ITER: 2 START
2020-04-10 06:25:53.458 3712 INFO rally.task.runner [-] Task 5d972f25-35dd-49c1-a6d1-6e1e54fe1678 | ITER: 3 START
2020-04-10 06:25:53.461 3713 INFO rally.task.runner [-] Task 5d972f25-35dd-49c1-a6d1-6e1e54fe1678 | ITER: 4 START
2020-04-10 06:25:56.398 3713 RALLYDEBUG rally.task.utils [-] Waiting for resource s_rally_77fa951f_RXAN1ZvA. Status changed: AVAILABLE => EXTENDING in 0.07502317428588867
2020-04-10 06:25:56.446 3711 RALLYDEBUG rally.task.utils [-] Waiting for resource s_rally_77fa951f_xjppsolS. Status changed: AVAILABLE => EXTENDING in 0.08043313026428223
2020-04-10 06:25:56.550 3710 RALLYDEBUG rally.task.utils [-] Waiting for resource s_rally_77fa951f_2yBZjaaB. Status changed: AVAILABLE => EXTENDING in 0.07176995277404785
2020-04-10 06:25:57.628 3712 RALLYDEBUG rally.task.utils [-] Waiting for resource s_rally_77fa951f_LcOn0R3F. Status changed: AVAILABLE => EXTENDING in 0.29540109634399414
2020-04-10 06:25:58.478 3713 RALLYDEBUG rally.task.utils [-] Waiting for resource s_rally_77fa951f_RXAN1ZvA. Status changed: EXTENDING => AVAILABLE in 2.0798909664154053
2020-04-10 06:25:58.543 3711 RALLYDEBUG rally.task.utils [-] Waiting for resource s_rally_77fa951f_xjppsolS. Status changed: EXTENDING => AVAILABLE in 2.096215009689331
2020-04-10 06:25:58.623 3710 RALLYDEBUG rally.task.utils [-] Waiting for resource s_rally_77fa951f_2yBZjaaB. Status changed: EXTENDING => AVAILABLE in 2.073061466217041
2020-04-10 06:25:58.660 3713 RALLYDEBUG rally.task.utils [-] Waiting for resource s_rally_77fa951f_RXAN1ZvA. Status changed: AVAILABLE => DELETING in 0.0778193473815918
2020-04-10 06:25:58.697 3711 RALLYDEBUG rally.task.utils [-] Waiting for resource s_rally_77fa951f_xjppsolS. Status changed: AVAILABLE => DELETING in 0.08062338829040527
2020-04-10 06:25:58.786 3710 RALLYDEBUG rally.task.utils [-] Waiting for resource s_rally_77fa951f_2yBZjaaB. Status changed: AVAILABLE => DELETING in 0.0719296932220459
2020-04-10 06:25:59.707 3712 RALLYDEBUG rally.task.utils [-] Waiting for resource s_rally_77fa951f_LcOn0R3F. Status changed: EXTENDING => AVAILABLE in 2.0788533687591553
2020-04-10 06:25:59.863 3712 RALLYDEBUG rally.task.utils [-] Waiting for resource s_rally_77fa951f_LcOn0R3F. Status changed: AVAILABLE => DELETING in 0.08172082901000977
2020-04-10 06:26:00.742 3713 INFO rally.task.runner [-] Task 5d972f25-35dd-49c1-a6d1-6e1e54fe1678 | ITER: 4 END: OK
2020-04-10 06:26:00.747 3713 INFO rally.task.runner [-] Task 5d972f25-35dd-49c1-a6d1-6e1e54fe1678 | ITER: 5 START
2020-04-10 06:26:00.752 3711 INFO rally.task.runner [-] Task 5d972f25-35dd-49c1-a6d1-6e1e54fe1678 | ITER: 2 END: OK
2020-04-10 06:26:00.757 3711 INFO rally.task.runner [-] Task 5d972f25-35dd-49c1-a6d1-6e1e54fe1678 | ITER: 6 START
2020-04-10 06:26:00.846 3710 INFO rally.task.runner [-] Task 5d972f25-35dd-49c1-a6d1-6e1e54fe1678 | ITER: 1 END: OK
2020-04-10 06:26:00.851 3710 INFO rally.task.runner [-] Task 5d972f25-35dd-49c1-a6d1-6e1e54fe1678 | ITER: 7 START
2020-04-10 06:26:01.915 3712 INFO rally.task.runner [-] Task 5d972f25-35dd-49c1-a6d1-6e1e54fe1678 | ITER: 3 END: OK
2020-04-10 06:26:01.918 3712 INFO rally.task.runner [-] Task 5d972f25-35dd-49c1-a6d1-6e1e54fe1678 | ITER: 8 START
2020-04-10 06:26:03.568 3713 RALLYDEBUG rally.task.utils [-] Waiting for resource s_rally_77fa951f_8NIL3J53. Status changed: AVAILABLE => EXTENDING in 0.07448220252990723
2020-04-10 06:26:03.697 3711 RALLYDEBUG rally.task.utils [-] Waiting for resource s_rally_77fa951f_31CxJ3am. Status changed: AVAILABLE => EXTENDING in 0.08240675926208496
2020-04-10 06:26:03.712 3710 RALLYDEBUG rally.task.utils [-] Waiting for resource s_rally_77fa951f_cfDZljh4. Status changed: AVAILABLE => EXTENDING in 0.08570623397827148
2020-04-10 06:26:04.729 3712 RALLYDEBUG rally.task.utils [-] Waiting for resource s_rally_77fa951f_mswBAROY. Status changed: AVAILABLE => EXTENDING in 0.07576131820678711
2020-04-10 06:26:05.658 3713 RALLYDEBUG rally.task.utils [-] Waiting for resource s_rally_77fa951f_8NIL3J53. Status changed: EXTENDING => AVAILABLE in 2.0897059440612793
2020-04-10 06:26:05.774 3711 RALLYDEBUG rally.task.utils [-] Waiting for resource s_rally_77fa951f_31CxJ3am. Status changed: EXTENDING => AVAILABLE in 2.077288866043091
2020-04-10 06:26:05.791 3710 RALLYDEBUG rally.task.utils [-] Waiting for resource s_rally_77fa951f_cfDZljh4. Status changed: EXTENDING => AVAILABLE in 2.0790164470672607
2020-04-10 06:26:05.818 3713 RALLYDEBUG rally.task.utils [-] Waiting for resource s_rally_77fa951f_8NIL3J53. Status changed: AVAILABLE => DELETING in 0.07834672927856445
2020-04-10 06:26:05.937 3711 RALLYDEBUG rally.task.utils [-] Waiting for resource s_rally_77fa951f_31CxJ3am. Status changed: AVAILABLE => DELETING in 0.08344292640686035
2020-04-10 06:26:05.959 3710 RALLYDEBUG rally.task.utils [-] Waiting for resource s_rally_77fa951f_cfDZljh4. Status changed: AVAILABLE => DELETING in 0.07530784606933594
2020-04-10 06:26:06.807 3712 RALLYDEBUG rally.task.utils [-] Waiting for resource s_rally_77fa951f_mswBAROY. Status changed: EXTENDING => AVAILABLE in 2.078200101852417
2020-04-10 06:26:06.973 3712 RALLYDEBUG rally.task.utils [-] Waiting for resource s_rally_77fa951f_mswBAROY. Status changed: AVAILABLE => DELETING in 0.09388875961303711
2020-04-10 06:26:07.878 3713 INFO rally.task.runner [-] Task 5d972f25-35dd-49c1-a6d1-6e1e54fe1678 | ITER: 5 END: OK
2020-04-10 06:26:07.882 3713 INFO rally.task.runner [-] Task 5d972f25-35dd-49c1-a6d1-6e1e54fe1678 | ITER: 9 START
2020-04-10 06:26:07.992 3711 INFO rally.task.runner [-] Task 5d972f25-35dd-49c1-a6d1-6e1e54fe1678 | ITER: 6 END: OK
2020-04-10 06:26:07.996 3711 INFO rally.task.runner [-] Task 5d972f25-35dd-49c1-a6d1-6e1e54fe1678 | ITER: 10 START
2020-04-10 06:26:08.013 3710 INFO rally.task.runner [-] Task 5d972f25-35dd-49c1-a6d1-6e1e54fe1678 | ITER: 7 END: OK
2020-04-10 06:26:09.025 3712 INFO rally.task.runner [-] Task 5d972f25-35dd-49c1-a6d1-6e1e54fe1678 | ITER: 8 END: OK
2020-04-10 06:26:10.669 3713 RALLYDEBUG rally.task.utils [-] Waiting for resource s_rally_77fa951f_FhXp2VqU. Status changed: AVAILABLE => EXTENDING in 0.06794905662536621
2020-04-10 06:26:10.855 3711 RALLYDEBUG rally.task.utils [-] Waiting for resource s_rally_77fa951f_XFz8Yx2v. Status changed: AVAILABLE => EXTENDING in 0.07448649406433105
2020-04-10 06:26:12.755 3713 RALLYDEBUG rally.task.utils [-] Waiting for resource s_rally_77fa951f_FhXp2VqU. Status changed: EXTENDING => AVAILABLE in 2.0860064029693604
2020-04-10 06:26:12.947 3713 RALLYDEBUG rally.task.utils [-] Waiting for resource s_rally_77fa951f_FhXp2VqU. Status changed: AVAILABLE => DELETING in 0.08336210250854492
2020-04-10 06:26:12.951 3711 RALLYDEBUG rally.task.utils [-] Waiting for resource s_rally_77fa951f_XFz8Yx2v. Status changed: EXTENDING => AVAILABLE in 2.0960235595703125
2020-04-10 06:26:13.134 3711 RALLYDEBUG rally.task.utils [-] Waiting for resource s_rally_77fa951f_XFz8Yx2v. Status changed: AVAILABLE => DELETING in 0.07744693756103516
2020-04-10 06:26:15.001 3713 INFO rally.task.runner [-] Task 5d972f25-35dd-49c1-a6d1-6e1e54fe1678 | ITER: 9 END: OK
2020-04-10 06:26:15.191 3711 INFO rally.task.runner [-] Task 5d972f25-35dd-49c1-a6d1-6e1e54fe1678 | ITER: 10 END: OK
2020-04-10 06:26:15.220 1333 INFO rally.task.context [-] Task 5d972f25-35dd-49c1-a6d1-6e1e54fe1678 | Context cleanup@openstack cleanup() started
2020-04-10 06:26:15.230 1333 RALLYDEBUG rally_openstack.cleanup.manager [-] Cleaning up cinder backups objects
2020-04-10 06:26:15.730 1333 RALLYDEBUG rally_openstack.cleanup.manager [-] Cleaning up cinder volume_snapshots objects
2020-04-10 06:26:16.198 1333 RALLYDEBUG rally_openstack.cleanup.manager [-] Cleaning up cinder transfers objects
2020-04-10 06:26:16.642 1333 RALLYDEBUG rally_openstack.cleanup.manager [-] Cleaning up cinder volumes objects
2020-04-10 06:26:17.218 1333 INFO rally.task.context [-] Task 5d972f25-35dd-49c1-a6d1-6e1e54fe1678 | Context cleanup@openstack cleanup() finished in 2.00 sec
2020-04-10 06:26:17.219 1333 INFO rally.task.context [-] Task 5d972f25-35dd-49c1-a6d1-6e1e54fe1678 | Context quotas@openstack cleanup() started
2020-04-10 06:26:17.318 1333 INFO rally.task.context [-] Task 5d972f25-35dd-49c1-a6d1-6e1e54fe1678 | Context quotas@openstack cleanup() finished in 98.64 msec
2020-04-10 06:26:17.318 1333 INFO rally.task.context [-] Task 5d972f25-35dd-49c1-a6d1-6e1e54fe1678 | Context api_versions@openstack cleanup() started
2020-04-10 06:26:17.319 1333 INFO rally.task.context [-] Task 5d972f25-35dd-49c1-a6d1-6e1e54fe1678 | Context api_versions@openstack cleanup() finished in 0.40 msec
2020-04-10 06:26:17.319 1333 INFO rally.task.context [-] Task 5d972f25-35dd-49c1-a6d1-6e1e54fe1678 | Context users@openstack cleanup() started
2020-04-10 06:26:17.467 1333 WARNING rally.common.logging [-] `iterate_per_tenants()' is deprecated in v3.0.0: it is openstack specific.. Used at
2020-04-10 06:26:20.266 1333 INFO rally.task.context [-] Task 5d972f25-35dd-49c1-a6d1-6e1e54fe1678 | Context users@openstack cleanup() finished in 2.95 sec
2020-04-10 06:26:21.125 1333 INFO rally.task.engine [-] Load duration is: 21.733612
2020-04-10 06:26:21.125 1333 INFO rally.task.engine [-] Full runner duration is: 21.784625
2020-04-10 06:26:21.125 1333 INFO rally.task.engine [-] Full duration is: 29.325517
2020-04-10 06:26:21.229 1333 INFO rally.task.engine [-] Running workload: position = 0 config = { "version": 2, "title": "A cropped version of a bigger task.", "description": "Auto-generated task from a single workload (uuid=6f87c4c8-629b-4e43-b80b-4373f529fa2e)", "subtasks": [ { "title": "CinderVolumes.create_from_volume_and_delete_volume", "description": "Create volume from volume and then delete it.", "scenario": { "CinderVolumes.create_from_volume_and_delete_volume": { "size": 1 } }, "contexts": { "users": { "tenants": 3, "users_per_tenant": 2 }, "quotas": { "cinder": { "gigabytes": -1, "snapshots": -1, "volumes": -1 } }, "api_versions": { "cinder": { "version": 3, "service_type": "volumev3" } }, "volumes": { "size": 1, "volumes_per_tenant": 1 } }, "runner": { "constant": { "concurrency": 4, "times": 10 } }, "hooks": [], "sla": { "failure_rate": { "max": 0 } } } ] }
2020-04-10 06:26:21.258 1333 RALLYDEBUG rally_openstack.contexts.keystone.users [-] Creating 3 tenants using 3 threads
2020-04-10 06:26:21.789 1333 RALLYDEBUG rally_openstack.contexts.keystone.users [-] Creating 6 users using 6 threads
2020-04-10 06:26:22.850 1333 INFO rally.task.context [-] Task 5d972f25-35dd-49c1-a6d1-6e1e54fe1678 | Context users@openstack setup() finished in 1.59 sec
2020-04-10 06:26:22.983 1333 INFO rally.task.context [-] Task 5d972f25-35dd-49c1-a6d1-6e1e54fe1678 | Context api_versions@openstack setup() finished in 0.13 sec
2020-04-10 06:26:23.704 1333 INFO rally.task.context [-] Task 5d972f25-35dd-49c1-a6d1-6e1e54fe1678 | Context quotas@openstack setup() finished in 0.72 sec
2020-04-10 06:26:23.705 1333 WARNING rally.common.logging [-] `iterate_per_tenants()' is deprecated in v3.0.0: it is openstack specific.. Used at
2020-04-10 06:26:31.854 1333 INFO rally.task.context [-] Task 5d972f25-35dd-49c1-a6d1-6e1e54fe1678 | Context volumes@openstack setup() finished in 8.15 sec
2020-04-10 06:26:31.855 1333 INFO rally.task.context [-] Task 5d972f25-35dd-49c1-a6d1-6e1e54fe1678 | Context cleanup@openstack setup() finished in 0.04 msec
2020-04-10 06:26:31.864 1333 RALLYDEBUG rally.task.runner [-] Starting the constant runner (task UUID: 5d972f25-35dd-49c1-a6d1-6e1e54fe1678). times: 10 concurrency: 4 timeout: 0 max_cpu_used: 88 processes_to_start: 4 concurrency_per_worker: 1 concurrency_overhead: 0
2020-04-10 06:26:31.875 3863 RALLYDEBUG rally.task.runner [-] Starting a worker. times: 10 duration: None concurrency: 1 timeout: 0 cls: method_name: run args: {"size": 1}
2020-04-10 06:26:31.878 3864 RALLYDEBUG rally.task.runner [-] Starting a worker. times: 10 duration: None concurrency: 1 timeout: 0 cls: method_name: run args: {"size": 1}
2020-04-10 06:26:31.880 3865 RALLYDEBUG rally.task.runner [-] Starting a worker. times: 10 duration: None concurrency: 1 timeout: 0 cls: method_name: run args: {"size": 1}
2020-04-10 06:26:31.882 3863 INFO rally.task.runner [-] Task 5d972f25-35dd-49c1-a6d1-6e1e54fe1678 | ITER: 1 START
2020-04-10 06:26:31.883 3866 RALLYDEBUG rally.task.runner [-] Starting a worker. times: 10 duration: None concurrency: 1 timeout: 0 cls: method_name: run args: {"size": 1}
2020-04-10 06:26:31.886 3864 INFO rally.task.runner [-] Task 5d972f25-35dd-49c1-a6d1-6e1e54fe1678 | ITER: 2 START
2020-04-10 06:26:31.888 3865 INFO rally.task.runner [-] Task 5d972f25-35dd-49c1-a6d1-6e1e54fe1678 | ITER: 3 START
2020-04-10 06:26:31.889 3866 INFO rally.task.runner [-] Task 5d972f25-35dd-49c1-a6d1-6e1e54fe1678 | ITER: 4 START
2020-04-10 06:26:34.729 3863 RALLYDEBUG rally.task.utils [-] Waiting for resource s_rally_6f87c4c8_m3dCLnxD. Status changed: AVAILABLE => DELETING in 0.07398128509521484
2020-04-10 06:26:34.751 3866 RALLYDEBUG rally.task.utils [-] Waiting for resource s_rally_6f87c4c8_ULWuRpFq. Status changed: AVAILABLE => DELETING in 0.06395363807678223
2020-04-10 06:26:36.661 3865 RALLYDEBUG rally.task.utils [-] Waiting for resource s_rally_6f87c4c8_6HDYFbFg. Status changed: CREATING => AVAILABLE in 2.217381477355957
2020-04-10 06:26:36.682 3864 RALLYDEBUG rally.task.utils [-] Waiting for resource s_rally_6f87c4c8_kT5mRPV1. Status changed: CREATING => AVAILABLE in 2.2275004386901855
2020-04-10 06:26:36.781 3863 INFO rally.task.runner [-] Task 5d972f25-35dd-49c1-a6d1-6e1e54fe1678 | ITER: 1 END: OK
2020-04-10 06:26:36.785 3863 INFO rally.task.runner [-] Task 5d972f25-35dd-49c1-a6d1-6e1e54fe1678 | ITER: 5 START
2020-04-10 06:26:36.810 3866 INFO rally.task.runner [-] Task 5d972f25-35dd-49c1-a6d1-6e1e54fe1678 | ITER: 4 END: OK
2020-04-10 06:26:36.815 3866 INFO rally.task.runner [-] Task 5d972f25-35dd-49c1-a6d1-6e1e54fe1678 | ITER: 6 START
2020-04-10 06:26:36.838 3865 RALLYDEBUG rally.task.utils [-] Waiting for resource s_rally_6f87c4c8_6HDYFbFg. Status changed: AVAILABLE => DELETING in 0.07735395431518555
2020-04-10 06:26:36.858 3864 RALLYDEBUG rally.task.utils [-] Waiting for resource s_rally_6f87c4c8_kT5mRPV1. Status changed: AVAILABLE => DELETING in 0.07416629791259766
2020-04-10 06:26:39.663 3863 RALLYDEBUG rally.task.utils [-] Waiting for resource s_rally_6f87c4c8_kYmdzW5y. Status changed: AVAILABLE => DELETING in 0.07566666603088379
2020-04-10 06:26:40.968 3865 INFO rally.task.runner [-] Task 5d972f25-35dd-49c1-a6d1-6e1e54fe1678 | ITER: 3 END: OK
2020-04-10 06:26:40.973 3865 INFO rally.task.runner [-] Task 5d972f25-35dd-49c1-a6d1-6e1e54fe1678 | ITER: 7 START
2020-04-10 06:26:41.020 3864 INFO rally.task.runner [-] Task 5d972f25-35dd-49c1-a6d1-6e1e54fe1678 | ITER: 2 END: OK
2020-04-10 06:26:41.025 3864 INFO rally.task.runner [-] Task 5d972f25-35dd-49c1-a6d1-6e1e54fe1678 | ITER: 8 START
2020-04-10 06:26:41.521 3866 RALLYDEBUG rally.task.utils [-] Waiting for resource s_rally_6f87c4c8_2rjKelfZ. Status changed: CREATING => AVAILABLE in 2.216857671737671
2020-04-10 06:26:41.684 3866 RALLYDEBUG rally.task.utils [-] Waiting for resource s_rally_6f87c4c8_2rjKelfZ. Status changed: AVAILABLE => DELETING in 0.0619044303894043
2020-04-10 06:26:41.736 3863 INFO rally.task.runner [-] Task 5d972f25-35dd-49c1-a6d1-6e1e54fe1678 | ITER: 5 END: OK
2020-04-10 06:26:41.740 3863 INFO rally.task.runner [-] Task 5d972f25-35dd-49c1-a6d1-6e1e54fe1678 | ITER: 9 START
2020-04-10 06:26:43.824 3864 RALLYDEBUG rally.task.utils [-] Waiting for resource s_rally_6f87c4c8_SE8qlvdh. Status changed: AVAILABLE => DELETING in 0.072723388671875
2020-04-10 06:26:44.810 3863 RALLYDEBUG rally.task.utils [-] Waiting for resource s_rally_6f87c4c8_FJdFvbgP. Status changed: AVAILABLE => DELETING in 0.06006145477294922
2020-04-10 06:26:45.819 3866 INFO rally.task.runner [-] Task 5d972f25-35dd-49c1-a6d1-6e1e54fe1678 | ITER: 6 END: OK
2020-04-10 06:26:45.823 3866 INFO rally.task.runner [-] Task 5d972f25-35dd-49c1-a6d1-6e1e54fe1678 | ITER: 10 START
2020-04-10 06:26:45.876 3864 INFO rally.task.runner [-] Task 5d972f25-35dd-49c1-a6d1-6e1e54fe1678 | ITER: 8 END: OK
2020-04-10 06:26:46.105 3865 RALLYDEBUG rally.task.utils [-] Waiting for resource s_rally_6f87c4c8_fD0glzP2. Status changed: CREATING => AVAILABLE in 2.479031801223755
2020-04-10 06:26:46.251 3865 RALLYDEBUG rally.task.utils [-] Waiting for resource s_rally_6f87c4c8_fD0glzP2. Status changed: AVAILABLE => DELETING in 0.07267117500305176
2020-04-10 06:26:46.857 3863 INFO rally.task.runner [-] Task 5d972f25-35dd-49c1-a6d1-6e1e54fe1678 | ITER: 9 END: OK
2020-04-10 06:26:48.302 3865 INFO rally.task.runner [-] Task 5d972f25-35dd-49c1-a6d1-6e1e54fe1678 | ITER: 7 END: OK
2020-04-10 06:26:48.679 3866 RALLYDEBUG rally.task.utils [-] Waiting for resource s_rally_6f87c4c8_dafrmmwB. Status changed: AVAILABLE => DELETING in 0.07559037208557129
2020-04-10 06:26:50.731 3866 INFO rally.task.runner [-] Task 5d972f25-35dd-49c1-a6d1-6e1e54fe1678 | ITER: 10 END: OK
2020-04-10 06:26:50.762 1333 INFO rally.task.context [-] Task 5d972f25-35dd-49c1-a6d1-6e1e54fe1678 | Context cleanup@openstack cleanup() started
2020-04-10 06:26:50.767 1333 RALLYDEBUG rally_openstack.cleanup.manager [-] Cleaning up cinder backups objects
2020-04-10 06:26:51.244 1333 RALLYDEBUG rally_openstack.cleanup.manager [-] Cleaning up cinder volume_snapshots objects
2020-04-10 06:26:51.707 1333 RALLYDEBUG rally_openstack.cleanup.manager [-] Cleaning up cinder transfers objects
2020-04-10 06:26:52.144 1333 RALLYDEBUG rally_openstack.cleanup.manager [-] Cleaning up cinder volumes objects
2020-04-10 06:26:52.766 1333 INFO rally.task.context [-] Task 5d972f25-35dd-49c1-a6d1-6e1e54fe1678 | Context cleanup@openstack cleanup() finished in 2.00 sec
2020-04-10 06:26:52.767 1333 INFO rally.task.context [-] Task 5d972f25-35dd-49c1-a6d1-6e1e54fe1678 | Context volumes@openstack cleanup() started
2020-04-10 06:26:52.768 1333 RALLYDEBUG rally_openstack.cleanup.manager [-] Cleaning up cinder volumes objects
2020-04-10 06:26:53.346 1333 RALLYDEBUG rally_openstack.cleanup.manager [-] Deleting cinder.volumes object c_rally_6f87c4c8_NMxWUMb2 (1a6bcc29-a2ac-4751-87b7-ac97090d9e9c)
2020-04-10 06:26:53.355 1333 RALLYDEBUG rally_openstack.cleanup.manager [-] Deleting cinder.volumes object c_rally_6f87c4c8_yP5mor9b (930e3c7e-0617-4369-988a-54d97121d180)
2020-04-10 06:26:53.363 1333 RALLYDEBUG rally_openstack.cleanup.manager [-] Deleting cinder.volumes object c_rally_6f87c4c8_nTVE7W1C (8732fad9-054e-458a-933b-3f82067334ba)
2020-04-10 06:26:55.945 1333 INFO rally.task.context [-] Task 5d972f25-35dd-49c1-a6d1-6e1e54fe1678 | Context volumes@openstack cleanup() finished in 3.18 sec
2020-04-10 06:26:55.946 1333 INFO rally.task.context [-] Task 5d972f25-35dd-49c1-a6d1-6e1e54fe1678 | Context quotas@openstack cleanup() started
2020-04-10 06:26:56.049 1333 INFO rally.task.context [-] Task 5d972f25-35dd-49c1-a6d1-6e1e54fe1678 | Context quotas@openstack cleanup() finished in 0.10 sec
2020-04-10 06:26:56.050 1333 INFO rally.task.context [-] Task 5d972f25-35dd-49c1-a6d1-6e1e54fe1678 | Context api_versions@openstack cleanup() started
2020-04-10 06:26:56.051 1333 INFO rally.task.context [-] Task 5d972f25-35dd-49c1-a6d1-6e1e54fe1678 | Context api_versions@openstack cleanup() finished in 0.37 msec
2020-04-10 06:26:56.051 1333 INFO rally.task.context [-] Task 5d972f25-35dd-49c1-a6d1-6e1e54fe1678 | Context users@openstack cleanup() started
2020-04-10 06:26:56.184 1333 WARNING rally.common.logging [-] `iterate_per_tenants()' is deprecated in v3.0.0: it is openstack specific.. Used at
2020-04-10 06:27:00.064 1333 INFO rally.task.context [-] Task 5d972f25-35dd-49c1-a6d1-6e1e54fe1678 | Context users@openstack cleanup() finished in 4.01 sec
2020-04-10 06:27:01.482 1333 INFO rally.task.engine [-] Load duration is: 18.843714
2020-04-10 06:27:01.483 1333 INFO rally.task.engine [-] Full runner duration is: 18.898452
2020-04-10 06:27:01.483 1333 INFO rally.task.engine [-] Full duration is: 38.810858
2020-04-10 06:27:01.581 1333 INFO rally.task.engine [-] Running workload: position = 0 config = { "version": 2, "title": "A cropped version of a bigger task.", "description": "Auto-generated task from a single workload (uuid=1d48ed50-534c-4d86-88a4-962287faa691)", "subtasks": [ { "title": "CinderQos.create_and_get_qos", "description": "Create a qos, then get details of the qos.", "scenario": { "CinderQos.create_and_get_qos": { "consumer": "both", "write_iops_sec": "10", "read_iops_sec": "1000" } }, "contexts": { "users": { "tenants": 3, "users_per_tenant": 2 }, "api_versions": { "cinder": { "version": 3, "service_type": "volumev3" } } }, "runner": { "constant": { "concurrency": 4, "times": 10 } }, "hooks": [], "sla": { "failure_rate": { "max": 0 } } } ] }
2020-04-10 06:27:01.604 1333 RALLYDEBUG rally_openstack.contexts.keystone.users [-] Creating 3 tenants using 3 threads
2020-04-10 06:27:02.078 1333 RALLYDEBUG rally_openstack.contexts.keystone.users [-] Creating 6 users using 6 threads
2020-04-10 06:27:03.044 1333 INFO rally.task.context [-] Task 5d972f25-35dd-49c1-a6d1-6e1e54fe1678 | Context users@openstack setup() finished in 1.44 sec
2020-04-10 06:27:03.161 1333 INFO rally.task.context [-] Task 5d972f25-35dd-49c1-a6d1-6e1e54fe1678 | Context api_versions@openstack setup() finished in 0.12 sec
2020-04-10 06:27:03.161 1333 INFO rally.task.context [-] Task 5d972f25-35dd-49c1-a6d1-6e1e54fe1678 | Context admin_cleanup@openstack setup() finished in 0.01 msec
2020-04-10 06:27:03.171 1333 RALLYDEBUG rally.task.runner [-] Starting the constant runner (task UUID: 5d972f25-35dd-49c1-a6d1-6e1e54fe1678). times: 10 concurrency: 4 timeout: 0 max_cpu_used: 88 processes_to_start: 4 concurrency_per_worker: 1 concurrency_overhead: 0
2020-04-10 06:27:03.186 4036 RALLYDEBUG rally.task.runner [-] Starting a worker. times: 10 duration: None concurrency: 1 timeout: 0 cls: method_name: run args: {"consumer": "both", "write_iops_sec": "10", "read_iops_sec": "1000"}
2020-04-10 06:27:03.191 4037 RALLYDEBUG rally.task.runner [-] Starting a worker. times: 10 duration: None concurrency: 1 timeout: 0 cls: method_name: run args: {"consumer": "both", "write_iops_sec": "10", "read_iops_sec": "1000"}
2020-04-10 06:27:03.194 4036 INFO rally.task.runner [-] Task 5d972f25-35dd-49c1-a6d1-6e1e54fe1678 | ITER: 1 START
2020-04-10 06:27:03.194 4038 RALLYDEBUG rally.task.runner [-] Starting a worker. times: 10 duration: None concurrency: 1 timeout: 0 cls: method_name: run args: {"consumer": "both", "write_iops_sec": "10", "read_iops_sec": "1000"}
2020-04-10 06:27:03.198 4037 INFO rally.task.runner [-] Task 5d972f25-35dd-49c1-a6d1-6e1e54fe1678 | ITER: 2 START
2020-04-10 06:27:03.197 4039 RALLYDEBUG rally.task.runner [-] Starting a worker. times: 10 duration: None concurrency: 1 timeout: 0 cls: method_name: run args: {"consumer": "both", "write_iops_sec": "10", "read_iops_sec": "1000"}
2020-04-10 06:27:03.201 4038 INFO rally.task.runner [-] Task 5d972f25-35dd-49c1-a6d1-6e1e54fe1678 | ITER: 3 START
2020-04-10 06:27:03.205 4039 INFO rally.task.runner [-] Task 5d972f25-35dd-49c1-a6d1-6e1e54fe1678 | ITER: 4 START
2020-04-10 06:27:03.427 4038 INFO rally.task.runner [-] Task 5d972f25-35dd-49c1-a6d1-6e1e54fe1678 | ITER: 3 END: OK
2020-04-10 06:27:03.432 4038 INFO rally.task.runner [-] Task 5d972f25-35dd-49c1-a6d1-6e1e54fe1678 | ITER: 5 START
2020-04-10 06:27:03.435 4037 INFO rally.task.runner [-] Task 5d972f25-35dd-49c1-a6d1-6e1e54fe1678 | ITER: 2 END: OK
2020-04-10 06:27:03.441 4037 INFO rally.task.runner [-] Task 5d972f25-35dd-49c1-a6d1-6e1e54fe1678 | ITER: 6 START
2020-04-10 06:27:03.444 4036 INFO rally.task.runner [-] Task 5d972f25-35dd-49c1-a6d1-6e1e54fe1678 | ITER: 1 END: OK
2020-04-10 06:27:03.448 4036 INFO rally.task.runner [-] Task 5d972f25-35dd-49c1-a6d1-6e1e54fe1678 | ITER: 7 START
2020-04-10 06:27:03.457 4039 INFO rally.task.runner [-] Task 5d972f25-35dd-49c1-a6d1-6e1e54fe1678 | ITER: 4 END: OK
2020-04-10 06:27:03.462 4039 INFO rally.task.runner [-] Task 5d972f25-35dd-49c1-a6d1-6e1e54fe1678 | ITER: 8 START
2020-04-10 06:27:03.613 4038 INFO rally.task.runner [-] Task 5d972f25-35dd-49c1-a6d1-6e1e54fe1678 | ITER: 5 END: OK
2020-04-10 06:27:03.618 4038 INFO rally.task.runner [-] Task 5d972f25-35dd-49c1-a6d1-6e1e54fe1678 | ITER: 9 START
2020-04-10 06:27:03.625 4037 INFO rally.task.runner [-] Task 5d972f25-35dd-49c1-a6d1-6e1e54fe1678 | ITER: 6 END: OK
2020-04-10 06:27:03.629 4037 INFO rally.task.runner [-] Task 5d972f25-35dd-49c1-a6d1-6e1e54fe1678 | ITER: 10 START
