2020-04-10 06:43:55.432 9693 INFO rally.task.engine [-] Running workload: position = 0 config = { "version": 2, "title": "A cropped version of a bigger task.", "description": "Auto-generated task from a single workload (uuid=e23ac7f0-6e1e-45d9-9d95-21daf5efade4)", "subtasks": [ { "title": "NeutronNetworks.create_and_delete_subnets", "description": "Create and delete a given number of subnets.", "scenario": { "NeutronNetworks.create_and_delete_subnets": { "network_create_args": {}, "subnet_cidr_start": "1.1.0.0/30", "subnet_create_args": {}, "subnets_per_network": 1 } }, "contexts": { "users": { "tenants": 3, "users_per_tenant": 2 }, "network": { "router": {} }, "quotas": { "neutron": { "network": -1, "subnet": -1 } } }, "runner": { "constant": { "concurrency": 4, "times": 10 } }, "hooks": [], "sla": { "failure_rate": { "max": 0 } } } ] }
2020-04-10 06:43:55.456 9693 RALLYDEBUG rally_openstack.contexts.keystone.users [-] Creating 3 tenants using 3 threads
2020-04-10 06:43:56.010 9693 RALLYDEBUG rally_openstack.contexts.keystone.users [-] Creating 6 users using 6 threads
2020-04-10 06:43:56.876 9693 INFO rally.task.context [-] Task 4fc1d6ad-9536-401e-86ca-6cc42fc4b6d1 | Context users@openstack setup() finished in 1.42 sec
2020-04-10 06:43:57.262 9693 INFO rally.task.context [-] Task 4fc1d6ad-9536-401e-86ca-6cc42fc4b6d1 | Context quotas@openstack setup() finished in 0.39 sec
2020-04-10 06:43:57.320 9693 WARNING rally.common.logging [-] `iterate_per_tenants()' is deprecated in v3.0.0: it is openstack specific.. Used at
2020-04-10 06:43:58.305 9693 RALLYDEBUG rally_openstack.wrappers.network [-] CIDR generated: 10.2.36.0/24
2020-04-10 06:44:00.848 9693 RALLYDEBUG rally_openstack.wrappers.network [-] CIDR generated: 10.2.37.0/24
2020-04-10 06:44:02.577 9693 RALLYDEBUG rally_openstack.wrappers.network [-] CIDR generated: 10.2.38.0/24
2020-04-10 06:44:03.472 9693 INFO rally.task.context [-] Task 4fc1d6ad-9536-401e-86ca-6cc42fc4b6d1 | Context network@openstack setup() finished in 6.21 sec
2020-04-10 06:44:03.472 9693 INFO rally.task.context [-] Task 4fc1d6ad-9536-401e-86ca-6cc42fc4b6d1 | Context cleanup@openstack setup() finished in 0.02 msec
2020-04-10 06:44:03.479 9693 RALLYDEBUG rally.task.runner [-] Starting the constant runner (task UUID: 4fc1d6ad-9536-401e-86ca-6cc42fc4b6d1). times: 10 concurrency: 4 timeout: 0 max_cpu_used: 88 processes_to_start: 4 concurrency_per_worker: 1 concurrency_overhead: 0
2020-04-10 06:44:03.490 11799 RALLYDEBUG rally.task.runner [-] Starting a worker. times: 10 duration: None concurrency: 1 timeout: 0 cls: method_name: run args: {"network_create_args": {}, "subnet_cidr_start": "1.1.0.0/30", "subnet_create_args": {}, "subnets_per_network": 1}
2020-04-10 06:44:03.492 11800 RALLYDEBUG rally.task.runner [-] Starting a worker. times: 10 duration: None concurrency: 1 timeout: 0 cls: method_name: run args: {"network_create_args": {}, "subnet_cidr_start": "1.1.0.0/30", "subnet_create_args": {}, "subnets_per_network": 1}
2020-04-10 06:44:03.494 11801 RALLYDEBUG rally.task.runner [-] Starting a worker. times: 10 duration: None concurrency: 1 timeout: 0 cls: method_name: run args: {"network_create_args": {}, "subnet_cidr_start": "1.1.0.0/30", "subnet_create_args": {}, "subnets_per_network": 1}
2020-04-10 06:44:03.497 11800 INFO rally.task.runner [-] Task 4fc1d6ad-9536-401e-86ca-6cc42fc4b6d1 | ITER: 2 START
2020-04-10 06:44:03.497 11802 RALLYDEBUG rally.task.runner [-] Starting a worker. times: 10 duration: None concurrency: 1 timeout: 0 cls: method_name: run args: {"network_create_args": {}, "subnet_cidr_start": "1.1.0.0/30", "subnet_create_args": {}, "subnets_per_network": 1}
2020-04-10 06:44:03.498 11799 INFO rally.task.runner [-] Task 4fc1d6ad-9536-401e-86ca-6cc42fc4b6d1 | ITER: 1 START
2020-04-10 06:44:03.500 11800 RALLYDEBUG rally_openstack.wrappers.network [-] CIDR generated: 1.1.0.156/30
2020-04-10 06:44:03.500 11799 RALLYDEBUG rally_openstack.wrappers.network [-] CIDR generated: 1.1.0.160/30
2020-04-10 06:44:03.500 11801 INFO rally.task.runner [-] Task 4fc1d6ad-9536-401e-86ca-6cc42fc4b6d1 | ITER: 3 START
2020-04-10 06:44:03.503 11801 RALLYDEBUG rally_openstack.wrappers.network [-] CIDR generated: 1.1.0.164/30
2020-04-10 06:44:03.504 11802 INFO rally.task.runner [-] Task 4fc1d6ad-9536-401e-86ca-6cc42fc4b6d1 | ITER: 4 START
2020-04-10 06:44:03.506 11802 RALLYDEBUG rally_openstack.wrappers.network [-] CIDR generated: 1.1.0.168/30
2020-04-10 06:44:07.800 11799 INFO rally.task.runner [-] Task 4fc1d6ad-9536-401e-86ca-6cc42fc4b6d1 | ITER: 1 END: OK
2020-04-10 06:44:07.806 11799 INFO rally.task.runner [-] Task 4fc1d6ad-9536-401e-86ca-6cc42fc4b6d1 | ITER: 5 START
2020-04-10 06:44:07.807 11799 RALLYDEBUG rally_openstack.wrappers.network [-] CIDR generated: 1.1.0.172/30
2020-04-10 06:44:08.463 11800 INFO rally.task.runner [-] Task 4fc1d6ad-9536-401e-86ca-6cc42fc4b6d1 | ITER: 2 END: OK
2020-04-10 06:44:08.469 11800 INFO rally.task.runner [-] Task 4fc1d6ad-9536-401e-86ca-6cc42fc4b6d1 | ITER: 6 START
2020-04-10 06:44:08.471 11800 RALLYDEBUG rally_openstack.wrappers.network [-] CIDR generated: 1.1.0.176/30
2020-04-10 06:44:08.894 11801 DEBUG neutronclient.v2_0.client [-] Error message: {"NeutronError": {"type": "SubnetNotFound", "message": "Subnet 95773add-d573-4fea-a7a6-f338826081ff could not be found.", "detail": ""}} _handle_fault_response /usr/lib/python3.7/site-packages/neutronclient/v2_0/client.py:259
2020-04-10 06:44:08.902 11801 ERROR rally.task.runner [-] Iteration 3 raised Exception: neutronclient.common.exceptions.NotFound: Subnet 95773add-d573-4fea-a7a6-f338826081ff could not be found. Neutron server returns request_ids: ['req-914c6b29-0df3-4206-af2d-57d76f146813']
2020-04-10 06:44:08.902 11801 ERROR rally.task.runner
Traceback (most recent call last):
2020-04-10 06:44:08.902 11801 ERROR rally.task.runner
File "/usr/lib/python3.7/site-packages/rally/task/runner.py", line 69, in _run_scenario_once
2020-04-10 06:44:08.902 11801 ERROR rally.task.runner getattr(scenario_inst, method_name)(**scenario_kwargs)
2020-04-10 06:44:08.902 11801 ERROR rally.task.runner
File "/usr/lib/python3.7/site-packages/rally_openstack/scenarios/neutron/network.py", line 233, in run
2020-04-10 06:44:08.902 11801 ERROR rally.task.runner subnet_cidr_start, subnets_per_network)
2020-04-10 06:44:08.902 11801 ERROR rally.task.runner
File "/usr/lib/python3.7/site-packages/rally_openstack/scenarios/neutron/utils.py", line 344, in _create_subnets
2020-04-10 06:44:08.902 11801 ERROR rally.task.runner for i in range(subnets_per_network)]
2020-04-10 06:44:08.902 11801 ERROR rally.task.runner
File "/usr/lib/python3.7/site-packages/rally_openstack/scenarios/neutron/utils.py", line 344, in
2020-04-10 06:44:08.902 11801 ERROR rally.task.runner for i in range(subnets_per_network)]
2020-04-10 06:44:08.902 11801 ERROR rally.task.runner
File "/usr/lib/python3.7/site-packages/rally/task/atomic.py", line 91, in func_atomic_actions
2020-04-10 06:44:08.902 11801 ERROR rally.task.runner f = func(self, *args, **kwargs)
2020-04-10 06:44:08.902 11801 ERROR rally.task.runner
File "/usr/lib/python3.7/site-packages/rally_openstack/scenarios/neutron/utils.py", line 154, in _create_subnet
2020-04-10 06:44:08.902 11801 ERROR rally.task.runner {"subnet": subnet_create_args})
2020-04-10 06:44:08.902 11801 ERROR rally.task.runner
File "/usr/lib/python3.7/site-packages/neutronclient/v2_0/client.py", line 848, in create_subnet
2020-04-10 06:44:08.902 11801 ERROR rally.task.runner return self.post(self.subnets_path, body=body)
2020-04-10 06:44:08.902 11801 ERROR rally.task.runner
File "/usr/lib/python3.7/site-packages/neutronclient/v2_0/client.py", line 359, in post
2020-04-10 06:44:08.902 11801 ERROR rally.task.runner headers=headers, params=params)
2020-04-10 06:44:08.902 11801 ERROR rally.task.runner
File "/usr/lib/python3.7/site-packages/neutronclient/v2_0/client.py", line 294, in do_request
2020-04-10 06:44:08.902 11801 ERROR rally.task.runner self._handle_fault_response(status_code, replybody, resp)
2020-04-10 06:44:08.902 11801 ERROR rally.task.runner
File "/usr/lib/python3.7/site-packages/neutronclient/v2_0/client.py", line 269, in _handle_fault_response
2020-04-10 06:44:08.902 11801 ERROR rally.task.runner exception_handler_v20(status_code, error_body)
2020-04-10 06:44:08.902 11801 ERROR rally.task.runner
File "/usr/lib/python3.7/site-packages/neutronclient/v2_0/client.py", line 93, in exception_handler_v20
2020-04-10 06:44:08.902 11801 ERROR rally.task.runner request_ids=request_ids)
2020-04-10 06:44:08.902 11801 ERROR rally.task.runner neutronclient.common.exceptions.NotFound: Subnet 95773add-d573-4fea-a7a6-f338826081ff could not be found.
2020-04-10 06:44:08.902 11801 ERROR rally.task.runner Neutron server returns request_ids: ['req-914c6b29-0df3-4206-af2d-57d76f146813']
2020-04-10 06:44:08.902 11801 ERROR rally.task.runner
2020-04-10 06:44:08.903 11801 INFO rally.task.runner [-] Task 4fc1d6ad-9536-401e-86ca-6cc42fc4b6d1 | ITER: 3 END: Error NotFound: Subnet 95773add-d573-4fea-a7a6-f338826081ff could not be found. Neutron server returns request_ids: ['req-914c6b29-0df3-4206-af2d-57d76f146813']
2020-04-10 06:44:08.909 11801 INFO rally.task.runner [-] Task 4fc1d6ad-9536-401e-86ca-6cc42fc4b6d1 | ITER: 7 START
2020-04-10 06:44:08.910 11801 RALLYDEBUG rally_openstack.wrappers.network [-] CIDR generated: 1.1.0.180/30
2020-04-10 06:44:10.510 11799 INFO rally.task.runner [-] Task 4fc1d6ad-9536-401e-86ca-6cc42fc4b6d1 | ITER: 5 END: OK
2020-04-10 06:44:10.773 11802 INFO rally.task.runner [-] Task 4fc1d6ad-9536-401e-86ca-6cc42fc4b6d1 | ITER: 4 END: OK
2020-04-10 06:44:11.783 11801 INFO rally.task.runner [-] Task 4fc1d6ad-9536-401e-86ca-6cc42fc4b6d1 | ITER: 7 END: OK
2020-04-10 06:44:13.750 11800 DEBUG neutronclient.v2_0.client [-] Error message: {"NeutronError": {"type": "SubnetNotFound", "message": "Subnet 1fb19b8c-f690-4523-a5a4-5785e6ed3513 could not be found.", "detail": ""}} _handle_fault_response /usr/lib/python3.7/site-packages/neutronclient/v2_0/client.py:259
2020-04-10 06:44:13.758 11800 ERROR rally.task.runner [-] Iteration 6 raised Exception: neutronclient.common.exceptions.NotFound: Subnet 1fb19b8c-f690-4523-a5a4-5785e6ed3513 could not be found. Neutron server returns request_ids: ['req-1cccec07-6eac-4e71-beb6-406399946592']
2020-04-10 06:44:13.758 11800 ERROR rally.task.runner
Traceback (most recent call last):
2020-04-10 06:44:13.758 11800 ERROR rally.task.runner
File "/usr/lib/python3.7/site-packages/rally/task/runner.py", line 69, in _run_scenario_once
2020-04-10 06:44:13.758 11800 ERROR rally.task.runner getattr(scenario_inst, method_name)(**scenario_kwargs)
2020-04-10 06:44:13.758 11800 ERROR rally.task.runner
File "/usr/lib/python3.7/site-packages/rally_openstack/scenarios/neutron/network.py", line 233, in run
2020-04-10 06:44:13.758 11800 ERROR rally.task.runner subnet_cidr_start, subnets_per_network)
2020-04-10 06:44:13.758 11800 ERROR rally.task.runner
File "/usr/lib/python3.7/site-packages/rally_openstack/scenarios/neutron/utils.py", line 344, in _create_subnets
2020-04-10 06:44:13.758 11800 ERROR rally.task.runner for i in range(subnets_per_network)]
2020-04-10 06:44:13.758 11800 ERROR rally.task.runner
File "/usr/lib/python3.7/site-packages/rally_openstack/scenarios/neutron/utils.py", line 344, in
2020-04-10 06:44:13.758 11800 ERROR rally.task.runner for i in range(subnets_per_network)]
2020-04-10 06:44:13.758 11800 ERROR rally.task.runner
File "/usr/lib/python3.7/site-packages/rally/task/atomic.py", line 91, in func_atomic_actions
2020-04-10 06:44:13.758 11800 ERROR rally.task.runner f = func(self, *args, **kwargs)
2020-04-10 06:44:13.758 11800 ERROR rally.task.runner
File "/usr/lib/python3.7/site-packages/rally_openstack/scenarios/neutron/utils.py", line 154, in _create_subnet
2020-04-10 06:44:13.758 11800 ERROR rally.task.runner {"subnet": subnet_create_args})
2020-04-10 06:44:13.758 11800 ERROR rally.task.runner
File "/usr/lib/python3.7/site-packages/neutronclient/v2_0/client.py", line 848, in create_subnet
2020-04-10 06:44:13.758 11800 ERROR rally.task.runner return self.post(self.subnets_path, body=body)
2020-04-10 06:44:13.758 11800 ERROR rally.task.runner
File "/usr/lib/python3.7/site-packages/neutronclient/v2_0/client.py", line 359, in post
2020-04-10 06:44:13.758 11800 ERROR rally.task.runner headers=headers, params=params)
2020-04-10 06:44:13.758 11800 ERROR rally.task.runner
File "/usr/lib/python3.7/site-packages/neutronclient/v2_0/client.py", line 294, in do_request
2020-04-10 06:44:13.758 11800 ERROR rally.task.runner self._handle_fault_response(status_code, replybody, resp)
2020-04-10 06:44:13.758 11800 ERROR rally.task.runner
File "/usr/lib/python3.7/site-packages/neutronclient/v2_0/client.py", line 269, in _handle_fault_response
2020-04-10 06:44:13.758 11800 ERROR rally.task.runner exception_handler_v20(status_code, error_body)
2020-04-10 06:44:13.758 11800 ERROR rally.task.runner
File "/usr/lib/python3.7/site-packages/neutronclient/v2_0/client.py", line 93, in exception_handler_v20
2020-04-10 06:44:13.758 11800 ERROR rally.task.runner request_ids=request_ids)
2020-04-10 06:44:13.758 11800 ERROR rally.task.runner neutronclient.common.exceptions.NotFound: Subnet 1fb19b8c-f690-4523-a5a4-5785e6ed3513 could not be found.
2020-04-10 06:44:13.758 11800 ERROR rally.task.runner Neutron server returns request_ids: ['req-1cccec07-6eac-4e71-beb6-406399946592']
2020-04-10 06:44:13.758 11800 ERROR rally.task.runner
2020-04-10 06:44:13.759 11800 INFO rally.task.runner [-] Task 4fc1d6ad-9536-401e-86ca-6cc42fc4b6d1 | ITER: 6 END: Error NotFound: Subnet 1fb19b8c-f690-4523-a5a4-5785e6ed3513 could not be found. Neutron server returns request_ids: ['req-1cccec07-6eac-4e71-beb6-406399946592']
2020-04-10 06:44:13.788 9693 INFO rally.task.context [-] Task 4fc1d6ad-9536-401e-86ca-6cc42fc4b6d1 | Context cleanup@openstack cleanup() started
2020-04-10 06:44:13.792 9693 RALLYDEBUG rally_openstack.cleanup.manager [-] Cleaning up neutron vip objects
2020-04-10 06:44:14.335 9693 RALLYDEBUG rally_openstack.cleanup.manager [-] Cleaning up neutron health_monitor objects
2020-04-10 06:44:14.831 9693 RALLYDEBUG rally_openstack.cleanup.manager [-] Cleaning up neutron pool objects
2020-04-10 06:44:15.300 9693 RALLYDEBUG rally_openstack.cleanup.manager [-] Cleaning up neutron loadbalancer objects
2020-04-10 06:44:15.743 9693 RALLYDEBUG rally_openstack.cleanup.manager [-] Cleaning up neutron floatingip objects
2020-04-10 06:44:16.326 9693 RALLYDEBUG rally_openstack.cleanup.manager [-] Cleaning up neutron trunk objects
2020-04-10 06:44:16.778 9693 RALLYDEBUG rally_openstack.cleanup.manager [-] Cleaning up neutron port objects
2020-04-10 06:44:18.071 9693 RALLYDEBUG rally_openstack.cleanup.manager [-] Cleaning up neutron subnet objects
2020-04-10 06:44:18.656 9693 RALLYDEBUG rally_openstack.cleanup.manager [-] Cleaning up neutron network objects
2020-04-10 06:44:19.514 9693 RALLYDEBUG rally_openstack.cleanup.manager [-] Cleaning up neutron router objects
2020-04-10 06:44:20.710 9693 RALLYDEBUG rally_openstack.cleanup.manager [-] Cleaning up neutron security_group objects
2020-04-10 06:44:21.267 9693 INFO rally.task.context [-] Task 4fc1d6ad-9536-401e-86ca-6cc42fc4b6d1 | Context cleanup@openstack cleanup() finished in 7.48 sec
2020-04-10 06:44:21.268 9693 INFO rally.task.context [-] Task 4fc1d6ad-9536-401e-86ca-6cc42fc4b6d1 | Context network@openstack cleanup() started
2020-04-10 06:44:26.080 9693 INFO rally.task.context [-] Task 4fc1d6ad-9536-401e-86ca-6cc42fc4b6d1 | Context network@openstack cleanup() finished in 4.81 sec
2020-04-10 06:44:26.081 9693 INFO rally.task.context [-] Task 4fc1d6ad-9536-401e-86ca-6cc42fc4b6d1 | Context quotas@openstack cleanup() started
2020-04-10 06:44:26.161 9693 INFO rally.task.context [-] Task 4fc1d6ad-9536-401e-86ca-6cc42fc4b6d1 | Context quotas@openstack cleanup() finished in 80.32 msec
2020-04-10 06:44:26.161 9693 INFO rally.task.context [-] Task 4fc1d6ad-9536-401e-86ca-6cc42fc4b6d1 | Context users@openstack cleanup() started
2020-04-10 06:44:26.311 9693 WARNING rally.common.logging [-] `iterate_per_tenants()' is deprecated in v3.0.0: it is openstack specific.. Used at
2020-04-10 06:44:28.242 9693 INFO rally.task.context [-] Task 4fc1d6ad-9536-401e-86ca-6cc42fc4b6d1 | Context users@openstack cleanup() finished in 2.08 sec
2020-04-10 06:44:29.671 9693 INFO rally.task.engine [-] Load duration is: 10.25434
2020-04-10 06:44:29.672 9693 INFO rally.task.engine [-] Full runner duration is: 10.308972
2020-04-10 06:44:29.672 9693 INFO rally.task.engine [-] Full duration is: 32.790109
2020-04-10 06:44:29.772 9693 INFO rally.task.engine [-] Received aborting signal.
2020-04-10 06:44:29.786 9693 INFO rally.task.engine [-] Task 4fc1d6ad-9536-401e-86ca-6cc42fc4b6d1 | Completed: Running task.
2020-04-10 06:44:31.341 12078 RALLYDEBUG rally.api [-] INFO logs from urllib3 and requests module are hide.
2020-04-10 06:44:31.341 12078 RALLYDEBUG rally.api [-] urllib3 insecure warnings are hidden.
2020-04-10 06:44:31.341 12078 RALLYDEBUG rally.api [-] ERROR log from boto module is hide.
2020-04-10 06:44:32.707 12079 RALLYDEBUG rally.api [-] INFO logs from urllib3 and requests module are hide.
2020-04-10 06:44:32.707 12079 RALLYDEBUG rally.api [-] urllib3 insecure warnings are hidden.
2020-04-10 06:44:32.707 12079 RALLYDEBUG rally.api [-] ERROR log from boto module is hide.
2020-04-10 06:44:34.093 12080 RALLYDEBUG rally.api [-] INFO logs from urllib3 and requests module are hide.
2020-04-10 06:44:34.093 12080 RALLYDEBUG rally.api [-] urllib3 insecure warnings are hidden.
2020-04-10 06:44:34.093 12080 RALLYDEBUG rally.api [-] ERROR log from boto module is hide.
2020-04-10 06:44:36.076 12080 INFO rally.api [-] Building 'json' report for the following task(s): '4fc1d6ad-9536-401e-86ca-6cc42fc4b6d1'.
2020-04-10 06:44:36.097 12080 INFO rally.api [-] The report has been successfully built.
2020-04-10 06:44:37.528 12082 RALLYDEBUG rally.api [-] INFO logs from urllib3 and requests module are hide.
2020-04-10 06:44:37.528 12082 RALLYDEBUG rally.api [-] urllib3 insecure warnings are hidden.
2020-04-10 06:44:37.529 12082 RALLYDEBUG rally.api [-] ERROR log from boto module is hide.
2020-04-10 06:44:39.806 12082 INFO rally.task.engine [-] Task e4a818be-636b-4582-8c06-6be7e376dbb4 | Starting: Task validation.
2020-04-10 06:44:39.819 12082 INFO rally.task.engine [-] Task e4a818be-636b-4582-8c06-6be7e376dbb4 | Starting: Task validation of syntax.
2020-04-10 06:44:40.215 12082 INFO rally.task.engine [-] Task e4a818be-636b-4582-8c06-6be7e376dbb4 | Completed: Task validation of syntax.
2020-04-10 06:44:40.216 12082 INFO rally.task.engine [-] Task e4a818be-636b-4582-8c06-6be7e376dbb4 | Starting: Task validation of required platforms.
2020-04-10 06:44:40.406 12082 INFO rally.task.engine [-] Task e4a818be-636b-4582-8c06-6be7e376dbb4 | Completed: Task validation of required platforms.
2020-04-10 06:44:40.407 12082 INFO rally.task.engine [-] Task e4a818be-636b-4582-8c06-6be7e376dbb4 | Starting: Task validation of semantic.
2020-04-10 06:44:40.407 12082 INFO rally.task.engine [-] Check health of the environment 'cc6342ea-1dfd-487f-a3b6-1ea1f52a2133'.
2020-04-10 06:44:41.076 12082 INFO rally.task.engine [-] Platform existing@openstack (available: True): OK!
2020-04-10 06:44:41.091 12082 RALLYDEBUG rally_openstack.contexts.keystone.users [-] Creating 1 tenants using 1 threads
2020-04-10 06:44:41.507 12082 RALLYDEBUG rally_openstack.contexts.keystone.users [-] Creating 1 users using 1 threads
2020-04-10 06:44:42.105 12082 INFO rally.task.context [-] Task e4a818be-636b-4582-8c06-6be7e376dbb4 | Context users@openstack setup() finished in 1.01 sec
2020-04-10 06:44:56.765 12082 INFO rally.task.context [-] Task e4a818be-636b-4582-8c06-6be7e376dbb4 | Context users@openstack cleanup() started
2020-04-10 06:44:56.963 12082 WARNING rally.common.logging [-] `iterate_per_tenants()' is deprecated in v3.0.0: it is openstack specific.. Used at
2020-04-10 06:44:58.115 12082 INFO rally.task.context [-] Task e4a818be-636b-4582-8c06-6be7e376dbb4 | Context users@openstack cleanup() finished in 1.35 sec
2020-04-10 06:44:58.115 12082 INFO rally.task.engine [-] Task e4a818be-636b-4582-8c06-6be7e376dbb4 | Completed: Task validation of semantic.
2020-04-10 06:44:58.116 12082 INFO rally.task.engine [-] Task e4a818be-636b-4582-8c06-6be7e376dbb4 | Completed: Task validation.
2020-04-10 06:44:58.116 12082 INFO rally.api [-] Task e4a818be-636b-4582-8c06-6be7e376dbb4 input file is valid.
2020-04-10 06:44:58.116 12082 INFO rally.api [-] Run Task e4a818be-636b-4582-8c06-6be7e376dbb4 against Deployment cc6342ea-1dfd-487f-a3b6-1ea1f52a2133
2020-04-10 06:44:58.117 12082 INFO rally.task.engine [-] Task e4a818be-636b-4582-8c06-6be7e376dbb4 | Starting: Running task.
2020-04-10 06:44:58.174 12082 INFO rally.task.engine [-] Running workload: position = 0 config = { "version": 2, "title": "A cropped version of a bigger task.", "description": "Auto-generated task from a single workload (uuid=03938f55-f903-4df9-ac7c-47b1b770d0c3)", "subtasks": [ { "title": "NovaKeypair.create_and_delete_keypair", "description": "Create a keypair with random name and delete keypair.", "scenario": { "NovaKeypair.create_and_delete_keypair": {} }, "contexts": { "users": { "tenants": 3, "users_per_tenant": 2 }, "quotas": { "nova": { "cores": -1, "floating_ips": -1, "instances": -1, "key_pairs": -1, "ram": -1, "security_group_rules": -1, "security_groups": -1 } } }, "runner": { "constant": { "concurrency": 4, "times": 10 } }, "hooks": [], "sla": { "failure_rate": { "max": 0 } } } ] }
2020-04-10 06:44:58.195 12082 RALLYDEBUG rally_openstack.contexts.keystone.users [-] Creating 3 tenants using 3 threads
2020-04-10 06:44:58.659 12082 RALLYDEBUG rally_openstack.contexts.keystone.users [-] Creating 6 users using 6 threads
2020-04-10 06:44:59.673 12082 INFO rally.task.context [-] Task e4a818be-636b-4582-8c06-6be7e376dbb4 | Context users@openstack setup() finished in 1.48 sec
2020-04-10 06:45:00.576 12082 INFO rally.task.context [-] Task e4a818be-636b-4582-8c06-6be7e376dbb4 | Context quotas@openstack setup() finished in 0.90 sec
2020-04-10 06:45:00.577 12082 INFO rally.task.context [-] Task e4a818be-636b-4582-8c06-6be7e376dbb4 | Context cleanup@openstack setup() finished in 0.00 msec
2020-04-10 06:45:00.588 12082 RALLYDEBUG rally.task.runner [-] Starting the constant runner (task UUID: e4a818be-636b-4582-8c06-6be7e376dbb4). times: 10 concurrency: 4 timeout: 0 max_cpu_used: 88 processes_to_start: 4 concurrency_per_worker: 1 concurrency_overhead: 0
2020-04-10 06:45:00.603 12137 RALLYDEBUG rally.task.runner [-] Starting a worker. times: 10 duration: None concurrency: 1 timeout: 0 cls: method_name: run args: {}
2020-04-10 06:45:00.606 12138 RALLYDEBUG rally.task.runner [-] Starting a worker. times: 10 duration: None concurrency: 1 timeout: 0 cls: method_name: run args: {}
2020-04-10 06:45:00.608 12139 RALLYDEBUG rally.task.runner [-] Starting a worker. times: 10 duration: None concurrency: 1 timeout: 0 cls: method_name: run args: {}
2020-04-10 06:45:00.612 12137 INFO rally.task.runner [-] Task e4a818be-636b-4582-8c06-6be7e376dbb4 | ITER: 1 START
2020-04-10 06:45:00.611 12140 RALLYDEBUG rally.task.runner [-] Starting a worker. times: 10 duration: None concurrency: 1 timeout: 0 cls: method_name: run args: {}
2020-04-10 06:45:00.613 12138 INFO rally.task.runner [-] Task e4a818be-636b-4582-8c06-6be7e376dbb4 | ITER: 2 START
2020-04-10 06:45:00.616 12139 INFO rally.task.runner [-] Task e4a818be-636b-4582-8c06-6be7e376dbb4 | ITER: 3 START
2020-04-10 06:45:00.619 12140 INFO rally.task.runner [-] Task e4a818be-636b-4582-8c06-6be7e376dbb4 | ITER: 4 START
2020-04-10 06:45:02.066 12137 INFO rally.task.runner [-] Task e4a818be-636b-4582-8c06-6be7e376dbb4 | ITER: 1 END: OK
2020-04-10 06:45:02.071 12137 INFO rally.task.runner [-] Task e4a818be-636b-4582-8c06-6be7e376dbb4 | ITER: 5 START
2020-04-10 06:45:02.151 12140 INFO rally.task.runner [-] Task e4a818be-636b-4582-8c06-6be7e376dbb4 | ITER: 4 END: OK
2020-04-10 06:45:02.156 12140 INFO rally.task.runner [-] Task e4a818be-636b-4582-8c06-6be7e376dbb4 | ITER: 6 START
2020-04-10 06:45:02.254 12138 INFO rally.task.runner [-] Task e4a818be-636b-4582-8c06-6be7e376dbb4 | ITER: 2 END: OK
2020-04-10 06:45:02.259 12138 INFO rally.task.runner [-] Task e4a818be-636b-4582-8c06-6be7e376dbb4 | ITER: 7 START
2020-04-10 06:45:02.277 12139 INFO rally.task.runner [-] Task e4a818be-636b-4582-8c06-6be7e376dbb4 | ITER: 3 END: OK
2020-04-10 06:45:02.281 12139 INFO rally.task.runner [-] Task e4a818be-636b-4582-8c06-6be7e376dbb4 | ITER: 8 START
2020-04-10 06:45:02.672 12139 INFO rally.task.runner [-] Task e4a818be-636b-4582-8c06-6be7e376dbb4 | ITER: 8 END: OK
2020-04-10 06:45:02.676 12139 INFO rally.task.runner [-] Task e4a818be-636b-4582-8c06-6be7e376dbb4 | ITER: 9 START
2020-04-10 06:45:03.140 12139 INFO rally.task.runner [-] Task e4a818be-636b-4582-8c06-6be7e376dbb4 | ITER: 9 END: OK
2020-04-10 06:45:03.145 12139 INFO rally.task.runner [-] Task e4a818be-636b-4582-8c06-6be7e376dbb4 | ITER: 10 START
2020-04-10 06:45:03.473 12139 INFO rally.task.runner [-] Task e4a818be-636b-4582-8c06-6be7e376dbb4 | ITER: 10 END: OK
2020-04-10 06:45:03.542 12137 INFO rally.task.runner [-] Task e4a818be-636b-4582-8c06-6be7e376dbb4 | ITER: 5 END: OK
2020-04-10 06:45:03.607 12140 INFO rally.task.runner [-] Task e4a818be-636b-4582-8c06-6be7e376dbb4 | ITER: 6 END: OK
2020-04-10 06:45:03.658 12138 INFO rally.task.runner [-] Task e4a818be-636b-4582-8c06-6be7e376dbb4 | ITER: 7 END: OK
2020-04-10 06:45:03.678 12082 INFO rally.task.context [-] Task e4a818be-636b-4582-8c06-6be7e376dbb4 | Context cleanup@openstack cleanup() started
2020-04-10 06:45:03.683 12082 RALLYDEBUG rally_openstack.cleanup.manager [-] Cleaning up nova servers objects
2020-04-10 06:45:04.363 12082 RALLYDEBUG rally_openstack.cleanup.manager [-] Cleaning up nova server_groups objects
2020-04-10 06:45:04.830 12082 RALLYDEBUG rally_openstack.cleanup.manager [-] Cleaning up nova keypairs objects
2020-04-10 06:45:05.898 12082 INFO rally.task.context [-] Task e4a818be-636b-4582-8c06-6be7e376dbb4 | Context cleanup@openstack cleanup() finished in 2.22 sec
2020-04-10 06:45:05.898 12082 INFO rally.task.context [-] Task e4a818be-636b-4582-8c06-6be7e376dbb4 | Context quotas@openstack cleanup() started
2020-04-10 06:45:05.964 12082 INFO rally.task.context [-] Task e4a818be-636b-4582-8c06-6be7e376dbb4 | Context quotas@openstack cleanup() finished in 65.06 msec
2020-04-10 06:45:05.964 12082 INFO rally.task.context [-] Task e4a818be-636b-4582-8c06-6be7e376dbb4 | Context users@openstack cleanup() started
2020-04-10 06:45:06.124 12082 WARNING rally.common.logging [-] `iterate_per_tenants()' is deprecated in v3.0.0: it is openstack specific.. Used at
2020-04-10 06:45:08.929 12082 INFO rally.task.context [-] Task e4a818be-636b-4582-8c06-6be7e376dbb4 | Context users@openstack cleanup() finished in 2.96 sec
2020-04-10 06:45:10.290 12082 INFO rally.task.engine [-] Load duration is: 3.044709
2020-04-10 06:45:10.291 12082 INFO rally.task.engine [-] Full runner duration is: 3.090575
2020-04-10 06:45:10.291 12082 INFO rally.task.engine [-] Full duration is: 10.735849
2020-04-10 06:45:10.389 12082 INFO rally.task.engine [-] Running workload: position = 0 config = { "version": 2, "title": "A cropped version of a bigger task.", "description": "Auto-generated task from a single workload (uuid=9e51944f-bd9e-4774-afa4-420266771645)", "subtasks": [ { "title": "NovaKeypair.create_and_list_keypairs", "description": "Create a keypair with random name and list keypairs.", "scenario": { "NovaKeypair.create_and_list_keypairs": {} }, "contexts": { "users": { "tenants": 3, "users_per_tenant": 2 }, "quotas": { "nova": { "cores": -1, "floating_ips": -1, "instances": -1, "key_pairs": -1, "ram": -1, "security_group_rules": -1, "security_groups": -1 } } }, "runner": { "constant": { "concurrency": 4, "times": 10 } }, "hooks": [], "sla": { "failure_rate": { "max": 0 } } } ] }
2020-04-10 06:45:10.415 12082 RALLYDEBUG rally_openstack.contexts.keystone.users [-] Creating 3 tenants using 3 threads
2020-04-10 06:45:10.883 12082 RALLYDEBUG rally_openstack.contexts.keystone.users [-] Creating 6 users using 6 threads
2020-04-10 06:45:11.815 12082 INFO rally.task.context [-] Task e4a818be-636b-4582-8c06-6be7e376dbb4 | Context users@openstack setup() finished in 1.40 sec
2020-04-10 06:45:12.620 12082 INFO rally.task.context [-] Task e4a818be-636b-4582-8c06-6be7e376dbb4 | Context quotas@openstack setup() finished in 0.80 sec
2020-04-10 06:45:12.620 12082 INFO rally.task.context [-] Task e4a818be-636b-4582-8c06-6be7e376dbb4 | Context cleanup@openstack setup() finished in 0.02 msec
2020-04-10 06:45:12.631 12082 RALLYDEBUG rally.task.runner [-] Starting the constant runner (task UUID: e4a818be-636b-4582-8c06-6be7e376dbb4). times: 10 concurrency: 4 timeout: 0 max_cpu_used: 88 processes_to_start: 4 concurrency_per_worker: 1 concurrency_overhead: 0
2020-04-10 06:45:12.643 12270 RALLYDEBUG rally.task.runner [-] Starting a worker. times: 10 duration: None concurrency: 1 timeout: 0 cls: method_name: run args: {}
2020-04-10 06:45:12.645 12271 RALLYDEBUG rally.task.runner [-] Starting a worker. times: 10 duration: None concurrency: 1 timeout: 0 cls: method_name: run args: {}
2020-04-10 06:45:12.648 12272 RALLYDEBUG rally.task.runner [-] Starting a worker. times: 10 duration: None concurrency: 1 timeout: 0 cls: method_name: run args: {}
2020-04-10 06:45:12.650 12270 INFO rally.task.runner [-] Task e4a818be-636b-4582-8c06-6be7e376dbb4 | ITER: 1 START
2020-04-10 06:45:12.651 12271 INFO rally.task.runner [-] Task e4a818be-636b-4582-8c06-6be7e376dbb4 | ITER: 2 START
2020-04-10 06:45:12.651 12273 RALLYDEBUG rally.task.runner [-] Starting a worker. times: 10 duration: None concurrency: 1 timeout: 0 cls: method_name: run args: {}
2020-04-10 06:45:12.654 12272 INFO rally.task.runner [-] Task e4a818be-636b-4582-8c06-6be7e376dbb4 | ITER: 3 START
2020-04-10 06:45:12.657 12273 INFO rally.task.runner [-] Task e4a818be-636b-4582-8c06-6be7e376dbb4 | ITER: 4 START
2020-04-10 06:45:13.076 12271 INFO rally.task.runner [-] Task e4a818be-636b-4582-8c06-6be7e376dbb4 | ITER: 2 END: OK
2020-04-10 06:45:13.081 12271 INFO rally.task.runner [-] Task e4a818be-636b-4582-8c06-6be7e376dbb4 | ITER: 5 START
2020-04-10 06:45:13.100 12272 INFO rally.task.runner [-] Task e4a818be-636b-4582-8c06-6be7e376dbb4 | ITER: 3 END: OK
2020-04-10 06:45:13.104 12272 INFO rally.task.runner [-] Task e4a818be-636b-4582-8c06-6be7e376dbb4 | ITER: 6 START
2020-04-10 06:45:13.112 12273 INFO rally.task.runner [-] Task e4a818be-636b-4582-8c06-6be7e376dbb4 | ITER: 4 END: OK
2020-04-10 06:45:13.117 12273 INFO rally.task.runner [-] Task e4a818be-636b-4582-8c06-6be7e376dbb4 | ITER: 7 START
2020-04-10 06:45:13.173 12270 INFO rally.task.runner [-] Task e4a818be-636b-4582-8c06-6be7e376dbb4 | ITER: 1 END: OK
2020-04-10 06:45:13.177 12270 INFO rally.task.runner [-] Task e4a818be-636b-4582-8c06-6be7e376dbb4 | ITER: 8 START
2020-04-10 06:45:13.386 12273 INFO rally.task.runner [-] Task e4a818be-636b-4582-8c06-6be7e376dbb4 | ITER: 7 END: OK
2020-04-10 06:45:13.391 12273 INFO rally.task.runner [-] Task e4a818be-636b-4582-8c06-6be7e376dbb4 | ITER: 9 START
2020-04-10 06:45:13.523 12272 INFO rally.task.runner [-] Task e4a818be-636b-4582-8c06-6be7e376dbb4 | ITER: 6 END: OK
2020-04-10 06:45:13.524 12270 INFO rally.task.runner [-] Task e4a818be-636b-4582-8c06-6be7e376dbb4 | ITER: 8 END: OK
2020-04-10 06:45:13.527 12272 INFO rally.task.runner [-] Task e4a818be-636b-4582-8c06-6be7e376dbb4 | ITER: 10 START
2020-04-10 06:45:13.536 12271 INFO rally.task.runner [-] Task e4a818be-636b-4582-8c06-6be7e376dbb4 | ITER: 5 END: OK
2020-04-10 06:45:13.788 12273 INFO rally.task.runner [-] Task e4a818be-636b-4582-8c06-6be7e376dbb4 | ITER: 9 END: OK
2020-04-10 06:45:13.927 12272 INFO rally.task.runner [-] Task e4a818be-636b-4582-8c06-6be7e376dbb4 | ITER: 10 END: OK
2020-04-10 06:45:13.948 12082 INFO rally.task.context [-] Task e4a818be-636b-4582-8c06-6be7e376dbb4 | Context cleanup@openstack cleanup() started
2020-04-10 06:45:13.953 12082 RALLYDEBUG rally_openstack.cleanup.manager [-] Cleaning up nova servers objects
2020-04-10 06:45:14.619 12082 RALLYDEBUG rally_openstack.cleanup.manager [-] Cleaning up nova server_groups objects
2020-04-10 06:45:15.077 12082 RALLYDEBUG rally_openstack.cleanup.manager [-] Cleaning up nova keypairs objects
2020-04-10 06:45:16.050 12082 RALLYDEBUG rally_openstack.cleanup.manager [-] Deleting nova.keypairs object s_rally_9e51944f_tvsBgfZe (s_rally_9e51944f_tvsBgfZe)
2020-04-10 06:45:16.068 12082 RALLYDEBUG rally_openstack.cleanup.manager [-] Deleting nova.keypairs object s_rally_9e51944f_8xyn8qx1 (s_rally_9e51944f_8xyn8qx1)
2020-04-10 06:45:16.068 12082 RALLYDEBUG rally_openstack.cleanup.manager [-] Deleting nova.keypairs object s_rally_9e51944f_frMdQ8q1 (s_rally_9e51944f_frMdQ8q1)
2020-04-10 06:45:16.085 12082 RALLYDEBUG rally_openstack.cleanup.manager [-] Deleting nova.keypairs object s_rally_9e51944f_IknDlwBG (s_rally_9e51944f_IknDlwBG)
2020-04-10 06:45:16.090 12082 RALLYDEBUG rally_openstack.cleanup.manager [-] Deleting nova.keypairs object s_rally_9e51944f_iZgNa2PB (s_rally_9e51944f_iZgNa2PB)
2020-04-10 06:45:16.079 12082 RALLYDEBUG rally_openstack.cleanup.manager [-] Deleting nova.keypairs object s_rally_9e51944f_bvyYgM00 (s_rally_9e51944f_bvyYgM00)
2020-04-10 06:45:16.101 12082 RALLYDEBUG rally_openstack.cleanup.manager [-] Deleting nova.keypairs object s_rally_9e51944f_nOcFJmwf (s_rally_9e51944f_nOcFJmwf)
2020-04-10 06:45:16.137 12082 RALLYDEBUG rally_openstack.cleanup.manager [-] Deleting nova.keypairs object s_rally_9e51944f_vUiOeqzh (s_rally_9e51944f_vUiOeqzh)
2020-04-10 06:45:16.146 12082 RALLYDEBUG rally_openstack.cleanup.manager [-] Deleting nova.keypairs object s_rally_9e51944f_fty2XUNf (s_rally_9e51944f_fty2XUNf)
2020-04-10 06:45:16.159 12082 RALLYDEBUG rally_openstack.cleanup.manager [-] Deleting nova.keypairs object s_rally_9e51944f_ZO18sbyB (s_rally_9e51944f_ZO18sbyB)
2020-04-10 06:45:17.477 12082 INFO rally.task.context [-] Task e4a818be-636b-4582-8c06-6be7e376dbb4 | Context cleanup@openstack cleanup() finished in 3.53 sec
2020-04-10 06:45:17.478 12082 INFO rally.task.context [-] Task e4a818be-636b-4582-8c06-6be7e376dbb4 | Context quotas@openstack cleanup() started
2020-04-10 06:45:17.560 12082 INFO rally.task.context [-] Task e4a818be-636b-4582-8c06-6be7e376dbb4 | Context quotas@openstack cleanup() finished in 82.25 msec
2020-04-10 06:45:17.561 12082 INFO rally.task.context [-] Task e4a818be-636b-4582-8c06-6be7e376dbb4 | Context users@openstack cleanup() started
2020-04-10 06:45:17.748 12082 WARNING rally.common.logging [-] `iterate_per_tenants()' is deprecated in v3.0.0: it is openstack specific.. Used at
2020-04-10 06:45:21.390 12082 INFO rally.task.context [-] Task e4a818be-636b-4582-8c06-6be7e376dbb4 | Context users@openstack cleanup() finished in 3.83 sec
2020-04-10 06:45:22.543 12082 INFO rally.task.engine [-] Load duration is: 1.275511
2020-04-10 06:45:22.544 12082 INFO rally.task.engine [-] Full runner duration is: 1.3181
2020-04-10 06:45:22.544 12082 INFO rally.task.engine [-] Full duration is: 10.977524
2020-04-10 06:45:22.638 12082 INFO rally.task.engine [-] Running workload: position = 0 config = { "version": 2, "title": "A cropped version of a bigger task.", "description": "Auto-generated task from a single workload (uuid=5c63de4c-d27f-4e62-9164-d3ea8f9499bd)", "subtasks": [ { "title": "NovaServers.boot_and_bounce_server", "description": "Boot a server and run specified actions against it.", "scenario": { "NovaServers.boot_and_bounce_server": { "actions": [ { "hard_reboot": 1 }, { "soft_reboot": 1 }, { "stop_start": 1 }, { "rescue_unrescue": 1 } ], "flavor": { "name": "rally_full_cntt-flavor_20ab9b1c-36ec-46fa-8e46-0f8a8890db19" }, "image": { "name": "rally_full_cntt-img_20ab9b1c-36ec-46fa-8e46-0f8a8890db19" }, "nics": [ { "net-id": "4a9576c5-6ae6-493c-9563-8d655bcea3b2" } ] } }, "contexts": { "users": { "tenants": 3, "users_per_tenant": 2 }, "network": { "networks_per_tenant": 1, "start_cidr": "100.1.0.0/25" }, "quotas": { "neutron": { "network": -1, "port": -1, "subnet": -1 }, "nova": { "cores": -1, "floating_ips": -1, "instances": -1, "ram": -1, "security_group_rules": -1, "security_groups": -1 } } }, "runner": { "constant": { "concurrency": 4, "times": 10 } }, "hooks": [], "sla": { "failure_rate": { "max": 0 } } } ] }
2020-04-10 06:45:22.662 12082 RALLYDEBUG rally_openstack.contexts.keystone.users [-] Creating 3 tenants using 3 threads
2020-04-10 06:45:23.102 12082 RALLYDEBUG rally_openstack.contexts.keystone.users [-] Creating 6 users using 6 threads
2020-04-10 06:45:24.078 12082 INFO rally.task.context [-] Task e4a818be-636b-4582-8c06-6be7e376dbb4 | Context users@openstack setup() finished in 1.42 sec
2020-04-10 06:45:25.206 12082 INFO rally.task.context [-] Task e4a818be-636b-4582-8c06-6be7e376dbb4 | Context quotas@openstack setup() finished in 1.13 sec
2020-04-10 06:45:25.275 12082 WARNING rally.common.logging [-] `iterate_per_tenants()' is deprecated in v3.0.0: it is openstack specific.. Used at
2020-04-10 06:45:28.778 12082 RALLYDEBUG rally_openstack.wrappers.network [-] CIDR generated: 100.1.0.0/25
2020-04-10 06:45:35.449 12082 RALLYDEBUG rally_openstack.wrappers.network [-] CIDR generated: 100.1.0.128/25
2020-04-10 06:45:41.517 12082 RALLYDEBUG rally_openstack.wrappers.network [-] CIDR generated: 100.1.1.0/25
2020-04-10 06:45:45.117 12082 INFO rally.task.context [-] Task e4a818be-636b-4582-8c06-6be7e376dbb4 | Context network@openstack setup() finished in 19.91 sec
2020-04-10 06:45:45.117 12082 INFO rally.task.context [-] Task e4a818be-636b-4582-8c06-6be7e376dbb4 | Context cleanup@openstack setup() finished in 0.01 msec
2020-04-10 06:45:45.482 12082 RALLYDEBUG rally.task.runner [-] Starting the constant runner (task UUID: e4a818be-636b-4582-8c06-6be7e376dbb4). times: 10 concurrency: 4 timeout: 0 max_cpu_used: 88 processes_to_start: 4 concurrency_per_worker: 1 concurrency_overhead: 0
2020-04-10 06:45:45.495 12403 RALLYDEBUG rally.task.runner [-] Starting a worker. times: 10 duration: None concurrency: 1 timeout: 0 cls: method_name: run args: {"actions": [{"hard_reboot": 1}, {"soft_reboot": 1}, {"stop_start": 1}, {"rescue_unrescue": 1}], "flavor": "8dc5bbab-5f5e-4817-b893-596b62d83864", "image": "552c22a2-7165-48c5-a40b-95053e9e1423", "nics": [{"net-id": "4a9576c5-6ae6-493c-9563-8d655bcea3b2"}]}
2020-04-10 06:45:45.498 12404 RALLYDEBUG rally.task.runner [-] Starting a worker. times: 10 duration: None concurrency: 1 timeout: 0 cls: method_name: run args: {"actions": [{"hard_reboot": 1}, {"soft_reboot": 1}, {"stop_start": 1}, {"rescue_unrescue": 1}], "flavor": "8dc5bbab-5f5e-4817-b893-596b62d83864", "image": "552c22a2-7165-48c5-a40b-95053e9e1423", "nics": [{"net-id": "4a9576c5-6ae6-493c-9563-8d655bcea3b2"}]}
2020-04-10 06:45:45.500 12405 RALLYDEBUG rally.task.runner [-] Starting a worker. times: 10 duration: None concurrency: 1 timeout: 0 cls: method_name: run args: {"actions": [{"hard_reboot": 1}, {"soft_reboot": 1}, {"stop_start": 1}, {"rescue_unrescue": 1}], "flavor": "8dc5bbab-5f5e-4817-b893-596b62d83864", "image": "552c22a2-7165-48c5-a40b-95053e9e1423", "nics": [{"net-id": "4a9576c5-6ae6-493c-9563-8d655bcea3b2"}]}
2020-04-10 06:45:45.503 12403 INFO rally.task.runner [-] Task e4a818be-636b-4582-8c06-6be7e376dbb4 | ITER: 1 START
2020-04-10 06:45:45.503 12406 RALLYDEBUG rally.task.runner [-] Starting a worker. times: 10 duration: None concurrency: 1 timeout: 0 cls: method_name: run args: {"actions": [{"hard_reboot": 1}, {"soft_reboot": 1}, {"stop_start": 1}, {"rescue_unrescue": 1}], "flavor": "8dc5bbab-5f5e-4817-b893-596b62d83864", "image": "552c22a2-7165-48c5-a40b-95053e9e1423", "nics": [{"net-id": "4a9576c5-6ae6-493c-9563-8d655bcea3b2"}]}
2020-04-10 06:45:45.505 12404 INFO rally.task.runner [-] Task e4a818be-636b-4582-8c06-6be7e376dbb4 | ITER: 2 START
2020-04-10 06:45:45.507 12405 INFO rally.task.runner [-] Task e4a818be-636b-4582-8c06-6be7e376dbb4 | ITER: 3 START
2020-04-10 06:45:45.511 12406 INFO rally.task.runner [-] Task e4a818be-636b-4582-8c06-6be7e376dbb4 | ITER: 4 START
2020-04-10 06:45:58.267 12406 RALLYDEBUG rally.task.utils [-] Waiting for resource s_rally_5c63de4c_dqmBlCHI. Status changed: BUILD => ACTIVE in 10.346040487289429
2020-04-10 06:45:59.109 12403 RALLYDEBUG rally.task.utils [-] Waiting for resource s_rally_5c63de4c_I8252Kl7. Status changed: BUILD => ACTIVE in 11.1895751953125
2020-04-10 06:45:59.187 12404 RALLYDEBUG rally.task.utils [-] Waiting for resource s_rally_5c63de4c_HSBicYOP. Status changed: BUILD => ACTIVE in 11.304133176803589
2020-04-10 06:46:00.018 12405 RALLYDEBUG rally.task.utils [-] Waiting for resource s_rally_5c63de4c_QmBtbAsh. Status changed: BUILD => ACTIVE in 12.101378440856934
2020-04-10 06:46:00.816 12406 RALLYDEBUG rally.task.utils [-] Waiting for resource s_rally_5c63de4c_dqmBlCHI. Status changed: ACTIVE => HARD_REBOOT in 0.2106335163116455
2020-04-10 06:46:01.485 12403 RALLYDEBUG rally.task.utils [-] Waiting for resource s_rally_5c63de4c_I8252Kl7. Status changed: ACTIVE => HARD_REBOOT in 0.24108004570007324
2020-04-10 06:46:01.562 12404 RALLYDEBUG rally.task.utils [-] Waiting for resource s_rally_5c63de4c_HSBicYOP. Status changed: ACTIVE => HARD_REBOOT in 0.2318112850189209
2020-04-10 06:46:03.405 12405 RALLYDEBUG rally.task.utils [-] Waiting for resource s_rally_5c63de4c_QmBtbAsh. Status changed: ACTIVE => HARD_REBOOT in 0.22734379768371582
2020-04-10 06:46:05.387 12406 RALLYDEBUG rally.task.utils [-] Waiting for resource s_rally_5c63de4c_dqmBlCHI. Status changed: HARD_REBOOT => ACTIVE in 4.571463584899902
2020-04-10 06:46:07.747 12406 RALLYDEBUG rally.task.utils [-] Waiting for resource s_rally_5c63de4c_dqmBlCHI. Status changed: ACTIVE => REBOOT in 0.22168421745300293
2020-04-10 06:46:07.872 12405 RALLYDEBUG rally.task.utils [-] Waiting for resource s_rally_5c63de4c_QmBtbAsh. Status changed: HARD_REBOOT => ACTIVE in 4.467090129852295
2020-04-10 06:46:08.241 12404 RALLYDEBUG rally.task.utils [-] Waiting for resource s_rally_5c63de4c_HSBicYOP. Status changed: HARD_REBOOT => ACTIVE in 6.6786558628082275
2020-04-10 06:46:08.930 12403 RALLYDEBUG rally.task.utils [-] Waiting for resource s_rally_5c63de4c_I8252Kl7. Status changed: HARD_REBOOT => ACTIVE in 7.444960355758667
2020-04-10 06:46:10.291 12405 RALLYDEBUG rally.task.utils [-] Waiting for resource s_rally_5c63de4c_QmBtbAsh. Status changed: ACTIVE => REBOOT in 0.27986812591552734
2020-04-10 06:46:10.647 12404 RALLYDEBUG rally.task.utils [-] Waiting for resource s_rally_5c63de4c_HSBicYOP. Status changed: ACTIVE => REBOOT in 0.2555561065673828
2020-04-10 06:46:11.342 12403 RALLYDEBUG rally.task.utils [-] Waiting for resource s_rally_5c63de4c_I8252Kl7. Status changed: ACTIVE => REBOOT in 0.2651064395904541
2020-04-10 06:48:09.974 12406 RALLYDEBUG rally.task.utils [-] Waiting for resource s_rally_5c63de4c_dqmBlCHI. Status changed: REBOOT => ACTIVE in 122.22736048698425
2020-04-10 06:48:13.167 12406 RALLYDEBUG rally.task.utils [-] Waiting for resource s_rally_5c63de4c_dqmBlCHI. Status changed: ACTIVE => SHUTOFF in 3.074424982070923
2020-04-10 06:48:13.484 12406 RALLYDEBUG rally.task.utils [-] Waiting for resource s_rally_5c63de4c_dqmBlCHI. Status changed: ACTIVE => SHUTOFF in 0.1923668384552002
2020-04-10 06:48:16.592 12405 RALLYDEBUG rally.task.utils [-] Waiting for resource s_rally_5c63de4c_QmBtbAsh. Status changed: REBOOT => ACTIVE in 126.30151629447937
2020-04-10 06:48:19.350 12404 RALLYDEBUG rally.task.utils [-] Waiting for resource s_rally_5c63de4c_HSBicYOP. Status changed: REBOOT => ACTIVE in 128.70339798927307
2020-04-10 06:48:19.366 12405 RALLYDEBUG rally.task.utils [-] Waiting for resource s_rally_5c63de4c_QmBtbAsh. Status changed: ACTIVE => SHUTOFF in 2.6565208435058594
2020-04-10 06:48:19.370 12403 RALLYDEBUG rally.task.utils [-] Waiting for resource s_rally_5c63de4c_I8252Kl7. Status changed: REBOOT => ACTIVE in 128.0279529094696
2020-04-10 06:48:19.714 12405 RALLYDEBUG rally.task.utils [-] Waiting for resource s_rally_5c63de4c_QmBtbAsh. Status changed: ACTIVE => SHUTOFF in 0.22893095016479492
2020-04-10 06:48:21.964 12403 RALLYDEBUG rally.task.utils [-] Waiting for resource s_rally_5c63de4c_I8252Kl7. Status changed: ACTIVE => SHUTOFF in 2.452906608581543
2020-04-10 06:48:22.000 12404 RALLYDEBUG rally.task.utils [-] Waiting for resource s_rally_5c63de4c_HSBicYOP. Status changed: ACTIVE => SHUTOFF in 2.531498908996582
2020-04-10 06:48:22.326 12403 RALLYDEBUG rally.task.utils [-] Waiting for resource s_rally_5c63de4c_I8252Kl7. Status changed: ACTIVE => SHUTOFF in 0.2270336151123047
2020-04-10 06:48:22.329 12404 RALLYDEBUG rally.task.utils [-] Waiting for resource s_rally_5c63de4c_HSBicYOP. Status changed: ACTIVE => SHUTOFF in 0.20699763298034668
2020-04-10 06:48:23.375 12405 RALLYDEBUG rally.task.utils [-] Waiting for resource s_rally_5c63de4c_QmBtbAsh. Status changed: SHUTOFF => ACTIVE in 3.6598362922668457
2020-04-10 06:48:27.254 12403 RALLYDEBUG rally.task.utils [-] Waiting for resource s_rally_5c63de4c_I8252Kl7. Status changed: SHUTOFF => ACTIVE in 4.928803443908691
2020-04-10 06:48:27.748 12404 RALLYDEBUG rally.task.utils [-] Waiting for resource s_rally_5c63de4c_HSBicYOP. Status changed: SHUTOFF => ACTIVE in 5.419219255447388
2020-04-10 06:48:27.946 12405 RALLYDEBUG rally.task.utils [-] Waiting for resource s_rally_5c63de4c_QmBtbAsh. Status changed: ACTIVE => RESCUE in 2.438567876815796
2020-04-10 06:48:30.292 12405 RALLYDEBUG rally.task.utils [-] Waiting for resource s_rally_5c63de4c_QmBtbAsh. Status changed: ACTIVE => RESCUE in 0.21016144752502441
2020-04-10 06:48:34.077 12403 RALLYDEBUG rally.task.utils [-] Waiting for resource s_rally_5c63de4c_I8252Kl7. Status changed: ACTIVE => RESCUE in 4.686699151992798
2020-04-10 06:48:34.600 12404 RALLYDEBUG rally.task.utils [-] Waiting for resource s_rally_5c63de4c_HSBicYOP. Status changed: ACTIVE => RESCUE in 4.716944217681885
2020-04-10 06:48:34.798 12405 RALLYDEBUG rally.task.utils [-] Waiting for resource s_rally_5c63de4c_QmBtbAsh. Status changed: RESCUE => ACTIVE in 4.50629186630249
2020-04-10 06:48:36.425 12403 RALLYDEBUG rally.task.utils [-] Waiting for resource s_rally_5c63de4c_I8252Kl7. Status changed: ACTIVE => RESCUE in 0.21865534782409668
2020-04-10 06:48:36.961 12404 RALLYDEBUG rally.task.utils [-] Waiting for resource s_rally_5c63de4c_HSBicYOP. Status changed: ACTIVE => RESCUE in 0.23273444175720215
2020-04-10 06:48:37.318 12405 INFO rally.task.runner [-] Task e4a818be-636b-4582-8c06-6be7e376dbb4 | ITER: 3 END: OK
2020-04-10 06:48:37.325 12405 INFO rally.task.runner [-] Task e4a818be-636b-4582-8c06-6be7e376dbb4 | ITER: 5 START
2020-04-10 06:48:39.859 12404 RALLYDEBUG rally.task.utils [-] Waiting for resource s_rally_5c63de4c_HSBicYOP. Status changed: RESCUE => ACTIVE in 2.8985373973846436
2020-04-10 06:48:40.844 12403 RALLYDEBUG rally.task.utils [-] Waiting for resource s_rally_5c63de4c_I8252Kl7. Status changed: RESCUE => ACTIVE in 4.418912887573242
2020-04-10 06:48:42.518 12404 INFO rally.task.runner [-] Task e4a818be-636b-4582-8c06-6be7e376dbb4 | ITER: 2 END: OK
2020-04-10 06:48:42.526 12404 INFO rally.task.runner [-] Task e4a818be-636b-4582-8c06-6be7e376dbb4 | ITER: 6 START
2020-04-10 06:48:43.354 12403 INFO rally.task.runner [-] Task e4a818be-636b-4582-8c06-6be7e376dbb4 | ITER: 1 END: OK
2020-04-10 06:48:43.361 12403 INFO rally.task.runner [-] Task e4a818be-636b-4582-8c06-6be7e376dbb4 | ITER: 7 START
2020-04-10 06:48:47.703 12405 RALLYDEBUG rally.task.utils [-] Waiting for resource s_rally_5c63de4c_Hb6eP0MX. Status changed: BUILD => ACTIVE in 7.5279295444488525
2020-04-10 06:48:50.037 12405 RALLYDEBUG rally.task.utils [-] Waiting for resource s_rally_5c63de4c_Hb6eP0MX. Status changed: ACTIVE => HARD_REBOOT in 0.19507980346679688
2020-04-10 06:48:52.110 12404 RALLYDEBUG rally.task.utils [-] Waiting for resource s_rally_5c63de4c_0Cq5kgvP. Status changed: BUILD => ACTIVE in 6.895040512084961
2020-04-10 06:48:52.341 12405 RALLYDEBUG rally.task.utils [-] Waiting for resource s_rally_5c63de4c_Hb6eP0MX. Status changed: HARD_REBOOT => ACTIVE in 2.304314374923706
2020-04-10 06:48:54.468 12403 RALLYDEBUG rally.task.utils [-] Waiting for resource s_rally_5c63de4c_m5ALusbn. Status changed: BUILD => ACTIVE in 9.165905714035034
2020-04-10 06:48:54.510 12404 RALLYDEBUG rally.task.utils [-] Waiting for resource s_rally_5c63de4c_0Cq5kgvP. Status changed: ACTIVE => HARD_REBOOT in 0.22685647010803223
2020-04-10 06:48:54.658 12405 RALLYDEBUG rally.task.utils [-] Waiting for resource s_rally_5c63de4c_Hb6eP0MX. Status changed: ACTIVE => REBOOT in 0.17705678939819336
2020-04-10 06:48:56.803 12403 RALLYDEBUG rally.task.utils [-] Waiting for resource s_rally_5c63de4c_m5ALusbn. Status changed: ACTIVE => HARD_REBOOT in 0.20331048965454102
2020-04-10 06:48:59.019 12404 RALLYDEBUG rally.task.utils [-] Waiting for resource s_rally_5c63de4c_0Cq5kgvP. Status changed: HARD_REBOOT => ACTIVE in 4.509398698806763
2020-04-10 06:48:59.062 12403 RALLYDEBUG rally.task.utils [-] Waiting for resource s_rally_5c63de4c_m5ALusbn. Status changed: HARD_REBOOT => ACTIVE in 2.2593131065368652
2020-04-10 06:49:01.370 12404 RALLYDEBUG rally.task.utils [-] Waiting for resource s_rally_5c63de4c_0Cq5kgvP. Status changed: ACTIVE => REBOOT in 0.2244417667388916
2020-04-10 06:49:01.420 12403 RALLYDEBUG rally.task.utils [-] Waiting for resource s_rally_5c63de4c_m5ALusbn. Status changed: ACTIVE => REBOOT in 0.2251286506652832
2020-04-10 06:50:59.672 12405 RALLYDEBUG rally.task.utils [-] Waiting for resource s_rally_5c63de4c_Hb6eP0MX. Status changed: REBOOT => ACTIVE in 125.01329159736633
2020-04-10 06:51:02.249 12405 RALLYDEBUG rally.task.utils [-] Waiting for resource s_rally_5c63de4c_Hb6eP0MX. Status changed: ACTIVE => SHUTOFF in 2.440131187438965
