2020-04-10 06:33:20.027 6826 INFO rally.task.runner [-] Task 175a8ac9-aa45-4fb0-9d0a-95feb04829a7 | ITER: 7 START
2020-04-10 06:33:20.083 6824 INFO rally.task.runner [-] Task 175a8ac9-aa45-4fb0-9d0a-95feb04829a7 | ITER: 2 END: OK
2020-04-10 06:33:20.088 6824 INFO rally.task.runner [-] Task 175a8ac9-aa45-4fb0-9d0a-95feb04829a7 | ITER: 8 START
2020-04-10 06:33:22.840 6823 RALLYDEBUG rally.task.utils [-] Waiting for resource . Status changed: CREATE_IN_PROGRESS => CREATE_COMPLETE in 0.08937978744506836
2020-04-10 06:33:22.866 6825 RALLYDEBUG rally.task.utils [-] Waiting for resource . Status changed: CREATE_IN_PROGRESS => CREATE_COMPLETE in 0.08921337127685547
2020-04-10 06:33:22.881 6826 RALLYDEBUG rally.task.utils [-] Waiting for resource . Status changed: CREATE_IN_PROGRESS => CREATE_COMPLETE in 0.0856473445892334
2020-04-10 06:33:22.904 6824 RALLYDEBUG rally.task.utils [-] Waiting for resource . Status changed: CREATE_IN_PROGRESS => CREATE_COMPLETE in 0.08546090126037598
2020-04-10 06:33:25.053 6823 RALLYDEBUG rally.task.utils [-] Waiting for resource . Status changed: CREATE_COMPLETE => UPDATE_COMPLETE in 0.09165501594543457
2020-04-10 06:33:25.130 6825 RALLYDEBUG rally.task.utils [-] Waiting for resource . Status changed: CREATE_COMPLETE => UPDATE_COMPLETE in 0.09526634216308594
2020-04-10 06:33:25.146 6826 RALLYDEBUG rally.task.utils [-] Waiting for resource . Status changed: CREATE_COMPLETE => UPDATE_COMPLETE in 0.08911871910095215
2020-04-10 06:33:25.172 6824 RALLYDEBUG rally.task.utils [-] Waiting for resource . Status changed: CREATE_COMPLETE => UPDATE_COMPLETE in 0.09085869789123535
2020-04-10 06:33:25.221 6823 RALLYDEBUG rally.task.utils [-] Waiting for resource . Status changed: CREATE_COMPLETE => DELETE_IN_PROGRESS in 0.08195638656616211
2020-04-10 06:33:25.301 6825 RALLYDEBUG rally.task.utils [-] Waiting for resource . Status changed: CREATE_COMPLETE => DELETE_IN_PROGRESS in 0.08416938781738281
2020-04-10 06:33:25.349 6826 RALLYDEBUG rally.task.utils [-] Waiting for resource . Status changed: CREATE_COMPLETE => DELETE_IN_PROGRESS in 0.06942129135131836
2020-04-10 06:33:25.370 6824 RALLYDEBUG rally.task.utils [-] Waiting for resource . Status changed: CREATE_COMPLETE => DELETE_IN_PROGRESS in 0.06517863273620605
2020-04-10 06:33:26.314 6823 INFO rally.task.runner [-] Task 175a8ac9-aa45-4fb0-9d0a-95feb04829a7 | ITER: 5 END: OK
2020-04-10 06:33:26.318 6823 INFO rally.task.runner [-] Task 175a8ac9-aa45-4fb0-9d0a-95feb04829a7 | ITER: 9 START
2020-04-10 06:33:26.389 6825 INFO rally.task.runner [-] Task 175a8ac9-aa45-4fb0-9d0a-95feb04829a7 | ITER: 6 END: OK
2020-04-10 06:33:26.393 6825 INFO rally.task.runner [-] Task 175a8ac9-aa45-4fb0-9d0a-95feb04829a7 | ITER: 10 START
2020-04-10 06:33:26.443 6826 INFO rally.task.runner [-] Task 175a8ac9-aa45-4fb0-9d0a-95feb04829a7 | ITER: 7 END: OK
2020-04-10 06:33:26.463 6824 INFO rally.task.runner [-] Task 175a8ac9-aa45-4fb0-9d0a-95feb04829a7 | ITER: 8 END: OK
2020-04-10 06:33:29.223 6825 RALLYDEBUG rally.task.utils [-] Waiting for resource . Status changed: CREATE_IN_PROGRESS => CREATE_COMPLETE in 0.09217023849487305
2020-04-10 06:33:29.258 6823 RALLYDEBUG rally.task.utils [-] Waiting for resource . Status changed: CREATE_IN_PROGRESS => CREATE_COMPLETE in 0.09087395668029785
2020-04-10 06:33:31.434 6825 RALLYDEBUG rally.task.utils [-] Waiting for resource . Status changed: CREATE_COMPLETE => UPDATE_COMPLETE in 0.08620738983154297
2020-04-10 06:33:31.526 6823 RALLYDEBUG rally.task.utils [-] Waiting for resource . Status changed: CREATE_COMPLETE => UPDATE_COMPLETE in 0.09267330169677734
2020-04-10 06:33:31.603 6825 RALLYDEBUG rally.task.utils [-] Waiting for resource . Status changed: CREATE_COMPLETE => DELETE_IN_PROGRESS in 0.08255982398986816
2020-04-10 06:33:31.694 6823 RALLYDEBUG rally.task.utils [-] Waiting for resource . Status changed: CREATE_COMPLETE => DELETE_IN_PROGRESS in 0.08506035804748535
2020-04-10 06:33:32.695 6825 INFO rally.task.runner [-] Task 175a8ac9-aa45-4fb0-9d0a-95feb04829a7 | ITER: 10 END: OK
2020-04-10 06:33:32.785 6823 INFO rally.task.runner [-] Task 175a8ac9-aa45-4fb0-9d0a-95feb04829a7 | ITER: 9 END: OK
2020-04-10 06:33:32.811 5253 INFO rally.task.context [-] Task 175a8ac9-aa45-4fb0-9d0a-95feb04829a7 | Context cleanup@openstack cleanup() started
2020-04-10 06:33:32.816 5253 RALLYDEBUG rally_openstack.cleanup.manager [-] Cleaning up heat stacks objects
2020-04-10 06:33:33.529 5253 INFO rally.task.context [-] Task 175a8ac9-aa45-4fb0-9d0a-95feb04829a7 | Context cleanup@openstack cleanup() finished in 0.72 sec
2020-04-10 06:33:33.530 5253 INFO rally.task.context [-] Task 175a8ac9-aa45-4fb0-9d0a-95feb04829a7 | Context roles@openstack cleanup() started
2020-04-10 06:33:33.539 5253 INFO rally.task.context [-] Task 175a8ac9-aa45-4fb0-9d0a-95feb04829a7 | Context roles@openstack cleanup() finished in 9.35 msec
2020-04-10 06:33:33.539 5253 INFO rally.task.context [-] Task 175a8ac9-aa45-4fb0-9d0a-95feb04829a7 | Context users@openstack cleanup() started
2020-04-10 06:33:33.765 5253 WARNING rally.common.logging [-] `iterate_per_tenants()' is deprecated in v3.0.0: it is openstack specific.. Used at
2020-04-10 06:33:37.699 5253 INFO rally.task.context [-] Task 175a8ac9-aa45-4fb0-9d0a-95feb04829a7 | Context users@openstack cleanup() finished in 4.16 sec
2020-04-10 06:33:37.772 5253 INFO rally.task.engine [-] Load duration is: 15.268617
2020-04-10 06:33:37.772 5253 INFO rally.task.engine [-] Full runner duration is: 19.315529
2020-04-10 06:33:37.772 5253 INFO rally.task.engine [-] Full duration is: 26.087777
2020-04-10 06:33:37.829 5253 INFO rally.task.engine [-] Running workload: position = 2 config = { "version": 2, "title": "A cropped version of a bigger task.", "description": "Auto-generated task from a single workload (uuid=d3f5ad49-4fcd-49f9-9a74-3ff7abdeebc9)", "subtasks": [ { "title": "HeatStacks.create_update_delete_stack", "description": "Create, update and then delete a stack.", "scenario": { "HeatStacks.create_update_delete_stack": { "template_path": "/usr/lib/python3.7/site-packages/functest/opnfv_tests/openstack/rally/scenario/templates/resource_group.yaml.template", "updated_template_path": "/usr/lib/python3.7/site-packages/functest/opnfv_tests/openstack/rally/scenario/templates/updated_resource_group_increase.yaml.template" } }, "contexts": { "users": { "tenants": 3, "users_per_tenant": 2 }, "roles": [ "heat_stack_owner" ] }, "runner": { "constant": { "concurrency": 4, "times": 10 } }, "hooks": [], "sla": { "failure_rate": { "max": 0 } } } ] }
2020-04-10 06:33:37.855 5253 RALLYDEBUG rally_openstack.contexts.keystone.users [-] Creating 3 tenants using 3 threads
2020-04-10 06:33:38.351 5253 RALLYDEBUG rally_openstack.contexts.keystone.users [-] Creating 6 users using 6 threads
2020-04-10 06:33:39.399 5253 INFO rally.task.context [-] Task 175a8ac9-aa45-4fb0-9d0a-95feb04829a7 | Context users@openstack setup() finished in 1.54 sec
2020-04-10 06:33:39.604 5253 ERROR rally.common.broker [-] Failed to publish a task to the queue: rally.exceptions.NotFoundException: The resource can not be found: There is no role with name `heat_stack_owner`
2020-04-10 06:33:39.604 5253 ERROR rally.common.broker
Traceback (most recent call last):
2020-04-10 06:33:39.604 5253 ERROR rally.common.broker
File "/usr/lib/python3.7/site-packages/rally/common/broker.py", line 58, in _publisher
2020-04-10 06:33:39.604 5253 ERROR rally.common.broker publish(queue)
2020-04-10 06:33:39.604 5253 ERROR rally.common.broker
File "/usr/lib/python3.7/site-packages/rally_openstack/contexts/keystone/roles.py", line 91, in publish
2020-04-10 06:33:39.604 5253 ERROR rally.common.broker role = self._get_role_object(context_role)
2020-04-10 06:33:39.604 5253 ERROR rally.common.broker
File "/usr/lib/python3.7/site-packages/rally_openstack/contexts/keystone/roles.py", line 65, in _get_role_object
2020-04-10 06:33:39.604 5253 ERROR rally.common.broker "There is no role with name `%s`" % context_role)
2020-04-10 06:33:39.604 5253 ERROR rally.common.broker rally.exceptions.NotFoundException: The resource can not be found: There is no role with name `heat_stack_owner`
2020-04-10 06:33:39.604 5253 ERROR rally.common.broker
2020-04-10 06:33:39.615 5253 INFO rally.task.context [-] Task 175a8ac9-aa45-4fb0-9d0a-95feb04829a7 | Context roles@openstack setup() finished in 0.21 sec
2020-04-10 06:33:39.615 5253 INFO rally.task.context [-] Task 175a8ac9-aa45-4fb0-9d0a-95feb04829a7 | Context cleanup@openstack setup() finished in 0.02 msec
2020-04-10 06:33:39.623 5253 RALLYDEBUG rally.task.runner [-] Starting the constant runner (task UUID: 175a8ac9-aa45-4fb0-9d0a-95feb04829a7). times: 10 concurrency: 4 timeout: 0 max_cpu_used: 88 processes_to_start: 4 concurrency_per_worker: 1 concurrency_overhead: 0
2020-04-10 06:33:39.635 6976 RALLYDEBUG rally.task.runner [-] Starting a worker. times: 10 duration: None concurrency: 1 timeout: 0 cls: method_name: run args: {"template_path": "heat_template_version: 2014-10-16\n\ndescription: Test template for rally create-update-delete scenario\n\nresources:\n test_group:\n type: OS::Heat::ResourceGroup\n properties:\n count: 2\n resource_def:\n type: OS::Heat::RandomString\n properties:\n length: 20", "updated_template_path": "heat_template_version: 2014-10-16\n\ndescription: >\n Test template for create-update-delete-stack scenario in rally.\n The template updates one resource from the stack defined by resource_group.yaml.template\n and adds children resources to that resource.\n\nresources:\n test_group:\n type: OS::Heat::ResourceGroup\n properties:\n count: 3\n resource_def:\n type: OS::Heat::RandomString\n properties:\n length: 20"}
2020-04-10 06:33:39.638 6977 RALLYDEBUG rally.task.runner [-] Starting a worker. times: 10 duration: None concurrency: 1 timeout: 0 cls: method_name: run args: {"template_path": "heat_template_version: 2014-10-16\n\ndescription: Test template for rally create-update-delete scenario\n\nresources:\n test_group:\n type: OS::Heat::ResourceGroup\n properties:\n count: 2\n resource_def:\n type: OS::Heat::RandomString\n properties:\n length: 20", "updated_template_path": "heat_template_version: 2014-10-16\n\ndescription: >\n Test template for create-update-delete-stack scenario in rally.\n The template updates one resource from the stack defined by resource_group.yaml.template\n and adds children resources to that resource.\n\nresources:\n test_group:\n type: OS::Heat::ResourceGroup\n properties:\n count: 3\n resource_def:\n type: OS::Heat::RandomString\n properties:\n length: 20"}
2020-04-10 06:33:39.641 6978 RALLYDEBUG rally.task.runner [-] Starting a worker. times: 10 duration: None concurrency: 1 timeout: 0 cls: method_name: run args: {"template_path": "heat_template_version: 2014-10-16\n\ndescription: Test template for rally create-update-delete scenario\n\nresources:\n test_group:\n type: OS::Heat::ResourceGroup\n properties:\n count: 2\n resource_def:\n type: OS::Heat::RandomString\n properties:\n length: 20", "updated_template_path": "heat_template_version: 2014-10-16\n\ndescription: >\n Test template for create-update-delete-stack scenario in rally.\n The template updates one resource from the stack defined by resource_group.yaml.template\n and adds children resources to that resource.\n\nresources:\n test_group:\n type: OS::Heat::ResourceGroup\n properties:\n count: 3\n resource_def:\n type: OS::Heat::RandomString\n properties:\n length: 20"}
2020-04-10 06:33:39.642 6976 INFO rally.task.runner [-] Task 175a8ac9-aa45-4fb0-9d0a-95feb04829a7 | ITER: 1 START
2020-04-10 06:33:39.643 6977 INFO rally.task.runner [-] Task 175a8ac9-aa45-4fb0-9d0a-95feb04829a7 | ITER: 2 START
2020-04-10 06:33:39.645 6979 RALLYDEBUG rally.task.runner [-] Starting a worker. times: 10 duration: None concurrency: 1 timeout: 0 cls: method_name: run args: {"template_path": "heat_template_version: 2014-10-16\n\ndescription: Test template for rally create-update-delete scenario\n\nresources:\n test_group:\n type: OS::Heat::ResourceGroup\n properties:\n count: 2\n resource_def:\n type: OS::Heat::RandomString\n properties:\n length: 20", "updated_template_path": "heat_template_version: 2014-10-16\n\ndescription: >\n Test template for create-update-delete-stack scenario in rally.\n The template updates one resource from the stack defined by resource_group.yaml.template\n and adds children resources to that resource.\n\nresources:\n test_group:\n type: OS::Heat::ResourceGroup\n properties:\n count: 3\n resource_def:\n type: OS::Heat::RandomString\n properties:\n length: 20"}
2020-04-10 06:33:39.647 6978 INFO rally.task.runner [-] Task 175a8ac9-aa45-4fb0-9d0a-95feb04829a7 | ITER: 3 START
2020-04-10 06:33:39.651 6979 INFO rally.task.runner [-] Task 175a8ac9-aa45-4fb0-9d0a-95feb04829a7 | ITER: 4 START
2020-04-10 06:33:43.660 6976 RALLYDEBUG rally.task.utils [-] Waiting for resource . Status changed: CREATE_IN_PROGRESS => CREATE_COMPLETE in 1.1863245964050293
2020-04-10 06:33:43.665 6978 RALLYDEBUG rally.task.utils [-] Waiting for resource . Status changed: CREATE_IN_PROGRESS => CREATE_COMPLETE in 1.1942229270935059
2020-04-10 06:33:43.681 6979 RALLYDEBUG rally.task.utils [-] Waiting for resource . Status changed: CREATE_IN_PROGRESS => CREATE_COMPLETE in 1.206552267074585
2020-04-10 06:33:43.692 6977 RALLYDEBUG rally.task.utils [-] Waiting for resource . Status changed: CREATE_IN_PROGRESS => CREATE_COMPLETE in 1.2294018268585205
2020-04-10 06:33:45.934 6978 RALLYDEBUG rally.task.utils [-] Waiting for resource . Status changed: CREATE_COMPLETE => UPDATE_IN_PROGRESS in 0.08894109725952148
2020-04-10 06:33:45.942 6976 RALLYDEBUG rally.task.utils [-] Waiting for resource . Status changed: CREATE_COMPLETE => UPDATE_IN_PROGRESS in 0.10510730743408203
2020-04-10 06:33:45.944 6979 RALLYDEBUG rally.task.utils [-] Waiting for resource . Status changed: CREATE_COMPLETE => UPDATE_IN_PROGRESS in 0.08731412887573242
2020-04-10 06:33:45.956 6977 RALLYDEBUG rally.task.utils [-] Waiting for resource . Status changed: CREATE_COMPLETE => UPDATE_IN_PROGRESS in 0.09042763710021973
2020-04-10 06:33:48.122 6978 RALLYDEBUG rally.task.utils [-] Waiting for resource . Status changed: UPDATE_IN_PROGRESS => UPDATE_COMPLETE in 2.1882166862487793
2020-04-10 06:33:48.129 6979 RALLYDEBUG rally.task.utils [-] Waiting for resource . Status changed: UPDATE_IN_PROGRESS => UPDATE_COMPLETE in 2.185037851333618
2020-04-10 06:33:48.142 6977 RALLYDEBUG rally.task.utils [-] Waiting for resource . Status changed: UPDATE_IN_PROGRESS => UPDATE_COMPLETE in 2.1859779357910156
2020-04-10 06:33:48.157 6976 RALLYDEBUG rally.task.utils [-] Waiting for resource . Status changed: UPDATE_IN_PROGRESS => UPDATE_COMPLETE in 2.2149498462677
2020-04-10 06:33:48.288 6978 RALLYDEBUG rally.task.utils [-] Waiting for resource . Status changed: CREATE_COMPLETE => DELETE_IN_PROGRESS in 0.08594560623168945
2020-04-10 06:33:48.346 6977 RALLYDEBUG rally.task.utils [-] Waiting for resource . Status changed: CREATE_COMPLETE => DELETE_IN_PROGRESS in 0.06936454772949219
2020-04-10 06:33:48.348 6979 RALLYDEBUG rally.task.utils [-] Waiting for resource . Status changed: CREATE_COMPLETE => DELETE_IN_PROGRESS in 0.08664822578430176
2020-04-10 06:33:48.379 6976 RALLYDEBUG rally.task.utils [-] Waiting for resource . Status changed: CREATE_COMPLETE => DELETE_IN_PROGRESS in 0.08698081970214844
2020-04-10 06:33:51.582 6978 INFO rally.task.runner [-] Task 175a8ac9-aa45-4fb0-9d0a-95feb04829a7 | ITER: 3 END: OK
2020-04-10 06:33:51.587 6978 INFO rally.task.runner [-] Task 175a8ac9-aa45-4fb0-9d0a-95feb04829a7 | ITER: 5 START
2020-04-10 06:33:51.624 6977 INFO rally.task.runner [-] Task 175a8ac9-aa45-4fb0-9d0a-95feb04829a7 | ITER: 2 END: OK
2020-04-10 06:33:51.629 6977 INFO rally.task.runner [-] Task 175a8ac9-aa45-4fb0-9d0a-95feb04829a7 | ITER: 6 START
2020-04-10 06:33:51.630 6979 INFO rally.task.runner [-] Task 175a8ac9-aa45-4fb0-9d0a-95feb04829a7 | ITER: 4 END: OK
2020-04-10 06:33:51.634 6979 INFO rally.task.runner [-] Task 175a8ac9-aa45-4fb0-9d0a-95feb04829a7 | ITER: 7 START
2020-04-10 06:33:51.663 6976 INFO rally.task.runner [-] Task 175a8ac9-aa45-4fb0-9d0a-95feb04829a7 | ITER: 1 END: OK
2020-04-10 06:33:51.668 6976 INFO rally.task.runner [-] Task 175a8ac9-aa45-4fb0-9d0a-95feb04829a7 | ITER: 8 START
2020-04-10 06:33:55.564 6978 RALLYDEBUG rally.task.utils [-] Waiting for resource . Status changed: CREATE_IN_PROGRESS => CREATE_COMPLETE in 1.1953363418579102
2020-04-10 06:33:55.577 6977 RALLYDEBUG rally.task.utils [-] Waiting for resource . Status changed: CREATE_IN_PROGRESS => CREATE_COMPLETE in 1.1864087581634521
2020-04-10 06:33:55.698 6979 RALLYDEBUG rally.task.utils [-] Waiting for resource . Status changed: CREATE_IN_PROGRESS => CREATE_COMPLETE in 1.1787734031677246
2020-04-10 06:33:55.960 6976 RALLYDEBUG rally.task.utils [-] Waiting for resource . Status changed: CREATE_IN_PROGRESS => CREATE_COMPLETE in 1.1788461208343506
2020-04-10 06:33:57.831 6978 RALLYDEBUG rally.task.utils [-] Waiting for resource . Status changed: CREATE_COMPLETE => UPDATE_IN_PROGRESS in 0.08831453323364258
2020-04-10 06:33:57.856 6977 RALLYDEBUG rally.task.utils [-] Waiting for resource . Status changed: CREATE_COMPLETE => UPDATE_IN_PROGRESS in 0.08484292030334473
2020-04-10 06:33:57.993 6979 RALLYDEBUG rally.task.utils [-] Waiting for resource . Status changed: CREATE_COMPLETE => UPDATE_IN_PROGRESS in 0.1198434829711914
2020-04-10 06:33:58.221 6976 RALLYDEBUG rally.task.utils [-] Waiting for resource . Status changed: CREATE_COMPLETE => UPDATE_IN_PROGRESS in 0.08780312538146973
2020-04-10 06:34:00.013 6978 RALLYDEBUG rally.task.utils [-] Waiting for resource . Status changed: UPDATE_IN_PROGRESS => UPDATE_COMPLETE in 2.1825151443481445
2020-04-10 06:34:00.045 6977 RALLYDEBUG rally.task.utils [-] Waiting for resource . Status changed: UPDATE_IN_PROGRESS => UPDATE_COMPLETE in 2.189685583114624
2020-04-10 06:34:00.183 6978 RALLYDEBUG rally.task.utils [-] Waiting for resource . Status changed: CREATE_COMPLETE => DELETE_IN_PROGRESS in 0.08733463287353516
2020-04-10 06:34:00.201 6979 RALLYDEBUG rally.task.utils [-] Waiting for resource . Status changed: UPDATE_IN_PROGRESS => UPDATE_COMPLETE in 2.2077605724334717
2020-04-10 06:34:00.211 6977 RALLYDEBUG rally.task.utils [-] Waiting for resource . Status changed: CREATE_COMPLETE => DELETE_IN_PROGRESS in 0.08290839195251465
2020-04-10 06:34:00.371 6979 RALLYDEBUG rally.task.utils [-] Waiting for resource . Status changed: CREATE_COMPLETE => DELETE_IN_PROGRESS in 0.08636617660522461
2020-04-10 06:34:00.396 6976 RALLYDEBUG rally.task.utils [-] Waiting for resource . Status changed: UPDATE_IN_PROGRESS => UPDATE_COMPLETE in 2.1751277446746826
2020-04-10 06:34:00.612 6976 RALLYDEBUG rally.task.utils [-] Waiting for resource . Status changed: CREATE_COMPLETE => DELETE_IN_PROGRESS in 0.08556342124938965
2020-04-10 06:34:03.483 6978 INFO rally.task.runner [-] Task 175a8ac9-aa45-4fb0-9d0a-95feb04829a7 | ITER: 5 END: OK
2020-04-10 06:34:03.491 6978 INFO rally.task.runner [-] Task 175a8ac9-aa45-4fb0-9d0a-95feb04829a7 | ITER: 9 START
2020-04-10 06:34:03.496 6977 INFO rally.task.runner [-] Task 175a8ac9-aa45-4fb0-9d0a-95feb04829a7 | ITER: 6 END: OK
2020-04-10 06:34:03.502 6977 INFO rally.task.runner [-] Task 175a8ac9-aa45-4fb0-9d0a-95feb04829a7 | ITER: 10 START
2020-04-10 06:34:03.646 6979 INFO rally.task.runner [-] Task 175a8ac9-aa45-4fb0-9d0a-95feb04829a7 | ITER: 7 END: OK
2020-04-10 06:34:03.883 6976 INFO rally.task.runner [-] Task 175a8ac9-aa45-4fb0-9d0a-95feb04829a7 | ITER: 8 END: OK
2020-04-10 06:34:07.487 6977 RALLYDEBUG rally.task.utils [-] Waiting for resource . Status changed: CREATE_IN_PROGRESS => CREATE_COMPLETE in 1.184699535369873
2020-04-10 06:34:07.513 6978 RALLYDEBUG rally.task.utils [-] Waiting for resource . Status changed: CREATE_IN_PROGRESS => CREATE_COMPLETE in 1.1983773708343506
2020-04-10 06:34:09.780 6978 RALLYDEBUG rally.task.utils [-] Waiting for resource . Status changed: CREATE_COMPLETE => UPDATE_IN_PROGRESS in 0.08459782600402832
2020-04-10 06:34:09.793 6977 RALLYDEBUG rally.task.utils [-] Waiting for resource . Status changed: CREATE_COMPLETE => UPDATE_IN_PROGRESS in 0.1242837905883789
2020-04-10 06:34:11.961 6978 RALLYDEBUG rally.task.utils [-] Waiting for resource . Status changed: UPDATE_IN_PROGRESS => UPDATE_COMPLETE in 2.1817455291748047
2020-04-10 06:34:11.970 6977 RALLYDEBUG rally.task.utils [-] Waiting for resource . Status changed: UPDATE_IN_PROGRESS => UPDATE_COMPLETE in 2.177003860473633
2020-04-10 06:34:12.131 6978 RALLYDEBUG rally.task.utils [-] Waiting for resource . Status changed: CREATE_COMPLETE => DELETE_IN_PROGRESS in 0.08692789077758789
2020-04-10 06:34:12.189 6977 RALLYDEBUG rally.task.utils [-] Waiting for resource . Status changed: CREATE_COMPLETE => DELETE_IN_PROGRESS in 0.08669519424438477
2020-04-10 06:34:15.400 6978 INFO rally.task.runner [-] Task 175a8ac9-aa45-4fb0-9d0a-95feb04829a7 | ITER: 9 END: OK
2020-04-10 06:34:15.453 6977 INFO rally.task.runner [-] Task 175a8ac9-aa45-4fb0-9d0a-95feb04829a7 | ITER: 10 END: OK
2020-04-10 06:34:15.479 5253 INFO rally.task.context [-] Task 175a8ac9-aa45-4fb0-9d0a-95feb04829a7 | Context cleanup@openstack cleanup() started
2020-04-10 06:34:15.485 5253 RALLYDEBUG rally_openstack.cleanup.manager [-] Cleaning up heat stacks objects
2020-04-10 06:34:16.285 5253 RALLYDEBUG rally_openstack.cleanup.manager [-] Deleting heat.stacks object s_rally_d3f5ad49_yBlnPgbU (4ae77d10-898c-45ee-bec1-4c49f9bf6e84)
2020-04-10 06:34:16.699 5253 ERROR rally_openstack.cleanup.manager [-] Resource deletion failed, max retries exceeded for heat.stacks: 4ae77d10-898c-45ee-bec1-4c49f9bf6e84.: heatclient.exc.HTTPNotFound: ERROR: The Stack (s_rally_d3f5ad49_yBlnPgbU) could not be found.
2020-04-10 06:34:16.699 5253 ERROR rally_openstack.cleanup.manager
Traceback (most recent call last):
2020-04-10 06:34:16.699 5253 ERROR rally_openstack.cleanup.manager
File "/usr/lib/python3.7/site-packages/rally_openstack/cleanup/manager.py", line 85, in _delete_single_resource
2020-04-10 06:34:16.699 5253 ERROR rally_openstack.cleanup.manager rutils.retry(resource._max_attempts, resource.delete)
2020-04-10 06:34:16.699 5253 ERROR rally_openstack.cleanup.manager
File "/usr/lib/python3.7/site-packages/rally/common/utils.py", line 211, in retry
2020-04-10 06:34:16.699 5253 ERROR rally_openstack.cleanup.manager return func(*args, **kwargs)
2020-04-10 06:34:16.699 5253 ERROR rally_openstack.cleanup.manager
File "/usr/lib/python3.7/site-packages/rally_openstack/cleanup/base.py", line 129, in delete
2020-04-10 06:34:16.699 5253 ERROR rally_openstack.cleanup.manager self._manager().delete(self.id())
2020-04-10 06:34:16.699 5253 ERROR rally_openstack.cleanup.manager
File "/usr/lib/python3.7/site-packages/heatclient/v1/stacks.py", line 210, in delete
2020-04-10 06:34:16.699 5253 ERROR rally_openstack.cleanup.manager self._delete("/stacks/%s" % stack_id)
2020-04-10 06:34:16.699 5253 ERROR rally_openstack.cleanup.manager
File "/usr/lib/python3.7/site-packages/heatclient/common/base.py", line 207, in _delete
2020-04-10 06:34:16.699 5253 ERROR rally_openstack.cleanup.manager return self.client.delete(url)
2020-04-10 06:34:16.699 5253 ERROR rally_openstack.cleanup.manager
File "/usr/lib/python3.7/site-packages/keystoneauth1/adapter.py", line 401, in delete
2020-04-10 06:34:16.699 5253 ERROR rally_openstack.cleanup.manager return self.request(url, 'DELETE', **kwargs)
2020-04-10 06:34:16.699 5253 ERROR rally_openstack.cleanup.manager
File "/usr/lib/python3.7/site-packages/heatclient/common/http.py", line 323, in request
2020-04-10 06:34:16.699 5253 ERROR rally_openstack.cleanup.manager raise exc.from_response(resp)
2020-04-10 06:34:16.699 5253 ERROR rally_openstack.cleanup.manager heatclient.exc.HTTPNotFound: ERROR: The Stack (s_rally_d3f5ad49_yBlnPgbU) could not be found.
2020-04-10 06:34:16.699 5253 ERROR rally_openstack.cleanup.manager
2020-04-10 06:34:16.702 5253 INFO rally.task.context [-] Task 175a8ac9-aa45-4fb0-9d0a-95feb04829a7 | Context cleanup@openstack cleanup() finished in 1.22 sec
2020-04-10 06:34:16.703 5253 INFO rally.task.context [-] Task 175a8ac9-aa45-4fb0-9d0a-95feb04829a7 | Context roles@openstack cleanup() started
2020-04-10 06:34:16.712 5253 INFO rally.task.context [-] Task 175a8ac9-aa45-4fb0-9d0a-95feb04829a7 | Context roles@openstack cleanup() finished in 9.72 msec
2020-04-10 06:34:16.713 5253 INFO rally.task.context [-] Task 175a8ac9-aa45-4fb0-9d0a-95feb04829a7 | Context users@openstack cleanup() started
2020-04-10 06:34:16.989 5253 WARNING rally.common.logging [-] `iterate_per_tenants()' is deprecated in v3.0.0: it is openstack specific.. Used at
2020-04-10 06:34:20.167 5253 INFO rally.task.context [-] Task 175a8ac9-aa45-4fb0-9d0a-95feb04829a7 | Context users@openstack cleanup() finished in 3.45 sec
2020-04-10 06:34:22.102 5253 INFO rally.task.engine [-] Load duration is: 31.809822
2020-04-10 06:34:22.102 5253 INFO rally.task.engine [-] Full runner duration is: 35.855383
2020-04-10 06:34:22.103 5253 INFO rally.task.engine [-] Full duration is: 42.313608
2020-04-10 06:34:22.166 5253 INFO rally.task.engine [-] Running workload: position = 3 config = { "version": 2, "title": "A cropped version of a bigger task.", "description": "Auto-generated task from a single workload (uuid=80fd8430-e8b1-4a8e-90ec-3d5934572dd0)", "subtasks": [ { "title": "HeatStacks.create_update_delete_stack", "description": "Create, update and then delete a stack.", "scenario": { "HeatStacks.create_update_delete_stack": { "template_path": "/usr/lib/python3.7/site-packages/functest/opnfv_tests/openstack/rally/scenario/templates/autoscaling_policy.yaml.template", "updated_template_path": "/usr/lib/python3.7/site-packages/functest/opnfv_tests/openstack/rally/scenario/templates/updated_autoscaling_policy_inplace.yaml.template" } }, "contexts": { "users": { "tenants": 3, "users_per_tenant": 2 }, "roles": [ "heat_stack_owner" ] }, "runner": { "constant": { "concurrency": 4, "times": 10 } }, "hooks": [], "sla": { "failure_rate": { "max": 0 } } } ] }
2020-04-10 06:34:22.190 5253 RALLYDEBUG rally_openstack.contexts.keystone.users [-] Creating 3 tenants using 3 threads
2020-04-10 06:34:22.695 5253 RALLYDEBUG rally_openstack.contexts.keystone.users [-] Creating 6 users using 6 threads
2020-04-10 06:34:23.650 5253 INFO rally.task.context [-] Task 175a8ac9-aa45-4fb0-9d0a-95feb04829a7 | Context users@openstack setup() finished in 1.46 sec
2020-04-10 06:34:23.902 5253 ERROR rally.common.broker [-] Failed to publish a task to the queue: rally.exceptions.NotFoundException: The resource can not be found: There is no role with name `heat_stack_owner`
2020-04-10 06:34:23.902 5253 ERROR rally.common.broker
Traceback (most recent call last):
2020-04-10 06:34:23.902 5253 ERROR rally.common.broker
File "/usr/lib/python3.7/site-packages/rally/common/broker.py", line 58, in _publisher
2020-04-10 06:34:23.902 5253 ERROR rally.common.broker publish(queue)
2020-04-10 06:34:23.902 5253 ERROR rally.common.broker
File "/usr/lib/python3.7/site-packages/rally_openstack/contexts/keystone/roles.py", line 91, in publish
2020-04-10 06:34:23.902 5253 ERROR rally.common.broker role = self._get_role_object(context_role)
2020-04-10 06:34:23.902 5253 ERROR rally.common.broker
File "/usr/lib/python3.7/site-packages/rally_openstack/contexts/keystone/roles.py", line 65, in _get_role_object
2020-04-10 06:34:23.902 5253 ERROR rally.common.broker "There is no role with name `%s`" % context_role)
2020-04-10 06:34:23.902 5253 ERROR rally.common.broker rally.exceptions.NotFoundException: The resource can not be found: There is no role with name `heat_stack_owner`
2020-04-10 06:34:23.902 5253 ERROR rally.common.broker
2020-04-10 06:34:23.913 5253 INFO rally.task.context [-] Task 175a8ac9-aa45-4fb0-9d0a-95feb04829a7 | Context roles@openstack setup() finished in 0.26 sec
2020-04-10 06:34:23.913 5253 INFO rally.task.context [-] Task 175a8ac9-aa45-4fb0-9d0a-95feb04829a7 | Context cleanup@openstack setup() finished in 0.02 msec
2020-04-10 06:34:23.922 5253 RALLYDEBUG rally.task.runner [-] Starting the constant runner (task UUID: 175a8ac9-aa45-4fb0-9d0a-95feb04829a7). times: 10 concurrency: 4 timeout: 0 max_cpu_used: 88 processes_to_start: 4 concurrency_per_worker: 1 concurrency_overhead: 0
2020-04-10 06:34:23.934 7129 RALLYDEBUG rally.task.runner [-] Starting a worker. times: 10 duration: None concurrency: 1 timeout: 0 cls: method_name: run args: {"template_path": "heat_template_version: 2013-05-23\n\nresources:\n test_group:\n type: OS::Heat::AutoScalingGroup\n properties:\n desired_capacity: 0\n max_size: 0\n min_size: 0\n resource:\n type: OS::Heat::RandomString\n test_policy:\n type: OS::Heat::ScalingPolicy\n properties:\n adjustment_type: change_in_capacity\n auto_scaling_group_id: { get_resource: test_group }\n scaling_adjustment: 1", "updated_template_path": "heat_template_version: 2013-05-23\n\ndescription: >\n Test template for create-update-delete-stack scenario in rally.\n The template updates resource parameters without resource re-creation(replacement)\n in the stack defined by autoscaling_policy.yaml.template. It allows to measure\n performance of \"pure\" resource update operation only.\n\nresources:\n test_group:\n type: OS::Heat::AutoScalingGroup\n properties:\n desired_capacity: 0\n max_size: 0\n min_size: 0\n resource:\n type: OS::Heat::RandomString\n test_policy:\n type: OS::Heat::ScalingPolicy\n properties:\n adjustment_type: change_in_capacity\n auto_scaling_group_id: { get_resource: test_group }\n scaling_adjustment: -1"}
2020-04-10 06:34:23.937 7130 RALLYDEBUG rally.task.runner [-] Starting a worker. times: 10 duration: None concurrency: 1 timeout: 0 cls: method_name: run args: {"template_path": "heat_template_version: 2013-05-23\n\nresources:\n test_group:\n type: OS::Heat::AutoScalingGroup\n properties:\n desired_capacity: 0\n max_size: 0\n min_size: 0\n resource:\n type: OS::Heat::RandomString\n test_policy:\n type: OS::Heat::ScalingPolicy\n properties:\n adjustment_type: change_in_capacity\n auto_scaling_group_id: { get_resource: test_group }\n scaling_adjustment: 1", "updated_template_path": "heat_template_version: 2013-05-23\n\ndescription: >\n Test template for create-update-delete-stack scenario in rally.\n The template updates resource parameters without resource re-creation(replacement)\n in the stack defined by autoscaling_policy.yaml.template. It allows to measure\n performance of \"pure\" resource update operation only.\n\nresources:\n test_group:\n type: OS::Heat::AutoScalingGroup\n properties:\n desired_capacity: 0\n max_size: 0\n min_size: 0\n resource:\n type: OS::Heat::RandomString\n test_policy:\n type: OS::Heat::ScalingPolicy\n properties:\n adjustment_type: change_in_capacity\n auto_scaling_group_id: { get_resource: test_group }\n scaling_adjustment: -1"}
2020-04-10 06:34:23.939 7131 RALLYDEBUG rally.task.runner [-] Starting a worker. times: 10 duration: None concurrency: 1 timeout: 0 cls: method_name: run args: {"template_path": "heat_template_version: 2013-05-23\n\nresources:\n test_group:\n type: OS::Heat::AutoScalingGroup\n properties:\n desired_capacity: 0\n max_size: 0\n min_size: 0\n resource:\n type: OS::Heat::RandomString\n test_policy:\n type: OS::Heat::ScalingPolicy\n properties:\n adjustment_type: change_in_capacity\n auto_scaling_group_id: { get_resource: test_group }\n scaling_adjustment: 1", "updated_template_path": "heat_template_version: 2013-05-23\n\ndescription: >\n Test template for create-update-delete-stack scenario in rally.\n The template updates resource parameters without resource re-creation(replacement)\n in the stack defined by autoscaling_policy.yaml.template. It allows to measure\n performance of \"pure\" resource update operation only.\n\nresources:\n test_group:\n type: OS::Heat::AutoScalingGroup\n properties:\n desired_capacity: 0\n max_size: 0\n min_size: 0\n resource:\n type: OS::Heat::RandomString\n test_policy:\n type: OS::Heat::ScalingPolicy\n properties:\n adjustment_type: change_in_capacity\n auto_scaling_group_id: { get_resource: test_group }\n scaling_adjustment: -1"}
2020-04-10 06:34:23.941 7129 INFO rally.task.runner [-] Task 175a8ac9-aa45-4fb0-9d0a-95feb04829a7 | ITER: 1 START
2020-04-10 06:34:23.942 7132 RALLYDEBUG rally.task.runner [-] Starting a worker. times: 10 duration: None concurrency: 1 timeout: 0 cls: method_name: run args: {"template_path": "heat_template_version: 2013-05-23\n\nresources:\n test_group:\n type: OS::Heat::AutoScalingGroup\n properties:\n desired_capacity: 0\n max_size: 0\n min_size: 0\n resource:\n type: OS::Heat::RandomString\n test_policy:\n type: OS::Heat::ScalingPolicy\n properties:\n adjustment_type: change_in_capacity\n auto_scaling_group_id: { get_resource: test_group }\n scaling_adjustment: 1", "updated_template_path": "heat_template_version: 2013-05-23\n\ndescription: >\n Test template for create-update-delete-stack scenario in rally.\n The template updates resource parameters without resource re-creation(replacement)\n in the stack defined by autoscaling_policy.yaml.template. It allows to measure\n performance of \"pure\" resource update operation only.\n\nresources:\n test_group:\n type: OS::Heat::AutoScalingGroup\n properties:\n desired_capacity: 0\n max_size: 0\n min_size: 0\n resource:\n type: OS::Heat::RandomString\n test_policy:\n type: OS::Heat::ScalingPolicy\n properties:\n adjustment_type: change_in_capacity\n auto_scaling_group_id: { get_resource: test_group }\n scaling_adjustment: -1"}
2020-04-10 06:34:23.944 7130 INFO rally.task.runner [-] Task 175a8ac9-aa45-4fb0-9d0a-95feb04829a7 | ITER: 2 START
2020-04-10 06:34:23.946 7131 INFO rally.task.runner [-] Task 175a8ac9-aa45-4fb0-9d0a-95feb04829a7 | ITER: 3 START
2020-04-10 06:34:23.947 7132 INFO rally.task.runner [-] Task 175a8ac9-aa45-4fb0-9d0a-95feb04829a7 | ITER: 4 START
2020-04-10 06:34:26.767 7130 RALLYDEBUG rally.task.utils [-] Waiting for resource . Status changed: CREATE_IN_PROGRESS => CREATE_COMPLETE in 0.09214973449707031
2020-04-10 06:34:26.797 7132 RALLYDEBUG rally.task.utils [-] Waiting for resource . Status changed: CREATE_IN_PROGRESS => CREATE_COMPLETE in 0.11401891708374023
2020-04-10 06:34:26.834 7131 RALLYDEBUG rally.task.utils [-] Waiting for resource . Status changed: CREATE_IN_PROGRESS => CREATE_COMPLETE in 0.08984088897705078
2020-04-10 06:34:26.871 7129 RALLYDEBUG rally.task.utils [-] Waiting for resource . Status changed: CREATE_IN_PROGRESS => CREATE_COMPLETE in 0.08915472030639648
2020-04-10 06:34:28.985 7130 RALLYDEBUG rally.task.utils [-] Waiting for resource . Status changed: CREATE_COMPLETE => UPDATE_COMPLETE in 0.08875513076782227
2020-04-10 06:34:29.060 7132 RALLYDEBUG rally.task.utils [-] Waiting for resource . Status changed: CREATE_COMPLETE => UPDATE_COMPLETE in 0.08904910087585449
2020-04-10 06:34:29.095 7131 RALLYDEBUG rally.task.utils [-] Waiting for resource . Status changed: CREATE_COMPLETE => UPDATE_COMPLETE in 0.08655333518981934
2020-04-10 06:34:29.131 7129 RALLYDEBUG rally.task.utils [-] Waiting for resource . Status changed: CREATE_COMPLETE => UPDATE_COMPLETE in 0.08592629432678223
2020-04-10 06:34:29.153 7130 RALLYDEBUG rally.task.utils [-] Waiting for resource . Status changed: CREATE_COMPLETE => DELETE_IN_PROGRESS in 0.08570218086242676
2020-04-10 06:34:29.289 7132 RALLYDEBUG rally.task.utils [-] Waiting for resource . Status changed: CREATE_COMPLETE => DELETE_IN_PROGRESS in 0.09043240547180176
2020-04-10 06:34:29.310 7131 RALLYDEBUG rally.task.utils [-] Waiting for resource . Status changed: CREATE_COMPLETE => DELETE_IN_PROGRESS in 0.08227729797363281
2020-04-10 06:34:29.348 7129 RALLYDEBUG rally.task.utils [-] Waiting for resource . Status changed: CREATE_COMPLETE => DELETE_IN_PROGRESS in 0.08228588104248047
2020-04-10 06:34:31.333 7130 INFO rally.task.runner [-] Task 175a8ac9-aa45-4fb0-9d0a-95feb04829a7 | ITER: 2 END: OK
2020-04-10 06:34:31.338 7130 INFO rally.task.runner [-] Task 175a8ac9-aa45-4fb0-9d0a-95feb04829a7 | ITER: 5 START
2020-04-10 06:34:31.458 7132 INFO rally.task.runner [-] Task 175a8ac9-aa45-4fb0-9d0a-95feb04829a7 | ITER: 4 END: OK
2020-04-10 06:34:31.463 7132 INFO rally.task.runner [-] Task 175a8ac9-aa45-4fb0-9d0a-95feb04829a7 | ITER: 6 START
2020-04-10 06:34:31.496 7131 INFO rally.task.runner [-] Task 175a8ac9-aa45-4fb0-9d0a-95feb04829a7 | ITER: 3 END: OK
2020-04-10 06:34:31.500 7131 INFO rally.task.runner [-] Task 175a8ac9-aa45-4fb0-9d0a-95feb04829a7 | ITER: 7 START
2020-04-10 06:34:31.527 7129 INFO rally.task.runner [-] Task 175a8ac9-aa45-4fb0-9d0a-95feb04829a7 | ITER: 1 END: OK
2020-04-10 06:34:31.533 7129 INFO rally.task.runner [-] Task 175a8ac9-aa45-4fb0-9d0a-95feb04829a7 | ITER: 8 START
2020-04-10 06:34:34.285 7130 RALLYDEBUG rally.task.utils [-] Waiting for resource . Status changed: CREATE_IN_PROGRESS => CREATE_COMPLETE in 0.09215164184570312
2020-04-10 06:34:34.311 7129 RALLYDEBUG rally.task.utils [-] Waiting for resource . Status changed: CREATE_IN_PROGRESS => CREATE_COMPLETE in 0.08978486061096191
2020-04-10 06:34:34.398 7131 RALLYDEBUG rally.task.utils [-] Waiting for resource . Status changed: CREATE_IN_PROGRESS => CREATE_COMPLETE in 0.08330440521240234
2020-04-10 06:34:34.453 7132 RALLYDEBUG rally.task.utils [-] Waiting for resource . Status changed: CREATE_IN_PROGRESS => CREATE_COMPLETE in 0.08686327934265137
2020-04-10 06:34:36.576 7130 RALLYDEBUG rally.task.utils [-] Waiting for resource . Status changed: CREATE_COMPLETE => UPDATE_COMPLETE in 0.09935522079467773
2020-04-10 06:34:36.593 7129 RALLYDEBUG rally.task.utils [-] Waiting for resource . Status changed: CREATE_COMPLETE => UPDATE_COMPLETE in 0.10808730125427246
2020-04-10 06:34:36.658 7131 RALLYDEBUG rally.task.utils [-] Waiting for resource . Status changed: CREATE_COMPLETE => UPDATE_COMPLETE in 0.08735871315002441
2020-04-10 06:34:36.713 7132 RALLYDEBUG rally.task.utils [-] Waiting for resource . Status changed: CREATE_COMPLETE => UPDATE_COMPLETE in 0.0876319408416748
2020-04-10 06:34:36.746 7130 RALLYDEBUG rally.task.utils [-] Waiting for resource . Status changed: CREATE_COMPLETE => DELETE_IN_PROGRESS in 0.08827924728393555
2020-04-10 06:34:36.811 7129 RALLYDEBUG rally.task.utils [-] Waiting for resource . Status changed: CREATE_COMPLETE => DELETE_IN_PROGRESS in 0.08637118339538574
2020-04-10 06:34:36.883 7131 RALLYDEBUG rally.task.utils [-] Waiting for resource . Status changed: CREATE_COMPLETE => DELETE_IN_PROGRESS in 0.0876624584197998
2020-04-10 06:34:36.928 7132 RALLYDEBUG rally.task.utils [-] Waiting for resource . Status changed: CREATE_COMPLETE => DELETE_IN_PROGRESS in 0.08449292182922363
2020-04-10 06:34:38.921 7130 INFO rally.task.runner [-] Task 175a8ac9-aa45-4fb0-9d0a-95feb04829a7 | ITER: 5 END: OK
2020-04-10 06:34:38.926 7130 INFO rally.task.runner [-] Task 175a8ac9-aa45-4fb0-9d0a-95feb04829a7 | ITER: 9 START
2020-04-10 06:34:38.966 7129 INFO rally.task.runner [-] Task 175a8ac9-aa45-4fb0-9d0a-95feb04829a7 | ITER: 8 END: OK
2020-04-10 06:34:38.969 7129 INFO rally.task.runner [-] Task 175a8ac9-aa45-4fb0-9d0a-95feb04829a7 | ITER: 10 START
2020-04-10 06:34:39.060 7131 INFO rally.task.runner [-] Task 175a8ac9-aa45-4fb0-9d0a-95feb04829a7 | ITER: 7 END: OK
2020-04-10 06:34:39.108 7132 INFO rally.task.runner [-] Task 175a8ac9-aa45-4fb0-9d0a-95feb04829a7 | ITER: 6 END: OK
2020-04-10 06:34:41.749 7130 RALLYDEBUG rally.task.utils [-] Waiting for resource . Status changed: CREATE_IN_PROGRESS => CREATE_COMPLETE in 0.09034991264343262
2020-04-10 06:34:41.794 7129 RALLYDEBUG rally.task.utils [-] Waiting for resource . Status changed: CREATE_IN_PROGRESS => CREATE_COMPLETE in 0.08513140678405762
2020-04-10 06:34:43.987 7130 RALLYDEBUG rally.task.utils [-] Waiting for resource . Status changed: CREATE_COMPLETE => UPDATE_COMPLETE in 0.10867142677307129
2020-04-10 06:34:44.061 7129 RALLYDEBUG rally.task.utils [-] Waiting for resource . Status changed: CREATE_COMPLETE => UPDATE_COMPLETE in 0.08828997611999512
2020-04-10 06:34:44.158 7130 RALLYDEBUG rally.task.utils [-] Waiting for resource . Status changed: CREATE_COMPLETE => DELETE_IN_PROGRESS in 0.08730816841125488
2020-04-10 06:34:44.226 7129 RALLYDEBUG rally.task.utils [-] Waiting for resource . Status changed: CREATE_COMPLETE => DELETE_IN_PROGRESS in 0.08242344856262207
2020-04-10 06:34:46.346 7130 INFO rally.task.runner [-] Task 175a8ac9-aa45-4fb0-9d0a-95feb04829a7 | ITER: 9 END: OK
2020-04-10 06:34:46.412 7129 INFO rally.task.runner [-] Task 175a8ac9-aa45-4fb0-9d0a-95feb04829a7 | ITER: 10 END: OK
2020-04-10 06:34:46.443 5253 INFO rally.task.context [-] Task 175a8ac9-aa45-4fb0-9d0a-95feb04829a7 | Context cleanup@openstack cleanup() started
2020-04-10 06:34:46.450 5253 RALLYDEBUG rally_openstack.cleanup.manager [-] Cleaning up heat stacks objects
2020-04-10 06:34:47.303 5253 INFO rally.task.context [-] Task 175a8ac9-aa45-4fb0-9d0a-95feb04829a7 | Context cleanup@openstack cleanup() finished in 0.86 sec
2020-04-10 06:34:47.303 5253 INFO rally.task.context [-] Task 175a8ac9-aa45-4fb0-9d0a-95feb04829a7 | Context roles@openstack cleanup() started
2020-04-10 06:34:47.313 5253 INFO rally.task.context [-] Task 175a8ac9-aa45-4fb0-9d0a-95feb04829a7 | Context roles@openstack cleanup() finished in 10.08 msec
2020-04-10 06:34:47.314 5253 INFO rally.task.context [-] Task 175a8ac9-aa45-4fb0-9d0a-95feb04829a7 | Context users@openstack cleanup() started
2020-04-10 06:34:47.527 5253 WARNING rally.common.logging [-] `iterate_per_tenants()' is deprecated in v3.0.0: it is openstack specific.. Used at
2020-04-10 06:34:49.999 5253 INFO rally.task.context [-] Task 175a8ac9-aa45-4fb0-9d0a-95feb04829a7 | Context users@openstack cleanup() finished in 2.68 sec
2020-04-10 06:34:50.370 5253 INFO rally.task.engine [-] Load duration is: 18.469184
2020-04-10 06:34:50.370 5253 INFO rally.task.engine [-] Full runner duration is: 22.520309
2020-04-10 06:34:50.370 5253 INFO rally.task.engine [-] Full duration is: 27.810612
2020-04-10 06:34:50.433 5253 INFO rally.task.engine [-] Running workload: position = 4 config = { "version": 2, "title": "A cropped version of a bigger task.", "description": "Auto-generated task from a single workload (uuid=a9f37115-999f-4263-8aeb-6aa2429142b6)", "subtasks": [ { "title": "HeatStacks.create_update_delete_stack", "description": "Create, update and then delete a stack.", "scenario": { "HeatStacks.create_update_delete_stack": { "template_path": "/usr/lib/python3.7/site-packages/functest/opnfv_tests/openstack/rally/scenario/templates/resource_group.yaml.template", "updated_template_path": "/usr/lib/python3.7/site-packages/functest/opnfv_tests/openstack/rally/scenario/templates/updated_resource_group_reduce.yaml.template" } }, "contexts": { "users": { "tenants": 3, "users_per_tenant": 2 }, "roles": [ "heat_stack_owner" ] }, "runner": { "constant": { "concurrency": 4, "times": 10 } }, "hooks": [], "sla": { "failure_rate": { "max": 0 } } } ] }
2020-04-10 06:34:50.460 5253 RALLYDEBUG rally_openstack.contexts.keystone.users [-] Creating 3 tenants using 3 threads
2020-04-10 06:34:50.962 5253 RALLYDEBUG rally_openstack.contexts.keystone.users [-] Creating 6 users using 6 threads
2020-04-10 06:34:51.885 5253 INFO rally.task.context [-] Task 175a8ac9-aa45-4fb0-9d0a-95feb04829a7 | Context users@openstack setup() finished in 1.42 sec
2020-04-10 06:34:52.093 5253 ERROR rally.common.broker [-] Failed to publish a task to the queue: rally.exceptions.NotFoundException: The resource can not be found: There is no role with name `heat_stack_owner`
2020-04-10 06:34:52.093 5253 ERROR rally.common.broker
Traceback (most recent call last):
2020-04-10 06:34:52.093 5253 ERROR rally.common.broker
File "/usr/lib/python3.7/site-packages/rally/common/broker.py", line 58, in _publisher
2020-04-10 06:34:52.093 5253 ERROR rally.common.broker publish(queue)
2020-04-10 06:34:52.093 5253 ERROR rally.common.broker
File "/usr/lib/python3.7/site-packages/rally_openstack/contexts/keystone/roles.py", line 91, in publish
2020-04-10 06:34:52.093 5253 ERROR rally.common.broker role = self._get_role_object(context_role)
2020-04-10 06:34:52.093 5253 ERROR rally.common.broker
File "/usr/lib/python3.7/site-packages/rally_openstack/contexts/keystone/roles.py", line 65, in _get_role_object
2020-04-10 06:34:52.093 5253 ERROR rally.common.broker "There is no role with name `%s`" % context_role)
2020-04-10 06:34:52.093 5253 ERROR rally.common.broker rally.exceptions.NotFoundException: The resource can not be found: There is no role with name `heat_stack_owner`
2020-04-10 06:34:52.093 5253 ERROR rally.common.broker
2020-04-10 06:34:52.104 5253 INFO rally.task.context [-] Task 175a8ac9-aa45-4fb0-9d0a-95feb04829a7 | Context roles@openstack setup() finished in 0.22 sec
2020-04-10 06:34:52.105 5253 INFO rally.task.context [-] Task 175a8ac9-aa45-4fb0-9d0a-95feb04829a7 | Context cleanup@openstack setup() finished in 0.01 msec
2020-04-10 06:34:52.112 5253 RALLYDEBUG rally.task.runner [-] Starting the constant runner (task UUID: 175a8ac9-aa45-4fb0-9d0a-95feb04829a7). times: 10 concurrency: 4 timeout: 0 max_cpu_used: 88 processes_to_start: 4 concurrency_per_worker: 1 concurrency_overhead: 0
2020-04-10 06:34:52.124 7282 RALLYDEBUG rally.task.runner [-] Starting a worker. times: 10 duration: None concurrency: 1 timeout: 0 cls: method_name: run args: {"template_path": "heat_template_version: 2014-10-16\n\ndescription: Test template for rally create-update-delete scenario\n\nresources:\n test_group:\n type: OS::Heat::ResourceGroup\n properties:\n count: 2\n resource_def:\n type: OS::Heat::RandomString\n properties:\n length: 20", "updated_template_path": "heat_template_version: 2014-10-16\n\ndescription: >\n Test template for create-update-delete-stack scenario in rally.\n The template updates one resource from the stack defined by resource_group.yaml.template\n and deletes children resources from that resource.\n\nresources:\n test_group:\n type: OS::Heat::ResourceGroup\n properties:\n count: 1\n resource_def:\n type: OS::Heat::RandomString\n properties:\n length: 20"}
2020-04-10 06:34:52.126 7283 RALLYDEBUG rally.task.runner [-] Starting a worker. times: 10 duration: None concurrency: 1 timeout: 0 cls: method_name: run args: {"template_path": "heat_template_version: 2014-10-16\n\ndescription: Test template for rally create-update-delete scenario\n\nresources:\n test_group:\n type: OS::Heat::ResourceGroup\n properties:\n count: 2\n resource_def:\n type: OS::Heat::RandomString\n properties:\n length: 20", "updated_template_path": "heat_template_version: 2014-10-16\n\ndescription: >\n Test template for create-update-delete-stack scenario in rally.\n The template updates one resource from the stack defined by resource_group.yaml.template\n and deletes children resources from that resource.\n\nresources:\n test_group:\n type: OS::Heat::ResourceGroup\n properties:\n count: 1\n resource_def:\n type: OS::Heat::RandomString\n properties:\n length: 20"}
2020-04-10 06:34:52.129 7284 RALLYDEBUG rally.task.runner [-] Starting a worker. times: 10 duration: None concurrency: 1 timeout: 0 cls: method_name: run args: {"template_path": "heat_template_version: 2014-10-16\n\ndescription: Test template for rally create-update-delete scenario\n\nresources:\n test_group:\n type: OS::Heat::ResourceGroup\n properties:\n count: 2\n resource_def:\n type: OS::Heat::RandomString\n properties:\n length: 20", "updated_template_path": "heat_template_version: 2014-10-16\n\ndescription: >\n Test template for create-update-delete-stack scenario in rally.\n The template updates one resource from the stack defined by resource_group.yaml.template\n and deletes children resources from that resource.\n\nresources:\n test_group:\n type: OS::Heat::ResourceGroup\n properties:\n count: 1\n resource_def:\n type: OS::Heat::RandomString\n properties:\n length: 20"}
2020-04-10 06:34:52.131 7282 INFO rally.task.runner [-] Task 175a8ac9-aa45-4fb0-9d0a-95feb04829a7 | ITER: 1 START
2020-04-10 06:34:52.132 7285 RALLYDEBUG rally.task.runner [-] Starting a worker. times: 10 duration: None concurrency: 1 timeout: 0 cls: method_name: run args: {"template_path": "heat_template_version: 2014-10-16\n\ndescription: Test template for rally create-update-delete scenario\n\nresources:\n test_group:\n type: OS::Heat::ResourceGroup\n properties:\n count: 2\n resource_def:\n type: OS::Heat::RandomString\n properties:\n length: 20", "updated_template_path": "heat_template_version: 2014-10-16\n\ndescription: >\n Test template for create-update-delete-stack scenario in rally.\n The template updates one resource from the stack defined by resource_group.yaml.template\n and deletes children resources from that resource.\n\nresources:\n test_group:\n type: OS::Heat::ResourceGroup\n properties:\n count: 1\n resource_def:\n type: OS::Heat::RandomString\n properties:\n length: 20"}
2020-04-10 06:34:52.133 7283 INFO rally.task.runner [-] Task 175a8ac9-aa45-4fb0-9d0a-95feb04829a7 | ITER: 2 START
2020-04-10 06:34:52.136 7284 INFO rally.task.runner [-] Task 175a8ac9-aa45-4fb0-9d0a-95feb04829a7 | ITER: 3 START
2020-04-10 06:34:52.138 7285 INFO rally.task.runner [-] Task 175a8ac9-aa45-4fb0-9d0a-95feb04829a7 | ITER: 4 START
2020-04-10 06:34:56.057 7285 RALLYDEBUG rally.task.utils [-] Waiting for resource . Status changed: CREATE_IN_PROGRESS => CREATE_COMPLETE in 1.1879897117614746
2020-04-10 06:34:56.077 7282 RALLYDEBUG rally.task.utils [-] Waiting for resource . Status changed: CREATE_IN_PROGRESS => CREATE_COMPLETE in 1.2034962177276611
2020-04-10 06:34:56.181 7283 RALLYDEBUG rally.task.utils [-] Waiting for resource . Status changed: CREATE_IN_PROGRESS => CREATE_COMPLETE in 1.1888186931610107
2020-04-10 06:34:56.182 7284 RALLYDEBUG rally.task.utils [-] Waiting for resource . Status changed: CREATE_IN_PROGRESS => CREATE_COMPLETE in 1.1737861633300781
2020-04-10 06:34:58.325 7285 RALLYDEBUG rally.task.utils [-] Waiting for resource . Status changed: CREATE_COMPLETE => UPDATE_IN_PROGRESS in 0.09209442138671875
