2020-04-10 06:41:09.551 9693 RALLYDEBUG rally_openstack.cleanup.manager [-] Cleaning up neutron loadbalancer objects
2020-04-10 06:41:10.027 9693 RALLYDEBUG rally_openstack.cleanup.manager [-] Cleaning up neutron floatingip objects
2020-04-10 06:41:10.735 9693 RALLYDEBUG rally_openstack.cleanup.manager [-] Cleaning up neutron trunk objects
2020-04-10 06:41:11.270 9693 RALLYDEBUG rally_openstack.cleanup.manager [-] Cleaning up neutron port objects
2020-04-10 06:41:12.420 9693 RALLYDEBUG rally_openstack.cleanup.manager [-] Deleting neutron.port object s_rally_828e973f_dvthPuxA (008b65a3-0c55-4cf7-93ce-89f7cecf25a9)
2020-04-10 06:41:12.433 9693 RALLYDEBUG rally_openstack.cleanup.manager [-] Deleting neutron.port object s_rally_828e973f_o8FEV61y (0c9eca02-42bd-4de3-9ec2-f28a5bd58f43)
2020-04-10 06:41:12.464 9693 RALLYDEBUG rally_openstack.cleanup.manager [-] Deleting neutron.port object s_rally_828e973f_04TSwT1K (8380815a-e2c9-43a1-a8bd-e4e2efb4558d)
2020-04-10 06:41:12.470 9693 RALLYDEBUG rally_openstack.cleanup.manager [-] Deleting neutron.port object s_rally_828e973f_ev7kYB7t (b481d87b-e9f7-415d-b1c7-382ca7b06b14)
2020-04-10 06:41:12.454 9693 RALLYDEBUG rally_openstack.cleanup.manager [-] Deleting neutron.port object s_rally_828e973f_QSmuu3iy (14334455-5f0d-48b6-b68b-4a5b0b6026a8)
2020-04-10 06:41:12.483 9693 RALLYDEBUG rally_openstack.cleanup.manager [-] Deleting neutron.port object s_rally_828e973f_z6MgQWyM (14c7c050-9a89-48c5-af0c-9bd9d53a9104)
2020-04-10 06:41:12.518 9693 RALLYDEBUG rally_openstack.cleanup.manager [-] Deleting neutron.port object s_rally_828e973f_bMnHCVIn (437c1655-8d3d-4ec6-a315-9f41d83d6740)
2020-04-10 06:41:12.515 9693 RALLYDEBUG rally_openstack.cleanup.manager [-] Deleting neutron.port object s_rally_828e973f_JrN2BDlc (5b8d4173-c331-42af-a6c1-9722f714a742)
2020-04-10 06:41:12.543 9693 RALLYDEBUG rally_openstack.cleanup.manager [-] Deleting neutron.port object s_rally_828e973f_sYMi5O1t (c8e8ce00-9288-417e-83de-6ee2c929cc9d)
2020-04-10 06:41:12.568 9693 RALLYDEBUG rally_openstack.cleanup.manager [-] Deleting neutron.port object s_rally_828e973f_qXCp4FC4 (d581c841-409e-4e90-89b1-3b70de8c3f2e)
2020-04-10 06:41:18.910 9693 RALLYDEBUG rally_openstack.cleanup.manager [-] Cleaning up neutron subnet objects
2020-04-10 06:41:19.592 9693 RALLYDEBUG rally_openstack.cleanup.manager [-] Deleting neutron.subnet object s_rally_828e973f_6rO4A739 (7f63a8ab-8638-4575-8859-e511816a61c7)
2020-04-10 06:41:19.581 9693 RALLYDEBUG rally_openstack.cleanup.manager [-] Deleting neutron.subnet object s_rally_828e973f_PwFiG060 (519653c0-8d65-43af-b0f0-f072e75a0eb1)
2020-04-10 06:41:19.593 9693 RALLYDEBUG rally_openstack.cleanup.manager [-] Deleting neutron.subnet object s_rally_828e973f_0K5SBGDw (030adae2-b49c-49f9-8506-125662bad47f)
2020-04-10 06:41:19.587 9693 RALLYDEBUG rally_openstack.cleanup.manager [-] Deleting neutron.subnet object s_rally_828e973f_8vhV9afT (77e4214b-d483-4430-a0a5-058c26784c62)
2020-04-10 06:41:19.610 9693 RALLYDEBUG rally_openstack.cleanup.manager [-] Deleting neutron.subnet object s_rally_828e973f_8inEOxDt (0f65788e-e70e-4c1f-8257-31adf17f9042)
2020-04-10 06:41:19.605 9693 RALLYDEBUG rally_openstack.cleanup.manager [-] Deleting neutron.subnet object s_rally_828e973f_FpQQms5w (a5329c31-884e-49f7-b288-93e7342ab422)
2020-04-10 06:41:19.637 9693 RALLYDEBUG rally_openstack.cleanup.manager [-] Deleting neutron.subnet object s_rally_828e973f_awRtOnv8 (4dea1917-de69-4e2e-b1db-3f172738d9ca)
2020-04-10 06:41:19.642 9693 RALLYDEBUG rally_openstack.cleanup.manager [-] Deleting neutron.subnet object s_rally_828e973f_QagdH7so (7eb7b4cf-bc05-4586-9785-b2d94a67612f)
2020-04-10 06:41:19.653 9693 RALLYDEBUG rally_openstack.cleanup.manager [-] Deleting neutron.subnet object s_rally_828e973f_nZc74OrR (dad09e35-6490-45b1-a1bb-6c87e3388050)
2020-04-10 06:41:19.678 9693 RALLYDEBUG rally_openstack.cleanup.manager [-] Deleting neutron.subnet object s_rally_828e973f_waN242Bg (e0592284-d543-48b0-9e0e-040776aab76c)
2020-04-10 06:41:23.664 9693 RALLYDEBUG rally_openstack.cleanup.manager [-] Cleaning up neutron network objects
2020-04-10 06:41:24.485 9693 RALLYDEBUG rally_openstack.cleanup.manager [-] Deleting neutron.network object s_rally_828e973f_bo3py0yk (4c908b19-9fb1-4873-aa10-6db5f180a084)
2020-04-10 06:41:24.496 9693 RALLYDEBUG rally_openstack.cleanup.manager [-] Deleting neutron.network object s_rally_828e973f_sBgFmpTP (22a709c9-ce71-44fa-b6f6-26000908bea9)
2020-04-10 06:41:24.501 9693 RALLYDEBUG rally_openstack.cleanup.manager [-] Deleting neutron.network object s_rally_828e973f_6B1yCa7k (7813bd9f-fdf7-423c-95ac-1c77d176d7e6)
2020-04-10 06:41:24.507 9693 RALLYDEBUG rally_openstack.cleanup.manager [-] Deleting neutron.network object s_rally_828e973f_XxazHdte (4facd9eb-e689-45dd-97c9-140eae2365d4)
2020-04-10 06:41:24.512 9693 RALLYDEBUG rally_openstack.cleanup.manager [-] Deleting neutron.network object s_rally_828e973f_WTJMG555 (5c01698a-98c5-4f81-91c8-45d2dd476808)
2020-04-10 06:41:24.524 9693 RALLYDEBUG rally_openstack.cleanup.manager [-] Deleting neutron.network object s_rally_828e973f_Hf6l2dPm (0bab834a-2cf2-4aa2-a54c-09a17ee83e11)
2020-04-10 06:41:24.532 9693 RALLYDEBUG rally_openstack.cleanup.manager [-] Deleting neutron.network object s_rally_828e973f_yn8l3E22 (5047ddf3-aaa4-4d7e-b193-cc6315f56965)
2020-04-10 06:41:24.540 9693 RALLYDEBUG rally_openstack.cleanup.manager [-] Deleting neutron.network object s_rally_828e973f_F1qpWIyn (7bf86112-292f-46ed-b256-c65ad3f38fdd)
2020-04-10 06:41:24.545 9693 RALLYDEBUG rally_openstack.cleanup.manager [-] Deleting neutron.network object s_rally_828e973f_pGA4M0Ko (b569ebce-16de-4387-89e5-4ec93fea2196)
2020-04-10 06:41:24.562 9693 RALLYDEBUG rally_openstack.cleanup.manager [-] Deleting neutron.network object s_rally_828e973f_k1AhNwTl (ef156285-ba1f-4530-b2fe-5977f7224a59)
2020-04-10 06:41:29.486 9693 RALLYDEBUG rally_openstack.cleanup.manager [-] Cleaning up neutron router objects
2020-04-10 06:41:30.300 9693 RALLYDEBUG rally_openstack.cleanup.manager [-] Deleting neutron.router object s_rally_828e973f_o8FEV61y (5094cd87-6862-4427-8944-a4faf769eff9)
2020-04-10 06:41:30.305 9693 RALLYDEBUG rally_openstack.cleanup.manager [-] Deleting neutron.router object s_rally_828e973f_dvthPuxA (db9fdc2f-67c0-4629-b83f-f11f1d423e0a)
2020-04-10 06:41:30.317 9693 RALLYDEBUG rally_openstack.cleanup.manager [-] Deleting neutron.router object s_rally_828e973f_ev7kYB7t (b1cafb02-cc8a-4bd4-aef7-192bc038dc68)
2020-04-10 06:41:30.327 9693 RALLYDEBUG rally_openstack.cleanup.manager [-] Deleting neutron.router object s_rally_828e973f_04TSwT1K (e0d7f8ea-7b76-4526-afe6-62e2918ab85f)
2020-04-10 06:41:30.360 9693 RALLYDEBUG rally_openstack.cleanup.manager [-] Deleting neutron.router object s_rally_828e973f_z6MgQWyM (93e0ec09-2536-4baa-8c23-d873839fd7a4)
2020-04-10 06:41:30.350 9693 RALLYDEBUG rally_openstack.cleanup.manager [-] Deleting neutron.router object s_rally_828e973f_QSmuu3iy (f4b34f01-fe4f-41a3-8dd8-116d3c5d05f8)
2020-04-10 06:41:30.379 9693 RALLYDEBUG rally_openstack.cleanup.manager [-] Deleting neutron.router object s_rally_828e973f_sYMi5O1t (b2586466-8048-4425-a52b-ae9680466639)
2020-04-10 06:41:30.396 9693 RALLYDEBUG rally_openstack.cleanup.manager [-] Deleting neutron.router object s_rally_828e973f_bMnHCVIn (d93dfcaa-1425-4c38-9433-60ea132dae61)
2020-04-10 06:41:30.390 9693 RALLYDEBUG rally_openstack.cleanup.manager [-] Deleting neutron.router object s_rally_828e973f_qXCp4FC4 (b4dad558-e4a2-4b2a-bf07-a8f404132c0a)
2020-04-10 06:41:30.404 9693 RALLYDEBUG rally_openstack.cleanup.manager [-] Deleting neutron.router object s_rally_828e973f_JrN2BDlc (db8d0097-0263-4f9c-a807-5eb67f002b0f)
2020-04-10 06:41:34.406 9693 RALLYDEBUG rally_openstack.cleanup.manager [-] Cleaning up neutron security_group objects
2020-04-10 06:41:34.994 9693 INFO rally.task.context [-] Task 4fc1d6ad-9536-401e-86ca-6cc42fc4b6d1 | Context cleanup@openstack cleanup() finished in 26.89 sec
2020-04-10 06:41:34.994 9693 INFO rally.task.context [-] Task 4fc1d6ad-9536-401e-86ca-6cc42fc4b6d1 | Context quotas@openstack cleanup() started
2020-04-10 06:41:35.070 9693 INFO rally.task.context [-] Task 4fc1d6ad-9536-401e-86ca-6cc42fc4b6d1 | Context quotas@openstack cleanup() finished in 75.89 msec
2020-04-10 06:41:35.071 9693 INFO rally.task.context [-] Task 4fc1d6ad-9536-401e-86ca-6cc42fc4b6d1 | Context users@openstack cleanup() started
2020-04-10 06:41:35.374 9693 WARNING rally.common.logging [-] `iterate_per_tenants()' is deprecated in v3.0.0: it is openstack specific.. Used at
2020-04-10 06:41:37.668 9693 INFO rally.task.context [-] Task 4fc1d6ad-9536-401e-86ca-6cc42fc4b6d1 | Context users@openstack cleanup() finished in 2.60 sec
2020-04-10 06:41:37.948 9693 INFO rally.task.engine [-] Load duration is: 26.531025
2020-04-10 06:41:37.948 9693 INFO rally.task.engine [-] Full runner duration is: 26.580901
2020-04-10 06:41:37.948 9693 INFO rally.task.engine [-] Full duration is: 58.040742
2020-04-10 06:41:38.037 9693 INFO rally.task.engine [-] Running workload: position = 0 config = { "version": 2, "title": "A cropped version of a bigger task.", "description": "Auto-generated task from a single workload (uuid=9c0adc63-f361-4912-aad0-dcb4a4dc3a24)", "subtasks": [ { "title": "NeutronNetworks.create_and_update_subnets", "description": "Create and update a subnet.", "scenario": { "NeutronNetworks.create_and_update_subnets": { "network_create_args": {}, "subnet_cidr_start": "1.4.0.0/16", "subnet_create_args": {}, "subnet_update_args": { "enable_dhcp": false }, "subnets_per_network": 1 } }, "contexts": { "users": { "tenants": 3, "users_per_tenant": 2 }, "quotas": { "neutron": { "network": -1, "subnet": -1 } } }, "runner": { "constant": { "concurrency": 4, "times": 10 } }, "hooks": [], "sla": { "failure_rate": { "max": 0 } } } ] }
2020-04-10 06:41:38.060 9693 RALLYDEBUG rally_openstack.contexts.keystone.users [-] Creating 3 tenants using 3 threads
2020-04-10 06:41:38.555 9693 RALLYDEBUG rally_openstack.contexts.keystone.users [-] Creating 6 users using 6 threads
2020-04-10 06:41:39.479 9693 INFO rally.task.context [-] Task 4fc1d6ad-9536-401e-86ca-6cc42fc4b6d1 | Context users@openstack setup() finished in 1.42 sec
2020-04-10 06:41:39.837 9693 INFO rally.task.context [-] Task 4fc1d6ad-9536-401e-86ca-6cc42fc4b6d1 | Context quotas@openstack setup() finished in 0.36 sec
2020-04-10 06:41:39.837 9693 INFO rally.task.context [-] Task 4fc1d6ad-9536-401e-86ca-6cc42fc4b6d1 | Context cleanup@openstack setup() finished in 0.02 msec
2020-04-10 06:41:39.847 9693 RALLYDEBUG rally.task.runner [-] Starting the constant runner (task UUID: 4fc1d6ad-9536-401e-86ca-6cc42fc4b6d1). times: 10 concurrency: 4 timeout: 0 max_cpu_used: 88 processes_to_start: 4 concurrency_per_worker: 1 concurrency_overhead: 0
2020-04-10 06:41:39.858 10627 RALLYDEBUG rally.task.runner [-] Starting a worker. times: 10 duration: None concurrency: 1 timeout: 0 cls: method_name: run args: {"network_create_args": {}, "subnet_cidr_start": "1.4.0.0/16", "subnet_create_args": {}, "subnet_update_args": {"enable_dhcp": false}, "subnets_per_network": 1}
2020-04-10 06:41:39.861 10628 RALLYDEBUG rally.task.runner [-] Starting a worker. times: 10 duration: None concurrency: 1 timeout: 0 cls: method_name: run args: {"network_create_args": {}, "subnet_cidr_start": "1.4.0.0/16", "subnet_create_args": {}, "subnet_update_args": {"enable_dhcp": false}, "subnets_per_network": 1}
2020-04-10 06:41:39.864 10629 RALLYDEBUG rally.task.runner [-] Starting a worker. times: 10 duration: None concurrency: 1 timeout: 0 cls: method_name: run args: {"network_create_args": {}, "subnet_cidr_start": "1.4.0.0/16", "subnet_create_args": {}, "subnet_update_args": {"enable_dhcp": false}, "subnets_per_network": 1}
2020-04-10 06:41:39.865 10627 INFO rally.task.runner [-] Task 4fc1d6ad-9536-401e-86ca-6cc42fc4b6d1 | ITER: 1 START
2020-04-10 06:41:39.866 10630 RALLYDEBUG rally.task.runner [-] Starting a worker. times: 10 duration: None concurrency: 1 timeout: 0 cls: method_name: run args: {"network_create_args": {}, "subnet_cidr_start": "1.4.0.0/16", "subnet_create_args": {}, "subnet_update_args": {"enable_dhcp": false}, "subnets_per_network": 1}
2020-04-10 06:41:39.868 10628 INFO rally.task.runner [-] Task 4fc1d6ad-9536-401e-86ca-6cc42fc4b6d1 | ITER: 2 START
2020-04-10 06:41:39.870 10629 INFO rally.task.runner [-] Task 4fc1d6ad-9536-401e-86ca-6cc42fc4b6d1 | ITER: 3 START
2020-04-10 06:41:39.873 10630 INFO rally.task.runner [-] Task 4fc1d6ad-9536-401e-86ca-6cc42fc4b6d1 | ITER: 4 START
2020-04-10 06:41:41.355 10630 RALLYDEBUG rally_openstack.wrappers.network [-] CIDR generated: 1.17.0.0/16
2020-04-10 06:41:41.492 10627 RALLYDEBUG rally_openstack.wrappers.network [-] CIDR generated: 1.18.0.0/16
2020-04-10 06:41:41.724 10629 RALLYDEBUG rally_openstack.wrappers.network [-] CIDR generated: 1.19.0.0/16
2020-04-10 06:41:42.310 10628 RALLYDEBUG rally_openstack.wrappers.network [-] CIDR generated: 1.20.0.0/16
2020-04-10 06:41:43.602 10629 INFO rally.task.runner [-] Task 4fc1d6ad-9536-401e-86ca-6cc42fc4b6d1 | ITER: 3 END: OK
2020-04-10 06:41:43.608 10629 INFO rally.task.runner [-] Task 4fc1d6ad-9536-401e-86ca-6cc42fc4b6d1 | ITER: 5 START
2020-04-10 06:41:44.201 10630 INFO rally.task.runner [-] Task 4fc1d6ad-9536-401e-86ca-6cc42fc4b6d1 | ITER: 4 END: OK
2020-04-10 06:41:44.207 10630 INFO rally.task.runner [-] Task 4fc1d6ad-9536-401e-86ca-6cc42fc4b6d1 | ITER: 6 START
2020-04-10 06:41:44.301 10627 INFO rally.task.runner [-] Task 4fc1d6ad-9536-401e-86ca-6cc42fc4b6d1 | ITER: 1 END: OK
2020-04-10 06:41:44.307 10627 INFO rally.task.runner [-] Task 4fc1d6ad-9536-401e-86ca-6cc42fc4b6d1 | ITER: 7 START
2020-04-10 06:41:44.584 10629 RALLYDEBUG rally_openstack.wrappers.network [-] CIDR generated: 1.21.0.0/16
2020-04-10 06:41:45.021 10628 INFO rally.task.runner [-] Task 4fc1d6ad-9536-401e-86ca-6cc42fc4b6d1 | ITER: 2 END: OK
2020-04-10 06:41:45.027 10628 INFO rally.task.runner [-] Task 4fc1d6ad-9536-401e-86ca-6cc42fc4b6d1 | ITER: 8 START
2020-04-10 06:41:45.134 10630 RALLYDEBUG rally_openstack.wrappers.network [-] CIDR generated: 1.22.0.0/16
2020-04-10 06:41:45.757 10627 RALLYDEBUG rally_openstack.wrappers.network [-] CIDR generated: 1.23.0.0/16
2020-04-10 06:41:46.536 10628 RALLYDEBUG rally_openstack.wrappers.network [-] CIDR generated: 1.24.0.0/16
2020-04-10 06:41:47.091 10629 INFO rally.task.runner [-] Task 4fc1d6ad-9536-401e-86ca-6cc42fc4b6d1 | ITER: 5 END: OK
2020-04-10 06:41:47.096 10629 INFO rally.task.runner [-] Task 4fc1d6ad-9536-401e-86ca-6cc42fc4b6d1 | ITER: 9 START
2020-04-10 06:41:47.644 10627 INFO rally.task.runner [-] Task 4fc1d6ad-9536-401e-86ca-6cc42fc4b6d1 | ITER: 7 END: OK
2020-04-10 06:41:47.649 10627 INFO rally.task.runner [-] Task 4fc1d6ad-9536-401e-86ca-6cc42fc4b6d1 | ITER: 10 START
2020-04-10 06:41:47.804 10630 INFO rally.task.runner [-] Task 4fc1d6ad-9536-401e-86ca-6cc42fc4b6d1 | ITER: 6 END: OK
2020-04-10 06:41:48.462 10629 RALLYDEBUG rally_openstack.wrappers.network [-] CIDR generated: 1.25.0.0/16
2020-04-10 06:41:48.777 10627 RALLYDEBUG rally_openstack.wrappers.network [-] CIDR generated: 1.26.0.0/16
2020-04-10 06:41:49.223 10628 INFO rally.task.runner [-] Task 4fc1d6ad-9536-401e-86ca-6cc42fc4b6d1 | ITER: 8 END: OK
2020-04-10 06:41:50.221 10629 INFO rally.task.runner [-] Task 4fc1d6ad-9536-401e-86ca-6cc42fc4b6d1 | ITER: 9 END: OK
2020-04-10 06:41:50.361 10627 INFO rally.task.runner [-] Task 4fc1d6ad-9536-401e-86ca-6cc42fc4b6d1 | ITER: 10 END: OK
2020-04-10 06:41:50.390 9693 INFO rally.task.context [-] Task 4fc1d6ad-9536-401e-86ca-6cc42fc4b6d1 | Context cleanup@openstack cleanup() started
2020-04-10 06:41:50.397 9693 RALLYDEBUG rally_openstack.cleanup.manager [-] Cleaning up neutron vip objects
2020-04-10 06:41:50.984 9693 RALLYDEBUG rally_openstack.cleanup.manager [-] Cleaning up neutron health_monitor objects
2020-04-10 06:41:51.438 9693 RALLYDEBUG rally_openstack.cleanup.manager [-] Cleaning up neutron pool objects
2020-04-10 06:41:51.886 9693 RALLYDEBUG rally_openstack.cleanup.manager [-] Cleaning up neutron loadbalancer objects
2020-04-10 06:41:52.314 9693 RALLYDEBUG rally_openstack.cleanup.manager [-] Cleaning up neutron floatingip objects
2020-04-10 06:41:53.603 9693 RALLYDEBUG rally_openstack.cleanup.manager [-] Cleaning up neutron trunk objects
2020-04-10 06:41:54.152 9693 RALLYDEBUG rally_openstack.cleanup.manager [-] Cleaning up neutron port objects
2020-04-10 06:41:54.943 9693 RALLYDEBUG rally_openstack.cleanup.manager [-] Cleaning up neutron subnet objects
2020-04-10 06:41:55.647 9693 RALLYDEBUG rally_openstack.cleanup.manager [-] Deleting neutron.subnet object s_rally_9c0adc63_p9DKOTk0 (93d9a875-534e-4532-a7b8-bc73c03b627a)
2020-04-10 06:41:55.665 9693 RALLYDEBUG rally_openstack.cleanup.manager [-] Deleting neutron.subnet object s_rally_9c0adc63_Q0T6PqaG (1bbbd1eb-3a21-4a79-900e-9998d1c99120)
2020-04-10 06:41:55.671 9693 RALLYDEBUG rally_openstack.cleanup.manager [-] Deleting neutron.subnet object s_rally_9c0adc63_iD0LgBtv (0ffc7d81-980a-47f9-9394-5f1c4a1b5f52)
2020-04-10 06:41:55.673 9693 RALLYDEBUG rally_openstack.cleanup.manager [-] Deleting neutron.subnet object s_rally_9c0adc63_XHI0XL27 (1d94c2bd-687e-4742-9451-f70a876da43a)
2020-04-10 06:41:55.677 9693 RALLYDEBUG rally_openstack.cleanup.manager [-] Deleting neutron.subnet object s_rally_9c0adc63_8ir8Xwfw (d8a67997-08a5-4eee-90ee-8fb65e8bab82)
2020-04-10 06:41:55.701 9693 RALLYDEBUG rally_openstack.cleanup.manager [-] Deleting neutron.subnet object s_rally_9c0adc63_RDP5jvtQ (0b1e5e84-7bd5-4ebe-a0d3-31b6cc8333aa)
2020-04-10 06:41:55.706 9693 RALLYDEBUG rally_openstack.cleanup.manager [-] Deleting neutron.subnet object s_rally_9c0adc63_ygsqHFdx (9a1a5da7-3cc1-47d4-bea8-38aaabbadf1f)
2020-04-10 06:41:55.729 9693 RALLYDEBUG rally_openstack.cleanup.manager [-] Deleting neutron.subnet object s_rally_9c0adc63_ivr4zxPb (d4f1d5f0-67bb-4e37-b210-053c7c92f769)
2020-04-10 06:41:55.741 9693 RALLYDEBUG rally_openstack.cleanup.manager [-] Deleting neutron.subnet object s_rally_9c0adc63_dI7JXfx0 (d63dc1c2-acb7-434d-aa90-ac5eea6dd5e2)
2020-04-10 06:41:55.778 9693 RALLYDEBUG rally_openstack.cleanup.manager [-] Deleting neutron.subnet object s_rally_9c0adc63_8RPOUbfm (db1f12f0-6bfc-47f3-aecf-852dd236e236)
2020-04-10 06:41:59.457 9693 RALLYDEBUG rally_openstack.cleanup.manager [-] Cleaning up neutron network objects
2020-04-10 06:42:00.976 9693 RALLYDEBUG rally_openstack.cleanup.manager [-] Deleting neutron.network object s_rally_9c0adc63_qGGay7bY (5135ab88-a574-4db2-bbb6-c1155afd6f2a)
2020-04-10 06:42:00.994 9693 RALLYDEBUG rally_openstack.cleanup.manager [-] Deleting neutron.network object s_rally_9c0adc63_JpCxObb9 (49734cec-e22e-4fad-98b3-443688768e23)
2020-04-10 06:42:00.994 9693 RALLYDEBUG rally_openstack.cleanup.manager [-] Deleting neutron.network object s_rally_9c0adc63_oh1f6ZL8 (4686624d-64e9-4aa3-aed8-568288e458ea)
2020-04-10 06:42:01.005 9693 RALLYDEBUG rally_openstack.cleanup.manager [-] Deleting neutron.network object s_rally_9c0adc63_LjGMYLxx (510310ad-647f-4587-be16-ccbed8d1f0d6)
2020-04-10 06:42:01.012 9693 RALLYDEBUG rally_openstack.cleanup.manager [-] Deleting neutron.network object s_rally_9c0adc63_j46Cczvx (7a8aa38d-a016-4a0f-b49e-62705b3aac51)
2020-04-10 06:42:01.024 9693 RALLYDEBUG rally_openstack.cleanup.manager [-] Deleting neutron.network object s_rally_9c0adc63_qaXMkK70 (02d972fd-2c80-40ad-915d-861abded79a0)
2020-04-10 06:42:01.034 9693 RALLYDEBUG rally_openstack.cleanup.manager [-] Deleting neutron.network object s_rally_9c0adc63_kOnWcGAc (136d7bf5-dabb-4e4d-aaa8-bee6b8af39c3)
2020-04-10 06:42:01.056 9693 RALLYDEBUG rally_openstack.cleanup.manager [-] Deleting neutron.network object s_rally_9c0adc63_R4kDkVyO (2f080abd-df4c-4400-ab22-4454d7a95998)
2020-04-10 06:42:01.074 9693 RALLYDEBUG rally_openstack.cleanup.manager [-] Deleting neutron.network object s_rally_9c0adc63_RwCJUhGX (d5f0efe2-d681-49a7-92e8-0b870abd37c8)
2020-04-10 06:42:01.069 9693 RALLYDEBUG rally_openstack.cleanup.manager [-] Deleting neutron.network object s_rally_9c0adc63_vzOVTcSU (35cec098-e0bf-4234-802c-d4c53cc0d77d)
2020-04-10 06:42:06.219 9693 RALLYDEBUG rally_openstack.cleanup.manager [-] Cleaning up neutron router objects
2020-04-10 06:42:07.471 9693 RALLYDEBUG rally_openstack.cleanup.manager [-] Cleaning up neutron security_group objects
2020-04-10 06:42:07.998 9693 INFO rally.task.context [-] Task 4fc1d6ad-9536-401e-86ca-6cc42fc4b6d1 | Context cleanup@openstack cleanup() finished in 17.61 sec
2020-04-10 06:42:07.999 9693 INFO rally.task.context [-] Task 4fc1d6ad-9536-401e-86ca-6cc42fc4b6d1 | Context quotas@openstack cleanup() started
2020-04-10 06:42:08.062 9693 INFO rally.task.context [-] Task 4fc1d6ad-9536-401e-86ca-6cc42fc4b6d1 | Context quotas@openstack cleanup() finished in 62.94 msec
2020-04-10 06:42:08.062 9693 INFO rally.task.context [-] Task 4fc1d6ad-9536-401e-86ca-6cc42fc4b6d1 | Context users@openstack cleanup() started
2020-04-10 06:42:08.238 9693 WARNING rally.common.logging [-] `iterate_per_tenants()' is deprecated in v3.0.0: it is openstack specific.. Used at
2020-04-10 06:42:10.287 9693 INFO rally.task.context [-] Task 4fc1d6ad-9536-401e-86ca-6cc42fc4b6d1 | Context users@openstack cleanup() finished in 2.23 sec
2020-04-10 06:42:12.283 9693 INFO rally.task.engine [-] Load duration is: 10.493981
2020-04-10 06:42:12.283 9693 INFO rally.task.engine [-] Full runner duration is: 10.543221
2020-04-10 06:42:12.284 9693 INFO rally.task.engine [-] Full duration is: 32.229697
2020-04-10 06:42:12.376 9693 INFO rally.task.engine [-] Running workload: position = 0 config = { "version": 2, "title": "A cropped version of a bigger task.", "description": "Auto-generated task from a single workload (uuid=4af5c188-e2fb-45a0-bb7f-348333d6bc77)", "subtasks": [ { "title": "NeutronNetworks.create_and_delete_networks", "description": "Create and delete a network.", "scenario": { "NeutronNetworks.create_and_delete_networks": { "network_create_args": {} } }, "contexts": { "users": { "tenants": 3, "users_per_tenant": 2 }, "quotas": { "neutron": { "network": -1 } } }, "runner": { "constant": { "concurrency": 4, "times": 10 } }, "hooks": [], "sla": { "failure_rate": { "max": 0 } } } ] }
2020-04-10 06:42:12.399 9693 RALLYDEBUG rally_openstack.contexts.keystone.users [-] Creating 3 tenants using 3 threads
2020-04-10 06:42:12.880 9693 RALLYDEBUG rally_openstack.contexts.keystone.users [-] Creating 6 users using 6 threads
2020-04-10 06:42:13.817 9693 INFO rally.task.context [-] Task 4fc1d6ad-9536-401e-86ca-6cc42fc4b6d1 | Context users@openstack setup() finished in 1.42 sec
2020-04-10 06:42:14.144 9693 INFO rally.task.context [-] Task 4fc1d6ad-9536-401e-86ca-6cc42fc4b6d1 | Context quotas@openstack setup() finished in 0.33 sec
2020-04-10 06:42:14.145 9693 INFO rally.task.context [-] Task 4fc1d6ad-9536-401e-86ca-6cc42fc4b6d1 | Context cleanup@openstack setup() finished in 0.02 msec
2020-04-10 06:42:14.156 9693 RALLYDEBUG rally.task.runner [-] Starting the constant runner (task UUID: 4fc1d6ad-9536-401e-86ca-6cc42fc4b6d1). times: 10 concurrency: 4 timeout: 0 max_cpu_used: 88 processes_to_start: 4 concurrency_per_worker: 1 concurrency_overhead: 0
2020-04-10 06:42:14.167 10920 RALLYDEBUG rally.task.runner [-] Starting a worker. times: 10 duration: None concurrency: 1 timeout: 0 cls: method_name: run args: {"network_create_args": {}}
2020-04-10 06:42:14.169 10921 RALLYDEBUG rally.task.runner [-] Starting a worker. times: 10 duration: None concurrency: 1 timeout: 0 cls: method_name: run args: {"network_create_args": {}}
2020-04-10 06:42:14.173 10922 RALLYDEBUG rally.task.runner [-] Starting a worker. times: 10 duration: None concurrency: 1 timeout: 0 cls: method_name: run args: {"network_create_args": {}}
2020-04-10 06:42:14.174 10920 INFO rally.task.runner [-] Task 4fc1d6ad-9536-401e-86ca-6cc42fc4b6d1 | ITER: 1 START
2020-04-10 06:42:14.176 10921 INFO rally.task.runner [-] Task 4fc1d6ad-9536-401e-86ca-6cc42fc4b6d1 | ITER: 2 START
2020-04-10 06:42:14.175 10923 RALLYDEBUG rally.task.runner [-] Starting a worker. times: 10 duration: None concurrency: 1 timeout: 0 cls: method_name: run args: {"network_create_args": {}}
2020-04-10 06:42:14.179 10922 INFO rally.task.runner [-] Task 4fc1d6ad-9536-401e-86ca-6cc42fc4b6d1 | ITER: 3 START
2020-04-10 06:42:14.181 10923 INFO rally.task.runner [-] Task 4fc1d6ad-9536-401e-86ca-6cc42fc4b6d1 | ITER: 4 START
2020-04-10 06:42:17.234 10920 INFO rally.task.runner [-] Task 4fc1d6ad-9536-401e-86ca-6cc42fc4b6d1 | ITER: 1 END: OK
2020-04-10 06:42:17.239 10920 INFO rally.task.runner [-] Task 4fc1d6ad-9536-401e-86ca-6cc42fc4b6d1 | ITER: 5 START
2020-04-10 06:42:17.890 10923 INFO rally.task.runner [-] Task 4fc1d6ad-9536-401e-86ca-6cc42fc4b6d1 | ITER: 4 END: OK
2020-04-10 06:42:17.895 10923 INFO rally.task.runner [-] Task 4fc1d6ad-9536-401e-86ca-6cc42fc4b6d1 | ITER: 6 START
2020-04-10 06:42:18.352 10922 INFO rally.task.runner [-] Task 4fc1d6ad-9536-401e-86ca-6cc42fc4b6d1 | ITER: 3 END: OK
2020-04-10 06:42:18.358 10922 INFO rally.task.runner [-] Task 4fc1d6ad-9536-401e-86ca-6cc42fc4b6d1 | ITER: 7 START
2020-04-10 06:42:21.176 10922 INFO rally.task.runner [-] Task 4fc1d6ad-9536-401e-86ca-6cc42fc4b6d1 | ITER: 7 END: OK
2020-04-10 06:42:21.181 10922 INFO rally.task.runner [-] Task 4fc1d6ad-9536-401e-86ca-6cc42fc4b6d1 | ITER: 8 START
2020-04-10 06:42:21.197 10923 INFO rally.task.runner [-] Task 4fc1d6ad-9536-401e-86ca-6cc42fc4b6d1 | ITER: 6 END: OK
2020-04-10 06:42:21.202 10923 INFO rally.task.runner [-] Task 4fc1d6ad-9536-401e-86ca-6cc42fc4b6d1 | ITER: 9 START
2020-04-10 06:42:21.731 10921 INFO rally.task.runner [-] Task 4fc1d6ad-9536-401e-86ca-6cc42fc4b6d1 | ITER: 2 END: OK
2020-04-10 06:42:21.735 10921 INFO rally.task.runner [-] Task 4fc1d6ad-9536-401e-86ca-6cc42fc4b6d1 | ITER: 10 START
2020-04-10 06:42:23.315 10923 INFO rally.task.runner [-] Task 4fc1d6ad-9536-401e-86ca-6cc42fc4b6d1 | ITER: 9 END: OK
2020-04-10 06:42:24.784 10922 INFO rally.task.runner [-] Task 4fc1d6ad-9536-401e-86ca-6cc42fc4b6d1 | ITER: 8 END: OK
2020-04-10 06:42:25.047 10921 INFO rally.task.runner [-] Task 4fc1d6ad-9536-401e-86ca-6cc42fc4b6d1 | ITER: 10 END: OK
2020-04-10 06:42:27.773 10920 INFO rally.task.runner [-] Task 4fc1d6ad-9536-401e-86ca-6cc42fc4b6d1 | ITER: 5 END: OK
2020-04-10 06:42:27.799 9693 INFO rally.task.context [-] Task 4fc1d6ad-9536-401e-86ca-6cc42fc4b6d1 | Context cleanup@openstack cleanup() started
2020-04-10 06:42:27.803 9693 RALLYDEBUG rally_openstack.cleanup.manager [-] Cleaning up neutron vip objects
2020-04-10 06:42:28.320 9693 RALLYDEBUG rally_openstack.cleanup.manager [-] Cleaning up neutron health_monitor objects
2020-04-10 06:42:28.798 9693 RALLYDEBUG rally_openstack.cleanup.manager [-] Cleaning up neutron pool objects
2020-04-10 06:42:29.201 9693 RALLYDEBUG rally_openstack.cleanup.manager [-] Cleaning up neutron loadbalancer objects
2020-04-10 06:42:29.593 9693 RALLYDEBUG rally_openstack.cleanup.manager [-] Cleaning up neutron floatingip objects
2020-04-10 06:42:30.182 9693 RALLYDEBUG rally_openstack.cleanup.manager [-] Cleaning up neutron trunk objects
2020-04-10 06:42:30.622 9693 RALLYDEBUG rally_openstack.cleanup.manager [-] Cleaning up neutron port objects
2020-04-10 06:42:31.210 9693 RALLYDEBUG rally_openstack.cleanup.manager [-] Cleaning up neutron subnet objects
2020-04-10 06:42:31.800 9693 RALLYDEBUG rally_openstack.cleanup.manager [-] Cleaning up neutron network objects
2020-04-10 06:42:32.956 9693 RALLYDEBUG rally_openstack.cleanup.manager [-] Cleaning up neutron router objects
2020-04-10 06:42:33.514 9693 RALLYDEBUG rally_openstack.cleanup.manager [-] Cleaning up neutron security_group objects
2020-04-10 06:42:34.036 9693 INFO rally.task.context [-] Task 4fc1d6ad-9536-401e-86ca-6cc42fc4b6d1 | Context cleanup@openstack cleanup() finished in 6.24 sec
2020-04-10 06:42:34.037 9693 INFO rally.task.context [-] Task 4fc1d6ad-9536-401e-86ca-6cc42fc4b6d1 | Context quotas@openstack cleanup() started
2020-04-10 06:42:34.100 9693 INFO rally.task.context [-] Task 4fc1d6ad-9536-401e-86ca-6cc42fc4b6d1 | Context quotas@openstack cleanup() finished in 63.68 msec
2020-04-10 06:42:34.101 9693 INFO rally.task.context [-] Task 4fc1d6ad-9536-401e-86ca-6cc42fc4b6d1 | Context users@openstack cleanup() started
2020-04-10 06:42:34.243 9693 WARNING rally.common.logging [-] `iterate_per_tenants()' is deprecated in v3.0.0: it is openstack specific.. Used at
2020-04-10 06:42:36.308 9693 INFO rally.task.context [-] Task 4fc1d6ad-9536-401e-86ca-6cc42fc4b6d1 | Context users@openstack cleanup() finished in 2.21 sec
2020-04-10 06:42:36.566 9693 INFO rally.task.engine [-] Load duration is: 13.597826
2020-04-10 06:42:36.567 9693 INFO rally.task.engine [-] Full runner duration is: 13.643464
2020-04-10 06:42:36.567 9693 INFO rally.task.engine [-] Full duration is: 23.91172
2020-04-10 06:42:36.660 9693 INFO rally.task.engine [-] Running workload: position = 0 config = { "version": 2, "title": "A cropped version of a bigger task.", "description": "Auto-generated task from a single workload (uuid=43812b7c-49a2-47a5-bdd3-86fa26f1ba28)", "subtasks": [ { "title": "NeutronNetworks.create_and_delete_ports", "description": "Create and delete a port.", "scenario": { "NeutronNetworks.create_and_delete_ports": { "network_create_args": {}, "port_create_args": {}, "ports_per_network": 1 } }, "contexts": { "users": { "tenants": 3, "users_per_tenant": 2 }, "network": { "router": {} }, "quotas": { "neutron": { "network": -1, "port": -1 } } }, "runner": { "constant": { "concurrency": 4, "times": 10 } }, "hooks": [], "sla": { "failure_rate": { "max": 0 } } } ] }
2020-04-10 06:42:36.684 9693 RALLYDEBUG rally_openstack.contexts.keystone.users [-] Creating 3 tenants using 3 threads
2020-04-10 06:42:37.202 9693 RALLYDEBUG rally_openstack.contexts.keystone.users [-] Creating 6 users using 6 threads
2020-04-10 06:42:38.249 9693 INFO rally.task.context [-] Task 4fc1d6ad-9536-401e-86ca-6cc42fc4b6d1 | Context users@openstack setup() finished in 1.56 sec
2020-04-10 06:42:38.636 9693 INFO rally.task.context [-] Task 4fc1d6ad-9536-401e-86ca-6cc42fc4b6d1 | Context quotas@openstack setup() finished in 0.39 sec
2020-04-10 06:42:38.695 9693 WARNING rally.common.logging [-] `iterate_per_tenants()' is deprecated in v3.0.0: it is openstack specific.. Used at
2020-04-10 06:42:40.350 9693 RALLYDEBUG rally_openstack.wrappers.network [-] CIDR generated: 10.2.23.0/24
2020-04-10 06:42:41.918 9693 RALLYDEBUG rally_openstack.wrappers.network [-] CIDR generated: 10.2.24.0/24
2020-04-10 06:42:43.531 9693 RALLYDEBUG rally_openstack.wrappers.network [-] CIDR generated: 10.2.25.0/24
2020-04-10 06:42:45.154 9693 INFO rally.task.context [-] Task 4fc1d6ad-9536-401e-86ca-6cc42fc4b6d1 | Context network@openstack setup() finished in 6.52 sec
2020-04-10 06:42:45.154 9693 INFO rally.task.context [-] Task 4fc1d6ad-9536-401e-86ca-6cc42fc4b6d1 | Context cleanup@openstack setup() finished in 0.02 msec
2020-04-10 06:42:45.163 9693 RALLYDEBUG rally.task.runner [-] Starting the constant runner (task UUID: 4fc1d6ad-9536-401e-86ca-6cc42fc4b6d1). times: 10 concurrency: 4 timeout: 0 max_cpu_used: 88 processes_to_start: 4 concurrency_per_worker: 1 concurrency_overhead: 0
2020-04-10 06:42:45.174 11213 RALLYDEBUG rally.task.runner [-] Starting a worker. times: 10 duration: None concurrency: 1 timeout: 0 cls: method_name: run args: {"network_create_args": {}, "port_create_args": {}, "ports_per_network": 1}
2020-04-10 06:42:45.176 11214 RALLYDEBUG rally.task.runner [-] Starting a worker. times: 10 duration: None concurrency: 1 timeout: 0 cls: method_name: run args: {"network_create_args": {}, "port_create_args": {}, "ports_per_network": 1}
2020-04-10 06:42:45.179 11215 RALLYDEBUG rally.task.runner [-] Starting a worker. times: 10 duration: None concurrency: 1 timeout: 0 cls: method_name: run args: {"network_create_args": {}, "port_create_args": {}, "ports_per_network": 1}
2020-04-10 06:42:45.181 11216 RALLYDEBUG rally.task.runner [-] Starting a worker. times: 10 duration: None concurrency: 1 timeout: 0 cls: method_name: run args: {"network_create_args": {}, "port_create_args": {}, "ports_per_network": 1}
2020-04-10 06:42:45.183 11213 INFO rally.task.runner [-] Task 4fc1d6ad-9536-401e-86ca-6cc42fc4b6d1 | ITER: 1 START
2020-04-10 06:42:45.183 11214 INFO rally.task.runner [-] Task 4fc1d6ad-9536-401e-86ca-6cc42fc4b6d1 | ITER: 2 START
2020-04-10 06:42:45.187 11215 INFO rally.task.runner [-] Task 4fc1d6ad-9536-401e-86ca-6cc42fc4b6d1 | ITER: 3 START
2020-04-10 06:42:45.188 11216 INFO rally.task.runner [-] Task 4fc1d6ad-9536-401e-86ca-6cc42fc4b6d1 | ITER: 4 START
2020-04-10 06:42:46.767 11213 INFO rally.task.runner [-] Task 4fc1d6ad-9536-401e-86ca-6cc42fc4b6d1 | ITER: 1 END: OK
2020-04-10 06:42:46.771 11213 INFO rally.task.runner [-] Task 4fc1d6ad-9536-401e-86ca-6cc42fc4b6d1 | ITER: 5 START
2020-04-10 06:42:46.899 11214 INFO rally.task.runner [-] Task 4fc1d6ad-9536-401e-86ca-6cc42fc4b6d1 | ITER: 2 END: OK
2020-04-10 06:42:46.904 11214 INFO rally.task.runner [-] Task 4fc1d6ad-9536-401e-86ca-6cc42fc4b6d1 | ITER: 6 START
2020-04-10 06:42:48.213 11215 INFO rally.task.runner [-] Task 4fc1d6ad-9536-401e-86ca-6cc42fc4b6d1 | ITER: 3 END: OK
2020-04-10 06:42:48.215 11216 INFO rally.task.runner [-] Task 4fc1d6ad-9536-401e-86ca-6cc42fc4b6d1 | ITER: 4 END: OK
2020-04-10 06:42:48.219 11215 INFO rally.task.runner [-] Task 4fc1d6ad-9536-401e-86ca-6cc42fc4b6d1 | ITER: 7 START
2020-04-10 06:42:48.220 11216 INFO rally.task.runner [-] Task 4fc1d6ad-9536-401e-86ca-6cc42fc4b6d1 | ITER: 8 START
2020-04-10 06:42:48.282 11213 INFO rally.task.runner [-] Task 4fc1d6ad-9536-401e-86ca-6cc42fc4b6d1 | ITER: 5 END: OK
2020-04-10 06:42:48.286 11213 INFO rally.task.runner [-] Task 4fc1d6ad-9536-401e-86ca-6cc42fc4b6d1 | ITER: 9 START
2020-04-10 06:42:49.253 11214 INFO rally.task.runner [-] Task 4fc1d6ad-9536-401e-86ca-6cc42fc4b6d1 | ITER: 6 END: OK
2020-04-10 06:42:49.258 11214 INFO rally.task.runner [-] Task 4fc1d6ad-9536-401e-86ca-6cc42fc4b6d1 | ITER: 10 START
2020-04-10 06:42:49.838 11213 INFO rally.task.runner [-] Task 4fc1d6ad-9536-401e-86ca-6cc42fc4b6d1 | ITER: 9 END: OK
2020-04-10 06:42:50.529 11216 INFO rally.task.runner [-] Task 4fc1d6ad-9536-401e-86ca-6cc42fc4b6d1 | ITER: 8 END: OK
2020-04-10 06:42:50.605 11215 INFO rally.task.runner [-] Task 4fc1d6ad-9536-401e-86ca-6cc42fc4b6d1 | ITER: 7 END: OK
2020-04-10 06:42:51.520 11214 INFO rally.task.runner [-] Task 4fc1d6ad-9536-401e-86ca-6cc42fc4b6d1 | ITER: 10 END: OK
2020-04-10 06:42:51.552 9693 INFO rally.task.context [-] Task 4fc1d6ad-9536-401e-86ca-6cc42fc4b6d1 | Context cleanup@openstack cleanup() started
2020-04-10 06:42:51.559 9693 RALLYDEBUG rally_openstack.cleanup.manager [-] Cleaning up neutron vip objects
2020-04-10 06:42:52.043 9693 RALLYDEBUG rally_openstack.cleanup.manager [-] Cleaning up neutron health_monitor objects
2020-04-10 06:42:52.467 9693 RALLYDEBUG rally_openstack.cleanup.manager [-] Cleaning up neutron pool objects
2020-04-10 06:42:52.867 9693 RALLYDEBUG rally_openstack.cleanup.manager [-] Cleaning up neutron loadbalancer objects
2020-04-10 06:42:53.262 9693 RALLYDEBUG rally_openstack.cleanup.manager [-] Cleaning up neutron floatingip objects
2020-04-10 06:42:53.825 9693 RALLYDEBUG rally_openstack.cleanup.manager [-] Cleaning up neutron trunk objects
2020-04-10 06:42:54.247 9693 RALLYDEBUG rally_openstack.cleanup.manager [-] Cleaning up neutron port objects
2020-04-10 06:42:54.946 9693 RALLYDEBUG rally_openstack.cleanup.manager [-] Cleaning up neutron subnet objects
2020-04-10 06:42:55.609 9693 RALLYDEBUG rally_openstack.cleanup.manager [-] Cleaning up neutron network objects
2020-04-10 06:42:56.430 9693 RALLYDEBUG rally_openstack.cleanup.manager [-] Cleaning up neutron router objects
2020-04-10 06:42:57.081 9693 RALLYDEBUG rally_openstack.cleanup.manager [-] Cleaning up neutron security_group objects
2020-04-10 06:42:57.604 9693 INFO rally.task.context [-] Task 4fc1d6ad-9536-401e-86ca-6cc42fc4b6d1 | Context cleanup@openstack cleanup() finished in 6.05 sec
2020-04-10 06:42:57.604 9693 INFO rally.task.context [-] Task 4fc1d6ad-9536-401e-86ca-6cc42fc4b6d1 | Context network@openstack cleanup() started
2020-04-10 06:43:03.327 9693 INFO rally.task.context [-] Task 4fc1d6ad-9536-401e-86ca-6cc42fc4b6d1 | Context network@openstack cleanup() finished in 5.72 sec
2020-04-10 06:43:03.328 9693 INFO rally.task.context [-] Task 4fc1d6ad-9536-401e-86ca-6cc42fc4b6d1 | Context quotas@openstack cleanup() started
2020-04-10 06:43:03.391 9693 INFO rally.task.context [-] Task 4fc1d6ad-9536-401e-86ca-6cc42fc4b6d1 | Context quotas@openstack cleanup() finished in 62.76 msec
2020-04-10 06:43:03.392 9693 INFO rally.task.context [-] Task 4fc1d6ad-9536-401e-86ca-6cc42fc4b6d1 | Context users@openstack cleanup() started
2020-04-10 06:43:03.539 9693 WARNING rally.common.logging [-] `iterate_per_tenants()' is deprecated in v3.0.0: it is openstack specific.. Used at
2020-04-10 06:43:05.525 9693 INFO rally.task.context [-] Task 4fc1d6ad-9536-401e-86ca-6cc42fc4b6d1 | Context users@openstack cleanup() finished in 2.13 sec
2020-04-10 06:43:06.899 9693 INFO rally.task.engine [-] Load duration is: 6.336355
2020-04-10 06:43:06.900 9693 INFO rally.task.engine [-] Full runner duration is: 6.388723
2020-04-10 06:43:06.900 9693 INFO rally.task.engine [-] Full duration is: 28.844945
2020-04-10 06:43:06.995 9693 INFO rally.task.engine [-] Running workload: position = 0 config = { "version": 2, "title": "A cropped version of a bigger task.", "description": "Auto-generated task from a single workload (uuid=5d91b0ca-c689-4767-95bd-bf051f03d372)", "subtasks": [ { "title": "NeutronNetworks.create_and_delete_routers", "description": "Create and delete a given number of routers.", "scenario": { "NeutronNetworks.create_and_delete_routers": { "network_create_args": {}, "router_create_args": {}, "subnet_cidr_start": "1.1.0.0/30", "subnet_create_args": {}, "subnets_per_network": 1 } }, "contexts": { "users": { "tenants": 3, "users_per_tenant": 2 }, "quotas": { "neutron": { "network": -1, "subnet": -1, "port": -1, "router": -1 } } }, "runner": { "constant": { "concurrency": 4, "times": 10 } }, "hooks": [], "sla": { "failure_rate": { "max": 0 } } } ] }
2020-04-10 06:43:07.018 9693 RALLYDEBUG rally_openstack.contexts.keystone.users [-] Creating 3 tenants using 3 threads
2020-04-10 06:43:07.522 9693 RALLYDEBUG rally_openstack.contexts.keystone.users [-] Creating 6 users using 6 threads
2020-04-10 06:43:08.655 9693 INFO rally.task.context [-] Task 4fc1d6ad-9536-401e-86ca-6cc42fc4b6d1 | Context users@openstack setup() finished in 1.64 sec
2020-04-10 06:43:09.086 9693 INFO rally.task.context [-] Task 4fc1d6ad-9536-401e-86ca-6cc42fc4b6d1 | Context quotas@openstack setup() finished in 0.43 sec
2020-04-10 06:43:09.087 9693 INFO rally.task.context [-] Task 4fc1d6ad-9536-401e-86ca-6cc42fc4b6d1 | Context cleanup@openstack setup() finished in 0.02 msec
2020-04-10 06:43:09.097 9693 RALLYDEBUG rally.task.runner [-] Starting the constant runner (task UUID: 4fc1d6ad-9536-401e-86ca-6cc42fc4b6d1). times: 10 concurrency: 4 timeout: 0 max_cpu_used: 88 processes_to_start: 4 concurrency_per_worker: 1 concurrency_overhead: 0
2020-04-10 06:43:09.110 11506 RALLYDEBUG rally.task.runner [-] Starting a worker. times: 10 duration: None concurrency: 1 timeout: 0 cls: method_name: run args: {"network_create_args": {}, "router_create_args": {}, "subnet_cidr_start": "1.1.0.0/30", "subnet_create_args": {}, "subnets_per_network": 1}
2020-04-10 06:43:09.112 11507 RALLYDEBUG rally.task.runner [-] Starting a worker. times: 10 duration: None concurrency: 1 timeout: 0 cls: method_name: run args: {"network_create_args": {}, "router_create_args": {}, "subnet_cidr_start": "1.1.0.0/30", "subnet_create_args": {}, "subnets_per_network": 1}
2020-04-10 06:43:09.115 11508 RALLYDEBUG rally.task.runner [-] Starting a worker. times: 10 duration: None concurrency: 1 timeout: 0 cls: method_name: run args: {"network_create_args": {}, "router_create_args": {}, "subnet_cidr_start": "1.1.0.0/30", "subnet_create_args": {}, "subnets_per_network": 1}
2020-04-10 06:43:09.117 11506 INFO rally.task.runner [-] Task 4fc1d6ad-9536-401e-86ca-6cc42fc4b6d1 | ITER: 1 START
2020-04-10 06:43:09.117 11509 RALLYDEBUG rally.task.runner [-] Starting a worker. times: 10 duration: None concurrency: 1 timeout: 0 cls: method_name: run args: {"network_create_args": {}, "router_create_args": {}, "subnet_cidr_start": "1.1.0.0/30", "subnet_create_args": {}, "subnets_per_network": 1}
2020-04-10 06:43:09.119 11507 INFO rally.task.runner [-] Task 4fc1d6ad-9536-401e-86ca-6cc42fc4b6d1 | ITER: 2 START
2020-04-10 06:43:09.121 11508 INFO rally.task.runner [-] Task 4fc1d6ad-9536-401e-86ca-6cc42fc4b6d1 | ITER: 3 START
2020-04-10 06:43:09.124 11509 INFO rally.task.runner [-] Task 4fc1d6ad-9536-401e-86ca-6cc42fc4b6d1 | ITER: 4 START
2020-04-10 06:43:10.325 11506 RALLYDEBUG rally_openstack.wrappers.network [-] CIDR generated: 1.1.0.104/30
2020-04-10 06:43:11.104 11507 RALLYDEBUG rally_openstack.wrappers.network [-] CIDR generated: 1.1.0.108/30
2020-04-10 06:43:11.694 11508 RALLYDEBUG rally_openstack.wrappers.network [-] CIDR generated: 1.1.0.112/30
2020-04-10 06:43:12.436 11509 RALLYDEBUG rally_openstack.wrappers.network [-] CIDR generated: 1.1.0.116/30
2020-04-10 06:43:17.563 11506 INFO rally.task.runner [-] Task 4fc1d6ad-9536-401e-86ca-6cc42fc4b6d1 | ITER: 1 END: OK
2020-04-10 06:43:17.568 11506 INFO rally.task.runner [-] Task 4fc1d6ad-9536-401e-86ca-6cc42fc4b6d1 | ITER: 5 START
2020-04-10 06:43:18.782 11507 INFO rally.task.runner [-] Task 4fc1d6ad-9536-401e-86ca-6cc42fc4b6d1 | ITER: 2 END: OK
2020-04-10 06:43:18.788 11507 INFO rally.task.runner [-] Task 4fc1d6ad-9536-401e-86ca-6cc42fc4b6d1 | ITER: 6 START
2020-04-10 06:43:19.403 11508 INFO rally.task.runner [-] Task 4fc1d6ad-9536-401e-86ca-6cc42fc4b6d1 | ITER: 3 END: OK
2020-04-10 06:43:19.409 11508 INFO rally.task.runner [-] Task 4fc1d6ad-9536-401e-86ca-6cc42fc4b6d1 | ITER: 7 START
2020-04-10 06:43:19.531 11509 INFO rally.task.runner [-] Task 4fc1d6ad-9536-401e-86ca-6cc42fc4b6d1 | ITER: 4 END: OK
2020-04-10 06:43:19.537 11509 INFO rally.task.runner [-] Task 4fc1d6ad-9536-401e-86ca-6cc42fc4b6d1 | ITER: 8 START
2020-04-10 06:43:19.727 11506 RALLYDEBUG rally_openstack.wrappers.network [-] CIDR generated: 1.1.0.120/30
2020-04-10 06:43:20.439 11507 RALLYDEBUG rally_openstack.wrappers.network [-] CIDR generated: 1.1.0.124/30
2020-04-10 06:43:20.586 11509 RALLYDEBUG rally_openstack.wrappers.network [-] CIDR generated: 1.1.0.128/30
2020-04-10 06:43:21.216 11508 RALLYDEBUG rally_openstack.wrappers.network [-] CIDR generated: 1.1.0.132/30
2020-04-10 06:43:27.438 11506 INFO rally.task.runner [-] Task 4fc1d6ad-9536-401e-86ca-6cc42fc4b6d1 | ITER: 5 END: OK
2020-04-10 06:43:27.443 11506 INFO rally.task.runner [-] Task 4fc1d6ad-9536-401e-86ca-6cc42fc4b6d1 | ITER: 9 START
2020-04-10 06:43:27.636 11507 INFO rally.task.runner [-] Task 4fc1d6ad-9536-401e-86ca-6cc42fc4b6d1 | ITER: 6 END: OK
2020-04-10 06:43:27.641 11507 INFO rally.task.runner [-] Task 4fc1d6ad-9536-401e-86ca-6cc42fc4b6d1 | ITER: 10 START
2020-04-10 06:43:27.894 11509 INFO rally.task.runner [-] Task 4fc1d6ad-9536-401e-86ca-6cc42fc4b6d1 | ITER: 8 END: OK
2020-04-10 06:43:28.442 11508 INFO rally.task.runner [-] Task 4fc1d6ad-9536-401e-86ca-6cc42fc4b6d1 | ITER: 7 END: OK
2020-04-10 06:43:28.507 11506 RALLYDEBUG rally_openstack.wrappers.network [-] CIDR generated: 1.1.0.136/30
2020-04-10 06:43:29.091 11507 RALLYDEBUG rally_openstack.wrappers.network [-] CIDR generated: 1.1.0.140/30
2020-04-10 06:43:35.081 11506 INFO rally.task.runner [-] Task 4fc1d6ad-9536-401e-86ca-6cc42fc4b6d1 | ITER: 9 END: OK
2020-04-10 06:43:36.128 11507 INFO rally.task.runner [-] Task 4fc1d6ad-9536-401e-86ca-6cc42fc4b6d1 | ITER: 10 END: OK
2020-04-10 06:43:36.160 9693 INFO rally.task.context [-] Task 4fc1d6ad-9536-401e-86ca-6cc42fc4b6d1 | Context cleanup@openstack cleanup() started
2020-04-10 06:43:36.167 9693 RALLYDEBUG rally_openstack.cleanup.manager [-] Cleaning up neutron vip objects
2020-04-10 06:43:36.637 9693 RALLYDEBUG rally_openstack.cleanup.manager [-] Cleaning up neutron health_monitor objects
2020-04-10 06:43:37.107 9693 RALLYDEBUG rally_openstack.cleanup.manager [-] Cleaning up neutron pool objects
2020-04-10 06:43:37.546 9693 RALLYDEBUG rally_openstack.cleanup.manager [-] Cleaning up neutron loadbalancer objects
2020-04-10 06:43:37.965 9693 RALLYDEBUG rally_openstack.cleanup.manager [-] Cleaning up neutron floatingip objects
2020-04-10 06:43:38.573 9693 RALLYDEBUG rally_openstack.cleanup.manager [-] Cleaning up neutron trunk objects
2020-04-10 06:43:39.055 9693 RALLYDEBUG rally_openstack.cleanup.manager [-] Cleaning up neutron port objects
2020-04-10 06:43:40.382 9693 RALLYDEBUG rally_openstack.cleanup.manager [-] Cleaning up neutron subnet objects
2020-04-10 06:43:41.047 9693 RALLYDEBUG rally_openstack.cleanup.manager [-] Deleting neutron.subnet object s_rally_5d91b0ca_jkHaIreU (2d127ece-70e3-4cc6-b171-38f38c096c9d)
2020-04-10 06:43:41.048 9693 RALLYDEBUG rally_openstack.cleanup.manager [-] Deleting neutron.subnet object s_rally_5d91b0ca_nhwXqxZe (6d45a4b0-0256-41cc-9a6b-b460ea237296)
2020-04-10 06:43:41.042 9693 RALLYDEBUG rally_openstack.cleanup.manager [-] Deleting neutron.subnet object s_rally_5d91b0ca_zyWfjByW (c2ddd1b0-533c-4154-bbb9-50530b9942c2)
2020-04-10 06:43:41.048 9693 RALLYDEBUG rally_openstack.cleanup.manager [-] Deleting neutron.subnet object s_rally_5d91b0ca_9uBAiufE (6d5cf2e2-6898-4340-b964-a5e80927295a)
2020-04-10 06:43:41.053 9693 RALLYDEBUG rally_openstack.cleanup.manager [-] Deleting neutron.subnet object s_rally_5d91b0ca_9QaUSYwg (b8119ede-43de-4ea3-be0a-943cd12f2233)
2020-04-10 06:43:41.070 9693 RALLYDEBUG rally_openstack.cleanup.manager [-] Deleting neutron.subnet object s_rally_5d91b0ca_5CkUPMUJ (10e70b5a-4bdd-455f-a044-22198d150e1d)
2020-04-10 06:43:41.086 9693 RALLYDEBUG rally_openstack.cleanup.manager [-] Deleting neutron.subnet object s_rally_5d91b0ca_2w47XGtV (4537ebf9-b0dd-4500-89f8-e1c6bab9dace)
2020-04-10 06:43:41.095 9693 RALLYDEBUG rally_openstack.cleanup.manager [-] Deleting neutron.subnet object s_rally_5d91b0ca_tFeCBwn1 (af08dd6a-a369-427c-829d-5d4bd514cbe0)
2020-04-10 06:43:41.065 9693 RALLYDEBUG rally_openstack.cleanup.manager [-] Deleting neutron.subnet object s_rally_5d91b0ca_DWBe2k11 (d05d492b-029e-408d-921d-d4207853d5de)
2020-04-10 06:43:41.121 9693 RALLYDEBUG rally_openstack.cleanup.manager [-] Deleting neutron.subnet object s_rally_5d91b0ca_ViUSrJC0 (ee7cce0d-4b33-4b98-9d2c-3153dc333310)
2020-04-10 06:43:45.524 9693 RALLYDEBUG rally_openstack.cleanup.manager [-] Cleaning up neutron network objects
2020-04-10 06:43:46.198 9693 RALLYDEBUG rally_openstack.cleanup.manager [-] Deleting neutron.network object s_rally_5d91b0ca_aQ9k4FoB (007d4b0b-190f-4bf0-ab8d-9eb5a0d57d23)
2020-04-10 06:43:46.216 9693 RALLYDEBUG rally_openstack.cleanup.manager [-] Deleting neutron.network object s_rally_5d91b0ca_RCBQnKM3 (ff11f00e-8c5c-4951-8f09-64d3ab2b2f4c)
2020-04-10 06:43:46.217 9693 RALLYDEBUG rally_openstack.cleanup.manager [-] Deleting neutron.network object s_rally_5d91b0ca_OY3kYvoe (42f0942f-613e-42f7-acb8-cf67e1549beb)
2020-04-10 06:43:46.227 9693 RALLYDEBUG rally_openstack.cleanup.manager [-] Deleting neutron.network object s_rally_5d91b0ca_Vs4Fh5lZ (46f4352e-7e63-40e3-9020-58d96e6ece66)
2020-04-10 06:43:46.256 9693 RALLYDEBUG rally_openstack.cleanup.manager [-] Deleting neutron.network object s_rally_5d91b0ca_DhIqDuHp (134e7dbf-a556-4cd0-953e-360d28cb983f)
2020-04-10 06:43:46.245 9693 RALLYDEBUG rally_openstack.cleanup.manager [-] Deleting neutron.network object s_rally_5d91b0ca_gKZGQwkd (67182ea8-b367-4de5-9fac-db144c76f6bb)
2020-04-10 06:43:46.257 9693 RALLYDEBUG rally_openstack.cleanup.manager [-] Deleting neutron.network object s_rally_5d91b0ca_UYkDyN44 (fcb9cccf-7ed9-4cb0-b23b-116a8df21369)
2020-04-10 06:43:46.263 9693 RALLYDEBUG rally_openstack.cleanup.manager [-] Deleting neutron.network object s_rally_5d91b0ca_B6ERhB3p (1e6fe929-c0e3-4a11-8466-7ae9034ac758)
2020-04-10 06:43:46.268 9693 RALLYDEBUG rally_openstack.cleanup.manager [-] Deleting neutron.network object s_rally_5d91b0ca_vH8VOLNX (35c8adb5-7941-4657-b896-4447c0f6d233)
2020-04-10 06:43:46.282 9693 RALLYDEBUG rally_openstack.cleanup.manager [-] Deleting neutron.network object s_rally_5d91b0ca_fdLhKpTl (f27493a7-2665-4069-aff0-4070e50ff693)
2020-04-10 06:43:50.226 9693 RALLYDEBUG rally_openstack.cleanup.manager [-] Cleaning up neutron router objects
2020-04-10 06:43:50.860 9693 RALLYDEBUG rally_openstack.cleanup.manager [-] Cleaning up neutron security_group objects
2020-04-10 06:43:51.426 9693 INFO rally.task.context [-] Task 4fc1d6ad-9536-401e-86ca-6cc42fc4b6d1 | Context cleanup@openstack cleanup() finished in 15.27 sec
2020-04-10 06:43:51.427 9693 INFO rally.task.context [-] Task 4fc1d6ad-9536-401e-86ca-6cc42fc4b6d1 | Context quotas@openstack cleanup() started
2020-04-10 06:43:51.495 9693 INFO rally.task.context [-] Task 4fc1d6ad-9536-401e-86ca-6cc42fc4b6d1 | Context quotas@openstack cleanup() finished in 67.86 msec
2020-04-10 06:43:51.495 9693 INFO rally.task.context [-] Task 4fc1d6ad-9536-401e-86ca-6cc42fc4b6d1 | Context users@openstack cleanup() started
2020-04-10 06:43:51.633 9693 WARNING rally.common.logging [-] `iterate_per_tenants()' is deprecated in v3.0.0: it is openstack specific.. Used at
2020-04-10 06:43:53.591 9693 INFO rally.task.context [-] Task 4fc1d6ad-9536-401e-86ca-6cc42fc4b6d1 | Context users@openstack cleanup() finished in 2.10 sec
2020-04-10 06:43:55.334 9693 INFO rally.task.engine [-] Load duration is: 27.009076
2020-04-10 06:43:55.335 9693 INFO rally.task.engine [-] Full runner duration is: 27.062531
2020-04-10 06:43:55.335 9693 INFO rally.task.engine [-] Full duration is: 46.575667
