2020-04-10 06:56:10.213 13461 DEBUG swiftclient [-] RESP HEADERS: {'Content-Length': '1024', 'Accept-Ranges': 'bytes', 'Last-Modified': 'Fri, 10 Apr 2020 06:56:10 GMT', 'X-Timestamp': '1586501770.03328', 'etag': '0f343b0931126a20f133d67c2b018a3b', 'X-Trans-Id': 'tx00000000000000000f8dd-005e90188a-3744-default', 'X-Openstack-Request-Id': 'tx00000000000000000f8dd-005e90188a-3744-default', 'Content-Type': 'binary/octet-stream', 'Date': 'Fri, 10 Apr 2020 06:56:10 GMT'} http_log /usr/lib/python3.7/site-packages/swiftclient/client.py:184
2020-04-10 06:56:10.224 13462 DEBUG swiftclient [-] REQ: curl -i http://172.30.12.85:8080/swift/v1/AUTH_3e2c9cbcc39a4c52a3d29395baee6183/s_rally_22d44321_ARwZRi39/s_rally_22d44321_rrltRYnt -X GET -H "X-Auth-Token: gAAAAABekBiJ6x0P..." http_log /usr/lib/python3.7/site-packages/swiftclient/client.py:182
2020-04-10 06:56:10.225 13462 DEBUG swiftclient [-] RESP STATUS: 200 OK http_log /usr/lib/python3.7/site-packages/swiftclient/client.py:183
2020-04-10 06:56:10.225 13462 DEBUG swiftclient [-] RESP HEADERS: {'Content-Length': '1024', 'Accept-Ranges': 'bytes', 'Last-Modified': 'Fri, 10 Apr 2020 06:56:10 GMT', 'X-Timestamp': '1586501770.03807', 'etag': '0f343b0931126a20f133d67c2b018a3b', 'X-Trans-Id': 'tx00000000000000000f8de-005e90188a-3744-default', 'X-Openstack-Request-Id': 'tx00000000000000000f8de-005e90188a-3744-default', 'Content-Type': 'binary/octet-stream', 'Date': 'Fri, 10 Apr 2020 06:56:10 GMT'} http_log /usr/lib/python3.7/site-packages/swiftclient/client.py:184
2020-04-10 06:56:10.248 13460 DEBUG swiftclient [-] REQ: curl -i http://172.30.12.85:8080/swift/v1/AUTH_6d45d10c9d604463b1b0a914f88e4a4a/s_rally_22d44321_aosrzJuk/s_rally_22d44321_V6YpfUpX -X GET -H "X-Auth-Token: gAAAAABekBiJon1M..." http_log /usr/lib/python3.7/site-packages/swiftclient/client.py:182
2020-04-10 06:56:10.249 13460 DEBUG swiftclient [-] RESP STATUS: 200 OK http_log /usr/lib/python3.7/site-packages/swiftclient/client.py:183
2020-04-10 06:56:10.249 13460 DEBUG swiftclient [-] RESP HEADERS: {'Content-Length': '1024', 'Accept-Ranges': 'bytes', 'Last-Modified': 'Fri, 10 Apr 2020 06:56:10 GMT', 'X-Timestamp': '1586501770.10845', 'etag': '0f343b0931126a20f133d67c2b018a3b', 'X-Trans-Id': 'tx00000000000000000f8df-005e90188a-3744-default', 'X-Openstack-Request-Id': 'tx00000000000000000f8df-005e90188a-3744-default', 'Content-Type': 'binary/octet-stream', 'Date': 'Fri, 10 Apr 2020 06:56:10 GMT'} http_log /usr/lib/python3.7/site-packages/swiftclient/client.py:184
2020-04-10 06:56:10.252 13463 DEBUG swiftclient [-] REQ: curl -i http://172.30.12.85:8080/swift/v1/AUTH_3e2c9cbcc39a4c52a3d29395baee6183/s_rally_22d44321_w0oqQVba/s_rally_22d44321_V4E1uPEP -X GET -H "X-Auth-Token: gAAAAABekBiJUtwU..." http_log /usr/lib/python3.7/site-packages/swiftclient/client.py:182
2020-04-10 06:56:10.253 13463 DEBUG swiftclient [-] RESP STATUS: 200 OK http_log /usr/lib/python3.7/site-packages/swiftclient/client.py:183
2020-04-10 06:56:10.253 13463 DEBUG swiftclient [-] RESP HEADERS: {'Content-Length': '1024', 'Accept-Ranges': 'bytes', 'Last-Modified': 'Fri, 10 Apr 2020 06:56:10 GMT', 'X-Timestamp': '1586501770.04206', 'etag': '0f343b0931126a20f133d67c2b018a3b', 'X-Trans-Id': 'tx00000000000000000f8e0-005e90188a-3744-default', 'X-Openstack-Request-Id': 'tx00000000000000000f8e0-005e90188a-3744-default', 'Content-Type': 'binary/octet-stream', 'Date': 'Fri, 10 Apr 2020 06:56:10 GMT'} http_log /usr/lib/python3.7/site-packages/swiftclient/client.py:184
2020-04-10 06:56:10.264 13461 DEBUG swiftclient [-] REQ: curl -i http://172.30.12.85:8080/swift/v1/AUTH_47d542bbb277403ba51da6b6f31318fb/s_rally_22d44321_z6oc6Ez7/s_rally_22d44321_CK7oh4ka -X GET -H "X-Auth-Token: gAAAAABekBiJs-Me..." http_log /usr/lib/python3.7/site-packages/swiftclient/client.py:182
2020-04-10 06:56:10.265 13461 DEBUG swiftclient [-] RESP STATUS: 200 OK http_log /usr/lib/python3.7/site-packages/swiftclient/client.py:183
2020-04-10 06:56:10.265 13461 DEBUG swiftclient [-] RESP HEADERS: {'Content-Length': '1024', 'Accept-Ranges': 'bytes', 'Last-Modified': 'Fri, 10 Apr 2020 06:56:10 GMT', 'X-Timestamp': '1586501770.04420', 'etag': '0f343b0931126a20f133d67c2b018a3b', 'X-Trans-Id': 'tx00000000000000000f8e1-005e90188a-3744-default', 'X-Openstack-Request-Id': 'tx00000000000000000f8e1-005e90188a-3744-default', 'Content-Type': 'binary/octet-stream', 'Date': 'Fri, 10 Apr 2020 06:56:10 GMT'} http_log /usr/lib/python3.7/site-packages/swiftclient/client.py:184
2020-04-10 06:56:10.276 13462 DEBUG swiftclient [-] REQ: curl -i http://172.30.12.85:8080/swift/v1/AUTH_3e2c9cbcc39a4c52a3d29395baee6183/s_rally_22d44321_ARwZRi39/s_rally_22d44321_ITiNWF75 -X GET -H "X-Auth-Token: gAAAAABekBiJ6x0P..." http_log /usr/lib/python3.7/site-packages/swiftclient/client.py:182
2020-04-10 06:56:10.277 13462 DEBUG swiftclient [-] RESP STATUS: 200 OK http_log /usr/lib/python3.7/site-packages/swiftclient/client.py:183
2020-04-10 06:56:10.277 13462 DEBUG swiftclient [-] RESP HEADERS: {'Content-Length': '1024', 'Accept-Ranges': 'bytes', 'Last-Modified': 'Fri, 10 Apr 2020 06:56:10 GMT', 'X-Timestamp': '1586501770.04909', 'etag': '0f343b0931126a20f133d67c2b018a3b', 'X-Trans-Id': 'tx00000000000000000f8e2-005e90188a-3744-default', 'X-Openstack-Request-Id': 'tx00000000000000000f8e2-005e90188a-3744-default', 'Content-Type': 'binary/octet-stream', 'Date': 'Fri, 10 Apr 2020 06:56:10 GMT'} http_log /usr/lib/python3.7/site-packages/swiftclient/client.py:184
2020-04-10 06:56:10.300 13460 DEBUG swiftclient [-] REQ: curl -i http://172.30.12.85:8080/swift/v1/AUTH_6d45d10c9d604463b1b0a914f88e4a4a/s_rally_22d44321_aosrzJuk/s_rally_22d44321_FICTETeC -X GET -H "X-Auth-Token: gAAAAABekBiJon1M..." http_log /usr/lib/python3.7/site-packages/swiftclient/client.py:182
2020-04-10 06:56:10.301 13460 DEBUG swiftclient [-] RESP STATUS: 200 OK http_log /usr/lib/python3.7/site-packages/swiftclient/client.py:183
2020-04-10 06:56:10.301 13460 DEBUG swiftclient [-] RESP HEADERS: {'Content-Length': '1024', 'Accept-Ranges': 'bytes', 'Last-Modified': 'Fri, 10 Apr 2020 06:56:10 GMT', 'X-Timestamp': '1586501770.11964', 'etag': '0f343b0931126a20f133d67c2b018a3b', 'X-Trans-Id': 'tx00000000000000000f8e3-005e90188a-3744-default', 'X-Openstack-Request-Id': 'tx00000000000000000f8e3-005e90188a-3744-default', 'Content-Type': 'binary/octet-stream', 'Date': 'Fri, 10 Apr 2020 06:56:10 GMT'} http_log /usr/lib/python3.7/site-packages/swiftclient/client.py:184
2020-04-10 06:56:10.304 13463 DEBUG swiftclient [-] REQ: curl -i http://172.30.12.85:8080/swift/v1/AUTH_3e2c9cbcc39a4c52a3d29395baee6183/s_rally_22d44321_w0oqQVba/s_rally_22d44321_e0eJHU9y -X GET -H "X-Auth-Token: gAAAAABekBiJUtwU..." http_log /usr/lib/python3.7/site-packages/swiftclient/client.py:182
2020-04-10 06:56:10.305 13463 DEBUG swiftclient [-] RESP STATUS: 200 OK http_log /usr/lib/python3.7/site-packages/swiftclient/client.py:183
2020-04-10 06:56:10.305 13463 DEBUG swiftclient [-] RESP HEADERS: {'Content-Length': '1024', 'Accept-Ranges': 'bytes', 'Last-Modified': 'Fri, 10 Apr 2020 06:56:10 GMT', 'X-Timestamp': '1586501770.05215', 'etag': '0f343b0931126a20f133d67c2b018a3b', 'X-Trans-Id': 'tx00000000000000000f8e4-005e90188a-3744-default', 'X-Openstack-Request-Id': 'tx00000000000000000f8e4-005e90188a-3744-default', 'Content-Type': 'binary/octet-stream', 'Date': 'Fri, 10 Apr 2020 06:56:10 GMT'} http_log /usr/lib/python3.7/site-packages/swiftclient/client.py:184
2020-04-10 06:56:10.306 13463 INFO rally.task.runner [-] Task 2b8583d4-6997-465a-afa0-45eeeebc809f | ITER: 5 END: OK
2020-04-10 06:56:10.310 13463 INFO rally.task.runner [-] Task 2b8583d4-6997-465a-afa0-45eeeebc809f | ITER: 9 START
2020-04-10 06:56:10.316 13461 DEBUG swiftclient [-] REQ: curl -i http://172.30.12.85:8080/swift/v1/AUTH_47d542bbb277403ba51da6b6f31318fb/s_rally_22d44321_z6oc6Ez7/s_rally_22d44321_uBhahBwG -X GET -H "X-Auth-Token: gAAAAABekBiJs-Me..." http_log /usr/lib/python3.7/site-packages/swiftclient/client.py:182
2020-04-10 06:56:10.317 13461 DEBUG swiftclient [-] RESP STATUS: 200 OK http_log /usr/lib/python3.7/site-packages/swiftclient/client.py:183
2020-04-10 06:56:10.317 13461 DEBUG swiftclient [-] RESP HEADERS: {'Content-Length': '1024', 'Accept-Ranges': 'bytes', 'Last-Modified': 'Fri, 10 Apr 2020 06:56:10 GMT', 'X-Timestamp': '1586501770.05535', 'etag': '0f343b0931126a20f133d67c2b018a3b', 'X-Trans-Id': 'tx00000000000000000f8e5-005e90188a-3744-default', 'X-Openstack-Request-Id': 'tx00000000000000000f8e5-005e90188a-3744-default', 'Content-Type': 'binary/octet-stream', 'Date': 'Fri, 10 Apr 2020 06:56:10 GMT'} http_log /usr/lib/python3.7/site-packages/swiftclient/client.py:184
2020-04-10 06:56:10.318 13461 INFO rally.task.runner [-] Task 2b8583d4-6997-465a-afa0-45eeeebc809f | ITER: 6 END: OK
2020-04-10 06:56:10.322 13461 INFO rally.task.runner [-] Task 2b8583d4-6997-465a-afa0-45eeeebc809f | ITER: 10 START
2020-04-10 06:56:10.332 13462 DEBUG swiftclient [-] REQ: curl -i http://172.30.12.85:8080/swift/v1/AUTH_3e2c9cbcc39a4c52a3d29395baee6183/s_rally_22d44321_ARwZRi39/s_rally_22d44321_sBqfSM1O -X GET -H "X-Auth-Token: gAAAAABekBiJ6x0P..." http_log /usr/lib/python3.7/site-packages/swiftclient/client.py:182
2020-04-10 06:56:10.333 13462 DEBUG swiftclient [-] RESP STATUS: 200 OK http_log /usr/lib/python3.7/site-packages/swiftclient/client.py:183
2020-04-10 06:56:10.333 13462 DEBUG swiftclient [-] RESP HEADERS: {'Content-Length': '1024', 'Accept-Ranges': 'bytes', 'Last-Modified': 'Fri, 10 Apr 2020 06:56:10 GMT', 'X-Timestamp': '1586501770.05992', 'etag': '0f343b0931126a20f133d67c2b018a3b', 'X-Trans-Id': 'tx00000000000000000f8e6-005e90188a-3744-default', 'X-Openstack-Request-Id': 'tx00000000000000000f8e6-005e90188a-3744-default', 'Content-Type': 'binary/octet-stream', 'Date': 'Fri, 10 Apr 2020 06:56:10 GMT'} http_log /usr/lib/python3.7/site-packages/swiftclient/client.py:184
2020-04-10 06:56:10.333 13462 INFO rally.task.runner [-] Task 2b8583d4-6997-465a-afa0-45eeeebc809f | ITER: 8 END: OK
2020-04-10 06:56:10.352 13460 DEBUG swiftclient [-] REQ: curl -i http://172.30.12.85:8080/swift/v1/AUTH_6d45d10c9d604463b1b0a914f88e4a4a/s_rally_22d44321_aosrzJuk/s_rally_22d44321_EF5ymqho -X GET -H "X-Auth-Token: gAAAAABekBiJon1M..." http_log /usr/lib/python3.7/site-packages/swiftclient/client.py:182
2020-04-10 06:56:10.353 13460 DEBUG swiftclient [-] RESP STATUS: 200 OK http_log /usr/lib/python3.7/site-packages/swiftclient/client.py:183
2020-04-10 06:56:10.353 13460 DEBUG swiftclient [-] RESP HEADERS: {'Content-Length': '1024', 'Accept-Ranges': 'bytes', 'Last-Modified': 'Fri, 10 Apr 2020 06:56:10 GMT', 'X-Timestamp': '1586501770.13161', 'etag': '0f343b0931126a20f133d67c2b018a3b', 'X-Trans-Id': 'tx00000000000000000f8e7-005e90188a-3744-default', 'X-Openstack-Request-Id': 'tx00000000000000000f8e7-005e90188a-3744-default', 'Content-Type': 'binary/octet-stream', 'Date': 'Fri, 10 Apr 2020 06:56:10 GMT'} http_log /usr/lib/python3.7/site-packages/swiftclient/client.py:184
2020-04-10 06:56:10.405 13460 DEBUG swiftclient [-] REQ: curl -i http://172.30.12.85:8080/swift/v1/AUTH_6d45d10c9d604463b1b0a914f88e4a4a/s_rally_22d44321_aosrzJuk/s_rally_22d44321_SYryo7Gd -X GET -H "X-Auth-Token: gAAAAABekBiJon1M..." http_log /usr/lib/python3.7/site-packages/swiftclient/client.py:182
2020-04-10 06:56:10.405 13460 DEBUG swiftclient [-] RESP STATUS: 200 OK http_log /usr/lib/python3.7/site-packages/swiftclient/client.py:183
2020-04-10 06:56:10.406 13460 DEBUG swiftclient [-] RESP HEADERS: {'Content-Length': '1024', 'Accept-Ranges': 'bytes', 'Last-Modified': 'Fri, 10 Apr 2020 06:56:10 GMT', 'X-Timestamp': '1586501770.14293', 'etag': '0f343b0931126a20f133d67c2b018a3b', 'X-Trans-Id': 'tx00000000000000000f8e8-005e90188a-3744-default', 'X-Openstack-Request-Id': 'tx00000000000000000f8e8-005e90188a-3744-default', 'Content-Type': 'binary/octet-stream', 'Date': 'Fri, 10 Apr 2020 06:56:10 GMT'} http_log /usr/lib/python3.7/site-packages/swiftclient/client.py:184
2020-04-10 06:56:10.407 13460 INFO rally.task.runner [-] Task 2b8583d4-6997-465a-afa0-45eeeebc809f | ITER: 7 END: OK
2020-04-10 06:56:10.436 13463 DEBUG swiftclient [-] REQ: curl -i http://172.30.12.85:8080/swift/v1/AUTH_3e2c9cbcc39a4c52a3d29395baee6183/s_rally_22d44321_iCOP2W0u -X PUT -H "X-Auth-Token: gAAAAABekBiKywoy..." -H "Content-Length: 0" http_log /usr/lib/python3.7/site-packages/swiftclient/client.py:182
2020-04-10 06:56:10.436 13463 DEBUG swiftclient [-] RESP STATUS: 201 Created http_log /usr/lib/python3.7/site-packages/swiftclient/client.py:183
2020-04-10 06:56:10.437 13463 DEBUG swiftclient [-] RESP HEADERS: {'Content-Length': '0', 'X-Trans-Id': 'tx00000000000000000f8e9-005e90188a-3744-default', 'X-Openstack-Request-Id': 'tx00000000000000000f8e9-005e90188a-3744-default', 'Accept-Ranges': 'bytes', 'Content-Type': 'text/plain; charset=utf-8', 'Date': 'Fri, 10 Apr 2020 06:56:10 GMT'} http_log /usr/lib/python3.7/site-packages/swiftclient/client.py:184
2020-04-10 06:56:10.439 13461 DEBUG swiftclient [-] REQ: curl -i http://172.30.12.85:8080/swift/v1/AUTH_47d542bbb277403ba51da6b6f31318fb/s_rally_22d44321_WvaBzRoL -X PUT -H "X-Auth-Token: gAAAAABekBiKa_GK..." -H "Content-Length: 0" http_log /usr/lib/python3.7/site-packages/swiftclient/client.py:182
2020-04-10 06:56:10.440 13461 DEBUG swiftclient [-] RESP STATUS: 201 Created http_log /usr/lib/python3.7/site-packages/swiftclient/client.py:183
2020-04-10 06:56:10.440 13461 DEBUG swiftclient [-] RESP HEADERS: {'Content-Length': '0', 'X-Trans-Id': 'tx00000000000000000f8ea-005e90188a-3744-default', 'X-Openstack-Request-Id': 'tx00000000000000000f8ea-005e90188a-3744-default', 'Accept-Ranges': 'bytes', 'Content-Type': 'text/plain; charset=utf-8', 'Date': 'Fri, 10 Apr 2020 06:56:10 GMT'} http_log /usr/lib/python3.7/site-packages/swiftclient/client.py:184
2020-04-10 06:56:10.449 13463 DEBUG swiftclient [-] REQ: curl -i http://172.30.12.85:8080/swift/v1/AUTH_3e2c9cbcc39a4c52a3d29395baee6183/s_rally_22d44321_iCOP2W0u/s_rally_22d44321_o0Y5CLsN -X PUT -H "X-Auth-Token: gAAAAABekBiKywoy..." http_log /usr/lib/python3.7/site-packages/swiftclient/client.py:182
2020-04-10 06:56:10.449 13463 DEBUG swiftclient [-] RESP STATUS: 201 Created http_log /usr/lib/python3.7/site-packages/swiftclient/client.py:183
2020-04-10 06:56:10.450 13463 DEBUG swiftclient [-] RESP HEADERS: {'etag': '0f343b0931126a20f133d67c2b018a3b', 'Last-Modified': 'Fri, 10 Apr 2020 06:56:10 GMT', 'X-Trans-Id': 'tx00000000000000000f8eb-005e90188a-3744-default', 'X-Openstack-Request-Id': 'tx00000000000000000f8eb-005e90188a-3744-default', 'Content-Type': 'text/plain; charset=utf-8', 'Content-Length': '0', 'Date': 'Fri, 10 Apr 2020 06:56:10 GMT'} http_log /usr/lib/python3.7/site-packages/swiftclient/client.py:184
2020-04-10 06:56:10.453 13461 DEBUG swiftclient [-] REQ: curl -i http://172.30.12.85:8080/swift/v1/AUTH_47d542bbb277403ba51da6b6f31318fb/s_rally_22d44321_WvaBzRoL/s_rally_22d44321_z4A31gde -X PUT -H "X-Auth-Token: gAAAAABekBiKa_GK..." http_log /usr/lib/python3.7/site-packages/swiftclient/client.py:182
2020-04-10 06:56:10.453 13461 DEBUG swiftclient [-] RESP STATUS: 201 Created http_log /usr/lib/python3.7/site-packages/swiftclient/client.py:183
2020-04-10 06:56:10.453 13461 DEBUG swiftclient [-] RESP HEADERS: {'etag': '0f343b0931126a20f133d67c2b018a3b', 'Last-Modified': 'Fri, 10 Apr 2020 06:56:10 GMT', 'X-Trans-Id': 'tx00000000000000000f8ec-005e90188a-3744-default', 'X-Openstack-Request-Id': 'tx00000000000000000f8ec-005e90188a-3744-default', 'Content-Type': 'text/plain; charset=utf-8', 'Content-Length': '0', 'Date': 'Fri, 10 Apr 2020 06:56:10 GMT'} http_log /usr/lib/python3.7/site-packages/swiftclient/client.py:184
2020-04-10 06:56:10.461 13463 DEBUG swiftclient [-] REQ: curl -i http://172.30.12.85:8080/swift/v1/AUTH_3e2c9cbcc39a4c52a3d29395baee6183/s_rally_22d44321_iCOP2W0u/s_rally_22d44321_zQuGOEcu -X PUT -H "X-Auth-Token: gAAAAABekBiKywoy..." http_log /usr/lib/python3.7/site-packages/swiftclient/client.py:182
2020-04-10 06:56:10.461 13463 DEBUG swiftclient [-] RESP STATUS: 201 Created http_log /usr/lib/python3.7/site-packages/swiftclient/client.py:183
2020-04-10 06:56:10.461 13463 DEBUG swiftclient [-] RESP HEADERS: {'etag': '0f343b0931126a20f133d67c2b018a3b', 'Last-Modified': 'Fri, 10 Apr 2020 06:56:10 GMT', 'X-Trans-Id': 'tx00000000000000000f8ed-005e90188a-3744-default', 'X-Openstack-Request-Id': 'tx00000000000000000f8ed-005e90188a-3744-default', 'Content-Type': 'text/plain; charset=utf-8', 'Content-Length': '0', 'Date': 'Fri, 10 Apr 2020 06:56:10 GMT'} http_log /usr/lib/python3.7/site-packages/swiftclient/client.py:184
2020-04-10 06:56:10.464 13461 DEBUG swiftclient [-] REQ: curl -i http://172.30.12.85:8080/swift/v1/AUTH_47d542bbb277403ba51da6b6f31318fb/s_rally_22d44321_WvaBzRoL/s_rally_22d44321_4a2emqqa -X PUT -H "X-Auth-Token: gAAAAABekBiKa_GK..." http_log /usr/lib/python3.7/site-packages/swiftclient/client.py:182
2020-04-10 06:56:10.464 13461 DEBUG swiftclient [-] RESP STATUS: 201 Created http_log /usr/lib/python3.7/site-packages/swiftclient/client.py:183
2020-04-10 06:56:10.464 13461 DEBUG swiftclient [-] RESP HEADERS: {'etag': '0f343b0931126a20f133d67c2b018a3b', 'Last-Modified': 'Fri, 10 Apr 2020 06:56:10 GMT', 'X-Trans-Id': 'tx00000000000000000f8ee-005e90188a-3744-default', 'X-Openstack-Request-Id': 'tx00000000000000000f8ee-005e90188a-3744-default', 'Content-Type': 'text/plain; charset=utf-8', 'Content-Length': '0', 'Date': 'Fri, 10 Apr 2020 06:56:10 GMT'} http_log /usr/lib/python3.7/site-packages/swiftclient/client.py:184
2020-04-10 06:56:10.472 13463 DEBUG swiftclient [-] REQ: curl -i http://172.30.12.85:8080/swift/v1/AUTH_3e2c9cbcc39a4c52a3d29395baee6183/s_rally_22d44321_iCOP2W0u/s_rally_22d44321_SUcv0yVm -X PUT -H "X-Auth-Token: gAAAAABekBiKywoy..." http_log /usr/lib/python3.7/site-packages/swiftclient/client.py:182
2020-04-10 06:56:10.472 13463 DEBUG swiftclient [-] RESP STATUS: 201 Created http_log /usr/lib/python3.7/site-packages/swiftclient/client.py:183
2020-04-10 06:56:10.473 13463 DEBUG swiftclient [-] RESP HEADERS: {'etag': '0f343b0931126a20f133d67c2b018a3b', 'Last-Modified': 'Fri, 10 Apr 2020 06:56:10 GMT', 'X-Trans-Id': 'tx00000000000000000f8ef-005e90188a-3744-default', 'X-Openstack-Request-Id': 'tx00000000000000000f8ef-005e90188a-3744-default', 'Content-Type': 'text/plain; charset=utf-8', 'Content-Length': '0', 'Date': 'Fri, 10 Apr 2020 06:56:10 GMT'} http_log /usr/lib/python3.7/site-packages/swiftclient/client.py:184
2020-04-10 06:56:10.478 13461 DEBUG swiftclient [-] REQ: curl -i http://172.30.12.85:8080/swift/v1/AUTH_47d542bbb277403ba51da6b6f31318fb/s_rally_22d44321_WvaBzRoL/s_rally_22d44321_7ez8qfEB -X PUT -H "X-Auth-Token: gAAAAABekBiKa_GK..." http_log /usr/lib/python3.7/site-packages/swiftclient/client.py:182
2020-04-10 06:56:10.478 13461 DEBUG swiftclient [-] RESP STATUS: 201 Created http_log /usr/lib/python3.7/site-packages/swiftclient/client.py:183
2020-04-10 06:56:10.478 13461 DEBUG swiftclient [-] RESP HEADERS: {'etag': '0f343b0931126a20f133d67c2b018a3b', 'Last-Modified': 'Fri, 10 Apr 2020 06:56:10 GMT', 'X-Trans-Id': 'tx00000000000000000f8f0-005e90188a-3744-default', 'X-Openstack-Request-Id': 'tx00000000000000000f8f0-005e90188a-3744-default', 'Content-Type': 'text/plain; charset=utf-8', 'Content-Length': '0', 'Date': 'Fri, 10 Apr 2020 06:56:10 GMT'} http_log /usr/lib/python3.7/site-packages/swiftclient/client.py:184
2020-04-10 06:56:10.484 13463 DEBUG swiftclient [-] REQ: curl -i http://172.30.12.85:8080/swift/v1/AUTH_3e2c9cbcc39a4c52a3d29395baee6183/s_rally_22d44321_iCOP2W0u/s_rally_22d44321_392xS5ro -X PUT -H "X-Auth-Token: gAAAAABekBiKywoy..." http_log /usr/lib/python3.7/site-packages/swiftclient/client.py:182
2020-04-10 06:56:10.484 13463 DEBUG swiftclient [-] RESP STATUS: 201 Created http_log /usr/lib/python3.7/site-packages/swiftclient/client.py:183
2020-04-10 06:56:10.485 13463 DEBUG swiftclient [-] RESP HEADERS: {'etag': '0f343b0931126a20f133d67c2b018a3b', 'Last-Modified': 'Fri, 10 Apr 2020 06:56:10 GMT', 'X-Trans-Id': 'tx00000000000000000f8f1-005e90188a-3744-default', 'X-Openstack-Request-Id': 'tx00000000000000000f8f1-005e90188a-3744-default', 'Content-Type': 'text/plain; charset=utf-8', 'Content-Length': '0', 'Date': 'Fri, 10 Apr 2020 06:56:10 GMT'} http_log /usr/lib/python3.7/site-packages/swiftclient/client.py:184
2020-04-10 06:56:10.492 13461 DEBUG swiftclient [-] REQ: curl -i http://172.30.12.85:8080/swift/v1/AUTH_47d542bbb277403ba51da6b6f31318fb/s_rally_22d44321_WvaBzRoL/s_rally_22d44321_8DsFre0M -X PUT -H "X-Auth-Token: gAAAAABekBiKa_GK..." http_log /usr/lib/python3.7/site-packages/swiftclient/client.py:182
2020-04-10 06:56:10.493 13461 DEBUG swiftclient [-] RESP STATUS: 201 Created http_log /usr/lib/python3.7/site-packages/swiftclient/client.py:183
2020-04-10 06:56:10.493 13461 DEBUG swiftclient [-] RESP HEADERS: {'etag': '0f343b0931126a20f133d67c2b018a3b', 'Last-Modified': 'Fri, 10 Apr 2020 06:56:10 GMT', 'X-Trans-Id': 'tx00000000000000000f8f2-005e90188a-3744-default', 'X-Openstack-Request-Id': 'tx00000000000000000f8f2-005e90188a-3744-default', 'Content-Type': 'text/plain; charset=utf-8', 'Content-Length': '0', 'Date': 'Fri, 10 Apr 2020 06:56:10 GMT'} http_log /usr/lib/python3.7/site-packages/swiftclient/client.py:184
2020-04-10 06:56:10.495 13463 DEBUG swiftclient [-] REQ: curl -i http://172.30.12.85:8080/swift/v1/AUTH_3e2c9cbcc39a4c52a3d29395baee6183/s_rally_22d44321_iCOP2W0u/s_rally_22d44321_faytGKa8 -X PUT -H "X-Auth-Token: gAAAAABekBiKywoy..." http_log /usr/lib/python3.7/site-packages/swiftclient/client.py:182
2020-04-10 06:56:10.495 13463 DEBUG swiftclient [-] RESP STATUS: 201 Created http_log /usr/lib/python3.7/site-packages/swiftclient/client.py:183
2020-04-10 06:56:10.495 13463 DEBUG swiftclient [-] RESP HEADERS: {'etag': '0f343b0931126a20f133d67c2b018a3b', 'Last-Modified': 'Fri, 10 Apr 2020 06:56:10 GMT', 'X-Trans-Id': 'tx00000000000000000f8f3-005e90188a-3744-default', 'X-Openstack-Request-Id': 'tx00000000000000000f8f3-005e90188a-3744-default', 'Content-Type': 'text/plain; charset=utf-8', 'Content-Length': '0', 'Date': 'Fri, 10 Apr 2020 06:56:10 GMT'} http_log /usr/lib/python3.7/site-packages/swiftclient/client.py:184
2020-04-10 06:56:10.503 13461 DEBUG swiftclient [-] REQ: curl -i http://172.30.12.85:8080/swift/v1/AUTH_47d542bbb277403ba51da6b6f31318fb/s_rally_22d44321_WvaBzRoL/s_rally_22d44321_ZpTBYCrN -X PUT -H "X-Auth-Token: gAAAAABekBiKa_GK..." http_log /usr/lib/python3.7/site-packages/swiftclient/client.py:182
2020-04-10 06:56:10.504 13461 DEBUG swiftclient [-] RESP STATUS: 201 Created http_log /usr/lib/python3.7/site-packages/swiftclient/client.py:183
2020-04-10 06:56:10.504 13461 DEBUG swiftclient [-] RESP HEADERS: {'etag': '0f343b0931126a20f133d67c2b018a3b', 'Last-Modified': 'Fri, 10 Apr 2020 06:56:10 GMT', 'X-Trans-Id': 'tx00000000000000000f8f4-005e90188a-3744-default', 'X-Openstack-Request-Id': 'tx00000000000000000f8f4-005e90188a-3744-default', 'Content-Type': 'text/plain; charset=utf-8', 'Content-Length': '0', 'Date': 'Fri, 10 Apr 2020 06:56:10 GMT'} http_log /usr/lib/python3.7/site-packages/swiftclient/client.py:184
2020-04-10 06:56:10.544 13463 DEBUG swiftclient [-] REQ: curl -i http://172.30.12.85:8080/swift/v1/AUTH_3e2c9cbcc39a4c52a3d29395baee6183/s_rally_22d44321_iCOP2W0u/s_rally_22d44321_o0Y5CLsN -X GET -H "X-Auth-Token: gAAAAABekBiKywoy..." http_log /usr/lib/python3.7/site-packages/swiftclient/client.py:182
2020-04-10 06:56:10.545 13463 DEBUG swiftclient [-] RESP STATUS: 200 OK http_log /usr/lib/python3.7/site-packages/swiftclient/client.py:183
2020-04-10 06:56:10.545 13463 DEBUG swiftclient [-] RESP HEADERS: {'Content-Length': '1024', 'Accept-Ranges': 'bytes', 'Last-Modified': 'Fri, 10 Apr 2020 06:56:10 GMT', 'X-Timestamp': '1586501770.44381', 'etag': '0f343b0931126a20f133d67c2b018a3b', 'X-Trans-Id': 'tx00000000000000000f8f5-005e90188a-3744-default', 'X-Openstack-Request-Id': 'tx00000000000000000f8f5-005e90188a-3744-default', 'Content-Type': 'binary/octet-stream', 'Date': 'Fri, 10 Apr 2020 06:56:10 GMT'} http_log /usr/lib/python3.7/site-packages/swiftclient/client.py:184
2020-04-10 06:56:10.553 13461 DEBUG swiftclient [-] REQ: curl -i http://172.30.12.85:8080/swift/v1/AUTH_47d542bbb277403ba51da6b6f31318fb/s_rally_22d44321_WvaBzRoL/s_rally_22d44321_z4A31gde -X GET -H "X-Auth-Token: gAAAAABekBiKa_GK..." http_log /usr/lib/python3.7/site-packages/swiftclient/client.py:182
2020-04-10 06:56:10.554 13461 DEBUG swiftclient [-] RESP STATUS: 200 OK http_log /usr/lib/python3.7/site-packages/swiftclient/client.py:183
2020-04-10 06:56:10.554 13461 DEBUG swiftclient [-] RESP HEADERS: {'Content-Length': '1024', 'Accept-Ranges': 'bytes', 'Last-Modified': 'Fri, 10 Apr 2020 06:56:10 GMT', 'X-Timestamp': '1586501770.44832', 'etag': '0f343b0931126a20f133d67c2b018a3b', 'X-Trans-Id': 'tx00000000000000000f8f6-005e90188a-3744-default', 'X-Openstack-Request-Id': 'tx00000000000000000f8f6-005e90188a-3744-default', 'Content-Type': 'binary/octet-stream', 'Date': 'Fri, 10 Apr 2020 06:56:10 GMT'} http_log /usr/lib/python3.7/site-packages/swiftclient/client.py:184
2020-04-10 06:56:10.596 13463 DEBUG swiftclient [-] REQ: curl -i http://172.30.12.85:8080/swift/v1/AUTH_3e2c9cbcc39a4c52a3d29395baee6183/s_rally_22d44321_iCOP2W0u/s_rally_22d44321_zQuGOEcu -X GET -H "X-Auth-Token: gAAAAABekBiKywoy..." http_log /usr/lib/python3.7/site-packages/swiftclient/client.py:182
2020-04-10 06:56:10.597 13463 DEBUG swiftclient [-] RESP STATUS: 200 OK http_log /usr/lib/python3.7/site-packages/swiftclient/client.py:183
2020-04-10 06:56:10.597 13463 DEBUG swiftclient [-] RESP HEADERS: {'Content-Length': '1024', 'Accept-Ranges': 'bytes', 'Last-Modified': 'Fri, 10 Apr 2020 06:56:10 GMT', 'X-Timestamp': '1586501770.45569', 'etag': '0f343b0931126a20f133d67c2b018a3b', 'X-Trans-Id': 'tx00000000000000000f8f7-005e90188a-3744-default', 'X-Openstack-Request-Id': 'tx00000000000000000f8f7-005e90188a-3744-default', 'Content-Type': 'binary/octet-stream', 'Date': 'Fri, 10 Apr 2020 06:56:10 GMT'} http_log /usr/lib/python3.7/site-packages/swiftclient/client.py:184
2020-04-10 06:56:10.604 13461 DEBUG swiftclient [-] REQ: curl -i http://172.30.12.85:8080/swift/v1/AUTH_47d542bbb277403ba51da6b6f31318fb/s_rally_22d44321_WvaBzRoL/s_rally_22d44321_4a2emqqa -X GET -H "X-Auth-Token: gAAAAABekBiKa_GK..." http_log /usr/lib/python3.7/site-packages/swiftclient/client.py:182
2020-04-10 06:56:10.605 13461 DEBUG swiftclient [-] RESP STATUS: 200 OK http_log /usr/lib/python3.7/site-packages/swiftclient/client.py:183
2020-04-10 06:56:10.605 13461 DEBUG swiftclient [-] RESP HEADERS: {'Content-Length': '1024', 'Accept-Ranges': 'bytes', 'Last-Modified': 'Fri, 10 Apr 2020 06:56:10 GMT', 'X-Timestamp': '1586501770.45904', 'etag': '0f343b0931126a20f133d67c2b018a3b', 'X-Trans-Id': 'tx00000000000000000f8f8-005e90188a-3744-default', 'X-Openstack-Request-Id': 'tx00000000000000000f8f8-005e90188a-3744-default', 'Content-Type': 'binary/octet-stream', 'Date': 'Fri, 10 Apr 2020 06:56:10 GMT'} http_log /usr/lib/python3.7/site-packages/swiftclient/client.py:184
2020-04-10 06:56:10.648 13463 DEBUG swiftclient [-] REQ: curl -i http://172.30.12.85:8080/swift/v1/AUTH_3e2c9cbcc39a4c52a3d29395baee6183/s_rally_22d44321_iCOP2W0u/s_rally_22d44321_SUcv0yVm -X GET -H "X-Auth-Token: gAAAAABekBiKywoy..." http_log /usr/lib/python3.7/site-packages/swiftclient/client.py:182
2020-04-10 06:56:10.649 13463 DEBUG swiftclient [-] RESP STATUS: 200 OK http_log /usr/lib/python3.7/site-packages/swiftclient/client.py:183
2020-04-10 06:56:10.649 13463 DEBUG swiftclient [-] RESP HEADERS: {'Content-Length': '1024', 'Accept-Ranges': 'bytes', 'Last-Modified': 'Fri, 10 Apr 2020 06:56:10 GMT', 'X-Timestamp': '1586501770.46726', 'etag': '0f343b0931126a20f133d67c2b018a3b', 'X-Trans-Id': 'tx00000000000000000f8f9-005e90188a-3744-default', 'X-Openstack-Request-Id': 'tx00000000000000000f8f9-005e90188a-3744-default', 'Content-Type': 'binary/octet-stream', 'Date': 'Fri, 10 Apr 2020 06:56:10 GMT'} http_log /usr/lib/python3.7/site-packages/swiftclient/client.py:184
2020-04-10 06:56:10.656 13461 DEBUG swiftclient [-] REQ: curl -i http://172.30.12.85:8080/swift/v1/AUTH_47d542bbb277403ba51da6b6f31318fb/s_rally_22d44321_WvaBzRoL/s_rally_22d44321_7ez8qfEB -X GET -H "X-Auth-Token: gAAAAABekBiKa_GK..." http_log /usr/lib/python3.7/site-packages/swiftclient/client.py:182
2020-04-10 06:56:10.657 13461 DEBUG swiftclient [-] RESP STATUS: 200 OK http_log /usr/lib/python3.7/site-packages/swiftclient/client.py:183
2020-04-10 06:56:10.657 13461 DEBUG swiftclient [-] RESP HEADERS: {'Content-Length': '1024', 'Accept-Ranges': 'bytes', 'Last-Modified': 'Fri, 10 Apr 2020 06:56:10 GMT', 'X-Timestamp': '1586501770.46999', 'etag': '0f343b0931126a20f133d67c2b018a3b', 'X-Trans-Id': 'tx00000000000000000f8fa-005e90188a-3744-default', 'X-Openstack-Request-Id': 'tx00000000000000000f8fa-005e90188a-3744-default', 'Content-Type': 'binary/octet-stream', 'Date': 'Fri, 10 Apr 2020 06:56:10 GMT'} http_log /usr/lib/python3.7/site-packages/swiftclient/client.py:184
2020-04-10 06:56:10.700 13463 DEBUG swiftclient [-] REQ: curl -i http://172.30.12.85:8080/swift/v1/AUTH_3e2c9cbcc39a4c52a3d29395baee6183/s_rally_22d44321_iCOP2W0u/s_rally_22d44321_392xS5ro -X GET -H "X-Auth-Token: gAAAAABekBiKywoy..." http_log /usr/lib/python3.7/site-packages/swiftclient/client.py:182
2020-04-10 06:56:10.701 13463 DEBUG swiftclient [-] RESP STATUS: 200 OK http_log /usr/lib/python3.7/site-packages/swiftclient/client.py:183
2020-04-10 06:56:10.701 13463 DEBUG swiftclient [-] RESP HEADERS: {'Content-Length': '1024', 'Accept-Ranges': 'bytes', 'Last-Modified': 'Fri, 10 Apr 2020 06:56:10 GMT', 'X-Timestamp': '1586501770.47846', 'etag': '0f343b0931126a20f133d67c2b018a3b', 'X-Trans-Id': 'tx00000000000000000f8fb-005e90188a-3744-default', 'X-Openstack-Request-Id': 'tx00000000000000000f8fb-005e90188a-3744-default', 'Content-Type': 'binary/octet-stream', 'Date': 'Fri, 10 Apr 2020 06:56:10 GMT'} http_log /usr/lib/python3.7/site-packages/swiftclient/client.py:184
2020-04-10 06:56:10.708 13461 DEBUG swiftclient [-] REQ: curl -i http://172.30.12.85:8080/swift/v1/AUTH_47d542bbb277403ba51da6b6f31318fb/s_rally_22d44321_WvaBzRoL/s_rally_22d44321_8DsFre0M -X GET -H "X-Auth-Token: gAAAAABekBiKa_GK..." http_log /usr/lib/python3.7/site-packages/swiftclient/client.py:182
2020-04-10 06:56:10.709 13461 DEBUG swiftclient [-] RESP STATUS: 200 OK http_log /usr/lib/python3.7/site-packages/swiftclient/client.py:183
2020-04-10 06:56:10.709 13461 DEBUG swiftclient [-] RESP HEADERS: {'Content-Length': '1024', 'Accept-Ranges': 'bytes', 'Last-Modified': 'Fri, 10 Apr 2020 06:56:10 GMT', 'X-Timestamp': '1586501770.48596', 'etag': '0f343b0931126a20f133d67c2b018a3b', 'X-Trans-Id': 'tx00000000000000000f8fc-005e90188a-3744-default', 'X-Openstack-Request-Id': 'tx00000000000000000f8fc-005e90188a-3744-default', 'Content-Type': 'binary/octet-stream', 'Date': 'Fri, 10 Apr 2020 06:56:10 GMT'} http_log /usr/lib/python3.7/site-packages/swiftclient/client.py:184
2020-04-10 06:56:10.752 13463 DEBUG swiftclient [-] REQ: curl -i http://172.30.12.85:8080/swift/v1/AUTH_3e2c9cbcc39a4c52a3d29395baee6183/s_rally_22d44321_iCOP2W0u/s_rally_22d44321_faytGKa8 -X GET -H "X-Auth-Token: gAAAAABekBiKywoy..." http_log /usr/lib/python3.7/site-packages/swiftclient/client.py:182
2020-04-10 06:56:10.753 13463 DEBUG swiftclient [-] RESP STATUS: 200 OK http_log /usr/lib/python3.7/site-packages/swiftclient/client.py:183
2020-04-10 06:56:10.753 13463 DEBUG swiftclient [-] RESP HEADERS: {'Content-Length': '1024', 'Accept-Ranges': 'bytes', 'Last-Modified': 'Fri, 10 Apr 2020 06:56:10 GMT', 'X-Timestamp': '1586501770.49022', 'etag': '0f343b0931126a20f133d67c2b018a3b', 'X-Trans-Id': 'tx00000000000000000f8fd-005e90188a-3744-default', 'X-Openstack-Request-Id': 'tx00000000000000000f8fd-005e90188a-3744-default', 'Content-Type': 'binary/octet-stream', 'Date': 'Fri, 10 Apr 2020 06:56:10 GMT'} http_log /usr/lib/python3.7/site-packages/swiftclient/client.py:184
2020-04-10 06:56:10.754 13463 INFO rally.task.runner [-] Task 2b8583d4-6997-465a-afa0-45eeeebc809f | ITER: 9 END: OK
2020-04-10 06:56:10.760 13461 DEBUG swiftclient [-] REQ: curl -i http://172.30.12.85:8080/swift/v1/AUTH_47d542bbb277403ba51da6b6f31318fb/s_rally_22d44321_WvaBzRoL/s_rally_22d44321_ZpTBYCrN -X GET -H "X-Auth-Token: gAAAAABekBiKa_GK..." http_log /usr/lib/python3.7/site-packages/swiftclient/client.py:182
2020-04-10 06:56:10.761 13461 DEBUG swiftclient [-] RESP STATUS: 200 OK http_log /usr/lib/python3.7/site-packages/swiftclient/client.py:183
2020-04-10 06:56:10.761 13461 DEBUG swiftclient [-] RESP HEADERS: {'Content-Length': '1024', 'Accept-Ranges': 'bytes', 'Last-Modified': 'Fri, 10 Apr 2020 06:56:10 GMT', 'X-Timestamp': '1586501770.49851', 'etag': '0f343b0931126a20f133d67c2b018a3b', 'X-Trans-Id': 'tx00000000000000000f8fe-005e90188a-3744-default', 'X-Openstack-Request-Id': 'tx00000000000000000f8fe-005e90188a-3744-default', 'Content-Type': 'binary/octet-stream', 'Date': 'Fri, 10 Apr 2020 06:56:10 GMT'} http_log /usr/lib/python3.7/site-packages/swiftclient/client.py:184
2020-04-10 06:56:10.762 13461 INFO rally.task.runner [-] Task 2b8583d4-6997-465a-afa0-45eeeebc809f | ITER: 10 END: OK
2020-04-10 06:56:10.781 12949 INFO rally.task.context [-] Task 2b8583d4-6997-465a-afa0-45eeeebc809f | Context cleanup@openstack cleanup() started
2020-04-10 06:56:10.784 12949 RALLYDEBUG rally_openstack.cleanup.manager [-] Cleaning up swift object objects
2020-04-10 06:56:10.897 12949 DEBUG swiftclient [-] REQ: curl -i http://172.30.12.85:8080/swift/v1/AUTH_3e2c9cbcc39a4c52a3d29395baee6183?format=json -X GET -H "X-Auth-Token: gAAAAABekBiKNu-s..." -H "Accept-Encoding: gzip" http_log /usr/lib/python3.7/site-packages/swiftclient/client.py:182
2020-04-10 06:56:10.898 12949 DEBUG swiftclient [-] RESP STATUS: 200 OK http_log /usr/lib/python3.7/site-packages/swiftclient/client.py:183
2020-04-10 06:56:10.898 12949 DEBUG swiftclient [-] RESP HEADERS: {'Content-Length': '301', 'X-Timestamp': '1586501770.89554', 'X-Account-Container-Count': '5', 'X-Account-Object-Count': '25', 'X-Account-Bytes-Used': '25600', 'X-Account-Bytes-Used-Actual': '102400', 'X-Account-Storage-Policy-Default-Placement-Container-Count': '5', 'X-Account-Storage-Policy-Default-Placement-Object-Count': '25', 'X-Account-Storage-Policy-Default-Placement-Bytes-Used': '25600', 'X-Account-Storage-Policy-Default-Placement-Bytes-Used-Actual': '102400', 'X-Trans-Id': 'tx00000000000000000f8ff-005e90188a-3744-default', 'X-Openstack-Request-Id': 'tx00000000000000000f8ff-005e90188a-3744-default', 'Accept-Ranges': 'bytes', 'Content-Type': 'application/json; charset=utf-8', 'Date': 'Fri, 10 Apr 2020 06:56:10 GMT'} http_log /usr/lib/python3.7/site-packages/swiftclient/client.py:184
2020-04-10 06:56:10.899 12949 DEBUG swiftclient [-] RESP BODY: b'[{"name":"s_rally_22d44321_1Bae3vZz","count":5,"bytes":5120},{"name":"s_rally_22d44321_ARwZRi39","count":5,"bytes":5120},{"name":"s_rally_22d44321_iCOP2W0u","count":5,"bytes":5120},{"name":"s_rally_22d44321_jkdAtW5q","count":5,"bytes":5120},{"name":"s_rally_22d44321_w0oqQVba","count":5,"bytes":5120}]' http_log /usr/lib/python3.7/site-packages/swiftclient/client.py:188
2020-04-10 06:56:10.948 12949 DEBUG swiftclient [-] REQ: curl -i http://172.30.12.85:8080/swift/v1/AUTH_3e2c9cbcc39a4c52a3d29395baee6183?format=json&marker=s_rally_22d44321_w0oqQVba -X GET -H "X-Auth-Token: gAAAAABekBiKNu-s..." -H "Accept-Encoding: gzip" http_log /usr/lib/python3.7/site-packages/swiftclient/client.py:182
2020-04-10 06:56:10.949 12949 DEBUG swiftclient [-] RESP STATUS: 200 OK http_log /usr/lib/python3.7/site-packages/swiftclient/client.py:183
2020-04-10 06:56:10.949 12949 DEBUG swiftclient [-] RESP HEADERS: {'Content-Length': '2', 'X-Timestamp': '1586501770.90681', 'X-Account-Container-Count': '0', 'X-Account-Object-Count': '0', 'X-Account-Bytes-Used': '0', 'X-Account-Bytes-Used-Actual': '0', 'X-Account-Storage-Policy-Default-Placement-Container-Count': '0', 'X-Account-Storage-Policy-Default-Placement-Object-Count': '0', 'X-Account-Storage-Policy-Default-Placement-Bytes-Used': '0', 'X-Account-Storage-Policy-Default-Placement-Bytes-Used-Actual': '0', 'X-Trans-Id': 'tx00000000000000000f900-005e90188a-3744-default', 'X-Openstack-Request-Id': 'tx00000000000000000f900-005e90188a-3744-default', 'Accept-Ranges': 'bytes', 'Content-Type': 'application/json; charset=utf-8', 'Date': 'Fri, 10 Apr 2020 06:56:10 GMT'} http_log /usr/lib/python3.7/site-packages/swiftclient/client.py:184
2020-04-10 06:56:10.950 12949 DEBUG swiftclient [-] RESP BODY: b'[]' http_log /usr/lib/python3.7/site-packages/swiftclient/client.py:188
2020-04-10 06:56:11.000 12949 DEBUG swiftclient [-] REQ: curl -i http://172.30.12.85:8080/swift/v1/AUTH_3e2c9cbcc39a4c52a3d29395baee6183/s_rally_22d44321_1Bae3vZz?format=json -X GET -H "X-Auth-Token: gAAAAABekBiKNu-s..." -H "Accept-Encoding: gzip" http_log /usr/lib/python3.7/site-packages/swiftclient/client.py:182
2020-04-10 06:56:11.001 12949 DEBUG swiftclient [-] RESP STATUS: 200 OK http_log /usr/lib/python3.7/site-packages/swiftclient/client.py:183
2020-04-10 06:56:11.001 12949 DEBUG swiftclient [-] RESP HEADERS: {'Content-Length': '676', 'X-Timestamp': '1586501769.53639', 'X-Container-Object-Count': '5', 'X-Container-Bytes-Used': '5120', 'X-Container-Bytes-Used-Actual': '20480', 'X-Storage-Policy': 'default-placement', 'X-Storage-Class': 'STANDARD', 'Last-Modified': 'Fri, 10 Apr 2020 06:56:09 GMT', 'X-Trans-Id': 'tx00000000000000000f901-005e90188a-3744-default', 'X-Openstack-Request-Id': 'tx00000000000000000f901-005e90188a-3744-default', 'Accept-Ranges': 'bytes', 'Content-Type': 'application/json; charset=utf-8', 'Date': 'Fri, 10 Apr 2020 06:56:10 GMT'} http_log /usr/lib/python3.7/site-packages/swiftclient/client.py:184
2020-04-10 06:56:11.002 12949 DEBUG swiftclient [-] RESP BODY: b'[{"name":"s_rally_22d44321_GuQbisom","hash":"0f343b0931126a20f133d67c2b018a3b","bytes":1024,"last_modified":"2020-04-10T06:56:09.610Z"},{"name":"s_rally_22d44321_p9wc34Xt","hash":"0f343b0931126a20f133d67c2b018a3b","bytes":1024,"last_modified":"2020-04-10T06:56:09.585Z"},{"name":"s_rally_22d44321_sCNHEdR8","hash":"0f343b0931126a20f133d67c2b018a3b","bytes":1024,"last_modified":"2020-04-10T06:56:09.598Z"},{"name":"s_rally_22d44321_xQJbVfLf","hash":"0f343b0931126a20f133d67c2b018a3b","bytes":1024,"last_modified":"2020-04-10T06:56:09.569Z"},{"name":"s_rally_22d44321_ygyrNcOx","hash":"0f343b0931126a20f133d67c2b018a3b","bytes":1024,"last_modified":"2020-04-10T06:56:09.557Z"}]' http_log /usr/lib/python3.7/site-packages/swiftclient/client.py:188
2020-04-10 06:56:11.052 12949 DEBUG swiftclient [-] REQ: curl -i http://172.30.12.85:8080/swift/v1/AUTH_3e2c9cbcc39a4c52a3d29395baee6183/s_rally_22d44321_1Bae3vZz?format=json&marker=s_rally_22d44321_ygyrNcOx -X GET -H "X-Auth-Token: gAAAAABekBiKNu-s..." -H "Accept-Encoding: gzip" http_log /usr/lib/python3.7/site-packages/swiftclient/client.py:182
2020-04-10 06:56:11.053 12949 DEBUG swiftclient [-] RESP STATUS: 200 OK http_log /usr/lib/python3.7/site-packages/swiftclient/client.py:183
2020-04-10 06:56:11.053 12949 DEBUG swiftclient [-] RESP HEADERS: {'Content-Length': '2', 'X-Timestamp': '1586501769.53639', 'X-Container-Object-Count': '5', 'X-Container-Bytes-Used': '5120', 'X-Container-Bytes-Used-Actual': '20480', 'X-Storage-Policy': 'default-placement', 'X-Storage-Class': 'STANDARD', 'Last-Modified': 'Fri, 10 Apr 2020 06:56:09 GMT', 'X-Trans-Id': 'tx00000000000000000f902-005e90188b-3744-default', 'X-Openstack-Request-Id': 'tx00000000000000000f902-005e90188b-3744-default', 'Accept-Ranges': 'bytes', 'Content-Type': 'application/json; charset=utf-8', 'Date': 'Fri, 10 Apr 2020 06:56:11 GMT'} http_log /usr/lib/python3.7/site-packages/swiftclient/client.py:184
2020-04-10 06:56:11.054 12949 DEBUG swiftclient [-] RESP BODY: b'[]' http_log /usr/lib/python3.7/site-packages/swiftclient/client.py:188
2020-04-10 06:56:11.104 12949 DEBUG swiftclient [-] REQ: curl -i http://172.30.12.85:8080/swift/v1/AUTH_3e2c9cbcc39a4c52a3d29395baee6183/s_rally_22d44321_ARwZRi39?format=json -X GET -H "X-Auth-Token: gAAAAABekBiKNu-s..." -H "Accept-Encoding: gzip" http_log /usr/lib/python3.7/site-packages/swiftclient/client.py:182
2020-04-10 06:56:11.105 12949 DEBUG swiftclient [-] RESP STATUS: 200 OK http_log /usr/lib/python3.7/site-packages/swiftclient/client.py:183
2020-04-10 06:56:11.105 12949 DEBUG swiftclient [-] RESP HEADERS: {'Content-Length': '676', 'X-Timestamp': '1586501769.99558', 'X-Container-Object-Count': '5', 'X-Container-Bytes-Used': '5120', 'X-Container-Bytes-Used-Actual': '20480', 'X-Storage-Policy': 'default-placement', 'X-Storage-Class': 'STANDARD', 'Last-Modified': 'Fri, 10 Apr 2020 06:56:09 GMT', 'X-Trans-Id': 'tx00000000000000000f903-005e90188b-3744-default', 'X-Openstack-Request-Id': 'tx00000000000000000f903-005e90188b-3744-default', 'Accept-Ranges': 'bytes', 'Content-Type': 'application/json; charset=utf-8', 'Date': 'Fri, 10 Apr 2020 06:56:11 GMT'} http_log /usr/lib/python3.7/site-packages/swiftclient/client.py:184
2020-04-10 06:56:11.106 12949 DEBUG swiftclient [-] RESP BODY: b'[{"name":"s_rally_22d44321_ITiNWF75","hash":"0f343b0931126a20f133d67c2b018a3b","bytes":1024,"last_modified":"2020-04-10T06:56:10.049Z"},{"name":"s_rally_22d44321_gmSzhlIY","hash":"0f343b0931126a20f133d67c2b018a3b","bytes":1024,"last_modified":"2020-04-10T06:56:10.015Z"},{"name":"s_rally_22d44321_rrltRYnt","hash":"0f343b0931126a20f133d67c2b018a3b","bytes":1024,"last_modified":"2020-04-10T06:56:10.038Z"},{"name":"s_rally_22d44321_sBqfSM1O","hash":"0f343b0931126a20f133d67c2b018a3b","bytes":1024,"last_modified":"2020-04-10T06:56:10.059Z"},{"name":"s_rally_22d44321_v83gtcdm","hash":"0f343b0931126a20f133d67c2b018a3b","bytes":1024,"last_modified":"2020-04-10T06:56:10.026Z"}]' http_log /usr/lib/python3.7/site-packages/swiftclient/client.py:188
2020-04-10 06:56:11.156 12949 DEBUG swiftclient [-] REQ: curl -i http://172.30.12.85:8080/swift/v1/AUTH_3e2c9cbcc39a4c52a3d29395baee6183/s_rally_22d44321_ARwZRi39?format=json&marker=s_rally_22d44321_v83gtcdm -X GET -H "X-Auth-Token: gAAAAABekBiKNu-s..." -H "Accept-Encoding: gzip" http_log /usr/lib/python3.7/site-packages/swiftclient/client.py:182
2020-04-10 06:56:11.157 12949 DEBUG swiftclient [-] RESP STATUS: 200 OK http_log /usr/lib/python3.7/site-packages/swiftclient/client.py:183
2020-04-10 06:56:11.157 12949 DEBUG swiftclient [-] RESP HEADERS: {'Content-Length': '2', 'X-Timestamp': '1586501769.99558', 'X-Container-Object-Count': '5', 'X-Container-Bytes-Used': '5120', 'X-Container-Bytes-Used-Actual': '20480', 'X-Storage-Policy': 'default-placement', 'X-Storage-Class': 'STANDARD', 'Last-Modified': 'Fri, 10 Apr 2020 06:56:09 GMT', 'X-Trans-Id': 'tx00000000000000000f904-005e90188b-3744-default', 'X-Openstack-Request-Id': 'tx00000000000000000f904-005e90188b-3744-default', 'Accept-Ranges': 'bytes', 'Content-Type': 'application/json; charset=utf-8', 'Date': 'Fri, 10 Apr 2020 06:56:11 GMT'} http_log /usr/lib/python3.7/site-packages/swiftclient/client.py:184
2020-04-10 06:56:11.158 12949 DEBUG swiftclient [-] RESP BODY: b'[]' http_log /usr/lib/python3.7/site-packages/swiftclient/client.py:188
2020-04-10 06:56:11.208 12949 DEBUG swiftclient [-] REQ: curl -i http://172.30.12.85:8080/swift/v1/AUTH_3e2c9cbcc39a4c52a3d29395baee6183/s_rally_22d44321_iCOP2W0u?format=json -X GET -H "X-Auth-Token: gAAAAABekBiKNu-s..." -H "Accept-Encoding: gzip" http_log /usr/lib/python3.7/site-packages/swiftclient/client.py:182
2020-04-10 06:56:11.209 12949 DEBUG swiftclient [-] RESP STATUS: 200 OK http_log /usr/lib/python3.7/site-packages/swiftclient/client.py:183
2020-04-10 06:56:11.209 12949 DEBUG swiftclient [-] RESP HEADERS: {'Content-Length': '676', 'X-Timestamp': '1586501770.42680', 'X-Container-Object-Count': '5', 'X-Container-Bytes-Used': '5120', 'X-Container-Bytes-Used-Actual': '20480', 'X-Storage-Policy': 'default-placement', 'X-Storage-Class': 'STANDARD', 'Last-Modified': 'Fri, 10 Apr 2020 06:56:10 GMT', 'X-Trans-Id': 'tx00000000000000000f905-005e90188b-3744-default', 'X-Openstack-Request-Id': 'tx00000000000000000f905-005e90188b-3744-default', 'Accept-Ranges': 'bytes', 'Content-Type': 'application/json; charset=utf-8', 'Date': 'Fri, 10 Apr 2020 06:56:11 GMT'} http_log /usr/lib/python3.7/site-packages/swiftclient/client.py:184
2020-04-10 06:56:11.210 12949 DEBUG swiftclient [-] RESP BODY: b'[{"name":"s_rally_22d44321_392xS5ro","hash":"0f343b0931126a20f133d67c2b018a3b","bytes":1024,"last_modified":"2020-04-10T06:56:10.478Z"},{"name":"s_rally_22d44321_SUcv0yVm","hash":"0f343b0931126a20f133d67c2b018a3b","bytes":1024,"last_modified":"2020-04-10T06:56:10.467Z"},{"name":"s_rally_22d44321_faytGKa8","hash":"0f343b0931126a20f133d67c2b018a3b","bytes":1024,"last_modified":"2020-04-10T06:56:10.490Z"},{"name":"s_rally_22d44321_o0Y5CLsN","hash":"0f343b0931126a20f133d67c2b018a3b","bytes":1024,"last_modified":"2020-04-10T06:56:10.443Z"},{"name":"s_rally_22d44321_zQuGOEcu","hash":"0f343b0931126a20f133d67c2b018a3b","bytes":1024,"last_modified":"2020-04-10T06:56:10.455Z"}]' http_log /usr/lib/python3.7/site-packages/swiftclient/client.py:188
2020-04-10 06:56:11.260 12949 DEBUG swiftclient [-] REQ: curl -i http://172.30.12.85:8080/swift/v1/AUTH_3e2c9cbcc39a4c52a3d29395baee6183/s_rally_22d44321_iCOP2W0u?format=json&marker=s_rally_22d44321_zQuGOEcu -X GET -H "X-Auth-Token: gAAAAABekBiKNu-s..." -H "Accept-Encoding: gzip" http_log /usr/lib/python3.7/site-packages/swiftclient/client.py:182
2020-04-10 06:56:11.261 12949 DEBUG swiftclient [-] RESP STATUS: 200 OK http_log /usr/lib/python3.7/site-packages/swiftclient/client.py:183
2020-04-10 06:56:11.261 12949 DEBUG swiftclient [-] RESP HEADERS: {'Content-Length': '2', 'X-Timestamp': '1586501770.42680', 'X-Container-Object-Count': '5', 'X-Container-Bytes-Used': '5120', 'X-Container-Bytes-Used-Actual': '20480', 'X-Storage-Policy': 'default-placement', 'X-Storage-Class': 'STANDARD', 'Last-Modified': 'Fri, 10 Apr 2020 06:56:10 GMT', 'X-Trans-Id': 'tx00000000000000000f906-005e90188b-3744-default', 'X-Openstack-Request-Id': 'tx00000000000000000f906-005e90188b-3744-default', 'Accept-Ranges': 'bytes', 'Content-Type': 'application/json; charset=utf-8', 'Date': 'Fri, 10 Apr 2020 06:56:11 GMT'} http_log /usr/lib/python3.7/site-packages/swiftclient/client.py:184
2020-04-10 06:56:11.262 12949 DEBUG swiftclient [-] RESP BODY: b'[]' http_log /usr/lib/python3.7/site-packages/swiftclient/client.py:188
2020-04-10 06:56:11.313 12949 DEBUG swiftclient [-] REQ: curl -i http://172.30.12.85:8080/swift/v1/AUTH_3e2c9cbcc39a4c52a3d29395baee6183/s_rally_22d44321_jkdAtW5q?format=json -X GET -H "X-Auth-Token: gAAAAABekBiKNu-s..." -H "Accept-Encoding: gzip" http_log /usr/lib/python3.7/site-packages/swiftclient/client.py:182
2020-04-10 06:56:11.313 12949 DEBUG swiftclient [-] RESP STATUS: 200 OK http_log /usr/lib/python3.7/site-packages/swiftclient/client.py:183
2020-04-10 06:56:11.314 12949 DEBUG swiftclient [-] RESP HEADERS: {'Content-Length': '676', 'X-Timestamp': '1586501769.53906', 'X-Container-Object-Count': '5', 'X-Container-Bytes-Used': '5120', 'X-Container-Bytes-Used-Actual': '20480', 'X-Storage-Policy': 'default-placement', 'X-Storage-Class': 'STANDARD', 'Last-Modified': 'Fri, 10 Apr 2020 06:56:09 GMT', 'X-Trans-Id': 'tx00000000000000000f907-005e90188b-3744-default', 'X-Openstack-Request-Id': 'tx00000000000000000f907-005e90188b-3744-default', 'Accept-Ranges': 'bytes', 'Content-Type': 'application/json; charset=utf-8', 'Date': 'Fri, 10 Apr 2020 06:56:11 GMT'} http_log /usr/lib/python3.7/site-packages/swiftclient/client.py:184
2020-04-10 06:56:11.315 12949 DEBUG swiftclient [-] RESP BODY: b'[{"name":"s_rally_22d44321_A2uzKf4h","hash":"0f343b0931126a20f133d67c2b018a3b","bytes":1024,"last_modified":"2020-04-10T06:56:09.562Z"},{"name":"s_rally_22d44321_AapYUtxU","hash":"0f343b0931126a20f133d67c2b018a3b","bytes":1024,"last_modified":"2020-04-10T06:56:09.613Z"},{"name":"s_rally_22d44321_DccjyECz","hash":"0f343b0931126a20f133d67c2b018a3b","bytes":1024,"last_modified":"2020-04-10T06:56:09.598Z"},{"name":"s_rally_22d44321_PrPwmDqF","hash":"0f343b0931126a20f133d67c2b018a3b","bytes":1024,"last_modified":"2020-04-10T06:56:09.574Z"},{"name":"s_rally_22d44321_ZZGFtn02","hash":"0f343b0931126a20f133d67c2b018a3b","bytes":1024,"last_modified":"2020-04-10T06:56:09.585Z"}]' http_log /usr/lib/python3.7/site-packages/swiftclient/client.py:188
2020-04-10 06:56:11.364 12949 DEBUG swiftclient [-] REQ: curl -i http://172.30.12.85:8080/swift/v1/AUTH_3e2c9cbcc39a4c52a3d29395baee6183/s_rally_22d44321_jkdAtW5q?format=json&marker=s_rally_22d44321_ZZGFtn02 -X GET -H "X-Auth-Token: gAAAAABekBiKNu-s..." -H "Accept-Encoding: gzip" http_log /usr/lib/python3.7/site-packages/swiftclient/client.py:182
2020-04-10 06:56:11.365 12949 DEBUG swiftclient [-] RESP STATUS: 200 OK http_log /usr/lib/python3.7/site-packages/swiftclient/client.py:183
2020-04-10 06:56:11.365 12949 DEBUG swiftclient [-] RESP HEADERS: {'Content-Length': '2', 'X-Timestamp': '1586501769.53906', 'X-Container-Object-Count': '5', 'X-Container-Bytes-Used': '5120', 'X-Container-Bytes-Used-Actual': '20480', 'X-Storage-Policy': 'default-placement', 'X-Storage-Class': 'STANDARD', 'Last-Modified': 'Fri, 10 Apr 2020 06:56:09 GMT', 'X-Trans-Id': 'tx00000000000000000f908-005e90188b-3744-default', 'X-Openstack-Request-Id': 'tx00000000000000000f908-005e90188b-3744-default', 'Accept-Ranges': 'bytes', 'Content-Type': 'application/json; charset=utf-8', 'Date': 'Fri, 10 Apr 2020 06:56:11 GMT'} http_log /usr/lib/python3.7/site-packages/swiftclient/client.py:184
2020-04-10 06:56:11.366 12949 DEBUG swiftclient [-] RESP BODY: b'[]' http_log /usr/lib/python3.7/site-packages/swiftclient/client.py:188
2020-04-10 06:56:11.416 12949 DEBUG swiftclient [-] REQ: curl -i http://172.30.12.85:8080/swift/v1/AUTH_3e2c9cbcc39a4c52a3d29395baee6183/s_rally_22d44321_w0oqQVba?format=json -X GET -H "X-Auth-Token: gAAAAABekBiKNu-s..." -H "Accept-Encoding: gzip" http_log /usr/lib/python3.7/site-packages/swiftclient/client.py:182
