2020-04-10 06:21:40.906 2466 RALLYDEBUG rally.task.utils [-] Waiting for resource s_rally_5a8423fc_SbgOAcBU. Status changed: AVAILABLE => RESERVED in 0.24324464797973633
2020-04-10 06:21:40.929 2467 RALLYDEBUG rally.task.utils [-] Waiting for resource s_rally_5a8423fc_Pj0a1a6A. Status changed: BUILD => ACTIVE in 15.186901807785034
2020-04-10 06:21:41.478 2469 RALLYDEBUG rally.task.utils [-] Waiting for resource s_rally_5a8423fc_3iglCI3I. Status changed: RESERVED => IN-USE in 2.2010738849639893
2020-04-10 06:21:41.558 2467 RALLYDEBUG rally.task.utils [-] Waiting for resource s_rally_5a8423fc_jd8rxDsw. Status changed: AVAILABLE => RESERVED in 0.21113872528076172
2020-04-10 06:21:41.911 2469 RALLYDEBUG rally.task.utils [-] Waiting for resource s_rally_5a8423fc_3iglCI3I. Status changed: AVAILABLE => DETACHING in 0.19342851638793945
2020-04-10 06:21:43.107 2466 RALLYDEBUG rally.task.utils [-] Waiting for resource s_rally_5a8423fc_SbgOAcBU. Status changed: RESERVED => IN-USE in 2.201146125793457
2020-04-10 06:21:43.566 2466 RALLYDEBUG rally.task.utils [-] Waiting for resource s_rally_5a8423fc_SbgOAcBU. Status changed: AVAILABLE => DETACHING in 0.19498372077941895
2020-04-10 06:21:43.750 2467 RALLYDEBUG rally.task.utils [-] Waiting for resource s_rally_5a8423fc_jd8rxDsw. Status changed: RESERVED => IN-USE in 2.1919186115264893
2020-04-10 06:21:44.129 2469 RALLYDEBUG rally.task.utils [-] Waiting for resource s_rally_5a8423fc_3iglCI3I. Status changed: DETACHING => AVAILABLE in 2.2180869579315186
2020-04-10 06:21:44.170 2467 RALLYDEBUG rally.task.utils [-] Waiting for resource s_rally_5a8423fc_jd8rxDsw. Status changed: AVAILABLE => DETACHING in 0.18865227699279785
2020-04-10 06:21:44.272 2469 RALLYDEBUG rally.task.utils [-] Waiting for resource s_rally_5a8423fc_ZGsZa1fl. Status changed: AVAILABLE => DELETING in 0.04269123077392578
2020-04-10 06:21:45.801 2466 RALLYDEBUG rally.task.utils [-] Waiting for resource s_rally_5a8423fc_SbgOAcBU. Status changed: DETACHING => AVAILABLE in 2.2356770038604736
2020-04-10 06:21:45.919 2466 RALLYDEBUG rally.task.utils [-] Waiting for resource s_rally_5a8423fc_6l4iEGXf. Status changed: AVAILABLE => DELETING in 0.03706789016723633
2020-04-10 06:21:46.373 2467 RALLYDEBUG rally.task.utils [-] Waiting for resource s_rally_5a8423fc_jd8rxDsw. Status changed: DETACHING => AVAILABLE in 2.2026093006134033
2020-04-10 06:21:46.484 2469 RALLYDEBUG rally.task.utils [-] Waiting for resource s_rally_5a8423fc_3iglCI3I. Status changed: AVAILABLE => DELETING in 0.07188129425048828
2020-04-10 06:21:46.524 2467 RALLYDEBUG rally.task.utils [-] Waiting for resource s_rally_5a8423fc_4FPG2WhF. Status changed: AVAILABLE => DELETING in 0.036232948303222656
2020-04-10 06:21:48.111 2466 RALLYDEBUG rally.task.utils [-] Waiting for resource s_rally_5a8423fc_SbgOAcBU. Status changed: AVAILABLE => DELETING in 0.08170008659362793
2020-04-10 06:21:48.714 2467 RALLYDEBUG rally.task.utils [-] Waiting for resource s_rally_5a8423fc_jd8rxDsw. Status changed: AVAILABLE => DELETING in 0.06399226188659668
2020-04-10 06:21:54.633 2469 INFO rally.task.runner [-] Task 5d972f25-35dd-49c1-a6d1-6e1e54fe1678 | ITER: 7 END: OK
2020-04-10 06:21:54.639 2469 INFO rally.task.runner [-] Task 5d972f25-35dd-49c1-a6d1-6e1e54fe1678 | ITER: 10 START
2020-04-10 06:21:55.484 2466 INFO rally.task.runner [-] Task 5d972f25-35dd-49c1-a6d1-6e1e54fe1678 | ITER: 8 END: OK
2020-04-10 06:21:56.149 2467 INFO rally.task.runner [-] Task 5d972f25-35dd-49c1-a6d1-6e1e54fe1678 | ITER: 6 END: OK
2020-04-10 06:22:01.155 2468 RALLYDEBUG rally.task.utils [-] Waiting for resource s_rally_5a8423fc_L3Swf8fJ. Status changed: BUILD => ACTIVE in 11.57555890083313
2020-04-10 06:22:01.768 2468 RALLYDEBUG rally.task.utils [-] Waiting for resource s_rally_5a8423fc_PFXRztx4. Status changed: AVAILABLE => RESERVED in 0.22109079360961914
2020-04-10 06:22:03.974 2468 RALLYDEBUG rally.task.utils [-] Waiting for resource s_rally_5a8423fc_PFXRztx4. Status changed: RESERVED => IN-USE in 2.2067458629608154
2020-04-10 06:22:04.457 2468 RALLYDEBUG rally.task.utils [-] Waiting for resource s_rally_5a8423fc_PFXRztx4. Status changed: AVAILABLE => DETACHING in 0.2204434871673584
2020-04-10 06:22:06.687 2468 RALLYDEBUG rally.task.utils [-] Waiting for resource s_rally_5a8423fc_PFXRztx4. Status changed: DETACHING => AVAILABLE in 2.2303762435913086
2020-04-10 06:22:06.838 2468 RALLYDEBUG rally.task.utils [-] Waiting for resource s_rally_5a8423fc_A1nsGyHT. Status changed: AVAILABLE => DELETING in 0.042382240295410156
2020-04-10 06:22:09.030 2468 RALLYDEBUG rally.task.utils [-] Waiting for resource s_rally_5a8423fc_PFXRztx4. Status changed: AVAILABLE => DELETING in 0.07654142379760742
2020-04-10 06:22:11.451 2469 RALLYDEBUG rally.task.utils [-] Waiting for resource s_rally_5a8423fc_2A9FNsY8. Status changed: BUILD => ACTIVE in 7.870378017425537
2020-04-10 06:22:12.147 2469 RALLYDEBUG rally.task.utils [-] Waiting for resource s_rally_5a8423fc_DFPvQ4vw. Status changed: AVAILABLE => RESERVED in 0.21955060958862305
2020-04-10 06:22:14.355 2469 RALLYDEBUG rally.task.utils [-] Waiting for resource s_rally_5a8423fc_DFPvQ4vw. Status changed: RESERVED => IN-USE in 2.208155393600464
2020-04-10 06:22:14.799 2469 RALLYDEBUG rally.task.utils [-] Waiting for resource s_rally_5a8423fc_DFPvQ4vw. Status changed: AVAILABLE => DETACHING in 0.20150041580200195
2020-04-10 06:22:15.331 2468 INFO rally.task.runner [-] Task 5d972f25-35dd-49c1-a6d1-6e1e54fe1678 | ITER: 9 END: OK
2020-04-10 06:22:16.995 2469 RALLYDEBUG rally.task.utils [-] Waiting for resource s_rally_5a8423fc_DFPvQ4vw. Status changed: DETACHING => AVAILABLE in 2.196368932723999
2020-04-10 06:22:17.123 2469 RALLYDEBUG rally.task.utils [-] Waiting for resource s_rally_5a8423fc_WghQyyB7. Status changed: AVAILABLE => DELETING in 0.04272627830505371
2020-04-10 06:22:19.317 2469 RALLYDEBUG rally.task.utils [-] Waiting for resource s_rally_5a8423fc_DFPvQ4vw. Status changed: AVAILABLE => DELETING in 0.07601594924926758
2020-04-10 06:22:27.867 2469 INFO rally.task.runner [-] Task 5d972f25-35dd-49c1-a6d1-6e1e54fe1678 | ITER: 10 END: OK
2020-04-10 06:22:27.893 1333 INFO rally.task.context [-] Task 5d972f25-35dd-49c1-a6d1-6e1e54fe1678 | Context cleanup@openstack cleanup() started
2020-04-10 06:22:27.900 1333 RALLYDEBUG rally_openstack.cleanup.manager [-] Cleaning up nova servers objects
2020-04-10 06:22:28.647 1333 RALLYDEBUG rally_openstack.cleanup.manager [-] Cleaning up nova server_groups objects
2020-04-10 06:22:29.048 1333 RALLYDEBUG rally_openstack.cleanup.manager [-] Cleaning up nova keypairs objects
2020-04-10 06:22:30.028 1333 RALLYDEBUG rally_openstack.cleanup.manager [-] Cleaning up cinder backups objects
2020-04-10 06:22:30.484 1333 RALLYDEBUG rally_openstack.cleanup.manager [-] Cleaning up cinder volume_snapshots objects
2020-04-10 06:22:30.942 1333 RALLYDEBUG rally_openstack.cleanup.manager [-] Cleaning up cinder transfers objects
2020-04-10 06:22:31.400 1333 RALLYDEBUG rally_openstack.cleanup.manager [-] Cleaning up cinder volumes objects
2020-04-10 06:22:31.978 1333 INFO rally.task.context [-] Task 5d972f25-35dd-49c1-a6d1-6e1e54fe1678 | Context cleanup@openstack cleanup() finished in 4.09 sec
2020-04-10 06:22:31.979 1333 INFO rally.task.context [-] Task 5d972f25-35dd-49c1-a6d1-6e1e54fe1678 | Context quotas@openstack cleanup() started
2020-04-10 06:22:32.081 1333 INFO rally.task.context [-] Task 5d972f25-35dd-49c1-a6d1-6e1e54fe1678 | Context quotas@openstack cleanup() finished in 0.10 sec
2020-04-10 06:22:32.082 1333 INFO rally.task.context [-] Task 5d972f25-35dd-49c1-a6d1-6e1e54fe1678 | Context api_versions@openstack cleanup() started
2020-04-10 06:22:32.082 1333 INFO rally.task.context [-] Task 5d972f25-35dd-49c1-a6d1-6e1e54fe1678 | Context api_versions@openstack cleanup() finished in 0.31 msec
2020-04-10 06:22:32.082 1333 INFO rally.task.context [-] Task 5d972f25-35dd-49c1-a6d1-6e1e54fe1678 | Context users@openstack cleanup() started
2020-04-10 06:22:32.323 1333 WARNING rally.common.logging [-] `iterate_per_tenants()' is deprecated in v3.0.0: it is openstack specific.. Used at
2020-04-10 06:22:35.977 1333 INFO rally.task.context [-] Task 5d972f25-35dd-49c1-a6d1-6e1e54fe1678 | Context users@openstack cleanup() finished in 3.89 sec
2020-04-10 06:22:36.911 1333 INFO rally.task.engine [-] Load duration is: 103.595627
2020-04-10 06:22:36.911 1333 INFO rally.task.engine [-] Full runner duration is: 104.646738
2020-04-10 06:22:36.912 1333 INFO rally.task.engine [-] Full duration is: 115.595789
2020-04-10 06:22:37.018 1333 INFO rally.task.engine [-] Running workload: position = 0 config = { "version": 2, "title": "A cropped version of a bigger task.", "description": "Auto-generated task from a single workload (uuid=c7f72fc9-cfa9-47fa-801c-d9eb45fae448)", "subtasks": [ { "title": "CinderVolumes.create_volume", "description": "Create a volume.", "scenario": { "CinderVolumes.create_volume": { "size": 1 } }, "contexts": { "users": { "tenants": 3, "users_per_tenant": 2 }, "api_versions": { "cinder": { "version": 3, "service_type": "volumev3" } } }, "runner": { "constant": { "concurrency": 4, "times": 10 } }, "hooks": [], "sla": { "failure_rate": { "max": 0 } } } ] }
2020-04-10 06:22:37.041 1333 RALLYDEBUG rally_openstack.contexts.keystone.users [-] Creating 3 tenants using 3 threads
2020-04-10 06:22:37.554 1333 RALLYDEBUG rally_openstack.contexts.keystone.users [-] Creating 6 users using 6 threads
2020-04-10 06:22:38.617 1333 INFO rally.task.context [-] Task 5d972f25-35dd-49c1-a6d1-6e1e54fe1678 | Context users@openstack setup() finished in 1.58 sec
2020-04-10 06:22:38.781 1333 INFO rally.task.context [-] Task 5d972f25-35dd-49c1-a6d1-6e1e54fe1678 | Context api_versions@openstack setup() finished in 0.16 sec
2020-04-10 06:22:38.781 1333 INFO rally.task.context [-] Task 5d972f25-35dd-49c1-a6d1-6e1e54fe1678 | Context cleanup@openstack setup() finished in 0.02 msec
2020-04-10 06:22:38.791 1333 RALLYDEBUG rally.task.runner [-] Starting the constant runner (task UUID: 5d972f25-35dd-49c1-a6d1-6e1e54fe1678). times: 10 concurrency: 4 timeout: 0 max_cpu_used: 88 processes_to_start: 4 concurrency_per_worker: 1 concurrency_overhead: 0
2020-04-10 06:22:38.803 2679 RALLYDEBUG rally.task.runner [-] Starting a worker. times: 10 duration: None concurrency: 1 timeout: 0 cls: method_name: run args: {"size": 1}
2020-04-10 06:22:38.806 2680 RALLYDEBUG rally.task.runner [-] Starting a worker. times: 10 duration: None concurrency: 1 timeout: 0 cls: method_name: run args: {"size": 1}
2020-04-10 06:22:38.809 2681 RALLYDEBUG rally.task.runner [-] Starting a worker. times: 10 duration: None concurrency: 1 timeout: 0 cls: method_name: run args: {"size": 1}
2020-04-10 06:22:38.811 2679 INFO rally.task.runner [-] Task 5d972f25-35dd-49c1-a6d1-6e1e54fe1678 | ITER: 1 START
2020-04-10 06:22:38.811 2682 RALLYDEBUG rally.task.runner [-] Starting a worker. times: 10 duration: None concurrency: 1 timeout: 0 cls: method_name: run args: {"size": 1}
2020-04-10 06:22:38.813 2680 INFO rally.task.runner [-] Task 5d972f25-35dd-49c1-a6d1-6e1e54fe1678 | ITER: 2 START
2020-04-10 06:22:38.814 2681 INFO rally.task.runner [-] Task 5d972f25-35dd-49c1-a6d1-6e1e54fe1678 | ITER: 3 START
2020-04-10 06:22:38.819 2682 INFO rally.task.runner [-] Task 5d972f25-35dd-49c1-a6d1-6e1e54fe1678 | ITER: 4 START
2020-04-10 06:22:41.614 2681 INFO rally.task.runner [-] Task 5d972f25-35dd-49c1-a6d1-6e1e54fe1678 | ITER: 3 END: OK
2020-04-10 06:22:41.619 2681 INFO rally.task.runner [-] Task 5d972f25-35dd-49c1-a6d1-6e1e54fe1678 | ITER: 5 START
2020-04-10 06:22:41.630 2682 INFO rally.task.runner [-] Task 5d972f25-35dd-49c1-a6d1-6e1e54fe1678 | ITER: 4 END: OK
2020-04-10 06:22:41.634 2682 INFO rally.task.runner [-] Task 5d972f25-35dd-49c1-a6d1-6e1e54fe1678 | ITER: 6 START
2020-04-10 06:22:41.770 2680 INFO rally.task.runner [-] Task 5d972f25-35dd-49c1-a6d1-6e1e54fe1678 | ITER: 2 END: OK
2020-04-10 06:22:41.775 2680 INFO rally.task.runner [-] Task 5d972f25-35dd-49c1-a6d1-6e1e54fe1678 | ITER: 7 START
2020-04-10 06:22:42.656 2679 INFO rally.task.runner [-] Task 5d972f25-35dd-49c1-a6d1-6e1e54fe1678 | ITER: 1 END: OK
2020-04-10 06:22:42.661 2679 INFO rally.task.runner [-] Task 5d972f25-35dd-49c1-a6d1-6e1e54fe1678 | ITER: 8 START
2020-04-10 06:22:44.408 2682 INFO rally.task.runner [-] Task 5d972f25-35dd-49c1-a6d1-6e1e54fe1678 | ITER: 6 END: OK
2020-04-10 06:22:44.413 2682 INFO rally.task.runner [-] Task 5d972f25-35dd-49c1-a6d1-6e1e54fe1678 | ITER: 9 START
2020-04-10 06:22:44.437 2681 INFO rally.task.runner [-] Task 5d972f25-35dd-49c1-a6d1-6e1e54fe1678 | ITER: 5 END: OK
2020-04-10 06:22:44.441 2681 INFO rally.task.runner [-] Task 5d972f25-35dd-49c1-a6d1-6e1e54fe1678 | ITER: 10 START
2020-04-10 06:22:44.499 2680 INFO rally.task.runner [-] Task 5d972f25-35dd-49c1-a6d1-6e1e54fe1678 | ITER: 7 END: OK
2020-04-10 06:22:45.256 2679 INFO rally.task.runner [-] Task 5d972f25-35dd-49c1-a6d1-6e1e54fe1678 | ITER: 8 END: OK
2020-04-10 06:22:47.081 2681 INFO rally.task.runner [-] Task 5d972f25-35dd-49c1-a6d1-6e1e54fe1678 | ITER: 10 END: OK
2020-04-10 06:22:47.128 2682 INFO rally.task.runner [-] Task 5d972f25-35dd-49c1-a6d1-6e1e54fe1678 | ITER: 9 END: OK
2020-04-10 06:22:47.160 1333 INFO rally.task.context [-] Task 5d972f25-35dd-49c1-a6d1-6e1e54fe1678 | Context cleanup@openstack cleanup() started
2020-04-10 06:22:47.165 1333 RALLYDEBUG rally_openstack.cleanup.manager [-] Cleaning up cinder backups objects
2020-04-10 06:22:47.696 1333 RALLYDEBUG rally_openstack.cleanup.manager [-] Cleaning up cinder volume_snapshots objects
2020-04-10 06:22:48.213 1333 RALLYDEBUG rally_openstack.cleanup.manager [-] Cleaning up cinder transfers objects
2020-04-10 06:22:48.676 1333 RALLYDEBUG rally_openstack.cleanup.manager [-] Cleaning up cinder volumes objects
2020-04-10 06:22:49.323 1333 RALLYDEBUG rally_openstack.cleanup.manager [-] Deleting cinder.volumes object s_rally_c7f72fc9_a75pYKi0 (4fc17e15-a3ab-4680-85c1-951786755b26)
2020-04-10 06:22:49.333 1333 RALLYDEBUG rally_openstack.cleanup.manager [-] Deleting cinder.volumes object s_rally_c7f72fc9_hz00JARX (aca1461d-ef46-4f7d-91b8-f45b1ecd03a8)
2020-04-10 06:22:49.333 1333 RALLYDEBUG rally_openstack.cleanup.manager [-] Deleting cinder.volumes object s_rally_c7f72fc9_IqxFM9Lk (f98f2a10-d642-4e86-af88-51f35019ba02)
2020-04-10 06:22:49.346 1333 RALLYDEBUG rally_openstack.cleanup.manager [-] Deleting cinder.volumes object s_rally_c7f72fc9_exdaxJ2A (c28f33a2-8c95-4e2f-bfb3-23699697cb8f)
2020-04-10 06:22:49.356 1333 RALLYDEBUG rally_openstack.cleanup.manager [-] Deleting cinder.volumes object s_rally_c7f72fc9_CXNAZ4HF (0fcb44a3-f99b-422a-a6d5-e6b3e4d12930)
2020-04-10 06:22:49.370 1333 RALLYDEBUG rally_openstack.cleanup.manager [-] Deleting cinder.volumes object s_rally_c7f72fc9_1PWQBhjF (51845e1f-64f1-4d46-a087-2cc4b17f70dc)
2020-04-10 06:22:49.388 1333 RALLYDEBUG rally_openstack.cleanup.manager [-] Deleting cinder.volumes object s_rally_c7f72fc9_thQphuIX (09c74c84-4528-496b-9a33-8bd09980db44)
2020-04-10 06:22:49.393 1333 RALLYDEBUG rally_openstack.cleanup.manager [-] Deleting cinder.volumes object s_rally_c7f72fc9_Shv4WGjB (991f276d-8cf4-4408-b167-bedbf3b9fb86)
2020-04-10 06:22:49.409 1333 RALLYDEBUG rally_openstack.cleanup.manager [-] Deleting cinder.volumes object s_rally_c7f72fc9_S6ESOiX6 (3d83956d-2313-4bbc-9bc6-0e22cd07eb6b)
2020-04-10 06:22:49.471 1333 RALLYDEBUG rally_openstack.cleanup.manager [-] Deleting cinder.volumes object s_rally_c7f72fc9_FmL44HYB (04c0bbca-8422-4317-80e1-925b7920042f)
2020-04-10 06:22:51.974 1333 INFO rally.task.context [-] Task 5d972f25-35dd-49c1-a6d1-6e1e54fe1678 | Context cleanup@openstack cleanup() finished in 4.81 sec
2020-04-10 06:22:51.975 1333 INFO rally.task.context [-] Task 5d972f25-35dd-49c1-a6d1-6e1e54fe1678 | Context api_versions@openstack cleanup() started
2020-04-10 06:22:51.975 1333 INFO rally.task.context [-] Task 5d972f25-35dd-49c1-a6d1-6e1e54fe1678 | Context api_versions@openstack cleanup() finished in 0.35 msec
2020-04-10 06:22:51.976 1333 INFO rally.task.context [-] Task 5d972f25-35dd-49c1-a6d1-6e1e54fe1678 | Context users@openstack cleanup() started
2020-04-10 06:22:52.165 1333 WARNING rally.common.logging [-] `iterate_per_tenants()' is deprecated in v3.0.0: it is openstack specific.. Used at
2020-04-10 06:22:55.148 1333 INFO rally.task.context [-] Task 5d972f25-35dd-49c1-a6d1-6e1e54fe1678 | Context users@openstack cleanup() finished in 3.17 sec
2020-04-10 06:22:55.179 1333 INFO rally.task.engine [-] Load duration is: 8.314264
2020-04-10 06:22:55.180 1333 INFO rally.task.engine [-] Full runner duration is: 8.368538
2020-04-10 06:22:55.180 1333 INFO rally.task.engine [-] Full duration is: 18.109921
2020-04-10 06:22:55.236 1333 INFO rally.task.engine [-] Running workload: position = 1 config = { "version": 2, "title": "A cropped version of a bigger task.", "description": "Auto-generated task from a single workload (uuid=ba2af0f3-4503-409b-a291-2621c297e697)", "subtasks": [ { "title": "CinderVolumes.create_volume", "description": "Create a volume.", "scenario": { "CinderVolumes.create_volume": { "size": { "min": 1, "max": 1 } } }, "contexts": { "users": { "tenants": 3, "users_per_tenant": 2 }, "quotas": { "cinder": { "gigabytes": -1, "snapshots": -1, "volumes": -1 } }, "api_versions": { "cinder": { "version": 3, "service_type": "volumev3" } } }, "runner": { "constant": { "concurrency": 4, "times": 10 } }, "hooks": [], "sla": { "failure_rate": { "max": 0 } } } ] }
2020-04-10 06:22:55.251 1333 RALLYDEBUG rally_openstack.contexts.keystone.users [-] Creating 3 tenants using 3 threads
2020-04-10 06:22:55.715 1333 RALLYDEBUG rally_openstack.contexts.keystone.users [-] Creating 6 users using 6 threads
2020-04-10 06:22:56.594 1333 INFO rally.task.context [-] Task 5d972f25-35dd-49c1-a6d1-6e1e54fe1678 | Context users@openstack setup() finished in 1.34 sec
2020-04-10 06:22:56.738 1333 INFO rally.task.context [-] Task 5d972f25-35dd-49c1-a6d1-6e1e54fe1678 | Context api_versions@openstack setup() finished in 0.14 sec
2020-04-10 06:22:57.396 1333 INFO rally.task.context [-] Task 5d972f25-35dd-49c1-a6d1-6e1e54fe1678 | Context quotas@openstack setup() finished in 0.66 sec
2020-04-10 06:22:57.397 1333 INFO rally.task.context [-] Task 5d972f25-35dd-49c1-a6d1-6e1e54fe1678 | Context cleanup@openstack setup() finished in 0.00 msec
2020-04-10 06:22:57.405 1333 RALLYDEBUG rally.task.runner [-] Starting the constant runner (task UUID: 5d972f25-35dd-49c1-a6d1-6e1e54fe1678). times: 10 concurrency: 4 timeout: 0 max_cpu_used: 88 processes_to_start: 4 concurrency_per_worker: 1 concurrency_overhead: 0
2020-04-10 06:22:57.416 2832 RALLYDEBUG rally.task.runner [-] Starting a worker. times: 10 duration: None concurrency: 1 timeout: 0 cls: method_name: run args: {"size": {"min": 1, "max": 1}}
2020-04-10 06:22:57.419 2833 RALLYDEBUG rally.task.runner [-] Starting a worker. times: 10 duration: None concurrency: 1 timeout: 0 cls: method_name: run args: {"size": {"min": 1, "max": 1}}
2020-04-10 06:22:57.422 2832 INFO rally.task.runner [-] Task 5d972f25-35dd-49c1-a6d1-6e1e54fe1678 | ITER: 1 START
2020-04-10 06:22:57.422 2834 RALLYDEBUG rally.task.runner [-] Starting a worker. times: 10 duration: None concurrency: 1 timeout: 0 cls: method_name: run args: {"size": {"min": 1, "max": 1}}
2020-04-10 06:22:57.424 2833 INFO rally.task.runner [-] Task 5d972f25-35dd-49c1-a6d1-6e1e54fe1678 | ITER: 2 START
2020-04-10 06:22:57.425 2835 RALLYDEBUG rally.task.runner [-] Starting a worker. times: 10 duration: None concurrency: 1 timeout: 0 cls: method_name: run args: {"size": {"min": 1, "max": 1}}
2020-04-10 06:22:57.429 2834 INFO rally.task.runner [-] Task 5d972f25-35dd-49c1-a6d1-6e1e54fe1678 | ITER: 3 START
2020-04-10 06:22:57.432 2835 INFO rally.task.runner [-] Task 5d972f25-35dd-49c1-a6d1-6e1e54fe1678 | ITER: 4 START
2020-04-10 06:23:00.109 2834 INFO rally.task.runner [-] Task 5d972f25-35dd-49c1-a6d1-6e1e54fe1678 | ITER: 3 END: OK
2020-04-10 06:23:00.115 2834 INFO rally.task.runner [-] Task 5d972f25-35dd-49c1-a6d1-6e1e54fe1678 | ITER: 5 START
2020-04-10 06:23:00.115 2833 INFO rally.task.runner [-] Task 5d972f25-35dd-49c1-a6d1-6e1e54fe1678 | ITER: 2 END: OK
2020-04-10 06:23:00.121 2833 INFO rally.task.runner [-] Task 5d972f25-35dd-49c1-a6d1-6e1e54fe1678 | ITER: 6 START
2020-04-10 06:23:00.152 2835 INFO rally.task.runner [-] Task 5d972f25-35dd-49c1-a6d1-6e1e54fe1678 | ITER: 4 END: OK
2020-04-10 06:23:00.158 2835 INFO rally.task.runner [-] Task 5d972f25-35dd-49c1-a6d1-6e1e54fe1678 | ITER: 7 START
2020-04-10 06:23:00.230 2832 INFO rally.task.runner [-] Task 5d972f25-35dd-49c1-a6d1-6e1e54fe1678 | ITER: 1 END: OK
2020-04-10 06:23:00.235 2832 INFO rally.task.runner [-] Task 5d972f25-35dd-49c1-a6d1-6e1e54fe1678 | ITER: 8 START
2020-04-10 06:23:02.771 2835 INFO rally.task.runner [-] Task 5d972f25-35dd-49c1-a6d1-6e1e54fe1678 | ITER: 7 END: OK
2020-04-10 06:23:02.775 2835 INFO rally.task.runner [-] Task 5d972f25-35dd-49c1-a6d1-6e1e54fe1678 | ITER: 9 START
2020-04-10 06:23:02.811 2834 INFO rally.task.runner [-] Task 5d972f25-35dd-49c1-a6d1-6e1e54fe1678 | ITER: 5 END: OK
2020-04-10 06:23:02.816 2834 INFO rally.task.runner [-] Task 5d972f25-35dd-49c1-a6d1-6e1e54fe1678 | ITER: 10 START
2020-04-10 06:23:02.841 2833 INFO rally.task.runner [-] Task 5d972f25-35dd-49c1-a6d1-6e1e54fe1678 | ITER: 6 END: OK
2020-04-10 06:23:02.936 2832 INFO rally.task.runner [-] Task 5d972f25-35dd-49c1-a6d1-6e1e54fe1678 | ITER: 8 END: OK
2020-04-10 06:23:05.401 2834 INFO rally.task.runner [-] Task 5d972f25-35dd-49c1-a6d1-6e1e54fe1678 | ITER: 10 END: OK
2020-04-10 06:23:05.409 2835 INFO rally.task.runner [-] Task 5d972f25-35dd-49c1-a6d1-6e1e54fe1678 | ITER: 9 END: OK
2020-04-10 06:23:05.434 1333 INFO rally.task.context [-] Task 5d972f25-35dd-49c1-a6d1-6e1e54fe1678 | Context cleanup@openstack cleanup() started
2020-04-10 06:23:05.441 1333 RALLYDEBUG rally_openstack.cleanup.manager [-] Cleaning up cinder backups objects
2020-04-10 06:23:05.921 1333 RALLYDEBUG rally_openstack.cleanup.manager [-] Cleaning up cinder volume_snapshots objects
2020-04-10 06:23:06.377 1333 RALLYDEBUG rally_openstack.cleanup.manager [-] Cleaning up cinder transfers objects
2020-04-10 06:23:06.802 1333 RALLYDEBUG rally_openstack.cleanup.manager [-] Cleaning up cinder volumes objects
2020-04-10 06:23:07.361 1333 RALLYDEBUG rally_openstack.cleanup.manager [-] Deleting cinder.volumes object s_rally_ba2af0f3_WCtq1iHd (a9328883-7a24-4146-80e3-128ce3301392)
2020-04-10 06:23:07.377 1333 RALLYDEBUG rally_openstack.cleanup.manager [-] Deleting cinder.volumes object s_rally_ba2af0f3_ax5IPDiS (ff5058ae-180d-4d6b-baa4-be47595bd2f4)
2020-04-10 06:23:07.377 1333 RALLYDEBUG rally_openstack.cleanup.manager [-] Deleting cinder.volumes object s_rally_ba2af0f3_JDMIqjka (6b09e36a-ea6a-479a-8063-c6730aca5c5b)
2020-04-10 06:23:07.390 1333 RALLYDEBUG rally_openstack.cleanup.manager [-] Deleting cinder.volumes object s_rally_ba2af0f3_UFTGy8s0 (75a77a8f-7b52-41f9-92ca-f7bbca7476e7)
2020-04-10 06:23:07.410 1333 RALLYDEBUG rally_openstack.cleanup.manager [-] Deleting cinder.volumes object s_rally_ba2af0f3_wFUKaSHG (f37e6090-db01-44ad-a90f-91f640ac5b80)
2020-04-10 06:23:07.411 1333 RALLYDEBUG rally_openstack.cleanup.manager [-] Deleting cinder.volumes object s_rally_ba2af0f3_hg0WyExj (dbcd7715-e8d4-49cb-ba6b-4cbac14c1db4)
2020-04-10 06:23:07.412 1333 RALLYDEBUG rally_openstack.cleanup.manager [-] Deleting cinder.volumes object s_rally_ba2af0f3_l939XvhS (d189981f-6f0a-419b-b6ae-8aa4e8777871)
2020-04-10 06:23:07.424 1333 RALLYDEBUG rally_openstack.cleanup.manager [-] Deleting cinder.volumes object s_rally_ba2af0f3_LQM2T0HK (7e3debad-cf67-47c6-8019-8ad201fc4c7f)
2020-04-10 06:23:07.441 1333 RALLYDEBUG rally_openstack.cleanup.manager [-] Deleting cinder.volumes object s_rally_ba2af0f3_MRnLt8Yc (3e7000d8-c1e2-4795-a622-cc527a988fa6)
2020-04-10 06:23:07.461 1333 RALLYDEBUG rally_openstack.cleanup.manager [-] Deleting cinder.volumes object s_rally_ba2af0f3_P8sk63iQ (b2996c10-7f52-40fe-b560-29ce2459c53c)
2020-04-10 06:23:10.013 1333 INFO rally.task.context [-] Task 5d972f25-35dd-49c1-a6d1-6e1e54fe1678 | Context cleanup@openstack cleanup() finished in 4.58 sec
2020-04-10 06:23:10.014 1333 INFO rally.task.context [-] Task 5d972f25-35dd-49c1-a6d1-6e1e54fe1678 | Context quotas@openstack cleanup() started
2020-04-10 06:23:10.110 1333 INFO rally.task.context [-] Task 5d972f25-35dd-49c1-a6d1-6e1e54fe1678 | Context quotas@openstack cleanup() finished in 96.52 msec
2020-04-10 06:23:10.111 1333 INFO rally.task.context [-] Task 5d972f25-35dd-49c1-a6d1-6e1e54fe1678 | Context api_versions@openstack cleanup() started
2020-04-10 06:23:10.111 1333 INFO rally.task.context [-] Task 5d972f25-35dd-49c1-a6d1-6e1e54fe1678 | Context api_versions@openstack cleanup() finished in 0.38 msec
2020-04-10 06:23:10.112 1333 INFO rally.task.context [-] Task 5d972f25-35dd-49c1-a6d1-6e1e54fe1678 | Context users@openstack cleanup() started
2020-04-10 06:23:10.248 1333 WARNING rally.common.logging [-] `iterate_per_tenants()' is deprecated in v3.0.0: it is openstack specific.. Used at
2020-04-10 06:23:13.904 1333 INFO rally.task.context [-] Task 5d972f25-35dd-49c1-a6d1-6e1e54fe1678 | Context users@openstack cleanup() finished in 3.79 sec
2020-04-10 06:23:15.385 1333 INFO rally.task.engine [-] Load duration is: 7.982596
2020-04-10 06:23:15.386 1333 INFO rally.task.engine [-] Full runner duration is: 8.028537
2020-04-10 06:23:15.387 1333 INFO rally.task.engine [-] Full duration is: 18.654723
2020-04-10 06:23:15.471 1333 INFO rally.task.engine [-] Running workload: position = 0 config = { "version": 2, "title": "A cropped version of a bigger task.", "description": "Auto-generated task from a single workload (uuid=2442d7db-621c-4d70-844f-4b396eb409d9)", "subtasks": [ { "title": "CinderVolumes.list_volumes", "description": "List all volumes.", "scenario": { "CinderVolumes.list_volumes": { "detailed": true } }, "contexts": { "users": { "tenants": 3, "users_per_tenant": 2 }, "quotas": { "cinder": { "gigabytes": -1, "snapshots": -1, "volumes": -1 } }, "api_versions": { "cinder": { "version": 3, "service_type": "volumev3" } }, "volumes": { "size": 1, "volumes_per_tenant": 4 } }, "runner": { "constant": { "concurrency": 4, "times": 10 } }, "hooks": [], "sla": { "failure_rate": { "max": 0 } } } ] }
2020-04-10 06:23:15.494 1333 RALLYDEBUG rally_openstack.contexts.keystone.users [-] Creating 3 tenants using 3 threads
2020-04-10 06:23:16.034 1333 RALLYDEBUG rally_openstack.contexts.keystone.users [-] Creating 6 users using 6 threads
2020-04-10 06:23:17.155 1333 INFO rally.task.context [-] Task 5d972f25-35dd-49c1-a6d1-6e1e54fe1678 | Context users@openstack setup() finished in 1.66 sec
2020-04-10 06:23:17.301 1333 INFO rally.task.context [-] Task 5d972f25-35dd-49c1-a6d1-6e1e54fe1678 | Context api_versions@openstack setup() finished in 0.15 sec
2020-04-10 06:23:17.951 1333 INFO rally.task.context [-] Task 5d972f25-35dd-49c1-a6d1-6e1e54fe1678 | Context quotas@openstack setup() finished in 0.65 sec
2020-04-10 06:23:17.952 1333 WARNING rally.common.logging [-] `iterate_per_tenants()' is deprecated in v3.0.0: it is openstack specific.. Used at
2020-04-10 06:23:48.690 1333 INFO rally.task.context [-] Task 5d972f25-35dd-49c1-a6d1-6e1e54fe1678 | Context volumes@openstack setup() finished in 30.74 sec
2020-04-10 06:23:48.702 1333 RALLYDEBUG rally.task.runner [-] Starting the constant runner (task UUID: 5d972f25-35dd-49c1-a6d1-6e1e54fe1678). times: 10 concurrency: 4 timeout: 0 max_cpu_used: 88 processes_to_start: 4 concurrency_per_worker: 1 concurrency_overhead: 0
2020-04-10 06:23:48.713 2985 RALLYDEBUG rally.task.runner [-] Starting a worker. times: 10 duration: None concurrency: 1 timeout: 0 cls: method_name: run args: {"detailed": true}
2020-04-10 06:23:48.715 2986 RALLYDEBUG rally.task.runner [-] Starting a worker. times: 10 duration: None concurrency: 1 timeout: 0 cls: method_name: run args: {"detailed": true}
2020-04-10 06:23:48.718 2987 RALLYDEBUG rally.task.runner [-] Starting a worker. times: 10 duration: None concurrency: 1 timeout: 0 cls: method_name: run args: {"detailed": true}
2020-04-10 06:23:48.721 2985 INFO rally.task.runner [-] Task 5d972f25-35dd-49c1-a6d1-6e1e54fe1678 | ITER: 1 START
2020-04-10 06:23:48.722 2986 INFO rally.task.runner [-] Task 5d972f25-35dd-49c1-a6d1-6e1e54fe1678 | ITER: 2 START
2020-04-10 06:23:48.721 2988 RALLYDEBUG rally.task.runner [-] Starting a worker. times: 10 duration: None concurrency: 1 timeout: 0 cls: method_name: run args: {"detailed": true}
2020-04-10 06:23:48.726 2987 INFO rally.task.runner [-] Task 5d972f25-35dd-49c1-a6d1-6e1e54fe1678 | ITER: 3 START
2020-04-10 06:23:48.729 2988 INFO rally.task.runner [-] Task 5d972f25-35dd-49c1-a6d1-6e1e54fe1678 | ITER: 4 START
2020-04-10 06:23:48.988 2985 INFO rally.task.runner [-] Task 5d972f25-35dd-49c1-a6d1-6e1e54fe1678 | ITER: 1 END: OK
2020-04-10 06:23:48.993 2985 INFO rally.task.runner [-] Task 5d972f25-35dd-49c1-a6d1-6e1e54fe1678 | ITER: 5 START
2020-04-10 06:23:49.013 2986 INFO rally.task.runner [-] Task 5d972f25-35dd-49c1-a6d1-6e1e54fe1678 | ITER: 2 END: OK
2020-04-10 06:23:49.017 2988 INFO rally.task.runner [-] Task 5d972f25-35dd-49c1-a6d1-6e1e54fe1678 | ITER: 4 END: OK
2020-04-10 06:23:49.017 2986 INFO rally.task.runner [-] Task 5d972f25-35dd-49c1-a6d1-6e1e54fe1678 | ITER: 6 START
2020-04-10 06:23:49.022 2988 INFO rally.task.runner [-] Task 5d972f25-35dd-49c1-a6d1-6e1e54fe1678 | ITER: 7 START
2020-04-10 06:23:49.050 2987 INFO rally.task.runner [-] Task 5d972f25-35dd-49c1-a6d1-6e1e54fe1678 | ITER: 3 END: OK
2020-04-10 06:23:49.054 2987 INFO rally.task.runner [-] Task 5d972f25-35dd-49c1-a6d1-6e1e54fe1678 | ITER: 8 START
2020-04-10 06:23:49.214 2985 INFO rally.task.runner [-] Task 5d972f25-35dd-49c1-a6d1-6e1e54fe1678 | ITER: 5 END: OK
2020-04-10 06:23:49.218 2986 INFO rally.task.runner [-] Task 5d972f25-35dd-49c1-a6d1-6e1e54fe1678 | ITER: 6 END: OK
2020-04-10 06:23:49.220 2985 INFO rally.task.runner [-] Task 5d972f25-35dd-49c1-a6d1-6e1e54fe1678 | ITER: 9 START
2020-04-10 06:23:49.223 2986 INFO rally.task.runner [-] Task 5d972f25-35dd-49c1-a6d1-6e1e54fe1678 | ITER: 10 START
2020-04-10 06:23:49.239 2988 INFO rally.task.runner [-] Task 5d972f25-35dd-49c1-a6d1-6e1e54fe1678 | ITER: 7 END: OK
2020-04-10 06:23:49.261 2987 INFO rally.task.runner [-] Task 5d972f25-35dd-49c1-a6d1-6e1e54fe1678 | ITER: 8 END: OK
2020-04-10 06:23:49.427 2986 INFO rally.task.runner [-] Task 5d972f25-35dd-49c1-a6d1-6e1e54fe1678 | ITER: 10 END: OK
2020-04-10 06:23:49.488 2985 INFO rally.task.runner [-] Task 5d972f25-35dd-49c1-a6d1-6e1e54fe1678 | ITER: 9 END: OK
2020-04-10 06:23:49.511 1333 INFO rally.task.context [-] Task 5d972f25-35dd-49c1-a6d1-6e1e54fe1678 | Context volumes@openstack cleanup() started
2020-04-10 06:23:49.514 1333 RALLYDEBUG rally_openstack.cleanup.manager [-] Cleaning up cinder volumes objects
2020-04-10 06:23:50.096 1333 RALLYDEBUG rally_openstack.cleanup.manager [-] Deleting cinder.volumes object c_rally_2442d7db_EnCaFDDS (f5cd9d13-2f97-4407-a76f-982108b072bb)
2020-04-10 06:23:50.097 1333 RALLYDEBUG rally_openstack.cleanup.manager [-] Deleting cinder.volumes object c_rally_2442d7db_yMTJsNHd (9a53468d-ea2b-4962-a399-378fa55fd8a0)
2020-04-10 06:23:50.105 1333 RALLYDEBUG rally_openstack.cleanup.manager [-] Deleting cinder.volumes object c_rally_2442d7db_a55lxTPY (d68cb51e-9850-4d38-ae7d-e3c048ab2931)
2020-04-10 06:23:50.114 1333 RALLYDEBUG rally_openstack.cleanup.manager [-] Deleting cinder.volumes object c_rally_2442d7db_3x8oqcCv (ef30ab5c-12e1-4a60-8924-2f8cb3f21417)
2020-04-10 06:23:50.126 1333 RALLYDEBUG rally_openstack.cleanup.manager [-] Deleting cinder.volumes object c_rally_2442d7db_bCNl32fM (8be0405d-2f27-4840-8660-d5e3604a34e8)
2020-04-10 06:23:50.141 1333 RALLYDEBUG rally_openstack.cleanup.manager [-] Deleting cinder.volumes object c_rally_2442d7db_FkK6cjkr (ef2ff47a-6903-445c-83ce-92839caec46e)
2020-04-10 06:23:50.151 1333 RALLYDEBUG rally_openstack.cleanup.manager [-] Deleting cinder.volumes object c_rally_2442d7db_AVNRFNYP (fd30175b-a9e5-4659-aebb-abb4bffa0500)
2020-04-10 06:23:50.156 1333 RALLYDEBUG rally_openstack.cleanup.manager [-] Deleting cinder.volumes object c_rally_2442d7db_vD8HPwxZ (ad60359e-5304-4282-94bc-501d5c4e3e2b)
2020-04-10 06:23:50.161 1333 RALLYDEBUG rally_openstack.cleanup.manager [-] Deleting cinder.volumes object c_rally_2442d7db_ksm1Z4PO (eef2015c-4d21-4e2e-bd52-d544bb7603e9)
2020-04-10 06:23:50.174 1333 RALLYDEBUG rally_openstack.cleanup.manager [-] Deleting cinder.volumes object c_rally_2442d7db_o8HgAKQd (74ff89f0-92d7-4e0c-9679-0ef62745bb8e)
2020-04-10 06:23:50.179 1333 RALLYDEBUG rally_openstack.cleanup.manager [-] Deleting cinder.volumes object c_rally_2442d7db_tVmCeXzu (cc5ae82f-f966-4ab2-b1c3-113d240cfe65)
2020-04-10 06:23:50.185 1333 RALLYDEBUG rally_openstack.cleanup.manager [-] Deleting cinder.volumes object c_rally_2442d7db_wWEqPPPz (e1ee578a-086a-45d2-9d37-e13c458a250c)
2020-04-10 06:23:52.908 1333 INFO rally.task.context [-] Task 5d972f25-35dd-49c1-a6d1-6e1e54fe1678 | Context volumes@openstack cleanup() finished in 3.40 sec
2020-04-10 06:23:52.909 1333 INFO rally.task.context [-] Task 5d972f25-35dd-49c1-a6d1-6e1e54fe1678 | Context quotas@openstack cleanup() started
2020-04-10 06:23:53.007 1333 INFO rally.task.context [-] Task 5d972f25-35dd-49c1-a6d1-6e1e54fe1678 | Context quotas@openstack cleanup() finished in 97.44 msec
2020-04-10 06:23:53.007 1333 INFO rally.task.context [-] Task 5d972f25-35dd-49c1-a6d1-6e1e54fe1678 | Context api_versions@openstack cleanup() started
2020-04-10 06:23:53.007 1333 INFO rally.task.context [-] Task 5d972f25-35dd-49c1-a6d1-6e1e54fe1678 | Context api_versions@openstack cleanup() finished in 0.20 msec
2020-04-10 06:23:53.007 1333 INFO rally.task.context [-] Task 5d972f25-35dd-49c1-a6d1-6e1e54fe1678 | Context users@openstack cleanup() started
2020-04-10 06:23:53.259 1333 WARNING rally.common.logging [-] `iterate_per_tenants()' is deprecated in v3.0.0: it is openstack specific.. Used at
2020-04-10 06:23:57.564 1333 INFO rally.task.context [-] Task 5d972f25-35dd-49c1-a6d1-6e1e54fe1678 | Context users@openstack cleanup() finished in 4.56 sec
2020-04-10 06:23:57.738 1333 INFO rally.task.engine [-] Load duration is: 0.761736
2020-04-10 06:23:57.738 1333 INFO rally.task.engine [-] Full runner duration is: 0.809832
2020-04-10 06:23:57.739 1333 INFO rally.task.engine [-] Full duration is: 42.074333
2020-04-10 06:23:57.830 1333 INFO rally.task.engine [-] Running workload: position = 0 config = { "version": 2, "title": "A cropped version of a bigger task.", "description": "Auto-generated task from a single workload (uuid=0abb3ee7-425a-4dde-b687-34cebeb41f78)", "subtasks": [ { "title": "CinderVolumes.create_and_delete_snapshot", "description": "Create and then delete a volume-snapshot.", "scenario": { "CinderVolumes.create_and_delete_snapshot": { "force": false } }, "contexts": { "users": { "tenants": 3, "users_per_tenant": 2 }, "quotas": { "cinder": { "gigabytes": -1, "snapshots": -1, "volumes": -1 } }, "api_versions": { "cinder": { "version": 3, "service_type": "volumev3" } }, "volumes": { "size": 1, "volumes_per_tenant": 1 } }, "runner": { "constant": { "concurrency": 4, "times": 10 } }, "hooks": [], "sla": { "failure_rate": { "max": 0 } } } ] }
2020-04-10 06:23:57.852 1333 RALLYDEBUG rally_openstack.contexts.keystone.users [-] Creating 3 tenants using 3 threads
2020-04-10 06:23:58.421 1333 RALLYDEBUG rally_openstack.contexts.keystone.users [-] Creating 6 users using 6 threads
2020-04-10 06:23:59.426 1333 INFO rally.task.context [-] Task 5d972f25-35dd-49c1-a6d1-6e1e54fe1678 | Context users@openstack setup() finished in 1.57 sec
2020-04-10 06:23:59.555 1333 INFO rally.task.context [-] Task 5d972f25-35dd-49c1-a6d1-6e1e54fe1678 | Context api_versions@openstack setup() finished in 0.13 sec
2020-04-10 06:24:00.147 1333 INFO rally.task.context [-] Task 5d972f25-35dd-49c1-a6d1-6e1e54fe1678 | Context quotas@openstack setup() finished in 0.59 sec
2020-04-10 06:24:00.148 1333 WARNING rally.common.logging [-] `iterate_per_tenants()' is deprecated in v3.0.0: it is openstack specific.. Used at
2020-04-10 06:24:08.470 1333 INFO rally.task.context [-] Task 5d972f25-35dd-49c1-a6d1-6e1e54fe1678 | Context volumes@openstack setup() finished in 8.32 sec
2020-04-10 06:24:08.471 1333 INFO rally.task.context [-] Task 5d972f25-35dd-49c1-a6d1-6e1e54fe1678 | Context cleanup@openstack setup() finished in 0.00 msec
2020-04-10 06:24:08.480 1333 RALLYDEBUG rally.task.runner [-] Starting the constant runner (task UUID: 5d972f25-35dd-49c1-a6d1-6e1e54fe1678). times: 10 concurrency: 4 timeout: 0 max_cpu_used: 88 processes_to_start: 4 concurrency_per_worker: 1 concurrency_overhead: 0
2020-04-10 06:24:08.493 3078 RALLYDEBUG rally.task.runner [-] Starting a worker. times: 10 duration: None concurrency: 1 timeout: 0 cls: method_name: run args: {"force": false}
2020-04-10 06:24:08.496 3079 RALLYDEBUG rally.task.runner [-] Starting a worker. times: 10 duration: None concurrency: 1 timeout: 0 cls: method_name: run args: {"force": false}
2020-04-10 06:24:08.499 3080 RALLYDEBUG rally.task.runner [-] Starting a worker. times: 10 duration: None concurrency: 1 timeout: 0 cls: method_name: run args: {"force": false}
2020-04-10 06:24:08.501 3078 INFO rally.task.runner [-] Task 5d972f25-35dd-49c1-a6d1-6e1e54fe1678 | ITER: 1 START
2020-04-10 06:24:08.502 3081 RALLYDEBUG rally.task.runner [-] Starting a worker. times: 10 duration: None concurrency: 1 timeout: 0 cls: method_name: run args: {"force": false}
2020-04-10 06:24:08.503 3079 INFO rally.task.runner [-] Task 5d972f25-35dd-49c1-a6d1-6e1e54fe1678 | ITER: 2 START
2020-04-10 06:24:08.504 3080 INFO rally.task.runner [-] Task 5d972f25-35dd-49c1-a6d1-6e1e54fe1678 | ITER: 3 START
2020-04-10 06:24:08.509 3081 INFO rally.task.runner [-] Task 5d972f25-35dd-49c1-a6d1-6e1e54fe1678 | ITER: 4 START
2020-04-10 06:24:11.076 3079 RALLYDEBUG rally.task.utils [-] Waiting for resource s_rally_0abb3ee7_M8Gbx5Pa. Status changed: AVAILABLE => DELETING in 0.04201936721801758
2020-04-10 06:24:11.085 3078 RALLYDEBUG rally.task.utils [-] Waiting for resource s_rally_0abb3ee7_LmIuMeYa. Status changed: AVAILABLE => DELETING in 0.037134408950805664
2020-04-10 06:24:11.195 3081 RALLYDEBUG rally.task.utils [-] Waiting for resource s_rally_0abb3ee7_HpUGh2zU. Status changed: AVAILABLE => DELETING in 0.04960060119628906
2020-04-10 06:24:11.201 3080 RALLYDEBUG rally.task.utils [-] Waiting for resource s_rally_0abb3ee7_G3FCq8Dc. Status changed: AVAILABLE => DELETING in 0.03879523277282715
2020-04-10 06:24:13.124 3078 INFO rally.task.runner [-] Task 5d972f25-35dd-49c1-a6d1-6e1e54fe1678 | ITER: 1 END: OK
2020-04-10 06:24:13.125 3079 INFO rally.task.runner [-] Task 5d972f25-35dd-49c1-a6d1-6e1e54fe1678 | ITER: 2 END: OK
2020-04-10 06:24:13.130 3078 INFO rally.task.runner [-] Task 5d972f25-35dd-49c1-a6d1-6e1e54fe1678 | ITER: 5 START
2020-04-10 06:24:13.130 3079 INFO rally.task.runner [-] Task 5d972f25-35dd-49c1-a6d1-6e1e54fe1678 | ITER: 6 START
2020-04-10 06:24:13.238 3080 INFO rally.task.runner [-] Task 5d972f25-35dd-49c1-a6d1-6e1e54fe1678 | ITER: 3 END: OK
2020-04-10 06:24:13.239 3081 INFO rally.task.runner [-] Task 5d972f25-35dd-49c1-a6d1-6e1e54fe1678 | ITER: 4 END: OK
2020-04-10 06:24:13.243 3080 INFO rally.task.runner [-] Task 5d972f25-35dd-49c1-a6d1-6e1e54fe1678 | ITER: 7 START
2020-04-10 06:24:13.244 3081 INFO rally.task.runner [-] Task 5d972f25-35dd-49c1-a6d1-6e1e54fe1678 | ITER: 8 START
2020-04-10 06:24:15.653 3078 RALLYDEBUG rally.task.utils [-] Waiting for resource s_rally_0abb3ee7_2Z8lBoTA. Status changed: AVAILABLE => DELETING in 0.04013562202453613
2020-04-10 06:24:15.680 3079 RALLYDEBUG rally.task.utils [-] Waiting for resource s_rally_0abb3ee7_prJhVbtE. Status changed: AVAILABLE => DELETING in 0.038308143615722656
2020-04-10 06:24:15.785 3081 RALLYDEBUG rally.task.utils [-] Waiting for resource s_rally_0abb3ee7_ghHMBenI. Status changed: AVAILABLE => DELETING in 0.03644967079162598
2020-04-10 06:24:15.981 3080 RALLYDEBUG rally.task.utils [-] Waiting for resource s_rally_0abb3ee7_WAcyRuus. Status changed: AVAILABLE => DELETING in 0.03955698013305664
2020-04-10 06:24:17.693 3078 INFO rally.task.runner [-] Task 5d972f25-35dd-49c1-a6d1-6e1e54fe1678 | ITER: 5 END: OK
2020-04-10 06:24:17.699 3078 INFO rally.task.runner [-] Task 5d972f25-35dd-49c1-a6d1-6e1e54fe1678 | ITER: 9 START
2020-04-10 06:24:17.722 3079 INFO rally.task.runner [-] Task 5d972f25-35dd-49c1-a6d1-6e1e54fe1678 | ITER: 6 END: OK
2020-04-10 06:24:17.726 3079 INFO rally.task.runner [-] Task 5d972f25-35dd-49c1-a6d1-6e1e54fe1678 | ITER: 10 START
2020-04-10 06:24:17.824 3081 INFO rally.task.runner [-] Task 5d972f25-35dd-49c1-a6d1-6e1e54fe1678 | ITER: 8 END: OK
2020-04-10 06:24:18.022 3080 INFO rally.task.runner [-] Task 5d972f25-35dd-49c1-a6d1-6e1e54fe1678 | ITER: 7 END: OK
2020-04-10 06:24:20.231 3078 RALLYDEBUG rally.task.utils [-] Waiting for resource s_rally_0abb3ee7_tjn9gMik. Status changed: AVAILABLE => DELETING in 0.039040565490722656
2020-04-10 06:24:20.275 3079 RALLYDEBUG rally.task.utils [-] Waiting for resource s_rally_0abb3ee7_AAsfv49Q. Status changed: AVAILABLE => DELETING in 0.04276418685913086
2020-04-10 06:24:22.271 3078 INFO rally.task.runner [-] Task 5d972f25-35dd-49c1-a6d1-6e1e54fe1678 | ITER: 9 END: OK
2020-04-10 06:24:22.318 3079 INFO rally.task.runner [-] Task 5d972f25-35dd-49c1-a6d1-6e1e54fe1678 | ITER: 10 END: OK
2020-04-10 06:24:22.350 1333 INFO rally.task.context [-] Task 5d972f25-35dd-49c1-a6d1-6e1e54fe1678 | Context cleanup@openstack cleanup() started
2020-04-10 06:24:22.355 1333 RALLYDEBUG rally_openstack.cleanup.manager [-] Cleaning up cinder backups objects
2020-04-10 06:24:22.853 1333 RALLYDEBUG rally_openstack.cleanup.manager [-] Cleaning up cinder volume_snapshots objects
2020-04-10 06:24:23.391 1333 RALLYDEBUG rally_openstack.cleanup.manager [-] Cleaning up cinder transfers objects
2020-04-10 06:24:23.872 1333 RALLYDEBUG rally_openstack.cleanup.manager [-] Cleaning up cinder volumes objects
2020-04-10 06:24:24.487 1333 INFO rally.task.context [-] Task 5d972f25-35dd-49c1-a6d1-6e1e54fe1678 | Context cleanup@openstack cleanup() finished in 2.14 sec
2020-04-10 06:24:24.487 1333 INFO rally.task.context [-] Task 5d972f25-35dd-49c1-a6d1-6e1e54fe1678 | Context volumes@openstack cleanup() started
2020-04-10 06:24:24.489 1333 RALLYDEBUG rally_openstack.cleanup.manager [-] Cleaning up cinder volumes objects
2020-04-10 06:24:25.042 1333 RALLYDEBUG rally_openstack.cleanup.manager [-] Deleting cinder.volumes object c_rally_0abb3ee7_38xZbBCo (e26cef13-a57a-442c-8513-29cf6d0240cf)
2020-04-10 06:24:25.050 1333 RALLYDEBUG rally_openstack.cleanup.manager [-] Deleting cinder.volumes object c_rally_0abb3ee7_4HJUgQay (66411415-ffdb-4011-bcdf-c81535861add)
2020-04-10 06:24:25.059 1333 RALLYDEBUG rally_openstack.cleanup.manager [-] Deleting cinder.volumes object c_rally_0abb3ee7_GqIWW8mH (922ec9d1-cd31-4d4b-a799-aab0b0a5f1da)
2020-04-10 06:24:27.426 1333 INFO rally.task.context [-] Task 5d972f25-35dd-49c1-a6d1-6e1e54fe1678 | Context volumes@openstack cleanup() finished in 2.94 sec
2020-04-10 06:24:27.427 1333 INFO rally.task.context [-] Task 5d972f25-35dd-49c1-a6d1-6e1e54fe1678 | Context quotas@openstack cleanup() started
2020-04-10 06:24:27.532 1333 INFO rally.task.context [-] Task 5d972f25-35dd-49c1-a6d1-6e1e54fe1678 | Context quotas@openstack cleanup() finished in 0.11 sec
2020-04-10 06:24:27.533 1333 INFO rally.task.context [-] Task 5d972f25-35dd-49c1-a6d1-6e1e54fe1678 | Context api_versions@openstack cleanup() started
2020-04-10 06:24:27.533 1333 INFO rally.task.context [-] Task 5d972f25-35dd-49c1-a6d1-6e1e54fe1678 | Context api_versions@openstack cleanup() finished in 0.30 msec
2020-04-10 06:24:27.534 1333 INFO rally.task.context [-] Task 5d972f25-35dd-49c1-a6d1-6e1e54fe1678 | Context users@openstack cleanup() started
2020-04-10 06:24:27.689 1333 WARNING rally.common.logging [-] `iterate_per_tenants()' is deprecated in v3.0.0: it is openstack specific.. Used at
2020-04-10 06:24:30.241 1333 INFO rally.task.context [-] Task 5d972f25-35dd-49c1-a6d1-6e1e54fe1678 | Context users@openstack cleanup() finished in 2.71 sec
2020-04-10 06:24:32.067 1333 INFO rally.task.engine [-] Load duration is: 13.811552
2020-04-10 06:24:32.067 1333 INFO rally.task.engine [-] Full runner duration is: 13.870207
2020-04-10 06:24:32.068 1333 INFO rally.task.engine [-] Full duration is: 32.391382
2020-04-10 06:24:32.165 1333 INFO rally.task.engine [-] Running workload: position = 0 config = { "version": 2, "title": "A cropped version of a bigger task.", "description": "Auto-generated task from a single workload (uuid=0d95c852-6428-4637-9821-9ab7b48ea27c)", "subtasks": [ { "title": "CinderVolumes.create_and_delete_volume", "description": "Create and then delete a volume.", "scenario": { "CinderVolumes.create_and_delete_volume": { "size": { "max": 1, "min": 1 } } }, "contexts": { "users": { "tenants": 3, "users_per_tenant": 2 }, "quotas": { "cinder": { "gigabytes": -1, "snapshots": -1, "volumes": -1 } }, "api_versions": { "cinder": { "version": 3, "service_type": "volumev3" } } }, "runner": { "constant": { "concurrency": 4, "times": 10 } }, "hooks": [], "sla": { "failure_rate": { "max": 0 } } } ] }
2020-04-10 06:24:32.185 1333 RALLYDEBUG rally_openstack.contexts.keystone.users [-] Creating 3 tenants using 3 threads
2020-04-10 06:24:32.653 1333 RALLYDEBUG rally_openstack.contexts.keystone.users [-] Creating 6 users using 6 threads
2020-04-10 06:24:33.680 1333 INFO rally.task.context [-] Task 5d972f25-35dd-49c1-a6d1-6e1e54fe1678 | Context users@openstack setup() finished in 1.49 sec
2020-04-10 06:24:33.818 1333 INFO rally.task.context [-] Task 5d972f25-35dd-49c1-a6d1-6e1e54fe1678 | Context api_versions@openstack setup() finished in 0.14 sec
2020-04-10 06:24:34.463 1333 INFO rally.task.context [-] Task 5d972f25-35dd-49c1-a6d1-6e1e54fe1678 | Context quotas@openstack setup() finished in 0.64 sec
2020-04-10 06:24:34.464 1333 INFO rally.task.context [-] Task 5d972f25-35dd-49c1-a6d1-6e1e54fe1678 | Context cleanup@openstack setup() finished in 0.00 msec
2020-04-10 06:24:34.474 1333 RALLYDEBUG rally.task.runner [-] Starting the constant runner (task UUID: 5d972f25-35dd-49c1-a6d1-6e1e54fe1678). times: 10 concurrency: 4 timeout: 0 max_cpu_used: 88 processes_to_start: 4 concurrency_per_worker: 1 concurrency_overhead: 0
2020-04-10 06:24:34.487 3251 RALLYDEBUG rally.task.runner [-] Starting a worker. times: 10 duration: None concurrency: 1 timeout: 0 cls: method_name: run args: {"size": {"max": 1, "min": 1}}
2020-04-10 06:24:34.489 3252 RALLYDEBUG rally.task.runner [-] Starting a worker. times: 10 duration: None concurrency: 1 timeout: 0 cls: method_name: run args: {"size": {"max": 1, "min": 1}}
2020-04-10 06:24:34.492 3253 RALLYDEBUG rally.task.runner [-] Starting a worker. times: 10 duration: None concurrency: 1 timeout: 0 cls: method_name: run args: {"size": {"max": 1, "min": 1}}
2020-04-10 06:24:34.495 3251 INFO rally.task.runner [-] Task 5d972f25-35dd-49c1-a6d1-6e1e54fe1678 | ITER: 1 START
2020-04-10 06:24:34.497 3252 INFO rally.task.runner [-] Task 5d972f25-35dd-49c1-a6d1-6e1e54fe1678 | ITER: 2 START
2020-04-10 06:24:34.497 3253 INFO rally.task.runner [-] Task 5d972f25-35dd-49c1-a6d1-6e1e54fe1678 | ITER: 3 START
2020-04-10 06:24:34.503 3254 RALLYDEBUG rally.task.runner [-] Starting a worker. times: 10 duration: None concurrency: 1 timeout: 0 cls: method_name: run args: {"size": {"max": 1, "min": 1}}
2020-04-10 06:24:34.514 3254 INFO rally.task.runner [-] Task 5d972f25-35dd-49c1-a6d1-6e1e54fe1678 | ITER: 4 START
2020-04-10 06:24:37.361 3254 RALLYDEBUG rally.task.utils [-] Waiting for resource s_rally_0d95c852_xUNPBKeB. Status changed: AVAILABLE => DELETING in 0.09985518455505371
2020-04-10 06:24:37.393 3253 RALLYDEBUG rally.task.utils [-] Waiting for resource s_rally_0d95c852_D5Hj9Ea4. Status changed: AVAILABLE => DELETING in 0.07451033592224121
2020-04-10 06:24:37.517 3252 RALLYDEBUG rally.task.utils [-] Waiting for resource s_rally_0d95c852_UewLDZNH. Status changed: AVAILABLE => DELETING in 0.08528447151184082
2020-04-10 06:24:37.639 3251 RALLYDEBUG rally.task.utils [-] Waiting for resource s_rally_0d95c852_cUoTJwHh. Status changed: AVAILABLE => DELETING in 0.08550500869750977
2020-04-10 06:24:39.419 3254 INFO rally.task.runner [-] Task 5d972f25-35dd-49c1-a6d1-6e1e54fe1678 | ITER: 4 END: OK
2020-04-10 06:24:39.423 3254 INFO rally.task.runner [-] Task 5d972f25-35dd-49c1-a6d1-6e1e54fe1678 | ITER: 5 START
2020-04-10 06:24:39.458 3253 INFO rally.task.runner [-] Task 5d972f25-35dd-49c1-a6d1-6e1e54fe1678 | ITER: 3 END: OK
2020-04-10 06:24:39.463 3253 INFO rally.task.runner [-] Task 5d972f25-35dd-49c1-a6d1-6e1e54fe1678 | ITER: 6 START
2020-04-10 06:24:39.572 3252 INFO rally.task.runner [-] Task 5d972f25-35dd-49c1-a6d1-6e1e54fe1678 | ITER: 2 END: OK
2020-04-10 06:24:39.578 3252 INFO rally.task.runner [-] Task 5d972f25-35dd-49c1-a6d1-6e1e54fe1678 | ITER: 7 START
2020-04-10 06:24:39.692 3251 INFO rally.task.runner [-] Task 5d972f25-35dd-49c1-a6d1-6e1e54fe1678 | ITER: 1 END: OK
2020-04-10 06:24:39.697 3251 INFO rally.task.runner [-] Task 5d972f25-35dd-49c1-a6d1-6e1e54fe1678 | ITER: 8 START
2020-04-10 06:24:42.252 3253 RALLYDEBUG rally.task.utils [-] Waiting for resource s_rally_0d95c852_0n1EfXnF. Status changed: AVAILABLE => DELETING in 0.0741119384765625
2020-04-10 06:24:42.332 3254 RALLYDEBUG rally.task.utils [-] Waiting for resource s_rally_0d95c852_mdxLfTcO. Status changed: AVAILABLE => DELETING in 0.07268118858337402
2020-04-10 06:24:42.346 3252 RALLYDEBUG rally.task.utils [-] Waiting for resource s_rally_0d95c852_h5HVlYu8. Status changed: AVAILABLE => DELETING in 0.06897950172424316
2020-04-10 06:24:42.509 3251 RALLYDEBUG rally.task.utils [-] Waiting for resource s_rally_0d95c852_eTZEosSQ. Status changed: AVAILABLE => DELETING in 0.07268548011779785
2020-04-10 06:24:44.307 3253 INFO rally.task.runner [-] Task 5d972f25-35dd-49c1-a6d1-6e1e54fe1678 | ITER: 6 END: OK
