2020-04-10 06:39:07.153 7990 RALLYDEBUG rally_openstack.cleanup.manager [-] Deleting keystone.user object s_rally_621c9e7f_a7mrC0kd (0caa2941442e444ab0232c5d302291b0)
2020-04-10 06:39:07.176 7990 RALLYDEBUG rally_openstack.cleanup.manager [-] Deleting keystone.user object s_rally_621c9e7f_mPtPhvwy (0d99ef0fa9b14146ac8e79225fb1a0c9)
2020-04-10 06:39:07.186 7990 RALLYDEBUG rally_openstack.cleanup.manager [-] Deleting keystone.user object s_rally_621c9e7f_EUXWp9b1 (1107f49ea1b54494a7fa02820e38b801)
2020-04-10 06:39:07.215 7990 RALLYDEBUG rally_openstack.cleanup.manager [-] Deleting keystone.user object s_rally_621c9e7f_nwrRYgP0 (109d538f7d204362a633c9f92caaa314)
2020-04-10 06:39:07.216 7990 RALLYDEBUG rally_openstack.cleanup.manager [-] Deleting keystone.user object s_rally_621c9e7f_Th9YGwkG (1e2637ad0dbe4ff2be75d3ba8d1e7a04)
2020-04-10 06:39:07.217 7990 RALLYDEBUG rally_openstack.cleanup.manager [-] Deleting keystone.user object s_rally_621c9e7f_dHZ3ImAz (28fa093e67ae4a7f9a82b173dff2937e)
2020-04-10 06:39:07.243 7990 RALLYDEBUG rally_openstack.cleanup.manager [-] Deleting keystone.user object s_rally_621c9e7f_0gjMACDg (29bfae5d47f74f1380fcf645114898e0)
2020-04-10 06:39:07.250 7990 RALLYDEBUG rally_openstack.cleanup.manager [-] Deleting keystone.user object s_rally_621c9e7f_cyyLfalO (195d44d0fb3443e2ab6ca526aa289192)
2020-04-10 06:39:07.277 7990 RALLYDEBUG rally_openstack.cleanup.manager [-] Deleting keystone.user object s_rally_621c9e7f_zSAFD69F (30a771e0626f4598a548ecda30beb73a)
2020-04-10 06:39:07.278 7990 RALLYDEBUG rally_openstack.cleanup.manager [-] Deleting keystone.user object s_rally_621c9e7f_ugUToRXY (30eca4e9d7bc43d58afd7b3b90f815de)
2020-04-10 06:39:07.203 7990 RALLYDEBUG rally_openstack.cleanup.manager [-] Deleting keystone.user object s_rally_621c9e7f_c2JPOlh4 (1faf67dfcb1a4555975b1f2070dd1fb1)
2020-04-10 06:39:07.284 7990 RALLYDEBUG rally_openstack.cleanup.manager [-] Deleting keystone.user object s_rally_621c9e7f_ha56HQV8 (25419a8856234708ba57d0803a357caa)
2020-04-10 06:39:07.295 7990 RALLYDEBUG rally_openstack.cleanup.manager [-] Deleting keystone.user object s_rally_621c9e7f_U3lvuVJU (31a987fc9645404c940503f4709e4fc2)
2020-04-10 06:39:07.295 7990 RALLYDEBUG rally_openstack.cleanup.manager [-] Deleting keystone.user object s_rally_621c9e7f_7kBfCJzv (391631bcac244aeab02b494d09c7558d)
2020-04-10 06:39:07.313 7990 RALLYDEBUG rally_openstack.cleanup.manager [-] Deleting keystone.user object s_rally_621c9e7f_zSwypY2e (35df2ba1c8a14893a0881293c756c4a3)
2020-04-10 06:39:08.897 7990 RALLYDEBUG rally_openstack.cleanup.manager [-] Deleting keystone.user object s_rally_621c9e7f_6nOD359a (3dffb4f4b6ba4f759bca6eb0f4c92f26)
2020-04-10 06:39:08.898 7990 RALLYDEBUG rally_openstack.cleanup.manager [-] Deleting keystone.user object s_rally_621c9e7f_whkU1BWP (446b1ca323fb4b7aa9ca8af9ae29531d)
2020-04-10 06:39:09.103 7990 RALLYDEBUG rally_openstack.cleanup.manager [-] Deleting keystone.user object s_rally_621c9e7f_IfMaaL7W (493df26efd2942679901958385392b6d)
2020-04-10 06:39:09.117 7990 RALLYDEBUG rally_openstack.cleanup.manager [-] Deleting keystone.user object s_rally_621c9e7f_6cnumS5P (4a7dc72dbaf9456dadacc7d19bc7635e)
2020-04-10 06:39:09.229 7990 RALLYDEBUG rally_openstack.cleanup.manager [-] Deleting keystone.user object s_rally_621c9e7f_NVFlmpOy (4c45ba0fa70646f1abb7a9aa9b60480d)
2020-04-10 06:39:09.248 7990 RALLYDEBUG rally_openstack.cleanup.manager [-] Deleting keystone.user object s_rally_621c9e7f_snp2yTxJ (50f12357821c45bbb16b7ce5d5c18042)
2020-04-10 06:39:09.313 7990 RALLYDEBUG rally_openstack.cleanup.manager [-] Deleting keystone.user object s_rally_621c9e7f_xrkjaCcN (520f5187a3d84fb98ee7ce9d03633cff)
2020-04-10 06:39:09.329 7990 RALLYDEBUG rally_openstack.cleanup.manager [-] Deleting keystone.user object s_rally_621c9e7f_c8AvaoAq (5336b83f0a1948d784effbeffef95a5c)
2020-04-10 06:39:09.340 7990 RALLYDEBUG rally_openstack.cleanup.manager [-] Deleting keystone.user object s_rally_621c9e7f_q9DrBvcu (538d7284e03746d98664e8374906b8fa)
2020-04-10 06:39:09.363 7990 RALLYDEBUG rally_openstack.cleanup.manager [-] Deleting keystone.user object s_rally_621c9e7f_4LStgfWk (5451994c7fe147bd9757189399b2e5b3)
2020-04-10 06:39:09.388 7990 RALLYDEBUG rally_openstack.cleanup.manager [-] Deleting keystone.user object s_rally_621c9e7f_xXVr0UrH (577af84c8e2f46d098ab343fd30c2375)
2020-04-10 06:39:09.431 7990 RALLYDEBUG rally_openstack.cleanup.manager [-] Deleting keystone.user object s_rally_621c9e7f_7WUS2AW4 (585d9bf5c70046daafa83be7071a8167)
2020-04-10 06:39:09.479 7990 RALLYDEBUG rally_openstack.cleanup.manager [-] Deleting keystone.user object s_rally_621c9e7f_TW5ldV9V (59cf490639934d0493d776207c053337)
2020-04-10 06:39:09.490 7990 RALLYDEBUG rally_openstack.cleanup.manager [-] Deleting keystone.user object s_rally_621c9e7f_4LMrZjrc (5a82288fe23d4531a4ed151215fe897c)
2020-04-10 06:39:09.524 7990 RALLYDEBUG rally_openstack.cleanup.manager [-] Deleting keystone.user object s_rally_621c9e7f_KxlnQ4Cj (5c89b627b7374b14a79ba87875099df2)
2020-04-10 06:39:09.535 7990 RALLYDEBUG rally_openstack.cleanup.manager [-] Deleting keystone.user object s_rally_621c9e7f_4TmOw709 (5db0edac82844732b9a01d65981614e8)
2020-04-10 06:39:09.582 7990 RALLYDEBUG rally_openstack.cleanup.manager [-] Deleting keystone.user object s_rally_621c9e7f_bzNxg7Yg (5e5835bbb6c944b4ac7072b6a8c47a11)
2020-04-10 06:39:09.633 7990 RALLYDEBUG rally_openstack.cleanup.manager [-] Deleting keystone.user object s_rally_621c9e7f_06gbWruR (6061254a4bd14042ab35abfa46bcbc4f)
2020-04-10 06:39:09.643 7990 RALLYDEBUG rally_openstack.cleanup.manager [-] Deleting keystone.user object s_rally_621c9e7f_XeK7YAaD (6140e9406b49442398305fb9c5ace49c)
2020-04-10 06:39:09.688 7990 RALLYDEBUG rally_openstack.cleanup.manager [-] Deleting keystone.user object s_rally_621c9e7f_ME2ufrQw (6191ae7aaa184579bda32d531695a339)
2020-04-10 06:39:10.399 7990 RALLYDEBUG rally_openstack.cleanup.manager [-] Deleting keystone.user object s_rally_621c9e7f_FfhLDEJO (642bcc141177434fa350c601ad88e81f)
2020-04-10 06:39:10.411 7990 RALLYDEBUG rally_openstack.cleanup.manager [-] Deleting keystone.user object s_rally_621c9e7f_J47maPmM (64b5d1cb185d47498e971be1471d9c4d)
2020-04-10 06:39:10.680 7990 RALLYDEBUG rally_openstack.cleanup.manager [-] Deleting keystone.user object s_rally_621c9e7f_OAdz0ceo (650dedd810834696bf399e3b32fc12c0)
2020-04-10 06:39:10.706 7990 RALLYDEBUG rally_openstack.cleanup.manager [-] Deleting keystone.user object s_rally_621c9e7f_n3NtG6fh (652877d328a847949b992cf60addae0a)
2020-04-10 06:39:11.030 7990 RALLYDEBUG rally_openstack.cleanup.manager [-] Deleting keystone.user object s_rally_621c9e7f_y7UbHryS (657d1ebc158f45d0abe94d3d3ca7a850)
2020-04-10 06:39:11.042 7990 RALLYDEBUG rally_openstack.cleanup.manager [-] Deleting keystone.user object s_rally_621c9e7f_qgObXOvw (67bd89ac90e54b82a366232b708f44ba)
2020-04-10 06:39:11.053 7990 RALLYDEBUG rally_openstack.cleanup.manager [-] Deleting keystone.user object s_rally_621c9e7f_AxDL7JSZ (6cdf37ae44544cfca3250d2b370c1cde)
2020-04-10 06:39:11.196 7990 RALLYDEBUG rally_openstack.cleanup.manager [-] Deleting keystone.user object s_rally_621c9e7f_zwi9ExQv (6d7dc57494e64074af7c4c2408bc2b3e)
2020-04-10 06:39:11.245 7990 RALLYDEBUG rally_openstack.cleanup.manager [-] Deleting keystone.user object s_rally_621c9e7f_ZbOqJQUF (6de179d81fdb4acf8433070210c2eb30)
2020-04-10 06:39:11.334 7990 RALLYDEBUG rally_openstack.cleanup.manager [-] Deleting keystone.user object s_rally_621c9e7f_7Fqu23Rn (6deefa9395ee4dddb498e5cc4c3d7324)
2020-04-10 06:39:11.344 7990 RALLYDEBUG rally_openstack.cleanup.manager [-] Deleting keystone.user object s_rally_621c9e7f_UVpJvF9c (6fb6ba49ac23496b80efe10d84d7c816)
2020-04-10 06:39:11.383 7990 RALLYDEBUG rally_openstack.cleanup.manager [-] Deleting keystone.user object s_rally_621c9e7f_o2ZM9GIG (72ec4bf912804378ac1c5d9c052210f4)
2020-04-10 06:39:11.393 7990 RALLYDEBUG rally_openstack.cleanup.manager [-] Deleting keystone.user object s_rally_621c9e7f_N9b2bYHk (75de087bfb304367a38b510a63d219e6)
2020-04-10 06:39:11.407 7990 RALLYDEBUG rally_openstack.cleanup.manager [-] Deleting keystone.user object s_rally_621c9e7f_70oAPA92 (7b0403f960ca493bb97d819ad3b3d659)
2020-04-10 06:39:11.418 7990 RALLYDEBUG rally_openstack.cleanup.manager [-] Deleting keystone.user object s_rally_621c9e7f_WULnM866 (7d5eb4ae6b36455d8bebf022cc9d1d7b)
2020-04-10 06:39:11.419 7990 RALLYDEBUG rally_openstack.cleanup.manager [-] Deleting keystone.user object s_rally_621c9e7f_nhvu8DwI (7b34558b86aa4f6198afaf0dc338eab2)
2020-04-10 06:39:11.452 7990 RALLYDEBUG rally_openstack.cleanup.manager [-] Deleting keystone.user object s_rally_621c9e7f_136nSPDM (7d9c362780f341aab4f6a2cd62c60834)
2020-04-10 06:39:11.492 7990 RALLYDEBUG rally_openstack.cleanup.manager [-] Deleting keystone.user object s_rally_621c9e7f_aUxSqI93 (80e56c747916455aaa955c79f137212e)
2020-04-10 06:39:11.536 7990 RALLYDEBUG rally_openstack.cleanup.manager [-] Deleting keystone.user object s_rally_621c9e7f_cTLvYyVe (83c54675fbcf478a95fe26f91699c437)
2020-04-10 06:39:11.609 7990 RALLYDEBUG rally_openstack.cleanup.manager [-] Deleting keystone.user object s_rally_621c9e7f_TTtMZgvQ (845e3a59acdd488ca6f4840f9bdd3f5b)
2020-04-10 06:39:11.884 7990 RALLYDEBUG rally_openstack.cleanup.manager [-] Deleting keystone.user object s_rally_621c9e7f_9HjJV9d4 (8e35d9a0b5be4278a9124a02f9bda563)
2020-04-10 06:39:11.959 7990 RALLYDEBUG rally_openstack.cleanup.manager [-] Deleting keystone.user object s_rally_621c9e7f_0CcPwyTR (9464ffcf8a854447b53e2e00e837ea20)
2020-04-10 06:39:12.188 7990 RALLYDEBUG rally_openstack.cleanup.manager [-] Deleting keystone.user object s_rally_621c9e7f_HYvreHJB (992af836f5d7475aaa47ab77260618bc)
2020-04-10 06:39:12.194 7990 RALLYDEBUG rally_openstack.cleanup.manager [-] Deleting keystone.user object s_rally_621c9e7f_1JXLmwK3 (95d5b47f3d3f444bb07849a5092103bf)
2020-04-10 06:39:12.502 7990 RALLYDEBUG rally_openstack.cleanup.manager [-] Deleting keystone.user object s_rally_621c9e7f_E3uRmf96 (9990f1222a6b4b2dac6c20c55ee840d5)
2020-04-10 06:39:12.517 7990 RALLYDEBUG rally_openstack.cleanup.manager [-] Deleting keystone.user object s_rally_621c9e7f_druHiV3D (9eed9bfccfbc4b38b77b6b3446b11cd5)
2020-04-10 06:39:12.586 7990 RALLYDEBUG rally_openstack.cleanup.manager [-] Deleting keystone.user object s_rally_621c9e7f_FXr4EAgR (a048f8481f1d438a8cc8995f3af1b195)
2020-04-10 06:39:12.922 7990 RALLYDEBUG rally_openstack.cleanup.manager [-] Deleting keystone.user object s_rally_621c9e7f_YQmQuN88 (a2027bfe5ba1413e973b8b50e8e0d5cf)
2020-04-10 06:39:12.953 7990 RALLYDEBUG rally_openstack.cleanup.manager [-] Deleting keystone.user object s_rally_621c9e7f_RNuADffq (a37439956a9f4e2f9c0fe602d6472281)
2020-04-10 06:39:12.972 7990 RALLYDEBUG rally_openstack.cleanup.manager [-] Deleting keystone.user object s_rally_621c9e7f_YIhUGBcw (a3fbc99338544878869aac9abbd71c7d)
2020-04-10 06:39:13.097 7990 RALLYDEBUG rally_openstack.cleanup.manager [-] Deleting keystone.user object s_rally_621c9e7f_6sKU1iwr (a40f7e242add4217b73377dd2949fa56)
2020-04-10 06:39:13.135 7990 RALLYDEBUG rally_openstack.cleanup.manager [-] Deleting keystone.user object s_rally_621c9e7f_1v0N03O6 (afc08f0cb639424086f8f63dab5fb31f)
2020-04-10 06:39:13.154 7990 RALLYDEBUG rally_openstack.cleanup.manager [-] Deleting keystone.user object s_rally_621c9e7f_bsuPv6gw (acf63dc70dc84e30b95d2a6cd14fd582)
2020-04-10 06:39:13.159 7990 RALLYDEBUG rally_openstack.cleanup.manager [-] Deleting keystone.user object s_rally_621c9e7f_OdpC9RMH (b229f96dedff4c008cc57ddd768b6bc6)
2020-04-10 06:39:13.189 7990 RALLYDEBUG rally_openstack.cleanup.manager [-] Deleting keystone.user object s_rally_621c9e7f_6dPSMOrq (b334252d6e594613b5d3c3452b5cee40)
2020-04-10 06:39:13.193 7990 RALLYDEBUG rally_openstack.cleanup.manager [-] Deleting keystone.user object s_rally_621c9e7f_okRXYyCe (b5ec8bdbab0b48c1b89e1fd47d70a0d0)
2020-04-10 06:39:13.272 7990 RALLYDEBUG rally_openstack.cleanup.manager [-] Deleting keystone.user object s_rally_621c9e7f_QCwX4EAx (ba8cc0403078403ab7deb3aeddf0fe54)
2020-04-10 06:39:13.303 7990 RALLYDEBUG rally_openstack.cleanup.manager [-] Deleting keystone.user object s_rally_621c9e7f_oT8e0MF5 (bc19c5a7ef0e4f26988a4342fd6ed026)
2020-04-10 06:39:13.323 7990 RALLYDEBUG rally_openstack.cleanup.manager [-] Deleting keystone.user object s_rally_621c9e7f_l9qXHM9X (bd911fa8fd014eeda21e3a4f62f571c4)
2020-04-10 06:39:13.334 7990 RALLYDEBUG rally_openstack.cleanup.manager [-] Deleting keystone.user object s_rally_621c9e7f_2uyUyEUE (bfee06fc9ec149f49fed82a0036a5a91)
2020-04-10 06:39:13.488 7990 RALLYDEBUG rally_openstack.cleanup.manager [-] Deleting keystone.user object s_rally_621c9e7f_rormtLTU (c102f680e6244ea082833db0271ce4f3)
2020-04-10 06:39:13.562 7990 RALLYDEBUG rally_openstack.cleanup.manager [-] Deleting keystone.user object s_rally_621c9e7f_SKYaqLtX (c8eee4464b9645b980286b717c73dad7)
2020-04-10 06:39:13.583 7990 RALLYDEBUG rally_openstack.cleanup.manager [-] Deleting keystone.user object s_rally_621c9e7f_363NFOnR (c9aa973320bd40289d12dca4bc3f54f1)
2020-04-10 06:39:13.608 7990 RALLYDEBUG rally_openstack.cleanup.manager [-] Deleting keystone.user object s_rally_621c9e7f_KAM38sPi (d3f0740c9f054a1cbb6373fcc2d810e1)
2020-04-10 06:39:13.922 7990 RALLYDEBUG rally_openstack.cleanup.manager [-] Deleting keystone.user object s_rally_621c9e7f_5gmypvIo (dbc5e7127d234d95a91e7539cfad3116)
2020-04-10 06:39:13.954 7990 RALLYDEBUG rally_openstack.cleanup.manager [-] Deleting keystone.user object s_rally_621c9e7f_CfHndhKj (dc0afc363cc84dad95098701e6fb12ac)
2020-04-10 06:39:14.007 7990 RALLYDEBUG rally_openstack.cleanup.manager [-] Deleting keystone.user object s_rally_621c9e7f_5yU2oVtU (dc2e8a6d0be74d26aa7f78b60b9ee555)
2020-04-10 06:39:14.431 7990 RALLYDEBUG rally_openstack.cleanup.manager [-] Deleting keystone.user object s_rally_621c9e7f_HbTsxfin (e2caad0a1ec94394a723b69c9430688f)
2020-04-10 06:39:14.476 7990 RALLYDEBUG rally_openstack.cleanup.manager [-] Deleting keystone.user object s_rally_621c9e7f_xWxeRGTF (e2d3b1adbc9d4bb0a020ede6f249a667)
2020-04-10 06:39:14.543 7990 RALLYDEBUG rally_openstack.cleanup.manager [-] Deleting keystone.user object s_rally_621c9e7f_aGpd43AY (e3a0ae52fe9c4265a8e24956e0f0fa94)
2020-04-10 06:39:14.827 7990 RALLYDEBUG rally_openstack.cleanup.manager [-] Deleting keystone.user object s_rally_621c9e7f_F4fzUsqO (e7200bec2b8141f180ddfbe487098992)
2020-04-10 06:39:14.839 7990 RALLYDEBUG rally_openstack.cleanup.manager [-] Deleting keystone.user object s_rally_621c9e7f_RkRaxW70 (ec2d728c8a64416db575f07e68059fc0)
2020-04-10 06:39:14.855 7990 RALLYDEBUG rally_openstack.cleanup.manager [-] Deleting keystone.user object s_rally_621c9e7f_PkAKQsti (edbd11c15c594a30b6a476a5d0eadf5c)
2020-04-10 06:39:14.908 7990 RALLYDEBUG rally_openstack.cleanup.manager [-] Deleting keystone.user object s_rally_621c9e7f_m1bQ6imt (f24a50534ccd4eae97c44477463aeb20)
2020-04-10 06:39:14.908 7990 RALLYDEBUG rally_openstack.cleanup.manager [-] Deleting keystone.user object s_rally_621c9e7f_SL1xGykv (f33e3ce57cd249e6bae063e9d59e3e88)
2020-04-10 06:39:15.010 7990 RALLYDEBUG rally_openstack.cleanup.manager [-] Deleting keystone.user object s_rally_621c9e7f_AOVJ5TUV (f6ed8d79ab4d4c4f8dd11c129bbb7f92)
2020-04-10 06:39:15.021 7990 RALLYDEBUG rally_openstack.cleanup.manager [-] Deleting keystone.user object s_rally_621c9e7f_BMHznMRu (f8af69637e624e66adf3a17b4ef6af37)
2020-04-10 06:39:15.089 7990 RALLYDEBUG rally_openstack.cleanup.manager [-] Deleting keystone.user object s_rally_621c9e7f_zoTtSkXf (fc3d0327741d48288d340f74a1544009)
2020-04-10 06:39:15.140 7990 RALLYDEBUG rally_openstack.cleanup.manager [-] Deleting keystone.user object s_rally_621c9e7f_7rMEHm0r (fe3f7741353d41a4910ab3a6919e840c)
2020-04-10 06:39:15.171 7990 RALLYDEBUG rally_openstack.cleanup.manager [-] Deleting keystone.user object s_rally_621c9e7f_ALDDuNCv (fce1ea1afa9344d8a0ed06075088830d)
2020-04-10 06:39:16.869 7990 RALLYDEBUG rally_openstack.cleanup.manager [-] Cleaning up keystone project objects
2020-04-10 06:39:17.120 7990 RALLYDEBUG rally_openstack.cleanup.manager [-] Deleting keystone.project object s_rally_621c9e7f_y5M17Rce (021ab82a0eca4a139f15cdda7f99d423)
2020-04-10 06:39:17.160 7990 RALLYDEBUG rally_openstack.cleanup.manager [-] Deleting keystone.project object s_rally_621c9e7f_RPNIQeDZ (259acd54e77a468780bbf2ccd7b92a3c)
2020-04-10 06:39:17.165 7990 RALLYDEBUG rally_openstack.cleanup.manager [-] Deleting keystone.project object s_rally_621c9e7f_yrWY7Y7a (655f57687dd947adaf180015b1d82e70)
2020-04-10 06:39:17.209 7990 RALLYDEBUG rally_openstack.cleanup.manager [-] Deleting keystone.project object s_rally_621c9e7f_xkNP2ILs (20d2eb30d7804efd80cc2886238f9c13)
2020-04-10 06:39:17.214 7990 RALLYDEBUG rally_openstack.cleanup.manager [-] Deleting keystone.project object s_rally_621c9e7f_0FHbWAWj (665806df33d544938442c9b2c7ba105b)
2020-04-10 06:39:17.220 7990 RALLYDEBUG rally_openstack.cleanup.manager [-] Deleting keystone.project object s_rally_621c9e7f_GNgg3Huh (66eaf84949b24c79b9a002dbfda703d3)
2020-04-10 06:39:17.246 7990 RALLYDEBUG rally_openstack.cleanup.manager [-] Deleting keystone.project object s_rally_621c9e7f_inZqPvNP (1a53e1ebb0ec4ddc8f913a87db7b4f91)
2020-04-10 06:39:17.298 7990 RALLYDEBUG rally_openstack.cleanup.manager [-] Deleting keystone.project object s_rally_621c9e7f_D5Mr97DE (1982ee07fe92494cb4962196ff529d23)
2020-04-10 06:39:17.154 7990 RALLYDEBUG rally_openstack.cleanup.manager [-] Deleting keystone.project object s_rally_621c9e7f_8xtin78y (23474a9687204d2f831b261d571c26f0)
2020-04-10 06:39:17.326 7990 RALLYDEBUG rally_openstack.cleanup.manager [-] Deleting keystone.project object s_rally_621c9e7f_56sWks23 (bcce811a2bfb49e7924700e1073284a9)
2020-04-10 06:39:19.007 7990 RALLYDEBUG rally_openstack.cleanup.manager [-] Cleaning up keystone service objects
2020-04-10 06:39:19.468 7990 RALLYDEBUG rally_openstack.cleanup.manager [-] Cleaning up keystone role objects
2020-04-10 06:39:19.752 7990 INFO rally.task.context [-] Task e1f7941c-46d0-4fe0-8f36-2aeca9d410ed | Context admin_cleanup@openstack cleanup() finished in 12.95 sec
2020-04-10 06:39:19.753 7990 INFO rally.task.context [-] Task e1f7941c-46d0-4fe0-8f36-2aeca9d410ed | Context users@openstack cleanup() started
2020-04-10 06:39:19.932 7990 WARNING rally.common.logging [-] `iterate_per_tenants()' is deprecated in v3.0.0: it is openstack specific.. Used at
2020-04-10 06:39:21.202 7990 INFO rally.task.context [-] Task e1f7941c-46d0-4fe0-8f36-2aeca9d410ed | Context users@openstack cleanup() finished in 1.45 sec
2020-04-10 06:39:22.377 7990 INFO rally.task.engine [-] Load duration is: 15.284978
2020-04-10 06:39:22.377 7990 INFO rally.task.engine [-] Full runner duration is: 15.661291
2020-04-10 06:39:22.377 7990 INFO rally.task.engine [-] Full duration is: 31.04688
2020-04-10 06:39:22.465 7990 INFO rally.task.engine [-] Task e1f7941c-46d0-4fe0-8f36-2aeca9d410ed | Completed: Running task.
2020-04-10 06:39:24.030 9689 RALLYDEBUG rally.api [-] INFO logs from urllib3 and requests module are hide.
2020-04-10 06:39:24.030 9689 RALLYDEBUG rally.api [-] urllib3 insecure warnings are hidden.
2020-04-10 06:39:24.030 9689 RALLYDEBUG rally.api [-] ERROR log from boto module is hide.
2020-04-10 06:39:25.310 9690 RALLYDEBUG rally.api [-] INFO logs from urllib3 and requests module are hide.
2020-04-10 06:39:25.311 9690 RALLYDEBUG rally.api [-] urllib3 insecure warnings are hidden.
2020-04-10 06:39:25.311 9690 RALLYDEBUG rally.api [-] ERROR log from boto module is hide.
2020-04-10 06:39:26.738 9691 RALLYDEBUG rally.api [-] INFO logs from urllib3 and requests module are hide.
2020-04-10 06:39:26.738 9691 RALLYDEBUG rally.api [-] urllib3 insecure warnings are hidden.
2020-04-10 06:39:26.738 9691 RALLYDEBUG rally.api [-] ERROR log from boto module is hide.
2020-04-10 06:39:28.639 9691 INFO rally.api [-] Building 'json' report for the following task(s): 'e1f7941c-46d0-4fe0-8f36-2aeca9d410ed'.
2020-04-10 06:39:28.673 9691 INFO rally.api [-] The report has been successfully built.
2020-04-10 06:39:30.144 9693 RALLYDEBUG rally.api [-] INFO logs from urllib3 and requests module are hide.
2020-04-10 06:39:30.144 9693 RALLYDEBUG rally.api [-] urllib3 insecure warnings are hidden.
2020-04-10 06:39:30.144 9693 RALLYDEBUG rally.api [-] ERROR log from boto module is hide.
2020-04-10 06:39:32.233 9693 INFO rally.task.engine [-] Task 4fc1d6ad-9536-401e-86ca-6cc42fc4b6d1 | Starting: Task validation.
2020-04-10 06:39:32.246 9693 INFO rally.task.engine [-] Task 4fc1d6ad-9536-401e-86ca-6cc42fc4b6d1 | Starting: Task validation of syntax.
2020-04-10 06:39:32.502 9693 INFO rally.task.engine [-] Task 4fc1d6ad-9536-401e-86ca-6cc42fc4b6d1 | Completed: Task validation of syntax.
2020-04-10 06:39:32.502 9693 INFO rally.task.engine [-] Task 4fc1d6ad-9536-401e-86ca-6cc42fc4b6d1 | Starting: Task validation of required platforms.
2020-04-10 06:39:32.631 9693 INFO rally.task.engine [-] Task 4fc1d6ad-9536-401e-86ca-6cc42fc4b6d1 | Completed: Task validation of required platforms.
2020-04-10 06:39:32.631 9693 INFO rally.task.engine [-] Task 4fc1d6ad-9536-401e-86ca-6cc42fc4b6d1 | Starting: Task validation of semantic.
2020-04-10 06:39:32.632 9693 INFO rally.task.engine [-] Check health of the environment 'cc6342ea-1dfd-487f-a3b6-1ea1f52a2133'.
2020-04-10 06:39:33.289 9693 INFO rally.task.engine [-] Platform existing@openstack (available: True): OK!
2020-04-10 06:39:33.303 9693 RALLYDEBUG rally_openstack.contexts.keystone.users [-] Creating 1 tenants using 1 threads
2020-04-10 06:39:33.645 9693 RALLYDEBUG rally_openstack.contexts.keystone.users [-] Creating 1 users using 1 threads
2020-04-10 06:39:34.215 9693 INFO rally.task.context [-] Task 4fc1d6ad-9536-401e-86ca-6cc42fc4b6d1 | Context users@openstack setup() finished in 0.91 sec
2020-04-10 06:39:35.197 9693 INFO rally.task.context [-] Task 4fc1d6ad-9536-401e-86ca-6cc42fc4b6d1 | Context users@openstack cleanup() started
2020-04-10 06:39:35.380 9693 WARNING rally.common.logging [-] `iterate_per_tenants()' is deprecated in v3.0.0: it is openstack specific.. Used at
2020-04-10 06:39:36.879 9693 INFO rally.task.context [-] Task 4fc1d6ad-9536-401e-86ca-6cc42fc4b6d1 | Context users@openstack cleanup() finished in 1.68 sec
2020-04-10 06:39:36.880 9693 INFO rally.task.engine [-] Task 4fc1d6ad-9536-401e-86ca-6cc42fc4b6d1 | Completed: Task validation of semantic.
2020-04-10 06:39:36.880 9693 INFO rally.task.engine [-] Task 4fc1d6ad-9536-401e-86ca-6cc42fc4b6d1 | Completed: Task validation.
2020-04-10 06:39:36.881 9693 INFO rally.api [-] Task 4fc1d6ad-9536-401e-86ca-6cc42fc4b6d1 input file is valid.
2020-04-10 06:39:36.881 9693 INFO rally.api [-] Run Task 4fc1d6ad-9536-401e-86ca-6cc42fc4b6d1 against Deployment cc6342ea-1dfd-487f-a3b6-1ea1f52a2133
2020-04-10 06:39:36.881 9693 INFO rally.task.engine [-] Task 4fc1d6ad-9536-401e-86ca-6cc42fc4b6d1 | Starting: Running task.
2020-04-10 06:39:36.935 9693 INFO rally.task.engine [-] Running workload: position = 0 config = { "version": 2, "title": "A cropped version of a bigger task.", "description": "Auto-generated task from a single workload (uuid=c9dc5d83-c18f-4e30-a0f3-31a209234f91)", "subtasks": [ { "title": "NeutronNetworks.create_and_update_networks", "description": "Create and update a network.", "scenario": { "NeutronNetworks.create_and_update_networks": { "network_create_args": {}, "network_update_args": { "admin_state_up": false } } }, "contexts": { "users": { "tenants": 3, "users_per_tenant": 2 }, "quotas": { "neutron": { "network": -1 } } }, "runner": { "constant": { "concurrency": 4, "times": 10 } }, "hooks": [], "sla": { "failure_rate": { "max": 0 } } } ] }
2020-04-10 06:39:36.948 9693 RALLYDEBUG rally_openstack.contexts.keystone.users [-] Creating 3 tenants using 3 threads
2020-04-10 06:39:37.452 9693 RALLYDEBUG rally_openstack.contexts.keystone.users [-] Creating 6 users using 6 threads
2020-04-10 06:39:38.488 9693 INFO rally.task.context [-] Task 4fc1d6ad-9536-401e-86ca-6cc42fc4b6d1 | Context users@openstack setup() finished in 1.54 sec
2020-04-10 06:39:38.807 9693 INFO rally.task.context [-] Task 4fc1d6ad-9536-401e-86ca-6cc42fc4b6d1 | Context quotas@openstack setup() finished in 0.32 sec
2020-04-10 06:39:38.808 9693 INFO rally.task.context [-] Task 4fc1d6ad-9536-401e-86ca-6cc42fc4b6d1 | Context cleanup@openstack setup() finished in 0.00 msec
2020-04-10 06:39:38.817 9693 RALLYDEBUG rally.task.runner [-] Starting the constant runner (task UUID: 4fc1d6ad-9536-401e-86ca-6cc42fc4b6d1). times: 10 concurrency: 4 timeout: 0 max_cpu_used: 88 processes_to_start: 4 concurrency_per_worker: 1 concurrency_overhead: 0
2020-04-10 06:39:38.830 9748 RALLYDEBUG rally.task.runner [-] Starting a worker. times: 10 duration: None concurrency: 1 timeout: 0 cls: method_name: run args: {"network_create_args": {}, "network_update_args": {"admin_state_up": false}}
2020-04-10 06:39:38.832 9749 RALLYDEBUG rally.task.runner [-] Starting a worker. times: 10 duration: None concurrency: 1 timeout: 0 cls: method_name: run args: {"network_create_args": {}, "network_update_args": {"admin_state_up": false}}
2020-04-10 06:39:38.835 9750 RALLYDEBUG rally.task.runner [-] Starting a worker. times: 10 duration: None concurrency: 1 timeout: 0 cls: method_name: run args: {"network_create_args": {}, "network_update_args": {"admin_state_up": false}}
2020-04-10 06:39:38.836 9748 INFO rally.task.runner [-] Task 4fc1d6ad-9536-401e-86ca-6cc42fc4b6d1 | ITER: 1 START
2020-04-10 06:39:38.837 9751 RALLYDEBUG rally.task.runner [-] Starting a worker. times: 10 duration: None concurrency: 1 timeout: 0 cls: method_name: run args: {"network_create_args": {}, "network_update_args": {"admin_state_up": false}}
2020-04-10 06:39:38.838 9749 INFO rally.task.runner [-] Task 4fc1d6ad-9536-401e-86ca-6cc42fc4b6d1 | ITER: 2 START
2020-04-10 06:39:38.841 9750 INFO rally.task.runner [-] Task 4fc1d6ad-9536-401e-86ca-6cc42fc4b6d1 | ITER: 3 START
2020-04-10 06:39:38.843 9751 INFO rally.task.runner [-] Task 4fc1d6ad-9536-401e-86ca-6cc42fc4b6d1 | ITER: 4 START
2020-04-10 06:39:40.523 9751 INFO rally.task.runner [-] Task 4fc1d6ad-9536-401e-86ca-6cc42fc4b6d1 | ITER: 4 END: OK
2020-04-10 06:39:40.528 9751 INFO rally.task.runner [-] Task 4fc1d6ad-9536-401e-86ca-6cc42fc4b6d1 | ITER: 5 START
2020-04-10 06:39:41.064 9750 INFO rally.task.runner [-] Task 4fc1d6ad-9536-401e-86ca-6cc42fc4b6d1 | ITER: 3 END: OK
2020-04-10 06:39:41.070 9750 INFO rally.task.runner [-] Task 4fc1d6ad-9536-401e-86ca-6cc42fc4b6d1 | ITER: 6 START
2020-04-10 06:39:41.898 9751 INFO rally.task.runner [-] Task 4fc1d6ad-9536-401e-86ca-6cc42fc4b6d1 | ITER: 5 END: OK
2020-04-10 06:39:41.903 9751 INFO rally.task.runner [-] Task 4fc1d6ad-9536-401e-86ca-6cc42fc4b6d1 | ITER: 7 START
2020-04-10 06:39:42.669 9748 INFO rally.task.runner [-] Task 4fc1d6ad-9536-401e-86ca-6cc42fc4b6d1 | ITER: 1 END: OK
2020-04-10 06:39:42.675 9748 INFO rally.task.runner [-] Task 4fc1d6ad-9536-401e-86ca-6cc42fc4b6d1 | ITER: 8 START
2020-04-10 06:39:43.547 9751 INFO rally.task.runner [-] Task 4fc1d6ad-9536-401e-86ca-6cc42fc4b6d1 | ITER: 7 END: OK
2020-04-10 06:39:43.553 9751 INFO rally.task.runner [-] Task 4fc1d6ad-9536-401e-86ca-6cc42fc4b6d1 | ITER: 9 START
2020-04-10 06:39:44.204 9750 INFO rally.task.runner [-] Task 4fc1d6ad-9536-401e-86ca-6cc42fc4b6d1 | ITER: 6 END: OK
2020-04-10 06:39:44.209 9750 INFO rally.task.runner [-] Task 4fc1d6ad-9536-401e-86ca-6cc42fc4b6d1 | ITER: 10 START
2020-04-10 06:39:44.622 9749 INFO rally.task.runner [-] Task 4fc1d6ad-9536-401e-86ca-6cc42fc4b6d1 | ITER: 2 END: OK
2020-04-10 06:39:45.519 9751 INFO rally.task.runner [-] Task 4fc1d6ad-9536-401e-86ca-6cc42fc4b6d1 | ITER: 9 END: OK
2020-04-10 06:39:45.727 9748 INFO rally.task.runner [-] Task 4fc1d6ad-9536-401e-86ca-6cc42fc4b6d1 | ITER: 8 END: OK
2020-04-10 06:39:46.729 9750 INFO rally.task.runner [-] Task 4fc1d6ad-9536-401e-86ca-6cc42fc4b6d1 | ITER: 10 END: OK
2020-04-10 06:39:46.749 9693 INFO rally.task.context [-] Task 4fc1d6ad-9536-401e-86ca-6cc42fc4b6d1 | Context cleanup@openstack cleanup() started
2020-04-10 06:39:46.753 9693 RALLYDEBUG rally_openstack.cleanup.manager [-] Cleaning up neutron vip objects
2020-04-10 06:39:47.334 9693 RALLYDEBUG rally_openstack.cleanup.manager [-] Cleaning up neutron health_monitor objects
2020-04-10 06:39:47.792 9693 RALLYDEBUG rally_openstack.cleanup.manager [-] Cleaning up neutron pool objects
2020-04-10 06:39:48.233 9693 RALLYDEBUG rally_openstack.cleanup.manager [-] Cleaning up neutron loadbalancer objects
2020-04-10 06:39:48.730 9693 RALLYDEBUG rally_openstack.cleanup.manager [-] Cleaning up neutron floatingip objects
2020-04-10 06:39:49.324 9693 RALLYDEBUG rally_openstack.cleanup.manager [-] Cleaning up neutron trunk objects
2020-04-10 06:39:49.813 9693 RALLYDEBUG rally_openstack.cleanup.manager [-] Cleaning up neutron port objects
2020-04-10 06:39:51.097 9693 RALLYDEBUG rally_openstack.cleanup.manager [-] Cleaning up neutron subnet objects
2020-04-10 06:39:51.576 9693 RALLYDEBUG rally_openstack.cleanup.manager [-] Cleaning up neutron network objects
2020-04-10 06:39:52.316 9693 RALLYDEBUG rally_openstack.cleanup.manager [-] Deleting neutron.network object s_rally_c9dc5d83_Z6LW0Vbm (11ab064e-b16e-438f-8eef-d7fc7cbd7fe1)
2020-04-10 06:39:52.329 9693 RALLYDEBUG rally_openstack.cleanup.manager [-] Deleting neutron.network object s_rally_c9dc5d83_JauWJtga (94a67df7-fe9b-4fbe-a0ca-2e2ef9cb7aac)
2020-04-10 06:39:52.339 9693 RALLYDEBUG rally_openstack.cleanup.manager [-] Deleting neutron.network object s_rally_c9dc5d83_LqjLmIJv (9ad0b0ca-cf95-4f53-a154-83dad4703153)
2020-04-10 06:39:52.354 9693 RALLYDEBUG rally_openstack.cleanup.manager [-] Deleting neutron.network object s_rally_c9dc5d83_4hlOLSJ8 (b08180d2-1d0b-40bd-9383-d1d3baac3da6)
2020-04-10 06:39:52.370 9693 RALLYDEBUG rally_openstack.cleanup.manager [-] Deleting neutron.network object s_rally_c9dc5d83_X8QhVaRn (cb7352a7-ac05-432f-bcf9-edae71f89e2b)
2020-04-10 06:39:52.365 9693 RALLYDEBUG rally_openstack.cleanup.manager [-] Deleting neutron.network object s_rally_c9dc5d83_DwZgB0OQ (c98af66a-79b4-4383-94b3-1f95bd0cc561)
2020-04-10 06:39:52.384 9693 RALLYDEBUG rally_openstack.cleanup.manager [-] Deleting neutron.network object s_rally_c9dc5d83_QgzkhrSR (10fa816c-1e52-49b4-a133-682f7bc9558e)
2020-04-10 06:39:52.378 9693 RALLYDEBUG rally_openstack.cleanup.manager [-] Deleting neutron.network object s_rally_c9dc5d83_Yq76f8lD (d6b08fd7-f60c-4928-a0e5-9715fbf022ab)
2020-04-10 06:39:52.411 9693 RALLYDEBUG rally_openstack.cleanup.manager [-] Deleting neutron.network object s_rally_c9dc5d83_PRA7EcaB (1841c546-d819-4a2d-804f-aeec56bc5873)
2020-04-10 06:39:52.445 9693 RALLYDEBUG rally_openstack.cleanup.manager [-] Deleting neutron.network object s_rally_c9dc5d83_475LJEnI (54e4a5e0-fded-4d30-8e29-3850fa72ac1c)
2020-04-10 06:39:57.704 9693 RALLYDEBUG rally_openstack.cleanup.manager [-] Cleaning up neutron router objects
2020-04-10 06:39:58.338 9693 RALLYDEBUG rally_openstack.cleanup.manager [-] Cleaning up neutron security_group objects
2020-04-10 06:39:58.950 9693 INFO rally.task.context [-] Task 4fc1d6ad-9536-401e-86ca-6cc42fc4b6d1 | Context cleanup@openstack cleanup() finished in 12.20 sec
2020-04-10 06:39:58.951 9693 INFO rally.task.context [-] Task 4fc1d6ad-9536-401e-86ca-6cc42fc4b6d1 | Context quotas@openstack cleanup() started
2020-04-10 06:39:59.002 9693 INFO rally.task.context [-] Task 4fc1d6ad-9536-401e-86ca-6cc42fc4b6d1 | Context quotas@openstack cleanup() finished in 51.83 msec
2020-04-10 06:39:59.003 9693 INFO rally.task.context [-] Task 4fc1d6ad-9536-401e-86ca-6cc42fc4b6d1 | Context users@openstack cleanup() started
2020-04-10 06:39:59.162 9693 WARNING rally.common.logging [-] `iterate_per_tenants()' is deprecated in v3.0.0: it is openstack specific.. Used at
2020-04-10 06:40:01.329 9693 INFO rally.task.context [-] Task 4fc1d6ad-9536-401e-86ca-6cc42fc4b6d1 | Context users@openstack cleanup() finished in 2.33 sec
2020-04-10 06:40:03.148 9693 INFO rally.task.engine [-] Load duration is: 7.890623
2020-04-10 06:40:03.149 9693 INFO rally.task.engine [-] Full runner duration is: 7.932717
2020-04-10 06:40:03.149 9693 INFO rally.task.engine [-] Full duration is: 24.383099
2020-04-10 06:40:03.254 9693 INFO rally.task.engine [-] Running workload: position = 0 config = { "version": 2, "title": "A cropped version of a bigger task.", "description": "Auto-generated task from a single workload (uuid=9c601e58-fb10-41f3-8d71-07809e0100be)", "subtasks": [ { "title": "NeutronNetworks.create_and_update_ports", "description": "Create and update a given number of ports.", "scenario": { "NeutronNetworks.create_and_update_ports": { "network_create_args": {}, "port_create_args": {}, "port_update_args": { "admin_state_up": false, "device_id": "dummy_id", "device_owner": "dummy_owner" }, "ports_per_network": 1 } }, "contexts": { "users": { "tenants": 3, "users_per_tenant": 2 }, "network": { "router": {} }, "quotas": { "neutron": { "network": -1, "port": -1 } } }, "runner": { "constant": { "concurrency": 4, "times": 10 } }, "hooks": [], "sla": { "failure_rate": { "max": 0 } } } ] }
2020-04-10 06:40:03.276 9693 RALLYDEBUG rally_openstack.contexts.keystone.users [-] Creating 3 tenants using 3 threads
2020-04-10 06:40:03.740 9693 RALLYDEBUG rally_openstack.contexts.keystone.users [-] Creating 6 users using 6 threads
2020-04-10 06:40:04.690 9693 INFO rally.task.context [-] Task 4fc1d6ad-9536-401e-86ca-6cc42fc4b6d1 | Context users@openstack setup() finished in 1.41 sec
2020-04-10 06:40:05.072 9693 INFO rally.task.context [-] Task 4fc1d6ad-9536-401e-86ca-6cc42fc4b6d1 | Context quotas@openstack setup() finished in 0.38 sec
2020-04-10 06:40:05.176 9693 WARNING rally.common.logging [-] `iterate_per_tenants()' is deprecated in v3.0.0: it is openstack specific.. Used at
2020-04-10 06:40:06.203 9693 RALLYDEBUG rally_openstack.wrappers.network [-] CIDR generated: 10.2.0.0/24
2020-04-10 06:40:08.458 9693 RALLYDEBUG rally_openstack.wrappers.network [-] CIDR generated: 10.2.1.0/24
2020-04-10 06:40:10.024 9693 RALLYDEBUG rally_openstack.wrappers.network [-] CIDR generated: 10.2.2.0/24
2020-04-10 06:40:10.946 9693 INFO rally.task.context [-] Task 4fc1d6ad-9536-401e-86ca-6cc42fc4b6d1 | Context network@openstack setup() finished in 5.87 sec
2020-04-10 06:40:10.947 9693 INFO rally.task.context [-] Task 4fc1d6ad-9536-401e-86ca-6cc42fc4b6d1 | Context cleanup@openstack setup() finished in 0.04 msec
2020-04-10 06:40:10.958 9693 RALLYDEBUG rally.task.runner [-] Starting the constant runner (task UUID: 4fc1d6ad-9536-401e-86ca-6cc42fc4b6d1). times: 10 concurrency: 4 timeout: 0 max_cpu_used: 88 processes_to_start: 4 concurrency_per_worker: 1 concurrency_overhead: 0
2020-04-10 06:40:10.971 10041 RALLYDEBUG rally.task.runner [-] Starting a worker. times: 10 duration: None concurrency: 1 timeout: 0 cls: method_name: run args: {"network_create_args": {}, "port_create_args": {}, "port_update_args": {"admin_state_up": false, "device_id": "dummy_id", "device_owner": "dummy_owner"}, "ports_per_network": 1}
2020-04-10 06:40:10.973 10042 RALLYDEBUG rally.task.runner [-] Starting a worker. times: 10 duration: None concurrency: 1 timeout: 0 cls: method_name: run args: {"network_create_args": {}, "port_create_args": {}, "port_update_args": {"admin_state_up": false, "device_id": "dummy_id", "device_owner": "dummy_owner"}, "ports_per_network": 1}
2020-04-10 06:40:10.975 10043 RALLYDEBUG rally.task.runner [-] Starting a worker. times: 10 duration: None concurrency: 1 timeout: 0 cls: method_name: run args: {"network_create_args": {}, "port_create_args": {}, "port_update_args": {"admin_state_up": false, "device_id": "dummy_id", "device_owner": "dummy_owner"}, "ports_per_network": 1}
2020-04-10 06:40:10.977 10044 RALLYDEBUG rally.task.runner [-] Starting a worker. times: 10 duration: None concurrency: 1 timeout: 0 cls: method_name: run args: {"network_create_args": {}, "port_create_args": {}, "port_update_args": {"admin_state_up": false, "device_id": "dummy_id", "device_owner": "dummy_owner"}, "ports_per_network": 1}
2020-04-10 06:40:10.979 10041 INFO rally.task.runner [-] Task 4fc1d6ad-9536-401e-86ca-6cc42fc4b6d1 | ITER: 1 START
2020-04-10 06:40:10.980 10042 INFO rally.task.runner [-] Task 4fc1d6ad-9536-401e-86ca-6cc42fc4b6d1 | ITER: 2 START
2020-04-10 06:40:10.983 10043 INFO rally.task.runner [-] Task 4fc1d6ad-9536-401e-86ca-6cc42fc4b6d1 | ITER: 3 START
2020-04-10 06:40:10.984 10044 INFO rally.task.runner [-] Task 4fc1d6ad-9536-401e-86ca-6cc42fc4b6d1 | ITER: 4 START
2020-04-10 06:40:12.479 10042 INFO rally.task.runner [-] Task 4fc1d6ad-9536-401e-86ca-6cc42fc4b6d1 | ITER: 2 END: OK
2020-04-10 06:40:12.484 10042 INFO rally.task.runner [-] Task 4fc1d6ad-9536-401e-86ca-6cc42fc4b6d1 | ITER: 5 START
2020-04-10 06:40:13.885 10042 INFO rally.task.runner [-] Task 4fc1d6ad-9536-401e-86ca-6cc42fc4b6d1 | ITER: 5 END: OK
2020-04-10 06:40:13.891 10042 INFO rally.task.runner [-] Task 4fc1d6ad-9536-401e-86ca-6cc42fc4b6d1 | ITER: 6 START
2020-04-10 06:40:15.430 10042 INFO rally.task.runner [-] Task 4fc1d6ad-9536-401e-86ca-6cc42fc4b6d1 | ITER: 6 END: OK
2020-04-10 06:40:15.435 10042 INFO rally.task.runner [-] Task 4fc1d6ad-9536-401e-86ca-6cc42fc4b6d1 | ITER: 7 START
2020-04-10 06:40:15.828 10043 INFO rally.task.runner [-] Task 4fc1d6ad-9536-401e-86ca-6cc42fc4b6d1 | ITER: 3 END: OK
2020-04-10 06:40:15.834 10043 INFO rally.task.runner [-] Task 4fc1d6ad-9536-401e-86ca-6cc42fc4b6d1 | ITER: 8 START
2020-04-10 06:40:15.837 10041 INFO rally.task.runner [-] Task 4fc1d6ad-9536-401e-86ca-6cc42fc4b6d1 | ITER: 1 END: OK
2020-04-10 06:40:15.843 10041 INFO rally.task.runner [-] Task 4fc1d6ad-9536-401e-86ca-6cc42fc4b6d1 | ITER: 9 START
2020-04-10 06:40:15.847 10044 INFO rally.task.runner [-] Task 4fc1d6ad-9536-401e-86ca-6cc42fc4b6d1 | ITER: 4 END: OK
2020-04-10 06:40:15.852 10044 INFO rally.task.runner [-] Task 4fc1d6ad-9536-401e-86ca-6cc42fc4b6d1 | ITER: 10 START
2020-04-10 06:40:17.360 10044 INFO rally.task.runner [-] Task 4fc1d6ad-9536-401e-86ca-6cc42fc4b6d1 | ITER: 10 END: OK
2020-04-10 06:40:17.876 10041 INFO rally.task.runner [-] Task 4fc1d6ad-9536-401e-86ca-6cc42fc4b6d1 | ITER: 9 END: OK
2020-04-10 06:40:18.454 10042 INFO rally.task.runner [-] Task 4fc1d6ad-9536-401e-86ca-6cc42fc4b6d1 | ITER: 7 END: OK
2020-04-10 06:40:18.632 10043 INFO rally.task.runner [-] Task 4fc1d6ad-9536-401e-86ca-6cc42fc4b6d1 | ITER: 8 END: OK
2020-04-10 06:40:18.654 9693 INFO rally.task.context [-] Task 4fc1d6ad-9536-401e-86ca-6cc42fc4b6d1 | Context cleanup@openstack cleanup() started
2020-04-10 06:40:18.659 9693 RALLYDEBUG rally_openstack.cleanup.manager [-] Cleaning up neutron vip objects
2020-04-10 06:40:19.080 9693 RALLYDEBUG rally_openstack.cleanup.manager [-] Cleaning up neutron health_monitor objects
2020-04-10 06:40:19.553 9693 RALLYDEBUG rally_openstack.cleanup.manager [-] Cleaning up neutron pool objects
2020-04-10 06:40:19.991 9693 RALLYDEBUG rally_openstack.cleanup.manager [-] Cleaning up neutron loadbalancer objects
2020-04-10 06:40:20.479 9693 RALLYDEBUG rally_openstack.cleanup.manager [-] Cleaning up neutron floatingip objects
2020-04-10 06:40:21.102 9693 RALLYDEBUG rally_openstack.cleanup.manager [-] Cleaning up neutron trunk objects
2020-04-10 06:40:21.666 9693 RALLYDEBUG rally_openstack.cleanup.manager [-] Cleaning up neutron port objects
2020-04-10 06:40:22.427 9693 RALLYDEBUG rally_openstack.cleanup.manager [-] Deleting neutron.port object s_rally_9c601e58_gASo104B (62bd6435-9ab7-4779-931f-d008f1022c0f)
2020-04-10 06:40:22.427 9693 RALLYDEBUG rally_openstack.cleanup.manager [-] Deleting neutron.port object s_rally_9c601e58_wEDJDUA2 (9d7577fa-99ea-496f-b442-87e3f81db6c3)
2020-04-10 06:40:22.443 9693 RALLYDEBUG rally_openstack.cleanup.manager [-] Deleting neutron.port object s_rally_9c601e58_n0L8THcQ (db77dbde-a4a0-4862-829e-ff095835556b)
2020-04-10 06:40:22.471 9693 RALLYDEBUG rally_openstack.cleanup.manager [-] Deleting neutron.port object s_rally_9c601e58_l1bJ2ZCM (46e9db85-859e-4008-ad31-5633f8430a52)
2020-04-10 06:40:22.463 9693 RALLYDEBUG rally_openstack.cleanup.manager [-] Deleting neutron.port object s_rally_9c601e58_lncgpgHs (138ebe45-2195-4d08-a6dc-a70eed52e86b)
2020-04-10 06:40:22.498 9693 RALLYDEBUG rally_openstack.cleanup.manager [-] Deleting neutron.port object s_rally_9c601e58_ntR8xN8k (13bbb628-a3e4-4b3a-b2a5-efeb477212e1)
2020-04-10 06:40:22.493 9693 RALLYDEBUG rally_openstack.cleanup.manager [-] Deleting neutron.port object s_rally_9c601e58_LlqhB5Xb (e074deca-00b1-44e9-bc3f-48d51227936a)
2020-04-10 06:40:22.515 9693 RALLYDEBUG rally_openstack.cleanup.manager [-] Deleting neutron.port object s_rally_9c601e58_EodOBQ69 (47bb7b80-8a2a-4c3f-94ca-3c7eaac7034e)
2020-04-10 06:40:22.520 9693 RALLYDEBUG rally_openstack.cleanup.manager [-] Deleting neutron.port object s_rally_9c601e58_tOjr5FKh (d56bb6d6-9e9e-4d5b-93b2-0fba31e392ef)
2020-04-10 06:40:22.521 9693 RALLYDEBUG rally_openstack.cleanup.manager [-] Deleting neutron.port object s_rally_9c601e58_88OuOztT (47b1a14b-85dc-400a-84c8-eb08c973bfc7)
2020-04-10 06:40:26.000 9693 RALLYDEBUG rally_openstack.cleanup.manager [-] Cleaning up neutron subnet objects
2020-04-10 06:40:26.600 9693 RALLYDEBUG rally_openstack.cleanup.manager [-] Cleaning up neutron network objects
2020-04-10 06:40:27.395 9693 RALLYDEBUG rally_openstack.cleanup.manager [-] Cleaning up neutron router objects
2020-04-10 06:40:27.989 9693 RALLYDEBUG rally_openstack.cleanup.manager [-] Cleaning up neutron security_group objects
2020-04-10 06:40:28.609 9693 INFO rally.task.context [-] Task 4fc1d6ad-9536-401e-86ca-6cc42fc4b6d1 | Context cleanup@openstack cleanup() finished in 9.95 sec
2020-04-10 06:40:28.610 9693 INFO rally.task.context [-] Task 4fc1d6ad-9536-401e-86ca-6cc42fc4b6d1 | Context network@openstack cleanup() started
2020-04-10 06:40:35.316 9693 INFO rally.task.context [-] Task 4fc1d6ad-9536-401e-86ca-6cc42fc4b6d1 | Context network@openstack cleanup() finished in 6.71 sec
2020-04-10 06:40:35.316 9693 INFO rally.task.context [-] Task 4fc1d6ad-9536-401e-86ca-6cc42fc4b6d1 | Context quotas@openstack cleanup() started
2020-04-10 06:40:35.387 9693 INFO rally.task.context [-] Task 4fc1d6ad-9536-401e-86ca-6cc42fc4b6d1 | Context quotas@openstack cleanup() finished in 70.36 msec
2020-04-10 06:40:35.387 9693 INFO rally.task.context [-] Task 4fc1d6ad-9536-401e-86ca-6cc42fc4b6d1 | Context users@openstack cleanup() started
2020-04-10 06:40:35.533 9693 WARNING rally.common.logging [-] `iterate_per_tenants()' is deprecated in v3.0.0: it is openstack specific.. Used at
2020-04-10 06:40:37.631 9693 INFO rally.task.context [-] Task 4fc1d6ad-9536-401e-86ca-6cc42fc4b6d1 | Context users@openstack cleanup() finished in 2.24 sec
2020-04-10 06:40:39.509 9693 INFO rally.task.engine [-] Load duration is: 7.65238
2020-04-10 06:40:39.509 9693 INFO rally.task.engine [-] Full runner duration is: 7.696421
2020-04-10 06:40:39.510 9693 INFO rally.task.engine [-] Full duration is: 34.358162
2020-04-10 06:40:39.607 9693 INFO rally.task.engine [-] Running workload: position = 0 config = { "version": 2, "title": "A cropped version of a bigger task.", "description": "Auto-generated task from a single workload (uuid=828e973f-9afb-4b2a-8b06-52b40ac12883)", "subtasks": [ { "title": "NeutronNetworks.create_and_update_routers", "description": "Create and update a given number of routers.", "scenario": { "NeutronNetworks.create_and_update_routers": { "network_create_args": {}, "router_create_args": {}, "router_update_args": { "admin_state_up": false }, "subnet_cidr_start": "1.1.0.0/30", "subnet_create_args": {}, "subnets_per_network": 1 } }, "contexts": { "users": { "tenants": 3, "users_per_tenant": 2 }, "quotas": { "neutron": { "network": -1, "subnet": -1, "port": -1, "router": -1 } } }, "runner": { "constant": { "concurrency": 4, "times": 10 } }, "hooks": [], "sla": { "failure_rate": { "max": 0 } } } ] }
2020-04-10 06:40:39.631 9693 RALLYDEBUG rally_openstack.contexts.keystone.users [-] Creating 3 tenants using 3 threads
2020-04-10 06:40:40.190 9693 RALLYDEBUG rally_openstack.contexts.keystone.users [-] Creating 6 users using 6 threads
2020-04-10 06:40:41.098 9693 INFO rally.task.context [-] Task 4fc1d6ad-9536-401e-86ca-6cc42fc4b6d1 | Context users@openstack setup() finished in 1.47 sec
2020-04-10 06:40:41.512 9693 INFO rally.task.context [-] Task 4fc1d6ad-9536-401e-86ca-6cc42fc4b6d1 | Context quotas@openstack setup() finished in 0.41 sec
2020-04-10 06:40:41.513 9693 INFO rally.task.context [-] Task 4fc1d6ad-9536-401e-86ca-6cc42fc4b6d1 | Context cleanup@openstack setup() finished in 0.02 msec
2020-04-10 06:40:41.524 9693 RALLYDEBUG rally.task.runner [-] Starting the constant runner (task UUID: 4fc1d6ad-9536-401e-86ca-6cc42fc4b6d1). times: 10 concurrency: 4 timeout: 0 max_cpu_used: 88 processes_to_start: 4 concurrency_per_worker: 1 concurrency_overhead: 0
2020-04-10 06:40:41.537 10334 RALLYDEBUG rally.task.runner [-] Starting a worker. times: 10 duration: None concurrency: 1 timeout: 0 cls: method_name: run args: {"network_create_args": {}, "router_create_args": {}, "router_update_args": {"admin_state_up": false}, "subnet_cidr_start": "1.1.0.0/30", "subnet_create_args": {}, "subnets_per_network": 1}
2020-04-10 06:40:41.539 10335 RALLYDEBUG rally.task.runner [-] Starting a worker. times: 10 duration: None concurrency: 1 timeout: 0 cls: method_name: run args: {"network_create_args": {}, "router_create_args": {}, "router_update_args": {"admin_state_up": false}, "subnet_cidr_start": "1.1.0.0/30", "subnet_create_args": {}, "subnets_per_network": 1}
2020-04-10 06:40:41.542 10336 RALLYDEBUG rally.task.runner [-] Starting a worker. times: 10 duration: None concurrency: 1 timeout: 0 cls: method_name: run args: {"network_create_args": {}, "router_create_args": {}, "router_update_args": {"admin_state_up": false}, "subnet_cidr_start": "1.1.0.0/30", "subnet_create_args": {}, "subnets_per_network": 1}
2020-04-10 06:40:41.544 10334 INFO rally.task.runner [-] Task 4fc1d6ad-9536-401e-86ca-6cc42fc4b6d1 | ITER: 1 START
2020-04-10 06:40:41.545 10335 INFO rally.task.runner [-] Task 4fc1d6ad-9536-401e-86ca-6cc42fc4b6d1 | ITER: 2 START
2020-04-10 06:40:41.545 10337 RALLYDEBUG rally.task.runner [-] Starting a worker. times: 10 duration: None concurrency: 1 timeout: 0 cls: method_name: run args: {"network_create_args": {}, "router_create_args": {}, "router_update_args": {"admin_state_up": false}, "subnet_cidr_start": "1.1.0.0/30", "subnet_create_args": {}, "subnets_per_network": 1}
2020-04-10 06:40:41.548 10336 INFO rally.task.runner [-] Task 4fc1d6ad-9536-401e-86ca-6cc42fc4b6d1 | ITER: 3 START
2020-04-10 06:40:41.552 10337 INFO rally.task.runner [-] Task 4fc1d6ad-9536-401e-86ca-6cc42fc4b6d1 | ITER: 4 START
2020-04-10 06:40:43.297 10335 RALLYDEBUG rally_openstack.wrappers.network [-] CIDR generated: 1.1.0.12/30
2020-04-10 06:40:45.057 10334 RALLYDEBUG rally_openstack.wrappers.network [-] CIDR generated: 1.1.0.16/30
2020-04-10 06:40:45.185 10336 RALLYDEBUG rally_openstack.wrappers.network [-] CIDR generated: 1.1.0.20/30
2020-04-10 06:40:45.907 10337 RALLYDEBUG rally_openstack.wrappers.network [-] CIDR generated: 1.1.0.24/30
2020-04-10 06:40:48.319 10335 INFO rally.task.runner [-] Task 4fc1d6ad-9536-401e-86ca-6cc42fc4b6d1 | ITER: 2 END: OK
2020-04-10 06:40:48.324 10335 INFO rally.task.runner [-] Task 4fc1d6ad-9536-401e-86ca-6cc42fc4b6d1 | ITER: 5 START
2020-04-10 06:40:49.241 10335 RALLYDEBUG rally_openstack.wrappers.network [-] CIDR generated: 1.1.0.28/30
2020-04-10 06:40:51.898 10337 INFO rally.task.runner [-] Task 4fc1d6ad-9536-401e-86ca-6cc42fc4b6d1 | ITER: 4 END: OK
2020-04-10 06:40:51.904 10337 INFO rally.task.runner [-] Task 4fc1d6ad-9536-401e-86ca-6cc42fc4b6d1 | ITER: 6 START
2020-04-10 06:40:52.814 10337 RALLYDEBUG rally_openstack.wrappers.network [-] CIDR generated: 1.1.0.32/30
2020-04-10 06:40:55.477 10335 INFO rally.task.runner [-] Task 4fc1d6ad-9536-401e-86ca-6cc42fc4b6d1 | ITER: 5 END: OK
2020-04-10 06:40:55.482 10335 INFO rally.task.runner [-] Task 4fc1d6ad-9536-401e-86ca-6cc42fc4b6d1 | ITER: 7 START
2020-04-10 06:40:55.760 10336 INFO rally.task.runner [-] Task 4fc1d6ad-9536-401e-86ca-6cc42fc4b6d1 | ITER: 3 END: OK
2020-04-10 06:40:55.765 10336 INFO rally.task.runner [-] Task 4fc1d6ad-9536-401e-86ca-6cc42fc4b6d1 | ITER: 8 START
2020-04-10 06:40:55.768 10334 INFO rally.task.runner [-] Task 4fc1d6ad-9536-401e-86ca-6cc42fc4b6d1 | ITER: 1 END: OK
2020-04-10 06:40:55.773 10334 INFO rally.task.runner [-] Task 4fc1d6ad-9536-401e-86ca-6cc42fc4b6d1 | ITER: 9 START
2020-04-10 06:40:56.594 10335 RALLYDEBUG rally_openstack.wrappers.network [-] CIDR generated: 1.1.0.36/30
2020-04-10 06:40:57.391 10334 RALLYDEBUG rally_openstack.wrappers.network [-] CIDR generated: 1.1.0.40/30
2020-04-10 06:40:58.551 10337 INFO rally.task.runner [-] Task 4fc1d6ad-9536-401e-86ca-6cc42fc4b6d1 | ITER: 6 END: OK
2020-04-10 06:40:58.555 10337 INFO rally.task.runner [-] Task 4fc1d6ad-9536-401e-86ca-6cc42fc4b6d1 | ITER: 10 START
2020-04-10 06:40:59.223 10336 RALLYDEBUG rally_openstack.wrappers.network [-] CIDR generated: 1.1.0.44/30
2020-04-10 06:40:59.411 10337 RALLYDEBUG rally_openstack.wrappers.network [-] CIDR generated: 1.1.0.48/30
2020-04-10 06:41:02.483 10335 INFO rally.task.runner [-] Task 4fc1d6ad-9536-401e-86ca-6cc42fc4b6d1 | ITER: 7 END: OK
2020-04-10 06:41:05.306 10337 INFO rally.task.runner [-] Task 4fc1d6ad-9536-401e-86ca-6cc42fc4b6d1 | ITER: 10 END: OK
2020-04-10 06:41:07.508 10334 INFO rally.task.runner [-] Task 4fc1d6ad-9536-401e-86ca-6cc42fc4b6d1 | ITER: 9 END: OK
2020-04-10 06:41:08.078 10336 INFO rally.task.runner [-] Task 4fc1d6ad-9536-401e-86ca-6cc42fc4b6d1 | ITER: 8 END: OK
2020-04-10 06:41:08.105 9693 INFO rally.task.context [-] Task 4fc1d6ad-9536-401e-86ca-6cc42fc4b6d1 | Context cleanup@openstack cleanup() started
2020-04-10 06:41:08.112 9693 RALLYDEBUG rally_openstack.cleanup.manager [-] Cleaning up neutron vip objects
2020-04-10 06:41:08.568 9693 RALLYDEBUG rally_openstack.cleanup.manager [-] Cleaning up neutron health_monitor objects
2020-04-10 06:41:09.032 9693 RALLYDEBUG rally_openstack.cleanup.manager [-] Cleaning up neutron pool objects
