2020-04-10 06:17:14.186 1929 INFO rally.task.runner [-] Task 5d972f25-35dd-49c1-a6d1-6e1e54fe1678 | ITER: 3 END: OK
2020-04-10 06:17:14.191 1929 INFO rally.task.runner [-] Task 5d972f25-35dd-49c1-a6d1-6e1e54fe1678 | ITER: 7 START
2020-04-10 06:17:14.426 1928 INFO rally.task.runner [-] Task 5d972f25-35dd-49c1-a6d1-6e1e54fe1678 | ITER: 2 END: OK
2020-04-10 06:17:14.431 1928 INFO rally.task.runner [-] Task 5d972f25-35dd-49c1-a6d1-6e1e54fe1678 | ITER: 8 START
2020-04-10 06:17:16.752 1927 INFO rally.task.runner [-] Task 5d972f25-35dd-49c1-a6d1-6e1e54fe1678 | ITER: 6 END: OK
2020-04-10 06:17:16.755 1930 INFO rally.task.runner [-] Task 5d972f25-35dd-49c1-a6d1-6e1e54fe1678 | ITER: 5 END: OK
2020-04-10 06:17:16.758 1927 INFO rally.task.runner [-] Task 5d972f25-35dd-49c1-a6d1-6e1e54fe1678 | ITER: 9 START
2020-04-10 06:17:16.759 1930 INFO rally.task.runner [-] Task 5d972f25-35dd-49c1-a6d1-6e1e54fe1678 | ITER: 10 START
2020-04-10 06:17:17.166 1928 INFO rally.task.runner [-] Task 5d972f25-35dd-49c1-a6d1-6e1e54fe1678 | ITER: 8 END: OK
2020-04-10 06:17:17.263 1929 INFO rally.task.runner [-] Task 5d972f25-35dd-49c1-a6d1-6e1e54fe1678 | ITER: 7 END: OK
2020-04-10 06:17:19.440 1930 INFO rally.task.runner [-] Task 5d972f25-35dd-49c1-a6d1-6e1e54fe1678 | ITER: 10 END: OK
2020-04-10 06:17:19.580 1927 INFO rally.task.runner [-] Task 5d972f25-35dd-49c1-a6d1-6e1e54fe1678 | ITER: 9 END: OK
2020-04-10 06:17:19.604 1333 INFO rally.task.context [-] Task 5d972f25-35dd-49c1-a6d1-6e1e54fe1678 | Context cleanup@openstack cleanup() started
2020-04-10 06:17:19.608 1333 RALLYDEBUG rally_openstack.cleanup.manager [-] Cleaning up cinder backups objects
2020-04-10 06:17:20.127 1333 RALLYDEBUG rally_openstack.cleanup.manager [-] Cleaning up cinder volume_snapshots objects
2020-04-10 06:17:20.605 1333 RALLYDEBUG rally_openstack.cleanup.manager [-] Cleaning up cinder transfers objects
2020-04-10 06:17:21.066 1333 RALLYDEBUG rally_openstack.cleanup.manager [-] Cleaning up cinder volumes objects
2020-04-10 06:17:21.704 1333 RALLYDEBUG rally_openstack.cleanup.manager [-] Deleting cinder.volumes object s_rally_980fd1f0_5Q9PYQdQ (75e9bca7-e82f-4d3a-a60c-8fcc349c451e)
2020-04-10 06:17:21.720 1333 RALLYDEBUG rally_openstack.cleanup.manager [-] Deleting cinder.volumes object s_rally_980fd1f0_OCNwpKyl (3ed06df7-d1ee-480e-8319-54c1bdf251a2)
2020-04-10 06:17:21.732 1333 RALLYDEBUG rally_openstack.cleanup.manager [-] Deleting cinder.volumes object s_rally_980fd1f0_riG9fGE1 (065dea2c-dc81-403d-8506-52bdd473a027)
2020-04-10 06:17:21.731 1333 RALLYDEBUG rally_openstack.cleanup.manager [-] Deleting cinder.volumes object s_rally_980fd1f0_7yJix1BI (a443c952-b913-4210-8bd7-ea05ff1256c8)
2020-04-10 06:17:21.749 1333 RALLYDEBUG rally_openstack.cleanup.manager [-] Deleting cinder.volumes object s_rally_980fd1f0_UShgfvay (936abad0-2a03-44fb-bd1c-f9ec40bdc933)
2020-04-10 06:17:21.766 1333 RALLYDEBUG rally_openstack.cleanup.manager [-] Deleting cinder.volumes object s_rally_980fd1f0_qGRlFD1N (1a2047e7-9c66-4400-815a-576e23df21e7)
2020-04-10 06:17:21.782 1333 RALLYDEBUG rally_openstack.cleanup.manager [-] Deleting cinder.volumes object s_rally_980fd1f0_clIiwtye (8c001c28-21d5-4551-9c14-b880aabe6ca1)
2020-04-10 06:17:21.788 1333 RALLYDEBUG rally_openstack.cleanup.manager [-] Deleting cinder.volumes object s_rally_980fd1f0_ycVJFlrk (a07907fb-9d8b-4737-a272-6121834dba2e)
2020-04-10 06:17:21.818 1333 RALLYDEBUG rally_openstack.cleanup.manager [-] Deleting cinder.volumes object s_rally_980fd1f0_tglNo7X8 (5688d7e5-67ad-4e1e-8696-9c6bba255be0)
2020-04-10 06:17:21.823 1333 RALLYDEBUG rally_openstack.cleanup.manager [-] Deleting cinder.volumes object s_rally_980fd1f0_Jjndu4wB (e38b511e-d11d-4e83-a4bc-a95cfe430829)
2020-04-10 06:17:24.458 1333 INFO rally.task.context [-] Task 5d972f25-35dd-49c1-a6d1-6e1e54fe1678 | Context cleanup@openstack cleanup() finished in 4.85 sec
2020-04-10 06:17:24.458 1333 INFO rally.task.context [-] Task 5d972f25-35dd-49c1-a6d1-6e1e54fe1678 | Context quotas@openstack cleanup() started
2020-04-10 06:17:24.553 1333 INFO rally.task.context [-] Task 5d972f25-35dd-49c1-a6d1-6e1e54fe1678 | Context quotas@openstack cleanup() finished in 94.55 msec
2020-04-10 06:17:24.553 1333 INFO rally.task.context [-] Task 5d972f25-35dd-49c1-a6d1-6e1e54fe1678 | Context api_versions@openstack cleanup() started
2020-04-10 06:17:24.554 1333 INFO rally.task.context [-] Task 5d972f25-35dd-49c1-a6d1-6e1e54fe1678 | Context api_versions@openstack cleanup() finished in 0.28 msec
2020-04-10 06:17:24.554 1333 INFO rally.task.context [-] Task 5d972f25-35dd-49c1-a6d1-6e1e54fe1678 | Context users@openstack cleanup() started
2020-04-10 06:17:24.762 1333 WARNING rally.common.logging [-] `iterate_per_tenants()' is deprecated in v3.0.0: it is openstack specific.. Used at
2020-04-10 06:17:32.071 1333 INFO rally.task.context [-] Task 5d972f25-35dd-49c1-a6d1-6e1e54fe1678 | Context users@openstack cleanup() finished in 7.52 sec
2020-04-10 06:17:33.128 1333 INFO rally.task.engine [-] Load duration is: 8.287367
2020-04-10 06:17:33.128 1333 INFO rally.task.engine [-] Full runner duration is: 8.33511
2020-04-10 06:17:33.129 1333 INFO rally.task.engine [-] Full duration is: 23.122211
2020-04-10 06:17:33.224 1333 INFO rally.task.engine [-] Running workload: position = 0 config = { "version": 2, "title": "A cropped version of a bigger task.", "description": "Auto-generated task from a single workload (uuid=30c92082-d8ea-432b-80e3-1b8e3d804443)", "subtasks": [ { "title": "CinderVolumes.create_and_upload_volume_to_image", "description": "Create and upload a volume to image.", "scenario": { "CinderVolumes.create_and_upload_volume_to_image": { "container_format": "bare", "disk_format": "raw", "do_delete": true, "force": false, "size": 1 } }, "contexts": { "users": { "tenants": 3, "users_per_tenant": 2 }, "quotas": { "cinder": { "gigabytes": -1, "snapshots": -1, "volumes": -1 } }, "api_versions": { "cinder": { "version": 3, "service_type": "volumev3" } } }, "runner": { "constant": { "concurrency": 4, "times": 10 } }, "hooks": [], "sla": { "failure_rate": { "max": 0 } } } ] }
2020-04-10 06:17:33.242 1333 RALLYDEBUG rally_openstack.contexts.keystone.users [-] Creating 3 tenants using 3 threads
2020-04-10 06:17:33.789 1333 RALLYDEBUG rally_openstack.contexts.keystone.users [-] Creating 6 users using 6 threads
2020-04-10 06:17:34.912 1333 INFO rally.task.context [-] Task 5d972f25-35dd-49c1-a6d1-6e1e54fe1678 | Context users@openstack setup() finished in 1.67 sec
2020-04-10 06:17:35.056 1333 INFO rally.task.context [-] Task 5d972f25-35dd-49c1-a6d1-6e1e54fe1678 | Context api_versions@openstack setup() finished in 0.14 sec
2020-04-10 06:17:35.737 1333 INFO rally.task.context [-] Task 5d972f25-35dd-49c1-a6d1-6e1e54fe1678 | Context quotas@openstack setup() finished in 0.68 sec
2020-04-10 06:17:35.738 1333 INFO rally.task.context [-] Task 5d972f25-35dd-49c1-a6d1-6e1e54fe1678 | Context cleanup@openstack setup() finished in 0.00 msec
2020-04-10 06:17:35.749 1333 RALLYDEBUG rally.task.runner [-] Starting the constant runner (task UUID: 5d972f25-35dd-49c1-a6d1-6e1e54fe1678). times: 10 concurrency: 4 timeout: 0 max_cpu_used: 88 processes_to_start: 4 concurrency_per_worker: 1 concurrency_overhead: 0
2020-04-10 06:17:35.759 2080 RALLYDEBUG rally.task.runner [-] Starting a worker. times: 10 duration: None concurrency: 1 timeout: 0 cls: method_name: run args: {"container_format": "bare", "disk_format": "raw", "do_delete": true, "force": false, "size": 1}
2020-04-10 06:17:35.762 2081 RALLYDEBUG rally.task.runner [-] Starting a worker. times: 10 duration: None concurrency: 1 timeout: 0 cls: method_name: run args: {"container_format": "bare", "disk_format": "raw", "do_delete": true, "force": false, "size": 1}
2020-04-10 06:17:35.765 2080 INFO rally.task.runner [-] Task 5d972f25-35dd-49c1-a6d1-6e1e54fe1678 | ITER: 1 START
2020-04-10 06:17:35.765 2082 RALLYDEBUG rally.task.runner [-] Starting a worker. times: 10 duration: None concurrency: 1 timeout: 0 cls: method_name: run args: {"container_format": "bare", "disk_format": "raw", "do_delete": true, "force": false, "size": 1}
2020-04-10 06:17:35.768 2083 RALLYDEBUG rally.task.runner [-] Starting a worker. times: 10 duration: None concurrency: 1 timeout: 0 cls: method_name: run args: {"container_format": "bare", "disk_format": "raw", "do_delete": true, "force": false, "size": 1}
2020-04-10 06:17:35.769 2081 INFO rally.task.runner [-] Task 5d972f25-35dd-49c1-a6d1-6e1e54fe1678 | ITER: 2 START
2020-04-10 06:17:35.772 2082 INFO rally.task.runner [-] Task 5d972f25-35dd-49c1-a6d1-6e1e54fe1678 | ITER: 3 START
2020-04-10 06:17:35.774 2083 INFO rally.task.runner [-] Task 5d972f25-35dd-49c1-a6d1-6e1e54fe1678 | ITER: 4 START
2020-04-10 06:17:38.835 2080 RALLYDEBUG rally.task.utils [-] Waiting for resource s_rally_30c92082_2J7ClPM7. Status changed: AVAILABLE => UPLOADING in 0.07125520706176758
2020-04-10 06:17:38.876 2083 RALLYDEBUG rally.task.utils [-] Waiting for resource s_rally_30c92082_MEvywHlS. Status changed: AVAILABLE => UPLOADING in 0.07060503959655762
2020-04-10 06:17:38.888 2082 RALLYDEBUG rally.task.utils [-] Waiting for resource s_rally_30c92082_L61BoP36. Status changed: AVAILABLE => UPLOADING in 0.0834810733795166
2020-04-10 06:17:38.941 2081 RALLYDEBUG rally.task.utils [-] Waiting for resource s_rally_30c92082_nxIOACnu. Status changed: AVAILABLE => UPLOADING in 0.07797527313232422
2020-04-10 06:17:55.454 2080 RALLYDEBUG rally.task.utils [-] Waiting for resource s_rally_30c92082_2J7ClPM7. Status changed: UPLOADING => AVAILABLE in 16.618345975875854
2020-04-10 06:17:55.496 2082 RALLYDEBUG rally.task.utils [-] Waiting for resource s_rally_30c92082_L61BoP36. Status changed: UPLOADING => AVAILABLE in 16.608359575271606
2020-04-10 06:17:55.512 2083 RALLYDEBUG rally.task.utils [-] Waiting for resource s_rally_30c92082_MEvywHlS. Status changed: UPLOADING => AVAILABLE in 16.63628077507019
2020-04-10 06:17:55.616 2081 RALLYDEBUG rally.task.utils [-] Waiting for resource s_rally_30c92082_nxIOACnu. Status changed: UPLOADING => AVAILABLE in 16.67544412612915
2020-04-10 06:17:55.689 2080 RALLYDEBUG rally.task.utils [-] Waiting for resource s_rally_30c92082_2J7ClPM7. Status changed: AVAILABLE => DELETING in 0.06955528259277344
2020-04-10 06:17:55.738 2082 RALLYDEBUG rally.task.utils [-] Waiting for resource s_rally_30c92082_L61BoP36. Status changed: AVAILABLE => DELETING in 0.07902240753173828
2020-04-10 06:17:55.753 2083 RALLYDEBUG rally.task.utils [-] Waiting for resource s_rally_30c92082_MEvywHlS. Status changed: AVAILABLE => DELETING in 0.07447671890258789
2020-04-10 06:17:55.860 2081 RALLYDEBUG rally.task.utils [-] Waiting for resource s_rally_30c92082_nxIOACnu. Status changed: AVAILABLE => DELETING in 0.07156562805175781
2020-04-10 06:17:58.071 2080 INFO rally.task.runner [-] Task 5d972f25-35dd-49c1-a6d1-6e1e54fe1678 | ITER: 1 END: OK
2020-04-10 06:17:58.077 2080 INFO rally.task.runner [-] Task 5d972f25-35dd-49c1-a6d1-6e1e54fe1678 | ITER: 5 START
2020-04-10 06:17:58.124 2082 INFO rally.task.runner [-] Task 5d972f25-35dd-49c1-a6d1-6e1e54fe1678 | ITER: 3 END: OK
2020-04-10 06:17:58.129 2082 INFO rally.task.runner [-] Task 5d972f25-35dd-49c1-a6d1-6e1e54fe1678 | ITER: 6 START
2020-04-10 06:17:58.136 2083 INFO rally.task.runner [-] Task 5d972f25-35dd-49c1-a6d1-6e1e54fe1678 | ITER: 4 END: OK
2020-04-10 06:17:58.139 2083 INFO rally.task.runner [-] Task 5d972f25-35dd-49c1-a6d1-6e1e54fe1678 | ITER: 7 START
2020-04-10 06:17:58.245 2081 INFO rally.task.runner [-] Task 5d972f25-35dd-49c1-a6d1-6e1e54fe1678 | ITER: 2 END: OK
2020-04-10 06:17:58.250 2081 INFO rally.task.runner [-] Task 5d972f25-35dd-49c1-a6d1-6e1e54fe1678 | ITER: 8 START
2020-04-10 06:18:01.114 2080 RALLYDEBUG rally.task.utils [-] Waiting for resource s_rally_30c92082_c1zwEqen. Status changed: AVAILABLE => UPLOADING in 0.09205937385559082
2020-04-10 06:18:01.116 2083 RALLYDEBUG rally.task.utils [-] Waiting for resource s_rally_30c92082_bM2YUAXC. Status changed: AVAILABLE => UPLOADING in 0.06975269317626953
2020-04-10 06:18:01.196 2082 RALLYDEBUG rally.task.utils [-] Waiting for resource s_rally_30c92082_NVTHZH6X. Status changed: AVAILABLE => UPLOADING in 0.08241534233093262
2020-04-10 06:18:01.328 2081 RALLYDEBUG rally.task.utils [-] Waiting for resource s_rally_30c92082_cSd1OWRS. Status changed: AVAILABLE => UPLOADING in 0.12211990356445312
2020-04-10 06:18:17.814 2082 RALLYDEBUG rally.task.utils [-] Waiting for resource s_rally_30c92082_NVTHZH6X. Status changed: UPLOADING => AVAILABLE in 16.618631839752197
2020-04-10 06:18:18.085 2082 RALLYDEBUG rally.task.utils [-] Waiting for resource s_rally_30c92082_NVTHZH6X. Status changed: AVAILABLE => DELETING in 0.07930731773376465
2020-04-10 06:18:18.204 2081 RALLYDEBUG rally.task.utils [-] Waiting for resource s_rally_30c92082_cSd1OWRS. Status changed: UPLOADING => AVAILABLE in 16.876471281051636
2020-04-10 06:18:18.437 2081 RALLYDEBUG rally.task.utils [-] Waiting for resource s_rally_30c92082_cSd1OWRS. Status changed: AVAILABLE => DELETING in 0.07108569145202637
2020-04-10 06:18:19.806 2083 RALLYDEBUG rally.task.utils [-] Waiting for resource s_rally_30c92082_bM2YUAXC. Status changed: UPLOADING => AVAILABLE in 18.690798044204712
2020-04-10 06:18:19.846 2080 RALLYDEBUG rally.task.utils [-] Waiting for resource s_rally_30c92082_c1zwEqen. Status changed: UPLOADING => AVAILABLE in 18.732174396514893
2020-04-10 06:18:20.040 2083 RALLYDEBUG rally.task.utils [-] Waiting for resource s_rally_30c92082_bM2YUAXC. Status changed: AVAILABLE => DELETING in 0.08193039894104004
2020-04-10 06:18:20.081 2080 RALLYDEBUG rally.task.utils [-] Waiting for resource s_rally_30c92082_c1zwEqen. Status changed: AVAILABLE => DELETING in 0.07354283332824707
2020-04-10 06:18:20.479 2082 INFO rally.task.runner [-] Task 5d972f25-35dd-49c1-a6d1-6e1e54fe1678 | ITER: 6 END: OK
2020-04-10 06:18:20.484 2082 INFO rally.task.runner [-] Task 5d972f25-35dd-49c1-a6d1-6e1e54fe1678 | ITER: 9 START
2020-04-10 06:18:20.817 2081 INFO rally.task.runner [-] Task 5d972f25-35dd-49c1-a6d1-6e1e54fe1678 | ITER: 8 END: OK
2020-04-10 06:18:20.823 2081 INFO rally.task.runner [-] Task 5d972f25-35dd-49c1-a6d1-6e1e54fe1678 | ITER: 10 START
2020-04-10 06:18:22.443 2083 INFO rally.task.runner [-] Task 5d972f25-35dd-49c1-a6d1-6e1e54fe1678 | ITER: 7 END: OK
2020-04-10 06:18:22.453 2080 INFO rally.task.runner [-] Task 5d972f25-35dd-49c1-a6d1-6e1e54fe1678 | ITER: 5 END: OK
2020-04-10 06:18:23.422 2082 RALLYDEBUG rally.task.utils [-] Waiting for resource s_rally_30c92082_7xR1Px5M. Status changed: AVAILABLE => UPLOADING in 0.07735967636108398
2020-04-10 06:18:23.726 2081 RALLYDEBUG rally.task.utils [-] Waiting for resource s_rally_30c92082_AJ6DPGhR. Status changed: AVAILABLE => UPLOADING in 0.07402586936950684
2020-04-10 06:18:33.825 2082 RALLYDEBUG rally.task.utils [-] Waiting for resource s_rally_30c92082_7xR1Px5M. Status changed: UPLOADING => AVAILABLE in 10.40225100517273
2020-04-10 06:18:34.066 2082 RALLYDEBUG rally.task.utils [-] Waiting for resource s_rally_30c92082_7xR1Px5M. Status changed: AVAILABLE => DELETING in 0.09306764602661133
2020-04-10 06:18:34.163 2081 RALLYDEBUG rally.task.utils [-] Waiting for resource s_rally_30c92082_AJ6DPGhR. Status changed: UPLOADING => AVAILABLE in 10.43697476387024
2020-04-10 06:18:34.394 2081 RALLYDEBUG rally.task.utils [-] Waiting for resource s_rally_30c92082_AJ6DPGhR. Status changed: AVAILABLE => DELETING in 0.0684969425201416
2020-04-10 06:18:36.481 2082 INFO rally.task.runner [-] Task 5d972f25-35dd-49c1-a6d1-6e1e54fe1678 | ITER: 9 END: OK
2020-04-10 06:18:36.783 2081 INFO rally.task.runner [-] Task 5d972f25-35dd-49c1-a6d1-6e1e54fe1678 | ITER: 10 END: OK
2020-04-10 06:18:36.810 1333 INFO rally.task.context [-] Task 5d972f25-35dd-49c1-a6d1-6e1e54fe1678 | Context cleanup@openstack cleanup() started
2020-04-10 06:18:36.817 1333 RALLYDEBUG rally_openstack.cleanup.manager [-] Cleaning up cinder backups objects
2020-04-10 06:18:37.324 1333 RALLYDEBUG rally_openstack.cleanup.manager [-] Cleaning up cinder volume_snapshots objects
2020-04-10 06:18:37.767 1333 RALLYDEBUG rally_openstack.cleanup.manager [-] Cleaning up cinder transfers objects
2020-04-10 06:18:38.180 1333 RALLYDEBUG rally_openstack.cleanup.manager [-] Cleaning up cinder volumes objects
2020-04-10 06:18:38.744 1333 RALLYDEBUG rally_openstack.cleanup.manager [-] Cleaning up glance images objects
2020-04-10 06:18:39.513 1333 INFO rally.task.context [-] Task 5d972f25-35dd-49c1-a6d1-6e1e54fe1678 | Context cleanup@openstack cleanup() finished in 2.70 sec
2020-04-10 06:18:39.513 1333 INFO rally.task.context [-] Task 5d972f25-35dd-49c1-a6d1-6e1e54fe1678 | Context quotas@openstack cleanup() started
2020-04-10 06:18:39.613 1333 INFO rally.task.context [-] Task 5d972f25-35dd-49c1-a6d1-6e1e54fe1678 | Context quotas@openstack cleanup() finished in 99.59 msec
2020-04-10 06:18:39.614 1333 INFO rally.task.context [-] Task 5d972f25-35dd-49c1-a6d1-6e1e54fe1678 | Context api_versions@openstack cleanup() started
2020-04-10 06:18:39.614 1333 INFO rally.task.context [-] Task 5d972f25-35dd-49c1-a6d1-6e1e54fe1678 | Context api_versions@openstack cleanup() finished in 0.41 msec
2020-04-10 06:18:39.615 1333 INFO rally.task.context [-] Task 5d972f25-35dd-49c1-a6d1-6e1e54fe1678 | Context users@openstack cleanup() started
2020-04-10 06:18:39.768 1333 WARNING rally.common.logging [-] `iterate_per_tenants()' is deprecated in v3.0.0: it is openstack specific.. Used at
2020-04-10 06:18:42.921 1333 INFO rally.task.context [-] Task 5d972f25-35dd-49c1-a6d1-6e1e54fe1678 | Context users@openstack cleanup() finished in 3.31 sec
2020-04-10 06:18:43.582 1333 INFO rally.task.engine [-] Load duration is: 60.815058
2020-04-10 06:18:43.582 1333 INFO rally.task.engine [-] Full runner duration is: 61.061088
2020-04-10 06:18:43.583 1333 INFO rally.task.engine [-] Full duration is: 69.681055
2020-04-10 06:18:43.681 1333 INFO rally.task.engine [-] Running workload: position = 0 config = { "version": 2, "title": "A cropped version of a bigger task.", "description": "Auto-generated task from a single workload (uuid=f1b752a7-fb1c-4ebf-bfff-9877181f7d91)", "subtasks": [ { "title": "CinderVolumes.create_nested_snapshots_and_attach_volume", "description": "Create a volume from snapshot and attach/detach the volume", "scenario": { "CinderVolumes.create_nested_snapshots_and_attach_volume": { "flavor": { "name": "rally_full_cntt-flavor_20ab9b1c-36ec-46fa-8e46-0f8a8890db19" }, "image": { "name": "rally_full_cntt-img_20ab9b1c-36ec-46fa-8e46-0f8a8890db19" }, "nested_level": 1, "size": { "max": 1, "min": 1 }, "create_vm_params": { "nics": [ { "net-id": "4a9576c5-6ae6-493c-9563-8d655bcea3b2" } ] } } }, "contexts": { "users": { "tenants": 3, "users_per_tenant": 2 }, "quotas": { "cinder": { "gigabytes": -1, "snapshots": -1, "volumes": -1 } }, "api_versions": { "cinder": { "version": 3, "service_type": "volumev3" } } }, "runner": { "constant": { "concurrency": 4, "times": 10 } }, "hooks": [], "sla": { "failure_rate": { "max": 0 } } } ] }
2020-04-10 06:18:43.703 1333 RALLYDEBUG rally_openstack.contexts.keystone.users [-] Creating 3 tenants using 3 threads
2020-04-10 06:18:44.146 1333 RALLYDEBUG rally_openstack.contexts.keystone.users [-] Creating 6 users using 6 threads
2020-04-10 06:18:45.109 1333 INFO rally.task.context [-] Task 5d972f25-35dd-49c1-a6d1-6e1e54fe1678 | Context users@openstack setup() finished in 1.41 sec
2020-04-10 06:18:45.246 1333 INFO rally.task.context [-] Task 5d972f25-35dd-49c1-a6d1-6e1e54fe1678 | Context api_versions@openstack setup() finished in 0.14 sec
2020-04-10 06:18:45.844 1333 INFO rally.task.context [-] Task 5d972f25-35dd-49c1-a6d1-6e1e54fe1678 | Context quotas@openstack setup() finished in 0.60 sec
2020-04-10 06:18:45.845 1333 INFO rally.task.context [-] Task 5d972f25-35dd-49c1-a6d1-6e1e54fe1678 | Context cleanup@openstack setup() finished in 0.12 msec
2020-04-10 06:18:46.419 1333 RALLYDEBUG rally.task.runner [-] Starting the constant runner (task UUID: 5d972f25-35dd-49c1-a6d1-6e1e54fe1678). times: 10 concurrency: 4 timeout: 0 max_cpu_used: 88 processes_to_start: 4 concurrency_per_worker: 1 concurrency_overhead: 0
2020-04-10 06:18:46.434 2253 RALLYDEBUG rally.task.runner [-] Starting a worker. times: 10 duration: None concurrency: 1 timeout: 0 cls: method_name: run args: {"flavor": "8dc5bbab-5f5e-4817-b893-596b62d83864", "image": "552c22a2-7165-48c5-a40b-95053e9e1423", "nested_level": 1, "size": {"max": 1, "min": 1}, "create_vm_params": {"nics": [{"net-id": "4a9576c5-6ae6-493c-9563-8d655bcea3b2"}]}}
2020-04-10 06:18:46.437 2254 RALLYDEBUG rally.task.runner [-] Starting a worker. times: 10 duration: None concurrency: 1 timeout: 0 cls: method_name: run args: {"flavor": "8dc5bbab-5f5e-4817-b893-596b62d83864", "image": "552c22a2-7165-48c5-a40b-95053e9e1423", "nested_level": 1, "size": {"max": 1, "min": 1}, "create_vm_params": {"nics": [{"net-id": "4a9576c5-6ae6-493c-9563-8d655bcea3b2"}]}}
2020-04-10 06:18:46.439 2255 RALLYDEBUG rally.task.runner [-] Starting a worker. times: 10 duration: None concurrency: 1 timeout: 0 cls: method_name: run args: {"flavor": "8dc5bbab-5f5e-4817-b893-596b62d83864", "image": "552c22a2-7165-48c5-a40b-95053e9e1423", "nested_level": 1, "size": {"max": 1, "min": 1}, "create_vm_params": {"nics": [{"net-id": "4a9576c5-6ae6-493c-9563-8d655bcea3b2"}]}}
2020-04-10 06:18:46.441 2253 INFO rally.task.runner [-] Task 5d972f25-35dd-49c1-a6d1-6e1e54fe1678 | ITER: 1 START
2020-04-10 06:18:46.443 2256 RALLYDEBUG rally.task.runner [-] Starting a worker. times: 10 duration: None concurrency: 1 timeout: 0 cls: method_name: run args: {"flavor": "8dc5bbab-5f5e-4817-b893-596b62d83864", "image": "552c22a2-7165-48c5-a40b-95053e9e1423", "nested_level": 1, "size": {"max": 1, "min": 1}, "create_vm_params": {"nics": [{"net-id": "4a9576c5-6ae6-493c-9563-8d655bcea3b2"}]}}
2020-04-10 06:18:46.444 2254 INFO rally.task.runner [-] Task 5d972f25-35dd-49c1-a6d1-6e1e54fe1678 | ITER: 2 START
2020-04-10 06:18:46.447 2255 INFO rally.task.runner [-] Task 5d972f25-35dd-49c1-a6d1-6e1e54fe1678 | ITER: 3 START
2020-04-10 06:18:46.450 2256 INFO rally.task.runner [-] Task 5d972f25-35dd-49c1-a6d1-6e1e54fe1678 | ITER: 4 START
2020-04-10 06:18:58.760 2253 RALLYDEBUG rally.task.utils [-] Waiting for resource s_rally_f1b752a7_3hr18ggg. Status changed: BUILD => ACTIVE in 10.02684998512268
2020-04-10 06:19:01.131 2256 RALLYDEBUG rally.task.utils [-] Waiting for resource s_rally_f1b752a7_hhe8dr9H. Status changed: BUILD => ACTIVE in 12.533756494522095
2020-04-10 06:19:04.423 2253 RALLYDEBUG rally.task.utils [-] Waiting for resource s_rally_f1b752a7_SVVyWpqo. Status changed: AVAILABLE => RESERVED in 0.32134413719177246
2020-04-10 06:19:06.121 2254 RALLYDEBUG rally.task.utils [-] Waiting for resource s_rally_f1b752a7_SVWlBy1c. Status changed: BUILD => ACTIVE in 15.421099185943604
2020-04-10 06:19:06.514 2255 RALLYDEBUG rally.task.utils [-] Waiting for resource s_rally_f1b752a7_Z6nUYXr7. Status changed: BUILD => ACTIVE in 14.777496576309204
2020-04-10 06:19:06.637 2253 RALLYDEBUG rally.task.utils [-] Waiting for resource s_rally_f1b752a7_SVVyWpqo. Status changed: RESERVED => IN-USE in 2.2144672870635986
2020-04-10 06:19:07.036 2256 RALLYDEBUG rally.task.utils [-] Waiting for resource s_rally_f1b752a7_IioiMzrk. Status changed: AVAILABLE => RESERVED in 0.19451642036437988
2020-04-10 06:19:07.136 2253 RALLYDEBUG rally.task.utils [-] Waiting for resource s_rally_f1b752a7_SVVyWpqo. Status changed: AVAILABLE => DETACHING in 0.21499133110046387
2020-04-10 06:19:09.228 2256 RALLYDEBUG rally.task.utils [-] Waiting for resource s_rally_f1b752a7_IioiMzrk. Status changed: RESERVED => IN-USE in 2.191760778427124
2020-04-10 06:19:09.332 2253 RALLYDEBUG rally.task.utils [-] Waiting for resource s_rally_f1b752a7_SVVyWpqo. Status changed: DETACHING => AVAILABLE in 2.1960246562957764
2020-04-10 06:19:09.462 2253 RALLYDEBUG rally.task.utils [-] Waiting for resource s_rally_f1b752a7_fPJuLlB8. Status changed: AVAILABLE => DELETING in 0.039691925048828125
2020-04-10 06:19:09.710 2256 RALLYDEBUG rally.task.utils [-] Waiting for resource s_rally_f1b752a7_IioiMzrk. Status changed: AVAILABLE => DETACHING in 0.214003324508667
2020-04-10 06:19:11.665 2253 RALLYDEBUG rally.task.utils [-] Waiting for resource s_rally_f1b752a7_SVVyWpqo. Status changed: AVAILABLE => DELETING in 0.07384514808654785
2020-04-10 06:19:11.724 2254 RALLYDEBUG rally.task.utils [-] Waiting for resource s_rally_f1b752a7_AnqNZWUo. Status changed: AVAILABLE => RESERVED in 0.2659125328063965
2020-04-10 06:19:11.956 2256 RALLYDEBUG rally.task.utils [-] Waiting for resource s_rally_f1b752a7_IioiMzrk. Status changed: DETACHING => AVAILABLE in 2.2457733154296875
2020-04-10 06:19:12.088 2256 RALLYDEBUG rally.task.utils [-] Waiting for resource s_rally_f1b752a7_TN9r4e3x. Status changed: AVAILABLE => DELETING in 0.04056835174560547
2020-04-10 06:19:12.194 2255 RALLYDEBUG rally.task.utils [-] Waiting for resource s_rally_f1b752a7_N6O55BfU. Status changed: AVAILABLE => RESERVED in 0.3178079128265381
2020-04-10 06:19:13.944 2254 RALLYDEBUG rally.task.utils [-] Waiting for resource s_rally_f1b752a7_AnqNZWUo. Status changed: RESERVED => IN-USE in 2.2208235263824463
2020-04-10 06:19:14.310 2256 RALLYDEBUG rally.task.utils [-] Waiting for resource s_rally_f1b752a7_IioiMzrk. Status changed: AVAILABLE => DELETING in 0.09091043472290039
2020-04-10 06:19:14.396 2254 RALLYDEBUG rally.task.utils [-] Waiting for resource s_rally_f1b752a7_AnqNZWUo. Status changed: AVAILABLE => DETACHING in 0.19100737571716309
2020-04-10 06:19:14.403 2255 RALLYDEBUG rally.task.utils [-] Waiting for resource s_rally_f1b752a7_N6O55BfU. Status changed: RESERVED => IN-USE in 2.2095906734466553
2020-04-10 06:19:14.910 2255 RALLYDEBUG rally.task.utils [-] Waiting for resource s_rally_f1b752a7_N6O55BfU. Status changed: AVAILABLE => DETACHING in 0.22239351272583008
2020-04-10 06:19:16.593 2254 RALLYDEBUG rally.task.utils [-] Waiting for resource s_rally_f1b752a7_AnqNZWUo. Status changed: DETACHING => AVAILABLE in 2.197927713394165
2020-04-10 06:19:16.708 2254 RALLYDEBUG rally.task.utils [-] Waiting for resource s_rally_f1b752a7_CSFNtfUN. Status changed: AVAILABLE => DELETING in 0.04149341583251953
2020-04-10 06:19:17.113 2255 RALLYDEBUG rally.task.utils [-] Waiting for resource s_rally_f1b752a7_N6O55BfU. Status changed: DETACHING => AVAILABLE in 2.2033188343048096
2020-04-10 06:19:17.236 2255 RALLYDEBUG rally.task.utils [-] Waiting for resource s_rally_f1b752a7_S4121HXD. Status changed: AVAILABLE => DELETING in 0.038173675537109375
2020-04-10 06:19:18.908 2254 RALLYDEBUG rally.task.utils [-] Waiting for resource s_rally_f1b752a7_AnqNZWUo. Status changed: AVAILABLE => DELETING in 0.08697509765625
2020-04-10 06:19:19.443 2255 RALLYDEBUG rally.task.utils [-] Waiting for resource s_rally_f1b752a7_N6O55BfU. Status changed: AVAILABLE => DELETING in 0.07107138633728027
2020-04-10 06:19:19.576 2253 INFO rally.task.runner [-] Task 5d972f25-35dd-49c1-a6d1-6e1e54fe1678 | ITER: 1 END: OK
2020-04-10 06:19:19.584 2253 INFO rally.task.runner [-] Task 5d972f25-35dd-49c1-a6d1-6e1e54fe1678 | ITER: 5 START
2020-04-10 06:19:22.738 2256 INFO rally.task.runner [-] Task 5d972f25-35dd-49c1-a6d1-6e1e54fe1678 | ITER: 4 END: OK
2020-04-10 06:19:22.745 2256 INFO rally.task.runner [-] Task 5d972f25-35dd-49c1-a6d1-6e1e54fe1678 | ITER: 6 START
2020-04-10 06:19:26.252 2254 INFO rally.task.runner [-] Task 5d972f25-35dd-49c1-a6d1-6e1e54fe1678 | ITER: 2 END: OK
2020-04-10 06:19:26.259 2254 INFO rally.task.runner [-] Task 5d972f25-35dd-49c1-a6d1-6e1e54fe1678 | ITER: 7 START
2020-04-10 06:19:27.293 2255 INFO rally.task.runner [-] Task 5d972f25-35dd-49c1-a6d1-6e1e54fe1678 | ITER: 3 END: OK
2020-04-10 06:19:27.299 2255 INFO rally.task.runner [-] Task 5d972f25-35dd-49c1-a6d1-6e1e54fe1678 | ITER: 8 START
2020-04-10 06:19:33.751 2253 RALLYDEBUG rally.task.utils [-] Waiting for resource s_rally_f1b752a7_FxGEODJ7. Status changed: BUILD => ACTIVE in 11.567376375198364
2020-04-10 06:19:38.076 2256 RALLYDEBUG rally.task.utils [-] Waiting for resource s_rally_f1b752a7_QRZWiJPL. Status changed: BUILD => ACTIVE in 10.730790615081787
2020-04-10 06:19:39.206 2253 RALLYDEBUG rally.task.utils [-] Waiting for resource s_rally_f1b752a7_KoB8RPZF. Status changed: AVAILABLE => RESERVED in 0.24187779426574707
2020-04-10 06:19:39.938 2254 RALLYDEBUG rally.task.utils [-] Waiting for resource s_rally_f1b752a7_opq59tnx. Status changed: BUILD => ACTIVE in 10.36894416809082
2020-04-10 06:19:41.404 2253 RALLYDEBUG rally.task.utils [-] Waiting for resource s_rally_f1b752a7_KoB8RPZF. Status changed: RESERVED => IN-USE in 2.197969913482666
2020-04-10 06:19:41.866 2253 RALLYDEBUG rally.task.utils [-] Waiting for resource s_rally_f1b752a7_KoB8RPZF. Status changed: AVAILABLE => DETACHING in 0.20210766792297363
2020-04-10 06:19:43.741 2256 RALLYDEBUG rally.task.utils [-] Waiting for resource s_rally_f1b752a7_OMny2paU. Status changed: AVAILABLE => RESERVED in 0.20524215698242188
2020-04-10 06:19:44.065 2253 RALLYDEBUG rally.task.utils [-] Waiting for resource s_rally_f1b752a7_KoB8RPZF. Status changed: DETACHING => AVAILABLE in 2.198338508605957
2020-04-10 06:19:44.191 2253 RALLYDEBUG rally.task.utils [-] Waiting for resource s_rally_f1b752a7_56FMt4pU. Status changed: AVAILABLE => DELETING in 0.03852415084838867
2020-04-10 06:19:45.596 2254 RALLYDEBUG rally.task.utils [-] Waiting for resource s_rally_f1b752a7_AxJcgyTn. Status changed: AVAILABLE => RESERVED in 0.23569822311401367
2020-04-10 06:19:45.950 2256 RALLYDEBUG rally.task.utils [-] Waiting for resource s_rally_f1b752a7_OMny2paU. Status changed: RESERVED => IN-USE in 2.208688974380493
2020-04-10 06:19:46.388 2253 RALLYDEBUG rally.task.utils [-] Waiting for resource s_rally_f1b752a7_KoB8RPZF. Status changed: AVAILABLE => DELETING in 0.07149744033813477
2020-04-10 06:19:46.403 2256 RALLYDEBUG rally.task.utils [-] Waiting for resource s_rally_f1b752a7_OMny2paU. Status changed: AVAILABLE => DETACHING in 0.20882868766784668
2020-04-10 06:19:47.810 2254 RALLYDEBUG rally.task.utils [-] Waiting for resource s_rally_f1b752a7_AxJcgyTn. Status changed: RESERVED => IN-USE in 2.2143466472625732
2020-04-10 06:19:48.250 2254 RALLYDEBUG rally.task.utils [-] Waiting for resource s_rally_f1b752a7_AxJcgyTn. Status changed: AVAILABLE => DETACHING in 0.2013871669769287
2020-04-10 06:19:48.594 2256 RALLYDEBUG rally.task.utils [-] Waiting for resource s_rally_f1b752a7_OMny2paU. Status changed: DETACHING => AVAILABLE in 2.190842390060425
2020-04-10 06:19:48.730 2256 RALLYDEBUG rally.task.utils [-] Waiting for resource s_rally_f1b752a7_bJShu23T. Status changed: AVAILABLE => DELETING in 0.03596138954162598
2020-04-10 06:19:50.459 2254 RALLYDEBUG rally.task.utils [-] Waiting for resource s_rally_f1b752a7_AxJcgyTn. Status changed: DETACHING => AVAILABLE in 2.208627223968506
2020-04-10 06:19:50.584 2254 RALLYDEBUG rally.task.utils [-] Waiting for resource s_rally_f1b752a7_1cexUuhW. Status changed: AVAILABLE => DELETING in 0.03803610801696777
2020-04-10 06:19:50.939 2256 RALLYDEBUG rally.task.utils [-] Waiting for resource s_rally_f1b752a7_OMny2paU. Status changed: AVAILABLE => DELETING in 0.07788252830505371
2020-04-10 06:19:52.418 2255 RALLYDEBUG rally.task.utils [-] Waiting for resource s_rally_f1b752a7_Pxyyz6BP. Status changed: BUILD => ACTIVE in 21.450851917266846
2020-04-10 06:19:52.782 2254 RALLYDEBUG rally.task.utils [-] Waiting for resource s_rally_f1b752a7_AxJcgyTn. Status changed: AVAILABLE => DELETING in 0.07957005500793457
2020-04-10 06:19:53.327 2253 INFO rally.task.runner [-] Task 5d972f25-35dd-49c1-a6d1-6e1e54fe1678 | ITER: 5 END: OK
2020-04-10 06:19:53.332 2253 INFO rally.task.runner [-] Task 5d972f25-35dd-49c1-a6d1-6e1e54fe1678 | ITER: 9 START
2020-04-10 06:19:56.892 2256 INFO rally.task.runner [-] Task 5d972f25-35dd-49c1-a6d1-6e1e54fe1678 | ITER: 6 END: OK
2020-04-10 06:19:56.897 2256 INFO rally.task.runner [-] Task 5d972f25-35dd-49c1-a6d1-6e1e54fe1678 | ITER: 10 START
2020-04-10 06:19:57.878 2255 RALLYDEBUG rally.task.utils [-] Waiting for resource s_rally_f1b752a7_kiGes5tp. Status changed: AVAILABLE => RESERVED in 0.19033288955688477
2020-04-10 06:20:00.095 2255 RALLYDEBUG rally.task.utils [-] Waiting for resource s_rally_f1b752a7_kiGes5tp. Status changed: RESERVED => IN-USE in 2.2169864177703857
2020-04-10 06:20:00.586 2255 RALLYDEBUG rally.task.utils [-] Waiting for resource s_rally_f1b752a7_kiGes5tp. Status changed: AVAILABLE => DETACHING in 0.20847678184509277
2020-04-10 06:20:02.255 2254 INFO rally.task.runner [-] Task 5d972f25-35dd-49c1-a6d1-6e1e54fe1678 | ITER: 7 END: OK
2020-04-10 06:20:02.848 2255 RALLYDEBUG rally.task.utils [-] Waiting for resource s_rally_f1b752a7_kiGes5tp. Status changed: DETACHING => AVAILABLE in 2.2620716094970703
2020-04-10 06:20:02.957 2255 RALLYDEBUG rally.task.utils [-] Waiting for resource s_rally_f1b752a7_aKYx6Kwe. Status changed: AVAILABLE => DELETING in 0.03676652908325195
2020-04-10 06:20:05.169 2255 RALLYDEBUG rally.task.utils [-] Waiting for resource s_rally_f1b752a7_kiGes5tp. Status changed: AVAILABLE => DELETING in 0.07971572875976562
2020-04-10 06:20:11.885 2255 INFO rally.task.runner [-] Task 5d972f25-35dd-49c1-a6d1-6e1e54fe1678 | ITER: 8 END: OK
2020-04-10 06:20:12.797 2253 RALLYDEBUG rally.task.utils [-] Waiting for resource s_rally_f1b752a7_HBgUllX8. Status changed: BUILD => ACTIVE in 16.04913353919983
2020-04-10 06:20:13.861 2256 RALLYDEBUG rally.task.utils [-] Waiting for resource s_rally_f1b752a7_aFiR2qgV. Status changed: BUILD => ACTIVE in 13.34530758857727
2020-04-10 06:20:18.194 2253 RALLYDEBUG rally.task.utils [-] Waiting for resource s_rally_f1b752a7_CzBH9Ige. Status changed: AVAILABLE => RESERVED in 0.2100386619567871
2020-04-10 06:20:19.216 2256 RALLYDEBUG rally.task.utils [-] Waiting for resource s_rally_f1b752a7_9iKViEJS. Status changed: AVAILABLE => RESERVED in 0.19737982749938965
2020-04-10 06:20:20.400 2253 RALLYDEBUG rally.task.utils [-] Waiting for resource s_rally_f1b752a7_CzBH9Ige. Status changed: RESERVED => IN-USE in 2.2066900730133057
2020-04-10 06:20:20.866 2253 RALLYDEBUG rally.task.utils [-] Waiting for resource s_rally_f1b752a7_CzBH9Ige. Status changed: AVAILABLE => DETACHING in 0.212202787399292
2020-04-10 06:20:21.414 2256 RALLYDEBUG rally.task.utils [-] Waiting for resource s_rally_f1b752a7_9iKViEJS. Status changed: RESERVED => IN-USE in 2.1977384090423584
2020-04-10 06:20:22.007 2256 RALLYDEBUG rally.task.utils [-] Waiting for resource s_rally_f1b752a7_9iKViEJS. Status changed: AVAILABLE => DETACHING in 0.3511233329772949
2020-04-10 06:20:23.096 2253 RALLYDEBUG rally.task.utils [-] Waiting for resource s_rally_f1b752a7_CzBH9Ige. Status changed: DETACHING => AVAILABLE in 2.2298426628112793
2020-04-10 06:20:23.229 2253 RALLYDEBUG rally.task.utils [-] Waiting for resource s_rally_f1b752a7_sfQ8mCAt. Status changed: AVAILABLE => DELETING in 0.044007301330566406
2020-04-10 06:20:24.194 2256 RALLYDEBUG rally.task.utils [-] Waiting for resource s_rally_f1b752a7_9iKViEJS. Status changed: DETACHING => AVAILABLE in 2.187035322189331
2020-04-10 06:20:24.322 2256 RALLYDEBUG rally.task.utils [-] Waiting for resource s_rally_f1b752a7_6G4Zx0QI. Status changed: AVAILABLE => DELETING in 0.034346818923950195
2020-04-10 06:20:25.418 2253 RALLYDEBUG rally.task.utils [-] Waiting for resource s_rally_f1b752a7_CzBH9Ige. Status changed: AVAILABLE => DELETING in 0.07674789428710938
2020-04-10 06:20:26.534 2256 RALLYDEBUG rally.task.utils [-] Waiting for resource s_rally_f1b752a7_9iKViEJS. Status changed: AVAILABLE => DELETING in 0.07532477378845215
2020-04-10 06:20:31.978 2256 INFO rally.task.runner [-] Task 5d972f25-35dd-49c1-a6d1-6e1e54fe1678 | ITER: 10 END: OK
2020-04-10 06:20:32.332 2253 INFO rally.task.runner [-] Task 5d972f25-35dd-49c1-a6d1-6e1e54fe1678 | ITER: 9 END: OK
2020-04-10 06:20:32.365 1333 INFO rally.task.context [-] Task 5d972f25-35dd-49c1-a6d1-6e1e54fe1678 | Context cleanup@openstack cleanup() started
2020-04-10 06:20:32.373 1333 RALLYDEBUG rally_openstack.cleanup.manager [-] Cleaning up nova servers objects
2020-04-10 06:20:33.159 1333 RALLYDEBUG rally_openstack.cleanup.manager [-] Cleaning up nova server_groups objects
2020-04-10 06:20:33.608 1333 RALLYDEBUG rally_openstack.cleanup.manager [-] Cleaning up nova keypairs objects
2020-04-10 06:20:34.480 1333 RALLYDEBUG rally_openstack.cleanup.manager [-] Cleaning up cinder backups objects
2020-04-10 06:20:34.940 1333 RALLYDEBUG rally_openstack.cleanup.manager [-] Cleaning up cinder volume_snapshots objects
2020-04-10 06:20:35.373 1333 RALLYDEBUG rally_openstack.cleanup.manager [-] Cleaning up cinder transfers objects
2020-04-10 06:20:35.797 1333 RALLYDEBUG rally_openstack.cleanup.manager [-] Cleaning up cinder volumes objects
2020-04-10 06:20:36.373 1333 INFO rally.task.context [-] Task 5d972f25-35dd-49c1-a6d1-6e1e54fe1678 | Context cleanup@openstack cleanup() finished in 4.01 sec
2020-04-10 06:20:36.374 1333 INFO rally.task.context [-] Task 5d972f25-35dd-49c1-a6d1-6e1e54fe1678 | Context quotas@openstack cleanup() started
2020-04-10 06:20:36.457 1333 INFO rally.task.context [-] Task 5d972f25-35dd-49c1-a6d1-6e1e54fe1678 | Context quotas@openstack cleanup() finished in 82.60 msec
2020-04-10 06:20:36.457 1333 INFO rally.task.context [-] Task 5d972f25-35dd-49c1-a6d1-6e1e54fe1678 | Context api_versions@openstack cleanup() started
2020-04-10 06:20:36.457 1333 INFO rally.task.context [-] Task 5d972f25-35dd-49c1-a6d1-6e1e54fe1678 | Context api_versions@openstack cleanup() finished in 0.29 msec
2020-04-10 06:20:36.458 1333 INFO rally.task.context [-] Task 5d972f25-35dd-49c1-a6d1-6e1e54fe1678 | Context users@openstack cleanup() started
2020-04-10 06:20:36.721 1333 WARNING rally.common.logging [-] `iterate_per_tenants()' is deprecated in v3.0.0: it is openstack specific.. Used at
2020-04-10 06:20:38.746 1333 INFO rally.task.context [-] Task 5d972f25-35dd-49c1-a6d1-6e1e54fe1678 | Context users@openstack cleanup() finished in 2.29 sec
2020-04-10 06:20:40.263 1333 INFO rally.task.engine [-] Load duration is: 104.886795
2020-04-10 06:20:40.263 1333 INFO rally.task.engine [-] Full runner duration is: 105.945961
2020-04-10 06:20:40.264 1333 INFO rally.task.engine [-] Full duration is: 115.044645
2020-04-10 06:20:40.361 1333 INFO rally.task.engine [-] Running workload: position = 0 config = { "version": 2, "title": "A cropped version of a bigger task.", "description": "Auto-generated task from a single workload (uuid=5a8423fc-5929-4c37-920f-747451738c3a)", "subtasks": [ { "title": "CinderVolumes.create_snapshot_and_attach_volume", "description": "Create vm, volume, snapshot and attach/detach volume.", "scenario": { "CinderVolumes.create_snapshot_and_attach_volume": { "flavor": { "name": "rally_full_cntt-flavor_20ab9b1c-36ec-46fa-8e46-0f8a8890db19" }, "image": { "name": "rally_full_cntt-img_20ab9b1c-36ec-46fa-8e46-0f8a8890db19" }, "size": { "min": 1, "max": 1 }, "create_vm_params": { "nics": [ { "net-id": "4a9576c5-6ae6-493c-9563-8d655bcea3b2" } ] } } }, "contexts": { "users": { "tenants": 3, "users_per_tenant": 2 }, "quotas": { "cinder": { "gigabytes": -1, "snapshots": -1, "volumes": -1 } }, "api_versions": { "cinder": { "version": 3, "service_type": "volumev3" } } }, "runner": { "constant": { "concurrency": 4, "times": 10 } }, "hooks": [], "sla": { "failure_rate": { "max": 0 } } } ] }
2020-04-10 06:20:40.384 1333 RALLYDEBUG rally_openstack.contexts.keystone.users [-] Creating 3 tenants using 3 threads
2020-04-10 06:20:40.880 1333 RALLYDEBUG rally_openstack.contexts.keystone.users [-] Creating 6 users using 6 threads
2020-04-10 06:20:41.964 1333 INFO rally.task.context [-] Task 5d972f25-35dd-49c1-a6d1-6e1e54fe1678 | Context users@openstack setup() finished in 1.58 sec
2020-04-10 06:20:42.101 1333 INFO rally.task.context [-] Task 5d972f25-35dd-49c1-a6d1-6e1e54fe1678 | Context api_versions@openstack setup() finished in 0.14 sec
2020-04-10 06:20:42.762 1333 INFO rally.task.context [-] Task 5d972f25-35dd-49c1-a6d1-6e1e54fe1678 | Context quotas@openstack setup() finished in 0.66 sec
2020-04-10 06:20:42.762 1333 INFO rally.task.context [-] Task 5d972f25-35dd-49c1-a6d1-6e1e54fe1678 | Context cleanup@openstack setup() finished in 0.02 msec
2020-04-10 06:20:43.246 1333 RALLYDEBUG rally.task.runner [-] Starting the constant runner (task UUID: 5d972f25-35dd-49c1-a6d1-6e1e54fe1678). times: 10 concurrency: 4 timeout: 0 max_cpu_used: 88 processes_to_start: 4 concurrency_per_worker: 1 concurrency_overhead: 0
2020-04-10 06:20:43.258 2466 RALLYDEBUG rally.task.runner [-] Starting a worker. times: 10 duration: None concurrency: 1 timeout: 0 cls: method_name: run args: {"flavor": "8dc5bbab-5f5e-4817-b893-596b62d83864", "image": "552c22a2-7165-48c5-a40b-95053e9e1423", "size": {"min": 1, "max": 1}, "create_vm_params": {"nics": [{"net-id": "4a9576c5-6ae6-493c-9563-8d655bcea3b2"}]}}
2020-04-10 06:20:43.260 2467 RALLYDEBUG rally.task.runner [-] Starting a worker. times: 10 duration: None concurrency: 1 timeout: 0 cls: method_name: run args: {"flavor": "8dc5bbab-5f5e-4817-b893-596b62d83864", "image": "552c22a2-7165-48c5-a40b-95053e9e1423", "size": {"min": 1, "max": 1}, "create_vm_params": {"nics": [{"net-id": "4a9576c5-6ae6-493c-9563-8d655bcea3b2"}]}}
2020-04-10 06:20:43.263 2468 RALLYDEBUG rally.task.runner [-] Starting a worker. times: 10 duration: None concurrency: 1 timeout: 0 cls: method_name: run args: {"flavor": "8dc5bbab-5f5e-4817-b893-596b62d83864", "image": "552c22a2-7165-48c5-a40b-95053e9e1423", "size": {"min": 1, "max": 1}, "create_vm_params": {"nics": [{"net-id": "4a9576c5-6ae6-493c-9563-8d655bcea3b2"}]}}
2020-04-10 06:20:43.265 2469 RALLYDEBUG rally.task.runner [-] Starting a worker. times: 10 duration: None concurrency: 1 timeout: 0 cls: method_name: run args: {"flavor": "8dc5bbab-5f5e-4817-b893-596b62d83864", "image": "552c22a2-7165-48c5-a40b-95053e9e1423", "size": {"min": 1, "max": 1}, "create_vm_params": {"nics": [{"net-id": "4a9576c5-6ae6-493c-9563-8d655bcea3b2"}]}}
2020-04-10 06:20:43.266 2466 INFO rally.task.runner [-] Task 5d972f25-35dd-49c1-a6d1-6e1e54fe1678 | ITER: 1 START
2020-04-10 06:20:43.268 2467 INFO rally.task.runner [-] Task 5d972f25-35dd-49c1-a6d1-6e1e54fe1678 | ITER: 2 START
2020-04-10 06:20:43.270 2468 INFO rally.task.runner [-] Task 5d972f25-35dd-49c1-a6d1-6e1e54fe1678 | ITER: 3 START
2020-04-10 06:20:43.271 2469 INFO rally.task.runner [-] Task 5d972f25-35dd-49c1-a6d1-6e1e54fe1678 | ITER: 4 START
2020-04-10 06:20:59.318 2468 RALLYDEBUG rally.task.utils [-] Waiting for resource s_rally_5a8423fc_EWPPq8EK. Status changed: BUILD => ACTIVE in 9.16602087020874
2020-04-10 06:20:59.957 2468 RALLYDEBUG rally.task.utils [-] Waiting for resource s_rally_5a8423fc_q88TEQET. Status changed: AVAILABLE => RESERVED in 0.19347667694091797
2020-04-10 06:21:02.186 2468 RALLYDEBUG rally.task.utils [-] Waiting for resource s_rally_5a8423fc_q88TEQET. Status changed: RESERVED => IN-USE in 2.229234457015991
2020-04-10 06:21:02.621 2468 RALLYDEBUG rally.task.utils [-] Waiting for resource s_rally_5a8423fc_q88TEQET. Status changed: AVAILABLE => DETACHING in 0.1970069408416748
2020-04-10 06:21:04.355 2469 RALLYDEBUG rally.task.utils [-] Waiting for resource s_rally_5a8423fc_vXRODVPn. Status changed: BUILD => ACTIVE in 13.441706895828247
2020-04-10 06:21:04.796 2468 RALLYDEBUG rally.task.utils [-] Waiting for resource s_rally_5a8423fc_q88TEQET. Status changed: DETACHING => AVAILABLE in 2.175029993057251
2020-04-10 06:21:04.929 2468 RALLYDEBUG rally.task.utils [-] Waiting for resource s_rally_5a8423fc_4nUe5EYp. Status changed: AVAILABLE => DELETING in 0.03834795951843262
2020-04-10 06:21:05.256 2469 RALLYDEBUG rally.task.utils [-] Waiting for resource s_rally_5a8423fc_5frMSU5k. Status changed: AVAILABLE => RESERVED in 0.2150743007659912
2020-04-10 06:21:05.346 2466 RALLYDEBUG rally.task.utils [-] Waiting for resource s_rally_5a8423fc_yGBXqs8r. Status changed: BUILD => ACTIVE in 14.082759380340576
2020-04-10 06:21:05.867 2467 RALLYDEBUG rally.task.utils [-] Waiting for resource s_rally_5a8423fc_e7jDKhYU. Status changed: BUILD => ACTIVE in 14.277774333953857
2020-04-10 06:21:05.973 2466 RALLYDEBUG rally.task.utils [-] Waiting for resource s_rally_5a8423fc_ELZzmB2H. Status changed: AVAILABLE => RESERVED in 0.19440913200378418
2020-04-10 06:21:06.498 2467 RALLYDEBUG rally.task.utils [-] Waiting for resource s_rally_5a8423fc_wvkrXcec. Status changed: AVAILABLE => RESERVED in 0.21729731559753418
2020-04-10 06:21:07.141 2468 RALLYDEBUG rally.task.utils [-] Waiting for resource s_rally_5a8423fc_q88TEQET. Status changed: AVAILABLE => DELETING in 0.07351160049438477
2020-04-10 06:21:07.480 2469 RALLYDEBUG rally.task.utils [-] Waiting for resource s_rally_5a8423fc_5frMSU5k. Status changed: RESERVED => IN-USE in 2.223733425140381
2020-04-10 06:21:08.110 2469 RALLYDEBUG rally.task.utils [-] Waiting for resource s_rally_5a8423fc_5frMSU5k. Status changed: AVAILABLE => DETACHING in 0.18749308586120605
2020-04-10 06:21:08.188 2466 RALLYDEBUG rally.task.utils [-] Waiting for resource s_rally_5a8423fc_ELZzmB2H. Status changed: RESERVED => IN-USE in 2.2151951789855957
2020-04-10 06:21:08.604 2466 RALLYDEBUG rally.task.utils [-] Waiting for resource s_rally_5a8423fc_ELZzmB2H. Status changed: AVAILABLE => DETACHING in 0.18317174911499023
2020-04-10 06:21:08.701 2467 RALLYDEBUG rally.task.utils [-] Waiting for resource s_rally_5a8423fc_wvkrXcec. Status changed: RESERVED => IN-USE in 2.203662872314453
2020-04-10 06:21:09.121 2467 RALLYDEBUG rally.task.utils [-] Waiting for resource s_rally_5a8423fc_wvkrXcec. Status changed: AVAILABLE => DETACHING in 0.18661952018737793
2020-04-10 06:21:10.289 2469 RALLYDEBUG rally.task.utils [-] Waiting for resource s_rally_5a8423fc_5frMSU5k. Status changed: DETACHING => AVAILABLE in 2.1791536808013916
2020-04-10 06:21:10.428 2469 RALLYDEBUG rally.task.utils [-] Waiting for resource s_rally_5a8423fc_Q0bAsvez. Status changed: AVAILABLE => DELETING in 0.04210209846496582
2020-04-10 06:21:10.797 2466 RALLYDEBUG rally.task.utils [-] Waiting for resource s_rally_5a8423fc_ELZzmB2H. Status changed: DETACHING => AVAILABLE in 2.1937386989593506
2020-04-10 06:21:10.941 2466 RALLYDEBUG rally.task.utils [-] Waiting for resource s_rally_5a8423fc_JmKmya0h. Status changed: AVAILABLE => DELETING in 0.050313711166381836
2020-04-10 06:21:11.321 2467 RALLYDEBUG rally.task.utils [-] Waiting for resource s_rally_5a8423fc_wvkrXcec. Status changed: DETACHING => AVAILABLE in 2.200450897216797
2020-04-10 06:21:11.448 2467 RALLYDEBUG rally.task.utils [-] Waiting for resource s_rally_5a8423fc_yCrepB0K. Status changed: AVAILABLE => DELETING in 0.03909444808959961
2020-04-10 06:21:11.770 2468 INFO rally.task.runner [-] Task 5d972f25-35dd-49c1-a6d1-6e1e54fe1678 | ITER: 3 END: OK
2020-04-10 06:21:11.778 2468 INFO rally.task.runner [-] Task 5d972f25-35dd-49c1-a6d1-6e1e54fe1678 | ITER: 5 START
2020-04-10 06:21:12.646 2469 RALLYDEBUG rally.task.utils [-] Waiting for resource s_rally_5a8423fc_5frMSU5k. Status changed: AVAILABLE => DELETING in 0.09266114234924316
2020-04-10 06:21:13.159 2466 RALLYDEBUG rally.task.utils [-] Waiting for resource s_rally_5a8423fc_ELZzmB2H. Status changed: AVAILABLE => DELETING in 0.09402871131896973
2020-04-10 06:21:13.635 2467 RALLYDEBUG rally.task.utils [-] Waiting for resource s_rally_5a8423fc_wvkrXcec. Status changed: AVAILABLE => DELETING in 0.0757601261138916
2020-04-10 06:21:18.819 2467 INFO rally.task.runner [-] Task 5d972f25-35dd-49c1-a6d1-6e1e54fe1678 | ITER: 2 END: OK
2020-04-10 06:21:18.826 2467 INFO rally.task.runner [-] Task 5d972f25-35dd-49c1-a6d1-6e1e54fe1678 | ITER: 6 START
2020-04-10 06:21:18.836 2469 INFO rally.task.runner [-] Task 5d972f25-35dd-49c1-a6d1-6e1e54fe1678 | ITER: 4 END: OK
2020-04-10 06:21:18.842 2469 INFO rally.task.runner [-] Task 5d972f25-35dd-49c1-a6d1-6e1e54fe1678 | ITER: 7 START
2020-04-10 06:21:19.824 2466 INFO rally.task.runner [-] Task 5d972f25-35dd-49c1-a6d1-6e1e54fe1678 | ITER: 1 END: OK
2020-04-10 06:21:19.831 2466 INFO rally.task.runner [-] Task 5d972f25-35dd-49c1-a6d1-6e1e54fe1678 | ITER: 8 START
2020-04-10 06:21:26.365 2468 RALLYDEBUG rally.task.utils [-] Waiting for resource s_rally_5a8423fc_NCd3Av36. Status changed: BUILD => ACTIVE in 7.555565595626831
2020-04-10 06:21:27.166 2468 RALLYDEBUG rally.task.utils [-] Waiting for resource s_rally_5a8423fc_Az6byjsA. Status changed: AVAILABLE => RESERVED in 0.3321549892425537
2020-04-10 06:21:29.495 2468 RALLYDEBUG rally.task.utils [-] Waiting for resource s_rally_5a8423fc_Az6byjsA. Status changed: RESERVED => IN-USE in 2.3285951614379883
2020-04-10 06:21:29.952 2468 RALLYDEBUG rally.task.utils [-] Waiting for resource s_rally_5a8423fc_Az6byjsA. Status changed: AVAILABLE => DETACHING in 0.20491862297058105
2020-04-10 06:21:32.178 2468 RALLYDEBUG rally.task.utils [-] Waiting for resource s_rally_5a8423fc_Az6byjsA. Status changed: DETACHING => AVAILABLE in 2.225614547729492
2020-04-10 06:21:32.293 2468 RALLYDEBUG rally.task.utils [-] Waiting for resource s_rally_5a8423fc_C3vq5PHd. Status changed: AVAILABLE => DELETING in 0.03461909294128418
2020-04-10 06:21:34.488 2468 RALLYDEBUG rally.task.utils [-] Waiting for resource s_rally_5a8423fc_Az6byjsA. Status changed: AVAILABLE => DELETING in 0.06647443771362305
2020-04-10 06:21:38.636 2469 RALLYDEBUG rally.task.utils [-] Waiting for resource s_rally_5a8423fc_HxNTh8Fx. Status changed: BUILD => ACTIVE in 12.889114618301392
2020-04-10 06:21:39.277 2469 RALLYDEBUG rally.task.utils [-] Waiting for resource s_rally_5a8423fc_3iglCI3I. Status changed: AVAILABLE => RESERVED in 0.23041749000549316
2020-04-10 06:21:40.191 2466 RALLYDEBUG rally.task.utils [-] Waiting for resource s_rally_5a8423fc_eApX8JDn. Status changed: BUILD => ACTIVE in 12.739985704421997
2020-04-10 06:21:40.559 2468 INFO rally.task.runner [-] Task 5d972f25-35dd-49c1-a6d1-6e1e54fe1678 | ITER: 5 END: OK
2020-04-10 06:21:40.564 2468 INFO rally.task.runner [-] Task 5d972f25-35dd-49c1-a6d1-6e1e54fe1678 | ITER: 9 START
