2020-04-10 06:12:54.876 969 INFO rally.task.runner [-] Task 52bcdd51-16de-453f-8810-628a184e0c2d | ITER: 9 START
2020-04-10 06:12:54.887 971 INFO rally.task.runner [-] Task 52bcdd51-16de-453f-8810-628a184e0c2d | ITER: 7 END: OK
2020-04-10 06:12:54.891 971 INFO rally.task.runner [-] Task 52bcdd51-16de-453f-8810-628a184e0c2d | ITER: 10 START
2020-04-10 06:12:54.903 968 INFO rally.task.runner [-] Task 52bcdd51-16de-453f-8810-628a184e0c2d | ITER: 6 END: OK
2020-04-10 06:12:54.912 970 INFO rally.task.runner [-] Task 52bcdd51-16de-453f-8810-628a184e0c2d | ITER: 5 END: OK
2020-04-10 06:12:57.211 969 RALLYDEBUG rally.task.utils [-] Waiting for resource 'e33d6fb6-601b-489f-b632-34f97156e429'. Status changed: NONE => QUEUED in 0.049160003662109375
2020-04-10 06:12:57.225 971 RALLYDEBUG rally.task.utils [-] Waiting for resource 'dc84c08c-4e21-445e-abba-38c616912d54'. Status changed: NONE => QUEUED in 0.04944658279418945
2020-04-10 06:12:57.644 971 RALLYDEBUG rally.task.utils [-] Waiting for resource s_rally_a3484bff_8HmWPgFx. Status changed: QUEUED => ACTIVE in 0.02513432502746582
2020-04-10 06:12:57.673 969 RALLYDEBUG rally.task.utils [-] Waiting for resource s_rally_a3484bff_kkyP5dJe. Status changed: QUEUED => ACTIVE in 0.03014087677001953
2020-04-10 06:12:57.708 971 INFO rally.task.runner [-] Task 52bcdd51-16de-453f-8810-628a184e0c2d | ITER: 10 END: OK
2020-04-10 06:12:57.750 969 INFO rally.task.runner [-] Task 52bcdd51-16de-453f-8810-628a184e0c2d | ITER: 9 END: OK
2020-04-10 06:12:57.779 501 INFO rally.task.context [-] Task 52bcdd51-16de-453f-8810-628a184e0c2d | Context cleanup@openstack cleanup() started
2020-04-10 06:12:57.784 501 RALLYDEBUG rally_openstack.cleanup.manager [-] Cleaning up glance images objects
2020-04-10 06:12:58.554 501 RALLYDEBUG rally_openstack.cleanup.manager [-] Deleting glance.images object s_rally_a3484bff_8HmWPgFx (dc84c08c-4e21-445e-abba-38c616912d54)
2020-04-10 06:12:58.566 501 RALLYDEBUG rally_openstack.cleanup.manager [-] Deleting glance.images object s_rally_a3484bff_1yAmx4G3 (d084c73d-2102-4555-9207-a0bb92ca766f)
2020-04-10 06:12:58.577 501 RALLYDEBUG rally_openstack.cleanup.manager [-] Deleting glance.images object s_rally_a3484bff_0cFHNmkg (02f34f63-e266-4ed8-9a19-99fc59f9fd04)
2020-04-10 06:12:58.590 501 RALLYDEBUG rally_openstack.cleanup.manager [-] Deleting glance.images object s_rally_a3484bff_fJRvboSA (2b1ab07f-ce64-4571-bdca-c8fc76e6088f)
2020-04-10 06:12:58.601 501 RALLYDEBUG rally_openstack.cleanup.manager [-] Deleting glance.images object s_rally_a3484bff_fZRt59J2 (80de300a-bcc0-4cd8-a343-3a224ef9f5da)
2020-04-10 06:12:58.614 501 RALLYDEBUG rally_openstack.cleanup.manager [-] Deleting glance.images object s_rally_a3484bff_2UzNNViM (5a90054c-27f8-4fb5-b5a0-541fad36e6a6)
2020-04-10 06:12:58.629 501 RALLYDEBUG rally_openstack.cleanup.manager [-] Deleting glance.images object s_rally_a3484bff_kkyP5dJe (e33d6fb6-601b-489f-b632-34f97156e429)
2020-04-10 06:12:58.675 501 RALLYDEBUG rally_openstack.cleanup.manager [-] Deleting glance.images object s_rally_a3484bff_ITB0vmls (c11b2043-1e04-4a83-847d-6710e27b6a97)
2020-04-10 06:12:58.714 501 RALLYDEBUG rally_openstack.cleanup.manager [-] Deleting glance.images object s_rally_a3484bff_SE7JH11L (8837830c-85a6-473e-8a7b-ac1769f09dd6)
2020-04-10 06:12:58.718 501 RALLYDEBUG rally_openstack.cleanup.manager [-] Deleting glance.images object s_rally_a3484bff_R5XdR1Qt (b649fb85-30cf-4174-8615-4731f40202b6)
2020-04-10 06:12:59.121 501 DEBUG glanceclient.common.http [-] Request returned failure status 404. _handle_response /usr/lib/python3.7/site-packages/glanceclient/common/http.py:125
2020-04-10 06:12:59.145 501 DEBUG glanceclient.common.http [-] Request returned failure status 404. _handle_response /usr/lib/python3.7/site-packages/glanceclient/common/http.py:125
2020-04-10 06:12:59.180 501 DEBUG glanceclient.common.http [-] Request returned failure status 404. _handle_response /usr/lib/python3.7/site-packages/glanceclient/common/http.py:125
2020-04-10 06:12:59.188 501 DEBUG glanceclient.common.http [-] Request returned failure status 404. _handle_response /usr/lib/python3.7/site-packages/glanceclient/common/http.py:125
2020-04-10 06:12:59.207 501 DEBUG glanceclient.common.http [-] Request returned failure status 404. _handle_response /usr/lib/python3.7/site-packages/glanceclient/common/http.py:125
2020-04-10 06:12:59.215 501 DEBUG glanceclient.common.http [-] Request returned failure status 404. _handle_response /usr/lib/python3.7/site-packages/glanceclient/common/http.py:125
2020-04-10 06:12:59.234 501 DEBUG glanceclient.common.http [-] Request returned failure status 404. _handle_response /usr/lib/python3.7/site-packages/glanceclient/common/http.py:125
2020-04-10 06:12:59.243 501 DEBUG glanceclient.common.http [-] Request returned failure status 404. _handle_response /usr/lib/python3.7/site-packages/glanceclient/common/http.py:125
2020-04-10 06:12:59.268 501 DEBUG glanceclient.common.http [-] Request returned failure status 404. _handle_response /usr/lib/python3.7/site-packages/glanceclient/common/http.py:125
2020-04-10 06:12:59.270 501 DEBUG glanceclient.common.http [-] Request returned failure status 404. _handle_response /usr/lib/python3.7/site-packages/glanceclient/common/http.py:125
2020-04-10 06:12:59.283 501 DEBUG glanceclient.common.http [-] Request returned failure status 404. _handle_response /usr/lib/python3.7/site-packages/glanceclient/common/http.py:125
2020-04-10 06:12:59.303 501 DEBUG glanceclient.common.http [-] Request returned failure status 404. _handle_response /usr/lib/python3.7/site-packages/glanceclient/common/http.py:125
2020-04-10 06:12:59.316 501 DEBUG glanceclient.common.http [-] Request returned failure status 404. _handle_response /usr/lib/python3.7/site-packages/glanceclient/common/http.py:125
2020-04-10 06:12:59.318 501 DEBUG glanceclient.common.http [-] Request returned failure status 404. _handle_response /usr/lib/python3.7/site-packages/glanceclient/common/http.py:125
2020-04-10 06:12:59.320 501 DEBUG glanceclient.common.http [-] Request returned failure status 404. _handle_response /usr/lib/python3.7/site-packages/glanceclient/common/http.py:125
2020-04-10 06:12:59.321 501 DEBUG glanceclient.common.http [-] Request returned failure status 404. _handle_response /usr/lib/python3.7/site-packages/glanceclient/common/http.py:125
2020-04-10 06:12:59.329 501 DEBUG glanceclient.common.http [-] Request returned failure status 404. _handle_response /usr/lib/python3.7/site-packages/glanceclient/common/http.py:125
2020-04-10 06:12:59.336 501 DEBUG glanceclient.common.http [-] Request returned failure status 404. _handle_response /usr/lib/python3.7/site-packages/glanceclient/common/http.py:125
2020-04-10 06:12:59.353 501 DEBUG glanceclient.common.http [-] Request returned failure status 404. _handle_response /usr/lib/python3.7/site-packages/glanceclient/common/http.py:125
2020-04-10 06:12:59.357 501 DEBUG glanceclient.common.http [-] Request returned failure status 404. _handle_response /usr/lib/python3.7/site-packages/glanceclient/common/http.py:125
2020-04-10 06:13:00.360 501 INFO rally.task.context [-] Task 52bcdd51-16de-453f-8810-628a184e0c2d | Context cleanup@openstack cleanup() finished in 2.58 sec
2020-04-10 06:13:00.361 501 INFO rally.task.context [-] Task 52bcdd51-16de-453f-8810-628a184e0c2d | Context users@openstack cleanup() started
2020-04-10 06:13:00.495 501 WARNING rally.common.logging [-] `iterate_per_tenants()' is deprecated in v3.0.0: it is openstack specific.. Used at
2020-04-10 06:13:03.070 501 INFO rally.task.context [-] Task 52bcdd51-16de-453f-8810-628a184e0c2d | Context users@openstack cleanup() finished in 2.71 sec
2020-04-10 06:13:03.373 501 INFO rally.task.engine [-] Load duration is: 8.844316
2020-04-10 06:13:03.374 501 INFO rally.task.engine [-] Full runner duration is: 9.070788
2020-04-10 06:13:03.374 501 INFO rally.task.engine [-] Full duration is: 15.807786
2020-04-10 06:13:03.461 501 INFO rally.task.engine [-] Running workload: position = 0 config = { "version": 2, "title": "A cropped version of a bigger task.", "description": "Auto-generated task from a single workload (uuid=5780395f-1e7a-47f5-8980-7899be60e39d)", "subtasks": [ { "title": "GlanceImages.create_and_download_image", "description": "Create an image, then download data of the image.", "scenario": { "GlanceImages.create_and_download_image": { "container_format": "bare", "disk_format": "qcow2", "image_location": "/home/opnfv/functest/images/cirros-0.4.0-x86_64-disk.img" } }, "contexts": { "users": { "tenants": 3, "users_per_tenant": 2 } }, "runner": { "constant": { "concurrency": 4, "times": 10 } }, "hooks": [], "sla": { "failure_rate": { "max": 0 } } } ] }
2020-04-10 06:13:03.481 501 RALLYDEBUG rally_openstack.contexts.keystone.users [-] Creating 3 tenants using 3 threads
2020-04-10 06:13:03.986 501 RALLYDEBUG rally_openstack.contexts.keystone.users [-] Creating 6 users using 6 threads
2020-04-10 06:13:05.062 501 INFO rally.task.context [-] Task 52bcdd51-16de-453f-8810-628a184e0c2d | Context users@openstack setup() finished in 1.58 sec
2020-04-10 06:13:05.063 501 INFO rally.task.context [-] Task 52bcdd51-16de-453f-8810-628a184e0c2d | Context cleanup@openstack setup() finished in 0.01 msec
2020-04-10 06:13:05.073 501 RALLYDEBUG rally.task.runner [-] Starting the constant runner (task UUID: 52bcdd51-16de-453f-8810-628a184e0c2d). times: 10 concurrency: 4 timeout: 0 max_cpu_used: 88 processes_to_start: 4 concurrency_per_worker: 1 concurrency_overhead: 0
2020-04-10 06:13:05.086 1061 RALLYDEBUG rally.task.runner [-] Starting a worker. times: 10 duration: None concurrency: 1 timeout: 0 cls: method_name: run args: {"container_format": "bare", "disk_format": "qcow2", "image_location": "/home/opnfv/functest/images/cirros-0.4.0-x86_64-disk.img"}
2020-04-10 06:13:05.090 1062 RALLYDEBUG rally.task.runner [-] Starting a worker. times: 10 duration: None concurrency: 1 timeout: 0 cls: method_name: run args: {"container_format": "bare", "disk_format": "qcow2", "image_location": "/home/opnfv/functest/images/cirros-0.4.0-x86_64-disk.img"}
2020-04-10 06:13:05.093 1061 INFO rally.task.runner [-] Task 52bcdd51-16de-453f-8810-628a184e0c2d | ITER: 1 START
2020-04-10 06:13:05.094 1063 RALLYDEBUG rally.task.runner [-] Starting a worker. times: 10 duration: None concurrency: 1 timeout: 0 cls: method_name: run args: {"container_format": "bare", "disk_format": "qcow2", "image_location": "/home/opnfv/functest/images/cirros-0.4.0-x86_64-disk.img"}
2020-04-10 06:13:05.096 1062 INFO rally.task.runner [-] Task 52bcdd51-16de-453f-8810-628a184e0c2d | ITER: 2 START
2020-04-10 06:13:05.098 1066 RALLYDEBUG rally.task.runner [-] Starting a worker. times: 10 duration: None concurrency: 1 timeout: 0 cls: method_name: run args: {"container_format": "bare", "disk_format": "qcow2", "image_location": "/home/opnfv/functest/images/cirros-0.4.0-x86_64-disk.img"}
2020-04-10 06:13:05.101 1063 INFO rally.task.runner [-] Task 52bcdd51-16de-453f-8810-628a184e0c2d | ITER: 3 START
2020-04-10 06:13:05.104 1066 INFO rally.task.runner [-] Task 52bcdd51-16de-453f-8810-628a184e0c2d | ITER: 4 START
2020-04-10 06:13:07.545 1062 RALLYDEBUG rally.task.utils [-] Waiting for resource '10e04dab-fc93-4e54-b045-3a033b326b6e'. Status changed: NONE => QUEUED in 0.044115543365478516
2020-04-10 06:13:07.568 1066 RALLYDEBUG rally.task.utils [-] Waiting for resource 'addeed3a-3a9d-4ca2-a327-7b1213f09024'. Status changed: NONE => QUEUED in 0.042847394943237305
2020-04-10 06:13:07.568 1061 RALLYDEBUG rally.task.utils [-] Waiting for resource '0392048a-a938-46a9-a888-230c4eb986dd'. Status changed: NONE => QUEUED in 0.05276942253112793
2020-04-10 06:13:07.577 1063 RALLYDEBUG rally.task.utils [-] Waiting for resource '98bba8d0-8d96-4559-81d7-9d5a215fe4f0'. Status changed: NONE => QUEUED in 0.04303789138793945
2020-04-10 06:13:08.184 1062 RALLYDEBUG rally.task.utils [-] Waiting for resource s_rally_5780395f_blBQyE03. Status changed: QUEUED => ACTIVE in 0.028162479400634766
2020-04-10 06:13:08.187 1063 RALLYDEBUG rally.task.utils [-] Waiting for resource s_rally_5780395f_i4XowuST. Status changed: QUEUED => ACTIVE in 0.028989315032958984
2020-04-10 06:13:08.198 1061 RALLYDEBUG rally.task.utils [-] Waiting for resource s_rally_5780395f_Avsv6VsN. Status changed: QUEUED => ACTIVE in 0.027460098266601562
2020-04-10 06:13:08.209 1066 RALLYDEBUG rally.task.utils [-] Waiting for resource s_rally_5780395f_8WknSjK0. Status changed: QUEUED => ACTIVE in 0.02604222297668457
2020-04-10 06:13:08.338 1063 INFO rally.task.runner [-] Task 52bcdd51-16de-453f-8810-628a184e0c2d | ITER: 3 END: OK
2020-04-10 06:13:08.341 1063 INFO rally.task.runner [-] Task 52bcdd51-16de-453f-8810-628a184e0c2d | ITER: 5 START
2020-04-10 06:13:08.375 1062 INFO rally.task.runner [-] Task 52bcdd51-16de-453f-8810-628a184e0c2d | ITER: 2 END: OK
2020-04-10 06:13:08.379 1062 INFO rally.task.runner [-] Task 52bcdd51-16de-453f-8810-628a184e0c2d | ITER: 6 START
2020-04-10 06:13:08.397 1066 INFO rally.task.runner [-] Task 52bcdd51-16de-453f-8810-628a184e0c2d | ITER: 4 END: OK
2020-04-10 06:13:08.401 1066 INFO rally.task.runner [-] Task 52bcdd51-16de-453f-8810-628a184e0c2d | ITER: 7 START
2020-04-10 06:13:08.421 1061 INFO rally.task.runner [-] Task 52bcdd51-16de-453f-8810-628a184e0c2d | ITER: 1 END: OK
2020-04-10 06:13:08.426 1061 INFO rally.task.runner [-] Task 52bcdd51-16de-453f-8810-628a184e0c2d | ITER: 8 START
2020-04-10 06:13:10.770 1063 RALLYDEBUG rally.task.utils [-] Waiting for resource '29a1f453-05f0-431d-879f-603025cf9a30'. Status changed: NONE => QUEUED in 0.05471634864807129
2020-04-10 06:13:10.774 1062 RALLYDEBUG rally.task.utils [-] Waiting for resource '982ee5f7-67de-400f-825a-158fff4f8f1f'. Status changed: NONE => QUEUED in 0.04700422286987305
2020-04-10 06:13:10.819 1061 RALLYDEBUG rally.task.utils [-] Waiting for resource '297ed4cb-5334-4d34-8a4f-6936cf11f7cc'. Status changed: NONE => QUEUED in 0.042035818099975586
2020-04-10 06:13:10.839 1066 RALLYDEBUG rally.task.utils [-] Waiting for resource '8215d242-57f4-48e9-b3ee-70dd997ff386'. Status changed: NONE => QUEUED in 0.04824495315551758
2020-04-10 06:13:11.300 1066 RALLYDEBUG rally.task.utils [-] Waiting for resource s_rally_5780395f_s5ODBssx. Status changed: QUEUED => ACTIVE in 0.02919459342956543
2020-04-10 06:13:11.314 1061 RALLYDEBUG rally.task.utils [-] Waiting for resource s_rally_5780395f_axbjlofI. Status changed: QUEUED => ACTIVE in 0.0334165096282959
2020-04-10 06:13:11.318 1063 RALLYDEBUG rally.task.utils [-] Waiting for resource s_rally_5780395f_YEY1W4yy. Status changed: QUEUED => ACTIVE in 0.03700065612792969
2020-04-10 06:13:11.326 1062 RALLYDEBUG rally.task.utils [-] Waiting for resource s_rally_5780395f_zfrZIt9f. Status changed: QUEUED => ACTIVE in 0.029894113540649414
2020-04-10 06:13:11.471 1066 INFO rally.task.runner [-] Task 52bcdd51-16de-453f-8810-628a184e0c2d | ITER: 7 END: OK
2020-04-10 06:13:11.475 1066 INFO rally.task.runner [-] Task 52bcdd51-16de-453f-8810-628a184e0c2d | ITER: 9 START
2020-04-10 06:13:11.493 1061 INFO rally.task.runner [-] Task 52bcdd51-16de-453f-8810-628a184e0c2d | ITER: 8 END: OK
2020-04-10 06:13:11.498 1061 INFO rally.task.runner [-] Task 52bcdd51-16de-453f-8810-628a184e0c2d | ITER: 10 START
2020-04-10 06:13:11.511 1063 INFO rally.task.runner [-] Task 52bcdd51-16de-453f-8810-628a184e0c2d | ITER: 5 END: OK
2020-04-10 06:13:11.513 1062 INFO rally.task.runner [-] Task 52bcdd51-16de-453f-8810-628a184e0c2d | ITER: 6 END: OK
2020-04-10 06:13:13.841 1066 RALLYDEBUG rally.task.utils [-] Waiting for resource '658bb442-03ab-4dca-954f-ab8aca8bb1ec'. Status changed: NONE => QUEUED in 0.0446317195892334
2020-04-10 06:13:13.862 1061 RALLYDEBUG rally.task.utils [-] Waiting for resource '9a1a9468-f103-496b-bacf-870f2b9fb616'. Status changed: NONE => QUEUED in 0.041136980056762695
2020-04-10 06:13:14.285 1066 RALLYDEBUG rally.task.utils [-] Waiting for resource s_rally_5780395f_9ywuZC6t. Status changed: QUEUED => ACTIVE in 0.029054880142211914
2020-04-10 06:13:14.295 1061 RALLYDEBUG rally.task.utils [-] Waiting for resource s_rally_5780395f_RdMqNfd1. Status changed: QUEUED => ACTIVE in 0.02940845489501953
2020-04-10 06:13:14.473 1066 INFO rally.task.runner [-] Task 52bcdd51-16de-453f-8810-628a184e0c2d | ITER: 9 END: OK
2020-04-10 06:13:14.487 1061 INFO rally.task.runner [-] Task 52bcdd51-16de-453f-8810-628a184e0c2d | ITER: 10 END: OK
2020-04-10 06:13:14.513 501 INFO rally.task.context [-] Task 52bcdd51-16de-453f-8810-628a184e0c2d | Context cleanup@openstack cleanup() started
2020-04-10 06:13:14.518 501 RALLYDEBUG rally_openstack.cleanup.manager [-] Cleaning up glance images objects
2020-04-10 06:13:15.584 501 RALLYDEBUG rally_openstack.cleanup.manager [-] Deleting glance.images object s_rally_5780395f_8WknSjK0 (addeed3a-3a9d-4ca2-a327-7b1213f09024)
2020-04-10 06:13:15.567 501 RALLYDEBUG rally_openstack.cleanup.manager [-] Deleting glance.images object s_rally_5780395f_9ywuZC6t (658bb442-03ab-4dca-954f-ab8aca8bb1ec)
2020-04-10 06:13:15.578 501 RALLYDEBUG rally_openstack.cleanup.manager [-] Deleting glance.images object s_rally_5780395f_blBQyE03 (10e04dab-fc93-4e54-b045-3a033b326b6e)
2020-04-10 06:13:15.625 501 RALLYDEBUG rally_openstack.cleanup.manager [-] Deleting glance.images object s_rally_5780395f_zfrZIt9f (982ee5f7-67de-400f-825a-158fff4f8f1f)
2020-04-10 06:13:15.626 501 RALLYDEBUG rally_openstack.cleanup.manager [-] Deleting glance.images object s_rally_5780395f_Avsv6VsN (0392048a-a938-46a9-a888-230c4eb986dd)
2020-04-10 06:13:15.626 501 RALLYDEBUG rally_openstack.cleanup.manager [-] Deleting glance.images object s_rally_5780395f_s5ODBssx (8215d242-57f4-48e9-b3ee-70dd997ff386)
2020-04-10 06:13:15.627 501 RALLYDEBUG rally_openstack.cleanup.manager [-] Deleting glance.images object s_rally_5780395f_YEY1W4yy (29a1f453-05f0-431d-879f-603025cf9a30)
2020-04-10 06:13:15.628 501 RALLYDEBUG rally_openstack.cleanup.manager [-] Deleting glance.images object s_rally_5780395f_RdMqNfd1 (9a1a9468-f103-496b-bacf-870f2b9fb616)
2020-04-10 06:13:15.635 501 RALLYDEBUG rally_openstack.cleanup.manager [-] Deleting glance.images object s_rally_5780395f_axbjlofI (297ed4cb-5334-4d34-8a4f-6936cf11f7cc)
2020-04-10 06:13:15.634 501 RALLYDEBUG rally_openstack.cleanup.manager [-] Deleting glance.images object s_rally_5780395f_i4XowuST (98bba8d0-8d96-4559-81d7-9d5a215fe4f0)
2020-04-10 06:13:16.371 501 DEBUG glanceclient.common.http [-] Request returned failure status 404. _handle_response /usr/lib/python3.7/site-packages/glanceclient/common/http.py:125
2020-04-10 06:13:16.386 501 DEBUG glanceclient.common.http [-] Request returned failure status 404. _handle_response /usr/lib/python3.7/site-packages/glanceclient/common/http.py:125
2020-04-10 06:13:16.388 501 DEBUG glanceclient.common.http [-] Request returned failure status 404. _handle_response /usr/lib/python3.7/site-packages/glanceclient/common/http.py:125
2020-04-10 06:13:16.403 501 DEBUG glanceclient.common.http [-] Request returned failure status 404. _handle_response /usr/lib/python3.7/site-packages/glanceclient/common/http.py:125
2020-04-10 06:13:16.422 501 DEBUG glanceclient.common.http [-] Request returned failure status 404. _handle_response /usr/lib/python3.7/site-packages/glanceclient/common/http.py:125
2020-04-10 06:13:16.438 501 DEBUG glanceclient.common.http [-] Request returned failure status 404. _handle_response /usr/lib/python3.7/site-packages/glanceclient/common/http.py:125
2020-04-10 06:13:16.439 501 DEBUG glanceclient.common.http [-] Request returned failure status 404. _handle_response /usr/lib/python3.7/site-packages/glanceclient/common/http.py:125
2020-04-10 06:13:16.449 501 DEBUG glanceclient.common.http [-] Request returned failure status 404. _handle_response /usr/lib/python3.7/site-packages/glanceclient/common/http.py:125
2020-04-10 06:13:16.450 501 DEBUG glanceclient.common.http [-] Request returned failure status 404. _handle_response /usr/lib/python3.7/site-packages/glanceclient/common/http.py:125
2020-04-10 06:13:16.453 501 DEBUG glanceclient.common.http [-] Request returned failure status 404. _handle_response /usr/lib/python3.7/site-packages/glanceclient/common/http.py:125
2020-04-10 06:13:16.460 501 DEBUG glanceclient.common.http [-] Request returned failure status 404. _handle_response /usr/lib/python3.7/site-packages/glanceclient/common/http.py:125
2020-04-10 06:13:16.461 501 DEBUG glanceclient.common.http [-] Request returned failure status 404. _handle_response /usr/lib/python3.7/site-packages/glanceclient/common/http.py:125
2020-04-10 06:13:16.469 501 DEBUG glanceclient.common.http [-] Request returned failure status 404. _handle_response /usr/lib/python3.7/site-packages/glanceclient/common/http.py:125
2020-04-10 06:13:16.489 501 DEBUG glanceclient.common.http [-] Request returned failure status 404. _handle_response /usr/lib/python3.7/site-packages/glanceclient/common/http.py:125
2020-04-10 06:13:16.501 501 DEBUG glanceclient.common.http [-] Request returned failure status 404. _handle_response /usr/lib/python3.7/site-packages/glanceclient/common/http.py:125
2020-04-10 06:13:16.505 501 DEBUG glanceclient.common.http [-] Request returned failure status 404. _handle_response /usr/lib/python3.7/site-packages/glanceclient/common/http.py:125
2020-04-10 06:13:16.506 501 DEBUG glanceclient.common.http [-] Request returned failure status 404. _handle_response /usr/lib/python3.7/site-packages/glanceclient/common/http.py:125
2020-04-10 06:13:16.508 501 DEBUG glanceclient.common.http [-] Request returned failure status 404. _handle_response /usr/lib/python3.7/site-packages/glanceclient/common/http.py:125
2020-04-10 06:13:16.515 501 DEBUG glanceclient.common.http [-] Request returned failure status 404. _handle_response /usr/lib/python3.7/site-packages/glanceclient/common/http.py:125
2020-04-10 06:13:16.535 501 DEBUG glanceclient.common.http [-] Request returned failure status 404. _handle_response /usr/lib/python3.7/site-packages/glanceclient/common/http.py:125
2020-04-10 06:13:17.538 501 INFO rally.task.context [-] Task 52bcdd51-16de-453f-8810-628a184e0c2d | Context cleanup@openstack cleanup() finished in 3.02 sec
2020-04-10 06:13:17.539 501 INFO rally.task.context [-] Task 52bcdd51-16de-453f-8810-628a184e0c2d | Context users@openstack cleanup() started
2020-04-10 06:13:17.792 501 WARNING rally.common.logging [-] `iterate_per_tenants()' is deprecated in v3.0.0: it is openstack specific.. Used at
2020-04-10 06:13:21.439 501 INFO rally.task.context [-] Task 52bcdd51-16de-453f-8810-628a184e0c2d | Context users@openstack cleanup() finished in 3.90 sec
2020-04-10 06:13:21.702 501 INFO rally.task.engine [-] Load duration is: 9.207446
2020-04-10 06:13:21.702 501 INFO rally.task.engine [-] Full runner duration is: 9.440597
2020-04-10 06:13:21.702 501 INFO rally.task.engine [-] Full duration is: 17.959986
2020-04-10 06:13:21.800 501 INFO rally.task.engine [-] Running workload: position = 0 config = { "version": 2, "title": "A cropped version of a bigger task.", "description": "Auto-generated task from a single workload (uuid=08140b77-753a-4416-a0ab-f7555242c052)", "subtasks": [ { "title": "GlanceImages.create_and_get_image", "description": "Create and get detailed information of an image.", "scenario": { "GlanceImages.create_and_get_image": { "container_format": "bare", "disk_format": "qcow2", "image_location": "/home/opnfv/functest/images/cirros-0.4.0-x86_64-disk.img" } }, "contexts": { "users": { "tenants": 3, "users_per_tenant": 2 } }, "runner": { "constant": { "concurrency": 4, "times": 10 } }, "hooks": [], "sla": { "failure_rate": { "max": 0 } } } ] }
2020-04-10 06:13:21.824 501 RALLYDEBUG rally_openstack.contexts.keystone.users [-] Creating 3 tenants using 3 threads
2020-04-10 06:13:22.312 501 RALLYDEBUG rally_openstack.contexts.keystone.users [-] Creating 6 users using 6 threads
2020-04-10 06:13:23.417 501 INFO rally.task.context [-] Task 52bcdd51-16de-453f-8810-628a184e0c2d | Context users@openstack setup() finished in 1.59 sec
2020-04-10 06:13:23.418 501 INFO rally.task.context [-] Task 52bcdd51-16de-453f-8810-628a184e0c2d | Context cleanup@openstack setup() finished in 0.10 msec
2020-04-10 06:13:23.428 501 RALLYDEBUG rally.task.runner [-] Starting the constant runner (task UUID: 52bcdd51-16de-453f-8810-628a184e0c2d). times: 10 concurrency: 4 timeout: 0 max_cpu_used: 88 processes_to_start: 4 concurrency_per_worker: 1 concurrency_overhead: 0
2020-04-10 06:13:23.440 1154 RALLYDEBUG rally.task.runner [-] Starting a worker. times: 10 duration: None concurrency: 1 timeout: 0 cls: method_name: run args: {"container_format": "bare", "disk_format": "qcow2", "image_location": "/home/opnfv/functest/images/cirros-0.4.0-x86_64-disk.img"}
2020-04-10 06:13:23.443 1155 RALLYDEBUG rally.task.runner [-] Starting a worker. times: 10 duration: None concurrency: 1 timeout: 0 cls: method_name: run args: {"container_format": "bare", "disk_format": "qcow2", "image_location": "/home/opnfv/functest/images/cirros-0.4.0-x86_64-disk.img"}
2020-04-10 06:13:23.446 1156 RALLYDEBUG rally.task.runner [-] Starting a worker. times: 10 duration: None concurrency: 1 timeout: 0 cls: method_name: run args: {"container_format": "bare", "disk_format": "qcow2", "image_location": "/home/opnfv/functest/images/cirros-0.4.0-x86_64-disk.img"}
2020-04-10 06:13:23.447 1154 INFO rally.task.runner [-] Task 52bcdd51-16de-453f-8810-628a184e0c2d | ITER: 1 START
2020-04-10 06:13:23.448 1157 RALLYDEBUG rally.task.runner [-] Starting a worker. times: 10 duration: None concurrency: 1 timeout: 0 cls: method_name: run args: {"container_format": "bare", "disk_format": "qcow2", "image_location": "/home/opnfv/functest/images/cirros-0.4.0-x86_64-disk.img"}
2020-04-10 06:13:23.450 1155 INFO rally.task.runner [-] Task 52bcdd51-16de-453f-8810-628a184e0c2d | ITER: 2 START
2020-04-10 06:13:23.453 1156 INFO rally.task.runner [-] Task 52bcdd51-16de-453f-8810-628a184e0c2d | ITER: 3 START
2020-04-10 06:13:23.455 1157 INFO rally.task.runner [-] Task 52bcdd51-16de-453f-8810-628a184e0c2d | ITER: 4 START
2020-04-10 06:13:25.909 1155 RALLYDEBUG rally.task.utils [-] Waiting for resource '3f5880d0-7c8e-4c5f-a5b2-1d7a07c4441c'. Status changed: NONE => QUEUED in 0.05384469032287598
2020-04-10 06:13:25.930 1156 RALLYDEBUG rally.task.utils [-] Waiting for resource '6120dc82-e905-40a6-a7fd-4b287ea85782'. Status changed: NONE => QUEUED in 0.05013537406921387
2020-04-10 06:13:25.937 1157 RALLYDEBUG rally.task.utils [-] Waiting for resource '1b29ef73-df80-4c43-a3fd-33016fcba9d6'. Status changed: NONE => QUEUED in 0.051635026931762695
2020-04-10 06:13:25.941 1154 RALLYDEBUG rally.task.utils [-] Waiting for resource 'b3dc8c05-59e2-4275-9b95-519e4ada00b4'. Status changed: NONE => QUEUED in 0.0445709228515625
2020-04-10 06:13:26.589 1157 RALLYDEBUG rally.task.utils [-] Waiting for resource s_rally_08140b77_pRHNleA5. Status changed: QUEUED => ACTIVE in 0.026273012161254883
2020-04-10 06:13:26.595 1154 RALLYDEBUG rally.task.utils [-] Waiting for resource s_rally_08140b77_4GWDBXRg. Status changed: QUEUED => ACTIVE in 0.027102947235107422
2020-04-10 06:13:26.600 1156 RALLYDEBUG rally.task.utils [-] Waiting for resource s_rally_08140b77_SvPosjCi. Status changed: QUEUED => ACTIVE in 0.024991750717163086
2020-04-10 06:13:26.607 1155 RALLYDEBUG rally.task.utils [-] Waiting for resource s_rally_08140b77_JVpYrp4I. Status changed: QUEUED => ACTIVE in 0.026380300521850586
2020-04-10 06:13:26.618 1157 INFO rally.task.runner [-] Task 52bcdd51-16de-453f-8810-628a184e0c2d | ITER: 4 END: OK
2020-04-10 06:13:26.622 1157 INFO rally.task.runner [-] Task 52bcdd51-16de-453f-8810-628a184e0c2d | ITER: 5 START
2020-04-10 06:13:26.624 1154 INFO rally.task.runner [-] Task 52bcdd51-16de-453f-8810-628a184e0c2d | ITER: 1 END: OK
2020-04-10 06:13:26.626 1156 INFO rally.task.runner [-] Task 52bcdd51-16de-453f-8810-628a184e0c2d | ITER: 3 END: OK
2020-04-10 06:13:26.629 1154 INFO rally.task.runner [-] Task 52bcdd51-16de-453f-8810-628a184e0c2d | ITER: 6 START
2020-04-10 06:13:26.630 1156 INFO rally.task.runner [-] Task 52bcdd51-16de-453f-8810-628a184e0c2d | ITER: 7 START
2020-04-10 06:13:26.638 1155 INFO rally.task.runner [-] Task 52bcdd51-16de-453f-8810-628a184e0c2d | ITER: 2 END: OK
2020-04-10 06:13:26.643 1155 INFO rally.task.runner [-] Task 52bcdd51-16de-453f-8810-628a184e0c2d | ITER: 8 START
2020-04-10 06:13:28.972 1157 RALLYDEBUG rally.task.utils [-] Waiting for resource 'dff326fe-cf88-47f6-8e63-e349f268c5cd'. Status changed: NONE => QUEUED in 0.0411829948425293
2020-04-10 06:13:28.982 1156 RALLYDEBUG rally.task.utils [-] Waiting for resource 'd6f03763-90c9-4c20-ac1a-6e71427d8d65'. Status changed: NONE => QUEUED in 0.039331912994384766
2020-04-10 06:13:29.049 1154 RALLYDEBUG rally.task.utils [-] Waiting for resource 'da458d65-010b-4ebe-818c-e471ae30a2f7'. Status changed: NONE => QUEUED in 0.048912763595581055
2020-04-10 06:13:29.064 1155 RALLYDEBUG rally.task.utils [-] Waiting for resource '6de2b459-6989-42a5-a06d-1e7355f9a38d'. Status changed: NONE => QUEUED in 0.05440378189086914
2020-04-10 06:13:29.485 1157 RALLYDEBUG rally.task.utils [-] Waiting for resource s_rally_08140b77_bGyvkI3t. Status changed: QUEUED => ACTIVE in 0.02911210060119629
2020-04-10 06:13:29.487 1156 RALLYDEBUG rally.task.utils [-] Waiting for resource s_rally_08140b77_ikW0Ee0F. Status changed: QUEUED => ACTIVE in 0.024169921875
2020-04-10 06:13:29.490 1154 RALLYDEBUG rally.task.utils [-] Waiting for resource s_rally_08140b77_kELFK9nX. Status changed: QUEUED => ACTIVE in 0.02633070945739746
2020-04-10 06:13:29.510 1156 INFO rally.task.runner [-] Task 52bcdd51-16de-453f-8810-628a184e0c2d | ITER: 7 END: OK
2020-04-10 06:13:29.512 1157 INFO rally.task.runner [-] Task 52bcdd51-16de-453f-8810-628a184e0c2d | ITER: 5 END: OK
2020-04-10 06:13:29.512 1155 RALLYDEBUG rally.task.utils [-] Waiting for resource s_rally_08140b77_Kamz7pS0. Status changed: QUEUED => ACTIVE in 0.023742198944091797
2020-04-10 06:13:29.513 1156 INFO rally.task.runner [-] Task 52bcdd51-16de-453f-8810-628a184e0c2d | ITER: 9 START
2020-04-10 06:13:29.514 1154 INFO rally.task.runner [-] Task 52bcdd51-16de-453f-8810-628a184e0c2d | ITER: 6 END: OK
2020-04-10 06:13:29.516 1157 INFO rally.task.runner [-] Task 52bcdd51-16de-453f-8810-628a184e0c2d | ITER: 10 START
2020-04-10 06:13:29.542 1155 INFO rally.task.runner [-] Task 52bcdd51-16de-453f-8810-628a184e0c2d | ITER: 8 END: OK
2020-04-10 06:13:31.849 1156 RALLYDEBUG rally.task.utils [-] Waiting for resource '31679634-3dcc-4348-b8c5-1219cce2bfb6'. Status changed: NONE => QUEUED in 0.03969621658325195
2020-04-10 06:13:31.947 1157 RALLYDEBUG rally.task.utils [-] Waiting for resource 'cf6b3831-b4fe-476a-9ab2-a8b89d3b542e'. Status changed: NONE => QUEUED in 0.04539346694946289
2020-04-10 06:13:32.240 1156 RALLYDEBUG rally.task.utils [-] Waiting for resource s_rally_08140b77_URONPKNu. Status changed: QUEUED => ACTIVE in 0.029642105102539062
2020-04-10 06:13:32.270 1156 INFO rally.task.runner [-] Task 52bcdd51-16de-453f-8810-628a184e0c2d | ITER: 9 END: OK
2020-04-10 06:13:32.351 1157 RALLYDEBUG rally.task.utils [-] Waiting for resource s_rally_08140b77_j0lSL6Nn. Status changed: QUEUED => ACTIVE in 0.032491445541381836
2020-04-10 06:13:32.384 1157 INFO rally.task.runner [-] Task 52bcdd51-16de-453f-8810-628a184e0c2d | ITER: 10 END: OK
2020-04-10 06:13:32.410 501 INFO rally.task.context [-] Task 52bcdd51-16de-453f-8810-628a184e0c2d | Context cleanup@openstack cleanup() started
2020-04-10 06:13:32.414 501 RALLYDEBUG rally_openstack.cleanup.manager [-] Cleaning up glance images objects
2020-04-10 06:13:33.198 501 RALLYDEBUG rally_openstack.cleanup.manager [-] Deleting glance.images object s_rally_08140b77_ikW0Ee0F (d6f03763-90c9-4c20-ac1a-6e71427d8d65)
2020-04-10 06:13:33.215 501 RALLYDEBUG rally_openstack.cleanup.manager [-] Deleting glance.images object s_rally_08140b77_4GWDBXRg (b3dc8c05-59e2-4275-9b95-519e4ada00b4)
2020-04-10 06:13:33.216 501 RALLYDEBUG rally_openstack.cleanup.manager [-] Deleting glance.images object s_rally_08140b77_SvPosjCi (6120dc82-e905-40a6-a7fd-4b287ea85782)
2020-04-10 06:13:33.227 501 RALLYDEBUG rally_openstack.cleanup.manager [-] Deleting glance.images object s_rally_08140b77_pRHNleA5 (1b29ef73-df80-4c43-a3fd-33016fcba9d6)
2020-04-10 06:13:33.244 501 RALLYDEBUG rally_openstack.cleanup.manager [-] Deleting glance.images object s_rally_08140b77_URONPKNu (31679634-3dcc-4348-b8c5-1219cce2bfb6)
2020-04-10 06:13:33.247 501 RALLYDEBUG rally_openstack.cleanup.manager [-] Deleting glance.images object s_rally_08140b77_bGyvkI3t (dff326fe-cf88-47f6-8e63-e349f268c5cd)
2020-04-10 06:13:33.252 501 RALLYDEBUG rally_openstack.cleanup.manager [-] Deleting glance.images object s_rally_08140b77_kELFK9nX (da458d65-010b-4ebe-818c-e471ae30a2f7)
2020-04-10 06:13:33.279 501 RALLYDEBUG rally_openstack.cleanup.manager [-] Deleting glance.images object s_rally_08140b77_j0lSL6Nn (cf6b3831-b4fe-476a-9ab2-a8b89d3b542e)
2020-04-10 06:13:33.281 501 RALLYDEBUG rally_openstack.cleanup.manager [-] Deleting glance.images object s_rally_08140b77_Kamz7pS0 (6de2b459-6989-42a5-a06d-1e7355f9a38d)
2020-04-10 06:13:33.282 501 RALLYDEBUG rally_openstack.cleanup.manager [-] Deleting glance.images object s_rally_08140b77_JVpYrp4I (3f5880d0-7c8e-4c5f-a5b2-1d7a07c4441c)
2020-04-10 06:13:33.681 501 DEBUG glanceclient.common.http [-] Request returned failure status 404. _handle_response /usr/lib/python3.7/site-packages/glanceclient/common/http.py:125
2020-04-10 06:13:33.708 501 DEBUG glanceclient.common.http [-] Request returned failure status 404. _handle_response /usr/lib/python3.7/site-packages/glanceclient/common/http.py:125
2020-04-10 06:13:33.756 501 DEBUG glanceclient.common.http [-] Request returned failure status 404. _handle_response /usr/lib/python3.7/site-packages/glanceclient/common/http.py:125
2020-04-10 06:13:33.782 501 DEBUG glanceclient.common.http [-] Request returned failure status 404. _handle_response /usr/lib/python3.7/site-packages/glanceclient/common/http.py:125
2020-04-10 06:13:33.791 501 DEBUG glanceclient.common.http [-] Request returned failure status 404. _handle_response /usr/lib/python3.7/site-packages/glanceclient/common/http.py:125
2020-04-10 06:13:33.793 501 DEBUG glanceclient.common.http [-] Request returned failure status 404. _handle_response /usr/lib/python3.7/site-packages/glanceclient/common/http.py:125
2020-04-10 06:13:33.806 501 DEBUG glanceclient.common.http [-] Request returned failure status 404. _handle_response /usr/lib/python3.7/site-packages/glanceclient/common/http.py:125
2020-04-10 06:13:33.815 501 DEBUG glanceclient.common.http [-] Request returned failure status 404. _handle_response /usr/lib/python3.7/site-packages/glanceclient/common/http.py:125
2020-04-10 06:13:33.822 501 DEBUG glanceclient.common.http [-] Request returned failure status 404. _handle_response /usr/lib/python3.7/site-packages/glanceclient/common/http.py:125
2020-04-10 06:13:33.831 501 DEBUG glanceclient.common.http [-] Request returned failure status 404. _handle_response /usr/lib/python3.7/site-packages/glanceclient/common/http.py:125
2020-04-10 06:13:33.843 501 DEBUG glanceclient.common.http [-] Request returned failure status 404. _handle_response /usr/lib/python3.7/site-packages/glanceclient/common/http.py:125
2020-04-10 06:13:33.855 501 DEBUG glanceclient.common.http [-] Request returned failure status 404. _handle_response /usr/lib/python3.7/site-packages/glanceclient/common/http.py:125
2020-04-10 06:13:33.900 501 DEBUG glanceclient.common.http [-] Request returned failure status 404. _handle_response /usr/lib/python3.7/site-packages/glanceclient/common/http.py:125
2020-04-10 06:13:33.908 501 DEBUG glanceclient.common.http [-] Request returned failure status 404. _handle_response /usr/lib/python3.7/site-packages/glanceclient/common/http.py:125
2020-04-10 06:13:33.918 501 DEBUG glanceclient.common.http [-] Request returned failure status 404. _handle_response /usr/lib/python3.7/site-packages/glanceclient/common/http.py:125
2020-04-10 06:13:33.926 501 DEBUG glanceclient.common.http [-] Request returned failure status 404. _handle_response /usr/lib/python3.7/site-packages/glanceclient/common/http.py:125
2020-04-10 06:13:33.934 501 DEBUG glanceclient.common.http [-] Request returned failure status 404. _handle_response /usr/lib/python3.7/site-packages/glanceclient/common/http.py:125
2020-04-10 06:13:33.942 501 DEBUG glanceclient.common.http [-] Request returned failure status 404. _handle_response /usr/lib/python3.7/site-packages/glanceclient/common/http.py:125
2020-04-10 06:13:33.944 501 DEBUG glanceclient.common.http [-] Request returned failure status 404. _handle_response /usr/lib/python3.7/site-packages/glanceclient/common/http.py:125
2020-04-10 06:13:33.959 501 DEBUG glanceclient.common.http [-] Request returned failure status 404. _handle_response /usr/lib/python3.7/site-packages/glanceclient/common/http.py:125
2020-04-10 06:13:34.962 501 INFO rally.task.context [-] Task 52bcdd51-16de-453f-8810-628a184e0c2d | Context cleanup@openstack cleanup() finished in 2.55 sec
2020-04-10 06:13:34.963 501 INFO rally.task.context [-] Task 52bcdd51-16de-453f-8810-628a184e0c2d | Context users@openstack cleanup() started
2020-04-10 06:13:35.105 501 WARNING rally.common.logging [-] `iterate_per_tenants()' is deprecated in v3.0.0: it is openstack specific.. Used at
2020-04-10 06:13:41.124 501 INFO rally.task.context [-] Task 52bcdd51-16de-453f-8810-628a184e0c2d | Context users@openstack cleanup() finished in 6.16 sec
2020-04-10 06:13:41.969 501 INFO rally.task.engine [-] Load duration is: 8.759082
2020-04-10 06:13:41.970 501 INFO rally.task.engine [-] Full runner duration is: 8.981386
2020-04-10 06:13:41.970 501 INFO rally.task.engine [-] Full duration is: 19.302132
2020-04-10 06:13:42.081 501 INFO rally.task.engine [-] Running workload: position = 0 config = { "version": 2, "title": "A cropped version of a bigger task.", "description": "Auto-generated task from a single workload (uuid=25e94f55-6f49-4cb9-850b-0a8a1cdda09c)", "subtasks": [ { "title": "GlanceImages.create_and_update_image", "description": "Create an image then update it.", "scenario": { "GlanceImages.create_and_update_image": { "container_format": "bare", "disk_format": "qcow2", "image_location": "/home/opnfv/functest/images/cirros-0.4.0-x86_64-disk.img" } }, "contexts": { "users": { "tenants": 3, "users_per_tenant": 2 } }, "runner": { "constant": { "concurrency": 4, "times": 10 } }, "hooks": [], "sla": { "failure_rate": { "max": 0 } } } ] }
2020-04-10 06:13:42.102 501 RALLYDEBUG rally_openstack.contexts.keystone.users [-] Creating 3 tenants using 3 threads
2020-04-10 06:13:42.603 501 RALLYDEBUG rally_openstack.contexts.keystone.users [-] Creating 6 users using 6 threads
2020-04-10 06:13:43.479 501 INFO rally.task.context [-] Task 52bcdd51-16de-453f-8810-628a184e0c2d | Context users@openstack setup() finished in 1.38 sec
2020-04-10 06:13:43.480 501 INFO rally.task.context [-] Task 52bcdd51-16de-453f-8810-628a184e0c2d | Context cleanup@openstack setup() finished in 0.00 msec
2020-04-10 06:13:43.488 501 RALLYDEBUG rally.task.runner [-] Starting the constant runner (task UUID: 52bcdd51-16de-453f-8810-628a184e0c2d). times: 10 concurrency: 4 timeout: 0 max_cpu_used: 88 processes_to_start: 4 concurrency_per_worker: 1 concurrency_overhead: 0
2020-04-10 06:13:43.500 1247 RALLYDEBUG rally.task.runner [-] Starting a worker. times: 10 duration: None concurrency: 1 timeout: 0 cls: method_name: run args: {"container_format": "bare", "disk_format": "qcow2", "image_location": "/home/opnfv/functest/images/cirros-0.4.0-x86_64-disk.img"}
2020-04-10 06:13:43.503 1248 RALLYDEBUG rally.task.runner [-] Starting a worker. times: 10 duration: None concurrency: 1 timeout: 0 cls: method_name: run args: {"container_format": "bare", "disk_format": "qcow2", "image_location": "/home/opnfv/functest/images/cirros-0.4.0-x86_64-disk.img"}
2020-04-10 06:13:43.506 1249 RALLYDEBUG rally.task.runner [-] Starting a worker. times: 10 duration: None concurrency: 1 timeout: 0 cls: method_name: run args: {"container_format": "bare", "disk_format": "qcow2", "image_location": "/home/opnfv/functest/images/cirros-0.4.0-x86_64-disk.img"}
2020-04-10 06:13:43.508 1247 INFO rally.task.runner [-] Task 52bcdd51-16de-453f-8810-628a184e0c2d | ITER: 1 START
2020-04-10 06:13:43.509 1250 RALLYDEBUG rally.task.runner [-] Starting a worker. times: 10 duration: None concurrency: 1 timeout: 0 cls: method_name: run args: {"container_format": "bare", "disk_format": "qcow2", "image_location": "/home/opnfv/functest/images/cirros-0.4.0-x86_64-disk.img"}
2020-04-10 06:13:43.510 1248 INFO rally.task.runner [-] Task 52bcdd51-16de-453f-8810-628a184e0c2d | ITER: 2 START
2020-04-10 06:13:43.513 1249 INFO rally.task.runner [-] Task 52bcdd51-16de-453f-8810-628a184e0c2d | ITER: 3 START
2020-04-10 06:13:43.515 1250 INFO rally.task.runner [-] Task 52bcdd51-16de-453f-8810-628a184e0c2d | ITER: 4 START
2020-04-10 06:13:45.966 1248 RALLYDEBUG rally.task.utils [-] Waiting for resource '9660bd50-2610-46d5-85a0-81d4f3b6a7e1'. Status changed: NONE => QUEUED in 0.05046963691711426
2020-04-10 06:13:45.980 1247 RALLYDEBUG rally.task.utils [-] Waiting for resource '594ae11d-5b0d-488d-8c8f-dc585aa78d0c'. Status changed: NONE => QUEUED in 0.04354119300842285
2020-04-10 06:13:45.999 1250 RALLYDEBUG rally.task.utils [-] Waiting for resource 'eac34d5f-dbf2-45a1-8315-008b3953f401'. Status changed: NONE => QUEUED in 0.04133272171020508
2020-04-10 06:13:46.000 1249 RALLYDEBUG rally.task.utils [-] Waiting for resource '42fe2ee7-1fc4-4d5e-a739-5f65b70b53d8'. Status changed: NONE => QUEUED in 0.03988385200500488
2020-04-10 06:13:46.542 1248 RALLYDEBUG rally.task.utils [-] Waiting for resource s_rally_25e94f55_KlT5NfQb. Status changed: QUEUED => ACTIVE in 0.026842355728149414
2020-04-10 06:13:46.542 1250 RALLYDEBUG rally.task.utils [-] Waiting for resource s_rally_25e94f55_PH0M7Nog. Status changed: QUEUED => ACTIVE in 0.033315181732177734
2020-04-10 06:13:46.546 1247 RALLYDEBUG rally.task.utils [-] Waiting for resource s_rally_25e94f55_rCIugC5o. Status changed: QUEUED => ACTIVE in 0.029763221740722656
2020-04-10 06:13:46.551 1249 RALLYDEBUG rally.task.utils [-] Waiting for resource s_rally_25e94f55_yCNpzQiD. Status changed: QUEUED => ACTIVE in 0.02607583999633789
2020-04-10 06:13:46.712 1248 INFO rally.task.runner [-] Task 52bcdd51-16de-453f-8810-628a184e0c2d | ITER: 2 END: OK
2020-04-10 06:13:46.713 1249 INFO rally.task.runner [-] Task 52bcdd51-16de-453f-8810-628a184e0c2d | ITER: 3 END: OK
2020-04-10 06:13:46.717 1248 INFO rally.task.runner [-] Task 52bcdd51-16de-453f-8810-628a184e0c2d | ITER: 5 START
2020-04-10 06:13:46.717 1249 INFO rally.task.runner [-] Task 52bcdd51-16de-453f-8810-628a184e0c2d | ITER: 6 START
2020-04-10 06:13:46.727 1250 INFO rally.task.runner [-] Task 52bcdd51-16de-453f-8810-628a184e0c2d | ITER: 4 END: OK
2020-04-10 06:13:46.732 1250 INFO rally.task.runner [-] Task 52bcdd51-16de-453f-8810-628a184e0c2d | ITER: 7 START
2020-04-10 06:13:46.741 1247 INFO rally.task.runner [-] Task 52bcdd51-16de-453f-8810-628a184e0c2d | ITER: 1 END: OK
2020-04-10 06:13:46.746 1247 INFO rally.task.runner [-] Task 52bcdd51-16de-453f-8810-628a184e0c2d | ITER: 8 START
2020-04-10 06:13:49.030 1249 RALLYDEBUG rally.task.utils [-] Waiting for resource '350a60bf-7ca7-405a-bd19-3bf7d509c73e'. Status changed: NONE => QUEUED in 0.04331517219543457
2020-04-10 06:13:49.049 1250 RALLYDEBUG rally.task.utils [-] Waiting for resource '9c122200-78cd-487d-a206-fc8a2fffea32'. Status changed: NONE => QUEUED in 0.043604373931884766
2020-04-10 06:13:49.098 1248 RALLYDEBUG rally.task.utils [-] Waiting for resource '6409a7a6-60d9-4209-a10d-d1be5dff06e6'. Status changed: NONE => QUEUED in 0.03959035873413086
2020-04-10 06:13:49.131 1247 RALLYDEBUG rally.task.utils [-] Waiting for resource '9b84dadb-137c-4ced-aeb0-1b58939c5282'. Status changed: NONE => QUEUED in 0.04060220718383789
2020-04-10 06:13:49.478 1249 RALLYDEBUG rally.task.utils [-] Waiting for resource s_rally_25e94f55_gnYKhdKB. Status changed: QUEUED => ACTIVE in 0.025615215301513672
2020-04-10 06:13:49.527 1250 RALLYDEBUG rally.task.utils [-] Waiting for resource s_rally_25e94f55_R1kOFfNh. Status changed: QUEUED => ACTIVE in 0.02919483184814453
2020-04-10 06:13:49.548 1248 RALLYDEBUG rally.task.utils [-] Waiting for resource s_rally_25e94f55_ZvISczjC. Status changed: QUEUED => ACTIVE in 0.02871108055114746
2020-04-10 06:13:49.557 1247 RALLYDEBUG rally.task.utils [-] Waiting for resource s_rally_25e94f55_YeeHbltS. Status changed: QUEUED => ACTIVE in 0.024735212326049805
2020-04-10 06:13:49.654 1249 INFO rally.task.runner [-] Task 52bcdd51-16de-453f-8810-628a184e0c2d | ITER: 6 END: OK
2020-04-10 06:13:49.660 1249 INFO rally.task.runner [-] Task 52bcdd51-16de-453f-8810-628a184e0c2d | ITER: 9 START
2020-04-10 06:13:49.693 1250 INFO rally.task.runner [-] Task 52bcdd51-16de-453f-8810-628a184e0c2d | ITER: 7 END: OK
2020-04-10 06:13:49.698 1250 INFO rally.task.runner [-] Task 52bcdd51-16de-453f-8810-628a184e0c2d | ITER: 10 START
2020-04-10 06:13:49.713 1248 INFO rally.task.runner [-] Task 52bcdd51-16de-453f-8810-628a184e0c2d | ITER: 5 END: OK
2020-04-10 06:13:49.719 1247 INFO rally.task.runner [-] Task 52bcdd51-16de-453f-8810-628a184e0c2d | ITER: 8 END: OK
2020-04-10 06:13:51.963 1249 RALLYDEBUG rally.task.utils [-] Waiting for resource '53994f79-5dcb-448e-af5c-6c68ac2873e1'. Status changed: NONE => QUEUED in 0.045653581619262695
2020-04-10 06:13:52.024 1250 RALLYDEBUG rally.task.utils [-] Waiting for resource '78f338f9-8bdc-403c-9adb-64ecb087de3b'. Status changed: NONE => QUEUED in 0.042962074279785156
2020-04-10 06:13:52.371 1249 RALLYDEBUG rally.task.utils [-] Waiting for resource s_rally_25e94f55_JQYBeNqj. Status changed: QUEUED => ACTIVE in 0.02867889404296875
2020-04-10 06:13:52.428 1250 RALLYDEBUG rally.task.utils [-] Waiting for resource s_rally_25e94f55_5k7n73DG. Status changed: QUEUED => ACTIVE in 0.028429508209228516
2020-04-10 06:13:52.539 1249 INFO rally.task.runner [-] Task 52bcdd51-16de-453f-8810-628a184e0c2d | ITER: 9 END: OK
2020-04-10 06:13:52.601 1250 INFO rally.task.runner [-] Task 52bcdd51-16de-453f-8810-628a184e0c2d | ITER: 10 END: OK
2020-04-10 06:13:52.623 501 INFO rally.task.context [-] Task 52bcdd51-16de-453f-8810-628a184e0c2d | Context cleanup@openstack cleanup() started
2020-04-10 06:13:52.627 501 RALLYDEBUG rally_openstack.cleanup.manager [-] Cleaning up glance images objects
2020-04-10 06:13:53.360 501 RALLYDEBUG rally_openstack.cleanup.manager [-] Deleting glance.images object s_rally_25e94f55_8rEHCd3v (6409a7a6-60d9-4209-a10d-d1be5dff06e6)
2020-04-10 06:13:53.382 501 RALLYDEBUG rally_openstack.cleanup.manager [-] Deleting glance.images object s_rally_25e94f55_lNjkftYJ (78f338f9-8bdc-403c-9adb-64ecb087de3b)
2020-04-10 06:13:53.388 501 RALLYDEBUG rally_openstack.cleanup.manager [-] Deleting glance.images object s_rally_25e94f55_4oMom3qT (9b84dadb-137c-4ced-aeb0-1b58939c5282)
2020-04-10 06:13:53.389 501 RALLYDEBUG rally_openstack.cleanup.manager [-] Deleting glance.images object s_rally_25e94f55_4e6Uj0Xk (594ae11d-5b0d-488d-8c8f-dc585aa78d0c)
2020-04-10 06:13:53.389 501 RALLYDEBUG rally_openstack.cleanup.manager [-] Deleting glance.images object s_rally_25e94f55_zmyWHqkY (53994f79-5dcb-448e-af5c-6c68ac2873e1)
2020-04-10 06:13:53.400 501 RALLYDEBUG rally_openstack.cleanup.manager [-] Deleting glance.images object s_rally_25e94f55_C5KpW376 (9c122200-78cd-487d-a206-fc8a2fffea32)
2020-04-10 06:13:53.429 501 RALLYDEBUG rally_openstack.cleanup.manager [-] Deleting glance.images object s_rally_25e94f55_lVNju0mM (9660bd50-2610-46d5-85a0-81d4f3b6a7e1)
2020-04-10 06:13:53.434 501 RALLYDEBUG rally_openstack.cleanup.manager [-] Deleting glance.images object s_rally_25e94f55_b2OKAx67 (42fe2ee7-1fc4-4d5e-a739-5f65b70b53d8)
2020-04-10 06:13:53.438 501 RALLYDEBUG rally_openstack.cleanup.manager [-] Deleting glance.images object s_rally_25e94f55_UX2CvnIf (350a60bf-7ca7-405a-bd19-3bf7d509c73e)
2020-04-10 06:13:53.438 501 RALLYDEBUG rally_openstack.cleanup.manager [-] Deleting glance.images object s_rally_25e94f55_TYZDdnJV (eac34d5f-dbf2-45a1-8315-008b3953f401)
2020-04-10 06:13:53.912 501 DEBUG glanceclient.common.http [-] Request returned failure status 404. _handle_response /usr/lib/python3.7/site-packages/glanceclient/common/http.py:125
2020-04-10 06:13:53.936 501 DEBUG glanceclient.common.http [-] Request returned failure status 404. _handle_response /usr/lib/python3.7/site-packages/glanceclient/common/http.py:125
2020-04-10 06:13:54.031 501 DEBUG glanceclient.common.http [-] Request returned failure status 404. _handle_response /usr/lib/python3.7/site-packages/glanceclient/common/http.py:125
2020-04-10 06:13:54.039 501 DEBUG glanceclient.common.http [-] Request returned failure status 404. _handle_response /usr/lib/python3.7/site-packages/glanceclient/common/http.py:125
2020-04-10 06:13:54.048 501 DEBUG glanceclient.common.http [-] Request returned failure status 404. _handle_response /usr/lib/python3.7/site-packages/glanceclient/common/http.py:125
2020-04-10 06:13:54.050 501 DEBUG glanceclient.common.http [-] Request returned failure status 404. _handle_response /usr/lib/python3.7/site-packages/glanceclient/common/http.py:125
2020-04-10 06:13:54.051 501 DEBUG glanceclient.common.http [-] Request returned failure status 404. _handle_response /usr/lib/python3.7/site-packages/glanceclient/common/http.py:125
2020-04-10 06:13:54.056 501 DEBUG glanceclient.common.http [-] Request returned failure status 404. _handle_response /usr/lib/python3.7/site-packages/glanceclient/common/http.py:125
2020-04-10 06:13:54.071 501 DEBUG glanceclient.common.http [-] Request returned failure status 404. _handle_response /usr/lib/python3.7/site-packages/glanceclient/common/http.py:125
2020-04-10 06:13:54.095 501 DEBUG glanceclient.common.http [-] Request returned failure status 404. _handle_response /usr/lib/python3.7/site-packages/glanceclient/common/http.py:125
