2020-04-10 06:36:30.113 7741 RALLYDEBUG rally.task.utils [-] Waiting for resource . Status changed: SUSPEND_IN_PROGRESS => SUSPEND_COMPLETE in 1.0918774604797363
2020-04-10 06:36:30.141 7744 RALLYDEBUG rally.task.utils [-] Waiting for resource . Status changed: CREATE_IN_PROGRESS => CREATE_COMPLETE in 0.0892190933227539
2020-04-10 06:36:30.177 7743 RALLYDEBUG rally.task.utils [-] Waiting for resource . Status changed: CREATE_IN_PROGRESS => CREATE_COMPLETE in 0.08508110046386719
2020-04-10 06:36:30.217 7742 RALLYDEBUG rally.task.utils [-] Waiting for resource . Status changed: CREATE_COMPLETE => RESUME_IN_PROGRESS in 0.08181381225585938
2020-04-10 06:36:30.364 7741 RALLYDEBUG rally.task.utils [-] Waiting for resource . Status changed: CREATE_COMPLETE => RESUME_IN_PROGRESS in 0.08255314826965332
2020-04-10 06:36:30.401 7744 RALLYDEBUG rally.task.utils [-] Waiting for resource . Status changed: CREATE_COMPLETE => SUSPEND_IN_PROGRESS in 0.09075284004211426
2020-04-10 06:36:30.439 7743 RALLYDEBUG rally.task.utils [-] Waiting for resource . Status changed: CREATE_COMPLETE => SUSPEND_IN_PROGRESS in 0.09364199638366699
2020-04-10 06:36:31.310 7742 RALLYDEBUG rally.task.utils [-] Waiting for resource . Status changed: RESUME_IN_PROGRESS => RESUME_COMPLETE in 1.0921061038970947
2020-04-10 06:36:31.465 7741 RALLYDEBUG rally.task.utils [-] Waiting for resource . Status changed: RESUME_IN_PROGRESS => RESUME_COMPLETE in 1.1008031368255615
2020-04-10 06:36:31.476 7742 RALLYDEBUG rally.task.utils [-] Waiting for resource . Status changed: CREATE_COMPLETE => DELETE_IN_PROGRESS in 0.08611321449279785
2020-04-10 06:36:31.498 7744 RALLYDEBUG rally.task.utils [-] Waiting for resource . Status changed: SUSPEND_IN_PROGRESS => SUSPEND_COMPLETE in 1.0971064567565918
2020-04-10 06:36:31.526 7743 RALLYDEBUG rally.task.utils [-] Waiting for resource . Status changed: SUSPEND_IN_PROGRESS => SUSPEND_COMPLETE in 1.0875253677368164
2020-04-10 06:36:31.633 7741 RALLYDEBUG rally.task.utils [-] Waiting for resource . Status changed: CREATE_COMPLETE => DELETE_IN_PROGRESS in 0.08646869659423828
2020-04-10 06:36:31.757 7744 RALLYDEBUG rally.task.utils [-] Waiting for resource . Status changed: CREATE_COMPLETE => RESUME_IN_PROGRESS in 0.0851278305053711
2020-04-10 06:36:31.792 7743 RALLYDEBUG rally.task.utils [-] Waiting for resource . Status changed: CREATE_COMPLETE => RESUME_IN_PROGRESS in 0.08526349067687988
2020-04-10 06:36:32.568 7742 INFO rally.task.runner [-] Task 175a8ac9-aa45-4fb0-9d0a-95feb04829a7 | ITER: 5 END: OK
2020-04-10 06:36:32.574 7742 INFO rally.task.runner [-] Task 175a8ac9-aa45-4fb0-9d0a-95feb04829a7 | ITER: 9 START
2020-04-10 06:36:32.719 7741 INFO rally.task.runner [-] Task 175a8ac9-aa45-4fb0-9d0a-95feb04829a7 | ITER: 6 END: OK
2020-04-10 06:36:32.723 7741 INFO rally.task.runner [-] Task 175a8ac9-aa45-4fb0-9d0a-95feb04829a7 | ITER: 10 START
2020-04-10 06:36:32.843 7744 RALLYDEBUG rally.task.utils [-] Waiting for resource . Status changed: RESUME_IN_PROGRESS => RESUME_COMPLETE in 1.0867938995361328
2020-04-10 06:36:32.880 7743 RALLYDEBUG rally.task.utils [-] Waiting for resource . Status changed: RESUME_IN_PROGRESS => RESUME_COMPLETE in 1.088132619857788
2020-04-10 06:36:33.010 7744 RALLYDEBUG rally.task.utils [-] Waiting for resource . Status changed: CREATE_COMPLETE => DELETE_IN_PROGRESS in 0.0842282772064209
2020-04-10 06:36:33.093 7743 RALLYDEBUG rally.task.utils [-] Waiting for resource . Status changed: CREATE_COMPLETE => DELETE_IN_PROGRESS in 0.08434295654296875
2020-04-10 06:36:34.101 7744 INFO rally.task.runner [-] Task 175a8ac9-aa45-4fb0-9d0a-95feb04829a7 | ITER: 7 END: OK
2020-04-10 06:36:35.276 7743 INFO rally.task.runner [-] Task 175a8ac9-aa45-4fb0-9d0a-95feb04829a7 | ITER: 8 END: OK
2020-04-10 06:36:35.433 7742 RALLYDEBUG rally.task.utils [-] Waiting for resource . Status changed: CREATE_IN_PROGRESS => CREATE_COMPLETE in 0.0968930721282959
2020-04-10 06:36:35.567 7741 RALLYDEBUG rally.task.utils [-] Waiting for resource . Status changed: CREATE_IN_PROGRESS => CREATE_COMPLETE in 0.08844113349914551
2020-04-10 06:36:35.640 7742 RALLYDEBUG rally.task.utils [-] Waiting for resource . Status changed: CREATE_COMPLETE => SUSPEND_IN_PROGRESS in 0.08533263206481934
2020-04-10 06:36:35.772 7741 RALLYDEBUG rally.task.utils [-] Waiting for resource . Status changed: CREATE_COMPLETE => SUSPEND_IN_PROGRESS in 0.08861446380615234
2020-04-10 06:36:36.732 7742 RALLYDEBUG rally.task.utils [-] Waiting for resource . Status changed: SUSPEND_IN_PROGRESS => SUSPEND_COMPLETE in 1.0928616523742676
2020-04-10 06:36:36.858 7741 RALLYDEBUG rally.task.utils [-] Waiting for resource . Status changed: SUSPEND_IN_PROGRESS => SUSPEND_COMPLETE in 1.0858361721038818
2020-04-10 06:36:36.941 7742 RALLYDEBUG rally.task.utils [-] Waiting for resource . Status changed: CREATE_COMPLETE => RESUME_IN_PROGRESS in 0.08440852165222168
2020-04-10 06:36:37.072 7741 RALLYDEBUG rally.task.utils [-] Waiting for resource . Status changed: CREATE_COMPLETE => RESUME_COMPLETE in 0.09659695625305176
2020-04-10 06:36:37.244 7741 RALLYDEBUG rally.task.utils [-] Waiting for resource . Status changed: CREATE_COMPLETE => DELETE_IN_PROGRESS in 0.08817696571350098
2020-04-10 06:36:38.033 7742 RALLYDEBUG rally.task.utils [-] Waiting for resource . Status changed: RESUME_IN_PROGRESS => RESUME_COMPLETE in 1.0915870666503906
2020-04-10 06:36:38.208 7742 RALLYDEBUG rally.task.utils [-] Waiting for resource . Status changed: CREATE_COMPLETE => DELETE_IN_PROGRESS in 0.09144163131713867
2020-04-10 06:36:38.330 7741 INFO rally.task.runner [-] Task 175a8ac9-aa45-4fb0-9d0a-95feb04829a7 | ITER: 10 END: OK
2020-04-10 06:36:39.297 7742 INFO rally.task.runner [-] Task 175a8ac9-aa45-4fb0-9d0a-95feb04829a7 | ITER: 9 END: OK
2020-04-10 06:36:39.323 5253 INFO rally.task.context [-] Task 175a8ac9-aa45-4fb0-9d0a-95feb04829a7 | Context cleanup@openstack cleanup() started
2020-04-10 06:36:39.330 5253 RALLYDEBUG rally_openstack.cleanup.manager [-] Cleaning up heat stacks objects
2020-04-10 06:36:40.293 5253 RALLYDEBUG rally_openstack.cleanup.manager [-] Deleting heat.stacks object s_rally_ddf3615a_QGTLGo4i (d0e75d96-2229-4d3a-a502-3a55f1fb45d7)
2020-04-10 06:36:40.764 5253 ERROR rally_openstack.cleanup.manager [-] Resource deletion failed, max retries exceeded for heat.stacks: d0e75d96-2229-4d3a-a502-3a55f1fb45d7.: heatclient.exc.HTTPNotFound: ERROR: The Stack (s_rally_ddf3615a_QGTLGo4i) could not be found.
2020-04-10 06:36:40.764 5253 ERROR rally_openstack.cleanup.manager
Traceback (most recent call last):
2020-04-10 06:36:40.764 5253 ERROR rally_openstack.cleanup.manager
File "/usr/lib/python3.7/site-packages/rally_openstack/cleanup/manager.py", line 85, in _delete_single_resource
2020-04-10 06:36:40.764 5253 ERROR rally_openstack.cleanup.manager rutils.retry(resource._max_attempts, resource.delete)
2020-04-10 06:36:40.764 5253 ERROR rally_openstack.cleanup.manager
File "/usr/lib/python3.7/site-packages/rally/common/utils.py", line 211, in retry
2020-04-10 06:36:40.764 5253 ERROR rally_openstack.cleanup.manager return func(*args, **kwargs)
2020-04-10 06:36:40.764 5253 ERROR rally_openstack.cleanup.manager
File "/usr/lib/python3.7/site-packages/rally_openstack/cleanup/base.py", line 129, in delete
2020-04-10 06:36:40.764 5253 ERROR rally_openstack.cleanup.manager self._manager().delete(self.id())
2020-04-10 06:36:40.764 5253 ERROR rally_openstack.cleanup.manager
File "/usr/lib/python3.7/site-packages/heatclient/v1/stacks.py", line 210, in delete
2020-04-10 06:36:40.764 5253 ERROR rally_openstack.cleanup.manager self._delete("/stacks/%s" % stack_id)
2020-04-10 06:36:40.764 5253 ERROR rally_openstack.cleanup.manager
File "/usr/lib/python3.7/site-packages/heatclient/common/base.py", line 207, in _delete
2020-04-10 06:36:40.764 5253 ERROR rally_openstack.cleanup.manager return self.client.delete(url)
2020-04-10 06:36:40.764 5253 ERROR rally_openstack.cleanup.manager
File "/usr/lib/python3.7/site-packages/keystoneauth1/adapter.py", line 401, in delete
2020-04-10 06:36:40.764 5253 ERROR rally_openstack.cleanup.manager return self.request(url, 'DELETE', **kwargs)
2020-04-10 06:36:40.764 5253 ERROR rally_openstack.cleanup.manager
File "/usr/lib/python3.7/site-packages/heatclient/common/http.py", line 323, in request
2020-04-10 06:36:40.764 5253 ERROR rally_openstack.cleanup.manager raise exc.from_response(resp)
2020-04-10 06:36:40.764 5253 ERROR rally_openstack.cleanup.manager heatclient.exc.HTTPNotFound: ERROR: The Stack (s_rally_ddf3615a_QGTLGo4i) could not be found.
2020-04-10 06:36:40.764 5253 ERROR rally_openstack.cleanup.manager
2020-04-10 06:36:40.767 5253 INFO rally.task.context [-] Task 175a8ac9-aa45-4fb0-9d0a-95feb04829a7 | Context cleanup@openstack cleanup() finished in 1.44 sec
2020-04-10 06:36:40.767 5253 INFO rally.task.context [-] Task 175a8ac9-aa45-4fb0-9d0a-95feb04829a7 | Context roles@openstack cleanup() started
2020-04-10 06:36:40.777 5253 INFO rally.task.context [-] Task 175a8ac9-aa45-4fb0-9d0a-95feb04829a7 | Context roles@openstack cleanup() finished in 9.28 msec
2020-04-10 06:36:40.777 5253 INFO rally.task.context [-] Task 175a8ac9-aa45-4fb0-9d0a-95feb04829a7 | Context users@openstack cleanup() started
2020-04-10 06:36:41.043 5253 WARNING rally.common.logging [-] `iterate_per_tenants()' is deprecated in v3.0.0: it is openstack specific.. Used at
2020-04-10 06:36:43.777 5253 INFO rally.task.context [-] Task 175a8ac9-aa45-4fb0-9d0a-95feb04829a7 | Context users@openstack cleanup() finished in 3.00 sec
2020-04-10 06:36:45.497 5253 INFO rally.task.engine [-] Load duration is: 18.222129
2020-04-10 06:36:45.498 5253 INFO rally.task.engine [-] Full runner duration is: 20.267554
2020-04-10 06:36:45.498 5253 INFO rally.task.engine [-] Full duration is: 26.461967
2020-04-10 06:36:45.592 5253 INFO rally.task.engine [-] Running workload: position = 0 config = { "version": 2, "title": "A cropped version of a bigger task.", "description": "Auto-generated task from a single workload (uuid=9cf7937d-c883-4820-8bf5-f4230d3244ca)", "subtasks": [ { "title": "HeatStacks.list_stacks_and_resources", "description": "List all resources from tenant stacks.", "scenario": { "HeatStacks.list_stacks_and_resources": {} }, "contexts": { "users": { "tenants": 3, "users_per_tenant": 2 }, "roles": [ "heat_stack_owner" ] }, "runner": { "constant": { "concurrency": 4, "times": 10 } }, "hooks": [], "sla": { "failure_rate": { "max": 0 } } } ] }
2020-04-10 06:36:45.612 5253 RALLYDEBUG rally_openstack.contexts.keystone.users [-] Creating 3 tenants using 3 threads
2020-04-10 06:36:46.122 5253 RALLYDEBUG rally_openstack.contexts.keystone.users [-] Creating 6 users using 6 threads
2020-04-10 06:36:47.011 5253 INFO rally.task.context [-] Task 175a8ac9-aa45-4fb0-9d0a-95feb04829a7 | Context users@openstack setup() finished in 1.40 sec
2020-04-10 06:36:47.220 5253 ERROR rally.common.broker [-] Failed to publish a task to the queue: rally.exceptions.NotFoundException: The resource can not be found: There is no role with name `heat_stack_owner`
2020-04-10 06:36:47.220 5253 ERROR rally.common.broker
Traceback (most recent call last):
2020-04-10 06:36:47.220 5253 ERROR rally.common.broker
File "/usr/lib/python3.7/site-packages/rally/common/broker.py", line 58, in _publisher
2020-04-10 06:36:47.220 5253 ERROR rally.common.broker publish(queue)
2020-04-10 06:36:47.220 5253 ERROR rally.common.broker
File "/usr/lib/python3.7/site-packages/rally_openstack/contexts/keystone/roles.py", line 91, in publish
2020-04-10 06:36:47.220 5253 ERROR rally.common.broker role = self._get_role_object(context_role)
2020-04-10 06:36:47.220 5253 ERROR rally.common.broker
File "/usr/lib/python3.7/site-packages/rally_openstack/contexts/keystone/roles.py", line 65, in _get_role_object
2020-04-10 06:36:47.220 5253 ERROR rally.common.broker "There is no role with name `%s`" % context_role)
2020-04-10 06:36:47.220 5253 ERROR rally.common.broker rally.exceptions.NotFoundException: The resource can not be found: There is no role with name `heat_stack_owner`
2020-04-10 06:36:47.220 5253 ERROR rally.common.broker
2020-04-10 06:36:47.230 5253 INFO rally.task.context [-] Task 175a8ac9-aa45-4fb0-9d0a-95feb04829a7 | Context roles@openstack setup() finished in 0.22 sec
2020-04-10 06:36:47.238 5253 RALLYDEBUG rally.task.runner [-] Starting the constant runner (task UUID: 175a8ac9-aa45-4fb0-9d0a-95feb04829a7). times: 10 concurrency: 4 timeout: 0 max_cpu_used: 88 processes_to_start: 4 concurrency_per_worker: 1 concurrency_overhead: 0
2020-04-10 06:36:47.250 7894 RALLYDEBUG rally.task.runner [-] Starting a worker. times: 10 duration: None concurrency: 1 timeout: 0 cls: method_name: run args: {}
2020-04-10 06:36:47.252 7895 RALLYDEBUG rally.task.runner [-] Starting a worker. times: 10 duration: None concurrency: 1 timeout: 0 cls: method_name: run args: {}
2020-04-10 06:36:47.254 7896 RALLYDEBUG rally.task.runner [-] Starting a worker. times: 10 duration: None concurrency: 1 timeout: 0 cls: method_name: run args: {}
2020-04-10 06:36:47.257 7894 INFO rally.task.runner [-] Task 175a8ac9-aa45-4fb0-9d0a-95feb04829a7 | ITER: 1 START
2020-04-10 06:36:47.257 7897 RALLYDEBUG rally.task.runner [-] Starting a worker. times: 10 duration: None concurrency: 1 timeout: 0 cls: method_name: run args: {}
2020-04-10 06:36:47.259 7895 INFO rally.task.runner [-] Task 175a8ac9-aa45-4fb0-9d0a-95feb04829a7 | ITER: 2 START
2020-04-10 06:36:47.261 7896 INFO rally.task.runner [-] Task 175a8ac9-aa45-4fb0-9d0a-95feb04829a7 | ITER: 3 START
2020-04-10 06:36:47.262 7897 INFO rally.task.runner [-] Task 175a8ac9-aa45-4fb0-9d0a-95feb04829a7 | ITER: 4 START
2020-04-10 06:36:47.554 7895 INFO rally.task.runner [-] Task 175a8ac9-aa45-4fb0-9d0a-95feb04829a7 | ITER: 2 END: OK
2020-04-10 06:36:47.556 7894 INFO rally.task.runner [-] Task 175a8ac9-aa45-4fb0-9d0a-95feb04829a7 | ITER: 1 END: OK
2020-04-10 06:36:47.559 7895 INFO rally.task.runner [-] Task 175a8ac9-aa45-4fb0-9d0a-95feb04829a7 | ITER: 5 START
2020-04-10 06:36:47.561 7894 INFO rally.task.runner [-] Task 175a8ac9-aa45-4fb0-9d0a-95feb04829a7 | ITER: 6 START
2020-04-10 06:36:47.564 7896 INFO rally.task.runner [-] Task 175a8ac9-aa45-4fb0-9d0a-95feb04829a7 | ITER: 3 END: OK
2020-04-10 06:36:47.569 7896 INFO rally.task.runner [-] Task 175a8ac9-aa45-4fb0-9d0a-95feb04829a7 | ITER: 7 START
2020-04-10 06:36:47.574 7897 INFO rally.task.runner [-] Task 175a8ac9-aa45-4fb0-9d0a-95feb04829a7 | ITER: 4 END: OK
2020-04-10 06:36:47.579 7897 INFO rally.task.runner [-] Task 175a8ac9-aa45-4fb0-9d0a-95feb04829a7 | ITER: 8 START
2020-04-10 06:36:47.722 7895 INFO rally.task.runner [-] Task 175a8ac9-aa45-4fb0-9d0a-95feb04829a7 | ITER: 5 END: OK
2020-04-10 06:36:47.726 7895 INFO rally.task.runner [-] Task 175a8ac9-aa45-4fb0-9d0a-95feb04829a7 | ITER: 9 START
2020-04-10 06:36:47.739 7896 INFO rally.task.runner [-] Task 175a8ac9-aa45-4fb0-9d0a-95feb04829a7 | ITER: 7 END: OK
2020-04-10 06:36:47.742 7897 INFO rally.task.runner [-] Task 175a8ac9-aa45-4fb0-9d0a-95feb04829a7 | ITER: 8 END: OK
2020-04-10 06:36:47.743 7896 INFO rally.task.runner [-] Task 175a8ac9-aa45-4fb0-9d0a-95feb04829a7 | ITER: 10 START
2020-04-10 06:36:47.797 7894 INFO rally.task.runner [-] Task 175a8ac9-aa45-4fb0-9d0a-95feb04829a7 | ITER: 6 END: OK
2020-04-10 06:36:47.903 7895 INFO rally.task.runner [-] Task 175a8ac9-aa45-4fb0-9d0a-95feb04829a7 | ITER: 9 END: OK
2020-04-10 06:36:48.016 7896 INFO rally.task.runner [-] Task 175a8ac9-aa45-4fb0-9d0a-95feb04829a7 | ITER: 10 END: OK
2020-04-10 06:36:48.038 5253 INFO rally.task.context [-] Task 175a8ac9-aa45-4fb0-9d0a-95feb04829a7 | Context roles@openstack cleanup() started
2020-04-10 06:36:48.049 5253 INFO rally.task.context [-] Task 175a8ac9-aa45-4fb0-9d0a-95feb04829a7 | Context roles@openstack cleanup() finished in 10.98 msec
2020-04-10 06:36:48.049 5253 INFO rally.task.context [-] Task 175a8ac9-aa45-4fb0-9d0a-95feb04829a7 | Context users@openstack cleanup() started
2020-04-10 06:36:48.250 5253 WARNING rally.common.logging [-] `iterate_per_tenants()' is deprecated in v3.0.0: it is openstack specific.. Used at
2020-04-10 06:36:51.495 5253 INFO rally.task.context [-] Task 175a8ac9-aa45-4fb0-9d0a-95feb04829a7 | Context users@openstack cleanup() finished in 3.45 sec
2020-04-10 06:36:51.696 5253 INFO rally.task.engine [-] Load duration is: 0.75839
2020-04-10 06:36:51.697 5253 INFO rally.task.engine [-] Full runner duration is: 0.8005
2020-04-10 06:36:51.697 5253 INFO rally.task.engine [-] Full duration is: 5.885202
2020-04-10 06:36:51.783 5253 INFO rally.task.engine [-] Task 175a8ac9-aa45-4fb0-9d0a-95feb04829a7 | Completed: Running task.
2020-04-10 06:36:53.359 7986 RALLYDEBUG rally.api [-] INFO logs from urllib3 and requests module are hide.
2020-04-10 06:36:53.360 7986 RALLYDEBUG rally.api [-] urllib3 insecure warnings are hidden.
2020-04-10 06:36:53.360 7986 RALLYDEBUG rally.api [-] ERROR log from boto module is hide.
2020-04-10 06:36:54.746 7987 RALLYDEBUG rally.api [-] INFO logs from urllib3 and requests module are hide.
2020-04-10 06:36:54.746 7987 RALLYDEBUG rally.api [-] urllib3 insecure warnings are hidden.
2020-04-10 06:36:54.746 7987 RALLYDEBUG rally.api [-] ERROR log from boto module is hide.
2020-04-10 06:36:56.149 7988 RALLYDEBUG rally.api [-] INFO logs from urllib3 and requests module are hide.
2020-04-10 06:36:56.149 7988 RALLYDEBUG rally.api [-] urllib3 insecure warnings are hidden.
2020-04-10 06:36:56.149 7988 RALLYDEBUG rally.api [-] ERROR log from boto module is hide.
2020-04-10 06:36:58.095 7988 INFO rally.api [-] Building 'json' report for the following task(s): '175a8ac9-aa45-4fb0-9d0a-95feb04829a7'.
2020-04-10 06:36:58.125 7988 INFO rally.api [-] The report has been successfully built.
2020-04-10 06:36:59.567 7990 RALLYDEBUG rally.api [-] INFO logs from urllib3 and requests module are hide.
2020-04-10 06:36:59.567 7990 RALLYDEBUG rally.api [-] urllib3 insecure warnings are hidden.
2020-04-10 06:36:59.567 7990 RALLYDEBUG rally.api [-] ERROR log from boto module is hide.
2020-04-10 06:37:01.627 7990 INFO rally.task.engine [-] Task e1f7941c-46d0-4fe0-8f36-2aeca9d410ed | Starting: Task validation.
2020-04-10 06:37:01.641 7990 INFO rally.task.engine [-] Task e1f7941c-46d0-4fe0-8f36-2aeca9d410ed | Starting: Task validation of syntax.
2020-04-10 06:37:01.763 7990 INFO rally.task.engine [-] Task e1f7941c-46d0-4fe0-8f36-2aeca9d410ed | Completed: Task validation of syntax.
2020-04-10 06:37:01.764 7990 INFO rally.task.engine [-] Task e1f7941c-46d0-4fe0-8f36-2aeca9d410ed | Starting: Task validation of required platforms.
2020-04-10 06:37:01.836 7990 INFO rally.task.engine [-] Task e1f7941c-46d0-4fe0-8f36-2aeca9d410ed | Completed: Task validation of required platforms.
2020-04-10 06:37:01.836 7990 INFO rally.task.engine [-] Task e1f7941c-46d0-4fe0-8f36-2aeca9d410ed | Starting: Task validation of semantic.
2020-04-10 06:37:01.836 7990 INFO rally.task.engine [-] Check health of the environment 'cc6342ea-1dfd-487f-a3b6-1ea1f52a2133'.
2020-04-10 06:37:02.389 7990 INFO rally.task.engine [-] Platform existing@openstack (available: True): OK!
2020-04-10 06:37:02.403 7990 RALLYDEBUG rally_openstack.contexts.keystone.users [-] Creating 1 tenants using 1 threads
2020-04-10 06:37:02.758 7990 RALLYDEBUG rally_openstack.contexts.keystone.users [-] Creating 1 users using 1 threads
2020-04-10 06:37:03.432 7990 INFO rally.task.context [-] Task e1f7941c-46d0-4fe0-8f36-2aeca9d410ed | Context users@openstack setup() finished in 1.03 sec
2020-04-10 06:37:03.532 7990 INFO rally.task.context [-] Task e1f7941c-46d0-4fe0-8f36-2aeca9d410ed | Context users@openstack cleanup() started
2020-04-10 06:37:03.899 7990 WARNING rally.common.logging [-] `iterate_per_tenants()' is deprecated in v3.0.0: it is openstack specific.. Used at
2020-04-10 06:37:05.706 7990 INFO rally.task.context [-] Task e1f7941c-46d0-4fe0-8f36-2aeca9d410ed | Context users@openstack cleanup() finished in 2.17 sec
2020-04-10 06:37:05.706 7990 INFO rally.task.engine [-] Task e1f7941c-46d0-4fe0-8f36-2aeca9d410ed | Completed: Task validation of semantic.
2020-04-10 06:37:05.707 7990 INFO rally.task.engine [-] Task e1f7941c-46d0-4fe0-8f36-2aeca9d410ed | Completed: Task validation.
2020-04-10 06:37:05.707 7990 INFO rally.api [-] Task e1f7941c-46d0-4fe0-8f36-2aeca9d410ed input file is valid.
2020-04-10 06:37:05.707 7990 INFO rally.api [-] Run Task e1f7941c-46d0-4fe0-8f36-2aeca9d410ed against Deployment cc6342ea-1dfd-487f-a3b6-1ea1f52a2133
2020-04-10 06:37:05.708 7990 INFO rally.task.engine [-] Task e1f7941c-46d0-4fe0-8f36-2aeca9d410ed | Starting: Running task.
2020-04-10 06:37:05.772 7990 INFO rally.task.engine [-] Running workload: position = 0 config = { "version": 2, "title": "A cropped version of a bigger task.", "description": "Auto-generated task from a single workload (uuid=eff262c0-0dbf-44b3-81a0-d3d01a5e6801)", "subtasks": [ { "title": "KeystoneBasic.add_and_remove_user_role", "description": "Create a user role add to a user and disassociate.", "scenario": { "KeystoneBasic.add_and_remove_user_role": {} }, "contexts": { "users": { "tenants": 3, "users_per_tenant": 2 } }, "runner": { "constant": { "concurrency": 4, "times": 10 } }, "hooks": [], "sla": { "failure_rate": { "max": 0 } } } ] }
2020-04-10 06:37:05.790 7990 RALLYDEBUG rally_openstack.contexts.keystone.users [-] Creating 3 tenants using 3 threads
2020-04-10 06:37:06.271 7990 RALLYDEBUG rally_openstack.contexts.keystone.users [-] Creating 6 users using 6 threads
2020-04-10 06:37:07.237 7990 INFO rally.task.context [-] Task e1f7941c-46d0-4fe0-8f36-2aeca9d410ed | Context users@openstack setup() finished in 1.45 sec
2020-04-10 06:37:07.238 7990 INFO rally.task.context [-] Task e1f7941c-46d0-4fe0-8f36-2aeca9d410ed | Context admin_cleanup@openstack setup() finished in 0.01 msec
2020-04-10 06:37:07.249 7990 RALLYDEBUG rally.task.runner [-] Starting the constant runner (task UUID: e1f7941c-46d0-4fe0-8f36-2aeca9d410ed). times: 10 concurrency: 4 timeout: 0 max_cpu_used: 88 processes_to_start: 4 concurrency_per_worker: 1 concurrency_overhead: 0
2020-04-10 06:37:07.264 8045 RALLYDEBUG rally.task.runner [-] Starting a worker. times: 10 duration: None concurrency: 1 timeout: 0 cls: method_name: run args: {}
2020-04-10 06:37:07.267 8046 RALLYDEBUG rally.task.runner [-] Starting a worker. times: 10 duration: None concurrency: 1 timeout: 0 cls: method_name: run args: {}
2020-04-10 06:37:07.271 8045 INFO rally.task.runner [-] Task e1f7941c-46d0-4fe0-8f36-2aeca9d410ed | ITER: 1 START
2020-04-10 06:37:07.270 8047 RALLYDEBUG rally.task.runner [-] Starting a worker. times: 10 duration: None concurrency: 1 timeout: 0 cls: method_name: run args: {}
2020-04-10 06:37:07.273 8048 RALLYDEBUG rally.task.runner [-] Starting a worker. times: 10 duration: None concurrency: 1 timeout: 0 cls: method_name: run args: {}
2020-04-10 06:37:07.274 8046 INFO rally.task.runner [-] Task e1f7941c-46d0-4fe0-8f36-2aeca9d410ed | ITER: 2 START
2020-04-10 06:37:07.277 8047 INFO rally.task.runner [-] Task e1f7941c-46d0-4fe0-8f36-2aeca9d410ed | ITER: 3 START
2020-04-10 06:37:07.279 8048 INFO rally.task.runner [-] Task e1f7941c-46d0-4fe0-8f36-2aeca9d410ed | ITER: 4 START
2020-04-10 06:37:07.857 8045 INFO rally.task.runner [-] Task e1f7941c-46d0-4fe0-8f36-2aeca9d410ed | ITER: 1 END: OK
2020-04-10 06:37:07.862 8045 INFO rally.task.runner [-] Task e1f7941c-46d0-4fe0-8f36-2aeca9d410ed | ITER: 5 START
2020-04-10 06:37:07.884 8047 INFO rally.task.runner [-] Task e1f7941c-46d0-4fe0-8f36-2aeca9d410ed | ITER: 3 END: OK
2020-04-10 06:37:07.890 8047 INFO rally.task.runner [-] Task e1f7941c-46d0-4fe0-8f36-2aeca9d410ed | ITER: 6 START
2020-04-10 06:37:07.983 8046 INFO rally.task.runner [-] Task e1f7941c-46d0-4fe0-8f36-2aeca9d410ed | ITER: 2 END: OK
2020-04-10 06:37:07.987 8046 INFO rally.task.runner [-] Task e1f7941c-46d0-4fe0-8f36-2aeca9d410ed | ITER: 7 START
2020-04-10 06:37:07.993 8048 INFO rally.task.runner [-] Task e1f7941c-46d0-4fe0-8f36-2aeca9d410ed | ITER: 4 END: OK
2020-04-10 06:37:07.998 8048 INFO rally.task.runner [-] Task e1f7941c-46d0-4fe0-8f36-2aeca9d410ed | ITER: 8 START
2020-04-10 06:37:08.570 8045 INFO rally.task.runner [-] Task e1f7941c-46d0-4fe0-8f36-2aeca9d410ed | ITER: 5 END: OK
2020-04-10 06:37:08.574 8045 INFO rally.task.runner [-] Task e1f7941c-46d0-4fe0-8f36-2aeca9d410ed | ITER: 9 START
2020-04-10 06:37:08.586 8047 INFO rally.task.runner [-] Task e1f7941c-46d0-4fe0-8f36-2aeca9d410ed | ITER: 6 END: OK
2020-04-10 06:37:08.589 8047 INFO rally.task.runner [-] Task e1f7941c-46d0-4fe0-8f36-2aeca9d410ed | ITER: 10 START
2020-04-10 06:37:08.599 8048 INFO rally.task.runner [-] Task e1f7941c-46d0-4fe0-8f36-2aeca9d410ed | ITER: 8 END: OK
2020-04-10 06:37:08.665 8046 INFO rally.task.runner [-] Task e1f7941c-46d0-4fe0-8f36-2aeca9d410ed | ITER: 7 END: OK
2020-04-10 06:37:09.307 8045 INFO rally.task.runner [-] Task e1f7941c-46d0-4fe0-8f36-2aeca9d410ed | ITER: 9 END: OK
2020-04-10 06:37:09.321 8047 INFO rally.task.runner [-] Task e1f7941c-46d0-4fe0-8f36-2aeca9d410ed | ITER: 10 END: OK
2020-04-10 06:37:09.343 7990 INFO rally.task.context [-] Task e1f7941c-46d0-4fe0-8f36-2aeca9d410ed | Context admin_cleanup@openstack cleanup() started
2020-04-10 06:37:09.348 7990 RALLYDEBUG rally_openstack.cleanup.manager [-] Cleaning up keystone user objects
2020-04-10 06:37:09.849 7990 RALLYDEBUG rally_openstack.cleanup.manager [-] Cleaning up keystone project objects
2020-04-10 06:37:10.163 7990 RALLYDEBUG rally_openstack.cleanup.manager [-] Cleaning up keystone service objects
2020-04-10 06:37:10.437 7990 RALLYDEBUG rally_openstack.cleanup.manager [-] Cleaning up keystone role objects
2020-04-10 06:37:10.644 7990 RALLYDEBUG rally_openstack.cleanup.manager [-] Deleting keystone.role object s_rally_eff262c0_2Is8kZEs (1aeafae9307b42fd80c30b1476c43b96)
2020-04-10 06:37:10.670 7990 RALLYDEBUG rally_openstack.cleanup.manager [-] Deleting keystone.role object s_rally_eff262c0_WWsm1H1l (2ff7f4fd615c4f48ab7de0f1b13464fd)
2020-04-10 06:37:10.668 7990 RALLYDEBUG rally_openstack.cleanup.manager [-] Deleting keystone.role object s_rally_eff262c0_bcHz376g (3d81f9928e9a4d189a99310eaf81ee54)
2020-04-10 06:37:10.681 7990 RALLYDEBUG rally_openstack.cleanup.manager [-] Deleting keystone.role object s_rally_eff262c0_35GckDu8 (2352db41f4234f959bdff40ee510f0b3)
2020-04-10 06:37:10.745 7990 RALLYDEBUG rally_openstack.cleanup.manager [-] Deleting keystone.role object s_rally_eff262c0_cX8P2OXk (ed4993d0b2664bf89eb26a18f20e0f15)
2020-04-10 06:37:10.749 7990 RALLYDEBUG rally_openstack.cleanup.manager [-] Deleting keystone.role object s_rally_eff262c0_c9qJlWBb (87d29daf38f34d6ea31ab944fb9a6593)
2020-04-10 06:37:10.756 7990 RALLYDEBUG rally_openstack.cleanup.manager [-] Deleting keystone.role object s_rally_eff262c0_8aCFKO6k (a863f64538c14773bcae3c7678696f51)
2020-04-10 06:37:10.758 7990 RALLYDEBUG rally_openstack.cleanup.manager [-] Deleting keystone.role object s_rally_eff262c0_pULDwnTh (dc5e43e3b3c24fcb83c68e3c7c4f417d)
2020-04-10 06:37:10.724 7990 RALLYDEBUG rally_openstack.cleanup.manager [-] Deleting keystone.role object s_rally_eff262c0_WE3mZwB9 (ba9670453cec4ee78d72f963d87dae9a)
2020-04-10 06:37:10.730 7990 RALLYDEBUG rally_openstack.cleanup.manager [-] Deleting keystone.role object s_rally_eff262c0_Hbi5Uxv2 (cb61941594094a678c09fad7536293ec)
2020-04-10 06:37:12.543 7990 INFO rally.task.context [-] Task e1f7941c-46d0-4fe0-8f36-2aeca9d410ed | Context admin_cleanup@openstack cleanup() finished in 3.20 sec
2020-04-10 06:37:12.544 7990 INFO rally.task.context [-] Task e1f7941c-46d0-4fe0-8f36-2aeca9d410ed | Context users@openstack cleanup() started
2020-04-10 06:37:12.854 7990 WARNING rally.common.logging [-] `iterate_per_tenants()' is deprecated in v3.0.0: it is openstack specific.. Used at
2020-04-10 06:37:15.553 7990 INFO rally.task.context [-] Task e1f7941c-46d0-4fe0-8f36-2aeca9d410ed | Context users@openstack cleanup() finished in 3.01 sec
2020-04-10 06:37:15.881 7990 INFO rally.task.engine [-] Load duration is: 1.688112
2020-04-10 06:37:15.882 7990 INFO rally.task.engine [-] Full runner duration is: 2.09503
2020-04-10 06:37:15.882 7990 INFO rally.task.engine [-] Full duration is: 9.764743
2020-04-10 06:37:15.975 7990 INFO rally.task.engine [-] Running workload: position = 0 config = { "version": 2, "title": "A cropped version of a bigger task.", "description": "Auto-generated task from a single workload (uuid=81bdfc9a-0141-4403-9da5-73a3ee99eb75)", "subtasks": [ { "title": "KeystoneBasic.create_add_and_list_user_roles", "description": "Create user role, add it and list user roles for given user.", "scenario": { "KeystoneBasic.create_add_and_list_user_roles": {} }, "contexts": { "users": { "tenants": 3, "users_per_tenant": 2 } }, "runner": { "constant": { "concurrency": 4, "times": 10 } }, "hooks": [], "sla": { "failure_rate": { "max": 0 } } } ] }
2020-04-10 06:37:15.993 7990 RALLYDEBUG rally_openstack.contexts.keystone.users [-] Creating 3 tenants using 3 threads
2020-04-10 06:37:16.708 7990 RALLYDEBUG rally_openstack.contexts.keystone.users [-] Creating 6 users using 6 threads
2020-04-10 06:37:17.600 7990 INFO rally.task.context [-] Task e1f7941c-46d0-4fe0-8f36-2aeca9d410ed | Context users@openstack setup() finished in 1.61 sec
2020-04-10 06:37:17.601 7990 INFO rally.task.context [-] Task e1f7941c-46d0-4fe0-8f36-2aeca9d410ed | Context admin_cleanup@openstack setup() finished in 0.01 msec
2020-04-10 06:37:17.612 7990 RALLYDEBUG rally.task.runner [-] Starting the constant runner (task UUID: e1f7941c-46d0-4fe0-8f36-2aeca9d410ed). times: 10 concurrency: 4 timeout: 0 max_cpu_used: 88 processes_to_start: 4 concurrency_per_worker: 1 concurrency_overhead: 0
2020-04-10 06:37:17.624 8198 RALLYDEBUG rally.task.runner [-] Starting a worker. times: 10 duration: None concurrency: 1 timeout: 0 cls: method_name: run args: {}
2020-04-10 06:37:17.627 8199 RALLYDEBUG rally.task.runner [-] Starting a worker. times: 10 duration: None concurrency: 1 timeout: 0 cls: method_name: run args: {}
2020-04-10 06:37:17.630 8198 INFO rally.task.runner [-] Task e1f7941c-46d0-4fe0-8f36-2aeca9d410ed | ITER: 1 START
2020-04-10 06:37:17.630 8200 RALLYDEBUG rally.task.runner [-] Starting a worker. times: 10 duration: None concurrency: 1 timeout: 0 cls: method_name: run args: {}
2020-04-10 06:37:17.633 8199 INFO rally.task.runner [-] Task e1f7941c-46d0-4fe0-8f36-2aeca9d410ed | ITER: 2 START
2020-04-10 06:37:17.634 8203 RALLYDEBUG rally.task.runner [-] Starting a worker. times: 10 duration: None concurrency: 1 timeout: 0 cls: method_name: run args: {}
2020-04-10 06:37:17.637 8200 INFO rally.task.runner [-] Task e1f7941c-46d0-4fe0-8f36-2aeca9d410ed | ITER: 3 START
2020-04-10 06:37:17.640 8203 INFO rally.task.runner [-] Task e1f7941c-46d0-4fe0-8f36-2aeca9d410ed | ITER: 4 START
2020-04-10 06:37:18.188 8203 INFO rally.task.runner [-] Task e1f7941c-46d0-4fe0-8f36-2aeca9d410ed | ITER: 4 END: OK
2020-04-10 06:37:18.193 8203 INFO rally.task.runner [-] Task e1f7941c-46d0-4fe0-8f36-2aeca9d410ed | ITER: 5 START
2020-04-10 06:37:18.228 8199 INFO rally.task.runner [-] Task e1f7941c-46d0-4fe0-8f36-2aeca9d410ed | ITER: 2 END: OK
2020-04-10 06:37:18.233 8199 INFO rally.task.runner [-] Task e1f7941c-46d0-4fe0-8f36-2aeca9d410ed | ITER: 6 START
2020-04-10 06:37:18.246 8200 INFO rally.task.runner [-] Task e1f7941c-46d0-4fe0-8f36-2aeca9d410ed | ITER: 3 END: OK
2020-04-10 06:37:18.252 8200 INFO rally.task.runner [-] Task e1f7941c-46d0-4fe0-8f36-2aeca9d410ed | ITER: 7 START
2020-04-10 06:37:18.281 8198 INFO rally.task.runner [-] Task e1f7941c-46d0-4fe0-8f36-2aeca9d410ed | ITER: 1 END: OK
2020-04-10 06:37:18.285 8198 INFO rally.task.runner [-] Task e1f7941c-46d0-4fe0-8f36-2aeca9d410ed | ITER: 8 START
2020-04-10 06:37:18.744 8203 INFO rally.task.runner [-] Task e1f7941c-46d0-4fe0-8f36-2aeca9d410ed | ITER: 5 END: OK
2020-04-10 06:37:18.749 8203 INFO rally.task.runner [-] Task e1f7941c-46d0-4fe0-8f36-2aeca9d410ed | ITER: 9 START
2020-04-10 06:37:18.764 8199 INFO rally.task.runner [-] Task e1f7941c-46d0-4fe0-8f36-2aeca9d410ed | ITER: 6 END: OK
2020-04-10 06:37:18.768 8199 INFO rally.task.runner [-] Task e1f7941c-46d0-4fe0-8f36-2aeca9d410ed | ITER: 10 START
2020-04-10 06:37:18.830 8200 INFO rally.task.runner [-] Task e1f7941c-46d0-4fe0-8f36-2aeca9d410ed | ITER: 7 END: OK
2020-04-10 06:37:18.931 8198 INFO rally.task.runner [-] Task e1f7941c-46d0-4fe0-8f36-2aeca9d410ed | ITER: 8 END: OK
2020-04-10 06:37:19.381 8199 INFO rally.task.runner [-] Task e1f7941c-46d0-4fe0-8f36-2aeca9d410ed | ITER: 10 END: OK
2020-04-10 06:37:19.385 8203 INFO rally.task.runner [-] Task e1f7941c-46d0-4fe0-8f36-2aeca9d410ed | ITER: 9 END: OK
2020-04-10 06:37:19.411 7990 INFO rally.task.context [-] Task e1f7941c-46d0-4fe0-8f36-2aeca9d410ed | Context admin_cleanup@openstack cleanup() started
2020-04-10 06:37:19.415 7990 RALLYDEBUG rally_openstack.cleanup.manager [-] Cleaning up keystone user objects
2020-04-10 06:37:19.850 7990 RALLYDEBUG rally_openstack.cleanup.manager [-] Cleaning up keystone project objects
2020-04-10 06:37:20.170 7990 RALLYDEBUG rally_openstack.cleanup.manager [-] Cleaning up keystone service objects
2020-04-10 06:37:20.464 7990 RALLYDEBUG rally_openstack.cleanup.manager [-] Cleaning up keystone role objects
2020-04-10 06:37:20.745 7990 RALLYDEBUG rally_openstack.cleanup.manager [-] Deleting keystone.role object s_rally_81bdfc9a_xl5BzZrU (388023e1c73f4895ab6dc6f6fba77862)
2020-04-10 06:37:20.746 7990 RALLYDEBUG rally_openstack.cleanup.manager [-] Deleting keystone.role object s_rally_81bdfc9a_K3e1hdCB (15bdc3470acb4630bfee3e4907863e96)
2020-04-10 06:37:20.750 7990 RALLYDEBUG rally_openstack.cleanup.manager [-] Deleting keystone.role object s_rally_81bdfc9a_WHbVagQK (5739319db8bc4b8da3176424b06b58c5)
2020-04-10 06:37:20.751 7990 RALLYDEBUG rally_openstack.cleanup.manager [-] Deleting keystone.role object s_rally_81bdfc9a_Bkr7QnxR (0076bd385000420bb9d46bf1cfca80e3)
2020-04-10 06:37:20.787 7990 RALLYDEBUG rally_openstack.cleanup.manager [-] Deleting keystone.role object s_rally_81bdfc9a_eeQWWvhT (97d38e7cebd7458cb6a267c1b9c7d9ae)
2020-04-10 06:37:20.765 7990 RALLYDEBUG rally_openstack.cleanup.manager [-] Deleting keystone.role object s_rally_81bdfc9a_8H4M6M5V (739491cab0a04911a0f3784ee98b5cdc)
2020-04-10 06:37:20.830 7990 RALLYDEBUG rally_openstack.cleanup.manager [-] Deleting keystone.role object s_rally_81bdfc9a_01LFTZ0T (8e3e42fb13cf443dab3c92697f7ee6b8)
2020-04-10 06:37:20.820 7990 RALLYDEBUG rally_openstack.cleanup.manager [-] Deleting keystone.role object s_rally_81bdfc9a_8vk41PMQ (c2eea49284404b5da016b33b32ae3b1e)
2020-04-10 06:37:20.844 7990 RALLYDEBUG rally_openstack.cleanup.manager [-] Deleting keystone.role object s_rally_81bdfc9a_R2EHwZrq (da1edafcc49147ba92e62f3eff577263)
2020-04-10 06:37:20.845 7990 RALLYDEBUG rally_openstack.cleanup.manager [-] Deleting keystone.role object s_rally_81bdfc9a_VQnNGwEW (d254a888618843baa70425d6f35eec36)
2020-04-10 06:37:22.695 7990 INFO rally.task.context [-] Task e1f7941c-46d0-4fe0-8f36-2aeca9d410ed | Context admin_cleanup@openstack cleanup() finished in 3.28 sec
2020-04-10 06:37:22.696 7990 INFO rally.task.context [-] Task e1f7941c-46d0-4fe0-8f36-2aeca9d410ed | Context users@openstack cleanup() started
2020-04-10 06:37:23.039 7990 WARNING rally.common.logging [-] `iterate_per_tenants()' is deprecated in v3.0.0: it is openstack specific.. Used at
2020-04-10 06:37:26.136 7990 INFO rally.task.context [-] Task e1f7941c-46d0-4fe0-8f36-2aeca9d410ed | Context users@openstack cleanup() finished in 3.44 sec
2020-04-10 06:37:28.084 7990 INFO rally.task.engine [-] Load duration is: 1.429818
2020-04-10 06:37:28.084 7990 INFO rally.task.engine [-] Full runner duration is: 1.798998
2020-04-10 06:37:28.085 7990 INFO rally.task.engine [-] Full duration is: 10.14439
2020-04-10 06:37:28.179 7990 INFO rally.task.engine [-] Running workload: position = 0 config = { "version": 2, "title": "A cropped version of a bigger task.", "description": "Auto-generated task from a single workload (uuid=f3f1a843-d5f7-4531-be32-967be678c88b)", "subtasks": [ { "title": "KeystoneBasic.create_and_list_tenants", "description": "Create a keystone tenant with random name and list all tenants.", "scenario": { "KeystoneBasic.create_and_list_tenants": {} }, "contexts": { "users": { "tenants": 3, "users_per_tenant": 2 } }, "runner": { "constant": { "concurrency": 4, "times": 10 } }, "hooks": [], "sla": { "failure_rate": { "max": 0 } } } ] }
2020-04-10 06:37:28.202 7990 RALLYDEBUG rally_openstack.contexts.keystone.users [-] Creating 3 tenants using 3 threads
2020-04-10 06:37:28.703 7990 RALLYDEBUG rally_openstack.contexts.keystone.users [-] Creating 6 users using 6 threads
2020-04-10 06:37:29.644 7990 INFO rally.task.context [-] Task e1f7941c-46d0-4fe0-8f36-2aeca9d410ed | Context users@openstack setup() finished in 1.44 sec
2020-04-10 06:37:29.645 7990 INFO rally.task.context [-] Task e1f7941c-46d0-4fe0-8f36-2aeca9d410ed | Context admin_cleanup@openstack setup() finished in 0.01 msec
2020-04-10 06:37:29.656 7990 RALLYDEBUG rally.task.runner [-] Starting the constant runner (task UUID: e1f7941c-46d0-4fe0-8f36-2aeca9d410ed). times: 10 concurrency: 4 timeout: 0 max_cpu_used: 88 processes_to_start: 4 concurrency_per_worker: 1 concurrency_overhead: 0
2020-04-10 06:37:29.668 8351 RALLYDEBUG rally.task.runner [-] Starting a worker. times: 10 duration: None concurrency: 1 timeout: 0 cls: method_name: run args: {}
2020-04-10 06:37:29.671 8352 RALLYDEBUG rally.task.runner [-] Starting a worker. times: 10 duration: None concurrency: 1 timeout: 0 cls: method_name: run args: {}
2020-04-10 06:37:29.674 8353 RALLYDEBUG rally.task.runner [-] Starting a worker. times: 10 duration: None concurrency: 1 timeout: 0 cls: method_name: run args: {}
2020-04-10 06:37:29.675 8351 INFO rally.task.runner [-] Task e1f7941c-46d0-4fe0-8f36-2aeca9d410ed | ITER: 1 START
2020-04-10 06:37:29.676 8354 RALLYDEBUG rally.task.runner [-] Starting a worker. times: 10 duration: None concurrency: 1 timeout: 0 cls: method_name: run args: {}
2020-04-10 06:37:29.678 8352 INFO rally.task.runner [-] Task e1f7941c-46d0-4fe0-8f36-2aeca9d410ed | ITER: 2 START
2020-04-10 06:37:29.680 8353 INFO rally.task.runner [-] Task e1f7941c-46d0-4fe0-8f36-2aeca9d410ed | ITER: 3 START
2020-04-10 06:37:29.683 8354 INFO rally.task.runner [-] Task e1f7941c-46d0-4fe0-8f36-2aeca9d410ed | ITER: 4 START
2020-04-10 06:37:30.346 8353 INFO rally.task.runner [-] Task e1f7941c-46d0-4fe0-8f36-2aeca9d410ed | ITER: 3 END: OK
2020-04-10 06:37:30.346 8352 INFO rally.task.runner [-] Task e1f7941c-46d0-4fe0-8f36-2aeca9d410ed | ITER: 2 END: OK
2020-04-10 06:37:30.350 8353 INFO rally.task.runner [-] Task e1f7941c-46d0-4fe0-8f36-2aeca9d410ed | ITER: 5 START
2020-04-10 06:37:30.351 8352 INFO rally.task.runner [-] Task e1f7941c-46d0-4fe0-8f36-2aeca9d410ed | ITER: 6 START
2020-04-10 06:37:30.522 8351 INFO rally.task.runner [-] Task e1f7941c-46d0-4fe0-8f36-2aeca9d410ed | ITER: 1 END: OK
2020-04-10 06:37:30.527 8351 INFO rally.task.runner [-] Task e1f7941c-46d0-4fe0-8f36-2aeca9d410ed | ITER: 7 START
2020-04-10 06:37:30.616 8354 INFO rally.task.runner [-] Task e1f7941c-46d0-4fe0-8f36-2aeca9d410ed | ITER: 4 END: OK
2020-04-10 06:37:30.622 8354 INFO rally.task.runner [-] Task e1f7941c-46d0-4fe0-8f36-2aeca9d410ed | ITER: 8 START
2020-04-10 06:37:31.032 8353 INFO rally.task.runner [-] Task e1f7941c-46d0-4fe0-8f36-2aeca9d410ed | ITER: 5 END: OK
2020-04-10 06:37:31.036 8353 INFO rally.task.runner [-] Task e1f7941c-46d0-4fe0-8f36-2aeca9d410ed | ITER: 9 START
2020-04-10 06:37:31.139 8352 INFO rally.task.runner [-] Task e1f7941c-46d0-4fe0-8f36-2aeca9d410ed | ITER: 6 END: OK
2020-04-10 06:37:31.143 8352 INFO rally.task.runner [-] Task e1f7941c-46d0-4fe0-8f36-2aeca9d410ed | ITER: 10 START
2020-04-10 06:37:31.343 8351 INFO rally.task.runner [-] Task e1f7941c-46d0-4fe0-8f36-2aeca9d410ed | ITER: 7 END: OK
2020-04-10 06:37:31.378 8354 INFO rally.task.runner [-] Task e1f7941c-46d0-4fe0-8f36-2aeca9d410ed | ITER: 8 END: OK
2020-04-10 06:37:31.847 8353 INFO rally.task.runner [-] Task e1f7941c-46d0-4fe0-8f36-2aeca9d410ed | ITER: 9 END: OK
2020-04-10 06:37:31.950 8352 INFO rally.task.runner [-] Task e1f7941c-46d0-4fe0-8f36-2aeca9d410ed | ITER: 10 END: OK
2020-04-10 06:37:31.972 7990 INFO rally.task.context [-] Task e1f7941c-46d0-4fe0-8f36-2aeca9d410ed | Context admin_cleanup@openstack cleanup() started
2020-04-10 06:37:31.978 7990 RALLYDEBUG rally_openstack.cleanup.manager [-] Cleaning up keystone user objects
2020-04-10 06:37:32.397 7990 RALLYDEBUG rally_openstack.cleanup.manager [-] Cleaning up keystone project objects
2020-04-10 06:37:32.662 7990 RALLYDEBUG rally_openstack.cleanup.manager [-] Deleting keystone.project object s_rally_f3f1a843_eEA7W5zr (6159b2d5209c4168ae56838ce7536956)
2020-04-10 06:37:32.699 7990 RALLYDEBUG rally_openstack.cleanup.manager [-] Deleting keystone.project object s_rally_f3f1a843_YzdhLtAT (4864f428010b4008814bbd5e68e45387)
2020-04-10 06:37:32.700 7990 RALLYDEBUG rally_openstack.cleanup.manager [-] Deleting keystone.project object s_rally_f3f1a843_eafkXe0k (75de13b7165a4d8c9c871dafdca95d73)
2020-04-10 06:37:32.716 7990 RALLYDEBUG rally_openstack.cleanup.manager [-] Deleting keystone.project object s_rally_f3f1a843_8e9MujHB (851acc2dd670406aae4e3486e2fa0c59)
2020-04-10 06:37:32.723 7990 RALLYDEBUG rally_openstack.cleanup.manager [-] Deleting keystone.project object s_rally_f3f1a843_e0O8nvjX (9f53c573d3e247439a6e2cb3fdc3f57b)
2020-04-10 06:37:32.749 7990 RALLYDEBUG rally_openstack.cleanup.manager [-] Deleting keystone.project object s_rally_f3f1a843_i63RpY7O (955e62ee7bf44568b200b99cc4333822)
2020-04-10 06:37:32.651 7990 RALLYDEBUG rally_openstack.cleanup.manager [-] Deleting keystone.project object s_rally_f3f1a843_DHV99KEv (4871fa3d7d2545978f40cfee17a62ada)
2020-04-10 06:37:32.775 7990 RALLYDEBUG rally_openstack.cleanup.manager [-] Deleting keystone.project object s_rally_f3f1a843_5XQHfhMY (c9883c63c2fb4bb99287ad62b8d673c1)
2020-04-10 06:37:32.813 7990 RALLYDEBUG rally_openstack.cleanup.manager [-] Deleting keystone.project object s_rally_f3f1a843_9ZgxIRVk (c532033a34464f749fd8f5b52c18e8f9)
2020-04-10 06:37:32.786 7990 RALLYDEBUG rally_openstack.cleanup.manager [-] Deleting keystone.project object s_rally_f3f1a843_YFvjn1Uk (cce38910189b46a682569215127e09d5)
2020-04-10 06:37:34.612 7990 RALLYDEBUG rally_openstack.cleanup.manager [-] Cleaning up keystone service objects
2020-04-10 06:37:34.969 7990 RALLYDEBUG rally_openstack.cleanup.manager [-] Cleaning up keystone role objects
2020-04-10 06:37:35.233 7990 INFO rally.task.context [-] Task e1f7941c-46d0-4fe0-8f36-2aeca9d410ed | Context admin_cleanup@openstack cleanup() finished in 3.26 sec
2020-04-10 06:37:35.233 7990 INFO rally.task.context [-] Task e1f7941c-46d0-4fe0-8f36-2aeca9d410ed | Context users@openstack cleanup() started
2020-04-10 06:37:35.411 7990 WARNING rally.common.logging [-] `iterate_per_tenants()' is deprecated in v3.0.0: it is openstack specific.. Used at
2020-04-10 06:37:38.539 7990 INFO rally.task.context [-] Task e1f7941c-46d0-4fe0-8f36-2aeca9d410ed | Context users@openstack cleanup() finished in 3.31 sec
2020-04-10 06:37:40.439 7990 INFO rally.task.engine [-] Load duration is: 1.926874
2020-04-10 06:37:40.439 7990 INFO rally.task.engine [-] Full runner duration is: 2.316918
2020-04-10 06:37:40.440 7990 INFO rally.task.engine [-] Full duration is: 10.33927
2020-04-10 06:37:40.527 7990 INFO rally.task.engine [-] Running workload: position = 0 config = { "version": 2, "title": "A cropped version of a bigger task.", "description": "Auto-generated task from a single workload (uuid=2df92412-012a-43a7-a999-e3a7aee1caf9)", "subtasks": [ { "title": "KeystoneBasic.create_and_delete_role", "description": "Create a user role and delete it.", "scenario": { "KeystoneBasic.create_and_delete_role": {} }, "contexts": { "users": { "tenants": 3, "users_per_tenant": 2 } }, "runner": { "constant": { "concurrency": 4, "times": 10 } }, "hooks": [], "sla": { "failure_rate": { "max": 0 } } } ] }
2020-04-10 06:37:40.547 7990 RALLYDEBUG rally_openstack.contexts.keystone.users [-] Creating 3 tenants using 3 threads
2020-04-10 06:37:41.023 7990 RALLYDEBUG rally_openstack.contexts.keystone.users [-] Creating 6 users using 6 threads
2020-04-10 06:37:41.949 7990 INFO rally.task.context [-] Task e1f7941c-46d0-4fe0-8f36-2aeca9d410ed | Context users@openstack setup() finished in 1.40 sec
2020-04-10 06:37:41.950 7990 INFO rally.task.context [-] Task e1f7941c-46d0-4fe0-8f36-2aeca9d410ed | Context admin_cleanup@openstack setup() finished in 0.00 msec
2020-04-10 06:37:41.961 7990 RALLYDEBUG rally.task.runner [-] Starting the constant runner (task UUID: e1f7941c-46d0-4fe0-8f36-2aeca9d410ed). times: 10 concurrency: 4 timeout: 0 max_cpu_used: 88 processes_to_start: 4 concurrency_per_worker: 1 concurrency_overhead: 0
2020-04-10 06:37:41.972 8504 RALLYDEBUG rally.task.runner [-] Starting a worker. times: 10 duration: None concurrency: 1 timeout: 0 cls: method_name: run args: {}
2020-04-10 06:37:41.976 8505 RALLYDEBUG rally.task.runner [-] Starting a worker. times: 10 duration: None concurrency: 1 timeout: 0 cls: method_name: run args: {}
2020-04-10 06:37:41.978 8504 INFO rally.task.runner [-] Task e1f7941c-46d0-4fe0-8f36-2aeca9d410ed | ITER: 1 START
2020-04-10 06:37:41.979 8506 RALLYDEBUG rally.task.runner [-] Starting a worker. times: 10 duration: None concurrency: 1 timeout: 0 cls: method_name: run args: {}
2020-04-10 06:37:41.982 8508 RALLYDEBUG rally.task.runner [-] Starting a worker. times: 10 duration: None concurrency: 1 timeout: 0 cls: method_name: run args: {}
2020-04-10 06:37:41.983 8505 INFO rally.task.runner [-] Task e1f7941c-46d0-4fe0-8f36-2aeca9d410ed | ITER: 2 START
2020-04-10 06:37:41.986 8506 INFO rally.task.runner [-] Task e1f7941c-46d0-4fe0-8f36-2aeca9d410ed | ITER: 3 START
2020-04-10 06:37:41.989 8508 INFO rally.task.runner [-] Task e1f7941c-46d0-4fe0-8f36-2aeca9d410ed | ITER: 4 START
2020-04-10 06:37:42.449 8508 INFO rally.task.runner [-] Task e1f7941c-46d0-4fe0-8f36-2aeca9d410ed | ITER: 4 END: OK
2020-04-10 06:37:42.454 8508 INFO rally.task.runner [-] Task e1f7941c-46d0-4fe0-8f36-2aeca9d410ed | ITER: 5 START
2020-04-10 06:37:42.461 8504 INFO rally.task.runner [-] Task e1f7941c-46d0-4fe0-8f36-2aeca9d410ed | ITER: 1 END: OK
2020-04-10 06:37:42.466 8504 INFO rally.task.runner [-] Task e1f7941c-46d0-4fe0-8f36-2aeca9d410ed | ITER: 6 START
2020-04-10 06:37:42.470 8506 INFO rally.task.runner [-] Task e1f7941c-46d0-4fe0-8f36-2aeca9d410ed | ITER: 3 END: OK
2020-04-10 06:37:42.475 8506 INFO rally.task.runner [-] Task e1f7941c-46d0-4fe0-8f36-2aeca9d410ed | ITER: 7 START
2020-04-10 06:37:42.478 8505 INFO rally.task.runner [-] Task e1f7941c-46d0-4fe0-8f36-2aeca9d410ed | ITER: 2 END: OK
2020-04-10 06:37:42.483 8505 INFO rally.task.runner [-] Task e1f7941c-46d0-4fe0-8f36-2aeca9d410ed | ITER: 8 START
2020-04-10 06:37:42.975 8506 INFO rally.task.runner [-] Task e1f7941c-46d0-4fe0-8f36-2aeca9d410ed | ITER: 7 END: OK
2020-04-10 06:37:42.979 8506 INFO rally.task.runner [-] Task e1f7941c-46d0-4fe0-8f36-2aeca9d410ed | ITER: 9 START
2020-04-10 06:37:42.983 8504 INFO rally.task.runner [-] Task e1f7941c-46d0-4fe0-8f36-2aeca9d410ed | ITER: 6 END: OK
2020-04-10 06:37:42.987 8504 INFO rally.task.runner [-] Task e1f7941c-46d0-4fe0-8f36-2aeca9d410ed | ITER: 10 START
2020-04-10 06:37:42.993 8508 INFO rally.task.runner [-] Task e1f7941c-46d0-4fe0-8f36-2aeca9d410ed | ITER: 5 END: OK
2020-04-10 06:37:43.010 8505 INFO rally.task.runner [-] Task e1f7941c-46d0-4fe0-8f36-2aeca9d410ed | ITER: 8 END: OK
2020-04-10 06:37:43.513 8506 INFO rally.task.runner [-] Task e1f7941c-46d0-4fe0-8f36-2aeca9d410ed | ITER: 9 END: OK
2020-04-10 06:37:43.621 8504 INFO rally.task.runner [-] Task e1f7941c-46d0-4fe0-8f36-2aeca9d410ed | ITER: 10 END: OK
2020-04-10 06:37:43.644 7990 INFO rally.task.context [-] Task e1f7941c-46d0-4fe0-8f36-2aeca9d410ed | Context admin_cleanup@openstack cleanup() started
2020-04-10 06:37:43.649 7990 RALLYDEBUG rally_openstack.cleanup.manager [-] Cleaning up keystone user objects
2020-04-10 06:37:44.147 7990 RALLYDEBUG rally_openstack.cleanup.manager [-] Cleaning up keystone project objects
2020-04-10 06:37:44.483 7990 RALLYDEBUG rally_openstack.cleanup.manager [-] Cleaning up keystone service objects
2020-04-10 06:37:44.772 7990 RALLYDEBUG rally_openstack.cleanup.manager [-] Cleaning up keystone role objects
2020-04-10 06:37:45.031 7990 INFO rally.task.context [-] Task e1f7941c-46d0-4fe0-8f36-2aeca9d410ed | Context admin_cleanup@openstack cleanup() finished in 1.39 sec
2020-04-10 06:37:45.032 7990 INFO rally.task.context [-] Task e1f7941c-46d0-4fe0-8f36-2aeca9d410ed | Context users@openstack cleanup() started
2020-04-10 06:37:45.219 7990 WARNING rally.common.logging [-] `iterate_per_tenants()' is deprecated in v3.0.0: it is openstack specific.. Used at
2020-04-10 06:37:47.794 7990 INFO rally.task.context [-] Task e1f7941c-46d0-4fe0-8f36-2aeca9d410ed | Context users@openstack cleanup() finished in 2.76 sec
2020-04-10 06:37:48.651 7990 INFO rally.task.engine [-] Load duration is: 1.326594
2020-04-10 06:37:48.652 7990 INFO rally.task.engine [-] Full runner duration is: 1.683199
2020-04-10 06:37:48.652 7990 INFO rally.task.engine [-] Full duration is: 7.24905
2020-04-10 06:37:48.753 7990 INFO rally.task.engine [-] Running workload: position = 0 config = { "version": 2, "title": "A cropped version of a bigger task.", "description": "Auto-generated task from a single workload (uuid=033e7877-dd10-4f89-a7ea-6b948c66df17)", "subtasks": [ { "title": "KeystoneBasic.create_and_delete_service", "description": "Create and delete service.", "scenario": { "KeystoneBasic.create_and_delete_service": {} }, "contexts": { "users": { "tenants": 3, "users_per_tenant": 2 } }, "runner": { "constant": { "concurrency": 4, "times": 10 } }, "hooks": [], "sla": { "failure_rate": { "max": 0 } } } ] }
2020-04-10 06:37:48.772 7990 RALLYDEBUG rally_openstack.contexts.keystone.users [-] Creating 3 tenants using 3 threads
2020-04-10 06:37:49.256 7990 RALLYDEBUG rally_openstack.contexts.keystone.users [-] Creating 6 users using 6 threads
