2020-04-13 01:13:48.796 15 RALLYDEBUG rally_openstack.cleanup.manager [-] Deleting neutron.port object s_rally_1acbd260_ehLOlq65 (b9a8c3a4-1b17-429f-87be-6e3b39c4bb5d)
2020-04-13 01:13:48.842 15 RALLYDEBUG rally_openstack.cleanup.manager [-] Deleting neutron.port object s_rally_1acbd260_QnRJk7VF (b9ba5e56-cb9f-4288-8c74-b20445c3453c)
2020-04-13 01:13:48.874 15 RALLYDEBUG rally_openstack.cleanup.manager [-] Deleting neutron.port object s_rally_1acbd260_FjhyYqiN (bb612b3f-fece-4daa-9363-d920baa2fd7a)
2020-04-13 01:13:48.947 15 RALLYDEBUG rally_openstack.cleanup.manager [-] Deleting neutron.port object s_rally_1acbd260_DN5kMqt5 (be33a43b-45cf-4a74-8dfc-f037ebd89753)
2020-04-13 01:13:49.380 15 RALLYDEBUG rally_openstack.cleanup.manager [-] Deleting neutron.port object s_rally_1acbd260_QaorwVh2 (be9ab8f7-9b36-4f24-877d-9cdf46331387)
2020-04-13 01:13:49.407 15 RALLYDEBUG rally_openstack.cleanup.manager [-] Deleting neutron.port object s_rally_1acbd260_axetgCFD (bf66f5ee-97c6-462e-bd74-3dd6d937ece4)
2020-04-13 01:13:49.735 15 RALLYDEBUG rally_openstack.cleanup.manager [-] Deleting neutron.port object s_rally_1acbd260_UvmPgB1T (bfecf08e-b66b-4fa0-9873-f44594f8fba7)
2020-04-13 01:13:49.787 15 RALLYDEBUG rally_openstack.cleanup.manager [-] Deleting neutron.port object s_rally_1acbd260_UhsPfMZd (c0125e1e-876d-4b85-bcde-9c3743d39e00)
2020-04-13 01:13:49.832 15 RALLYDEBUG rally_openstack.cleanup.manager [-] Deleting neutron.port object s_rally_1acbd260_1sYbF2e2 (c037d7f5-807b-4908-940a-db85be7ac8cd)
2020-04-13 01:13:49.892 15 RALLYDEBUG rally_openstack.cleanup.manager [-] Deleting neutron.port object s_rally_1acbd260_cRl2XBYE (c2472376-1b5e-4ee0-8524-c62ac25aaf66)
2020-04-13 01:13:49.987 15 RALLYDEBUG rally_openstack.cleanup.manager [-] Deleting neutron.port object s_rally_1acbd260_tP0SZr7n (c268ab03-bf4b-49ed-92e7-e987a2ac54fd)
2020-04-13 01:13:50.260 15 RALLYDEBUG rally_openstack.cleanup.manager [-] Deleting neutron.port object s_rally_1acbd260_LIBQqOX3 (c4138388-b5ec-4fc7-afda-bbe14a150408)
2020-04-13 01:13:50.260 15 RALLYDEBUG rally_openstack.cleanup.manager [-] Deleting neutron.port object s_rally_1acbd260_F6RydJ46 (c2b20761-db69-4bfd-be97-5a9663452f23)
2020-04-13 01:13:50.299 15 RALLYDEBUG rally_openstack.cleanup.manager [-] Deleting neutron.port object s_rally_1acbd260_PaxOqk7l (c4599e91-43b5-4e4c-8b02-f52d9a1946c2)
2020-04-13 01:13:50.314 15 RALLYDEBUG rally_openstack.cleanup.manager [-] Deleting neutron.port object s_rally_1acbd260_3mDgS2es (c701b68e-9e23-4062-ad1a-66fec0e01d26)
2020-04-13 01:13:50.456 15 RALLYDEBUG rally_openstack.cleanup.manager [-] Deleting neutron.port object s_rally_1acbd260_H6eNukaw (c73d6731-1986-4be2-83dd-0effab5ed9fd)
2020-04-13 01:13:50.470 15 RALLYDEBUG rally_openstack.cleanup.manager [-] Deleting neutron.port object s_rally_1acbd260_LIoRineF (c7ad6ef7-b377-47dc-b6ec-35376404655f)
2020-04-13 01:13:50.758 15 RALLYDEBUG rally_openstack.cleanup.manager [-] Deleting neutron.port object s_rally_1acbd260_diQFKsRf (c9108d70-68ea-48fc-bda5-7c86d8e7f2a3)
2020-04-13 01:13:50.877 15 RALLYDEBUG rally_openstack.cleanup.manager [-] Deleting neutron.port object s_rally_1acbd260_FzLaEMs6 (c978dd24-a73d-4413-9f54-8c6ad914e9f1)
2020-04-13 01:13:50.946 15 RALLYDEBUG rally_openstack.cleanup.manager [-] Deleting neutron.port object s_rally_1acbd260_jQBe8sk5 (c9b6c743-b91d-4870-bae0-862de1dc950d)
2020-04-13 01:13:50.957 15 RALLYDEBUG rally_openstack.cleanup.manager [-] Deleting neutron.port object s_rally_1acbd260_VIcB8yt9 (c9fb9d02-9d18-4dc5-b31f-accd37734a2b)
2020-04-13 01:13:51.029 15 RALLYDEBUG rally_openstack.cleanup.manager [-] Deleting neutron.port object s_rally_1acbd260_LYAqvYyu (ca8316c1-cea6-4dea-8673-a4ef6bb3942e)
2020-04-13 01:13:51.304 15 RALLYDEBUG rally_openstack.cleanup.manager [-] Deleting neutron.port object s_rally_1acbd260_0TPBjMVX (ca88e975-eb5c-45ba-a9c0-e88d7fe233a7)
2020-04-13 01:13:51.317 15 RALLYDEBUG rally_openstack.cleanup.manager [-] Deleting neutron.port object s_rally_1acbd260_bsRzl3q7 (cb00129f-cb9a-47aa-81b8-4ea95a79a1f9)
2020-04-13 01:13:51.478 15 RALLYDEBUG rally_openstack.cleanup.manager [-] Deleting neutron.port object s_rally_1acbd260_uKpmGY9Z (cc0240e9-503f-4807-b0fc-3e04687db833)
2020-04-13 01:13:51.492 15 RALLYDEBUG rally_openstack.cleanup.manager [-] Deleting neutron.port object s_rally_1acbd260_3EwCk9J4 (cc18fed7-d9b5-4761-afa6-e54c2e7bbea8)
2020-04-13 01:13:51.644 15 RALLYDEBUG rally_openstack.cleanup.manager [-] Deleting neutron.port object s_rally_1acbd260_tzGhqold (ccc399e5-4c96-4fdd-9dd5-6ca0444e5b60)
2020-04-13 01:13:51.873 15 RALLYDEBUG rally_openstack.cleanup.manager [-] Deleting neutron.port object s_rally_1acbd260_5q7Ig8pm (cd6c519e-6757-47c9-b3ce-9cf1fd8901a3)
2020-04-13 01:13:52.109 15 RALLYDEBUG rally_openstack.cleanup.manager [-] Deleting neutron.port object s_rally_1acbd260_jv61wwNN (cdb5a961-7ceb-42b3-b74e-04bfc64f2793)
2020-04-13 01:13:52.124 15 RALLYDEBUG rally_openstack.cleanup.manager [-] Deleting neutron.port object s_rally_1acbd260_ZcB0fuBC (ce1b7f3a-6e8c-4d5f-a82c-bb5e0f40c99c)
2020-04-13 01:13:52.139 15 RALLYDEBUG rally_openstack.cleanup.manager [-] Deleting neutron.port object s_rally_1acbd260_8IfHNxyq (ce3a351d-552a-4d99-b5e8-02047cb00f69)
2020-04-13 01:13:52.266 15 RALLYDEBUG rally_openstack.cleanup.manager [-] Deleting neutron.port object s_rally_1acbd260_Gn6PreVD (cf02185a-2ce9-4fb6-9068-62dfd3297d4c)
2020-04-13 01:13:52.278 15 RALLYDEBUG rally_openstack.cleanup.manager [-] Deleting neutron.port object s_rally_1acbd260_SxzF7drC (d0fa2cf1-3206-4082-a533-4fb12e6d6474)
2020-04-13 01:13:52.540 15 RALLYDEBUG rally_openstack.cleanup.manager [-] Deleting neutron.port object s_rally_1acbd260_wIEYh8ks (d27e9d37-cb53-4412-aadb-b641cb388ac7)
2020-04-13 01:13:52.653 15 RALLYDEBUG rally_openstack.cleanup.manager [-] Deleting neutron.port object s_rally_1acbd260_to14eCj1 (d2aafa3d-2061-411e-b6f6-c9baadca5854)
2020-04-13 01:13:52.938 15 RALLYDEBUG rally_openstack.cleanup.manager [-] Deleting neutron.port object s_rally_1acbd260_V6joPrKL (d413afb4-fc75-4e33-83c9-038845006e20)
2020-04-13 01:13:52.985 15 RALLYDEBUG rally_openstack.cleanup.manager [-] Deleting neutron.port object s_rally_1acbd260_tyUpz8Y7 (d5a7fe7b-1ad5-409d-b98e-b80cad1a6060)
2020-04-13 01:13:53.127 15 RALLYDEBUG rally_openstack.cleanup.manager [-] Deleting neutron.port object s_rally_1acbd260_IWqnPeWr (d5c628b1-60c8-49ca-8121-7233b2d84e11)
2020-04-13 01:13:53.140 15 RALLYDEBUG rally_openstack.cleanup.manager [-] Deleting neutron.port object s_rally_1acbd260_xnTbYoAU (d5caa764-ee0a-47f4-9394-7fa2ee34a966)
2020-04-13 01:13:53.155 15 RALLYDEBUG rally_openstack.cleanup.manager [-] Deleting neutron.port object s_rally_1acbd260_BbrTNyp2 (d68f5734-0651-4ed7-a244-e2ed161043ae)
2020-04-13 01:13:53.160 15 RALLYDEBUG rally_openstack.cleanup.manager [-] Deleting neutron.port object s_rally_1acbd260_k5vhYZ31 (d699c752-d8d0-4ade-8a5e-ccc8554c655d)
2020-04-13 01:13:53.261 15 RALLYDEBUG rally_openstack.cleanup.manager [-] Deleting neutron.port object s_rally_1acbd260_lcBsDjAP (d6b80397-702e-45bc-b196-159c2470f725)
2020-04-13 01:13:53.281 15 RALLYDEBUG rally_openstack.cleanup.manager [-] Deleting neutron.port object s_rally_1acbd260_egXcDH7h (d7506738-2c00-4fee-8ca9-d1ec1084af22)
2020-04-13 01:13:53.295 15 RALLYDEBUG rally_openstack.cleanup.manager [-] Deleting neutron.port object s_rally_1acbd260_ByBkzrqm (d795a5e4-b5a7-4b4e-a360-01c814d0e293)
2020-04-13 01:13:53.381 15 RALLYDEBUG rally_openstack.cleanup.manager [-] Deleting neutron.port object s_rally_1acbd260_7LM6RZBK (d7f7c884-7c35-4ad8-9dd6-157178a4d5db)
2020-04-13 01:13:53.515 15 RALLYDEBUG rally_openstack.cleanup.manager [-] Deleting neutron.port object s_rally_1acbd260_njj891SG (d8292878-81fe-4dd9-a4b3-27bc809f24ee)
2020-04-13 01:13:53.772 15 RALLYDEBUG rally_openstack.cleanup.manager [-] Deleting neutron.port object s_rally_1acbd260_YcvT8m3u (d891deec-a4e1-46f0-9bd1-a1b8d09ba463)
2020-04-13 01:13:53.825 15 RALLYDEBUG rally_openstack.cleanup.manager [-] Deleting neutron.port object s_rally_1acbd260_rOp1Kgbe (d9016b9e-7a12-467f-a294-7e5ac74cab93)
2020-04-13 01:13:53.844 15 RALLYDEBUG rally_openstack.cleanup.manager [-] Deleting neutron.port object s_rally_1acbd260_sZYCD8Mz (dab52d13-abcc-41aa-83de-0039ea954407)
2020-04-13 01:13:53.985 15 RALLYDEBUG rally_openstack.cleanup.manager [-] Deleting neutron.port object s_rally_1acbd260_9SRrbAJ4 (db1eb988-a12c-4be8-add0-e6f3c6747566)
2020-04-13 01:13:54.270 15 RALLYDEBUG rally_openstack.cleanup.manager [-] Deleting neutron.port object s_rally_1acbd260_THRxwfp3 (db5c305d-7783-474b-b9cf-47d8cc0ab6d3)
2020-04-13 01:13:54.562 15 RALLYDEBUG rally_openstack.cleanup.manager [-] Deleting neutron.port object s_rally_1acbd260_MEH5ZLOJ (db72085a-2bc6-4035-9b37-b83c9d965bf4)
2020-04-13 01:13:54.595 15 RALLYDEBUG rally_openstack.cleanup.manager [-] Deleting neutron.port object s_rally_1acbd260_Vi0ThkcD (dc559bbc-398b-45a2-b8b6-65f0efe95525)
2020-04-13 01:13:54.591 15 RALLYDEBUG rally_openstack.cleanup.manager [-] Deleting neutron.port object s_rally_1acbd260_w4swgla3 (db7a8bec-639d-4c1d-b8be-c8d243d3b9cc)
2020-04-13 01:13:54.622 15 RALLYDEBUG rally_openstack.cleanup.manager [-] Deleting neutron.port object s_rally_1acbd260_NFsvHzJY (dc97938c-2ca7-464a-9355-5f75ba33d251)
2020-04-13 01:13:54.764 15 RALLYDEBUG rally_openstack.cleanup.manager [-] Deleting neutron.port object s_rally_1acbd260_c3Fe36vq (dd818f64-0758-490f-b29f-06ce62e734e6)
2020-04-13 01:13:54.834 15 RALLYDEBUG rally_openstack.cleanup.manager [-] Deleting neutron.port object s_rally_1acbd260_GWSmlxLM (df5cc74c-6cb4-41a2-9d9a-44b493769523)
2020-04-13 01:13:54.982 15 RALLYDEBUG rally_openstack.cleanup.manager [-] Deleting neutron.port object s_rally_1acbd260_Cy7PI5sI (e0b46c88-158b-40e1-893d-5b0b9497a9c7)
2020-04-13 01:13:54.994 15 RALLYDEBUG rally_openstack.cleanup.manager [-] Deleting neutron.port object s_rally_1acbd260_fn8qHToK (e0eacb22-8130-4f8e-8f33-da0cdd345703)
2020-04-13 01:13:55.146 15 RALLYDEBUG rally_openstack.cleanup.manager [-] Deleting neutron.port object s_rally_1acbd260_kpVJMBcX (e1ac9cf3-665a-4f58-bb0c-d32a18099bd6)
2020-04-13 01:13:55.441 15 RALLYDEBUG rally_openstack.cleanup.manager [-] Deleting neutron.port object s_rally_1acbd260_tPFhZCDG (e1ed7450-e6c5-4e8d-8ded-ad92170bfa7b)
2020-04-13 01:13:55.674 15 RALLYDEBUG rally_openstack.cleanup.manager [-] Deleting neutron.port object s_rally_1acbd260_HQrHXTDf (e3d75750-fa7e-4424-b707-540195547022)
2020-04-13 01:13:55.688 15 RALLYDEBUG rally_openstack.cleanup.manager [-] Deleting neutron.port object s_rally_1acbd260_EotIdsKA (e4dc25e5-ac07-4bc6-975b-539d4d7b6a81)
2020-04-13 01:13:55.703 15 RALLYDEBUG rally_openstack.cleanup.manager [-] Deleting neutron.port object s_rally_1acbd260_PD9srD7d (e6b28eec-af3e-4049-80d6-733593f0c450)
2020-04-13 01:13:55.901 15 RALLYDEBUG rally_openstack.cleanup.manager [-] Deleting neutron.port object s_rally_1acbd260_Z1CMxR2a (e7ad1dd4-20a4-4f59-a30a-75c1c495fa52)
2020-04-13 01:13:55.912 15 RALLYDEBUG rally_openstack.cleanup.manager [-] Deleting neutron.port object s_rally_1acbd260_OYjhQTpx (e88261a8-4813-44d3-88a1-9a038b3b4f70)
2020-04-13 01:13:55.939 15 RALLYDEBUG rally_openstack.cleanup.manager [-] Deleting neutron.port object s_rally_1acbd260_xVUzGaTQ (e92bb86e-0465-49ec-a9c5-f862d8a62e37)
2020-04-13 01:13:56.066 15 RALLYDEBUG rally_openstack.cleanup.manager [-] Deleting neutron.port object s_rally_1acbd260_6PKAGhfc (e96b2cd9-6e9c-4366-b394-bfd9d04970b0)
2020-04-13 01:13:56.089 15 RALLYDEBUG rally_openstack.cleanup.manager [-] Deleting neutron.port object s_rally_1acbd260_16yblWb3 (e99bb123-1429-4fa3-a157-a66813e73aef)
2020-04-13 01:13:56.100 15 RALLYDEBUG rally_openstack.cleanup.manager [-] Deleting neutron.port object s_rally_1acbd260_OErI5qAA (e9d99c80-7d70-45b2-8cfb-6f7ac8dd3d85)
2020-04-13 01:13:56.105 15 RALLYDEBUG rally_openstack.cleanup.manager [-] Deleting neutron.port object s_rally_1acbd260_xhgJJoQA (e9f8cd38-0316-477f-8303-15c4e3d2b545)
2020-04-13 01:13:56.391 15 RALLYDEBUG rally_openstack.cleanup.manager [-] Deleting neutron.port object s_rally_1acbd260_8jltdmKX (ea174caf-af18-4c1d-935e-20b86138a693)
2020-04-13 01:13:56.526 15 RALLYDEBUG rally_openstack.cleanup.manager [-] Deleting neutron.port object s_rally_1acbd260_T6W6ag97 (eb344e26-b871-4dac-8d73-9d9271203290)
2020-04-13 01:13:56.540 15 RALLYDEBUG rally_openstack.cleanup.manager [-] Deleting neutron.port object s_rally_1acbd260_XN45X7cq (ebd77b86-28d4-4e85-b68d-dad9790f9756)
2020-04-13 01:13:56.551 15 RALLYDEBUG rally_openstack.cleanup.manager [-] Deleting neutron.port object s_rally_1acbd260_jGPFQa9x (ec30ef48-9547-4328-84f4-146a3f10a38f)
2020-04-13 01:13:56.661 15 RALLYDEBUG rally_openstack.cleanup.manager [-] Deleting neutron.port object s_rally_1acbd260_RqkmsaAp (ec337df9-e9a3-489d-88eb-2d19a472accd)
2020-04-13 01:13:57.015 15 RALLYDEBUG rally_openstack.cleanup.manager [-] Deleting neutron.port object s_rally_1acbd260_YxyzJq4m (ee5a47f1-39ca-49a0-8cc4-cf994d7018fb)
2020-04-13 01:13:57.029 15 RALLYDEBUG rally_openstack.cleanup.manager [-] Deleting neutron.port object s_rally_1acbd260_AAl7CDUf (ef9f0d4a-eb91-48d6-8dbd-7a699a372e97)
2020-04-13 01:13:57.430 15 RALLYDEBUG rally_openstack.cleanup.manager [-] Deleting neutron.port object s_rally_1acbd260_Gkh6GeNt (efae1a5b-5ce1-46f0-a8f4-46244ca7a1ca)
2020-04-13 01:13:57.541 15 RALLYDEBUG rally_openstack.cleanup.manager [-] Deleting neutron.port object s_rally_1acbd260_8hORDRIb (eff952d4-0a14-4b89-9699-95bd2dde36f8)
2020-04-13 01:13:57.643 15 RALLYDEBUG rally_openstack.cleanup.manager [-] Deleting neutron.port object s_rally_1acbd260_mtb5Z5mj (f0ec3e8f-beb9-48e5-8c19-ca725ac9484b)
2020-04-13 01:13:57.656 15 RALLYDEBUG rally_openstack.cleanup.manager [-] Deleting neutron.port object s_rally_1acbd260_JYZDvVCW (f174293f-7471-4e6b-bf74-09dd0e460bed)
2020-04-13 01:13:57.778 15 RALLYDEBUG rally_openstack.cleanup.manager [-] Deleting neutron.port object s_rally_1acbd260_QQbEd7EW (f1bdebea-8148-4733-a65d-97458c4903f8)
2020-04-13 01:13:57.915 15 RALLYDEBUG rally_openstack.cleanup.manager [-] Deleting neutron.port object s_rally_1acbd260_LAFa91fT (f20e7db5-bb73-481a-a261-a4c029346ccd)
2020-04-13 01:13:57.974 15 RALLYDEBUG rally_openstack.cleanup.manager [-] Deleting neutron.port object s_rally_1acbd260_CGiAAFlK (f23d368a-509f-4dd6-a6cf-e3a708a5342f)
2020-04-13 01:13:58.055 15 RALLYDEBUG rally_openstack.cleanup.manager [-] Deleting neutron.port object s_rally_1acbd260_t54xvOa6 (f2feb4d5-3a19-4d45-95b2-2c1e1a9fd320)
2020-04-13 01:13:58.330 15 RALLYDEBUG rally_openstack.cleanup.manager [-] Deleting neutron.port object s_rally_1acbd260_8yf4360A (f395f134-acb9-4bef-b8d0-e90c9dbe947d)
2020-04-13 01:13:58.471 15 RALLYDEBUG rally_openstack.cleanup.manager [-] Deleting neutron.port object s_rally_1acbd260_C6zohX7T (f3eb645b-d4f9-47a6-8343-ec07e61fb470)
2020-04-13 01:13:58.482 15 RALLYDEBUG rally_openstack.cleanup.manager [-] Deleting neutron.port object s_rally_1acbd260_7Lna23sJ (f5d90db9-4a37-4c3b-be36-1c3dae5a504f)
2020-04-13 01:13:58.493 15 RALLYDEBUG rally_openstack.cleanup.manager [-] Deleting neutron.port object s_rally_1acbd260_Hm2hhqV0 (f5f7967f-c6e1-4ae3-a77d-77a71710c852)
2020-04-13 01:13:58.583 15 RALLYDEBUG rally_openstack.cleanup.manager [-] Deleting neutron.port object s_rally_1acbd260_2OsLkqCr (f6301697-f98d-4143-8ed4-c45ae6d0de75)
2020-04-13 01:13:58.843 15 RALLYDEBUG rally_openstack.cleanup.manager [-] Deleting neutron.port object s_rally_1acbd260_qLuXw1Aw (f661a161-9b66-4ca7-a3a4-93400dbfa9d2)
2020-04-13 01:13:58.906 15 RALLYDEBUG rally_openstack.cleanup.manager [-] Deleting neutron.port object s_rally_1acbd260_fCqpjjHO (f6b68178-6702-4af9-9c9c-61682edf148f)
2020-04-13 01:13:58.974 15 RALLYDEBUG rally_openstack.cleanup.manager [-] Deleting neutron.port object s_rally_1acbd260_jnJWjBVW (f8fed839-e702-4cf2-9b1a-542e764fc09c)
2020-04-13 01:13:59.032 15 RALLYDEBUG rally_openstack.cleanup.manager [-] Deleting neutron.port object s_rally_1acbd260_547jcPK0 (fafe9606-9848-4919-83e5-3b39c5ea9ed4)
2020-04-13 01:13:59.038 15 RALLYDEBUG rally_openstack.cleanup.manager [-] Deleting neutron.port object s_rally_1acbd260_NUVdiTpd (fa5afd9c-ebd5-4c24-b210-fafd53d2c9e5)
2020-04-13 01:13:59.195 15 RALLYDEBUG rally_openstack.cleanup.manager [-] Deleting neutron.port object s_rally_1acbd260_opHAq0ns (fb3499e0-a36e-443d-99c6-aeb2cc21a6fe)
2020-04-13 01:13:59.207 15 RALLYDEBUG rally_openstack.cleanup.manager [-] Deleting neutron.port object s_rally_1acbd260_74EN1xbk (fb476662-42b5-4152-ac91-b87e25a0b691)
2020-04-13 01:13:59.376 15 RALLYDEBUG rally_openstack.cleanup.manager [-] Deleting neutron.port object s_rally_1acbd260_6UDsmiBO (fba1d861-104d-41df-8086-ea6381f63d73)
2020-04-13 01:13:59.656 15 RALLYDEBUG rally_openstack.cleanup.manager [-] Deleting neutron.port object s_rally_1acbd260_zFUbjdz0 (fbb9aa7b-f1b2-45aa-b1ee-8228116cc082)
2020-04-13 01:13:59.668 15 RALLYDEBUG rally_openstack.cleanup.manager [-] Deleting neutron.port object s_rally_1acbd260_J8VCWmuk (fcf160ef-e0e9-4715-a110-d49525c235e1)
2020-04-13 01:13:59.829 15 RALLYDEBUG rally_openstack.cleanup.manager [-] Deleting neutron.port object s_rally_1acbd260_e8Z1sOB3 (fe966d9c-5891-473b-84d8-d522b1cbe133)
2020-04-13 01:13:59.954 15 RALLYDEBUG rally_openstack.cleanup.manager [-] Deleting neutron.port object s_rally_1acbd260_a7snA9jS (fefc3fe4-e5b2-41e7-874a-f9e3514cc962)
2020-04-13 01:14:00.009 15 RALLYDEBUG rally_openstack.cleanup.manager [-] Deleting neutron.port object s_rally_1acbd260_eqSsINYb (ff7862ab-b8ac-4b7f-b8e6-ccb676d1aa99)
2020-04-13 01:14:02.331 15 RALLYDEBUG rally_openstack.cleanup.manager [-] Cleaning up neutron subnet objects
2020-04-13 01:14:02.502 15 RALLYDEBUG rally_openstack.cleanup.manager [-] Cleaning up neutron network objects
2020-04-13 01:14:02.755 15 RALLYDEBUG rally_openstack.cleanup.manager [-] Deleting neutron.network object s_rally_1acbd260_VSK0mnk2 (0335284d-d489-4fbc-aa88-06de53c5093e)
2020-04-13 01:14:02.761 15 RALLYDEBUG rally_openstack.cleanup.manager [-] Deleting neutron.network object s_rally_1acbd260_3rnSM88G (14b6d04c-dc2c-4aef-aeb3-eae68058d0ff)
2020-04-13 01:14:02.776 15 RALLYDEBUG rally_openstack.cleanup.manager [-] Deleting neutron.network object s_rally_1acbd260_fpl2sKd3 (4481dc44-75ae-4828-a6e8-e46750df317f)
2020-04-13 01:14:02.771 15 RALLYDEBUG rally_openstack.cleanup.manager [-] Deleting neutron.network object s_rally_1acbd260_vMVaIUiX (2c0c5f28-f643-4b86-8390-59f84aa942c6)
2020-04-13 01:14:02.788 15 RALLYDEBUG rally_openstack.cleanup.manager [-] Deleting neutron.network object s_rally_1acbd260_91qnMFNB (cb420ef3-e759-4cd9-987e-00b9caa52f2d)
2020-04-13 01:14:02.799 15 RALLYDEBUG rally_openstack.cleanup.manager [-] Deleting neutron.network object s_rally_1acbd260_gkgcuKEK (dda6b91e-28dc-468e-a3ca-c502ca52889a)
2020-04-13 01:14:02.818 15 RALLYDEBUG rally_openstack.cleanup.manager [-] Deleting neutron.network object s_rally_1acbd260_LG0BnW3s (de4d81b8-8100-4ba6-932d-5fdcabeddda5)
2020-04-13 01:14:02.828 15 RALLYDEBUG rally_openstack.cleanup.manager [-] Deleting neutron.network object s_rally_1acbd260_R8jPtmTT (fe6f37bd-e1d0-4679-acb8-2fccdb51c8ac)
2020-04-13 01:14:05.622 15 RALLYDEBUG rally_openstack.cleanup.manager [-] Cleaning up neutron router objects
2020-04-13 01:14:06.200 15 RALLYDEBUG rally_openstack.cleanup.manager [-] Cleaning up neutron security_group objects
2020-04-13 01:14:06.391 15 INFO rally.task.context [-] Task 0a402ac2-3c23-4fde-b782-218d8bf1e29c | Context cleanup@openstack cleanup() finished in 51.60 sec
2020-04-13 01:14:06.391 15 INFO rally.task.context [-] Task 0a402ac2-3c23-4fde-b782-218d8bf1e29c | Context quotas@openstack cleanup() started
2020-04-13 01:14:06.541 15 INFO rally.task.context [-] Task 0a402ac2-3c23-4fde-b782-218d8bf1e29c | Context quotas@openstack cleanup() finished in 0.15 sec
2020-04-13 01:14:06.541 15 INFO rally.task.context [-] Task 0a402ac2-3c23-4fde-b782-218d8bf1e29c | Context users@openstack cleanup() started
2020-04-13 01:14:06.664 15 WARNING rally.common.logging [-] `iterate_per_tenants()' is deprecated in v3.0.0: it is openstack specific.. Used at
2020-04-13 01:14:07.605 15 INFO rally.task.context [-] Task 0a402ac2-3c23-4fde-b782-218d8bf1e29c | Context users@openstack cleanup() finished in 1.06 sec
2020-04-13 01:14:08.255 15 INFO rally.task.engine [-] Load duration is: 75.736713
2020-04-13 01:14:08.255 15 INFO rally.task.engine [-] Full runner duration is: 75.784679
2020-04-13 01:14:08.256 15 INFO rally.task.engine [-] Full duration is: 130.090456
2020-04-13 01:14:08.347 15 INFO rally.task.engine [-] Running workload: position = 1 config = { "version": 2, "title": "A cropped version of a bigger task.", "description": "Auto-generated task from a single workload (uuid=6424cc70-600a-47c3-b718-ec0498be1c89)", "subtasks": [ { "title": "NeutronNetworks.create_and_update_ports", "description": "Create and update a given number of ports.", "scenario": { "NeutronNetworks.create_and_update_ports": { "network_create_args": {}, "port_create_args": {}, "ports_per_network": 5, "port_update_args": { "admin_state_up": false, "device_id": "dummy_id", "device_owner": "dummy_owner", "name": "_port_updated" } } }, "contexts": { "users": { "tenants": 1, "users_per_tenant": 1 }, "quotas": { "neutron": { "network": -1, "port": -1 } } }, "runner": { "constant": { "times": 40, "concurrency": 20 } }, "hooks": [], "sla": { "failure_rate": { "max": 0 } } } ] }
2020-04-13 01:14:08.369 15 RALLYDEBUG rally_openstack.contexts.keystone.users [-] Creating 1 tenants using 1 threads
2020-04-13 01:14:08.802 15 RALLYDEBUG rally_openstack.contexts.keystone.users [-] Creating 1 users using 1 threads
2020-04-13 01:14:09.474 15 INFO rally.task.context [-] Task 0a402ac2-3c23-4fde-b782-218d8bf1e29c | Context users@openstack setup() finished in 1.11 sec
2020-04-13 01:14:09.747 15 INFO rally.task.context [-] Task 0a402ac2-3c23-4fde-b782-218d8bf1e29c | Context quotas@openstack setup() finished in 0.27 sec
2020-04-13 01:14:09.748 15 INFO rally.task.context [-] Task 0a402ac2-3c23-4fde-b782-218d8bf1e29c | Context cleanup@openstack setup() finished in 0.01 msec
2020-04-13 01:14:09.754 15 RALLYDEBUG rally.task.runner [-] Starting the constant runner (task UUID: 0a402ac2-3c23-4fde-b782-218d8bf1e29c). times: 40 concurrency: 20 timeout: 0 max_cpu_used: 88 processes_to_start: 20 concurrency_per_worker: 1 concurrency_overhead: 0
2020-04-13 01:14:09.765 3747 RALLYDEBUG rally.task.runner [-] Starting a worker. times: 40 duration: None concurrency: 1 timeout: 0 cls: method_name: run args: {"network_create_args": {}, "port_create_args": {}, "ports_per_network": 5, "port_update_args": {"admin_state_up": false, "device_id": "dummy_id", "device_owner": "dummy_owner", "name": "_port_updated"}}
2020-04-13 01:14:09.767 3748 RALLYDEBUG rally.task.runner [-] Starting a worker. times: 40 duration: None concurrency: 1 timeout: 0 cls: method_name: run args: {"network_create_args": {}, "port_create_args": {}, "ports_per_network": 5, "port_update_args": {"admin_state_up": false, "device_id": "dummy_id", "device_owner": "dummy_owner", "name": "_port_updated"}}
2020-04-13 01:14:09.771 3747 INFO rally.task.runner [-] Task 0a402ac2-3c23-4fde-b782-218d8bf1e29c | ITER: 1 START
2020-04-13 01:14:09.770 3749 RALLYDEBUG rally.task.runner [-] Starting a worker. times: 40 duration: None concurrency: 1 timeout: 0 cls: method_name: run args: {"network_create_args": {}, "port_create_args": {}, "ports_per_network": 5, "port_update_args": {"admin_state_up": false, "device_id": "dummy_id", "device_owner": "dummy_owner", "name": "_port_updated"}}
2020-04-13 01:14:09.773 3748 INFO rally.task.runner [-] Task 0a402ac2-3c23-4fde-b782-218d8bf1e29c | ITER: 2 START
2020-04-13 01:14:09.773 3747 WARNING rally_openstack.scenarios.neutron.utils [-] Running this scenario without either the 'network' or 'existing_network' context is deprecated
2020-04-13 01:14:09.773 3750 RALLYDEBUG rally.task.runner [-] Starting a worker. times: 40 duration: None concurrency: 1 timeout: 0 cls: method_name: run args: {"network_create_args": {}, "port_create_args": {}, "ports_per_network": 5, "port_update_args": {"admin_state_up": false, "device_id": "dummy_id", "device_owner": "dummy_owner", "name": "_port_updated"}}
2020-04-13 01:14:09.774 3748 WARNING rally_openstack.scenarios.neutron.utils [-] Running this scenario without either the 'network' or 'existing_network' context is deprecated
2020-04-13 01:14:09.776 3749 INFO rally.task.runner [-] Task 0a402ac2-3c23-4fde-b782-218d8bf1e29c | ITER: 3 START
2020-04-13 01:14:09.776 3753 RALLYDEBUG rally.task.runner [-] Starting a worker. times: 40 duration: None concurrency: 1 timeout: 0 cls: method_name: run args: {"network_create_args": {}, "port_create_args": {}, "ports_per_network": 5, "port_update_args": {"admin_state_up": false, "device_id": "dummy_id", "device_owner": "dummy_owner", "name": "_port_updated"}}
2020-04-13 01:14:09.778 3749 WARNING rally_openstack.scenarios.neutron.utils [-] Running this scenario without either the 'network' or 'existing_network' context is deprecated
2020-04-13 01:14:09.778 3750 INFO rally.task.runner [-] Task 0a402ac2-3c23-4fde-b782-218d8bf1e29c | ITER: 4 START
2020-04-13 01:14:09.778 3756 RALLYDEBUG rally.task.runner [-] Starting a worker. times: 40 duration: None concurrency: 1 timeout: 0 cls: method_name: run args: {"network_create_args": {}, "port_create_args": {}, "ports_per_network": 5, "port_update_args": {"admin_state_up": false, "device_id": "dummy_id", "device_owner": "dummy_owner", "name": "_port_updated"}}
2020-04-13 01:14:09.780 3750 WARNING rally_openstack.scenarios.neutron.utils [-] Running this scenario without either the 'network' or 'existing_network' context is deprecated
2020-04-13 01:14:09.780 3753 INFO rally.task.runner [-] Task 0a402ac2-3c23-4fde-b782-218d8bf1e29c | ITER: 5 START
2020-04-13 01:14:09.781 3759 RALLYDEBUG rally.task.runner [-] Starting a worker. times: 40 duration: None concurrency: 1 timeout: 0 cls: method_name: run args: {"network_create_args": {}, "port_create_args": {}, "ports_per_network": 5, "port_update_args": {"admin_state_up": false, "device_id": "dummy_id", "device_owner": "dummy_owner", "name": "_port_updated"}}
2020-04-13 01:14:09.782 3753 WARNING rally_openstack.scenarios.neutron.utils [-] Running this scenario without either the 'network' or 'existing_network' context is deprecated
2020-04-13 01:14:09.784 3756 INFO rally.task.runner [-] Task 0a402ac2-3c23-4fde-b782-218d8bf1e29c | ITER: 6 START
2020-04-13 01:14:09.785 3756 WARNING rally_openstack.scenarios.neutron.utils [-] Running this scenario without either the 'network' or 'existing_network' context is deprecated
2020-04-13 01:14:09.784 3764 RALLYDEBUG rally.task.runner [-] Starting a worker. times: 40 duration: None concurrency: 1 timeout: 0 cls: method_name: run args: {"network_create_args": {}, "port_create_args": {}, "ports_per_network": 5, "port_update_args": {"admin_state_up": false, "device_id": "dummy_id", "device_owner": "dummy_owner", "name": "_port_updated"}}
2020-04-13 01:14:09.786 3759 INFO rally.task.runner [-] Task 0a402ac2-3c23-4fde-b782-218d8bf1e29c | ITER: 7 START
2020-04-13 01:14:09.787 3759 WARNING rally_openstack.scenarios.neutron.utils [-] Running this scenario without either the 'network' or 'existing_network' context is deprecated
2020-04-13 01:14:09.787 3766 RALLYDEBUG rally.task.runner [-] Starting a worker. times: 40 duration: None concurrency: 1 timeout: 0 cls: method_name: run args: {"network_create_args": {}, "port_create_args": {}, "ports_per_network": 5, "port_update_args": {"admin_state_up": false, "device_id": "dummy_id", "device_owner": "dummy_owner", "name": "_port_updated"}}
2020-04-13 01:14:09.790 3764 INFO rally.task.runner [-] Task 0a402ac2-3c23-4fde-b782-218d8bf1e29c | ITER: 8 START
2020-04-13 01:14:09.791 3764 WARNING rally_openstack.scenarios.neutron.utils [-] Running this scenario without either the 'network' or 'existing_network' context is deprecated
2020-04-13 01:14:09.791 3770 RALLYDEBUG rally.task.runner [-] Starting a worker. times: 40 duration: None concurrency: 1 timeout: 0 cls: method_name: run args: {"network_create_args": {}, "port_create_args": {}, "ports_per_network": 5, "port_update_args": {"admin_state_up": false, "device_id": "dummy_id", "device_owner": "dummy_owner", "name": "_port_updated"}}
2020-04-13 01:14:09.792 3766 INFO rally.task.runner [-] Task 0a402ac2-3c23-4fde-b782-218d8bf1e29c | ITER: 9 START
2020-04-13 01:14:09.794 3766 WARNING rally_openstack.scenarios.neutron.utils [-] Running this scenario without either the 'network' or 'existing_network' context is deprecated
2020-04-13 01:14:09.793 3773 RALLYDEBUG rally.task.runner [-] Starting a worker. times: 40 duration: None concurrency: 1 timeout: 0 cls: method_name: run args: {"network_create_args": {}, "port_create_args": {}, "ports_per_network": 5, "port_update_args": {"admin_state_up": false, "device_id": "dummy_id", "device_owner": "dummy_owner", "name": "_port_updated"}}
2020-04-13 01:14:09.796 3770 INFO rally.task.runner [-] Task 0a402ac2-3c23-4fde-b782-218d8bf1e29c | ITER: 10 START
2020-04-13 01:14:09.797 3776 RALLYDEBUG rally.task.runner [-] Starting a worker. times: 40 duration: None concurrency: 1 timeout: 0 cls: method_name: run args: {"network_create_args": {}, "port_create_args": {}, "ports_per_network": 5, "port_update_args": {"admin_state_up": false, "device_id": "dummy_id", "device_owner": "dummy_owner", "name": "_port_updated"}}
2020-04-13 01:14:09.798 3770 WARNING rally_openstack.scenarios.neutron.utils [-] Running this scenario without either the 'network' or 'existing_network' context is deprecated
2020-04-13 01:14:09.798 3773 INFO rally.task.runner [-] Task 0a402ac2-3c23-4fde-b782-218d8bf1e29c | ITER: 11 START
2020-04-13 01:14:09.799 3773 WARNING rally_openstack.scenarios.neutron.utils [-] Running this scenario without either the 'network' or 'existing_network' context is deprecated
2020-04-13 01:14:09.801 3776 INFO rally.task.runner [-] Task 0a402ac2-3c23-4fde-b782-218d8bf1e29c | ITER: 12 START
2020-04-13 01:14:09.802 3781 RALLYDEBUG rally.task.runner [-] Starting a worker. times: 40 duration: None concurrency: 1 timeout: 0 cls: method_name: run args: {"network_create_args": {}, "port_create_args": {}, "ports_per_network": 5, "port_update_args": {"admin_state_up": false, "device_id": "dummy_id", "device_owner": "dummy_owner", "name": "_port_updated"}}
2020-04-13 01:14:09.803 3776 WARNING rally_openstack.scenarios.neutron.utils [-] Running this scenario without either the 'network' or 'existing_network' context is deprecated
2020-04-13 01:14:09.806 3781 INFO rally.task.runner [-] Task 0a402ac2-3c23-4fde-b782-218d8bf1e29c | ITER: 13 START
2020-04-13 01:14:09.807 3784 RALLYDEBUG rally.task.runner [-] Starting a worker. times: 40 duration: None concurrency: 1 timeout: 0 cls: method_name: run args: {"network_create_args": {}, "port_create_args": {}, "ports_per_network": 5, "port_update_args": {"admin_state_up": false, "device_id": "dummy_id", "device_owner": "dummy_owner", "name": "_port_updated"}}
2020-04-13 01:14:09.808 3781 WARNING rally_openstack.scenarios.neutron.utils [-] Running this scenario without either the 'network' or 'existing_network' context is deprecated
2020-04-13 01:14:09.809 3786 RALLYDEBUG rally.task.runner [-] Starting a worker. times: 40 duration: None concurrency: 1 timeout: 0 cls: method_name: run args: {"network_create_args": {}, "port_create_args": {}, "ports_per_network": 5, "port_update_args": {"admin_state_up": false, "device_id": "dummy_id", "device_owner": "dummy_owner", "name": "_port_updated"}}
2020-04-13 01:14:09.811 3788 RALLYDEBUG rally.task.runner [-] Starting a worker. times: 40 duration: None concurrency: 1 timeout: 0 cls: method_name: run args: {"network_create_args": {}, "port_create_args": {}, "ports_per_network": 5, "port_update_args": {"admin_state_up": false, "device_id": "dummy_id", "device_owner": "dummy_owner", "name": "_port_updated"}}
2020-04-13 01:14:09.812 3786 INFO rally.task.runner [-] Task 0a402ac2-3c23-4fde-b782-218d8bf1e29c | ITER: 15 START
2020-04-13 01:14:09.812 3784 INFO rally.task.runner [-] Task 0a402ac2-3c23-4fde-b782-218d8bf1e29c | ITER: 14 START
2020-04-13 01:14:09.814 3784 WARNING rally_openstack.scenarios.neutron.utils [-] Running this scenario without either the 'network' or 'existing_network' context is deprecated
2020-04-13 01:14:09.814 3786 WARNING rally_openstack.scenarios.neutron.utils [-] Running this scenario without either the 'network' or 'existing_network' context is deprecated
2020-04-13 01:14:09.815 3788 INFO rally.task.runner [-] Task 0a402ac2-3c23-4fde-b782-218d8bf1e29c | ITER: 16 START
2020-04-13 01:14:09.816 3788 WARNING rally_openstack.scenarios.neutron.utils [-] Running this scenario without either the 'network' or 'existing_network' context is deprecated
2020-04-13 01:14:09.815 3792 RALLYDEBUG rally.task.runner [-] Starting a worker. times: 40 duration: None concurrency: 1 timeout: 0 cls: method_name: run args: {"network_create_args": {}, "port_create_args": {}, "ports_per_network": 5, "port_update_args": {"admin_state_up": false, "device_id": "dummy_id", "device_owner": "dummy_owner", "name": "_port_updated"}}
2020-04-13 01:14:09.819 3792 INFO rally.task.runner [-] Task 0a402ac2-3c23-4fde-b782-218d8bf1e29c | ITER: 17 START
2020-04-13 01:14:09.820 3792 WARNING rally_openstack.scenarios.neutron.utils [-] Running this scenario without either the 'network' or 'existing_network' context is deprecated
2020-04-13 01:14:09.820 3796 RALLYDEBUG rally.task.runner [-] Starting a worker. times: 40 duration: None concurrency: 1 timeout: 0 cls: method_name: run args: {"network_create_args": {}, "port_create_args": {}, "ports_per_network": 5, "port_update_args": {"admin_state_up": false, "device_id": "dummy_id", "device_owner": "dummy_owner", "name": "_port_updated"}}
2020-04-13 01:14:09.824 3796 INFO rally.task.runner [-] Task 0a402ac2-3c23-4fde-b782-218d8bf1e29c | ITER: 18 START
2020-04-13 01:14:09.825 3796 WARNING rally_openstack.scenarios.neutron.utils [-] Running this scenario without either the 'network' or 'existing_network' context is deprecated
2020-04-13 01:14:09.827 3799 RALLYDEBUG rally.task.runner [-] Starting a worker. times: 40 duration: None concurrency: 1 timeout: 0 cls: method_name: run args: {"network_create_args": {}, "port_create_args": {}, "ports_per_network": 5, "port_update_args": {"admin_state_up": false, "device_id": "dummy_id", "device_owner": "dummy_owner", "name": "_port_updated"}}
2020-04-13 01:14:09.830 3802 RALLYDEBUG rally.task.runner [-] Starting a worker. times: 40 duration: None concurrency: 1 timeout: 0 cls: method_name: run args: {"network_create_args": {}, "port_create_args": {}, "ports_per_network": 5, "port_update_args": {"admin_state_up": false, "device_id": "dummy_id", "device_owner": "dummy_owner", "name": "_port_updated"}}
2020-04-13 01:14:09.833 3799 INFO rally.task.runner [-] Task 0a402ac2-3c23-4fde-b782-218d8bf1e29c | ITER: 19 START
2020-04-13 01:14:09.834 3799 WARNING rally_openstack.scenarios.neutron.utils [-] Running this scenario without either the 'network' or 'existing_network' context is deprecated
2020-04-13 01:14:09.836 3802 INFO rally.task.runner [-] Task 0a402ac2-3c23-4fde-b782-218d8bf1e29c | ITER: 20 START
2020-04-13 01:14:09.837 3802 WARNING rally_openstack.scenarios.neutron.utils [-] Running this scenario without either the 'network' or 'existing_network' context is deprecated
2020-04-13 01:14:16.689 3747 INFO rally.task.runner [-] Task 0a402ac2-3c23-4fde-b782-218d8bf1e29c | ITER: 1 END: OK
2020-04-13 01:14:16.693 3747 INFO rally.task.runner [-] Task 0a402ac2-3c23-4fde-b782-218d8bf1e29c | ITER: 21 START
2020-04-13 01:14:16.694 3747 WARNING rally_openstack.scenarios.neutron.utils [-] Running this scenario without either the 'network' or 'existing_network' context is deprecated
2020-04-13 01:14:17.705 3773 INFO rally.task.runner [-] Task 0a402ac2-3c23-4fde-b782-218d8bf1e29c | ITER: 11 END: OK
2020-04-13 01:14:17.709 3773 INFO rally.task.runner [-] Task 0a402ac2-3c23-4fde-b782-218d8bf1e29c | ITER: 22 START
2020-04-13 01:14:17.710 3773 WARNING rally_openstack.scenarios.neutron.utils [-] Running this scenario without either the 'network' or 'existing_network' context is deprecated
2020-04-13 01:14:17.797 3792 INFO rally.task.runner [-] Task 0a402ac2-3c23-4fde-b782-218d8bf1e29c | ITER: 17 END: OK
2020-04-13 01:14:17.801 3792 INFO rally.task.runner [-] Task 0a402ac2-3c23-4fde-b782-218d8bf1e29c | ITER: 23 START
2020-04-13 01:14:17.802 3792 WARNING rally_openstack.scenarios.neutron.utils [-] Running this scenario without either the 'network' or 'existing_network' context is deprecated
2020-04-13 01:14:19.274 3770 INFO rally.task.runner [-] Task 0a402ac2-3c23-4fde-b782-218d8bf1e29c | ITER: 10 END: OK
2020-04-13 01:14:19.279 3770 INFO rally.task.runner [-] Task 0a402ac2-3c23-4fde-b782-218d8bf1e29c | ITER: 24 START
2020-04-13 01:14:19.280 3770 WARNING rally_openstack.scenarios.neutron.utils [-] Running this scenario without either the 'network' or 'existing_network' context is deprecated
2020-04-13 01:14:21.698 3750 INFO rally.task.runner [-] Task 0a402ac2-3c23-4fde-b782-218d8bf1e29c | ITER: 4 END: OK
2020-04-13 01:14:21.701 3750 INFO rally.task.runner [-] Task 0a402ac2-3c23-4fde-b782-218d8bf1e29c | ITER: 25 START
2020-04-13 01:14:21.702 3750 WARNING rally_openstack.scenarios.neutron.utils [-] Running this scenario without either the 'network' or 'existing_network' context is deprecated
2020-04-13 01:14:22.042 3784 INFO rally.task.runner [-] Task 0a402ac2-3c23-4fde-b782-218d8bf1e29c | ITER: 14 END: OK
2020-04-13 01:14:22.047 3784 INFO rally.task.runner [-] Task 0a402ac2-3c23-4fde-b782-218d8bf1e29c | ITER: 26 START
2020-04-13 01:14:22.048 3784 WARNING rally_openstack.scenarios.neutron.utils [-] Running this scenario without either the 'network' or 'existing_network' context is deprecated
2020-04-13 01:14:22.563 3781 INFO rally.task.runner [-] Task 0a402ac2-3c23-4fde-b782-218d8bf1e29c | ITER: 13 END: OK
2020-04-13 01:14:22.568 3781 INFO rally.task.runner [-] Task 0a402ac2-3c23-4fde-b782-218d8bf1e29c | ITER: 27 START
2020-04-13 01:14:22.569 3781 WARNING rally_openstack.scenarios.neutron.utils [-] Running this scenario without either the 'network' or 'existing_network' context is deprecated
2020-04-13 01:14:23.042 3748 INFO rally.task.runner [-] Task 0a402ac2-3c23-4fde-b782-218d8bf1e29c | ITER: 2 END: OK
2020-04-13 01:14:23.046 3748 INFO rally.task.runner [-] Task 0a402ac2-3c23-4fde-b782-218d8bf1e29c | ITER: 28 START
2020-04-13 01:14:23.047 3748 WARNING rally_openstack.scenarios.neutron.utils [-] Running this scenario without either the 'network' or 'existing_network' context is deprecated
2020-04-13 01:14:23.153 3764 INFO rally.task.runner [-] Task 0a402ac2-3c23-4fde-b782-218d8bf1e29c | ITER: 8 END: OK
2020-04-13 01:14:23.157 3764 INFO rally.task.runner [-] Task 0a402ac2-3c23-4fde-b782-218d8bf1e29c | ITER: 29 START
2020-04-13 01:14:23.157 3764 WARNING rally_openstack.scenarios.neutron.utils [-] Running this scenario without either the 'network' or 'existing_network' context is deprecated
2020-04-13 01:14:25.215 3753 INFO rally.task.runner [-] Task 0a402ac2-3c23-4fde-b782-218d8bf1e29c | ITER: 5 END: OK
2020-04-13 01:14:25.219 3753 INFO rally.task.runner [-] Task 0a402ac2-3c23-4fde-b782-218d8bf1e29c | ITER: 30 START
2020-04-13 01:14:25.220 3753 WARNING rally_openstack.scenarios.neutron.utils [-] Running this scenario without either the 'network' or 'existing_network' context is deprecated
2020-04-13 01:14:25.307 3773 INFO rally.task.runner [-] Task 0a402ac2-3c23-4fde-b782-218d8bf1e29c | ITER: 22 END: OK
2020-04-13 01:14:25.310 3773 INFO rally.task.runner [-] Task 0a402ac2-3c23-4fde-b782-218d8bf1e29c | ITER: 31 START
2020-04-13 01:14:25.311 3773 WARNING rally_openstack.scenarios.neutron.utils [-] Running this scenario without either the 'network' or 'existing_network' context is deprecated
2020-04-13 01:14:25.808 3786 INFO rally.task.runner [-] Task 0a402ac2-3c23-4fde-b782-218d8bf1e29c | ITER: 15 END: OK
2020-04-13 01:14:25.812 3786 INFO rally.task.runner [-] Task 0a402ac2-3c23-4fde-b782-218d8bf1e29c | ITER: 32 START
2020-04-13 01:14:25.813 3786 WARNING rally_openstack.scenarios.neutron.utils [-] Running this scenario without either the 'network' or 'existing_network' context is deprecated
2020-04-13 01:14:25.856 3770 INFO rally.task.runner [-] Task 0a402ac2-3c23-4fde-b782-218d8bf1e29c | ITER: 24 END: OK
2020-04-13 01:14:25.860 3770 INFO rally.task.runner [-] Task 0a402ac2-3c23-4fde-b782-218d8bf1e29c | ITER: 33 START
2020-04-13 01:14:25.861 3770 WARNING rally_openstack.scenarios.neutron.utils [-] Running this scenario without either the 'network' or 'existing_network' context is deprecated
2020-04-13 01:14:25.894 3759 INFO rally.task.runner [-] Task 0a402ac2-3c23-4fde-b782-218d8bf1e29c | ITER: 7 END: OK
2020-04-13 01:14:25.899 3759 INFO rally.task.runner [-] Task 0a402ac2-3c23-4fde-b782-218d8bf1e29c | ITER: 34 START
2020-04-13 01:14:25.899 3759 WARNING rally_openstack.scenarios.neutron.utils [-] Running this scenario without either the 'network' or 'existing_network' context is deprecated
2020-04-13 01:14:26.177 3796 INFO rally.task.runner [-] Task 0a402ac2-3c23-4fde-b782-218d8bf1e29c | ITER: 18 END: OK
2020-04-13 01:14:26.181 3796 INFO rally.task.runner [-] Task 0a402ac2-3c23-4fde-b782-218d8bf1e29c | ITER: 35 START
2020-04-13 01:14:26.181 3796 WARNING rally_openstack.scenarios.neutron.utils [-] Running this scenario without either the 'network' or 'existing_network' context is deprecated
2020-04-13 01:14:26.537 3766 INFO rally.task.runner [-] Task 0a402ac2-3c23-4fde-b782-218d8bf1e29c | ITER: 9 END: OK
2020-04-13 01:14:26.542 3766 INFO rally.task.runner [-] Task 0a402ac2-3c23-4fde-b782-218d8bf1e29c | ITER: 36 START
2020-04-13 01:14:26.543 3766 WARNING rally_openstack.scenarios.neutron.utils [-] Running this scenario without either the 'network' or 'existing_network' context is deprecated
2020-04-13 01:14:26.643 3799 INFO rally.task.runner [-] Task 0a402ac2-3c23-4fde-b782-218d8bf1e29c | ITER: 19 END: OK
2020-04-13 01:14:26.648 3799 INFO rally.task.runner [-] Task 0a402ac2-3c23-4fde-b782-218d8bf1e29c | ITER: 37 START
2020-04-13 01:14:26.649 3799 WARNING rally_openstack.scenarios.neutron.utils [-] Running this scenario without either the 'network' or 'existing_network' context is deprecated
2020-04-13 01:14:27.485 3749 INFO rally.task.runner [-] Task 0a402ac2-3c23-4fde-b782-218d8bf1e29c | ITER: 3 END: OK
2020-04-13 01:14:27.489 3749 INFO rally.task.runner [-] Task 0a402ac2-3c23-4fde-b782-218d8bf1e29c | ITER: 38 START
2020-04-13 01:14:27.490 3749 WARNING rally_openstack.scenarios.neutron.utils [-] Running this scenario without either the 'network' or 'existing_network' context is deprecated
2020-04-13 01:14:27.599 3776 INFO rally.task.runner [-] Task 0a402ac2-3c23-4fde-b782-218d8bf1e29c | ITER: 12 END: OK
2020-04-13 01:14:27.603 3776 INFO rally.task.runner [-] Task 0a402ac2-3c23-4fde-b782-218d8bf1e29c | ITER: 39 START
2020-04-13 01:14:27.604 3776 WARNING rally_openstack.scenarios.neutron.utils [-] Running this scenario without either the 'network' or 'existing_network' context is deprecated
2020-04-13 01:14:28.535 3802 INFO rally.task.runner [-] Task 0a402ac2-3c23-4fde-b782-218d8bf1e29c | ITER: 20 END: OK
2020-04-13 01:14:28.540 3802 INFO rally.task.runner [-] Task 0a402ac2-3c23-4fde-b782-218d8bf1e29c | ITER: 40 START
2020-04-13 01:14:28.541 3802 WARNING rally_openstack.scenarios.neutron.utils [-] Running this scenario without either the 'network' or 'existing_network' context is deprecated
2020-04-13 01:14:28.541 3747 INFO rally.task.runner [-] Task 0a402ac2-3c23-4fde-b782-218d8bf1e29c | ITER: 21 END: OK
2020-04-13 01:14:28.679 3756 INFO rally.task.runner [-] Task 0a402ac2-3c23-4fde-b782-218d8bf1e29c | ITER: 6 END: OK
2020-04-13 01:14:29.672 3784 INFO rally.task.runner [-] Task 0a402ac2-3c23-4fde-b782-218d8bf1e29c | ITER: 26 END: OK
2020-04-13 01:14:29.950 3792 INFO rally.task.runner [-] Task 0a402ac2-3c23-4fde-b782-218d8bf1e29c | ITER: 23 END: OK
2020-04-13 01:14:30.130 3764 INFO rally.task.runner [-] Task 0a402ac2-3c23-4fde-b782-218d8bf1e29c | ITER: 29 END: OK
2020-04-13 01:14:31.062 3750 INFO rally.task.runner [-] Task 0a402ac2-3c23-4fde-b782-218d8bf1e29c | ITER: 25 END: OK
2020-04-13 01:14:32.116 3788 INFO rally.task.runner [-] Task 0a402ac2-3c23-4fde-b782-218d8bf1e29c | ITER: 16 END: OK
2020-04-13 01:14:33.152 3796 INFO rally.task.runner [-] Task 0a402ac2-3c23-4fde-b782-218d8bf1e29c | ITER: 35 END: OK
2020-04-13 01:14:33.386 3781 INFO rally.task.runner [-] Task 0a402ac2-3c23-4fde-b782-218d8bf1e29c | ITER: 27 END: OK
2020-04-13 01:14:33.789 3748 INFO rally.task.runner [-] Task 0a402ac2-3c23-4fde-b782-218d8bf1e29c | ITER: 28 END: OK
2020-04-13 01:14:34.848 3749 INFO rally.task.runner [-] Task 0a402ac2-3c23-4fde-b782-218d8bf1e29c | ITER: 38 END: OK
2020-04-13 01:14:35.483 3759 INFO rally.task.runner [-] Task 0a402ac2-3c23-4fde-b782-218d8bf1e29c | ITER: 34 END: OK
2020-04-13 01:14:35.563 3799 INFO rally.task.runner [-] Task 0a402ac2-3c23-4fde-b782-218d8bf1e29c | ITER: 37 END: OK
2020-04-13 01:14:35.624 3802 INFO rally.task.runner [-] Task 0a402ac2-3c23-4fde-b782-218d8bf1e29c | ITER: 40 END: OK
2020-04-13 01:14:35.631 3776 INFO rally.task.runner [-] Task 0a402ac2-3c23-4fde-b782-218d8bf1e29c | ITER: 39 END: OK
2020-04-13 01:14:36.545 3773 INFO rally.task.runner [-] Task 0a402ac2-3c23-4fde-b782-218d8bf1e29c | ITER: 31 END: OK
2020-04-13 01:14:37.819 3766 INFO rally.task.runner [-] Task 0a402ac2-3c23-4fde-b782-218d8bf1e29c | ITER: 36 END: OK
2020-04-13 01:14:42.186 3753 INFO rally.task.runner [-] Task 0a402ac2-3c23-4fde-b782-218d8bf1e29c | ITER: 30 END: OK
2020-04-13 01:14:44.526 3770 INFO rally.task.runner [-] Task 0a402ac2-3c23-4fde-b782-218d8bf1e29c | ITER: 33 END: OK
2020-04-13 01:14:44.657 3786 INFO rally.task.runner [-] Task 0a402ac2-3c23-4fde-b782-218d8bf1e29c | ITER: 32 END: OK
2020-04-13 01:14:44.687 15 INFO rally.task.context [-] Task 0a402ac2-3c23-4fde-b782-218d8bf1e29c | Context cleanup@openstack cleanup() started
2020-04-13 01:14:44.693 15 RALLYDEBUG rally_openstack.cleanup.manager [-] Cleaning up neutron vip objects
2020-04-13 01:14:44.828 15 RALLYDEBUG rally_openstack.cleanup.manager [-] Cleaning up neutron health_monitor objects
2020-04-13 01:14:44.952 15 RALLYDEBUG rally_openstack.cleanup.manager [-] Cleaning up neutron pool objects
2020-04-13 01:14:45.091 15 RALLYDEBUG rally_openstack.cleanup.manager [-] Cleaning up neutron loadbalancer objects
2020-04-13 01:14:45.229 15 RALLYDEBUG rally_openstack.cleanup.manager [-] Cleaning up neutron floatingip objects
2020-04-13 01:14:45.410 15 RALLYDEBUG rally_openstack.cleanup.manager [-] Cleaning up neutron trunk objects
2020-04-13 01:14:45.541 15 RALLYDEBUG rally_openstack.cleanup.manager [-] Cleaning up neutron port objects
2020-04-13 01:14:46.351 15 RALLYDEBUG rally_openstack.cleanup.manager [-] Deleting neutron.port object s_rally_6424cc70_wiTRcxnF (02bd5ae1-90f2-48a6-bd73-adad5e748c5c)
2020-04-13 01:14:46.360 15 RALLYDEBUG rally_openstack.cleanup.manager [-] Deleting neutron.port object s_rally_6424cc70_jTTIxz17 (02d4849b-e008-4c09-88a0-6cdbf8f37b69)
2020-04-13 01:14:46.368 15 RALLYDEBUG rally_openstack.cleanup.manager [-] Deleting neutron.port object s_rally_6424cc70_j0lsltlu (02e85420-57e6-40f3-a937-846b2693c1b3)
2020-04-13 01:14:46.377 15 RALLYDEBUG rally_openstack.cleanup.manager [-] Deleting neutron.port object s_rally_6424cc70_Gc0s25dd (0467a7ab-17d6-4c95-814c-c42ebeeadc08)
2020-04-13 01:14:46.540 15 RALLYDEBUG rally_openstack.cleanup.manager [-] Deleting neutron.port object s_rally_6424cc70_jGZeGuC3 (049188c3-5258-48ea-b784-70328766077c)
2020-04-13 01:14:46.552 15 RALLYDEBUG rally_openstack.cleanup.manager [-] Deleting neutron.port object s_rally_6424cc70_GRTUFZ4a (04ae3337-2048-46ec-81d3-eeac2b6b528f)
2020-04-13 01:14:46.546 15 RALLYDEBUG rally_openstack.cleanup.manager [-] Deleting neutron.port object s_rally_6424cc70_Ntzfr1SM (049dfa75-635f-46a2-8d36-eb4fff40ae3c)
2020-04-13 01:14:46.563 15 RALLYDEBUG rally_openstack.cleanup.manager [-] Deleting neutron.port object s_rally_6424cc70_EKOieAn7 (05d63051-b061-4b9a-b4b1-34518d81557e)
2020-04-13 01:14:46.588 15 RALLYDEBUG rally_openstack.cleanup.manager [-] Deleting neutron.port object s_rally_6424cc70_OsWUwRr7 (0808e567-ee78-4fc2-bf12-ec269c50ae16)
2020-04-13 01:14:46.592 15 RALLYDEBUG rally_openstack.cleanup.manager [-] Deleting neutron.port object s_rally_6424cc70_AkgYqIaM (085dbe3f-b4bb-4401-bb0e-1a0f1c655083)
2020-04-13 01:14:46.597 15 RALLYDEBUG rally_openstack.cleanup.manager [-] Deleting neutron.port object s_rally_6424cc70_N32JhBFE (09f2f637-9f68-4965-ab99-324805c9166c)
2020-04-13 01:14:46.613 15 RALLYDEBUG rally_openstack.cleanup.manager [-] Deleting neutron.port object s_rally_6424cc70_3LOeVPOa (0a326186-93bb-4094-b375-847b911b5511)
2020-04-13 01:14:46.638 15 RALLYDEBUG rally_openstack.cleanup.manager [-] Deleting neutron.port object s_rally_6424cc70_qI9nKMz7 (0bfb921b-0754-4f76-97b2-df579a4562eb)
2020-04-13 01:14:46.747 15 RALLYDEBUG rally_openstack.cleanup.manager [-] Deleting neutron.port object s_rally_6424cc70_xbZ6fqL8 (0c1f338d-0705-4a17-bb43-0c2025f6d1b8)
2020-04-13 01:14:46.765 15 RALLYDEBUG rally_openstack.cleanup.manager [-] Deleting neutron.port object s_rally_6424cc70_hH0DlQeH (0c8087be-203c-43bc-8d41-8acc6ab8112d)
2020-04-13 01:14:46.793 15 RALLYDEBUG rally_openstack.cleanup.manager [-] Deleting neutron.port object s_rally_6424cc70_k1INI312 (0d9d8303-a47f-49f9-b7cc-0a751316a715)
2020-04-13 01:14:46.809 15 RALLYDEBUG rally_openstack.cleanup.manager [-] Deleting neutron.port object s_rally_6424cc70_0Js8majJ (0dac0006-0981-48f6-b264-1cd854b21985)
2020-04-13 01:14:46.868 15 RALLYDEBUG rally_openstack.cleanup.manager [-] Deleting neutron.port object s_rally_6424cc70_BX9XZgIh (0e5eb745-dd18-400a-b9d0-70db7069dcf4)
2020-04-13 01:14:46.910 15 RALLYDEBUG rally_openstack.cleanup.manager [-] Deleting neutron.port object s_rally_6424cc70_GqcIlaTu (107fd2a2-d25e-4ed6-9630-9f4e832cc7ca)
