2020-04-13 01:05:48.304 15 INFO rally.task.engine [-] Running workload: position = 2 config = { "version": 2, "title": "A cropped version of a bigger task.", "description": "Auto-generated task from a single workload (uuid=164794ce-8bf3-40f7-8b6c-70e9dafeda2d)", "subtasks": [ { "title": "NeutronNetworks.create_and_delete_subnets", "description": "Create and delete a given number of subnets.", "scenario": { "NeutronNetworks.create_and_delete_subnets": { "network_create_args": {}, "subnet_create_args": {}, "subnet_cidr_start": "1.1.0.0/30", "subnets_per_network": 2 } }, "contexts": { "users": { "tenants": 1, "users_per_tenant": 1 }, "quotas": { "neutron": { "network": -1, "subnet": -1 } } }, "runner": { "constant": { "times": 40, "concurrency": 20 } }, "hooks": [], "sla": { "failure_rate": { "max": 0 } } } ] }
2020-04-13 01:05:48.327 15 RALLYDEBUG rally_openstack.contexts.keystone.users [-] Creating 1 tenants using 1 threads
2020-04-13 01:05:48.798 15 RALLYDEBUG rally_openstack.contexts.keystone.users [-] Creating 1 users using 1 threads
2020-04-13 01:05:49.542 15 INFO rally.task.context [-] Task 0a402ac2-3c23-4fde-b782-218d8bf1e29c | Context users@openstack setup() finished in 1.21 sec
2020-04-13 01:05:49.825 15 INFO rally.task.context [-] Task 0a402ac2-3c23-4fde-b782-218d8bf1e29c | Context quotas@openstack setup() finished in 0.28 sec
2020-04-13 01:05:49.825 15 INFO rally.task.context [-] Task 0a402ac2-3c23-4fde-b782-218d8bf1e29c | Context cleanup@openstack setup() finished in 0.03 msec
2020-04-13 01:05:49.837 15 RALLYDEBUG rally.task.runner [-] Starting the constant runner (task UUID: 0a402ac2-3c23-4fde-b782-218d8bf1e29c). times: 40 concurrency: 20 timeout: 0 max_cpu_used: 88 processes_to_start: 20 concurrency_per_worker: 1 concurrency_overhead: 0
2020-04-13 01:05:49.850 2007 RALLYDEBUG rally.task.runner [-] Starting a worker. times: 40 duration: None concurrency: 1 timeout: 0 cls: method_name: run args: {"network_create_args": {}, "subnet_create_args": {}, "subnet_cidr_start": "1.1.0.0/30", "subnets_per_network": 2}
2020-04-13 01:05:49.853 2008 RALLYDEBUG rally.task.runner [-] Starting a worker. times: 40 duration: None concurrency: 1 timeout: 0 cls: method_name: run args: {"network_create_args": {}, "subnet_create_args": {}, "subnet_cidr_start": "1.1.0.0/30", "subnets_per_network": 2}
2020-04-13 01:05:49.856 2007 INFO rally.task.runner [-] Task 0a402ac2-3c23-4fde-b782-218d8bf1e29c | ITER: 1 START
2020-04-13 01:05:49.856 2009 RALLYDEBUG rally.task.runner [-] Starting a worker. times: 40 duration: None concurrency: 1 timeout: 0 cls: method_name: run args: {"network_create_args": {}, "subnet_create_args": {}, "subnet_cidr_start": "1.1.0.0/30", "subnets_per_network": 2}
2020-04-13 01:05:49.858 2007 WARNING rally_openstack.scenarios.neutron.utils [-] Running this scenario without either the 'network' or 'existing_network' context is deprecated
2020-04-13 01:05:49.859 2008 INFO rally.task.runner [-] Task 0a402ac2-3c23-4fde-b782-218d8bf1e29c | ITER: 2 START
2020-04-13 01:05:49.860 2008 WARNING rally_openstack.scenarios.neutron.utils [-] Running this scenario without either the 'network' or 'existing_network' context is deprecated
2020-04-13 01:05:49.860 2011 RALLYDEBUG rally.task.runner [-] Starting a worker. times: 40 duration: None concurrency: 1 timeout: 0 cls: method_name: run args: {"network_create_args": {}, "subnet_create_args": {}, "subnet_cidr_start": "1.1.0.0/30", "subnets_per_network": 2}
2020-04-13 01:05:49.862 2009 INFO rally.task.runner [-] Task 0a402ac2-3c23-4fde-b782-218d8bf1e29c | ITER: 3 START
2020-04-13 01:05:49.863 2009 WARNING rally_openstack.scenarios.neutron.utils [-] Running this scenario without either the 'network' or 'existing_network' context is deprecated
2020-04-13 01:05:49.864 2015 RALLYDEBUG rally.task.runner [-] Starting a worker. times: 40 duration: None concurrency: 1 timeout: 0 cls: method_name: run args: {"network_create_args": {}, "subnet_create_args": {}, "subnet_cidr_start": "1.1.0.0/30", "subnets_per_network": 2}
2020-04-13 01:05:49.866 2011 INFO rally.task.runner [-] Task 0a402ac2-3c23-4fde-b782-218d8bf1e29c | ITER: 4 START
2020-04-13 01:05:49.867 2011 WARNING rally_openstack.scenarios.neutron.utils [-] Running this scenario without either the 'network' or 'existing_network' context is deprecated
2020-04-13 01:05:49.868 2015 INFO rally.task.runner [-] Task 0a402ac2-3c23-4fde-b782-218d8bf1e29c | ITER: 5 START
2020-04-13 01:05:49.868 2018 RALLYDEBUG rally.task.runner [-] Starting a worker. times: 40 duration: None concurrency: 1 timeout: 0 cls: method_name: run args: {"network_create_args": {}, "subnet_create_args": {}, "subnet_cidr_start": "1.1.0.0/30", "subnets_per_network": 2}
2020-04-13 01:05:49.870 2015 WARNING rally_openstack.scenarios.neutron.utils [-] Running this scenario without either the 'network' or 'existing_network' context is deprecated
2020-04-13 01:05:49.872 2021 RALLYDEBUG rally.task.runner [-] Starting a worker. times: 40 duration: None concurrency: 1 timeout: 0 cls: method_name: run args: {"network_create_args": {}, "subnet_create_args": {}, "subnet_cidr_start": "1.1.0.0/30", "subnets_per_network": 2}
2020-04-13 01:05:49.874 2018 INFO rally.task.runner [-] Task 0a402ac2-3c23-4fde-b782-218d8bf1e29c | ITER: 6 START
2020-04-13 01:05:49.875 2024 RALLYDEBUG rally.task.runner [-] Starting a worker. times: 40 duration: None concurrency: 1 timeout: 0 cls: method_name: run args: {"network_create_args": {}, "subnet_create_args": {}, "subnet_cidr_start": "1.1.0.0/30", "subnets_per_network": 2}
2020-04-13 01:05:49.876 2018 WARNING rally_openstack.scenarios.neutron.utils [-] Running this scenario without either the 'network' or 'existing_network' context is deprecated
2020-04-13 01:05:49.876 2025 RALLYDEBUG rally.task.runner [-] Starting a worker. times: 40 duration: None concurrency: 1 timeout: 0 cls: method_name: run args: {"network_create_args": {}, "subnet_create_args": {}, "subnet_cidr_start": "1.1.0.0/30", "subnets_per_network": 2}
2020-04-13 01:05:49.879 2021 INFO rally.task.runner [-] Task 0a402ac2-3c23-4fde-b782-218d8bf1e29c | ITER: 7 START
2020-04-13 01:05:49.880 2025 INFO rally.task.runner [-] Task 0a402ac2-3c23-4fde-b782-218d8bf1e29c | ITER: 9 START
2020-04-13 01:05:49.880 2021 WARNING rally_openstack.scenarios.neutron.utils [-] Running this scenario without either the 'network' or 'existing_network' context is deprecated
2020-04-13 01:05:49.881 2024 INFO rally.task.runner [-] Task 0a402ac2-3c23-4fde-b782-218d8bf1e29c | ITER: 8 START
2020-04-13 01:05:49.881 2028 RALLYDEBUG rally.task.runner [-] Starting a worker. times: 40 duration: None concurrency: 1 timeout: 0 cls: method_name: run args: {"network_create_args": {}, "subnet_create_args": {}, "subnet_cidr_start": "1.1.0.0/30", "subnets_per_network": 2}
2020-04-13 01:05:49.882 2025 WARNING rally_openstack.scenarios.neutron.utils [-] Running this scenario without either the 'network' or 'existing_network' context is deprecated
2020-04-13 01:05:49.883 2024 WARNING rally_openstack.scenarios.neutron.utils [-] Running this scenario without either the 'network' or 'existing_network' context is deprecated
2020-04-13 01:05:49.884 2033 RALLYDEBUG rally.task.runner [-] Starting a worker. times: 40 duration: None concurrency: 1 timeout: 0 cls: method_name: run args: {"network_create_args": {}, "subnet_create_args": {}, "subnet_cidr_start": "1.1.0.0/30", "subnets_per_network": 2}
2020-04-13 01:05:49.886 2028 INFO rally.task.runner [-] Task 0a402ac2-3c23-4fde-b782-218d8bf1e29c | ITER: 10 START
2020-04-13 01:05:49.887 2028 WARNING rally_openstack.scenarios.neutron.utils [-] Running this scenario without either the 'network' or 'existing_network' context is deprecated
2020-04-13 01:05:49.890 2033 INFO rally.task.runner [-] Task 0a402ac2-3c23-4fde-b782-218d8bf1e29c | ITER: 11 START
2020-04-13 01:05:49.889 2036 RALLYDEBUG rally.task.runner [-] Starting a worker. times: 40 duration: None concurrency: 1 timeout: 0 cls: method_name: run args: {"network_create_args": {}, "subnet_create_args": {}, "subnet_cidr_start": "1.1.0.0/30", "subnets_per_network": 2}
2020-04-13 01:05:49.892 2033 WARNING rally_openstack.scenarios.neutron.utils [-] Running this scenario without either the 'network' or 'existing_network' context is deprecated
2020-04-13 01:05:49.891 2039 RALLYDEBUG rally.task.runner [-] Starting a worker. times: 40 duration: None concurrency: 1 timeout: 0 cls: method_name: run args: {"network_create_args": {}, "subnet_create_args": {}, "subnet_cidr_start": "1.1.0.0/30", "subnets_per_network": 2}
2020-04-13 01:05:49.894 2036 INFO rally.task.runner [-] Task 0a402ac2-3c23-4fde-b782-218d8bf1e29c | ITER: 12 START
2020-04-13 01:05:49.896 2036 WARNING rally_openstack.scenarios.neutron.utils [-] Running this scenario without either the 'network' or 'existing_network' context is deprecated
2020-04-13 01:05:49.896 2039 INFO rally.task.runner [-] Task 0a402ac2-3c23-4fde-b782-218d8bf1e29c | ITER: 13 START
2020-04-13 01:05:49.895 2042 RALLYDEBUG rally.task.runner [-] Starting a worker. times: 40 duration: None concurrency: 1 timeout: 0 cls: method_name: run args: {"network_create_args": {}, "subnet_create_args": {}, "subnet_cidr_start": "1.1.0.0/30", "subnets_per_network": 2}
2020-04-13 01:05:49.897 2039 WARNING rally_openstack.scenarios.neutron.utils [-] Running this scenario without either the 'network' or 'existing_network' context is deprecated
2020-04-13 01:05:49.897 2045 RALLYDEBUG rally.task.runner [-] Starting a worker. times: 40 duration: None concurrency: 1 timeout: 0 cls: method_name: run args: {"network_create_args": {}, "subnet_create_args": {}, "subnet_cidr_start": "1.1.0.0/30", "subnets_per_network": 2}
2020-04-13 01:05:49.901 2042 INFO rally.task.runner [-] Task 0a402ac2-3c23-4fde-b782-218d8bf1e29c | ITER: 14 START
2020-04-13 01:05:49.901 2045 INFO rally.task.runner [-] Task 0a402ac2-3c23-4fde-b782-218d8bf1e29c | ITER: 15 START
2020-04-13 01:05:49.902 2042 WARNING rally_openstack.scenarios.neutron.utils [-] Running this scenario without either the 'network' or 'existing_network' context is deprecated
2020-04-13 01:05:49.901 2048 RALLYDEBUG rally.task.runner [-] Starting a worker. times: 40 duration: None concurrency: 1 timeout: 0 cls: method_name: run args: {"network_create_args": {}, "subnet_create_args": {}, "subnet_cidr_start": "1.1.0.0/30", "subnets_per_network": 2}
2020-04-13 01:05:49.903 2045 WARNING rally_openstack.scenarios.neutron.utils [-] Running this scenario without either the 'network' or 'existing_network' context is deprecated
2020-04-13 01:05:49.906 2048 INFO rally.task.runner [-] Task 0a402ac2-3c23-4fde-b782-218d8bf1e29c | ITER: 16 START
2020-04-13 01:05:49.906 2052 RALLYDEBUG rally.task.runner [-] Starting a worker. times: 40 duration: None concurrency: 1 timeout: 0 cls: method_name: run args: {"network_create_args": {}, "subnet_create_args": {}, "subnet_cidr_start": "1.1.0.0/30", "subnets_per_network": 2}
2020-04-13 01:05:49.907 2048 WARNING rally_openstack.scenarios.neutron.utils [-] Running this scenario without either the 'network' or 'existing_network' context is deprecated
2020-04-13 01:05:49.908 2054 RALLYDEBUG rally.task.runner [-] Starting a worker. times: 40 duration: None concurrency: 1 timeout: 0 cls: method_name: run args: {"network_create_args": {}, "subnet_create_args": {}, "subnet_cidr_start": "1.1.0.0/30", "subnets_per_network": 2}
2020-04-13 01:05:49.911 2052 INFO rally.task.runner [-] Task 0a402ac2-3c23-4fde-b782-218d8bf1e29c | ITER: 17 START
2020-04-13 01:05:49.912 2054 INFO rally.task.runner [-] Task 0a402ac2-3c23-4fde-b782-218d8bf1e29c | ITER: 18 START
2020-04-13 01:05:49.912 2057 RALLYDEBUG rally.task.runner [-] Starting a worker. times: 40 duration: None concurrency: 1 timeout: 0 cls: method_name: run args: {"network_create_args": {}, "subnet_create_args": {}, "subnet_cidr_start": "1.1.0.0/30", "subnets_per_network": 2}
2020-04-13 01:05:49.913 2052 WARNING rally_openstack.scenarios.neutron.utils [-] Running this scenario without either the 'network' or 'existing_network' context is deprecated
2020-04-13 01:05:49.914 2054 WARNING rally_openstack.scenarios.neutron.utils [-] Running this scenario without either the 'network' or 'existing_network' context is deprecated
2020-04-13 01:05:49.915 2061 RALLYDEBUG rally.task.runner [-] Starting a worker. times: 40 duration: None concurrency: 1 timeout: 0 cls: method_name: run args: {"network_create_args": {}, "subnet_create_args": {}, "subnet_cidr_start": "1.1.0.0/30", "subnets_per_network": 2}
2020-04-13 01:05:49.917 2057 INFO rally.task.runner [-] Task 0a402ac2-3c23-4fde-b782-218d8bf1e29c | ITER: 19 START
2020-04-13 01:05:49.918 2057 WARNING rally_openstack.scenarios.neutron.utils [-] Running this scenario without either the 'network' or 'existing_network' context is deprecated
2020-04-13 01:05:49.920 2061 INFO rally.task.runner [-] Task 0a402ac2-3c23-4fde-b782-218d8bf1e29c | ITER: 20 START
2020-04-13 01:05:49.921 2061 WARNING rally_openstack.scenarios.neutron.utils [-] Running this scenario without either the 'network' or 'existing_network' context is deprecated
2020-04-13 01:05:50.420 2025 RALLYDEBUG rally_openstack.wrappers.network [-] CIDR generated: 1.1.4.96/30
2020-04-13 01:05:50.970 2039 RALLYDEBUG rally_openstack.wrappers.network [-] CIDR generated: 1.1.4.100/30
2020-04-13 01:05:51.041 2052 RALLYDEBUG rally_openstack.wrappers.network [-] CIDR generated: 1.1.4.104/30
2020-04-13 01:05:51.301 2061 RALLYDEBUG rally_openstack.wrappers.network [-] CIDR generated: 1.1.4.108/30
2020-04-13 01:05:51.491 2024 RALLYDEBUG rally_openstack.wrappers.network [-] CIDR generated: 1.1.4.112/30
2020-04-13 01:05:51.593 2054 RALLYDEBUG rally_openstack.wrappers.network [-] CIDR generated: 1.1.4.116/30
2020-04-13 01:05:51.885 2057 RALLYDEBUG rally_openstack.wrappers.network [-] CIDR generated: 1.1.4.120/30
2020-04-13 01:05:51.995 2052 RALLYDEBUG rally_openstack.wrappers.network [-] CIDR generated: 1.1.4.124/30
2020-04-13 01:05:52.012 2025 RALLYDEBUG rally_openstack.wrappers.network [-] CIDR generated: 1.1.4.128/30
2020-04-13 01:05:52.073 2039 RALLYDEBUG rally_openstack.wrappers.network [-] CIDR generated: 1.1.4.132/30
2020-04-13 01:05:52.353 2045 RALLYDEBUG rally_openstack.wrappers.network [-] CIDR generated: 1.1.4.136/30
2020-04-13 01:05:52.376 2054 RALLYDEBUG rally_openstack.wrappers.network [-] CIDR generated: 1.1.4.140/30
2020-04-13 01:05:52.464 2024 RALLYDEBUG rally_openstack.wrappers.network [-] CIDR generated: 1.1.4.144/30
2020-04-13 01:05:52.506 2011 RALLYDEBUG rally_openstack.wrappers.network [-] CIDR generated: 1.1.4.148/30
2020-04-13 01:05:52.605 2048 RALLYDEBUG rally_openstack.wrappers.network [-] CIDR generated: 1.1.4.152/30
2020-04-13 01:05:52.751 2021 RALLYDEBUG rally_openstack.wrappers.network [-] CIDR generated: 1.1.4.156/30
2020-04-13 01:05:52.839 2033 RALLYDEBUG rally_openstack.wrappers.network [-] CIDR generated: 1.1.4.160/30
2020-04-13 01:05:52.880 2061 RALLYDEBUG rally_openstack.wrappers.network [-] CIDR generated: 1.1.4.164/30
2020-04-13 01:05:53.308 2048 RALLYDEBUG rally_openstack.wrappers.network [-] CIDR generated: 1.1.4.168/30
2020-04-13 01:05:53.361 2028 RALLYDEBUG rally_openstack.wrappers.network [-] CIDR generated: 1.1.4.172/30
2020-04-13 01:05:53.366 2057 RALLYDEBUG rally_openstack.wrappers.network [-] CIDR generated: 1.1.4.176/30
2020-04-13 01:05:53.426 2018 RALLYDEBUG rally_openstack.wrappers.network [-] CIDR generated: 1.1.4.180/30
2020-04-13 01:05:53.905 2039 INFO rally.task.runner [-] Task 0a402ac2-3c23-4fde-b782-218d8bf1e29c | ITER: 13 END: OK
2020-04-13 01:05:53.910 2039 INFO rally.task.runner [-] Task 0a402ac2-3c23-4fde-b782-218d8bf1e29c | ITER: 21 START
2020-04-13 01:05:53.910 2039 WARNING rally_openstack.scenarios.neutron.utils [-] Running this scenario without either the 'network' or 'existing_network' context is deprecated
2020-04-13 01:05:53.912 2007 RALLYDEBUG rally_openstack.wrappers.network [-] CIDR generated: 1.1.4.184/30
2020-04-13 01:05:54.010 2011 RALLYDEBUG rally_openstack.wrappers.network [-] CIDR generated: 1.1.4.188/30
2020-04-13 01:05:54.164 2045 RALLYDEBUG rally_openstack.wrappers.network [-] CIDR generated: 1.1.4.192/30
2020-04-13 01:05:54.269 2021 RALLYDEBUG rally_openstack.wrappers.network [-] CIDR generated: 1.1.4.196/30
2020-04-13 01:05:54.306 2033 RALLYDEBUG rally_openstack.wrappers.network [-] CIDR generated: 1.1.4.200/30
2020-04-13 01:05:54.525 2028 RALLYDEBUG rally_openstack.wrappers.network [-] CIDR generated: 1.1.4.204/30
2020-04-13 01:05:54.628 2039 RALLYDEBUG rally_openstack.wrappers.network [-] CIDR generated: 1.1.4.208/30
2020-04-13 01:05:55.368 2039 RALLYDEBUG rally_openstack.wrappers.network [-] CIDR generated: 1.1.4.212/30
2020-04-13 01:05:55.607 2007 RALLYDEBUG rally_openstack.wrappers.network [-] CIDR generated: 1.1.4.216/30
2020-04-13 01:05:55.844 2036 RALLYDEBUG rally_openstack.wrappers.network [-] CIDR generated: 1.1.4.220/30
2020-04-13 01:05:55.972 2054 INFO rally.task.runner [-] Task 0a402ac2-3c23-4fde-b782-218d8bf1e29c | ITER: 18 END: OK
2020-04-13 01:05:55.975 2054 INFO rally.task.runner [-] Task 0a402ac2-3c23-4fde-b782-218d8bf1e29c | ITER: 22 START
2020-04-13 01:05:55.976 2054 WARNING rally_openstack.scenarios.neutron.utils [-] Running this scenario without either the 'network' or 'existing_network' context is deprecated
2020-04-13 01:05:56.038 2042 RALLYDEBUG rally_openstack.wrappers.network [-] CIDR generated: 1.1.4.224/30
2020-04-13 01:05:56.181 2018 RALLYDEBUG rally_openstack.wrappers.network [-] CIDR generated: 1.1.4.228/30
2020-04-13 01:05:56.188 2033 INFO rally.task.runner [-] Task 0a402ac2-3c23-4fde-b782-218d8bf1e29c | ITER: 11 END: OK
2020-04-13 01:05:56.191 2033 INFO rally.task.runner [-] Task 0a402ac2-3c23-4fde-b782-218d8bf1e29c | ITER: 23 START
2020-04-13 01:05:56.192 2033 WARNING rally_openstack.scenarios.neutron.utils [-] Running this scenario without either the 'network' or 'existing_network' context is deprecated
2020-04-13 01:05:56.308 2054 RALLYDEBUG rally_openstack.wrappers.network [-] CIDR generated: 1.1.4.232/30
2020-04-13 01:05:56.652 2008 RALLYDEBUG rally_openstack.wrappers.network [-] CIDR generated: 1.1.4.236/30
2020-04-13 01:05:56.926 2042 RALLYDEBUG rally_openstack.wrappers.network [-] CIDR generated: 1.1.4.240/30
2020-04-13 01:05:57.321 2052 INFO rally.task.runner [-] Task 0a402ac2-3c23-4fde-b782-218d8bf1e29c | ITER: 17 END: OK
2020-04-13 01:05:57.325 2052 INFO rally.task.runner [-] Task 0a402ac2-3c23-4fde-b782-218d8bf1e29c | ITER: 24 START
2020-04-13 01:05:57.326 2052 WARNING rally_openstack.scenarios.neutron.utils [-] Running this scenario without either the 'network' or 'existing_network' context is deprecated
2020-04-13 01:05:57.700 2033 RALLYDEBUG rally_openstack.wrappers.network [-] CIDR generated: 1.1.4.244/30
2020-04-13 01:05:57.703 2039 INFO rally.task.runner [-] Task 0a402ac2-3c23-4fde-b782-218d8bf1e29c | ITER: 21 END: OK
2020-04-13 01:05:57.707 2039 INFO rally.task.runner [-] Task 0a402ac2-3c23-4fde-b782-218d8bf1e29c | ITER: 25 START
2020-04-13 01:05:57.708 2039 WARNING rally_openstack.scenarios.neutron.utils [-] Running this scenario without either the 'network' or 'existing_network' context is deprecated
2020-04-13 01:05:57.810 2057 INFO rally.task.runner [-] Task 0a402ac2-3c23-4fde-b782-218d8bf1e29c | ITER: 19 END: OK
2020-04-13 01:05:57.814 2057 INFO rally.task.runner [-] Task 0a402ac2-3c23-4fde-b782-218d8bf1e29c | ITER: 26 START
2020-04-13 01:05:57.815 2057 WARNING rally_openstack.scenarios.neutron.utils [-] Running this scenario without either the 'network' or 'existing_network' context is deprecated
2020-04-13 01:05:58.100 2054 RALLYDEBUG rally_openstack.wrappers.network [-] CIDR generated: 1.1.4.248/30
2020-04-13 01:05:58.165 2009 RALLYDEBUG rally_openstack.wrappers.network [-] CIDR generated: 1.1.4.252/30
2020-04-13 01:05:58.217 2057 RALLYDEBUG rally_openstack.wrappers.network [-] CIDR generated: 1.1.5.0/30
2020-04-13 01:05:58.296 2008 RALLYDEBUG rally_openstack.wrappers.network [-] CIDR generated: 1.1.5.4/30
2020-04-13 01:05:58.321 2021 INFO rally.task.runner [-] Task 0a402ac2-3c23-4fde-b782-218d8bf1e29c | ITER: 7 END: OK
2020-04-13 01:05:58.324 2021 INFO rally.task.runner [-] Task 0a402ac2-3c23-4fde-b782-218d8bf1e29c | ITER: 27 START
2020-04-13 01:05:58.325 2021 WARNING rally_openstack.scenarios.neutron.utils [-] Running this scenario without either the 'network' or 'existing_network' context is deprecated
2020-04-13 01:05:58.408 2052 RALLYDEBUG rally_openstack.wrappers.network [-] CIDR generated: 1.1.5.8/30
2020-04-13 01:05:58.417 2033 RALLYDEBUG rally_openstack.wrappers.network [-] CIDR generated: 1.1.5.12/30
2020-04-13 01:05:58.452 2025 INFO rally.task.runner [-] Task 0a402ac2-3c23-4fde-b782-218d8bf1e29c | ITER: 9 END: OK
2020-04-13 01:05:58.456 2025 INFO rally.task.runner [-] Task 0a402ac2-3c23-4fde-b782-218d8bf1e29c | ITER: 28 START
2020-04-13 01:05:58.456 2025 WARNING rally_openstack.scenarios.neutron.utils [-] Running this scenario without either the 'network' or 'existing_network' context is deprecated
2020-04-13 01:05:58.641 2021 RALLYDEBUG rally_openstack.wrappers.network [-] CIDR generated: 1.1.5.16/30
2020-04-13 01:05:58.793 2025 RALLYDEBUG rally_openstack.wrappers.network [-] CIDR generated: 1.1.5.20/30
2020-04-13 01:05:58.812 2024 INFO rally.task.runner [-] Task 0a402ac2-3c23-4fde-b782-218d8bf1e29c | ITER: 8 END: OK
2020-04-13 01:05:58.816 2024 INFO rally.task.runner [-] Task 0a402ac2-3c23-4fde-b782-218d8bf1e29c | ITER: 29 START
2020-04-13 01:05:58.816 2036 RALLYDEBUG rally_openstack.wrappers.network [-] CIDR generated: 1.1.5.24/30
2020-04-13 01:05:58.817 2024 WARNING rally_openstack.scenarios.neutron.utils [-] Running this scenario without either the 'network' or 'existing_network' context is deprecated
2020-04-13 01:05:58.995 2057 RALLYDEBUG rally_openstack.wrappers.network [-] CIDR generated: 1.1.5.28/30
2020-04-13 01:05:59.126 2045 INFO rally.task.runner [-] Task 0a402ac2-3c23-4fde-b782-218d8bf1e29c | ITER: 15 END: OK
2020-04-13 01:05:59.131 2045 INFO rally.task.runner [-] Task 0a402ac2-3c23-4fde-b782-218d8bf1e29c | ITER: 30 START
2020-04-13 01:05:59.132 2045 WARNING rally_openstack.scenarios.neutron.utils [-] Running this scenario without either the 'network' or 'existing_network' context is deprecated
2020-04-13 01:05:59.158 2052 RALLYDEBUG rally_openstack.wrappers.network [-] CIDR generated: 1.1.5.32/30
2020-04-13 01:05:59.233 2024 RALLYDEBUG rally_openstack.wrappers.network [-] CIDR generated: 1.1.5.36/30
2020-04-13 01:05:59.374 2039 RALLYDEBUG rally_openstack.wrappers.network [-] CIDR generated: 1.1.5.40/30
2020-04-13 01:05:59.481 2021 RALLYDEBUG rally_openstack.wrappers.network [-] CIDR generated: 1.1.5.44/30
2020-04-13 01:05:59.642 2045 RALLYDEBUG rally_openstack.wrappers.network [-] CIDR generated: 1.1.5.48/30
2020-04-13 01:06:00.038 2025 RALLYDEBUG rally_openstack.wrappers.network [-] CIDR generated: 1.1.5.52/30
2020-04-13 01:06:00.164 2039 RALLYDEBUG rally_openstack.wrappers.network [-] CIDR generated: 1.1.5.56/30
2020-04-13 01:06:00.191 2042 INFO rally.task.runner [-] Task 0a402ac2-3c23-4fde-b782-218d8bf1e29c | ITER: 14 END: OK
2020-04-13 01:06:00.194 2042 INFO rally.task.runner [-] Task 0a402ac2-3c23-4fde-b782-218d8bf1e29c | ITER: 31 START
2020-04-13 01:06:00.195 2042 WARNING rally_openstack.scenarios.neutron.utils [-] Running this scenario without either the 'network' or 'existing_network' context is deprecated
2020-04-13 01:06:00.519 2042 RALLYDEBUG rally_openstack.wrappers.network [-] CIDR generated: 1.1.5.60/30
2020-04-13 01:06:00.777 2009 RALLYDEBUG rally_openstack.wrappers.network [-] CIDR generated: 1.1.5.64/30
2020-04-13 01:06:00.919 2048 INFO rally.task.runner [-] Task 0a402ac2-3c23-4fde-b782-218d8bf1e29c | ITER: 16 END: OK
2020-04-13 01:06:00.921 2048 INFO rally.task.runner [-] Task 0a402ac2-3c23-4fde-b782-218d8bf1e29c | ITER: 32 START
2020-04-13 01:06:00.923 2048 WARNING rally_openstack.scenarios.neutron.utils [-] Running this scenario without either the 'network' or 'existing_network' context is deprecated
2020-04-13 01:06:01.153 2024 RALLYDEBUG rally_openstack.wrappers.network [-] CIDR generated: 1.1.5.68/30
2020-04-13 01:06:01.317 2033 INFO rally.task.runner [-] Task 0a402ac2-3c23-4fde-b782-218d8bf1e29c | ITER: 23 END: OK
2020-04-13 01:06:01.319 2061 INFO rally.task.runner [-] Task 0a402ac2-3c23-4fde-b782-218d8bf1e29c | ITER: 20 END: OK
2020-04-13 01:06:01.320 2033 INFO rally.task.runner [-] Task 0a402ac2-3c23-4fde-b782-218d8bf1e29c | ITER: 33 START
2020-04-13 01:06:01.321 2052 INFO rally.task.runner [-] Task 0a402ac2-3c23-4fde-b782-218d8bf1e29c | ITER: 24 END: OK
2020-04-13 01:06:01.321 2033 WARNING rally_openstack.scenarios.neutron.utils [-] Running this scenario without either the 'network' or 'existing_network' context is deprecated
2020-04-13 01:06:01.323 2061 INFO rally.task.runner [-] Task 0a402ac2-3c23-4fde-b782-218d8bf1e29c | ITER: 34 START
2020-04-13 01:06:01.324 2061 WARNING rally_openstack.scenarios.neutron.utils [-] Running this scenario without either the 'network' or 'existing_network' context is deprecated
2020-04-13 01:06:01.324 2052 INFO rally.task.runner [-] Task 0a402ac2-3c23-4fde-b782-218d8bf1e29c | ITER: 35 START
2020-04-13 01:06:01.325 2052 WARNING rally_openstack.scenarios.neutron.utils [-] Running this scenario without either the 'network' or 'existing_network' context is deprecated
2020-04-13 01:06:01.501 2045 RALLYDEBUG rally_openstack.wrappers.network [-] CIDR generated: 1.1.5.72/30
2020-04-13 01:06:01.651 2048 RALLYDEBUG rally_openstack.wrappers.network [-] CIDR generated: 1.1.5.76/30
2020-04-13 01:06:01.681 2052 RALLYDEBUG rally_openstack.wrappers.network [-] CIDR generated: 1.1.5.80/30
2020-04-13 01:06:01.715 2021 INFO rally.task.runner [-] Task 0a402ac2-3c23-4fde-b782-218d8bf1e29c | ITER: 27 END: OK
2020-04-13 01:06:01.718 2021 INFO rally.task.runner [-] Task 0a402ac2-3c23-4fde-b782-218d8bf1e29c | ITER: 36 START
2020-04-13 01:06:01.719 2021 WARNING rally_openstack.scenarios.neutron.utils [-] Running this scenario without either the 'network' or 'existing_network' context is deprecated
2020-04-13 01:06:01.827 2025 INFO rally.task.runner [-] Task 0a402ac2-3c23-4fde-b782-218d8bf1e29c | ITER: 28 END: OK
2020-04-13 01:06:01.831 2025 INFO rally.task.runner [-] Task 0a402ac2-3c23-4fde-b782-218d8bf1e29c | ITER: 37 START
2020-04-13 01:06:01.832 2025 WARNING rally_openstack.scenarios.neutron.utils [-] Running this scenario without either the 'network' or 'existing_network' context is deprecated
2020-04-13 01:06:01.903 2042 RALLYDEBUG rally_openstack.wrappers.network [-] CIDR generated: 1.1.5.84/30
2020-04-13 01:06:01.943 2011 INFO rally.task.runner [-] Task 0a402ac2-3c23-4fde-b782-218d8bf1e29c | ITER: 4 END: OK
2020-04-13 01:06:01.947 2011 INFO rally.task.runner [-] Task 0a402ac2-3c23-4fde-b782-218d8bf1e29c | ITER: 38 START
2020-04-13 01:06:01.948 2011 WARNING rally_openstack.scenarios.neutron.utils [-] Running this scenario without either the 'network' or 'existing_network' context is deprecated
2020-04-13 01:06:02.194 2021 RALLYDEBUG rally_openstack.wrappers.network [-] CIDR generated: 1.1.5.88/30
2020-04-13 01:06:02.349 2052 RALLYDEBUG rally_openstack.wrappers.network [-] CIDR generated: 1.1.5.92/30
2020-04-13 01:06:02.374 2018 INFO rally.task.runner [-] Task 0a402ac2-3c23-4fde-b782-218d8bf1e29c | ITER: 6 END: OK
2020-04-13 01:06:02.378 2018 INFO rally.task.runner [-] Task 0a402ac2-3c23-4fde-b782-218d8bf1e29c | ITER: 39 START
2020-04-13 01:06:02.379 2018 WARNING rally_openstack.scenarios.neutron.utils [-] Running this scenario without either the 'network' or 'existing_network' context is deprecated
2020-04-13 01:06:02.390 2007 INFO rally.task.runner [-] Task 0a402ac2-3c23-4fde-b782-218d8bf1e29c | ITER: 1 END: OK
2020-04-13 01:06:02.394 2007 INFO rally.task.runner [-] Task 0a402ac2-3c23-4fde-b782-218d8bf1e29c | ITER: 40 START
2020-04-13 01:06:02.395 2007 WARNING rally_openstack.scenarios.neutron.utils [-] Running this scenario without either the 'network' or 'existing_network' context is deprecated
2020-04-13 01:06:02.653 2018 RALLYDEBUG rally_openstack.wrappers.network [-] CIDR generated: 1.1.5.96/30
2020-04-13 01:06:02.714 2033 RALLYDEBUG rally_openstack.wrappers.network [-] CIDR generated: 1.1.5.100/30
2020-04-13 01:06:02.828 2039 INFO rally.task.runner [-] Task 0a402ac2-3c23-4fde-b782-218d8bf1e29c | ITER: 25 END: OK
2020-04-13 01:06:02.857 2054 INFO rally.task.runner [-] Task 0a402ac2-3c23-4fde-b782-218d8bf1e29c | ITER: 22 END: OK
2020-04-13 01:06:02.877 2007 RALLYDEBUG rally_openstack.wrappers.network [-] CIDR generated: 1.1.5.104/30
2020-04-13 01:06:03.065 2008 INFO rally.task.runner [-] Task 0a402ac2-3c23-4fde-b782-218d8bf1e29c | ITER: 2 END: OK
2020-04-13 01:06:03.117 2011 RALLYDEBUG rally_openstack.wrappers.network [-] CIDR generated: 1.1.5.108/30
2020-04-13 01:06:03.280 2018 RALLYDEBUG rally_openstack.wrappers.network [-] CIDR generated: 1.1.5.112/30
2020-04-13 01:06:03.433 2033 RALLYDEBUG rally_openstack.wrappers.network [-] CIDR generated: 1.1.5.116/30
2020-04-13 01:06:03.553 2007 RALLYDEBUG rally_openstack.wrappers.network [-] CIDR generated: 1.1.5.120/30
2020-04-13 01:06:03.711 2009 INFO rally.task.runner [-] Task 0a402ac2-3c23-4fde-b782-218d8bf1e29c | ITER: 3 END: OK
2020-04-13 01:06:03.720 2061 RALLYDEBUG rally_openstack.wrappers.network [-] CIDR generated: 1.1.5.124/30
2020-04-13 01:06:03.858 2011 RALLYDEBUG rally_openstack.wrappers.network [-] CIDR generated: 1.1.5.128/30
2020-04-13 01:06:03.893 2021 RALLYDEBUG rally_openstack.wrappers.network [-] CIDR generated: 1.1.5.132/30
2020-04-13 01:06:04.073 2048 RALLYDEBUG rally_openstack.wrappers.network [-] CIDR generated: 1.1.5.136/30
2020-04-13 01:06:04.245 2042 INFO rally.task.runner [-] Task 0a402ac2-3c23-4fde-b782-218d8bf1e29c | ITER: 31 END: OK
2020-04-13 01:06:04.264 2028 INFO rally.task.runner [-] Task 0a402ac2-3c23-4fde-b782-218d8bf1e29c | ITER: 10 END: OK
2020-04-13 01:06:04.267 2025 RALLYDEBUG rally_openstack.wrappers.network [-] CIDR generated: 1.1.5.140/30
2020-04-13 01:06:04.541 2045 INFO rally.task.runner [-] Task 0a402ac2-3c23-4fde-b782-218d8bf1e29c | ITER: 30 END: OK
2020-04-13 01:06:04.618 2052 INFO rally.task.runner [-] Task 0a402ac2-3c23-4fde-b782-218d8bf1e29c | ITER: 35 END: OK
2020-04-13 01:06:05.264 2018 INFO rally.task.runner [-] Task 0a402ac2-3c23-4fde-b782-218d8bf1e29c | ITER: 39 END: OK
2020-04-13 01:06:05.432 2036 INFO rally.task.runner [-] Task 0a402ac2-3c23-4fde-b782-218d8bf1e29c | ITER: 12 END: OK
2020-04-13 01:06:05.560 2057 INFO rally.task.runner [-] Task 0a402ac2-3c23-4fde-b782-218d8bf1e29c | ITER: 26 END: OK
2020-04-13 01:06:05.835 2061 RALLYDEBUG rally_openstack.wrappers.network [-] CIDR generated: 1.1.5.144/30
2020-04-13 01:06:05.919 2007 INFO rally.task.runner [-] Task 0a402ac2-3c23-4fde-b782-218d8bf1e29c | ITER: 40 END: OK
2020-04-13 01:06:06.069 2011 INFO rally.task.runner [-] Task 0a402ac2-3c23-4fde-b782-218d8bf1e29c | ITER: 38 END: OK
2020-04-13 01:06:06.276 2021 INFO rally.task.runner [-] Task 0a402ac2-3c23-4fde-b782-218d8bf1e29c | ITER: 36 END: OK
2020-04-13 01:06:06.463 2024 INFO rally.task.runner [-] Task 0a402ac2-3c23-4fde-b782-218d8bf1e29c | ITER: 29 END: OK
2020-04-13 01:06:06.481 2015 RALLYDEBUG rally_openstack.wrappers.network [-] CIDR generated: 1.1.5.148/30
2020-04-13 01:06:06.913 2025 RALLYDEBUG rally_openstack.wrappers.network [-] CIDR generated: 1.1.5.152/30
2020-04-13 01:06:07.280 2015 RALLYDEBUG rally_openstack.wrappers.network [-] CIDR generated: 1.1.5.156/30
2020-04-13 01:06:07.927 2033 INFO rally.task.runner [-] Task 0a402ac2-3c23-4fde-b782-218d8bf1e29c | ITER: 33 END: OK
2020-04-13 01:06:08.593 2048 INFO rally.task.runner [-] Task 0a402ac2-3c23-4fde-b782-218d8bf1e29c | ITER: 32 END: OK
2020-04-13 01:06:10.232 2015 INFO rally.task.runner [-] Task 0a402ac2-3c23-4fde-b782-218d8bf1e29c | ITER: 5 END: OK
2020-04-13 01:06:12.449 2025 INFO rally.task.runner [-] Task 0a402ac2-3c23-4fde-b782-218d8bf1e29c | ITER: 37 END: OK
2020-04-13 01:06:13.270 2061 INFO rally.task.runner [-] Task 0a402ac2-3c23-4fde-b782-218d8bf1e29c | ITER: 34 END: OK
2020-04-13 01:06:13.293 15 INFO rally.task.context [-] Task 0a402ac2-3c23-4fde-b782-218d8bf1e29c | Context cleanup@openstack cleanup() started
2020-04-13 01:06:13.297 15 RALLYDEBUG rally_openstack.cleanup.manager [-] Cleaning up neutron vip objects
2020-04-13 01:06:13.456 15 RALLYDEBUG rally_openstack.cleanup.manager [-] Cleaning up neutron health_monitor objects
2020-04-13 01:06:13.611 15 RALLYDEBUG rally_openstack.cleanup.manager [-] Cleaning up neutron pool objects
2020-04-13 01:06:13.764 15 RALLYDEBUG rally_openstack.cleanup.manager [-] Cleaning up neutron loadbalancer objects
2020-04-13 01:06:13.914 15 RALLYDEBUG rally_openstack.cleanup.manager [-] Cleaning up neutron floatingip objects
2020-04-13 01:06:14.121 15 RALLYDEBUG rally_openstack.cleanup.manager [-] Cleaning up neutron trunk objects
2020-04-13 01:06:14.301 15 RALLYDEBUG rally_openstack.cleanup.manager [-] Cleaning up neutron port objects
2020-04-13 01:06:14.668 15 RALLYDEBUG rally_openstack.cleanup.manager [-] Cleaning up neutron subnet objects
2020-04-13 01:06:14.853 15 RALLYDEBUG rally_openstack.cleanup.manager [-] Cleaning up neutron network objects
2020-04-13 01:06:15.245 15 RALLYDEBUG rally_openstack.cleanup.manager [-] Deleting neutron.network object s_rally_164794ce_UigXma2F (010244aa-2d02-426f-8ad8-6d29e3dcdb0c)
2020-04-13 01:06:15.256 15 RALLYDEBUG rally_openstack.cleanup.manager [-] Deleting neutron.network object s_rally_164794ce_9ZnetANC (04e9b9a4-25e2-4b3a-9529-25ce1cd9104b)
2020-04-13 01:06:15.251 15 RALLYDEBUG rally_openstack.cleanup.manager [-] Deleting neutron.network object s_rally_164794ce_SPduD2D5 (013a9e67-45f6-426a-8284-ab202ecd3573)
2020-04-13 01:06:15.270 15 RALLYDEBUG rally_openstack.cleanup.manager [-] Deleting neutron.network object s_rally_164794ce_NCEugbgJ (0b0cd709-deed-4406-bf43-a310a2f9c2a4)
2020-04-13 01:06:15.286 15 RALLYDEBUG rally_openstack.cleanup.manager [-] Deleting neutron.network object s_rally_164794ce_Q7I1Mh32 (0d71eeff-222b-492b-b265-731c62d355ad)
2020-04-13 01:06:15.293 15 RALLYDEBUG rally_openstack.cleanup.manager [-] Deleting neutron.network object s_rally_164794ce_A8CSzQ4i (0db86882-8447-4bef-bac2-5b65b17c3a64)
2020-04-13 01:06:15.319 15 RALLYDEBUG rally_openstack.cleanup.manager [-] Deleting neutron.network object s_rally_164794ce_AkuVssZB (1e5aa9bf-2e46-47f8-801c-e9824f351dbf)
2020-04-13 01:06:15.336 15 RALLYDEBUG rally_openstack.cleanup.manager [-] Deleting neutron.network object s_rally_164794ce_YAveCB1P (1a3d3db7-2e18-4e48-9830-a11a20f351dc)
2020-04-13 01:06:15.358 15 RALLYDEBUG rally_openstack.cleanup.manager [-] Deleting neutron.network object s_rally_164794ce_xy66wNpO (21e6f9cf-194d-43d7-a84b-521b3d965095)
2020-04-13 01:06:15.377 15 RALLYDEBUG rally_openstack.cleanup.manager [-] Deleting neutron.network object s_rally_164794ce_GCIQ3iQQ (3ae99518-6314-4d57-8960-0324584cd829)
2020-04-13 01:06:15.377 15 RALLYDEBUG rally_openstack.cleanup.manager [-] Deleting neutron.network object s_rally_164794ce_DZNbOwam (2e786f48-5b84-458b-ac57-addec12b7450)
2020-04-13 01:06:15.399 15 RALLYDEBUG rally_openstack.cleanup.manager [-] Deleting neutron.network object s_rally_164794ce_OjXiuXHh (45bbd6f0-6448-4eed-9291-7afb0ac9de37)
2020-04-13 01:06:15.438 15 RALLYDEBUG rally_openstack.cleanup.manager [-] Deleting neutron.network object s_rally_164794ce_7CTcvkjY (4add0167-61a4-48f9-b30c-6d4264858d9e)
2020-04-13 01:06:15.497 15 RALLYDEBUG rally_openstack.cleanup.manager [-] Deleting neutron.network object s_rally_164794ce_J2woKZaP (5bbf1293-0c2d-4da6-9c65-570231de0911)
2020-04-13 01:06:15.534 15 RALLYDEBUG rally_openstack.cleanup.manager [-] Deleting neutron.network object s_rally_164794ce_lzSqF8di (5e3d1840-c5cd-46e3-b918-f1f687d658ab)
2020-04-13 01:06:15.554 15 RALLYDEBUG rally_openstack.cleanup.manager [-] Deleting neutron.network object s_rally_164794ce_cJC02GdZ (5ac51a33-330b-463b-b3a1-02a23c033308)
2020-04-13 01:06:15.563 15 RALLYDEBUG rally_openstack.cleanup.manager [-] Deleting neutron.network object s_rally_164794ce_Kxve68eD (628ab2c9-ab43-43b6-a3db-9a8548822225)
2020-04-13 01:06:15.568 15 RALLYDEBUG rally_openstack.cleanup.manager [-] Deleting neutron.network object s_rally_164794ce_xZksCxnZ (61213a39-888e-4e45-b7a5-72e25c5fd216)
2020-04-13 01:06:15.613 15 RALLYDEBUG rally_openstack.cleanup.manager [-] Deleting neutron.network object s_rally_164794ce_3V7cVd33 (76b5024b-5b84-4861-a56a-2a302204526f)
2020-04-13 01:06:15.671 15 RALLYDEBUG rally_openstack.cleanup.manager [-] Deleting neutron.network object s_rally_164794ce_n1albM2Z (834ffef2-32b9-4869-a846-85ed02048126)
2020-04-13 01:06:17.635 15 RALLYDEBUG rally_openstack.cleanup.manager [-] Deleting neutron.network object s_rally_164794ce_IssNCvCQ (8c3a57b9-0bdc-46fe-a775-50d5d347375d)
2020-04-13 01:06:17.767 15 RALLYDEBUG rally_openstack.cleanup.manager [-] Deleting neutron.network object s_rally_164794ce_1b9w0HAI (99e01ebf-4e1c-44aa-b55a-70d65391f036)
2020-04-13 01:06:17.880 15 RALLYDEBUG rally_openstack.cleanup.manager [-] Deleting neutron.network object s_rally_164794ce_auZydUTi (a6164290-61d1-40ac-b6cc-41020c6be48b)
2020-04-13 01:06:18.193 15 RALLYDEBUG rally_openstack.cleanup.manager [-] Deleting neutron.network object s_rally_164794ce_mchrC740 (a97db5df-130f-43f3-86bd-f26817e80f89)
2020-04-13 01:06:18.213 15 RALLYDEBUG rally_openstack.cleanup.manager [-] Deleting neutron.network object s_rally_164794ce_5t4m1b0i (b8896694-3b3c-43b7-b358-6c376aaa082c)
2020-04-13 01:06:18.251 15 RALLYDEBUG rally_openstack.cleanup.manager [-] Deleting neutron.network object s_rally_164794ce_gKHS26TF (b9b25ec4-4107-4ff0-9d0b-9137f82e9c57)
2020-04-13 01:06:18.560 15 RALLYDEBUG rally_openstack.cleanup.manager [-] Deleting neutron.network object s_rally_164794ce_rVYkT5KM (ba10cbaf-8c28-49ab-b45f-965da1ba7756)
2020-04-13 01:06:18.605 15 RALLYDEBUG rally_openstack.cleanup.manager [-] Deleting neutron.network object s_rally_164794ce_E9XLjsML (c12073ad-6b6d-4369-9416-1b85aef7ae0d)
2020-04-13 01:06:18.907 15 RALLYDEBUG rally_openstack.cleanup.manager [-] Deleting neutron.network object s_rally_164794ce_h0iJ0fjt (c53762b3-15a2-40e6-ad87-8212058c50fc)
2020-04-13 01:06:18.934 15 RALLYDEBUG rally_openstack.cleanup.manager [-] Deleting neutron.network object s_rally_164794ce_CKwjn7qS (cab4d377-ea5c-4004-9f34-d3cac803a07f)
2020-04-13 01:06:18.940 15 RALLYDEBUG rally_openstack.cleanup.manager [-] Deleting neutron.network object s_rally_164794ce_2X0zZZGv (cb6d3747-40dc-4d28-ab10-e4bb3963573e)
2020-04-13 01:06:19.050 15 RALLYDEBUG rally_openstack.cleanup.manager [-] Deleting neutron.network object s_rally_164794ce_1JgBnyux (ce745a43-168f-426a-8ec0-04b9625cf390)
2020-04-13 01:06:19.067 15 RALLYDEBUG rally_openstack.cleanup.manager [-] Deleting neutron.network object s_rally_164794ce_yKDLEojx (d5632eb6-9929-4394-8b79-389582040e45)
2020-04-13 01:06:19.102 15 RALLYDEBUG rally_openstack.cleanup.manager [-] Deleting neutron.network object s_rally_164794ce_thas1R6T (e25f287f-925a-43b9-8b25-d4bbb9f8a67b)
2020-04-13 01:06:19.136 15 RALLYDEBUG rally_openstack.cleanup.manager [-] Deleting neutron.network object s_rally_164794ce_VM5N5Ine (e436e6b0-66c1-4ff6-a648-72c277db4e97)
2020-04-13 01:06:19.601 15 RALLYDEBUG rally_openstack.cleanup.manager [-] Deleting neutron.network object s_rally_164794ce_pzSnoMRd (ed1f9fdb-f8eb-47fb-a493-de92185e8456)
2020-04-13 01:06:19.721 15 RALLYDEBUG rally_openstack.cleanup.manager [-] Deleting neutron.network object s_rally_164794ce_nSSxrbjT (f7f46692-7625-46fc-a497-e10d3d003e27)
2020-04-13 01:06:19.852 15 RALLYDEBUG rally_openstack.cleanup.manager [-] Deleting neutron.network object s_rally_164794ce_RUeicM8w (faed2046-169e-4aa1-b0e8-055473fec978)
2020-04-13 01:06:19.919 15 RALLYDEBUG rally_openstack.cleanup.manager [-] Deleting neutron.network object s_rally_164794ce_bPfaPrIb (fee785ad-eb58-4a13-9dc7-0b6a991289f5)
2020-04-13 01:06:20.238 15 RALLYDEBUG rally_openstack.cleanup.manager [-] Deleting neutron.network object s_rally_164794ce_lqiMh447 (ff884666-634a-4235-99b1-15999d3d7e82)
2020-04-13 01:06:23.324 15 RALLYDEBUG rally_openstack.cleanup.manager [-] Cleaning up neutron router objects
2020-04-13 01:06:23.536 15 RALLYDEBUG rally_openstack.cleanup.manager [-] Cleaning up neutron security_group objects
2020-04-13 01:06:23.724 15 INFO rally.task.context [-] Task 0a402ac2-3c23-4fde-b782-218d8bf1e29c | Context cleanup@openstack cleanup() finished in 10.43 sec
2020-04-13 01:06:23.724 15 INFO rally.task.context [-] Task 0a402ac2-3c23-4fde-b782-218d8bf1e29c | Context quotas@openstack cleanup() started
2020-04-13 01:06:23.747 15 INFO rally.task.context [-] Task 0a402ac2-3c23-4fde-b782-218d8bf1e29c | Context quotas@openstack cleanup() finished in 22.05 msec
2020-04-13 01:06:23.747 15 INFO rally.task.context [-] Task 0a402ac2-3c23-4fde-b782-218d8bf1e29c | Context users@openstack cleanup() started
2020-04-13 01:06:23.879 15 WARNING rally.common.logging [-] `iterate_per_tenants()' is deprecated in v3.0.0: it is openstack specific.. Used at
2020-04-13 01:06:24.851 15 INFO rally.task.context [-] Task 0a402ac2-3c23-4fde-b782-218d8bf1e29c | Context users@openstack cleanup() finished in 1.10 sec
2020-04-13 01:06:26.512 15 INFO rally.task.engine [-] Load duration is: 23.411834
2020-04-13 01:06:26.513 15 INFO rally.task.engine [-] Full runner duration is: 23.456812
2020-04-13 01:06:26.513 15 INFO rally.task.engine [-] Full duration is: 36.527225
2020-04-13 01:06:26.606 15 INFO rally.task.engine [-] Running workload: position = 0 config = { "version": 2, "title": "A cropped version of a bigger task.", "description": "Auto-generated task from a single workload (uuid=e4614d5a-4c9c-4d5d-94bc-b8c565cce7dc)", "subtasks": [ { "title": "NeutronNetworks.create_and_list_routers", "description": "Create and a given number of routers and list all routers.", "scenario": { "NeutronNetworks.create_and_list_routers": { "network_create_args": null, "subnet_create_args": null, "subnet_cidr_start": "1.1.0.0/30", "subnets_per_network": 2, "router_create_args": null } }, "contexts": { "users": { "tenants": 1, "users_per_tenant": 1 }, "quotas": { "neutron": { "network": -1, "subnet": -1, "router": -1 } } }, "runner": { "constant": { "times": 40, "concurrency": 20 } }, "hooks": [], "sla": { "failure_rate": { "max": 0 } } } ] }
2020-04-13 01:06:26.638 15 RALLYDEBUG rally_openstack.contexts.keystone.users [-] Creating 1 tenants using 1 threads
2020-04-13 01:06:27.082 15 RALLYDEBUG rally_openstack.contexts.keystone.users [-] Creating 1 users using 1 threads
2020-04-13 01:06:27.855 15 INFO rally.task.context [-] Task 0a402ac2-3c23-4fde-b782-218d8bf1e29c | Context users@openstack setup() finished in 1.22 sec
2020-04-13 01:06:28.296 15 INFO rally.task.context [-] Task 0a402ac2-3c23-4fde-b782-218d8bf1e29c | Context quotas@openstack setup() finished in 0.44 sec
2020-04-13 01:06:28.297 15 INFO rally.task.context [-] Task 0a402ac2-3c23-4fde-b782-218d8bf1e29c | Context cleanup@openstack setup() finished in 0.00 msec
2020-04-13 01:06:28.307 15 RALLYDEBUG rally.task.runner [-] Starting the constant runner (task UUID: 0a402ac2-3c23-4fde-b782-218d8bf1e29c). times: 40 concurrency: 20 timeout: 0 max_cpu_used: 88 processes_to_start: 20 concurrency_per_worker: 1 concurrency_overhead: 0
2020-04-13 01:06:28.319 2371 RALLYDEBUG rally.task.runner [-] Starting a worker. times: 40 duration: None concurrency: 1 timeout: 0 cls: method_name: run args: {"network_create_args": null, "subnet_create_args": null, "subnet_cidr_start": "1.1.0.0/30", "subnets_per_network": 2, "router_create_args": null}
2020-04-13 01:06:28.322 2372 RALLYDEBUG rally.task.runner [-] Starting a worker. times: 40 duration: None concurrency: 1 timeout: 0 cls: method_name: run args: {"network_create_args": null, "subnet_create_args": null, "subnet_cidr_start": "1.1.0.0/30", "subnets_per_network": 2, "router_create_args": null}
2020-04-13 01:06:28.325 2371 INFO rally.task.runner [-] Task 0a402ac2-3c23-4fde-b782-218d8bf1e29c | ITER: 1 START
2020-04-13 01:06:28.326 2373 RALLYDEBUG rally.task.runner [-] Starting a worker. times: 40 duration: None concurrency: 1 timeout: 0 cls: method_name: run args: {"network_create_args": null, "subnet_create_args": null, "subnet_cidr_start": "1.1.0.0/30", "subnets_per_network": 2, "router_create_args": null}
2020-04-13 01:06:28.328 2372 INFO rally.task.runner [-] Task 0a402ac2-3c23-4fde-b782-218d8bf1e29c | ITER: 2 START
2020-04-13 01:06:28.329 2376 RALLYDEBUG rally.task.runner [-] Starting a worker. times: 40 duration: None concurrency: 1 timeout: 0 cls: method_name: run args: {"network_create_args": null, "subnet_create_args": null, "subnet_cidr_start": "1.1.0.0/30", "subnets_per_network": 2, "router_create_args": null}
2020-04-13 01:06:28.331 2373 INFO rally.task.runner [-] Task 0a402ac2-3c23-4fde-b782-218d8bf1e29c | ITER: 3 START
2020-04-13 01:06:28.333 2379 RALLYDEBUG rally.task.runner [-] Starting a worker. times: 40 duration: None concurrency: 1 timeout: 0 cls: method_name: run args: {"network_create_args": null, "subnet_create_args": null, "subnet_cidr_start": "1.1.0.0/30", "subnets_per_network": 2, "router_create_args": null}
2020-04-13 01:06:28.334 2376 INFO rally.task.runner [-] Task 0a402ac2-3c23-4fde-b782-218d8bf1e29c | ITER: 4 START
2020-04-13 01:06:28.336 2382 RALLYDEBUG rally.task.runner [-] Starting a worker. times: 40 duration: None concurrency: 1 timeout: 0 cls: method_name: run args: {"network_create_args": null, "subnet_create_args": null, "subnet_cidr_start": "1.1.0.0/30", "subnets_per_network": 2, "router_create_args": null}
2020-04-13 01:06:28.337 2379 INFO rally.task.runner [-] Task 0a402ac2-3c23-4fde-b782-218d8bf1e29c | ITER: 5 START
2020-04-13 01:06:28.339 2385 RALLYDEBUG rally.task.runner [-] Starting a worker. times: 40 duration: None concurrency: 1 timeout: 0 cls: method_name: run args: {"network_create_args": null, "subnet_create_args": null, "subnet_cidr_start": "1.1.0.0/30", "subnets_per_network": 2, "router_create_args": null}
2020-04-13 01:06:28.341 2382 INFO rally.task.runner [-] Task 0a402ac2-3c23-4fde-b782-218d8bf1e29c | ITER: 6 START
2020-04-13 01:06:28.342 2388 RALLYDEBUG rally.task.runner [-] Starting a worker. times: 40 duration: None concurrency: 1 timeout: 0 cls: method_name: run args: {"network_create_args": null, "subnet_create_args": null, "subnet_cidr_start": "1.1.0.0/30", "subnets_per_network": 2, "router_create_args": null}
2020-04-13 01:06:28.344 2385 INFO rally.task.runner [-] Task 0a402ac2-3c23-4fde-b782-218d8bf1e29c | ITER: 7 START
2020-04-13 01:06:28.345 2391 RALLYDEBUG rally.task.runner [-] Starting a worker. times: 40 duration: None concurrency: 1 timeout: 0 cls: method_name: run args: {"network_create_args": null, "subnet_create_args": null, "subnet_cidr_start": "1.1.0.0/30", "subnets_per_network": 2, "router_create_args": null}
2020-04-13 01:06:28.346 2388 INFO rally.task.runner [-] Task 0a402ac2-3c23-4fde-b782-218d8bf1e29c | ITER: 8 START
2020-04-13 01:06:28.348 2391 INFO rally.task.runner [-] Task 0a402ac2-3c23-4fde-b782-218d8bf1e29c | ITER: 9 START
2020-04-13 01:06:28.350 2396 RALLYDEBUG rally.task.runner [-] Starting a worker. times: 40 duration: None concurrency: 1 timeout: 0 cls: method_name: run args: {"network_create_args": null, "subnet_create_args": null, "subnet_cidr_start": "1.1.0.0/30", "subnets_per_network": 2, "router_create_args": null}
2020-04-13 01:06:28.353 2396 INFO rally.task.runner [-] Task 0a402ac2-3c23-4fde-b782-218d8bf1e29c | ITER: 10 START
2020-04-13 01:06:28.356 2399 RALLYDEBUG rally.task.runner [-] Starting a worker. times: 40 duration: None concurrency: 1 timeout: 0 cls: method_name: run args: {"network_create_args": null, "subnet_create_args": null, "subnet_cidr_start": "1.1.0.0/30", "subnets_per_network": 2, "router_create_args": null}
2020-04-13 01:06:28.360 2399 INFO rally.task.runner [-] Task 0a402ac2-3c23-4fde-b782-218d8bf1e29c | ITER: 11 START
2020-04-13 01:06:28.361 2402 RALLYDEBUG rally.task.runner [-] Starting a worker. times: 40 duration: None concurrency: 1 timeout: 0 cls: method_name: run args: {"network_create_args": null, "subnet_create_args": null, "subnet_cidr_start": "1.1.0.0/30", "subnets_per_network": 2, "router_create_args": null}
2020-04-13 01:06:28.365 2402 INFO rally.task.runner [-] Task 0a402ac2-3c23-4fde-b782-218d8bf1e29c | ITER: 12 START
2020-04-13 01:06:28.366 2405 RALLYDEBUG rally.task.runner [-] Starting a worker. times: 40 duration: None concurrency: 1 timeout: 0 cls: method_name: run args: {"network_create_args": null, "subnet_create_args": null, "subnet_cidr_start": "1.1.0.0/30", "subnets_per_network": 2, "router_create_args": null}
2020-04-13 01:06:28.372 2405 INFO rally.task.runner [-] Task 0a402ac2-3c23-4fde-b782-218d8bf1e29c | ITER: 13 START
2020-04-13 01:06:28.373 2408 RALLYDEBUG rally.task.runner [-] Starting a worker. times: 40 duration: None concurrency: 1 timeout: 0 cls: method_name: run args: {"network_create_args": null, "subnet_create_args": null, "subnet_cidr_start": "1.1.0.0/30", "subnets_per_network": 2, "router_create_args": null}
2020-04-13 01:06:28.377 2411 RALLYDEBUG rally.task.runner [-] Starting a worker. times: 40 duration: None concurrency: 1 timeout: 0 cls: method_name: run args: {"network_create_args": null, "subnet_create_args": null, "subnet_cidr_start": "1.1.0.0/30", "subnets_per_network": 2, "router_create_args": null}
2020-04-13 01:06:28.377 2408 INFO rally.task.runner [-] Task 0a402ac2-3c23-4fde-b782-218d8bf1e29c | ITER: 14 START
2020-04-13 01:06:28.380 2411 INFO rally.task.runner [-] Task 0a402ac2-3c23-4fde-b782-218d8bf1e29c | ITER: 15 START
2020-04-13 01:06:28.380 2414 RALLYDEBUG rally.task.runner [-] Starting a worker. times: 40 duration: None concurrency: 1 timeout: 0 cls: method_name: run args: {"network_create_args": null, "subnet_create_args": null, "subnet_cidr_start": "1.1.0.0/30", "subnets_per_network": 2, "router_create_args": null}
