2020-04-13 01:20:25.837 5594 RALLYDEBUG rally.task.runner [-] Starting a worker. times: 10 duration: None concurrency: 1 timeout: 0 cls: method_name: run args: {"floating_network": "public", "floating_ip_args": {}}
2020-04-13 01:20:25.839 5592 INFO rally.task.runner [-] Task 0a402ac2-3c23-4fde-b782-218d8bf1e29c | ITER: 2 START
2020-04-13 01:20:25.839 5596 RALLYDEBUG rally.task.runner [-] Starting a worker. times: 10 duration: None concurrency: 1 timeout: 0 cls: method_name: run args: {"floating_network": "public", "floating_ip_args": {}}
2020-04-13 01:20:25.841 5593 INFO rally.task.runner [-] Task 0a402ac2-3c23-4fde-b782-218d8bf1e29c | ITER: 3 START
2020-04-13 01:20:25.843 5594 INFO rally.task.runner [-] Task 0a402ac2-3c23-4fde-b782-218d8bf1e29c | ITER: 4 START
2020-04-13 01:20:25.846 5596 INFO rally.task.runner [-] Task 0a402ac2-3c23-4fde-b782-218d8bf1e29c | ITER: 5 START
2020-04-13 01:20:27.920 5596 INFO rally.task.runner [-] Task 0a402ac2-3c23-4fde-b782-218d8bf1e29c | ITER: 5 END: OK
2020-04-13 01:20:27.925 5596 INFO rally.task.runner [-] Task 0a402ac2-3c23-4fde-b782-218d8bf1e29c | ITER: 6 START
2020-04-13 01:20:27.952 5594 INFO rally.task.runner [-] Task 0a402ac2-3c23-4fde-b782-218d8bf1e29c | ITER: 4 END: OK
2020-04-13 01:20:27.957 5594 INFO rally.task.runner [-] Task 0a402ac2-3c23-4fde-b782-218d8bf1e29c | ITER: 7 START
2020-04-13 01:20:27.972 5593 INFO rally.task.runner [-] Task 0a402ac2-3c23-4fde-b782-218d8bf1e29c | ITER: 3 END: OK
2020-04-13 01:20:27.975 5592 INFO rally.task.runner [-] Task 0a402ac2-3c23-4fde-b782-218d8bf1e29c | ITER: 2 END: OK
2020-04-13 01:20:27.977 5593 INFO rally.task.runner [-] Task 0a402ac2-3c23-4fde-b782-218d8bf1e29c | ITER: 8 START
2020-04-13 01:20:27.979 5592 INFO rally.task.runner [-] Task 0a402ac2-3c23-4fde-b782-218d8bf1e29c | ITER: 9 START
2020-04-13 01:20:28.238 5591 INFO rally.task.runner [-] Task 0a402ac2-3c23-4fde-b782-218d8bf1e29c | ITER: 1 END: OK
2020-04-13 01:20:28.243 5591 INFO rally.task.runner [-] Task 0a402ac2-3c23-4fde-b782-218d8bf1e29c | ITER: 10 START
2020-04-13 01:20:29.823 5591 INFO rally.task.runner [-] Task 0a402ac2-3c23-4fde-b782-218d8bf1e29c | ITER: 10 END: OK
2020-04-13 01:20:30.219 5593 INFO rally.task.runner [-] Task 0a402ac2-3c23-4fde-b782-218d8bf1e29c | ITER: 8 END: OK
2020-04-13 01:20:30.246 5592 INFO rally.task.runner [-] Task 0a402ac2-3c23-4fde-b782-218d8bf1e29c | ITER: 9 END: OK
2020-04-13 01:20:30.908 5596 INFO rally.task.runner [-] Task 0a402ac2-3c23-4fde-b782-218d8bf1e29c | ITER: 6 END: OK
2020-04-13 01:20:30.916 5594 INFO rally.task.runner [-] Task 0a402ac2-3c23-4fde-b782-218d8bf1e29c | ITER: 7 END: OK
2020-04-13 01:20:30.938 15 INFO rally.task.context [-] Task 0a402ac2-3c23-4fde-b782-218d8bf1e29c | Context cleanup@openstack cleanup() started
2020-04-13 01:20:30.941 15 RALLYDEBUG rally_openstack.cleanup.manager [-] Cleaning up neutron vip objects
2020-04-13 01:20:31.230 15 RALLYDEBUG rally_openstack.cleanup.manager [-] Cleaning up neutron health_monitor objects
2020-04-13 01:20:31.484 15 RALLYDEBUG rally_openstack.cleanup.manager [-] Cleaning up neutron pool objects
2020-04-13 01:20:31.834 15 RALLYDEBUG rally_openstack.cleanup.manager [-] Cleaning up neutron loadbalancer objects
2020-04-13 01:20:32.105 15 RALLYDEBUG rally_openstack.cleanup.manager [-] Cleaning up neutron floatingip objects
2020-04-13 01:20:32.510 15 RALLYDEBUG rally_openstack.cleanup.manager [-] Deleting neutron.floatingip object s_rally_3f819701_9SCpqlXy (414cdd32-f1d5-461e-89a1-34f9ae803da3)
2020-04-13 01:20:32.522 15 RALLYDEBUG rally_openstack.cleanup.manager [-] Deleting neutron.floatingip object s_rally_3f819701_x921ZfmP (565e3059-d781-420c-bdd5-7c7ada40d5af)
2020-04-13 01:20:32.534 15 RALLYDEBUG rally_openstack.cleanup.manager [-] Deleting neutron.floatingip object s_rally_3f819701_dbZXgPOs (7906a7a3-f4df-4a89-a570-5b2be56be4ae)
2020-04-13 01:20:32.551 15 RALLYDEBUG rally_openstack.cleanup.manager [-] Deleting neutron.floatingip object s_rally_3f819701_bLWl0I5W (c5c1db44-92d3-450a-a993-7592ccb1af94)
2020-04-13 01:20:32.558 15 RALLYDEBUG rally_openstack.cleanup.manager [-] Deleting neutron.floatingip object s_rally_3f819701_FKpZMQwG (a638dff9-42bd-459a-8305-7251d4be1f6b)
2020-04-13 01:20:32.570 15 RALLYDEBUG rally_openstack.cleanup.manager [-] Deleting neutron.floatingip object s_rally_3f819701_6xO2jgpJ (29d7adb3-686d-4a3c-b6ef-2823920ed4a3)
2020-04-13 01:20:32.581 15 RALLYDEBUG rally_openstack.cleanup.manager [-] Deleting neutron.floatingip object s_rally_3f819701_hUuvGjIy (7263414d-9554-4b07-ae7e-e92ca08247ec)
2020-04-13 01:20:32.593 15 RALLYDEBUG rally_openstack.cleanup.manager [-] Deleting neutron.floatingip object s_rally_3f819701_MI6xsaop (8d9fd8e6-041c-407a-917e-49e6fccb77f1)
2020-04-13 01:20:32.598 15 RALLYDEBUG rally_openstack.cleanup.manager [-] Deleting neutron.floatingip object s_rally_3f819701_VS3KjepP (d9901b6d-05fc-4207-a860-50dbc3396541)
2020-04-13 01:20:32.627 15 RALLYDEBUG rally_openstack.cleanup.manager [-] Deleting neutron.floatingip object s_rally_3f819701_w820HSQw (e92ab263-3cfb-46d0-ac85-9b495c5c98ba)
2020-04-13 01:20:35.487 15 RALLYDEBUG rally_openstack.cleanup.manager [-] Cleaning up neutron trunk objects
2020-04-13 01:20:35.789 15 RALLYDEBUG rally_openstack.cleanup.manager [-] Cleaning up neutron port objects
2020-04-13 01:20:36.163 15 RALLYDEBUG rally_openstack.cleanup.manager [-] Cleaning up neutron subnet objects
2020-04-13 01:20:36.511 15 RALLYDEBUG rally_openstack.cleanup.manager [-] Cleaning up neutron network objects
2020-04-13 01:20:37.270 15 RALLYDEBUG rally_openstack.cleanup.manager [-] Cleaning up neutron router objects
2020-04-13 01:20:37.638 15 RALLYDEBUG rally_openstack.cleanup.manager [-] Cleaning up neutron security_group objects
2020-04-13 01:20:38.198 15 INFO rally.task.context [-] Task 0a402ac2-3c23-4fde-b782-218d8bf1e29c | Context cleanup@openstack cleanup() finished in 7.26 sec
2020-04-13 01:20:38.199 15 INFO rally.task.context [-] Task 0a402ac2-3c23-4fde-b782-218d8bf1e29c | Context quotas@openstack cleanup() started
2020-04-13 01:20:38.244 15 INFO rally.task.context [-] Task 0a402ac2-3c23-4fde-b782-218d8bf1e29c | Context quotas@openstack cleanup() finished in 45.13 msec
2020-04-13 01:20:38.244 15 INFO rally.task.context [-] Task 0a402ac2-3c23-4fde-b782-218d8bf1e29c | Context users@openstack cleanup() started
2020-04-13 01:20:38.381 15 WARNING rally.common.logging [-] `iterate_per_tenants()' is deprecated in v3.0.0: it is openstack specific.. Used at
2020-04-13 01:20:39.881 15 INFO rally.task.context [-] Task 0a402ac2-3c23-4fde-b782-218d8bf1e29c | Context users@openstack cleanup() finished in 1.64 sec
2020-04-13 01:20:40.176 15 INFO rally.task.engine [-] Load duration is: 5.078974
2020-04-13 01:20:40.176 15 INFO rally.task.engine [-] Full runner duration is: 5.120294
2020-04-13 01:20:40.176 15 INFO rally.task.engine [-] Full duration is: 15.822248
2020-04-13 01:20:40.243 15 INFO rally.task.engine [-] Running workload: position = 2 config = { "version": 2, "title": "A cropped version of a bigger task.", "description": "Auto-generated task from a single workload (uuid=8ca58975-21c7-4c58-82af-60a44b057975)", "subtasks": [ { "title": "NeutronNetworks.associate_and_dissociate_floating_ips", "description": "Associate and dissociate floating IPs.", "scenario": { "NeutronNetworks.associate_and_dissociate_floating_ips": { "floating_network": "public" } }, "contexts": { "users": { "tenants": 2, "users_per_tenant": 3 }, "quotas": { "neutron": { "floatingip": -1 } } }, "runner": { "constant": { "times": 10, "concurrency": 5 } }, "hooks": [], "sla": { "failure_rate": { "max": 0 } } } ] }
2020-04-13 01:20:40.268 15 RALLYDEBUG rally_openstack.contexts.keystone.users [-] Creating 2 tenants using 2 threads
2020-04-13 01:20:40.827 15 RALLYDEBUG rally_openstack.contexts.keystone.users [-] Creating 6 users using 6 threads
2020-04-13 01:20:41.700 15 INFO rally.task.context [-] Task 0a402ac2-3c23-4fde-b782-218d8bf1e29c | Context users@openstack setup() finished in 1.43 sec
2020-04-13 01:20:41.916 15 INFO rally.task.context [-] Task 0a402ac2-3c23-4fde-b782-218d8bf1e29c | Context quotas@openstack setup() finished in 0.22 sec
2020-04-13 01:20:41.917 15 INFO rally.task.context [-] Task 0a402ac2-3c23-4fde-b782-218d8bf1e29c | Context cleanup@openstack setup() finished in 0.01 msec
2020-04-13 01:20:41.927 15 RALLYDEBUG rally.task.runner [-] Starting the constant runner (task UUID: 0a402ac2-3c23-4fde-b782-218d8bf1e29c). times: 10 concurrency: 5 timeout: 0 max_cpu_used: 88 processes_to_start: 5 concurrency_per_worker: 1 concurrency_overhead: 0
2020-04-13 01:20:41.939 5886 RALLYDEBUG rally.task.runner [-] Starting a worker. times: 10 duration: None concurrency: 1 timeout: 0 cls: method_name: run args: {"floating_network": "public"}
2020-04-13 01:20:41.941 5887 RALLYDEBUG rally.task.runner [-] Starting a worker. times: 10 duration: None concurrency: 1 timeout: 0 cls: method_name: run args: {"floating_network": "public"}
2020-04-13 01:20:41.943 5888 RALLYDEBUG rally.task.runner [-] Starting a worker. times: 10 duration: None concurrency: 1 timeout: 0 cls: method_name: run args: {"floating_network": "public"}
2020-04-13 01:20:41.946 5886 INFO rally.task.runner [-] Task 0a402ac2-3c23-4fde-b782-218d8bf1e29c | ITER: 1 START
2020-04-13 01:20:41.947 5889 RALLYDEBUG rally.task.runner [-] Starting a worker. times: 10 duration: None concurrency: 1 timeout: 0 cls: method_name: run args: {"floating_network": "public"}
2020-04-13 01:20:41.948 5887 INFO rally.task.runner [-] Task 0a402ac2-3c23-4fde-b782-218d8bf1e29c | ITER: 2 START
2020-04-13 01:20:41.949 5891 RALLYDEBUG rally.task.runner [-] Starting a worker. times: 10 duration: None concurrency: 1 timeout: 0 cls: method_name: run args: {"floating_network": "public"}
2020-04-13 01:20:41.950 5888 INFO rally.task.runner [-] Task 0a402ac2-3c23-4fde-b782-218d8bf1e29c | ITER: 3 START
2020-04-13 01:20:41.954 5889 INFO rally.task.runner [-] Task 0a402ac2-3c23-4fde-b782-218d8bf1e29c | ITER: 4 START
2020-04-13 01:20:41.956 5891 INFO rally.task.runner [-] Task 0a402ac2-3c23-4fde-b782-218d8bf1e29c | ITER: 5 START
2020-04-13 01:20:44.053 5888 RALLYDEBUG rally_openstack.wrappers.network [-] CIDR generated: 10.4.92.0/24
2020-04-13 01:20:44.381 5887 RALLYDEBUG rally_openstack.wrappers.network [-] CIDR generated: 10.4.93.0/24
2020-04-13 01:20:44.921 5889 RALLYDEBUG rally_openstack.wrappers.network [-] CIDR generated: 10.4.94.0/24
2020-04-13 01:20:45.409 5891 RALLYDEBUG rally_openstack.wrappers.network [-] CIDR generated: 10.4.95.0/24
2020-04-13 01:20:46.126 5886 RALLYDEBUG rally_openstack.wrappers.network [-] CIDR generated: 10.4.96.0/24
2020-04-13 01:20:53.110 5887 INFO rally.task.runner [-] Task 0a402ac2-3c23-4fde-b782-218d8bf1e29c | ITER: 2 END: OK
2020-04-13 01:20:53.115 5887 INFO rally.task.runner [-] Task 0a402ac2-3c23-4fde-b782-218d8bf1e29c | ITER: 6 START
2020-04-13 01:20:53.347 5888 INFO rally.task.runner [-] Task 0a402ac2-3c23-4fde-b782-218d8bf1e29c | ITER: 3 END: OK
2020-04-13 01:20:53.352 5888 INFO rally.task.runner [-] Task 0a402ac2-3c23-4fde-b782-218d8bf1e29c | ITER: 7 START
2020-04-13 01:20:53.935 5889 INFO rally.task.runner [-] Task 0a402ac2-3c23-4fde-b782-218d8bf1e29c | ITER: 4 END: OK
2020-04-13 01:20:53.940 5889 INFO rally.task.runner [-] Task 0a402ac2-3c23-4fde-b782-218d8bf1e29c | ITER: 8 START
2020-04-13 01:20:55.090 5888 RALLYDEBUG rally_openstack.wrappers.network [-] CIDR generated: 10.4.97.0/24
2020-04-13 01:20:55.508 5887 RALLYDEBUG rally_openstack.wrappers.network [-] CIDR generated: 10.4.98.0/24
2020-04-13 01:20:56.228 5889 RALLYDEBUG rally_openstack.wrappers.network [-] CIDR generated: 10.4.99.0/24
2020-04-13 01:21:02.609 5891 INFO rally.task.runner [-] Task 0a402ac2-3c23-4fde-b782-218d8bf1e29c | ITER: 5 END: OK
2020-04-13 01:21:02.614 5891 INFO rally.task.runner [-] Task 0a402ac2-3c23-4fde-b782-218d8bf1e29c | ITER: 9 START
2020-04-13 01:21:03.200 5886 INFO rally.task.runner [-] Task 0a402ac2-3c23-4fde-b782-218d8bf1e29c | ITER: 1 END: OK
2020-04-13 01:21:03.205 5886 INFO rally.task.runner [-] Task 0a402ac2-3c23-4fde-b782-218d8bf1e29c | ITER: 10 START
2020-04-13 01:21:04.838 5888 INFO rally.task.runner [-] Task 0a402ac2-3c23-4fde-b782-218d8bf1e29c | ITER: 7 END: OK
2020-04-13 01:21:05.423 5886 RALLYDEBUG rally_openstack.wrappers.network [-] CIDR generated: 10.4.100.0/24
2020-04-13 01:21:05.553 5889 INFO rally.task.runner [-] Task 0a402ac2-3c23-4fde-b782-218d8bf1e29c | ITER: 8 END: OK
2020-04-13 01:21:06.140 5891 RALLYDEBUG rally_openstack.wrappers.network [-] CIDR generated: 10.4.101.0/24
2020-04-13 01:21:06.500 5887 INFO rally.task.runner [-] Task 0a402ac2-3c23-4fde-b782-218d8bf1e29c | ITER: 6 END: OK
2020-04-13 01:21:14.474 5886 INFO rally.task.runner [-] Task 0a402ac2-3c23-4fde-b782-218d8bf1e29c | ITER: 10 END: OK
2020-04-13 01:21:15.215 5891 INFO rally.task.runner [-] Task 0a402ac2-3c23-4fde-b782-218d8bf1e29c | ITER: 9 END: OK
2020-04-13 01:21:15.241 15 INFO rally.task.context [-] Task 0a402ac2-3c23-4fde-b782-218d8bf1e29c | Context cleanup@openstack cleanup() started
2020-04-13 01:21:15.246 15 RALLYDEBUG rally_openstack.cleanup.manager [-] Cleaning up neutron vip objects
2020-04-13 01:21:15.564 15 RALLYDEBUG rally_openstack.cleanup.manager [-] Cleaning up neutron health_monitor objects
2020-04-13 01:21:15.821 15 RALLYDEBUG rally_openstack.cleanup.manager [-] Cleaning up neutron pool objects
2020-04-13 01:21:16.082 15 RALLYDEBUG rally_openstack.cleanup.manager [-] Cleaning up neutron loadbalancer objects
2020-04-13 01:21:16.365 15 RALLYDEBUG rally_openstack.cleanup.manager [-] Cleaning up neutron floatingip objects
2020-04-13 01:21:16.817 15 RALLYDEBUG rally_openstack.cleanup.manager [-] Deleting neutron.floatingip object s_rally_8ca58975_Dt0hkQGV (313470b3-b829-4611-bd01-ff89ee05f5a1)
2020-04-13 01:21:16.822 15 RALLYDEBUG rally_openstack.cleanup.manager [-] Deleting neutron.floatingip object s_rally_8ca58975_39u85opp (45199352-e547-40e7-b68f-a43a1d5cb669)
2020-04-13 01:21:16.829 15 RALLYDEBUG rally_openstack.cleanup.manager [-] Deleting neutron.floatingip object s_rally_8ca58975_mWDZDqah (6137c03d-cb6e-428d-9295-8b02fc8fabd9)
2020-04-13 01:21:16.837 15 RALLYDEBUG rally_openstack.cleanup.manager [-] Deleting neutron.floatingip object s_rally_8ca58975_JDGVIdJd (901b1625-88d3-4392-b1df-69d4b433c1b0)
2020-04-13 01:21:16.851 15 RALLYDEBUG rally_openstack.cleanup.manager [-] Deleting neutron.floatingip object s_rally_8ca58975_sErbMqzS (c043912b-f6c8-4044-952f-308392cf7510)
2020-04-13 01:21:16.856 15 RALLYDEBUG rally_openstack.cleanup.manager [-] Deleting neutron.floatingip object s_rally_8ca58975_wE7k5NgW (d7b1b972-1933-4fcf-84e7-d89349623bf7)
2020-04-13 01:21:16.874 15 RALLYDEBUG rally_openstack.cleanup.manager [-] Deleting neutron.floatingip object s_rally_8ca58975_pahisRDI (40c6626f-4ab3-4515-b5f7-ee21373993c0)
2020-04-13 01:21:16.897 15 RALLYDEBUG rally_openstack.cleanup.manager [-] Deleting neutron.floatingip object s_rally_8ca58975_shUe92aW (aefa8c5b-6a7f-4b36-8ec8-7e4778274b8a)
2020-04-13 01:21:16.902 15 RALLYDEBUG rally_openstack.cleanup.manager [-] Deleting neutron.floatingip object s_rally_8ca58975_58JQfhkR (b01daf1c-73b0-451e-af56-5e93eecff5b9)
2020-04-13 01:21:16.910 15 RALLYDEBUG rally_openstack.cleanup.manager [-] Deleting neutron.floatingip object s_rally_8ca58975_a96zy8WB (e56d1f30-c7ad-48cd-848f-bcfb45d366b3)
2020-04-13 01:21:21.036 15 RALLYDEBUG rally_openstack.cleanup.manager [-] Cleaning up neutron trunk objects
2020-04-13 01:21:21.364 15 RALLYDEBUG rally_openstack.cleanup.manager [-] Cleaning up neutron port objects
2020-04-13 01:21:22.638 15 RALLYDEBUG rally_openstack.cleanup.manager [-] Deleting neutron.port object s_rally_8ca58975_sZ2a867w (03ed011f-ef23-4a13-8aed-1fcb3499df91)
2020-04-13 01:21:22.661 15 RALLYDEBUG rally_openstack.cleanup.manager [-] Deleting neutron.port object s_rally_8ca58975_FdBCACna (3b40bb0d-1dcf-47dd-b185-5c53e6ac73d7)
2020-04-13 01:21:22.690 15 RALLYDEBUG rally_openstack.cleanup.manager [-] Deleting neutron.port object s_rally_8ca58975_dDU7ch7n (3c621e35-0e03-4eb7-991d-22c7a7e02ccc)
2020-04-13 01:21:22.694 15 RALLYDEBUG rally_openstack.cleanup.manager [-] Deleting neutron.port object s_rally_8ca58975_zMhUnQef (4c5da2c4-8674-4090-a418-a11c28c7e725)
2020-04-13 01:21:22.712 15 RALLYDEBUG rally_openstack.cleanup.manager [-] Deleting neutron.port object s_rally_8ca58975_hVkgfSJh (79858c5d-3610-48b6-8fe3-db9dcff68020)
2020-04-13 01:21:22.730 15 RALLYDEBUG rally_openstack.cleanup.manager [-] Deleting neutron.port object s_rally_8ca58975_13EMCle0 (9162a6ff-1255-46ec-8659-4e6fccb75f24)
2020-04-13 01:21:22.743 15 RALLYDEBUG rally_openstack.cleanup.manager [-] Deleting neutron.port object s_rally_8ca58975_ggKqThGg (4c3918ad-7ef8-42ce-9aaf-91a7b8d1f1ca)
2020-04-13 01:21:22.747 15 RALLYDEBUG rally_openstack.cleanup.manager [-] Deleting neutron.port object s_rally_8ca58975_ZxkRylwO (a82aa34b-a431-4a66-bf89-0c6f3f685bf6)
2020-04-13 01:21:22.751 15 RALLYDEBUG rally_openstack.cleanup.manager [-] Deleting neutron.port object s_rally_8ca58975_nntbWszH (ad3958ca-11c9-49c2-afe6-0613267769f5)
2020-04-13 01:21:22.762 15 RALLYDEBUG rally_openstack.cleanup.manager [-] Deleting neutron.port object s_rally_8ca58975_yzIxkSjI (b0c1b2f3-d412-400d-8e01-80593dd7d301)
2020-04-13 01:21:22.773 15 RALLYDEBUG rally_openstack.cleanup.manager [-] Deleting neutron.port object s_rally_8ca58975_PuVToR86 (bf6f0f16-012c-44fe-bfb8-852dcb35c6e8)
2020-04-13 01:21:22.780 15 RALLYDEBUG rally_openstack.cleanup.manager [-] Deleting neutron.port object s_rally_8ca58975_z1p1GmWs (fda4b5b1-9356-4f39-bd8d-6cb2712c3463)
2020-04-13 01:21:22.798 15 RALLYDEBUG rally_openstack.cleanup.manager [-] Deleting neutron.port object s_rally_8ca58975_XciVdwtb (584818c9-0993-48fe-a97f-324e76dd26d6)
2020-04-13 01:21:22.829 15 RALLYDEBUG rally_openstack.cleanup.manager [-] Deleting neutron.port object s_rally_8ca58975_pvwsVZ7h (1b305289-8593-41c8-9a1f-81370bea16de)
2020-04-13 01:21:22.845 15 RALLYDEBUG rally_openstack.cleanup.manager [-] Deleting neutron.port object s_rally_8ca58975_6P7bHbCm (7aae2607-ae86-420a-a9e6-4b760238fb8c)
2020-04-13 01:21:22.848 15 RALLYDEBUG rally_openstack.cleanup.manager [-] Deleting neutron.port object s_rally_8ca58975_I3RK8oCz (78b1470a-806c-4d5f-95cb-d6f289ceefa3)
2020-04-13 01:21:22.860 15 RALLYDEBUG rally_openstack.cleanup.manager [-] Deleting neutron.port object s_rally_8ca58975_KiJmDcea (834f4b5d-60bb-405d-84e7-d9cdf9853eb0)
2020-04-13 01:21:22.886 15 RALLYDEBUG rally_openstack.cleanup.manager [-] Deleting neutron.port object s_rally_8ca58975_PBsyVJeI (bab21d8c-4e57-48ed-8089-b48bf006622a)
2020-04-13 01:21:22.897 15 RALLYDEBUG rally_openstack.cleanup.manager [-] Deleting neutron.port object s_rally_8ca58975_EomiFM9q (c43faa17-f2c0-4337-9855-192aa3897b33)
2020-04-13 01:21:22.908 15 RALLYDEBUG rally_openstack.cleanup.manager [-] Deleting neutron.port object s_rally_8ca58975_915MitzW (cc5ce892-cc4f-4ab1-b26c-61c3328e8df7)
2020-04-13 01:21:30.097 15 RALLYDEBUG rally_openstack.cleanup.manager [-] Cleaning up neutron subnet objects
2020-04-13 01:21:30.663 15 RALLYDEBUG rally_openstack.cleanup.manager [-] Deleting neutron.subnet object s_rally_8ca58975_ZJ5PS7Wt (48ad0d74-925b-42b7-837e-e4144095defd)
2020-04-13 01:21:30.680 15 RALLYDEBUG rally_openstack.cleanup.manager [-] Deleting neutron.subnet object s_rally_8ca58975_KDHCuR17 (88e5d418-4ec4-4ade-9269-afe687217d97)
2020-04-13 01:21:30.680 15 RALLYDEBUG rally_openstack.cleanup.manager [-] Deleting neutron.subnet object s_rally_8ca58975_40CIhLz5 (7964fb22-2c19-4213-9f50-5e0671917ea4)
2020-04-13 01:21:30.697 15 RALLYDEBUG rally_openstack.cleanup.manager [-] Deleting neutron.subnet object s_rally_8ca58975_OJDx9101 (ce102f2f-5a50-45cf-97ab-6734efe7da47)
2020-04-13 01:21:30.702 15 RALLYDEBUG rally_openstack.cleanup.manager [-] Deleting neutron.subnet object s_rally_8ca58975_yOnMkj14 (d459daee-25c9-406b-b6fc-44611dc18a6f)
2020-04-13 01:21:30.707 15 RALLYDEBUG rally_openstack.cleanup.manager [-] Deleting neutron.subnet object s_rally_8ca58975_zMES1ZJB (04e56ba0-ec96-4c7d-950e-db0082c9b6f6)
2020-04-13 01:21:30.712 15 RALLYDEBUG rally_openstack.cleanup.manager [-] Deleting neutron.subnet object s_rally_8ca58975_T4A3FK3N (04f4684e-c919-4535-a0a4-4d0ed6530430)
2020-04-13 01:21:30.715 15 RALLYDEBUG rally_openstack.cleanup.manager [-] Deleting neutron.subnet object s_rally_8ca58975_31vbBRpy (be5cfc35-6d2c-45a1-8294-61b6b86fa72a)
2020-04-13 01:21:30.749 15 RALLYDEBUG rally_openstack.cleanup.manager [-] Deleting neutron.subnet object s_rally_8ca58975_ld8Mz97B (643d0111-790a-4ef7-a9e8-1d0247283c73)
2020-04-13 01:21:30.753 15 RALLYDEBUG rally_openstack.cleanup.manager [-] Deleting neutron.subnet object s_rally_8ca58975_XuGPFfEW (c736e97f-2be5-4ff8-9fbb-0d22ec5fb126)
2020-04-13 01:21:36.005 15 RALLYDEBUG rally_openstack.cleanup.manager [-] Cleaning up neutron network objects
2020-04-13 01:21:36.668 15 RALLYDEBUG rally_openstack.cleanup.manager [-] Deleting neutron.network object s_rally_8ca58975_UjaDTGpY (11324d4b-ff09-489e-b21a-c5ddfbe79b7a)
2020-04-13 01:21:36.678 15 RALLYDEBUG rally_openstack.cleanup.manager [-] Deleting neutron.network object s_rally_8ca58975_7jwHBp9o (99f0be46-fef7-4d77-a015-50a0fd100e51)
2020-04-13 01:21:36.679 15 RALLYDEBUG rally_openstack.cleanup.manager [-] Deleting neutron.network object s_rally_8ca58975_zr27M2se (90e70014-10ce-452b-aacf-a3d35e1d3683)
2020-04-13 01:21:36.687 15 RALLYDEBUG rally_openstack.cleanup.manager [-] Deleting neutron.network object s_rally_8ca58975_LrZlkymV (e836b808-47af-4024-a499-f8fc52566cda)
2020-04-13 01:21:36.696 15 RALLYDEBUG rally_openstack.cleanup.manager [-] Deleting neutron.network object s_rally_8ca58975_QWau8M8y (ef68f45c-d30f-4f45-a049-bf5efb253814)
2020-04-13 01:21:36.701 15 RALLYDEBUG rally_openstack.cleanup.manager [-] Deleting neutron.network object s_rally_8ca58975_OtNrrewh (fb3af822-cd80-4d9e-a1ef-7618cd5b0fcd)
2020-04-13 01:21:36.712 15 RALLYDEBUG rally_openstack.cleanup.manager [-] Deleting neutron.network object s_rally_8ca58975_dDBtrzHE (2afe2f02-b0e6-47db-bb9d-fc714ba2be13)
2020-04-13 01:21:36.719 15 RALLYDEBUG rally_openstack.cleanup.manager [-] Deleting neutron.network object s_rally_8ca58975_bGqcuw2S (39e506c6-507a-483f-bccf-297b3ca3b345)
2020-04-13 01:21:36.761 15 RALLYDEBUG rally_openstack.cleanup.manager [-] Deleting neutron.network object s_rally_8ca58975_TBXY4e9O (ff718c4b-a8b9-419b-97f3-06b2e551cdf0)
2020-04-13 01:21:36.763 15 RALLYDEBUG rally_openstack.cleanup.manager [-] Deleting neutron.network object s_rally_8ca58975_UBU1UzjW (5418f285-7e26-45de-b7ae-4051451150a6)
2020-04-13 01:21:40.321 15 RALLYDEBUG rally_openstack.cleanup.manager [-] Cleaning up neutron router objects
2020-04-13 01:21:41.126 15 RALLYDEBUG rally_openstack.cleanup.manager [-] Deleting neutron.router object s_rally_8ca58975_sZ2a867w (2aca93a5-51c3-404c-9149-0c5cf690d649)
2020-04-13 01:21:41.139 15 RALLYDEBUG rally_openstack.cleanup.manager [-] Deleting neutron.router object s_rally_8ca58975_PuVToR86 (59ad2b38-3549-41f4-92f8-a5578c2ed533)
2020-04-13 01:21:41.131 15 RALLYDEBUG rally_openstack.cleanup.manager [-] Deleting neutron.router object s_rally_8ca58975_nntbWszH (4f2c7fc9-fdff-4dff-b00e-2ae38ae9bc6e)
2020-04-13 01:21:41.146 15 RALLYDEBUG rally_openstack.cleanup.manager [-] Deleting neutron.router object s_rally_8ca58975_yzIxkSjI (90571958-fe9b-4d42-9ba7-7246483df3d0)
2020-04-13 01:21:41.163 15 RALLYDEBUG rally_openstack.cleanup.manager [-] Deleting neutron.router object s_rally_8ca58975_ggKqThGg (afabb524-eb0f-441f-9842-85051f5d7931)
2020-04-13 01:21:41.169 15 RALLYDEBUG rally_openstack.cleanup.manager [-] Deleting neutron.router object s_rally_8ca58975_FdBCACna (e77bb70e-a962-448c-8d9c-979859f186f8)
2020-04-13 01:21:41.176 15 RALLYDEBUG rally_openstack.cleanup.manager [-] Deleting neutron.router object s_rally_8ca58975_PBsyVJeI (43e1eecc-e2bf-4b80-839b-045690e998e5)
2020-04-13 01:21:41.185 15 RALLYDEBUG rally_openstack.cleanup.manager [-] Deleting neutron.router object s_rally_8ca58975_XciVdwtb (782ae00a-9d39-40ac-9bc8-830b03cce60b)
2020-04-13 01:21:41.190 15 RALLYDEBUG rally_openstack.cleanup.manager [-] Deleting neutron.router object s_rally_8ca58975_EomiFM9q (8c87719a-465a-4f2a-a1e7-2ba6954a40f3)
2020-04-13 01:21:41.200 15 RALLYDEBUG rally_openstack.cleanup.manager [-] Deleting neutron.router object s_rally_8ca58975_KiJmDcea (c287b5b3-3175-45a0-a786-47395bf13f0b)
2020-04-13 01:21:46.457 15 RALLYDEBUG rally_openstack.cleanup.manager [-] Cleaning up neutron security_group objects
2020-04-13 01:21:46.918 15 INFO rally.task.context [-] Task 0a402ac2-3c23-4fde-b782-218d8bf1e29c | Context cleanup@openstack cleanup() finished in 31.68 sec
2020-04-13 01:21:46.919 15 INFO rally.task.context [-] Task 0a402ac2-3c23-4fde-b782-218d8bf1e29c | Context quotas@openstack cleanup() started
2020-04-13 01:21:46.957 15 INFO rally.task.context [-] Task 0a402ac2-3c23-4fde-b782-218d8bf1e29c | Context quotas@openstack cleanup() finished in 37.71 msec
2020-04-13 01:21:46.957 15 INFO rally.task.context [-] Task 0a402ac2-3c23-4fde-b782-218d8bf1e29c | Context users@openstack cleanup() started
2020-04-13 01:21:47.128 15 WARNING rally.common.logging [-] `iterate_per_tenants()' is deprecated in v3.0.0: it is openstack specific.. Used at
2020-04-13 01:21:48.785 15 INFO rally.task.context [-] Task 0a402ac2-3c23-4fde-b782-218d8bf1e29c | Context users@openstack cleanup() finished in 1.83 sec
2020-04-13 01:21:50.623 15 INFO rally.task.engine [-] Load duration is: 33.267358
2020-04-13 01:21:50.623 15 INFO rally.task.engine [-] Full runner duration is: 33.314533
2020-04-13 01:21:50.624 15 INFO rally.task.engine [-] Full duration is: 68.51985
2020-04-13 01:21:50.717 15 INFO rally.task.engine [-] Running workload: position = 0 config = { "version": 2, "title": "A cropped version of a bigger task.", "description": "Auto-generated task from a single workload (uuid=2cc4fe5b-03bc-4c28-9fa7-24ca0b85dfcc)", "subtasks": [ { "title": "NeutronSecurityGroup.create_and_delete_security_group_rule", "description": "Create and delete Neutron security-group-rule.", "scenario": { "NeutronSecurityGroup.create_and_delete_security_group_rule": { "security_group_args": {}, "security_group_rule_args": {} } }, "contexts": { "users": { "tenants": 2, "users_per_tenant": 3 }, "quotas": { "neutron": { "security_group": -1, "security_group_rule": -1 } } }, "runner": { "constant": { "times": 50, "concurrency": 10 } }, "hooks": [], "sla": { "failure_rate": { "max": 0 } } } ] }
2020-04-13 01:21:50.739 15 RALLYDEBUG rally_openstack.contexts.keystone.users [-] Creating 2 tenants using 2 threads
2020-04-13 01:21:51.170 15 RALLYDEBUG rally_openstack.contexts.keystone.users [-] Creating 6 users using 6 threads
2020-04-13 01:21:52.183 15 INFO rally.task.context [-] Task 0a402ac2-3c23-4fde-b782-218d8bf1e29c | Context users@openstack setup() finished in 1.44 sec
2020-04-13 01:21:52.464 15 INFO rally.task.context [-] Task 0a402ac2-3c23-4fde-b782-218d8bf1e29c | Context quotas@openstack setup() finished in 0.28 sec
2020-04-13 01:21:52.465 15 INFO rally.task.context [-] Task 0a402ac2-3c23-4fde-b782-218d8bf1e29c | Context cleanup@openstack setup() finished in 0.01 msec
2020-04-13 01:21:52.473 15 RALLYDEBUG rally.task.runner [-] Starting the constant runner (task UUID: 0a402ac2-3c23-4fde-b782-218d8bf1e29c). times: 50 concurrency: 10 timeout: 0 max_cpu_used: 88 processes_to_start: 10 concurrency_per_worker: 1 concurrency_overhead: 0
2020-04-13 01:21:52.486 6181 RALLYDEBUG rally.task.runner [-] Starting a worker. times: 50 duration: None concurrency: 1 timeout: 0 cls: method_name: run args: {"security_group_args": {}, "security_group_rule_args": {}}
2020-04-13 01:21:52.489 6182 RALLYDEBUG rally.task.runner [-] Starting a worker. times: 50 duration: None concurrency: 1 timeout: 0 cls: method_name: run args: {"security_group_args": {}, "security_group_rule_args": {}}
2020-04-13 01:21:52.491 6183 RALLYDEBUG rally.task.runner [-] Starting a worker. times: 50 duration: None concurrency: 1 timeout: 0 cls: method_name: run args: {"security_group_args": {}, "security_group_rule_args": {}}
2020-04-13 01:21:52.494 6181 INFO rally.task.runner [-] Task 0a402ac2-3c23-4fde-b782-218d8bf1e29c | ITER: 1 START
2020-04-13 01:21:52.494 6184 RALLYDEBUG rally.task.runner [-] Starting a worker. times: 50 duration: None concurrency: 1 timeout: 0 cls: method_name: run args: {"security_group_args": {}, "security_group_rule_args": {}}
2020-04-13 01:21:52.495 6182 INFO rally.task.runner [-] Task 0a402ac2-3c23-4fde-b782-218d8bf1e29c | ITER: 2 START
2020-04-13 01:21:52.497 6186 RALLYDEBUG rally.task.runner [-] Starting a worker. times: 50 duration: None concurrency: 1 timeout: 0 cls: method_name: run args: {"security_group_args": {}, "security_group_rule_args": {}}
2020-04-13 01:21:52.498 6183 INFO rally.task.runner [-] Task 0a402ac2-3c23-4fde-b782-218d8bf1e29c | ITER: 3 START
2020-04-13 01:21:52.500 6190 RALLYDEBUG rally.task.runner [-] Starting a worker. times: 50 duration: None concurrency: 1 timeout: 0 cls: method_name: run args: {"security_group_args": {}, "security_group_rule_args": {}}
2020-04-13 01:21:52.501 6184 INFO rally.task.runner [-] Task 0a402ac2-3c23-4fde-b782-218d8bf1e29c | ITER: 4 START
2020-04-13 01:21:52.503 6193 RALLYDEBUG rally.task.runner [-] Starting a worker. times: 50 duration: None concurrency: 1 timeout: 0 cls: method_name: run args: {"security_group_args": {}, "security_group_rule_args": {}}
2020-04-13 01:21:52.504 6186 INFO rally.task.runner [-] Task 0a402ac2-3c23-4fde-b782-218d8bf1e29c | ITER: 5 START
2020-04-13 01:21:52.507 6190 INFO rally.task.runner [-] Task 0a402ac2-3c23-4fde-b782-218d8bf1e29c | ITER: 6 START
2020-04-13 01:21:52.506 6196 RALLYDEBUG rally.task.runner [-] Starting a worker. times: 50 duration: None concurrency: 1 timeout: 0 cls: method_name: run args: {"security_group_args": {}, "security_group_rule_args": {}}
2020-04-13 01:21:52.509 6199 RALLYDEBUG rally.task.runner [-] Starting a worker. times: 50 duration: None concurrency: 1 timeout: 0 cls: method_name: run args: {"security_group_args": {}, "security_group_rule_args": {}}
2020-04-13 01:21:52.510 6193 INFO rally.task.runner [-] Task 0a402ac2-3c23-4fde-b782-218d8bf1e29c | ITER: 7 START
2020-04-13 01:21:52.512 6202 RALLYDEBUG rally.task.runner [-] Starting a worker. times: 50 duration: None concurrency: 1 timeout: 0 cls: method_name: run args: {"security_group_args": {}, "security_group_rule_args": {}}
2020-04-13 01:21:52.514 6196 INFO rally.task.runner [-] Task 0a402ac2-3c23-4fde-b782-218d8bf1e29c | ITER: 8 START
2020-04-13 01:21:52.516 6199 INFO rally.task.runner [-] Task 0a402ac2-3c23-4fde-b782-218d8bf1e29c | ITER: 9 START
2020-04-13 01:21:52.518 6202 INFO rally.task.runner [-] Task 0a402ac2-3c23-4fde-b782-218d8bf1e29c | ITER: 10 START
2020-04-13 01:21:53.313 6181 INFO rally.task.runner [-] Task 0a402ac2-3c23-4fde-b782-218d8bf1e29c | ITER: 1 END: OK
2020-04-13 01:21:53.318 6181 INFO rally.task.runner [-] Task 0a402ac2-3c23-4fde-b782-218d8bf1e29c | ITER: 11 START
2020-04-13 01:21:53.349 6183 INFO rally.task.runner [-] Task 0a402ac2-3c23-4fde-b782-218d8bf1e29c | ITER: 3 END: OK
2020-04-13 01:21:53.354 6183 INFO rally.task.runner [-] Task 0a402ac2-3c23-4fde-b782-218d8bf1e29c | ITER: 12 START
2020-04-13 01:21:53.910 6182 INFO rally.task.runner [-] Task 0a402ac2-3c23-4fde-b782-218d8bf1e29c | ITER: 2 END: OK
2020-04-13 01:21:53.915 6182 INFO rally.task.runner [-] Task 0a402ac2-3c23-4fde-b782-218d8bf1e29c | ITER: 13 START
2020-04-13 01:21:53.944 6184 INFO rally.task.runner [-] Task 0a402ac2-3c23-4fde-b782-218d8bf1e29c | ITER: 4 END: OK
2020-04-13 01:21:53.949 6184 INFO rally.task.runner [-] Task 0a402ac2-3c23-4fde-b782-218d8bf1e29c | ITER: 14 START
2020-04-13 01:21:54.251 6202 INFO rally.task.runner [-] Task 0a402ac2-3c23-4fde-b782-218d8bf1e29c | ITER: 10 END: OK
2020-04-13 01:21:54.256 6202 INFO rally.task.runner [-] Task 0a402ac2-3c23-4fde-b782-218d8bf1e29c | ITER: 15 START
2020-04-13 01:21:54.330 6190 INFO rally.task.runner [-] Task 0a402ac2-3c23-4fde-b782-218d8bf1e29c | ITER: 6 END: OK
2020-04-13 01:21:54.336 6190 INFO rally.task.runner [-] Task 0a402ac2-3c23-4fde-b782-218d8bf1e29c | ITER: 16 START
2020-04-13 01:21:54.358 6193 INFO rally.task.runner [-] Task 0a402ac2-3c23-4fde-b782-218d8bf1e29c | ITER: 7 END: OK
2020-04-13 01:21:54.364 6193 INFO rally.task.runner [-] Task 0a402ac2-3c23-4fde-b782-218d8bf1e29c | ITER: 17 START
2020-04-13 01:21:54.366 6196 INFO rally.task.runner [-] Task 0a402ac2-3c23-4fde-b782-218d8bf1e29c | ITER: 8 END: OK
2020-04-13 01:21:54.371 6196 INFO rally.task.runner [-] Task 0a402ac2-3c23-4fde-b782-218d8bf1e29c | ITER: 18 START
2020-04-13 01:21:54.643 6181 INFO rally.task.runner [-] Task 0a402ac2-3c23-4fde-b782-218d8bf1e29c | ITER: 11 END: OK
2020-04-13 01:21:54.648 6181 INFO rally.task.runner [-] Task 0a402ac2-3c23-4fde-b782-218d8bf1e29c | ITER: 19 START
2020-04-13 01:21:54.771 6199 INFO rally.task.runner [-] Task 0a402ac2-3c23-4fde-b782-218d8bf1e29c | ITER: 9 END: OK
2020-04-13 01:21:54.776 6199 INFO rally.task.runner [-] Task 0a402ac2-3c23-4fde-b782-218d8bf1e29c | ITER: 20 START
2020-04-13 01:21:54.865 6186 INFO rally.task.runner [-] Task 0a402ac2-3c23-4fde-b782-218d8bf1e29c | ITER: 5 END: OK
2020-04-13 01:21:54.868 6202 INFO rally.task.runner [-] Task 0a402ac2-3c23-4fde-b782-218d8bf1e29c | ITER: 15 END: OK
2020-04-13 01:21:54.869 6186 INFO rally.task.runner [-] Task 0a402ac2-3c23-4fde-b782-218d8bf1e29c | ITER: 21 START
2020-04-13 01:21:54.873 6202 INFO rally.task.runner [-] Task 0a402ac2-3c23-4fde-b782-218d8bf1e29c | ITER: 22 START
2020-04-13 01:21:55.005 6183 INFO rally.task.runner [-] Task 0a402ac2-3c23-4fde-b782-218d8bf1e29c | ITER: 12 END: OK
2020-04-13 01:21:55.010 6183 INFO rally.task.runner [-] Task 0a402ac2-3c23-4fde-b782-218d8bf1e29c | ITER: 23 START
2020-04-13 01:21:55.137 6196 INFO rally.task.runner [-] Task 0a402ac2-3c23-4fde-b782-218d8bf1e29c | ITER: 18 END: OK
2020-04-13 01:21:55.142 6196 INFO rally.task.runner [-] Task 0a402ac2-3c23-4fde-b782-218d8bf1e29c | ITER: 24 START
2020-04-13 01:21:55.246 6193 INFO rally.task.runner [-] Task 0a402ac2-3c23-4fde-b782-218d8bf1e29c | ITER: 17 END: OK
2020-04-13 01:21:55.250 6193 INFO rally.task.runner [-] Task 0a402ac2-3c23-4fde-b782-218d8bf1e29c | ITER: 25 START
2020-04-13 01:21:55.405 6190 INFO rally.task.runner [-] Task 0a402ac2-3c23-4fde-b782-218d8bf1e29c | ITER: 16 END: OK
2020-04-13 01:21:55.410 6190 INFO rally.task.runner [-] Task 0a402ac2-3c23-4fde-b782-218d8bf1e29c | ITER: 26 START
2020-04-13 01:21:55.423 6199 INFO rally.task.runner [-] Task 0a402ac2-3c23-4fde-b782-218d8bf1e29c | ITER: 20 END: OK
2020-04-13 01:21:55.427 6199 INFO rally.task.runner [-] Task 0a402ac2-3c23-4fde-b782-218d8bf1e29c | ITER: 27 START
2020-04-13 01:21:55.437 6184 INFO rally.task.runner [-] Task 0a402ac2-3c23-4fde-b782-218d8bf1e29c | ITER: 14 END: OK
2020-04-13 01:21:55.439 6182 INFO rally.task.runner [-] Task 0a402ac2-3c23-4fde-b782-218d8bf1e29c | ITER: 13 END: OK
2020-04-13 01:21:55.442 6184 INFO rally.task.runner [-] Task 0a402ac2-3c23-4fde-b782-218d8bf1e29c | ITER: 28 START
2020-04-13 01:21:55.442 6182 INFO rally.task.runner [-] Task 0a402ac2-3c23-4fde-b782-218d8bf1e29c | ITER: 29 START
2020-04-13 01:21:55.484 6181 INFO rally.task.runner [-] Task 0a402ac2-3c23-4fde-b782-218d8bf1e29c | ITER: 19 END: OK
2020-04-13 01:21:55.489 6181 INFO rally.task.runner [-] Task 0a402ac2-3c23-4fde-b782-218d8bf1e29c | ITER: 30 START
2020-04-13 01:21:55.708 6202 INFO rally.task.runner [-] Task 0a402ac2-3c23-4fde-b782-218d8bf1e29c | ITER: 22 END: OK
2020-04-13 01:21:55.712 6202 INFO rally.task.runner [-] Task 0a402ac2-3c23-4fde-b782-218d8bf1e29c | ITER: 31 START
2020-04-13 01:21:55.861 6183 INFO rally.task.runner [-] Task 0a402ac2-3c23-4fde-b782-218d8bf1e29c | ITER: 23 END: OK
2020-04-13 01:21:55.867 6183 INFO rally.task.runner [-] Task 0a402ac2-3c23-4fde-b782-218d8bf1e29c | ITER: 32 START
2020-04-13 01:21:55.885 6186 INFO rally.task.runner [-] Task 0a402ac2-3c23-4fde-b782-218d8bf1e29c | ITER: 21 END: OK
2020-04-13 01:21:55.890 6186 INFO rally.task.runner [-] Task 0a402ac2-3c23-4fde-b782-218d8bf1e29c | ITER: 33 START
2020-04-13 01:21:55.891 6196 INFO rally.task.runner [-] Task 0a402ac2-3c23-4fde-b782-218d8bf1e29c | ITER: 24 END: OK
2020-04-13 01:21:55.896 6196 INFO rally.task.runner [-] Task 0a402ac2-3c23-4fde-b782-218d8bf1e29c | ITER: 34 START
2020-04-13 01:21:56.069 6182 INFO rally.task.runner [-] Task 0a402ac2-3c23-4fde-b782-218d8bf1e29c | ITER: 29 END: OK
2020-04-13 01:21:56.073 6182 INFO rally.task.runner [-] Task 0a402ac2-3c23-4fde-b782-218d8bf1e29c | ITER: 35 START
2020-04-13 01:21:56.105 6193 INFO rally.task.runner [-] Task 0a402ac2-3c23-4fde-b782-218d8bf1e29c | ITER: 25 END: OK
2020-04-13 01:21:56.109 6193 INFO rally.task.runner [-] Task 0a402ac2-3c23-4fde-b782-218d8bf1e29c | ITER: 36 START
2020-04-13 01:21:56.112 6190 INFO rally.task.runner [-] Task 0a402ac2-3c23-4fde-b782-218d8bf1e29c | ITER: 26 END: OK
2020-04-13 01:21:56.117 6190 INFO rally.task.runner [-] Task 0a402ac2-3c23-4fde-b782-218d8bf1e29c | ITER: 37 START
2020-04-13 01:21:56.343 6181 INFO rally.task.runner [-] Task 0a402ac2-3c23-4fde-b782-218d8bf1e29c | ITER: 30 END: OK
2020-04-13 01:21:56.348 6181 INFO rally.task.runner [-] Task 0a402ac2-3c23-4fde-b782-218d8bf1e29c | ITER: 38 START
2020-04-13 01:21:56.370 6202 INFO rally.task.runner [-] Task 0a402ac2-3c23-4fde-b782-218d8bf1e29c | ITER: 31 END: OK
2020-04-13 01:21:56.373 6202 INFO rally.task.runner [-] Task 0a402ac2-3c23-4fde-b782-218d8bf1e29c | ITER: 39 START
2020-04-13 01:21:56.399 6199 INFO rally.task.runner [-] Task 0a402ac2-3c23-4fde-b782-218d8bf1e29c | ITER: 27 END: OK
2020-04-13 01:21:56.401 6184 INFO rally.task.runner [-] Task 0a402ac2-3c23-4fde-b782-218d8bf1e29c | ITER: 28 END: OK
2020-04-13 01:21:56.403 6199 INFO rally.task.runner [-] Task 0a402ac2-3c23-4fde-b782-218d8bf1e29c | ITER: 40 START
2020-04-13 01:21:56.405 6184 INFO rally.task.runner [-] Task 0a402ac2-3c23-4fde-b782-218d8bf1e29c | ITER: 41 START
2020-04-13 01:21:56.646 6196 INFO rally.task.runner [-] Task 0a402ac2-3c23-4fde-b782-218d8bf1e29c | ITER: 34 END: OK
2020-04-13 01:21:56.651 6196 INFO rally.task.runner [-] Task 0a402ac2-3c23-4fde-b782-218d8bf1e29c | ITER: 42 START
2020-04-13 01:21:56.749 6182 INFO rally.task.runner [-] Task 0a402ac2-3c23-4fde-b782-218d8bf1e29c | ITER: 35 END: OK
2020-04-13 01:21:56.750 6186 INFO rally.task.runner [-] Task 0a402ac2-3c23-4fde-b782-218d8bf1e29c | ITER: 33 END: OK
2020-04-13 01:21:56.752 6183 INFO rally.task.runner [-] Task 0a402ac2-3c23-4fde-b782-218d8bf1e29c | ITER: 32 END: OK
2020-04-13 01:21:56.754 6182 INFO rally.task.runner [-] Task 0a402ac2-3c23-4fde-b782-218d8bf1e29c | ITER: 43 START
2020-04-13 01:21:56.754 6186 INFO rally.task.runner [-] Task 0a402ac2-3c23-4fde-b782-218d8bf1e29c | ITER: 44 START
2020-04-13 01:21:56.755 6183 INFO rally.task.runner [-] Task 0a402ac2-3c23-4fde-b782-218d8bf1e29c | ITER: 45 START
2020-04-13 01:21:56.925 6193 INFO rally.task.runner [-] Task 0a402ac2-3c23-4fde-b782-218d8bf1e29c | ITER: 36 END: OK
2020-04-13 01:21:56.929 6193 INFO rally.task.runner [-] Task 0a402ac2-3c23-4fde-b782-218d8bf1e29c | ITER: 46 START
2020-04-13 01:21:56.980 6202 INFO rally.task.runner [-] Task 0a402ac2-3c23-4fde-b782-218d8bf1e29c | ITER: 39 END: OK
2020-04-13 01:21:56.983 6202 INFO rally.task.runner [-] Task 0a402ac2-3c23-4fde-b782-218d8bf1e29c | ITER: 47 START
2020-04-13 01:21:57.007 6190 INFO rally.task.runner [-] Task 0a402ac2-3c23-4fde-b782-218d8bf1e29c | ITER: 37 END: OK
2020-04-13 01:21:57.011 6190 INFO rally.task.runner [-] Task 0a402ac2-3c23-4fde-b782-218d8bf1e29c | ITER: 48 START
2020-04-13 01:21:57.036 6199 INFO rally.task.runner [-] Task 0a402ac2-3c23-4fde-b782-218d8bf1e29c | ITER: 40 END: OK
2020-04-13 01:21:57.039 6199 INFO rally.task.runner [-] Task 0a402ac2-3c23-4fde-b782-218d8bf1e29c | ITER: 49 START
2020-04-13 01:21:57.060 6181 INFO rally.task.runner [-] Task 0a402ac2-3c23-4fde-b782-218d8bf1e29c | ITER: 38 END: OK
2020-04-13 01:21:57.065 6181 INFO rally.task.runner [-] Task 0a402ac2-3c23-4fde-b782-218d8bf1e29c | ITER: 50 START
2020-04-13 01:21:57.177 6184 INFO rally.task.runner [-] Task 0a402ac2-3c23-4fde-b782-218d8bf1e29c | ITER: 41 END: OK
2020-04-13 01:21:57.288 6196 INFO rally.task.runner [-] Task 0a402ac2-3c23-4fde-b782-218d8bf1e29c | ITER: 42 END: OK
2020-04-13 01:21:57.408 6182 INFO rally.task.runner [-] Task 0a402ac2-3c23-4fde-b782-218d8bf1e29c | ITER: 43 END: OK
2020-04-13 01:21:57.414 6186 INFO rally.task.runner [-] Task 0a402ac2-3c23-4fde-b782-218d8bf1e29c | ITER: 44 END: OK
2020-04-13 01:21:57.783 6202 INFO rally.task.runner [-] Task 0a402ac2-3c23-4fde-b782-218d8bf1e29c | ITER: 47 END: OK
2020-04-13 01:21:57.799 6181 INFO rally.task.runner [-] Task 0a402ac2-3c23-4fde-b782-218d8bf1e29c | ITER: 50 END: OK
2020-04-13 01:21:57.839 6183 INFO rally.task.runner [-] Task 0a402ac2-3c23-4fde-b782-218d8bf1e29c | ITER: 45 END: OK
2020-04-13 01:21:57.977 6190 INFO rally.task.runner [-] Task 0a402ac2-3c23-4fde-b782-218d8bf1e29c | ITER: 48 END: OK
2020-04-13 01:21:57.979 6199 INFO rally.task.runner [-] Task 0a402ac2-3c23-4fde-b782-218d8bf1e29c | ITER: 49 END: OK
2020-04-13 01:21:58.044 6193 INFO rally.task.runner [-] Task 0a402ac2-3c23-4fde-b782-218d8bf1e29c | ITER: 46 END: OK
2020-04-13 01:21:58.067 15 INFO rally.task.context [-] Task 0a402ac2-3c23-4fde-b782-218d8bf1e29c | Context cleanup@openstack cleanup() started
2020-04-13 01:21:58.071 15 RALLYDEBUG rally_openstack.cleanup.manager [-] Cleaning up neutron vip objects
2020-04-13 01:21:58.486 15 RALLYDEBUG rally_openstack.cleanup.manager [-] Cleaning up neutron health_monitor objects
2020-04-13 01:21:58.808 15 RALLYDEBUG rally_openstack.cleanup.manager [-] Cleaning up neutron pool objects
2020-04-13 01:21:59.087 15 RALLYDEBUG rally_openstack.cleanup.manager [-] Cleaning up neutron loadbalancer objects
2020-04-13 01:21:59.329 15 RALLYDEBUG rally_openstack.cleanup.manager [-] Cleaning up neutron floatingip objects
2020-04-13 01:21:59.943 15 RALLYDEBUG rally_openstack.cleanup.manager [-] Cleaning up neutron trunk objects
2020-04-13 01:22:00.503 15 RALLYDEBUG rally_openstack.cleanup.manager [-] Cleaning up neutron port objects
2020-04-13 01:22:01.296 15 RALLYDEBUG rally_openstack.cleanup.manager [-] Cleaning up neutron subnet objects
2020-04-13 01:22:01.642 15 RALLYDEBUG rally_openstack.cleanup.manager [-] Cleaning up neutron network objects
2020-04-13 01:22:01.979 15 RALLYDEBUG rally_openstack.cleanup.manager [-] Cleaning up neutron router objects
2020-04-13 01:22:02.397 15 RALLYDEBUG rally_openstack.cleanup.manager [-] Cleaning up neutron security_group objects
2020-04-13 01:22:03.224 15 INFO rally.task.context [-] Task 0a402ac2-3c23-4fde-b782-218d8bf1e29c | Context cleanup@openstack cleanup() finished in 5.16 sec
2020-04-13 01:22:03.225 15 INFO rally.task.context [-] Task 0a402ac2-3c23-4fde-b782-218d8bf1e29c | Context quotas@openstack cleanup() started
2020-04-13 01:22:03.261 15 INFO rally.task.context [-] Task 0a402ac2-3c23-4fde-b782-218d8bf1e29c | Context quotas@openstack cleanup() finished in 36.10 msec
2020-04-13 01:22:03.261 15 INFO rally.task.context [-] Task 0a402ac2-3c23-4fde-b782-218d8bf1e29c | Context users@openstack cleanup() started
2020-04-13 01:22:03.509 15 WARNING rally.common.logging [-] `iterate_per_tenants()' is deprecated in v3.0.0: it is openstack specific.. Used at
2020-04-13 01:22:05.236 15 INFO rally.task.context [-] Task 0a402ac2-3c23-4fde-b782-218d8bf1e29c | Context users@openstack cleanup() finished in 1.98 sec
2020-04-13 01:22:06.836 15 INFO rally.task.engine [-] Load duration is: 5.549351
2020-04-13 01:22:06.836 15 INFO rally.task.engine [-] Full runner duration is: 5.594259
2020-04-13 01:22:06.837 15 INFO rally.task.engine [-] Full duration is: 14.500009
2020-04-13 01:22:06.936 15 INFO rally.task.engine [-] Running workload: position = 1 config = { "version": 2, "title": "A cropped version of a bigger task.", "description": "Auto-generated task from a single workload (uuid=d1507450-08de-458e-bfa8-2f20696766a9)", "subtasks": [ { "title": "NeutronSecurityGroup.create_and_delete_security_groups", "description": "Create and delete Neutron security-groups.", "scenario": { "NeutronSecurityGroup.create_and_delete_security_groups": { "security_group_create_args": {} } }, "contexts": { "users": { "tenants": 2, "users_per_tenant": 3 }, "quotas": { "neutron": { "security_group": -1 } } }, "runner": { "constant": { "times": 50, "concurrency": 10 } }, "hooks": [], "sla": { "failure_rate": { "max": 0 } } } ] }
2020-04-13 01:22:06.958 15 RALLYDEBUG rally_openstack.contexts.keystone.users [-] Creating 2 tenants using 2 threads
2020-04-13 01:22:07.418 15 RALLYDEBUG rally_openstack.contexts.keystone.users [-] Creating 6 users using 6 threads
2020-04-13 01:22:08.296 15 INFO rally.task.context [-] Task 0a402ac2-3c23-4fde-b782-218d8bf1e29c | Context users@openstack setup() finished in 1.34 sec
2020-04-13 01:22:08.577 15 INFO rally.task.context [-] Task 0a402ac2-3c23-4fde-b782-218d8bf1e29c | Context quotas@openstack setup() finished in 0.28 sec
2020-04-13 01:22:08.578 15 INFO rally.task.context [-] Task 0a402ac2-3c23-4fde-b782-218d8bf1e29c | Context cleanup@openstack setup() finished in 0.01 msec
2020-04-13 01:22:08.588 15 RALLYDEBUG rally.task.runner [-] Starting the constant runner (task UUID: 0a402ac2-3c23-4fde-b782-218d8bf1e29c). times: 50 concurrency: 10 timeout: 0 max_cpu_used: 88 processes_to_start: 10 concurrency_per_worker: 1 concurrency_overhead: 0
2020-04-13 01:22:08.601 6531 RALLYDEBUG rally.task.runner [-] Starting a worker. times: 50 duration: None concurrency: 1 timeout: 0 cls: method_name: run args: {"security_group_create_args": {}}
2020-04-13 01:22:08.603 6532 RALLYDEBUG rally.task.runner [-] Starting a worker. times: 50 duration: None concurrency: 1 timeout: 0 cls: method_name: run args: {"security_group_create_args": {}}
2020-04-13 01:22:08.606 6533 RALLYDEBUG rally.task.runner [-] Starting a worker. times: 50 duration: None concurrency: 1 timeout: 0 cls: method_name: run args: {"security_group_create_args": {}}
2020-04-13 01:22:08.608 6531 INFO rally.task.runner [-] Task 0a402ac2-3c23-4fde-b782-218d8bf1e29c | ITER: 1 START
2020-04-13 01:22:08.609 6534 RALLYDEBUG rally.task.runner [-] Starting a worker. times: 50 duration: None concurrency: 1 timeout: 0 cls: method_name: run args: {"security_group_create_args": {}}
2020-04-13 01:22:08.610 6532 INFO rally.task.runner [-] Task 0a402ac2-3c23-4fde-b782-218d8bf1e29c | ITER: 2 START
2020-04-13 01:22:08.611 6536 RALLYDEBUG rally.task.runner [-] Starting a worker. times: 50 duration: None concurrency: 1 timeout: 0 cls: method_name: run args: {"security_group_create_args": {}}
2020-04-13 01:22:08.613 6533 INFO rally.task.runner [-] Task 0a402ac2-3c23-4fde-b782-218d8bf1e29c | ITER: 3 START
2020-04-13 01:22:08.614 6540 RALLYDEBUG rally.task.runner [-] Starting a worker. times: 50 duration: None concurrency: 1 timeout: 0 cls: method_name: run args: {"security_group_create_args": {}}
2020-04-13 01:22:08.615 6534 INFO rally.task.runner [-] Task 0a402ac2-3c23-4fde-b782-218d8bf1e29c | ITER: 4 START
2020-04-13 01:22:08.617 6543 RALLYDEBUG rally.task.runner [-] Starting a worker. times: 50 duration: None concurrency: 1 timeout: 0 cls: method_name: run args: {"security_group_create_args": {}}
2020-04-13 01:22:08.618 6536 INFO rally.task.runner [-] Task 0a402ac2-3c23-4fde-b782-218d8bf1e29c | ITER: 5 START
2020-04-13 01:22:08.620 6540 INFO rally.task.runner [-] Task 0a402ac2-3c23-4fde-b782-218d8bf1e29c | ITER: 6 START
2020-04-13 01:22:08.620 6546 RALLYDEBUG rally.task.runner [-] Starting a worker. times: 50 duration: None concurrency: 1 timeout: 0 cls: method_name: run args: {"security_group_create_args": {}}
2020-04-13 01:22:08.623 6543 INFO rally.task.runner [-] Task 0a402ac2-3c23-4fde-b782-218d8bf1e29c | ITER: 7 START
2020-04-13 01:22:08.622 6549 RALLYDEBUG rally.task.runner [-] Starting a worker. times: 50 duration: None concurrency: 1 timeout: 0 cls: method_name: run args: {"security_group_create_args": {}}
2020-04-13 01:22:08.625 6552 RALLYDEBUG rally.task.runner [-] Starting a worker. times: 50 duration: None concurrency: 1 timeout: 0 cls: method_name: run args: {"security_group_create_args": {}}
2020-04-13 01:22:08.626 6546 INFO rally.task.runner [-] Task 0a402ac2-3c23-4fde-b782-218d8bf1e29c | ITER: 8 START
2020-04-13 01:22:08.629 6549 INFO rally.task.runner [-] Task 0a402ac2-3c23-4fde-b782-218d8bf1e29c | ITER: 9 START
2020-04-13 01:22:08.631 6552 INFO rally.task.runner [-] Task 0a402ac2-3c23-4fde-b782-218d8bf1e29c | ITER: 10 START
2020-04-13 01:22:09.184 6543 INFO rally.task.runner [-] Task 0a402ac2-3c23-4fde-b782-218d8bf1e29c | ITER: 7 END: OK
2020-04-13 01:22:09.190 6543 INFO rally.task.runner [-] Task 0a402ac2-3c23-4fde-b782-218d8bf1e29c | ITER: 11 START
2020-04-13 01:22:09.220 6549 INFO rally.task.runner [-] Task 0a402ac2-3c23-4fde-b782-218d8bf1e29c | ITER: 9 END: OK
2020-04-13 01:22:09.225 6549 INFO rally.task.runner [-] Task 0a402ac2-3c23-4fde-b782-218d8bf1e29c | ITER: 12 START
2020-04-13 01:22:09.283 6536 INFO rally.task.runner [-] Task 0a402ac2-3c23-4fde-b782-218d8bf1e29c | ITER: 5 END: OK
2020-04-13 01:22:09.288 6536 INFO rally.task.runner [-] Task 0a402ac2-3c23-4fde-b782-218d8bf1e29c | ITER: 13 START
2020-04-13 01:22:09.767 6540 INFO rally.task.runner [-] Task 0a402ac2-3c23-4fde-b782-218d8bf1e29c | ITER: 6 END: OK
2020-04-13 01:22:09.771 6540 INFO rally.task.runner [-] Task 0a402ac2-3c23-4fde-b782-218d8bf1e29c | ITER: 14 START
2020-04-13 01:22:09.869 6549 INFO rally.task.runner [-] Task 0a402ac2-3c23-4fde-b782-218d8bf1e29c | ITER: 12 END: OK
2020-04-13 01:22:09.873 6549 INFO rally.task.runner [-] Task 0a402ac2-3c23-4fde-b782-218d8bf1e29c | ITER: 15 START
2020-04-13 01:22:09.979 6534 INFO rally.task.runner [-] Task 0a402ac2-3c23-4fde-b782-218d8bf1e29c | ITER: 4 END: OK
2020-04-13 01:22:09.983 6533 INFO rally.task.runner [-] Task 0a402ac2-3c23-4fde-b782-218d8bf1e29c | ITER: 3 END: OK
2020-04-13 01:22:09.983 6534 INFO rally.task.runner [-] Task 0a402ac2-3c23-4fde-b782-218d8bf1e29c | ITER: 16 START
