2020-04-13 01:01:15.705 6 RALLYDEBUG rally.api [-] INFO logs from urllib3 and requests module are hide.
2020-04-13 01:01:15.706 6 RALLYDEBUG rally.api [-] urllib3 insecure warnings are hidden.
2020-04-13 01:01:15.706 6 RALLYDEBUG rally.api [-] ERROR log from boto module is hide.
2020-04-13 01:01:17.576 6 ERROR rally.cli.cliutils [-] Unexpected exception in CLI: rally.exceptions.DBRecordNotFound: Record for uuid or name is opnfv-rally not found in table envs
2020-04-13 01:01:17.576 6 ERROR rally.cli.cliutils
Traceback (most recent call last):
2020-04-13 01:01:17.576 6 ERROR rally.cli.cliutils
File "/usr/lib/python3.7/site-packages/rally/cli/cliutils.py", line 657, in run
2020-04-13 01:01:17.576 6 ERROR rally.cli.cliutils ret = fn(*fn_args, **fn_kwargs)
2020-04-13 01:01:17.576 6 ERROR rally.cli.cliutils File "", line 2, in destroy
2020-04-13 01:01:17.576 6 ERROR rally.cli.cliutils
File "/usr/lib/python3.7/site-packages/rally/cli/envutils.py", line 135, in default_from_global
2020-04-13 01:01:17.576 6 ERROR rally.cli.cliutils return f(*args, **kwargs)
2020-04-13 01:01:17.576 6 ERROR rally.cli.cliutils File "", line 2, in destroy
2020-04-13 01:01:17.576 6 ERROR rally.cli.cliutils
File "/usr/lib/python3.7/site-packages/rally/plugins/__init__.py", line 59, in ensure_plugins_are_loaded
2020-04-13 01:01:17.576 6 ERROR rally.cli.cliutils return f(*args, **kwargs)
2020-04-13 01:01:17.576 6 ERROR rally.cli.cliutils
File "/usr/lib/python3.7/site-packages/rally/cli/commands/deployment.py", line 154, in destroy
2020-04-13 01:01:17.576 6 ERROR rally.cli.cliutils api.deployment.destroy(deployment=deployment)
2020-04-13 01:01:17.576 6 ERROR rally.cli.cliutils
File "/usr/lib/python3.7/site-packages/rally/api.py", line 115, in destroy
2020-04-13 01:01:17.576 6 ERROR rally.cli.cliutils deploy = objects.Deployment.get(deployment)
2020-04-13 01:01:17.576 6 ERROR rally.cli.cliutils
File "/usr/lib/python3.7/site-packages/rally/common/objects/deploy.py", line 124, in get
2020-04-13 01:01:17.576 6 ERROR rally.cli.cliutils return Deployment(env_mgr.EnvManager.get(deploy))
2020-04-13 01:01:17.576 6 ERROR rally.cli.cliutils
File "/usr/lib/python3.7/site-packages/rally/env/env_mgr.py", line 212, in get
2020-04-13 01:01:17.576 6 ERROR rally.cli.cliutils return cls(db.env_get(uuid_or_name))
2020-04-13 01:01:17.576 6 ERROR rally.cli.cliutils
File "/usr/lib/python3.7/site-packages/rally/common/db/api.py", line 133, in wrapper
2020-04-13 01:01:17.576 6 ERROR rally.cli.cliutils result = f(session, *args, **kwargs)
2020-04-13 01:01:17.576 6 ERROR rally.cli.cliutils
File "/usr/lib/python3.7/site-packages/rally/common/db/api.py", line 519, in env_get
2020-04-13 01:01:17.576 6 ERROR rally.cli.cliutils criteria="uuid or name is %s" % uuid_or_name, table="envs")
2020-04-13 01:01:17.576 6 ERROR rally.cli.cliutils rally.exceptions.DBRecordNotFound: Record for uuid or name is opnfv-rally not found in table envs
2020-04-13 01:01:17.576 6 ERROR rally.cli.cliutils
2020-04-13 01:01:18.958 8 RALLYDEBUG rally.api [-] INFO logs from urllib3 and requests module are hide.
2020-04-13 01:01:18.958 8 RALLYDEBUG rally.api [-] urllib3 insecure warnings are hidden.
2020-04-13 01:01:18.958 8 RALLYDEBUG rally.api [-] ERROR log from boto module is hide.
2020-04-13 01:01:22.501 10 RALLYDEBUG rally.api [-] INFO logs from urllib3 and requests module are hide.
2020-04-13 01:01:22.502 10 RALLYDEBUG rally.api [-] urllib3 insecure warnings are hidden.
2020-04-13 01:01:22.502 10 RALLYDEBUG rally.api [-] ERROR log from boto module is hide.
2020-04-13 01:01:26.475 13 RALLYDEBUG rally.api [-] INFO logs from urllib3 and requests module are hide.
2020-04-13 01:01:26.476 13 RALLYDEBUG rally.api [-] urllib3 insecure warnings are hidden.
2020-04-13 01:01:26.476 13 RALLYDEBUG rally.api [-] ERROR log from boto module is hide.
2020-04-13 01:01:28.468 15 RALLYDEBUG rally.api [-] INFO logs from urllib3 and requests module are hide.
2020-04-13 01:01:28.468 15 RALLYDEBUG rally.api [-] urllib3 insecure warnings are hidden.
2020-04-13 01:01:28.468 15 RALLYDEBUG rally.api [-] ERROR log from boto module is hide.
2020-04-13 01:01:30.186 15 INFO rally.common.plugin.discover [-] Loading plugins from directories /root/.rally/plugins/*
2020-04-13 01:01:30.187 15 INFO rally.common.plugin.discover [-] Loading plugins from file /root/.rally/plugins/__init__.py
2020-04-13 01:01:30.187 15 INFO rally.common.plugin.discover [-] Loaded module with plugins: __init__
2020-04-13 01:01:30.488 15 INFO rally.task.engine [-] Task 0a402ac2-3c23-4fde-b782-218d8bf1e29c | Starting: Task validation.
2020-04-13 01:01:30.502 15 INFO rally.task.engine [-] Task 0a402ac2-3c23-4fde-b782-218d8bf1e29c | Starting: Task validation of syntax.
2020-04-13 01:01:30.901 15 INFO rally.task.engine [-] Task 0a402ac2-3c23-4fde-b782-218d8bf1e29c | Completed: Task validation of syntax.
2020-04-13 01:01:30.901 15 INFO rally.task.engine [-] Task 0a402ac2-3c23-4fde-b782-218d8bf1e29c | Starting: Task validation of required platforms.
2020-04-13 01:01:31.076 15 INFO rally.task.engine [-] Task 0a402ac2-3c23-4fde-b782-218d8bf1e29c | Completed: Task validation of required platforms.
2020-04-13 01:01:31.076 15 INFO rally.task.engine [-] Task 0a402ac2-3c23-4fde-b782-218d8bf1e29c | Starting: Task validation of semantic.
2020-04-13 01:01:31.076 15 INFO rally.task.engine [-] Check health of the environment '9ad7ff58-a2cb-4288-afa9-1d9989277555'.
2020-04-13 01:01:31.666 15 INFO rally.task.engine [-] Platform existing@openstack (available: True): OK!
2020-04-13 01:01:31.683 15 RALLYDEBUG rally_openstack.contexts.keystone.users [-] Creating 1 tenants using 1 threads
2020-04-13 01:01:32.099 15 RALLYDEBUG rally_openstack.contexts.keystone.users [-] Creating 1 users using 1 threads
2020-04-13 01:01:32.720 15 INFO rally.task.context [-] Task 0a402ac2-3c23-4fde-b782-218d8bf1e29c | Context users@openstack setup() finished in 1.04 sec
2020-04-13 01:01:36.966 15 INFO rally.task.context [-] Task 0a402ac2-3c23-4fde-b782-218d8bf1e29c | Context users@openstack cleanup() started
2020-04-13 01:01:37.237 15 WARNING rally.common.logging [-] `iterate_per_tenants()' is deprecated in v3.0.0: it is openstack specific.. Used at
2020-04-13 01:01:38.236 15 INFO rally.task.context [-] Task 0a402ac2-3c23-4fde-b782-218d8bf1e29c | Context users@openstack cleanup() finished in 1.27 sec
2020-04-13 01:01:38.236 15 INFO rally.task.engine [-] Task 0a402ac2-3c23-4fde-b782-218d8bf1e29c | Completed: Task validation of semantic.
2020-04-13 01:01:38.237 15 INFO rally.task.engine [-] Task 0a402ac2-3c23-4fde-b782-218d8bf1e29c | Completed: Task validation.
2020-04-13 01:01:38.237 15 INFO rally.api [-] Task 0a402ac2-3c23-4fde-b782-218d8bf1e29c input file is valid.
2020-04-13 01:01:38.237 15 INFO rally.api [-] Run Task 0a402ac2-3c23-4fde-b782-218d8bf1e29c against Deployment 9ad7ff58-a2cb-4288-afa9-1d9989277555
2020-04-13 01:01:38.238 15 INFO rally.task.engine [-] Task 0a402ac2-3c23-4fde-b782-218d8bf1e29c | Starting: Running task.
2020-04-13 01:01:38.298 15 INFO rally.task.engine [-] Running workload: position = 0 config = { "version": 2, "title": "A cropped version of a bigger task.", "description": "Auto-generated task from a single workload (uuid=efa829fa-de46-4ffd-b5ae-1aff5d3dd2b0)", "subtasks": [ { "title": "NeutronNetworks.create_and_list_networks", "description": "Check performance of list_networks action and ensure > network quotas are not exceeded", "scenario": { "NeutronNetworks.create_and_list_networks": {} }, "contexts": { "users": { "tenants": 1, "users_per_tenant": 1 }, "quotas": { "neutron": { "network": 119 } } }, "runner": { "constant": { "times": 100, "concurrency": 20 } }, "hooks": [], "sla": { "max_avg_duration_per_atomic": { "neutron.list_networks": 15 }, "failure_rate": { "max": 0 } } } ] }
2020-04-13 01:01:38.318 15 RALLYDEBUG rally_openstack.contexts.keystone.users [-] Creating 1 tenants using 1 threads
2020-04-13 01:01:38.711 15 RALLYDEBUG rally_openstack.contexts.keystone.users [-] Creating 1 users using 1 threads
2020-04-13 01:01:39.394 15 INFO rally.task.context [-] Task 0a402ac2-3c23-4fde-b782-218d8bf1e29c | Context users@openstack setup() finished in 1.08 sec
2020-04-13 01:01:39.600 15 INFO rally.task.context [-] Task 0a402ac2-3c23-4fde-b782-218d8bf1e29c | Context quotas@openstack setup() finished in 0.21 sec
2020-04-13 01:01:39.600 15 INFO rally.task.context [-] Task 0a402ac2-3c23-4fde-b782-218d8bf1e29c | Context cleanup@openstack setup() finished in 0.00 msec
2020-04-13 01:01:39.610 15 RALLYDEBUG rally.task.runner [-] Starting the constant runner (task UUID: 0a402ac2-3c23-4fde-b782-218d8bf1e29c). times: 100 concurrency: 20 timeout: 0 max_cpu_used: 88 processes_to_start: 20 concurrency_per_worker: 1 concurrency_overhead: 0
2020-04-13 01:01:39.623 63 RALLYDEBUG rally.task.runner [-] Starting a worker. times: 100 duration: None concurrency: 1 timeout: 0 cls: method_name: run args: {}
2020-04-13 01:01:39.626 64 RALLYDEBUG rally.task.runner [-] Starting a worker. times: 100 duration: None concurrency: 1 timeout: 0 cls: method_name: run args: {}
2020-04-13 01:01:39.628 63 INFO rally.task.runner [-] Task 0a402ac2-3c23-4fde-b782-218d8bf1e29c | ITER: 1 START
2020-04-13 01:01:39.629 65 RALLYDEBUG rally.task.runner [-] Starting a worker. times: 100 duration: None concurrency: 1 timeout: 0 cls: method_name: run args: {}
2020-04-13 01:01:39.632 64 INFO rally.task.runner [-] Task 0a402ac2-3c23-4fde-b782-218d8bf1e29c | ITER: 2 START
2020-04-13 01:01:39.631 68 RALLYDEBUG rally.task.runner [-] Starting a worker. times: 100 duration: None concurrency: 1 timeout: 0 cls: method_name: run args: {}
2020-04-13 01:01:39.634 65 INFO rally.task.runner [-] Task 0a402ac2-3c23-4fde-b782-218d8bf1e29c | ITER: 3 START
2020-04-13 01:01:39.634 70 RALLYDEBUG rally.task.runner [-] Starting a worker. times: 100 duration: None concurrency: 1 timeout: 0 cls: method_name: run args: {}
2020-04-13 01:01:39.636 68 INFO rally.task.runner [-] Task 0a402ac2-3c23-4fde-b782-218d8bf1e29c | ITER: 4 START
2020-04-13 01:01:39.637 72 RALLYDEBUG rally.task.runner [-] Starting a worker. times: 100 duration: None concurrency: 1 timeout: 0 cls: method_name: run args: {}
2020-04-13 01:01:39.640 70 INFO rally.task.runner [-] Task 0a402ac2-3c23-4fde-b782-218d8bf1e29c | ITER: 5 START
2020-04-13 01:01:39.640 76 RALLYDEBUG rally.task.runner [-] Starting a worker. times: 100 duration: None concurrency: 1 timeout: 0 cls: method_name: run args: {}
2020-04-13 01:01:39.643 72 INFO rally.task.runner [-] Task 0a402ac2-3c23-4fde-b782-218d8bf1e29c | ITER: 6 START
2020-04-13 01:01:39.642 78 RALLYDEBUG rally.task.runner [-] Starting a worker. times: 100 duration: None concurrency: 1 timeout: 0 cls: method_name: run args: {}
2020-04-13 01:01:39.645 76 INFO rally.task.runner [-] Task 0a402ac2-3c23-4fde-b782-218d8bf1e29c | ITER: 7 START
2020-04-13 01:01:39.646 81 RALLYDEBUG rally.task.runner [-] Starting a worker. times: 100 duration: None concurrency: 1 timeout: 0 cls: method_name: run args: {}
2020-04-13 01:01:39.648 78 INFO rally.task.runner [-] Task 0a402ac2-3c23-4fde-b782-218d8bf1e29c | ITER: 8 START
2020-04-13 01:01:39.649 84 RALLYDEBUG rally.task.runner [-] Starting a worker. times: 100 duration: None concurrency: 1 timeout: 0 cls: method_name: run args: {}
2020-04-13 01:01:39.651 81 INFO rally.task.runner [-] Task 0a402ac2-3c23-4fde-b782-218d8bf1e29c | ITER: 9 START
2020-04-13 01:01:39.652 87 RALLYDEBUG rally.task.runner [-] Starting a worker. times: 100 duration: None concurrency: 1 timeout: 0 cls: method_name: run args: {}
2020-04-13 01:01:39.653 84 INFO rally.task.runner [-] Task 0a402ac2-3c23-4fde-b782-218d8bf1e29c | ITER: 10 START
2020-04-13 01:01:39.654 91 RALLYDEBUG rally.task.runner [-] Starting a worker. times: 100 duration: None concurrency: 1 timeout: 0 cls: method_name: run args: {}
2020-04-13 01:01:39.656 87 INFO rally.task.runner [-] Task 0a402ac2-3c23-4fde-b782-218d8bf1e29c | ITER: 11 START
2020-04-13 01:01:39.659 91 INFO rally.task.runner [-] Task 0a402ac2-3c23-4fde-b782-218d8bf1e29c | ITER: 12 START
2020-04-13 01:01:39.661 97 RALLYDEBUG rally.task.runner [-] Starting a worker. times: 100 duration: None concurrency: 1 timeout: 0 cls: method_name: run args: {}
2020-04-13 01:01:39.665 100 RALLYDEBUG rally.task.runner [-] Starting a worker. times: 100 duration: None concurrency: 1 timeout: 0 cls: method_name: run args: {}
2020-04-13 01:01:39.667 97 INFO rally.task.runner [-] Task 0a402ac2-3c23-4fde-b782-218d8bf1e29c | ITER: 13 START
2020-04-13 01:01:39.669 102 RALLYDEBUG rally.task.runner [-] Starting a worker. times: 100 duration: None concurrency: 1 timeout: 0 cls: method_name: run args: {}
2020-04-13 01:01:39.670 100 INFO rally.task.runner [-] Task 0a402ac2-3c23-4fde-b782-218d8bf1e29c | ITER: 14 START
2020-04-13 01:01:39.672 102 INFO rally.task.runner [-] Task 0a402ac2-3c23-4fde-b782-218d8bf1e29c | ITER: 15 START
2020-04-13 01:01:39.672 104 RALLYDEBUG rally.task.runner [-] Starting a worker. times: 100 duration: None concurrency: 1 timeout: 0 cls: method_name: run args: {}
2020-04-13 01:01:39.675 107 RALLYDEBUG rally.task.runner [-] Starting a worker. times: 100 duration: None concurrency: 1 timeout: 0 cls: method_name: run args: {}
2020-04-13 01:01:39.676 104 INFO rally.task.runner [-] Task 0a402ac2-3c23-4fde-b782-218d8bf1e29c | ITER: 16 START
2020-04-13 01:01:39.678 110 RALLYDEBUG rally.task.runner [-] Starting a worker. times: 100 duration: None concurrency: 1 timeout: 0 cls: method_name: run args: {}
2020-04-13 01:01:39.679 107 INFO rally.task.runner [-] Task 0a402ac2-3c23-4fde-b782-218d8bf1e29c | ITER: 17 START
2020-04-13 01:01:39.681 113 RALLYDEBUG rally.task.runner [-] Starting a worker. times: 100 duration: None concurrency: 1 timeout: 0 cls: method_name: run args: {}
2020-04-13 01:01:39.683 110 INFO rally.task.runner [-] Task 0a402ac2-3c23-4fde-b782-218d8bf1e29c | ITER: 18 START
2020-04-13 01:01:39.685 113 INFO rally.task.runner [-] Task 0a402ac2-3c23-4fde-b782-218d8bf1e29c | ITER: 19 START
2020-04-13 01:01:39.684 116 RALLYDEBUG rally.task.runner [-] Starting a worker. times: 100 duration: None concurrency: 1 timeout: 0 cls: method_name: run args: {}
2020-04-13 01:01:39.688 116 INFO rally.task.runner [-] Task 0a402ac2-3c23-4fde-b782-218d8bf1e29c | ITER: 20 START
2020-04-13 01:01:40.502 97 INFO rally.task.runner [-] Task 0a402ac2-3c23-4fde-b782-218d8bf1e29c | ITER: 13 END: OK
2020-04-13 01:01:40.506 97 INFO rally.task.runner [-] Task 0a402ac2-3c23-4fde-b782-218d8bf1e29c | ITER: 21 START
2020-04-13 01:01:40.947 64 INFO rally.task.runner [-] Task 0a402ac2-3c23-4fde-b782-218d8bf1e29c | ITER: 2 END: OK
2020-04-13 01:01:40.950 64 INFO rally.task.runner [-] Task 0a402ac2-3c23-4fde-b782-218d8bf1e29c | ITER: 22 START
2020-04-13 01:01:40.967 78 INFO rally.task.runner [-] Task 0a402ac2-3c23-4fde-b782-218d8bf1e29c | ITER: 8 END: OK
2020-04-13 01:01:40.970 78 INFO rally.task.runner [-] Task 0a402ac2-3c23-4fde-b782-218d8bf1e29c | ITER: 23 START
2020-04-13 01:01:41.094 107 INFO rally.task.runner [-] Task 0a402ac2-3c23-4fde-b782-218d8bf1e29c | ITER: 17 END: OK
2020-04-13 01:01:41.098 107 INFO rally.task.runner [-] Task 0a402ac2-3c23-4fde-b782-218d8bf1e29c | ITER: 24 START
2020-04-13 01:01:41.762 68 INFO rally.task.runner [-] Task 0a402ac2-3c23-4fde-b782-218d8bf1e29c | ITER: 4 END: OK
2020-04-13 01:01:41.766 68 INFO rally.task.runner [-] Task 0a402ac2-3c23-4fde-b782-218d8bf1e29c | ITER: 25 START
2020-04-13 01:01:41.780 65 INFO rally.task.runner [-] Task 0a402ac2-3c23-4fde-b782-218d8bf1e29c | ITER: 3 END: OK
2020-04-13 01:01:41.784 65 INFO rally.task.runner [-] Task 0a402ac2-3c23-4fde-b782-218d8bf1e29c | ITER: 26 START
2020-04-13 01:01:42.172 70 INFO rally.task.runner [-] Task 0a402ac2-3c23-4fde-b782-218d8bf1e29c | ITER: 5 END: OK
2020-04-13 01:01:42.176 70 INFO rally.task.runner [-] Task 0a402ac2-3c23-4fde-b782-218d8bf1e29c | ITER: 27 START
2020-04-13 01:01:42.268 110 INFO rally.task.runner [-] Task 0a402ac2-3c23-4fde-b782-218d8bf1e29c | ITER: 18 END: OK
2020-04-13 01:01:42.272 110 INFO rally.task.runner [-] Task 0a402ac2-3c23-4fde-b782-218d8bf1e29c | ITER: 28 START
2020-04-13 01:01:42.297 68 INFO rally.task.runner [-] Task 0a402ac2-3c23-4fde-b782-218d8bf1e29c | ITER: 25 END: OK
2020-04-13 01:01:42.300 68 INFO rally.task.runner [-] Task 0a402ac2-3c23-4fde-b782-218d8bf1e29c | ITER: 29 START
2020-04-13 01:01:42.368 84 INFO rally.task.runner [-] Task 0a402ac2-3c23-4fde-b782-218d8bf1e29c | ITER: 10 END: OK
2020-04-13 01:01:42.371 84 INFO rally.task.runner [-] Task 0a402ac2-3c23-4fde-b782-218d8bf1e29c | ITER: 30 START
2020-04-13 01:01:42.602 113 INFO rally.task.runner [-] Task 0a402ac2-3c23-4fde-b782-218d8bf1e29c | ITER: 19 END: OK
2020-04-13 01:01:42.607 113 INFO rally.task.runner [-] Task 0a402ac2-3c23-4fde-b782-218d8bf1e29c | ITER: 31 START
2020-04-13 01:01:42.810 87 INFO rally.task.runner [-] Task 0a402ac2-3c23-4fde-b782-218d8bf1e29c | ITER: 11 END: OK
2020-04-13 01:01:42.814 87 INFO rally.task.runner [-] Task 0a402ac2-3c23-4fde-b782-218d8bf1e29c | ITER: 32 START
2020-04-13 01:01:42.842 110 INFO rally.task.runner [-] Task 0a402ac2-3c23-4fde-b782-218d8bf1e29c | ITER: 28 END: OK
2020-04-13 01:01:42.846 110 INFO rally.task.runner [-] Task 0a402ac2-3c23-4fde-b782-218d8bf1e29c | ITER: 33 START
2020-04-13 01:01:42.914 63 INFO rally.task.runner [-] Task 0a402ac2-3c23-4fde-b782-218d8bf1e29c | ITER: 1 END: OK
2020-04-13 01:01:42.918 63 INFO rally.task.runner [-] Task 0a402ac2-3c23-4fde-b782-218d8bf1e29c | ITER: 34 START
2020-04-13 01:01:43.173 107 INFO rally.task.runner [-] Task 0a402ac2-3c23-4fde-b782-218d8bf1e29c | ITER: 24 END: OK
2020-04-13 01:01:43.177 107 INFO rally.task.runner [-] Task 0a402ac2-3c23-4fde-b782-218d8bf1e29c | ITER: 35 START
2020-04-13 01:01:43.285 116 INFO rally.task.runner [-] Task 0a402ac2-3c23-4fde-b782-218d8bf1e29c | ITER: 20 END: OK
2020-04-13 01:01:43.290 116 INFO rally.task.runner [-] Task 0a402ac2-3c23-4fde-b782-218d8bf1e29c | ITER: 36 START
2020-04-13 01:01:43.454 87 INFO rally.task.runner [-] Task 0a402ac2-3c23-4fde-b782-218d8bf1e29c | ITER: 32 END: OK
2020-04-13 01:01:43.457 87 INFO rally.task.runner [-] Task 0a402ac2-3c23-4fde-b782-218d8bf1e29c | ITER: 37 START
2020-04-13 01:01:43.543 72 INFO rally.task.runner [-] Task 0a402ac2-3c23-4fde-b782-218d8bf1e29c | ITER: 6 END: OK
2020-04-13 01:01:43.547 72 INFO rally.task.runner [-] Task 0a402ac2-3c23-4fde-b782-218d8bf1e29c | ITER: 38 START
2020-04-13 01:01:43.564 65 INFO rally.task.runner [-] Task 0a402ac2-3c23-4fde-b782-218d8bf1e29c | ITER: 26 END: OK
2020-04-13 01:01:43.568 65 INFO rally.task.runner [-] Task 0a402ac2-3c23-4fde-b782-218d8bf1e29c | ITER: 39 START
2020-04-13 01:01:43.706 78 INFO rally.task.runner [-] Task 0a402ac2-3c23-4fde-b782-218d8bf1e29c | ITER: 23 END: OK
2020-04-13 01:01:43.710 78 INFO rally.task.runner [-] Task 0a402ac2-3c23-4fde-b782-218d8bf1e29c | ITER: 40 START
2020-04-13 01:01:43.997 116 INFO rally.task.runner [-] Task 0a402ac2-3c23-4fde-b782-218d8bf1e29c | ITER: 36 END: OK
2020-04-13 01:01:44.001 116 INFO rally.task.runner [-] Task 0a402ac2-3c23-4fde-b782-218d8bf1e29c | ITER: 41 START
2020-04-13 01:01:44.042 110 INFO rally.task.runner [-] Task 0a402ac2-3c23-4fde-b782-218d8bf1e29c | ITER: 33 END: OK
2020-04-13 01:01:44.046 110 INFO rally.task.runner [-] Task 0a402ac2-3c23-4fde-b782-218d8bf1e29c | ITER: 42 START
2020-04-13 01:01:44.156 64 INFO rally.task.runner [-] Task 0a402ac2-3c23-4fde-b782-218d8bf1e29c | ITER: 22 END: OK
2020-04-13 01:01:44.159 64 INFO rally.task.runner [-] Task 0a402ac2-3c23-4fde-b782-218d8bf1e29c | ITER: 43 START
2020-04-13 01:01:44.316 78 INFO rally.task.runner [-] Task 0a402ac2-3c23-4fde-b782-218d8bf1e29c | ITER: 40 END: OK
2020-04-13 01:01:44.319 78 INFO rally.task.runner [-] Task 0a402ac2-3c23-4fde-b782-218d8bf1e29c | ITER: 44 START
2020-04-13 01:01:44.368 107 INFO rally.task.runner [-] Task 0a402ac2-3c23-4fde-b782-218d8bf1e29c | ITER: 35 END: OK
2020-04-13 01:01:44.371 107 INFO rally.task.runner [-] Task 0a402ac2-3c23-4fde-b782-218d8bf1e29c | ITER: 45 START
2020-04-13 01:01:44.583 63 INFO rally.task.runner [-] Task 0a402ac2-3c23-4fde-b782-218d8bf1e29c | ITER: 34 END: OK
2020-04-13 01:01:44.586 63 INFO rally.task.runner [-] Task 0a402ac2-3c23-4fde-b782-218d8bf1e29c | ITER: 46 START
2020-04-13 01:01:44.716 81 INFO rally.task.runner [-] Task 0a402ac2-3c23-4fde-b782-218d8bf1e29c | ITER: 9 END: OK
2020-04-13 01:01:44.720 81 INFO rally.task.runner [-] Task 0a402ac2-3c23-4fde-b782-218d8bf1e29c | ITER: 47 START
2020-04-13 01:01:44.783 84 INFO rally.task.runner [-] Task 0a402ac2-3c23-4fde-b782-218d8bf1e29c | ITER: 30 END: OK
2020-04-13 01:01:44.786 84 INFO rally.task.runner [-] Task 0a402ac2-3c23-4fde-b782-218d8bf1e29c | ITER: 48 START
2020-04-13 01:01:45.036 107 INFO rally.task.runner [-] Task 0a402ac2-3c23-4fde-b782-218d8bf1e29c | ITER: 45 END: OK
2020-04-13 01:01:45.039 107 INFO rally.task.runner [-] Task 0a402ac2-3c23-4fde-b782-218d8bf1e29c | ITER: 49 START
2020-04-13 01:01:45.274 72 INFO rally.task.runner [-] Task 0a402ac2-3c23-4fde-b782-218d8bf1e29c | ITER: 38 END: OK
2020-04-13 01:01:45.278 72 INFO rally.task.runner [-] Task 0a402ac2-3c23-4fde-b782-218d8bf1e29c | ITER: 50 START
2020-04-13 01:01:45.384 87 INFO rally.task.runner [-] Task 0a402ac2-3c23-4fde-b782-218d8bf1e29c | ITER: 37 END: OK
2020-04-13 01:01:45.387 87 INFO rally.task.runner [-] Task 0a402ac2-3c23-4fde-b782-218d8bf1e29c | ITER: 51 START
2020-04-13 01:01:45.470 78 INFO rally.task.runner [-] Task 0a402ac2-3c23-4fde-b782-218d8bf1e29c | ITER: 44 END: OK
2020-04-13 01:01:45.474 78 INFO rally.task.runner [-] Task 0a402ac2-3c23-4fde-b782-218d8bf1e29c | ITER: 52 START
2020-04-13 01:01:45.611 107 INFO rally.task.runner [-] Task 0a402ac2-3c23-4fde-b782-218d8bf1e29c | ITER: 49 END: OK
2020-04-13 01:01:45.614 107 INFO rally.task.runner [-] Task 0a402ac2-3c23-4fde-b782-218d8bf1e29c | ITER: 53 START
2020-04-13 01:01:45.889 63 INFO rally.task.runner [-] Task 0a402ac2-3c23-4fde-b782-218d8bf1e29c | ITER: 46 END: OK
2020-04-13 01:01:45.893 63 INFO rally.task.runner [-] Task 0a402ac2-3c23-4fde-b782-218d8bf1e29c | ITER: 54 START
2020-04-13 01:01:45.980 76 INFO rally.task.runner [-] Task 0a402ac2-3c23-4fde-b782-218d8bf1e29c | ITER: 7 END: OK
2020-04-13 01:01:45.983 76 INFO rally.task.runner [-] Task 0a402ac2-3c23-4fde-b782-218d8bf1e29c | ITER: 55 START
2020-04-13 01:01:46.170 110 INFO rally.task.runner [-] Task 0a402ac2-3c23-4fde-b782-218d8bf1e29c | ITER: 42 END: OK
2020-04-13 01:01:46.175 110 INFO rally.task.runner [-] Task 0a402ac2-3c23-4fde-b782-218d8bf1e29c | ITER: 56 START
2020-04-13 01:01:46.476 84 INFO rally.task.runner [-] Task 0a402ac2-3c23-4fde-b782-218d8bf1e29c | ITER: 48 END: OK
2020-04-13 01:01:46.479 84 INFO rally.task.runner [-] Task 0a402ac2-3c23-4fde-b782-218d8bf1e29c | ITER: 57 START
2020-04-13 01:01:46.511 102 INFO rally.task.runner [-] Task 0a402ac2-3c23-4fde-b782-218d8bf1e29c | ITER: 15 END: OK
2020-04-13 01:01:46.515 102 INFO rally.task.runner [-] Task 0a402ac2-3c23-4fde-b782-218d8bf1e29c | ITER: 58 START
2020-04-13 01:01:46.574 78 INFO rally.task.runner [-] Task 0a402ac2-3c23-4fde-b782-218d8bf1e29c | ITER: 52 END: OK
2020-04-13 01:01:46.576 78 INFO rally.task.runner [-] Task 0a402ac2-3c23-4fde-b782-218d8bf1e29c | ITER: 59 START
2020-04-13 01:01:46.592 107 INFO rally.task.runner [-] Task 0a402ac2-3c23-4fde-b782-218d8bf1e29c | ITER: 53 END: OK
2020-04-13 01:01:46.595 107 INFO rally.task.runner [-] Task 0a402ac2-3c23-4fde-b782-218d8bf1e29c | ITER: 60 START
2020-04-13 01:01:46.650 76 INFO rally.task.runner [-] Task 0a402ac2-3c23-4fde-b782-218d8bf1e29c | ITER: 55 END: OK
2020-04-13 01:01:46.654 76 INFO rally.task.runner [-] Task 0a402ac2-3c23-4fde-b782-218d8bf1e29c | ITER: 61 START
2020-04-13 01:01:46.830 87 INFO rally.task.runner [-] Task 0a402ac2-3c23-4fde-b782-218d8bf1e29c | ITER: 51 END: OK
2020-04-13 01:01:46.833 87 INFO rally.task.runner [-] Task 0a402ac2-3c23-4fde-b782-218d8bf1e29c | ITER: 62 START
2020-04-13 01:01:47.221 68 INFO rally.task.runner [-] Task 0a402ac2-3c23-4fde-b782-218d8bf1e29c | ITER: 29 END: OK
2020-04-13 01:01:47.225 68 INFO rally.task.runner [-] Task 0a402ac2-3c23-4fde-b782-218d8bf1e29c | ITER: 63 START
2020-04-13 01:01:47.566 113 INFO rally.task.runner [-] Task 0a402ac2-3c23-4fde-b782-218d8bf1e29c | ITER: 31 END: OK
2020-04-13 01:01:47.569 113 INFO rally.task.runner [-] Task 0a402ac2-3c23-4fde-b782-218d8bf1e29c | ITER: 64 START
2020-04-13 01:01:47.805 76 INFO rally.task.runner [-] Task 0a402ac2-3c23-4fde-b782-218d8bf1e29c | ITER: 61 END: OK
2020-04-13 01:01:47.809 76 INFO rally.task.runner [-] Task 0a402ac2-3c23-4fde-b782-218d8bf1e29c | ITER: 65 START
2020-04-13 01:01:47.973 70 INFO rally.task.runner [-] Task 0a402ac2-3c23-4fde-b782-218d8bf1e29c | ITER: 27 END: OK
2020-04-13 01:01:47.977 70 INFO rally.task.runner [-] Task 0a402ac2-3c23-4fde-b782-218d8bf1e29c | ITER: 66 START
2020-04-13 01:01:48.075 63 INFO rally.task.runner [-] Task 0a402ac2-3c23-4fde-b782-218d8bf1e29c | ITER: 54 END: OK
2020-04-13 01:01:48.079 63 INFO rally.task.runner [-] Task 0a402ac2-3c23-4fde-b782-218d8bf1e29c | ITER: 67 START
2020-04-13 01:01:48.694 102 INFO rally.task.runner [-] Task 0a402ac2-3c23-4fde-b782-218d8bf1e29c | ITER: 58 END: OK
2020-04-13 01:01:48.698 102 INFO rally.task.runner [-] Task 0a402ac2-3c23-4fde-b782-218d8bf1e29c | ITER: 68 START
2020-04-13 01:01:48.726 68 INFO rally.task.runner [-] Task 0a402ac2-3c23-4fde-b782-218d8bf1e29c | ITER: 63 END: OK
2020-04-13 01:01:48.730 68 INFO rally.task.runner [-] Task 0a402ac2-3c23-4fde-b782-218d8bf1e29c | ITER: 69 START
2020-04-13 01:01:48.733 87 INFO rally.task.runner [-] Task 0a402ac2-3c23-4fde-b782-218d8bf1e29c | ITER: 62 END: OK
2020-04-13 01:01:48.737 87 INFO rally.task.runner [-] Task 0a402ac2-3c23-4fde-b782-218d8bf1e29c | ITER: 70 START
2020-04-13 01:01:48.753 110 INFO rally.task.runner [-] Task 0a402ac2-3c23-4fde-b782-218d8bf1e29c | ITER: 56 END: OK
2020-04-13 01:01:48.757 110 INFO rally.task.runner [-] Task 0a402ac2-3c23-4fde-b782-218d8bf1e29c | ITER: 71 START
2020-04-13 01:01:49.074 72 INFO rally.task.runner [-] Task 0a402ac2-3c23-4fde-b782-218d8bf1e29c | ITER: 50 END: OK
2020-04-13 01:01:49.078 72 INFO rally.task.runner [-] Task 0a402ac2-3c23-4fde-b782-218d8bf1e29c | ITER: 72 START
2020-04-13 01:01:49.082 116 INFO rally.task.runner [-] Task 0a402ac2-3c23-4fde-b782-218d8bf1e29c | ITER: 41 END: OK
2020-04-13 01:01:49.085 116 INFO rally.task.runner [-] Task 0a402ac2-3c23-4fde-b782-218d8bf1e29c | ITER: 73 START
2020-04-13 01:01:49.420 102 INFO rally.task.runner [-] Task 0a402ac2-3c23-4fde-b782-218d8bf1e29c | ITER: 68 END: OK
2020-04-13 01:01:49.423 102 INFO rally.task.runner [-] Task 0a402ac2-3c23-4fde-b782-218d8bf1e29c | ITER: 74 START
2020-04-13 01:01:49.587 64 INFO rally.task.runner [-] Task 0a402ac2-3c23-4fde-b782-218d8bf1e29c | ITER: 43 END: OK
2020-04-13 01:01:49.591 64 INFO rally.task.runner [-] Task 0a402ac2-3c23-4fde-b782-218d8bf1e29c | ITER: 75 START
2020-04-13 01:01:49.610 84 INFO rally.task.runner [-] Task 0a402ac2-3c23-4fde-b782-218d8bf1e29c | ITER: 57 END: OK
2020-04-13 01:01:49.613 84 INFO rally.task.runner [-] Task 0a402ac2-3c23-4fde-b782-218d8bf1e29c | ITER: 76 START
2020-04-13 01:01:49.832 107 INFO rally.task.runner [-] Task 0a402ac2-3c23-4fde-b782-218d8bf1e29c | ITER: 60 END: OK
2020-04-13 01:01:49.835 107 INFO rally.task.runner [-] Task 0a402ac2-3c23-4fde-b782-218d8bf1e29c | ITER: 77 START
2020-04-13 01:01:49.893 68 INFO rally.task.runner [-] Task 0a402ac2-3c23-4fde-b782-218d8bf1e29c | ITER: 69 END: OK
2020-04-13 01:01:49.896 68 INFO rally.task.runner [-] Task 0a402ac2-3c23-4fde-b782-218d8bf1e29c | ITER: 78 START
2020-04-13 01:01:50.214 72 INFO rally.task.runner [-] Task 0a402ac2-3c23-4fde-b782-218d8bf1e29c | ITER: 72 END: OK
2020-04-13 01:01:50.217 72 INFO rally.task.runner [-] Task 0a402ac2-3c23-4fde-b782-218d8bf1e29c | ITER: 79 START
2020-04-13 01:01:50.298 116 INFO rally.task.runner [-] Task 0a402ac2-3c23-4fde-b782-218d8bf1e29c | ITER: 73 END: OK
2020-04-13 01:01:50.302 116 INFO rally.task.runner [-] Task 0a402ac2-3c23-4fde-b782-218d8bf1e29c | ITER: 80 START
2020-04-13 01:01:50.912 63 INFO rally.task.runner [-] Task 0a402ac2-3c23-4fde-b782-218d8bf1e29c | ITER: 67 END: OK
2020-04-13 01:01:50.915 63 INFO rally.task.runner [-] Task 0a402ac2-3c23-4fde-b782-218d8bf1e29c | ITER: 81 START
2020-04-13 01:01:51.249 70 INFO rally.task.runner [-] Task 0a402ac2-3c23-4fde-b782-218d8bf1e29c | ITER: 66 END: OK
2020-04-13 01:01:51.252 70 INFO rally.task.runner [-] Task 0a402ac2-3c23-4fde-b782-218d8bf1e29c | ITER: 82 START
2020-04-13 01:01:51.372 64 INFO rally.task.runner [-] Task 0a402ac2-3c23-4fde-b782-218d8bf1e29c | ITER: 75 END: OK
2020-04-13 01:01:51.376 64 INFO rally.task.runner [-] Task 0a402ac2-3c23-4fde-b782-218d8bf1e29c | ITER: 83 START
2020-04-13 01:01:51.482 113 INFO rally.task.runner [-] Task 0a402ac2-3c23-4fde-b782-218d8bf1e29c | ITER: 64 END: OK
2020-04-13 01:01:51.485 113 INFO rally.task.runner [-] Task 0a402ac2-3c23-4fde-b782-218d8bf1e29c | ITER: 84 START
2020-04-13 01:01:51.611 63 INFO rally.task.runner [-] Task 0a402ac2-3c23-4fde-b782-218d8bf1e29c | ITER: 81 END: OK
2020-04-13 01:01:51.615 63 INFO rally.task.runner [-] Task 0a402ac2-3c23-4fde-b782-218d8bf1e29c | ITER: 85 START
2020-04-13 01:01:51.761 116 INFO rally.task.runner [-] Task 0a402ac2-3c23-4fde-b782-218d8bf1e29c | ITER: 80 END: OK
2020-04-13 01:01:51.765 116 INFO rally.task.runner [-] Task 0a402ac2-3c23-4fde-b782-218d8bf1e29c | ITER: 86 START
2020-04-13 01:01:51.962 76 INFO rally.task.runner [-] Task 0a402ac2-3c23-4fde-b782-218d8bf1e29c | ITER: 65 END: OK
2020-04-13 01:01:51.966 76 INFO rally.task.runner [-] Task 0a402ac2-3c23-4fde-b782-218d8bf1e29c | ITER: 87 START
2020-04-13 01:01:52.191 64 INFO rally.task.runner [-] Task 0a402ac2-3c23-4fde-b782-218d8bf1e29c | ITER: 83 END: OK
2020-04-13 01:01:52.195 64 INFO rally.task.runner [-] Task 0a402ac2-3c23-4fde-b782-218d8bf1e29c | ITER: 88 START
2020-04-13 01:01:52.384 72 INFO rally.task.runner [-] Task 0a402ac2-3c23-4fde-b782-218d8bf1e29c | ITER: 79 END: OK
2020-04-13 01:01:52.387 72 INFO rally.task.runner [-] Task 0a402ac2-3c23-4fde-b782-218d8bf1e29c | ITER: 89 START
2020-04-13 01:01:52.439 110 INFO rally.task.runner [-] Task 0a402ac2-3c23-4fde-b782-218d8bf1e29c | ITER: 71 END: OK
2020-04-13 01:01:52.442 110 INFO rally.task.runner [-] Task 0a402ac2-3c23-4fde-b782-218d8bf1e29c | ITER: 90 START
2020-04-13 01:01:52.544 116 INFO rally.task.runner [-] Task 0a402ac2-3c23-4fde-b782-218d8bf1e29c | ITER: 86 END: OK
2020-04-13 01:01:52.547 116 INFO rally.task.runner [-] Task 0a402ac2-3c23-4fde-b782-218d8bf1e29c | ITER: 91 START
2020-04-13 01:01:52.600 97 INFO rally.task.runner [-] Task 0a402ac2-3c23-4fde-b782-218d8bf1e29c | ITER: 21 END: OK
2020-04-13 01:01:52.602 97 INFO rally.task.runner [-] Task 0a402ac2-3c23-4fde-b782-218d8bf1e29c | ITER: 92 START
2020-04-13 01:01:52.652 63 INFO rally.task.runner [-] Task 0a402ac2-3c23-4fde-b782-218d8bf1e29c | ITER: 85 END: OK
2020-04-13 01:01:52.655 63 INFO rally.task.runner [-] Task 0a402ac2-3c23-4fde-b782-218d8bf1e29c | ITER: 93 START
2020-04-13 01:01:52.858 113 INFO rally.task.runner [-] Task 0a402ac2-3c23-4fde-b782-218d8bf1e29c | ITER: 84 END: OK
2020-04-13 01:01:52.862 113 INFO rally.task.runner [-] Task 0a402ac2-3c23-4fde-b782-218d8bf1e29c | ITER: 94 START
2020-04-13 01:01:52.960 70 INFO rally.task.runner [-] Task 0a402ac2-3c23-4fde-b782-218d8bf1e29c | ITER: 82 END: OK
2020-04-13 01:01:52.964 70 INFO rally.task.runner [-] Task 0a402ac2-3c23-4fde-b782-218d8bf1e29c | ITER: 95 START
2020-04-13 01:01:53.323 64 INFO rally.task.runner [-] Task 0a402ac2-3c23-4fde-b782-218d8bf1e29c | ITER: 88 END: OK
2020-04-13 01:01:53.326 64 INFO rally.task.runner [-] Task 0a402ac2-3c23-4fde-b782-218d8bf1e29c | ITER: 96 START
2020-04-13 01:01:53.685 110 INFO rally.task.runner [-] Task 0a402ac2-3c23-4fde-b782-218d8bf1e29c | ITER: 90 END: OK
2020-04-13 01:01:53.689 110 INFO rally.task.runner [-] Task 0a402ac2-3c23-4fde-b782-218d8bf1e29c | ITER: 97 START
2020-04-13 01:01:53.937 65 INFO rally.task.runner [-] Task 0a402ac2-3c23-4fde-b782-218d8bf1e29c | ITER: 39 END: OK
2020-04-13 01:01:53.940 65 INFO rally.task.runner [-] Task 0a402ac2-3c23-4fde-b782-218d8bf1e29c | ITER: 98 START
2020-04-13 01:01:54.163 113 INFO rally.task.runner [-] Task 0a402ac2-3c23-4fde-b782-218d8bf1e29c | ITER: 94 END: OK
2020-04-13 01:01:54.167 113 INFO rally.task.runner [-] Task 0a402ac2-3c23-4fde-b782-218d8bf1e29c | ITER: 99 START
2020-04-13 01:01:54.415 81 INFO rally.task.runner [-] Task 0a402ac2-3c23-4fde-b782-218d8bf1e29c | ITER: 47 END: OK
2020-04-13 01:01:54.419 81 INFO rally.task.runner [-] Task 0a402ac2-3c23-4fde-b782-218d8bf1e29c | ITER: 100 START
2020-04-13 01:01:54.521 97 INFO rally.task.runner [-] Task 0a402ac2-3c23-4fde-b782-218d8bf1e29c | ITER: 92 END: OK
2020-04-13 01:01:54.905 110 INFO rally.task.runner [-] Task 0a402ac2-3c23-4fde-b782-218d8bf1e29c | ITER: 97 END: OK
2020-04-13 01:01:54.906 63 INFO rally.task.runner [-] Task 0a402ac2-3c23-4fde-b782-218d8bf1e29c | ITER: 93 END: OK
2020-04-13 01:01:54.912 84 INFO rally.task.runner [-] Task 0a402ac2-3c23-4fde-b782-218d8bf1e29c | ITER: 76 END: OK
2020-04-13 01:01:55.111 113 INFO rally.task.runner [-] Task 0a402ac2-3c23-4fde-b782-218d8bf1e29c | ITER: 99 END: OK
2020-04-13 01:01:55.321 107 INFO rally.task.runner [-] Task 0a402ac2-3c23-4fde-b782-218d8bf1e29c | ITER: 77 END: OK
2020-04-13 01:01:55.365 76 INFO rally.task.runner [-] Task 0a402ac2-3c23-4fde-b782-218d8bf1e29c | ITER: 87 END: OK
2020-04-13 01:01:55.505 81 INFO rally.task.runner [-] Task 0a402ac2-3c23-4fde-b782-218d8bf1e29c | ITER: 100 END: OK
2020-04-13 01:01:55.569 100 INFO rally.task.runner [-] Task 0a402ac2-3c23-4fde-b782-218d8bf1e29c | ITER: 14 END: OK
2020-04-13 01:01:55.748 65 INFO rally.task.runner [-] Task 0a402ac2-3c23-4fde-b782-218d8bf1e29c | ITER: 98 END: OK
2020-04-13 01:01:55.970 72 INFO rally.task.runner [-] Task 0a402ac2-3c23-4fde-b782-218d8bf1e29c | ITER: 89 END: OK
2020-04-13 01:01:56.222 87 INFO rally.task.runner [-] Task 0a402ac2-3c23-4fde-b782-218d8bf1e29c | ITER: 70 END: OK
2020-04-13 01:01:56.228 116 INFO rally.task.runner [-] Task 0a402ac2-3c23-4fde-b782-218d8bf1e29c | ITER: 91 END: OK
2020-04-13 01:01:56.414 70 INFO rally.task.runner [-] Task 0a402ac2-3c23-4fde-b782-218d8bf1e29c | ITER: 95 END: OK
2020-04-13 01:01:56.489 68 INFO rally.task.runner [-] Task 0a402ac2-3c23-4fde-b782-218d8bf1e29c | ITER: 78 END: OK
2020-04-13 01:01:56.726 64 INFO rally.task.runner [-] Task 0a402ac2-3c23-4fde-b782-218d8bf1e29c | ITER: 96 END: OK
2020-04-13 01:01:57.780 102 INFO rally.task.runner [-] Task 0a402ac2-3c23-4fde-b782-218d8bf1e29c | ITER: 74 END: OK
2020-04-13 01:01:57.894 104 INFO rally.task.runner [-] Task 0a402ac2-3c23-4fde-b782-218d8bf1e29c | ITER: 16 END: OK
2020-04-13 01:01:59.552 78 INFO rally.task.runner [-] Task 0a402ac2-3c23-4fde-b782-218d8bf1e29c | ITER: 59 END: OK
2020-04-13 01:02:03.311 91 INFO rally.task.runner [-] Task 0a402ac2-3c23-4fde-b782-218d8bf1e29c | ITER: 12 END: OK
2020-04-13 01:02:03.336 15 INFO rally.task.context [-] Task 0a402ac2-3c23-4fde-b782-218d8bf1e29c | Context cleanup@openstack cleanup() started
2020-04-13 01:02:03.348 15 RALLYDEBUG rally_openstack.cleanup.manager [-] Cleaning up neutron vip objects
2020-04-13 01:02:03.602 15 RALLYDEBUG rally_openstack.cleanup.manager [-] Cleaning up neutron health_monitor objects
2020-04-13 01:02:03.723 15 RALLYDEBUG rally_openstack.cleanup.manager [-] Cleaning up neutron pool objects
2020-04-13 01:02:04.052 15 RALLYDEBUG rally_openstack.cleanup.manager [-] Cleaning up neutron loadbalancer objects
2020-04-13 01:02:04.270 15 RALLYDEBUG rally_openstack.cleanup.manager [-] Cleaning up neutron floatingip objects
2020-04-13 01:02:04.461 15 RALLYDEBUG rally_openstack.cleanup.manager [-] Cleaning up neutron trunk objects
2020-04-13 01:02:04.758 15 RALLYDEBUG rally_openstack.cleanup.manager [-] Cleaning up neutron port objects
2020-04-13 01:02:05.166 15 RALLYDEBUG rally_openstack.cleanup.manager [-] Cleaning up neutron subnet objects
2020-04-13 01:02:05.707 15 RALLYDEBUG rally_openstack.cleanup.manager [-] Cleaning up neutron network objects
2020-04-13 01:02:06.178 15 RALLYDEBUG rally_openstack.cleanup.manager [-] Deleting neutron.network object s_rally_efa829fa_djdWkMzc (0213c481-1553-4ab3-8940-08bfa90d638b)
2020-04-13 01:02:06.180 15 RALLYDEBUG rally_openstack.cleanup.manager [-] Deleting neutron.network object s_rally_efa829fa_8NZhZ7Pi (0e750d80-e2b7-43b7-bfe3-c8f33170fc1e)
2020-04-13 01:02:06.186 15 RALLYDEBUG rally_openstack.cleanup.manager [-] Deleting neutron.network object s_rally_efa829fa_H6bAB1aa (064b568c-5faa-44b6-a792-3d1dc5aa6429)
2020-04-13 01:02:06.191 15 RALLYDEBUG rally_openstack.cleanup.manager [-] Deleting neutron.network object s_rally_efa829fa_E8rwVlPz (0fc784f7-d9ed-40b3-a8fc-51519a1140a3)
2020-04-13 01:02:06.197 15 RALLYDEBUG rally_openstack.cleanup.manager [-] Deleting neutron.network object s_rally_efa829fa_5OQzAFkR (0fe456ec-1f33-47ce-90ae-cd835aec8d49)
2020-04-13 01:02:06.212 15 RALLYDEBUG rally_openstack.cleanup.manager [-] Deleting neutron.network object s_rally_efa829fa_Z1iyNZae (118e6f51-5b9f-421b-a4ca-c5301a531641)
2020-04-13 01:02:06.222 15 RALLYDEBUG rally_openstack.cleanup.manager [-] Deleting neutron.network object s_rally_efa829fa_ATaRS79i (06509803-84a1-4cfe-8b0d-fed6128d50d6)
2020-04-13 01:02:06.223 15 RALLYDEBUG rally_openstack.cleanup.manager [-] Deleting neutron.network object s_rally_efa829fa_YB9ZapCY (116220d8-3526-4074-ade8-53aca621ad97)
2020-04-13 01:02:06.228 15 RALLYDEBUG rally_openstack.cleanup.manager [-] Deleting neutron.network object s_rally_efa829fa_ojz6LqQM (127ce091-e6ec-4dd9-827e-f22d0542294a)
2020-04-13 01:02:06.236 15 RALLYDEBUG rally_openstack.cleanup.manager [-] Deleting neutron.network object s_rally_efa829fa_2TzfgNt2 (05df716e-5e54-4e02-b027-610d59265a7b)
2020-04-13 01:02:06.242 15 RALLYDEBUG rally_openstack.cleanup.manager [-] Deleting neutron.network object s_rally_efa829fa_m3JJ47i3 (12be4ed7-ca12-4a8b-8170-7e97424df132)
2020-04-13 01:02:06.265 15 RALLYDEBUG rally_openstack.cleanup.manager [-] Deleting neutron.network object s_rally_efa829fa_xXLwXYtU (193dd5b8-98e7-4efe-a269-27c6dab6763b)
2020-04-13 01:02:06.279 15 RALLYDEBUG rally_openstack.cleanup.manager [-] Deleting neutron.network object s_rally_efa829fa_h9LO1vdI (1a046f9d-a037-4c5b-87f1-86aa07ec11f3)
2020-04-13 01:02:06.285 15 RALLYDEBUG rally_openstack.cleanup.manager [-] Deleting neutron.network object s_rally_efa829fa_3TyDidVU (1cab8a1e-75aa-4842-a66f-80f280b59ea8)
2020-04-13 01:02:06.301 15 RALLYDEBUG rally_openstack.cleanup.manager [-] Deleting neutron.network object s_rally_efa829fa_4qDv0wjS (203c42d2-f85a-46d6-804a-9bdb1ca8846d)
2020-04-13 01:02:06.319 15 RALLYDEBUG rally_openstack.cleanup.manager [-] Deleting neutron.network object s_rally_efa829fa_I4yYG2c9 (20a5db4a-8166-4ed8-89e2-10b7d502c06a)
2020-04-13 01:02:06.331 15 RALLYDEBUG rally_openstack.cleanup.manager [-] Deleting neutron.network object s_rally_efa829fa_RfJY2bgy (22bf85b8-9827-49e2-9de5-2f01327308ea)
2020-04-13 01:02:06.374 15 RALLYDEBUG rally_openstack.cleanup.manager [-] Deleting neutron.network object s_rally_efa829fa_uCQEaVq7 (2358a87e-ad66-4990-8ad0-1691475db064)
2020-04-13 01:02:06.397 15 RALLYDEBUG rally_openstack.cleanup.manager [-] Deleting neutron.network object s_rally_efa829fa_4whAxsh4 (25d5365f-dee4-42e8-907f-876e60fb3076)
2020-04-13 01:02:06.421 15 RALLYDEBUG rally_openstack.cleanup.manager [-] Deleting neutron.network object s_rally_efa829fa_VOplBCeO (268369ac-532e-4968-a42a-53b6124cfd01)
2020-04-13 01:02:08.452 15 RALLYDEBUG rally_openstack.cleanup.manager [-] Deleting neutron.network object s_rally_efa829fa_VJ0KOOaf (27a42ed5-73b0-4778-846b-4d4d41f5bb96)
2020-04-13 01:02:08.701 15 RALLYDEBUG rally_openstack.cleanup.manager [-] Deleting neutron.network object s_rally_efa829fa_QS5zVpp3 (2f4c6604-65b1-4d86-8862-99cc548e7f5a)
2020-04-13 01:02:08.771 15 RALLYDEBUG rally_openstack.cleanup.manager [-] Deleting neutron.network object s_rally_efa829fa_g8a6YYbt (2fe1e929-fcf6-4bff-b3b3-77fc208f67fb)
2020-04-13 01:02:08.826 15 RALLYDEBUG rally_openstack.cleanup.manager [-] Deleting neutron.network object s_rally_efa829fa_Rygve0gA (31c1805e-a2c8-4915-a7d1-4b12f8d2f9a0)
2020-04-13 01:02:08.884 15 RALLYDEBUG rally_openstack.cleanup.manager [-] Deleting neutron.network object s_rally_efa829fa_BsDIXgLe (324c8612-256d-4878-87bb-6ac91fb9e860)
2020-04-13 01:02:08.913 15 RALLYDEBUG rally_openstack.cleanup.manager [-] Deleting neutron.network object s_rally_efa829fa_xdK6iF6e (325b384a-8dfe-4b65-97b0-0f347af778ed)
2020-04-13 01:02:08.957 15 RALLYDEBUG rally_openstack.cleanup.manager [-] Deleting neutron.network object s_rally_efa829fa_lpLhza42 (352c2c33-9172-4314-af44-266cea38e1ca)
2020-04-13 01:02:09.083 15 RALLYDEBUG rally_openstack.cleanup.manager [-] Deleting neutron.network object s_rally_efa829fa_9TCZLeBy (370a71a7-b6c8-4fa4-88ee-5c705e9a656f)
2020-04-13 01:02:09.095 15 RALLYDEBUG rally_openstack.cleanup.manager [-] Deleting neutron.network object s_rally_efa829fa_0n21I0hl (3881c089-0cb1-4b7a-a938-38c8075eb276)
2020-04-13 01:02:09.183 15 RALLYDEBUG rally_openstack.cleanup.manager [-] Deleting neutron.network object s_rally_efa829fa_H2PTKxQx (3e5d53f1-c563-4309-893f-8420087bf863)
2020-04-13 01:02:09.445 15 RALLYDEBUG rally_openstack.cleanup.manager [-] Deleting neutron.network object s_rally_efa829fa_LGzquU7k (418fbb85-1ded-498a-a137-ab7c4cce4b84)
2020-04-13 01:02:09.456 15 RALLYDEBUG rally_openstack.cleanup.manager [-] Deleting neutron.network object s_rally_efa829fa_RpMEGZvY (4dcec7bb-9d68-490f-8cb5-d43b820554c8)
2020-04-13 01:02:09.760 15 RALLYDEBUG rally_openstack.cleanup.manager [-] Deleting neutron.network object s_rally_efa829fa_6xYe2OB2 (4fbe1efa-1460-4784-abc4-43b0224b5e5b)
2020-04-13 01:02:09.773 15 RALLYDEBUG rally_openstack.cleanup.manager [-] Deleting neutron.network object s_rally_efa829fa_zPV80GEC (5134d978-cd9d-4a0f-87ae-5830299a833c)
2020-04-13 01:02:09.827 15 RALLYDEBUG rally_openstack.cleanup.manager [-] Deleting neutron.network object s_rally_efa829fa_nMtzw76i (5191bcbf-a815-43cc-8c2b-9723e8e73277)
2020-04-13 01:02:10.186 15 RALLYDEBUG rally_openstack.cleanup.manager [-] Deleting neutron.network object s_rally_efa829fa_PZbphEW8 (52fe974c-d481-4d6f-ad4f-c8f6455c520d)
2020-04-13 01:02:10.667 15 RALLYDEBUG rally_openstack.cleanup.manager [-] Deleting neutron.network object s_rally_efa829fa_j7P5wk6v (53e1bc83-f774-4836-8c60-6ccc97207506)
2020-04-13 01:02:10.756 15 RALLYDEBUG rally_openstack.cleanup.manager [-] Deleting neutron.network object s_rally_efa829fa_qRfGbE5f (56f3a384-abd1-4233-a6e5-0fe73a097ce9)
2020-04-13 01:02:10.767 15 RALLYDEBUG rally_openstack.cleanup.manager [-] Deleting neutron.network object s_rally_efa829fa_WjHYXpiY (5acf33cf-7ed8-48c3-bd37-9e095c9f310f)
2020-04-13 01:02:10.878 15 RALLYDEBUG rally_openstack.cleanup.manager [-] Deleting neutron.network object s_rally_efa829fa_H6DbBXGE (5cf911d8-7b27-40a5-baf5-7f15e484c5f5)
2020-04-13 01:02:10.954 15 RALLYDEBUG rally_openstack.cleanup.manager [-] Deleting neutron.network object s_rally_efa829fa_yDx24z3h (615c6fef-b231-46bf-b2a0-ebb5e1ee48bf)
2020-04-13 01:02:10.967 15 RALLYDEBUG rally_openstack.cleanup.manager [-] Deleting neutron.network object s_rally_efa829fa_WpyNbr49 (629de0c5-2284-4d41-b077-2785c15996f6)
2020-04-13 01:02:11.160 15 RALLYDEBUG rally_openstack.cleanup.manager [-] Deleting neutron.network object s_rally_efa829fa_xIUkk26I (6b3e3e68-1469-401e-b196-07e5e7982402)
2020-04-13 01:02:11.173 15 RALLYDEBUG rally_openstack.cleanup.manager [-] Deleting neutron.network object s_rally_efa829fa_HYTDxaFu (6d510214-80b9-4934-874d-425312828175)
2020-04-13 01:02:11.196 15 RALLYDEBUG rally_openstack.cleanup.manager [-] Deleting neutron.network object s_rally_efa829fa_UAt10kN6 (6fb52bdd-50e0-434e-88bf-0c5cc568a5f4)
2020-04-13 01:02:11.202 15 RALLYDEBUG rally_openstack.cleanup.manager [-] Deleting neutron.network object s_rally_efa829fa_mGgbi7VK (6fadf257-5a15-441e-9ef2-6359fbef3ccd)
2020-04-13 01:02:11.225 15 RALLYDEBUG rally_openstack.cleanup.manager [-] Deleting neutron.network object s_rally_efa829fa_5ZLZKAgI (729b93b5-1658-4795-b3b9-33e6523e50d4)
2020-04-13 01:02:11.231 15 RALLYDEBUG rally_openstack.cleanup.manager [-] Deleting neutron.network object s_rally_efa829fa_ZKAimFls (73fea60f-af8d-45ec-9fd1-7b0929ec2005)
2020-04-13 01:02:11.602 15 RALLYDEBUG rally_openstack.cleanup.manager [-] Deleting neutron.network object s_rally_efa829fa_5RKYjaLK (7df2022e-5fbb-45a9-b09f-385ea95dc5ce)
2020-04-13 01:02:11.637 15 RALLYDEBUG rally_openstack.cleanup.manager [-] Deleting neutron.network object s_rally_efa829fa_JP0bs5zX (812e737f-0220-4161-9514-7b22b77eef65)
2020-04-13 01:02:12.450 15 RALLYDEBUG rally_openstack.cleanup.manager [-] Deleting neutron.network object s_rally_efa829fa_qapviAF5 (824b7a6d-04df-43c8-be04-06d0f0c4073b)
2020-04-13 01:02:12.460 15 RALLYDEBUG rally_openstack.cleanup.manager [-] Deleting neutron.network object s_rally_efa829fa_xQo4zJnq (844c4bd6-b9bc-46c4-82c0-d68bb341feee)
2020-04-13 01:02:12.473 15 RALLYDEBUG rally_openstack.cleanup.manager [-] Deleting neutron.network object s_rally_efa829fa_wavLkVrb (8a694e79-ffa8-455a-bc64-8ef01a67bd4b)
2020-04-13 01:02:12.759 15 RALLYDEBUG rally_openstack.cleanup.manager [-] Deleting neutron.network object s_rally_efa829fa_290cGs4x (8c2faa18-d615-40e1-b890-a18d642b46f4)
2020-04-13 01:02:12.924 15 RALLYDEBUG rally_openstack.cleanup.manager [-] Deleting neutron.network object s_rally_efa829fa_hjbQP3lT (8db9d5aa-d390-4ee4-9251-d0c3fe39d719)
2020-04-13 01:02:12.949 15 RALLYDEBUG rally_openstack.cleanup.manager [-] Deleting neutron.network object s_rally_efa829fa_ks6u4lbo (8e4241b6-a8cd-4688-8d8c-801738d1405d)
2020-04-13 01:02:12.954 15 RALLYDEBUG rally_openstack.cleanup.manager [-] Deleting neutron.network object s_rally_efa829fa_G5XVDXhA (8fc4eedb-1ce1-43e1-b226-f2e237d8d7b2)
2020-04-13 01:02:12.967 15 RALLYDEBUG rally_openstack.cleanup.manager [-] Deleting neutron.network object s_rally_efa829fa_hgJH3zwU (9515601e-f393-475d-8dca-d3516165eb32)
2020-04-13 01:02:12.988 15 RALLYDEBUG rally_openstack.cleanup.manager [-] Deleting neutron.network object s_rally_efa829fa_pJDLLVWv (958774f8-406c-4a69-90f5-9f882b10d00f)
2020-04-13 01:02:13.033 15 RALLYDEBUG rally_openstack.cleanup.manager [-] Deleting neutron.network object s_rally_efa829fa_lmTZ8Yjd (96345cc9-7001-4ef8-9bdb-e64dbda89950)
2020-04-13 01:02:13.092 15 RALLYDEBUG rally_openstack.cleanup.manager [-] Deleting neutron.network object s_rally_efa829fa_4Vn9eir5 (96f404bb-87d0-432e-b619-dcaf602a2bc9)
2020-04-13 01:02:13.187 15 RALLYDEBUG rally_openstack.cleanup.manager [-] Deleting neutron.network object s_rally_efa829fa_fNlbVAJ1 (992b1dc3-8117-409e-bd34-340a486dcb79)
2020-04-13 01:02:13.503 15 RALLYDEBUG rally_openstack.cleanup.manager [-] Deleting neutron.network object s_rally_efa829fa_Utcxh4U4 (9c263946-f1ff-45af-9737-18343a58c896)
2020-04-13 01:02:13.782 15 RALLYDEBUG rally_openstack.cleanup.manager [-] Deleting neutron.network object s_rally_efa829fa_YCqKkMfj (9f4a291b-4ff2-4d17-bd19-b6b015176447)
2020-04-13 01:02:14.180 15 RALLYDEBUG rally_openstack.cleanup.manager [-] Deleting neutron.network object s_rally_efa829fa_hpKHcMM8 (a2e8a9e9-3c9c-486e-a9d8-190641995a7f)
2020-04-13 01:02:14.191 15 RALLYDEBUG rally_openstack.cleanup.manager [-] Deleting neutron.network object s_rally_efa829fa_RWoM4Uzg (a3815e51-bf99-426d-bc93-c16b1c76369b)
2020-04-13 01:02:14.374 15 RALLYDEBUG rally_openstack.cleanup.manager [-] Deleting neutron.network object s_rally_efa829fa_RKTiopAy (a5f34f48-6924-4bf5-ad19-97767764702a)
2020-04-13 01:02:14.552 15 RALLYDEBUG rally_openstack.cleanup.manager [-] Deleting neutron.network object s_rally_efa829fa_99l2MAno (a7a97cb9-0385-4bf9-8a4b-1fe5ef889981)
2020-04-13 01:02:14.711 15 RALLYDEBUG rally_openstack.cleanup.manager [-] Deleting neutron.network object s_rally_efa829fa_yEJSDKHW (b1078c1d-e4b8-4599-b5d2-cfba53a5984f)
2020-04-13 01:02:14.945 15 RALLYDEBUG rally_openstack.cleanup.manager [-] Deleting neutron.network object s_rally_efa829fa_OocuRgvs (b31e1516-1b82-4574-8750-a98459149438)
2020-04-13 01:02:15.125 15 RALLYDEBUG rally_openstack.cleanup.manager [-] Deleting neutron.network object s_rally_efa829fa_9KukqWau (b3a582e9-60d0-4f13-9807-f9ff07741f50)
2020-04-13 01:02:15.138 15 RALLYDEBUG rally_openstack.cleanup.manager [-] Deleting neutron.network object s_rally_efa829fa_wZ32IMi5 (c241d6d0-04f9-4d16-b472-f059b34e859e)
2020-04-13 01:02:15.155 15 RALLYDEBUG rally_openstack.cleanup.manager [-] Deleting neutron.network object s_rally_efa829fa_DBQ09JO6 (c470ae81-ca7b-4d19-9177-6fc178040852)
2020-04-13 01:02:15.176 15 RALLYDEBUG rally_openstack.cleanup.manager [-] Deleting neutron.network object s_rally_efa829fa_43s2aK2f (c6ce8262-01ab-4d00-a1ed-360fdccc8085)
2020-04-13 01:02:15.239 15 RALLYDEBUG rally_openstack.cleanup.manager [-] Deleting neutron.network object s_rally_efa829fa_v2RLEKvQ (cf9b9dd1-c86c-4dc7-a54e-02036086be04)
2020-04-13 01:02:15.299 15 RALLYDEBUG rally_openstack.cleanup.manager [-] Deleting neutron.network object s_rally_efa829fa_I3WOvp4B (d171693b-2ebe-4d6d-80af-f5f9831dd4c0)
2020-04-13 01:02:15.328 15 RALLYDEBUG rally_openstack.cleanup.manager [-] Deleting neutron.network object s_rally_efa829fa_P2BcMpTu (d76544d6-409a-4da8-904c-d97c0a9c7b81)
2020-04-13 01:02:15.357 15 RALLYDEBUG rally_openstack.cleanup.manager [-] Deleting neutron.network object s_rally_efa829fa_2BjRiTZY (d8868b01-fd3c-4c88-a827-5d7ac732f338)
2020-04-13 01:02:15.373 15 RALLYDEBUG rally_openstack.cleanup.manager [-] Deleting neutron.network object s_rally_efa829fa_SICYycJc (d951ebbb-6d9a-4100-b9cc-daa38530bfb4)
2020-04-13 01:02:15.388 15 RALLYDEBUG rally_openstack.cleanup.manager [-] Deleting neutron.network object s_rally_efa829fa_pQocIiiC (da79d819-a1b9-4b1f-ac24-16a9d2209a0b)
2020-04-13 01:02:15.473 15 RALLYDEBUG rally_openstack.cleanup.manager [-] Deleting neutron.network object s_rally_efa829fa_Py9eRuT9 (db6cc2f3-9cfc-42b5-be2b-1f7e94f08fd2)
2020-04-13 01:02:15.584 15 RALLYDEBUG rally_openstack.cleanup.manager [-] Deleting neutron.network object s_rally_efa829fa_RxOnxjqY (e2ea53f8-f596-46f7-8ff0-c00e1c7b846b)
