2020-04-13 01:10:22.168 3120 RALLYDEBUG rally.task.runner [-] Starting a worker. times: 40 duration: None concurrency: 1 timeout: 0 cls: method_name: run args: {"network_create_args": {}, "subnet_create_args": {}, "subnet_cidr_start": "1.1.0.0/30", "subnets_per_network": 2, "router_create_args": {}}
2020-04-13 01:10:22.171 3119 INFO rally.task.runner [-] Task 0a402ac2-3c23-4fde-b782-218d8bf1e29c | ITER: 9 START
2020-04-13 01:10:22.171 3123 RALLYDEBUG rally.task.runner [-] Starting a worker. times: 40 duration: None concurrency: 1 timeout: 0 cls: method_name: run args: {"network_create_args": {}, "subnet_create_args": {}, "subnet_cidr_start": "1.1.0.0/30", "subnets_per_network": 2, "router_create_args": {}}
2020-04-13 01:10:22.172 3126 RALLYDEBUG rally.task.runner [-] Starting a worker. times: 40 duration: None concurrency: 1 timeout: 0 cls: method_name: run args: {"network_create_args": {}, "subnet_create_args": {}, "subnet_cidr_start": "1.1.0.0/30", "subnets_per_network": 2, "router_create_args": {}}
2020-04-13 01:10:22.173 3120 INFO rally.task.runner [-] Task 0a402ac2-3c23-4fde-b782-218d8bf1e29c | ITER: 10 START
2020-04-13 01:10:22.176 3126 INFO rally.task.runner [-] Task 0a402ac2-3c23-4fde-b782-218d8bf1e29c | ITER: 12 START
2020-04-13 01:10:22.175 3129 RALLYDEBUG rally.task.runner [-] Starting a worker. times: 40 duration: None concurrency: 1 timeout: 0 cls: method_name: run args: {"network_create_args": {}, "subnet_create_args": {}, "subnet_cidr_start": "1.1.0.0/30", "subnets_per_network": 2, "router_create_args": {}}
2020-04-13 01:10:22.176 3123 INFO rally.task.runner [-] Task 0a402ac2-3c23-4fde-b782-218d8bf1e29c | ITER: 11 START
2020-04-13 01:10:22.179 3137 RALLYDEBUG rally.task.runner [-] Starting a worker. times: 40 duration: None concurrency: 1 timeout: 0 cls: method_name: run args: {"network_create_args": {}, "subnet_create_args": {}, "subnet_cidr_start": "1.1.0.0/30", "subnets_per_network": 2, "router_create_args": {}}
2020-04-13 01:10:22.179 3132 RALLYDEBUG rally.task.runner [-] Starting a worker. times: 40 duration: None concurrency: 1 timeout: 0 cls: method_name: run args: {"network_create_args": {}, "subnet_create_args": {}, "subnet_cidr_start": "1.1.0.0/30", "subnets_per_network": 2, "router_create_args": {}}
2020-04-13 01:10:22.181 3129 INFO rally.task.runner [-] Task 0a402ac2-3c23-4fde-b782-218d8bf1e29c | ITER: 13 START
2020-04-13 01:10:22.183 3138 RALLYDEBUG rally.task.runner [-] Starting a worker. times: 40 duration: None concurrency: 1 timeout: 0 cls: method_name: run args: {"network_create_args": {}, "subnet_create_args": {}, "subnet_cidr_start": "1.1.0.0/30", "subnets_per_network": 2, "router_create_args": {}}
2020-04-13 01:10:22.184 3137 INFO rally.task.runner [-] Task 0a402ac2-3c23-4fde-b782-218d8bf1e29c | ITER: 14 START
2020-04-13 01:10:22.184 3141 RALLYDEBUG rally.task.runner [-] Starting a worker. times: 40 duration: None concurrency: 1 timeout: 0 cls: method_name: run args: {"network_create_args": {}, "subnet_create_args": {}, "subnet_cidr_start": "1.1.0.0/30", "subnets_per_network": 2, "router_create_args": {}}
2020-04-13 01:10:22.185 3132 INFO rally.task.runner [-] Task 0a402ac2-3c23-4fde-b782-218d8bf1e29c | ITER: 15 START
2020-04-13 01:10:22.188 3138 INFO rally.task.runner [-] Task 0a402ac2-3c23-4fde-b782-218d8bf1e29c | ITER: 16 START
2020-04-13 01:10:22.188 3144 RALLYDEBUG rally.task.runner [-] Starting a worker. times: 40 duration: None concurrency: 1 timeout: 0 cls: method_name: run args: {"network_create_args": {}, "subnet_create_args": {}, "subnet_cidr_start": "1.1.0.0/30", "subnets_per_network": 2, "router_create_args": {}}
2020-04-13 01:10:22.189 3141 INFO rally.task.runner [-] Task 0a402ac2-3c23-4fde-b782-218d8bf1e29c | ITER: 17 START
2020-04-13 01:10:22.189 3147 RALLYDEBUG rally.task.runner [-] Starting a worker. times: 40 duration: None concurrency: 1 timeout: 0 cls: method_name: run args: {"network_create_args": {}, "subnet_create_args": {}, "subnet_cidr_start": "1.1.0.0/30", "subnets_per_network": 2, "router_create_args": {}}
2020-04-13 01:10:22.192 3144 INFO rally.task.runner [-] Task 0a402ac2-3c23-4fde-b782-218d8bf1e29c | ITER: 18 START
2020-04-13 01:10:22.193 3147 INFO rally.task.runner [-] Task 0a402ac2-3c23-4fde-b782-218d8bf1e29c | ITER: 19 START
2020-04-13 01:10:22.192 3152 RALLYDEBUG rally.task.runner [-] Starting a worker. times: 40 duration: None concurrency: 1 timeout: 0 cls: method_name: run args: {"network_create_args": {}, "subnet_create_args": {}, "subnet_cidr_start": "1.1.0.0/30", "subnets_per_network": 2, "router_create_args": {}}
2020-04-13 01:10:22.197 3152 INFO rally.task.runner [-] Task 0a402ac2-3c23-4fde-b782-218d8bf1e29c | ITER: 20 START
2020-04-13 01:10:22.744 3101 RALLYDEBUG rally_openstack.wrappers.network [-] CIDR generated: 1.1.8.32/30
2020-04-13 01:10:23.252 3129 RALLYDEBUG rally_openstack.wrappers.network [-] CIDR generated: 1.1.8.36/30
2020-04-13 01:10:23.423 3104 RALLYDEBUG rally_openstack.wrappers.network [-] CIDR generated: 1.1.8.40/30
2020-04-13 01:10:23.456 3114 RALLYDEBUG rally_openstack.wrappers.network [-] CIDR generated: 1.1.8.44/30
2020-04-13 01:10:23.621 3100 RALLYDEBUG rally_openstack.wrappers.network [-] CIDR generated: 1.1.8.48/30
2020-04-13 01:10:23.751 3137 RALLYDEBUG rally_openstack.wrappers.network [-] CIDR generated: 1.1.8.52/30
2020-04-13 01:10:23.899 3119 RALLYDEBUG rally_openstack.wrappers.network [-] CIDR generated: 1.1.8.56/30
2020-04-13 01:10:24.108 3101 RALLYDEBUG rally_openstack.wrappers.network [-] CIDR generated: 1.1.8.60/30
2020-04-13 01:10:24.133 3099 RALLYDEBUG rally_openstack.wrappers.network [-] CIDR generated: 1.1.8.64/30
2020-04-13 01:10:24.391 3129 RALLYDEBUG rally_openstack.wrappers.network [-] CIDR generated: 1.1.8.68/30
2020-04-13 01:10:24.431 3102 RALLYDEBUG rally_openstack.wrappers.network [-] CIDR generated: 1.1.8.72/30
2020-04-13 01:10:24.483 3137 RALLYDEBUG rally_openstack.wrappers.network [-] CIDR generated: 1.1.8.76/30
2020-04-13 01:10:24.522 3104 RALLYDEBUG rally_openstack.wrappers.network [-] CIDR generated: 1.1.8.80/30
2020-04-13 01:10:24.574 3100 RALLYDEBUG rally_openstack.wrappers.network [-] CIDR generated: 1.1.8.84/30
2020-04-13 01:10:24.959 3119 RALLYDEBUG rally_openstack.wrappers.network [-] CIDR generated: 1.1.8.88/30
2020-04-13 01:10:25.004 3114 RALLYDEBUG rally_openstack.wrappers.network [-] CIDR generated: 1.1.8.92/30
2020-04-13 01:10:25.147 3126 RALLYDEBUG rally_openstack.wrappers.network [-] CIDR generated: 1.1.8.96/30
2020-04-13 01:10:25.249 3120 RALLYDEBUG rally_openstack.wrappers.network [-] CIDR generated: 1.1.8.100/30
2020-04-13 01:10:25.715 3099 RALLYDEBUG rally_openstack.wrappers.network [-] CIDR generated: 1.1.8.104/30
2020-04-13 01:10:25.885 3126 RALLYDEBUG rally_openstack.wrappers.network [-] CIDR generated: 1.1.8.108/30
2020-04-13 01:10:25.967 3120 RALLYDEBUG rally_openstack.wrappers.network [-] CIDR generated: 1.1.8.112/30
2020-04-13 01:10:26.027 3102 RALLYDEBUG rally_openstack.wrappers.network [-] CIDR generated: 1.1.8.116/30
2020-04-13 01:10:26.116 3152 RALLYDEBUG rally_openstack.wrappers.network [-] CIDR generated: 1.1.8.120/30
2020-04-13 01:10:26.526 3123 RALLYDEBUG rally_openstack.wrappers.network [-] CIDR generated: 1.1.8.124/30
2020-04-13 01:10:26.635 3144 RALLYDEBUG rally_openstack.wrappers.network [-] CIDR generated: 1.1.8.128/30
2020-04-13 01:10:27.078 3138 RALLYDEBUG rally_openstack.wrappers.network [-] CIDR generated: 1.1.8.132/30
2020-04-13 01:10:27.254 3147 RALLYDEBUG rally_openstack.wrappers.network [-] CIDR generated: 1.1.8.136/30
2020-04-13 01:10:27.848 3123 RALLYDEBUG rally_openstack.wrappers.network [-] CIDR generated: 1.1.8.140/30
2020-04-13 01:10:28.554 3132 RALLYDEBUG rally_openstack.wrappers.network [-] CIDR generated: 1.1.8.144/30
2020-04-13 01:10:28.921 3138 RALLYDEBUG rally_openstack.wrappers.network [-] CIDR generated: 1.1.8.148/30
2020-04-13 01:10:28.926 3141 RALLYDEBUG rally_openstack.wrappers.network [-] CIDR generated: 1.1.8.152/30
2020-04-13 01:10:28.937 3152 RALLYDEBUG rally_openstack.wrappers.network [-] CIDR generated: 1.1.8.156/30
2020-04-13 01:10:28.973 3144 RALLYDEBUG rally_openstack.wrappers.network [-] CIDR generated: 1.1.8.160/30
2020-04-13 01:10:29.399 3147 RALLYDEBUG rally_openstack.wrappers.network [-] CIDR generated: 1.1.8.164/30
2020-04-13 01:10:30.287 3132 RALLYDEBUG rally_openstack.wrappers.network [-] CIDR generated: 1.1.8.168/30
2020-04-13 01:10:30.497 3110 RALLYDEBUG rally_openstack.wrappers.network [-] CIDR generated: 1.1.8.172/30
2020-04-13 01:10:30.840 3141 RALLYDEBUG rally_openstack.wrappers.network [-] CIDR generated: 1.1.8.176/30
2020-04-13 01:10:31.458 3108 RALLYDEBUG rally_openstack.wrappers.network [-] CIDR generated: 1.1.8.180/30
2020-04-13 01:10:32.982 3110 RALLYDEBUG rally_openstack.wrappers.network [-] CIDR generated: 1.1.8.184/30
2020-04-13 01:10:35.036 3108 RALLYDEBUG rally_openstack.wrappers.network [-] CIDR generated: 1.1.8.188/30
2020-04-13 01:10:37.716 3129 INFO rally.task.runner [-] Task 0a402ac2-3c23-4fde-b782-218d8bf1e29c | ITER: 13 END: OK
2020-04-13 01:10:37.721 3129 INFO rally.task.runner [-] Task 0a402ac2-3c23-4fde-b782-218d8bf1e29c | ITER: 21 START
2020-04-13 01:10:37.804 3101 INFO rally.task.runner [-] Task 0a402ac2-3c23-4fde-b782-218d8bf1e29c | ITER: 3 END: OK
2020-04-13 01:10:37.807 3101 INFO rally.task.runner [-] Task 0a402ac2-3c23-4fde-b782-218d8bf1e29c | ITER: 22 START
2020-04-13 01:10:38.023 3129 RALLYDEBUG rally_openstack.wrappers.network [-] CIDR generated: 1.1.8.192/30
2020-04-13 01:10:38.104 3101 RALLYDEBUG rally_openstack.wrappers.network [-] CIDR generated: 1.1.8.196/30
2020-04-13 01:10:38.754 3129 RALLYDEBUG rally_openstack.wrappers.network [-] CIDR generated: 1.1.8.200/30
2020-04-13 01:10:39.220 3101 RALLYDEBUG rally_openstack.wrappers.network [-] CIDR generated: 1.1.8.204/30
2020-04-13 01:10:42.125 3119 INFO rally.task.runner [-] Task 0a402ac2-3c23-4fde-b782-218d8bf1e29c | ITER: 9 END: OK
2020-04-13 01:10:42.129 3119 INFO rally.task.runner [-] Task 0a402ac2-3c23-4fde-b782-218d8bf1e29c | ITER: 23 START
2020-04-13 01:10:42.506 3119 RALLYDEBUG rally_openstack.wrappers.network [-] CIDR generated: 1.1.8.208/30
2020-04-13 01:10:43.273 3119 RALLYDEBUG rally_openstack.wrappers.network [-] CIDR generated: 1.1.8.212/30
2020-04-13 01:10:44.087 3137 INFO rally.task.runner [-] Task 0a402ac2-3c23-4fde-b782-218d8bf1e29c | ITER: 14 END: OK
2020-04-13 01:10:44.091 3137 INFO rally.task.runner [-] Task 0a402ac2-3c23-4fde-b782-218d8bf1e29c | ITER: 24 START
2020-04-13 01:10:44.505 3137 RALLYDEBUG rally_openstack.wrappers.network [-] CIDR generated: 1.1.8.216/30
2020-04-13 01:10:46.121 3137 RALLYDEBUG rally_openstack.wrappers.network [-] CIDR generated: 1.1.8.220/30
2020-04-13 01:10:48.176 3100 INFO rally.task.runner [-] Task 0a402ac2-3c23-4fde-b782-218d8bf1e29c | ITER: 2 END: OK
2020-04-13 01:10:48.185 3100 INFO rally.task.runner [-] Task 0a402ac2-3c23-4fde-b782-218d8bf1e29c | ITER: 25 START
2020-04-13 01:10:48.201 3132 INFO rally.task.runner [-] Task 0a402ac2-3c23-4fde-b782-218d8bf1e29c | ITER: 15 END: OK
2020-04-13 01:10:48.210 3132 INFO rally.task.runner [-] Task 0a402ac2-3c23-4fde-b782-218d8bf1e29c | ITER: 26 START
2020-04-13 01:10:48.334 3138 INFO rally.task.runner [-] Task 0a402ac2-3c23-4fde-b782-218d8bf1e29c | ITER: 16 END: OK
2020-04-13 01:10:48.342 3138 INFO rally.task.runner [-] Task 0a402ac2-3c23-4fde-b782-218d8bf1e29c | ITER: 27 START
2020-04-13 01:10:48.704 3102 INFO rally.task.runner [-] Task 0a402ac2-3c23-4fde-b782-218d8bf1e29c | ITER: 4 END: OK
2020-04-13 01:10:48.710 3102 INFO rally.task.runner [-] Task 0a402ac2-3c23-4fde-b782-218d8bf1e29c | ITER: 28 START
2020-04-13 01:10:49.097 3132 RALLYDEBUG rally_openstack.wrappers.network [-] CIDR generated: 1.1.8.224/30
2020-04-13 01:10:49.715 3102 RALLYDEBUG rally_openstack.wrappers.network [-] CIDR generated: 1.1.8.228/30
2020-04-13 01:10:49.764 3132 RALLYDEBUG rally_openstack.wrappers.network [-] CIDR generated: 1.1.8.232/30
2020-04-13 01:10:49.837 3126 INFO rally.task.runner [-] Task 0a402ac2-3c23-4fde-b782-218d8bf1e29c | ITER: 12 END: OK
2020-04-13 01:10:49.844 3126 INFO rally.task.runner [-] Task 0a402ac2-3c23-4fde-b782-218d8bf1e29c | ITER: 29 START
2020-04-13 01:10:50.390 3138 RALLYDEBUG rally_openstack.wrappers.network [-] CIDR generated: 1.1.8.236/30
2020-04-13 01:10:50.456 3126 RALLYDEBUG rally_openstack.wrappers.network [-] CIDR generated: 1.1.8.240/30
2020-04-13 01:10:50.650 3129 INFO rally.task.runner [-] Task 0a402ac2-3c23-4fde-b782-218d8bf1e29c | ITER: 21 END: OK
2020-04-13 01:10:50.657 3129 INFO rally.task.runner [-] Task 0a402ac2-3c23-4fde-b782-218d8bf1e29c | ITER: 30 START
2020-04-13 01:10:50.894 3102 RALLYDEBUG rally_openstack.wrappers.network [-] CIDR generated: 1.1.8.244/30
2020-04-13 01:10:50.914 3100 RALLYDEBUG rally_openstack.wrappers.network [-] CIDR generated: 1.1.8.248/30
2020-04-13 01:10:51.063 3138 RALLYDEBUG rally_openstack.wrappers.network [-] CIDR generated: 1.1.8.252/30
2020-04-13 01:10:51.090 3129 RALLYDEBUG rally_openstack.wrappers.network [-] CIDR generated: 1.1.9.0/30
2020-04-13 01:10:51.155 3104 INFO rally.task.runner [-] Task 0a402ac2-3c23-4fde-b782-218d8bf1e29c | ITER: 5 END: OK
2020-04-13 01:10:51.163 3104 INFO rally.task.runner [-] Task 0a402ac2-3c23-4fde-b782-218d8bf1e29c | ITER: 31 START
2020-04-13 01:10:51.673 3104 RALLYDEBUG rally_openstack.wrappers.network [-] CIDR generated: 1.1.9.4/30
2020-04-13 01:10:51.807 3129 RALLYDEBUG rally_openstack.wrappers.network [-] CIDR generated: 1.1.9.8/30
2020-04-13 01:10:51.844 3101 INFO rally.task.runner [-] Task 0a402ac2-3c23-4fde-b782-218d8bf1e29c | ITER: 22 END: OK
2020-04-13 01:10:51.848 3101 INFO rally.task.runner [-] Task 0a402ac2-3c23-4fde-b782-218d8bf1e29c | ITER: 32 START
2020-04-13 01:10:52.762 3101 RALLYDEBUG rally_openstack.wrappers.network [-] CIDR generated: 1.1.9.12/30
2020-04-13 01:10:53.219 3126 RALLYDEBUG rally_openstack.wrappers.network [-] CIDR generated: 1.1.9.16/30
2020-04-13 01:10:53.696 3104 RALLYDEBUG rally_openstack.wrappers.network [-] CIDR generated: 1.1.9.20/30
2020-04-13 01:10:53.744 3100 RALLYDEBUG rally_openstack.wrappers.network [-] CIDR generated: 1.1.9.24/30
2020-04-13 01:10:53.875 3101 RALLYDEBUG rally_openstack.wrappers.network [-] CIDR generated: 1.1.9.28/30
2020-04-13 01:10:54.644 3141 INFO rally.task.runner [-] Task 0a402ac2-3c23-4fde-b782-218d8bf1e29c | ITER: 17 END: OK
2020-04-13 01:10:54.650 3141 INFO rally.task.runner [-] Task 0a402ac2-3c23-4fde-b782-218d8bf1e29c | ITER: 33 START
2020-04-13 01:10:54.961 3141 RALLYDEBUG rally_openstack.wrappers.network [-] CIDR generated: 1.1.9.32/30
2020-04-13 01:10:55.652 3141 RALLYDEBUG rally_openstack.wrappers.network [-] CIDR generated: 1.1.9.36/30
2020-04-13 01:10:56.101 3123 INFO rally.task.runner [-] Task 0a402ac2-3c23-4fde-b782-218d8bf1e29c | ITER: 11 END: OK
2020-04-13 01:10:56.108 3123 INFO rally.task.runner [-] Task 0a402ac2-3c23-4fde-b782-218d8bf1e29c | ITER: 34 START
2020-04-13 01:10:56.475 3123 RALLYDEBUG rally_openstack.wrappers.network [-] CIDR generated: 1.1.9.40/30
2020-04-13 01:10:56.761 3119 INFO rally.task.runner [-] Task 0a402ac2-3c23-4fde-b782-218d8bf1e29c | ITER: 23 END: OK
2020-04-13 01:10:56.767 3119 INFO rally.task.runner [-] Task 0a402ac2-3c23-4fde-b782-218d8bf1e29c | ITER: 35 START
2020-04-13 01:10:57.012 3120 INFO rally.task.runner [-] Task 0a402ac2-3c23-4fde-b782-218d8bf1e29c | ITER: 10 END: OK
2020-04-13 01:10:57.018 3120 INFO rally.task.runner [-] Task 0a402ac2-3c23-4fde-b782-218d8bf1e29c | ITER: 36 START
2020-04-13 01:10:57.184 3119 RALLYDEBUG rally_openstack.wrappers.network [-] CIDR generated: 1.1.9.44/30
2020-04-13 01:10:57.561 3120 RALLYDEBUG rally_openstack.wrappers.network [-] CIDR generated: 1.1.9.48/30
2020-04-13 01:10:58.249 3123 RALLYDEBUG rally_openstack.wrappers.network [-] CIDR generated: 1.1.9.52/30
2020-04-13 01:10:59.000 3119 RALLYDEBUG rally_openstack.wrappers.network [-] CIDR generated: 1.1.9.56/30
2020-04-13 01:10:59.069 3110 INFO rally.task.runner [-] Task 0a402ac2-3c23-4fde-b782-218d8bf1e29c | ITER: 7 END: OK
2020-04-13 01:10:59.075 3110 INFO rally.task.runner [-] Task 0a402ac2-3c23-4fde-b782-218d8bf1e29c | ITER: 37 START
2020-04-13 01:10:59.090 3120 RALLYDEBUG rally_openstack.wrappers.network [-] CIDR generated: 1.1.9.60/30
2020-04-13 01:10:59.457 3110 RALLYDEBUG rally_openstack.wrappers.network [-] CIDR generated: 1.1.9.64/30
2020-04-13 01:11:00.325 3137 INFO rally.task.runner [-] Task 0a402ac2-3c23-4fde-b782-218d8bf1e29c | ITER: 24 END: OK
2020-04-13 01:11:00.326 3110 RALLYDEBUG rally_openstack.wrappers.network [-] CIDR generated: 1.1.9.68/30
2020-04-13 01:11:00.330 3137 INFO rally.task.runner [-] Task 0a402ac2-3c23-4fde-b782-218d8bf1e29c | ITER: 38 START
2020-04-13 01:11:00.611 3144 INFO rally.task.runner [-] Task 0a402ac2-3c23-4fde-b782-218d8bf1e29c | ITER: 18 END: OK
2020-04-13 01:11:00.616 3144 INFO rally.task.runner [-] Task 0a402ac2-3c23-4fde-b782-218d8bf1e29c | ITER: 39 START
2020-04-13 01:11:00.678 3147 INFO rally.task.runner [-] Task 0a402ac2-3c23-4fde-b782-218d8bf1e29c | ITER: 19 END: OK
2020-04-13 01:11:00.683 3147 INFO rally.task.runner [-] Task 0a402ac2-3c23-4fde-b782-218d8bf1e29c | ITER: 40 START
2020-04-13 01:11:00.686 3137 RALLYDEBUG rally_openstack.wrappers.network [-] CIDR generated: 1.1.9.72/30
2020-04-13 01:11:01.681 3144 RALLYDEBUG rally_openstack.wrappers.network [-] CIDR generated: 1.1.9.76/30
2020-04-13 01:11:02.082 3137 RALLYDEBUG rally_openstack.wrappers.network [-] CIDR generated: 1.1.9.80/30
2020-04-13 01:11:02.672 3147 RALLYDEBUG rally_openstack.wrappers.network [-] CIDR generated: 1.1.9.84/30
2020-04-13 01:11:03.255 3138 INFO rally.task.runner [-] Task 0a402ac2-3c23-4fde-b782-218d8bf1e29c | ITER: 27 END: OK
2020-04-13 01:11:03.450 3144 RALLYDEBUG rally_openstack.wrappers.network [-] CIDR generated: 1.1.9.88/30
2020-04-13 01:11:04.392 3147 RALLYDEBUG rally_openstack.wrappers.network [-] CIDR generated: 1.1.9.92/30
2020-04-13 01:11:07.137 3099 INFO rally.task.runner [-] Task 0a402ac2-3c23-4fde-b782-218d8bf1e29c | ITER: 1 END: OK
2020-04-13 01:11:07.173 3114 INFO rally.task.runner [-] Task 0a402ac2-3c23-4fde-b782-218d8bf1e29c | ITER: 8 END: OK
2020-04-13 01:11:07.456 3141 INFO rally.task.runner [-] Task 0a402ac2-3c23-4fde-b782-218d8bf1e29c | ITER: 33 END: OK
2020-04-13 01:11:09.738 3129 INFO rally.task.runner [-] Task 0a402ac2-3c23-4fde-b782-218d8bf1e29c | ITER: 30 END: OK
2020-04-13 01:11:11.068 3152 INFO rally.task.runner [-] Task 0a402ac2-3c23-4fde-b782-218d8bf1e29c | ITER: 20 END: OK
2020-04-13 01:11:11.260 3101 INFO rally.task.runner [-] Task 0a402ac2-3c23-4fde-b782-218d8bf1e29c | ITER: 32 END: OK
2020-04-13 01:11:11.309 3102 INFO rally.task.runner [-] Task 0a402ac2-3c23-4fde-b782-218d8bf1e29c | ITER: 28 END: OK
2020-04-13 01:11:12.621 3108 INFO rally.task.runner [-] Task 0a402ac2-3c23-4fde-b782-218d8bf1e29c | ITER: 6 END: OK
2020-04-13 01:11:14.136 3104 INFO rally.task.runner [-] Task 0a402ac2-3c23-4fde-b782-218d8bf1e29c | ITER: 31 END: OK
2020-04-13 01:11:14.433 3137 INFO rally.task.runner [-] Task 0a402ac2-3c23-4fde-b782-218d8bf1e29c | ITER: 38 END: OK
2020-04-13 01:11:18.530 3120 INFO rally.task.runner [-] Task 0a402ac2-3c23-4fde-b782-218d8bf1e29c | ITER: 36 END: OK
2020-04-13 01:11:19.726 3147 INFO rally.task.runner [-] Task 0a402ac2-3c23-4fde-b782-218d8bf1e29c | ITER: 40 END: OK
2020-04-13 01:11:21.195 3132 INFO rally.task.runner [-] Task 0a402ac2-3c23-4fde-b782-218d8bf1e29c | ITER: 26 END: OK
2020-04-13 01:11:21.360 3110 INFO rally.task.runner [-] Task 0a402ac2-3c23-4fde-b782-218d8bf1e29c | ITER: 37 END: OK
2020-04-13 01:11:22.629 3123 INFO rally.task.runner [-] Task 0a402ac2-3c23-4fde-b782-218d8bf1e29c | ITER: 34 END: OK
2020-04-13 01:11:23.211 3119 INFO rally.task.runner [-] Task 0a402ac2-3c23-4fde-b782-218d8bf1e29c | ITER: 35 END: OK
2020-04-13 01:11:23.518 3144 INFO rally.task.runner [-] Task 0a402ac2-3c23-4fde-b782-218d8bf1e29c | ITER: 39 END: OK
2020-04-13 01:11:25.105 3100 INFO rally.task.runner [-] Task 0a402ac2-3c23-4fde-b782-218d8bf1e29c | ITER: 25 END: OK
2020-04-13 01:11:25.110 3126 INFO rally.task.runner [-] Task 0a402ac2-3c23-4fde-b782-218d8bf1e29c | ITER: 29 END: OK
2020-04-13 01:11:25.131 15 INFO rally.task.context [-] Task 0a402ac2-3c23-4fde-b782-218d8bf1e29c | Context cleanup@openstack cleanup() started
2020-04-13 01:11:25.138 15 RALLYDEBUG rally_openstack.cleanup.manager [-] Cleaning up neutron vip objects
2020-04-13 01:11:25.398 15 RALLYDEBUG rally_openstack.cleanup.manager [-] Cleaning up neutron health_monitor objects
2020-04-13 01:11:25.532 15 RALLYDEBUG rally_openstack.cleanup.manager [-] Cleaning up neutron pool objects
2020-04-13 01:11:25.667 15 RALLYDEBUG rally_openstack.cleanup.manager [-] Cleaning up neutron loadbalancer objects
2020-04-13 01:11:25.803 15 RALLYDEBUG rally_openstack.cleanup.manager [-] Cleaning up neutron floatingip objects
2020-04-13 01:11:26.479 15 RALLYDEBUG rally_openstack.cleanup.manager [-] Cleaning up neutron trunk objects
2020-04-13 01:11:26.653 15 RALLYDEBUG rally_openstack.cleanup.manager [-] Cleaning up neutron port objects
2020-04-13 01:11:27.226 15 RALLYDEBUG rally_openstack.cleanup.manager [-] Cleaning up neutron subnet objects
2020-04-13 01:11:27.643 15 RALLYDEBUG rally_openstack.cleanup.manager [-] Deleting neutron.subnet object s_rally_bab429b8_5n7useLY (06b299a4-8241-43e1-be81-82f8ec7170de)
2020-04-13 01:11:27.648 15 RALLYDEBUG rally_openstack.cleanup.manager [-] Deleting neutron.subnet object s_rally_bab429b8_wMidzUhh (0af07179-b9da-469d-b539-8ddd19e0befe)
2020-04-13 01:11:27.661 15 RALLYDEBUG rally_openstack.cleanup.manager [-] Deleting neutron.subnet object s_rally_bab429b8_7IVwNXkL (0c5a9b01-dd50-46de-8cb3-d76e73fec01b)
2020-04-13 01:11:27.676 15 RALLYDEBUG rally_openstack.cleanup.manager [-] Deleting neutron.subnet object s_rally_bab429b8_utU2wFjl (1bca9c9c-2b91-4572-bb39-9ecc5ad977ec)
2020-04-13 01:11:27.681 15 RALLYDEBUG rally_openstack.cleanup.manager [-] Deleting neutron.subnet object s_rally_bab429b8_kwKBzrvB (22f4e8da-e0b8-4937-9f5c-4a1961355ced)
2020-04-13 01:11:27.687 15 RALLYDEBUG rally_openstack.cleanup.manager [-] Deleting neutron.subnet object s_rally_bab429b8_ak2u35Ue (189ada43-471b-4184-b9d7-bb29106a499e)
2020-04-13 01:11:27.696 15 RALLYDEBUG rally_openstack.cleanup.manager [-] Deleting neutron.subnet object s_rally_bab429b8_S7v6qbDr (29ed05d3-7e2a-4e36-9abf-d66dd808138f)
2020-04-13 01:11:27.723 15 RALLYDEBUG rally_openstack.cleanup.manager [-] Deleting neutron.subnet object s_rally_bab429b8_9btNWYhX (2e1d10b1-86a8-487a-ba94-6396b0b2d26d)
2020-04-13 01:11:27.723 15 RALLYDEBUG rally_openstack.cleanup.manager [-] Deleting neutron.subnet object s_rally_bab429b8_8IHuUKGk (2b8b508d-883a-49c6-a971-4aea76e7813b)
2020-04-13 01:11:27.748 15 RALLYDEBUG rally_openstack.cleanup.manager [-] Deleting neutron.subnet object s_rally_bab429b8_EaHhVCdu (35e2c48f-fe09-4ebb-b24d-00f9ae3d1238)
2020-04-13 01:11:27.748 15 RALLYDEBUG rally_openstack.cleanup.manager [-] Deleting neutron.subnet object s_rally_bab429b8_AkJbAMnP (32082e09-6b5a-4d97-b178-bc7a138d608d)
2020-04-13 01:11:27.758 15 RALLYDEBUG rally_openstack.cleanup.manager [-] Deleting neutron.subnet object s_rally_bab429b8_BKgFZgNf (37c4c65e-3aec-40f1-a0f2-86e4de3a5221)
2020-04-13 01:11:27.815 15 RALLYDEBUG rally_openstack.cleanup.manager [-] Deleting neutron.subnet object s_rally_bab429b8_hgUXgk49 (37f006ab-7d74-4c5c-a6a1-069e9810e990)
2020-04-13 01:11:27.832 15 RALLYDEBUG rally_openstack.cleanup.manager [-] Deleting neutron.subnet object s_rally_bab429b8_KUceS1sc (3906db98-0867-472a-bd92-4f97364a1597)
2020-04-13 01:11:27.837 15 RALLYDEBUG rally_openstack.cleanup.manager [-] Deleting neutron.subnet object s_rally_bab429b8_a4snjFCx (39b378f1-4b49-4513-a339-c6181a29e860)
2020-04-13 01:11:27.859 15 RALLYDEBUG rally_openstack.cleanup.manager [-] Deleting neutron.subnet object s_rally_bab429b8_VVjZW6u8 (3bf6e98d-fde1-46ca-9092-703f8513c1b1)
2020-04-13 01:11:27.854 15 RALLYDEBUG rally_openstack.cleanup.manager [-] Deleting neutron.subnet object s_rally_bab429b8_hupHwog3 (39cc7e8a-f69a-4b88-9171-518228ece00f)
2020-04-13 01:11:27.872 15 RALLYDEBUG rally_openstack.cleanup.manager [-] Deleting neutron.subnet object s_rally_bab429b8_smgZpzLO (4004233b-9899-41e1-8508-2d079a0b2a4a)
2020-04-13 01:11:27.891 15 RALLYDEBUG rally_openstack.cleanup.manager [-] Deleting neutron.subnet object s_rally_bab429b8_7vzWW1CE (40e4f686-8579-415c-97d3-a1e7f395d560)
2020-04-13 01:11:27.899 15 RALLYDEBUG rally_openstack.cleanup.manager [-] Deleting neutron.subnet object s_rally_bab429b8_OWJ85PEC (45e3a7b5-e5b5-46ea-8467-ea678e004dca)
2020-04-13 01:11:30.447 15 RALLYDEBUG rally_openstack.cleanup.manager [-] Deleting neutron.subnet object s_rally_bab429b8_GTPrl1h8 (47798540-5f1a-4c67-8cda-88cbf47dafd6)
2020-04-13 01:11:30.588 15 RALLYDEBUG rally_openstack.cleanup.manager [-] Deleting neutron.subnet object s_rally_bab429b8_QJY1E8lz (4f22d960-3d72-4251-8fb8-32b64becd391)
2020-04-13 01:11:30.738 15 RALLYDEBUG rally_openstack.cleanup.manager [-] Deleting neutron.subnet object s_rally_bab429b8_PbTjSbF8 (5066740e-7ce8-4785-80cf-f76c86b83c04)
2020-04-13 01:11:30.816 15 RALLYDEBUG rally_openstack.cleanup.manager [-] Deleting neutron.subnet object s_rally_bab429b8_COsOFW6s (53e6a8ca-870d-4557-92a2-a27c33da700e)
2020-04-13 01:11:31.515 15 RALLYDEBUG rally_openstack.cleanup.manager [-] Deleting neutron.subnet object s_rally_bab429b8_F0sA0eJ3 (544b81ea-517a-49bb-a111-64e6f6d5791a)
2020-04-13 01:11:31.721 15 RALLYDEBUG rally_openstack.cleanup.manager [-] Deleting neutron.subnet object s_rally_bab429b8_IbwVM5NM (54bcccf4-77d7-40ee-9019-fc092fecb13e)
2020-04-13 01:11:31.734 15 RALLYDEBUG rally_openstack.cleanup.manager [-] Deleting neutron.subnet object s_rally_bab429b8_MVPJIZLm (5a5f7e10-7b38-433a-98a8-61f8d2e126bc)
2020-04-13 01:11:32.320 15 RALLYDEBUG rally_openstack.cleanup.manager [-] Deleting neutron.subnet object s_rally_bab429b8_5yE6rF6b (6135165f-f4ac-4b60-bdd9-8d3acb062084)
2020-04-13 01:11:32.320 15 RALLYDEBUG rally_openstack.cleanup.manager [-] Deleting neutron.subnet object s_rally_bab429b8_Vh5mJ2xU (60de9176-69c5-4d2c-a5e1-fd6c0357e990)
2020-04-13 01:11:32.374 15 RALLYDEBUG rally_openstack.cleanup.manager [-] Deleting neutron.subnet object s_rally_bab429b8_Bx6sSSmZ (634670c0-9943-4f53-8a04-b06140a97368)
2020-04-13 01:11:32.385 15 RALLYDEBUG rally_openstack.cleanup.manager [-] Deleting neutron.subnet object s_rally_bab429b8_mXOfv1Rd (65441c04-183a-4423-a895-594dda61fad0)
2020-04-13 01:11:32.776 15 RALLYDEBUG rally_openstack.cleanup.manager [-] Deleting neutron.subnet object s_rally_bab429b8_16tqoKNH (6cda7ff8-ce25-4e1f-b95c-d116716f8d42)
2020-04-13 01:11:32.916 15 RALLYDEBUG rally_openstack.cleanup.manager [-] Deleting neutron.subnet object s_rally_bab429b8_wevhBmSZ (6f75f1d9-5d77-4452-be76-e99a66a4fc04)
2020-04-13 01:11:33.539 15 RALLYDEBUG rally_openstack.cleanup.manager [-] Deleting neutron.subnet object s_rally_bab429b8_Z9Flf2uV (6fd14b8b-34dd-437a-bf8d-9d925bb345c9)
2020-04-13 01:11:33.560 15 RALLYDEBUG rally_openstack.cleanup.manager [-] Deleting neutron.subnet object s_rally_bab429b8_CkTpl0iE (75ea8bc3-9140-4ddb-b4d9-127da1bfccd7)
2020-04-13 01:11:33.613 15 RALLYDEBUG rally_openstack.cleanup.manager [-] Deleting neutron.subnet object s_rally_bab429b8_KMX40FeT (7a886438-7d2f-4b43-8f93-0998135f9259)
2020-04-13 01:11:33.634 15 RALLYDEBUG rally_openstack.cleanup.manager [-] Deleting neutron.subnet object s_rally_bab429b8_W6il1RXZ (7ac85e2f-db63-4b2f-95f8-275fe30e53c9)
2020-04-13 01:11:33.679 15 RALLYDEBUG rally_openstack.cleanup.manager [-] Deleting neutron.subnet object s_rally_bab429b8_UNJCb4EX (81fabb5f-bc4d-4ff8-ad0f-e639ee24cad4)
2020-04-13 01:11:33.683 15 RALLYDEBUG rally_openstack.cleanup.manager [-] Deleting neutron.subnet object s_rally_bab429b8_GEad9oXE (8701731c-d7f2-44a2-bd47-bbb569bce30b)
2020-04-13 01:11:33.683 15 RALLYDEBUG rally_openstack.cleanup.manager [-] Deleting neutron.subnet object s_rally_bab429b8_NwqP7yce (7fc85e9c-853f-422d-a892-22a05ec1efa3)
2020-04-13 01:11:33.695 15 RALLYDEBUG rally_openstack.cleanup.manager [-] Deleting neutron.subnet object s_rally_bab429b8_PPrypTjO (8dc45a56-10c2-4ca7-8100-51a2664ca4c9)
2020-04-13 01:11:33.701 15 RALLYDEBUG rally_openstack.cleanup.manager [-] Deleting neutron.subnet object s_rally_bab429b8_pEUjYuta (8ecac98b-ee21-47be-8df1-890deaf0268e)
2020-04-13 01:11:33.751 15 RALLYDEBUG rally_openstack.cleanup.manager [-] Deleting neutron.subnet object s_rally_bab429b8_kbOnDNjv (9259272a-3808-4f23-be6a-1db6875f5110)
2020-04-13 01:11:34.503 15 RALLYDEBUG rally_openstack.cleanup.manager [-] Deleting neutron.subnet object s_rally_bab429b8_q1q3cgSW (92e4f002-14cb-4f80-b718-7a92af7279df)
2020-04-13 01:11:34.577 15 RALLYDEBUG rally_openstack.cleanup.manager [-] Deleting neutron.subnet object s_rally_bab429b8_ZPGgp6tq (94c74d66-3051-484c-b962-985576b760e2)
2020-04-13 01:11:34.982 15 RALLYDEBUG rally_openstack.cleanup.manager [-] Deleting neutron.subnet object s_rally_bab429b8_c0fzd2FU (994190cc-9a5e-4d87-b342-5903ac201457)
2020-04-13 01:11:35.289 15 RALLYDEBUG rally_openstack.cleanup.manager [-] Deleting neutron.subnet object s_rally_bab429b8_5HcXdWXx (a0350440-c920-4e90-b469-24fb979d2869)
2020-04-13 01:11:35.518 15 RALLYDEBUG rally_openstack.cleanup.manager [-] Deleting neutron.subnet object s_rally_bab429b8_e5lH8y66 (a0d3aade-17bf-419e-b2ae-1fd6c41f049f)
2020-04-13 01:11:35.586 15 RALLYDEBUG rally_openstack.cleanup.manager [-] Deleting neutron.subnet object s_rally_bab429b8_QIuRAwoe (a1de25ca-2353-410b-adf0-f35f39532942)
2020-04-13 01:11:36.384 15 RALLYDEBUG rally_openstack.cleanup.manager [-] Deleting neutron.subnet object s_rally_bab429b8_JoMHaPJF (a2e6eb63-045d-4e03-95cd-6823409808a0)
2020-04-13 01:11:36.998 15 RALLYDEBUG rally_openstack.cleanup.manager [-] Deleting neutron.subnet object s_rally_bab429b8_uDIDf7By (a4a1d365-073c-496c-9af7-ad79ad0cb759)
2020-04-13 01:11:37.152 15 RALLYDEBUG rally_openstack.cleanup.manager [-] Deleting neutron.subnet object s_rally_bab429b8_FjtcS5qv (a74e0d8c-c3e9-4714-815f-60839b9dd1fb)
2020-04-13 01:11:37.165 15 RALLYDEBUG rally_openstack.cleanup.manager [-] Deleting neutron.subnet object s_rally_bab429b8_M9Mzfiig (aee3d7e1-2322-4970-91d6-abd02205f857)
2020-04-13 01:11:37.175 15 RALLYDEBUG rally_openstack.cleanup.manager [-] Deleting neutron.subnet object s_rally_bab429b8_lvr14JHB (aff036b6-97a0-4fba-9fdb-a6c8b514af86)
2020-04-13 01:11:37.195 15 RALLYDEBUG rally_openstack.cleanup.manager [-] Deleting neutron.subnet object s_rally_bab429b8_sZvFAqbx (b0ff133e-e17e-40c5-9349-64b30c6f0168)
2020-04-13 01:11:37.427 15 RALLYDEBUG rally_openstack.cleanup.manager [-] Deleting neutron.subnet object s_rally_bab429b8_3x4LuvG6 (b3391708-4fae-49a8-a3cf-a6f99ee5df0c)
2020-04-13 01:11:37.552 15 RALLYDEBUG rally_openstack.cleanup.manager [-] Deleting neutron.subnet object s_rally_bab429b8_fj0YLaLV (b8985a9a-05db-46d6-8a38-cb3aac3453f1)
2020-04-13 01:11:37.619 15 RALLYDEBUG rally_openstack.cleanup.manager [-] Deleting neutron.subnet object s_rally_bab429b8_QKpTTysx (c30a9e53-245e-4af5-9b71-2a8c340267f8)
2020-04-13 01:11:37.626 15 RALLYDEBUG rally_openstack.cleanup.manager [-] Deleting neutron.subnet object s_rally_bab429b8_TFQL6zAP (c37395f5-e2ce-4001-850d-82ab3d517223)
2020-04-13 01:11:37.881 15 RALLYDEBUG rally_openstack.cleanup.manager [-] Deleting neutron.subnet object s_rally_bab429b8_GDOr0nNT (c3b7f429-fccd-46e8-9f2f-b14c17ffd869)
2020-04-13 01:11:37.942 15 RALLYDEBUG rally_openstack.cleanup.manager [-] Deleting neutron.subnet object s_rally_bab429b8_bvIvSJbQ (c7a40585-2107-486c-b11c-192cc3a45422)
2020-04-13 01:11:38.020 15 RALLYDEBUG rally_openstack.cleanup.manager [-] Deleting neutron.subnet object s_rally_bab429b8_s3vdqDBU (ce8ffb96-b8d6-42e2-839e-ecfcac1a0f29)
2020-04-13 01:11:38.082 15 RALLYDEBUG rally_openstack.cleanup.manager [-] Deleting neutron.subnet object s_rally_bab429b8_rRG2oWJk (cfc49b47-a2cb-4735-90c2-95549dabda15)
2020-04-13 01:11:38.771 15 RALLYDEBUG rally_openstack.cleanup.manager [-] Deleting neutron.subnet object s_rally_bab429b8_RBMw95Yy (d5042430-878b-4655-994f-540b391e0d60)
2020-04-13 01:11:39.084 15 RALLYDEBUG rally_openstack.cleanup.manager [-] Deleting neutron.subnet object s_rally_bab429b8_befMoa6C (d6904820-1d8b-4769-86bf-bc03844732bb)
2020-04-13 01:11:39.185 15 RALLYDEBUG rally_openstack.cleanup.manager [-] Deleting neutron.subnet object s_rally_bab429b8_Esuf4rKA (d8d6e1d8-a098-4fca-8e21-04bc2406b58c)
2020-04-13 01:11:39.346 15 RALLYDEBUG rally_openstack.cleanup.manager [-] Deleting neutron.subnet object s_rally_bab429b8_zKMDd9iv (dab439f6-f140-4992-8e5c-4cbb67203c0b)
2020-04-13 01:11:39.757 15 RALLYDEBUG rally_openstack.cleanup.manager [-] Deleting neutron.subnet object s_rally_bab429b8_vDemxQiQ (df0a838e-dfa5-4b42-99c7-a0d33d29df3b)
2020-04-13 01:11:40.058 15 RALLYDEBUG rally_openstack.cleanup.manager [-] Deleting neutron.subnet object s_rally_bab429b8_GQbCWFy9 (df7d4673-c2fb-4837-aa87-af8eb7c1a47e)
2020-04-13 01:11:40.308 15 RALLYDEBUG rally_openstack.cleanup.manager [-] Deleting neutron.subnet object s_rally_bab429b8_efZYy8Ji (e552e77f-f895-4523-9ebe-fdd6533a30b7)
2020-04-13 01:11:40.392 15 RALLYDEBUG rally_openstack.cleanup.manager [-] Deleting neutron.subnet object s_rally_bab429b8_aS7yNhsT (e7220283-a4bc-46a9-9e76-2ddb6ee4da9a)
2020-04-13 01:11:40.476 15 RALLYDEBUG rally_openstack.cleanup.manager [-] Deleting neutron.subnet object s_rally_bab429b8_27JqYpa9 (e7e57506-db99-4df0-bc54-907d1047e2c8)
2020-04-13 01:11:40.572 15 RALLYDEBUG rally_openstack.cleanup.manager [-] Deleting neutron.subnet object s_rally_bab429b8_6i3aUKrR (eaa0149f-4988-4b49-9942-a45cd0da94da)
2020-04-13 01:11:40.783 15 RALLYDEBUG rally_openstack.cleanup.manager [-] Deleting neutron.subnet object s_rally_bab429b8_AkK5jg99 (eb6ed6dc-ed76-452e-a08b-425e4c8b7e3c)
2020-04-13 01:11:41.401 15 RALLYDEBUG rally_openstack.cleanup.manager [-] Deleting neutron.subnet object s_rally_bab429b8_1hpW6tbv (f081a13a-618b-42d4-b2ba-fa92d75b3fe2)
2020-04-13 01:11:41.639 15 RALLYDEBUG rally_openstack.cleanup.manager [-] Deleting neutron.subnet object s_rally_bab429b8_AhoeXP3v (f0a37685-3dbf-4db9-82d0-2d3b55e5a943)
2020-04-13 01:11:41.864 15 RALLYDEBUG rally_openstack.cleanup.manager [-] Deleting neutron.subnet object s_rally_bab429b8_6jLpaxJw (f400db82-8e2a-404d-aa38-05956323a681)
2020-04-13 01:11:42.047 15 RALLYDEBUG rally_openstack.cleanup.manager [-] Deleting neutron.subnet object s_rally_bab429b8_j3eF3qBy (f760e6ae-048e-41ad-a7e0-c9a462c7d891)
2020-04-13 01:11:42.376 15 RALLYDEBUG rally_openstack.cleanup.manager [-] Deleting neutron.subnet object s_rally_bab429b8_vmrcCJNZ (f94aebd9-3e8c-40a8-b228-86e051285ae3)
2020-04-13 01:11:42.388 15 RALLYDEBUG rally_openstack.cleanup.manager [-] Deleting neutron.subnet object s_rally_bab429b8_8gVJpGU2 (fd2a0e2b-14ff-4c21-9563-9abe98372647)
2020-04-13 01:11:46.886 15 RALLYDEBUG rally_openstack.cleanup.manager [-] Cleaning up neutron network objects
2020-04-13 01:11:47.506 15 RALLYDEBUG rally_openstack.cleanup.manager [-] Deleting neutron.network object s_rally_bab429b8_RCXVCMym (124b2f03-10ad-4552-837b-aad7776d9b62)
2020-04-13 01:11:47.518 15 RALLYDEBUG rally_openstack.cleanup.manager [-] Deleting neutron.network object s_rally_bab429b8_Xgf0M98e (1b78a61b-6a20-4c57-9451-f433b5c892b2)
2020-04-13 01:11:47.526 15 RALLYDEBUG rally_openstack.cleanup.manager [-] Deleting neutron.network object s_rally_bab429b8_vlC1aE1p (1bae8674-5a3f-49f8-9833-a10a9ca2f0e1)
2020-04-13 01:11:47.543 15 RALLYDEBUG rally_openstack.cleanup.manager [-] Deleting neutron.network object s_rally_bab429b8_kY2C2Dx9 (1e9f038a-5be4-411d-a3ea-4f5dc356f963)
2020-04-13 01:11:47.558 15 RALLYDEBUG rally_openstack.cleanup.manager [-] Deleting neutron.network object s_rally_bab429b8_FVFmuYIw (1fa7aa92-80e8-4909-a898-7f3cc5dd69b3)
2020-04-13 01:11:47.592 15 RALLYDEBUG rally_openstack.cleanup.manager [-] Deleting neutron.network object s_rally_bab429b8_e1NSJhrm (27c2cf61-6feb-4811-891c-f1fe59323703)
2020-04-13 01:11:47.609 15 RALLYDEBUG rally_openstack.cleanup.manager [-] Deleting neutron.network object s_rally_bab429b8_aiLNOsh1 (2bee4475-6813-4bbd-9b24-5a2f161edf5c)
2020-04-13 01:11:47.617 15 RALLYDEBUG rally_openstack.cleanup.manager [-] Deleting neutron.network object s_rally_bab429b8_mC7QBpSE (2e4b7bc5-054c-4543-a271-148d27236a60)
2020-04-13 01:11:47.622 15 RALLYDEBUG rally_openstack.cleanup.manager [-] Deleting neutron.network object s_rally_bab429b8_KIVtmzVO (37de051c-a722-45ce-bd73-ae893340cdad)
2020-04-13 01:11:47.634 15 RALLYDEBUG rally_openstack.cleanup.manager [-] Deleting neutron.network object s_rally_bab429b8_cdWm069N (3c9452e7-e1d9-4e5a-883c-ef622e99f206)
2020-04-13 01:11:47.640 15 RALLYDEBUG rally_openstack.cleanup.manager [-] Deleting neutron.network object s_rally_bab429b8_KX0xeBuM (3fc369a1-8394-494d-88ae-90eb4b276530)
2020-04-13 01:11:47.657 15 RALLYDEBUG rally_openstack.cleanup.manager [-] Deleting neutron.network object s_rally_bab429b8_XwtL9L6m (41a8ef05-7a18-4076-9004-04fce56dd647)
2020-04-13 01:11:47.698 15 RALLYDEBUG rally_openstack.cleanup.manager [-] Deleting neutron.network object s_rally_bab429b8_3FPQFyzj (42914aa8-2d18-4316-9d2c-b2825c4e3df2)
2020-04-13 01:11:47.703 15 RALLYDEBUG rally_openstack.cleanup.manager [-] Deleting neutron.network object s_rally_bab429b8_iubMfLqa (5092ca9e-18f7-4ab9-ac68-42b4e2055eb3)
2020-04-13 01:11:47.708 15 RALLYDEBUG rally_openstack.cleanup.manager [-] Deleting neutron.network object s_rally_bab429b8_4C0JyQ1n (53654467-5c4b-41b1-b8b2-fee56b192243)
2020-04-13 01:11:47.720 15 RALLYDEBUG rally_openstack.cleanup.manager [-] Deleting neutron.network object s_rally_bab429b8_ECtGi0Fn (5374e967-a19a-4a41-9c3c-df1ea279c492)
2020-04-13 01:11:47.746 15 RALLYDEBUG rally_openstack.cleanup.manager [-] Deleting neutron.network object s_rally_bab429b8_EeIReHkW (5f5546d9-b4d1-42aa-9177-9877831c5819)
2020-04-13 01:11:47.763 15 RALLYDEBUG rally_openstack.cleanup.manager [-] Deleting neutron.network object s_rally_bab429b8_TbsmZoGQ (68d53719-55cf-4c85-b38e-7f5a380a67e4)
2020-04-13 01:11:47.794 15 RALLYDEBUG rally_openstack.cleanup.manager [-] Deleting neutron.network object s_rally_bab429b8_Pb0zGbEQ (70e91856-35e5-4eaa-b26f-584f27014f79)
2020-04-13 01:11:47.796 15 RALLYDEBUG rally_openstack.cleanup.manager [-] Deleting neutron.network object s_rally_bab429b8_zXwMerB4 (7051ad59-9de3-4cdd-8451-e4b7a3a0bab9)
2020-04-13 01:11:49.397 15 RALLYDEBUG rally_openstack.cleanup.manager [-] Deleting neutron.network object s_rally_bab429b8_uW4OUnit (71fb0d07-45d8-4fff-b8c2-23b1be80ff1a)
2020-04-13 01:11:49.520 15 RALLYDEBUG rally_openstack.cleanup.manager [-] Deleting neutron.network object s_rally_bab429b8_U0neBtBA (7de31fd5-9763-4356-92a9-7a18d8edd5c4)
2020-04-13 01:11:50.265 15 RALLYDEBUG rally_openstack.cleanup.manager [-] Deleting neutron.network object s_rally_bab429b8_ZxYmuqho (881e218e-d1d9-4ce3-89a1-0b676c428885)
2020-04-13 01:11:50.323 15 RALLYDEBUG rally_openstack.cleanup.manager [-] Deleting neutron.network object s_rally_bab429b8_1LY1VuYR (9aa32b36-3520-4c6a-b86e-86179529cf55)
2020-04-13 01:11:50.601 15 RALLYDEBUG rally_openstack.cleanup.manager [-] Deleting neutron.network object s_rally_bab429b8_iE0bm5e3 (a88cd25e-a563-4acb-a8e7-d1124548936e)
2020-04-13 01:11:50.742 15 RALLYDEBUG rally_openstack.cleanup.manager [-] Deleting neutron.network object s_rally_bab429b8_ffGsuhFz (abca4aa0-a731-433d-bc90-f3f1dbd2f570)
2020-04-13 01:11:50.745 15 RALLYDEBUG rally_openstack.cleanup.manager [-] Deleting neutron.network object s_rally_bab429b8_xQfRoNYk (b5737797-fc89-4fbd-a19a-dc532191fe3b)
2020-04-13 01:11:50.970 15 RALLYDEBUG rally_openstack.cleanup.manager [-] Deleting neutron.network object s_rally_bab429b8_pKekYfQV (ba003236-f67e-44be-ba5c-06b44469e2ae)
2020-04-13 01:11:50.975 15 RALLYDEBUG rally_openstack.cleanup.manager [-] Deleting neutron.network object s_rally_bab429b8_g9zzyKrp (c1f162ca-850b-43cb-b1f9-493d73c24a6d)
2020-04-13 01:11:51.245 15 RALLYDEBUG rally_openstack.cleanup.manager [-] Deleting neutron.network object s_rally_bab429b8_CldMtxDc (c7590ae7-1d7d-4feb-b4b5-129ee1c8348b)
2020-04-13 01:11:51.257 15 RALLYDEBUG rally_openstack.cleanup.manager [-] Deleting neutron.network object s_rally_bab429b8_RxGpniMR (cfaafb57-87a2-45cf-a2f8-c82a8aa3dc53)
2020-04-13 01:11:51.281 15 RALLYDEBUG rally_openstack.cleanup.manager [-] Deleting neutron.network object s_rally_bab429b8_GuzeNunq (d3bb4fe2-ec4c-4dce-8a28-c419ebed04c7)
2020-04-13 01:11:51.289 15 RALLYDEBUG rally_openstack.cleanup.manager [-] Deleting neutron.network object s_rally_bab429b8_PwQ30Vf8 (da32959e-dd5c-4b9e-8bcb-8924e3c85fc6)
2020-04-13 01:11:51.522 15 RALLYDEBUG rally_openstack.cleanup.manager [-] Deleting neutron.network object s_rally_bab429b8_Rt6KAm3z (dbc11f44-22ed-4a01-b198-4c0fb1a19586)
2020-04-13 01:11:51.539 15 RALLYDEBUG rally_openstack.cleanup.manager [-] Deleting neutron.network object s_rally_bab429b8_lSXE3S5z (e29e218e-fafc-47f5-af8b-5080a82ff151)
2020-04-13 01:11:51.540 15 RALLYDEBUG rally_openstack.cleanup.manager [-] Deleting neutron.network object s_rally_bab429b8_kxExXAEO (e17ab48e-b394-4a25-a4b4-ef626fe0cab8)
2020-04-13 01:11:51.564 15 RALLYDEBUG rally_openstack.cleanup.manager [-] Deleting neutron.network object s_rally_bab429b8_g6lu8rzf (f1eb2551-c588-48e5-8414-0d9fa3513e60)
2020-04-13 01:11:51.576 15 RALLYDEBUG rally_openstack.cleanup.manager [-] Deleting neutron.network object s_rally_bab429b8_7R9iOtIM (f2fc7d69-cb55-4c28-b84f-e2bf12d0b1a2)
2020-04-13 01:11:52.115 15 RALLYDEBUG rally_openstack.cleanup.manager [-] Deleting neutron.network object s_rally_bab429b8_phQQ9zST (f6f138b2-88f5-4633-8559-c7e742c12ea4)
2020-04-13 01:11:52.126 15 RALLYDEBUG rally_openstack.cleanup.manager [-] Deleting neutron.network object s_rally_bab429b8_fKNN1XF0 (f8cac1ad-2660-42ba-93ec-1c8f7eb8be5f)
2020-04-13 01:11:54.253 15 RALLYDEBUG rally_openstack.cleanup.manager [-] Cleaning up neutron router objects
2020-04-13 01:11:54.451 15 RALLYDEBUG rally_openstack.cleanup.manager [-] Cleaning up neutron security_group objects
2020-04-13 01:11:54.655 15 INFO rally.task.context [-] Task 0a402ac2-3c23-4fde-b782-218d8bf1e29c | Context cleanup@openstack cleanup() finished in 29.52 sec
2020-04-13 01:11:54.656 15 INFO rally.task.context [-] Task 0a402ac2-3c23-4fde-b782-218d8bf1e29c | Context quotas@openstack cleanup() started
2020-04-13 01:11:54.677 15 INFO rally.task.context [-] Task 0a402ac2-3c23-4fde-b782-218d8bf1e29c | Context quotas@openstack cleanup() finished in 21.39 msec
2020-04-13 01:11:54.677 15 INFO rally.task.context [-] Task 0a402ac2-3c23-4fde-b782-218d8bf1e29c | Context users@openstack cleanup() started
2020-04-13 01:11:54.943 15 WARNING rally.common.logging [-] `iterate_per_tenants()' is deprecated in v3.0.0: it is openstack specific.. Used at
2020-04-13 01:11:55.972 15 INFO rally.task.context [-] Task 0a402ac2-3c23-4fde-b782-218d8bf1e29c | Context users@openstack cleanup() finished in 1.29 sec
2020-04-13 01:11:57.387 15 INFO rally.task.engine [-] Load duration is: 62.956035
2020-04-13 01:11:57.388 15 INFO rally.task.engine [-] Full runner duration is: 62.995133
2020-04-13 01:11:57.388 15 INFO rally.task.engine [-] Full duration is: 95.262519
2020-04-13 01:11:57.497 15 INFO rally.task.engine [-] Running workload: position = 0 config = { "version": 2, "title": "A cropped version of a bigger task.", "description": "Auto-generated task from a single workload (uuid=1acbd260-f5b0-4e0e-a4ca-d988d2e372a9)", "subtasks": [ { "title": "NeutronNetworks.create_and_list_ports", "description": "Check performance of list ports action and ensure > network quotas are not exceeded", "scenario": { "NeutronNetworks.create_and_list_ports": { "network_create_args": null, "port_create_args": null, "ports_per_network": 50 } }, "contexts": { "users": { "tenants": 1, "users_per_tenant": 1 }, "quotas": { "neutron": { "network": -1, "subnet": -1, "router": -1, "port": 811 } } }, "runner": { "constant": { "times": 8, "concurrency": 4 } }, "hooks": [], "sla": { "max_avg_duration_per_atomic": { "neutron.list_ports": 15 }, "failure_rate": { "max": 0 } } } ] }
2020-04-13 01:11:57.518 15 RALLYDEBUG rally_openstack.contexts.keystone.users [-] Creating 1 tenants using 1 threads
2020-04-13 01:11:58.029 15 RALLYDEBUG rally_openstack.contexts.keystone.users [-] Creating 1 users using 1 threads
2020-04-13 01:11:58.725 15 INFO rally.task.context [-] Task 0a402ac2-3c23-4fde-b782-218d8bf1e29c | Context users@openstack setup() finished in 1.21 sec
2020-04-13 01:11:58.998 15 INFO rally.task.context [-] Task 0a402ac2-3c23-4fde-b782-218d8bf1e29c | Context quotas@openstack setup() finished in 0.27 sec
2020-04-13 01:11:58.999 15 INFO rally.task.context [-] Task 0a402ac2-3c23-4fde-b782-218d8bf1e29c | Context cleanup@openstack setup() finished in 0.08 msec
2020-04-13 01:11:59.006 15 RALLYDEBUG rally.task.runner [-] Starting the constant runner (task UUID: 0a402ac2-3c23-4fde-b782-218d8bf1e29c). times: 8 concurrency: 4 timeout: 0 max_cpu_used: 88 processes_to_start: 4 concurrency_per_worker: 1 concurrency_overhead: 0
2020-04-13 01:11:59.017 3463 RALLYDEBUG rally.task.runner [-] Starting a worker. times: 8 duration: None concurrency: 1 timeout: 0 cls: method_name: run args: {"network_create_args": null, "port_create_args": null, "ports_per_network": 50}
2020-04-13 01:11:59.019 3464 RALLYDEBUG rally.task.runner [-] Starting a worker. times: 8 duration: None concurrency: 1 timeout: 0 cls: method_name: run args: {"network_create_args": null, "port_create_args": null, "ports_per_network": 50}
2020-04-13 01:11:59.022 3463 INFO rally.task.runner [-] Task 0a402ac2-3c23-4fde-b782-218d8bf1e29c | ITER: 1 START
2020-04-13 01:11:59.022 3465 RALLYDEBUG rally.task.runner [-] Starting a worker. times: 8 duration: None concurrency: 1 timeout: 0 cls: method_name: run args: {"network_create_args": null, "port_create_args": null, "ports_per_network": 50}
2020-04-13 01:11:59.023 3463 WARNING rally_openstack.scenarios.neutron.utils [-] Running this scenario without either the 'network' or 'existing_network' context is deprecated
2020-04-13 01:11:59.024 3464 INFO rally.task.runner [-] Task 0a402ac2-3c23-4fde-b782-218d8bf1e29c | ITER: 2 START
2020-04-13 01:11:59.024 3466 RALLYDEBUG rally.task.runner [-] Starting a worker. times: 8 duration: None concurrency: 1 timeout: 0 cls: method_name: run args: {"network_create_args": null, "port_create_args": null, "ports_per_network": 50}
2020-04-13 01:11:59.026 3465 INFO rally.task.runner [-] Task 0a402ac2-3c23-4fde-b782-218d8bf1e29c | ITER: 3 START
2020-04-13 01:11:59.026 3464 WARNING rally_openstack.scenarios.neutron.utils [-] Running this scenario without either the 'network' or 'existing_network' context is deprecated
2020-04-13 01:11:59.027 3465 WARNING rally_openstack.scenarios.neutron.utils [-] Running this scenario without either the 'network' or 'existing_network' context is deprecated
2020-04-13 01:11:59.030 3466 INFO rally.task.runner [-] Task 0a402ac2-3c23-4fde-b782-218d8bf1e29c | ITER: 4 START
2020-04-13 01:11:59.032 3466 WARNING rally_openstack.scenarios.neutron.utils [-] Running this scenario without either the 'network' or 'existing_network' context is deprecated
2020-04-13 01:12:33.634 3466 INFO rally.task.runner [-] Task 0a402ac2-3c23-4fde-b782-218d8bf1e29c | ITER: 4 END: OK
2020-04-13 01:12:33.641 3466 INFO rally.task.runner [-] Task 0a402ac2-3c23-4fde-b782-218d8bf1e29c | ITER: 5 START
2020-04-13 01:12:33.642 3466 WARNING rally_openstack.scenarios.neutron.utils [-] Running this scenario without either the 'network' or 'existing_network' context is deprecated
2020-04-13 01:12:33.944 3464 INFO rally.task.runner [-] Task 0a402ac2-3c23-4fde-b782-218d8bf1e29c | ITER: 2 END: OK
2020-04-13 01:12:33.949 3464 INFO rally.task.runner [-] Task 0a402ac2-3c23-4fde-b782-218d8bf1e29c | ITER: 6 START
2020-04-13 01:12:33.950 3464 WARNING rally_openstack.scenarios.neutron.utils [-] Running this scenario without either the 'network' or 'existing_network' context is deprecated
2020-04-13 01:12:36.440 3463 INFO rally.task.runner [-] Task 0a402ac2-3c23-4fde-b782-218d8bf1e29c | ITER: 1 END: OK
2020-04-13 01:12:36.445 3463 INFO rally.task.runner [-] Task 0a402ac2-3c23-4fde-b782-218d8bf1e29c | ITER: 7 START
2020-04-13 01:12:36.445 3463 WARNING rally_openstack.scenarios.neutron.utils [-] Running this scenario without either the 'network' or 'existing_network' context is deprecated
2020-04-13 01:12:36.557 3465 INFO rally.task.runner [-] Task 0a402ac2-3c23-4fde-b782-218d8bf1e29c | ITER: 3 END: OK
2020-04-13 01:12:36.561 3465 INFO rally.task.runner [-] Task 0a402ac2-3c23-4fde-b782-218d8bf1e29c | ITER: 8 START
2020-04-13 01:12:36.563 3465 WARNING rally_openstack.scenarios.neutron.utils [-] Running this scenario without either the 'network' or 'existing_network' context is deprecated
2020-04-13 01:13:09.284 3466 INFO rally.task.runner [-] Task 0a402ac2-3c23-4fde-b782-218d8bf1e29c | ITER: 5 END: OK
2020-04-13 01:13:09.794 3464 INFO rally.task.runner [-] Task 0a402ac2-3c23-4fde-b782-218d8bf1e29c | ITER: 6 END: OK
2020-04-13 01:13:11.386 3463 INFO rally.task.runner [-] Task 0a402ac2-3c23-4fde-b782-218d8bf1e29c | ITER: 7 END: OK
2020-04-13 01:13:14.760 3465 INFO rally.task.runner [-] Task 0a402ac2-3c23-4fde-b782-218d8bf1e29c | ITER: 8 END: OK
2020-04-13 01:13:14.791 15 INFO rally.task.context [-] Task 0a402ac2-3c23-4fde-b782-218d8bf1e29c | Context cleanup@openstack cleanup() started
2020-04-13 01:13:14.797 15 RALLYDEBUG rally_openstack.cleanup.manager [-] Cleaning up neutron vip objects
2020-04-13 01:13:15.057 15 RALLYDEBUG rally_openstack.cleanup.manager [-] Cleaning up neutron health_monitor objects
2020-04-13 01:13:15.185 15 RALLYDEBUG rally_openstack.cleanup.manager [-] Cleaning up neutron pool objects
2020-04-13 01:13:15.314 15 RALLYDEBUG rally_openstack.cleanup.manager [-] Cleaning up neutron loadbalancer objects
2020-04-13 01:13:15.630 15 RALLYDEBUG rally_openstack.cleanup.manager [-] Cleaning up neutron floatingip objects
2020-04-13 01:13:15.982 15 RALLYDEBUG rally_openstack.cleanup.manager [-] Cleaning up neutron trunk objects
