2020-04-13 01:42:46.332 15085 INFO rally.task.runner [-] Task d2284eeb-b62c-4f86-a54d-130dd9348c8e | ITER: 8 START
2020-04-13 01:42:46.549 15083 RALLYDEBUG rally_openstack.wrappers.network [-] CIDR generated: 10.2.83.0/24
2020-04-13 01:42:46.732 15085 RALLYDEBUG rally_openstack.wrappers.network [-] CIDR generated: 10.2.84.0/24
2020-04-13 01:42:47.171 15083 RALLYDEBUG rally_openstack.wrappers.network [-] CIDR generated: 10.2.85.0/24
2020-04-13 01:42:47.225 15084 RALLYDEBUG rally_openstack.wrappers.network [-] CIDR generated: 10.2.86.0/24
2020-04-13 01:42:47.369 15085 RALLYDEBUG rally_openstack.wrappers.network [-] CIDR generated: 10.2.87.0/24
2020-04-13 01:42:53.496 15085 INFO rally.task.runner [-] Task d2284eeb-b62c-4f86-a54d-130dd9348c8e | ITER: 8 END: OK
2020-04-13 01:42:53.503 15085 INFO rally.task.runner [-] Task d2284eeb-b62c-4f86-a54d-130dd9348c8e | ITER: 9 START
2020-04-13 01:42:53.549 15083 INFO rally.task.runner [-] Task d2284eeb-b62c-4f86-a54d-130dd9348c8e | ITER: 7 END: OK
2020-04-13 01:42:53.554 15083 INFO rally.task.runner [-] Task d2284eeb-b62c-4f86-a54d-130dd9348c8e | ITER: 10 START
2020-04-13 01:42:53.838 15082 INFO rally.task.runner [-] Task d2284eeb-b62c-4f86-a54d-130dd9348c8e | ITER: 5 END: OK
2020-04-13 01:42:54.148 15083 RALLYDEBUG rally_openstack.wrappers.network [-] CIDR generated: 10.2.88.0/24
2020-04-13 01:42:54.712 15085 RALLYDEBUG rally_openstack.wrappers.network [-] CIDR generated: 10.2.89.0/24
2020-04-13 01:42:54.813 15083 RALLYDEBUG rally_openstack.wrappers.network [-] CIDR generated: 10.2.90.0/24
2020-04-13 01:42:55.366 15085 RALLYDEBUG rally_openstack.wrappers.network [-] CIDR generated: 10.2.91.0/24
2020-04-13 01:42:57.825 15084 INFO rally.task.runner [-] Task d2284eeb-b62c-4f86-a54d-130dd9348c8e | ITER: 6 END: OK
2020-04-13 01:43:01.629 15085 INFO rally.task.runner [-] Task d2284eeb-b62c-4f86-a54d-130dd9348c8e | ITER: 9 END: OK
2020-04-13 01:43:01.920 15083 INFO rally.task.runner [-] Task d2284eeb-b62c-4f86-a54d-130dd9348c8e | ITER: 10 END: OK
2020-04-13 01:43:01.946 9693 INFO rally.task.context [-] Task d2284eeb-b62c-4f86-a54d-130dd9348c8e | Context cleanup@openstack cleanup() started
2020-04-13 01:43:01.953 9693 RALLYDEBUG rally_openstack.cleanup.manager [-] Cleaning up neutron vip objects
2020-04-13 01:43:02.397 9693 RALLYDEBUG rally_openstack.cleanup.manager [-] Cleaning up neutron health_monitor objects
2020-04-13 01:43:02.812 9693 RALLYDEBUG rally_openstack.cleanup.manager [-] Cleaning up neutron pool objects
2020-04-13 01:43:03.194 9693 RALLYDEBUG rally_openstack.cleanup.manager [-] Cleaning up neutron loadbalancer objects
2020-04-13 01:43:03.585 9693 RALLYDEBUG rally_openstack.cleanup.manager [-] Cleaning up neutron floatingip objects
2020-04-13 01:43:04.266 9693 RALLYDEBUG rally_openstack.cleanup.manager [-] Cleaning up neutron trunk objects
2020-04-13 01:43:04.760 9693 RALLYDEBUG rally_openstack.cleanup.manager [-] Cleaning up neutron port objects
2020-04-13 01:43:06.360 9693 RALLYDEBUG rally_openstack.cleanup.manager [-] Deleting neutron.port object s_rally_0dc110a2_wc4wNfK0 (275b570b-0538-45c2-a9da-9aaad5224543)
2020-04-13 01:43:06.370 9693 RALLYDEBUG rally_openstack.cleanup.manager [-] Deleting neutron.port object s_rally_0dc110a2_H501Odsn (77d70cee-547f-4515-ba5c-0a1e3f83220e)
2020-04-13 01:43:06.375 9693 RALLYDEBUG rally_openstack.cleanup.manager [-] Deleting neutron.port object s_rally_0dc110a2_ctjqtHfy (853e8582-da67-4f2d-ae67-27f16c803d30)
2020-04-13 01:43:06.397 9693 RALLYDEBUG rally_openstack.cleanup.manager [-] Deleting neutron.port object s_rally_0dc110a2_bVu8jPsh (9cd5b7dc-469e-4bb2-b4ea-72d1a555455f)
2020-04-13 01:43:06.415 9693 RALLYDEBUG rally_openstack.cleanup.manager [-] Deleting neutron.port object s_rally_0dc110a2_4oqIgzud (ec082dee-59f9-4439-b6b5-ef2722522715)
2020-04-13 01:43:06.436 9693 RALLYDEBUG rally_openstack.cleanup.manager [-] Deleting neutron.port object s_rally_0dc110a2_rtmYHFtF (f5589c9a-bd6f-4e1c-b272-3068db0ca472)
2020-04-13 01:43:06.459 9693 RALLYDEBUG rally_openstack.cleanup.manager [-] Deleting neutron.port object s_rally_0dc110a2_pSjgnjGY (cf3b68e8-45c6-40ea-acc9-32967c73d080)
2020-04-13 01:43:06.464 9693 RALLYDEBUG rally_openstack.cleanup.manager [-] Deleting neutron.port object s_rally_0dc110a2_Q5UfCbop (f83e8975-4808-45e8-b3d5-e256e629587d)
2020-04-13 01:43:06.448 9693 RALLYDEBUG rally_openstack.cleanup.manager [-] Deleting neutron.port object s_rally_0dc110a2_r2begUzK (16ce07b0-539c-416c-95fc-5d58727a691e)
2020-04-13 01:43:06.488 9693 RALLYDEBUG rally_openstack.cleanup.manager [-] Deleting neutron.port object s_rally_0dc110a2_MyCecJeA (69be6cd1-e4dd-4c90-9ef6-6b1367f0ff6f)
2020-04-13 01:43:06.498 9693 RALLYDEBUG rally_openstack.cleanup.manager [-] Deleting neutron.port object s_rally_0dc110a2_RA6NCZPg (13d5c0a1-4031-4091-bbaa-0e76ed2d5a49)
2020-04-13 01:43:06.509 9693 RALLYDEBUG rally_openstack.cleanup.manager [-] Deleting neutron.port object s_rally_0dc110a2_wLMWUof7 (2182f44e-64ba-471c-a677-edf1149522ca)
2020-04-13 01:43:06.504 9693 RALLYDEBUG rally_openstack.cleanup.manager [-] Deleting neutron.port object s_rally_0dc110a2_CPwf5qdJ (1a8ca613-6631-41c6-9d7c-083d3cbeb70c)
2020-04-13 01:43:06.538 9693 RALLYDEBUG rally_openstack.cleanup.manager [-] Deleting neutron.port object s_rally_0dc110a2_LoQYbTeY (96f4541b-1dbc-4fd5-9092-5c5875a8e81a)
2020-04-13 01:43:06.551 9693 RALLYDEBUG rally_openstack.cleanup.manager [-] Deleting neutron.port object s_rally_0dc110a2_ar4nN8ld (7cfb2f0c-3129-4460-84b1-b418880dfb03)
2020-04-13 01:43:06.576 9693 RALLYDEBUG rally_openstack.cleanup.manager [-] Deleting neutron.port object s_rally_0dc110a2_q17t02qp (b7965c08-3cfc-4930-894d-e0cbca459c75)
2020-04-13 01:43:06.580 9693 RALLYDEBUG rally_openstack.cleanup.manager [-] Deleting neutron.port object s_rally_0dc110a2_HmHFj7P9 (e4439aa0-d7ba-4f76-9526-2cf53ec0ffc3)
2020-04-13 01:43:06.585 9693 RALLYDEBUG rally_openstack.cleanup.manager [-] Deleting neutron.port object s_rally_0dc110a2_yeclPzsZ (e6182924-f591-4cde-b348-df4bf1049176)
2020-04-13 01:43:06.596 9693 RALLYDEBUG rally_openstack.cleanup.manager [-] Deleting neutron.port object s_rally_0dc110a2_J8To30Jg (eefbfb36-9a1b-4a0a-93de-c70a7e6a37b2)
2020-04-13 01:43:06.641 9693 RALLYDEBUG rally_openstack.cleanup.manager [-] Deleting neutron.port object s_rally_0dc110a2_J7dI2iwK (fb62c0b7-1c69-4b20-9705-56d27d94c662)
2020-04-13 01:43:14.480 9693 RALLYDEBUG rally_openstack.cleanup.manager [-] Cleaning up neutron subnet objects
2020-04-13 01:43:15.135 9693 RALLYDEBUG rally_openstack.cleanup.manager [-] Deleting neutron.subnet object s_rally_0dc110a2_2XGupio8 (37f396d1-16da-4427-8743-05848edc5694)
2020-04-13 01:43:15.147 9693 RALLYDEBUG rally_openstack.cleanup.manager [-] Deleting neutron.subnet object s_rally_0dc110a2_mNJxpJKy (63450664-88df-46a1-892c-5e9d7a4a3de8)
2020-04-13 01:43:15.158 9693 RALLYDEBUG rally_openstack.cleanup.manager [-] Deleting neutron.subnet object s_rally_0dc110a2_Hz022S1g (82f871c8-7283-4c63-9d53-3c6d44ebbc0b)
2020-04-13 01:43:15.159 9693 RALLYDEBUG rally_openstack.cleanup.manager [-] Deleting neutron.subnet object s_rally_0dc110a2_jgJXRoZF (531035d2-7443-4451-8424-cdcb22b055fe)
2020-04-13 01:43:15.182 9693 RALLYDEBUG rally_openstack.cleanup.manager [-] Deleting neutron.subnet object s_rally_0dc110a2_ffkSvtGr (9f8977f0-1a24-4374-8f23-472c93f9f7b6)
2020-04-13 01:43:15.200 9693 RALLYDEBUG rally_openstack.cleanup.manager [-] Deleting neutron.subnet object s_rally_0dc110a2_l5lt6VLs (de3f22e6-6ed3-4b2c-bf47-58c7bbbacb86)
2020-04-13 01:43:15.205 9693 RALLYDEBUG rally_openstack.cleanup.manager [-] Deleting neutron.subnet object s_rally_0dc110a2_Ng8weFmv (41e448ff-5480-4e8f-821b-510e952075dd)
2020-04-13 01:43:15.219 9693 RALLYDEBUG rally_openstack.cleanup.manager [-] Deleting neutron.subnet object s_rally_0dc110a2_hM8Q5ceV (430e46ba-2104-4e4d-9c6c-0cabba9abeb9)
2020-04-13 01:43:15.224 9693 RALLYDEBUG rally_openstack.cleanup.manager [-] Deleting neutron.subnet object s_rally_0dc110a2_rnH4Xhis (63233e63-3710-4397-9133-761421b99a2a)
2020-04-13 01:43:15.233 9693 RALLYDEBUG rally_openstack.cleanup.manager [-] Deleting neutron.subnet object s_rally_0dc110a2_Wc3SRuFn (c8533f54-5619-49e7-bd80-b0b2ec3a53e9)
2020-04-13 01:43:15.270 9693 RALLYDEBUG rally_openstack.cleanup.manager [-] Deleting neutron.subnet object s_rally_0dc110a2_VOfq7p70 (6112330a-f185-4909-95be-146510169a93)
2020-04-13 01:43:15.275 9693 RALLYDEBUG rally_openstack.cleanup.manager [-] Deleting neutron.subnet object s_rally_0dc110a2_ZUGWr0pe (6f0105d8-b03b-4e41-8af9-67bf43858603)
2020-04-13 01:43:15.265 9693 RALLYDEBUG rally_openstack.cleanup.manager [-] Deleting neutron.subnet object s_rally_0dc110a2_NhYP5dBy (48420986-5a87-4997-a180-5e94cd1b1aaf)
2020-04-13 01:43:15.285 9693 RALLYDEBUG rally_openstack.cleanup.manager [-] Deleting neutron.subnet object s_rally_0dc110a2_QlzRBv1j (77379a8e-6246-4328-bcdc-7e2396165ae1)
2020-04-13 01:43:15.307 9693 RALLYDEBUG rally_openstack.cleanup.manager [-] Deleting neutron.subnet object s_rally_0dc110a2_KhiuLxoG (785b90c3-432b-4d98-99f1-782ba0143d14)
2020-04-13 01:43:15.323 9693 RALLYDEBUG rally_openstack.cleanup.manager [-] Deleting neutron.subnet object s_rally_0dc110a2_uthsIx5X (ade071d7-3502-448d-bab1-ec1a421d1fc7)
2020-04-13 01:43:15.337 9693 RALLYDEBUG rally_openstack.cleanup.manager [-] Deleting neutron.subnet object s_rally_0dc110a2_4Ub6HpaG (9d44333f-3099-4ed6-b103-8ae3ecf4e7fe)
2020-04-13 01:43:15.348 9693 RALLYDEBUG rally_openstack.cleanup.manager [-] Deleting neutron.subnet object s_rally_0dc110a2_ndJf4CEV (e0810425-8f72-481f-bc20-eb9dd05b6970)
2020-04-13 01:43:15.343 9693 RALLYDEBUG rally_openstack.cleanup.manager [-] Deleting neutron.subnet object s_rally_0dc110a2_xhzcJiIu (db029142-0ff1-4f7e-bd89-af826b33d511)
2020-04-13 01:43:15.399 9693 RALLYDEBUG rally_openstack.cleanup.manager [-] Deleting neutron.subnet object s_rally_0dc110a2_TXQGTKng (fb41ef06-150d-4e90-a432-7e048ad8b30d)
2020-04-13 01:43:25.585 9693 RALLYDEBUG rally_openstack.cleanup.manager [-] Cleaning up neutron network objects
2020-04-13 01:43:26.397 9693 RALLYDEBUG rally_openstack.cleanup.manager [-] Deleting neutron.network object s_rally_0dc110a2_FpNl3HWL (88375168-1ac5-4502-8811-881411bb8b78)
2020-04-13 01:43:26.402 9693 RALLYDEBUG rally_openstack.cleanup.manager [-] Deleting neutron.network object s_rally_0dc110a2_ri2L4tzH (a6de52ca-8cf5-4828-b499-e5bdc80cf643)
2020-04-13 01:43:26.413 9693 RALLYDEBUG rally_openstack.cleanup.manager [-] Deleting neutron.network object s_rally_0dc110a2_ATtkyMyo (e347f456-0dbd-485d-9c3a-3ae20e93de42)
2020-04-13 01:43:26.428 9693 RALLYDEBUG rally_openstack.cleanup.manager [-] Deleting neutron.network object s_rally_0dc110a2_XGYUF98e (2b5cd4fa-b31c-47c0-ba98-fb840839cf6c)
2020-04-13 01:43:26.440 9693 RALLYDEBUG rally_openstack.cleanup.manager [-] Deleting neutron.network object s_rally_0dc110a2_UGte3d0Z (5412aef0-b092-414b-8c01-1f01b0119a09)
2020-04-13 01:43:26.449 9693 RALLYDEBUG rally_openstack.cleanup.manager [-] Deleting neutron.network object s_rally_0dc110a2_RTIlBnMp (2365578e-d399-4326-ba69-e4e92f72f90a)
2020-04-13 01:43:26.463 9693 RALLYDEBUG rally_openstack.cleanup.manager [-] Deleting neutron.network object s_rally_0dc110a2_JCgYxjtn (790914ef-94f1-48dc-bdff-5503d0fd1714)
2020-04-13 01:43:26.479 9693 RALLYDEBUG rally_openstack.cleanup.manager [-] Deleting neutron.network object s_rally_0dc110a2_X0veLprm (90bb3728-2af0-4dab-aedb-c0d0356079ad)
2020-04-13 01:43:26.488 9693 RALLYDEBUG rally_openstack.cleanup.manager [-] Deleting neutron.network object s_rally_0dc110a2_D1L08dwP (bfb056c7-c7af-482c-892c-ed466d9f6c10)
2020-04-13 01:43:26.510 9693 RALLYDEBUG rally_openstack.cleanup.manager [-] Deleting neutron.network object s_rally_0dc110a2_LsjaXyJE (fd622bb0-bf91-45a5-9aca-170723a47f9d)
2020-04-13 01:43:29.663 9693 RALLYDEBUG rally_openstack.cleanup.manager [-] Cleaning up neutron router objects
2020-04-13 01:43:31.148 9693 RALLYDEBUG rally_openstack.cleanup.manager [-] Deleting neutron.router object s_rally_0dc110a2_rtmYHFtF (dac52f97-6652-43a9-ba82-1775b071ab5e)
2020-04-13 01:43:31.149 9693 RALLYDEBUG rally_openstack.cleanup.manager [-] Deleting neutron.router object s_rally_0dc110a2_4oqIgzud (883b499c-b069-48ed-a047-35ab8e60711e)
2020-04-13 01:43:31.143 9693 RALLYDEBUG rally_openstack.cleanup.manager [-] Deleting neutron.router object s_rally_0dc110a2_wc4wNfK0 (d92170c1-3ab2-4fbd-beda-05b98070988a)
2020-04-13 01:43:31.138 9693 RALLYDEBUG rally_openstack.cleanup.manager [-] Deleting neutron.router object s_rally_0dc110a2_H501Odsn (bf5e7936-e77b-4d0d-a70c-eb7c3032a78c)
2020-04-13 01:43:31.155 9693 RALLYDEBUG rally_openstack.cleanup.manager [-] Deleting neutron.router object s_rally_0dc110a2_ctjqtHfy (edce8455-9501-4506-a00a-3943afc17c37)
2020-04-13 01:43:31.166 9693 RALLYDEBUG rally_openstack.cleanup.manager [-] Deleting neutron.router object s_rally_0dc110a2_bVu8jPsh (fa23ab6f-c5ec-4b39-91f5-b059d5216e0f)
2020-04-13 01:43:31.177 9693 RALLYDEBUG rally_openstack.cleanup.manager [-] Deleting neutron.router object s_rally_0dc110a2_Q5UfCbop (6d540e3c-e8ca-4ccf-a8b9-78b248e14a83)
2020-04-13 01:43:31.205 9693 RALLYDEBUG rally_openstack.cleanup.manager [-] Deleting neutron.router object s_rally_0dc110a2_r2begUzK (d50b8fc5-f5de-4166-bae1-69202238ccc2)
2020-04-13 01:43:31.214 9693 RALLYDEBUG rally_openstack.cleanup.manager [-] Deleting neutron.router object s_rally_0dc110a2_MyCecJeA (d7897d2d-a470-43f8-9d14-4c19db8b1411)
2020-04-13 01:43:31.199 9693 RALLYDEBUG rally_openstack.cleanup.manager [-] Deleting neutron.router object s_rally_0dc110a2_pSjgnjGY (a3b7adf1-028d-43cf-8a00-29806b0c5b94)
2020-04-13 01:43:31.264 9693 RALLYDEBUG rally_openstack.cleanup.manager [-] Deleting neutron.router object s_rally_0dc110a2_LoQYbTeY (0fe9404a-b078-4085-815d-7fc9ef59bcdd)
2020-04-13 01:43:31.272 9693 RALLYDEBUG rally_openstack.cleanup.manager [-] Deleting neutron.router object s_rally_0dc110a2_ar4nN8ld (62c654f2-ec04-4975-858f-e54de2be9b86)
2020-04-13 01:43:31.278 9693 RALLYDEBUG rally_openstack.cleanup.manager [-] Deleting neutron.router object s_rally_0dc110a2_CPwf5qdJ (74ba0187-b082-467d-a2b2-1636a8ff1dc8)
2020-04-13 01:43:31.297 9693 RALLYDEBUG rally_openstack.cleanup.manager [-] Deleting neutron.router object s_rally_0dc110a2_J8To30Jg (7d108772-eded-48cc-8cd3-7b001528c0d0)
2020-04-13 01:43:31.302 9693 RALLYDEBUG rally_openstack.cleanup.manager [-] Deleting neutron.router object s_rally_0dc110a2_RA6NCZPg (83edbfde-30c1-4b1c-aa32-db6332109252)
2020-04-13 01:43:31.338 9693 RALLYDEBUG rally_openstack.cleanup.manager [-] Deleting neutron.router object s_rally_0dc110a2_yeclPzsZ (948f55ff-5192-49c3-b14d-0b6a2e2a847e)
2020-04-13 01:43:31.332 9693 RALLYDEBUG rally_openstack.cleanup.manager [-] Deleting neutron.router object s_rally_0dc110a2_q17t02qp (933f7984-aefa-4408-83ad-ba642953450e)
2020-04-13 01:43:31.398 9693 RALLYDEBUG rally_openstack.cleanup.manager [-] Deleting neutron.router object s_rally_0dc110a2_HmHFj7P9 (9e2c64e5-6c23-4a80-aa1f-e7111b62f34f)
2020-04-13 01:43:31.370 9693 RALLYDEBUG rally_openstack.cleanup.manager [-] Deleting neutron.router object s_rally_0dc110a2_wLMWUof7 (9c7a35c2-e3e1-4e94-85fa-9accda6a1832)
2020-04-13 01:43:31.416 9693 RALLYDEBUG rally_openstack.cleanup.manager [-] Deleting neutron.router object s_rally_0dc110a2_J7dI2iwK (fb946fc9-0a38-47cb-a8d1-2955facccac5)
2020-04-13 01:43:35.079 9693 RALLYDEBUG rally_openstack.cleanup.manager [-] Cleaning up neutron security_group objects
2020-04-13 01:43:35.746 9693 INFO rally.task.context [-] Task d2284eeb-b62c-4f86-a54d-130dd9348c8e | Context cleanup@openstack cleanup() finished in 33.80 sec
2020-04-13 01:43:35.747 9693 INFO rally.task.context [-] Task d2284eeb-b62c-4f86-a54d-130dd9348c8e | Context quotas@openstack cleanup() started
2020-04-13 01:43:35.804 9693 INFO rally.task.context [-] Task d2284eeb-b62c-4f86-a54d-130dd9348c8e | Context quotas@openstack cleanup() finished in 57.39 msec
2020-04-13 01:43:35.805 9693 INFO rally.task.context [-] Task d2284eeb-b62c-4f86-a54d-130dd9348c8e | Context users@openstack cleanup() started
2020-04-13 01:43:36.019 9693 WARNING rally.common.logging [-] `iterate_per_tenants()' is deprecated in v3.0.0: it is openstack specific.. Used at
2020-04-13 01:43:38.192 9693 INFO rally.task.context [-] Task d2284eeb-b62c-4f86-a54d-130dd9348c8e | Context users@openstack cleanup() finished in 2.39 sec
2020-04-13 01:43:39.418 9693 INFO rally.task.engine [-] Load duration is: 44.949882
2020-04-13 01:43:39.419 9693 INFO rally.task.engine [-] Full runner duration is: 44.995054
2020-04-13 01:43:39.419 9693 INFO rally.task.engine [-] Full duration is: 83.50857
2020-04-13 01:43:39.524 9693 INFO rally.task.engine [-] Running workload: position = 0 config = { "version": 2, "title": "A cropped version of a bigger task.", "description": "Auto-generated task from a single workload (uuid=4e065c09-d69d-4701-9ed4-aa26c980c23d)", "subtasks": [ { "title": "NeutronNetworks.create_and_show_subnets", "description": "Create and show a subnet details.", "scenario": { "NeutronNetworks.create_and_show_subnets": { "subnets_per_network": 2 } }, "contexts": { "users": { "tenants": 3, "users_per_tenant": 2 }, "network": { "router": {} }, "quotas": { "neutron": { "network": -1, "subnet": -1 } } }, "runner": { "constant": { "concurrency": 4, "times": 10 } }, "hooks": [], "sla": { "failure_rate": { "max": 0 } } } ] }
2020-04-13 01:43:39.543 9693 RALLYDEBUG rally_openstack.contexts.keystone.users [-] Creating 3 tenants using 3 threads
2020-04-13 01:43:40.051 9693 RALLYDEBUG rally_openstack.contexts.keystone.users [-] Creating 6 users using 6 threads
2020-04-13 01:43:41.064 9693 INFO rally.task.context [-] Task d2284eeb-b62c-4f86-a54d-130dd9348c8e | Context users@openstack setup() finished in 1.52 sec
2020-04-13 01:43:41.393 9693 INFO rally.task.context [-] Task d2284eeb-b62c-4f86-a54d-130dd9348c8e | Context quotas@openstack setup() finished in 0.33 sec
2020-04-13 01:43:41.461 9693 WARNING rally.common.logging [-] `iterate_per_tenants()' is deprecated in v3.0.0: it is openstack specific.. Used at
2020-04-13 01:43:41.950 9693 RALLYDEBUG rally_openstack.wrappers.network [-] CIDR generated: 10.2.92.0/24
2020-04-13 01:43:42.640 9693 RALLYDEBUG rally_openstack.wrappers.network [-] CIDR generated: 10.2.93.0/24
2020-04-13 01:43:43.566 9693 RALLYDEBUG rally_openstack.wrappers.network [-] CIDR generated: 10.2.94.0/24
2020-04-13 01:43:44.626 9693 INFO rally.task.context [-] Task d2284eeb-b62c-4f86-a54d-130dd9348c8e | Context network@openstack setup() finished in 3.23 sec
2020-04-13 01:43:44.626 9693 INFO rally.task.context [-] Task d2284eeb-b62c-4f86-a54d-130dd9348c8e | Context cleanup@openstack setup() finished in 0.00 msec
2020-04-13 01:43:44.633 9693 RALLYDEBUG rally.task.runner [-] Starting the constant runner (task UUID: d2284eeb-b62c-4f86-a54d-130dd9348c8e). times: 10 concurrency: 4 timeout: 0 max_cpu_used: 88 processes_to_start: 4 concurrency_per_worker: 1 concurrency_overhead: 0
2020-04-13 01:43:44.644 15375 RALLYDEBUG rally.task.runner [-] Starting a worker. times: 10 duration: None concurrency: 1 timeout: 0 cls: method_name: run args: {"subnets_per_network": 2}
2020-04-13 01:43:44.647 15376 RALLYDEBUG rally.task.runner [-] Starting a worker. times: 10 duration: None concurrency: 1 timeout: 0 cls: method_name: run args: {"subnets_per_network": 2}
2020-04-13 01:43:44.649 15375 INFO rally.task.runner [-] Task d2284eeb-b62c-4f86-a54d-130dd9348c8e | ITER: 1 START
2020-04-13 01:43:44.650 15377 RALLYDEBUG rally.task.runner [-] Starting a worker. times: 10 duration: None concurrency: 1 timeout: 0 cls: method_name: run args: {"subnets_per_network": 2}
2020-04-13 01:43:44.652 15375 RALLYDEBUG rally_openstack.wrappers.network [-] CIDR generated: 10.2.95.0/24
2020-04-13 01:43:44.654 15376 INFO rally.task.runner [-] Task d2284eeb-b62c-4f86-a54d-130dd9348c8e | ITER: 2 START
2020-04-13 01:43:44.653 15380 RALLYDEBUG rally.task.runner [-] Starting a worker. times: 10 duration: None concurrency: 1 timeout: 0 cls: method_name: run args: {"subnets_per_network": 2}
2020-04-13 01:43:44.657 15376 RALLYDEBUG rally_openstack.wrappers.network [-] CIDR generated: 10.2.96.0/24
2020-04-13 01:43:44.657 15377 INFO rally.task.runner [-] Task d2284eeb-b62c-4f86-a54d-130dd9348c8e | ITER: 3 START
2020-04-13 01:43:44.659 15377 RALLYDEBUG rally_openstack.wrappers.network [-] CIDR generated: 10.2.97.0/24
2020-04-13 01:43:44.661 15380 INFO rally.task.runner [-] Task d2284eeb-b62c-4f86-a54d-130dd9348c8e | ITER: 4 START
2020-04-13 01:43:44.663 15380 RALLYDEBUG rally_openstack.wrappers.network [-] CIDR generated: 10.2.98.0/24
2020-04-13 01:43:45.543 15375 RALLYDEBUG rally_openstack.wrappers.network [-] CIDR generated: 10.2.99.0/24
2020-04-13 01:43:45.595 15376 RALLYDEBUG rally_openstack.wrappers.network [-] CIDR generated: 10.2.100.0/24
2020-04-13 01:43:45.617 15380 RALLYDEBUG rally_openstack.wrappers.network [-] CIDR generated: 10.2.101.0/24
2020-04-13 01:43:46.078 15377 RALLYDEBUG rally_openstack.wrappers.network [-] CIDR generated: 10.2.102.0/24
2020-04-13 01:43:46.242 15375 INFO rally.task.runner [-] Task d2284eeb-b62c-4f86-a54d-130dd9348c8e | ITER: 1 END: OK
2020-04-13 01:43:46.247 15375 INFO rally.task.runner [-] Task d2284eeb-b62c-4f86-a54d-130dd9348c8e | ITER: 5 START
2020-04-13 01:43:46.248 15375 RALLYDEBUG rally_openstack.wrappers.network [-] CIDR generated: 10.2.103.0/24
2020-04-13 01:43:46.386 15380 INFO rally.task.runner [-] Task d2284eeb-b62c-4f86-a54d-130dd9348c8e | ITER: 4 END: OK
2020-04-13 01:43:46.391 15380 INFO rally.task.runner [-] Task d2284eeb-b62c-4f86-a54d-130dd9348c8e | ITER: 6 START
2020-04-13 01:43:46.392 15380 RALLYDEBUG rally_openstack.wrappers.network [-] CIDR generated: 10.2.104.0/24
2020-04-13 01:43:46.765 15376 INFO rally.task.runner [-] Task d2284eeb-b62c-4f86-a54d-130dd9348c8e | ITER: 2 END: OK
2020-04-13 01:43:46.770 15376 INFO rally.task.runner [-] Task d2284eeb-b62c-4f86-a54d-130dd9348c8e | ITER: 7 START
2020-04-13 01:43:46.771 15376 RALLYDEBUG rally_openstack.wrappers.network [-] CIDR generated: 10.2.105.0/24
2020-04-13 01:43:46.781 15377 INFO rally.task.runner [-] Task d2284eeb-b62c-4f86-a54d-130dd9348c8e | ITER: 3 END: OK
2020-04-13 01:43:46.786 15377 INFO rally.task.runner [-] Task d2284eeb-b62c-4f86-a54d-130dd9348c8e | ITER: 8 START
2020-04-13 01:43:46.787 15377 RALLYDEBUG rally_openstack.wrappers.network [-] CIDR generated: 10.2.106.0/24
2020-04-13 01:43:47.246 15375 RALLYDEBUG rally_openstack.wrappers.network [-] CIDR generated: 10.2.107.0/24
2020-04-13 01:43:47.985 15377 RALLYDEBUG rally_openstack.wrappers.network [-] CIDR generated: 10.2.108.0/24
2020-04-13 01:43:48.018 15380 RALLYDEBUG rally_openstack.wrappers.network [-] CIDR generated: 10.2.109.0/24
2020-04-13 01:43:48.430 15376 RALLYDEBUG rally_openstack.wrappers.network [-] CIDR generated: 10.2.110.0/24
2020-04-13 01:43:48.620 15375 INFO rally.task.runner [-] Task d2284eeb-b62c-4f86-a54d-130dd9348c8e | ITER: 5 END: OK
2020-04-13 01:43:48.626 15375 INFO rally.task.runner [-] Task d2284eeb-b62c-4f86-a54d-130dd9348c8e | ITER: 9 START
2020-04-13 01:43:48.627 15375 RALLYDEBUG rally_openstack.wrappers.network [-] CIDR generated: 10.2.111.0/24
2020-04-13 01:43:48.754 15377 INFO rally.task.runner [-] Task d2284eeb-b62c-4f86-a54d-130dd9348c8e | ITER: 8 END: OK
2020-04-13 01:43:48.758 15377 INFO rally.task.runner [-] Task d2284eeb-b62c-4f86-a54d-130dd9348c8e | ITER: 10 START
2020-04-13 01:43:48.759 15377 RALLYDEBUG rally_openstack.wrappers.network [-] CIDR generated: 10.2.112.0/24
2020-04-13 01:43:49.826 15380 INFO rally.task.runner [-] Task d2284eeb-b62c-4f86-a54d-130dd9348c8e | ITER: 6 END: OK
2020-04-13 01:43:49.871 15376 INFO rally.task.runner [-] Task d2284eeb-b62c-4f86-a54d-130dd9348c8e | ITER: 7 END: OK
2020-04-13 01:43:50.170 15377 RALLYDEBUG rally_openstack.wrappers.network [-] CIDR generated: 10.2.113.0/24
2020-04-13 01:43:50.180 15375 RALLYDEBUG rally_openstack.wrappers.network [-] CIDR generated: 10.2.114.0/24
2020-04-13 01:43:51.068 15377 INFO rally.task.runner [-] Task d2284eeb-b62c-4f86-a54d-130dd9348c8e | ITER: 10 END: OK
2020-04-13 01:43:51.181 15375 INFO rally.task.runner [-] Task d2284eeb-b62c-4f86-a54d-130dd9348c8e | ITER: 9 END: OK
2020-04-13 01:43:51.209 9693 INFO rally.task.context [-] Task d2284eeb-b62c-4f86-a54d-130dd9348c8e | Context cleanup@openstack cleanup() started
2020-04-13 01:43:51.214 9693 RALLYDEBUG rally_openstack.cleanup.manager [-] Cleaning up neutron vip objects
2020-04-13 01:43:51.669 9693 RALLYDEBUG rally_openstack.cleanup.manager [-] Cleaning up neutron health_monitor objects
2020-04-13 01:43:52.135 9693 RALLYDEBUG rally_openstack.cleanup.manager [-] Cleaning up neutron pool objects
2020-04-13 01:43:52.514 9693 RALLYDEBUG rally_openstack.cleanup.manager [-] Cleaning up neutron loadbalancer objects
2020-04-13 01:43:52.909 9693 RALLYDEBUG rally_openstack.cleanup.manager [-] Cleaning up neutron floatingip objects
2020-04-13 01:43:53.913 9693 RALLYDEBUG rally_openstack.cleanup.manager [-] Cleaning up neutron trunk objects
2020-04-13 01:43:54.380 9693 RALLYDEBUG rally_openstack.cleanup.manager [-] Cleaning up neutron port objects
2020-04-13 01:43:55.011 9693 RALLYDEBUG rally_openstack.cleanup.manager [-] Cleaning up neutron subnet objects
2020-04-13 01:43:55.609 9693 RALLYDEBUG rally_openstack.cleanup.manager [-] Deleting neutron.subnet object s_rally_4e065c09_7PN6eFea (2fed453d-80a3-4d3e-8370-33e782bc4d4c)
2020-04-13 01:43:55.620 9693 RALLYDEBUG rally_openstack.cleanup.manager [-] Deleting neutron.subnet object s_rally_4e065c09_BrJ0xKpo (396448a1-92c5-4a34-ba7c-4e6a4b73b1d1)
2020-04-13 01:43:55.621 9693 RALLYDEBUG rally_openstack.cleanup.manager [-] Deleting neutron.subnet object s_rally_4e065c09_fbpTh5Hc (377d42c0-bcff-4636-8505-d2174e544788)
2020-04-13 01:43:55.627 9693 RALLYDEBUG rally_openstack.cleanup.manager [-] Deleting neutron.subnet object s_rally_4e065c09_y2H63iBU (531ffb21-64b9-4843-844f-3469aa997971)
2020-04-13 01:43:55.634 9693 RALLYDEBUG rally_openstack.cleanup.manager [-] Deleting neutron.subnet object s_rally_4e065c09_92fTzpSW (758a4cbf-c1f7-477f-b5cf-010db098cd02)
2020-04-13 01:43:55.638 9693 RALLYDEBUG rally_openstack.cleanup.manager [-] Deleting neutron.subnet object s_rally_4e065c09_JWlmdHsu (89376287-4c23-42a0-8a66-7f6f9b530840)
2020-04-13 01:43:55.651 9693 RALLYDEBUG rally_openstack.cleanup.manager [-] Deleting neutron.subnet object s_rally_4e065c09_4YL3ScLl (967f4359-0e8f-4072-aa6d-2cd671a21cce)
2020-04-13 01:43:55.690 9693 RALLYDEBUG rally_openstack.cleanup.manager [-] Deleting neutron.subnet object s_rally_4e065c09_AjPGH1zY (264361a9-1704-489f-b830-5f50530ed945)
2020-04-13 01:43:55.696 9693 RALLYDEBUG rally_openstack.cleanup.manager [-] Deleting neutron.subnet object s_rally_4e065c09_l5vLqi98 (4ee80643-edd5-4aa0-b854-d496f678ab17)
2020-04-13 01:43:55.686 9693 RALLYDEBUG rally_openstack.cleanup.manager [-] Deleting neutron.subnet object s_rally_4e065c09_DgmsrKI2 (c80c4f27-5f45-48f7-bd9f-1c409d8ec492)
2020-04-13 01:43:55.720 9693 RALLYDEBUG rally_openstack.cleanup.manager [-] Deleting neutron.subnet object s_rally_4e065c09_0Ub4g1AB (07c460e7-62e6-41a5-b630-62ede4e072c6)
2020-04-13 01:43:55.725 9693 RALLYDEBUG rally_openstack.cleanup.manager [-] Deleting neutron.subnet object s_rally_4e065c09_Bi4vvJvW (0a1e101f-a58d-4d4a-9f48-22e1d55134f7)
2020-04-13 01:43:55.730 9693 RALLYDEBUG rally_openstack.cleanup.manager [-] Deleting neutron.subnet object s_rally_4e065c09_3g0RW5lw (1a1d89a5-f925-4e4d-b550-f56d5498ffe0)
2020-04-13 01:43:55.748 9693 RALLYDEBUG rally_openstack.cleanup.manager [-] Deleting neutron.subnet object s_rally_4e065c09_wIWNKfpa (1f8356da-22b2-4d16-8e98-5bb454d5d274)
2020-04-13 01:43:55.762 9693 RALLYDEBUG rally_openstack.cleanup.manager [-] Deleting neutron.subnet object s_rally_4e065c09_Z2mYYRHb (26677ecf-cac9-4154-90f0-0811ca1459b8)
2020-04-13 01:43:55.776 9693 RALLYDEBUG rally_openstack.cleanup.manager [-] Deleting neutron.subnet object s_rally_4e065c09_00uLl5B3 (5854625a-0c59-4aa7-b974-dd3bb9ac13d8)
2020-04-13 01:43:55.758 9693 RALLYDEBUG rally_openstack.cleanup.manager [-] Deleting neutron.subnet object s_rally_4e065c09_loMDeB6F (246abbc5-369e-4b2c-96d5-574e280835a8)
2020-04-13 01:43:55.799 9693 RALLYDEBUG rally_openstack.cleanup.manager [-] Deleting neutron.subnet object s_rally_4e065c09_EBSog98w (baa13fb0-1e7d-44e0-9c1d-1dcd921ac886)
2020-04-13 01:43:55.804 9693 RALLYDEBUG rally_openstack.cleanup.manager [-] Deleting neutron.subnet object s_rally_4e065c09_DpwZadCI (bad7b937-c966-4ddb-9e96-2102aff105a6)
2020-04-13 01:43:55.818 9693 RALLYDEBUG rally_openstack.cleanup.manager [-] Deleting neutron.subnet object s_rally_4e065c09_SCPBuqRj (ed3dcace-9af3-4eed-b6c3-0e3531232929)
2020-04-13 01:44:09.471 9693 RALLYDEBUG rally_openstack.cleanup.manager [-] Cleaning up neutron network objects
2020-04-13 01:44:10.337 9693 RALLYDEBUG rally_openstack.cleanup.manager [-] Cleaning up neutron router objects
2020-04-13 01:44:11.366 9693 RALLYDEBUG rally_openstack.cleanup.manager [-] Cleaning up neutron security_group objects
2020-04-13 01:44:11.991 9693 INFO rally.task.context [-] Task d2284eeb-b62c-4f86-a54d-130dd9348c8e | Context cleanup@openstack cleanup() finished in 20.78 sec
2020-04-13 01:44:11.992 9693 INFO rally.task.context [-] Task d2284eeb-b62c-4f86-a54d-130dd9348c8e | Context network@openstack cleanup() started
2020-04-13 01:44:17.772 9693 INFO rally.task.context [-] Task d2284eeb-b62c-4f86-a54d-130dd9348c8e | Context network@openstack cleanup() finished in 5.78 sec
2020-04-13 01:44:17.773 9693 INFO rally.task.context [-] Task d2284eeb-b62c-4f86-a54d-130dd9348c8e | Context quotas@openstack cleanup() started
2020-04-13 01:44:17.851 9693 INFO rally.task.context [-] Task d2284eeb-b62c-4f86-a54d-130dd9348c8e | Context quotas@openstack cleanup() finished in 77.51 msec
2020-04-13 01:44:17.851 9693 INFO rally.task.context [-] Task d2284eeb-b62c-4f86-a54d-130dd9348c8e | Context users@openstack cleanup() started
2020-04-13 01:44:18.017 9693 WARNING rally.common.logging [-] `iterate_per_tenants()' is deprecated in v3.0.0: it is openstack specific.. Used at
2020-04-13 01:44:20.498 9693 INFO rally.task.context [-] Task d2284eeb-b62c-4f86-a54d-130dd9348c8e | Context users@openstack cleanup() finished in 2.65 sec
2020-04-13 01:44:21.901 9693 INFO rally.task.engine [-] Load duration is: 6.530581
2020-04-13 01:44:21.901 9693 INFO rally.task.engine [-] Full runner duration is: 6.576328
2020-04-13 01:44:21.902 9693 INFO rally.task.engine [-] Full duration is: 40.957322
2020-04-13 01:44:21.987 9693 INFO rally.task.engine [-] Task d2284eeb-b62c-4f86-a54d-130dd9348c8e | Completed: Running task.
2020-04-13 01:44:23.776 15657 RALLYDEBUG rally.api [-] INFO logs from urllib3 and requests module are hide.
2020-04-13 01:44:23.776 15657 RALLYDEBUG rally.api [-] urllib3 insecure warnings are hidden.
2020-04-13 01:44:23.776 15657 RALLYDEBUG rally.api [-] ERROR log from boto module is hide.
2020-04-13 01:44:25.117 15658 RALLYDEBUG rally.api [-] INFO logs from urllib3 and requests module are hide.
2020-04-13 01:44:25.118 15658 RALLYDEBUG rally.api [-] urllib3 insecure warnings are hidden.
2020-04-13 01:44:25.118 15658 RALLYDEBUG rally.api [-] ERROR log from boto module is hide.
2020-04-13 01:44:26.446 15659 RALLYDEBUG rally.api [-] INFO logs from urllib3 and requests module are hide.
2020-04-13 01:44:26.446 15659 RALLYDEBUG rally.api [-] urllib3 insecure warnings are hidden.
2020-04-13 01:44:26.446 15659 RALLYDEBUG rally.api [-] ERROR log from boto module is hide.
2020-04-13 01:44:28.492 15659 INFO rally.api [-] Building 'json' report for the following task(s): 'd2284eeb-b62c-4f86-a54d-130dd9348c8e'.
2020-04-13 01:44:28.545 15659 INFO rally.api [-] The report has been successfully built.
2020-04-13 01:44:30.013 15661 RALLYDEBUG rally.api [-] INFO logs from urllib3 and requests module are hide.
2020-04-13 01:44:30.014 15661 RALLYDEBUG rally.api [-] urllib3 insecure warnings are hidden.
2020-04-13 01:44:30.014 15661 RALLYDEBUG rally.api [-] ERROR log from boto module is hide.
2020-04-13 01:44:32.079 15661 INFO rally.task.engine [-] Task d5b89353-e7af-467d-9dbb-80eee5429822 | Starting: Task validation.
2020-04-13 01:44:32.093 15661 INFO rally.task.engine [-] Task d5b89353-e7af-467d-9dbb-80eee5429822 | Starting: Task validation of syntax.
2020-04-13 01:44:32.513 15661 INFO rally.task.engine [-] Task d5b89353-e7af-467d-9dbb-80eee5429822 | Completed: Task validation of syntax.
2020-04-13 01:44:32.513 15661 INFO rally.task.engine [-] Task d5b89353-e7af-467d-9dbb-80eee5429822 | Starting: Task validation of required platforms.
2020-04-13 01:44:32.747 15661 INFO rally.task.engine [-] Task d5b89353-e7af-467d-9dbb-80eee5429822 | Completed: Task validation of required platforms.
2020-04-13 01:44:32.747 15661 INFO rally.task.engine [-] Task d5b89353-e7af-467d-9dbb-80eee5429822 | Starting: Task validation of semantic.
2020-04-13 01:44:32.747 15661 INFO rally.task.engine [-] Check health of the environment '096b3cb0-2486-4753-a504-bece56b4d587'.
2020-04-13 01:44:33.334 15661 INFO rally.task.engine [-] Platform existing@openstack (available: True): OK!
2020-04-13 01:44:33.349 15661 RALLYDEBUG rally_openstack.contexts.keystone.users [-] Creating 1 tenants using 1 threads
2020-04-13 01:44:33.986 15661 RALLYDEBUG rally_openstack.contexts.keystone.users [-] Creating 1 users using 1 threads
2020-04-13 01:44:34.798 15661 INFO rally.task.context [-] Task d5b89353-e7af-467d-9dbb-80eee5429822 | Context users@openstack setup() finished in 1.45 sec
2020-04-13 01:44:50.182 15661 INFO rally.task.context [-] Task d5b89353-e7af-467d-9dbb-80eee5429822 | Context users@openstack cleanup() started
2020-04-13 01:44:50.416 15661 WARNING rally.common.logging [-] `iterate_per_tenants()' is deprecated in v3.0.0: it is openstack specific.. Used at
2020-04-13 01:44:51.478 15661 INFO rally.task.context [-] Task d5b89353-e7af-467d-9dbb-80eee5429822 | Context users@openstack cleanup() finished in 1.30 sec
2020-04-13 01:44:51.478 15661 INFO rally.task.engine [-] Task d5b89353-e7af-467d-9dbb-80eee5429822 | Completed: Task validation of semantic.
2020-04-13 01:44:51.479 15661 INFO rally.task.engine [-] Task d5b89353-e7af-467d-9dbb-80eee5429822 | Completed: Task validation.
2020-04-13 01:44:51.479 15661 INFO rally.api [-] Task d5b89353-e7af-467d-9dbb-80eee5429822 input file is valid.
2020-04-13 01:44:51.479 15661 INFO rally.api [-] Run Task d5b89353-e7af-467d-9dbb-80eee5429822 against Deployment 096b3cb0-2486-4753-a504-bece56b4d587
2020-04-13 01:44:51.480 15661 INFO rally.task.engine [-] Task d5b89353-e7af-467d-9dbb-80eee5429822 | Starting: Running task.
2020-04-13 01:44:51.543 15661 INFO rally.task.engine [-] Running workload: position = 0 config = { "version": 2, "title": "A cropped version of a bigger task.", "description": "Auto-generated task from a single workload (uuid=1c4c71c0-eff5-442e-99d1-81374b1c1c6f)", "subtasks": [ { "title": "NovaKeypair.create_and_delete_keypair", "description": "Create a keypair with random name and delete keypair.", "scenario": { "NovaKeypair.create_and_delete_keypair": {} }, "contexts": { "users": { "tenants": 3, "users_per_tenant": 2 }, "quotas": { "nova": { "cores": -1, "floating_ips": -1, "instances": -1, "key_pairs": -1, "ram": -1, "security_group_rules": -1, "security_groups": -1 } } }, "runner": { "constant": { "concurrency": 4, "times": 10 } }, "hooks": [], "sla": { "failure_rate": { "max": 0 } } } ] }
2020-04-13 01:44:51.563 15661 RALLYDEBUG rally_openstack.contexts.keystone.users [-] Creating 3 tenants using 3 threads
2020-04-13 01:44:52.043 15661 RALLYDEBUG rally_openstack.contexts.keystone.users [-] Creating 6 users using 6 threads
2020-04-13 01:44:53.114 15661 INFO rally.task.context [-] Task d5b89353-e7af-467d-9dbb-80eee5429822 | Context users@openstack setup() finished in 1.55 sec
2020-04-13 01:44:54.048 15661 INFO rally.task.context [-] Task d5b89353-e7af-467d-9dbb-80eee5429822 | Context quotas@openstack setup() finished in 0.93 sec
2020-04-13 01:44:54.049 15661 INFO rally.task.context [-] Task d5b89353-e7af-467d-9dbb-80eee5429822 | Context cleanup@openstack setup() finished in 0.02 msec
2020-04-13 01:44:54.059 15661 RALLYDEBUG rally.task.runner [-] Starting the constant runner (task UUID: d5b89353-e7af-467d-9dbb-80eee5429822). times: 10 concurrency: 4 timeout: 0 max_cpu_used: 88 processes_to_start: 4 concurrency_per_worker: 1 concurrency_overhead: 0
2020-04-13 01:44:54.074 15716 RALLYDEBUG rally.task.runner [-] Starting a worker. times: 10 duration: None concurrency: 1 timeout: 0 cls: method_name: run args: {}
2020-04-13 01:44:54.077 15717 RALLYDEBUG rally.task.runner [-] Starting a worker. times: 10 duration: None concurrency: 1 timeout: 0 cls: method_name: run args: {}
2020-04-13 01:44:54.079 15718 RALLYDEBUG rally.task.runner [-] Starting a worker. times: 10 duration: None concurrency: 1 timeout: 0 cls: method_name: run args: {}
2020-04-13 01:44:54.082 15719 RALLYDEBUG rally.task.runner [-] Starting a worker. times: 10 duration: None concurrency: 1 timeout: 0 cls: method_name: run args: {}
2020-04-13 01:44:54.083 15716 INFO rally.task.runner [-] Task d5b89353-e7af-467d-9dbb-80eee5429822 | ITER: 1 START
2020-04-13 01:44:54.086 15717 INFO rally.task.runner [-] Task d5b89353-e7af-467d-9dbb-80eee5429822 | ITER: 2 START
2020-04-13 01:44:54.088 15718 INFO rally.task.runner [-] Task d5b89353-e7af-467d-9dbb-80eee5429822 | ITER: 3 START
2020-04-13 01:44:54.090 15719 INFO rally.task.runner [-] Task d5b89353-e7af-467d-9dbb-80eee5429822 | ITER: 4 START
2020-04-13 01:44:54.485 15717 INFO rally.task.runner [-] Task d5b89353-e7af-467d-9dbb-80eee5429822 | ITER: 2 END: OK
2020-04-13 01:44:54.491 15717 INFO rally.task.runner [-] Task d5b89353-e7af-467d-9dbb-80eee5429822 | ITER: 5 START
2020-04-13 01:44:54.525 15716 INFO rally.task.runner [-] Task d5b89353-e7af-467d-9dbb-80eee5429822 | ITER: 1 END: OK
2020-04-13 01:44:54.529 15716 INFO rally.task.runner [-] Task d5b89353-e7af-467d-9dbb-80eee5429822 | ITER: 6 START
2020-04-13 01:44:54.698 15719 INFO rally.task.runner [-] Task d5b89353-e7af-467d-9dbb-80eee5429822 | ITER: 4 END: OK
2020-04-13 01:44:54.703 15719 INFO rally.task.runner [-] Task d5b89353-e7af-467d-9dbb-80eee5429822 | ITER: 7 START
2020-04-13 01:44:54.707 15718 INFO rally.task.runner [-] Task d5b89353-e7af-467d-9dbb-80eee5429822 | ITER: 3 END: OK
2020-04-13 01:44:54.712 15718 INFO rally.task.runner [-] Task d5b89353-e7af-467d-9dbb-80eee5429822 | ITER: 8 START
2020-04-13 01:44:54.999 15716 INFO rally.task.runner [-] Task d5b89353-e7af-467d-9dbb-80eee5429822 | ITER: 6 END: OK
2020-04-13 01:44:55.003 15716 INFO rally.task.runner [-] Task d5b89353-e7af-467d-9dbb-80eee5429822 | ITER: 9 START
2020-04-13 01:44:55.043 15717 INFO rally.task.runner [-] Task d5b89353-e7af-467d-9dbb-80eee5429822 | ITER: 5 END: OK
2020-04-13 01:44:55.047 15717 INFO rally.task.runner [-] Task d5b89353-e7af-467d-9dbb-80eee5429822 | ITER: 10 START
2020-04-13 01:44:55.109 15718 INFO rally.task.runner [-] Task d5b89353-e7af-467d-9dbb-80eee5429822 | ITER: 8 END: OK
2020-04-13 01:44:55.267 15719 INFO rally.task.runner [-] Task d5b89353-e7af-467d-9dbb-80eee5429822 | ITER: 7 END: OK
2020-04-13 01:44:55.368 15716 INFO rally.task.runner [-] Task d5b89353-e7af-467d-9dbb-80eee5429822 | ITER: 9 END: OK
2020-04-13 01:44:55.479 15717 INFO rally.task.runner [-] Task d5b89353-e7af-467d-9dbb-80eee5429822 | ITER: 10 END: OK
2020-04-13 01:44:55.505 15661 INFO rally.task.context [-] Task d5b89353-e7af-467d-9dbb-80eee5429822 | Context cleanup@openstack cleanup() started
2020-04-13 01:44:55.509 15661 RALLYDEBUG rally_openstack.cleanup.manager [-] Cleaning up nova servers objects
2020-04-13 01:44:56.204 15661 RALLYDEBUG rally_openstack.cleanup.manager [-] Cleaning up nova server_groups objects
2020-04-13 01:44:56.673 15661 RALLYDEBUG rally_openstack.cleanup.manager [-] Cleaning up nova keypairs objects
2020-04-13 01:44:57.663 15661 INFO rally.task.context [-] Task d5b89353-e7af-467d-9dbb-80eee5429822 | Context cleanup@openstack cleanup() finished in 2.16 sec
2020-04-13 01:44:57.664 15661 INFO rally.task.context [-] Task d5b89353-e7af-467d-9dbb-80eee5429822 | Context quotas@openstack cleanup() started
2020-04-13 01:44:57.736 15661 INFO rally.task.context [-] Task d5b89353-e7af-467d-9dbb-80eee5429822 | Context quotas@openstack cleanup() finished in 71.81 msec
2020-04-13 01:44:57.736 15661 INFO rally.task.context [-] Task d5b89353-e7af-467d-9dbb-80eee5429822 | Context users@openstack cleanup() started
2020-04-13 01:44:57.916 15661 WARNING rally.common.logging [-] `iterate_per_tenants()' is deprecated in v3.0.0: it is openstack specific.. Used at
2020-04-13 01:45:00.752 15661 INFO rally.task.context [-] Task d5b89353-e7af-467d-9dbb-80eee5429822 | Context users@openstack cleanup() finished in 3.02 sec
2020-04-13 01:45:01.647 15661 INFO rally.task.engine [-] Load duration is: 1.394441
2020-04-13 01:45:01.648 15661 INFO rally.task.engine [-] Full runner duration is: 1.446195
2020-04-13 01:45:01.648 15661 INFO rally.task.engine [-] Full duration is: 9.191842
2020-04-13 01:45:01.743 15661 INFO rally.task.engine [-] Running workload: position = 0 config = { "version": 2, "title": "A cropped version of a bigger task.", "description": "Auto-generated task from a single workload (uuid=bf3d9783-bff8-4674-9a0f-d899e996c2ba)", "subtasks": [ { "title": "NovaKeypair.create_and_list_keypairs", "description": "Create a keypair with random name and list keypairs.", "scenario": { "NovaKeypair.create_and_list_keypairs": {} }, "contexts": { "users": { "tenants": 3, "users_per_tenant": 2 }, "quotas": { "nova": { "cores": -1, "floating_ips": -1, "instances": -1, "key_pairs": -1, "ram": -1, "security_group_rules": -1, "security_groups": -1 } } }, "runner": { "constant": { "concurrency": 4, "times": 10 } }, "hooks": [], "sla": { "failure_rate": { "max": 0 } } } ] }
2020-04-13 01:45:01.764 15661 RALLYDEBUG rally_openstack.contexts.keystone.users [-] Creating 3 tenants using 3 threads
2020-04-13 01:45:02.248 15661 RALLYDEBUG rally_openstack.contexts.keystone.users [-] Creating 6 users using 6 threads
2020-04-13 01:45:03.089 15661 INFO rally.task.context [-] Task d5b89353-e7af-467d-9dbb-80eee5429822 | Context users@openstack setup() finished in 1.33 sec
2020-04-13 01:45:03.885 15661 INFO rally.task.context [-] Task d5b89353-e7af-467d-9dbb-80eee5429822 | Context quotas@openstack setup() finished in 0.80 sec
2020-04-13 01:45:03.885 15661 INFO rally.task.context [-] Task d5b89353-e7af-467d-9dbb-80eee5429822 | Context cleanup@openstack setup() finished in 0.01 msec
2020-04-13 01:45:03.894 15661 RALLYDEBUG rally.task.runner [-] Starting the constant runner (task UUID: d5b89353-e7af-467d-9dbb-80eee5429822). times: 10 concurrency: 4 timeout: 0 max_cpu_used: 88 processes_to_start: 4 concurrency_per_worker: 1 concurrency_overhead: 0
2020-04-13 01:45:03.905 15849 RALLYDEBUG rally.task.runner [-] Starting a worker. times: 10 duration: None concurrency: 1 timeout: 0 cls: method_name: run args: {}
2020-04-13 01:45:03.908 15850 RALLYDEBUG rally.task.runner [-] Starting a worker. times: 10 duration: None concurrency: 1 timeout: 0 cls: method_name: run args: {}
2020-04-13 01:45:03.911 15851 RALLYDEBUG rally.task.runner [-] Starting a worker. times: 10 duration: None concurrency: 1 timeout: 0 cls: method_name: run args: {}
2020-04-13 01:45:03.913 15849 INFO rally.task.runner [-] Task d5b89353-e7af-467d-9dbb-80eee5429822 | ITER: 1 START
2020-04-13 01:45:03.914 15852 RALLYDEBUG rally.task.runner [-] Starting a worker. times: 10 duration: None concurrency: 1 timeout: 0 cls: method_name: run args: {}
2020-04-13 01:45:03.915 15850 INFO rally.task.runner [-] Task d5b89353-e7af-467d-9dbb-80eee5429822 | ITER: 2 START
2020-04-13 01:45:03.917 15851 INFO rally.task.runner [-] Task d5b89353-e7af-467d-9dbb-80eee5429822 | ITER: 3 START
2020-04-13 01:45:03.920 15852 INFO rally.task.runner [-] Task d5b89353-e7af-467d-9dbb-80eee5429822 | ITER: 4 START
2020-04-13 01:45:04.398 15849 INFO rally.task.runner [-] Task d5b89353-e7af-467d-9dbb-80eee5429822 | ITER: 1 END: OK
2020-04-13 01:45:04.403 15849 INFO rally.task.runner [-] Task d5b89353-e7af-467d-9dbb-80eee5429822 | ITER: 5 START
2020-04-13 01:45:04.452 15852 INFO rally.task.runner [-] Task d5b89353-e7af-467d-9dbb-80eee5429822 | ITER: 4 END: OK
2020-04-13 01:45:04.457 15852 INFO rally.task.runner [-] Task d5b89353-e7af-467d-9dbb-80eee5429822 | ITER: 6 START
2020-04-13 01:45:04.498 15851 INFO rally.task.runner [-] Task d5b89353-e7af-467d-9dbb-80eee5429822 | ITER: 3 END: OK
2020-04-13 01:45:04.502 15851 INFO rally.task.runner [-] Task d5b89353-e7af-467d-9dbb-80eee5429822 | ITER: 7 START
2020-04-13 01:45:04.516 15850 INFO rally.task.runner [-] Task d5b89353-e7af-467d-9dbb-80eee5429822 | ITER: 2 END: OK
2020-04-13 01:45:04.521 15850 INFO rally.task.runner [-] Task d5b89353-e7af-467d-9dbb-80eee5429822 | ITER: 8 START
2020-04-13 01:45:04.790 15849 INFO rally.task.runner [-] Task d5b89353-e7af-467d-9dbb-80eee5429822 | ITER: 5 END: OK
2020-04-13 01:45:04.795 15849 INFO rally.task.runner [-] Task d5b89353-e7af-467d-9dbb-80eee5429822 | ITER: 9 START
2020-04-13 01:45:04.839 15851 INFO rally.task.runner [-] Task d5b89353-e7af-467d-9dbb-80eee5429822 | ITER: 7 END: OK
2020-04-13 01:45:04.843 15851 INFO rally.task.runner [-] Task d5b89353-e7af-467d-9dbb-80eee5429822 | ITER: 10 START
2020-04-13 01:45:04.892 15850 INFO rally.task.runner [-] Task d5b89353-e7af-467d-9dbb-80eee5429822 | ITER: 8 END: OK
2020-04-13 01:45:04.902 15852 INFO rally.task.runner [-] Task d5b89353-e7af-467d-9dbb-80eee5429822 | ITER: 6 END: OK
2020-04-13 01:45:05.195 15849 INFO rally.task.runner [-] Task d5b89353-e7af-467d-9dbb-80eee5429822 | ITER: 9 END: OK
2020-04-13 01:45:05.243 15851 INFO rally.task.runner [-] Task d5b89353-e7af-467d-9dbb-80eee5429822 | ITER: 10 END: OK
2020-04-13 01:45:05.263 15661 INFO rally.task.context [-] Task d5b89353-e7af-467d-9dbb-80eee5429822 | Context cleanup@openstack cleanup() started
2020-04-13 01:45:05.266 15661 RALLYDEBUG rally_openstack.cleanup.manager [-] Cleaning up nova servers objects
2020-04-13 01:45:05.965 15661 RALLYDEBUG rally_openstack.cleanup.manager [-] Cleaning up nova server_groups objects
2020-04-13 01:45:06.434 15661 RALLYDEBUG rally_openstack.cleanup.manager [-] Cleaning up nova keypairs objects
2020-04-13 01:45:07.342 15661 RALLYDEBUG rally_openstack.cleanup.manager [-] Deleting nova.keypairs object s_rally_bf3d9783_64D8WmUs (s_rally_bf3d9783_64D8WmUs)
2020-04-13 01:45:07.359 15661 RALLYDEBUG rally_openstack.cleanup.manager [-] Deleting nova.keypairs object s_rally_bf3d9783_h6yxbAJz (s_rally_bf3d9783_h6yxbAJz)
2020-04-13 01:45:07.364 15661 RALLYDEBUG rally_openstack.cleanup.manager [-] Deleting nova.keypairs object s_rally_bf3d9783_yhavPhZa (s_rally_bf3d9783_yhavPhZa)
2020-04-13 01:45:07.364 15661 RALLYDEBUG rally_openstack.cleanup.manager [-] Deleting nova.keypairs object s_rally_bf3d9783_nRIFqwkK (s_rally_bf3d9783_nRIFqwkK)
2020-04-13 01:45:07.370 15661 RALLYDEBUG rally_openstack.cleanup.manager [-] Deleting nova.keypairs object s_rally_bf3d9783_aiEHD1YL (s_rally_bf3d9783_aiEHD1YL)
2020-04-13 01:45:07.402 15661 RALLYDEBUG rally_openstack.cleanup.manager [-] Deleting nova.keypairs object s_rally_bf3d9783_iT3mtGNs (s_rally_bf3d9783_iT3mtGNs)
2020-04-13 01:45:07.399 15661 RALLYDEBUG rally_openstack.cleanup.manager [-] Deleting nova.keypairs object s_rally_bf3d9783_jTn06xaR (s_rally_bf3d9783_jTn06xaR)
2020-04-13 01:45:07.409 15661 RALLYDEBUG rally_openstack.cleanup.manager [-] Deleting nova.keypairs object s_rally_bf3d9783_9fQdnjMK (s_rally_bf3d9783_9fQdnjMK)
2020-04-13 01:45:07.414 15661 RALLYDEBUG rally_openstack.cleanup.manager [-] Deleting nova.keypairs object s_rally_bf3d9783_7eUrmJ4P (s_rally_bf3d9783_7eUrmJ4P)
2020-04-13 01:45:07.420 15661 RALLYDEBUG rally_openstack.cleanup.manager [-] Deleting nova.keypairs object s_rally_bf3d9783_BO2BhtK9 (s_rally_bf3d9783_BO2BhtK9)
2020-04-13 01:45:08.773 15661 INFO rally.task.context [-] Task d5b89353-e7af-467d-9dbb-80eee5429822 | Context cleanup@openstack cleanup() finished in 3.51 sec
2020-04-13 01:45:08.774 15661 INFO rally.task.context [-] Task d5b89353-e7af-467d-9dbb-80eee5429822 | Context quotas@openstack cleanup() started
2020-04-13 01:45:08.853 15661 INFO rally.task.context [-] Task d5b89353-e7af-467d-9dbb-80eee5429822 | Context quotas@openstack cleanup() finished in 78.71 msec
2020-04-13 01:45:08.853 15661 INFO rally.task.context [-] Task d5b89353-e7af-467d-9dbb-80eee5429822 | Context users@openstack cleanup() started
2020-04-13 01:45:09.057 15661 WARNING rally.common.logging [-] `iterate_per_tenants()' is deprecated in v3.0.0: it is openstack specific.. Used at
2020-04-13 01:45:11.573 15661 INFO rally.task.context [-] Task d5b89353-e7af-467d-9dbb-80eee5429822 | Context users@openstack cleanup() finished in 2.72 sec
2020-04-13 01:45:11.841 15661 INFO rally.task.engine [-] Load duration is: 1.328936
2020-04-13 01:45:11.841 15661 INFO rally.task.engine [-] Full runner duration is: 1.36887
2020-04-13 01:45:11.842 15661 INFO rally.task.engine [-] Full duration is: 9.811445
