2020-04-13 01:45:12.082 15661 INFO rally.task.engine [-] Running workload: position = 0 config = { "version": 2, "title": "A cropped version of a bigger task.", "description": "Auto-generated task from a single workload (uuid=894914a5-c762-4cfc-9f99-792dffed0932)", "subtasks": [ { "title": "NovaServers.boot_and_bounce_server", "description": "Boot a server and run specified actions against it.", "scenario": { "NovaServers.boot_and_bounce_server": { "actions": [ { "hard_reboot": 1 }, { "soft_reboot": 1 }, { "stop_start": 1 }, { "rescue_unrescue": 1 } ], "flavor": { "name": "rally_full-flavor_3c7bba65-cc43-4506-b198-47a10679b894" }, "image": { "name": "rally_full-img_3c7bba65-cc43-4506-b198-47a10679b894" }, "nics": [ { "net-id": "f511ef3b-576a-4496-a8c5-9294ddbf9583" } ] } }, "contexts": { "users": { "tenants": 3, "users_per_tenant": 2 }, "network": { "networks_per_tenant": 1, "start_cidr": "100.1.0.0/25" }, "quotas": { "neutron": { "network": -1, "port": -1, "subnet": -1 }, "nova": { "cores": -1, "floating_ips": -1, "instances": -1, "ram": -1, "security_group_rules": -1, "security_groups": -1 } } }, "runner": { "constant": { "concurrency": 4, "times": 10 } }, "hooks": [], "sla": { "failure_rate": { "max": 0 } } } ] }
2020-04-13 01:45:12.106 15661 RALLYDEBUG rally_openstack.contexts.keystone.users [-] Creating 3 tenants using 3 threads
2020-04-13 01:45:13.033 15661 RALLYDEBUG rally_openstack.contexts.keystone.users [-] Creating 6 users using 6 threads
2020-04-13 01:45:14.327 15661 INFO rally.task.context [-] Task d5b89353-e7af-467d-9dbb-80eee5429822 | Context users@openstack setup() finished in 2.22 sec
2020-04-13 01:45:15.926 15661 INFO rally.task.context [-] Task d5b89353-e7af-467d-9dbb-80eee5429822 | Context quotas@openstack setup() finished in 1.60 sec
2020-04-13 01:45:15.998 15661 WARNING rally.common.logging [-] `iterate_per_tenants()' is deprecated in v3.0.0: it is openstack specific.. Used at
2020-04-13 01:45:18.333 15661 RALLYDEBUG rally_openstack.wrappers.network [-] CIDR generated: 100.1.0.0/25
2020-04-13 01:45:23.306 15661 RALLYDEBUG rally_openstack.wrappers.network [-] CIDR generated: 100.1.0.128/25
2020-04-13 01:45:28.512 15661 RALLYDEBUG rally_openstack.wrappers.network [-] CIDR generated: 100.1.1.0/25
2020-04-13 01:45:31.646 15661 INFO rally.task.context [-] Task d5b89353-e7af-467d-9dbb-80eee5429822 | Context network@openstack setup() finished in 15.72 sec
2020-04-13 01:45:31.647 15661 INFO rally.task.context [-] Task d5b89353-e7af-467d-9dbb-80eee5429822 | Context cleanup@openstack setup() finished in 0.01 msec
2020-04-13 01:45:32.058 15661 RALLYDEBUG rally.task.runner [-] Starting the constant runner (task UUID: d5b89353-e7af-467d-9dbb-80eee5429822). times: 10 concurrency: 4 timeout: 0 max_cpu_used: 88 processes_to_start: 4 concurrency_per_worker: 1 concurrency_overhead: 0
2020-04-13 01:45:32.070 15982 RALLYDEBUG rally.task.runner [-] Starting a worker. times: 10 duration: None concurrency: 1 timeout: 0 cls: method_name: run args: {"actions": [{"hard_reboot": 1}, {"soft_reboot": 1}, {"stop_start": 1}, {"rescue_unrescue": 1}], "flavor": "16715136-d9c0-4d22-9bc8-65b99286c5e3", "image": "5e90f54d-1298-498d-a24a-b50a08500c89", "nics": [{"net-id": "f511ef3b-576a-4496-a8c5-9294ddbf9583"}]}
2020-04-13 01:45:32.073 15983 RALLYDEBUG rally.task.runner [-] Starting a worker. times: 10 duration: None concurrency: 1 timeout: 0 cls: method_name: run args: {"actions": [{"hard_reboot": 1}, {"soft_reboot": 1}, {"stop_start": 1}, {"rescue_unrescue": 1}], "flavor": "16715136-d9c0-4d22-9bc8-65b99286c5e3", "image": "5e90f54d-1298-498d-a24a-b50a08500c89", "nics": [{"net-id": "f511ef3b-576a-4496-a8c5-9294ddbf9583"}]}
2020-04-13 01:45:32.075 15984 RALLYDEBUG rally.task.runner [-] Starting a worker. times: 10 duration: None concurrency: 1 timeout: 0 cls: method_name: run args: {"actions": [{"hard_reboot": 1}, {"soft_reboot": 1}, {"stop_start": 1}, {"rescue_unrescue": 1}], "flavor": "16715136-d9c0-4d22-9bc8-65b99286c5e3", "image": "5e90f54d-1298-498d-a24a-b50a08500c89", "nics": [{"net-id": "f511ef3b-576a-4496-a8c5-9294ddbf9583"}]}
2020-04-13 01:45:32.077 15982 INFO rally.task.runner [-] Task d5b89353-e7af-467d-9dbb-80eee5429822 | ITER: 1 START
2020-04-13 01:45:32.078 15985 RALLYDEBUG rally.task.runner [-] Starting a worker. times: 10 duration: None concurrency: 1 timeout: 0 cls: method_name: run args: {"actions": [{"hard_reboot": 1}, {"soft_reboot": 1}, {"stop_start": 1}, {"rescue_unrescue": 1}], "flavor": "16715136-d9c0-4d22-9bc8-65b99286c5e3", "image": "5e90f54d-1298-498d-a24a-b50a08500c89", "nics": [{"net-id": "f511ef3b-576a-4496-a8c5-9294ddbf9583"}]}
2020-04-13 01:45:32.079 15983 INFO rally.task.runner [-] Task d5b89353-e7af-467d-9dbb-80eee5429822 | ITER: 2 START
2020-04-13 01:45:32.080 15984 INFO rally.task.runner [-] Task d5b89353-e7af-467d-9dbb-80eee5429822 | ITER: 3 START
2020-04-13 01:45:32.084 15985 INFO rally.task.runner [-] Task d5b89353-e7af-467d-9dbb-80eee5429822 | ITER: 4 START
2020-04-13 01:45:41.403 15984 RALLYDEBUG rally.task.utils [-] Waiting for resource s_rally_894914a5_GwD3sYkK. Status changed: BUILD => ACTIVE in 7.223529815673828
2020-04-13 01:45:43.286 15985 RALLYDEBUG rally.task.utils [-] Waiting for resource s_rally_894914a5_5EcBqDYv. Status changed: BUILD => ACTIVE in 9.010150671005249
2020-04-13 01:45:43.779 15984 RALLYDEBUG rally.task.utils [-] Waiting for resource s_rally_894914a5_GwD3sYkK. Status changed: ACTIVE => HARD_REBOOT in 0.23637986183166504
2020-04-13 01:45:45.622 15983 RALLYDEBUG rally.task.utils [-] Waiting for resource s_rally_894914a5_MGACWWMP. Status changed: BUILD => ACTIVE in 11.398721933364868
2020-04-13 01:45:45.666 15985 RALLYDEBUG rally.task.utils [-] Waiting for resource s_rally_894914a5_5EcBqDYv. Status changed: ACTIVE => HARD_REBOOT in 0.21865391731262207
2020-04-13 01:45:46.200 15984 RALLYDEBUG rally.task.utils [-] Waiting for resource s_rally_894914a5_GwD3sYkK. Status changed: HARD_REBOOT => ACTIVE in 2.420508623123169
2020-04-13 01:45:46.677 15982 RALLYDEBUG rally.task.utils [-] Waiting for resource s_rally_894914a5_RosDEaGG. Status changed: BUILD => ACTIVE in 12.169372797012329
2020-04-13 01:45:48.172 15983 RALLYDEBUG rally.task.utils [-] Waiting for resource s_rally_894914a5_MGACWWMP. Status changed: ACTIVE => HARD_REBOOT in 0.4102962017059326
2020-04-13 01:45:48.259 15985 RALLYDEBUG rally.task.utils [-] Waiting for resource s_rally_894914a5_5EcBqDYv. Status changed: HARD_REBOOT => ACTIVE in 2.59309458732605
2020-04-13 01:45:48.562 15984 RALLYDEBUG rally.task.utils [-] Waiting for resource s_rally_894914a5_GwD3sYkK. Status changed: ACTIVE => REBOOT in 0.2306065559387207
2020-04-13 01:45:49.106 15982 RALLYDEBUG rally.task.utils [-] Waiting for resource s_rally_894914a5_RosDEaGG. Status changed: ACTIVE => HARD_REBOOT in 0.27405238151550293
2020-04-13 01:45:50.604 15985 RALLYDEBUG rally.task.utils [-] Waiting for resource s_rally_894914a5_5EcBqDYv. Status changed: ACTIVE => REBOOT in 0.20609092712402344
2020-04-13 01:45:51.328 15982 RALLYDEBUG rally.task.utils [-] Waiting for resource s_rally_894914a5_RosDEaGG. Status changed: HARD_REBOOT => ACTIVE in 2.222543954849243
2020-04-13 01:45:52.766 15983 RALLYDEBUG rally.task.utils [-] Waiting for resource s_rally_894914a5_MGACWWMP. Status changed: HARD_REBOOT => ACTIVE in 4.594495058059692
2020-04-13 01:45:53.691 15982 RALLYDEBUG rally.task.utils [-] Waiting for resource s_rally_894914a5_RosDEaGG. Status changed: ACTIVE => REBOOT in 0.23142600059509277
2020-04-13 01:45:55.129 15983 RALLYDEBUG rally.task.utils [-] Waiting for resource s_rally_894914a5_MGACWWMP. Status changed: ACTIVE => REBOOT in 0.24244332313537598
2020-04-13 01:47:51.943 15984 RALLYDEBUG rally.task.utils [-] Waiting for resource s_rally_894914a5_GwD3sYkK. Status changed: REBOOT => ACTIVE in 123.38064670562744
2020-04-13 01:47:53.920 15985 RALLYDEBUG rally.task.utils [-] Waiting for resource s_rally_894914a5_5EcBqDYv. Status changed: REBOOT => ACTIVE in 123.31589794158936
2020-04-13 01:47:54.463 15984 RALLYDEBUG rally.task.utils [-] Waiting for resource s_rally_894914a5_GwD3sYkK. Status changed: ACTIVE => SHUTOFF in 2.3962299823760986
2020-04-13 01:47:54.785 15984 RALLYDEBUG rally.task.utils [-] Waiting for resource s_rally_894914a5_GwD3sYkK. Status changed: ACTIVE => SHUTOFF in 0.21028971672058105
2020-04-13 01:47:56.483 15985 RALLYDEBUG rally.task.utils [-] Waiting for resource s_rally_894914a5_5EcBqDYv. Status changed: ACTIVE => SHUTOFF in 2.4355928897857666
2020-04-13 01:47:56.820 15985 RALLYDEBUG rally.task.utils [-] Waiting for resource s_rally_894914a5_5EcBqDYv. Status changed: ACTIVE => SHUTOFF in 0.21476435661315918
2020-04-13 01:47:57.288 15982 RALLYDEBUG rally.task.utils [-] Waiting for resource s_rally_894914a5_RosDEaGG. Status changed: REBOOT => ACTIVE in 123.59627652168274
2020-04-13 01:48:00.248 15982 RALLYDEBUG rally.task.utils [-] Waiting for resource s_rally_894914a5_RosDEaGG. Status changed: ACTIVE => SHUTOFF in 2.838390350341797
2020-04-13 01:48:00.248 15983 RALLYDEBUG rally.task.utils [-] Waiting for resource s_rally_894914a5_MGACWWMP. Status changed: REBOOT => ACTIVE in 125.1188428401947
2020-04-13 01:48:00.451 15985 RALLYDEBUG rally.task.utils [-] Waiting for resource s_rally_894914a5_5EcBqDYv. Status changed: SHUTOFF => ACTIVE in 3.6311910152435303
2020-04-13 01:48:00.640 15982 RALLYDEBUG rally.task.utils [-] Waiting for resource s_rally_894914a5_RosDEaGG. Status changed: ACTIVE => SHUTOFF in 0.22246289253234863
2020-04-13 01:48:01.077 15984 RALLYDEBUG rally.task.utils [-] Waiting for resource s_rally_894914a5_GwD3sYkK. Status changed: SHUTOFF => ACTIVE in 6.291305780410767
2020-04-13 01:48:02.828 15983 RALLYDEBUG rally.task.utils [-] Waiting for resource s_rally_894914a5_MGACWWMP. Status changed: ACTIVE => SHUTOFF in 2.4458634853363037
2020-04-13 01:48:03.398 15983 RALLYDEBUG rally.task.utils [-] Waiting for resource s_rally_894914a5_MGACWWMP. Status changed: ACTIVE => SHUTOFF in 0.20150470733642578
2020-04-13 01:48:04.255 15982 RALLYDEBUG rally.task.utils [-] Waiting for resource s_rally_894914a5_RosDEaGG. Status changed: SHUTOFF => ACTIVE in 3.615084171295166
2020-04-13 01:48:07.840 15984 RALLYDEBUG rally.task.utils [-] Waiting for resource s_rally_894914a5_GwD3sYkK. Status changed: ACTIVE => RESCUE in 4.629342794418335
2020-04-13 01:48:08.338 15983 RALLYDEBUG rally.task.utils [-] Waiting for resource s_rally_894914a5_MGACWWMP. Status changed: SHUTOFF => ACTIVE in 4.939546346664429
2020-04-13 01:48:09.399 15985 RALLYDEBUG rally.task.utils [-] Waiting for resource s_rally_894914a5_5EcBqDYv. Status changed: ACTIVE => RESCUE in 6.814613342285156
2020-04-13 01:48:10.161 15984 RALLYDEBUG rally.task.utils [-] Waiting for resource s_rally_894914a5_GwD3sYkK. Status changed: ACTIVE => RESCUE in 0.20527005195617676
2020-04-13 01:48:11.026 15982 RALLYDEBUG rally.task.utils [-] Waiting for resource s_rally_894914a5_RosDEaGG. Status changed: ACTIVE => RESCUE in 4.639522075653076
2020-04-13 01:48:11.781 15985 RALLYDEBUG rally.task.utils [-] Waiting for resource s_rally_894914a5_5EcBqDYv. Status changed: ACTIVE => RESCUE in 0.2214963436126709
2020-04-13 01:48:13.437 15982 RALLYDEBUG rally.task.utils [-] Waiting for resource s_rally_894914a5_RosDEaGG. Status changed: ACTIVE => RESCUE in 0.25501060485839844
2020-04-13 01:48:14.589 15984 RALLYDEBUG rally.task.utils [-] Waiting for resource s_rally_894914a5_GwD3sYkK. Status changed: RESCUE => ACTIVE in 4.4285054206848145
2020-04-13 01:48:15.654 15982 RALLYDEBUG rally.task.utils [-] Waiting for resource s_rally_894914a5_RosDEaGG. Status changed: RESCUE => ACTIVE in 2.2166309356689453
2020-04-13 01:48:16.202 15985 RALLYDEBUG rally.task.utils [-] Waiting for resource s_rally_894914a5_5EcBqDYv. Status changed: RESCUE => ACTIVE in 4.420405149459839
2020-04-13 01:48:17.033 15984 INFO rally.task.runner [-] Task d5b89353-e7af-467d-9dbb-80eee5429822 | ITER: 3 END: OK
2020-04-13 01:48:17.039 15984 INFO rally.task.runner [-] Task d5b89353-e7af-467d-9dbb-80eee5429822 | ITER: 5 START
2020-04-13 01:48:17.459 15983 RALLYDEBUG rally.task.utils [-] Waiting for resource s_rally_894914a5_MGACWWMP. Status changed: ACTIVE => RESCUE in 6.980405569076538
2020-04-13 01:48:18.195 15982 INFO rally.task.runner [-] Task d5b89353-e7af-467d-9dbb-80eee5429822 | ITER: 1 END: OK
2020-04-13 01:48:18.201 15982 INFO rally.task.runner [-] Task d5b89353-e7af-467d-9dbb-80eee5429822 | ITER: 6 START
2020-04-13 01:48:18.681 15985 INFO rally.task.runner [-] Task d5b89353-e7af-467d-9dbb-80eee5429822 | ITER: 4 END: OK
2020-04-13 01:48:18.689 15985 INFO rally.task.runner [-] Task d5b89353-e7af-467d-9dbb-80eee5429822 | ITER: 7 START
2020-04-13 01:48:19.797 15983 RALLYDEBUG rally.task.utils [-] Waiting for resource s_rally_894914a5_MGACWWMP. Status changed: ACTIVE => RESCUE in 0.21255016326904297
2020-04-13 01:48:22.007 15983 RALLYDEBUG rally.task.utils [-] Waiting for resource s_rally_894914a5_MGACWWMP. Status changed: RESCUE => ACTIVE in 2.209367513656616
2020-04-13 01:48:24.525 15983 INFO rally.task.runner [-] Task d5b89353-e7af-467d-9dbb-80eee5429822 | ITER: 2 END: OK
2020-04-13 01:48:24.531 15983 INFO rally.task.runner [-] Task d5b89353-e7af-467d-9dbb-80eee5429822 | ITER: 8 START
2020-04-13 01:48:28.621 15984 RALLYDEBUG rally.task.utils [-] Waiting for resource s_rally_894914a5_g3IFMzzO. Status changed: BUILD => ACTIVE in 8.995002269744873
2020-04-13 01:48:30.107 15985 RALLYDEBUG rally.task.utils [-] Waiting for resource s_rally_894914a5_Xe6HpxjQ. Status changed: BUILD => ACTIVE in 9.020968437194824
2020-04-13 01:48:30.282 15982 RALLYDEBUG rally.task.utils [-] Waiting for resource s_rally_894914a5_DtVDxrdY. Status changed: BUILD => ACTIVE in 9.431469917297363
2020-04-13 01:48:30.994 15984 RALLYDEBUG rally.task.utils [-] Waiting for resource s_rally_894914a5_g3IFMzzO. Status changed: ACTIVE => HARD_REBOOT in 0.23164916038513184
2020-04-13 01:48:32.494 15985 RALLYDEBUG rally.task.utils [-] Waiting for resource s_rally_894914a5_Xe6HpxjQ. Status changed: ACTIVE => HARD_REBOOT in 0.25870656967163086
2020-04-13 01:48:32.682 15982 RALLYDEBUG rally.task.utils [-] Waiting for resource s_rally_894914a5_DtVDxrdY. Status changed: ACTIVE => HARD_REBOOT in 0.25111865997314453
2020-04-13 01:48:33.200 15984 RALLYDEBUG rally.task.utils [-] Waiting for resource s_rally_894914a5_g3IFMzzO. Status changed: HARD_REBOOT => ACTIVE in 2.206380605697632
2020-04-13 01:48:33.551 15983 RALLYDEBUG rally.task.utils [-] Waiting for resource s_rally_894914a5_7B58YFzV. Status changed: BUILD => ACTIVE in 7.135047912597656
2020-04-13 01:48:34.871 15985 RALLYDEBUG rally.task.utils [-] Waiting for resource s_rally_894914a5_Xe6HpxjQ. Status changed: HARD_REBOOT => ACTIVE in 2.3771228790283203
2020-04-13 01:48:35.264 15982 RALLYDEBUG rally.task.utils [-] Waiting for resource s_rally_894914a5_DtVDxrdY. Status changed: HARD_REBOOT => ACTIVE in 2.581526756286621
2020-04-13 01:48:35.543 15984 RALLYDEBUG rally.task.utils [-] Waiting for resource s_rally_894914a5_g3IFMzzO. Status changed: ACTIVE => REBOOT in 0.2028484344482422
2020-04-13 01:48:35.917 15983 RALLYDEBUG rally.task.utils [-] Waiting for resource s_rally_894914a5_7B58YFzV. Status changed: ACTIVE => HARD_REBOOT in 0.19640898704528809
2020-04-13 01:48:37.225 15985 RALLYDEBUG rally.task.utils [-] Waiting for resource s_rally_894914a5_Xe6HpxjQ. Status changed: ACTIVE => REBOOT in 0.22049999237060547
2020-04-13 01:48:37.665 15982 RALLYDEBUG rally.task.utils [-] Waiting for resource s_rally_894914a5_DtVDxrdY. Status changed: ACTIVE => REBOOT in 0.22946858406066895
2020-04-13 01:48:38.139 15983 RALLYDEBUG rally.task.utils [-] Waiting for resource s_rally_894914a5_7B58YFzV. Status changed: HARD_REBOOT => ACTIVE in 2.2219271659851074
2020-04-13 01:48:40.514 15983 RALLYDEBUG rally.task.utils [-] Waiting for resource s_rally_894914a5_7B58YFzV. Status changed: ACTIVE => REBOOT in 0.2289443016052246
2020-04-13 01:50:40.077 15985 RALLYDEBUG rally.task.utils [-] Waiting for resource s_rally_894914a5_Xe6HpxjQ. Status changed: REBOOT => ACTIVE in 122.85165572166443
2020-04-13 01:50:40.122 15984 RALLYDEBUG rally.task.utils [-] Waiting for resource s_rally_894914a5_g3IFMzzO. Status changed: REBOOT => ACTIVE in 124.57832407951355
2020-04-13 01:50:41.746 15982 RALLYDEBUG rally.task.utils [-] Waiting for resource s_rally_894914a5_DtVDxrdY. Status changed: REBOOT => ACTIVE in 124.08048009872437
2020-04-13 01:50:42.617 15985 RALLYDEBUG rally.task.utils [-] Waiting for resource s_rally_894914a5_Xe6HpxjQ. Status changed: ACTIVE => SHUTOFF in 2.4175984859466553
2020-04-13 01:50:42.717 15984 RALLYDEBUG rally.task.utils [-] Waiting for resource s_rally_894914a5_g3IFMzzO. Status changed: ACTIVE => SHUTOFF in 2.421924352645874
2020-04-13 01:50:43.246 15984 RALLYDEBUG rally.task.utils [-] Waiting for resource s_rally_894914a5_g3IFMzzO. Status changed: ACTIVE => SHUTOFF in 0.39339566230773926
2020-04-13 01:50:43.367 15985 RALLYDEBUG rally.task.utils [-] Waiting for resource s_rally_894914a5_Xe6HpxjQ. Status changed: ACTIVE => SHUTOFF in 0.6299254894256592
2020-04-13 01:50:43.845 15983 RALLYDEBUG rally.task.utils [-] Waiting for resource s_rally_894914a5_7B58YFzV. Status changed: REBOOT => ACTIVE in 123.33010506629944
2020-04-13 01:50:44.298 15982 RALLYDEBUG rally.task.utils [-] Waiting for resource s_rally_894914a5_DtVDxrdY. Status changed: ACTIVE => SHUTOFF in 2.4292781352996826
2020-04-13 01:50:44.623 15982 RALLYDEBUG rally.task.utils [-] Waiting for resource s_rally_894914a5_DtVDxrdY. Status changed: ACTIVE => SHUTOFF in 0.20544147491455078
2020-04-13 01:50:46.389 15983 RALLYDEBUG rally.task.utils [-] Waiting for resource s_rally_894914a5_7B58YFzV. Status changed: ACTIVE => SHUTOFF in 2.419384002685547
2020-04-13 01:50:46.715 15983 RALLYDEBUG rally.task.utils [-] Waiting for resource s_rally_894914a5_7B58YFzV. Status changed: ACTIVE => SHUTOFF in 0.2070469856262207
2020-04-13 01:50:47.016 15985 RALLYDEBUG rally.task.utils [-] Waiting for resource s_rally_894914a5_Xe6HpxjQ. Status changed: SHUTOFF => ACTIVE in 3.648479461669922
2020-04-13 01:50:47.464 15984 RALLYDEBUG rally.task.utils [-] Waiting for resource s_rally_894914a5_g3IFMzzO. Status changed: SHUTOFF => ACTIVE in 4.217989683151245
2020-04-13 01:50:49.224 15982 RALLYDEBUG rally.task.utils [-] Waiting for resource s_rally_894914a5_DtVDxrdY. Status changed: SHUTOFF => ACTIVE in 4.6007983684539795
2020-04-13 01:50:50.442 15983 RALLYDEBUG rally.task.utils [-] Waiting for resource s_rally_894914a5_7B58YFzV. Status changed: SHUTOFF => ACTIVE in 3.726331949234009
2020-04-13 01:50:53.793 15985 RALLYDEBUG rally.task.utils [-] Waiting for resource s_rally_894914a5_Xe6HpxjQ. Status changed: ACTIVE => RESCUE in 4.646570205688477
2020-04-13 01:50:53.802 15982 RALLYDEBUG rally.task.utils [-] Waiting for resource s_rally_894914a5_DtVDxrdY. Status changed: ACTIVE => RESCUE in 2.4198732376098633
2020-04-13 01:50:54.617 15984 RALLYDEBUG rally.task.utils [-] Waiting for resource s_rally_894914a5_g3IFMzzO. Status changed: ACTIVE => RESCUE in 5.017827987670898
2020-04-13 01:50:55.007 15983 RALLYDEBUG rally.task.utils [-] Waiting for resource s_rally_894914a5_7B58YFzV. Status changed: ACTIVE => RESCUE in 2.434286117553711
2020-04-13 01:50:56.128 15985 RALLYDEBUG rally.task.utils [-] Waiting for resource s_rally_894914a5_Xe6HpxjQ. Status changed: ACTIVE => RESCUE in 0.21455073356628418
2020-04-13 01:50:56.138 15982 RALLYDEBUG rally.task.utils [-] Waiting for resource s_rally_894914a5_DtVDxrdY. Status changed: ACTIVE => RESCUE in 0.2071516513824463
2020-04-13 01:50:56.996 15984 RALLYDEBUG rally.task.utils [-] Waiting for resource s_rally_894914a5_g3IFMzzO. Status changed: ACTIVE => RESCUE in 0.24030780792236328
2020-04-13 01:50:57.373 15983 RALLYDEBUG rally.task.utils [-] Waiting for resource s_rally_894914a5_7B58YFzV. Status changed: ACTIVE => RESCUE in 0.2164299488067627
2020-04-13 01:50:59.201 15984 RALLYDEBUG rally.task.utils [-] Waiting for resource s_rally_894914a5_g3IFMzzO. Status changed: RESCUE => ACTIVE in 2.205172300338745
2020-04-13 01:50:59.627 15983 RALLYDEBUG rally.task.utils [-] Waiting for resource s_rally_894914a5_7B58YFzV. Status changed: RESCUE => ACTIVE in 2.2535789012908936
2020-04-13 01:51:00.575 15985 RALLYDEBUG rally.task.utils [-] Waiting for resource s_rally_894914a5_Xe6HpxjQ. Status changed: RESCUE => ACTIVE in 4.446985960006714
2020-04-13 01:51:00.613 15982 RALLYDEBUG rally.task.utils [-] Waiting for resource s_rally_894914a5_DtVDxrdY. Status changed: RESCUE => ACTIVE in 4.475021839141846
2020-04-13 01:51:01.723 15984 INFO rally.task.runner [-] Task d5b89353-e7af-467d-9dbb-80eee5429822 | ITER: 5 END: OK
2020-04-13 01:51:01.728 15984 INFO rally.task.runner [-] Task d5b89353-e7af-467d-9dbb-80eee5429822 | ITER: 9 START
2020-04-13 01:51:02.136 15983 INFO rally.task.runner [-] Task d5b89353-e7af-467d-9dbb-80eee5429822 | ITER: 8 END: OK
2020-04-13 01:51:02.146 15983 INFO rally.task.runner [-] Task d5b89353-e7af-467d-9dbb-80eee5429822 | ITER: 10 START
2020-04-13 01:51:03.072 15985 INFO rally.task.runner [-] Task d5b89353-e7af-467d-9dbb-80eee5429822 | ITER: 7 END: OK
2020-04-13 01:51:03.130 15982 INFO rally.task.runner [-] Task d5b89353-e7af-467d-9dbb-80eee5429822 | ITER: 6 END: OK
2020-04-13 01:51:10.546 15984 RALLYDEBUG rally.task.utils [-] Waiting for resource s_rally_894914a5_ae3eykde. Status changed: BUILD => ACTIVE in 6.786545038223267
2020-04-13 01:51:12.957 15984 RALLYDEBUG rally.task.utils [-] Waiting for resource s_rally_894914a5_ae3eykde. Status changed: ACTIVE => HARD_REBOOT in 0.2734982967376709
2020-04-13 01:51:13.900 15983 RALLYDEBUG rally.task.utils [-] Waiting for resource s_rally_894914a5_jKLUgXgW. Status changed: BUILD => ACTIVE in 9.49044942855835
2020-04-13 01:51:15.277 15984 RALLYDEBUG rally.task.utils [-] Waiting for resource s_rally_894914a5_ae3eykde. Status changed: HARD_REBOOT => ACTIVE in 2.319312810897827
2020-04-13 01:51:16.492 15983 RALLYDEBUG rally.task.utils [-] Waiting for resource s_rally_894914a5_jKLUgXgW. Status changed: ACTIVE => HARD_REBOOT in 0.4069087505340576
2020-04-13 01:51:17.679 15984 RALLYDEBUG rally.task.utils [-] Waiting for resource s_rally_894914a5_ae3eykde. Status changed: ACTIVE => REBOOT in 0.21497416496276855
2020-04-13 01:51:20.923 15983 RALLYDEBUG rally.task.utils [-] Waiting for resource s_rally_894914a5_jKLUgXgW. Status changed: HARD_REBOOT => ACTIVE in 4.43144416809082
2020-04-13 01:51:23.398 15983 RALLYDEBUG rally.task.utils [-] Waiting for resource s_rally_894914a5_jKLUgXgW. Status changed: ACTIVE => REBOOT in 0.2182936668395996
2020-04-13 01:53:21.686 15984 RALLYDEBUG rally.task.utils [-] Waiting for resource s_rally_894914a5_ae3eykde. Status changed: REBOOT => ACTIVE in 124.00691175460815
2020-04-13 01:53:24.222 15984 RALLYDEBUG rally.task.utils [-] Waiting for resource s_rally_894914a5_ae3eykde. Status changed: ACTIVE => SHUTOFF in 2.415255308151245
2020-04-13 01:53:24.907 15984 RALLYDEBUG rally.task.utils [-] Waiting for resource s_rally_894914a5_ae3eykde. Status changed: ACTIVE => SHUTOFF in 0.5625967979431152
2020-04-13 01:53:26.894 15983 RALLYDEBUG rally.task.utils [-] Waiting for resource s_rally_894914a5_jKLUgXgW. Status changed: REBOOT => ACTIVE in 123.49536919593811
2020-04-13 01:53:28.537 15984 RALLYDEBUG rally.task.utils [-] Waiting for resource s_rally_894914a5_ae3eykde. Status changed: SHUTOFF => ACTIVE in 3.6302385330200195
2020-04-13 01:53:29.464 15983 RALLYDEBUG rally.task.utils [-] Waiting for resource s_rally_894914a5_jKLUgXgW. Status changed: ACTIVE => SHUTOFF in 2.4522719383239746
2020-04-13 01:53:30.178 15983 RALLYDEBUG rally.task.utils [-] Waiting for resource s_rally_894914a5_jKLUgXgW. Status changed: ACTIVE => SHUTOFF in 0.5888097286224365
2020-04-13 01:53:33.858 15983 RALLYDEBUG rally.task.utils [-] Waiting for resource s_rally_894914a5_jKLUgXgW. Status changed: SHUTOFF => ACTIVE in 3.6791610717773438
2020-04-13 01:53:35.396 15984 RALLYDEBUG rally.task.utils [-] Waiting for resource s_rally_894914a5_ae3eykde. Status changed: ACTIVE => RESCUE in 4.729766368865967
2020-04-13 01:53:37.729 15984 RALLYDEBUG rally.task.utils [-] Waiting for resource s_rally_894914a5_ae3eykde. Status changed: ACTIVE => RESCUE in 0.20873355865478516
2020-04-13 01:53:39.935 15984 RALLYDEBUG rally.task.utils [-] Waiting for resource s_rally_894914a5_ae3eykde. Status changed: RESCUE => ACTIVE in 2.206264019012451
2020-04-13 01:53:40.658 15983 RALLYDEBUG rally.task.utils [-] Waiting for resource s_rally_894914a5_jKLUgXgW. Status changed: ACTIVE => RESCUE in 4.656252861022949
2020-04-13 01:53:42.454 15984 INFO rally.task.runner [-] Task d5b89353-e7af-467d-9dbb-80eee5429822 | ITER: 9 END: OK
2020-04-13 01:53:43.010 15983 RALLYDEBUG rally.task.utils [-] Waiting for resource s_rally_894914a5_jKLUgXgW. Status changed: ACTIVE => RESCUE in 0.23045778274536133
2020-04-13 01:53:45.225 15983 RALLYDEBUG rally.task.utils [-] Waiting for resource s_rally_894914a5_jKLUgXgW. Status changed: RESCUE => ACTIVE in 2.214937448501587
2020-04-13 01:53:48.034 15983 INFO rally.task.runner [-] Task d5b89353-e7af-467d-9dbb-80eee5429822 | ITER: 10 END: OK
2020-04-13 01:53:48.064 15661 INFO rally.task.context [-] Task d5b89353-e7af-467d-9dbb-80eee5429822 | Context cleanup@openstack cleanup() started
2020-04-13 01:53:48.072 15661 RALLYDEBUG rally_openstack.cleanup.manager [-] Cleaning up nova servers objects
2020-04-13 01:53:49.018 15661 RALLYDEBUG rally_openstack.cleanup.manager [-] Cleaning up nova server_groups objects
2020-04-13 01:53:49.523 15661 RALLYDEBUG rally_openstack.cleanup.manager [-] Cleaning up nova keypairs objects
2020-04-13 01:53:50.664 15661 INFO rally.task.context [-] Task d5b89353-e7af-467d-9dbb-80eee5429822 | Context cleanup@openstack cleanup() finished in 2.60 sec
2020-04-13 01:53:50.665 15661 INFO rally.task.context [-] Task d5b89353-e7af-467d-9dbb-80eee5429822 | Context network@openstack cleanup() started
2020-04-13 01:54:14.694 15661 INFO rally.task.context [-] Task d5b89353-e7af-467d-9dbb-80eee5429822 | Context network@openstack cleanup() finished in 24.03 sec
2020-04-13 01:54:14.695 15661 INFO rally.task.context [-] Task d5b89353-e7af-467d-9dbb-80eee5429822 | Context quotas@openstack cleanup() started
2020-04-13 01:54:14.916 15661 INFO rally.task.context [-] Task d5b89353-e7af-467d-9dbb-80eee5429822 | Context quotas@openstack cleanup() finished in 0.22 sec
2020-04-13 01:54:14.917 15661 INFO rally.task.context [-] Task d5b89353-e7af-467d-9dbb-80eee5429822 | Context users@openstack cleanup() started
2020-04-13 01:54:15.074 15661 WARNING rally.common.logging [-] `iterate_per_tenants()' is deprecated in v3.0.0: it is openstack specific.. Used at
2020-04-13 01:54:17.151 15661 INFO rally.task.context [-] Task d5b89353-e7af-467d-9dbb-80eee5429822 | Context users@openstack cleanup() finished in 2.23 sec
2020-04-13 01:54:18.499 15661 INFO rally.task.engine [-] Load duration is: 486.955499
2020-04-13 01:54:18.500 15661 INFO rally.task.engine [-] Full runner duration is: 496.007489
2020-04-13 01:54:18.500 15661 INFO rally.task.engine [-] Full duration is: 545.048094
2020-04-13 01:54:18.599 15661 INFO rally.task.engine [-] Running workload: position = 0 config = { "version": 2, "title": "A cropped version of a bigger task.", "description": "Auto-generated task from a single workload (uuid=9de29584-bc11-4cca-a7c0-864207c552bf)", "subtasks": [ { "title": "NovaServers.boot_and_delete_server", "description": "Boot and delete a server.", "scenario": { "NovaServers.boot_and_delete_server": { "flavor": { "name": "rally_full-flavor_3c7bba65-cc43-4506-b198-47a10679b894" }, "image": { "name": "rally_full-img_3c7bba65-cc43-4506-b198-47a10679b894" }, "nics": [ { "net-id": "f511ef3b-576a-4496-a8c5-9294ddbf9583" } ] } }, "contexts": { "users": { "tenants": 3, "users_per_tenant": 2 }, "network": { "networks_per_tenant": 1, "start_cidr": "100.1.0.0/25" }, "quotas": { "neutron": { "network": -1, "port": -1, "subnet": -1 }, "nova": { "cores": -1, "floating_ips": -1, "instances": -1, "ram": -1, "security_group_rules": -1, "security_groups": -1 } } }, "runner": { "constant": { "concurrency": 4, "times": 10 } }, "hooks": [], "sla": { "failure_rate": { "max": 0 } } } ] }
2020-04-13 01:54:18.631 15661 RALLYDEBUG rally_openstack.contexts.keystone.users [-] Creating 3 tenants using 3 threads
2020-04-13 01:54:19.247 15661 RALLYDEBUG rally_openstack.contexts.keystone.users [-] Creating 6 users using 6 threads
2020-04-13 01:54:20.315 15661 INFO rally.task.context [-] Task d5b89353-e7af-467d-9dbb-80eee5429822 | Context users@openstack setup() finished in 1.68 sec
2020-04-13 01:54:21.501 15661 INFO rally.task.context [-] Task d5b89353-e7af-467d-9dbb-80eee5429822 | Context quotas@openstack setup() finished in 1.19 sec
2020-04-13 01:54:21.563 15661 WARNING rally.common.logging [-] `iterate_per_tenants()' is deprecated in v3.0.0: it is openstack specific.. Used at
2020-04-13 01:54:23.602 15661 RALLYDEBUG rally_openstack.wrappers.network [-] CIDR generated: 100.1.1.128/25
2020-04-13 01:54:28.042 15661 RALLYDEBUG rally_openstack.wrappers.network [-] CIDR generated: 100.1.2.0/25
2020-04-13 01:54:32.613 15661 RALLYDEBUG rally_openstack.wrappers.network [-] CIDR generated: 100.1.2.128/25
2020-04-13 01:54:35.648 15661 INFO rally.task.context [-] Task d5b89353-e7af-467d-9dbb-80eee5429822 | Context network@openstack setup() finished in 14.15 sec
2020-04-13 01:54:35.649 15661 INFO rally.task.context [-] Task d5b89353-e7af-467d-9dbb-80eee5429822 | Context cleanup@openstack setup() finished in 0.16 msec
2020-04-13 01:54:36.090 15661 RALLYDEBUG rally.task.runner [-] Starting the constant runner (task UUID: d5b89353-e7af-467d-9dbb-80eee5429822). times: 10 concurrency: 4 timeout: 0 max_cpu_used: 88 processes_to_start: 4 concurrency_per_worker: 1 concurrency_overhead: 0
2020-04-13 01:54:36.102 16115 RALLYDEBUG rally.task.runner [-] Starting a worker. times: 10 duration: None concurrency: 1 timeout: 0 cls: method_name: run args: {"flavor": "16715136-d9c0-4d22-9bc8-65b99286c5e3", "image": "5e90f54d-1298-498d-a24a-b50a08500c89", "nics": [{"net-id": "f511ef3b-576a-4496-a8c5-9294ddbf9583"}]}
2020-04-13 01:54:36.106 16116 RALLYDEBUG rally.task.runner [-] Starting a worker. times: 10 duration: None concurrency: 1 timeout: 0 cls: method_name: run args: {"flavor": "16715136-d9c0-4d22-9bc8-65b99286c5e3", "image": "5e90f54d-1298-498d-a24a-b50a08500c89", "nics": [{"net-id": "f511ef3b-576a-4496-a8c5-9294ddbf9583"}]}
2020-04-13 01:54:36.109 16115 INFO rally.task.runner [-] Task d5b89353-e7af-467d-9dbb-80eee5429822 | ITER: 1 START
2020-04-13 01:54:36.108 16117 RALLYDEBUG rally.task.runner [-] Starting a worker. times: 10 duration: None concurrency: 1 timeout: 0 cls: method_name: run args: {"flavor": "16715136-d9c0-4d22-9bc8-65b99286c5e3", "image": "5e90f54d-1298-498d-a24a-b50a08500c89", "nics": [{"net-id": "f511ef3b-576a-4496-a8c5-9294ddbf9583"}]}
2020-04-13 01:54:36.111 16118 RALLYDEBUG rally.task.runner [-] Starting a worker. times: 10 duration: None concurrency: 1 timeout: 0 cls: method_name: run args: {"flavor": "16715136-d9c0-4d22-9bc8-65b99286c5e3", "image": "5e90f54d-1298-498d-a24a-b50a08500c89", "nics": [{"net-id": "f511ef3b-576a-4496-a8c5-9294ddbf9583"}]}
2020-04-13 01:54:36.113 16116 INFO rally.task.runner [-] Task d5b89353-e7af-467d-9dbb-80eee5429822 | ITER: 2 START
2020-04-13 01:54:36.115 16117 INFO rally.task.runner [-] Task d5b89353-e7af-467d-9dbb-80eee5429822 | ITER: 3 START
2020-04-13 01:54:36.117 16118 INFO rally.task.runner [-] Task d5b89353-e7af-467d-9dbb-80eee5429822 | ITER: 4 START
2020-04-13 01:54:47.543 16115 RALLYDEBUG rally.task.utils [-] Waiting for resource s_rally_9de29584_sQYqN8LE. Status changed: BUILD => ACTIVE in 9.076476097106934
2020-04-13 01:54:47.575 16118 RALLYDEBUG rally.task.utils [-] Waiting for resource s_rally_9de29584_Q7Xa1j6H. Status changed: BUILD => ACTIVE in 9.404133796691895
2020-04-13 01:54:50.098 16118 INFO rally.task.runner [-] Task d5b89353-e7af-467d-9dbb-80eee5429822 | ITER: 4 END: OK
2020-04-13 01:54:50.106 16118 INFO rally.task.runner [-] Task d5b89353-e7af-467d-9dbb-80eee5429822 | ITER: 5 START
2020-04-13 01:54:50.168 16116 RALLYDEBUG rally.task.utils [-] Waiting for resource s_rally_9de29584_7W8isGHj. Status changed: BUILD => ACTIVE in 11.618338823318481
2020-04-13 01:54:50.247 16117 RALLYDEBUG rally.task.utils [-] Waiting for resource s_rally_9de29584_4WUTb03n. Status changed: BUILD => ACTIVE in 12.004157543182373
2020-04-13 01:54:52.184 16115 INFO rally.task.runner [-] Task d5b89353-e7af-467d-9dbb-80eee5429822 | ITER: 1 END: OK
2020-04-13 01:54:52.190 16115 INFO rally.task.runner [-] Task d5b89353-e7af-467d-9dbb-80eee5429822 | ITER: 6 START
2020-04-13 01:54:52.765 16117 INFO rally.task.runner [-] Task d5b89353-e7af-467d-9dbb-80eee5429822 | ITER: 3 END: OK
2020-04-13 01:54:52.771 16117 INFO rally.task.runner [-] Task d5b89353-e7af-467d-9dbb-80eee5429822 | ITER: 7 START
2020-04-13 01:54:54.744 16116 INFO rally.task.runner [-] Task d5b89353-e7af-467d-9dbb-80eee5429822 | ITER: 2 END: OK
2020-04-13 01:54:54.749 16116 INFO rally.task.runner [-] Task d5b89353-e7af-467d-9dbb-80eee5429822 | ITER: 8 START
2020-04-13 01:54:58.874 16118 RALLYDEBUG rally.task.utils [-] Waiting for resource s_rally_9de29584_VfOkAtq6. Status changed: BUILD => ACTIVE in 6.807549238204956
2020-04-13 01:55:01.463 16115 RALLYDEBUG rally.task.utils [-] Waiting for resource s_rally_9de29584_JGA6m0ea. Status changed: BUILD => ACTIVE in 7.303398370742798
2020-04-13 01:55:01.654 16118 INFO rally.task.runner [-] Task d5b89353-e7af-467d-9dbb-80eee5429822 | ITER: 5 END: OK
2020-04-13 01:55:01.660 16118 INFO rally.task.runner [-] Task d5b89353-e7af-467d-9dbb-80eee5429822 | ITER: 9 START
2020-04-13 01:55:03.964 16115 INFO rally.task.runner [-] Task d5b89353-e7af-467d-9dbb-80eee5429822 | ITER: 6 END: OK
2020-04-13 01:55:03.968 16115 INFO rally.task.runner [-] Task d5b89353-e7af-467d-9dbb-80eee5429822 | ITER: 10 START
2020-04-13 01:55:03.974 16116 RALLYDEBUG rally.task.utils [-] Waiting for resource s_rally_9de29584_hblpysja. Status changed: BUILD => ACTIVE in 6.776223659515381
2020-04-13 01:55:03.980 16117 RALLYDEBUG rally.task.utils [-] Waiting for resource s_rally_9de29584_tfS0mvti. Status changed: BUILD => ACTIVE in 9.263310194015503
2020-04-13 01:55:06.505 16117 INFO rally.task.runner [-] Task d5b89353-e7af-467d-9dbb-80eee5429822 | ITER: 7 END: OK
2020-04-13 01:55:08.681 16116 INFO rally.task.runner [-] Task d5b89353-e7af-467d-9dbb-80eee5429822 | ITER: 8 END: OK
2020-04-13 01:55:10.861 16118 RALLYDEBUG rally.task.utils [-] Waiting for resource s_rally_9de29584_u3oNZhCF. Status changed: BUILD => ACTIVE in 7.3054327964782715
2020-04-13 01:55:12.988 16115 RALLYDEBUG rally.task.utils [-] Waiting for resource s_rally_9de29584_UczZeEtV. Status changed: BUILD => ACTIVE in 7.193329572677612
2020-04-13 01:55:13.394 16118 INFO rally.task.runner [-] Task d5b89353-e7af-467d-9dbb-80eee5429822 | ITER: 9 END: OK
2020-04-13 01:55:15.489 16115 INFO rally.task.runner [-] Task d5b89353-e7af-467d-9dbb-80eee5429822 | ITER: 10 END: OK
2020-04-13 01:55:15.514 15661 INFO rally.task.context [-] Task d5b89353-e7af-467d-9dbb-80eee5429822 | Context cleanup@openstack cleanup() started
2020-04-13 01:55:15.522 15661 RALLYDEBUG rally_openstack.cleanup.manager [-] Cleaning up nova servers objects
2020-04-13 01:55:16.378 15661 RALLYDEBUG rally_openstack.cleanup.manager [-] Cleaning up nova server_groups objects
2020-04-13 01:55:16.888 15661 RALLYDEBUG rally_openstack.cleanup.manager [-] Cleaning up nova keypairs objects
2020-04-13 01:55:17.911 15661 INFO rally.task.context [-] Task d5b89353-e7af-467d-9dbb-80eee5429822 | Context cleanup@openstack cleanup() finished in 2.40 sec
2020-04-13 01:55:17.912 15661 INFO rally.task.context [-] Task d5b89353-e7af-467d-9dbb-80eee5429822 | Context network@openstack cleanup() started
2020-04-13 01:55:40.296 15661 INFO rally.task.context [-] Task d5b89353-e7af-467d-9dbb-80eee5429822 | Context network@openstack cleanup() finished in 22.38 sec
2020-04-13 01:55:40.297 15661 INFO rally.task.context [-] Task d5b89353-e7af-467d-9dbb-80eee5429822 | Context quotas@openstack cleanup() started
2020-04-13 01:55:40.444 15661 INFO rally.task.context [-] Task d5b89353-e7af-467d-9dbb-80eee5429822 | Context quotas@openstack cleanup() finished in 0.15 sec
2020-04-13 01:55:40.445 15661 INFO rally.task.context [-] Task d5b89353-e7af-467d-9dbb-80eee5429822 | Context users@openstack cleanup() started
2020-04-13 01:55:40.601 15661 WARNING rally.common.logging [-] `iterate_per_tenants()' is deprecated in v3.0.0: it is openstack specific.. Used at
2020-04-13 01:55:42.661 15661 INFO rally.task.context [-] Task d5b89353-e7af-467d-9dbb-80eee5429822 | Context users@openstack cleanup() finished in 2.22 sec
2020-04-13 01:55:43.053 15661 INFO rally.task.engine [-] Load duration is: 38.378658
2020-04-13 01:55:43.053 15661 INFO rally.task.engine [-] Full runner duration is: 39.424325
2020-04-13 01:55:43.053 15661 INFO rally.task.engine [-] Full duration is: 84.034566
2020-04-13 01:55:43.147 15661 INFO rally.task.engine [-] Running workload: position = 0 config = { "version": 2, "title": "A cropped version of a bigger task.", "description": "Auto-generated task from a single workload (uuid=4ccbf377-6572-4f96-96b4-526983bfa9da)", "subtasks": [ { "title": "NovaServers.boot_and_list_server", "description": "Boot a server from an image and then list all servers.", "scenario": { "NovaServers.boot_and_list_server": { "detailed": true, "flavor": { "name": "rally_full-flavor_3c7bba65-cc43-4506-b198-47a10679b894" }, "image": { "name": "rally_full-img_3c7bba65-cc43-4506-b198-47a10679b894" }, "nics": [ { "net-id": "f511ef3b-576a-4496-a8c5-9294ddbf9583" } ] } }, "contexts": { "users": { "tenants": 3, "users_per_tenant": 2 }, "network": { "networks_per_tenant": 1, "start_cidr": "100.1.0.0/25" }, "quotas": { "neutron": { "network": -1, "port": -1, "subnet": -1 }, "nova": { "cores": -1, "floating_ips": -1, "instances": -1, "ram": -1, "security_group_rules": -1, "security_groups": -1 } } }, "runner": { "constant": { "concurrency": 4, "times": 10 } }, "hooks": [], "sla": { "failure_rate": { "max": 0 } } } ] }
2020-04-13 01:55:43.174 15661 RALLYDEBUG rally_openstack.contexts.keystone.users [-] Creating 3 tenants using 3 threads
2020-04-13 01:55:43.684 15661 RALLYDEBUG rally_openstack.contexts.keystone.users [-] Creating 6 users using 6 threads
2020-04-13 01:55:44.534 15661 INFO rally.task.context [-] Task d5b89353-e7af-467d-9dbb-80eee5429822 | Context users@openstack setup() finished in 1.36 sec
2020-04-13 01:55:45.514 15661 INFO rally.task.context [-] Task d5b89353-e7af-467d-9dbb-80eee5429822 | Context quotas@openstack setup() finished in 0.98 sec
2020-04-13 01:55:45.570 15661 WARNING rally.common.logging [-] `iterate_per_tenants()' is deprecated in v3.0.0: it is openstack specific.. Used at
2020-04-13 01:55:47.481 15661 RALLYDEBUG rally_openstack.wrappers.network [-] CIDR generated: 100.1.3.0/25
2020-04-13 01:55:51.879 15661 RALLYDEBUG rally_openstack.wrappers.network [-] CIDR generated: 100.1.3.128/25
2020-04-13 01:55:56.409 15661 RALLYDEBUG rally_openstack.wrappers.network [-] CIDR generated: 100.1.4.0/25
2020-04-13 01:55:59.490 15661 INFO rally.task.context [-] Task d5b89353-e7af-467d-9dbb-80eee5429822 | Context network@openstack setup() finished in 13.98 sec
2020-04-13 01:55:59.491 15661 INFO rally.task.context [-] Task d5b89353-e7af-467d-9dbb-80eee5429822 | Context cleanup@openstack setup() finished in 0.02 msec
2020-04-13 01:55:59.908 15661 RALLYDEBUG rally.task.runner [-] Starting the constant runner (task UUID: d5b89353-e7af-467d-9dbb-80eee5429822). times: 10 concurrency: 4 timeout: 0 max_cpu_used: 88 processes_to_start: 4 concurrency_per_worker: 1 concurrency_overhead: 0
2020-04-13 01:55:59.919 16248 RALLYDEBUG rally.task.runner [-] Starting a worker. times: 10 duration: None concurrency: 1 timeout: 0 cls: method_name: run args: {"detailed": true, "flavor": "16715136-d9c0-4d22-9bc8-65b99286c5e3", "image": "5e90f54d-1298-498d-a24a-b50a08500c89", "nics": [{"net-id": "f511ef3b-576a-4496-a8c5-9294ddbf9583"}]}
2020-04-13 01:55:59.922 16249 RALLYDEBUG rally.task.runner [-] Starting a worker. times: 10 duration: None concurrency: 1 timeout: 0 cls: method_name: run args: {"detailed": true, "flavor": "16715136-d9c0-4d22-9bc8-65b99286c5e3", "image": "5e90f54d-1298-498d-a24a-b50a08500c89", "nics": [{"net-id": "f511ef3b-576a-4496-a8c5-9294ddbf9583"}]}
2020-04-13 01:55:59.925 16250 RALLYDEBUG rally.task.runner [-] Starting a worker. times: 10 duration: None concurrency: 1 timeout: 0 cls: method_name: run args: {"detailed": true, "flavor": "16715136-d9c0-4d22-9bc8-65b99286c5e3", "image": "5e90f54d-1298-498d-a24a-b50a08500c89", "nics": [{"net-id": "f511ef3b-576a-4496-a8c5-9294ddbf9583"}]}
2020-04-13 01:55:59.927 16248 INFO rally.task.runner [-] Task d5b89353-e7af-467d-9dbb-80eee5429822 | ITER: 1 START
2020-04-13 01:55:59.927 16251 RALLYDEBUG rally.task.runner [-] Starting a worker. times: 10 duration: None concurrency: 1 timeout: 0 cls: method_name: run args: {"detailed": true, "flavor": "16715136-d9c0-4d22-9bc8-65b99286c5e3", "image": "5e90f54d-1298-498d-a24a-b50a08500c89", "nics": [{"net-id": "f511ef3b-576a-4496-a8c5-9294ddbf9583"}]}
2020-04-13 01:55:59.930 16249 INFO rally.task.runner [-] Task d5b89353-e7af-467d-9dbb-80eee5429822 | ITER: 2 START
2020-04-13 01:55:59.932 16250 INFO rally.task.runner [-] Task d5b89353-e7af-467d-9dbb-80eee5429822 | ITER: 3 START
2020-04-13 01:55:59.934 16251 INFO rally.task.runner [-] Task d5b89353-e7af-467d-9dbb-80eee5429822 | ITER: 4 START
2020-04-13 01:56:09.278 16249 RALLYDEBUG rally.task.utils [-] Waiting for resource s_rally_4ccbf377_U549KVJk. Status changed: BUILD => ACTIVE in 6.821751594543457
2020-04-13 01:56:09.621 16249 INFO rally.task.runner [-] Task d5b89353-e7af-467d-9dbb-80eee5429822 | ITER: 2 END: OK
2020-04-13 01:56:09.626 16249 INFO rally.task.runner [-] Task d5b89353-e7af-467d-9dbb-80eee5429822 | ITER: 5 START
2020-04-13 01:56:11.118 16248 RALLYDEBUG rally.task.utils [-] Waiting for resource s_rally_4ccbf377_ee8AHwcv. Status changed: BUILD => ACTIVE in 9.140276432037354
2020-04-13 01:56:11.316 16251 RALLYDEBUG rally.task.utils [-] Waiting for resource s_rally_4ccbf377_yC8eQC4F. Status changed: BUILD => ACTIVE in 9.345615148544312
2020-04-13 01:56:11.412 16250 RALLYDEBUG rally.task.utils [-] Waiting for resource s_rally_4ccbf377_4eNosXiB. Status changed: BUILD => ACTIVE in 9.06412672996521
2020-04-13 01:56:11.471 16248 INFO rally.task.runner [-] Task d5b89353-e7af-467d-9dbb-80eee5429822 | ITER: 1 END: OK
2020-04-13 01:56:11.475 16248 INFO rally.task.runner [-] Task d5b89353-e7af-467d-9dbb-80eee5429822 | ITER: 6 START
2020-04-13 01:56:11.666 16251 INFO rally.task.runner [-] Task d5b89353-e7af-467d-9dbb-80eee5429822 | ITER: 4 END: OK
2020-04-13 01:56:11.671 16251 INFO rally.task.runner [-] Task d5b89353-e7af-467d-9dbb-80eee5429822 | ITER: 7 START
2020-04-13 01:56:11.769 16250 INFO rally.task.runner [-] Task d5b89353-e7af-467d-9dbb-80eee5429822 | ITER: 3 END: OK
2020-04-13 01:56:11.776 16250 INFO rally.task.runner [-] Task d5b89353-e7af-467d-9dbb-80eee5429822 | ITER: 8 START
2020-04-13 01:56:22.997 16251 RALLYDEBUG rally.task.utils [-] Waiting for resource s_rally_4ccbf377_TEZfkGHA. Status changed: BUILD => ACTIVE in 9.40998363494873
2020-04-13 01:56:23.168 16249 RALLYDEBUG rally.task.utils [-] Waiting for resource s_rally_4ccbf377_6athSn5C. Status changed: BUILD => ACTIVE in 11.678503036499023
2020-04-13 01:56:23.231 16250 RALLYDEBUG rally.task.utils [-] Waiting for resource s_rally_4ccbf377_vyZQiS6E. Status changed: BUILD => ACTIVE in 9.525453567504883
2020-04-13 01:56:23.370 16251 INFO rally.task.runner [-] Task d5b89353-e7af-467d-9dbb-80eee5429822 | ITER: 7 END: OK
2020-04-13 01:56:23.375 16251 INFO rally.task.runner [-] Task d5b89353-e7af-467d-9dbb-80eee5429822 | ITER: 9 START
2020-04-13 01:56:23.516 16249 INFO rally.task.runner [-] Task d5b89353-e7af-467d-9dbb-80eee5429822 | ITER: 5 END: OK
2020-04-13 01:56:23.520 16249 INFO rally.task.runner [-] Task d5b89353-e7af-467d-9dbb-80eee5429822 | ITER: 10 START
2020-04-13 01:56:23.532 16250 INFO rally.task.runner [-] Task d5b89353-e7af-467d-9dbb-80eee5429822 | ITER: 8 END: OK
2020-04-13 01:56:24.906 16248 RALLYDEBUG rally.task.utils [-] Waiting for resource s_rally_4ccbf377_MovFyA6k. Status changed: BUILD => ACTIVE in 11.42930817604065
2020-04-13 01:56:25.234 16248 INFO rally.task.runner [-] Task d5b89353-e7af-467d-9dbb-80eee5429822 | ITER: 6 END: OK
2020-04-13 01:56:35.224 16249 RALLYDEBUG rally.task.utils [-] Waiting for resource s_rally_4ccbf377_ZjLOzs39. Status changed: BUILD => ACTIVE in 9.437196969985962
2020-04-13 01:56:35.587 16249 INFO rally.task.runner [-] Task d5b89353-e7af-467d-9dbb-80eee5429822 | ITER: 10 END: OK
2020-04-13 01:56:36.832 16251 RALLYDEBUG rally.task.utils [-] Waiting for resource s_rally_4ccbf377_GFUha6kn. Status changed: BUILD => ACTIVE in 11.59307312965393
2020-04-13 01:56:37.184 16251 INFO rally.task.runner [-] Task d5b89353-e7af-467d-9dbb-80eee5429822 | ITER: 9 END: OK
2020-04-13 01:56:37.216 15661 INFO rally.task.context [-] Task d5b89353-e7af-467d-9dbb-80eee5429822 | Context cleanup@openstack cleanup() started
2020-04-13 01:56:37.223 15661 RALLYDEBUG rally_openstack.cleanup.manager [-] Cleaning up nova servers objects
2020-04-13 01:56:39.427 15661 RALLYDEBUG rally_openstack.cleanup.manager [-] Deleting nova.servers object s_rally_4ccbf377_vyZQiS6E (1c5da765-54da-4891-80fc-b07aaf4f8888)
2020-04-13 01:56:39.438 15661 RALLYDEBUG rally_openstack.cleanup.manager [-] Deleting nova.servers object s_rally_4ccbf377_TEZfkGHA (8d5f74f0-abc7-450d-b0f1-53205a2aefe7)
2020-04-13 01:56:39.454 15661 RALLYDEBUG rally_openstack.cleanup.manager [-] Deleting nova.servers object s_rally_4ccbf377_4eNosXiB (4bf88e92-b895-4871-870f-e16eb560661c)
2020-04-13 01:56:39.465 15661 RALLYDEBUG rally_openstack.cleanup.manager [-] Deleting nova.servers object s_rally_4ccbf377_GFUha6kn (f07d1433-6c7f-4ec7-8d41-e452e203dc08)
2020-04-13 01:56:39.449 15661 RALLYDEBUG rally_openstack.cleanup.manager [-] Deleting nova.servers object s_rally_4ccbf377_6athSn5C (1dd15782-0a79-4162-be69-f59fafbfd51b)
2020-04-13 01:56:39.480 15661 RALLYDEBUG rally_openstack.cleanup.manager [-] Deleting nova.servers object s_rally_4ccbf377_ee8AHwcv (0755f70c-d360-4b5c-a1b8-a743506c1aae)
2020-04-13 01:56:39.510 15661 RALLYDEBUG rally_openstack.cleanup.manager [-] Deleting nova.servers object s_rally_4ccbf377_MovFyA6k (5e28b8fd-09aa-4473-8168-ab37b0dbf4a6)
2020-04-13 01:56:39.511 15661 RALLYDEBUG rally_openstack.cleanup.manager [-] Deleting nova.servers object s_rally_4ccbf377_ZjLOzs39 (1df1aa23-49ba-4d52-98b3-14302d690b99)
2020-04-13 01:56:39.514 15661 RALLYDEBUG rally_openstack.cleanup.manager [-] Deleting nova.servers object s_rally_4ccbf377_U549KVJk (dc22d2b5-aae5-498c-8568-21a281c1be5e)
2020-04-13 01:56:39.515 15661 RALLYDEBUG rally_openstack.cleanup.manager [-] Deleting nova.servers object s_rally_4ccbf377_yC8eQC4F (88ff50ff-3b93-427e-a10f-0053b37468f4)
2020-04-13 01:56:46.614 15661 RALLYDEBUG rally_openstack.cleanup.manager [-] Cleaning up nova server_groups objects
2020-04-13 01:56:47.089 15661 RALLYDEBUG rally_openstack.cleanup.manager [-] Cleaning up nova keypairs objects
2020-04-13 01:56:48.144 15661 INFO rally.task.context [-] Task d5b89353-e7af-467d-9dbb-80eee5429822 | Context cleanup@openstack cleanup() finished in 10.93 sec
2020-04-13 01:56:48.146 15661 INFO rally.task.context [-] Task d5b89353-e7af-467d-9dbb-80eee5429822 | Context network@openstack cleanup() started
2020-04-13 01:57:09.992 15661 INFO rally.task.context [-] Task d5b89353-e7af-467d-9dbb-80eee5429822 | Context network@openstack cleanup() finished in 21.85 sec
2020-04-13 01:57:09.993 15661 INFO rally.task.context [-] Task d5b89353-e7af-467d-9dbb-80eee5429822 | Context quotas@openstack cleanup() started
2020-04-13 01:57:10.129 15661 INFO rally.task.context [-] Task d5b89353-e7af-467d-9dbb-80eee5429822 | Context quotas@openstack cleanup() finished in 0.14 sec
2020-04-13 01:57:10.130 15661 INFO rally.task.context [-] Task d5b89353-e7af-467d-9dbb-80eee5429822 | Context users@openstack cleanup() started
2020-04-13 01:57:10.378 15661 WARNING rally.common.logging [-] `iterate_per_tenants()' is deprecated in v3.0.0: it is openstack specific.. Used at
2020-04-13 01:57:12.652 15661 INFO rally.task.context [-] Task d5b89353-e7af-467d-9dbb-80eee5429822 | Context users@openstack cleanup() finished in 2.52 sec
2020-04-13 01:57:13.823 15661 INFO rally.task.engine [-] Load duration is: 36.255645
2020-04-13 01:57:13.824 15661 INFO rally.task.engine [-] Full runner duration is: 37.307884
2020-04-13 01:57:13.824 15661 INFO rally.task.engine [-] Full duration is: 89.481533
2020-04-13 01:57:14.095 15661 INFO rally.task.engine [-] Running workload: position = 0 config = { "version": 2, "title": "A cropped version of a bigger task.", "description": "Auto-generated task from a single workload (uuid=bd378653-0735-442a-9f30-53952f855bf0)", "subtasks": [ { "title": "NovaServers.boot_and_rebuild_server", "description": "Rebuild a server.", "scenario": { "NovaServers.boot_and_rebuild_server": { "flavor": { "name": "rally_full-flavor_3c7bba65-cc43-4506-b198-47a10679b894" }, "from_image": { "name": "rally_full-img_3c7bba65-cc43-4506-b198-47a10679b894" }, "to_image": { "name": "rally_full-img_3c7bba65-cc43-4506-b198-47a10679b894" }, "nics": [ { "net-id": "f511ef3b-576a-4496-a8c5-9294ddbf9583" } ] } }, "contexts": { "users": { "tenants": 3, "users_per_tenant": 2 }, "network": { "networks_per_tenant": 1, "start_cidr": "100.1.0.0/25" }, "quotas": { "neutron": { "network": -1, "port": -1, "subnet": -1 }, "nova": { "cores": -1, "floating_ips": -1, "instances": -1, "ram": -1, "security_group_rules": -1, "security_groups": -1 } } }, "runner": { "constant": { "concurrency": 4, "times": 10 } }, "hooks": [], "sla": { "failure_rate": { "max": 0 } } } ] }
