2020-04-13 01:33:54.553 9693 INFO rally.task.engine [-] Task d2284eeb-b62c-4f86-a54d-130dd9348c8e | Completed: Task validation of syntax.
2020-04-13 01:33:54.554 9693 INFO rally.task.engine [-] Task d2284eeb-b62c-4f86-a54d-130dd9348c8e | Starting: Task validation of required platforms.
2020-04-13 01:33:54.708 9693 INFO rally.task.engine [-] Task d2284eeb-b62c-4f86-a54d-130dd9348c8e | Completed: Task validation of required platforms.
2020-04-13 01:33:54.709 9693 INFO rally.task.engine [-] Task d2284eeb-b62c-4f86-a54d-130dd9348c8e | Starting: Task validation of semantic.
2020-04-13 01:33:54.709 9693 INFO rally.task.engine [-] Check health of the environment '096b3cb0-2486-4753-a504-bece56b4d587'.
2020-04-13 01:33:55.351 9693 INFO rally.task.engine [-] Platform existing@openstack (available: True): OK!
2020-04-13 01:33:55.362 9693 RALLYDEBUG rally_openstack.contexts.keystone.users [-] Creating 1 tenants using 1 threads
2020-04-13 01:33:55.685 9693 RALLYDEBUG rally_openstack.contexts.keystone.users [-] Creating 1 users using 1 threads
2020-04-13 01:33:56.289 9693 INFO rally.task.context [-] Task d2284eeb-b62c-4f86-a54d-130dd9348c8e | Context users@openstack setup() finished in 0.93 sec
2020-04-13 01:33:57.595 9693 INFO rally.task.context [-] Task d2284eeb-b62c-4f86-a54d-130dd9348c8e | Context users@openstack cleanup() started
2020-04-13 01:33:57.784 9693 WARNING rally.common.logging [-] `iterate_per_tenants()' is deprecated in v3.0.0: it is openstack specific.. Used at
2020-04-13 01:33:58.873 9693 INFO rally.task.context [-] Task d2284eeb-b62c-4f86-a54d-130dd9348c8e | Context users@openstack cleanup() finished in 1.28 sec
2020-04-13 01:33:58.873 9693 INFO rally.task.engine [-] Task d2284eeb-b62c-4f86-a54d-130dd9348c8e | Completed: Task validation of semantic.
2020-04-13 01:33:58.874 9693 INFO rally.task.engine [-] Task d2284eeb-b62c-4f86-a54d-130dd9348c8e | Completed: Task validation.
2020-04-13 01:33:58.874 9693 INFO rally.api [-] Task d2284eeb-b62c-4f86-a54d-130dd9348c8e input file is valid.
2020-04-13 01:33:58.874 9693 INFO rally.api [-] Run Task d2284eeb-b62c-4f86-a54d-130dd9348c8e against Deployment 096b3cb0-2486-4753-a504-bece56b4d587
2020-04-13 01:33:58.875 9693 INFO rally.task.engine [-] Task d2284eeb-b62c-4f86-a54d-130dd9348c8e | Starting: Running task.
2020-04-13 01:33:58.931 9693 INFO rally.task.engine [-] Running workload: position = 0 config = { "version": 2, "title": "A cropped version of a bigger task.", "description": "Auto-generated task from a single workload (uuid=66a98857-1dab-448a-bb0a-7ad0ca8bf503)", "subtasks": [ { "title": "NeutronNetworks.create_and_update_networks", "description": "Create and update a network.", "scenario": { "NeutronNetworks.create_and_update_networks": { "network_create_args": {}, "network_update_args": { "admin_state_up": false } } }, "contexts": { "users": { "tenants": 3, "users_per_tenant": 2 }, "quotas": { "neutron": { "network": -1 } } }, "runner": { "constant": { "concurrency": 4, "times": 10 } }, "hooks": [], "sla": { "failure_rate": { "max": 0 } } } ] }
2020-04-13 01:33:58.950 9693 RALLYDEBUG rally_openstack.contexts.keystone.users [-] Creating 3 tenants using 3 threads
2020-04-13 01:33:59.459 9693 RALLYDEBUG rally_openstack.contexts.keystone.users [-] Creating 6 users using 6 threads
2020-04-13 01:34:00.390 9693 INFO rally.task.context [-] Task d2284eeb-b62c-4f86-a54d-130dd9348c8e | Context users@openstack setup() finished in 1.44 sec
2020-04-13 01:34:00.730 9693 INFO rally.task.context [-] Task d2284eeb-b62c-4f86-a54d-130dd9348c8e | Context quotas@openstack setup() finished in 0.34 sec
2020-04-13 01:34:00.730 9693 INFO rally.task.context [-] Task d2284eeb-b62c-4f86-a54d-130dd9348c8e | Context cleanup@openstack setup() finished in 0.00 msec
2020-04-13 01:34:00.743 9693 RALLYDEBUG rally.task.runner [-] Starting the constant runner (task UUID: d2284eeb-b62c-4f86-a54d-130dd9348c8e). times: 10 concurrency: 4 timeout: 0 max_cpu_used: 88 processes_to_start: 4 concurrency_per_worker: 1 concurrency_overhead: 0
2020-04-13 01:34:00.756 9748 RALLYDEBUG rally.task.runner [-] Starting a worker. times: 10 duration: None concurrency: 1 timeout: 0 cls: method_name: run args: {"network_create_args": {}, "network_update_args": {"admin_state_up": false}}
2020-04-13 01:34:00.759 9749 RALLYDEBUG rally.task.runner [-] Starting a worker. times: 10 duration: None concurrency: 1 timeout: 0 cls: method_name: run args: {"network_create_args": {}, "network_update_args": {"admin_state_up": false}}
2020-04-13 01:34:00.761 9748 INFO rally.task.runner [-] Task d2284eeb-b62c-4f86-a54d-130dd9348c8e | ITER: 1 START
2020-04-13 01:34:00.761 9750 RALLYDEBUG rally.task.runner [-] Starting a worker. times: 10 duration: None concurrency: 1 timeout: 0 cls: method_name: run args: {"network_create_args": {}, "network_update_args": {"admin_state_up": false}}
2020-04-13 01:34:00.764 9749 INFO rally.task.runner [-] Task d2284eeb-b62c-4f86-a54d-130dd9348c8e | ITER: 2 START
2020-04-13 01:34:00.764 9751 RALLYDEBUG rally.task.runner [-] Starting a worker. times: 10 duration: None concurrency: 1 timeout: 0 cls: method_name: run args: {"network_create_args": {}, "network_update_args": {"admin_state_up": false}}
2020-04-13 01:34:00.768 9750 INFO rally.task.runner [-] Task d2284eeb-b62c-4f86-a54d-130dd9348c8e | ITER: 3 START
2020-04-13 01:34:00.770 9751 INFO rally.task.runner [-] Task d2284eeb-b62c-4f86-a54d-130dd9348c8e | ITER: 4 START
2020-04-13 01:34:01.715 9750 INFO rally.task.runner [-] Task d2284eeb-b62c-4f86-a54d-130dd9348c8e | ITER: 3 END: OK
2020-04-13 01:34:01.721 9750 INFO rally.task.runner [-] Task d2284eeb-b62c-4f86-a54d-130dd9348c8e | ITER: 5 START
2020-04-13 01:34:02.003 9749 INFO rally.task.runner [-] Task d2284eeb-b62c-4f86-a54d-130dd9348c8e | ITER: 2 END: OK
2020-04-13 01:34:02.008 9749 INFO rally.task.runner [-] Task d2284eeb-b62c-4f86-a54d-130dd9348c8e | ITER: 6 START
2020-04-13 01:34:02.344 9751 INFO rally.task.runner [-] Task d2284eeb-b62c-4f86-a54d-130dd9348c8e | ITER: 4 END: OK
2020-04-13 01:34:02.349 9751 INFO rally.task.runner [-] Task d2284eeb-b62c-4f86-a54d-130dd9348c8e | ITER: 7 START
2020-04-13 01:34:03.055 9750 INFO rally.task.runner [-] Task d2284eeb-b62c-4f86-a54d-130dd9348c8e | ITER: 5 END: OK
2020-04-13 01:34:03.060 9750 INFO rally.task.runner [-] Task d2284eeb-b62c-4f86-a54d-130dd9348c8e | ITER: 8 START
2020-04-13 01:34:03.687 9748 INFO rally.task.runner [-] Task d2284eeb-b62c-4f86-a54d-130dd9348c8e | ITER: 1 END: OK
2020-04-13 01:34:03.693 9748 INFO rally.task.runner [-] Task d2284eeb-b62c-4f86-a54d-130dd9348c8e | ITER: 9 START
2020-04-13 01:34:03.723 9751 INFO rally.task.runner [-] Task d2284eeb-b62c-4f86-a54d-130dd9348c8e | ITER: 7 END: OK
2020-04-13 01:34:03.728 9751 INFO rally.task.runner [-] Task d2284eeb-b62c-4f86-a54d-130dd9348c8e | ITER: 10 START
2020-04-13 01:34:03.906 9750 INFO rally.task.runner [-] Task d2284eeb-b62c-4f86-a54d-130dd9348c8e | ITER: 8 END: OK
2020-04-13 01:34:04.239 9749 INFO rally.task.runner [-] Task d2284eeb-b62c-4f86-a54d-130dd9348c8e | ITER: 6 END: OK
2020-04-13 01:34:04.814 9748 INFO rally.task.runner [-] Task d2284eeb-b62c-4f86-a54d-130dd9348c8e | ITER: 9 END: OK
2020-04-13 01:34:05.397 9751 INFO rally.task.runner [-] Task d2284eeb-b62c-4f86-a54d-130dd9348c8e | ITER: 10 END: OK
2020-04-13 01:34:05.422 9693 INFO rally.task.context [-] Task d2284eeb-b62c-4f86-a54d-130dd9348c8e | Context cleanup@openstack cleanup() started
2020-04-13 01:34:05.429 9693 RALLYDEBUG rally_openstack.cleanup.manager [-] Cleaning up neutron vip objects
2020-04-13 01:34:05.837 9693 RALLYDEBUG rally_openstack.cleanup.manager [-] Cleaning up neutron health_monitor objects
2020-04-13 01:34:06.213 9693 RALLYDEBUG rally_openstack.cleanup.manager [-] Cleaning up neutron pool objects
2020-04-13 01:34:06.588 9693 RALLYDEBUG rally_openstack.cleanup.manager [-] Cleaning up neutron loadbalancer objects
2020-04-13 01:34:06.976 9693 RALLYDEBUG rally_openstack.cleanup.manager [-] Cleaning up neutron floatingip objects
2020-04-13 01:34:08.141 9693 RALLYDEBUG rally_openstack.cleanup.manager [-] Cleaning up neutron trunk objects
2020-04-13 01:34:08.559 9693 RALLYDEBUG rally_openstack.cleanup.manager [-] Cleaning up neutron port objects
2020-04-13 01:34:09.118 9693 RALLYDEBUG rally_openstack.cleanup.manager [-] Cleaning up neutron subnet objects
2020-04-13 01:34:09.642 9693 RALLYDEBUG rally_openstack.cleanup.manager [-] Cleaning up neutron network objects
2020-04-13 01:34:11.096 9693 RALLYDEBUG rally_openstack.cleanup.manager [-] Deleting neutron.network object s_rally_66a98857_vSxXBECD (16ea2e0a-329e-42fa-8140-91858949b50d)
2020-04-13 01:34:11.100 9693 RALLYDEBUG rally_openstack.cleanup.manager [-] Deleting neutron.network object s_rally_66a98857_wcQ35Mif (8a3032a0-90d1-47bf-8fbe-f390d5415360)
2020-04-13 01:34:11.105 9693 RALLYDEBUG rally_openstack.cleanup.manager [-] Deleting neutron.network object s_rally_66a98857_C6ppOmrW (e0e71e35-fecd-4cad-8281-7510b08b7658)
2020-04-13 01:34:11.110 9693 RALLYDEBUG rally_openstack.cleanup.manager [-] Deleting neutron.network object s_rally_66a98857_PG4K0qIs (e8913b46-aaa9-41bd-9eb1-65cbec62c822)
2020-04-13 01:34:11.116 9693 RALLYDEBUG rally_openstack.cleanup.manager [-] Deleting neutron.network object s_rally_66a98857_koilXOhU (010e70c7-4e02-46ae-9108-e58d87a52838)
2020-04-13 01:34:11.122 9693 RALLYDEBUG rally_openstack.cleanup.manager [-] Deleting neutron.network object s_rally_66a98857_h1uun35M (4816e793-63c6-48f1-95b9-1436cd6f4e1b)
2020-04-13 01:34:11.123 9693 RALLYDEBUG rally_openstack.cleanup.manager [-] Deleting neutron.network object s_rally_66a98857_gLTRPtZJ (fde400f1-f83c-498c-aaf6-cf2e739cc71d)
2020-04-13 01:34:11.140 9693 RALLYDEBUG rally_openstack.cleanup.manager [-] Deleting neutron.network object s_rally_66a98857_ul7LCKfs (6a73c02a-473a-438b-b213-f8d3947af956)
2020-04-13 01:34:11.141 9693 RALLYDEBUG rally_openstack.cleanup.manager [-] Deleting neutron.network object s_rally_66a98857_2jpWgZ3u (853cfbaf-aa7e-4c8b-b7b8-d103a7ef3def)
2020-04-13 01:34:11.165 9693 RALLYDEBUG rally_openstack.cleanup.manager [-] Deleting neutron.network object s_rally_66a98857_lUshN7GU (8e91ba8a-4fdd-4336-a60a-4597ce34fbee)
2020-04-13 01:34:15.367 9693 RALLYDEBUG rally_openstack.cleanup.manager [-] Cleaning up neutron router objects
2020-04-13 01:34:15.939 9693 RALLYDEBUG rally_openstack.cleanup.manager [-] Cleaning up neutron security_group objects
2020-04-13 01:34:16.505 9693 INFO rally.task.context [-] Task d2284eeb-b62c-4f86-a54d-130dd9348c8e | Context cleanup@openstack cleanup() finished in 11.08 sec
2020-04-13 01:34:16.505 9693 INFO rally.task.context [-] Task d2284eeb-b62c-4f86-a54d-130dd9348c8e | Context quotas@openstack cleanup() started
2020-04-13 01:34:16.553 9693 INFO rally.task.context [-] Task d2284eeb-b62c-4f86-a54d-130dd9348c8e | Context quotas@openstack cleanup() finished in 47.14 msec
2020-04-13 01:34:16.553 9693 INFO rally.task.context [-] Task d2284eeb-b62c-4f86-a54d-130dd9348c8e | Context users@openstack cleanup() started
2020-04-13 01:34:16.678 9693 WARNING rally.common.logging [-] `iterate_per_tenants()' is deprecated in v3.0.0: it is openstack specific.. Used at
2020-04-13 01:34:18.599 9693 INFO rally.task.context [-] Task d2284eeb-b62c-4f86-a54d-130dd9348c8e | Context users@openstack cleanup() finished in 2.05 sec
2020-04-13 01:34:19.195 9693 INFO rally.task.engine [-] Load duration is: 4.63463
2020-04-13 01:34:19.195 9693 INFO rally.task.engine [-] Full runner duration is: 4.678488
2020-04-13 01:34:19.196 9693 INFO rally.task.engine [-] Full duration is: 19.652159
2020-04-13 01:34:19.297 9693 INFO rally.task.engine [-] Running workload: position = 0 config = { "version": 2, "title": "A cropped version of a bigger task.", "description": "Auto-generated task from a single workload (uuid=62807c90-f435-4bfd-91a4-b47129e00028)", "subtasks": [ { "title": "NeutronNetworks.create_and_update_ports", "description": "Create and update a given number of ports.", "scenario": { "NeutronNetworks.create_and_update_ports": { "network_create_args": {}, "port_create_args": {}, "port_update_args": { "admin_state_up": false, "device_id": "dummy_id", "device_owner": "dummy_owner" }, "ports_per_network": 1 } }, "contexts": { "users": { "tenants": 3, "users_per_tenant": 2 }, "network": { "router": {} }, "quotas": { "neutron": { "network": -1, "port": -1 } } }, "runner": { "constant": { "concurrency": 4, "times": 10 } }, "hooks": [], "sla": { "failure_rate": { "max": 0 } } } ] }
2020-04-13 01:34:19.324 9693 RALLYDEBUG rally_openstack.contexts.keystone.users [-] Creating 3 tenants using 3 threads
2020-04-13 01:34:19.896 9693 RALLYDEBUG rally_openstack.contexts.keystone.users [-] Creating 6 users using 6 threads
2020-04-13 01:34:20.880 9693 INFO rally.task.context [-] Task d2284eeb-b62c-4f86-a54d-130dd9348c8e | Context users@openstack setup() finished in 1.56 sec
2020-04-13 01:34:21.227 9693 INFO rally.task.context [-] Task d2284eeb-b62c-4f86-a54d-130dd9348c8e | Context quotas@openstack setup() finished in 0.35 sec
2020-04-13 01:34:21.286 9693 WARNING rally.common.logging [-] `iterate_per_tenants()' is deprecated in v3.0.0: it is openstack specific.. Used at
2020-04-13 01:34:22.092 9693 RALLYDEBUG rally_openstack.wrappers.network [-] CIDR generated: 10.2.0.0/24
2020-04-13 01:34:23.077 9693 RALLYDEBUG rally_openstack.wrappers.network [-] CIDR generated: 10.2.1.0/24
2020-04-13 01:34:23.745 9693 RALLYDEBUG rally_openstack.wrappers.network [-] CIDR generated: 10.2.2.0/24
2020-04-13 01:34:24.583 9693 INFO rally.task.context [-] Task d2284eeb-b62c-4f86-a54d-130dd9348c8e | Context network@openstack setup() finished in 3.36 sec
2020-04-13 01:34:24.584 9693 INFO rally.task.context [-] Task d2284eeb-b62c-4f86-a54d-130dd9348c8e | Context cleanup@openstack setup() finished in 0.01 msec
2020-04-13 01:34:24.592 9693 RALLYDEBUG rally.task.runner [-] Starting the constant runner (task UUID: d2284eeb-b62c-4f86-a54d-130dd9348c8e). times: 10 concurrency: 4 timeout: 0 max_cpu_used: 88 processes_to_start: 4 concurrency_per_worker: 1 concurrency_overhead: 0
2020-04-13 01:34:24.603 10041 RALLYDEBUG rally.task.runner [-] Starting a worker. times: 10 duration: None concurrency: 1 timeout: 0 cls: method_name: run args: {"network_create_args": {}, "port_create_args": {}, "port_update_args": {"admin_state_up": false, "device_id": "dummy_id", "device_owner": "dummy_owner"}, "ports_per_network": 1}
2020-04-13 01:34:24.605 10042 RALLYDEBUG rally.task.runner [-] Starting a worker. times: 10 duration: None concurrency: 1 timeout: 0 cls: method_name: run args: {"network_create_args": {}, "port_create_args": {}, "port_update_args": {"admin_state_up": false, "device_id": "dummy_id", "device_owner": "dummy_owner"}, "ports_per_network": 1}
2020-04-13 01:34:24.606 10043 RALLYDEBUG rally.task.runner [-] Starting a worker. times: 10 duration: None concurrency: 1 timeout: 0 cls: method_name: run args: {"network_create_args": {}, "port_create_args": {}, "port_update_args": {"admin_state_up": false, "device_id": "dummy_id", "device_owner": "dummy_owner"}, "ports_per_network": 1}
2020-04-13 01:34:24.610 10041 INFO rally.task.runner [-] Task d2284eeb-b62c-4f86-a54d-130dd9348c8e | ITER: 1 START
2020-04-13 01:34:24.610 10044 RALLYDEBUG rally.task.runner [-] Starting a worker. times: 10 duration: None concurrency: 1 timeout: 0 cls: method_name: run args: {"network_create_args": {}, "port_create_args": {}, "port_update_args": {"admin_state_up": false, "device_id": "dummy_id", "device_owner": "dummy_owner"}, "ports_per_network": 1}
2020-04-13 01:34:24.612 10042 INFO rally.task.runner [-] Task d2284eeb-b62c-4f86-a54d-130dd9348c8e | ITER: 2 START
2020-04-13 01:34:24.612 10043 INFO rally.task.runner [-] Task d2284eeb-b62c-4f86-a54d-130dd9348c8e | ITER: 3 START
2020-04-13 01:34:24.616 10044 INFO rally.task.runner [-] Task d2284eeb-b62c-4f86-a54d-130dd9348c8e | ITER: 4 START
2020-04-13 01:34:26.327 10042 INFO rally.task.runner [-] Task d2284eeb-b62c-4f86-a54d-130dd9348c8e | ITER: 2 END: OK
2020-04-13 01:34:26.333 10042 INFO rally.task.runner [-] Task d2284eeb-b62c-4f86-a54d-130dd9348c8e | ITER: 5 START
2020-04-13 01:34:26.501 10043 INFO rally.task.runner [-] Task d2284eeb-b62c-4f86-a54d-130dd9348c8e | ITER: 3 END: OK
2020-04-13 01:34:26.506 10043 INFO rally.task.runner [-] Task d2284eeb-b62c-4f86-a54d-130dd9348c8e | ITER: 6 START
2020-04-13 01:34:26.648 10041 INFO rally.task.runner [-] Task d2284eeb-b62c-4f86-a54d-130dd9348c8e | ITER: 1 END: OK
2020-04-13 01:34:26.654 10041 INFO rally.task.runner [-] Task d2284eeb-b62c-4f86-a54d-130dd9348c8e | ITER: 7 START
2020-04-13 01:34:26.902 10044 INFO rally.task.runner [-] Task d2284eeb-b62c-4f86-a54d-130dd9348c8e | ITER: 4 END: OK
2020-04-13 01:34:26.908 10044 INFO rally.task.runner [-] Task d2284eeb-b62c-4f86-a54d-130dd9348c8e | ITER: 8 START
2020-04-13 01:34:27.961 10043 INFO rally.task.runner [-] Task d2284eeb-b62c-4f86-a54d-130dd9348c8e | ITER: 6 END: OK
2020-04-13 01:34:27.967 10043 INFO rally.task.runner [-] Task d2284eeb-b62c-4f86-a54d-130dd9348c8e | ITER: 9 START
2020-04-13 01:34:28.084 10042 INFO rally.task.runner [-] Task d2284eeb-b62c-4f86-a54d-130dd9348c8e | ITER: 5 END: OK
2020-04-13 01:34:28.089 10042 INFO rally.task.runner [-] Task d2284eeb-b62c-4f86-a54d-130dd9348c8e | ITER: 10 START
2020-04-13 01:34:28.564 10041 INFO rally.task.runner [-] Task d2284eeb-b62c-4f86-a54d-130dd9348c8e | ITER: 7 END: OK
2020-04-13 01:34:28.697 10044 INFO rally.task.runner [-] Task d2284eeb-b62c-4f86-a54d-130dd9348c8e | ITER: 8 END: OK
2020-04-13 01:34:29.442 10042 INFO rally.task.runner [-] Task d2284eeb-b62c-4f86-a54d-130dd9348c8e | ITER: 10 END: OK
2020-04-13 01:34:29.580 10043 INFO rally.task.runner [-] Task d2284eeb-b62c-4f86-a54d-130dd9348c8e | ITER: 9 END: OK
2020-04-13 01:34:29.604 9693 INFO rally.task.context [-] Task d2284eeb-b62c-4f86-a54d-130dd9348c8e | Context cleanup@openstack cleanup() started
2020-04-13 01:34:29.609 9693 RALLYDEBUG rally_openstack.cleanup.manager [-] Cleaning up neutron vip objects
2020-04-13 01:34:29.981 9693 RALLYDEBUG rally_openstack.cleanup.manager [-] Cleaning up neutron health_monitor objects
2020-04-13 01:34:30.355 9693 RALLYDEBUG rally_openstack.cleanup.manager [-] Cleaning up neutron pool objects
2020-04-13 01:34:30.735 9693 RALLYDEBUG rally_openstack.cleanup.manager [-] Cleaning up neutron loadbalancer objects
2020-04-13 01:34:31.119 9693 RALLYDEBUG rally_openstack.cleanup.manager [-] Cleaning up neutron floatingip objects
2020-04-13 01:34:31.685 9693 RALLYDEBUG rally_openstack.cleanup.manager [-] Cleaning up neutron trunk objects
2020-04-13 01:34:32.212 9693 RALLYDEBUG rally_openstack.cleanup.manager [-] Cleaning up neutron port objects
2020-04-13 01:34:32.885 9693 RALLYDEBUG rally_openstack.cleanup.manager [-] Deleting neutron.port object s_rally_62807c90_1mouT4Ep (b09d29b0-5b8f-4703-a993-70a477fd7f53)
2020-04-13 01:34:32.890 9693 RALLYDEBUG rally_openstack.cleanup.manager [-] Deleting neutron.port object s_rally_62807c90_nh55GxTA (b811821b-1c7b-4eaf-a3b2-9898bad70d81)
2020-04-13 01:34:32.900 9693 RALLYDEBUG rally_openstack.cleanup.manager [-] Deleting neutron.port object s_rally_62807c90_YeyrAvPM (c2225c84-0b9d-49bb-96cc-dd2d3f397b2f)
2020-04-13 01:34:32.925 9693 RALLYDEBUG rally_openstack.cleanup.manager [-] Deleting neutron.port object s_rally_62807c90_OoblWPuG (3d08a53e-85e7-463c-95ed-3607755abc1d)
2020-04-13 01:34:32.930 9693 RALLYDEBUG rally_openstack.cleanup.manager [-] Deleting neutron.port object s_rally_62807c90_I16ngOG5 (297cdd95-a446-473a-ba1a-92e6176d9b97)
2020-04-13 01:34:32.948 9693 RALLYDEBUG rally_openstack.cleanup.manager [-] Deleting neutron.port object s_rally_62807c90_f4WM4rRt (1b0fb503-360f-45ab-ba69-82bc834b9063)
2020-04-13 01:34:32.948 9693 RALLYDEBUG rally_openstack.cleanup.manager [-] Deleting neutron.port object s_rally_62807c90_cqtdK4JI (02fffccd-ea6e-4e4b-b6ec-a6422d6144d5)
2020-04-13 01:34:32.963 9693 RALLYDEBUG rally_openstack.cleanup.manager [-] Deleting neutron.port object s_rally_62807c90_F2UJ5uj7 (088f56f9-6b18-4b55-8cff-091cc54f1d07)
2020-04-13 01:34:33.006 9693 RALLYDEBUG rally_openstack.cleanup.manager [-] Deleting neutron.port object s_rally_62807c90_p9m53wcP (3302bdf4-4a3b-4a7b-b442-b1b2cf363842)
2020-04-13 01:34:33.014 9693 RALLYDEBUG rally_openstack.cleanup.manager [-] Deleting neutron.port object s_rally_62807c90_1q1o5b8f (44b16130-c61f-42eb-b316-e6c76c98cd06)
2020-04-13 01:34:36.557 9693 RALLYDEBUG rally_openstack.cleanup.manager [-] Cleaning up neutron subnet objects
2020-04-13 01:34:37.260 9693 RALLYDEBUG rally_openstack.cleanup.manager [-] Cleaning up neutron network objects
2020-04-13 01:34:38.085 9693 RALLYDEBUG rally_openstack.cleanup.manager [-] Cleaning up neutron router objects
2020-04-13 01:34:39.351 9693 RALLYDEBUG rally_openstack.cleanup.manager [-] Cleaning up neutron security_group objects
2020-04-13 01:34:39.928 9693 INFO rally.task.context [-] Task d2284eeb-b62c-4f86-a54d-130dd9348c8e | Context cleanup@openstack cleanup() finished in 10.32 sec
2020-04-13 01:34:39.928 9693 INFO rally.task.context [-] Task d2284eeb-b62c-4f86-a54d-130dd9348c8e | Context network@openstack cleanup() started
2020-04-13 01:34:47.120 9693 INFO rally.task.context [-] Task d2284eeb-b62c-4f86-a54d-130dd9348c8e | Context network@openstack cleanup() finished in 7.19 sec
2020-04-13 01:34:47.121 9693 INFO rally.task.context [-] Task d2284eeb-b62c-4f86-a54d-130dd9348c8e | Context quotas@openstack cleanup() started
2020-04-13 01:34:47.182 9693 INFO rally.task.context [-] Task d2284eeb-b62c-4f86-a54d-130dd9348c8e | Context quotas@openstack cleanup() finished in 61.60 msec
2020-04-13 01:34:47.183 9693 INFO rally.task.context [-] Task d2284eeb-b62c-4f86-a54d-130dd9348c8e | Context users@openstack cleanup() started
2020-04-13 01:34:47.337 9693 WARNING rally.common.logging [-] `iterate_per_tenants()' is deprecated in v3.0.0: it is openstack specific.. Used at
2020-04-13 01:34:49.589 9693 INFO rally.task.context [-] Task d2284eeb-b62c-4f86-a54d-130dd9348c8e | Context users@openstack cleanup() finished in 2.41 sec
2020-04-13 01:34:51.504 9693 INFO rally.task.engine [-] Load duration is: 4.967883
2020-04-13 01:34:51.504 9693 INFO rally.task.engine [-] Full runner duration is: 5.011895
2020-04-13 01:34:51.505 9693 INFO rally.task.engine [-] Full duration is: 30.26959
2020-04-13 01:34:51.597 9693 INFO rally.task.engine [-] Running workload: position = 0 config = { "version": 2, "title": "A cropped version of a bigger task.", "description": "Auto-generated task from a single workload (uuid=0951632e-0f02-4e50-91a1-5f5a1636a32d)", "subtasks": [ { "title": "NeutronNetworks.create_and_update_routers", "description": "Create and update a given number of routers.", "scenario": { "NeutronNetworks.create_and_update_routers": { "network_create_args": {}, "router_create_args": {}, "router_update_args": { "admin_state_up": false }, "subnet_cidr_start": "1.1.0.0/30", "subnet_create_args": {}, "subnets_per_network": 1 } }, "contexts": { "users": { "tenants": 3, "users_per_tenant": 2 }, "quotas": { "neutron": { "network": -1, "subnet": -1, "port": -1, "router": -1 } } }, "runner": { "constant": { "concurrency": 4, "times": 10 } }, "hooks": [], "sla": { "failure_rate": { "max": 0 } } } ] }
2020-04-13 01:34:51.625 9693 RALLYDEBUG rally_openstack.contexts.keystone.users [-] Creating 3 tenants using 3 threads
2020-04-13 01:34:52.153 9693 RALLYDEBUG rally_openstack.contexts.keystone.users [-] Creating 6 users using 6 threads
2020-04-13 01:34:53.029 9693 INFO rally.task.context [-] Task d2284eeb-b62c-4f86-a54d-130dd9348c8e | Context users@openstack setup() finished in 1.40 sec
2020-04-13 01:34:53.427 9693 INFO rally.task.context [-] Task d2284eeb-b62c-4f86-a54d-130dd9348c8e | Context quotas@openstack setup() finished in 0.40 sec
2020-04-13 01:34:53.428 9693 INFO rally.task.context [-] Task d2284eeb-b62c-4f86-a54d-130dd9348c8e | Context cleanup@openstack setup() finished in 0.13 msec
2020-04-13 01:34:53.439 9693 RALLYDEBUG rally.task.runner [-] Starting the constant runner (task UUID: d2284eeb-b62c-4f86-a54d-130dd9348c8e). times: 10 concurrency: 4 timeout: 0 max_cpu_used: 88 processes_to_start: 4 concurrency_per_worker: 1 concurrency_overhead: 0
2020-04-13 01:34:53.452 10334 RALLYDEBUG rally.task.runner [-] Starting a worker. times: 10 duration: None concurrency: 1 timeout: 0 cls: method_name: run args: {"network_create_args": {}, "router_create_args": {}, "router_update_args": {"admin_state_up": false}, "subnet_cidr_start": "1.1.0.0/30", "subnet_create_args": {}, "subnets_per_network": 1}
2020-04-13 01:34:53.455 10335 RALLYDEBUG rally.task.runner [-] Starting a worker. times: 10 duration: None concurrency: 1 timeout: 0 cls: method_name: run args: {"network_create_args": {}, "router_create_args": {}, "router_update_args": {"admin_state_up": false}, "subnet_cidr_start": "1.1.0.0/30", "subnet_create_args": {}, "subnets_per_network": 1}
2020-04-13 01:34:53.458 10336 RALLYDEBUG rally.task.runner [-] Starting a worker. times: 10 duration: None concurrency: 1 timeout: 0 cls: method_name: run args: {"network_create_args": {}, "router_create_args": {}, "router_update_args": {"admin_state_up": false}, "subnet_cidr_start": "1.1.0.0/30", "subnet_create_args": {}, "subnets_per_network": 1}
2020-04-13 01:34:53.459 10334 INFO rally.task.runner [-] Task d2284eeb-b62c-4f86-a54d-130dd9348c8e | ITER: 1 START
2020-04-13 01:34:53.462 10335 INFO rally.task.runner [-] Task d2284eeb-b62c-4f86-a54d-130dd9348c8e | ITER: 2 START
2020-04-13 01:34:53.461 10337 RALLYDEBUG rally.task.runner [-] Starting a worker. times: 10 duration: None concurrency: 1 timeout: 0 cls: method_name: run args: {"network_create_args": {}, "router_create_args": {}, "router_update_args": {"admin_state_up": false}, "subnet_cidr_start": "1.1.0.0/30", "subnet_create_args": {}, "subnets_per_network": 1}
2020-04-13 01:34:53.465 10336 INFO rally.task.runner [-] Task d2284eeb-b62c-4f86-a54d-130dd9348c8e | ITER: 3 START
2020-04-13 01:34:53.466 10337 INFO rally.task.runner [-] Task d2284eeb-b62c-4f86-a54d-130dd9348c8e | ITER: 4 START
2020-04-13 01:34:53.973 10334 RALLYDEBUG rally_openstack.wrappers.network [-] CIDR generated: 1.1.0.12/30
2020-04-13 01:34:54.131 10337 RALLYDEBUG rally_openstack.wrappers.network [-] CIDR generated: 1.1.0.16/30
2020-04-13 01:34:54.516 10336 RALLYDEBUG rally_openstack.wrappers.network [-] CIDR generated: 1.1.0.20/30
2020-04-13 01:34:55.221 10335 RALLYDEBUG rally_openstack.wrappers.network [-] CIDR generated: 1.1.0.24/30
2020-04-13 01:34:58.610 10334 INFO rally.task.runner [-] Task d2284eeb-b62c-4f86-a54d-130dd9348c8e | ITER: 1 END: OK
2020-04-13 01:34:58.615 10334 INFO rally.task.runner [-] Task d2284eeb-b62c-4f86-a54d-130dd9348c8e | ITER: 5 START
2020-04-13 01:34:58.667 10336 INFO rally.task.runner [-] Task d2284eeb-b62c-4f86-a54d-130dd9348c8e | ITER: 3 END: OK
2020-04-13 01:34:58.673 10336 INFO rally.task.runner [-] Task d2284eeb-b62c-4f86-a54d-130dd9348c8e | ITER: 6 START
2020-04-13 01:34:58.997 10336 RALLYDEBUG rally_openstack.wrappers.network [-] CIDR generated: 1.1.0.28/30
2020-04-13 01:34:59.608 10334 RALLYDEBUG rally_openstack.wrappers.network [-] CIDR generated: 1.1.0.32/30
2020-04-13 01:35:02.065 10337 INFO rally.task.runner [-] Task d2284eeb-b62c-4f86-a54d-130dd9348c8e | ITER: 4 END: OK
2020-04-13 01:35:02.071 10337 INFO rally.task.runner [-] Task d2284eeb-b62c-4f86-a54d-130dd9348c8e | ITER: 7 START
2020-04-13 01:35:02.382 10337 RALLYDEBUG rally_openstack.wrappers.network [-] CIDR generated: 1.1.0.36/30
2020-04-13 01:35:02.452 10335 INFO rally.task.runner [-] Task d2284eeb-b62c-4f86-a54d-130dd9348c8e | ITER: 2 END: OK
2020-04-13 01:35:02.457 10335 INFO rally.task.runner [-] Task d2284eeb-b62c-4f86-a54d-130dd9348c8e | ITER: 8 START
2020-04-13 01:35:03.211 10336 INFO rally.task.runner [-] Task d2284eeb-b62c-4f86-a54d-130dd9348c8e | ITER: 6 END: OK
2020-04-13 01:35:03.216 10336 INFO rally.task.runner [-] Task d2284eeb-b62c-4f86-a54d-130dd9348c8e | ITER: 9 START
2020-04-13 01:35:03.239 10335 RALLYDEBUG rally_openstack.wrappers.network [-] CIDR generated: 1.1.0.40/30
2020-04-13 01:35:03.512 10336 RALLYDEBUG rally_openstack.wrappers.network [-] CIDR generated: 1.1.0.44/30
2020-04-13 01:35:03.663 10334 INFO rally.task.runner [-] Task d2284eeb-b62c-4f86-a54d-130dd9348c8e | ITER: 5 END: OK
2020-04-13 01:35:03.668 10334 INFO rally.task.runner [-] Task d2284eeb-b62c-4f86-a54d-130dd9348c8e | ITER: 10 START
2020-04-13 01:35:03.972 10334 RALLYDEBUG rally_openstack.wrappers.network [-] CIDR generated: 1.1.0.48/30
2020-04-13 01:35:06.715 10337 INFO rally.task.runner [-] Task d2284eeb-b62c-4f86-a54d-130dd9348c8e | ITER: 7 END: OK
2020-04-13 01:35:07.002 10335 INFO rally.task.runner [-] Task d2284eeb-b62c-4f86-a54d-130dd9348c8e | ITER: 8 END: OK
2020-04-13 01:35:07.748 10336 INFO rally.task.runner [-] Task d2284eeb-b62c-4f86-a54d-130dd9348c8e | ITER: 9 END: OK
2020-04-13 01:35:08.042 10334 INFO rally.task.runner [-] Task d2284eeb-b62c-4f86-a54d-130dd9348c8e | ITER: 10 END: OK
2020-04-13 01:35:08.071 9693 INFO rally.task.context [-] Task d2284eeb-b62c-4f86-a54d-130dd9348c8e | Context cleanup@openstack cleanup() started
2020-04-13 01:35:08.078 9693 RALLYDEBUG rally_openstack.cleanup.manager [-] Cleaning up neutron vip objects
2020-04-13 01:35:08.543 9693 RALLYDEBUG rally_openstack.cleanup.manager [-] Cleaning up neutron health_monitor objects
2020-04-13 01:35:08.912 9693 RALLYDEBUG rally_openstack.cleanup.manager [-] Cleaning up neutron pool objects
2020-04-13 01:35:09.292 9693 RALLYDEBUG rally_openstack.cleanup.manager [-] Cleaning up neutron loadbalancer objects
2020-04-13 01:35:09.697 9693 RALLYDEBUG rally_openstack.cleanup.manager [-] Cleaning up neutron floatingip objects
2020-04-13 01:35:10.327 9693 RALLYDEBUG rally_openstack.cleanup.manager [-] Cleaning up neutron trunk objects
2020-04-13 01:35:10.809 9693 RALLYDEBUG rally_openstack.cleanup.manager [-] Cleaning up neutron port objects
2020-04-13 01:35:12.475 9693 RALLYDEBUG rally_openstack.cleanup.manager [-] Deleting neutron.port object s_rally_0951632e_D3xSd901 (65462980-ad7f-461b-a724-cf55a0e737ca)
2020-04-13 01:35:12.472 9693 RALLYDEBUG rally_openstack.cleanup.manager [-] Deleting neutron.port object s_rally_0951632e_OKQlpQRC (8285170d-abba-412c-848e-f9f2b932c632)
2020-04-13 01:35:12.496 9693 RALLYDEBUG rally_openstack.cleanup.manager [-] Deleting neutron.port object s_rally_0951632e_alg78ePJ (1a7a4e60-affc-4d5a-951c-40f60c6ff910)
2020-04-13 01:35:12.499 9693 RALLYDEBUG rally_openstack.cleanup.manager [-] Deleting neutron.port object s_rally_0951632e_6LbSm0s8 (cfd417b6-2952-4d1e-9af5-ec5275fb6845)
2020-04-13 01:35:12.510 9693 RALLYDEBUG rally_openstack.cleanup.manager [-] Deleting neutron.port object s_rally_0951632e_3nWbmuy7 (0061c449-28bf-44b9-9740-a013868bb4b3)
2020-04-13 01:35:12.511 9693 RALLYDEBUG rally_openstack.cleanup.manager [-] Deleting neutron.port object s_rally_0951632e_suSjSPXr (c5998659-10c6-4c73-9710-33c8759538b7)
2020-04-13 01:35:12.532 9693 RALLYDEBUG rally_openstack.cleanup.manager [-] Deleting neutron.port object s_rally_0951632e_S3tovS44 (0cb8ea33-9e6a-41b5-998c-21637fb712a2)
2020-04-13 01:35:12.580 9693 RALLYDEBUG rally_openstack.cleanup.manager [-] Deleting neutron.port object s_rally_0951632e_A3R8jrBI (a74b8416-a938-41cc-9399-2f0f37f2264f)
2020-04-13 01:35:12.585 9693 RALLYDEBUG rally_openstack.cleanup.manager [-] Deleting neutron.port object s_rally_0951632e_7b0pY011 (f7cd2ec1-0a6b-4a3c-82ed-282bb4f827c4)
2020-04-13 01:35:12.592 9693 RALLYDEBUG rally_openstack.cleanup.manager [-] Deleting neutron.port object s_rally_0951632e_K93cl0MQ (8c90840e-00d8-4646-8a68-3795ba21465d)
2020-04-13 01:35:19.956 9693 RALLYDEBUG rally_openstack.cleanup.manager [-] Cleaning up neutron subnet objects
2020-04-13 01:35:20.611 9693 RALLYDEBUG rally_openstack.cleanup.manager [-] Deleting neutron.subnet object s_rally_0951632e_gWOIlzlu (3198324f-4530-4995-b78d-31aed534b110)
2020-04-13 01:35:20.628 9693 RALLYDEBUG rally_openstack.cleanup.manager [-] Deleting neutron.subnet object s_rally_0951632e_Wv0xQVJ0 (ef0a2a37-687b-465d-b4e6-f386a44c613e)
2020-04-13 01:35:20.634 9693 RALLYDEBUG rally_openstack.cleanup.manager [-] Deleting neutron.subnet object s_rally_0951632e_KBwaq43B (2d973df7-8543-47b7-b2d4-16e242ce11de)
2020-04-13 01:35:20.648 9693 RALLYDEBUG rally_openstack.cleanup.manager [-] Deleting neutron.subnet object s_rally_0951632e_16FSAni0 (4e50671a-de0c-4391-acd6-ad1353f6fed9)
2020-04-13 01:35:20.669 9693 RALLYDEBUG rally_openstack.cleanup.manager [-] Deleting neutron.subnet object s_rally_0951632e_OUJtE3XE (d320ecf6-6915-4585-8c83-256fcb13784d)
2020-04-13 01:35:20.686 9693 RALLYDEBUG rally_openstack.cleanup.manager [-] Deleting neutron.subnet object s_rally_0951632e_gyIPEuEv (8d2277c7-749d-4dba-a83c-f3520f7e0067)
2020-04-13 01:35:20.697 9693 RALLYDEBUG rally_openstack.cleanup.manager [-] Deleting neutron.subnet object s_rally_0951632e_fdmVmdSU (7ed270d0-f5cc-41b8-a9d0-9141d86eef41)
2020-04-13 01:35:20.702 9693 RALLYDEBUG rally_openstack.cleanup.manager [-] Deleting neutron.subnet object s_rally_0951632e_1cuSZ6JN (a3b1824f-3f5b-43a9-bd56-6777be99b1d7)
2020-04-13 01:35:20.707 9693 RALLYDEBUG rally_openstack.cleanup.manager [-] Deleting neutron.subnet object s_rally_0951632e_erTRGmEt (e2be799d-6bb9-48b0-8408-30eeaaabe2fc)
2020-04-13 01:35:20.716 9693 RALLYDEBUG rally_openstack.cleanup.manager [-] Deleting neutron.subnet object s_rally_0951632e_0KMVe64j (f2917bc8-ca7a-4eec-bd5d-5a5bd026c475)
2020-04-13 01:35:24.915 9693 RALLYDEBUG rally_openstack.cleanup.manager [-] Cleaning up neutron network objects
2020-04-13 01:35:26.013 9693 RALLYDEBUG rally_openstack.cleanup.manager [-] Deleting neutron.network object s_rally_0951632e_H7ApRYR1 (1ed1cefe-1564-45b0-acae-9490f932a5cf)
2020-04-13 01:35:26.023 9693 RALLYDEBUG rally_openstack.cleanup.manager [-] Deleting neutron.network object s_rally_0951632e_75bqz8Nf (4cbb6626-0d7c-4f0c-82da-c3789179dd84)
2020-04-13 01:35:26.035 9693 RALLYDEBUG rally_openstack.cleanup.manager [-] Deleting neutron.network object s_rally_0951632e_4nALkzDN (c0a96dd3-7bf1-4546-b311-93ec796a095a)
2020-04-13 01:35:26.041 9693 RALLYDEBUG rally_openstack.cleanup.manager [-] Deleting neutron.network object s_rally_0951632e_Yb2kNb3D (b5b255df-ec0f-425a-9995-c4c667649bdf)
2020-04-13 01:35:26.066 9693 RALLYDEBUG rally_openstack.cleanup.manager [-] Deleting neutron.network object s_rally_0951632e_71bM0Ww5 (baeee04e-634e-43e7-b38a-e872b90715a4)
2020-04-13 01:35:26.081 9693 RALLYDEBUG rally_openstack.cleanup.manager [-] Deleting neutron.network object s_rally_0951632e_X0IlK82D (18559c2d-0d3f-4c2a-ab8a-1718c9d9407b)
2020-04-13 01:35:26.091 9693 RALLYDEBUG rally_openstack.cleanup.manager [-] Deleting neutron.network object s_rally_0951632e_80Wg818g (3779bb81-e827-4e89-90d4-1d2dd3725734)
2020-04-13 01:35:26.120 9693 RALLYDEBUG rally_openstack.cleanup.manager [-] Deleting neutron.network object s_rally_0951632e_xRkFlbbV (77e5622b-a62e-498e-ba84-3c73cfedc451)
2020-04-13 01:35:26.134 9693 RALLYDEBUG rally_openstack.cleanup.manager [-] Deleting neutron.network object s_rally_0951632e_euM3vjj7 (8e554388-8e1e-4205-af67-31dd682fa474)
2020-04-13 01:35:26.169 9693 RALLYDEBUG rally_openstack.cleanup.manager [-] Deleting neutron.network object s_rally_0951632e_C7hYA0t6 (b4cc8cf3-6309-4cf6-8892-b19c4aaabd2d)
2020-04-13 01:35:30.658 9693 RALLYDEBUG rally_openstack.cleanup.manager [-] Cleaning up neutron router objects
2020-04-13 01:35:31.812 9693 RALLYDEBUG rally_openstack.cleanup.manager [-] Deleting neutron.router object s_rally_0951632e_6LbSm0s8 (2ae0bd11-a428-4449-9cb4-89e78a1f5c7a)
2020-04-13 01:35:31.830 9693 RALLYDEBUG rally_openstack.cleanup.manager [-] Deleting neutron.router object s_rally_0951632e_OKQlpQRC (e30a8dd2-79b1-49c4-a372-1ab776f32372)
2020-04-13 01:35:31.825 9693 RALLYDEBUG rally_openstack.cleanup.manager [-] Deleting neutron.router object s_rally_0951632e_D3xSd901 (2cd516d7-e88f-45da-b150-0199ca4fbc08)
2020-04-13 01:35:31.854 9693 RALLYDEBUG rally_openstack.cleanup.manager [-] Deleting neutron.router object s_rally_0951632e_suSjSPXr (fb41d414-b8da-456a-83e4-964b0ccaea8d)
2020-04-13 01:35:31.864 9693 RALLYDEBUG rally_openstack.cleanup.manager [-] Deleting neutron.router object s_rally_0951632e_S3tovS44 (2a975f8f-63ab-4a3f-ab2a-52a9209d4f0e)
2020-04-13 01:35:31.876 9693 RALLYDEBUG rally_openstack.cleanup.manager [-] Deleting neutron.router object s_rally_0951632e_alg78ePJ (87537ae6-bf66-4820-a486-ca0f32f57b0f)
2020-04-13 01:35:31.900 9693 RALLYDEBUG rally_openstack.cleanup.manager [-] Deleting neutron.router object s_rally_0951632e_7b0pY011 (31394974-d532-494f-90b2-a284c0da2adc)
2020-04-13 01:35:31.905 9693 RALLYDEBUG rally_openstack.cleanup.manager [-] Deleting neutron.router object s_rally_0951632e_A3R8jrBI (53ac4ead-e4db-499a-b18e-40e7e8761c81)
2020-04-13 01:35:31.918 9693 RALLYDEBUG rally_openstack.cleanup.manager [-] Deleting neutron.router object s_rally_0951632e_3nWbmuy7 (79d456c4-8dbc-4b80-acfe-9346ee594370)
2020-04-13 01:35:31.929 9693 RALLYDEBUG rally_openstack.cleanup.manager [-] Deleting neutron.router object s_rally_0951632e_K93cl0MQ (a0be634c-9611-4fa9-9394-6a33dbdd0591)
2020-04-13 01:35:34.972 9693 RALLYDEBUG rally_openstack.cleanup.manager [-] Cleaning up neutron security_group objects
2020-04-13 01:35:35.530 9693 INFO rally.task.context [-] Task d2284eeb-b62c-4f86-a54d-130dd9348c8e | Context cleanup@openstack cleanup() finished in 27.46 sec
2020-04-13 01:35:35.531 9693 INFO rally.task.context [-] Task d2284eeb-b62c-4f86-a54d-130dd9348c8e | Context quotas@openstack cleanup() started
2020-04-13 01:35:35.599 9693 INFO rally.task.context [-] Task d2284eeb-b62c-4f86-a54d-130dd9348c8e | Context quotas@openstack cleanup() finished in 68.23 msec
2020-04-13 01:35:35.600 9693 INFO rally.task.context [-] Task d2284eeb-b62c-4f86-a54d-130dd9348c8e | Context users@openstack cleanup() started
2020-04-13 01:35:35.756 9693 WARNING rally.common.logging [-] `iterate_per_tenants()' is deprecated in v3.0.0: it is openstack specific.. Used at
2020-04-13 01:35:37.726 9693 INFO rally.task.context [-] Task d2284eeb-b62c-4f86-a54d-130dd9348c8e | Context users@openstack cleanup() finished in 2.13 sec
2020-04-13 01:35:38.012 9693 INFO rally.task.engine [-] Load duration is: 14.58124
2020-04-13 01:35:38.013 9693 INFO rally.task.engine [-] Full runner duration is: 14.632221
2020-04-13 01:35:38.013 9693 INFO rally.task.engine [-] Full duration is: 46.104502
2020-04-13 01:35:38.105 9693 INFO rally.task.engine [-] Running workload: position = 0 config = { "version": 2, "title": "A cropped version of a bigger task.", "description": "Auto-generated task from a single workload (uuid=2aac84fd-18a3-4cba-8fd1-1c7b7ed553c8)", "subtasks": [ { "title": "NeutronNetworks.create_and_update_subnets", "description": "Create and update a subnet.", "scenario": { "NeutronNetworks.create_and_update_subnets": { "network_create_args": {}, "subnet_cidr_start": "1.4.0.0/16", "subnet_create_args": {}, "subnet_update_args": { "enable_dhcp": false }, "subnets_per_network": 1 } }, "contexts": { "users": { "tenants": 3, "users_per_tenant": 2 }, "quotas": { "neutron": { "network": -1, "subnet": -1 } } }, "runner": { "constant": { "concurrency": 4, "times": 10 } }, "hooks": [], "sla": { "failure_rate": { "max": 0 } } } ] }
2020-04-13 01:35:38.128 9693 RALLYDEBUG rally_openstack.contexts.keystone.users [-] Creating 3 tenants using 3 threads
2020-04-13 01:35:38.592 9693 RALLYDEBUG rally_openstack.contexts.keystone.users [-] Creating 6 users using 6 threads
2020-04-13 01:35:39.526 9693 INFO rally.task.context [-] Task d2284eeb-b62c-4f86-a54d-130dd9348c8e | Context users@openstack setup() finished in 1.40 sec
2020-04-13 01:35:39.865 9693 INFO rally.task.context [-] Task d2284eeb-b62c-4f86-a54d-130dd9348c8e | Context quotas@openstack setup() finished in 0.34 sec
2020-04-13 01:35:39.865 9693 INFO rally.task.context [-] Task d2284eeb-b62c-4f86-a54d-130dd9348c8e | Context cleanup@openstack setup() finished in 0.13 msec
2020-04-13 01:35:39.877 9693 RALLYDEBUG rally.task.runner [-] Starting the constant runner (task UUID: d2284eeb-b62c-4f86-a54d-130dd9348c8e). times: 10 concurrency: 4 timeout: 0 max_cpu_used: 88 processes_to_start: 4 concurrency_per_worker: 1 concurrency_overhead: 0
2020-04-13 01:35:39.891 10627 RALLYDEBUG rally.task.runner [-] Starting a worker. times: 10 duration: None concurrency: 1 timeout: 0 cls: method_name: run args: {"network_create_args": {}, "subnet_cidr_start": "1.4.0.0/16", "subnet_create_args": {}, "subnet_update_args": {"enable_dhcp": false}, "subnets_per_network": 1}
2020-04-13 01:35:39.893 10628 RALLYDEBUG rally.task.runner [-] Starting a worker. times: 10 duration: None concurrency: 1 timeout: 0 cls: method_name: run args: {"network_create_args": {}, "subnet_cidr_start": "1.4.0.0/16", "subnet_create_args": {}, "subnet_update_args": {"enable_dhcp": false}, "subnets_per_network": 1}
2020-04-13 01:35:39.897 10629 RALLYDEBUG rally.task.runner [-] Starting a worker. times: 10 duration: None concurrency: 1 timeout: 0 cls: method_name: run args: {"network_create_args": {}, "subnet_cidr_start": "1.4.0.0/16", "subnet_create_args": {}, "subnet_update_args": {"enable_dhcp": false}, "subnets_per_network": 1}
2020-04-13 01:35:39.898 10627 INFO rally.task.runner [-] Task d2284eeb-b62c-4f86-a54d-130dd9348c8e | ITER: 1 START
2020-04-13 01:35:39.899 10628 INFO rally.task.runner [-] Task d2284eeb-b62c-4f86-a54d-130dd9348c8e | ITER: 2 START
2020-04-13 01:35:39.900 10630 RALLYDEBUG rally.task.runner [-] Starting a worker. times: 10 duration: None concurrency: 1 timeout: 0 cls: method_name: run args: {"network_create_args": {}, "subnet_cidr_start": "1.4.0.0/16", "subnet_create_args": {}, "subnet_update_args": {"enable_dhcp": false}, "subnets_per_network": 1}
2020-04-13 01:35:39.904 10629 INFO rally.task.runner [-] Task d2284eeb-b62c-4f86-a54d-130dd9348c8e | ITER: 3 START
2020-04-13 01:35:39.907 10630 INFO rally.task.runner [-] Task d2284eeb-b62c-4f86-a54d-130dd9348c8e | ITER: 4 START
2020-04-13 01:35:40.377 10629 RALLYDEBUG rally_openstack.wrappers.network [-] CIDR generated: 1.17.0.0/16
2020-04-13 01:35:41.027 10628 RALLYDEBUG rally_openstack.wrappers.network [-] CIDR generated: 1.18.0.0/16
2020-04-13 01:35:41.438 10630 RALLYDEBUG rally_openstack.wrappers.network [-] CIDR generated: 1.19.0.0/16
2020-04-13 01:35:41.842 10629 INFO rally.task.runner [-] Task d2284eeb-b62c-4f86-a54d-130dd9348c8e | ITER: 3 END: OK
2020-04-13 01:35:41.848 10629 INFO rally.task.runner [-] Task d2284eeb-b62c-4f86-a54d-130dd9348c8e | ITER: 5 START
2020-04-13 01:35:42.070 10627 RALLYDEBUG rally_openstack.wrappers.network [-] CIDR generated: 1.20.0.0/16
2020-04-13 01:35:42.176 10629 RALLYDEBUG rally_openstack.wrappers.network [-] CIDR generated: 1.21.0.0/16
2020-04-13 01:35:42.534 10630 INFO rally.task.runner [-] Task d2284eeb-b62c-4f86-a54d-130dd9348c8e | ITER: 4 END: OK
2020-04-13 01:35:42.539 10630 INFO rally.task.runner [-] Task d2284eeb-b62c-4f86-a54d-130dd9348c8e | ITER: 6 START
2020-04-13 01:35:42.639 10628 INFO rally.task.runner [-] Task d2284eeb-b62c-4f86-a54d-130dd9348c8e | ITER: 2 END: OK
2020-04-13 01:35:42.645 10628 INFO rally.task.runner [-] Task d2284eeb-b62c-4f86-a54d-130dd9348c8e | ITER: 7 START
2020-04-13 01:35:43.039 10627 INFO rally.task.runner [-] Task d2284eeb-b62c-4f86-a54d-130dd9348c8e | ITER: 1 END: OK
2020-04-13 01:35:43.044 10627 INFO rally.task.runner [-] Task d2284eeb-b62c-4f86-a54d-130dd9348c8e | ITER: 8 START
2020-04-13 01:35:43.073 10628 RALLYDEBUG rally_openstack.wrappers.network [-] CIDR generated: 1.22.0.0/16
2020-04-13 01:35:43.258 10629 INFO rally.task.runner [-] Task d2284eeb-b62c-4f86-a54d-130dd9348c8e | ITER: 5 END: OK
2020-04-13 01:35:43.264 10629 INFO rally.task.runner [-] Task d2284eeb-b62c-4f86-a54d-130dd9348c8e | ITER: 9 START
2020-04-13 01:35:43.359 10627 RALLYDEBUG rally_openstack.wrappers.network [-] CIDR generated: 1.23.0.0/16
2020-04-13 01:35:43.545 10629 RALLYDEBUG rally_openstack.wrappers.network [-] CIDR generated: 1.24.0.0/16
2020-04-13 01:35:44.583 10628 INFO rally.task.runner [-] Task d2284eeb-b62c-4f86-a54d-130dd9348c8e | ITER: 7 END: OK
2020-04-13 01:35:44.589 10628 INFO rally.task.runner [-] Task d2284eeb-b62c-4f86-a54d-130dd9348c8e | ITER: 10 START
2020-04-13 01:35:44.596 10630 RALLYDEBUG rally_openstack.wrappers.network [-] CIDR generated: 1.25.0.0/16
2020-04-13 01:35:44.781 10627 INFO rally.task.runner [-] Task d2284eeb-b62c-4f86-a54d-130dd9348c8e | ITER: 8 END: OK
2020-04-13 01:35:45.001 10628 RALLYDEBUG rally_openstack.wrappers.network [-] CIDR generated: 1.26.0.0/16
2020-04-13 01:35:45.217 10629 INFO rally.task.runner [-] Task d2284eeb-b62c-4f86-a54d-130dd9348c8e | ITER: 9 END: OK
2020-04-13 01:35:45.566 10630 INFO rally.task.runner [-] Task d2284eeb-b62c-4f86-a54d-130dd9348c8e | ITER: 6 END: OK
2020-04-13 01:35:46.591 10628 INFO rally.task.runner [-] Task d2284eeb-b62c-4f86-a54d-130dd9348c8e | ITER: 10 END: OK
2020-04-13 01:35:46.614 9693 INFO rally.task.context [-] Task d2284eeb-b62c-4f86-a54d-130dd9348c8e | Context cleanup@openstack cleanup() started
2020-04-13 01:35:46.618 9693 RALLYDEBUG rally_openstack.cleanup.manager [-] Cleaning up neutron vip objects
2020-04-13 01:35:47.199 9693 RALLYDEBUG rally_openstack.cleanup.manager [-] Cleaning up neutron health_monitor objects
2020-04-13 01:35:47.617 9693 RALLYDEBUG rally_openstack.cleanup.manager [-] Cleaning up neutron pool objects
2020-04-13 01:35:48.077 9693 RALLYDEBUG rally_openstack.cleanup.manager [-] Cleaning up neutron loadbalancer objects
2020-04-13 01:35:48.541 9693 RALLYDEBUG rally_openstack.cleanup.manager [-] Cleaning up neutron floatingip objects
2020-04-13 01:35:49.576 9693 RALLYDEBUG rally_openstack.cleanup.manager [-] Cleaning up neutron trunk objects
2020-04-13 01:35:50.065 9693 RALLYDEBUG rally_openstack.cleanup.manager [-] Cleaning up neutron port objects
2020-04-13 01:35:51.050 9693 RALLYDEBUG rally_openstack.cleanup.manager [-] Cleaning up neutron subnet objects
2020-04-13 01:35:51.608 9693 RALLYDEBUG rally_openstack.cleanup.manager [-] Deleting neutron.subnet object s_rally_2aac84fd_QLzSc1Ul (afbb2b77-d40d-40c9-9219-4851c2a41f03)
2020-04-13 01:35:51.615 9693 RALLYDEBUG rally_openstack.cleanup.manager [-] Deleting neutron.subnet object s_rally_2aac84fd_r9NRaNj5 (1af98524-cbd6-4bab-86b2-6a5f5a7f9d6b)
2020-04-13 01:35:51.628 9693 RALLYDEBUG rally_openstack.cleanup.manager [-] Deleting neutron.subnet object s_rally_2aac84fd_Lw1mxUBj (0790e628-7c8c-474f-b3e6-137ebeaf1e72)
2020-04-13 01:35:51.639 9693 RALLYDEBUG rally_openstack.cleanup.manager [-] Deleting neutron.subnet object s_rally_2aac84fd_FozN97kc (2e3f2b01-6c38-46d7-a1f5-49e45eb9631e)
2020-04-13 01:35:51.645 9693 RALLYDEBUG rally_openstack.cleanup.manager [-] Deleting neutron.subnet object s_rally_2aac84fd_IHJV6IGa (ec2b5d08-8b3f-49cb-8913-18add3624096)
2020-04-13 01:35:51.665 9693 RALLYDEBUG rally_openstack.cleanup.manager [-] Deleting neutron.subnet object s_rally_2aac84fd_DDfijGWg (1ed4c1dd-0495-4d2a-9eef-5a70593672b8)
2020-04-13 01:35:51.678 9693 RALLYDEBUG rally_openstack.cleanup.manager [-] Deleting neutron.subnet object s_rally_2aac84fd_5ugWqeL4 (5b27d891-1e7d-4462-bc7a-afd434e2fc59)
2020-04-13 01:35:51.689 9693 RALLYDEBUG rally_openstack.cleanup.manager [-] Deleting neutron.subnet object s_rally_2aac84fd_A6woLwHr (870c7258-d040-44a7-aa84-d83016a78222)
2020-04-13 01:35:51.710 9693 RALLYDEBUG rally_openstack.cleanup.manager [-] Deleting neutron.subnet object s_rally_2aac84fd_wtq6i28k (b316a23d-406b-445e-b59f-aa85c6f46d43)
2020-04-13 01:35:51.729 9693 RALLYDEBUG rally_openstack.cleanup.manager [-] Deleting neutron.subnet object s_rally_2aac84fd_7lXEO0IP (f5646d39-fd31-45ce-b0c2-bd084a6de780)
2020-04-13 01:35:56.958 9693 RALLYDEBUG rally_openstack.cleanup.manager [-] Cleaning up neutron network objects
2020-04-13 01:35:57.658 9693 RALLYDEBUG rally_openstack.cleanup.manager [-] Deleting neutron.network object s_rally_2aac84fd_YUxlS8WR (0f385d03-8194-4f10-8d0c-340d2fc09a32)
2020-04-13 01:35:57.670 9693 RALLYDEBUG rally_openstack.cleanup.manager [-] Deleting neutron.network object s_rally_2aac84fd_X33XICpg (301d271f-bc1b-44b8-b389-9946bc9bb63b)
2020-04-13 01:35:57.681 9693 RALLYDEBUG rally_openstack.cleanup.manager [-] Deleting neutron.network object s_rally_2aac84fd_9L2b2nTx (465d46f4-9655-4e7b-b35f-7be9edfb17fd)
2020-04-13 01:35:57.686 9693 RALLYDEBUG rally_openstack.cleanup.manager [-] Deleting neutron.network object s_rally_2aac84fd_JYIP7LGn (96e75aed-d102-4546-ad6c-63a8730cd3b2)
2020-04-13 01:35:57.717 9693 RALLYDEBUG rally_openstack.cleanup.manager [-] Deleting neutron.network object s_rally_2aac84fd_KILJAZKb (2935710c-715a-4903-a987-86b495249ffd)
2020-04-13 01:35:57.723 9693 RALLYDEBUG rally_openstack.cleanup.manager [-] Deleting neutron.network object s_rally_2aac84fd_ucVivnZI (a4aaf7d6-18ee-4b3d-b8b0-dcdd2368be19)
2020-04-13 01:35:57.735 9693 RALLYDEBUG rally_openstack.cleanup.manager [-] Deleting neutron.network object s_rally_2aac84fd_ehxwswWc (3f60683f-51b9-4cf9-8e84-5f0e8d4b3b4a)
2020-04-13 01:35:57.762 9693 RALLYDEBUG rally_openstack.cleanup.manager [-] Deleting neutron.network object s_rally_2aac84fd_igqJrNE0 (a399e1be-33c1-41e5-a2f1-a432b09aea95)
2020-04-13 01:35:57.775 9693 RALLYDEBUG rally_openstack.cleanup.manager [-] Deleting neutron.network object s_rally_2aac84fd_7iEiGMAW (bd57abc8-2464-4c54-a030-73e7f2f2cef7)
2020-04-13 01:35:57.749 9693 RALLYDEBUG rally_openstack.cleanup.manager [-] Deleting neutron.network object s_rally_2aac84fd_2ffSL20I (65c5b3e0-6abb-450f-8424-5fc90990251b)
2020-04-13 01:36:00.720 9693 RALLYDEBUG rally_openstack.cleanup.manager [-] Cleaning up neutron router objects
2020-04-13 01:36:01.265 9693 RALLYDEBUG rally_openstack.cleanup.manager [-] Cleaning up neutron security_group objects
2020-04-13 01:36:01.823 9693 INFO rally.task.context [-] Task d2284eeb-b62c-4f86-a54d-130dd9348c8e | Context cleanup@openstack cleanup() finished in 15.21 sec
