2020-04-13 01:16:06.001 2469 RALLYDEBUG rally.task.utils [-] Waiting for resource s_rally_b7a7c001_dLrpRBoG. Status changed: RESERVED => IN-USE in 2.210198402404785
2020-04-13 01:16:06.557 2467 RALLYDEBUG rally.task.utils [-] Waiting for resource s_rally_b7a7c001_UfWrEEhz. Status changed: DETACHING => AVAILABLE in 2.199873924255371
2020-04-13 01:16:06.684 2467 RALLYDEBUG rally.task.utils [-] Waiting for resource s_rally_b7a7c001_jd2x8PFD. Status changed: AVAILABLE => DELETING in 0.03418922424316406
2020-04-13 01:16:06.832 2469 RALLYDEBUG rally.task.utils [-] Waiting for resource s_rally_b7a7c001_dLrpRBoG. Status changed: AVAILABLE => DETACHING in 0.21364235877990723
2020-04-13 01:16:07.056 2466 RALLYDEBUG rally.task.utils [-] Waiting for resource s_rally_b7a7c001_kfsug7NL. Status changed: DETACHING => AVAILABLE in 2.208261728286743
2020-04-13 01:16:07.187 2466 RALLYDEBUG rally.task.utils [-] Waiting for resource s_rally_b7a7c001_bK6IY3T2. Status changed: AVAILABLE => DELETING in 0.03887939453125
2020-04-13 01:16:07.924 2468 RALLYDEBUG rally.task.utils [-] Waiting for resource s_rally_b7a7c001_CFzhObnJ. Status changed: RESERVED => IN-USE in 2.224945068359375
2020-04-13 01:16:08.346 2468 RALLYDEBUG rally.task.utils [-] Waiting for resource s_rally_b7a7c001_CFzhObnJ. Status changed: AVAILABLE => DETACHING in 0.18726611137390137
2020-04-13 01:16:08.871 2467 RALLYDEBUG rally.task.utils [-] Waiting for resource s_rally_b7a7c001_UfWrEEhz. Status changed: AVAILABLE => DELETING in 0.07628345489501953
2020-04-13 01:16:09.035 2469 RALLYDEBUG rally.task.utils [-] Waiting for resource s_rally_b7a7c001_dLrpRBoG. Status changed: DETACHING => AVAILABLE in 2.203437328338623
2020-04-13 01:16:09.152 2469 RALLYDEBUG rally.task.utils [-] Waiting for resource s_rally_b7a7c001_UyqBuxfb. Status changed: AVAILABLE => DELETING in 0.037353515625
2020-04-13 01:16:09.395 2466 RALLYDEBUG rally.task.utils [-] Waiting for resource s_rally_b7a7c001_kfsug7NL. Status changed: AVAILABLE => DELETING in 0.07269597053527832
2020-04-13 01:16:10.540 2468 RALLYDEBUG rally.task.utils [-] Waiting for resource s_rally_b7a7c001_CFzhObnJ. Status changed: DETACHING => AVAILABLE in 2.1937265396118164
2020-04-13 01:16:10.659 2468 RALLYDEBUG rally.task.utils [-] Waiting for resource s_rally_b7a7c001_fzvdPuGJ. Status changed: AVAILABLE => DELETING in 0.03333783149719238
2020-04-13 01:16:11.370 2469 RALLYDEBUG rally.task.utils [-] Waiting for resource s_rally_b7a7c001_dLrpRBoG. Status changed: AVAILABLE => DELETING in 0.07492256164550781
2020-04-13 01:16:12.862 2468 RALLYDEBUG rally.task.utils [-] Waiting for resource s_rally_b7a7c001_CFzhObnJ. Status changed: AVAILABLE => DELETING in 0.08842587471008301
2020-04-13 01:16:13.356 2467 INFO rally.task.runner [-] Task d344b5a7-0d2e-40dc-a41f-a5fdbcfa4a22 | ITER: 7 END: OK
2020-04-13 01:16:13.362 2467 INFO rally.task.runner [-] Task d344b5a7-0d2e-40dc-a41f-a5fdbcfa4a22 | ITER: 9 START
2020-04-13 01:16:14.012 2466 INFO rally.task.runner [-] Task d344b5a7-0d2e-40dc-a41f-a5fdbcfa4a22 | ITER: 5 END: OK
2020-04-13 01:16:14.017 2466 INFO rally.task.runner [-] Task d344b5a7-0d2e-40dc-a41f-a5fdbcfa4a22 | ITER: 10 START
2020-04-13 01:16:16.098 2469 INFO rally.task.runner [-] Task d344b5a7-0d2e-40dc-a41f-a5fdbcfa4a22 | ITER: 8 END: OK
2020-04-13 01:16:19.824 2468 INFO rally.task.runner [-] Task d344b5a7-0d2e-40dc-a41f-a5fdbcfa4a22 | ITER: 6 END: OK
2020-04-13 01:16:30.859 2467 RALLYDEBUG rally.task.utils [-] Waiting for resource s_rally_b7a7c001_5fn5GSpy. Status changed: BUILD => ACTIVE in 10.21161437034607
2020-04-13 01:16:31.613 2467 RALLYDEBUG rally.task.utils [-] Waiting for resource s_rally_b7a7c001_haRlWSwi. Status changed: AVAILABLE => RESERVED in 0.32372498512268066
2020-04-13 01:16:33.828 2467 RALLYDEBUG rally.task.utils [-] Waiting for resource s_rally_b7a7c001_haRlWSwi. Status changed: RESERVED => IN-USE in 2.2152469158172607
2020-04-13 01:16:34.301 2467 RALLYDEBUG rally.task.utils [-] Waiting for resource s_rally_b7a7c001_haRlWSwi. Status changed: AVAILABLE => DETACHING in 0.23037290573120117
2020-04-13 01:16:36.500 2467 RALLYDEBUG rally.task.utils [-] Waiting for resource s_rally_b7a7c001_haRlWSwi. Status changed: DETACHING => AVAILABLE in 2.1993658542633057
2020-04-13 01:16:36.631 2467 RALLYDEBUG rally.task.utils [-] Waiting for resource s_rally_b7a7c001_2Mo7DBA4. Status changed: AVAILABLE => DELETING in 0.034032583236694336
2020-04-13 01:16:38.827 2467 RALLYDEBUG rally.task.utils [-] Waiting for resource s_rally_b7a7c001_haRlWSwi. Status changed: AVAILABLE => DELETING in 0.07236981391906738
2020-04-13 01:16:41.601 2466 RALLYDEBUG rally.task.utils [-] Waiting for resource s_rally_b7a7c001_K9FtTQZv. Status changed: BUILD => ACTIVE in 20.27758240699768
2020-04-13 01:16:42.303 2466 RALLYDEBUG rally.task.utils [-] Waiting for resource s_rally_b7a7c001_4OXK7Hf4. Status changed: AVAILABLE => RESERVED in 0.2675142288208008
2020-04-13 01:16:44.481 2467 INFO rally.task.runner [-] Task d344b5a7-0d2e-40dc-a41f-a5fdbcfa4a22 | ITER: 9 END: OK
2020-04-13 01:16:44.514 2466 RALLYDEBUG rally.task.utils [-] Waiting for resource s_rally_b7a7c001_4OXK7Hf4. Status changed: RESERVED => IN-USE in 2.210920572280884
2020-04-13 01:16:44.991 2466 RALLYDEBUG rally.task.utils [-] Waiting for resource s_rally_b7a7c001_4OXK7Hf4. Status changed: AVAILABLE => DETACHING in 0.2249159812927246
2020-04-13 01:16:47.209 2466 RALLYDEBUG rally.task.utils [-] Waiting for resource s_rally_b7a7c001_4OXK7Hf4. Status changed: DETACHING => AVAILABLE in 2.2174758911132812
2020-04-13 01:16:47.334 2466 RALLYDEBUG rally.task.utils [-] Waiting for resource s_rally_b7a7c001_WonTRTsA. Status changed: AVAILABLE => DELETING in 0.03864860534667969
2020-04-13 01:16:49.550 2466 RALLYDEBUG rally.task.utils [-] Waiting for resource s_rally_b7a7c001_4OXK7Hf4. Status changed: AVAILABLE => DELETING in 0.08110904693603516
2020-04-13 01:16:54.467 2466 INFO rally.task.runner [-] Task d344b5a7-0d2e-40dc-a41f-a5fdbcfa4a22 | ITER: 10 END: OK
2020-04-13 01:16:54.491 1333 INFO rally.task.context [-] Task d344b5a7-0d2e-40dc-a41f-a5fdbcfa4a22 | Context cleanup@openstack cleanup() started
2020-04-13 01:16:54.498 1333 RALLYDEBUG rally_openstack.cleanup.manager [-] Cleaning up nova servers objects
2020-04-13 01:16:55.546 1333 RALLYDEBUG rally_openstack.cleanup.manager [-] Cleaning up nova server_groups objects
2020-04-13 01:16:56.025 1333 RALLYDEBUG rally_openstack.cleanup.manager [-] Cleaning up nova keypairs objects
2020-04-13 01:16:57.072 1333 RALLYDEBUG rally_openstack.cleanup.manager [-] Cleaning up cinder backups objects
2020-04-13 01:16:57.499 1333 RALLYDEBUG rally_openstack.cleanup.manager [-] Cleaning up cinder volume_snapshots objects
2020-04-13 01:16:57.923 1333 RALLYDEBUG rally_openstack.cleanup.manager [-] Cleaning up cinder transfers objects
2020-04-13 01:16:58.325 1333 RALLYDEBUG rally_openstack.cleanup.manager [-] Cleaning up cinder volumes objects
2020-04-13 01:16:58.858 1333 INFO rally.task.context [-] Task d344b5a7-0d2e-40dc-a41f-a5fdbcfa4a22 | Context cleanup@openstack cleanup() finished in 4.37 sec
2020-04-13 01:16:58.858 1333 INFO rally.task.context [-] Task d344b5a7-0d2e-40dc-a41f-a5fdbcfa4a22 | Context quotas@openstack cleanup() started
2020-04-13 01:16:58.946 1333 INFO rally.task.context [-] Task d344b5a7-0d2e-40dc-a41f-a5fdbcfa4a22 | Context quotas@openstack cleanup() finished in 87.27 msec
2020-04-13 01:16:58.946 1333 INFO rally.task.context [-] Task d344b5a7-0d2e-40dc-a41f-a5fdbcfa4a22 | Context api_versions@openstack cleanup() started
2020-04-13 01:16:58.947 1333 INFO rally.task.context [-] Task d344b5a7-0d2e-40dc-a41f-a5fdbcfa4a22 | Context api_versions@openstack cleanup() finished in 0.33 msec
2020-04-13 01:16:58.947 1333 INFO rally.task.context [-] Task d344b5a7-0d2e-40dc-a41f-a5fdbcfa4a22 | Context users@openstack cleanup() started
2020-04-13 01:16:59.179 1333 WARNING rally.common.logging [-] `iterate_per_tenants()' is deprecated in v3.0.0: it is openstack specific.. Used at
2020-04-13 01:17:00.959 1333 INFO rally.task.context [-] Task d344b5a7-0d2e-40dc-a41f-a5fdbcfa4a22 | Context users@openstack cleanup() finished in 2.01 sec
2020-04-13 01:17:01.448 1333 INFO rally.task.engine [-] Load duration is: 99.88217
2020-04-13 01:17:01.449 1333 INFO rally.task.engine [-] Full runner duration is: 100.931411
2020-04-13 01:17:01.449 1333 INFO rally.task.engine [-] Full duration is: 110.031116
2020-04-13 01:17:01.555 1333 INFO rally.task.engine [-] Running workload: position = 0 config = { "version": 2, "title": "A cropped version of a bigger task.", "description": "Auto-generated task from a single workload (uuid=a33bcadb-982c-4f04-a478-a0b7acf4fb59)", "subtasks": [ { "title": "CinderVolumes.create_volume", "description": "Create a volume.", "scenario": { "CinderVolumes.create_volume": { "size": 1 } }, "contexts": { "users": { "tenants": 3, "users_per_tenant": 2 }, "api_versions": { "cinder": { "version": 3, "service_type": "volumev3" } } }, "runner": { "constant": { "concurrency": 4, "times": 10 } }, "hooks": [], "sla": { "failure_rate": { "max": 0 } } } ] }
2020-04-13 01:17:01.576 1333 RALLYDEBUG rally_openstack.contexts.keystone.users [-] Creating 3 tenants using 3 threads
2020-04-13 01:17:02.083 1333 RALLYDEBUG rally_openstack.contexts.keystone.users [-] Creating 6 users using 6 threads
2020-04-13 01:17:03.194 1333 INFO rally.task.context [-] Task d344b5a7-0d2e-40dc-a41f-a5fdbcfa4a22 | Context users@openstack setup() finished in 1.62 sec
2020-04-13 01:17:03.343 1333 INFO rally.task.context [-] Task d344b5a7-0d2e-40dc-a41f-a5fdbcfa4a22 | Context api_versions@openstack setup() finished in 0.15 sec
2020-04-13 01:17:03.344 1333 INFO rally.task.context [-] Task d344b5a7-0d2e-40dc-a41f-a5fdbcfa4a22 | Context cleanup@openstack setup() finished in 0.01 msec
2020-04-13 01:17:03.354 1333 RALLYDEBUG rally.task.runner [-] Starting the constant runner (task UUID: d344b5a7-0d2e-40dc-a41f-a5fdbcfa4a22). times: 10 concurrency: 4 timeout: 0 max_cpu_used: 88 processes_to_start: 4 concurrency_per_worker: 1 concurrency_overhead: 0
2020-04-13 01:17:03.366 2679 RALLYDEBUG rally.task.runner [-] Starting a worker. times: 10 duration: None concurrency: 1 timeout: 0 cls: method_name: run args: {"size": 1}
2020-04-13 01:17:03.368 2680 RALLYDEBUG rally.task.runner [-] Starting a worker. times: 10 duration: None concurrency: 1 timeout: 0 cls: method_name: run args: {"size": 1}
2020-04-13 01:17:03.371 2681 RALLYDEBUG rally.task.runner [-] Starting a worker. times: 10 duration: None concurrency: 1 timeout: 0 cls: method_name: run args: {"size": 1}
2020-04-13 01:17:03.373 2682 RALLYDEBUG rally.task.runner [-] Starting a worker. times: 10 duration: None concurrency: 1 timeout: 0 cls: method_name: run args: {"size": 1}
2020-04-13 01:17:03.374 2679 INFO rally.task.runner [-] Task d344b5a7-0d2e-40dc-a41f-a5fdbcfa4a22 | ITER: 1 START
2020-04-13 01:17:03.376 2680 INFO rally.task.runner [-] Task d344b5a7-0d2e-40dc-a41f-a5fdbcfa4a22 | ITER: 2 START
2020-04-13 01:17:03.378 2681 INFO rally.task.runner [-] Task d344b5a7-0d2e-40dc-a41f-a5fdbcfa4a22 | ITER: 3 START
2020-04-13 01:17:03.380 2682 INFO rally.task.runner [-] Task d344b5a7-0d2e-40dc-a41f-a5fdbcfa4a22 | ITER: 4 START
2020-04-13 01:17:06.020 2680 INFO rally.task.runner [-] Task d344b5a7-0d2e-40dc-a41f-a5fdbcfa4a22 | ITER: 2 END: OK
2020-04-13 01:17:06.025 2680 INFO rally.task.runner [-] Task d344b5a7-0d2e-40dc-a41f-a5fdbcfa4a22 | ITER: 5 START
2020-04-13 01:17:06.035 2679 INFO rally.task.runner [-] Task d344b5a7-0d2e-40dc-a41f-a5fdbcfa4a22 | ITER: 1 END: OK
2020-04-13 01:17:06.039 2679 INFO rally.task.runner [-] Task d344b5a7-0d2e-40dc-a41f-a5fdbcfa4a22 | ITER: 6 START
2020-04-13 01:17:06.076 2682 INFO rally.task.runner [-] Task d344b5a7-0d2e-40dc-a41f-a5fdbcfa4a22 | ITER: 4 END: OK
2020-04-13 01:17:06.080 2682 INFO rally.task.runner [-] Task d344b5a7-0d2e-40dc-a41f-a5fdbcfa4a22 | ITER: 7 START
2020-04-13 01:17:06.081 2681 INFO rally.task.runner [-] Task d344b5a7-0d2e-40dc-a41f-a5fdbcfa4a22 | ITER: 3 END: OK
2020-04-13 01:17:06.086 2681 INFO rally.task.runner [-] Task d344b5a7-0d2e-40dc-a41f-a5fdbcfa4a22 | ITER: 8 START
2020-04-13 01:17:08.655 2681 INFO rally.task.runner [-] Task d344b5a7-0d2e-40dc-a41f-a5fdbcfa4a22 | ITER: 8 END: OK
2020-04-13 01:17:08.659 2681 INFO rally.task.runner [-] Task d344b5a7-0d2e-40dc-a41f-a5fdbcfa4a22 | ITER: 9 START
2020-04-13 01:17:08.699 2682 INFO rally.task.runner [-] Task d344b5a7-0d2e-40dc-a41f-a5fdbcfa4a22 | ITER: 7 END: OK
2020-04-13 01:17:08.703 2682 INFO rally.task.runner [-] Task d344b5a7-0d2e-40dc-a41f-a5fdbcfa4a22 | ITER: 10 START
2020-04-13 01:17:08.710 2679 INFO rally.task.runner [-] Task d344b5a7-0d2e-40dc-a41f-a5fdbcfa4a22 | ITER: 6 END: OK
2020-04-13 01:17:08.755 2680 INFO rally.task.runner [-] Task d344b5a7-0d2e-40dc-a41f-a5fdbcfa4a22 | ITER: 5 END: OK
2020-04-13 01:17:11.406 2682 INFO rally.task.runner [-] Task d344b5a7-0d2e-40dc-a41f-a5fdbcfa4a22 | ITER: 10 END: OK
2020-04-13 01:17:11.587 2681 INFO rally.task.runner [-] Task d344b5a7-0d2e-40dc-a41f-a5fdbcfa4a22 | ITER: 9 END: OK
2020-04-13 01:17:11.615 1333 INFO rally.task.context [-] Task d344b5a7-0d2e-40dc-a41f-a5fdbcfa4a22 | Context cleanup@openstack cleanup() started
2020-04-13 01:17:11.619 1333 RALLYDEBUG rally_openstack.cleanup.manager [-] Cleaning up cinder backups objects
2020-04-13 01:17:12.253 1333 RALLYDEBUG rally_openstack.cleanup.manager [-] Cleaning up cinder volume_snapshots objects
2020-04-13 01:17:12.754 1333 RALLYDEBUG rally_openstack.cleanup.manager [-] Cleaning up cinder transfers objects
2020-04-13 01:17:13.208 1333 RALLYDEBUG rally_openstack.cleanup.manager [-] Cleaning up cinder volumes objects
2020-04-13 01:17:13.821 1333 RALLYDEBUG rally_openstack.cleanup.manager [-] Deleting cinder.volumes object s_rally_a33bcadb_CrtF2V0B (18b89da3-5e56-42d7-8fbe-55afea88b3ad)
2020-04-13 01:17:13.839 1333 RALLYDEBUG rally_openstack.cleanup.manager [-] Deleting cinder.volumes object s_rally_a33bcadb_8dvAPqdy (f3bd0958-c17b-48a5-86a7-60fd099fceca)
2020-04-13 01:17:13.845 1333 RALLYDEBUG rally_openstack.cleanup.manager [-] Deleting cinder.volumes object s_rally_a33bcadb_IDEDtjK8 (5c86bcac-dc12-40c6-a9ff-babe30837363)
2020-04-13 01:17:13.850 1333 RALLYDEBUG rally_openstack.cleanup.manager [-] Deleting cinder.volumes object s_rally_a33bcadb_UbXykzSw (d924da96-dc46-42e2-a0ca-310691fe8ddd)
2020-04-13 01:17:13.861 1333 RALLYDEBUG rally_openstack.cleanup.manager [-] Deleting cinder.volumes object s_rally_a33bcadb_5pyKdtJ4 (d212b6f0-02a8-46b9-88e0-8a09cb347569)
2020-04-13 01:17:13.874 1333 RALLYDEBUG rally_openstack.cleanup.manager [-] Deleting cinder.volumes object s_rally_a33bcadb_iDV5wvf3 (a04483bf-9bc5-420f-b34d-f6d6b9f34212)
2020-04-13 01:17:13.891 1333 RALLYDEBUG rally_openstack.cleanup.manager [-] Deleting cinder.volumes object s_rally_a33bcadb_psh9aKGb (35f7da1c-f8d2-45f9-afe7-e9573725c02f)
2020-04-13 01:17:13.897 1333 RALLYDEBUG rally_openstack.cleanup.manager [-] Deleting cinder.volumes object s_rally_a33bcadb_mYc4EPBh (244c2b80-62e4-4fad-81aa-448af1dad791)
2020-04-13 01:17:13.869 1333 RALLYDEBUG rally_openstack.cleanup.manager [-] Deleting cinder.volumes object s_rally_a33bcadb_z883jxRt (2185dfc7-81f1-437d-a90d-04bda7572c68)
2020-04-13 01:17:13.905 1333 RALLYDEBUG rally_openstack.cleanup.manager [-] Deleting cinder.volumes object s_rally_a33bcadb_CuAuiDpe (504b2934-45e9-47ff-abc1-3c87088d5b6e)
2020-04-13 01:17:16.482 1333 INFO rally.task.context [-] Task d344b5a7-0d2e-40dc-a41f-a5fdbcfa4a22 | Context cleanup@openstack cleanup() finished in 4.87 sec
2020-04-13 01:17:16.483 1333 INFO rally.task.context [-] Task d344b5a7-0d2e-40dc-a41f-a5fdbcfa4a22 | Context api_versions@openstack cleanup() started
2020-04-13 01:17:16.483 1333 INFO rally.task.context [-] Task d344b5a7-0d2e-40dc-a41f-a5fdbcfa4a22 | Context api_versions@openstack cleanup() finished in 0.41 msec
2020-04-13 01:17:16.484 1333 INFO rally.task.context [-] Task d344b5a7-0d2e-40dc-a41f-a5fdbcfa4a22 | Context users@openstack cleanup() started
2020-04-13 01:17:16.666 1333 WARNING rally.common.logging [-] `iterate_per_tenants()' is deprecated in v3.0.0: it is openstack specific.. Used at
2020-04-13 01:17:18.853 1333 INFO rally.task.context [-] Task d344b5a7-0d2e-40dc-a41f-a5fdbcfa4a22 | Context users@openstack cleanup() finished in 2.37 sec
2020-04-13 01:17:19.700 1333 INFO rally.task.engine [-] Load duration is: 8.208982
2020-04-13 01:17:19.700 1333 INFO rally.task.engine [-] Full runner duration is: 8.261049
2020-04-13 01:17:19.700 1333 INFO rally.task.engine [-] Full duration is: 17.27893
2020-04-13 01:17:19.759 1333 INFO rally.task.engine [-] Running workload: position = 1 config = { "version": 2, "title": "A cropped version of a bigger task.", "description": "Auto-generated task from a single workload (uuid=18ecdc3c-392c-4093-b757-e57218e78d0b)", "subtasks": [ { "title": "CinderVolumes.create_volume", "description": "Create a volume.", "scenario": { "CinderVolumes.create_volume": { "size": { "min": 1, "max": 1 } } }, "contexts": { "users": { "tenants": 3, "users_per_tenant": 2 }, "quotas": { "cinder": { "gigabytes": -1, "snapshots": -1, "volumes": -1 } }, "api_versions": { "cinder": { "version": 3, "service_type": "volumev3" } } }, "runner": { "constant": { "concurrency": 4, "times": 10 } }, "hooks": [], "sla": { "failure_rate": { "max": 0 } } } ] }
2020-04-13 01:17:19.780 1333 RALLYDEBUG rally_openstack.contexts.keystone.users [-] Creating 3 tenants using 3 threads
2020-04-13 01:17:20.271 1333 RALLYDEBUG rally_openstack.contexts.keystone.users [-] Creating 6 users using 6 threads
2020-04-13 01:17:21.260 1333 INFO rally.task.context [-] Task d344b5a7-0d2e-40dc-a41f-a5fdbcfa4a22 | Context users@openstack setup() finished in 1.48 sec
2020-04-13 01:17:21.387 1333 INFO rally.task.context [-] Task d344b5a7-0d2e-40dc-a41f-a5fdbcfa4a22 | Context api_versions@openstack setup() finished in 0.13 sec
2020-04-13 01:17:21.968 1333 INFO rally.task.context [-] Task d344b5a7-0d2e-40dc-a41f-a5fdbcfa4a22 | Context quotas@openstack setup() finished in 0.58 sec
2020-04-13 01:17:21.970 1333 INFO rally.task.context [-] Task d344b5a7-0d2e-40dc-a41f-a5fdbcfa4a22 | Context cleanup@openstack setup() finished in 0.02 msec
2020-04-13 01:17:21.984 1333 RALLYDEBUG rally.task.runner [-] Starting the constant runner (task UUID: d344b5a7-0d2e-40dc-a41f-a5fdbcfa4a22). times: 10 concurrency: 4 timeout: 0 max_cpu_used: 88 processes_to_start: 4 concurrency_per_worker: 1 concurrency_overhead: 0
2020-04-13 01:17:21.995 2832 RALLYDEBUG rally.task.runner [-] Starting a worker. times: 10 duration: None concurrency: 1 timeout: 0 cls: method_name: run args: {"size": {"min": 1, "max": 1}}
2020-04-13 01:17:21.998 2833 RALLYDEBUG rally.task.runner [-] Starting a worker. times: 10 duration: None concurrency: 1 timeout: 0 cls: method_name: run args: {"size": {"min": 1, "max": 1}}
2020-04-13 01:17:22.000 2834 RALLYDEBUG rally.task.runner [-] Starting a worker. times: 10 duration: None concurrency: 1 timeout: 0 cls: method_name: run args: {"size": {"min": 1, "max": 1}}
2020-04-13 01:17:22.002 2832 INFO rally.task.runner [-] Task d344b5a7-0d2e-40dc-a41f-a5fdbcfa4a22 | ITER: 1 START
2020-04-13 01:17:22.003 2835 RALLYDEBUG rally.task.runner [-] Starting a worker. times: 10 duration: None concurrency: 1 timeout: 0 cls: method_name: run args: {"size": {"min": 1, "max": 1}}
2020-04-13 01:17:22.005 2833 INFO rally.task.runner [-] Task d344b5a7-0d2e-40dc-a41f-a5fdbcfa4a22 | ITER: 2 START
2020-04-13 01:17:22.007 2834 INFO rally.task.runner [-] Task d344b5a7-0d2e-40dc-a41f-a5fdbcfa4a22 | ITER: 3 START
2020-04-13 01:17:22.010 2835 INFO rally.task.runner [-] Task d344b5a7-0d2e-40dc-a41f-a5fdbcfa4a22 | ITER: 4 START
2020-04-13 01:17:24.657 2833 INFO rally.task.runner [-] Task d344b5a7-0d2e-40dc-a41f-a5fdbcfa4a22 | ITER: 2 END: OK
2020-04-13 01:17:24.663 2833 INFO rally.task.runner [-] Task d344b5a7-0d2e-40dc-a41f-a5fdbcfa4a22 | ITER: 5 START
2020-04-13 01:17:24.717 2832 INFO rally.task.runner [-] Task d344b5a7-0d2e-40dc-a41f-a5fdbcfa4a22 | ITER: 1 END: OK
2020-04-13 01:17:24.721 2832 INFO rally.task.runner [-] Task d344b5a7-0d2e-40dc-a41f-a5fdbcfa4a22 | ITER: 6 START
2020-04-13 01:17:24.732 2835 INFO rally.task.runner [-] Task d344b5a7-0d2e-40dc-a41f-a5fdbcfa4a22 | ITER: 4 END: OK
2020-04-13 01:17:24.737 2835 INFO rally.task.runner [-] Task d344b5a7-0d2e-40dc-a41f-a5fdbcfa4a22 | ITER: 7 START
2020-04-13 01:17:25.692 2834 INFO rally.task.runner [-] Task d344b5a7-0d2e-40dc-a41f-a5fdbcfa4a22 | ITER: 3 END: OK
2020-04-13 01:17:25.698 2834 INFO rally.task.runner [-] Task d344b5a7-0d2e-40dc-a41f-a5fdbcfa4a22 | ITER: 8 START
2020-04-13 01:17:27.206 2833 INFO rally.task.runner [-] Task d344b5a7-0d2e-40dc-a41f-a5fdbcfa4a22 | ITER: 5 END: OK
2020-04-13 01:17:27.210 2833 INFO rally.task.runner [-] Task d344b5a7-0d2e-40dc-a41f-a5fdbcfa4a22 | ITER: 9 START
2020-04-13 01:17:27.267 2832 INFO rally.task.runner [-] Task d344b5a7-0d2e-40dc-a41f-a5fdbcfa4a22 | ITER: 6 END: OK
2020-04-13 01:17:27.271 2832 INFO rally.task.runner [-] Task d344b5a7-0d2e-40dc-a41f-a5fdbcfa4a22 | ITER: 10 START
2020-04-13 01:17:27.363 2835 INFO rally.task.runner [-] Task d344b5a7-0d2e-40dc-a41f-a5fdbcfa4a22 | ITER: 7 END: OK
2020-04-13 01:17:28.369 2834 INFO rally.task.runner [-] Task d344b5a7-0d2e-40dc-a41f-a5fdbcfa4a22 | ITER: 8 END: OK
2020-04-13 01:17:29.909 2833 INFO rally.task.runner [-] Task d344b5a7-0d2e-40dc-a41f-a5fdbcfa4a22 | ITER: 9 END: OK
2020-04-13 01:17:30.004 2832 INFO rally.task.runner [-] Task d344b5a7-0d2e-40dc-a41f-a5fdbcfa4a22 | ITER: 10 END: OK
2020-04-13 01:17:30.025 1333 INFO rally.task.context [-] Task d344b5a7-0d2e-40dc-a41f-a5fdbcfa4a22 | Context cleanup@openstack cleanup() started
2020-04-13 01:17:30.030 1333 RALLYDEBUG rally_openstack.cleanup.manager [-] Cleaning up cinder backups objects
2020-04-13 01:17:30.807 1333 RALLYDEBUG rally_openstack.cleanup.manager [-] Cleaning up cinder volume_snapshots objects
2020-04-13 01:17:31.241 1333 RALLYDEBUG rally_openstack.cleanup.manager [-] Cleaning up cinder transfers objects
2020-04-13 01:17:31.729 1333 RALLYDEBUG rally_openstack.cleanup.manager [-] Cleaning up cinder volumes objects
2020-04-13 01:17:32.273 1333 RALLYDEBUG rally_openstack.cleanup.manager [-] Deleting cinder.volumes object s_rally_18ecdc3c_TJEaEodI (f2c45061-a4c1-4c29-b9dc-36514f646b7c)
2020-04-13 01:17:32.280 1333 RALLYDEBUG rally_openstack.cleanup.manager [-] Deleting cinder.volumes object s_rally_18ecdc3c_KkgivtD1 (9bff21ec-2371-4e19-8bc4-027d40a8460e)
2020-04-13 01:17:32.294 1333 RALLYDEBUG rally_openstack.cleanup.manager [-] Deleting cinder.volumes object s_rally_18ecdc3c_uehFxP3R (a9bf746c-cd46-41a8-b91b-7167669dfba7)
2020-04-13 01:17:32.300 1333 RALLYDEBUG rally_openstack.cleanup.manager [-] Deleting cinder.volumes object s_rally_18ecdc3c_CAGtOfdY (12bd4f8b-0a82-42c0-b4c5-cc90ec539da1)
2020-04-13 01:17:32.342 1333 RALLYDEBUG rally_openstack.cleanup.manager [-] Deleting cinder.volumes object s_rally_18ecdc3c_St8mDjzA (cab7ed41-7179-4f8b-b3f1-23a1733569e8)
2020-04-13 01:17:32.342 1333 RALLYDEBUG rally_openstack.cleanup.manager [-] Deleting cinder.volumes object s_rally_18ecdc3c_FotNJQEW (65f28f16-7dda-434f-a60a-d5112ab2600f)
2020-04-13 01:17:32.354 1333 RALLYDEBUG rally_openstack.cleanup.manager [-] Deleting cinder.volumes object s_rally_18ecdc3c_wosJYIqM (2c623674-93e4-4b5b-82df-a363be6a8f5f)
2020-04-13 01:17:32.361 1333 RALLYDEBUG rally_openstack.cleanup.manager [-] Deleting cinder.volumes object s_rally_18ecdc3c_TgdPPrVz (e90a8829-be56-4528-9b10-e5c67b358cbf)
2020-04-13 01:17:32.362 1333 RALLYDEBUG rally_openstack.cleanup.manager [-] Deleting cinder.volumes object s_rally_18ecdc3c_GqkDiKts (cf32494e-fb37-4f72-9253-0f57058bbc5b)
2020-04-13 01:17:32.371 1333 RALLYDEBUG rally_openstack.cleanup.manager [-] Deleting cinder.volumes object s_rally_18ecdc3c_vmSHaOw8 (d05873ae-31d8-4ffc-a9ca-8fd7fe8defef)
2020-04-13 01:17:35.015 1333 INFO rally.task.context [-] Task d344b5a7-0d2e-40dc-a41f-a5fdbcfa4a22 | Context cleanup@openstack cleanup() finished in 4.99 sec
2020-04-13 01:17:35.016 1333 INFO rally.task.context [-] Task d344b5a7-0d2e-40dc-a41f-a5fdbcfa4a22 | Context quotas@openstack cleanup() started
2020-04-13 01:17:35.107 1333 INFO rally.task.context [-] Task d344b5a7-0d2e-40dc-a41f-a5fdbcfa4a22 | Context quotas@openstack cleanup() finished in 90.57 msec
2020-04-13 01:17:35.107 1333 INFO rally.task.context [-] Task d344b5a7-0d2e-40dc-a41f-a5fdbcfa4a22 | Context api_versions@openstack cleanup() started
2020-04-13 01:17:35.108 1333 INFO rally.task.context [-] Task d344b5a7-0d2e-40dc-a41f-a5fdbcfa4a22 | Context api_versions@openstack cleanup() finished in 0.37 msec
2020-04-13 01:17:35.108 1333 INFO rally.task.context [-] Task d344b5a7-0d2e-40dc-a41f-a5fdbcfa4a22 | Context users@openstack cleanup() started
2020-04-13 01:17:35.307 1333 WARNING rally.common.logging [-] `iterate_per_tenants()' is deprecated in v3.0.0: it is openstack specific.. Used at
2020-04-13 01:17:38.862 1333 INFO rally.task.context [-] Task d344b5a7-0d2e-40dc-a41f-a5fdbcfa4a22 | Context users@openstack cleanup() finished in 3.75 sec
2020-04-13 01:17:39.934 1333 INFO rally.task.engine [-] Load duration is: 7.998322
2020-04-13 01:17:39.934 1333 INFO rally.task.engine [-] Full runner duration is: 8.041936
2020-04-13 01:17:39.935 1333 INFO rally.task.engine [-] Full duration is: 19.08638
2020-04-13 01:17:40.024 1333 INFO rally.task.engine [-] Running workload: position = 0 config = { "version": 2, "title": "A cropped version of a bigger task.", "description": "Auto-generated task from a single workload (uuid=2b84fd68-4561-4412-999c-de1c4c32ee28)", "subtasks": [ { "title": "CinderVolumes.list_volumes", "description": "List all volumes.", "scenario": { "CinderVolumes.list_volumes": { "detailed": true } }, "contexts": { "users": { "tenants": 3, "users_per_tenant": 2 }, "quotas": { "cinder": { "gigabytes": -1, "snapshots": -1, "volumes": -1 } }, "api_versions": { "cinder": { "version": 3, "service_type": "volumev3" } }, "volumes": { "size": 1, "volumes_per_tenant": 4 } }, "runner": { "constant": { "concurrency": 4, "times": 10 } }, "hooks": [], "sla": { "failure_rate": { "max": 0 } } } ] }
2020-04-13 01:17:40.049 1333 RALLYDEBUG rally_openstack.contexts.keystone.users [-] Creating 3 tenants using 3 threads
2020-04-13 01:17:40.520 1333 RALLYDEBUG rally_openstack.contexts.keystone.users [-] Creating 6 users using 6 threads
2020-04-13 01:17:41.546 1333 INFO rally.task.context [-] Task d344b5a7-0d2e-40dc-a41f-a5fdbcfa4a22 | Context users@openstack setup() finished in 1.50 sec
2020-04-13 01:17:41.685 1333 INFO rally.task.context [-] Task d344b5a7-0d2e-40dc-a41f-a5fdbcfa4a22 | Context api_versions@openstack setup() finished in 0.14 sec
2020-04-13 01:17:42.253 1333 INFO rally.task.context [-] Task d344b5a7-0d2e-40dc-a41f-a5fdbcfa4a22 | Context quotas@openstack setup() finished in 0.57 sec
2020-04-13 01:17:42.254 1333 WARNING rally.common.logging [-] `iterate_per_tenants()' is deprecated in v3.0.0: it is openstack specific.. Used at
2020-04-13 01:18:12.142 1333 INFO rally.task.context [-] Task d344b5a7-0d2e-40dc-a41f-a5fdbcfa4a22 | Context volumes@openstack setup() finished in 29.89 sec
2020-04-13 01:18:12.154 1333 RALLYDEBUG rally.task.runner [-] Starting the constant runner (task UUID: d344b5a7-0d2e-40dc-a41f-a5fdbcfa4a22). times: 10 concurrency: 4 timeout: 0 max_cpu_used: 88 processes_to_start: 4 concurrency_per_worker: 1 concurrency_overhead: 0
2020-04-13 01:18:12.166 2985 RALLYDEBUG rally.task.runner [-] Starting a worker. times: 10 duration: None concurrency: 1 timeout: 0 cls: method_name: run args: {"detailed": true}
2020-04-13 01:18:12.169 2986 RALLYDEBUG rally.task.runner [-] Starting a worker. times: 10 duration: None concurrency: 1 timeout: 0 cls: method_name: run args: {"detailed": true}
2020-04-13 01:18:12.171 2987 RALLYDEBUG rally.task.runner [-] Starting a worker. times: 10 duration: None concurrency: 1 timeout: 0 cls: method_name: run args: {"detailed": true}
2020-04-13 01:18:12.172 2985 INFO rally.task.runner [-] Task d344b5a7-0d2e-40dc-a41f-a5fdbcfa4a22 | ITER: 1 START
2020-04-13 01:18:12.173 2988 RALLYDEBUG rally.task.runner [-] Starting a worker. times: 10 duration: None concurrency: 1 timeout: 0 cls: method_name: run args: {"detailed": true}
2020-04-13 01:18:12.177 2986 INFO rally.task.runner [-] Task d344b5a7-0d2e-40dc-a41f-a5fdbcfa4a22 | ITER: 2 START
2020-04-13 01:18:12.179 2987 INFO rally.task.runner [-] Task d344b5a7-0d2e-40dc-a41f-a5fdbcfa4a22 | ITER: 3 START
2020-04-13 01:18:12.181 2988 INFO rally.task.runner [-] Task d344b5a7-0d2e-40dc-a41f-a5fdbcfa4a22 | ITER: 4 START
2020-04-13 01:18:12.373 2985 INFO rally.task.runner [-] Task d344b5a7-0d2e-40dc-a41f-a5fdbcfa4a22 | ITER: 1 END: OK
2020-04-13 01:18:12.378 2985 INFO rally.task.runner [-] Task d344b5a7-0d2e-40dc-a41f-a5fdbcfa4a22 | ITER: 5 START
2020-04-13 01:18:12.381 2988 INFO rally.task.runner [-] Task d344b5a7-0d2e-40dc-a41f-a5fdbcfa4a22 | ITER: 4 END: OK
2020-04-13 01:18:12.386 2988 INFO rally.task.runner [-] Task d344b5a7-0d2e-40dc-a41f-a5fdbcfa4a22 | ITER: 6 START
2020-04-13 01:18:12.476 2987 INFO rally.task.runner [-] Task d344b5a7-0d2e-40dc-a41f-a5fdbcfa4a22 | ITER: 3 END: OK
2020-04-13 01:18:12.482 2987 INFO rally.task.runner [-] Task d344b5a7-0d2e-40dc-a41f-a5fdbcfa4a22 | ITER: 7 START
2020-04-13 01:18:12.486 2986 INFO rally.task.runner [-] Task d344b5a7-0d2e-40dc-a41f-a5fdbcfa4a22 | ITER: 2 END: OK
2020-04-13 01:18:12.490 2986 INFO rally.task.runner [-] Task d344b5a7-0d2e-40dc-a41f-a5fdbcfa4a22 | ITER: 8 START
2020-04-13 01:18:12.572 2985 INFO rally.task.runner [-] Task d344b5a7-0d2e-40dc-a41f-a5fdbcfa4a22 | ITER: 5 END: OK
2020-04-13 01:18:12.578 2985 INFO rally.task.runner [-] Task d344b5a7-0d2e-40dc-a41f-a5fdbcfa4a22 | ITER: 9 START
2020-04-13 01:18:12.580 2988 INFO rally.task.runner [-] Task d344b5a7-0d2e-40dc-a41f-a5fdbcfa4a22 | ITER: 6 END: OK
2020-04-13 01:18:12.586 2988 INFO rally.task.runner [-] Task d344b5a7-0d2e-40dc-a41f-a5fdbcfa4a22 | ITER: 10 START
2020-04-13 01:18:12.680 2987 INFO rally.task.runner [-] Task d344b5a7-0d2e-40dc-a41f-a5fdbcfa4a22 | ITER: 7 END: OK
2020-04-13 01:18:12.695 2986 INFO rally.task.runner [-] Task d344b5a7-0d2e-40dc-a41f-a5fdbcfa4a22 | ITER: 8 END: OK
2020-04-13 01:18:12.756 2985 INFO rally.task.runner [-] Task d344b5a7-0d2e-40dc-a41f-a5fdbcfa4a22 | ITER: 9 END: OK
2020-04-13 01:18:12.777 2988 INFO rally.task.runner [-] Task d344b5a7-0d2e-40dc-a41f-a5fdbcfa4a22 | ITER: 10 END: OK
2020-04-13 01:18:12.799 1333 INFO rally.task.context [-] Task d344b5a7-0d2e-40dc-a41f-a5fdbcfa4a22 | Context volumes@openstack cleanup() started
2020-04-13 01:18:12.801 1333 RALLYDEBUG rally_openstack.cleanup.manager [-] Cleaning up cinder volumes objects
2020-04-13 01:18:13.362 1333 RALLYDEBUG rally_openstack.cleanup.manager [-] Deleting cinder.volumes object c_rally_2b84fd68_ogYlFdkw (150ca711-4e71-419f-92df-8101fa90211f)
2020-04-13 01:18:13.371 1333 RALLYDEBUG rally_openstack.cleanup.manager [-] Deleting cinder.volumes object c_rally_2b84fd68_ufrEGaD1 (261e2a11-5371-4fb7-a921-476c0db75919)
2020-04-13 01:18:13.372 1333 RALLYDEBUG rally_openstack.cleanup.manager [-] Deleting cinder.volumes object c_rally_2b84fd68_jYcdfAFJ (98ecd49a-734b-4e62-9d30-0a33b118ec41)
2020-04-13 01:18:13.378 1333 RALLYDEBUG rally_openstack.cleanup.manager [-] Deleting cinder.volumes object c_rally_2b84fd68_sjY6QfxV (d7dc12ea-1dcc-42df-8507-93fd69c57bef)
2020-04-13 01:18:13.380 1333 RALLYDEBUG rally_openstack.cleanup.manager [-] Deleting cinder.volumes object c_rally_2b84fd68_ySB457AT (2ee6e6b1-b5ff-470a-b366-4598d3877f1e)
2020-04-13 01:18:13.387 1333 RALLYDEBUG rally_openstack.cleanup.manager [-] Deleting cinder.volumes object c_rally_2b84fd68_jG5rNlrj (3291e922-b392-40de-a7fa-a63c1110450d)
2020-04-13 01:18:13.393 1333 RALLYDEBUG rally_openstack.cleanup.manager [-] Deleting cinder.volumes object c_rally_2b84fd68_RUfnMSDH (13b68fa0-91d0-4d82-8b89-3047f50b1f01)
2020-04-13 01:18:13.396 1333 RALLYDEBUG rally_openstack.cleanup.manager [-] Deleting cinder.volumes object c_rally_2b84fd68_UHFGFFn2 (86d30297-1769-44da-aced-15ed10f85e4a)
2020-04-13 01:18:13.405 1333 RALLYDEBUG rally_openstack.cleanup.manager [-] Deleting cinder.volumes object c_rally_2b84fd68_UX9z9SLz (9600b0dd-87cb-4c9d-a048-89a27f2f4dbb)
2020-04-13 01:18:13.407 1333 RALLYDEBUG rally_openstack.cleanup.manager [-] Deleting cinder.volumes object c_rally_2b84fd68_9NA3s56u (e63f4032-4135-4e98-95bf-9888eaed89a5)
2020-04-13 01:18:13.422 1333 RALLYDEBUG rally_openstack.cleanup.manager [-] Deleting cinder.volumes object c_rally_2b84fd68_HmK15OMC (e5c5984a-7e6e-4075-9ac4-097b4c7da740)
2020-04-13 01:18:13.430 1333 RALLYDEBUG rally_openstack.cleanup.manager [-] Deleting cinder.volumes object c_rally_2b84fd68_Lu1UNXla (4a3eb332-4f2a-4e83-80bc-dcdc85f4b896)
2020-04-13 01:18:17.195 1333 INFO rally.task.context [-] Task d344b5a7-0d2e-40dc-a41f-a5fdbcfa4a22 | Context volumes@openstack cleanup() finished in 4.40 sec
2020-04-13 01:18:17.196 1333 INFO rally.task.context [-] Task d344b5a7-0d2e-40dc-a41f-a5fdbcfa4a22 | Context quotas@openstack cleanup() started
2020-04-13 01:18:17.287 1333 INFO rally.task.context [-] Task d344b5a7-0d2e-40dc-a41f-a5fdbcfa4a22 | Context quotas@openstack cleanup() finished in 91.00 msec
2020-04-13 01:18:17.287 1333 INFO rally.task.context [-] Task d344b5a7-0d2e-40dc-a41f-a5fdbcfa4a22 | Context api_versions@openstack cleanup() started
2020-04-13 01:18:17.288 1333 INFO rally.task.context [-] Task d344b5a7-0d2e-40dc-a41f-a5fdbcfa4a22 | Context api_versions@openstack cleanup() finished in 0.40 msec
2020-04-13 01:18:17.288 1333 INFO rally.task.context [-] Task d344b5a7-0d2e-40dc-a41f-a5fdbcfa4a22 | Context users@openstack cleanup() started
2020-04-13 01:18:17.477 1333 WARNING rally.common.logging [-] `iterate_per_tenants()' is deprecated in v3.0.0: it is openstack specific.. Used at
2020-04-13 01:18:20.641 1333 INFO rally.task.context [-] Task d344b5a7-0d2e-40dc-a41f-a5fdbcfa4a22 | Context users@openstack cleanup() finished in 3.35 sec
2020-04-13 01:18:22.294 1333 INFO rally.task.engine [-] Load duration is: 0.599658
2020-04-13 01:18:22.295 1333 INFO rally.task.engine [-] Full runner duration is: 0.645711
2020-04-13 01:18:22.295 1333 INFO rally.task.engine [-] Full duration is: 40.594374
2020-04-13 01:18:22.385 1333 INFO rally.task.engine [-] Running workload: position = 0 config = { "version": 2, "title": "A cropped version of a bigger task.", "description": "Auto-generated task from a single workload (uuid=d5d2d9c4-9ee6-461d-b282-278a2504af3d)", "subtasks": [ { "title": "CinderVolumes.create_and_delete_snapshot", "description": "Create and then delete a volume-snapshot.", "scenario": { "CinderVolumes.create_and_delete_snapshot": { "force": false } }, "contexts": { "users": { "tenants": 3, "users_per_tenant": 2 }, "quotas": { "cinder": { "gigabytes": -1, "snapshots": -1, "volumes": -1 } }, "api_versions": { "cinder": { "version": 3, "service_type": "volumev3" } }, "volumes": { "size": 1, "volumes_per_tenant": 1 } }, "runner": { "constant": { "concurrency": 4, "times": 10 } }, "hooks": [], "sla": { "failure_rate": { "max": 0 } } } ] }
2020-04-13 01:18:22.410 1333 RALLYDEBUG rally_openstack.contexts.keystone.users [-] Creating 3 tenants using 3 threads
2020-04-13 01:18:22.961 1333 RALLYDEBUG rally_openstack.contexts.keystone.users [-] Creating 6 users using 6 threads
2020-04-13 01:18:24.014 1333 INFO rally.task.context [-] Task d344b5a7-0d2e-40dc-a41f-a5fdbcfa4a22 | Context users@openstack setup() finished in 1.60 sec
2020-04-13 01:18:24.166 1333 INFO rally.task.context [-] Task d344b5a7-0d2e-40dc-a41f-a5fdbcfa4a22 | Context api_versions@openstack setup() finished in 0.15 sec
2020-04-13 01:18:24.790 1333 INFO rally.task.context [-] Task d344b5a7-0d2e-40dc-a41f-a5fdbcfa4a22 | Context quotas@openstack setup() finished in 0.62 sec
2020-04-13 01:18:24.792 1333 WARNING rally.common.logging [-] `iterate_per_tenants()' is deprecated in v3.0.0: it is openstack specific.. Used at
2020-04-13 01:18:32.780 1333 INFO rally.task.context [-] Task d344b5a7-0d2e-40dc-a41f-a5fdbcfa4a22 | Context volumes@openstack setup() finished in 7.99 sec
2020-04-13 01:18:32.781 1333 INFO rally.task.context [-] Task d344b5a7-0d2e-40dc-a41f-a5fdbcfa4a22 | Context cleanup@openstack setup() finished in 0.00 msec
2020-04-13 01:18:32.792 1333 RALLYDEBUG rally.task.runner [-] Starting the constant runner (task UUID: d344b5a7-0d2e-40dc-a41f-a5fdbcfa4a22). times: 10 concurrency: 4 timeout: 0 max_cpu_used: 88 processes_to_start: 4 concurrency_per_worker: 1 concurrency_overhead: 0
2020-04-13 01:18:32.803 3078 RALLYDEBUG rally.task.runner [-] Starting a worker. times: 10 duration: None concurrency: 1 timeout: 0 cls: method_name: run args: {"force": false}
2020-04-13 01:18:32.805 3079 RALLYDEBUG rally.task.runner [-] Starting a worker. times: 10 duration: None concurrency: 1 timeout: 0 cls: method_name: run args: {"force": false}
2020-04-13 01:18:32.808 3080 RALLYDEBUG rally.task.runner [-] Starting a worker. times: 10 duration: None concurrency: 1 timeout: 0 cls: method_name: run args: {"force": false}
2020-04-13 01:18:32.810 3078 INFO rally.task.runner [-] Task d344b5a7-0d2e-40dc-a41f-a5fdbcfa4a22 | ITER: 1 START
2020-04-13 01:18:32.811 3081 RALLYDEBUG rally.task.runner [-] Starting a worker. times: 10 duration: None concurrency: 1 timeout: 0 cls: method_name: run args: {"force": false}
2020-04-13 01:18:32.813 3079 INFO rally.task.runner [-] Task d344b5a7-0d2e-40dc-a41f-a5fdbcfa4a22 | ITER: 2 START
2020-04-13 01:18:32.815 3080 INFO rally.task.runner [-] Task d344b5a7-0d2e-40dc-a41f-a5fdbcfa4a22 | ITER: 3 START
2020-04-13 01:18:32.818 3081 INFO rally.task.runner [-] Task d344b5a7-0d2e-40dc-a41f-a5fdbcfa4a22 | ITER: 4 START
2020-04-13 01:18:35.366 3079 RALLYDEBUG rally.task.utils [-] Waiting for resource s_rally_d5d2d9c4_uQuS1w9f. Status changed: AVAILABLE => DELETING in 0.04056668281555176
2020-04-13 01:18:35.436 3081 RALLYDEBUG rally.task.utils [-] Waiting for resource s_rally_d5d2d9c4_axEuCOYH. Status changed: AVAILABLE => DELETING in 0.03757834434509277
2020-04-13 01:18:36.366 3078 RALLYDEBUG rally.task.utils [-] Waiting for resource s_rally_d5d2d9c4_9zmxLLXJ. Status changed: AVAILABLE => DELETING in 0.03763556480407715
2020-04-13 01:18:37.248 3080 RALLYDEBUG rally.task.utils [-] Waiting for resource s_rally_d5d2d9c4_6fCXa3xX. Status changed: CREATING => AVAILABLE in 2.1214277744293213
2020-04-13 01:18:37.375 3080 RALLYDEBUG rally.task.utils [-] Waiting for resource s_rally_d5d2d9c4_6fCXa3xX. Status changed: AVAILABLE => DELETING in 0.040955305099487305
2020-04-13 01:18:37.408 3079 INFO rally.task.runner [-] Task d344b5a7-0d2e-40dc-a41f-a5fdbcfa4a22 | ITER: 2 END: OK
2020-04-13 01:18:37.413 3079 INFO rally.task.runner [-] Task d344b5a7-0d2e-40dc-a41f-a5fdbcfa4a22 | ITER: 5 START
2020-04-13 01:18:37.476 3081 INFO rally.task.runner [-] Task d344b5a7-0d2e-40dc-a41f-a5fdbcfa4a22 | ITER: 4 END: OK
2020-04-13 01:18:37.481 3081 INFO rally.task.runner [-] Task d344b5a7-0d2e-40dc-a41f-a5fdbcfa4a22 | ITER: 6 START
2020-04-13 01:18:38.405 3078 INFO rally.task.runner [-] Task d344b5a7-0d2e-40dc-a41f-a5fdbcfa4a22 | ITER: 1 END: OK
2020-04-13 01:18:38.411 3078 INFO rally.task.runner [-] Task d344b5a7-0d2e-40dc-a41f-a5fdbcfa4a22 | ITER: 7 START
2020-04-13 01:18:39.413 3080 INFO rally.task.runner [-] Task d344b5a7-0d2e-40dc-a41f-a5fdbcfa4a22 | ITER: 3 END: OK
2020-04-13 01:18:39.419 3080 INFO rally.task.runner [-] Task d344b5a7-0d2e-40dc-a41f-a5fdbcfa4a22 | ITER: 8 START
2020-04-13 01:18:39.920 3079 RALLYDEBUG rally.task.utils [-] Waiting for resource s_rally_d5d2d9c4_meOWFbFe. Status changed: AVAILABLE => DELETING in 0.03527522087097168
2020-04-13 01:18:39.991 3081 RALLYDEBUG rally.task.utils [-] Waiting for resource s_rally_d5d2d9c4_J6GgUBzH. Status changed: AVAILABLE => DELETING in 0.035277605056762695
2020-04-13 01:18:41.016 3078 RALLYDEBUG rally.task.utils [-] Waiting for resource s_rally_d5d2d9c4_jJgLKjmZ. Status changed: AVAILABLE => DELETING in 0.04741501808166504
2020-04-13 01:18:41.932 3080 RALLYDEBUG rally.task.utils [-] Waiting for resource s_rally_d5d2d9c4_L23bJs6G. Status changed: AVAILABLE => DELETING in 0.03868222236633301
2020-04-13 01:18:41.948 3079 INFO rally.task.runner [-] Task d344b5a7-0d2e-40dc-a41f-a5fdbcfa4a22 | ITER: 5 END: OK
2020-04-13 01:18:41.951 3079 INFO rally.task.runner [-] Task d344b5a7-0d2e-40dc-a41f-a5fdbcfa4a22 | ITER: 9 START
2020-04-13 01:18:42.031 3081 INFO rally.task.runner [-] Task d344b5a7-0d2e-40dc-a41f-a5fdbcfa4a22 | ITER: 6 END: OK
2020-04-13 01:18:42.036 3081 INFO rally.task.runner [-] Task d344b5a7-0d2e-40dc-a41f-a5fdbcfa4a22 | ITER: 10 START
2020-04-13 01:18:43.056 3078 INFO rally.task.runner [-] Task d344b5a7-0d2e-40dc-a41f-a5fdbcfa4a22 | ITER: 7 END: OK
2020-04-13 01:18:43.977 3080 INFO rally.task.runner [-] Task d344b5a7-0d2e-40dc-a41f-a5fdbcfa4a22 | ITER: 8 END: OK
2020-04-13 01:18:44.505 3079 RALLYDEBUG rally.task.utils [-] Waiting for resource s_rally_d5d2d9c4_qg4Wy4En. Status changed: AVAILABLE => DELETING in 0.03863978385925293
2020-04-13 01:18:44.541 3081 RALLYDEBUG rally.task.utils [-] Waiting for resource s_rally_d5d2d9c4_mS2YdNbW. Status changed: AVAILABLE => DELETING in 0.03902745246887207
2020-04-13 01:18:46.540 3079 INFO rally.task.runner [-] Task d344b5a7-0d2e-40dc-a41f-a5fdbcfa4a22 | ITER: 9 END: OK
2020-04-13 01:18:46.581 3081 INFO rally.task.runner [-] Task d344b5a7-0d2e-40dc-a41f-a5fdbcfa4a22 | ITER: 10 END: OK
2020-04-13 01:18:46.609 1333 INFO rally.task.context [-] Task d344b5a7-0d2e-40dc-a41f-a5fdbcfa4a22 | Context cleanup@openstack cleanup() started
2020-04-13 01:18:46.616 1333 RALLYDEBUG rally_openstack.cleanup.manager [-] Cleaning up cinder backups objects
2020-04-13 01:18:47.103 1333 RALLYDEBUG rally_openstack.cleanup.manager [-] Cleaning up cinder volume_snapshots objects
2020-04-13 01:18:47.587 1333 RALLYDEBUG rally_openstack.cleanup.manager [-] Cleaning up cinder transfers objects
2020-04-13 01:18:48.050 1333 RALLYDEBUG rally_openstack.cleanup.manager [-] Cleaning up cinder volumes objects
2020-04-13 01:18:48.628 1333 INFO rally.task.context [-] Task d344b5a7-0d2e-40dc-a41f-a5fdbcfa4a22 | Context cleanup@openstack cleanup() finished in 2.02 sec
2020-04-13 01:18:48.628 1333 INFO rally.task.context [-] Task d344b5a7-0d2e-40dc-a41f-a5fdbcfa4a22 | Context volumes@openstack cleanup() started
2020-04-13 01:18:48.630 1333 RALLYDEBUG rally_openstack.cleanup.manager [-] Cleaning up cinder volumes objects
2020-04-13 01:18:49.233 1333 RALLYDEBUG rally_openstack.cleanup.manager [-] Deleting cinder.volumes object c_rally_d5d2d9c4_xCp9CWD6 (867fc301-eb57-4277-9197-b95e477f3b9d)
2020-04-13 01:18:49.236 1333 RALLYDEBUG rally_openstack.cleanup.manager [-] Deleting cinder.volumes object c_rally_d5d2d9c4_3N8qIA2u (30d51bd9-4844-4fdb-a1dc-60bbca353d67)
2020-04-13 01:18:49.249 1333 RALLYDEBUG rally_openstack.cleanup.manager [-] Deleting cinder.volumes object c_rally_d5d2d9c4_0i5NAW1b (be1f202c-7d53-46e8-82f6-bdd2d779a66e)
2020-04-13 01:18:51.654 1333 INFO rally.task.context [-] Task d344b5a7-0d2e-40dc-a41f-a5fdbcfa4a22 | Context volumes@openstack cleanup() finished in 3.03 sec
2020-04-13 01:18:51.655 1333 INFO rally.task.context [-] Task d344b5a7-0d2e-40dc-a41f-a5fdbcfa4a22 | Context quotas@openstack cleanup() started
2020-04-13 01:18:51.735 1333 INFO rally.task.context [-] Task d344b5a7-0d2e-40dc-a41f-a5fdbcfa4a22 | Context quotas@openstack cleanup() finished in 79.69 msec
2020-04-13 01:18:51.735 1333 INFO rally.task.context [-] Task d344b5a7-0d2e-40dc-a41f-a5fdbcfa4a22 | Context api_versions@openstack cleanup() started
2020-04-13 01:18:51.736 1333 INFO rally.task.context [-] Task d344b5a7-0d2e-40dc-a41f-a5fdbcfa4a22 | Context api_versions@openstack cleanup() finished in 0.39 msec
2020-04-13 01:18:51.736 1333 INFO rally.task.context [-] Task d344b5a7-0d2e-40dc-a41f-a5fdbcfa4a22 | Context users@openstack cleanup() started
2020-04-13 01:18:51.928 1333 WARNING rally.common.logging [-] `iterate_per_tenants()' is deprecated in v3.0.0: it is openstack specific.. Used at
2020-04-13 01:18:54.984 1333 INFO rally.task.context [-] Task d344b5a7-0d2e-40dc-a41f-a5fdbcfa4a22 | Context users@openstack cleanup() finished in 3.25 sec
2020-04-13 01:18:56.622 1333 INFO rally.task.engine [-] Load duration is: 13.765841
2020-04-13 01:18:56.622 1333 INFO rally.task.engine [-] Full runner duration is: 13.817273
2020-04-13 01:18:56.622 1333 INFO rally.task.engine [-] Full duration is: 32.576311
2020-04-13 01:18:56.719 1333 INFO rally.task.engine [-] Running workload: position = 0 config = { "version": 2, "title": "A cropped version of a bigger task.", "description": "Auto-generated task from a single workload (uuid=f94420a2-6921-4fab-bcad-84be13ffd555)", "subtasks": [ { "title": "CinderVolumes.create_and_delete_volume", "description": "Create and then delete a volume.", "scenario": { "CinderVolumes.create_and_delete_volume": { "size": { "max": 1, "min": 1 } } }, "contexts": { "users": { "tenants": 3, "users_per_tenant": 2 }, "quotas": { "cinder": { "gigabytes": -1, "snapshots": -1, "volumes": -1 } }, "api_versions": { "cinder": { "version": 3, "service_type": "volumev3" } } }, "runner": { "constant": { "concurrency": 4, "times": 10 } }, "hooks": [], "sla": { "failure_rate": { "max": 0 } } } ] }
2020-04-13 01:18:56.741 1333 RALLYDEBUG rally_openstack.contexts.keystone.users [-] Creating 3 tenants using 3 threads
2020-04-13 01:18:57.208 1333 RALLYDEBUG rally_openstack.contexts.keystone.users [-] Creating 6 users using 6 threads
2020-04-13 01:18:58.162 1333 INFO rally.task.context [-] Task d344b5a7-0d2e-40dc-a41f-a5fdbcfa4a22 | Context users@openstack setup() finished in 1.42 sec
2020-04-13 01:18:58.307 1333 INFO rally.task.context [-] Task d344b5a7-0d2e-40dc-a41f-a5fdbcfa4a22 | Context api_versions@openstack setup() finished in 0.14 sec
2020-04-13 01:18:58.888 1333 INFO rally.task.context [-] Task d344b5a7-0d2e-40dc-a41f-a5fdbcfa4a22 | Context quotas@openstack setup() finished in 0.58 sec
2020-04-13 01:18:58.888 1333 INFO rally.task.context [-] Task d344b5a7-0d2e-40dc-a41f-a5fdbcfa4a22 | Context cleanup@openstack setup() finished in 0.02 msec
2020-04-13 01:18:58.900 1333 RALLYDEBUG rally.task.runner [-] Starting the constant runner (task UUID: d344b5a7-0d2e-40dc-a41f-a5fdbcfa4a22). times: 10 concurrency: 4 timeout: 0 max_cpu_used: 88 processes_to_start: 4 concurrency_per_worker: 1 concurrency_overhead: 0
2020-04-13 01:18:58.912 3251 RALLYDEBUG rally.task.runner [-] Starting a worker. times: 10 duration: None concurrency: 1 timeout: 0 cls: method_name: run args: {"size": {"max": 1, "min": 1}}
2020-04-13 01:18:58.914 3252 RALLYDEBUG rally.task.runner [-] Starting a worker. times: 10 duration: None concurrency: 1 timeout: 0 cls: method_name: run args: {"size": {"max": 1, "min": 1}}
2020-04-13 01:18:58.917 3253 RALLYDEBUG rally.task.runner [-] Starting a worker. times: 10 duration: None concurrency: 1 timeout: 0 cls: method_name: run args: {"size": {"max": 1, "min": 1}}
2020-04-13 01:18:58.919 3251 INFO rally.task.runner [-] Task d344b5a7-0d2e-40dc-a41f-a5fdbcfa4a22 | ITER: 1 START
2020-04-13 01:18:58.921 3252 INFO rally.task.runner [-] Task d344b5a7-0d2e-40dc-a41f-a5fdbcfa4a22 | ITER: 2 START
2020-04-13 01:18:58.920 3254 RALLYDEBUG rally.task.runner [-] Starting a worker. times: 10 duration: None concurrency: 1 timeout: 0 cls: method_name: run args: {"size": {"max": 1, "min": 1}}
2020-04-13 01:18:58.924 3253 INFO rally.task.runner [-] Task d344b5a7-0d2e-40dc-a41f-a5fdbcfa4a22 | ITER: 3 START
2020-04-13 01:18:58.927 3254 INFO rally.task.runner [-] Task d344b5a7-0d2e-40dc-a41f-a5fdbcfa4a22 | ITER: 4 START
2020-04-13 01:19:01.763 3252 RALLYDEBUG rally.task.utils [-] Waiting for resource s_rally_f94420a2_57zjqn5m. Status changed: AVAILABLE => DELETING in 0.0722043514251709
2020-04-13 01:19:01.768 3253 RALLYDEBUG rally.task.utils [-] Waiting for resource s_rally_f94420a2_9nVW7EbO. Status changed: AVAILABLE => DELETING in 0.07164478302001953
2020-04-13 01:19:01.795 3251 RALLYDEBUG rally.task.utils [-] Waiting for resource s_rally_f94420a2_x0Rulhwn. Status changed: AVAILABLE => DELETING in 0.08133411407470703
2020-04-13 01:19:01.912 3254 RALLYDEBUG rally.task.utils [-] Waiting for resource s_rally_f94420a2_epAGzXRg. Status changed: AVAILABLE => DELETING in 0.07543110847473145
2020-04-13 01:19:03.819 3252 INFO rally.task.runner [-] Task d344b5a7-0d2e-40dc-a41f-a5fdbcfa4a22 | ITER: 2 END: OK
2020-04-13 01:19:03.819 3253 INFO rally.task.runner [-] Task d344b5a7-0d2e-40dc-a41f-a5fdbcfa4a22 | ITER: 3 END: OK
2020-04-13 01:19:03.824 3252 INFO rally.task.runner [-] Task d344b5a7-0d2e-40dc-a41f-a5fdbcfa4a22 | ITER: 5 START
2020-04-13 01:19:03.824 3253 INFO rally.task.runner [-] Task d344b5a7-0d2e-40dc-a41f-a5fdbcfa4a22 | ITER: 6 START
2020-04-13 01:19:03.855 3251 INFO rally.task.runner [-] Task d344b5a7-0d2e-40dc-a41f-a5fdbcfa4a22 | ITER: 1 END: OK
2020-04-13 01:19:03.861 3251 INFO rally.task.runner [-] Task d344b5a7-0d2e-40dc-a41f-a5fdbcfa4a22 | ITER: 7 START
2020-04-13 01:19:03.962 3254 INFO rally.task.runner [-] Task d344b5a7-0d2e-40dc-a41f-a5fdbcfa4a22 | ITER: 4 END: OK
2020-04-13 01:19:03.967 3254 INFO rally.task.runner [-] Task d344b5a7-0d2e-40dc-a41f-a5fdbcfa4a22 | ITER: 8 START
2020-04-13 01:19:06.519 3252 RALLYDEBUG rally.task.utils [-] Waiting for resource s_rally_f94420a2_B8ZZfVMV. Status changed: AVAILABLE => DELETING in 0.08250904083251953
2020-04-13 01:19:06.553 3251 RALLYDEBUG rally.task.utils [-] Waiting for resource s_rally_f94420a2_QN1nzVjq. Status changed: AVAILABLE => DELETING in 0.07421731948852539
2020-04-13 01:19:06.643 3253 RALLYDEBUG rally.task.utils [-] Waiting for resource s_rally_f94420a2_2i3D8n9f. Status changed: AVAILABLE => DELETING in 0.07983589172363281
2020-04-13 01:19:06.690 3254 RALLYDEBUG rally.task.utils [-] Waiting for resource s_rally_f94420a2_M6etIqMv. Status changed: AVAILABLE => DELETING in 0.08078670501708984
2020-04-13 01:19:08.576 3252 INFO rally.task.runner [-] Task d344b5a7-0d2e-40dc-a41f-a5fdbcfa4a22 | ITER: 5 END: OK
