2020-04-13 01:32:41.403 7990 RALLYDEBUG rally_openstack.cleanup.manager [-] Cleaning up keystone user objects
2020-04-13 01:32:41.902 7990 RALLYDEBUG rally_openstack.cleanup.manager [-] Cleaning up keystone project objects
2020-04-13 01:32:42.310 7990 RALLYDEBUG rally_openstack.cleanup.manager [-] Cleaning up keystone service objects
2020-04-13 01:32:42.564 7990 RALLYDEBUG rally_openstack.cleanup.manager [-] Cleaning up keystone role objects
2020-04-13 01:32:42.823 7990 INFO rally.task.context [-] Task 964a2185-61ce-4d73-b649-c56860bb14c8 | Context admin_cleanup@openstack cleanup() finished in 1.43 sec
2020-04-13 01:32:42.823 7990 INFO rally.task.context [-] Task 964a2185-61ce-4d73-b649-c56860bb14c8 | Context users@openstack cleanup() started
2020-04-13 01:32:42.993 7990 WARNING rally.common.logging [-] `iterate_per_tenants()' is deprecated in v3.0.0: it is openstack specific.. Used at
2020-04-13 01:32:45.754 7990 INFO rally.task.context [-] Task 964a2185-61ce-4d73-b649-c56860bb14c8 | Context users@openstack cleanup() finished in 2.93 sec
2020-04-13 01:32:47.432 7990 INFO rally.task.engine [-] Load duration is: 2.365697
2020-04-13 01:32:47.433 7990 INFO rally.task.engine [-] Full runner duration is: 2.734846
2020-04-13 01:32:47.433 7990 INFO rally.task.engine [-] Full duration is: 8.444389
2020-04-13 01:32:47.517 7990 INFO rally.task.engine [-] Running workload: position = 0 config = { "version": 2, "title": "A cropped version of a bigger task.", "description": "Auto-generated task from a single workload (uuid=eaa0da79-0d36-44e6-9115-bace43235048)", "subtasks": [ { "title": "KeystoneBasic.create_user", "description": "Create a keystone user with random name.", "scenario": { "KeystoneBasic.create_user": {} }, "contexts": {}, "runner": { "constant": { "concurrency": 4, "times": 10 } }, "hooks": [], "sla": { "failure_rate": { "max": 0 } } } ] }
2020-04-13 01:32:47.539 7990 RALLYDEBUG rally_openstack.contexts.keystone.users [-] Creating 1 tenants using 1 threads
2020-04-13 01:32:47.949 7990 RALLYDEBUG rally_openstack.contexts.keystone.users [-] Creating 1 users using 1 threads
2020-04-13 01:32:48.528 7990 INFO rally.task.context [-] Task 964a2185-61ce-4d73-b649-c56860bb14c8 | Context users@openstack setup() finished in 0.99 sec
2020-04-13 01:32:48.528 7990 INFO rally.task.context [-] Task 964a2185-61ce-4d73-b649-c56860bb14c8 | Context admin_cleanup@openstack setup() finished in 0.00 msec
2020-04-13 01:32:48.539 7990 RALLYDEBUG rally.task.runner [-] Starting the constant runner (task UUID: 964a2185-61ce-4d73-b649-c56860bb14c8). times: 10 concurrency: 4 timeout: 0 max_cpu_used: 88 processes_to_start: 4 concurrency_per_worker: 1 concurrency_overhead: 0
2020-04-13 01:32:48.549 9109 RALLYDEBUG rally.task.runner [-] Starting a worker. times: 10 duration: None concurrency: 1 timeout: 0 cls: method_name: run args: {}
2020-04-13 01:32:48.553 9109 INFO rally.task.runner [-] Task 964a2185-61ce-4d73-b649-c56860bb14c8 | ITER: 1 START
2020-04-13 01:32:48.553 9110 RALLYDEBUG rally.task.runner [-] Starting a worker. times: 10 duration: None concurrency: 1 timeout: 0 cls: method_name: run args: {}
2020-04-13 01:32:48.555 9111 RALLYDEBUG rally.task.runner [-] Starting a worker. times: 10 duration: None concurrency: 1 timeout: 0 cls: method_name: run args: {}
2020-04-13 01:32:48.558 9110 INFO rally.task.runner [-] Task 964a2185-61ce-4d73-b649-c56860bb14c8 | ITER: 2 START
2020-04-13 01:32:48.558 9114 RALLYDEBUG rally.task.runner [-] Starting a worker. times: 10 duration: None concurrency: 1 timeout: 0 cls: method_name: run args: {}
2020-04-13 01:32:48.560 9111 INFO rally.task.runner [-] Task 964a2185-61ce-4d73-b649-c56860bb14c8 | ITER: 3 START
2020-04-13 01:32:48.562 9114 INFO rally.task.runner [-] Task 964a2185-61ce-4d73-b649-c56860bb14c8 | ITER: 4 START
2020-04-13 01:32:49.142 9114 INFO rally.task.runner [-] Task 964a2185-61ce-4d73-b649-c56860bb14c8 | ITER: 4 END: OK
2020-04-13 01:32:49.145 9111 INFO rally.task.runner [-] Task 964a2185-61ce-4d73-b649-c56860bb14c8 | ITER: 3 END: OK
2020-04-13 01:32:49.146 9114 INFO rally.task.runner [-] Task 964a2185-61ce-4d73-b649-c56860bb14c8 | ITER: 5 START
2020-04-13 01:32:49.149 9111 INFO rally.task.runner [-] Task 964a2185-61ce-4d73-b649-c56860bb14c8 | ITER: 6 START
2020-04-13 01:32:49.155 9110 INFO rally.task.runner [-] Task 964a2185-61ce-4d73-b649-c56860bb14c8 | ITER: 2 END: OK
2020-04-13 01:32:49.159 9110 INFO rally.task.runner [-] Task 964a2185-61ce-4d73-b649-c56860bb14c8 | ITER: 7 START
2020-04-13 01:32:49.161 9109 INFO rally.task.runner [-] Task 964a2185-61ce-4d73-b649-c56860bb14c8 | ITER: 1 END: OK
2020-04-13 01:32:49.164 9109 INFO rally.task.runner [-] Task 964a2185-61ce-4d73-b649-c56860bb14c8 | ITER: 8 START
2020-04-13 01:32:49.659 9111 INFO rally.task.runner [-] Task 964a2185-61ce-4d73-b649-c56860bb14c8 | ITER: 6 END: OK
2020-04-13 01:32:49.662 9111 INFO rally.task.runner [-] Task 964a2185-61ce-4d73-b649-c56860bb14c8 | ITER: 9 START
2020-04-13 01:32:49.671 9110 INFO rally.task.runner [-] Task 964a2185-61ce-4d73-b649-c56860bb14c8 | ITER: 7 END: OK
2020-04-13 01:32:49.674 9110 INFO rally.task.runner [-] Task 964a2185-61ce-4d73-b649-c56860bb14c8 | ITER: 10 START
2020-04-13 01:32:49.675 9114 INFO rally.task.runner [-] Task 964a2185-61ce-4d73-b649-c56860bb14c8 | ITER: 5 END: OK
2020-04-13 01:32:49.685 9109 INFO rally.task.runner [-] Task 964a2185-61ce-4d73-b649-c56860bb14c8 | ITER: 8 END: OK
2020-04-13 01:32:50.181 9111 INFO rally.task.runner [-] Task 964a2185-61ce-4d73-b649-c56860bb14c8 | ITER: 9 END: OK
2020-04-13 01:32:50.215 9110 INFO rally.task.runner [-] Task 964a2185-61ce-4d73-b649-c56860bb14c8 | ITER: 10 END: OK
2020-04-13 01:32:50.239 7990 INFO rally.task.context [-] Task 964a2185-61ce-4d73-b649-c56860bb14c8 | Context admin_cleanup@openstack cleanup() started
2020-04-13 01:32:50.244 7990 RALLYDEBUG rally_openstack.cleanup.manager [-] Cleaning up keystone user objects
2020-04-13 01:32:50.488 7990 RALLYDEBUG rally_openstack.cleanup.manager [-] Deleting keystone.user object s_rally_eaa0da79_e99YZsQT (1beb6846c7334e2ea097eaf6d2151ec5)
2020-04-13 01:32:50.499 7990 RALLYDEBUG rally_openstack.cleanup.manager [-] Deleting keystone.user object s_rally_eaa0da79_nSvbLMjo (4e420b734b2346518200336381c44177)
2020-04-13 01:32:50.500 7990 RALLYDEBUG rally_openstack.cleanup.manager [-] Deleting keystone.user object s_rally_eaa0da79_6wcO0TMt (3f1012a7a54647ae94aa341d72283a49)
2020-04-13 01:32:50.505 7990 RALLYDEBUG rally_openstack.cleanup.manager [-] Deleting keystone.user object s_rally_eaa0da79_4ugNXn6X (7a02a725252c43feab7192401ca34fdf)
2020-04-13 01:32:50.518 7990 RALLYDEBUG rally_openstack.cleanup.manager [-] Deleting keystone.user object s_rally_eaa0da79_tYku9MKX (96ad6625aaaf4d28b76ec5e8cbc45175)
2020-04-13 01:32:50.527 7990 RALLYDEBUG rally_openstack.cleanup.manager [-] Deleting keystone.user object s_rally_eaa0da79_Kvl1smRx (a4ec13d4f6764a4e947d725cc7892987)
2020-04-13 01:32:50.513 7990 RALLYDEBUG rally_openstack.cleanup.manager [-] Deleting keystone.user object s_rally_eaa0da79_ewOXvCDp (7a99938a315e40a692cf791f59473cf9)
2020-04-13 01:32:50.548 7990 RALLYDEBUG rally_openstack.cleanup.manager [-] Deleting keystone.user object s_rally_eaa0da79_gmxIObCO (e843c11fe7ef4a38a9ce6564b850ff18)
2020-04-13 01:32:50.543 7990 RALLYDEBUG rally_openstack.cleanup.manager [-] Deleting keystone.user object s_rally_eaa0da79_Gql5Dp4t (c9b6d2f564db45f8bb4ce21621222240)
2020-04-13 01:32:50.556 7990 RALLYDEBUG rally_openstack.cleanup.manager [-] Deleting keystone.user object s_rally_eaa0da79_DKOpbOuo (ef53e54dc5bf40cb910416f3059989b4)
2020-04-13 01:32:52.488 7990 RALLYDEBUG rally_openstack.cleanup.manager [-] Cleaning up keystone project objects
2020-04-13 01:32:53.008 7990 RALLYDEBUG rally_openstack.cleanup.manager [-] Cleaning up keystone service objects
2020-04-13 01:32:53.273 7990 RALLYDEBUG rally_openstack.cleanup.manager [-] Cleaning up keystone role objects
2020-04-13 01:32:53.526 7990 INFO rally.task.context [-] Task 964a2185-61ce-4d73-b649-c56860bb14c8 | Context admin_cleanup@openstack cleanup() finished in 3.29 sec
2020-04-13 01:32:53.527 7990 INFO rally.task.context [-] Task 964a2185-61ce-4d73-b649-c56860bb14c8 | Context users@openstack cleanup() started
2020-04-13 01:32:53.709 7990 WARNING rally.common.logging [-] `iterate_per_tenants()' is deprecated in v3.0.0: it is openstack specific.. Used at
2020-04-13 01:32:55.145 7990 INFO rally.task.context [-] Task 964a2185-61ce-4d73-b649-c56860bb14c8 | Context users@openstack cleanup() finished in 1.62 sec
2020-04-13 01:32:55.602 7990 INFO rally.task.engine [-] Load duration is: 1.3426
2020-04-13 01:32:55.602 7990 INFO rally.task.engine [-] Full runner duration is: 1.700707
2020-04-13 01:32:55.602 7990 INFO rally.task.engine [-] Full duration is: 7.607879
2020-04-13 01:32:55.690 7990 INFO rally.task.engine [-] Running workload: position = 0 config = { "version": 2, "title": "A cropped version of a bigger task.", "description": "Auto-generated task from a single workload (uuid=d1f53622-6fac-40ff-8ae2-9e390ea08527)", "subtasks": [ { "title": "KeystoneBasic.create_tenant", "description": "Create a keystone tenant with random name.", "scenario": { "KeystoneBasic.create_tenant": {} }, "contexts": {}, "runner": { "constant": { "concurrency": 4, "times": 10 } }, "hooks": [], "sla": { "failure_rate": { "max": 0 } } } ] }
2020-04-13 01:32:55.708 7990 RALLYDEBUG rally_openstack.contexts.keystone.users [-] Creating 1 tenants using 1 threads
2020-04-13 01:32:56.138 7990 RALLYDEBUG rally_openstack.contexts.keystone.users [-] Creating 1 users using 1 threads
2020-04-13 01:32:56.808 7990 INFO rally.task.context [-] Task 964a2185-61ce-4d73-b649-c56860bb14c8 | Context users@openstack setup() finished in 1.10 sec
2020-04-13 01:32:56.809 7990 INFO rally.task.context [-] Task 964a2185-61ce-4d73-b649-c56860bb14c8 | Context admin_cleanup@openstack setup() finished in 0.00 msec
2020-04-13 01:32:56.820 7990 RALLYDEBUG rally.task.runner [-] Starting the constant runner (task UUID: 964a2185-61ce-4d73-b649-c56860bb14c8). times: 10 concurrency: 4 timeout: 0 max_cpu_used: 88 processes_to_start: 4 concurrency_per_worker: 1 concurrency_overhead: 0
2020-04-13 01:32:56.831 9255 RALLYDEBUG rally.task.runner [-] Starting a worker. times: 10 duration: None concurrency: 1 timeout: 0 cls: method_name: run args: {}
2020-04-13 01:32:56.834 9256 RALLYDEBUG rally.task.runner [-] Starting a worker. times: 10 duration: None concurrency: 1 timeout: 0 cls: method_name: run args: {}
2020-04-13 01:32:56.836 9255 INFO rally.task.runner [-] Task 964a2185-61ce-4d73-b649-c56860bb14c8 | ITER: 1 START
2020-04-13 01:32:56.836 9257 RALLYDEBUG rally.task.runner [-] Starting a worker. times: 10 duration: None concurrency: 1 timeout: 0 cls: method_name: run args: {}
2020-04-13 01:32:56.839 9258 RALLYDEBUG rally.task.runner [-] Starting a worker. times: 10 duration: None concurrency: 1 timeout: 0 cls: method_name: run args: {}
2020-04-13 01:32:56.840 9256 INFO rally.task.runner [-] Task 964a2185-61ce-4d73-b649-c56860bb14c8 | ITER: 2 START
2020-04-13 01:32:56.841 9257 INFO rally.task.runner [-] Task 964a2185-61ce-4d73-b649-c56860bb14c8 | ITER: 3 START
2020-04-13 01:32:56.844 9258 INFO rally.task.runner [-] Task 964a2185-61ce-4d73-b649-c56860bb14c8 | ITER: 4 START
2020-04-13 01:32:57.415 9256 INFO rally.task.runner [-] Task 964a2185-61ce-4d73-b649-c56860bb14c8 | ITER: 2 END: OK
2020-04-13 01:32:57.419 9256 INFO rally.task.runner [-] Task 964a2185-61ce-4d73-b649-c56860bb14c8 | ITER: 5 START
2020-04-13 01:32:57.422 9258 INFO rally.task.runner [-] Task 964a2185-61ce-4d73-b649-c56860bb14c8 | ITER: 4 END: OK
2020-04-13 01:32:57.426 9258 INFO rally.task.runner [-] Task 964a2185-61ce-4d73-b649-c56860bb14c8 | ITER: 6 START
2020-04-13 01:32:57.431 9257 INFO rally.task.runner [-] Task 964a2185-61ce-4d73-b649-c56860bb14c8 | ITER: 3 END: OK
2020-04-13 01:32:57.434 9255 INFO rally.task.runner [-] Task 964a2185-61ce-4d73-b649-c56860bb14c8 | ITER: 1 END: OK
2020-04-13 01:32:57.435 9257 INFO rally.task.runner [-] Task 964a2185-61ce-4d73-b649-c56860bb14c8 | ITER: 7 START
2020-04-13 01:32:57.437 9255 INFO rally.task.runner [-] Task 964a2185-61ce-4d73-b649-c56860bb14c8 | ITER: 8 START
2020-04-13 01:32:57.984 9256 INFO rally.task.runner [-] Task 964a2185-61ce-4d73-b649-c56860bb14c8 | ITER: 5 END: OK
2020-04-13 01:32:57.987 9256 INFO rally.task.runner [-] Task 964a2185-61ce-4d73-b649-c56860bb14c8 | ITER: 9 START
2020-04-13 01:32:57.993 9255 INFO rally.task.runner [-] Task 964a2185-61ce-4d73-b649-c56860bb14c8 | ITER: 8 END: OK
2020-04-13 01:32:57.995 9255 INFO rally.task.runner [-] Task 964a2185-61ce-4d73-b649-c56860bb14c8 | ITER: 10 START
2020-04-13 01:32:58.001 9257 INFO rally.task.runner [-] Task 964a2185-61ce-4d73-b649-c56860bb14c8 | ITER: 7 END: OK
2020-04-13 01:32:58.023 9258 INFO rally.task.runner [-] Task 964a2185-61ce-4d73-b649-c56860bb14c8 | ITER: 6 END: OK
2020-04-13 01:32:58.606 9256 INFO rally.task.runner [-] Task 964a2185-61ce-4d73-b649-c56860bb14c8 | ITER: 9 END: OK
2020-04-13 01:32:58.629 9255 INFO rally.task.runner [-] Task 964a2185-61ce-4d73-b649-c56860bb14c8 | ITER: 10 END: OK
2020-04-13 01:32:58.658 7990 INFO rally.task.context [-] Task 964a2185-61ce-4d73-b649-c56860bb14c8 | Context admin_cleanup@openstack cleanup() started
2020-04-13 01:32:58.663 7990 RALLYDEBUG rally_openstack.cleanup.manager [-] Cleaning up keystone user objects
2020-04-13 01:32:59.093 7990 RALLYDEBUG rally_openstack.cleanup.manager [-] Cleaning up keystone project objects
2020-04-13 01:32:59.358 7990 RALLYDEBUG rally_openstack.cleanup.manager [-] Deleting keystone.project object s_rally_d1f53622_qe2qBmTQ (2ace983abd1b4e048dffefa13f4bc993)
2020-04-13 01:32:59.363 7990 RALLYDEBUG rally_openstack.cleanup.manager [-] Deleting keystone.project object s_rally_d1f53622_xMhh6wt7 (349079ec07864b42b6a3fa0728e8a032)
2020-04-13 01:32:59.368 7990 RALLYDEBUG rally_openstack.cleanup.manager [-] Deleting keystone.project object s_rally_d1f53622_P9qAG6rm (35e195ed774348a7afc555cf63658125)
2020-04-13 01:32:59.440 7990 RALLYDEBUG rally_openstack.cleanup.manager [-] Deleting keystone.project object s_rally_d1f53622_biAVRFCj (9c2e385a6e864fe59d507bdf7dcbc4f8)
2020-04-13 01:32:59.511 7990 RALLYDEBUG rally_openstack.cleanup.manager [-] Deleting keystone.project object s_rally_d1f53622_25Ip9jIK (bc4969189ea940d9b0612b99a4dcc9e5)
2020-04-13 01:32:59.516 7990 RALLYDEBUG rally_openstack.cleanup.manager [-] Deleting keystone.project object s_rally_d1f53622_myQ6VMao (e542bb9c42ba4c8a9388583e47b658cc)
2020-04-13 01:32:59.526 7990 RALLYDEBUG rally_openstack.cleanup.manager [-] Deleting keystone.project object s_rally_d1f53622_BFpKnANB (e685389ec7cf4e5695594fb473054374)
2020-04-13 01:32:59.543 7990 RALLYDEBUG rally_openstack.cleanup.manager [-] Deleting keystone.project object s_rally_d1f53622_YCyn6V5S (9909f705e7124806957f2249f563a2d2)
2020-04-13 01:32:59.553 7990 RALLYDEBUG rally_openstack.cleanup.manager [-] Deleting keystone.project object s_rally_d1f53622_WA1QjByC (e99ae679845d443da2634efd0c3975f2)
2020-04-13 01:32:59.589 7990 RALLYDEBUG rally_openstack.cleanup.manager [-] Deleting keystone.project object s_rally_d1f53622_09U3R0hG (dffc6dc4e9694897832e9798b128fc1e)
2020-04-13 01:33:01.381 7990 RALLYDEBUG rally_openstack.cleanup.manager [-] Cleaning up keystone service objects
2020-04-13 01:33:01.787 7990 RALLYDEBUG rally_openstack.cleanup.manager [-] Cleaning up keystone role objects
2020-04-13 01:33:02.053 7990 INFO rally.task.context [-] Task 964a2185-61ce-4d73-b649-c56860bb14c8 | Context admin_cleanup@openstack cleanup() finished in 3.39 sec
2020-04-13 01:33:02.054 7990 INFO rally.task.context [-] Task 964a2185-61ce-4d73-b649-c56860bb14c8 | Context users@openstack cleanup() started
2020-04-13 01:33:02.226 7990 WARNING rally.common.logging [-] `iterate_per_tenants()' is deprecated in v3.0.0: it is openstack specific.. Used at
2020-04-13 01:33:03.406 7990 INFO rally.task.context [-] Task 964a2185-61ce-4d73-b649-c56860bb14c8 | Context users@openstack cleanup() finished in 1.35 sec
2020-04-13 01:33:03.834 7990 INFO rally.task.engine [-] Load duration is: 1.455025
2020-04-13 01:33:03.834 7990 INFO rally.task.engine [-] Full runner duration is: 1.83915
2020-04-13 01:33:03.835 7990 INFO rally.task.engine [-] Full duration is: 7.699626
2020-04-13 01:33:03.917 7990 INFO rally.task.engine [-] Running workload: position = 0 config = { "version": 2, "title": "A cropped version of a bigger task.", "description": "Auto-generated task from a single workload (uuid=eb44d60c-3011-41e9-8261-32c7122ec067)", "subtasks": [ { "title": "KeystoneBasic.create_and_list_users", "description": "Create a keystone user with random name and list all users.", "scenario": { "KeystoneBasic.create_and_list_users": {} }, "contexts": {}, "runner": { "constant": { "concurrency": 4, "times": 10 } }, "hooks": [], "sla": { "failure_rate": { "max": 0 } } } ] }
2020-04-13 01:33:03.940 7990 RALLYDEBUG rally_openstack.contexts.keystone.users [-] Creating 1 tenants using 1 threads
2020-04-13 01:33:04.319 7990 RALLYDEBUG rally_openstack.contexts.keystone.users [-] Creating 1 users using 1 threads
2020-04-13 01:33:04.885 7990 INFO rally.task.context [-] Task 964a2185-61ce-4d73-b649-c56860bb14c8 | Context users@openstack setup() finished in 0.95 sec
2020-04-13 01:33:04.886 7990 INFO rally.task.context [-] Task 964a2185-61ce-4d73-b649-c56860bb14c8 | Context admin_cleanup@openstack setup() finished in 0.01 msec
2020-04-13 01:33:04.895 7990 RALLYDEBUG rally.task.runner [-] Starting the constant runner (task UUID: 964a2185-61ce-4d73-b649-c56860bb14c8). times: 10 concurrency: 4 timeout: 0 max_cpu_used: 88 processes_to_start: 4 concurrency_per_worker: 1 concurrency_overhead: 0
2020-04-13 01:33:04.905 9401 RALLYDEBUG rally.task.runner [-] Starting a worker. times: 10 duration: None concurrency: 1 timeout: 0 cls: method_name: run args: {}
2020-04-13 01:33:04.909 9401 INFO rally.task.runner [-] Task 964a2185-61ce-4d73-b649-c56860bb14c8 | ITER: 1 START
2020-04-13 01:33:04.908 9402 RALLYDEBUG rally.task.runner [-] Starting a worker. times: 10 duration: None concurrency: 1 timeout: 0 cls: method_name: run args: {}
2020-04-13 01:33:04.910 9403 RALLYDEBUG rally.task.runner [-] Starting a worker. times: 10 duration: None concurrency: 1 timeout: 0 cls: method_name: run args: {}
2020-04-13 01:33:04.913 9402 INFO rally.task.runner [-] Task 964a2185-61ce-4d73-b649-c56860bb14c8 | ITER: 2 START
2020-04-13 01:33:04.914 9406 RALLYDEBUG rally.task.runner [-] Starting a worker. times: 10 duration: None concurrency: 1 timeout: 0 cls: method_name: run args: {}
2020-04-13 01:33:04.915 9403 INFO rally.task.runner [-] Task 964a2185-61ce-4d73-b649-c56860bb14c8 | ITER: 3 START
2020-04-13 01:33:04.920 9406 INFO rally.task.runner [-] Task 964a2185-61ce-4d73-b649-c56860bb14c8 | ITER: 4 START
2020-04-13 01:33:05.558 9403 INFO rally.task.runner [-] Task 964a2185-61ce-4d73-b649-c56860bb14c8 | ITER: 3 END: OK
2020-04-13 01:33:05.561 9403 INFO rally.task.runner [-] Task 964a2185-61ce-4d73-b649-c56860bb14c8 | ITER: 5 START
2020-04-13 01:33:05.565 9401 INFO rally.task.runner [-] Task 964a2185-61ce-4d73-b649-c56860bb14c8 | ITER: 1 END: OK
2020-04-13 01:33:05.568 9401 INFO rally.task.runner [-] Task 964a2185-61ce-4d73-b649-c56860bb14c8 | ITER: 6 START
2020-04-13 01:33:05.603 9402 INFO rally.task.runner [-] Task 964a2185-61ce-4d73-b649-c56860bb14c8 | ITER: 2 END: OK
2020-04-13 01:33:05.606 9402 INFO rally.task.runner [-] Task 964a2185-61ce-4d73-b649-c56860bb14c8 | ITER: 7 START
2020-04-13 01:33:05.641 9406 INFO rally.task.runner [-] Task 964a2185-61ce-4d73-b649-c56860bb14c8 | ITER: 4 END: OK
2020-04-13 01:33:05.644 9406 INFO rally.task.runner [-] Task 964a2185-61ce-4d73-b649-c56860bb14c8 | ITER: 8 START
2020-04-13 01:33:06.127 9401 INFO rally.task.runner [-] Task 964a2185-61ce-4d73-b649-c56860bb14c8 | ITER: 6 END: OK
2020-04-13 01:33:06.130 9401 INFO rally.task.runner [-] Task 964a2185-61ce-4d73-b649-c56860bb14c8 | ITER: 9 START
2020-04-13 01:33:06.132 9403 INFO rally.task.runner [-] Task 964a2185-61ce-4d73-b649-c56860bb14c8 | ITER: 5 END: OK
2020-04-13 01:33:06.136 9403 INFO rally.task.runner [-] Task 964a2185-61ce-4d73-b649-c56860bb14c8 | ITER: 10 START
2020-04-13 01:33:06.153 9402 INFO rally.task.runner [-] Task 964a2185-61ce-4d73-b649-c56860bb14c8 | ITER: 7 END: OK
2020-04-13 01:33:06.186 9406 INFO rally.task.runner [-] Task 964a2185-61ce-4d73-b649-c56860bb14c8 | ITER: 8 END: OK
2020-04-13 01:33:06.656 9401 INFO rally.task.runner [-] Task 964a2185-61ce-4d73-b649-c56860bb14c8 | ITER: 9 END: OK
2020-04-13 01:33:06.698 9403 INFO rally.task.runner [-] Task 964a2185-61ce-4d73-b649-c56860bb14c8 | ITER: 10 END: OK
2020-04-13 01:33:06.722 7990 INFO rally.task.context [-] Task 964a2185-61ce-4d73-b649-c56860bb14c8 | Context admin_cleanup@openstack cleanup() started
2020-04-13 01:33:06.727 7990 RALLYDEBUG rally_openstack.cleanup.manager [-] Cleaning up keystone user objects
2020-04-13 01:33:06.993 7990 RALLYDEBUG rally_openstack.cleanup.manager [-] Deleting keystone.user object s_rally_eb44d60c_b1M0yFWt (1df167cd94d74f9999daacfcad73d30a)
2020-04-13 01:33:07.011 7990 RALLYDEBUG rally_openstack.cleanup.manager [-] Deleting keystone.user object s_rally_eb44d60c_qACVdk0U (2f06d657579c4c73a08cbb5cecb24073)
2020-04-13 01:33:07.014 7990 RALLYDEBUG rally_openstack.cleanup.manager [-] Deleting keystone.user object s_rally_eb44d60c_oEwFn3a1 (2a09ddf343554e74a752934d6b411b10)
2020-04-13 01:33:07.032 7990 RALLYDEBUG rally_openstack.cleanup.manager [-] Deleting keystone.user object s_rally_eb44d60c_hGO7lLtD (8f4d3c6ae7c54382b59fe119cc6c43a9)
2020-04-13 01:33:07.038 7990 RALLYDEBUG rally_openstack.cleanup.manager [-] Deleting keystone.user object s_rally_eb44d60c_Xaz1nYKl (9691e5df0b6142c1bc732c1632984e5c)
2020-04-13 01:33:07.046 7990 RALLYDEBUG rally_openstack.cleanup.manager [-] Deleting keystone.user object s_rally_eb44d60c_Ymu0vYdn (4bf90910855f438c974512ba898e31fd)
2020-04-13 01:33:07.056 7990 RALLYDEBUG rally_openstack.cleanup.manager [-] Deleting keystone.user object s_rally_eb44d60c_oUveKuFQ (a516da8469d546f7ac1f2935c26333f6)
2020-04-13 01:33:07.061 7990 RALLYDEBUG rally_openstack.cleanup.manager [-] Deleting keystone.user object s_rally_eb44d60c_cuCEkkOF (c8bec168be944d7b9e4b747522a0aeea)
2020-04-13 01:33:07.066 7990 RALLYDEBUG rally_openstack.cleanup.manager [-] Deleting keystone.user object s_rally_eb44d60c_RxWOkEcR (cdbb18caadad4bfca76c3b9eff0da147)
2020-04-13 01:33:07.080 7990 RALLYDEBUG rally_openstack.cleanup.manager [-] Deleting keystone.user object s_rally_eb44d60c_7A3fTc58 (d8a6b56cb6834557a4eba2640c4d5ede)
2020-04-13 01:33:09.276 7990 RALLYDEBUG rally_openstack.cleanup.manager [-] Cleaning up keystone project objects
2020-04-13 01:33:09.862 7990 RALLYDEBUG rally_openstack.cleanup.manager [-] Cleaning up keystone service objects
2020-04-13 01:33:10.144 7990 RALLYDEBUG rally_openstack.cleanup.manager [-] Cleaning up keystone role objects
2020-04-13 01:33:10.434 7990 INFO rally.task.context [-] Task 964a2185-61ce-4d73-b649-c56860bb14c8 | Context admin_cleanup@openstack cleanup() finished in 3.71 sec
2020-04-13 01:33:10.435 7990 INFO rally.task.context [-] Task 964a2185-61ce-4d73-b649-c56860bb14c8 | Context users@openstack cleanup() started
2020-04-13 01:33:10.616 7990 WARNING rally.common.logging [-] `iterate_per_tenants()' is deprecated in v3.0.0: it is openstack specific.. Used at
2020-04-13 01:33:11.890 7990 INFO rally.task.context [-] Task 964a2185-61ce-4d73-b649-c56860bb14c8 | Context users@openstack cleanup() finished in 1.46 sec
2020-04-13 01:33:12.003 7990 INFO rally.task.engine [-] Load duration is: 1.484333
2020-04-13 01:33:12.004 7990 INFO rally.task.engine [-] Full runner duration is: 1.827259
2020-04-13 01:33:12.004 7990 INFO rally.task.engine [-] Full duration is: 7.951804
2020-04-13 01:33:12.098 7990 INFO rally.task.engine [-] Running workload: position = 0 config = { "version": 2, "title": "A cropped version of a bigger task.", "description": "Auto-generated task from a single workload (uuid=634d0179-5a43-44c1-b7cc-d6a24ae647cf)", "subtasks": [ { "title": "KeystoneBasic.create_tenant_with_users", "description": "Create a keystone tenant and several users belonging to it.", "scenario": { "KeystoneBasic.create_tenant_with_users": { "users_per_tenant": 10 } }, "contexts": {}, "runner": { "constant": { "concurrency": 4, "times": 10 } }, "hooks": [], "sla": { "failure_rate": { "max": 0 } } } ] }
2020-04-13 01:33:12.117 7990 RALLYDEBUG rally_openstack.contexts.keystone.users [-] Creating 1 tenants using 1 threads
2020-04-13 01:33:12.563 7990 RALLYDEBUG rally_openstack.contexts.keystone.users [-] Creating 1 users using 1 threads
2020-04-13 01:33:13.245 7990 INFO rally.task.context [-] Task 964a2185-61ce-4d73-b649-c56860bb14c8 | Context users@openstack setup() finished in 1.13 sec
2020-04-13 01:33:13.246 7990 INFO rally.task.context [-] Task 964a2185-61ce-4d73-b649-c56860bb14c8 | Context admin_cleanup@openstack setup() finished in 0.00 msec
2020-04-13 01:33:13.257 7990 RALLYDEBUG rally.task.runner [-] Starting the constant runner (task UUID: 964a2185-61ce-4d73-b649-c56860bb14c8). times: 10 concurrency: 4 timeout: 0 max_cpu_used: 88 processes_to_start: 4 concurrency_per_worker: 1 concurrency_overhead: 0
2020-04-13 01:33:13.269 9547 RALLYDEBUG rally.task.runner [-] Starting a worker. times: 10 duration: None concurrency: 1 timeout: 0 cls: method_name: run args: {"users_per_tenant": 10}
2020-04-13 01:33:13.272 9548 RALLYDEBUG rally.task.runner [-] Starting a worker. times: 10 duration: None concurrency: 1 timeout: 0 cls: method_name: run args: {"users_per_tenant": 10}
2020-04-13 01:33:13.274 9547 INFO rally.task.runner [-] Task 964a2185-61ce-4d73-b649-c56860bb14c8 | ITER: 1 START
2020-04-13 01:33:13.275 9549 RALLYDEBUG rally.task.runner [-] Starting a worker. times: 10 duration: None concurrency: 1 timeout: 0 cls: method_name: run args: {"users_per_tenant": 10}
2020-04-13 01:33:13.278 9548 INFO rally.task.runner [-] Task 964a2185-61ce-4d73-b649-c56860bb14c8 | ITER: 2 START
2020-04-13 01:33:13.278 9552 RALLYDEBUG rally.task.runner [-] Starting a worker. times: 10 duration: None concurrency: 1 timeout: 0 cls: method_name: run args: {"users_per_tenant": 10}
2020-04-13 01:33:13.281 9549 INFO rally.task.runner [-] Task 964a2185-61ce-4d73-b649-c56860bb14c8 | ITER: 3 START
2020-04-13 01:33:13.284 9552 INFO rally.task.runner [-] Task 964a2185-61ce-4d73-b649-c56860bb14c8 | ITER: 4 START
2020-04-13 01:33:18.798 9549 INFO rally.task.runner [-] Task 964a2185-61ce-4d73-b649-c56860bb14c8 | ITER: 3 END: OK
2020-04-13 01:33:18.802 9549 INFO rally.task.runner [-] Task 964a2185-61ce-4d73-b649-c56860bb14c8 | ITER: 5 START
2020-04-13 01:33:18.837 9548 INFO rally.task.runner [-] Task 964a2185-61ce-4d73-b649-c56860bb14c8 | ITER: 2 END: OK
2020-04-13 01:33:18.840 9548 INFO rally.task.runner [-] Task 964a2185-61ce-4d73-b649-c56860bb14c8 | ITER: 6 START
2020-04-13 01:33:18.862 9552 INFO rally.task.runner [-] Task 964a2185-61ce-4d73-b649-c56860bb14c8 | ITER: 4 END: OK
2020-04-13 01:33:18.866 9552 INFO rally.task.runner [-] Task 964a2185-61ce-4d73-b649-c56860bb14c8 | ITER: 7 START
2020-04-13 01:33:19.016 9547 INFO rally.task.runner [-] Task 964a2185-61ce-4d73-b649-c56860bb14c8 | ITER: 1 END: OK
2020-04-13 01:33:19.020 9547 INFO rally.task.runner [-] Task 964a2185-61ce-4d73-b649-c56860bb14c8 | ITER: 8 START
2020-04-13 01:33:24.156 9548 INFO rally.task.runner [-] Task 964a2185-61ce-4d73-b649-c56860bb14c8 | ITER: 6 END: OK
2020-04-13 01:33:24.158 9548 INFO rally.task.runner [-] Task 964a2185-61ce-4d73-b649-c56860bb14c8 | ITER: 9 START
2020-04-13 01:33:24.178 9549 INFO rally.task.runner [-] Task 964a2185-61ce-4d73-b649-c56860bb14c8 | ITER: 5 END: OK
2020-04-13 01:33:24.181 9549 INFO rally.task.runner [-] Task 964a2185-61ce-4d73-b649-c56860bb14c8 | ITER: 10 START
2020-04-13 01:33:24.209 9552 INFO rally.task.runner [-] Task 964a2185-61ce-4d73-b649-c56860bb14c8 | ITER: 7 END: OK
2020-04-13 01:33:24.324 9547 INFO rally.task.runner [-] Task 964a2185-61ce-4d73-b649-c56860bb14c8 | ITER: 8 END: OK
2020-04-13 01:33:29.054 9549 INFO rally.task.runner [-] Task 964a2185-61ce-4d73-b649-c56860bb14c8 | ITER: 10 END: OK
2020-04-13 01:33:29.125 9548 INFO rally.task.runner [-] Task 964a2185-61ce-4d73-b649-c56860bb14c8 | ITER: 9 END: OK
2020-04-13 01:33:29.152 7990 INFO rally.task.context [-] Task 964a2185-61ce-4d73-b649-c56860bb14c8 | Context admin_cleanup@openstack cleanup() started
2020-04-13 01:33:29.156 7990 RALLYDEBUG rally_openstack.cleanup.manager [-] Cleaning up keystone user objects
2020-04-13 01:33:29.431 7990 RALLYDEBUG rally_openstack.cleanup.manager [-] Deleting keystone.user object s_rally_634d0179_8Yhia1BO (0093d40081974c6fab4f50aa35f6ee56)
2020-04-13 01:33:29.437 7990 RALLYDEBUG rally_openstack.cleanup.manager [-] Deleting keystone.user object s_rally_634d0179_qfl4rvKi (01b89ad58c324856b85fd6646f91b71b)
2020-04-13 01:33:29.448 7990 RALLYDEBUG rally_openstack.cleanup.manager [-] Deleting keystone.user object s_rally_634d0179_srGlVEqu (01cab1a90164497393ed119737513809)
2020-04-13 01:33:29.453 7990 RALLYDEBUG rally_openstack.cleanup.manager [-] Deleting keystone.user object s_rally_634d0179_5fQRR0aO (01dc60303c384c2885b9e50b30f8d3c1)
2020-04-13 01:33:29.464 7990 RALLYDEBUG rally_openstack.cleanup.manager [-] Deleting keystone.user object s_rally_634d0179_Vfw6muDY (0f576721b88f493b88e58721954f66a0)
2020-04-13 01:33:29.486 7990 RALLYDEBUG rally_openstack.cleanup.manager [-] Deleting keystone.user object s_rally_634d0179_H2pgmO8l (137279671a454042ac56fc6b1a5d7b53)
2020-04-13 01:33:29.481 7990 RALLYDEBUG rally_openstack.cleanup.manager [-] Deleting keystone.user object s_rally_634d0179_2NiyaO7l (1207da746f994e82800a3e35fd75415d)
2020-04-13 01:33:29.501 7990 RALLYDEBUG rally_openstack.cleanup.manager [-] Deleting keystone.user object s_rally_634d0179_pngJ5a1a (18209f37416b41fdbab86a0691ce8ff0)
2020-04-13 01:33:29.507 7990 RALLYDEBUG rally_openstack.cleanup.manager [-] Deleting keystone.user object s_rally_634d0179_JdlxqAbc (18fb49cb33e04598ad9574f30e3ba277)
2020-04-13 01:33:29.537 7990 RALLYDEBUG rally_openstack.cleanup.manager [-] Deleting keystone.user object s_rally_634d0179_gTkg9lJq (2355a968092c40a79d729fe628b664ad)
2020-04-13 01:33:29.551 7990 RALLYDEBUG rally_openstack.cleanup.manager [-] Deleting keystone.user object s_rally_634d0179_NEXLTTWN (25b15dab737d47769e9f565c1ba91b86)
2020-04-13 01:33:29.569 7990 RALLYDEBUG rally_openstack.cleanup.manager [-] Deleting keystone.user object s_rally_634d0179_Smc9FIGu (287eb378fc3e482697c288b0cc965d00)
2020-04-13 01:33:29.582 7990 RALLYDEBUG rally_openstack.cleanup.manager [-] Deleting keystone.user object s_rally_634d0179_0YooBSXc (2c016b205ed54447bb1fa1665f17b4bf)
2020-04-13 01:33:29.607 7990 RALLYDEBUG rally_openstack.cleanup.manager [-] Deleting keystone.user object s_rally_634d0179_Sw7z9wh7 (19ed2ee748f7443e880501e56ff1d7d8)
2020-04-13 01:33:29.623 7990 RALLYDEBUG rally_openstack.cleanup.manager [-] Deleting keystone.user object s_rally_634d0179_yiAJTEiH (31c482e753124e1db424758c75b5b5a6)
2020-04-13 01:33:29.624 7990 RALLYDEBUG rally_openstack.cleanup.manager [-] Deleting keystone.user object s_rally_634d0179_kKtfAoko (2c9a0285ba344f608f723f4d50ddb83c)
2020-04-13 01:33:29.630 7990 RALLYDEBUG rally_openstack.cleanup.manager [-] Deleting keystone.user object s_rally_634d0179_7GVWQhC2 (367c8594df3f425481888933fd282364)
2020-04-13 01:33:29.644 7990 RALLYDEBUG rally_openstack.cleanup.manager [-] Deleting keystone.user object s_rally_634d0179_GjV58fbL (3851cb39cdbf493d866119dad4c6129b)
2020-04-13 01:33:29.655 7990 RALLYDEBUG rally_openstack.cleanup.manager [-] Deleting keystone.user object s_rally_634d0179_PQPus3Fm (3c00e350536d4ef9ba44b1d245609a58)
2020-04-13 01:33:29.695 7990 RALLYDEBUG rally_openstack.cleanup.manager [-] Deleting keystone.user object s_rally_634d0179_SHimXPc1 (2ddb3a7bdd9348d9af7dea19f3d370ae)
2020-04-13 01:33:31.354 7990 RALLYDEBUG rally_openstack.cleanup.manager [-] Deleting keystone.user object s_rally_634d0179_qmcSk0Cq (3f47b9ff9e084392973f4e3b75a7d2b6)
2020-04-13 01:33:31.415 7990 RALLYDEBUG rally_openstack.cleanup.manager [-] Deleting keystone.user object s_rally_634d0179_ypfyvVYq (4183bce9366948b29517d4ef2e7966d8)
2020-04-13 01:33:31.427 7990 RALLYDEBUG rally_openstack.cleanup.manager [-] Deleting keystone.user object s_rally_634d0179_wQyeYALI (46d7ba84b8984addb30c062fc2cd3200)
2020-04-13 01:33:31.572 7990 RALLYDEBUG rally_openstack.cleanup.manager [-] Deleting keystone.user object s_rally_634d0179_w3NNSqjm (481e0b8b64ec4622a5c9dfac08f44e09)
2020-04-13 01:33:31.600 7990 RALLYDEBUG rally_openstack.cleanup.manager [-] Deleting keystone.user object s_rally_634d0179_eeSocUGG (49869beebf5f4dddb9f665e258a984ee)
2020-04-13 01:33:31.617 7990 RALLYDEBUG rally_openstack.cleanup.manager [-] Deleting keystone.user object s_rally_634d0179_pzdeKBtM (4caa285894864e798c687ea6cec00a2d)
2020-04-13 01:33:31.608 7990 RALLYDEBUG rally_openstack.cleanup.manager [-] Deleting keystone.user object s_rally_634d0179_TX897lFL (4b8382c97c58449eae8e0a59a8fc22a8)
2020-04-13 01:33:31.630 7990 RALLYDEBUG rally_openstack.cleanup.manager [-] Deleting keystone.user object s_rally_634d0179_m5f1zuF6 (4d80536e9eb84e63a5a9f5d30edb041b)
2020-04-13 01:33:31.635 7990 RALLYDEBUG rally_openstack.cleanup.manager [-] Deleting keystone.user object s_rally_634d0179_AtG6cV5W (4f9ed52c85354edb8e9d687064dc296f)
2020-04-13 01:33:31.658 7990 RALLYDEBUG rally_openstack.cleanup.manager [-] Deleting keystone.user object s_rally_634d0179_9cRQHicn (52da097f948e444f9b7588bcb485cae7)
2020-04-13 01:33:31.677 7990 RALLYDEBUG rally_openstack.cleanup.manager [-] Deleting keystone.user object s_rally_634d0179_6qMd9AAx (53330f27c1444d97bd691b3cf9edb202)
2020-04-13 01:33:31.717 7990 RALLYDEBUG rally_openstack.cleanup.manager [-] Deleting keystone.user object s_rally_634d0179_zNyx037d (54f820da4f994900b94ee09eb7e68899)
2020-04-13 01:33:31.730 7990 RALLYDEBUG rally_openstack.cleanup.manager [-] Deleting keystone.user object s_rally_634d0179_mKcbeQPH (59423f2091ec45ebbe4cdfc618e30dda)
2020-04-13 01:33:31.790 7990 RALLYDEBUG rally_openstack.cleanup.manager [-] Deleting keystone.user object s_rally_634d0179_JOQsIlUy (5cfb1e5904ec4bc69691ccfcab964eba)
2020-04-13 01:33:31.810 7990 RALLYDEBUG rally_openstack.cleanup.manager [-] Deleting keystone.user object s_rally_634d0179_KruyK3SB (5d17613963b640c590d16293194bc36d)
2020-04-13 01:33:31.876 7990 RALLYDEBUG rally_openstack.cleanup.manager [-] Deleting keystone.user object s_rally_634d0179_nJmnBISL (5d5481d1060b4af8b8b1158c243928aa)
2020-04-13 01:33:31.941 7990 RALLYDEBUG rally_openstack.cleanup.manager [-] Deleting keystone.user object s_rally_634d0179_azM1oa47 (60c876b49a0a441c9e4a6324167726f7)
2020-04-13 01:33:31.959 7990 RALLYDEBUG rally_openstack.cleanup.manager [-] Deleting keystone.user object s_rally_634d0179_YOdyNAJM (60d8c16c0f254417a6a94b5b841d3ad7)
2020-04-13 01:33:31.992 7990 RALLYDEBUG rally_openstack.cleanup.manager [-] Deleting keystone.user object s_rally_634d0179_ZEnORLWt (6409eb2b8c1e463597b5c6aefd17308d)
2020-04-13 01:33:32.049 7990 RALLYDEBUG rally_openstack.cleanup.manager [-] Deleting keystone.user object s_rally_634d0179_CQ6atLrn (64e3d643c7d347378f7ab2bef55ea679)
2020-04-13 01:33:32.886 7990 RALLYDEBUG rally_openstack.cleanup.manager [-] Deleting keystone.user object s_rally_634d0179_oFQNCTzz (65317365bbf54528b43f2c4b7f36bee0)
2020-04-13 01:33:32.936 7990 RALLYDEBUG rally_openstack.cleanup.manager [-] Deleting keystone.user object s_rally_634d0179_SpINuLMR (670c3fb65f3b433ba5ac14da88c44961)
2020-04-13 01:33:32.966 7990 RALLYDEBUG rally_openstack.cleanup.manager [-] Deleting keystone.user object s_rally_634d0179_kJ8WUfDd (6829f058026d4da8a812e0cab374fd98)
2020-04-13 01:33:33.301 7990 RALLYDEBUG rally_openstack.cleanup.manager [-] Deleting keystone.user object s_rally_634d0179_jw9NDl7R (6a958d03eadc450b84c097e20605251a)
2020-04-13 01:33:33.334 7990 RALLYDEBUG rally_openstack.cleanup.manager [-] Deleting keystone.user object s_rally_634d0179_uWEY5VLm (6cb14dc4dd1044faa6c813291e534924)
2020-04-13 01:33:33.489 7990 RALLYDEBUG rally_openstack.cleanup.manager [-] Deleting keystone.user object s_rally_634d0179_Y6WgIHUd (7204bd97449d48f8903b94f1793ad855)
2020-04-13 01:33:33.489 7990 RALLYDEBUG rally_openstack.cleanup.manager [-] Deleting keystone.user object s_rally_634d0179_UN36Uxod (6d31d30314694c5abb40d10c9e65b653)
2020-04-13 01:33:33.516 7990 RALLYDEBUG rally_openstack.cleanup.manager [-] Deleting keystone.user object s_rally_634d0179_xeyOtVfe (72cea1c3336c4def853e52829475614e)
2020-04-13 01:33:33.561 7990 RALLYDEBUG rally_openstack.cleanup.manager [-] Deleting keystone.user object s_rally_634d0179_QiZf4cIk (74756b9271374c44956ddb326ecef344)
2020-04-13 01:33:33.653 7990 RALLYDEBUG rally_openstack.cleanup.manager [-] Deleting keystone.user object s_rally_634d0179_CdAdHSBk (747671819e39430682c07fba86fe4e7d)
2020-04-13 01:33:33.710 7990 RALLYDEBUG rally_openstack.cleanup.manager [-] Deleting keystone.user object s_rally_634d0179_Tvd5gdHT (7628519f92814faf9e58bcd3c50a4ccf)
2020-04-13 01:33:33.733 7990 RALLYDEBUG rally_openstack.cleanup.manager [-] Deleting keystone.user object s_rally_634d0179_BysnaDu0 (7ae90b5821f14ad0b2f40a165e2e3627)
2020-04-13 01:33:33.736 7990 RALLYDEBUG rally_openstack.cleanup.manager [-] Deleting keystone.user object s_rally_634d0179_qAPNADew (7bea521222644f26ab0f6a9412bfd4a0)
2020-04-13 01:33:33.771 7990 RALLYDEBUG rally_openstack.cleanup.manager [-] Deleting keystone.user object s_rally_634d0179_YXSTVcEM (7d67a6d328e04bb59c941b9493a1fe8e)
2020-04-13 01:33:33.792 7990 RALLYDEBUG rally_openstack.cleanup.manager [-] Deleting keystone.user object s_rally_634d0179_vVIjQIKX (8293909df79e4334a5657da46ace02f9)
2020-04-13 01:33:33.798 7990 RALLYDEBUG rally_openstack.cleanup.manager [-] Deleting keystone.user object s_rally_634d0179_s1c8ISwU (85f6de3305974a6bbf707c4c93df7dc0)
2020-04-13 01:33:33.814 7990 RALLYDEBUG rally_openstack.cleanup.manager [-] Deleting keystone.user object s_rally_634d0179_wKEkq3QQ (86d3c0f24b634973ac7730f6667cc4e6)
2020-04-13 01:33:33.823 7990 RALLYDEBUG rally_openstack.cleanup.manager [-] Deleting keystone.user object s_rally_634d0179_KjKUql3P (7f73ad71f3a84833aad9fd4eaaa5ee4e)
2020-04-13 01:33:33.874 7990 RALLYDEBUG rally_openstack.cleanup.manager [-] Deleting keystone.user object s_rally_634d0179_axsJAxTD (86d64fabb4684b23a0c0d0b318da41c4)
2020-04-13 01:33:33.885 7990 RALLYDEBUG rally_openstack.cleanup.manager [-] Deleting keystone.user object s_rally_634d0179_0r5aJ4hx (8cde43ada23f42d78c0e5754395af7fe)
2020-04-13 01:33:34.305 7990 RALLYDEBUG rally_openstack.cleanup.manager [-] Deleting keystone.user object s_rally_634d0179_Ga0l6M7O (9011808ab3a5450f8feb96112cd04cd8)
2020-04-13 01:33:34.362 7990 RALLYDEBUG rally_openstack.cleanup.manager [-] Deleting keystone.user object s_rally_634d0179_2gSjo3bY (90d5987e16e24a92a974348095193096)
2020-04-13 01:33:34.417 7990 RALLYDEBUG rally_openstack.cleanup.manager [-] Deleting keystone.user object s_rally_634d0179_SV1Hjkgi (94e1ac342c8540d38bc83a34d7700b63)
2020-04-13 01:33:34.823 7990 RALLYDEBUG rally_openstack.cleanup.manager [-] Deleting keystone.user object s_rally_634d0179_cXHHgtxC (9c4ba6e3c3eb4c4fad42869199b34846)
2020-04-13 01:33:34.855 7990 RALLYDEBUG rally_openstack.cleanup.manager [-] Deleting keystone.user object s_rally_634d0179_rio0YAjC (9d8ccb3cfb224f148851ba166103ba5f)
2020-04-13 01:33:34.990 7990 RALLYDEBUG rally_openstack.cleanup.manager [-] Deleting keystone.user object s_rally_634d0179_ALkBUqOE (a3371c6715f6401eb5196c4ffb8e52c9)
2020-04-13 01:33:35.007 7990 RALLYDEBUG rally_openstack.cleanup.manager [-] Deleting keystone.user object s_rally_634d0179_GcuOco5h (a6c0f55c89d3476faba3e40de40c580c)
2020-04-13 01:33:35.042 7990 RALLYDEBUG rally_openstack.cleanup.manager [-] Deleting keystone.user object s_rally_634d0179_PWoUUwuL (a85da9298dda4869a82cafdf162c48f5)
2020-04-13 01:33:35.370 7990 RALLYDEBUG rally_openstack.cleanup.manager [-] Deleting keystone.user object s_rally_634d0179_R9L7xgxc (aefdca419ffb4a32a287ec9dd78bd209)
2020-04-13 01:33:35.372 7990 RALLYDEBUG rally_openstack.cleanup.manager [-] Deleting keystone.user object s_rally_634d0179_iG1kj4W3 (ae28f1f0ce9e45daaf1200abe544e87b)
2020-04-13 01:33:35.488 7990 RALLYDEBUG rally_openstack.cleanup.manager [-] Deleting keystone.user object s_rally_634d0179_BF9Css3v (b05271b797ac47c1bffcf405b97bc1ea)
2020-04-13 01:33:35.566 7990 RALLYDEBUG rally_openstack.cleanup.manager [-] Deleting keystone.user object s_rally_634d0179_47JFcPbS (b0b616eca6d8408bb1ba5acc39040eb8)
2020-04-13 01:33:35.670 7990 RALLYDEBUG rally_openstack.cleanup.manager [-] Deleting keystone.user object s_rally_634d0179_AzTK7lz5 (b5a2f6a79c26407ab920b778765c5f70)
2020-04-13 01:33:35.685 7990 RALLYDEBUG rally_openstack.cleanup.manager [-] Deleting keystone.user object s_rally_634d0179_b5BwHfwW (bdde5dd13bfa46caa2b151114fd0897e)
2020-04-13 01:33:35.690 7990 RALLYDEBUG rally_openstack.cleanup.manager [-] Deleting keystone.user object s_rally_634d0179_R5zB5mZg (bf16cd3de3244b78ae63373d0fa168c3)
2020-04-13 01:33:35.695 7990 RALLYDEBUG rally_openstack.cleanup.manager [-] Deleting keystone.user object s_rally_634d0179_MP0QiXfP (b6d58885de64458bb199e2d7db33d5bd)
2020-04-13 01:33:35.731 7990 RALLYDEBUG rally_openstack.cleanup.manager [-] Deleting keystone.user object s_rally_634d0179_DYsZ3uKd (bfcb8122673748e6b0faa77528daf5ee)
2020-04-13 01:33:35.756 7990 RALLYDEBUG rally_openstack.cleanup.manager [-] Deleting keystone.user object s_rally_634d0179_T5ll2s1G (c13437d31f5c4440b22e04e971b21d2f)
2020-04-13 01:33:35.764 7990 RALLYDEBUG rally_openstack.cleanup.manager [-] Deleting keystone.user object s_rally_634d0179_z0rScUDd (c3f106401c2a45249ea7bab87870b06b)
2020-04-13 01:33:35.820 7990 RALLYDEBUG rally_openstack.cleanup.manager [-] Deleting keystone.user object s_rally_634d0179_DUsm0t5P (c7e311acadf64a6aa87ad85c42b1aa6d)
2020-04-13 01:33:35.973 7990 RALLYDEBUG rally_openstack.cleanup.manager [-] Deleting keystone.user object s_rally_634d0179_n11vB39t (cc09740302fd435abcd24cecf7957c9b)
2020-04-13 01:33:35.998 7990 RALLYDEBUG rally_openstack.cleanup.manager [-] Deleting keystone.user object s_rally_634d0179_1KHTZABH (ccc6154d59af4fc898e996cd58777f0c)
2020-04-13 01:33:36.081 7990 RALLYDEBUG rally_openstack.cleanup.manager [-] Deleting keystone.user object s_rally_634d0179_u6HA8eaO (cf62d6cbffd54b33b707148cb99834ce)
2020-04-13 01:33:36.253 7990 RALLYDEBUG rally_openstack.cleanup.manager [-] Deleting keystone.user object s_rally_634d0179_SfWYw8CL (d1a130667e2b4bf7b7d882fdb6bc040f)
2020-04-13 01:33:36.364 7990 RALLYDEBUG rally_openstack.cleanup.manager [-] Deleting keystone.user object s_rally_634d0179_aiNLDBIf (d588199959104e22bb4d41cc811637c7)
2020-04-13 01:33:36.530 7990 RALLYDEBUG rally_openstack.cleanup.manager [-] Deleting keystone.user object s_rally_634d0179_adbzdbdU (d719fe20ed6241b7abe1c1529feab6c6)
2020-04-13 01:33:36.543 7990 RALLYDEBUG rally_openstack.cleanup.manager [-] Deleting keystone.user object s_rally_634d0179_widNbTPN (d73ba17f28eb4244a701c059668802de)
2020-04-13 01:33:36.557 7990 RALLYDEBUG rally_openstack.cleanup.manager [-] Deleting keystone.user object s_rally_634d0179_rdo3INhO (dba54eb57d3349b48b6aa59927335fba)
2020-04-13 01:33:36.832 7990 RALLYDEBUG rally_openstack.cleanup.manager [-] Deleting keystone.user object s_rally_634d0179_t5KTcK4O (dc3d8c9691914f419fedbbca68a51897)
2020-04-13 01:33:36.844 7990 RALLYDEBUG rally_openstack.cleanup.manager [-] Deleting keystone.user object s_rally_634d0179_uiFJRHaF (de1cfb2dfca34ecea2220385c4a88841)
2020-04-13 01:33:37.049 7990 RALLYDEBUG rally_openstack.cleanup.manager [-] Deleting keystone.user object s_rally_634d0179_cJY9izRM (e3d6e567ba464763a5b7fdd83c267c4f)
2020-04-13 01:33:37.091 7990 RALLYDEBUG rally_openstack.cleanup.manager [-] Deleting keystone.user object s_rally_634d0179_y1qd6zcx (e416bdc1a7e148f1b05c4ce43915403f)
2020-04-13 01:33:37.382 7990 RALLYDEBUG rally_openstack.cleanup.manager [-] Deleting keystone.user object s_rally_634d0179_WxBhwWzj (e7f6d283b7b644d5998d737792eb90e7)
2020-04-13 01:33:37.398 7990 RALLYDEBUG rally_openstack.cleanup.manager [-] Deleting keystone.user object s_rally_634d0179_6kCRb1TA (ed860709e88e4278a88e2b40b3fc9edf)
2020-04-13 01:33:37.412 7990 RALLYDEBUG rally_openstack.cleanup.manager [-] Deleting keystone.user object s_rally_634d0179_uO3HmBIb (ef713aec4c1342f380cf20220e233556)
2020-04-13 01:33:37.436 7990 RALLYDEBUG rally_openstack.cleanup.manager [-] Deleting keystone.user object s_rally_634d0179_QUvUMRgA (f64b0428df8a492d92c25d1e5ab33d26)
2020-04-13 01:33:37.453 7990 RALLYDEBUG rally_openstack.cleanup.manager [-] Deleting keystone.user object s_rally_634d0179_HWkd6lgB (f8d234524ef746bab6d25bb661761f57)
2020-04-13 01:33:37.448 7990 RALLYDEBUG rally_openstack.cleanup.manager [-] Deleting keystone.user object s_rally_634d0179_I01rshp2 (f72a9d74f50749cc8aa890afc0ac3491)
2020-04-13 01:33:37.491 7990 RALLYDEBUG rally_openstack.cleanup.manager [-] Deleting keystone.user object s_rally_634d0179_Aay6jWNv (fecb0b7396d647b0aa23b113bd2eb367)
2020-04-13 01:33:37.541 7990 RALLYDEBUG rally_openstack.cleanup.manager [-] Deleting keystone.user object s_rally_634d0179_Mcv6saZk (fed24f03e6804668a91a130b51de1159)
2020-04-13 01:33:39.097 7990 RALLYDEBUG rally_openstack.cleanup.manager [-] Cleaning up keystone project objects
2020-04-13 01:33:39.552 7990 RALLYDEBUG rally_openstack.cleanup.manager [-] Deleting keystone.project object s_rally_634d0179_ySO8DKWi (4379a3d7380a4ef4acb2d509e8bdd64f)
2020-04-13 01:33:39.573 7990 RALLYDEBUG rally_openstack.cleanup.manager [-] Deleting keystone.project object s_rally_634d0179_KRXytwiA (06762ebbfe4f496f8c23542f0d95724c)
2020-04-13 01:33:39.574 7990 RALLYDEBUG rally_openstack.cleanup.manager [-] Deleting keystone.project object s_rally_634d0179_KGAYCjRp (482d15fbeb774c51aaef135cf6820d92)
2020-04-13 01:33:39.584 7990 RALLYDEBUG rally_openstack.cleanup.manager [-] Deleting keystone.project object s_rally_634d0179_Mrez68Pt (4cd08a5ae6db4affb55fad5a6c4f8b6c)
2020-04-13 01:33:39.626 7990 RALLYDEBUG rally_openstack.cleanup.manager [-] Deleting keystone.project object s_rally_634d0179_Fv3VksVb (7da743d2c78445a0818485b520e049e6)
2020-04-13 01:33:39.630 7990 RALLYDEBUG rally_openstack.cleanup.manager [-] Deleting keystone.project object s_rally_634d0179_sFyqeiGO (5c48dd2b990d48a8a3a7f7c6a07e276e)
2020-04-13 01:33:39.669 7990 RALLYDEBUG rally_openstack.cleanup.manager [-] Deleting keystone.project object s_rally_634d0179_follisad (8d1a2f2138bd408f838413d4507cb05b)
2020-04-13 01:33:39.719 7990 RALLYDEBUG rally_openstack.cleanup.manager [-] Deleting keystone.project object s_rally_634d0179_BNDoBLj5 (e933d356a72946a0b03fd0dc7edc62c7)
2020-04-13 01:33:39.792 7990 RALLYDEBUG rally_openstack.cleanup.manager [-] Deleting keystone.project object s_rally_634d0179_7hBhi6AK (a84620886a5b4fddb914030d6155bb8f)
2020-04-13 01:33:39.802 7990 RALLYDEBUG rally_openstack.cleanup.manager [-] Deleting keystone.project object s_rally_634d0179_RFyH2uHf (f077637a96a941efa115ee77c2348b6e)
2020-04-13 01:33:41.502 7990 RALLYDEBUG rally_openstack.cleanup.manager [-] Cleaning up keystone service objects
2020-04-13 01:33:41.985 7990 RALLYDEBUG rally_openstack.cleanup.manager [-] Cleaning up keystone role objects
2020-04-13 01:33:42.259 7990 INFO rally.task.context [-] Task 964a2185-61ce-4d73-b649-c56860bb14c8 | Context admin_cleanup@openstack cleanup() finished in 13.11 sec
2020-04-13 01:33:42.260 7990 INFO rally.task.context [-] Task 964a2185-61ce-4d73-b649-c56860bb14c8 | Context users@openstack cleanup() started
2020-04-13 01:33:42.487 7990 WARNING rally.common.logging [-] `iterate_per_tenants()' is deprecated in v3.0.0: it is openstack specific.. Used at
2020-04-13 01:33:44.016 7990 INFO rally.task.context [-] Task 964a2185-61ce-4d73-b649-c56860bb14c8 | Context users@openstack cleanup() finished in 1.76 sec
2020-04-13 01:33:44.552 7990 INFO rally.task.engine [-] Load duration is: 15.499341
2020-04-13 01:33:44.552 7990 INFO rally.task.engine [-] Full runner duration is: 15.895082
2020-04-13 01:33:44.553 7990 INFO rally.task.engine [-] Full duration is: 31.902111
2020-04-13 01:33:44.647 7990 INFO rally.task.engine [-] Task 964a2185-61ce-4d73-b649-c56860bb14c8 | Completed: Running task.
2020-04-13 01:33:46.202 9689 RALLYDEBUG rally.api [-] INFO logs from urllib3 and requests module are hide.
2020-04-13 01:33:46.202 9689 RALLYDEBUG rally.api [-] urllib3 insecure warnings are hidden.
2020-04-13 01:33:46.202 9689 RALLYDEBUG rally.api [-] ERROR log from boto module is hide.
2020-04-13 01:33:47.459 9690 RALLYDEBUG rally.api [-] INFO logs from urllib3 and requests module are hide.
2020-04-13 01:33:47.459 9690 RALLYDEBUG rally.api [-] urllib3 insecure warnings are hidden.
2020-04-13 01:33:47.459 9690 RALLYDEBUG rally.api [-] ERROR log from boto module is hide.
2020-04-13 01:33:48.851 9691 RALLYDEBUG rally.api [-] INFO logs from urllib3 and requests module are hide.
2020-04-13 01:33:48.851 9691 RALLYDEBUG rally.api [-] urllib3 insecure warnings are hidden.
2020-04-13 01:33:48.851 9691 RALLYDEBUG rally.api [-] ERROR log from boto module is hide.
2020-04-13 01:33:50.693 9691 INFO rally.api [-] Building 'json' report for the following task(s): '964a2185-61ce-4d73-b649-c56860bb14c8'.
2020-04-13 01:33:50.724 9691 INFO rally.api [-] The report has been successfully built.
2020-04-13 01:33:52.096 9693 RALLYDEBUG rally.api [-] INFO logs from urllib3 and requests module are hide.
2020-04-13 01:33:52.097 9693 RALLYDEBUG rally.api [-] urllib3 insecure warnings are hidden.
2020-04-13 01:33:52.097 9693 RALLYDEBUG rally.api [-] ERROR log from boto module is hide.
2020-04-13 01:33:54.225 9693 INFO rally.task.engine [-] Task d2284eeb-b62c-4f86-a54d-130dd9348c8e | Starting: Task validation.
2020-04-13 01:33:54.244 9693 INFO rally.task.engine [-] Task d2284eeb-b62c-4f86-a54d-130dd9348c8e | Starting: Task validation of syntax.
