2020-04-13 01:21:26.248 4038 INFO rally.task.runner [-] Task d344b5a7-0d2e-40dc-a41f-a5fdbcfa4a22 | ITER: 9 START
2020-04-13 01:21:26.253 4037 INFO rally.task.runner [-] Task d344b5a7-0d2e-40dc-a41f-a5fdbcfa4a22 | ITER: 5 END: OK
2020-04-13 01:21:26.259 4037 INFO rally.task.runner [-] Task d344b5a7-0d2e-40dc-a41f-a5fdbcfa4a22 | ITER: 10 START
2020-04-13 01:21:26.261 4036 INFO rally.task.runner [-] Task d344b5a7-0d2e-40dc-a41f-a5fdbcfa4a22 | ITER: 7 END: OK
2020-04-13 01:21:26.267 4041 INFO rally.task.runner [-] Task d344b5a7-0d2e-40dc-a41f-a5fdbcfa4a22 | ITER: 8 END: OK
2020-04-13 01:21:26.429 4038 INFO rally.task.runner [-] Task d344b5a7-0d2e-40dc-a41f-a5fdbcfa4a22 | ITER: 9 END: OK
2020-04-13 01:21:26.442 4037 INFO rally.task.runner [-] Task d344b5a7-0d2e-40dc-a41f-a5fdbcfa4a22 | ITER: 10 END: OK
2020-04-13 01:21:26.461 1333 INFO rally.task.context [-] Task d344b5a7-0d2e-40dc-a41f-a5fdbcfa4a22 | Context admin_cleanup@openstack cleanup() started
2020-04-13 01:21:26.466 1333 RALLYDEBUG rally_openstack.cleanup.manager [-] Cleaning up cinder volume_types objects
2020-04-13 01:21:26.641 1333 RALLYDEBUG rally_openstack.cleanup.manager [-] Cleaning up cinder image_volumes_cache objects
2020-04-13 01:21:26.954 1333 RALLYDEBUG rally_openstack.cleanup.manager [-] Cleaning up cinder quotas objects
2020-04-13 01:21:27.281 1333 RALLYDEBUG rally_openstack.cleanup.manager [-] Cleaning up cinder qos_specs objects
2020-04-13 01:21:27.430 1333 RALLYDEBUG rally_openstack.cleanup.manager [-] Deleting cinder.qos_specs object s_rally_f5116277_T5BLPvXs (e28ae25f-bd31-473e-991c-2753e9313b3d)
2020-04-13 01:21:27.445 1333 RALLYDEBUG rally_openstack.cleanup.manager [-] Deleting cinder.qos_specs object s_rally_f5116277_fDzxTI7b (97adfe3f-5d4d-494e-902a-e83dba2c12d1)
2020-04-13 01:21:27.446 1333 RALLYDEBUG rally_openstack.cleanup.manager [-] Deleting cinder.qos_specs object s_rally_f5116277_xWagyKza (bc7915a0-1165-446c-b457-b646fbb13fdc)
2020-04-13 01:21:27.451 1333 RALLYDEBUG rally_openstack.cleanup.manager [-] Deleting cinder.qos_specs object s_rally_f5116277_p8PsikbH (8fb4657b-53e7-4dde-b0b4-8d8d869933fc)
2020-04-13 01:21:27.471 1333 RALLYDEBUG rally_openstack.cleanup.manager [-] Deleting cinder.qos_specs object s_rally_f5116277_7nkgLiwv (6af51dc0-3ff3-4469-af64-7dc9100f8fa8)
2020-04-13 01:21:27.467 1333 RALLYDEBUG rally_openstack.cleanup.manager [-] Deleting cinder.qos_specs object s_rally_f5116277_MYNk6QbK (805535aa-070f-4e78-90b0-aecdfe45e68c)
2020-04-13 01:21:27.492 1333 RALLYDEBUG rally_openstack.cleanup.manager [-] Deleting cinder.qos_specs object s_rally_f5116277_ajpLmcF7 (2e5fe74a-8658-4369-8cb0-4cdc81992843)
2020-04-13 01:21:27.497 1333 RALLYDEBUG rally_openstack.cleanup.manager [-] Deleting cinder.qos_specs object s_rally_f5116277_smh8ISHo (4ac7d212-9750-462c-b0fc-bf1f6d268546)
2020-04-13 01:21:27.546 1333 RALLYDEBUG rally_openstack.cleanup.manager [-] Deleting cinder.qos_specs object s_rally_f5116277_UA1i9CsP (15c3ba32-bcb7-4f0c-9508-00945a35c5a8)
2020-04-13 01:21:27.558 1333 RALLYDEBUG rally_openstack.cleanup.manager [-] Deleting cinder.qos_specs object s_rally_f5116277_erVRsxt0 (217673b4-7fe4-4b7b-99bd-a6d67ee50e90)
2020-04-13 01:21:28.894 1333 INFO rally.task.context [-] Task d344b5a7-0d2e-40dc-a41f-a5fdbcfa4a22 | Context admin_cleanup@openstack cleanup() finished in 2.43 sec
2020-04-13 01:21:28.894 1333 INFO rally.task.context [-] Task d344b5a7-0d2e-40dc-a41f-a5fdbcfa4a22 | Context api_versions@openstack cleanup() started
2020-04-13 01:21:28.895 1333 INFO rally.task.context [-] Task d344b5a7-0d2e-40dc-a41f-a5fdbcfa4a22 | Context api_versions@openstack cleanup() finished in 0.34 msec
2020-04-13 01:21:28.895 1333 INFO rally.task.context [-] Task d344b5a7-0d2e-40dc-a41f-a5fdbcfa4a22 | Context users@openstack cleanup() started
2020-04-13 01:21:29.064 1333 WARNING rally.common.logging [-] `iterate_per_tenants()' is deprecated in v3.0.0: it is openstack specific.. Used at
2020-04-13 01:21:31.512 1333 INFO rally.task.context [-] Task d344b5a7-0d2e-40dc-a41f-a5fdbcfa4a22 | Context users@openstack cleanup() finished in 2.62 sec
2020-04-13 01:21:32.235 1333 INFO rally.task.engine [-] Load duration is: 0.627848
2020-04-13 01:21:32.235 1333 INFO rally.task.engine [-] Full runner duration is: 0.667855
2020-04-13 01:21:32.235 1333 INFO rally.task.engine [-] Full duration is: 7.355276
2020-04-13 01:21:32.328 1333 INFO rally.task.engine [-] Running workload: position = 0 config = { "version": 2, "title": "A cropped version of a bigger task.", "description": "Auto-generated task from a single workload (uuid=13410ba7-6b98-4132-ac8f-a6e33bb0d857)", "subtasks": [ { "title": "CinderQos.create_and_list_qos", "description": "Create a qos, then list all qos.", "scenario": { "CinderQos.create_and_list_qos": { "consumer": "both", "write_iops_sec": "10", "read_iops_sec": "1000" } }, "contexts": { "users": { "tenants": 3, "users_per_tenant": 2 }, "api_versions": { "cinder": { "version": 3, "service_type": "volumev3" } } }, "runner": { "constant": { "concurrency": 4, "times": 10 } }, "hooks": [], "sla": { "failure_rate": { "max": 0 } } } ] }
2020-04-13 01:21:32.349 1333 RALLYDEBUG rally_openstack.contexts.keystone.users [-] Creating 3 tenants using 3 threads
2020-04-13 01:21:32.844 1333 RALLYDEBUG rally_openstack.contexts.keystone.users [-] Creating 6 users using 6 threads
2020-04-13 01:21:33.704 1333 INFO rally.task.context [-] Task d344b5a7-0d2e-40dc-a41f-a5fdbcfa4a22 | Context users@openstack setup() finished in 1.36 sec
2020-04-13 01:21:33.833 1333 INFO rally.task.context [-] Task d344b5a7-0d2e-40dc-a41f-a5fdbcfa4a22 | Context api_versions@openstack setup() finished in 0.13 sec
2020-04-13 01:21:33.834 1333 INFO rally.task.context [-] Task d344b5a7-0d2e-40dc-a41f-a5fdbcfa4a22 | Context admin_cleanup@openstack setup() finished in 0.00 msec
2020-04-13 01:21:33.844 1333 RALLYDEBUG rally.task.runner [-] Starting the constant runner (task UUID: d344b5a7-0d2e-40dc-a41f-a5fdbcfa4a22). times: 10 concurrency: 4 timeout: 0 max_cpu_used: 88 processes_to_start: 4 concurrency_per_worker: 1 concurrency_overhead: 0
2020-04-13 01:21:33.855 4189 RALLYDEBUG rally.task.runner [-] Starting a worker. times: 10 duration: None concurrency: 1 timeout: 0 cls: method_name: run args: {"consumer": "both", "write_iops_sec": "10", "read_iops_sec": "1000"}
2020-04-13 01:21:33.857 4190 RALLYDEBUG rally.task.runner [-] Starting a worker. times: 10 duration: None concurrency: 1 timeout: 0 cls: method_name: run args: {"consumer": "both", "write_iops_sec": "10", "read_iops_sec": "1000"}
2020-04-13 01:21:33.860 4191 RALLYDEBUG rally.task.runner [-] Starting a worker. times: 10 duration: None concurrency: 1 timeout: 0 cls: method_name: run args: {"consumer": "both", "write_iops_sec": "10", "read_iops_sec": "1000"}
2020-04-13 01:21:33.862 4189 INFO rally.task.runner [-] Task d344b5a7-0d2e-40dc-a41f-a5fdbcfa4a22 | ITER: 1 START
2020-04-13 01:21:33.862 4192 RALLYDEBUG rally.task.runner [-] Starting a worker. times: 10 duration: None concurrency: 1 timeout: 0 cls: method_name: run args: {"consumer": "both", "write_iops_sec": "10", "read_iops_sec": "1000"}
2020-04-13 01:21:33.863 4190 INFO rally.task.runner [-] Task d344b5a7-0d2e-40dc-a41f-a5fdbcfa4a22 | ITER: 2 START
2020-04-13 01:21:33.867 4191 INFO rally.task.runner [-] Task d344b5a7-0d2e-40dc-a41f-a5fdbcfa4a22 | ITER: 3 START
2020-04-13 01:21:33.869 4192 INFO rally.task.runner [-] Task d344b5a7-0d2e-40dc-a41f-a5fdbcfa4a22 | ITER: 4 START
2020-04-13 01:21:34.077 4189 INFO rally.task.runner [-] Task d344b5a7-0d2e-40dc-a41f-a5fdbcfa4a22 | ITER: 1 END: OK
2020-04-13 01:21:34.082 4189 INFO rally.task.runner [-] Task d344b5a7-0d2e-40dc-a41f-a5fdbcfa4a22 | ITER: 5 START
2020-04-13 01:21:34.084 4190 INFO rally.task.runner [-] Task d344b5a7-0d2e-40dc-a41f-a5fdbcfa4a22 | ITER: 2 END: OK
2020-04-13 01:21:34.088 4190 INFO rally.task.runner [-] Task d344b5a7-0d2e-40dc-a41f-a5fdbcfa4a22 | ITER: 6 START
2020-04-13 01:21:34.094 4192 INFO rally.task.runner [-] Task d344b5a7-0d2e-40dc-a41f-a5fdbcfa4a22 | ITER: 4 END: OK
2020-04-13 01:21:34.101 4192 INFO rally.task.runner [-] Task d344b5a7-0d2e-40dc-a41f-a5fdbcfa4a22 | ITER: 7 START
2020-04-13 01:21:34.102 4191 INFO rally.task.runner [-] Task d344b5a7-0d2e-40dc-a41f-a5fdbcfa4a22 | ITER: 3 END: OK
2020-04-13 01:21:34.107 4191 INFO rally.task.runner [-] Task d344b5a7-0d2e-40dc-a41f-a5fdbcfa4a22 | ITER: 8 START
2020-04-13 01:21:34.249 4189 INFO rally.task.runner [-] Task d344b5a7-0d2e-40dc-a41f-a5fdbcfa4a22 | ITER: 5 END: OK
2020-04-13 01:21:34.253 4189 INFO rally.task.runner [-] Task d344b5a7-0d2e-40dc-a41f-a5fdbcfa4a22 | ITER: 9 START
2020-04-13 01:21:34.273 4192 INFO rally.task.runner [-] Task d344b5a7-0d2e-40dc-a41f-a5fdbcfa4a22 | ITER: 7 END: OK
2020-04-13 01:21:34.278 4192 INFO rally.task.runner [-] Task d344b5a7-0d2e-40dc-a41f-a5fdbcfa4a22 | ITER: 10 START
2020-04-13 01:21:34.279 4190 INFO rally.task.runner [-] Task d344b5a7-0d2e-40dc-a41f-a5fdbcfa4a22 | ITER: 6 END: OK
2020-04-13 01:21:34.280 4191 INFO rally.task.runner [-] Task d344b5a7-0d2e-40dc-a41f-a5fdbcfa4a22 | ITER: 8 END: OK
2020-04-13 01:21:34.426 4189 INFO rally.task.runner [-] Task d344b5a7-0d2e-40dc-a41f-a5fdbcfa4a22 | ITER: 9 END: OK
2020-04-13 01:21:34.453 4192 INFO rally.task.runner [-] Task d344b5a7-0d2e-40dc-a41f-a5fdbcfa4a22 | ITER: 10 END: OK
2020-04-13 01:21:34.476 1333 INFO rally.task.context [-] Task d344b5a7-0d2e-40dc-a41f-a5fdbcfa4a22 | Context admin_cleanup@openstack cleanup() started
2020-04-13 01:21:34.481 1333 RALLYDEBUG rally_openstack.cleanup.manager [-] Cleaning up cinder volume_types objects
2020-04-13 01:21:34.640 1333 RALLYDEBUG rally_openstack.cleanup.manager [-] Cleaning up cinder image_volumes_cache objects
2020-04-13 01:21:34.956 1333 RALLYDEBUG rally_openstack.cleanup.manager [-] Cleaning up cinder quotas objects
2020-04-13 01:21:35.230 1333 RALLYDEBUG rally_openstack.cleanup.manager [-] Cleaning up cinder qos_specs objects
2020-04-13 01:21:35.367 1333 RALLYDEBUG rally_openstack.cleanup.manager [-] Deleting cinder.qos_specs object s_rally_13410ba7_xtJ98gdW (e7a9f2a2-3e6b-46d9-9ab9-dd377fbe9574)
2020-04-13 01:21:35.381 1333 RALLYDEBUG rally_openstack.cleanup.manager [-] Deleting cinder.qos_specs object s_rally_13410ba7_ohu7pPmQ (7fe2bc1f-c81b-442f-a276-e1b29e5baaed)
2020-04-13 01:21:35.383 1333 RALLYDEBUG rally_openstack.cleanup.manager [-] Deleting cinder.qos_specs object s_rally_13410ba7_X0ZsMOpK (b2ef0174-1e2e-4ab1-b674-d367494e678e)
2020-04-13 01:21:35.398 1333 RALLYDEBUG rally_openstack.cleanup.manager [-] Deleting cinder.qos_specs object s_rally_13410ba7_6nYhwOIs (5855ac4b-d7c8-4ca3-885b-91e1038102e3)
2020-04-13 01:21:35.403 1333 RALLYDEBUG rally_openstack.cleanup.manager [-] Deleting cinder.qos_specs object s_rally_13410ba7_4ui5qLVo (560409c2-1f6e-4b6a-8e3a-bad98444a4d7)
2020-04-13 01:21:35.438 1333 RALLYDEBUG rally_openstack.cleanup.manager [-] Deleting cinder.qos_specs object s_rally_13410ba7_kMKairBl (48ea7901-a501-460a-a0a6-a8b1593e8525)
2020-04-13 01:21:35.449 1333 RALLYDEBUG rally_openstack.cleanup.manager [-] Deleting cinder.qos_specs object s_rally_13410ba7_USlbzDei (2ea8ac7f-a634-4e20-8903-2db93e4ab303)
2020-04-13 01:21:35.468 1333 RALLYDEBUG rally_openstack.cleanup.manager [-] Deleting cinder.qos_specs object s_rally_13410ba7_t9RAXzQf (1eb28b84-450b-491f-84bb-812f891980a9)
2020-04-13 01:21:35.462 1333 RALLYDEBUG rally_openstack.cleanup.manager [-] Deleting cinder.qos_specs object s_rally_13410ba7_xDZdDkvl (2286e86e-ba1c-46f9-bd35-2ad888f50b3c)
2020-04-13 01:21:35.484 1333 RALLYDEBUG rally_openstack.cleanup.manager [-] Deleting cinder.qos_specs object s_rally_13410ba7_xlVOHuLb (1265c3b8-45f5-4b63-9e07-e612a74bb283)
2020-04-13 01:21:36.821 1333 INFO rally.task.context [-] Task d344b5a7-0d2e-40dc-a41f-a5fdbcfa4a22 | Context admin_cleanup@openstack cleanup() finished in 2.35 sec
2020-04-13 01:21:36.822 1333 INFO rally.task.context [-] Task d344b5a7-0d2e-40dc-a41f-a5fdbcfa4a22 | Context api_versions@openstack cleanup() started
2020-04-13 01:21:36.823 1333 INFO rally.task.context [-] Task d344b5a7-0d2e-40dc-a41f-a5fdbcfa4a22 | Context api_versions@openstack cleanup() finished in 0.37 msec
2020-04-13 01:21:36.823 1333 INFO rally.task.context [-] Task d344b5a7-0d2e-40dc-a41f-a5fdbcfa4a22 | Context users@openstack cleanup() started
2020-04-13 01:21:36.958 1333 WARNING rally.common.logging [-] `iterate_per_tenants()' is deprecated in v3.0.0: it is openstack specific.. Used at
2020-04-13 01:21:39.548 1333 INFO rally.task.context [-] Task d344b5a7-0d2e-40dc-a41f-a5fdbcfa4a22 | Context users@openstack cleanup() finished in 2.72 sec
2020-04-13 01:21:40.424 1333 INFO rally.task.engine [-] Load duration is: 0.585846
2020-04-13 01:21:40.425 1333 INFO rally.task.engine [-] Full runner duration is: 0.632738
2020-04-13 01:21:40.425 1333 INFO rally.task.engine [-] Full duration is: 7.201133
2020-04-13 01:21:40.513 1333 INFO rally.task.engine [-] Running workload: position = 0 config = { "version": 2, "title": "A cropped version of a bigger task.", "description": "Auto-generated task from a single workload (uuid=dc878583-551e-406a-b840-3112b27ebdc4)", "subtasks": [ { "title": "CinderQos.create_and_set_qos", "description": "Create a qos, then Add/Update keys in qos specs.", "scenario": { "CinderQos.create_and_set_qos": { "consumer": "back-end", "write_iops_sec": "10", "read_iops_sec": "1000", "set_consumer": "both", "set_write_iops_sec": "11", "set_read_iops_sec": "1001" } }, "contexts": { "users": { "tenants": 3, "users_per_tenant": 2 }, "api_versions": { "cinder": { "version": 3, "service_type": "volumev3" } } }, "runner": { "constant": { "concurrency": 4, "times": 10 } }, "hooks": [], "sla": { "failure_rate": { "max": 0 } } } ] }
2020-04-13 01:21:40.529 1333 RALLYDEBUG rally_openstack.contexts.keystone.users [-] Creating 3 tenants using 3 threads
2020-04-13 01:21:40.981 1333 RALLYDEBUG rally_openstack.contexts.keystone.users [-] Creating 6 users using 6 threads
2020-04-13 01:21:41.981 1333 INFO rally.task.context [-] Task d344b5a7-0d2e-40dc-a41f-a5fdbcfa4a22 | Context users@openstack setup() finished in 1.45 sec
2020-04-13 01:21:42.124 1333 INFO rally.task.context [-] Task d344b5a7-0d2e-40dc-a41f-a5fdbcfa4a22 | Context api_versions@openstack setup() finished in 0.14 sec
2020-04-13 01:21:42.124 1333 INFO rally.task.context [-] Task d344b5a7-0d2e-40dc-a41f-a5fdbcfa4a22 | Context admin_cleanup@openstack setup() finished in 0.00 msec
2020-04-13 01:21:42.140 1333 RALLYDEBUG rally.task.runner [-] Starting the constant runner (task UUID: d344b5a7-0d2e-40dc-a41f-a5fdbcfa4a22). times: 10 concurrency: 4 timeout: 0 max_cpu_used: 88 processes_to_start: 4 concurrency_per_worker: 1 concurrency_overhead: 0
2020-04-13 01:21:42.152 4342 RALLYDEBUG rally.task.runner [-] Starting a worker. times: 10 duration: None concurrency: 1 timeout: 0 cls: method_name: run args: {"consumer": "back-end", "write_iops_sec": "10", "read_iops_sec": "1000", "set_consumer": "both", "set_write_iops_sec": "11", "set_read_iops_sec": "1001"}
2020-04-13 01:21:42.153 4343 RALLYDEBUG rally.task.runner [-] Starting a worker. times: 10 duration: None concurrency: 1 timeout: 0 cls: method_name: run args: {"consumer": "back-end", "write_iops_sec": "10", "read_iops_sec": "1000", "set_consumer": "both", "set_write_iops_sec": "11", "set_read_iops_sec": "1001"}
2020-04-13 01:21:42.156 4344 RALLYDEBUG rally.task.runner [-] Starting a worker. times: 10 duration: None concurrency: 1 timeout: 0 cls: method_name: run args: {"consumer": "back-end", "write_iops_sec": "10", "read_iops_sec": "1000", "set_consumer": "both", "set_write_iops_sec": "11", "set_read_iops_sec": "1001"}
2020-04-13 01:21:42.159 4345 RALLYDEBUG rally.task.runner [-] Starting a worker. times: 10 duration: None concurrency: 1 timeout: 0 cls: method_name: run args: {"consumer": "back-end", "write_iops_sec": "10", "read_iops_sec": "1000", "set_consumer": "both", "set_write_iops_sec": "11", "set_read_iops_sec": "1001"}
2020-04-13 01:21:42.162 4342 INFO rally.task.runner [-] Task d344b5a7-0d2e-40dc-a41f-a5fdbcfa4a22 | ITER: 1 START
2020-04-13 01:21:42.163 4343 INFO rally.task.runner [-] Task d344b5a7-0d2e-40dc-a41f-a5fdbcfa4a22 | ITER: 2 START
2020-04-13 01:21:42.163 4344 INFO rally.task.runner [-] Task d344b5a7-0d2e-40dc-a41f-a5fdbcfa4a22 | ITER: 3 START
2020-04-13 01:21:42.167 4345 INFO rally.task.runner [-] Task d344b5a7-0d2e-40dc-a41f-a5fdbcfa4a22 | ITER: 4 START
2020-04-13 01:21:42.447 4345 INFO rally.task.runner [-] Task d344b5a7-0d2e-40dc-a41f-a5fdbcfa4a22 | ITER: 4 END: OK
2020-04-13 01:21:42.453 4345 INFO rally.task.runner [-] Task d344b5a7-0d2e-40dc-a41f-a5fdbcfa4a22 | ITER: 5 START
2020-04-13 01:21:42.463 4344 INFO rally.task.runner [-] Task d344b5a7-0d2e-40dc-a41f-a5fdbcfa4a22 | ITER: 3 END: OK
2020-04-13 01:21:42.463 4343 INFO rally.task.runner [-] Task d344b5a7-0d2e-40dc-a41f-a5fdbcfa4a22 | ITER: 2 END: OK
2020-04-13 01:21:42.464 4342 INFO rally.task.runner [-] Task d344b5a7-0d2e-40dc-a41f-a5fdbcfa4a22 | ITER: 1 END: OK
2020-04-13 01:21:42.468 4344 INFO rally.task.runner [-] Task d344b5a7-0d2e-40dc-a41f-a5fdbcfa4a22 | ITER: 6 START
2020-04-13 01:21:42.469 4342 INFO rally.task.runner [-] Task d344b5a7-0d2e-40dc-a41f-a5fdbcfa4a22 | ITER: 7 START
2020-04-13 01:21:42.471 4343 INFO rally.task.runner [-] Task d344b5a7-0d2e-40dc-a41f-a5fdbcfa4a22 | ITER: 8 START
2020-04-13 01:21:42.667 4345 INFO rally.task.runner [-] Task d344b5a7-0d2e-40dc-a41f-a5fdbcfa4a22 | ITER: 5 END: OK
2020-04-13 01:21:42.671 4345 INFO rally.task.runner [-] Task d344b5a7-0d2e-40dc-a41f-a5fdbcfa4a22 | ITER: 9 START
2020-04-13 01:21:42.675 4342 INFO rally.task.runner [-] Task d344b5a7-0d2e-40dc-a41f-a5fdbcfa4a22 | ITER: 7 END: OK
2020-04-13 01:21:42.679 4342 INFO rally.task.runner [-] Task d344b5a7-0d2e-40dc-a41f-a5fdbcfa4a22 | ITER: 10 START
2020-04-13 01:21:42.683 4344 INFO rally.task.runner [-] Task d344b5a7-0d2e-40dc-a41f-a5fdbcfa4a22 | ITER: 6 END: OK
2020-04-13 01:21:42.692 4343 INFO rally.task.runner [-] Task d344b5a7-0d2e-40dc-a41f-a5fdbcfa4a22 | ITER: 8 END: OK
2020-04-13 01:21:42.900 4345 INFO rally.task.runner [-] Task d344b5a7-0d2e-40dc-a41f-a5fdbcfa4a22 | ITER: 9 END: OK
2020-04-13 01:21:42.909 4342 INFO rally.task.runner [-] Task d344b5a7-0d2e-40dc-a41f-a5fdbcfa4a22 | ITER: 10 END: OK
2020-04-13 01:21:42.933 1333 INFO rally.task.context [-] Task d344b5a7-0d2e-40dc-a41f-a5fdbcfa4a22 | Context admin_cleanup@openstack cleanup() started
2020-04-13 01:21:42.939 1333 RALLYDEBUG rally_openstack.cleanup.manager [-] Cleaning up cinder volume_types objects
2020-04-13 01:21:43.121 1333 RALLYDEBUG rally_openstack.cleanup.manager [-] Cleaning up cinder image_volumes_cache objects
2020-04-13 01:21:43.453 1333 RALLYDEBUG rally_openstack.cleanup.manager [-] Cleaning up cinder quotas objects
2020-04-13 01:21:43.836 1333 RALLYDEBUG rally_openstack.cleanup.manager [-] Cleaning up cinder qos_specs objects
2020-04-13 01:21:43.999 1333 RALLYDEBUG rally_openstack.cleanup.manager [-] Deleting cinder.qos_specs object s_rally_dc878583_5d9osgaj (c4299877-a471-47ab-91de-2e50924021b0)
2020-04-13 01:21:44.009 1333 RALLYDEBUG rally_openstack.cleanup.manager [-] Deleting cinder.qos_specs object s_rally_dc878583_OJytRnIv (87abb511-3c31-4361-9425-fa80d867dbcf)
2020-04-13 01:21:44.021 1333 RALLYDEBUG rally_openstack.cleanup.manager [-] Deleting cinder.qos_specs object s_rally_dc878583_cvL4GqsL (bb222596-0854-4141-a6b2-4b4d6ef562e5)
2020-04-13 01:21:44.021 1333 RALLYDEBUG rally_openstack.cleanup.manager [-] Deleting cinder.qos_specs object s_rally_dc878583_rlHpiObN (66554dfb-3710-475e-8cf2-1d1307ba871e)
2020-04-13 01:21:44.022 1333 RALLYDEBUG rally_openstack.cleanup.manager [-] Deleting cinder.qos_specs object s_rally_dc878583_CAGQ0XHU (5f131c2e-3526-4fd9-87a2-5e7c342767dc)
2020-04-13 01:21:44.025 1333 RALLYDEBUG rally_openstack.cleanup.manager [-] Deleting cinder.qos_specs object s_rally_dc878583_s4stqNXS (171a6807-6dce-414d-8636-d31595eb307f)
2020-04-13 01:21:44.045 1333 RALLYDEBUG rally_openstack.cleanup.manager [-] Deleting cinder.qos_specs object s_rally_dc878583_7nvAp3OX (b11e2a72-4a93-4b3b-8b96-d150d76f8c59)
2020-04-13 01:21:44.059 1333 RALLYDEBUG rally_openstack.cleanup.manager [-] Deleting cinder.qos_specs object s_rally_dc878583_PCg3VuGR (9a03f406-e924-476b-a3a4-1ec16f9aef60)
2020-04-13 01:21:44.070 1333 RALLYDEBUG rally_openstack.cleanup.manager [-] Deleting cinder.qos_specs object s_rally_dc878583_m5qzCscW (4ba0334e-5807-4623-b701-4b1c4887e80d)
2020-04-13 01:21:44.112 1333 RALLYDEBUG rally_openstack.cleanup.manager [-] Deleting cinder.qos_specs object s_rally_dc878583_Zpmu5Vct (2e2a4a70-b97c-4c4d-8172-242d447a7d3c)
2020-04-13 01:21:45.470 1333 INFO rally.task.context [-] Task d344b5a7-0d2e-40dc-a41f-a5fdbcfa4a22 | Context admin_cleanup@openstack cleanup() finished in 2.54 sec
2020-04-13 01:21:45.470 1333 INFO rally.task.context [-] Task d344b5a7-0d2e-40dc-a41f-a5fdbcfa4a22 | Context api_versions@openstack cleanup() started
2020-04-13 01:21:45.471 1333 INFO rally.task.context [-] Task d344b5a7-0d2e-40dc-a41f-a5fdbcfa4a22 | Context api_versions@openstack cleanup() finished in 0.35 msec
2020-04-13 01:21:45.471 1333 INFO rally.task.context [-] Task d344b5a7-0d2e-40dc-a41f-a5fdbcfa4a22 | Context users@openstack cleanup() started
2020-04-13 01:21:45.647 1333 WARNING rally.common.logging [-] `iterate_per_tenants()' is deprecated in v3.0.0: it is openstack specific.. Used at
2020-04-13 01:21:48.036 1333 INFO rally.task.context [-] Task d344b5a7-0d2e-40dc-a41f-a5fdbcfa4a22 | Context users@openstack cleanup() finished in 2.56 sec
2020-04-13 01:21:48.619 1333 INFO rally.task.engine [-] Load duration is: 0.739603
2020-04-13 01:21:48.619 1333 INFO rally.task.engine [-] Full runner duration is: 0.794623
2020-04-13 01:21:48.620 1333 INFO rally.task.engine [-] Full duration is: 7.508686
2020-04-13 01:21:48.710 1333 INFO rally.task.engine [-] Running workload: position = 0 config = { "version": 2, "title": "A cropped version of a bigger task.", "description": "Auto-generated task from a single workload (uuid=f33a132e-87f1-4571-95af-728d743c9fd1)", "subtasks": [ { "title": "CinderVolumeTypes.create_and_get_volume_type", "description": "Create a volume Type, then get the details of the type.", "scenario": { "CinderVolumeTypes.create_and_get_volume_type": { "description": "rally tests creating types" } }, "contexts": { "users": { "tenants": 3, "users_per_tenant": 2 }, "api_versions": { "cinder": { "version": 3, "service_type": "volumev3" } } }, "runner": { "constant": { "concurrency": 4, "times": 10 } }, "hooks": [], "sla": { "failure_rate": { "max": 0 } } } ] }
2020-04-13 01:21:48.730 1333 RALLYDEBUG rally_openstack.contexts.keystone.users [-] Creating 3 tenants using 3 threads
2020-04-13 01:21:49.204 1333 RALLYDEBUG rally_openstack.contexts.keystone.users [-] Creating 6 users using 6 threads
2020-04-13 01:21:50.136 1333 INFO rally.task.context [-] Task d344b5a7-0d2e-40dc-a41f-a5fdbcfa4a22 | Context users@openstack setup() finished in 1.41 sec
2020-04-13 01:21:50.271 1333 INFO rally.task.context [-] Task d344b5a7-0d2e-40dc-a41f-a5fdbcfa4a22 | Context api_versions@openstack setup() finished in 0.14 sec
2020-04-13 01:21:50.272 1333 INFO rally.task.context [-] Task d344b5a7-0d2e-40dc-a41f-a5fdbcfa4a22 | Context admin_cleanup@openstack setup() finished in 0.00 msec
2020-04-13 01:21:50.281 1333 RALLYDEBUG rally.task.runner [-] Starting the constant runner (task UUID: d344b5a7-0d2e-40dc-a41f-a5fdbcfa4a22). times: 10 concurrency: 4 timeout: 0 max_cpu_used: 88 processes_to_start: 4 concurrency_per_worker: 1 concurrency_overhead: 0
2020-04-13 01:21:50.293 4495 RALLYDEBUG rally.task.runner [-] Starting a worker. times: 10 duration: None concurrency: 1 timeout: 0 cls: method_name: run args: {"description": "rally tests creating types"}
2020-04-13 01:21:50.295 4496 RALLYDEBUG rally.task.runner [-] Starting a worker. times: 10 duration: None concurrency: 1 timeout: 0 cls: method_name: run args: {"description": "rally tests creating types"}
2020-04-13 01:21:50.298 4497 RALLYDEBUG rally.task.runner [-] Starting a worker. times: 10 duration: None concurrency: 1 timeout: 0 cls: method_name: run args: {"description": "rally tests creating types"}
2020-04-13 01:21:50.300 4498 RALLYDEBUG rally.task.runner [-] Starting a worker. times: 10 duration: None concurrency: 1 timeout: 0 cls: method_name: run args: {"description": "rally tests creating types"}
2020-04-13 01:21:50.301 4495 INFO rally.task.runner [-] Task d344b5a7-0d2e-40dc-a41f-a5fdbcfa4a22 | ITER: 1 START
2020-04-13 01:21:50.302 4496 INFO rally.task.runner [-] Task d344b5a7-0d2e-40dc-a41f-a5fdbcfa4a22 | ITER: 2 START
2020-04-13 01:21:50.305 4497 INFO rally.task.runner [-] Task d344b5a7-0d2e-40dc-a41f-a5fdbcfa4a22 | ITER: 3 START
2020-04-13 01:21:50.306 4498 INFO rally.task.runner [-] Task d344b5a7-0d2e-40dc-a41f-a5fdbcfa4a22 | ITER: 4 START
2020-04-13 01:21:50.547 4498 INFO rally.task.runner [-] Task d344b5a7-0d2e-40dc-a41f-a5fdbcfa4a22 | ITER: 4 END: OK
2020-04-13 01:21:50.553 4498 INFO rally.task.runner [-] Task d344b5a7-0d2e-40dc-a41f-a5fdbcfa4a22 | ITER: 5 START
2020-04-13 01:21:50.560 4497 INFO rally.task.runner [-] Task d344b5a7-0d2e-40dc-a41f-a5fdbcfa4a22 | ITER: 3 END: OK
2020-04-13 01:21:50.565 4497 INFO rally.task.runner [-] Task d344b5a7-0d2e-40dc-a41f-a5fdbcfa4a22 | ITER: 6 START
2020-04-13 01:21:50.568 4495 INFO rally.task.runner [-] Task d344b5a7-0d2e-40dc-a41f-a5fdbcfa4a22 | ITER: 1 END: OK
2020-04-13 01:21:50.573 4495 INFO rally.task.runner [-] Task d344b5a7-0d2e-40dc-a41f-a5fdbcfa4a22 | ITER: 7 START
2020-04-13 01:21:50.584 4496 INFO rally.task.runner [-] Task d344b5a7-0d2e-40dc-a41f-a5fdbcfa4a22 | ITER: 2 END: OK
2020-04-13 01:21:50.589 4496 INFO rally.task.runner [-] Task d344b5a7-0d2e-40dc-a41f-a5fdbcfa4a22 | ITER: 8 START
2020-04-13 01:21:50.732 4498 INFO rally.task.runner [-] Task d344b5a7-0d2e-40dc-a41f-a5fdbcfa4a22 | ITER: 5 END: OK
2020-04-13 01:21:50.736 4498 INFO rally.task.runner [-] Task d344b5a7-0d2e-40dc-a41f-a5fdbcfa4a22 | ITER: 9 START
2020-04-13 01:21:50.772 4496 INFO rally.task.runner [-] Task d344b5a7-0d2e-40dc-a41f-a5fdbcfa4a22 | ITER: 8 END: OK
2020-04-13 01:21:50.776 4496 INFO rally.task.runner [-] Task d344b5a7-0d2e-40dc-a41f-a5fdbcfa4a22 | ITER: 10 START
2020-04-13 01:21:50.784 4497 INFO rally.task.runner [-] Task d344b5a7-0d2e-40dc-a41f-a5fdbcfa4a22 | ITER: 6 END: OK
2020-04-13 01:21:50.790 4495 INFO rally.task.runner [-] Task d344b5a7-0d2e-40dc-a41f-a5fdbcfa4a22 | ITER: 7 END: OK
2020-04-13 01:21:50.936 4498 INFO rally.task.runner [-] Task d344b5a7-0d2e-40dc-a41f-a5fdbcfa4a22 | ITER: 9 END: OK
2020-04-13 01:21:50.959 4496 INFO rally.task.runner [-] Task d344b5a7-0d2e-40dc-a41f-a5fdbcfa4a22 | ITER: 10 END: OK
2020-04-13 01:21:50.981 1333 INFO rally.task.context [-] Task d344b5a7-0d2e-40dc-a41f-a5fdbcfa4a22 | Context admin_cleanup@openstack cleanup() started
2020-04-13 01:21:50.986 1333 RALLYDEBUG rally_openstack.cleanup.manager [-] Cleaning up cinder volume_types objects
2020-04-13 01:21:51.185 1333 RALLYDEBUG rally_openstack.cleanup.manager [-] Deleting cinder.volume_types object s_rally_f33a132e_DUk6rir3 (8f9142ca-1152-477f-82a3-d6d84a8730ce)
2020-04-13 01:21:51.189 1333 RALLYDEBUG rally_openstack.cleanup.manager [-] Deleting cinder.volume_types object s_rally_f33a132e_0jnQsUCE (af60fe65-7368-4b7d-8f70-4abeb476b6c1)
2020-04-13 01:21:51.194 1333 RALLYDEBUG rally_openstack.cleanup.manager [-] Deleting cinder.volume_types object s_rally_f33a132e_Utt39vvd (63159df5-aae1-4104-8e66-0b3a30e00f06)
2020-04-13 01:21:51.200 1333 RALLYDEBUG rally_openstack.cleanup.manager [-] Deleting cinder.volume_types object s_rally_f33a132e_zTpvS4IA (b21019e9-23d6-4d20-904e-abe481de0cda)
2020-04-13 01:21:51.204 1333 RALLYDEBUG rally_openstack.cleanup.manager [-] Deleting cinder.volume_types object s_rally_f33a132e_XsX4tj7C (575109f4-ee59-40f1-8eaa-b9188add9279)
2020-04-13 01:21:51.206 1333 RALLYDEBUG rally_openstack.cleanup.manager [-] Deleting cinder.volume_types object s_rally_f33a132e_bcwCmF8V (45ac2fd9-da18-46db-ad0c-ac07be48aea1)
2020-04-13 01:21:51.207 1333 RALLYDEBUG rally_openstack.cleanup.manager [-] Deleting cinder.volume_types object s_rally_f33a132e_REwBTiwB (efddff0b-d3f8-4379-9e75-b1b1cab976b5)
2020-04-13 01:21:51.231 1333 RALLYDEBUG rally_openstack.cleanup.manager [-] Deleting cinder.volume_types object s_rally_f33a132e_kqnHhdOQ (1ef47a67-791b-492c-9fd1-3b1f8b551dc5)
2020-04-13 01:21:51.231 1333 RALLYDEBUG rally_openstack.cleanup.manager [-] Deleting cinder.volume_types object s_rally_f33a132e_yq9CpLNv (021fec06-b19d-40a5-8ddb-84c72ff4b25e)
2020-04-13 01:21:51.266 1333 RALLYDEBUG rally_openstack.cleanup.manager [-] Deleting cinder.volume_types object s_rally_f33a132e_cfbNXsSu (91217e23-7be8-48fa-bebc-8faff49208d6)
2020-04-13 01:21:52.724 1333 RALLYDEBUG rally_openstack.cleanup.manager [-] Cleaning up cinder image_volumes_cache objects
2020-04-13 01:21:53.092 1333 RALLYDEBUG rally_openstack.cleanup.manager [-] Cleaning up cinder quotas objects
2020-04-13 01:21:53.399 1333 RALLYDEBUG rally_openstack.cleanup.manager [-] Cleaning up cinder qos_specs objects
2020-04-13 01:21:53.590 1333 INFO rally.task.context [-] Task d344b5a7-0d2e-40dc-a41f-a5fdbcfa4a22 | Context admin_cleanup@openstack cleanup() finished in 2.61 sec
2020-04-13 01:21:53.591 1333 INFO rally.task.context [-] Task d344b5a7-0d2e-40dc-a41f-a5fdbcfa4a22 | Context api_versions@openstack cleanup() started
2020-04-13 01:21:53.591 1333 INFO rally.task.context [-] Task d344b5a7-0d2e-40dc-a41f-a5fdbcfa4a22 | Context api_versions@openstack cleanup() finished in 0.38 msec
2020-04-13 01:21:53.592 1333 INFO rally.task.context [-] Task d344b5a7-0d2e-40dc-a41f-a5fdbcfa4a22 | Context users@openstack cleanup() started
2020-04-13 01:21:53.762 1333 WARNING rally.common.logging [-] `iterate_per_tenants()' is deprecated in v3.0.0: it is openstack specific.. Used at
2020-04-13 01:21:57.385 1333 INFO rally.task.context [-] Task d344b5a7-0d2e-40dc-a41f-a5fdbcfa4a22 | Context users@openstack cleanup() finished in 3.79 sec
2020-04-13 01:21:58.849 1333 INFO rally.task.engine [-] Load duration is: 0.654088
2020-04-13 01:21:58.850 1333 INFO rally.task.engine [-] Full runner duration is: 0.699877
2020-04-13 01:21:58.850 1333 INFO rally.task.engine [-] Full duration is: 8.656893
2020-04-13 01:21:58.938 1333 INFO rally.task.engine [-] Running workload: position = 0 config = { "version": 2, "title": "A cropped version of a bigger task.", "description": "Auto-generated task from a single workload (uuid=96cca64d-a16a-40d0-b901-d0a9110db6ee)", "subtasks": [ { "title": "CinderVolumeTypes.create_and_list_volume_types", "description": "Create a volume Type, then list all types.", "scenario": { "CinderVolumeTypes.create_and_list_volume_types": { "description": "rally tests creating types" } }, "contexts": { "users": { "tenants": 3, "users_per_tenant": 2 }, "api_versions": { "cinder": { "version": 3, "service_type": "volumev3" } } }, "runner": { "constant": { "concurrency": 4, "times": 10 } }, "hooks": [], "sla": { "failure_rate": { "max": 0 } } } ] }
2020-04-13 01:21:58.956 1333 RALLYDEBUG rally_openstack.contexts.keystone.users [-] Creating 3 tenants using 3 threads
2020-04-13 01:21:59.397 1333 RALLYDEBUG rally_openstack.contexts.keystone.users [-] Creating 6 users using 6 threads
2020-04-13 01:22:00.362 1333 INFO rally.task.context [-] Task d344b5a7-0d2e-40dc-a41f-a5fdbcfa4a22 | Context users@openstack setup() finished in 1.41 sec
2020-04-13 01:22:00.493 1333 INFO rally.task.context [-] Task d344b5a7-0d2e-40dc-a41f-a5fdbcfa4a22 | Context api_versions@openstack setup() finished in 0.13 sec
2020-04-13 01:22:00.493 1333 INFO rally.task.context [-] Task d344b5a7-0d2e-40dc-a41f-a5fdbcfa4a22 | Context admin_cleanup@openstack setup() finished in 0.01 msec
2020-04-13 01:22:00.504 1333 RALLYDEBUG rally.task.runner [-] Starting the constant runner (task UUID: d344b5a7-0d2e-40dc-a41f-a5fdbcfa4a22). times: 10 concurrency: 4 timeout: 0 max_cpu_used: 88 processes_to_start: 4 concurrency_per_worker: 1 concurrency_overhead: 0
2020-04-13 01:22:00.515 4648 RALLYDEBUG rally.task.runner [-] Starting a worker. times: 10 duration: None concurrency: 1 timeout: 0 cls: method_name: run args: {"description": "rally tests creating types"}
2020-04-13 01:22:00.518 4649 RALLYDEBUG rally.task.runner [-] Starting a worker. times: 10 duration: None concurrency: 1 timeout: 0 cls: method_name: run args: {"description": "rally tests creating types"}
2020-04-13 01:22:00.523 4648 INFO rally.task.runner [-] Task d344b5a7-0d2e-40dc-a41f-a5fdbcfa4a22 | ITER: 1 START
2020-04-13 01:22:00.522 4650 RALLYDEBUG rally.task.runner [-] Starting a worker. times: 10 duration: None concurrency: 1 timeout: 0 cls: method_name: run args: {"description": "rally tests creating types"}
2020-04-13 01:22:00.525 4649 INFO rally.task.runner [-] Task d344b5a7-0d2e-40dc-a41f-a5fdbcfa4a22 | ITER: 2 START
2020-04-13 01:22:00.526 4651 RALLYDEBUG rally.task.runner [-] Starting a worker. times: 10 duration: None concurrency: 1 timeout: 0 cls: method_name: run args: {"description": "rally tests creating types"}
2020-04-13 01:22:00.529 4650 INFO rally.task.runner [-] Task d344b5a7-0d2e-40dc-a41f-a5fdbcfa4a22 | ITER: 3 START
2020-04-13 01:22:00.533 4651 INFO rally.task.runner [-] Task d344b5a7-0d2e-40dc-a41f-a5fdbcfa4a22 | ITER: 4 START
2020-04-13 01:22:00.781 4649 INFO rally.task.runner [-] Task d344b5a7-0d2e-40dc-a41f-a5fdbcfa4a22 | ITER: 2 END: OK
2020-04-13 01:22:00.782 4648 INFO rally.task.runner [-] Task d344b5a7-0d2e-40dc-a41f-a5fdbcfa4a22 | ITER: 1 END: OK
2020-04-13 01:22:00.786 4649 INFO rally.task.runner [-] Task d344b5a7-0d2e-40dc-a41f-a5fdbcfa4a22 | ITER: 5 START
2020-04-13 01:22:00.787 4648 INFO rally.task.runner [-] Task d344b5a7-0d2e-40dc-a41f-a5fdbcfa4a22 | ITER: 6 START
2020-04-13 01:22:00.868 4651 INFO rally.task.runner [-] Task d344b5a7-0d2e-40dc-a41f-a5fdbcfa4a22 | ITER: 4 END: OK
2020-04-13 01:22:00.873 4651 INFO rally.task.runner [-] Task d344b5a7-0d2e-40dc-a41f-a5fdbcfa4a22 | ITER: 7 START
2020-04-13 01:22:00.873 4650 INFO rally.task.runner [-] Task d344b5a7-0d2e-40dc-a41f-a5fdbcfa4a22 | ITER: 3 END: OK
2020-04-13 01:22:00.878 4650 INFO rally.task.runner [-] Task d344b5a7-0d2e-40dc-a41f-a5fdbcfa4a22 | ITER: 8 START
2020-04-13 01:22:00.982 4649 INFO rally.task.runner [-] Task d344b5a7-0d2e-40dc-a41f-a5fdbcfa4a22 | ITER: 5 END: OK
2020-04-13 01:22:00.982 4648 INFO rally.task.runner [-] Task d344b5a7-0d2e-40dc-a41f-a5fdbcfa4a22 | ITER: 6 END: OK
2020-04-13 01:22:00.986 4649 INFO rally.task.runner [-] Task d344b5a7-0d2e-40dc-a41f-a5fdbcfa4a22 | ITER: 9 START
2020-04-13 01:22:00.987 4648 INFO rally.task.runner [-] Task d344b5a7-0d2e-40dc-a41f-a5fdbcfa4a22 | ITER: 10 START
2020-04-13 01:22:01.071 4651 INFO rally.task.runner [-] Task d344b5a7-0d2e-40dc-a41f-a5fdbcfa4a22 | ITER: 7 END: OK
2020-04-13 01:22:01.080 4650 INFO rally.task.runner [-] Task d344b5a7-0d2e-40dc-a41f-a5fdbcfa4a22 | ITER: 8 END: OK
2020-04-13 01:22:01.171 4648 INFO rally.task.runner [-] Task d344b5a7-0d2e-40dc-a41f-a5fdbcfa4a22 | ITER: 10 END: OK
2020-04-13 01:22:01.192 4649 INFO rally.task.runner [-] Task d344b5a7-0d2e-40dc-a41f-a5fdbcfa4a22 | ITER: 9 END: OK
2020-04-13 01:22:01.218 1333 INFO rally.task.context [-] Task d344b5a7-0d2e-40dc-a41f-a5fdbcfa4a22 | Context admin_cleanup@openstack cleanup() started
2020-04-13 01:22:01.222 1333 RALLYDEBUG rally_openstack.cleanup.manager [-] Cleaning up cinder volume_types objects
2020-04-13 01:22:01.389 1333 RALLYDEBUG rally_openstack.cleanup.manager [-] Deleting cinder.volume_types object s_rally_96cca64d_3SjfVdhs (fc18d099-a524-4a3c-8245-b980bd3ae0d7)
2020-04-13 01:22:01.407 1333 RALLYDEBUG rally_openstack.cleanup.manager [-] Deleting cinder.volume_types object s_rally_96cca64d_H8ImAbRX (7a3184f6-7bfb-4ae3-9e31-40038f93bab9)
2020-04-13 01:22:01.410 1333 RALLYDEBUG rally_openstack.cleanup.manager [-] Deleting cinder.volume_types object s_rally_96cca64d_gA4hR35C (a5d4d8d8-8058-4a80-b462-985cf49a8ec5)
2020-04-13 01:22:01.431 1333 RALLYDEBUG rally_openstack.cleanup.manager [-] Deleting cinder.volume_types object s_rally_96cca64d_G7u6vLtx (2ad3e9f5-2f74-4d5e-bce4-151edccd6108)
2020-04-13 01:22:01.426 1333 RALLYDEBUG rally_openstack.cleanup.manager [-] Deleting cinder.volume_types object s_rally_96cca64d_k3QVmSq9 (38df351b-f256-4067-b0e7-a34bd7878c83)
2020-04-13 01:22:01.442 1333 RALLYDEBUG rally_openstack.cleanup.manager [-] Deleting cinder.volume_types object s_rally_96cca64d_S5Ez8I5T (24c07642-a14e-4af3-9b46-0c3aedb7d5ef)
2020-04-13 01:22:01.448 1333 RALLYDEBUG rally_openstack.cleanup.manager [-] Deleting cinder.volume_types object s_rally_96cca64d_kPXJjhp4 (3b9a4d6d-d47d-493a-847c-4ae162e4e73e)
2020-04-13 01:22:01.464 1333 RALLYDEBUG rally_openstack.cleanup.manager [-] Deleting cinder.volume_types object s_rally_96cca64d_4KE2PeYl (21b9585a-a1bc-4d56-94db-9023d2d4666f)
2020-04-13 01:22:01.480 1333 RALLYDEBUG rally_openstack.cleanup.manager [-] Deleting cinder.volume_types object s_rally_96cca64d_B0CJhXos (1aaffd72-5faf-443f-935b-549bd96f1643)
2020-04-13 01:22:01.493 1333 RALLYDEBUG rally_openstack.cleanup.manager [-] Deleting cinder.volume_types object s_rally_96cca64d_UGVOoTUI (07dd971f-207e-4e23-8ff1-001e9a5ac218)
2020-04-13 01:22:02.884 1333 RALLYDEBUG rally_openstack.cleanup.manager [-] Cleaning up cinder image_volumes_cache objects
2020-04-13 01:22:03.228 1333 RALLYDEBUG rally_openstack.cleanup.manager [-] Cleaning up cinder quotas objects
2020-04-13 01:22:03.592 1333 RALLYDEBUG rally_openstack.cleanup.manager [-] Cleaning up cinder qos_specs objects
2020-04-13 01:22:03.757 1333 INFO rally.task.context [-] Task d344b5a7-0d2e-40dc-a41f-a5fdbcfa4a22 | Context admin_cleanup@openstack cleanup() finished in 2.54 sec
2020-04-13 01:22:03.757 1333 INFO rally.task.context [-] Task d344b5a7-0d2e-40dc-a41f-a5fdbcfa4a22 | Context api_versions@openstack cleanup() started
2020-04-13 01:22:03.758 1333 INFO rally.task.context [-] Task d344b5a7-0d2e-40dc-a41f-a5fdbcfa4a22 | Context api_versions@openstack cleanup() finished in 0.36 msec
2020-04-13 01:22:03.758 1333 INFO rally.task.context [-] Task d344b5a7-0d2e-40dc-a41f-a5fdbcfa4a22 | Context users@openstack cleanup() started
2020-04-13 01:22:03.899 1333 WARNING rally.common.logging [-] `iterate_per_tenants()' is deprecated in v3.0.0: it is openstack specific.. Used at
2020-04-13 01:22:07.317 1333 INFO rally.task.context [-] Task d344b5a7-0d2e-40dc-a41f-a5fdbcfa4a22 | Context users@openstack cleanup() finished in 3.56 sec
2020-04-13 01:22:09.033 1333 INFO rally.task.engine [-] Load duration is: 0.665112
2020-04-13 01:22:09.034 1333 INFO rally.task.engine [-] Full runner duration is: 0.713728
2020-04-13 01:22:09.034 1333 INFO rally.task.engine [-] Full duration is: 8.363113
2020-04-13 01:22:09.141 1333 INFO rally.task.engine [-] Running workload: position = 0 config = { "version": 2, "title": "A cropped version of a bigger task.", "description": "Auto-generated task from a single workload (uuid=2377dc3c-109c-4bba-8d12-2d8fe4bed05d)", "subtasks": [ { "title": "CinderVolumeTypes.create_and_update_volume_type", "description": "create a volume type, then update the type.", "scenario": { "CinderVolumeTypes.create_and_update_volume_type": { "description": "test", "update_description": "test update" } }, "contexts": { "users": { "tenants": 3, "users_per_tenant": 2 }, "api_versions": { "cinder": { "version": 3, "service_type": "volumev3" } } }, "runner": { "constant": { "concurrency": 4, "times": 10 } }, "hooks": [], "sla": { "failure_rate": { "max": 0 } } } ] }
2020-04-13 01:22:09.163 1333 RALLYDEBUG rally_openstack.contexts.keystone.users [-] Creating 3 tenants using 3 threads
2020-04-13 01:22:09.642 1333 RALLYDEBUG rally_openstack.contexts.keystone.users [-] Creating 6 users using 6 threads
2020-04-13 01:22:10.610 1333 INFO rally.task.context [-] Task d344b5a7-0d2e-40dc-a41f-a5fdbcfa4a22 | Context users@openstack setup() finished in 1.45 sec
2020-04-13 01:22:10.751 1333 INFO rally.task.context [-] Task d344b5a7-0d2e-40dc-a41f-a5fdbcfa4a22 | Context api_versions@openstack setup() finished in 0.14 sec
2020-04-13 01:22:10.752 1333 INFO rally.task.context [-] Task d344b5a7-0d2e-40dc-a41f-a5fdbcfa4a22 | Context admin_cleanup@openstack setup() finished in 0.00 msec
2020-04-13 01:22:10.758 1333 RALLYDEBUG rally.task.runner [-] Starting the constant runner (task UUID: d344b5a7-0d2e-40dc-a41f-a5fdbcfa4a22). times: 10 concurrency: 4 timeout: 0 max_cpu_used: 88 processes_to_start: 4 concurrency_per_worker: 1 concurrency_overhead: 0
2020-04-13 01:22:10.769 4801 RALLYDEBUG rally.task.runner [-] Starting a worker. times: 10 duration: None concurrency: 1 timeout: 0 cls: method_name: run args: {"description": "test", "update_description": "test update"}
2020-04-13 01:22:10.772 4802 RALLYDEBUG rally.task.runner [-] Starting a worker. times: 10 duration: None concurrency: 1 timeout: 0 cls: method_name: run args: {"description": "test", "update_description": "test update"}
2020-04-13 01:22:10.774 4803 RALLYDEBUG rally.task.runner [-] Starting a worker. times: 10 duration: None concurrency: 1 timeout: 0 cls: method_name: run args: {"description": "test", "update_description": "test update"}
2020-04-13 01:22:10.776 4801 INFO rally.task.runner [-] Task d344b5a7-0d2e-40dc-a41f-a5fdbcfa4a22 | ITER: 1 START
2020-04-13 01:22:10.776 4804 RALLYDEBUG rally.task.runner [-] Starting a worker. times: 10 duration: None concurrency: 1 timeout: 0 cls: method_name: run args: {"description": "test", "update_description": "test update"}
2020-04-13 01:22:10.779 4802 INFO rally.task.runner [-] Task d344b5a7-0d2e-40dc-a41f-a5fdbcfa4a22 | ITER: 2 START
2020-04-13 01:22:10.781 4803 INFO rally.task.runner [-] Task d344b5a7-0d2e-40dc-a41f-a5fdbcfa4a22 | ITER: 3 START
2020-04-13 01:22:10.783 4804 INFO rally.task.runner [-] Task d344b5a7-0d2e-40dc-a41f-a5fdbcfa4a22 | ITER: 4 START
2020-04-13 01:22:10.834 4803 WARNING cinderclient.api_versions [-] Version 2 is deprecated, use alternative version 3 instead.
2020-04-13 01:22:10.834 4802 WARNING cinderclient.api_versions [-] Version 2 is deprecated, use alternative version 3 instead.
2020-04-13 01:22:10.834 4801 WARNING cinderclient.api_versions [-] Version 2 is deprecated, use alternative version 3 instead.
2020-04-13 01:22:10.835 4804 WARNING cinderclient.api_versions [-] Version 2 is deprecated, use alternative version 3 instead.
2020-04-13 01:22:10.838 4803 DEBUG cinderclient.v2.client [-] REQ: curl -g -i -X POST http://172.30.12.83/volume/v3/14d357886f6e43efa9a8b942bf70efe3/types -H "Accept: application/json" -H "Content-Type: application/json" -H "User-Agent: python-cinderclient" -H "X-Auth-Token: {SHA256}a3240f2e68edd517ce3fdcb0f87ec6086969966d0fe91b3fc69e6df86e366d66" -d '{"volume_type": {"name": "s_rally_2377dc3c_XWSTbub2", "description": "test", "os-volume-type-access:is_public": true}}' _http_log_request /usr/lib/python3.7/site-packages/keystoneauth1/session.py:494
2020-04-13 01:22:10.838 4804 DEBUG cinderclient.v2.client [-] REQ: curl -g -i -X POST http://172.30.12.83/volume/v3/14d357886f6e43efa9a8b942bf70efe3/types -H "Accept: application/json" -H "Content-Type: application/json" -H "User-Agent: python-cinderclient" -H "X-Auth-Token: {SHA256}1553ec7bf4f7825b05c35330e789ba506a71aef850c35a9c8e79da8810aad153" -d '{"volume_type": {"name": "s_rally_2377dc3c_ouDfS40A", "description": "test", "os-volume-type-access:is_public": true}}' _http_log_request /usr/lib/python3.7/site-packages/keystoneauth1/session.py:494
2020-04-13 01:22:10.840 4802 DEBUG cinderclient.v2.client [-] REQ: curl -g -i -X POST http://172.30.12.83/volume/v3/14d357886f6e43efa9a8b942bf70efe3/types -H "Accept: application/json" -H "Content-Type: application/json" -H "User-Agent: python-cinderclient" -H "X-Auth-Token: {SHA256}4b84d7711c2a8955d3c0521470ef1a1b9bf7e4ef0302efc28928cff4bc73918e" -d '{"volume_type": {"name": "s_rally_2377dc3c_AdwQaMke", "description": "test", "os-volume-type-access:is_public": true}}' _http_log_request /usr/lib/python3.7/site-packages/keystoneauth1/session.py:494
2020-04-13 01:22:10.840 4801 DEBUG cinderclient.v2.client [-] REQ: curl -g -i -X POST http://172.30.12.83/volume/v3/14d357886f6e43efa9a8b942bf70efe3/types -H "Accept: application/json" -H "Content-Type: application/json" -H "User-Agent: python-cinderclient" -H "X-Auth-Token: {SHA256}7b137a32c8954297facd5501400bb06de81624f1e7d2c81d9a99688011a7a707" -d '{"volume_type": {"name": "s_rally_2377dc3c_JuGnhbkQ", "description": "test", "os-volume-type-access:is_public": true}}' _http_log_request /usr/lib/python3.7/site-packages/keystoneauth1/session.py:494
2020-04-13 01:22:10.991 4801 DEBUG cinderclient.v2.client [-] RESP: [200] Connection: close Content-Length: 202 Content-Type: application/json Date: Mon, 13 Apr 2020 01:22:10 GMT OpenStack-API-Version: volume 3.0 Server: Apache/2.4.29 (Ubuntu) Vary: OpenStack-API-Version x-compute-request-id: req-f4d1e2cd-d430-4dfe-ae13-0417deb0c552 x-openstack-request-id: req-f4d1e2cd-d430-4dfe-ae13-0417deb0c552 _http_log_response /usr/lib/python3.7/site-packages/keystoneauth1/session.py:525
2020-04-13 01:22:10.992 4801 DEBUG cinderclient.v2.client [-] RESP BODY: {"volume_type": {"id": "da76f775-2446-4555-9147-6b011c9dd5e3", "name": "s_rally_2377dc3c_JuGnhbkQ", "is_public": true, "extra_specs": {}, "description": "test", "os-volume-type-access:is_public": true}} _http_log_response /usr/lib/python3.7/site-packages/keystoneauth1/session.py:557
2020-04-13 01:22:10.992 4801 DEBUG cinderclient.v2.client [-] POST call to volumev2 for http://172.30.12.83/volume/v3/14d357886f6e43efa9a8b942bf70efe3/types used request id req-f4d1e2cd-d430-4dfe-ae13-0417deb0c552 request /usr/lib/python3.7/site-packages/keystoneauth1/session.py:918
2020-04-13 01:22:10.993 4801 DEBUG cinderclient.v2.client [-] REQ: curl -g -i -X PUT http://172.30.12.83/volume/v3/14d357886f6e43efa9a8b942bf70efe3/types/da76f775-2446-4555-9147-6b011c9dd5e3 -H "Accept: application/json" -H "Content-Type: application/json" -H "User-Agent: python-cinderclient" -H "X-Auth-Token: {SHA256}7b137a32c8954297facd5501400bb06de81624f1e7d2c81d9a99688011a7a707" -H "X-OpenStack-Request-ID: req-f4d1e2cd-d430-4dfe-ae13-0417deb0c552" -d '{"volume_type": {"name": "s_rally_2377dc3c_JuGnhbkQ", "description": "test update"}}' _http_log_request /usr/lib/python3.7/site-packages/keystoneauth1/session.py:494
2020-04-13 01:22:11.001 4804 DEBUG cinderclient.v2.client [-] RESP: [200] Connection: close Content-Length: 202 Content-Type: application/json Date: Mon, 13 Apr 2020 01:22:10 GMT OpenStack-API-Version: volume 3.0 Server: Apache/2.4.29 (Ubuntu) Vary: OpenStack-API-Version x-compute-request-id: req-382783e2-e16d-4997-a1a9-dd58ad21ce37 x-openstack-request-id: req-382783e2-e16d-4997-a1a9-dd58ad21ce37 _http_log_response /usr/lib/python3.7/site-packages/keystoneauth1/session.py:525
2020-04-13 01:22:11.002 4804 DEBUG cinderclient.v2.client [-] RESP BODY: {"volume_type": {"id": "2e6fc5e7-63de-4520-9ac5-54478647a948", "name": "s_rally_2377dc3c_ouDfS40A", "is_public": true, "extra_specs": {}, "description": "test", "os-volume-type-access:is_public": true}} _http_log_response /usr/lib/python3.7/site-packages/keystoneauth1/session.py:557
2020-04-13 01:22:11.003 4804 DEBUG cinderclient.v2.client [-] POST call to volumev2 for http://172.30.12.83/volume/v3/14d357886f6e43efa9a8b942bf70efe3/types used request id req-382783e2-e16d-4997-a1a9-dd58ad21ce37 request /usr/lib/python3.7/site-packages/keystoneauth1/session.py:918
2020-04-13 01:22:11.004 4804 DEBUG cinderclient.v2.client [-] REQ: curl -g -i -X PUT http://172.30.12.83/volume/v3/14d357886f6e43efa9a8b942bf70efe3/types/2e6fc5e7-63de-4520-9ac5-54478647a948 -H "Accept: application/json" -H "Content-Type: application/json" -H "User-Agent: python-cinderclient" -H "X-Auth-Token: {SHA256}1553ec7bf4f7825b05c35330e789ba506a71aef850c35a9c8e79da8810aad153" -H "X-OpenStack-Request-ID: req-382783e2-e16d-4997-a1a9-dd58ad21ce37" -d '{"volume_type": {"name": "s_rally_2377dc3c_ouDfS40A", "description": "test update"}}' _http_log_request /usr/lib/python3.7/site-packages/keystoneauth1/session.py:494
2020-04-13 01:22:11.014 4802 DEBUG cinderclient.v2.client [-] RESP: [200] Connection: close Content-Length: 202 Content-Type: application/json Date: Mon, 13 Apr 2020 01:22:10 GMT OpenStack-API-Version: volume 3.0 Server: Apache/2.4.29 (Ubuntu) Vary: OpenStack-API-Version x-compute-request-id: req-35f23f13-85b7-456e-92db-c152519b5bc7 x-openstack-request-id: req-35f23f13-85b7-456e-92db-c152519b5bc7 _http_log_response /usr/lib/python3.7/site-packages/keystoneauth1/session.py:525
2020-04-13 01:22:11.015 4802 DEBUG cinderclient.v2.client [-] RESP BODY: {"volume_type": {"id": "bba44707-79e1-4ff4-bf27-1008c72d395f", "name": "s_rally_2377dc3c_AdwQaMke", "is_public": true, "extra_specs": {}, "description": "test", "os-volume-type-access:is_public": true}} _http_log_response /usr/lib/python3.7/site-packages/keystoneauth1/session.py:557
2020-04-13 01:22:11.016 4802 DEBUG cinderclient.v2.client [-] POST call to volumev2 for http://172.30.12.83/volume/v3/14d357886f6e43efa9a8b942bf70efe3/types used request id req-35f23f13-85b7-456e-92db-c152519b5bc7 request /usr/lib/python3.7/site-packages/keystoneauth1/session.py:918
2020-04-13 01:22:11.017 4802 DEBUG cinderclient.v2.client [-] REQ: curl -g -i -X PUT http://172.30.12.83/volume/v3/14d357886f6e43efa9a8b942bf70efe3/types/bba44707-79e1-4ff4-bf27-1008c72d395f -H "Accept: application/json" -H "Content-Type: application/json" -H "User-Agent: python-cinderclient" -H "X-Auth-Token: {SHA256}4b84d7711c2a8955d3c0521470ef1a1b9bf7e4ef0302efc28928cff4bc73918e" -H "X-OpenStack-Request-ID: req-35f23f13-85b7-456e-92db-c152519b5bc7" -d '{"volume_type": {"name": "s_rally_2377dc3c_AdwQaMke", "description": "test update"}}' _http_log_request /usr/lib/python3.7/site-packages/keystoneauth1/session.py:494
