2020-04-13 01:36:01.824 9693 INFO rally.task.context [-] Task d2284eeb-b62c-4f86-a54d-130dd9348c8e | Context quotas@openstack cleanup() started
2020-04-13 01:36:01.889 9693 INFO rally.task.context [-] Task d2284eeb-b62c-4f86-a54d-130dd9348c8e | Context quotas@openstack cleanup() finished in 65.62 msec
2020-04-13 01:36:01.890 9693 INFO rally.task.context [-] Task d2284eeb-b62c-4f86-a54d-130dd9348c8e | Context users@openstack cleanup() started
2020-04-13 01:36:02.057 9693 WARNING rally.common.logging [-] `iterate_per_tenants()' is deprecated in v3.0.0: it is openstack specific.. Used at
2020-04-13 01:36:04.008 9693 INFO rally.task.context [-] Task d2284eeb-b62c-4f86-a54d-130dd9348c8e | Context users@openstack cleanup() finished in 2.12 sec
2020-04-13 01:36:04.282 9693 INFO rally.task.engine [-] Load duration is: 6.691612
2020-04-13 01:36:04.283 9693 INFO rally.task.engine [-] Full runner duration is: 6.736896
2020-04-13 01:36:04.283 9693 INFO rally.task.engine [-] Full duration is: 25.883571
2020-04-13 01:36:04.379 9693 INFO rally.task.engine [-] Running workload: position = 0 config = { "version": 2, "title": "A cropped version of a bigger task.", "description": "Auto-generated task from a single workload (uuid=bb4d8f10-0185-4965-8928-cd8f08365f39)", "subtasks": [ { "title": "NeutronNetworks.create_and_delete_networks", "description": "Create and delete a network.", "scenario": { "NeutronNetworks.create_and_delete_networks": { "network_create_args": {} } }, "contexts": { "users": { "tenants": 3, "users_per_tenant": 2 }, "quotas": { "neutron": { "network": -1 } } }, "runner": { "constant": { "concurrency": 4, "times": 10 } }, "hooks": [], "sla": { "failure_rate": { "max": 0 } } } ] }
2020-04-13 01:36:04.402 9693 RALLYDEBUG rally_openstack.contexts.keystone.users [-] Creating 3 tenants using 3 threads
2020-04-13 01:36:04.937 9693 RALLYDEBUG rally_openstack.contexts.keystone.users [-] Creating 6 users using 6 threads
2020-04-13 01:36:05.884 9693 INFO rally.task.context [-] Task d2284eeb-b62c-4f86-a54d-130dd9348c8e | Context users@openstack setup() finished in 1.48 sec
2020-04-13 01:36:06.221 9693 INFO rally.task.context [-] Task d2284eeb-b62c-4f86-a54d-130dd9348c8e | Context quotas@openstack setup() finished in 0.34 sec
2020-04-13 01:36:06.222 9693 INFO rally.task.context [-] Task d2284eeb-b62c-4f86-a54d-130dd9348c8e | Context cleanup@openstack setup() finished in 0.10 msec
2020-04-13 01:36:06.234 9693 RALLYDEBUG rally.task.runner [-] Starting the constant runner (task UUID: d2284eeb-b62c-4f86-a54d-130dd9348c8e). times: 10 concurrency: 4 timeout: 0 max_cpu_used: 88 processes_to_start: 4 concurrency_per_worker: 1 concurrency_overhead: 0
2020-04-13 01:36:06.245 10920 RALLYDEBUG rally.task.runner [-] Starting a worker. times: 10 duration: None concurrency: 1 timeout: 0 cls: method_name: run args: {"network_create_args": {}}
2020-04-13 01:36:06.249 10921 RALLYDEBUG rally.task.runner [-] Starting a worker. times: 10 duration: None concurrency: 1 timeout: 0 cls: method_name: run args: {"network_create_args": {}}
2020-04-13 01:36:06.251 10920 INFO rally.task.runner [-] Task d2284eeb-b62c-4f86-a54d-130dd9348c8e | ITER: 1 START
2020-04-13 01:36:06.252 10922 RALLYDEBUG rally.task.runner [-] Starting a worker. times: 10 duration: None concurrency: 1 timeout: 0 cls: method_name: run args: {"network_create_args": {}}
2020-04-13 01:36:06.256 10921 INFO rally.task.runner [-] Task d2284eeb-b62c-4f86-a54d-130dd9348c8e | ITER: 2 START
2020-04-13 01:36:06.255 10925 RALLYDEBUG rally.task.runner [-] Starting a worker. times: 10 duration: None concurrency: 1 timeout: 0 cls: method_name: run args: {"network_create_args": {}}
2020-04-13 01:36:06.259 10922 INFO rally.task.runner [-] Task d2284eeb-b62c-4f86-a54d-130dd9348c8e | ITER: 3 START
2020-04-13 01:36:06.262 10925 INFO rally.task.runner [-] Task d2284eeb-b62c-4f86-a54d-130dd9348c8e | ITER: 4 START
2020-04-13 01:36:07.422 10920 INFO rally.task.runner [-] Task d2284eeb-b62c-4f86-a54d-130dd9348c8e | ITER: 1 END: OK
2020-04-13 01:36:07.427 10920 INFO rally.task.runner [-] Task d2284eeb-b62c-4f86-a54d-130dd9348c8e | ITER: 5 START
2020-04-13 01:36:08.467 10922 INFO rally.task.runner [-] Task d2284eeb-b62c-4f86-a54d-130dd9348c8e | ITER: 3 END: OK
2020-04-13 01:36:08.473 10922 INFO rally.task.runner [-] Task d2284eeb-b62c-4f86-a54d-130dd9348c8e | ITER: 6 START
2020-04-13 01:36:08.743 10920 INFO rally.task.runner [-] Task d2284eeb-b62c-4f86-a54d-130dd9348c8e | ITER: 5 END: OK
2020-04-13 01:36:08.748 10920 INFO rally.task.runner [-] Task d2284eeb-b62c-4f86-a54d-130dd9348c8e | ITER: 7 START
2020-04-13 01:36:08.991 10925 INFO rally.task.runner [-] Task d2284eeb-b62c-4f86-a54d-130dd9348c8e | ITER: 4 END: OK
2020-04-13 01:36:08.996 10925 INFO rally.task.runner [-] Task d2284eeb-b62c-4f86-a54d-130dd9348c8e | ITER: 8 START
2020-04-13 01:36:09.188 10921 INFO rally.task.runner [-] Task d2284eeb-b62c-4f86-a54d-130dd9348c8e | ITER: 2 END: OK
2020-04-13 01:36:09.194 10921 INFO rally.task.runner [-] Task d2284eeb-b62c-4f86-a54d-130dd9348c8e | ITER: 9 START
2020-04-13 01:36:09.464 10922 INFO rally.task.runner [-] Task d2284eeb-b62c-4f86-a54d-130dd9348c8e | ITER: 6 END: OK
2020-04-13 01:36:09.469 10922 INFO rally.task.runner [-] Task d2284eeb-b62c-4f86-a54d-130dd9348c8e | ITER: 10 START
2020-04-13 01:36:09.866 10925 INFO rally.task.runner [-] Task d2284eeb-b62c-4f86-a54d-130dd9348c8e | ITER: 8 END: OK
2020-04-13 01:36:10.107 10920 INFO rally.task.runner [-] Task d2284eeb-b62c-4f86-a54d-130dd9348c8e | ITER: 7 END: OK
2020-04-13 01:36:10.251 10921 INFO rally.task.runner [-] Task d2284eeb-b62c-4f86-a54d-130dd9348c8e | ITER: 9 END: OK
2020-04-13 01:36:10.453 10922 INFO rally.task.runner [-] Task d2284eeb-b62c-4f86-a54d-130dd9348c8e | ITER: 10 END: OK
2020-04-13 01:36:10.479 9693 INFO rally.task.context [-] Task d2284eeb-b62c-4f86-a54d-130dd9348c8e | Context cleanup@openstack cleanup() started
2020-04-13 01:36:10.482 9693 RALLYDEBUG rally_openstack.cleanup.manager [-] Cleaning up neutron vip objects
2020-04-13 01:36:10.922 9693 RALLYDEBUG rally_openstack.cleanup.manager [-] Cleaning up neutron health_monitor objects
2020-04-13 01:36:11.401 9693 RALLYDEBUG rally_openstack.cleanup.manager [-] Cleaning up neutron pool objects
2020-04-13 01:36:11.845 9693 RALLYDEBUG rally_openstack.cleanup.manager [-] Cleaning up neutron loadbalancer objects
2020-04-13 01:36:12.324 9693 RALLYDEBUG rally_openstack.cleanup.manager [-] Cleaning up neutron floatingip objects
2020-04-13 01:36:13.330 9693 RALLYDEBUG rally_openstack.cleanup.manager [-] Cleaning up neutron trunk objects
2020-04-13 01:36:13.762 9693 RALLYDEBUG rally_openstack.cleanup.manager [-] Cleaning up neutron port objects
2020-04-13 01:36:14.263 9693 RALLYDEBUG rally_openstack.cleanup.manager [-] Cleaning up neutron subnet objects
2020-04-13 01:36:14.836 9693 RALLYDEBUG rally_openstack.cleanup.manager [-] Cleaning up neutron network objects
2020-04-13 01:36:15.340 9693 RALLYDEBUG rally_openstack.cleanup.manager [-] Cleaning up neutron router objects
2020-04-13 01:36:15.849 9693 RALLYDEBUG rally_openstack.cleanup.manager [-] Cleaning up neutron security_group objects
2020-04-13 01:36:16.387 9693 INFO rally.task.context [-] Task d2284eeb-b62c-4f86-a54d-130dd9348c8e | Context cleanup@openstack cleanup() finished in 5.91 sec
2020-04-13 01:36:16.388 9693 INFO rally.task.context [-] Task d2284eeb-b62c-4f86-a54d-130dd9348c8e | Context quotas@openstack cleanup() started
2020-04-13 01:36:16.455 9693 INFO rally.task.context [-] Task d2284eeb-b62c-4f86-a54d-130dd9348c8e | Context quotas@openstack cleanup() finished in 67.65 msec
2020-04-13 01:36:16.456 9693 INFO rally.task.context [-] Task d2284eeb-b62c-4f86-a54d-130dd9348c8e | Context users@openstack cleanup() started
2020-04-13 01:36:16.608 9693 WARNING rally.common.logging [-] `iterate_per_tenants()' is deprecated in v3.0.0: it is openstack specific.. Used at
2020-04-13 01:36:19.041 9693 INFO rally.task.context [-] Task d2284eeb-b62c-4f86-a54d-130dd9348c8e | Context users@openstack cleanup() finished in 2.58 sec
2020-04-13 01:36:20.514 9693 INFO rally.task.engine [-] Load duration is: 4.199822
2020-04-13 01:36:20.514 9693 INFO rally.task.engine [-] Full runner duration is: 4.24574
2020-04-13 01:36:20.515 9693 INFO rally.task.engine [-] Full duration is: 14.642292
2020-04-13 01:36:20.610 9693 INFO rally.task.engine [-] Running workload: position = 0 config = { "version": 2, "title": "A cropped version of a bigger task.", "description": "Auto-generated task from a single workload (uuid=d20f33de-d516-411c-84ad-f977a5585d91)", "subtasks": [ { "title": "NeutronNetworks.create_and_delete_ports", "description": "Create and delete a port.", "scenario": { "NeutronNetworks.create_and_delete_ports": { "network_create_args": {}, "port_create_args": {}, "ports_per_network": 1 } }, "contexts": { "users": { "tenants": 3, "users_per_tenant": 2 }, "network": { "router": {} }, "quotas": { "neutron": { "network": -1, "port": -1 } } }, "runner": { "constant": { "concurrency": 4, "times": 10 } }, "hooks": [], "sla": { "failure_rate": { "max": 0 } } } ] }
2020-04-13 01:36:20.634 9693 RALLYDEBUG rally_openstack.contexts.keystone.users [-] Creating 3 tenants using 3 threads
2020-04-13 01:36:21.119 9693 RALLYDEBUG rally_openstack.contexts.keystone.users [-] Creating 6 users using 6 threads
2020-04-13 01:36:22.001 9693 INFO rally.task.context [-] Task d2284eeb-b62c-4f86-a54d-130dd9348c8e | Context users@openstack setup() finished in 1.37 sec
2020-04-13 01:36:22.452 9693 INFO rally.task.context [-] Task d2284eeb-b62c-4f86-a54d-130dd9348c8e | Context quotas@openstack setup() finished in 0.45 sec
2020-04-13 01:36:22.501 9693 WARNING rally.common.logging [-] `iterate_per_tenants()' is deprecated in v3.0.0: it is openstack specific.. Used at
2020-04-13 01:36:22.880 9693 RALLYDEBUG rally_openstack.wrappers.network [-] CIDR generated: 10.2.23.0/24
2020-04-13 01:36:23.491 9693 RALLYDEBUG rally_openstack.wrappers.network [-] CIDR generated: 10.2.24.0/24
2020-04-13 01:36:24.180 9693 RALLYDEBUG rally_openstack.wrappers.network [-] CIDR generated: 10.2.25.0/24
2020-04-13 01:36:24.985 9693 INFO rally.task.context [-] Task d2284eeb-b62c-4f86-a54d-130dd9348c8e | Context network@openstack setup() finished in 2.53 sec
2020-04-13 01:36:24.986 9693 INFO rally.task.context [-] Task d2284eeb-b62c-4f86-a54d-130dd9348c8e | Context cleanup@openstack setup() finished in 0.01 msec
2020-04-13 01:36:24.995 9693 RALLYDEBUG rally.task.runner [-] Starting the constant runner (task UUID: d2284eeb-b62c-4f86-a54d-130dd9348c8e). times: 10 concurrency: 4 timeout: 0 max_cpu_used: 88 processes_to_start: 4 concurrency_per_worker: 1 concurrency_overhead: 0
2020-04-13 01:36:25.006 11213 RALLYDEBUG rally.task.runner [-] Starting a worker. times: 10 duration: None concurrency: 1 timeout: 0 cls: method_name: run args: {"network_create_args": {}, "port_create_args": {}, "ports_per_network": 1}
2020-04-13 01:36:25.008 11214 RALLYDEBUG rally.task.runner [-] Starting a worker. times: 10 duration: None concurrency: 1 timeout: 0 cls: method_name: run args: {"network_create_args": {}, "port_create_args": {}, "ports_per_network": 1}
2020-04-13 01:36:25.011 11215 RALLYDEBUG rally.task.runner [-] Starting a worker. times: 10 duration: None concurrency: 1 timeout: 0 cls: method_name: run args: {"network_create_args": {}, "port_create_args": {}, "ports_per_network": 1}
2020-04-13 01:36:25.014 11213 INFO rally.task.runner [-] Task d2284eeb-b62c-4f86-a54d-130dd9348c8e | ITER: 1 START
2020-04-13 01:36:25.013 11216 RALLYDEBUG rally.task.runner [-] Starting a worker. times: 10 duration: None concurrency: 1 timeout: 0 cls: method_name: run args: {"network_create_args": {}, "port_create_args": {}, "ports_per_network": 1}
2020-04-13 01:36:25.015 11214 INFO rally.task.runner [-] Task d2284eeb-b62c-4f86-a54d-130dd9348c8e | ITER: 2 START
2020-04-13 01:36:25.016 11215 INFO rally.task.runner [-] Task d2284eeb-b62c-4f86-a54d-130dd9348c8e | ITER: 3 START
2020-04-13 01:36:25.020 11216 INFO rally.task.runner [-] Task d2284eeb-b62c-4f86-a54d-130dd9348c8e | ITER: 4 START
2020-04-13 01:36:26.965 11213 INFO rally.task.runner [-] Task d2284eeb-b62c-4f86-a54d-130dd9348c8e | ITER: 1 END: OK
2020-04-13 01:36:26.970 11213 INFO rally.task.runner [-] Task d2284eeb-b62c-4f86-a54d-130dd9348c8e | ITER: 5 START
2020-04-13 01:36:27.219 11214 INFO rally.task.runner [-] Task d2284eeb-b62c-4f86-a54d-130dd9348c8e | ITER: 2 END: OK
2020-04-13 01:36:27.225 11214 INFO rally.task.runner [-] Task d2284eeb-b62c-4f86-a54d-130dd9348c8e | ITER: 6 START
2020-04-13 01:36:28.515 11215 INFO rally.task.runner [-] Task d2284eeb-b62c-4f86-a54d-130dd9348c8e | ITER: 3 END: OK
2020-04-13 01:36:28.519 11216 INFO rally.task.runner [-] Task d2284eeb-b62c-4f86-a54d-130dd9348c8e | ITER: 4 END: OK
2020-04-13 01:36:28.521 11215 INFO rally.task.runner [-] Task d2284eeb-b62c-4f86-a54d-130dd9348c8e | ITER: 7 START
2020-04-13 01:36:28.524 11216 INFO rally.task.runner [-] Task d2284eeb-b62c-4f86-a54d-130dd9348c8e | ITER: 8 START
2020-04-13 01:36:29.987 11213 INFO rally.task.runner [-] Task d2284eeb-b62c-4f86-a54d-130dd9348c8e | ITER: 5 END: OK
2020-04-13 01:36:29.993 11213 INFO rally.task.runner [-] Task d2284eeb-b62c-4f86-a54d-130dd9348c8e | ITER: 9 START
2020-04-13 01:36:30.100 11214 INFO rally.task.runner [-] Task d2284eeb-b62c-4f86-a54d-130dd9348c8e | ITER: 6 END: OK
2020-04-13 01:36:30.104 11214 INFO rally.task.runner [-] Task d2284eeb-b62c-4f86-a54d-130dd9348c8e | ITER: 10 START
2020-04-13 01:36:30.159 11216 INFO rally.task.runner [-] Task d2284eeb-b62c-4f86-a54d-130dd9348c8e | ITER: 8 END: OK
2020-04-13 01:36:30.192 11215 INFO rally.task.runner [-] Task d2284eeb-b62c-4f86-a54d-130dd9348c8e | ITER: 7 END: OK
2020-04-13 01:36:31.947 11214 INFO rally.task.runner [-] Task d2284eeb-b62c-4f86-a54d-130dd9348c8e | ITER: 10 END: OK
2020-04-13 01:36:32.193 11213 INFO rally.task.runner [-] Task d2284eeb-b62c-4f86-a54d-130dd9348c8e | ITER: 9 END: OK
2020-04-13 01:36:32.219 9693 INFO rally.task.context [-] Task d2284eeb-b62c-4f86-a54d-130dd9348c8e | Context cleanup@openstack cleanup() started
2020-04-13 01:36:32.223 9693 RALLYDEBUG rally_openstack.cleanup.manager [-] Cleaning up neutron vip objects
2020-04-13 01:36:32.672 9693 RALLYDEBUG rally_openstack.cleanup.manager [-] Cleaning up neutron health_monitor objects
2020-04-13 01:36:33.109 9693 RALLYDEBUG rally_openstack.cleanup.manager [-] Cleaning up neutron pool objects
2020-04-13 01:36:33.508 9693 RALLYDEBUG rally_openstack.cleanup.manager [-] Cleaning up neutron loadbalancer objects
2020-04-13 01:36:33.927 9693 RALLYDEBUG rally_openstack.cleanup.manager [-] Cleaning up neutron floatingip objects
2020-04-13 01:36:34.539 9693 RALLYDEBUG rally_openstack.cleanup.manager [-] Cleaning up neutron trunk objects
2020-04-13 01:36:35.020 9693 RALLYDEBUG rally_openstack.cleanup.manager [-] Cleaning up neutron port objects
2020-04-13 01:36:35.977 9693 RALLYDEBUG rally_openstack.cleanup.manager [-] Cleaning up neutron subnet objects
2020-04-13 01:36:37.048 9693 RALLYDEBUG rally_openstack.cleanup.manager [-] Cleaning up neutron network objects
2020-04-13 01:36:37.828 9693 RALLYDEBUG rally_openstack.cleanup.manager [-] Cleaning up neutron router objects
2020-04-13 01:36:38.466 9693 RALLYDEBUG rally_openstack.cleanup.manager [-] Cleaning up neutron security_group objects
2020-04-13 01:36:39.070 9693 INFO rally.task.context [-] Task d2284eeb-b62c-4f86-a54d-130dd9348c8e | Context cleanup@openstack cleanup() finished in 6.85 sec
2020-04-13 01:36:39.071 9693 INFO rally.task.context [-] Task d2284eeb-b62c-4f86-a54d-130dd9348c8e | Context network@openstack cleanup() started
2020-04-13 01:36:44.819 9693 INFO rally.task.context [-] Task d2284eeb-b62c-4f86-a54d-130dd9348c8e | Context network@openstack cleanup() finished in 5.75 sec
2020-04-13 01:36:44.820 9693 INFO rally.task.context [-] Task d2284eeb-b62c-4f86-a54d-130dd9348c8e | Context quotas@openstack cleanup() started
2020-04-13 01:36:44.884 9693 INFO rally.task.context [-] Task d2284eeb-b62c-4f86-a54d-130dd9348c8e | Context quotas@openstack cleanup() finished in 64.39 msec
2020-04-13 01:36:44.885 9693 INFO rally.task.context [-] Task d2284eeb-b62c-4f86-a54d-130dd9348c8e | Context users@openstack cleanup() started
2020-04-13 01:36:45.003 9693 WARNING rally.common.logging [-] `iterate_per_tenants()' is deprecated in v3.0.0: it is openstack specific.. Used at
2020-04-13 01:36:47.637 9693 INFO rally.task.context [-] Task d2284eeb-b62c-4f86-a54d-130dd9348c8e | Context users@openstack cleanup() finished in 2.75 sec
2020-04-13 01:36:48.859 9693 INFO rally.task.engine [-] Load duration is: 7.17876
2020-04-13 01:36:48.859 9693 INFO rally.task.engine [-] Full runner duration is: 7.223578
2020-04-13 01:36:48.860 9693 INFO rally.task.engine [-] Full duration is: 27.007266
2020-04-13 01:36:48.958 9693 INFO rally.task.engine [-] Running workload: position = 0 config = { "version": 2, "title": "A cropped version of a bigger task.", "description": "Auto-generated task from a single workload (uuid=d0108b7e-0967-43ef-b813-efc6e0570323)", "subtasks": [ { "title": "NeutronNetworks.create_and_delete_routers", "description": "Create and delete a given number of routers.", "scenario": { "NeutronNetworks.create_and_delete_routers": { "network_create_args": {}, "router_create_args": {}, "subnet_cidr_start": "1.1.0.0/30", "subnet_create_args": {}, "subnets_per_network": 1 } }, "contexts": { "users": { "tenants": 3, "users_per_tenant": 2 }, "quotas": { "neutron": { "network": -1, "subnet": -1, "port": -1, "router": -1 } } }, "runner": { "constant": { "concurrency": 4, "times": 10 } }, "hooks": [], "sla": { "failure_rate": { "max": 0 } } } ] }
2020-04-13 01:36:48.984 9693 RALLYDEBUG rally_openstack.contexts.keystone.users [-] Creating 3 tenants using 3 threads
2020-04-13 01:36:49.541 9693 RALLYDEBUG rally_openstack.contexts.keystone.users [-] Creating 6 users using 6 threads
2020-04-13 01:36:50.405 9693 INFO rally.task.context [-] Task d2284eeb-b62c-4f86-a54d-130dd9348c8e | Context users@openstack setup() finished in 1.42 sec
2020-04-13 01:36:51.217 9693 INFO rally.task.context [-] Task d2284eeb-b62c-4f86-a54d-130dd9348c8e | Context quotas@openstack setup() finished in 0.81 sec
2020-04-13 01:36:51.217 9693 INFO rally.task.context [-] Task d2284eeb-b62c-4f86-a54d-130dd9348c8e | Context cleanup@openstack setup() finished in 0.03 msec
2020-04-13 01:36:51.229 9693 RALLYDEBUG rally.task.runner [-] Starting the constant runner (task UUID: d2284eeb-b62c-4f86-a54d-130dd9348c8e). times: 10 concurrency: 4 timeout: 0 max_cpu_used: 88 processes_to_start: 4 concurrency_per_worker: 1 concurrency_overhead: 0
2020-04-13 01:36:51.241 11506 RALLYDEBUG rally.task.runner [-] Starting a worker. times: 10 duration: None concurrency: 1 timeout: 0 cls: method_name: run args: {"network_create_args": {}, "router_create_args": {}, "subnet_cidr_start": "1.1.0.0/30", "subnet_create_args": {}, "subnets_per_network": 1}
2020-04-13 01:36:51.242 11507 RALLYDEBUG rally.task.runner [-] Starting a worker. times: 10 duration: None concurrency: 1 timeout: 0 cls: method_name: run args: {"network_create_args": {}, "router_create_args": {}, "subnet_cidr_start": "1.1.0.0/30", "subnet_create_args": {}, "subnets_per_network": 1}
2020-04-13 01:36:51.245 11508 RALLYDEBUG rally.task.runner [-] Starting a worker. times: 10 duration: None concurrency: 1 timeout: 0 cls: method_name: run args: {"network_create_args": {}, "router_create_args": {}, "subnet_cidr_start": "1.1.0.0/30", "subnet_create_args": {}, "subnets_per_network": 1}
2020-04-13 01:36:51.248 11506 INFO rally.task.runner [-] Task d2284eeb-b62c-4f86-a54d-130dd9348c8e | ITER: 1 START
2020-04-13 01:36:51.248 11509 RALLYDEBUG rally.task.runner [-] Starting a worker. times: 10 duration: None concurrency: 1 timeout: 0 cls: method_name: run args: {"network_create_args": {}, "router_create_args": {}, "subnet_cidr_start": "1.1.0.0/30", "subnet_create_args": {}, "subnets_per_network": 1}
2020-04-13 01:36:51.249 11507 INFO rally.task.runner [-] Task d2284eeb-b62c-4f86-a54d-130dd9348c8e | ITER: 2 START
2020-04-13 01:36:51.251 11508 INFO rally.task.runner [-] Task d2284eeb-b62c-4f86-a54d-130dd9348c8e | ITER: 3 START
2020-04-13 01:36:51.255 11509 INFO rally.task.runner [-] Task d2284eeb-b62c-4f86-a54d-130dd9348c8e | ITER: 4 START
2020-04-13 01:36:51.765 11506 RALLYDEBUG rally_openstack.wrappers.network [-] CIDR generated: 1.1.0.104/30
2020-04-13 01:36:52.378 11509 RALLYDEBUG rally_openstack.wrappers.network [-] CIDR generated: 1.1.0.108/30
2020-04-13 01:36:52.948 11508 RALLYDEBUG rally_openstack.wrappers.network [-] CIDR generated: 1.1.0.112/30
2020-04-13 01:36:53.289 11507 RALLYDEBUG rally_openstack.wrappers.network [-] CIDR generated: 1.1.0.116/30
2020-04-13 01:36:58.464 11506 INFO rally.task.runner [-] Task d2284eeb-b62c-4f86-a54d-130dd9348c8e | ITER: 1 END: OK
2020-04-13 01:36:58.469 11506 INFO rally.task.runner [-] Task d2284eeb-b62c-4f86-a54d-130dd9348c8e | ITER: 5 START
2020-04-13 01:36:58.942 11506 RALLYDEBUG rally_openstack.wrappers.network [-] CIDR generated: 1.1.0.120/30
2020-04-13 01:36:59.261 11509 INFO rally.task.runner [-] Task d2284eeb-b62c-4f86-a54d-130dd9348c8e | ITER: 4 END: OK
2020-04-13 01:36:59.266 11509 INFO rally.task.runner [-] Task d2284eeb-b62c-4f86-a54d-130dd9348c8e | ITER: 6 START
2020-04-13 01:36:59.381 11508 INFO rally.task.runner [-] Task d2284eeb-b62c-4f86-a54d-130dd9348c8e | ITER: 3 END: OK
2020-04-13 01:36:59.386 11508 INFO rally.task.runner [-] Task d2284eeb-b62c-4f86-a54d-130dd9348c8e | ITER: 7 START
2020-04-13 01:36:59.680 11508 RALLYDEBUG rally_openstack.wrappers.network [-] CIDR generated: 1.1.0.124/30
2020-04-13 01:37:00.036 11509 RALLYDEBUG rally_openstack.wrappers.network [-] CIDR generated: 1.1.0.128/30
2020-04-13 01:37:01.365 11507 INFO rally.task.runner [-] Task d2284eeb-b62c-4f86-a54d-130dd9348c8e | ITER: 2 END: OK
2020-04-13 01:37:01.371 11507 INFO rally.task.runner [-] Task d2284eeb-b62c-4f86-a54d-130dd9348c8e | ITER: 8 START
2020-04-13 01:37:01.661 11507 RALLYDEBUG rally_openstack.wrappers.network [-] CIDR generated: 1.1.0.132/30
2020-04-13 01:37:07.196 11506 INFO rally.task.runner [-] Task d2284eeb-b62c-4f86-a54d-130dd9348c8e | ITER: 5 END: OK
2020-04-13 01:37:07.202 11506 INFO rally.task.runner [-] Task d2284eeb-b62c-4f86-a54d-130dd9348c8e | ITER: 9 START
2020-04-13 01:37:07.410 11508 INFO rally.task.runner [-] Task d2284eeb-b62c-4f86-a54d-130dd9348c8e | ITER: 7 END: OK
2020-04-13 01:37:07.416 11508 INFO rally.task.runner [-] Task d2284eeb-b62c-4f86-a54d-130dd9348c8e | ITER: 10 START
2020-04-13 01:37:07.530 11506 RALLYDEBUG rally_openstack.wrappers.network [-] CIDR generated: 1.1.0.136/30
2020-04-13 01:37:07.655 11507 INFO rally.task.runner [-] Task d2284eeb-b62c-4f86-a54d-130dd9348c8e | ITER: 8 END: OK
2020-04-13 01:37:07.978 11508 RALLYDEBUG rally_openstack.wrappers.network [-] CIDR generated: 1.1.0.140/30
2020-04-13 01:37:08.043 11509 INFO rally.task.runner [-] Task d2284eeb-b62c-4f86-a54d-130dd9348c8e | ITER: 6 END: OK
2020-04-13 01:37:18.743 11506 INFO rally.task.runner [-] Task d2284eeb-b62c-4f86-a54d-130dd9348c8e | ITER: 9 END: OK
2020-04-13 01:37:18.913 11508 INFO rally.task.runner [-] Task d2284eeb-b62c-4f86-a54d-130dd9348c8e | ITER: 10 END: OK
2020-04-13 01:37:18.944 9693 INFO rally.task.context [-] Task d2284eeb-b62c-4f86-a54d-130dd9348c8e | Context cleanup@openstack cleanup() started
2020-04-13 01:37:18.950 9693 RALLYDEBUG rally_openstack.cleanup.manager [-] Cleaning up neutron vip objects
2020-04-13 01:37:19.369 9693 RALLYDEBUG rally_openstack.cleanup.manager [-] Cleaning up neutron health_monitor objects
2020-04-13 01:37:19.783 9693 RALLYDEBUG rally_openstack.cleanup.manager [-] Cleaning up neutron pool objects
2020-04-13 01:37:20.180 9693 RALLYDEBUG rally_openstack.cleanup.manager [-] Cleaning up neutron loadbalancer objects
2020-04-13 01:37:20.564 9693 RALLYDEBUG rally_openstack.cleanup.manager [-] Cleaning up neutron floatingip objects
2020-04-13 01:37:21.189 9693 RALLYDEBUG rally_openstack.cleanup.manager [-] Cleaning up neutron trunk objects
2020-04-13 01:37:21.664 9693 RALLYDEBUG rally_openstack.cleanup.manager [-] Cleaning up neutron port objects
2020-04-13 01:37:22.741 9693 RALLYDEBUG rally_openstack.cleanup.manager [-] Cleaning up neutron subnet objects
2020-04-13 01:37:23.385 9693 RALLYDEBUG rally_openstack.cleanup.manager [-] Deleting neutron.subnet object s_rally_d0108b7e_4zHK4J1R (655ac0da-6452-40bf-a677-2330b3c8e740)
2020-04-13 01:37:23.380 9693 RALLYDEBUG rally_openstack.cleanup.manager [-] Deleting neutron.subnet object s_rally_d0108b7e_fOAfwvdT (bd806f58-fdd7-4e16-9ecb-d7fb7a965f9d)
2020-04-13 01:37:23.386 9693 RALLYDEBUG rally_openstack.cleanup.manager [-] Deleting neutron.subnet object s_rally_d0108b7e_83p1AoOU (42a49900-5d68-4571-9094-dec38527533c)
2020-04-13 01:37:23.390 9693 RALLYDEBUG rally_openstack.cleanup.manager [-] Deleting neutron.subnet object s_rally_d0108b7e_SgHnVd1c (aa196f12-2c7a-44d4-973b-6352e1ee383e)
2020-04-13 01:37:23.402 9693 RALLYDEBUG rally_openstack.cleanup.manager [-] Deleting neutron.subnet object s_rally_d0108b7e_Z7p3Ckc8 (cc644dbf-a27e-48e9-ae6d-18244dabeee9)
2020-04-13 01:37:23.408 9693 RALLYDEBUG rally_openstack.cleanup.manager [-] Deleting neutron.subnet object s_rally_d0108b7e_rTrLR5LT (d444caec-ea86-4ec0-b9a6-241d2fc659af)
2020-04-13 01:37:23.416 9693 RALLYDEBUG rally_openstack.cleanup.manager [-] Deleting neutron.subnet object s_rally_d0108b7e_IP2MKN6Z (fc7543c4-b185-4f45-8208-3833d51450a6)
2020-04-13 01:37:23.425 9693 RALLYDEBUG rally_openstack.cleanup.manager [-] Deleting neutron.subnet object s_rally_d0108b7e_JfkAVeOf (6541fed2-3f12-4243-9147-21bc857dbf3d)
2020-04-13 01:37:23.430 9693 RALLYDEBUG rally_openstack.cleanup.manager [-] Deleting neutron.subnet object s_rally_d0108b7e_BOZ0t6NQ (705a7a37-e1fd-4fae-bf3b-3c5bce9013d2)
2020-04-13 01:37:23.455 9693 RALLYDEBUG rally_openstack.cleanup.manager [-] Deleting neutron.subnet object s_rally_d0108b7e_tOQNjqC2 (d199b359-4bf4-451f-9513-6a187ae326ee)
2020-04-13 01:37:29.939 9693 RALLYDEBUG rally_openstack.cleanup.manager [-] Cleaning up neutron network objects
2020-04-13 01:37:30.684 9693 RALLYDEBUG rally_openstack.cleanup.manager [-] Deleting neutron.network object s_rally_d0108b7e_Qkc4tDr0 (a2f62a15-da29-40e0-8e72-e4de6d48e123)
2020-04-13 01:37:30.704 9693 RALLYDEBUG rally_openstack.cleanup.manager [-] Deleting neutron.network object s_rally_d0108b7e_s5hHOMQa (59dfa1a1-feb8-44a6-9789-821de91a017e)
2020-04-13 01:37:30.710 9693 RALLYDEBUG rally_openstack.cleanup.manager [-] Deleting neutron.network object s_rally_d0108b7e_jhooIXeW (e35663ca-4b23-497b-bb1d-2dde36d06ee4)
2020-04-13 01:37:30.724 9693 RALLYDEBUG rally_openstack.cleanup.manager [-] Deleting neutron.network object s_rally_d0108b7e_uscAW4y6 (8b8dffe4-3065-4c2b-bc66-d77d01d33c47)
2020-04-13 01:37:30.735 9693 RALLYDEBUG rally_openstack.cleanup.manager [-] Deleting neutron.network object s_rally_d0108b7e_XqA4ApWO (b96f29e1-a9de-4e1c-8bca-bd193128fcd3)
2020-04-13 01:37:30.752 9693 RALLYDEBUG rally_openstack.cleanup.manager [-] Deleting neutron.network object s_rally_d0108b7e_lxNnhuil (e4055496-dd66-4a19-a8a0-752968ae4da6)
2020-04-13 01:37:30.757 9693 RALLYDEBUG rally_openstack.cleanup.manager [-] Deleting neutron.network object s_rally_d0108b7e_21M98RIf (04420615-f2a1-4d9e-938e-4f4ab2f5e310)
2020-04-13 01:37:30.747 9693 RALLYDEBUG rally_openstack.cleanup.manager [-] Deleting neutron.network object s_rally_d0108b7e_cbQkfsZP (d4bb3155-8180-4ed5-ab6d-986bd126716b)
2020-04-13 01:37:30.786 9693 RALLYDEBUG rally_openstack.cleanup.manager [-] Deleting neutron.network object s_rally_d0108b7e_W585g9cD (e4142b2d-a7cd-4c25-94cf-e2d4c740095a)
2020-04-13 01:37:30.783 9693 RALLYDEBUG rally_openstack.cleanup.manager [-] Deleting neutron.network object s_rally_d0108b7e_ZWRstVQv (272bae3b-2574-4e76-9023-a887fccc0f94)
2020-04-13 01:37:33.779 9693 RALLYDEBUG rally_openstack.cleanup.manager [-] Cleaning up neutron router objects
2020-04-13 01:37:34.379 9693 RALLYDEBUG rally_openstack.cleanup.manager [-] Cleaning up neutron security_group objects
2020-04-13 01:37:34.951 9693 INFO rally.task.context [-] Task d2284eeb-b62c-4f86-a54d-130dd9348c8e | Context cleanup@openstack cleanup() finished in 16.01 sec
2020-04-13 01:37:34.951 9693 INFO rally.task.context [-] Task d2284eeb-b62c-4f86-a54d-130dd9348c8e | Context quotas@openstack cleanup() started
2020-04-13 01:37:35.012 9693 INFO rally.task.context [-] Task d2284eeb-b62c-4f86-a54d-130dd9348c8e | Context quotas@openstack cleanup() finished in 61.11 msec
2020-04-13 01:37:35.013 9693 INFO rally.task.context [-] Task d2284eeb-b62c-4f86-a54d-130dd9348c8e | Context users@openstack cleanup() started
2020-04-13 01:37:35.165 9693 WARNING rally.common.logging [-] `iterate_per_tenants()' is deprecated in v3.0.0: it is openstack specific.. Used at
2020-04-13 01:37:37.451 9693 INFO rally.task.context [-] Task d2284eeb-b62c-4f86-a54d-130dd9348c8e | Context users@openstack cleanup() finished in 2.44 sec
2020-04-13 01:37:39.256 9693 INFO rally.task.engine [-] Load duration is: 27.662917
2020-04-13 01:37:39.257 9693 INFO rally.task.engine [-] Full runner duration is: 27.715163
2020-04-13 01:37:39.257 9693 INFO rally.task.engine [-] Full duration is: 48.469224
2020-04-13 01:37:39.354 9693 INFO rally.task.engine [-] Running workload: position = 0 config = { "version": 2, "title": "A cropped version of a bigger task.", "description": "Auto-generated task from a single workload (uuid=b9d9fa19-96af-49f0-86bf-e673783ef61d)", "subtasks": [ { "title": "NeutronNetworks.create_and_delete_subnets", "description": "Create and delete a given number of subnets.", "scenario": { "NeutronNetworks.create_and_delete_subnets": { "network_create_args": {}, "subnet_cidr_start": "1.1.0.0/30", "subnet_create_args": {}, "subnets_per_network": 1 } }, "contexts": { "users": { "tenants": 3, "users_per_tenant": 2 }, "quotas": { "neutron": { "network": -1, "subnet": -1 } } }, "runner": { "constant": { "concurrency": 4, "times": 10 } }, "hooks": [], "sla": { "failure_rate": { "max": 0 } } } ] }
2020-04-13 01:37:39.374 9693 RALLYDEBUG rally_openstack.contexts.keystone.users [-] Creating 3 tenants using 3 threads
2020-04-13 01:37:39.842 9693 RALLYDEBUG rally_openstack.contexts.keystone.users [-] Creating 6 users using 6 threads
2020-04-13 01:37:40.803 9693 INFO rally.task.context [-] Task d2284eeb-b62c-4f86-a54d-130dd9348c8e | Context users@openstack setup() finished in 1.43 sec
2020-04-13 01:37:41.195 9693 INFO rally.task.context [-] Task d2284eeb-b62c-4f86-a54d-130dd9348c8e | Context quotas@openstack setup() finished in 0.39 sec
2020-04-13 01:37:41.196 9693 INFO rally.task.context [-] Task d2284eeb-b62c-4f86-a54d-130dd9348c8e | Context cleanup@openstack setup() finished in 0.11 msec
2020-04-13 01:37:41.207 9693 RALLYDEBUG rally.task.runner [-] Starting the constant runner (task UUID: d2284eeb-b62c-4f86-a54d-130dd9348c8e). times: 10 concurrency: 4 timeout: 0 max_cpu_used: 88 processes_to_start: 4 concurrency_per_worker: 1 concurrency_overhead: 0
2020-04-13 01:37:41.220 11799 RALLYDEBUG rally.task.runner [-] Starting a worker. times: 10 duration: None concurrency: 1 timeout: 0 cls: method_name: run args: {"network_create_args": {}, "subnet_cidr_start": "1.1.0.0/30", "subnet_create_args": {}, "subnets_per_network": 1}
2020-04-13 01:37:41.223 11800 RALLYDEBUG rally.task.runner [-] Starting a worker. times: 10 duration: None concurrency: 1 timeout: 0 cls: method_name: run args: {"network_create_args": {}, "subnet_cidr_start": "1.1.0.0/30", "subnet_create_args": {}, "subnets_per_network": 1}
2020-04-13 01:37:41.226 11799 INFO rally.task.runner [-] Task d2284eeb-b62c-4f86-a54d-130dd9348c8e | ITER: 1 START
2020-04-13 01:37:41.227 11801 RALLYDEBUG rally.task.runner [-] Starting a worker. times: 10 duration: None concurrency: 1 timeout: 0 cls: method_name: run args: {"network_create_args": {}, "subnet_cidr_start": "1.1.0.0/30", "subnet_create_args": {}, "subnets_per_network": 1}
2020-04-13 01:37:41.229 11799 WARNING rally_openstack.scenarios.neutron.utils [-] Running this scenario without either the 'network' or 'existing_network' context is deprecated
2020-04-13 01:37:41.230 11800 INFO rally.task.runner [-] Task d2284eeb-b62c-4f86-a54d-130dd9348c8e | ITER: 2 START
2020-04-13 01:37:41.230 11802 RALLYDEBUG rally.task.runner [-] Starting a worker. times: 10 duration: None concurrency: 1 timeout: 0 cls: method_name: run args: {"network_create_args": {}, "subnet_cidr_start": "1.1.0.0/30", "subnet_create_args": {}, "subnets_per_network": 1}
2020-04-13 01:37:41.232 11801 INFO rally.task.runner [-] Task d2284eeb-b62c-4f86-a54d-130dd9348c8e | ITER: 3 START
2020-04-13 01:37:41.232 11800 WARNING rally_openstack.scenarios.neutron.utils [-] Running this scenario without either the 'network' or 'existing_network' context is deprecated
2020-04-13 01:37:41.234 11801 WARNING rally_openstack.scenarios.neutron.utils [-] Running this scenario without either the 'network' or 'existing_network' context is deprecated
2020-04-13 01:37:41.236 11802 INFO rally.task.runner [-] Task d2284eeb-b62c-4f86-a54d-130dd9348c8e | ITER: 4 START
2020-04-13 01:37:41.238 11802 WARNING rally_openstack.scenarios.neutron.utils [-] Running this scenario without either the 'network' or 'existing_network' context is deprecated
2020-04-13 01:37:41.770 11800 RALLYDEBUG rally_openstack.wrappers.network [-] CIDR generated: 1.1.0.144/30
2020-04-13 01:37:42.131 11802 RALLYDEBUG rally_openstack.wrappers.network [-] CIDR generated: 1.1.0.148/30
2020-04-13 01:37:42.690 11801 RALLYDEBUG rally_openstack.wrappers.network [-] CIDR generated: 1.1.0.152/30
2020-04-13 01:37:42.821 11800 INFO rally.task.runner [-] Task d2284eeb-b62c-4f86-a54d-130dd9348c8e | ITER: 2 END: OK
2020-04-13 01:37:42.826 11800 INFO rally.task.runner [-] Task d2284eeb-b62c-4f86-a54d-130dd9348c8e | ITER: 5 START
2020-04-13 01:37:42.827 11800 WARNING rally_openstack.scenarios.neutron.utils [-] Running this scenario without either the 'network' or 'existing_network' context is deprecated
2020-04-13 01:37:43.184 11800 RALLYDEBUG rally_openstack.wrappers.network [-] CIDR generated: 1.1.0.156/30
2020-04-13 01:37:43.205 11802 INFO rally.task.runner [-] Task d2284eeb-b62c-4f86-a54d-130dd9348c8e | ITER: 4 END: OK
2020-04-13 01:37:43.210 11802 INFO rally.task.runner [-] Task d2284eeb-b62c-4f86-a54d-130dd9348c8e | ITER: 6 START
2020-04-13 01:37:43.211 11802 WARNING rally_openstack.scenarios.neutron.utils [-] Running this scenario without either the 'network' or 'existing_network' context is deprecated
2020-04-13 01:37:43.292 11799 RALLYDEBUG rally_openstack.wrappers.network [-] CIDR generated: 1.1.0.160/30
2020-04-13 01:37:43.926 11802 RALLYDEBUG rally_openstack.wrappers.network [-] CIDR generated: 1.1.0.164/30
2020-04-13 01:37:44.471 11801 INFO rally.task.runner [-] Task d2284eeb-b62c-4f86-a54d-130dd9348c8e | ITER: 3 END: OK
2020-04-13 01:37:44.477 11801 INFO rally.task.runner [-] Task d2284eeb-b62c-4f86-a54d-130dd9348c8e | ITER: 7 START
2020-04-13 01:37:44.478 11801 WARNING rally_openstack.scenarios.neutron.utils [-] Running this scenario without either the 'network' or 'existing_network' context is deprecated
2020-04-13 01:37:44.805 11801 RALLYDEBUG rally_openstack.wrappers.network [-] CIDR generated: 1.1.0.168/30
2020-04-13 01:37:45.229 11800 INFO rally.task.runner [-] Task d2284eeb-b62c-4f86-a54d-130dd9348c8e | ITER: 5 END: OK
2020-04-13 01:37:45.235 11800 INFO rally.task.runner [-] Task d2284eeb-b62c-4f86-a54d-130dd9348c8e | ITER: 8 START
2020-04-13 01:37:45.235 11800 WARNING rally_openstack.scenarios.neutron.utils [-] Running this scenario without either the 'network' or 'existing_network' context is deprecated
2020-04-13 01:37:45.590 11800 RALLYDEBUG rally_openstack.wrappers.network [-] CIDR generated: 1.1.0.172/30
2020-04-13 01:37:46.288 11802 INFO rally.task.runner [-] Task d2284eeb-b62c-4f86-a54d-130dd9348c8e | ITER: 6 END: OK
2020-04-13 01:37:46.293 11802 INFO rally.task.runner [-] Task d2284eeb-b62c-4f86-a54d-130dd9348c8e | ITER: 9 START
2020-04-13 01:37:46.293 11802 WARNING rally_openstack.scenarios.neutron.utils [-] Running this scenario without either the 'network' or 'existing_network' context is deprecated
2020-04-13 01:37:46.296 11801 INFO rally.task.runner [-] Task d2284eeb-b62c-4f86-a54d-130dd9348c8e | ITER: 7 END: OK
2020-04-13 01:37:46.301 11801 INFO rally.task.runner [-] Task d2284eeb-b62c-4f86-a54d-130dd9348c8e | ITER: 10 START
2020-04-13 01:37:46.301 11801 WARNING rally_openstack.scenarios.neutron.utils [-] Running this scenario without either the 'network' or 'existing_network' context is deprecated
2020-04-13 01:37:46.347 11799 INFO rally.task.runner [-] Task d2284eeb-b62c-4f86-a54d-130dd9348c8e | ITER: 1 END: OK
2020-04-13 01:37:46.701 11802 RALLYDEBUG rally_openstack.wrappers.network [-] CIDR generated: 1.1.0.176/30
2020-04-13 01:37:47.000 11800 INFO rally.task.runner [-] Task d2284eeb-b62c-4f86-a54d-130dd9348c8e | ITER: 8 END: OK
2020-04-13 01:37:47.334 11801 RALLYDEBUG rally_openstack.wrappers.network [-] CIDR generated: 1.1.0.180/30
2020-04-13 01:37:47.979 11802 INFO rally.task.runner [-] Task d2284eeb-b62c-4f86-a54d-130dd9348c8e | ITER: 9 END: OK
2020-04-13 01:37:48.682 11801 INFO rally.task.runner [-] Task d2284eeb-b62c-4f86-a54d-130dd9348c8e | ITER: 10 END: OK
2020-04-13 01:37:48.703 9693 INFO rally.task.context [-] Task d2284eeb-b62c-4f86-a54d-130dd9348c8e | Context cleanup@openstack cleanup() started
2020-04-13 01:37:48.708 9693 RALLYDEBUG rally_openstack.cleanup.manager [-] Cleaning up neutron vip objects
2020-04-13 01:37:49.153 9693 RALLYDEBUG rally_openstack.cleanup.manager [-] Cleaning up neutron health_monitor objects
2020-04-13 01:37:49.544 9693 RALLYDEBUG rally_openstack.cleanup.manager [-] Cleaning up neutron pool objects
2020-04-13 01:37:50.023 9693 RALLYDEBUG rally_openstack.cleanup.manager [-] Cleaning up neutron loadbalancer objects
2020-04-13 01:37:50.560 9693 RALLYDEBUG rally_openstack.cleanup.manager [-] Cleaning up neutron floatingip objects
2020-04-13 01:37:51.111 9693 RALLYDEBUG rally_openstack.cleanup.manager [-] Cleaning up neutron trunk objects
2020-04-13 01:37:51.601 9693 RALLYDEBUG rally_openstack.cleanup.manager [-] Cleaning up neutron port objects
2020-04-13 01:37:52.677 9693 RALLYDEBUG rally_openstack.cleanup.manager [-] Cleaning up neutron subnet objects
2020-04-13 01:37:53.185 9693 RALLYDEBUG rally_openstack.cleanup.manager [-] Cleaning up neutron network objects
2020-04-13 01:37:54.266 9693 RALLYDEBUG rally_openstack.cleanup.manager [-] Deleting neutron.network object s_rally_b9d9fa19_3ubbkjLJ (dc0130b8-ff0c-4f29-85e8-4b44f5674523)
2020-04-13 01:37:54.284 9693 RALLYDEBUG rally_openstack.cleanup.manager [-] Deleting neutron.network object s_rally_b9d9fa19_hBTBkvnM (13e6cc8f-c54d-442c-b65d-da50b0b31a1c)
2020-04-13 01:37:54.284 9693 RALLYDEBUG rally_openstack.cleanup.manager [-] Deleting neutron.network object s_rally_b9d9fa19_fpDlvfV5 (ffd96539-bc1f-431a-9951-5281114c8c59)
2020-04-13 01:37:54.301 9693 RALLYDEBUG rally_openstack.cleanup.manager [-] Deleting neutron.network object s_rally_b9d9fa19_kQHwSBGR (86a036fa-a3bf-4261-a8e3-edba96331d3c)
2020-04-13 01:37:54.295 9693 RALLYDEBUG rally_openstack.cleanup.manager [-] Deleting neutron.network object s_rally_b9d9fa19_C4SGtp9S (23fcbc3a-bba1-49f9-93b5-9d39e6106076)
2020-04-13 01:37:54.316 9693 RALLYDEBUG rally_openstack.cleanup.manager [-] Deleting neutron.network object s_rally_b9d9fa19_4yJSXvuf (54d7c92a-7dca-4c40-ae61-c77e1001aed9)
2020-04-13 01:37:54.322 9693 RALLYDEBUG rally_openstack.cleanup.manager [-] Deleting neutron.network object s_rally_b9d9fa19_OjmqdRnb (b614b3f3-5e4a-4df4-beda-4ee6ce2f321f)
2020-04-13 01:37:54.350 9693 RALLYDEBUG rally_openstack.cleanup.manager [-] Deleting neutron.network object s_rally_b9d9fa19_8M8NSZCo (e5d26e36-9cb3-4ffe-9fb4-1fd9db1f4b44)
2020-04-13 01:37:54.345 9693 RALLYDEBUG rally_openstack.cleanup.manager [-] Deleting neutron.network object s_rally_b9d9fa19_kXBUXJ4S (c349a0c5-9519-4e13-9d33-4c50f2139722)
2020-04-13 01:37:54.368 9693 RALLYDEBUG rally_openstack.cleanup.manager [-] Deleting neutron.network object s_rally_b9d9fa19_GjxNJ2V1 (f59464e8-5dde-4b01-b7a5-69a7ad787c8c)
2020-04-13 01:37:59.342 9693 RALLYDEBUG rally_openstack.cleanup.manager [-] Cleaning up neutron router objects
2020-04-13 01:37:59.905 9693 RALLYDEBUG rally_openstack.cleanup.manager [-] Cleaning up neutron security_group objects
2020-04-13 01:38:00.509 9693 INFO rally.task.context [-] Task d2284eeb-b62c-4f86-a54d-130dd9348c8e | Context cleanup@openstack cleanup() finished in 11.81 sec
2020-04-13 01:38:00.509 9693 INFO rally.task.context [-] Task d2284eeb-b62c-4f86-a54d-130dd9348c8e | Context quotas@openstack cleanup() started
2020-04-13 01:38:00.581 9693 INFO rally.task.context [-] Task d2284eeb-b62c-4f86-a54d-130dd9348c8e | Context quotas@openstack cleanup() finished in 72.23 msec
2020-04-13 01:38:00.582 9693 INFO rally.task.context [-] Task d2284eeb-b62c-4f86-a54d-130dd9348c8e | Context users@openstack cleanup() started
2020-04-13 01:38:00.713 9693 WARNING rally.common.logging [-] `iterate_per_tenants()' is deprecated in v3.0.0: it is openstack specific.. Used at
2020-04-13 01:38:02.685 9693 INFO rally.task.context [-] Task d2284eeb-b62c-4f86-a54d-130dd9348c8e | Context users@openstack cleanup() finished in 2.10 sec
2020-04-13 01:38:03.520 9693 INFO rally.task.engine [-] Load duration is: 7.453322
2020-04-13 01:38:03.521 9693 INFO rally.task.engine [-] Full runner duration is: 7.496819
2020-04-13 01:38:03.521 9693 INFO rally.task.engine [-] Full duration is: 23.312368
2020-04-13 01:38:03.630 9693 INFO rally.task.engine [-] Running workload: position = 0 config = { "version": 2, "title": "A cropped version of a bigger task.", "description": "Auto-generated task from a single workload (uuid=22e0233a-f7c9-4299-8a56-831474124212)", "subtasks": [ { "title": "NeutronNetworks.create_and_list_networks", "description": "Create a network and then list all networks.", "scenario": { "NeutronNetworks.create_and_list_networks": { "network_create_args": {} } }, "contexts": { "users": { "tenants": 3, "users_per_tenant": 2 }, "quotas": { "neutron": { "network": -1 } } }, "runner": { "constant": { "concurrency": 4, "times": 10 } }, "hooks": [], "sla": { "failure_rate": { "max": 0 } } } ] }
2020-04-13 01:38:03.656 9693 RALLYDEBUG rally_openstack.contexts.keystone.users [-] Creating 3 tenants using 3 threads
2020-04-13 01:38:04.227 9693 RALLYDEBUG rally_openstack.contexts.keystone.users [-] Creating 6 users using 6 threads
2020-04-13 01:38:05.208 9693 INFO rally.task.context [-] Task d2284eeb-b62c-4f86-a54d-130dd9348c8e | Context users@openstack setup() finished in 1.55 sec
2020-04-13 01:38:05.514 9693 INFO rally.task.context [-] Task d2284eeb-b62c-4f86-a54d-130dd9348c8e | Context quotas@openstack setup() finished in 0.31 sec
2020-04-13 01:38:05.515 9693 INFO rally.task.context [-] Task d2284eeb-b62c-4f86-a54d-130dd9348c8e | Context cleanup@openstack setup() finished in 0.03 msec
2020-04-13 01:38:05.523 9693 RALLYDEBUG rally.task.runner [-] Starting the constant runner (task UUID: d2284eeb-b62c-4f86-a54d-130dd9348c8e). times: 10 concurrency: 4 timeout: 0 max_cpu_used: 88 processes_to_start: 4 concurrency_per_worker: 1 concurrency_overhead: 0
2020-04-13 01:38:05.537 12092 RALLYDEBUG rally.task.runner [-] Starting a worker. times: 10 duration: None concurrency: 1 timeout: 0 cls: method_name: run args: {"network_create_args": {}}
2020-04-13 01:38:05.540 12093 RALLYDEBUG rally.task.runner [-] Starting a worker. times: 10 duration: None concurrency: 1 timeout: 0 cls: method_name: run args: {"network_create_args": {}}
2020-04-13 01:38:05.542 12094 RALLYDEBUG rally.task.runner [-] Starting a worker. times: 10 duration: None concurrency: 1 timeout: 0 cls: method_name: run args: {"network_create_args": {}}
2020-04-13 01:38:05.543 12092 INFO rally.task.runner [-] Task d2284eeb-b62c-4f86-a54d-130dd9348c8e | ITER: 1 START
2020-04-13 01:38:05.544 12095 RALLYDEBUG rally.task.runner [-] Starting a worker. times: 10 duration: None concurrency: 1 timeout: 0 cls: method_name: run args: {"network_create_args": {}}
2020-04-13 01:38:05.547 12093 INFO rally.task.runner [-] Task d2284eeb-b62c-4f86-a54d-130dd9348c8e | ITER: 2 START
2020-04-13 01:38:05.549 12094 INFO rally.task.runner [-] Task d2284eeb-b62c-4f86-a54d-130dd9348c8e | ITER: 3 START
2020-04-13 01:38:05.551 12095 INFO rally.task.runner [-] Task d2284eeb-b62c-4f86-a54d-130dd9348c8e | ITER: 4 START
2020-04-13 01:38:06.208 12092 INFO rally.task.runner [-] Task d2284eeb-b62c-4f86-a54d-130dd9348c8e | ITER: 1 END: OK
2020-04-13 01:38:06.214 12092 INFO rally.task.runner [-] Task d2284eeb-b62c-4f86-a54d-130dd9348c8e | ITER: 5 START
2020-04-13 01:38:06.694 12092 INFO rally.task.runner [-] Task d2284eeb-b62c-4f86-a54d-130dd9348c8e | ITER: 5 END: OK
2020-04-13 01:38:06.699 12092 INFO rally.task.runner [-] Task d2284eeb-b62c-4f86-a54d-130dd9348c8e | ITER: 6 START
2020-04-13 01:38:06.809 12095 INFO rally.task.runner [-] Task d2284eeb-b62c-4f86-a54d-130dd9348c8e | ITER: 4 END: OK
2020-04-13 01:38:06.814 12095 INFO rally.task.runner [-] Task d2284eeb-b62c-4f86-a54d-130dd9348c8e | ITER: 7 START
2020-04-13 01:38:07.204 12092 INFO rally.task.runner [-] Task d2284eeb-b62c-4f86-a54d-130dd9348c8e | ITER: 6 END: OK
2020-04-13 01:38:07.208 12092 INFO rally.task.runner [-] Task d2284eeb-b62c-4f86-a54d-130dd9348c8e | ITER: 8 START
2020-04-13 01:38:07.678 12093 INFO rally.task.runner [-] Task d2284eeb-b62c-4f86-a54d-130dd9348c8e | ITER: 2 END: OK
2020-04-13 01:38:07.682 12093 INFO rally.task.runner [-] Task d2284eeb-b62c-4f86-a54d-130dd9348c8e | ITER: 9 START
2020-04-13 01:38:07.720 12094 INFO rally.task.runner [-] Task d2284eeb-b62c-4f86-a54d-130dd9348c8e | ITER: 3 END: OK
2020-04-13 01:38:07.725 12094 INFO rally.task.runner [-] Task d2284eeb-b62c-4f86-a54d-130dd9348c8e | ITER: 10 START
2020-04-13 01:38:08.068 12093 INFO rally.task.runner [-] Task d2284eeb-b62c-4f86-a54d-130dd9348c8e | ITER: 9 END: OK
2020-04-13 01:38:08.238 12092 INFO rally.task.runner [-] Task d2284eeb-b62c-4f86-a54d-130dd9348c8e | ITER: 8 END: OK
2020-04-13 01:38:08.574 12095 INFO rally.task.runner [-] Task d2284eeb-b62c-4f86-a54d-130dd9348c8e | ITER: 7 END: OK
2020-04-13 01:38:08.645 12094 INFO rally.task.runner [-] Task d2284eeb-b62c-4f86-a54d-130dd9348c8e | ITER: 10 END: OK
2020-04-13 01:38:08.662 9693 INFO rally.task.context [-] Task d2284eeb-b62c-4f86-a54d-130dd9348c8e | Context cleanup@openstack cleanup() started
2020-04-13 01:38:08.665 9693 RALLYDEBUG rally_openstack.cleanup.manager [-] Cleaning up neutron vip objects
2020-04-13 01:38:09.041 9693 RALLYDEBUG rally_openstack.cleanup.manager [-] Cleaning up neutron health_monitor objects
2020-04-13 01:38:09.415 9693 RALLYDEBUG rally_openstack.cleanup.manager [-] Cleaning up neutron pool objects
2020-04-13 01:38:09.828 9693 RALLYDEBUG rally_openstack.cleanup.manager [-] Cleaning up neutron loadbalancer objects
2020-04-13 01:38:10.207 9693 RALLYDEBUG rally_openstack.cleanup.manager [-] Cleaning up neutron floatingip objects
2020-04-13 01:38:11.583 9693 RALLYDEBUG rally_openstack.cleanup.manager [-] Cleaning up neutron trunk objects
2020-04-13 01:38:12.047 9693 RALLYDEBUG rally_openstack.cleanup.manager [-] Cleaning up neutron port objects
2020-04-13 01:38:12.932 9693 RALLYDEBUG rally_openstack.cleanup.manager [-] Cleaning up neutron subnet objects
2020-04-13 01:38:13.478 9693 RALLYDEBUG rally_openstack.cleanup.manager [-] Cleaning up neutron network objects
2020-04-13 01:38:14.196 9693 RALLYDEBUG rally_openstack.cleanup.manager [-] Deleting neutron.network object s_rally_22e0233a_bKcDuJxr (d29075e0-43ff-49c0-ac68-4580c963f03f)
2020-04-13 01:38:14.214 9693 RALLYDEBUG rally_openstack.cleanup.manager [-] Deleting neutron.network object s_rally_22e0233a_3xjcJTOj (0ae0a8ef-7afe-4011-a89e-fb45531f011d)
2020-04-13 01:38:14.220 9693 RALLYDEBUG rally_openstack.cleanup.manager [-] Deleting neutron.network object s_rally_22e0233a_qTG9MK6N (4f55c318-74dd-4655-984e-1ac6e8315352)
2020-04-13 01:38:14.239 9693 RALLYDEBUG rally_openstack.cleanup.manager [-] Deleting neutron.network object s_rally_22e0233a_R1vv1tla (fe98761b-60e0-454f-82b9-9911f528b109)
2020-04-13 01:38:14.241 9693 RALLYDEBUG rally_openstack.cleanup.manager [-] Deleting neutron.network object s_rally_22e0233a_lguBinXl (a0e4833f-5e65-456d-8a2b-26bbde09e724)
2020-04-13 01:38:14.230 9693 RALLYDEBUG rally_openstack.cleanup.manager [-] Deleting neutron.network object s_rally_22e0233a_3HPx44kv (9e8d669d-0558-43bc-97ce-6fd3b8b7a922)
2020-04-13 01:38:14.209 9693 RALLYDEBUG rally_openstack.cleanup.manager [-] Deleting neutron.network object s_rally_22e0233a_3XZK2zC0 (f35d931b-e4a6-459a-bc95-9e347fe92ab5)
2020-04-13 01:38:14.253 9693 RALLYDEBUG rally_openstack.cleanup.manager [-] Deleting neutron.network object s_rally_22e0233a_VJckTss9 (3a366b59-f445-461c-a6f0-371b59d55d40)
2020-04-13 01:38:14.260 9693 RALLYDEBUG rally_openstack.cleanup.manager [-] Deleting neutron.network object s_rally_22e0233a_cQObquax (ba52c86e-811f-4406-b5b8-e4e5ee20d5c7)
2020-04-13 01:38:14.292 9693 RALLYDEBUG rally_openstack.cleanup.manager [-] Deleting neutron.network object s_rally_22e0233a_xkoNEZLO (bcb62f81-a1fd-4931-9bdf-bbef7b8e868d)
2020-04-13 01:38:17.729 9693 RALLYDEBUG rally_openstack.cleanup.manager [-] Cleaning up neutron router objects
2020-04-13 01:38:18.369 9693 RALLYDEBUG rally_openstack.cleanup.manager [-] Cleaning up neutron security_group objects
2020-04-13 01:38:19.371 9693 INFO rally.task.context [-] Task d2284eeb-b62c-4f86-a54d-130dd9348c8e | Context cleanup@openstack cleanup() finished in 10.71 sec
2020-04-13 01:38:19.371 9693 INFO rally.task.context [-] Task d2284eeb-b62c-4f86-a54d-130dd9348c8e | Context quotas@openstack cleanup() started
2020-04-13 01:38:19.429 9693 INFO rally.task.context [-] Task d2284eeb-b62c-4f86-a54d-130dd9348c8e | Context quotas@openstack cleanup() finished in 57.37 msec
