2020-04-13 01:07:53.477 501 DEBUG glanceclient.common.http [-] Request returned failure status 404. _handle_response /usr/lib/python3.7/site-packages/glanceclient/common/http.py:125
2020-04-13 01:07:53.483 501 DEBUG glanceclient.common.http [-] Request returned failure status 404. _handle_response /usr/lib/python3.7/site-packages/glanceclient/common/http.py:125
2020-04-13 01:07:53.499 501 DEBUG glanceclient.common.http [-] Request returned failure status 404. _handle_response /usr/lib/python3.7/site-packages/glanceclient/common/http.py:125
2020-04-13 01:07:53.517 501 DEBUG glanceclient.common.http [-] Request returned failure status 404. _handle_response /usr/lib/python3.7/site-packages/glanceclient/common/http.py:125
2020-04-13 01:07:53.532 501 DEBUG glanceclient.common.http [-] Request returned failure status 404. _handle_response /usr/lib/python3.7/site-packages/glanceclient/common/http.py:125
2020-04-13 01:07:53.536 501 DEBUG glanceclient.common.http [-] Request returned failure status 404. _handle_response /usr/lib/python3.7/site-packages/glanceclient/common/http.py:125
2020-04-13 01:07:53.537 501 DEBUG glanceclient.common.http [-] Request returned failure status 404. _handle_response /usr/lib/python3.7/site-packages/glanceclient/common/http.py:125
2020-04-13 01:07:53.539 501 DEBUG glanceclient.common.http [-] Request returned failure status 404. _handle_response /usr/lib/python3.7/site-packages/glanceclient/common/http.py:125
2020-04-13 01:07:53.541 501 DEBUG glanceclient.common.http [-] Request returned failure status 404. _handle_response /usr/lib/python3.7/site-packages/glanceclient/common/http.py:125
2020-04-13 01:07:53.542 501 DEBUG glanceclient.common.http [-] Request returned failure status 404. _handle_response /usr/lib/python3.7/site-packages/glanceclient/common/http.py:125
2020-04-13 01:07:53.567 501 DEBUG glanceclient.common.http [-] Request returned failure status 404. _handle_response /usr/lib/python3.7/site-packages/glanceclient/common/http.py:125
2020-04-13 01:07:54.570 501 INFO rally.task.context [-] Task a3d3c194-3732-4108-a53d-7e32eeb87c7c | Context cleanup@openstack cleanup() finished in 2.60 sec
2020-04-13 01:07:54.570 501 INFO rally.task.context [-] Task a3d3c194-3732-4108-a53d-7e32eeb87c7c | Context users@openstack cleanup() started
2020-04-13 01:07:54.709 501 WARNING rally.common.logging [-] `iterate_per_tenants()' is deprecated in v3.0.0: it is openstack specific.. Used at
2020-04-13 01:07:58.053 501 INFO rally.task.context [-] Task a3d3c194-3732-4108-a53d-7e32eeb87c7c | Context users@openstack cleanup() finished in 3.48 sec
2020-04-13 01:07:59.268 501 INFO rally.task.engine [-] Load duration is: 9.016217
2020-04-13 01:07:59.268 501 INFO rally.task.engine [-] Full runner duration is: 9.252869
2020-04-13 01:07:59.268 501 INFO rally.task.engine [-] Full duration is: 16.944017
2020-04-13 01:07:59.334 501 INFO rally.task.engine [-] Task a3d3c194-3732-4108-a53d-7e32eeb87c7c | Completed: Running task.
2020-04-13 01:08:01.432 1329 RALLYDEBUG rally.api [-] INFO logs from urllib3 and requests module are hide.
2020-04-13 01:08:01.432 1329 RALLYDEBUG rally.api [-] urllib3 insecure warnings are hidden.
2020-04-13 01:08:01.433 1329 RALLYDEBUG rally.api [-] ERROR log from boto module is hide.
2020-04-13 01:08:02.914 1330 RALLYDEBUG rally.api [-] INFO logs from urllib3 and requests module are hide.
2020-04-13 01:08:02.914 1330 RALLYDEBUG rally.api [-] urllib3 insecure warnings are hidden.
2020-04-13 01:08:02.914 1330 RALLYDEBUG rally.api [-] ERROR log from boto module is hide.
2020-04-13 01:08:04.398 1331 RALLYDEBUG rally.api [-] INFO logs from urllib3 and requests module are hide.
2020-04-13 01:08:04.399 1331 RALLYDEBUG rally.api [-] urllib3 insecure warnings are hidden.
2020-04-13 01:08:04.399 1331 RALLYDEBUG rally.api [-] ERROR log from boto module is hide.
2020-04-13 01:08:06.552 1331 INFO rally.api [-] Building 'json' report for the following task(s): 'a3d3c194-3732-4108-a53d-7e32eeb87c7c'.
2020-04-13 01:08:06.578 1331 INFO rally.api [-] The report has been successfully built.
2020-04-13 01:08:08.025 1333 RALLYDEBUG rally.api [-] INFO logs from urllib3 and requests module are hide.
2020-04-13 01:08:08.026 1333 RALLYDEBUG rally.api [-] urllib3 insecure warnings are hidden.
2020-04-13 01:08:08.026 1333 RALLYDEBUG rally.api [-] ERROR log from boto module is hide.
2020-04-13 01:08:10.298 1333 INFO rally.task.engine [-] Task d344b5a7-0d2e-40dc-a41f-a5fdbcfa4a22 | Starting: Task validation.
2020-04-13 01:08:10.312 1333 INFO rally.task.engine [-] Task d344b5a7-0d2e-40dc-a41f-a5fdbcfa4a22 | Starting: Task validation of syntax.
2020-04-13 01:08:10.816 1333 INFO rally.task.engine [-] Task d344b5a7-0d2e-40dc-a41f-a5fdbcfa4a22 | Completed: Task validation of syntax.
2020-04-13 01:08:10.816 1333 INFO rally.task.engine [-] Task d344b5a7-0d2e-40dc-a41f-a5fdbcfa4a22 | Starting: Task validation of required platforms.
2020-04-13 01:08:11.030 1333 INFO rally.task.engine [-] Task d344b5a7-0d2e-40dc-a41f-a5fdbcfa4a22 | Completed: Task validation of required platforms.
2020-04-13 01:08:11.031 1333 INFO rally.task.engine [-] Task d344b5a7-0d2e-40dc-a41f-a5fdbcfa4a22 | Starting: Task validation of semantic.
2020-04-13 01:08:11.031 1333 INFO rally.task.engine [-] Check health of the environment '096b3cb0-2486-4753-a504-bece56b4d587'.
2020-04-13 01:08:11.686 1333 INFO rally.task.engine [-] Platform existing@openstack (available: True): OK!
2020-04-13 01:08:11.698 1333 RALLYDEBUG rally_openstack.contexts.keystone.users [-] Creating 1 tenants using 1 threads
2020-04-13 01:08:12.029 1333 RALLYDEBUG rally_openstack.contexts.keystone.users [-] Creating 1 users using 1 threads
2020-04-13 01:08:12.630 1333 INFO rally.task.context [-] Task d344b5a7-0d2e-40dc-a41f-a5fdbcfa4a22 | Context users@openstack setup() finished in 0.93 sec
2020-04-13 01:08:16.975 1333 INFO rally.task.context [-] Task d344b5a7-0d2e-40dc-a41f-a5fdbcfa4a22 | Context users@openstack cleanup() started
2020-04-13 01:08:17.113 1333 WARNING rally.common.logging [-] `iterate_per_tenants()' is deprecated in v3.0.0: it is openstack specific.. Used at
2020-04-13 01:08:18.163 1333 INFO rally.task.context [-] Task d344b5a7-0d2e-40dc-a41f-a5fdbcfa4a22 | Context users@openstack cleanup() finished in 1.19 sec
2020-04-13 01:08:18.163 1333 INFO rally.task.engine [-] Task d344b5a7-0d2e-40dc-a41f-a5fdbcfa4a22 | Completed: Task validation of semantic.
2020-04-13 01:08:18.164 1333 INFO rally.task.engine [-] Task d344b5a7-0d2e-40dc-a41f-a5fdbcfa4a22 | Completed: Task validation.
2020-04-13 01:08:18.164 1333 INFO rally.api [-] Task d344b5a7-0d2e-40dc-a41f-a5fdbcfa4a22 input file is valid.
2020-04-13 01:08:18.165 1333 INFO rally.api [-] Run Task d344b5a7-0d2e-40dc-a41f-a5fdbcfa4a22 against Deployment 096b3cb0-2486-4753-a504-bece56b4d587
2020-04-13 01:08:18.165 1333 INFO rally.task.engine [-] Task d344b5a7-0d2e-40dc-a41f-a5fdbcfa4a22 | Starting: Running task.
2020-04-13 01:08:18.220 1333 INFO rally.task.engine [-] Running workload: position = 0 config = { "version": 2, "title": "A cropped version of a bigger task.", "description": "Auto-generated task from a single workload (uuid=8ac3231e-8be6-4820-b5f2-68f64a362c26)", "subtasks": [ { "title": "CinderVolumes.create_and_attach_volume", "description": "Create a VM and attach a volume to it.", "scenario": { "CinderVolumes.create_and_attach_volume": { "flavor": { "name": "rally_full-flavor_3c7bba65-cc43-4506-b198-47a10679b894" }, "image": { "name": "rally_full-img_3c7bba65-cc43-4506-b198-47a10679b894" }, "size": 1, "nics": [ { "net-id": "f511ef3b-576a-4496-a8c5-9294ddbf9583" } ] } }, "contexts": { "users": { "tenants": 3, "users_per_tenant": 2 }, "quotas": { "cinder": { "gigabytes": -1, "snapshots": -1, "volumes": -1 } }, "api_versions": { "cinder": { "version": 3, "service_type": "volumev3" } } }, "runner": { "constant": { "concurrency": 4, "times": 10 } }, "hooks": [], "sla": { "failure_rate": { "max": 0 } } } ] }
2020-04-13 01:08:18.239 1333 RALLYDEBUG rally_openstack.contexts.keystone.users [-] Creating 3 tenants using 3 threads
2020-04-13 01:08:18.846 1333 RALLYDEBUG rally_openstack.contexts.keystone.users [-] Creating 6 users using 6 threads
2020-04-13 01:08:19.869 1333 INFO rally.task.context [-] Task d344b5a7-0d2e-40dc-a41f-a5fdbcfa4a22 | Context users@openstack setup() finished in 1.63 sec
2020-04-13 01:08:20.008 1333 INFO rally.task.context [-] Task d344b5a7-0d2e-40dc-a41f-a5fdbcfa4a22 | Context api_versions@openstack setup() finished in 0.14 sec
2020-04-13 01:08:20.691 1333 INFO rally.task.context [-] Task d344b5a7-0d2e-40dc-a41f-a5fdbcfa4a22 | Context quotas@openstack setup() finished in 0.68 sec
2020-04-13 01:08:20.692 1333 INFO rally.task.context [-] Task d344b5a7-0d2e-40dc-a41f-a5fdbcfa4a22 | Context cleanup@openstack setup() finished in 0.00 msec
2020-04-13 01:08:21.305 1333 RALLYDEBUG rally.task.runner [-] Starting the constant runner (task UUID: d344b5a7-0d2e-40dc-a41f-a5fdbcfa4a22). times: 10 concurrency: 4 timeout: 0 max_cpu_used: 88 processes_to_start: 4 concurrency_per_worker: 1 concurrency_overhead: 0
2020-04-13 01:08:21.323 1388 RALLYDEBUG rally.task.runner [-] Starting a worker. times: 10 duration: None concurrency: 1 timeout: 0 cls: method_name: run args: {"flavor": "16715136-d9c0-4d22-9bc8-65b99286c5e3", "image": "5e90f54d-1298-498d-a24a-b50a08500c89", "size": 1, "nics": [{"net-id": "f511ef3b-576a-4496-a8c5-9294ddbf9583"}]}
2020-04-13 01:08:21.326 1389 RALLYDEBUG rally.task.runner [-] Starting a worker. times: 10 duration: None concurrency: 1 timeout: 0 cls: method_name: run args: {"flavor": "16715136-d9c0-4d22-9bc8-65b99286c5e3", "image": "5e90f54d-1298-498d-a24a-b50a08500c89", "size": 1, "nics": [{"net-id": "f511ef3b-576a-4496-a8c5-9294ddbf9583"}]}
2020-04-13 01:08:21.329 1390 RALLYDEBUG rally.task.runner [-] Starting a worker. times: 10 duration: None concurrency: 1 timeout: 0 cls: method_name: run args: {"flavor": "16715136-d9c0-4d22-9bc8-65b99286c5e3", "image": "5e90f54d-1298-498d-a24a-b50a08500c89", "size": 1, "nics": [{"net-id": "f511ef3b-576a-4496-a8c5-9294ddbf9583"}]}
2020-04-13 01:08:21.332 1388 INFO rally.task.runner [-] Task d344b5a7-0d2e-40dc-a41f-a5fdbcfa4a22 | ITER: 1 START
2020-04-13 01:08:21.331 1391 RALLYDEBUG rally.task.runner [-] Starting a worker. times: 10 duration: None concurrency: 1 timeout: 0 cls: method_name: run args: {"flavor": "16715136-d9c0-4d22-9bc8-65b99286c5e3", "image": "5e90f54d-1298-498d-a24a-b50a08500c89", "size": 1, "nics": [{"net-id": "f511ef3b-576a-4496-a8c5-9294ddbf9583"}]}
2020-04-13 01:08:21.334 1389 INFO rally.task.runner [-] Task d344b5a7-0d2e-40dc-a41f-a5fdbcfa4a22 | ITER: 2 START
2020-04-13 01:08:21.337 1390 INFO rally.task.runner [-] Task d344b5a7-0d2e-40dc-a41f-a5fdbcfa4a22 | ITER: 3 START
2020-04-13 01:08:21.340 1391 INFO rally.task.runner [-] Task d344b5a7-0d2e-40dc-a41f-a5fdbcfa4a22 | ITER: 4 START
2020-04-13 01:09:32.127 1391 RALLYDEBUG rally.task.utils [-] Waiting for resource s_rally_8ac3231e_izT91aQm. Status changed: BUILD => ACTIVE in 68.5672779083252
2020-04-13 01:09:34.352 1388 RALLYDEBUG rally.task.utils [-] Waiting for resource s_rally_8ac3231e_wZ5sOLes. Status changed: BUILD => ACTIVE in 70.65094375610352
2020-04-13 01:09:35.393 1391 RALLYDEBUG rally.task.utils [-] Waiting for resource s_rally_8ac3231e_DoXEgRVP. Status changed: AVAILABLE => RESERVED in 0.3239161968231201
2020-04-13 01:09:37.492 1388 RALLYDEBUG rally.task.utils [-] Waiting for resource s_rally_8ac3231e_ZlGnG6am. Status changed: AVAILABLE => RESERVED in 0.19732666015625
2020-04-13 01:09:37.590 1391 RALLYDEBUG rally.task.utils [-] Waiting for resource s_rally_8ac3231e_DoXEgRVP. Status changed: RESERVED => IN-USE in 2.1981003284454346
2020-04-13 01:09:38.046 1391 RALLYDEBUG rally.task.utils [-] Waiting for resource s_rally_8ac3231e_DoXEgRVP. Status changed: AVAILABLE => DETACHING in 0.2144606113433838
2020-04-13 01:09:38.483 1390 RALLYDEBUG rally.task.utils [-] Waiting for resource s_rally_8ac3231e_YD8Z1fHb. Status changed: BUILD => ACTIVE in 74.40085411071777
2020-04-13 01:09:39.702 1388 RALLYDEBUG rally.task.utils [-] Waiting for resource s_rally_8ac3231e_ZlGnG6am. Status changed: RESERVED => IN-USE in 2.2102999687194824
2020-04-13 01:09:40.187 1388 RALLYDEBUG rally.task.utils [-] Waiting for resource s_rally_8ac3231e_ZlGnG6am. Status changed: AVAILABLE => DETACHING in 0.24229717254638672
2020-04-13 01:09:40.253 1391 RALLYDEBUG rally.task.utils [-] Waiting for resource s_rally_8ac3231e_DoXEgRVP. Status changed: DETACHING => AVAILABLE in 2.206559896469116
2020-04-13 01:09:40.413 1391 RALLYDEBUG rally.task.utils [-] Waiting for resource s_rally_8ac3231e_DoXEgRVP. Status changed: AVAILABLE => DELETING in 0.07732534408569336
2020-04-13 01:09:41.624 1390 RALLYDEBUG rally.task.utils [-] Waiting for resource s_rally_8ac3231e_xNJTOdga. Status changed: AVAILABLE => RESERVED in 0.20166993141174316
2020-04-13 01:09:42.380 1388 RALLYDEBUG rally.task.utils [-] Waiting for resource s_rally_8ac3231e_ZlGnG6am. Status changed: DETACHING => AVAILABLE in 2.19277024269104
2020-04-13 01:09:42.534 1388 RALLYDEBUG rally.task.utils [-] Waiting for resource s_rally_8ac3231e_ZlGnG6am. Status changed: AVAILABLE => DELETING in 0.07569479942321777
2020-04-13 01:09:43.794 1389 RALLYDEBUG rally.task.utils [-] Waiting for resource s_rally_8ac3231e_U6pBtQmw. Status changed: BUILD => ACTIVE in 79.67497873306274
2020-04-13 01:09:43.856 1390 RALLYDEBUG rally.task.utils [-] Waiting for resource s_rally_8ac3231e_xNJTOdga. Status changed: RESERVED => IN-USE in 2.2317678928375244
2020-04-13 01:09:44.330 1390 RALLYDEBUG rally.task.utils [-] Waiting for resource s_rally_8ac3231e_xNJTOdga. Status changed: AVAILABLE => DETACHING in 0.18591856956481934
2020-04-13 01:09:45.286 1391 INFO rally.task.runner [-] Task d344b5a7-0d2e-40dc-a41f-a5fdbcfa4a22 | ITER: 4 END: OK
2020-04-13 01:09:45.293 1391 INFO rally.task.runner [-] Task d344b5a7-0d2e-40dc-a41f-a5fdbcfa4a22 | ITER: 5 START
2020-04-13 01:09:46.569 1390 RALLYDEBUG rally.task.utils [-] Waiting for resource s_rally_8ac3231e_xNJTOdga. Status changed: DETACHING => AVAILABLE in 2.2389020919799805
2020-04-13 01:09:46.729 1390 RALLYDEBUG rally.task.utils [-] Waiting for resource s_rally_8ac3231e_xNJTOdga. Status changed: AVAILABLE => DELETING in 0.07339930534362793
2020-04-13 01:09:46.920 1389 RALLYDEBUG rally.task.utils [-] Waiting for resource s_rally_8ac3231e_KFcFZrr2. Status changed: AVAILABLE => RESERVED in 0.20417046546936035
2020-04-13 01:09:49.101 1389 RALLYDEBUG rally.task.utils [-] Waiting for resource s_rally_8ac3231e_KFcFZrr2. Status changed: RESERVED => IN-USE in 2.181436061859131
2020-04-13 01:09:49.528 1389 RALLYDEBUG rally.task.utils [-] Waiting for resource s_rally_8ac3231e_KFcFZrr2. Status changed: AVAILABLE => DETACHING in 0.18645977973937988
2020-04-13 01:09:49.797 1388 INFO rally.task.runner [-] Task d344b5a7-0d2e-40dc-a41f-a5fdbcfa4a22 | ITER: 1 END: OK
2020-04-13 01:09:49.802 1388 INFO rally.task.runner [-] Task d344b5a7-0d2e-40dc-a41f-a5fdbcfa4a22 | ITER: 6 START
2020-04-13 01:09:51.702 1389 RALLYDEBUG rally.task.utils [-] Waiting for resource s_rally_8ac3231e_KFcFZrr2. Status changed: DETACHING => AVAILABLE in 2.174631118774414
2020-04-13 01:09:51.850 1389 RALLYDEBUG rally.task.utils [-] Waiting for resource s_rally_8ac3231e_KFcFZrr2. Status changed: AVAILABLE => DELETING in 0.06476402282714844
2020-04-13 01:09:53.398 1390 INFO rally.task.runner [-] Task d344b5a7-0d2e-40dc-a41f-a5fdbcfa4a22 | ITER: 3 END: OK
2020-04-13 01:09:53.403 1390 INFO rally.task.runner [-] Task d344b5a7-0d2e-40dc-a41f-a5fdbcfa4a22 | ITER: 7 START
2020-04-13 01:09:56.440 1389 INFO rally.task.runner [-] Task d344b5a7-0d2e-40dc-a41f-a5fdbcfa4a22 | ITER: 2 END: OK
2020-04-13 01:09:56.444 1389 INFO rally.task.runner [-] Task d344b5a7-0d2e-40dc-a41f-a5fdbcfa4a22 | ITER: 8 START
2020-04-13 01:09:58.276 1391 RALLYDEBUG rally.task.utils [-] Waiting for resource s_rally_8ac3231e_Rr6QOTSZ. Status changed: BUILD => ACTIVE in 9.942371129989624
2020-04-13 01:09:59.832 1388 RALLYDEBUG rally.task.utils [-] Waiting for resource s_rally_8ac3231e_vqG7MnGG. Status changed: BUILD => ACTIVE in 7.261674404144287
2020-04-13 01:10:01.533 1391 RALLYDEBUG rally.task.utils [-] Waiting for resource s_rally_8ac3231e_uSnMnQyJ. Status changed: AVAILABLE => RESERVED in 0.20338726043701172
2020-04-13 01:10:02.940 1388 RALLYDEBUG rally.task.utils [-] Waiting for resource s_rally_8ac3231e_4iDpda3M. Status changed: AVAILABLE => RESERVED in 0.21085643768310547
2020-04-13 01:10:03.727 1391 RALLYDEBUG rally.task.utils [-] Waiting for resource s_rally_8ac3231e_uSnMnQyJ. Status changed: RESERVED => IN-USE in 2.193524122238159
2020-04-13 01:10:03.996 1390 RALLYDEBUG rally.task.utils [-] Waiting for resource s_rally_8ac3231e_HcAfiCTa. Status changed: BUILD => ACTIVE in 7.163974285125732
2020-04-13 01:10:04.338 1391 RALLYDEBUG rally.task.utils [-] Waiting for resource s_rally_8ac3231e_uSnMnQyJ. Status changed: AVAILABLE => DETACHING in 0.22539710998535156
2020-04-13 01:10:05.145 1388 RALLYDEBUG rally.task.utils [-] Waiting for resource s_rally_8ac3231e_4iDpda3M. Status changed: RESERVED => IN-USE in 2.204925060272217
2020-04-13 01:10:05.596 1388 RALLYDEBUG rally.task.utils [-] Waiting for resource s_rally_8ac3231e_4iDpda3M. Status changed: AVAILABLE => DETACHING in 0.2239363193511963
2020-04-13 01:10:05.859 1389 RALLYDEBUG rally.task.utils [-] Waiting for resource s_rally_8ac3231e_ecPlc2Xf. Status changed: BUILD => ACTIVE in 7.5151047706604
2020-04-13 01:10:06.542 1391 RALLYDEBUG rally.task.utils [-] Waiting for resource s_rally_8ac3231e_uSnMnQyJ. Status changed: DETACHING => AVAILABLE in 2.2034549713134766
2020-04-13 01:10:06.701 1391 RALLYDEBUG rally.task.utils [-] Waiting for resource s_rally_8ac3231e_uSnMnQyJ. Status changed: AVAILABLE => DELETING in 0.07398676872253418
2020-04-13 01:10:07.088 1390 RALLYDEBUG rally.task.utils [-] Waiting for resource s_rally_8ac3231e_OgHyJIdg. Status changed: AVAILABLE => RESERVED in 0.20941853523254395
2020-04-13 01:10:07.798 1388 RALLYDEBUG rally.task.utils [-] Waiting for resource s_rally_8ac3231e_4iDpda3M. Status changed: DETACHING => AVAILABLE in 2.2014970779418945
2020-04-13 01:10:07.966 1388 RALLYDEBUG rally.task.utils [-] Waiting for resource s_rally_8ac3231e_4iDpda3M. Status changed: AVAILABLE => DELETING in 0.09298992156982422
2020-04-13 01:10:08.886 1389 RALLYDEBUG rally.task.utils [-] Waiting for resource s_rally_8ac3231e_TS7Yv1RD. Status changed: AVAILABLE => RESERVED in 0.1836707592010498
2020-04-13 01:10:09.263 1390 RALLYDEBUG rally.task.utils [-] Waiting for resource s_rally_8ac3231e_OgHyJIdg. Status changed: RESERVED => IN-USE in 2.175204277038574
2020-04-13 01:10:09.693 1390 RALLYDEBUG rally.task.utils [-] Waiting for resource s_rally_8ac3231e_OgHyJIdg. Status changed: AVAILABLE => DETACHING in 0.20058488845825195
2020-04-13 01:10:11.089 1389 RALLYDEBUG rally.task.utils [-] Waiting for resource s_rally_8ac3231e_TS7Yv1RD. Status changed: RESERVED => IN-USE in 2.202645778656006
2020-04-13 01:10:11.559 1389 RALLYDEBUG rally.task.utils [-] Waiting for resource s_rally_8ac3231e_TS7Yv1RD. Status changed: AVAILABLE => DETACHING in 0.22353863716125488
2020-04-13 01:10:11.913 1390 RALLYDEBUG rally.task.utils [-] Waiting for resource s_rally_8ac3231e_OgHyJIdg. Status changed: DETACHING => AVAILABLE in 2.220093011856079
2020-04-13 01:10:12.058 1390 RALLYDEBUG rally.task.utils [-] Waiting for resource s_rally_8ac3231e_OgHyJIdg. Status changed: AVAILABLE => DELETING in 0.07080221176147461
2020-04-13 01:10:13.318 1388 INFO rally.task.runner [-] Task d344b5a7-0d2e-40dc-a41f-a5fdbcfa4a22 | ITER: 6 END: OK
2020-04-13 01:10:13.324 1388 INFO rally.task.runner [-] Task d344b5a7-0d2e-40dc-a41f-a5fdbcfa4a22 | ITER: 9 START
2020-04-13 01:10:13.360 1391 INFO rally.task.runner [-] Task d344b5a7-0d2e-40dc-a41f-a5fdbcfa4a22 | ITER: 5 END: OK
2020-04-13 01:10:13.365 1391 INFO rally.task.runner [-] Task d344b5a7-0d2e-40dc-a41f-a5fdbcfa4a22 | ITER: 10 START
2020-04-13 01:10:13.763 1389 RALLYDEBUG rally.task.utils [-] Waiting for resource s_rally_8ac3231e_TS7Yv1RD. Status changed: DETACHING => AVAILABLE in 2.2043709754943848
2020-04-13 01:10:13.912 1389 RALLYDEBUG rally.task.utils [-] Waiting for resource s_rally_8ac3231e_TS7Yv1RD. Status changed: AVAILABLE => DELETING in 0.07880020141601562
2020-04-13 01:10:17.124 1390 INFO rally.task.runner [-] Task d344b5a7-0d2e-40dc-a41f-a5fdbcfa4a22 | ITER: 7 END: OK
2020-04-13 01:10:20.560 1389 INFO rally.task.runner [-] Task d344b5a7-0d2e-40dc-a41f-a5fdbcfa4a22 | ITER: 8 END: OK
2020-04-13 01:10:22.666 1391 RALLYDEBUG rally.task.utils [-] Waiting for resource s_rally_8ac3231e_EIfuQjwn. Status changed: BUILD => ACTIVE in 6.778817892074585
2020-04-13 01:10:24.564 1388 RALLYDEBUG rally.task.utils [-] Waiting for resource s_rally_8ac3231e_3fSgM2R6. Status changed: BUILD => ACTIVE in 9.243857622146606
2020-04-13 01:10:25.776 1391 RALLYDEBUG rally.task.utils [-] Waiting for resource s_rally_8ac3231e_aNiMaEPH. Status changed: AVAILABLE => RESERVED in 0.3039424419403076
2020-04-13 01:10:27.730 1388 RALLYDEBUG rally.task.utils [-] Waiting for resource s_rally_8ac3231e_THj2Clmz. Status changed: AVAILABLE => RESERVED in 0.24946808815002441
2020-04-13 01:10:27.975 1391 RALLYDEBUG rally.task.utils [-] Waiting for resource s_rally_8ac3231e_aNiMaEPH. Status changed: RESERVED => IN-USE in 2.199110507965088
2020-04-13 01:10:28.395 1391 RALLYDEBUG rally.task.utils [-] Waiting for resource s_rally_8ac3231e_aNiMaEPH. Status changed: AVAILABLE => DETACHING in 0.18723201751708984
2020-04-13 01:10:29.940 1388 RALLYDEBUG rally.task.utils [-] Waiting for resource s_rally_8ac3231e_THj2Clmz. Status changed: RESERVED => IN-USE in 2.2095227241516113
2020-04-13 01:10:30.355 1388 RALLYDEBUG rally.task.utils [-] Waiting for resource s_rally_8ac3231e_THj2Clmz. Status changed: AVAILABLE => DETACHING in 0.1920604705810547
2020-04-13 01:10:30.572 1391 RALLYDEBUG rally.task.utils [-] Waiting for resource s_rally_8ac3231e_aNiMaEPH. Status changed: DETACHING => AVAILABLE in 2.176823854446411
2020-04-13 01:10:30.700 1391 RALLYDEBUG rally.task.utils [-] Waiting for resource s_rally_8ac3231e_aNiMaEPH. Status changed: AVAILABLE => DELETING in 0.0643606185913086
2020-04-13 01:10:32.565 1388 RALLYDEBUG rally.task.utils [-] Waiting for resource s_rally_8ac3231e_THj2Clmz. Status changed: DETACHING => AVAILABLE in 2.209615468978882
2020-04-13 01:10:32.702 1388 RALLYDEBUG rally.task.utils [-] Waiting for resource s_rally_8ac3231e_THj2Clmz. Status changed: AVAILABLE => DELETING in 0.06675243377685547
2020-04-13 01:10:37.787 1388 INFO rally.task.runner [-] Task d344b5a7-0d2e-40dc-a41f-a5fdbcfa4a22 | ITER: 9 END: OK
2020-04-13 01:10:39.785 1391 INFO rally.task.runner [-] Task d344b5a7-0d2e-40dc-a41f-a5fdbcfa4a22 | ITER: 10 END: OK
2020-04-13 01:10:39.808 1333 INFO rally.task.context [-] Task d344b5a7-0d2e-40dc-a41f-a5fdbcfa4a22 | Context cleanup@openstack cleanup() started
2020-04-13 01:10:39.816 1333 RALLYDEBUG rally_openstack.cleanup.manager [-] Cleaning up nova servers objects
2020-04-13 01:10:40.657 1333 RALLYDEBUG rally_openstack.cleanup.manager [-] Cleaning up nova server_groups objects
2020-04-13 01:10:41.157 1333 RALLYDEBUG rally_openstack.cleanup.manager [-] Cleaning up nova keypairs objects
2020-04-13 01:10:42.201 1333 RALLYDEBUG rally_openstack.cleanup.manager [-] Cleaning up cinder backups objects
2020-04-13 01:10:42.683 1333 RALLYDEBUG rally_openstack.cleanup.manager [-] Cleaning up cinder volume_snapshots objects
2020-04-13 01:10:43.118 1333 RALLYDEBUG rally_openstack.cleanup.manager [-] Cleaning up cinder transfers objects
2020-04-13 01:10:43.541 1333 RALLYDEBUG rally_openstack.cleanup.manager [-] Cleaning up cinder volumes objects
2020-04-13 01:10:44.080 1333 INFO rally.task.context [-] Task d344b5a7-0d2e-40dc-a41f-a5fdbcfa4a22 | Context cleanup@openstack cleanup() finished in 4.27 sec
2020-04-13 01:10:44.080 1333 INFO rally.task.context [-] Task d344b5a7-0d2e-40dc-a41f-a5fdbcfa4a22 | Context quotas@openstack cleanup() started
2020-04-13 01:10:44.160 1333 INFO rally.task.context [-] Task d344b5a7-0d2e-40dc-a41f-a5fdbcfa4a22 | Context quotas@openstack cleanup() finished in 80.38 msec
2020-04-13 01:10:44.161 1333 INFO rally.task.context [-] Task d344b5a7-0d2e-40dc-a41f-a5fdbcfa4a22 | Context api_versions@openstack cleanup() started
2020-04-13 01:10:44.161 1333 INFO rally.task.context [-] Task d344b5a7-0d2e-40dc-a41f-a5fdbcfa4a22 | Context api_versions@openstack cleanup() finished in 0.22 msec
2020-04-13 01:10:44.161 1333 INFO rally.task.context [-] Task d344b5a7-0d2e-40dc-a41f-a5fdbcfa4a22 | Context users@openstack cleanup() started
2020-04-13 01:10:44.362 1333 WARNING rally.common.logging [-] `iterate_per_tenants()' is deprecated in v3.0.0: it is openstack specific.. Used at
2020-04-13 01:10:48.222 1333 INFO rally.task.context [-] Task d344b5a7-0d2e-40dc-a41f-a5fdbcfa4a22 | Context users@openstack cleanup() finished in 4.06 sec
2020-04-13 01:10:48.894 1333 INFO rally.task.engine [-] Load duration is: 137.448439
2020-04-13 01:10:48.894 1333 INFO rally.task.engine [-] Full runner duration is: 138.503381
2020-04-13 01:10:48.894 1333 INFO rally.task.engine [-] Full duration is: 149.984774
2020-04-13 01:10:49.012 1333 INFO rally.task.engine [-] Running workload: position = 0 config = { "version": 2, "title": "A cropped version of a bigger task.", "description": "Auto-generated task from a single workload (uuid=ccccad73-a3c8-47fc-815a-d1a56d097b6d)", "subtasks": [ { "title": "CinderVolumes.create_and_list_snapshots", "description": "Create and then list a volume-snapshot.", "scenario": { "CinderVolumes.create_and_list_snapshots": { "detailed": true, "force": false } }, "contexts": { "users": { "tenants": 3, "users_per_tenant": 2 }, "quotas": { "cinder": { "gigabytes": -1, "snapshots": -1, "volumes": -1 } }, "api_versions": { "cinder": { "version": 3, "service_type": "volumev3" } }, "volumes": { "size": 1, "volumes_per_tenant": 1 } }, "runner": { "constant": { "concurrency": 4, "times": 10 } }, "hooks": [], "sla": { "failure_rate": { "max": 0 } } } ] }
2020-04-13 01:10:49.037 1333 RALLYDEBUG rally_openstack.contexts.keystone.users [-] Creating 3 tenants using 3 threads
2020-04-13 01:10:49.566 1333 RALLYDEBUG rally_openstack.contexts.keystone.users [-] Creating 6 users using 6 threads
2020-04-13 01:10:50.501 1333 INFO rally.task.context [-] Task d344b5a7-0d2e-40dc-a41f-a5fdbcfa4a22 | Context users@openstack setup() finished in 1.46 sec
2020-04-13 01:10:50.743 1333 INFO rally.task.context [-] Task d344b5a7-0d2e-40dc-a41f-a5fdbcfa4a22 | Context api_versions@openstack setup() finished in 0.24 sec
2020-04-13 01:10:51.329 1333 INFO rally.task.context [-] Task d344b5a7-0d2e-40dc-a41f-a5fdbcfa4a22 | Context quotas@openstack setup() finished in 0.59 sec
2020-04-13 01:10:51.331 1333 WARNING rally.common.logging [-] `iterate_per_tenants()' is deprecated in v3.0.0: it is openstack specific.. Used at
2020-04-13 01:10:59.354 1333 INFO rally.task.context [-] Task d344b5a7-0d2e-40dc-a41f-a5fdbcfa4a22 | Context volumes@openstack setup() finished in 8.02 sec
2020-04-13 01:10:59.354 1333 INFO rally.task.context [-] Task d344b5a7-0d2e-40dc-a41f-a5fdbcfa4a22 | Context cleanup@openstack setup() finished in 0.01 msec
2020-04-13 01:10:59.364 1333 RALLYDEBUG rally.task.runner [-] Starting the constant runner (task UUID: d344b5a7-0d2e-40dc-a41f-a5fdbcfa4a22). times: 10 concurrency: 4 timeout: 0 max_cpu_used: 88 processes_to_start: 4 concurrency_per_worker: 1 concurrency_overhead: 0
2020-04-13 01:10:59.375 1601 RALLYDEBUG rally.task.runner [-] Starting a worker. times: 10 duration: None concurrency: 1 timeout: 0 cls: method_name: run args: {"detailed": true, "force": false}
2020-04-13 01:10:59.377 1602 RALLYDEBUG rally.task.runner [-] Starting a worker. times: 10 duration: None concurrency: 1 timeout: 0 cls: method_name: run args: {"detailed": true, "force": false}
2020-04-13 01:10:59.380 1603 RALLYDEBUG rally.task.runner [-] Starting a worker. times: 10 duration: None concurrency: 1 timeout: 0 cls: method_name: run args: {"detailed": true, "force": false}
2020-04-13 01:10:59.383 1601 INFO rally.task.runner [-] Task d344b5a7-0d2e-40dc-a41f-a5fdbcfa4a22 | ITER: 1 START
2020-04-13 01:10:59.382 1604 RALLYDEBUG rally.task.runner [-] Starting a worker. times: 10 duration: None concurrency: 1 timeout: 0 cls: method_name: run args: {"detailed": true, "force": false}
2020-04-13 01:10:59.384 1602 INFO rally.task.runner [-] Task d344b5a7-0d2e-40dc-a41f-a5fdbcfa4a22 | ITER: 2 START
2020-04-13 01:10:59.388 1603 INFO rally.task.runner [-] Task d344b5a7-0d2e-40dc-a41f-a5fdbcfa4a22 | ITER: 3 START
2020-04-13 01:10:59.391 1604 INFO rally.task.runner [-] Task d344b5a7-0d2e-40dc-a41f-a5fdbcfa4a22 | ITER: 4 START
2020-04-13 01:11:01.800 1604 INFO rally.task.runner [-] Task d344b5a7-0d2e-40dc-a41f-a5fdbcfa4a22 | ITER: 4 END: OK
2020-04-13 01:11:01.805 1604 INFO rally.task.runner [-] Task d344b5a7-0d2e-40dc-a41f-a5fdbcfa4a22 | ITER: 5 START
2020-04-13 01:11:01.821 1602 INFO rally.task.runner [-] Task d344b5a7-0d2e-40dc-a41f-a5fdbcfa4a22 | ITER: 2 END: OK
2020-04-13 01:11:01.826 1602 INFO rally.task.runner [-] Task d344b5a7-0d2e-40dc-a41f-a5fdbcfa4a22 | ITER: 6 START
2020-04-13 01:11:01.831 1603 INFO rally.task.runner [-] Task d344b5a7-0d2e-40dc-a41f-a5fdbcfa4a22 | ITER: 3 END: OK
2020-04-13 01:11:01.836 1603 INFO rally.task.runner [-] Task d344b5a7-0d2e-40dc-a41f-a5fdbcfa4a22 | ITER: 7 START
2020-04-13 01:11:01.969 1601 INFO rally.task.runner [-] Task d344b5a7-0d2e-40dc-a41f-a5fdbcfa4a22 | ITER: 1 END: OK
2020-04-13 01:11:01.975 1601 INFO rally.task.runner [-] Task d344b5a7-0d2e-40dc-a41f-a5fdbcfa4a22 | ITER: 8 START
2020-04-13 01:11:04.222 1604 INFO rally.task.runner [-] Task d344b5a7-0d2e-40dc-a41f-a5fdbcfa4a22 | ITER: 5 END: OK
2020-04-13 01:11:04.228 1604 INFO rally.task.runner [-] Task d344b5a7-0d2e-40dc-a41f-a5fdbcfa4a22 | ITER: 9 START
2020-04-13 01:11:04.367 1602 INFO rally.task.runner [-] Task d344b5a7-0d2e-40dc-a41f-a5fdbcfa4a22 | ITER: 6 END: OK
2020-04-13 01:11:04.371 1602 INFO rally.task.runner [-] Task d344b5a7-0d2e-40dc-a41f-a5fdbcfa4a22 | ITER: 10 START
2020-04-13 01:11:04.401 1603 INFO rally.task.runner [-] Task d344b5a7-0d2e-40dc-a41f-a5fdbcfa4a22 | ITER: 7 END: OK
2020-04-13 01:11:04.425 1601 INFO rally.task.runner [-] Task d344b5a7-0d2e-40dc-a41f-a5fdbcfa4a22 | ITER: 8 END: OK
2020-04-13 01:11:06.670 1604 INFO rally.task.runner [-] Task d344b5a7-0d2e-40dc-a41f-a5fdbcfa4a22 | ITER: 9 END: OK
2020-04-13 01:11:06.820 1602 INFO rally.task.runner [-] Task d344b5a7-0d2e-40dc-a41f-a5fdbcfa4a22 | ITER: 10 END: OK
2020-04-13 01:11:06.846 1333 INFO rally.task.context [-] Task d344b5a7-0d2e-40dc-a41f-a5fdbcfa4a22 | Context cleanup@openstack cleanup() started
2020-04-13 01:11:06.850 1333 RALLYDEBUG rally_openstack.cleanup.manager [-] Cleaning up cinder backups objects
2020-04-13 01:11:07.325 1333 RALLYDEBUG rally_openstack.cleanup.manager [-] Cleaning up cinder volume_snapshots objects
2020-04-13 01:11:07.777 1333 RALLYDEBUG rally_openstack.cleanup.manager [-] Deleting cinder.volume_snapshots object s_rally_ccccad73_JC8CTsd6 (da51c2b0-4515-4bb4-921d-1bd52ad2d4be)
2020-04-13 01:11:07.782 1333 RALLYDEBUG rally_openstack.cleanup.manager [-] Deleting cinder.volume_snapshots object s_rally_ccccad73_JUP5qgla (a5151494-d8e5-4615-a910-22dd1a43c2e4)
2020-04-13 01:11:07.794 1333 RALLYDEBUG rally_openstack.cleanup.manager [-] Deleting cinder.volume_snapshots object s_rally_ccccad73_g7ofeBvT (0206d684-2f4b-47aa-836e-56b11d9d610e)
2020-04-13 01:11:07.804 1333 RALLYDEBUG rally_openstack.cleanup.manager [-] Deleting cinder.volume_snapshots object s_rally_ccccad73_zgQYkSkn (e947c45e-0609-45bd-835f-4b57553734fc)
2020-04-13 01:11:07.823 1333 RALLYDEBUG rally_openstack.cleanup.manager [-] Deleting cinder.volume_snapshots object s_rally_ccccad73_TxtHxRml (b830d94c-4a57-45aa-84c6-443311de0f1f)
2020-04-13 01:11:07.836 1333 RALLYDEBUG rally_openstack.cleanup.manager [-] Deleting cinder.volume_snapshots object s_rally_ccccad73_V0FFLJrT (c41e0a86-5895-4c82-938b-fc4a835f830b)
2020-04-13 01:11:07.845 1333 RALLYDEBUG rally_openstack.cleanup.manager [-] Deleting cinder.volume_snapshots object s_rally_ccccad73_dwbUvjv6 (451b2316-86c4-429d-aeef-220258848b22)
2020-04-13 01:11:07.818 1333 RALLYDEBUG rally_openstack.cleanup.manager [-] Deleting cinder.volume_snapshots object s_rally_ccccad73_FIgOAKna (420c7a12-f67d-4a3d-96d1-4f1ba4a2ecfe)
2020-04-13 01:11:07.872 1333 RALLYDEBUG rally_openstack.cleanup.manager [-] Deleting cinder.volume_snapshots object s_rally_ccccad73_iqA8aZZT (c95421e1-ee48-402f-b0f3-190718e2c8af)
2020-04-13 01:11:07.905 1333 RALLYDEBUG rally_openstack.cleanup.manager [-] Deleting cinder.volume_snapshots object s_rally_ccccad73_xTTGSOUg (431a3688-3329-4486-a7fb-717fb34278f8)
2020-04-13 01:11:11.408 1333 RALLYDEBUG rally_openstack.cleanup.manager [-] Cleaning up cinder transfers objects
2020-04-13 01:11:11.870 1333 RALLYDEBUG rally_openstack.cleanup.manager [-] Cleaning up cinder volumes objects
2020-04-13 01:11:12.469 1333 INFO rally.task.context [-] Task d344b5a7-0d2e-40dc-a41f-a5fdbcfa4a22 | Context cleanup@openstack cleanup() finished in 5.62 sec
2020-04-13 01:11:12.470 1333 INFO rally.task.context [-] Task d344b5a7-0d2e-40dc-a41f-a5fdbcfa4a22 | Context volumes@openstack cleanup() started
2020-04-13 01:11:12.472 1333 RALLYDEBUG rally_openstack.cleanup.manager [-] Cleaning up cinder volumes objects
2020-04-13 01:11:13.028 1333 RALLYDEBUG rally_openstack.cleanup.manager [-] Deleting cinder.volumes object c_rally_ccccad73_mcWMbxK7 (1c72b2b0-4e0a-4cd6-83db-a12d19dbd54a)
2020-04-13 01:11:13.031 1333 RALLYDEBUG rally_openstack.cleanup.manager [-] Deleting cinder.volumes object c_rally_ccccad73_hhy9b7my (705d2726-a2c2-49d5-b260-ba43e5004a6c)
2020-04-13 01:11:13.043 1333 RALLYDEBUG rally_openstack.cleanup.manager [-] Deleting cinder.volumes object c_rally_ccccad73_ghDw5YiS (60226b09-7aa5-417f-a99f-263182741455)
2020-04-13 01:11:15.600 1333 INFO rally.task.context [-] Task d344b5a7-0d2e-40dc-a41f-a5fdbcfa4a22 | Context volumes@openstack cleanup() finished in 3.13 sec
2020-04-13 01:11:15.601 1333 INFO rally.task.context [-] Task d344b5a7-0d2e-40dc-a41f-a5fdbcfa4a22 | Context quotas@openstack cleanup() started
2020-04-13 01:11:15.690 1333 INFO rally.task.context [-] Task d344b5a7-0d2e-40dc-a41f-a5fdbcfa4a22 | Context quotas@openstack cleanup() finished in 88.85 msec
2020-04-13 01:11:15.690 1333 INFO rally.task.context [-] Task d344b5a7-0d2e-40dc-a41f-a5fdbcfa4a22 | Context api_versions@openstack cleanup() started
2020-04-13 01:11:15.691 1333 INFO rally.task.context [-] Task d344b5a7-0d2e-40dc-a41f-a5fdbcfa4a22 | Context api_versions@openstack cleanup() finished in 0.33 msec
2020-04-13 01:11:15.691 1333 INFO rally.task.context [-] Task d344b5a7-0d2e-40dc-a41f-a5fdbcfa4a22 | Context users@openstack cleanup() started
2020-04-13 01:11:15.898 1333 WARNING rally.common.logging [-] `iterate_per_tenants()' is deprecated in v3.0.0: it is openstack specific.. Used at
2020-04-13 01:11:18.915 1333 INFO rally.task.context [-] Task d344b5a7-0d2e-40dc-a41f-a5fdbcfa4a22 | Context users@openstack cleanup() finished in 3.22 sec
2020-04-13 01:11:19.201 1333 INFO rally.task.engine [-] Load duration is: 7.432809
2020-04-13 01:11:19.202 1333 INFO rally.task.engine [-] Full runner duration is: 7.482133
2020-04-13 01:11:19.202 1333 INFO rally.task.engine [-] Full duration is: 29.881256
2020-04-13 01:11:19.300 1333 INFO rally.task.engine [-] Running workload: position = 0 config = { "version": 2, "title": "A cropped version of a bigger task.", "description": "Auto-generated task from a single workload (uuid=fd09a80a-c548-4700-b45c-1f487f1690d6)", "subtasks": [ { "title": "CinderVolumes.create_and_list_volume", "description": "Create a volume and list all volumes.", "scenario": { "CinderVolumes.create_and_list_volume": { "detailed": true, "image": { "name": "rally_full-img_3c7bba65-cc43-4506-b198-47a10679b894" }, "size": 1 } }, "contexts": { "users": { "tenants": 3, "users_per_tenant": 2 }, "quotas": { "cinder": { "gigabytes": -1, "snapshots": -1, "volumes": -1 } }, "api_versions": { "cinder": { "version": 3, "service_type": "volumev3" } } }, "runner": { "constant": { "concurrency": 4, "times": 10 } }, "hooks": [], "sla": { "failure_rate": { "max": 0 } } } ] }
2020-04-13 01:11:19.327 1333 RALLYDEBUG rally_openstack.contexts.keystone.users [-] Creating 3 tenants using 3 threads
2020-04-13 01:11:19.863 1333 RALLYDEBUG rally_openstack.contexts.keystone.users [-] Creating 6 users using 6 threads
2020-04-13 01:11:20.833 1333 INFO rally.task.context [-] Task d344b5a7-0d2e-40dc-a41f-a5fdbcfa4a22 | Context users@openstack setup() finished in 1.51 sec
2020-04-13 01:11:21.096 1333 INFO rally.task.context [-] Task d344b5a7-0d2e-40dc-a41f-a5fdbcfa4a22 | Context api_versions@openstack setup() finished in 0.26 sec
2020-04-13 01:11:21.640 1333 INFO rally.task.context [-] Task d344b5a7-0d2e-40dc-a41f-a5fdbcfa4a22 | Context quotas@openstack setup() finished in 0.54 sec
2020-04-13 01:11:21.640 1333 INFO rally.task.context [-] Task d344b5a7-0d2e-40dc-a41f-a5fdbcfa4a22 | Context cleanup@openstack setup() finished in 0.01 msec
2020-04-13 01:11:22.038 1333 RALLYDEBUG rally.task.runner [-] Starting the constant runner (task UUID: d344b5a7-0d2e-40dc-a41f-a5fdbcfa4a22). times: 10 concurrency: 4 timeout: 0 max_cpu_used: 88 processes_to_start: 4 concurrency_per_worker: 1 concurrency_overhead: 0
2020-04-13 01:11:22.048 1774 RALLYDEBUG rally.task.runner [-] Starting a worker. times: 10 duration: None concurrency: 1 timeout: 0 cls: method_name: run args: {"detailed": true, "image": "5e90f54d-1298-498d-a24a-b50a08500c89", "size": 1}
2020-04-13 01:11:22.051 1775 RALLYDEBUG rally.task.runner [-] Starting a worker. times: 10 duration: None concurrency: 1 timeout: 0 cls: method_name: run args: {"detailed": true, "image": "5e90f54d-1298-498d-a24a-b50a08500c89", "size": 1}
2020-04-13 01:11:22.054 1776 RALLYDEBUG rally.task.runner [-] Starting a worker. times: 10 duration: None concurrency: 1 timeout: 0 cls: method_name: run args: {"detailed": true, "image": "5e90f54d-1298-498d-a24a-b50a08500c89", "size": 1}
2020-04-13 01:11:22.055 1774 INFO rally.task.runner [-] Task d344b5a7-0d2e-40dc-a41f-a5fdbcfa4a22 | ITER: 1 START
2020-04-13 01:11:22.056 1777 RALLYDEBUG rally.task.runner [-] Starting a worker. times: 10 duration: None concurrency: 1 timeout: 0 cls: method_name: run args: {"detailed": true, "image": "5e90f54d-1298-498d-a24a-b50a08500c89", "size": 1}
2020-04-13 01:11:22.058 1775 INFO rally.task.runner [-] Task d344b5a7-0d2e-40dc-a41f-a5fdbcfa4a22 | ITER: 2 START
2020-04-13 01:11:22.060 1776 INFO rally.task.runner [-] Task d344b5a7-0d2e-40dc-a41f-a5fdbcfa4a22 | ITER: 3 START
2020-04-13 01:11:22.062 1777 INFO rally.task.runner [-] Task d344b5a7-0d2e-40dc-a41f-a5fdbcfa4a22 | ITER: 4 START
2020-04-13 01:11:26.933 1777 RALLYDEBUG rally.task.utils [-] Waiting for resource s_rally_fd09a80a_zADBejBh. Status changed: DOWNLOADING => AVAILABLE in 2.257997512817383
2020-04-13 01:11:26.954 1775 RALLYDEBUG rally.task.utils [-] Waiting for resource s_rally_fd09a80a_ai9kgRDl. Status changed: DOWNLOADING => AVAILABLE in 2.2258245944976807
2020-04-13 01:11:26.983 1774 RALLYDEBUG rally.task.utils [-] Waiting for resource s_rally_fd09a80a_0tE2LKY1. Status changed: DOWNLOADING => AVAILABLE in 2.275926351547241
2020-04-13 01:11:26.999 1777 INFO rally.task.runner [-] Task d344b5a7-0d2e-40dc-a41f-a5fdbcfa4a22 | ITER: 4 END: OK
2020-04-13 01:11:27.005 1777 INFO rally.task.runner [-] Task d344b5a7-0d2e-40dc-a41f-a5fdbcfa4a22 | ITER: 5 START
2020-04-13 01:11:27.018 1775 INFO rally.task.runner [-] Task d344b5a7-0d2e-40dc-a41f-a5fdbcfa4a22 | ITER: 2 END: OK
2020-04-13 01:11:27.024 1775 INFO rally.task.runner [-] Task d344b5a7-0d2e-40dc-a41f-a5fdbcfa4a22 | ITER: 6 START
2020-04-13 01:11:27.034 1776 RALLYDEBUG rally.task.utils [-] Waiting for resource s_rally_fd09a80a_3kTLmeX2. Status changed: DOWNLOADING => AVAILABLE in 2.2605044841766357
2020-04-13 01:11:27.050 1774 INFO rally.task.runner [-] Task d344b5a7-0d2e-40dc-a41f-a5fdbcfa4a22 | ITER: 1 END: OK
2020-04-13 01:11:27.055 1774 INFO rally.task.runner [-] Task d344b5a7-0d2e-40dc-a41f-a5fdbcfa4a22 | ITER: 7 START
2020-04-13 01:11:27.102 1776 INFO rally.task.runner [-] Task d344b5a7-0d2e-40dc-a41f-a5fdbcfa4a22 | ITER: 3 END: OK
2020-04-13 01:11:27.107 1776 INFO rally.task.runner [-] Task d344b5a7-0d2e-40dc-a41f-a5fdbcfa4a22 | ITER: 8 START
2020-04-13 01:11:31.842 1774 RALLYDEBUG rally.task.utils [-] Waiting for resource s_rally_fd09a80a_HZSK5jOI. Status changed: DOWNLOADING => AVAILABLE in 2.2424190044403076
2020-04-13 01:11:31.854 1775 RALLYDEBUG rally.task.utils [-] Waiting for resource s_rally_fd09a80a_tmXnuwrT. Status changed: DOWNLOADING => AVAILABLE in 2.2362568378448486
2020-04-13 01:11:31.920 1774 INFO rally.task.runner [-] Task d344b5a7-0d2e-40dc-a41f-a5fdbcfa4a22 | ITER: 7 END: OK
2020-04-13 01:11:31.925 1774 INFO rally.task.runner [-] Task d344b5a7-0d2e-40dc-a41f-a5fdbcfa4a22 | ITER: 9 START
2020-04-13 01:11:31.940 1775 INFO rally.task.runner [-] Task d344b5a7-0d2e-40dc-a41f-a5fdbcfa4a22 | ITER: 6 END: OK
2020-04-13 01:11:31.945 1775 INFO rally.task.runner [-] Task d344b5a7-0d2e-40dc-a41f-a5fdbcfa4a22 | ITER: 10 START
2020-04-13 01:11:31.952 1777 RALLYDEBUG rally.task.utils [-] Waiting for resource s_rally_fd09a80a_UYQ647no. Status changed: DOWNLOADING => AVAILABLE in 2.2497856616973877
2020-04-13 01:11:31.980 1776 RALLYDEBUG rally.task.utils [-] Waiting for resource s_rally_fd09a80a_TIRIDR1F. Status changed: DOWNLOADING => AVAILABLE in 2.235416889190674
2020-04-13 01:11:32.024 1777 INFO rally.task.runner [-] Task d344b5a7-0d2e-40dc-a41f-a5fdbcfa4a22 | ITER: 5 END: OK
2020-04-13 01:11:32.046 1776 INFO rally.task.runner [-] Task d344b5a7-0d2e-40dc-a41f-a5fdbcfa4a22 | ITER: 8 END: OK
2020-04-13 01:11:36.669 1774 RALLYDEBUG rally.task.utils [-] Waiting for resource s_rally_fd09a80a_N7cHpL3f. Status changed: DOWNLOADING => AVAILABLE in 2.2225825786590576
2020-04-13 01:11:36.717 1775 RALLYDEBUG rally.task.utils [-] Waiting for resource s_rally_fd09a80a_Rt3IiptZ. Status changed: DOWNLOADING => AVAILABLE in 2.2234315872192383
2020-04-13 01:11:36.744 1774 INFO rally.task.runner [-] Task d344b5a7-0d2e-40dc-a41f-a5fdbcfa4a22 | ITER: 9 END: OK
2020-04-13 01:11:36.805 1775 INFO rally.task.runner [-] Task d344b5a7-0d2e-40dc-a41f-a5fdbcfa4a22 | ITER: 10 END: OK
2020-04-13 01:11:36.830 1333 INFO rally.task.context [-] Task d344b5a7-0d2e-40dc-a41f-a5fdbcfa4a22 | Context cleanup@openstack cleanup() started
2020-04-13 01:11:36.834 1333 RALLYDEBUG rally_openstack.cleanup.manager [-] Cleaning up cinder backups objects
2020-04-13 01:11:37.334 1333 RALLYDEBUG rally_openstack.cleanup.manager [-] Cleaning up cinder volume_snapshots objects
2020-04-13 01:11:37.791 1333 RALLYDEBUG rally_openstack.cleanup.manager [-] Cleaning up cinder transfers objects
2020-04-13 01:11:38.209 1333 RALLYDEBUG rally_openstack.cleanup.manager [-] Cleaning up cinder volumes objects
2020-04-13 01:11:38.819 1333 RALLYDEBUG rally_openstack.cleanup.manager [-] Deleting cinder.volumes object s_rally_fd09a80a_Rt3IiptZ (ca27045a-38f1-49ec-9d12-e4e5918c1c68)
2020-04-13 01:11:38.822 1333 RALLYDEBUG rally_openstack.cleanup.manager [-] Deleting cinder.volumes object s_rally_fd09a80a_zADBejBh (60a2d0a9-68a3-4026-bf7d-7f67365a80f0)
2020-04-13 01:11:38.823 1333 RALLYDEBUG rally_openstack.cleanup.manager [-] Deleting cinder.volumes object s_rally_fd09a80a_UYQ647no (41bf96cf-4329-498b-88ef-74c005178399)
2020-04-13 01:11:38.838 1333 RALLYDEBUG rally_openstack.cleanup.manager [-] Deleting cinder.volumes object s_rally_fd09a80a_N7cHpL3f (431367d8-af71-46ca-ac71-92a197a8801e)
2020-04-13 01:11:38.853 1333 RALLYDEBUG rally_openstack.cleanup.manager [-] Deleting cinder.volumes object s_rally_fd09a80a_0tE2LKY1 (f93ca05a-e6ed-4743-a038-08a13c64e559)
2020-04-13 01:11:38.853 1333 RALLYDEBUG rally_openstack.cleanup.manager [-] Deleting cinder.volumes object s_rally_fd09a80a_HZSK5jOI (cd4b06ec-123c-41b7-a96f-abd582963b0f)
2020-04-13 01:11:38.863 1333 RALLYDEBUG rally_openstack.cleanup.manager [-] Deleting cinder.volumes object s_rally_fd09a80a_TIRIDR1F (60f08a7d-6f1d-4d2d-bd5e-8d18ed5f41d5)
2020-04-13 01:11:38.870 1333 RALLYDEBUG rally_openstack.cleanup.manager [-] Deleting cinder.volumes object s_rally_fd09a80a_3kTLmeX2 (40fffd64-eca0-4041-b422-818230035f75)
2020-04-13 01:11:38.878 1333 RALLYDEBUG rally_openstack.cleanup.manager [-] Deleting cinder.volumes object s_rally_fd09a80a_tmXnuwrT (430549c3-6ae8-466e-9d74-aa9c9f4ddbc6)
2020-04-13 01:11:38.897 1333 RALLYDEBUG rally_openstack.cleanup.manager [-] Deleting cinder.volumes object s_rally_fd09a80a_ai9kgRDl (fca55bb0-4af0-4327-998e-6fa28dd9129f)
2020-04-13 01:11:41.444 1333 INFO rally.task.context [-] Task d344b5a7-0d2e-40dc-a41f-a5fdbcfa4a22 | Context cleanup@openstack cleanup() finished in 4.61 sec
2020-04-13 01:11:41.445 1333 INFO rally.task.context [-] Task d344b5a7-0d2e-40dc-a41f-a5fdbcfa4a22 | Context quotas@openstack cleanup() started
2020-04-13 01:11:41.528 1333 INFO rally.task.context [-] Task d344b5a7-0d2e-40dc-a41f-a5fdbcfa4a22 | Context quotas@openstack cleanup() finished in 83.03 msec
2020-04-13 01:11:41.528 1333 INFO rally.task.context [-] Task d344b5a7-0d2e-40dc-a41f-a5fdbcfa4a22 | Context api_versions@openstack cleanup() started
2020-04-13 01:11:41.529 1333 INFO rally.task.context [-] Task d344b5a7-0d2e-40dc-a41f-a5fdbcfa4a22 | Context api_versions@openstack cleanup() finished in 0.22 msec
2020-04-13 01:11:41.529 1333 INFO rally.task.context [-] Task d344b5a7-0d2e-40dc-a41f-a5fdbcfa4a22 | Context users@openstack cleanup() started
2020-04-13 01:11:41.686 1333 WARNING rally.common.logging [-] `iterate_per_tenants()' is deprecated in v3.0.0: it is openstack specific.. Used at
2020-04-13 01:11:45.082 1333 INFO rally.task.context [-] Task d344b5a7-0d2e-40dc-a41f-a5fdbcfa4a22 | Context users@openstack cleanup() finished in 3.55 sec
2020-04-13 01:11:45.473 1333 INFO rally.task.engine [-] Load duration is: 14.745363
2020-04-13 01:11:45.473 1333 INFO rally.task.engine [-] Full runner duration is: 14.791698
2020-04-13 01:11:45.474 1333 INFO rally.task.engine [-] Full duration is: 25.75763
2020-04-13 01:11:45.534 1333 INFO rally.task.engine [-] Running workload: position = 1 config = { "version": 2, "title": "A cropped version of a bigger task.", "description": "Auto-generated task from a single workload (uuid=a8cc6a19-2915-4ebc-a4aa-8b6a0ca0deec)", "subtasks": [ { "title": "CinderVolumes.create_and_list_volume", "description": "Create a volume and list all volumes.", "scenario": { "CinderVolumes.create_and_list_volume": { "detailed": true, "size": 1 } }, "contexts": { "users": { "tenants": 3, "users_per_tenant": 2 }, "quotas": { "cinder": { "gigabytes": -1, "snapshots": -1, "volumes": -1 } }, "api_versions": { "cinder": { "version": 3, "service_type": "volumev3" } } }, "runner": { "constant": { "concurrency": 4, "times": 10 } }, "hooks": [], "sla": { "failure_rate": { "max": 0 } } } ] }
2020-04-13 01:11:45.559 1333 RALLYDEBUG rally_openstack.contexts.keystone.users [-] Creating 3 tenants using 3 threads
2020-04-13 01:11:46.060 1333 RALLYDEBUG rally_openstack.contexts.keystone.users [-] Creating 6 users using 6 threads
2020-04-13 01:11:47.113 1333 INFO rally.task.context [-] Task d344b5a7-0d2e-40dc-a41f-a5fdbcfa4a22 | Context users@openstack setup() finished in 1.55 sec
2020-04-13 01:11:47.268 1333 INFO rally.task.context [-] Task d344b5a7-0d2e-40dc-a41f-a5fdbcfa4a22 | Context api_versions@openstack setup() finished in 0.15 sec
2020-04-13 01:11:47.877 1333 INFO rally.task.context [-] Task d344b5a7-0d2e-40dc-a41f-a5fdbcfa4a22 | Context quotas@openstack setup() finished in 0.61 sec
2020-04-13 01:11:47.877 1333 INFO rally.task.context [-] Task d344b5a7-0d2e-40dc-a41f-a5fdbcfa4a22 | Context cleanup@openstack setup() finished in 0.01 msec
2020-04-13 01:11:47.887 1333 RALLYDEBUG rally.task.runner [-] Starting the constant runner (task UUID: d344b5a7-0d2e-40dc-a41f-a5fdbcfa4a22). times: 10 concurrency: 4 timeout: 0 max_cpu_used: 88 processes_to_start: 4 concurrency_per_worker: 1 concurrency_overhead: 0
2020-04-13 01:11:47.898 1927 RALLYDEBUG rally.task.runner [-] Starting a worker. times: 10 duration: None concurrency: 1 timeout: 0 cls: method_name: run args: {"detailed": true, "size": 1}
2020-04-13 01:11:47.901 1928 RALLYDEBUG rally.task.runner [-] Starting a worker. times: 10 duration: None concurrency: 1 timeout: 0 cls: method_name: run args: {"detailed": true, "size": 1}
2020-04-13 01:11:47.904 1929 RALLYDEBUG rally.task.runner [-] Starting a worker. times: 10 duration: None concurrency: 1 timeout: 0 cls: method_name: run args: {"detailed": true, "size": 1}
2020-04-13 01:11:47.904 1930 RALLYDEBUG rally.task.runner [-] Starting a worker. times: 10 duration: None concurrency: 1 timeout: 0 cls: method_name: run args: {"detailed": true, "size": 1}
2020-04-13 01:11:47.906 1927 INFO rally.task.runner [-] Task d344b5a7-0d2e-40dc-a41f-a5fdbcfa4a22 | ITER: 1 START
2020-04-13 01:11:47.910 1930 INFO rally.task.runner [-] Task d344b5a7-0d2e-40dc-a41f-a5fdbcfa4a22 | ITER: 3 START
2020-04-13 01:11:47.911 1928 INFO rally.task.runner [-] Task d344b5a7-0d2e-40dc-a41f-a5fdbcfa4a22 | ITER: 2 START
2020-04-13 01:11:47.911 1929 INFO rally.task.runner [-] Task d344b5a7-0d2e-40dc-a41f-a5fdbcfa4a22 | ITER: 4 START
2020-04-13 01:11:50.536 1927 INFO rally.task.runner [-] Task d344b5a7-0d2e-40dc-a41f-a5fdbcfa4a22 | ITER: 1 END: OK
2020-04-13 01:11:50.541 1927 INFO rally.task.runner [-] Task d344b5a7-0d2e-40dc-a41f-a5fdbcfa4a22 | ITER: 5 START
2020-04-13 01:11:50.570 1929 INFO rally.task.runner [-] Task d344b5a7-0d2e-40dc-a41f-a5fdbcfa4a22 | ITER: 4 END: OK
2020-04-13 01:11:50.576 1929 INFO rally.task.runner [-] Task d344b5a7-0d2e-40dc-a41f-a5fdbcfa4a22 | ITER: 6 START
2020-04-13 01:11:50.658 1928 INFO rally.task.runner [-] Task d344b5a7-0d2e-40dc-a41f-a5fdbcfa4a22 | ITER: 2 END: OK
