2020-04-13 01:25:30.271 6365 INFO rally.task.runner [-] Task 03a44dd0-c775-4652-abcf-8f15eb317f77 | ITER: 6 START
2020-04-13 01:25:31.160 6366 INFO rally.task.runner [-] Task 03a44dd0-c775-4652-abcf-8f15eb317f77 | ITER: 3 END: OK
2020-04-13 01:25:31.167 6366 INFO rally.task.runner [-] Task 03a44dd0-c775-4652-abcf-8f15eb317f77 | ITER: 7 START
2020-04-13 01:25:35.456 6367 INFO rally.task.runner [-] Task 03a44dd0-c775-4652-abcf-8f15eb317f77 | ITER: 4 END: OK
2020-04-13 01:25:35.463 6367 INFO rally.task.runner [-] Task 03a44dd0-c775-4652-abcf-8f15eb317f77 | ITER: 8 START
2020-04-13 01:25:41.242 6364 RALLYDEBUG rally.task.utils [-] Waiting for resource . Status changed: CREATE_IN_PROGRESS => CREATE_COMPLETE in 9.813248872756958
2020-04-13 01:25:41.389 6364 RALLYDEBUG rally.task.utils [-] Waiting for resource . Status changed: CREATE_COMPLETE => DELETE_IN_PROGRESS in 0.07305479049682617
2020-04-13 01:25:47.653 6365 RALLYDEBUG rally.task.utils [-] Waiting for resource . Status changed: CREATE_IN_PROGRESS => CREATE_COMPLETE in 14.117416858673096
2020-04-13 01:25:47.803 6364 INFO rally.task.runner [-] Task 03a44dd0-c775-4652-abcf-8f15eb317f77 | ITER: 5 END: OK
2020-04-13 01:25:47.808 6364 INFO rally.task.runner [-] Task 03a44dd0-c775-4652-abcf-8f15eb317f77 | ITER: 9 START
2020-04-13 01:25:47.814 6365 RALLYDEBUG rally.task.utils [-] Waiting for resource . Status changed: CREATE_COMPLETE => DELETE_IN_PROGRESS in 0.06763195991516113
2020-04-13 01:25:49.851 6366 RALLYDEBUG rally.task.utils [-] Waiting for resource . Status changed: CREATE_IN_PROGRESS => CREATE_COMPLETE in 15.365546941757202
2020-04-13 01:25:49.997 6366 RALLYDEBUG rally.task.utils [-] Waiting for resource . Status changed: CREATE_COMPLETE => DELETE_IN_PROGRESS in 0.06485891342163086
2020-04-13 01:25:51.627 6367 RALLYDEBUG rally.task.utils [-] Waiting for resource . Status changed: CREATE_IN_PROGRESS => CREATE_COMPLETE in 13.024998903274536
2020-04-13 01:25:51.759 6367 RALLYDEBUG rally.task.utils [-] Waiting for resource . Status changed: CREATE_COMPLETE => DELETE_IN_PROGRESS in 0.05774950981140137
2020-04-13 01:25:55.298 6365 INFO rally.task.runner [-] Task 03a44dd0-c775-4652-abcf-8f15eb317f77 | ITER: 6 END: OK
2020-04-13 01:25:55.303 6365 INFO rally.task.runner [-] Task 03a44dd0-c775-4652-abcf-8f15eb317f77 | ITER: 10 START
2020-04-13 01:25:56.401 6366 INFO rally.task.runner [-] Task 03a44dd0-c775-4652-abcf-8f15eb317f77 | ITER: 7 END: OK
2020-04-13 01:25:58.174 6367 INFO rally.task.runner [-] Task 03a44dd0-c775-4652-abcf-8f15eb317f77 | ITER: 8 END: OK
2020-04-13 01:25:59.955 6364 RALLYDEBUG rally.task.utils [-] Waiting for resource . Status changed: CREATE_IN_PROGRESS => CREATE_COMPLETE in 8.722906351089478
2020-04-13 01:26:00.097 6364 RALLYDEBUG rally.task.utils [-] Waiting for resource . Status changed: CREATE_COMPLETE => DELETE_IN_PROGRESS in 0.07174825668334961
2020-04-13 01:26:06.534 6364 INFO rally.task.runner [-] Task 03a44dd0-c775-4652-abcf-8f15eb317f77 | ITER: 9 END: OK
2020-04-13 01:26:09.267 6365 RALLYDEBUG rally.task.utils [-] Waiting for resource . Status changed: CREATE_IN_PROGRESS => CREATE_COMPLETE in 10.914315700531006
2020-04-13 01:26:09.410 6365 RALLYDEBUG rally.task.utils [-] Waiting for resource . Status changed: CREATE_COMPLETE => DELETE_IN_PROGRESS in 0.07842040061950684
2020-04-13 01:26:15.848 6365 INFO rally.task.runner [-] Task 03a44dd0-c775-4652-abcf-8f15eb317f77 | ITER: 10 END: OK
2020-04-13 01:26:15.876 5253 INFO rally.task.context [-] Task 03a44dd0-c775-4652-abcf-8f15eb317f77 | Context cleanup@openstack cleanup() started
2020-04-13 01:26:15.882 5253 RALLYDEBUG rally_openstack.cleanup.manager [-] Cleaning up heat stacks objects
2020-04-13 01:26:16.685 5253 INFO rally.task.context [-] Task 03a44dd0-c775-4652-abcf-8f15eb317f77 | Context cleanup@openstack cleanup() finished in 0.81 sec
2020-04-13 01:26:16.686 5253 INFO rally.task.context [-] Task 03a44dd0-c775-4652-abcf-8f15eb317f77 | Context roles@openstack cleanup() started
2020-04-13 01:26:16.687 5253 RALLYDEBUG rally_openstack.contexts.keystone.roles [-] Removing assigned role ae1393230f8e4b248a273fec57604d12 from all users
2020-04-13 01:26:17.219 5253 INFO rally.task.context [-] Task 03a44dd0-c775-4652-abcf-8f15eb317f77 | Context roles@openstack cleanup() finished in 0.53 sec
2020-04-13 01:26:17.220 5253 INFO rally.task.context [-] Task 03a44dd0-c775-4652-abcf-8f15eb317f77 | Context users@openstack cleanup() started
2020-04-13 01:26:17.503 5253 WARNING rally.common.logging [-] `iterate_per_tenants()' is deprecated in v3.0.0: it is openstack specific.. Used at
2020-04-13 01:26:20.174 5253 INFO rally.task.context [-] Task 03a44dd0-c775-4652-abcf-8f15eb317f77 | Context users@openstack cleanup() finished in 2.95 sec
2020-04-13 01:26:20.980 5253 INFO rally.task.engine [-] Load duration is: 67.889053
2020-04-13 01:26:21.029 5253 INFO rally.task.engine [-] Full runner duration is: 69.933841
2020-04-13 01:26:21.029 5253 INFO rally.task.engine [-] Full duration is: 77.645882
2020-04-13 01:26:21.898 5253 INFO rally.task.engine [-] Running workload: position = 0 config = { "version": 2, "title": "A cropped version of a bigger task.", "description": "Auto-generated task from a single workload (uuid=9c3c1005-a71d-462b-8a72-5bb0986fce12)", "subtasks": [ { "title": "HeatStacks.create_and_list_stack", "description": "Create a stack and then list all stacks.", "scenario": { "HeatStacks.create_and_list_stack": { "template_path": "/usr/lib/python3.7/site-packages/functest/opnfv_tests/openstack/rally/scenario/templates/default.yaml.template" } }, "contexts": { "users": { "tenants": 3, "users_per_tenant": 2 }, "roles": [ "heat_stack_owner" ] }, "runner": { "constant": { "concurrency": 4, "times": 10 } }, "hooks": [], "sla": { "failure_rate": { "max": 0 } } } ] }
2020-04-13 01:26:21.913 5253 RALLYDEBUG rally_openstack.contexts.keystone.users [-] Creating 3 tenants using 3 threads
2020-04-13 01:26:22.355 5253 RALLYDEBUG rally_openstack.contexts.keystone.users [-] Creating 6 users using 6 threads
2020-04-13 01:26:23.373 5253 INFO rally.task.context [-] Task 03a44dd0-c775-4652-abcf-8f15eb317f77 | Context users@openstack setup() finished in 1.46 sec
2020-04-13 01:26:23.616 5253 RALLYDEBUG rally_openstack.contexts.keystone.roles [-] Adding role heat_stack_owner having ID ae1393230f8e4b248a273fec57604d12 to all users using 30 threads
2020-04-13 01:26:25.306 5253 INFO rally.task.context [-] Task 03a44dd0-c775-4652-abcf-8f15eb317f77 | Context roles@openstack setup() finished in 1.93 sec
2020-04-13 01:26:25.307 5253 INFO rally.task.context [-] Task 03a44dd0-c775-4652-abcf-8f15eb317f77 | Context cleanup@openstack setup() finished in 0.03 msec
2020-04-13 01:26:25.319 5253 RALLYDEBUG rally.task.runner [-] Starting the constant runner (task UUID: 03a44dd0-c775-4652-abcf-8f15eb317f77). times: 10 concurrency: 4 timeout: 0 max_cpu_used: 88 processes_to_start: 4 concurrency_per_worker: 1 concurrency_overhead: 0
2020-04-13 01:26:25.329 6517 RALLYDEBUG rally.task.runner [-] Starting a worker. times: 10 duration: None concurrency: 1 timeout: 0 cls: method_name: run args: {"template_path": "heat_template_version: 2014-10-16"}
2020-04-13 01:26:25.330 6518 RALLYDEBUG rally.task.runner [-] Starting a worker. times: 10 duration: None concurrency: 1 timeout: 0 cls: method_name: run args: {"template_path": "heat_template_version: 2014-10-16"}
2020-04-13 01:26:25.332 6519 RALLYDEBUG rally.task.runner [-] Starting a worker. times: 10 duration: None concurrency: 1 timeout: 0 cls: method_name: run args: {"template_path": "heat_template_version: 2014-10-16"}
2020-04-13 01:26:25.335 6520 RALLYDEBUG rally.task.runner [-] Starting a worker. times: 10 duration: None concurrency: 1 timeout: 0 cls: method_name: run args: {"template_path": "heat_template_version: 2014-10-16"}
2020-04-13 01:26:25.336 6517 INFO rally.task.runner [-] Task 03a44dd0-c775-4652-abcf-8f15eb317f77 | ITER: 1 START
2020-04-13 01:26:25.338 6518 INFO rally.task.runner [-] Task 03a44dd0-c775-4652-abcf-8f15eb317f77 | ITER: 2 START
2020-04-13 01:26:25.339 6519 INFO rally.task.runner [-] Task 03a44dd0-c775-4652-abcf-8f15eb317f77 | ITER: 3 START
2020-04-13 01:26:25.341 6520 INFO rally.task.runner [-] Task 03a44dd0-c775-4652-abcf-8f15eb317f77 | ITER: 4 START
2020-04-13 01:26:28.187 6517 RALLYDEBUG rally.task.utils [-] Waiting for resource . Status changed: CREATE_IN_PROGRESS => CREATE_COMPLETE in 0.07460999488830566
2020-04-13 01:26:28.200 6518 RALLYDEBUG rally.task.utils [-] Waiting for resource . Status changed: CREATE_IN_PROGRESS => CREATE_COMPLETE in 0.0748445987701416
2020-04-13 01:26:28.206 6520 RALLYDEBUG rally.task.utils [-] Waiting for resource . Status changed: CREATE_IN_PROGRESS => CREATE_COMPLETE in 0.07531881332397461
2020-04-13 01:26:28.219 6519 RALLYDEBUG rally.task.utils [-] Waiting for resource . Status changed: CREATE_IN_PROGRESS => CREATE_COMPLETE in 0.07402396202087402
2020-04-13 01:26:28.238 6517 INFO rally.task.runner [-] Task 03a44dd0-c775-4652-abcf-8f15eb317f77 | ITER: 1 END: OK
2020-04-13 01:26:28.243 6517 INFO rally.task.runner [-] Task 03a44dd0-c775-4652-abcf-8f15eb317f77 | ITER: 5 START
2020-04-13 01:26:28.269 6519 INFO rally.task.runner [-] Task 03a44dd0-c775-4652-abcf-8f15eb317f77 | ITER: 3 END: OK
2020-04-13 01:26:28.274 6519 INFO rally.task.runner [-] Task 03a44dd0-c775-4652-abcf-8f15eb317f77 | ITER: 6 START
2020-04-13 01:26:28.275 6518 INFO rally.task.runner [-] Task 03a44dd0-c775-4652-abcf-8f15eb317f77 | ITER: 2 END: OK
2020-04-13 01:26:28.278 6520 INFO rally.task.runner [-] Task 03a44dd0-c775-4652-abcf-8f15eb317f77 | ITER: 4 END: OK
2020-04-13 01:26:28.280 6518 INFO rally.task.runner [-] Task 03a44dd0-c775-4652-abcf-8f15eb317f77 | ITER: 7 START
2020-04-13 01:26:28.283 6520 INFO rally.task.runner [-] Task 03a44dd0-c775-4652-abcf-8f15eb317f77 | ITER: 8 START
2020-04-13 01:26:31.209 6520 RALLYDEBUG rally.task.utils [-] Waiting for resource . Status changed: CREATE_IN_PROGRESS => CREATE_COMPLETE in 0.07493209838867188
2020-04-13 01:26:31.264 6520 INFO rally.task.runner [-] Task 03a44dd0-c775-4652-abcf-8f15eb317f77 | ITER: 8 END: OK
2020-04-13 01:26:31.276 6520 INFO rally.task.runner [-] Task 03a44dd0-c775-4652-abcf-8f15eb317f77 | ITER: 9 START
2020-04-13 01:26:31.399 6519 RALLYDEBUG rally.task.utils [-] Waiting for resource . Status changed: CREATE_IN_PROGRESS => CREATE_COMPLETE in 0.07507944107055664
2020-04-13 01:26:31.442 6517 RALLYDEBUG rally.task.utils [-] Waiting for resource . Status changed: CREATE_IN_PROGRESS => CREATE_COMPLETE in 0.0758199691772461
2020-04-13 01:26:31.444 6518 RALLYDEBUG rally.task.utils [-] Waiting for resource . Status changed: CREATE_IN_PROGRESS => CREATE_COMPLETE in 0.0727701187133789
2020-04-13 01:26:31.446 6519 INFO rally.task.runner [-] Task 03a44dd0-c775-4652-abcf-8f15eb317f77 | ITER: 6 END: OK
2020-04-13 01:26:31.451 6519 INFO rally.task.runner [-] Task 03a44dd0-c775-4652-abcf-8f15eb317f77 | ITER: 10 START
2020-04-13 01:26:31.487 6517 INFO rally.task.runner [-] Task 03a44dd0-c775-4652-abcf-8f15eb317f77 | ITER: 5 END: OK
2020-04-13 01:26:31.492 6518 INFO rally.task.runner [-] Task 03a44dd0-c775-4652-abcf-8f15eb317f77 | ITER: 7 END: OK
2020-04-13 01:26:34.457 6520 RALLYDEBUG rally.task.utils [-] Waiting for resource . Status changed: CREATE_IN_PROGRESS => CREATE_COMPLETE in 0.07343745231628418
2020-04-13 01:26:34.467 6519 RALLYDEBUG rally.task.utils [-] Waiting for resource . Status changed: CREATE_IN_PROGRESS => CREATE_COMPLETE in 0.07296943664550781
2020-04-13 01:26:34.511 6520 INFO rally.task.runner [-] Task 03a44dd0-c775-4652-abcf-8f15eb317f77 | ITER: 9 END: OK
2020-04-13 01:26:34.523 6519 INFO rally.task.runner [-] Task 03a44dd0-c775-4652-abcf-8f15eb317f77 | ITER: 10 END: OK
2020-04-13 01:26:34.544 5253 INFO rally.task.context [-] Task 03a44dd0-c775-4652-abcf-8f15eb317f77 | Context cleanup@openstack cleanup() started
2020-04-13 01:26:34.547 5253 RALLYDEBUG rally_openstack.cleanup.manager [-] Cleaning up heat stacks objects
2020-04-13 01:26:35.387 5253 RALLYDEBUG rally_openstack.cleanup.manager [-] Deleting heat.stacks object s_rally_9c3c1005_J89ButtU (a418e32a-4b67-409a-bef0-42e8bd00c8ff)
2020-04-13 01:26:35.409 5253 RALLYDEBUG rally_openstack.cleanup.manager [-] Deleting heat.stacks object s_rally_9c3c1005_fhURHX0I (19b263cc-cd66-411a-8577-4b02ecd137fe)
2020-04-13 01:26:35.410 5253 RALLYDEBUG rally_openstack.cleanup.manager [-] Deleting heat.stacks object s_rally_9c3c1005_PZm6Doc7 (86e7aca1-3af4-4b8c-8d7b-cbd28d8761c1)
2020-04-13 01:26:35.411 5253 RALLYDEBUG rally_openstack.cleanup.manager [-] Deleting heat.stacks object s_rally_9c3c1005_z1LZm93O (e7471bb2-6827-43e3-92d4-50fc01e842e3)
2020-04-13 01:26:35.427 5253 RALLYDEBUG rally_openstack.cleanup.manager [-] Deleting heat.stacks object s_rally_9c3c1005_fWQgopog (52bfd76e-dba8-459a-ac35-654919c31e09)
2020-04-13 01:26:35.430 5253 RALLYDEBUG rally_openstack.cleanup.manager [-] Deleting heat.stacks object s_rally_9c3c1005_uF7Ybnki (973c4260-0013-4461-993e-36ed5f13b3a6)
2020-04-13 01:26:35.437 5253 RALLYDEBUG rally_openstack.cleanup.manager [-] Deleting heat.stacks object s_rally_9c3c1005_OVcC4Y1n (c405be1a-8424-4aee-b242-828596fca5a3)
2020-04-13 01:26:35.452 5253 RALLYDEBUG rally_openstack.cleanup.manager [-] Deleting heat.stacks object s_rally_9c3c1005_jS5nLKQi (a97bb469-1037-42f4-a167-a4a47910bdb0)
2020-04-13 01:26:35.457 5253 RALLYDEBUG rally_openstack.cleanup.manager [-] Deleting heat.stacks object s_rally_9c3c1005_xv7D65Zu (0f24af01-6167-424d-a0c8-7e45935a9489)
2020-04-13 01:26:35.471 5253 RALLYDEBUG rally_openstack.cleanup.manager [-] Deleting heat.stacks object s_rally_9c3c1005_ukeTwE9a (d2243055-c90e-4ce3-96fa-2f20ea6f4cf4)
2020-04-13 01:26:38.097 5253 INFO rally.task.context [-] Task 03a44dd0-c775-4652-abcf-8f15eb317f77 | Context cleanup@openstack cleanup() finished in 3.55 sec
2020-04-13 01:26:38.097 5253 INFO rally.task.context [-] Task 03a44dd0-c775-4652-abcf-8f15eb317f77 | Context roles@openstack cleanup() started
2020-04-13 01:26:38.097 5253 RALLYDEBUG rally_openstack.contexts.keystone.roles [-] Removing assigned role ae1393230f8e4b248a273fec57604d12 from all users
2020-04-13 01:26:38.703 5253 INFO rally.task.context [-] Task 03a44dd0-c775-4652-abcf-8f15eb317f77 | Context roles@openstack cleanup() finished in 0.61 sec
2020-04-13 01:26:38.704 5253 INFO rally.task.context [-] Task 03a44dd0-c775-4652-abcf-8f15eb317f77 | Context users@openstack cleanup() started
2020-04-13 01:26:39.035 5253 WARNING rally.common.logging [-] `iterate_per_tenants()' is deprecated in v3.0.0: it is openstack specific.. Used at
2020-04-13 01:26:41.891 5253 INFO rally.task.context [-] Task 03a44dd0-c775-4652-abcf-8f15eb317f77 | Context users@openstack cleanup() finished in 3.19 sec
2020-04-13 01:26:42.035 5253 INFO rally.task.engine [-] Load duration is: 7.185521
2020-04-13 01:26:42.035 5253 INFO rally.task.engine [-] Full runner duration is: 9.226154
2020-04-13 01:26:42.036 5253 INFO rally.task.engine [-] Full duration is: 19.979494
2020-04-13 01:26:42.117 5253 INFO rally.task.engine [-] Running workload: position = 0 config = { "version": 2, "title": "A cropped version of a bigger task.", "description": "Auto-generated task from a single workload (uuid=66de0edf-5321-453d-9dd8-aefad4553819)", "subtasks": [ { "title": "HeatStacks.create_update_delete_stack", "description": "Create, update and then delete a stack.", "scenario": { "HeatStacks.create_update_delete_stack": { "template_path": "/usr/lib/python3.7/site-packages/functest/opnfv_tests/openstack/rally/scenario/templates/random_strings.yaml.template", "updated_template_path": "/usr/lib/python3.7/site-packages/functest/opnfv_tests/openstack/rally/scenario/templates/updated_random_strings_add.yaml.template" } }, "contexts": { "users": { "tenants": 3, "users_per_tenant": 2 }, "roles": [ "heat_stack_owner" ] }, "runner": { "constant": { "concurrency": 4, "times": 10 } }, "hooks": [], "sla": { "failure_rate": { "max": 0 } } } ] }
2020-04-13 01:26:42.132 5253 RALLYDEBUG rally_openstack.contexts.keystone.users [-] Creating 3 tenants using 3 threads
2020-04-13 01:26:42.563 5253 RALLYDEBUG rally_openstack.contexts.keystone.users [-] Creating 6 users using 6 threads
2020-04-13 01:26:43.446 5253 INFO rally.task.context [-] Task 03a44dd0-c775-4652-abcf-8f15eb317f77 | Context users@openstack setup() finished in 1.31 sec
2020-04-13 01:26:43.646 5253 RALLYDEBUG rally_openstack.contexts.keystone.roles [-] Adding role heat_stack_owner having ID ae1393230f8e4b248a273fec57604d12 to all users using 30 threads
2020-04-13 01:26:45.432 5253 INFO rally.task.context [-] Task 03a44dd0-c775-4652-abcf-8f15eb317f77 | Context roles@openstack setup() finished in 1.99 sec
2020-04-13 01:26:45.433 5253 INFO rally.task.context [-] Task 03a44dd0-c775-4652-abcf-8f15eb317f77 | Context cleanup@openstack setup() finished in 0.00 msec
2020-04-13 01:26:45.445 5253 RALLYDEBUG rally.task.runner [-] Starting the constant runner (task UUID: 03a44dd0-c775-4652-abcf-8f15eb317f77). times: 10 concurrency: 4 timeout: 0 max_cpu_used: 88 processes_to_start: 4 concurrency_per_worker: 1 concurrency_overhead: 0
2020-04-13 01:26:45.455 6670 RALLYDEBUG rally.task.runner [-] Starting a worker. times: 10 duration: None concurrency: 1 timeout: 0 cls: method_name: run args: {"template_path": "heat_template_version: 2014-10-16\n\ndescription: Test template for rally create-update-delete scenario\n\nresources:\n test_string_one:\n type: OS::Heat::RandomString\n properties:\n length: 20\n test_string_two:\n type: OS::Heat::RandomString\n properties:\n length: 20", "updated_template_path": "heat_template_version: 2014-10-16\n\ndescription: >\n Test template for create-update-delete-stack scenario in rally.\n The template updates the stack defined by random_strings.yaml.template with additional resource.\n\nresources:\n test_string_one:\n type: OS::Heat::RandomString\n properties:\n length: 20\n test_string_two:\n type: OS::Heat::RandomString\n properties:\n length: 20\n test_string_three:\n type: OS::Heat::RandomString\n properties:\n length: 20"}
2020-04-13 01:26:45.459 6671 RALLYDEBUG rally.task.runner [-] Starting a worker. times: 10 duration: None concurrency: 1 timeout: 0 cls: method_name: run args: {"template_path": "heat_template_version: 2014-10-16\n\ndescription: Test template for rally create-update-delete scenario\n\nresources:\n test_string_one:\n type: OS::Heat::RandomString\n properties:\n length: 20\n test_string_two:\n type: OS::Heat::RandomString\n properties:\n length: 20", "updated_template_path": "heat_template_version: 2014-10-16\n\ndescription: >\n Test template for create-update-delete-stack scenario in rally.\n The template updates the stack defined by random_strings.yaml.template with additional resource.\n\nresources:\n test_string_one:\n type: OS::Heat::RandomString\n properties:\n length: 20\n test_string_two:\n type: OS::Heat::RandomString\n properties:\n length: 20\n test_string_three:\n type: OS::Heat::RandomString\n properties:\n length: 20"}
2020-04-13 01:26:45.461 6672 RALLYDEBUG rally.task.runner [-] Starting a worker. times: 10 duration: None concurrency: 1 timeout: 0 cls: method_name: run args: {"template_path": "heat_template_version: 2014-10-16\n\ndescription: Test template for rally create-update-delete scenario\n\nresources:\n test_string_one:\n type: OS::Heat::RandomString\n properties:\n length: 20\n test_string_two:\n type: OS::Heat::RandomString\n properties:\n length: 20", "updated_template_path": "heat_template_version: 2014-10-16\n\ndescription: >\n Test template for create-update-delete-stack scenario in rally.\n The template updates the stack defined by random_strings.yaml.template with additional resource.\n\nresources:\n test_string_one:\n type: OS::Heat::RandomString\n properties:\n length: 20\n test_string_two:\n type: OS::Heat::RandomString\n properties:\n length: 20\n test_string_three:\n type: OS::Heat::RandomString\n properties:\n length: 20"}
2020-04-13 01:26:45.461 6670 INFO rally.task.runner [-] Task 03a44dd0-c775-4652-abcf-8f15eb317f77 | ITER: 1 START
2020-04-13 01:26:45.464 6673 RALLYDEBUG rally.task.runner [-] Starting a worker. times: 10 duration: None concurrency: 1 timeout: 0 cls: method_name: run args: {"template_path": "heat_template_version: 2014-10-16\n\ndescription: Test template for rally create-update-delete scenario\n\nresources:\n test_string_one:\n type: OS::Heat::RandomString\n properties:\n length: 20\n test_string_two:\n type: OS::Heat::RandomString\n properties:\n length: 20", "updated_template_path": "heat_template_version: 2014-10-16\n\ndescription: >\n Test template for create-update-delete-stack scenario in rally.\n The template updates the stack defined by random_strings.yaml.template with additional resource.\n\nresources:\n test_string_one:\n type: OS::Heat::RandomString\n properties:\n length: 20\n test_string_two:\n type: OS::Heat::RandomString\n properties:\n length: 20\n test_string_three:\n type: OS::Heat::RandomString\n properties:\n length: 20"}
2020-04-13 01:26:45.465 6671 INFO rally.task.runner [-] Task 03a44dd0-c775-4652-abcf-8f15eb317f77 | ITER: 2 START
2020-04-13 01:26:45.468 6672 INFO rally.task.runner [-] Task 03a44dd0-c775-4652-abcf-8f15eb317f77 | ITER: 3 START
2020-04-13 01:26:45.469 6673 INFO rally.task.runner [-] Task 03a44dd0-c775-4652-abcf-8f15eb317f77 | ITER: 4 START
2020-04-13 01:26:48.281 6673 RALLYDEBUG rally.task.utils [-] Waiting for resource . Status changed: CREATE_IN_PROGRESS => CREATE_COMPLETE in 0.0859518051147461
2020-04-13 01:26:48.285 6671 RALLYDEBUG rally.task.utils [-] Waiting for resource . Status changed: CREATE_IN_PROGRESS => CREATE_COMPLETE in 0.08395910263061523
2020-04-13 01:26:48.287 6670 RALLYDEBUG rally.task.utils [-] Waiting for resource . Status changed: CREATE_IN_PROGRESS => CREATE_COMPLETE in 0.08076715469360352
2020-04-13 01:26:48.297 6672 RALLYDEBUG rally.task.utils [-] Waiting for resource . Status changed: CREATE_IN_PROGRESS => CREATE_COMPLETE in 0.08031749725341797
2020-04-13 01:26:50.491 6670 RALLYDEBUG rally.task.utils [-] Waiting for resource . Status changed: CREATE_COMPLETE => UPDATE_IN_PROGRESS in 0.08278298377990723
2020-04-13 01:26:50.517 6672 RALLYDEBUG rally.task.utils [-] Waiting for resource . Status changed: CREATE_COMPLETE => UPDATE_IN_PROGRESS in 0.07520341873168945
2020-04-13 01:26:50.529 6673 RALLYDEBUG rally.task.utils [-] Waiting for resource . Status changed: CREATE_COMPLETE => UPDATE_IN_PROGRESS in 0.07883214950561523
2020-04-13 01:26:50.530 6671 RALLYDEBUG rally.task.utils [-] Waiting for resource . Status changed: CREATE_COMPLETE => UPDATE_IN_PROGRESS in 0.07894206047058105
2020-04-13 01:26:51.606 6672 RALLYDEBUG rally.task.utils [-] Waiting for resource . Status changed: UPDATE_IN_PROGRESS => UPDATE_COMPLETE in 1.08890700340271
2020-04-13 01:26:51.624 6671 RALLYDEBUG rally.task.utils [-] Waiting for resource . Status changed: UPDATE_IN_PROGRESS => UPDATE_COMPLETE in 1.0932812690734863
2020-04-13 01:26:51.629 6673 RALLYDEBUG rally.task.utils [-] Waiting for resource . Status changed: UPDATE_IN_PROGRESS => UPDATE_COMPLETE in 1.0993709564208984
2020-04-13 01:26:51.705 6670 RALLYDEBUG rally.task.utils [-] Waiting for resource . Status changed: UPDATE_IN_PROGRESS => UPDATE_COMPLETE in 1.214378833770752
2020-04-13 01:26:51.735 6672 RALLYDEBUG rally.task.utils [-] Waiting for resource . Status changed: CREATE_COMPLETE => DELETE_IN_PROGRESS in 0.06087160110473633
2020-04-13 01:26:51.772 6673 RALLYDEBUG rally.task.utils [-] Waiting for resource . Status changed: CREATE_COMPLETE => DELETE_IN_PROGRESS in 0.0632011890411377
2020-04-13 01:26:51.786 6671 RALLYDEBUG rally.task.utils [-] Waiting for resource . Status changed: CREATE_COMPLETE => DELETE_IN_PROGRESS in 0.06492877006530762
2020-04-13 01:26:51.884 6670 RALLYDEBUG rally.task.utils [-] Waiting for resource . Status changed: CREATE_COMPLETE => DELETE_IN_PROGRESS in 0.06789922714233398
2020-04-13 01:26:53.886 6672 INFO rally.task.runner [-] Task 03a44dd0-c775-4652-abcf-8f15eb317f77 | ITER: 3 END: OK
2020-04-13 01:26:53.891 6672 INFO rally.task.runner [-] Task 03a44dd0-c775-4652-abcf-8f15eb317f77 | ITER: 5 START
2020-04-13 01:26:55.000 6673 INFO rally.task.runner [-] Task 03a44dd0-c775-4652-abcf-8f15eb317f77 | ITER: 4 END: OK
2020-04-13 01:26:55.005 6673 INFO rally.task.runner [-] Task 03a44dd0-c775-4652-abcf-8f15eb317f77 | ITER: 6 START
2020-04-13 01:26:55.019 6671 INFO rally.task.runner [-] Task 03a44dd0-c775-4652-abcf-8f15eb317f77 | ITER: 2 END: OK
2020-04-13 01:26:55.024 6671 INFO rally.task.runner [-] Task 03a44dd0-c775-4652-abcf-8f15eb317f77 | ITER: 7 START
2020-04-13 01:26:55.117 6670 INFO rally.task.runner [-] Task 03a44dd0-c775-4652-abcf-8f15eb317f77 | ITER: 1 END: OK
2020-04-13 01:26:55.122 6670 INFO rally.task.runner [-] Task 03a44dd0-c775-4652-abcf-8f15eb317f77 | ITER: 8 START
2020-04-13 01:26:56.803 6672 RALLYDEBUG rally.task.utils [-] Waiting for resource . Status changed: CREATE_IN_PROGRESS => CREATE_COMPLETE in 0.07311272621154785
2020-04-13 01:26:57.854 6673 RALLYDEBUG rally.task.utils [-] Waiting for resource . Status changed: CREATE_IN_PROGRESS => CREATE_COMPLETE in 0.0782921314239502
2020-04-13 01:26:57.856 6671 RALLYDEBUG rally.task.utils [-] Waiting for resource . Status changed: CREATE_IN_PROGRESS => CREATE_COMPLETE in 0.08019471168518066
2020-04-13 01:26:57.864 6670 RALLYDEBUG rally.task.utils [-] Waiting for resource . Status changed: CREATE_IN_PROGRESS => CREATE_COMPLETE in 0.07928156852722168
2020-04-13 01:26:59.033 6672 RALLYDEBUG rally.task.utils [-] Waiting for resource . Status changed: CREATE_COMPLETE => UPDATE_IN_PROGRESS in 0.08220577239990234
2020-04-13 01:27:00.056 6673 RALLYDEBUG rally.task.utils [-] Waiting for resource . Status changed: CREATE_COMPLETE => UPDATE_IN_PROGRESS in 0.08103156089782715
2020-04-13 01:27:00.089 6671 RALLYDEBUG rally.task.utils [-] Waiting for resource . Status changed: CREATE_COMPLETE => UPDATE_IN_PROGRESS in 0.07975339889526367
2020-04-13 01:27:00.095 6670 RALLYDEBUG rally.task.utils [-] Waiting for resource . Status changed: CREATE_COMPLETE => UPDATE_IN_PROGRESS in 0.0797567367553711
2020-04-13 01:27:00.118 6672 RALLYDEBUG rally.task.utils [-] Waiting for resource . Status changed: UPDATE_IN_PROGRESS => UPDATE_COMPLETE in 1.0849394798278809
2020-04-13 01:27:00.387 6672 RALLYDEBUG rally.task.utils [-] Waiting for resource . Status changed: CREATE_COMPLETE => DELETE_IN_PROGRESS in 0.07085084915161133
2020-04-13 01:27:01.143 6673 RALLYDEBUG rally.task.utils [-] Waiting for resource . Status changed: UPDATE_IN_PROGRESS => UPDATE_COMPLETE in 1.0863227844238281
2020-04-13 01:27:01.184 6670 RALLYDEBUG rally.task.utils [-] Waiting for resource . Status changed: UPDATE_IN_PROGRESS => UPDATE_COMPLETE in 1.0884652137756348
2020-04-13 01:27:01.185 6671 RALLYDEBUG rally.task.utils [-] Waiting for resource . Status changed: UPDATE_IN_PROGRESS => UPDATE_COMPLETE in 1.0963678359985352
2020-04-13 01:27:01.299 6673 RALLYDEBUG rally.task.utils [-] Waiting for resource . Status changed: CREATE_COMPLETE => DELETE_IN_PROGRESS in 0.0681309700012207
2020-04-13 01:27:01.378 6670 RALLYDEBUG rally.task.utils [-] Waiting for resource . Status changed: CREATE_COMPLETE => DELETE_IN_PROGRESS in 0.07228946685791016
2020-04-13 01:27:01.387 6671 RALLYDEBUG rally.task.utils [-] Waiting for resource . Status changed: CREATE_COMPLETE => DELETE_IN_PROGRESS in 0.07910275459289551
2020-04-13 01:27:03.591 6672 INFO rally.task.runner [-] Task 03a44dd0-c775-4652-abcf-8f15eb317f77 | ITER: 5 END: OK
2020-04-13 01:27:03.595 6672 INFO rally.task.runner [-] Task 03a44dd0-c775-4652-abcf-8f15eb317f77 | ITER: 9 START
2020-04-13 01:27:04.520 6673 INFO rally.task.runner [-] Task 03a44dd0-c775-4652-abcf-8f15eb317f77 | ITER: 6 END: OK
2020-04-13 01:27:04.525 6673 INFO rally.task.runner [-] Task 03a44dd0-c775-4652-abcf-8f15eb317f77 | ITER: 10 START
2020-04-13 01:27:04.605 6670 INFO rally.task.runner [-] Task 03a44dd0-c775-4652-abcf-8f15eb317f77 | ITER: 8 END: OK
2020-04-13 01:27:04.608 6671 INFO rally.task.runner [-] Task 03a44dd0-c775-4652-abcf-8f15eb317f77 | ITER: 7 END: OK
2020-04-13 01:27:06.431 6672 RALLYDEBUG rally.task.utils [-] Waiting for resource . Status changed: CREATE_IN_PROGRESS => CREATE_COMPLETE in 0.0708625316619873
2020-04-13 01:27:07.472 6673 RALLYDEBUG rally.task.utils [-] Waiting for resource . Status changed: CREATE_IN_PROGRESS => CREATE_COMPLETE in 0.09092330932617188
2020-04-13 01:27:08.628 6672 RALLYDEBUG rally.task.utils [-] Waiting for resource . Status changed: CREATE_COMPLETE => UPDATE_IN_PROGRESS in 0.08636713027954102
2020-04-13 01:27:09.675 6673 RALLYDEBUG rally.task.utils [-] Waiting for resource . Status changed: CREATE_COMPLETE => UPDATE_IN_PROGRESS in 0.08739304542541504
2020-04-13 01:27:09.725 6672 RALLYDEBUG rally.task.utils [-] Waiting for resource . Status changed: UPDATE_IN_PROGRESS => UPDATE_COMPLETE in 1.0972599983215332
2020-04-13 01:27:09.867 6672 RALLYDEBUG rally.task.utils [-] Waiting for resource . Status changed: CREATE_COMPLETE => DELETE_IN_PROGRESS in 0.06629347801208496
2020-04-13 01:27:10.764 6673 RALLYDEBUG rally.task.utils [-] Waiting for resource . Status changed: UPDATE_IN_PROGRESS => UPDATE_COMPLETE in 1.0895240306854248
2020-04-13 01:27:10.891 6673 RALLYDEBUG rally.task.utils [-] Waiting for resource . Status changed: CREATE_COMPLETE => DELETE_IN_PROGRESS in 0.059885263442993164
2020-04-13 01:27:11.998 6672 INFO rally.task.runner [-] Task 03a44dd0-c775-4652-abcf-8f15eb317f77 | ITER: 9 END: OK
2020-04-13 01:27:13.037 6673 INFO rally.task.runner [-] Task 03a44dd0-c775-4652-abcf-8f15eb317f77 | ITER: 10 END: OK
2020-04-13 01:27:13.069 5253 INFO rally.task.context [-] Task 03a44dd0-c775-4652-abcf-8f15eb317f77 | Context cleanup@openstack cleanup() started
2020-04-13 01:27:13.074 5253 RALLYDEBUG rally_openstack.cleanup.manager [-] Cleaning up heat stacks objects
2020-04-13 01:27:13.898 5253 INFO rally.task.context [-] Task 03a44dd0-c775-4652-abcf-8f15eb317f77 | Context cleanup@openstack cleanup() finished in 0.83 sec
2020-04-13 01:27:13.898 5253 INFO rally.task.context [-] Task 03a44dd0-c775-4652-abcf-8f15eb317f77 | Context roles@openstack cleanup() started
2020-04-13 01:27:13.899 5253 RALLYDEBUG rally_openstack.contexts.keystone.roles [-] Removing assigned role ae1393230f8e4b248a273fec57604d12 from all users
2020-04-13 01:27:14.475 5253 INFO rally.task.context [-] Task 03a44dd0-c775-4652-abcf-8f15eb317f77 | Context roles@openstack cleanup() finished in 0.58 sec
2020-04-13 01:27:14.476 5253 INFO rally.task.context [-] Task 03a44dd0-c775-4652-abcf-8f15eb317f77 | Context users@openstack cleanup() started
2020-04-13 01:27:14.752 5253 WARNING rally.common.logging [-] `iterate_per_tenants()' is deprecated in v3.0.0: it is openstack specific.. Used at
2020-04-13 01:27:17.089 5253 INFO rally.task.context [-] Task 03a44dd0-c775-4652-abcf-8f15eb317f77 | Context users@openstack cleanup() finished in 2.61 sec
2020-04-13 01:27:18.408 5253 INFO rally.task.engine [-] Load duration is: 23.574186
2020-04-13 01:27:18.408 5253 INFO rally.task.engine [-] Full runner duration is: 27.624173
2020-04-13 01:27:18.409 5253 INFO rally.task.engine [-] Full duration is: 34.958017
2020-04-13 01:27:18.471 5253 INFO rally.task.engine [-] Running workload: position = 1 config = { "version": 2, "title": "A cropped version of a bigger task.", "description": "Auto-generated task from a single workload (uuid=69f36c9b-3924-4823-922b-1eebf423a46a)", "subtasks": [ { "title": "HeatStacks.create_update_delete_stack", "description": "Create, update and then delete a stack.", "scenario": { "HeatStacks.create_update_delete_stack": { "template_path": "/usr/lib/python3.7/site-packages/functest/opnfv_tests/openstack/rally/scenario/templates/random_strings.yaml.template", "updated_template_path": "/usr/lib/python3.7/site-packages/functest/opnfv_tests/openstack/rally/scenario/templates/updated_random_strings_delete.yaml.template" } }, "contexts": { "users": { "tenants": 3, "users_per_tenant": 2 }, "roles": [ "heat_stack_owner" ] }, "runner": { "constant": { "concurrency": 4, "times": 10 } }, "hooks": [], "sla": { "failure_rate": { "max": 0 } } } ] }
2020-04-13 01:27:18.495 5253 RALLYDEBUG rally_openstack.contexts.keystone.users [-] Creating 3 tenants using 3 threads
2020-04-13 01:27:19.027 5253 RALLYDEBUG rally_openstack.contexts.keystone.users [-] Creating 6 users using 6 threads
2020-04-13 01:27:20.168 5253 INFO rally.task.context [-] Task 03a44dd0-c775-4652-abcf-8f15eb317f77 | Context users@openstack setup() finished in 1.67 sec
2020-04-13 01:27:20.398 5253 RALLYDEBUG rally_openstack.contexts.keystone.roles [-] Adding role heat_stack_owner having ID ae1393230f8e4b248a273fec57604d12 to all users using 30 threads
2020-04-13 01:27:22.245 5253 INFO rally.task.context [-] Task 03a44dd0-c775-4652-abcf-8f15eb317f77 | Context roles@openstack setup() finished in 2.08 sec
2020-04-13 01:27:22.245 5253 INFO rally.task.context [-] Task 03a44dd0-c775-4652-abcf-8f15eb317f77 | Context cleanup@openstack setup() finished in 0.02 msec
2020-04-13 01:27:22.257 5253 RALLYDEBUG rally.task.runner [-] Starting the constant runner (task UUID: 03a44dd0-c775-4652-abcf-8f15eb317f77). times: 10 concurrency: 4 timeout: 0 max_cpu_used: 88 processes_to_start: 4 concurrency_per_worker: 1 concurrency_overhead: 0
2020-04-13 01:27:22.270 6823 RALLYDEBUG rally.task.runner [-] Starting a worker. times: 10 duration: None concurrency: 1 timeout: 0 cls: method_name: run args: {"template_path": "heat_template_version: 2014-10-16\n\ndescription: Test template for rally create-update-delete scenario\n\nresources:\n test_string_one:\n type: OS::Heat::RandomString\n properties:\n length: 20\n test_string_two:\n type: OS::Heat::RandomString\n properties:\n length: 20", "updated_template_path": "heat_template_version: 2014-10-16\n\ndescription: >\n Test template for create-update-delete-stack scenario in rally.\n The template deletes one resource from the stack defined by random_strings.yaml.template.\n\nresources:\n test_string_one:\n type: OS::Heat::RandomString\n properties:\n length: 20"}
2020-04-13 01:27:22.272 6824 RALLYDEBUG rally.task.runner [-] Starting a worker. times: 10 duration: None concurrency: 1 timeout: 0 cls: method_name: run args: {"template_path": "heat_template_version: 2014-10-16\n\ndescription: Test template for rally create-update-delete scenario\n\nresources:\n test_string_one:\n type: OS::Heat::RandomString\n properties:\n length: 20\n test_string_two:\n type: OS::Heat::RandomString\n properties:\n length: 20", "updated_template_path": "heat_template_version: 2014-10-16\n\ndescription: >\n Test template for create-update-delete-stack scenario in rally.\n The template deletes one resource from the stack defined by random_strings.yaml.template.\n\nresources:\n test_string_one:\n type: OS::Heat::RandomString\n properties:\n length: 20"}
2020-04-13 01:27:22.275 6825 RALLYDEBUG rally.task.runner [-] Starting a worker. times: 10 duration: None concurrency: 1 timeout: 0 cls: method_name: run args: {"template_path": "heat_template_version: 2014-10-16\n\ndescription: Test template for rally create-update-delete scenario\n\nresources:\n test_string_one:\n type: OS::Heat::RandomString\n properties:\n length: 20\n test_string_two:\n type: OS::Heat::RandomString\n properties:\n length: 20", "updated_template_path": "heat_template_version: 2014-10-16\n\ndescription: >\n Test template for create-update-delete-stack scenario in rally.\n The template deletes one resource from the stack defined by random_strings.yaml.template.\n\nresources:\n test_string_one:\n type: OS::Heat::RandomString\n properties:\n length: 20"}
2020-04-13 01:27:22.277 6823 INFO rally.task.runner [-] Task 03a44dd0-c775-4652-abcf-8f15eb317f77 | ITER: 1 START
2020-04-13 01:27:22.278 6824 INFO rally.task.runner [-] Task 03a44dd0-c775-4652-abcf-8f15eb317f77 | ITER: 2 START
2020-04-13 01:27:22.278 6826 RALLYDEBUG rally.task.runner [-] Starting a worker. times: 10 duration: None concurrency: 1 timeout: 0 cls: method_name: run args: {"template_path": "heat_template_version: 2014-10-16\n\ndescription: Test template for rally create-update-delete scenario\n\nresources:\n test_string_one:\n type: OS::Heat::RandomString\n properties:\n length: 20\n test_string_two:\n type: OS::Heat::RandomString\n properties:\n length: 20", "updated_template_path": "heat_template_version: 2014-10-16\n\ndescription: >\n Test template for create-update-delete-stack scenario in rally.\n The template deletes one resource from the stack defined by random_strings.yaml.template.\n\nresources:\n test_string_one:\n type: OS::Heat::RandomString\n properties:\n length: 20"}
2020-04-13 01:27:22.282 6825 INFO rally.task.runner [-] Task 03a44dd0-c775-4652-abcf-8f15eb317f77 | ITER: 3 START
2020-04-13 01:27:22.285 6826 INFO rally.task.runner [-] Task 03a44dd0-c775-4652-abcf-8f15eb317f77 | ITER: 4 START
2020-04-13 01:27:25.090 6824 RALLYDEBUG rally.task.utils [-] Waiting for resource . Status changed: CREATE_IN_PROGRESS => CREATE_COMPLETE in 0.09084248542785645
2020-04-13 01:27:25.113 6825 RALLYDEBUG rally.task.utils [-] Waiting for resource . Status changed: CREATE_IN_PROGRESS => CREATE_COMPLETE in 0.09018754959106445
2020-04-13 01:27:25.136 6823 RALLYDEBUG rally.task.utils [-] Waiting for resource . Status changed: CREATE_IN_PROGRESS => CREATE_COMPLETE in 0.08588933944702148
2020-04-13 01:27:25.233 6826 RALLYDEBUG rally.task.utils [-] Waiting for resource . Status changed: CREATE_IN_PROGRESS => CREATE_COMPLETE in 0.07756733894348145
2020-04-13 01:27:27.301 6824 RALLYDEBUG rally.task.utils [-] Waiting for resource . Status changed: CREATE_COMPLETE => UPDATE_COMPLETE in 0.089691162109375
2020-04-13 01:27:27.329 6825 RALLYDEBUG rally.task.utils [-] Waiting for resource . Status changed: CREATE_COMPLETE => UPDATE_COMPLETE in 0.07422447204589844
2020-04-13 01:27:27.369 6823 RALLYDEBUG rally.task.utils [-] Waiting for resource . Status changed: CREATE_COMPLETE => UPDATE_COMPLETE in 0.0825345516204834
2020-04-13 01:27:27.440 6824 RALLYDEBUG rally.task.utils [-] Waiting for resource . Status changed: CREATE_COMPLETE => DELETE_IN_PROGRESS in 0.06923651695251465
2020-04-13 01:27:27.473 6825 RALLYDEBUG rally.task.utils [-] Waiting for resource . Status changed: CREATE_COMPLETE => DELETE_IN_PROGRESS in 0.0687112808227539
2020-04-13 01:27:27.495 6826 RALLYDEBUG rally.task.utils [-] Waiting for resource . Status changed: CREATE_COMPLETE => UPDATE_COMPLETE in 0.0936579704284668
2020-04-13 01:27:27.521 6823 RALLYDEBUG rally.task.utils [-] Waiting for resource . Status changed: CREATE_COMPLETE => DELETE_IN_PROGRESS in 0.06635069847106934
2020-04-13 01:27:27.657 6826 RALLYDEBUG rally.task.utils [-] Waiting for resource . Status changed: CREATE_COMPLETE => DELETE_IN_PROGRESS in 0.06925344467163086
2020-04-13 01:27:28.521 6824 INFO rally.task.runner [-] Task 03a44dd0-c775-4652-abcf-8f15eb317f77 | ITER: 2 END: OK
2020-04-13 01:27:28.526 6824 INFO rally.task.runner [-] Task 03a44dd0-c775-4652-abcf-8f15eb317f77 | ITER: 5 START
2020-04-13 01:27:28.556 6825 INFO rally.task.runner [-] Task 03a44dd0-c775-4652-abcf-8f15eb317f77 | ITER: 3 END: OK
2020-04-13 01:27:28.561 6825 INFO rally.task.runner [-] Task 03a44dd0-c775-4652-abcf-8f15eb317f77 | ITER: 6 START
2020-04-13 01:27:28.602 6823 INFO rally.task.runner [-] Task 03a44dd0-c775-4652-abcf-8f15eb317f77 | ITER: 1 END: OK
2020-04-13 01:27:28.606 6823 INFO rally.task.runner [-] Task 03a44dd0-c775-4652-abcf-8f15eb317f77 | ITER: 7 START
2020-04-13 01:27:28.727 6826 INFO rally.task.runner [-] Task 03a44dd0-c775-4652-abcf-8f15eb317f77 | ITER: 4 END: OK
2020-04-13 01:27:28.733 6826 INFO rally.task.runner [-] Task 03a44dd0-c775-4652-abcf-8f15eb317f77 | ITER: 8 START
2020-04-13 01:27:31.439 6824 RALLYDEBUG rally.task.utils [-] Waiting for resource . Status changed: CREATE_IN_PROGRESS => CREATE_COMPLETE in 0.07618260383605957
2020-04-13 01:27:31.467 6825 RALLYDEBUG rally.task.utils [-] Waiting for resource . Status changed: CREATE_IN_PROGRESS => CREATE_COMPLETE in 0.08147859573364258
2020-04-13 01:27:31.493 6823 RALLYDEBUG rally.task.utils [-] Waiting for resource . Status changed: CREATE_IN_PROGRESS => CREATE_COMPLETE in 0.0845482349395752
2020-04-13 01:27:31.500 6826 RALLYDEBUG rally.task.utils [-] Waiting for resource . Status changed: CREATE_IN_PROGRESS => CREATE_COMPLETE in 0.07631850242614746
2020-04-13 01:27:33.653 6824 RALLYDEBUG rally.task.utils [-] Waiting for resource . Status changed: CREATE_COMPLETE => UPDATE_COMPLETE in 0.09086298942565918
2020-04-13 01:27:33.685 6825 RALLYDEBUG rally.task.utils [-] Waiting for resource . Status changed: CREATE_COMPLETE => UPDATE_COMPLETE in 0.08733463287353516
2020-04-13 01:27:33.728 6823 RALLYDEBUG rally.task.utils [-] Waiting for resource . Status changed: CREATE_COMPLETE => UPDATE_COMPLETE in 0.07951879501342773
2020-04-13 01:27:33.729 6826 RALLYDEBUG rally.task.utils [-] Waiting for resource . Status changed: CREATE_COMPLETE => UPDATE_COMPLETE in 0.07348775863647461
2020-04-13 01:27:33.792 6824 RALLYDEBUG rally.task.utils [-] Waiting for resource . Status changed: CREATE_COMPLETE => DELETE_IN_PROGRESS in 0.06295299530029297
2020-04-13 01:27:33.828 6825 RALLYDEBUG rally.task.utils [-] Waiting for resource . Status changed: CREATE_COMPLETE => DELETE_IN_PROGRESS in 0.06702613830566406
2020-04-13 01:27:33.894 6826 RALLYDEBUG rally.task.utils [-] Waiting for resource . Status changed: CREATE_COMPLETE => DELETE_IN_PROGRESS in 0.07391476631164551
2020-04-13 01:27:33.898 6823 RALLYDEBUG rally.task.utils [-] Waiting for resource . Status changed: CREATE_COMPLETE => DELETE_IN_PROGRESS in 0.06999611854553223
2020-04-13 01:27:34.867 6824 INFO rally.task.runner [-] Task 03a44dd0-c775-4652-abcf-8f15eb317f77 | ITER: 5 END: OK
2020-04-13 01:27:34.871 6824 INFO rally.task.runner [-] Task 03a44dd0-c775-4652-abcf-8f15eb317f77 | ITER: 9 START
2020-04-13 01:27:34.905 6825 INFO rally.task.runner [-] Task 03a44dd0-c775-4652-abcf-8f15eb317f77 | ITER: 6 END: OK
2020-04-13 01:27:34.909 6825 INFO rally.task.runner [-] Task 03a44dd0-c775-4652-abcf-8f15eb317f77 | ITER: 10 START
2020-04-13 01:27:34.973 6826 INFO rally.task.runner [-] Task 03a44dd0-c775-4652-abcf-8f15eb317f77 | ITER: 8 END: OK
2020-04-13 01:27:34.984 6823 INFO rally.task.runner [-] Task 03a44dd0-c775-4652-abcf-8f15eb317f77 | ITER: 7 END: OK
2020-04-13 01:27:37.712 6824 RALLYDEBUG rally.task.utils [-] Waiting for resource . Status changed: CREATE_IN_PROGRESS => CREATE_COMPLETE in 0.0815572738647461
2020-04-13 01:27:37.721 6825 RALLYDEBUG rally.task.utils [-] Waiting for resource . Status changed: CREATE_IN_PROGRESS => CREATE_COMPLETE in 0.08171248435974121
2020-04-13 01:27:39.923 6825 RALLYDEBUG rally.task.utils [-] Waiting for resource . Status changed: CREATE_COMPLETE => UPDATE_COMPLETE in 0.07402515411376953
2020-04-13 01:27:39.936 6824 RALLYDEBUG rally.task.utils [-] Waiting for resource . Status changed: CREATE_COMPLETE => UPDATE_COMPLETE in 0.0784907341003418
2020-04-13 01:27:40.055 6825 RALLYDEBUG rally.task.utils [-] Waiting for resource . Status changed: CREATE_COMPLETE => DELETE_IN_PROGRESS in 0.06907200813293457
2020-04-13 01:27:40.091 6824 RALLYDEBUG rally.task.utils [-] Waiting for resource . Status changed: CREATE_COMPLETE => DELETE_IN_PROGRESS in 0.07748222351074219
2020-04-13 01:27:41.134 6825 INFO rally.task.runner [-] Task 03a44dd0-c775-4652-abcf-8f15eb317f77 | ITER: 10 END: OK
2020-04-13 01:27:41.171 6824 INFO rally.task.runner [-] Task 03a44dd0-c775-4652-abcf-8f15eb317f77 | ITER: 9 END: OK
2020-04-13 01:27:41.195 5253 INFO rally.task.context [-] Task 03a44dd0-c775-4652-abcf-8f15eb317f77 | Context cleanup@openstack cleanup() started
2020-04-13 01:27:41.203 5253 RALLYDEBUG rally_openstack.cleanup.manager [-] Cleaning up heat stacks objects
2020-04-13 01:27:42.032 5253 INFO rally.task.context [-] Task 03a44dd0-c775-4652-abcf-8f15eb317f77 | Context cleanup@openstack cleanup() finished in 0.84 sec
2020-04-13 01:27:42.033 5253 INFO rally.task.context [-] Task 03a44dd0-c775-4652-abcf-8f15eb317f77 | Context roles@openstack cleanup() started
2020-04-13 01:27:42.033 5253 RALLYDEBUG rally_openstack.contexts.keystone.roles [-] Removing assigned role ae1393230f8e4b248a273fec57604d12 from all users
2020-04-13 01:27:42.534 5253 INFO rally.task.context [-] Task 03a44dd0-c775-4652-abcf-8f15eb317f77 | Context roles@openstack cleanup() finished in 0.50 sec
2020-04-13 01:27:42.535 5253 INFO rally.task.context [-] Task 03a44dd0-c775-4652-abcf-8f15eb317f77 | Context users@openstack cleanup() started
2020-04-13 01:27:42.837 5253 WARNING rally.common.logging [-] `iterate_per_tenants()' is deprecated in v3.0.0: it is openstack specific.. Used at
2020-04-13 01:27:45.296 5253 INFO rally.task.context [-] Task 03a44dd0-c775-4652-abcf-8f15eb317f77 | Context users@openstack cleanup() finished in 2.76 sec
2020-04-13 01:27:46.741 5253 INFO rally.task.engine [-] Load duration is: 14.89204
2020-04-13 01:27:46.742 5253 INFO rally.task.engine [-] Full runner duration is: 18.938486
2020-04-13 01:27:46.742 5253 INFO rally.task.engine [-] Full duration is: 26.803198
2020-04-13 01:27:46.800 5253 INFO rally.task.engine [-] Running workload: position = 2 config = { "version": 2, "title": "A cropped version of a bigger task.", "description": "Auto-generated task from a single workload (uuid=e11f895d-6e19-43c6-9b5f-b2dd23210141)", "subtasks": [ { "title": "HeatStacks.create_update_delete_stack", "description": "Create, update and then delete a stack.", "scenario": { "HeatStacks.create_update_delete_stack": { "template_path": "/usr/lib/python3.7/site-packages/functest/opnfv_tests/openstack/rally/scenario/templates/resource_group.yaml.template", "updated_template_path": "/usr/lib/python3.7/site-packages/functest/opnfv_tests/openstack/rally/scenario/templates/updated_resource_group_increase.yaml.template" } }, "contexts": { "users": { "tenants": 3, "users_per_tenant": 2 }, "roles": [ "heat_stack_owner" ] }, "runner": { "constant": { "concurrency": 4, "times": 10 } }, "hooks": [], "sla": { "failure_rate": { "max": 0 } } } ] }
2020-04-13 01:27:46.824 5253 RALLYDEBUG rally_openstack.contexts.keystone.users [-] Creating 3 tenants using 3 threads
2020-04-13 01:27:47.322 5253 RALLYDEBUG rally_openstack.contexts.keystone.users [-] Creating 6 users using 6 threads
2020-04-13 01:27:48.224 5253 INFO rally.task.context [-] Task 03a44dd0-c775-4652-abcf-8f15eb317f77 | Context users@openstack setup() finished in 1.40 sec
2020-04-13 01:27:48.435 5253 RALLYDEBUG rally_openstack.contexts.keystone.roles [-] Adding role heat_stack_owner having ID ae1393230f8e4b248a273fec57604d12 to all users using 30 threads
2020-04-13 01:27:50.182 5253 INFO rally.task.context [-] Task 03a44dd0-c775-4652-abcf-8f15eb317f77 | Context roles@openstack setup() finished in 1.96 sec
2020-04-13 01:27:50.183 5253 INFO rally.task.context [-] Task 03a44dd0-c775-4652-abcf-8f15eb317f77 | Context cleanup@openstack setup() finished in 0.12 msec
2020-04-13 01:27:50.193 5253 RALLYDEBUG rally.task.runner [-] Starting the constant runner (task UUID: 03a44dd0-c775-4652-abcf-8f15eb317f77). times: 10 concurrency: 4 timeout: 0 max_cpu_used: 88 processes_to_start: 4 concurrency_per_worker: 1 concurrency_overhead: 0
2020-04-13 01:27:50.205 6976 RALLYDEBUG rally.task.runner [-] Starting a worker. times: 10 duration: None concurrency: 1 timeout: 0 cls: method_name: run args: {"template_path": "heat_template_version: 2014-10-16\n\ndescription: Test template for rally create-update-delete scenario\n\nresources:\n test_group:\n type: OS::Heat::ResourceGroup\n properties:\n count: 2\n resource_def:\n type: OS::Heat::RandomString\n properties:\n length: 20", "updated_template_path": "heat_template_version: 2014-10-16\n\ndescription: >\n Test template for create-update-delete-stack scenario in rally.\n The template updates one resource from the stack defined by resource_group.yaml.template\n and adds children resources to that resource.\n\nresources:\n test_group:\n type: OS::Heat::ResourceGroup\n properties:\n count: 3\n resource_def:\n type: OS::Heat::RandomString\n properties:\n length: 20"}
2020-04-13 01:27:50.208 6977 RALLYDEBUG rally.task.runner [-] Starting a worker. times: 10 duration: None concurrency: 1 timeout: 0 cls: method_name: run args: {"template_path": "heat_template_version: 2014-10-16\n\ndescription: Test template for rally create-update-delete scenario\n\nresources:\n test_group:\n type: OS::Heat::ResourceGroup\n properties:\n count: 2\n resource_def:\n type: OS::Heat::RandomString\n properties:\n length: 20", "updated_template_path": "heat_template_version: 2014-10-16\n\ndescription: >\n Test template for create-update-delete-stack scenario in rally.\n The template updates one resource from the stack defined by resource_group.yaml.template\n and adds children resources to that resource.\n\nresources:\n test_group:\n type: OS::Heat::ResourceGroup\n properties:\n count: 3\n resource_def:\n type: OS::Heat::RandomString\n properties:\n length: 20"}
2020-04-13 01:27:50.212 6976 INFO rally.task.runner [-] Task 03a44dd0-c775-4652-abcf-8f15eb317f77 | ITER: 1 START
2020-04-13 01:27:50.212 6978 RALLYDEBUG rally.task.runner [-] Starting a worker. times: 10 duration: None concurrency: 1 timeout: 0 cls: method_name: run args: {"template_path": "heat_template_version: 2014-10-16\n\ndescription: Test template for rally create-update-delete scenario\n\nresources:\n test_group:\n type: OS::Heat::ResourceGroup\n properties:\n count: 2\n resource_def:\n type: OS::Heat::RandomString\n properties:\n length: 20", "updated_template_path": "heat_template_version: 2014-10-16\n\ndescription: >\n Test template for create-update-delete-stack scenario in rally.\n The template updates one resource from the stack defined by resource_group.yaml.template\n and adds children resources to that resource.\n\nresources:\n test_group:\n type: OS::Heat::ResourceGroup\n properties:\n count: 3\n resource_def:\n type: OS::Heat::RandomString\n properties:\n length: 20"}
