2020-04-13 02:10:30.256 17373 RALLYDEBUG rally.task.utils [-] Waiting for resource s_rally_dd816405_TleZADnh. Status changed: RESERVED => IN-USE in 2.275268316268921
2020-04-13 02:10:30.339 17372 RALLYDEBUG rally.task.utils [-] Waiting for resource s_rally_dd816405_EZRJRC5T. Status changed: ACTIVE => MIGRATING in 0.23748135566711426
2020-04-13 02:10:30.622 17374 RALLYDEBUG rally.task.utils [-] Waiting for resource s_rally_dd816405_Ov6MyCAu. Status changed: ACTIVE => MIGRATING in 0.7573413848876953
2020-04-13 02:10:32.134 17373 RALLYDEBUG rally.task.utils [-] Waiting for resource s_rally_dd816405_WZ0Xy3Qc. Status changed: ACTIVE => MIGRATING in 0.21800017356872559
2020-04-13 02:10:37.038 17375 RALLYDEBUG rally.task.utils [-] Waiting for resource s_rally_dd816405_RBTGzoWl. Status changed: MIGRATING => ACTIVE in 8.927281379699707
2020-04-13 02:10:37.724 17375 RALLYDEBUG rally.task.utils [-] Waiting for resource s_rally_dd816405_oTV6Xrpc. Status changed: AVAILABLE => DETACHING in 0.23360276222229004
2020-04-13 02:10:39.945 17375 RALLYDEBUG rally.task.utils [-] Waiting for resource s_rally_dd816405_oTV6Xrpc. Status changed: DETACHING => AVAILABLE in 2.2208752632141113
2020-04-13 02:10:40.106 17375 RALLYDEBUG rally.task.utils [-] Waiting for resource s_rally_dd816405_oTV6Xrpc. Status changed: AVAILABLE => DELETING in 0.0742025375366211
2020-04-13 02:10:44.661 17375 INFO rally.task.runner [-] Task d5b89353-e7af-467d-9dbb-80eee5429822 | ITER: 4 END: OK
2020-04-13 02:10:44.666 17375 INFO rally.task.runner [-] Task d5b89353-e7af-467d-9dbb-80eee5429822 | ITER: 5 START
2020-04-13 02:10:48.469 17374 RALLYDEBUG rally.task.utils [-] Waiting for resource s_rally_dd816405_Ov6MyCAu. Status changed: MIGRATING => ACTIVE in 17.846815586090088
2020-04-13 02:10:49.151 17374 RALLYDEBUG rally.task.utils [-] Waiting for resource s_rally_dd816405_HckkDDsJ. Status changed: AVAILABLE => DETACHING in 0.21721267700195312
2020-04-13 02:10:51.361 17374 RALLYDEBUG rally.task.utils [-] Waiting for resource s_rally_dd816405_HckkDDsJ. Status changed: DETACHING => AVAILABLE in 2.2095699310302734
2020-04-13 02:10:51.510 17374 RALLYDEBUG rally.task.utils [-] Waiting for resource s_rally_dd816405_HckkDDsJ. Status changed: AVAILABLE => DELETING in 0.07191872596740723
2020-04-13 02:10:54.016 17375 RALLYDEBUG rally.task.utils [-] Waiting for resource s_rally_dd816405_aYGB9sus. Status changed: BUILD => ACTIVE in 6.829203367233276
2020-04-13 02:10:56.410 17374 INFO rally.task.runner [-] Task d5b89353-e7af-467d-9dbb-80eee5429822 | ITER: 3 END: OK
2020-04-13 02:10:56.417 17374 INFO rally.task.runner [-] Task d5b89353-e7af-467d-9dbb-80eee5429822 | ITER: 6 START
2020-04-13 02:10:57.276 17375 RALLYDEBUG rally.task.utils [-] Waiting for resource s_rally_dd816405_YgOjQA90. Status changed: AVAILABLE => RESERVED in 0.21772122383117676
2020-04-13 02:10:59.490 17375 RALLYDEBUG rally.task.utils [-] Waiting for resource s_rally_dd816405_YgOjQA90. Status changed: RESERVED => IN-USE in 2.2142581939697266
2020-04-13 02:10:59.986 17372 RALLYDEBUG rally.task.utils [-] Waiting for resource s_rally_dd816405_EZRJRC5T. Status changed: MIGRATING => ACTIVE in 29.64671540260315
2020-04-13 02:11:00.672 17372 RALLYDEBUG rally.task.utils [-] Waiting for resource s_rally_dd816405_OnH9Gm3b. Status changed: AVAILABLE => DETACHING in 0.18761777877807617
2020-04-13 02:11:01.617 17375 RALLYDEBUG rally.task.utils [-] Waiting for resource s_rally_dd816405_aYGB9sus. Status changed: ACTIVE => MIGRATING in 0.2648050785064697
2020-04-13 02:11:02.896 17372 RALLYDEBUG rally.task.utils [-] Waiting for resource s_rally_dd816405_OnH9Gm3b. Status changed: DETACHING => AVAILABLE in 2.2243785858154297
2020-04-13 02:11:03.052 17372 RALLYDEBUG rally.task.utils [-] Waiting for resource s_rally_dd816405_OnH9Gm3b. Status changed: AVAILABLE => DELETING in 0.07458019256591797
2020-04-13 02:11:06.522 17374 RALLYDEBUG rally.task.utils [-] Waiting for resource s_rally_dd816405_5HnAAIhw. Status changed: BUILD => ACTIVE in 7.61594033241272
2020-04-13 02:11:07.534 17372 INFO rally.task.runner [-] Task d5b89353-e7af-467d-9dbb-80eee5429822 | ITER: 1 END: OK
2020-04-13 02:11:07.541 17372 INFO rally.task.runner [-] Task d5b89353-e7af-467d-9dbb-80eee5429822 | ITER: 7 START
2020-04-13 02:11:09.530 17374 RALLYDEBUG rally.task.utils [-] Waiting for resource s_rally_dd816405_BitOIsEO. Status changed: AVAILABLE => RESERVED in 0.22230005264282227
2020-04-13 02:11:11.737 17374 RALLYDEBUG rally.task.utils [-] Waiting for resource s_rally_dd816405_BitOIsEO. Status changed: RESERVED => IN-USE in 2.206777334213257
2020-04-13 02:11:12.871 17375 RALLYDEBUG rally.task.utils [-] Waiting for resource s_rally_dd816405_aYGB9sus. Status changed: MIGRATING => ACTIVE in 11.253904819488525
2020-04-13 02:11:12.876 17373 RALLYDEBUG rally.task.utils [-] Waiting for resource s_rally_dd816405_WZ0Xy3Qc. Status changed: MIGRATING => ACTIVE in 40.741819620132446
2020-04-13 02:11:13.514 17373 RALLYDEBUG rally.task.utils [-] Waiting for resource s_rally_dd816405_TleZADnh. Status changed: AVAILABLE => DETACHING in 0.2235403060913086
2020-04-13 02:11:13.528 17375 RALLYDEBUG rally.task.utils [-] Waiting for resource s_rally_dd816405_YgOjQA90. Status changed: AVAILABLE => DETACHING in 0.22359848022460938
2020-04-13 02:11:13.665 17374 RALLYDEBUG rally.task.utils [-] Waiting for resource s_rally_dd816405_5HnAAIhw. Status changed: ACTIVE => MIGRATING in 0.19021272659301758
2020-04-13 02:11:15.711 17373 RALLYDEBUG rally.task.utils [-] Waiting for resource s_rally_dd816405_TleZADnh. Status changed: DETACHING => AVAILABLE in 2.1975033283233643
2020-04-13 02:11:15.730 17375 RALLYDEBUG rally.task.utils [-] Waiting for resource s_rally_dd816405_YgOjQA90. Status changed: DETACHING => AVAILABLE in 2.202216863632202
2020-04-13 02:11:15.858 17373 RALLYDEBUG rally.task.utils [-] Waiting for resource s_rally_dd816405_TleZADnh. Status changed: AVAILABLE => DELETING in 0.06946563720703125
2020-04-13 02:11:15.876 17375 RALLYDEBUG rally.task.utils [-] Waiting for resource s_rally_dd816405_YgOjQA90. Status changed: AVAILABLE => DELETING in 0.07036304473876953
2020-04-13 02:11:16.644 17372 RALLYDEBUG rally.task.utils [-] Waiting for resource s_rally_dd816405_w2d30rMI. Status changed: BUILD => ACTIVE in 6.762089014053345
2020-04-13 02:11:19.670 17372 RALLYDEBUG rally.task.utils [-] Waiting for resource s_rally_dd816405_GNKL67dH. Status changed: AVAILABLE => RESERVED in 0.21824908256530762
2020-04-13 02:11:20.608 17375 INFO rally.task.runner [-] Task d5b89353-e7af-467d-9dbb-80eee5429822 | ITER: 5 END: OK
2020-04-13 02:11:20.614 17375 INFO rally.task.runner [-] Task d5b89353-e7af-467d-9dbb-80eee5429822 | ITER: 8 START
2020-04-13 02:11:21.861 17372 RALLYDEBUG rally.task.utils [-] Waiting for resource s_rally_dd816405_GNKL67dH. Status changed: RESERVED => IN-USE in 2.1909115314483643
2020-04-13 02:11:22.665 17373 INFO rally.task.runner [-] Task d5b89353-e7af-467d-9dbb-80eee5429822 | ITER: 2 END: OK
2020-04-13 02:11:22.671 17373 INFO rally.task.runner [-] Task d5b89353-e7af-467d-9dbb-80eee5429822 | ITER: 9 START
2020-04-13 02:11:24.460 17372 RALLYDEBUG rally.task.utils [-] Waiting for resource s_rally_dd816405_w2d30rMI. Status changed: ACTIVE => MIGRATING in 0.6904654502868652
2020-04-13 02:11:25.279 17374 RALLYDEBUG rally.task.utils [-] Waiting for resource s_rally_dd816405_5HnAAIhw. Status changed: MIGRATING => ACTIVE in 11.613608360290527
2020-04-13 02:11:25.970 17374 RALLYDEBUG rally.task.utils [-] Waiting for resource s_rally_dd816405_BitOIsEO. Status changed: AVAILABLE => DETACHING in 0.19861912727355957
2020-04-13 02:11:28.183 17374 RALLYDEBUG rally.task.utils [-] Waiting for resource s_rally_dd816405_BitOIsEO. Status changed: DETACHING => AVAILABLE in 2.212721109390259
2020-04-13 02:11:28.340 17374 RALLYDEBUG rally.task.utils [-] Waiting for resource s_rally_dd816405_BitOIsEO. Status changed: AVAILABLE => DELETING in 0.07468366622924805
2020-04-13 02:11:31.836 17375 RALLYDEBUG rally.task.utils [-] Waiting for resource s_rally_dd816405_BFZme3zG. Status changed: BUILD => ACTIVE in 9.081149578094482
2020-04-13 02:11:32.691 17373 RALLYDEBUG rally.task.utils [-] Waiting for resource s_rally_dd816405_WE87VyY2. Status changed: BUILD => ACTIVE in 7.8897929191589355
2020-04-13 02:11:35.009 17375 RALLYDEBUG rally.task.utils [-] Waiting for resource s_rally_dd816405_DvuxGtcB. Status changed: AVAILABLE => RESERVED in 0.19598674774169922
2020-04-13 02:11:35.173 17374 INFO rally.task.runner [-] Task d5b89353-e7af-467d-9dbb-80eee5429822 | ITER: 6 END: OK
2020-04-13 02:11:35.177 17374 INFO rally.task.runner [-] Task d5b89353-e7af-467d-9dbb-80eee5429822 | ITER: 10 START
2020-04-13 02:11:35.756 17373 RALLYDEBUG rally.task.utils [-] Waiting for resource s_rally_dd816405_2GwK4xn2. Status changed: AVAILABLE => RESERVED in 0.20966482162475586
2020-04-13 02:11:37.203 17375 RALLYDEBUG rally.task.utils [-] Waiting for resource s_rally_dd816405_DvuxGtcB. Status changed: RESERVED => IN-USE in 2.1939830780029297
2020-04-13 02:11:37.767 17372 RALLYDEBUG rally.task.utils [-] Waiting for resource s_rally_dd816405_w2d30rMI. Status changed: MIGRATING => ACTIVE in 13.306922435760498
2020-04-13 02:11:37.964 17373 RALLYDEBUG rally.task.utils [-] Waiting for resource s_rally_dd816405_2GwK4xn2. Status changed: RESERVED => IN-USE in 2.208299398422241
2020-04-13 02:11:38.447 17372 RALLYDEBUG rally.task.utils [-] Waiting for resource s_rally_dd816405_GNKL67dH. Status changed: AVAILABLE => DETACHING in 0.19874215126037598
2020-04-13 02:11:39.226 17375 RALLYDEBUG rally.task.utils [-] Waiting for resource s_rally_dd816405_BFZme3zG. Status changed: ACTIVE => MIGRATING in 0.2173914909362793
2020-04-13 02:11:40.215 17373 RALLYDEBUG rally.task.utils [-] Waiting for resource s_rally_dd816405_WE87VyY2. Status changed: ACTIVE => MIGRATING in 0.22712206840515137
2020-04-13 02:11:40.649 17372 RALLYDEBUG rally.task.utils [-] Waiting for resource s_rally_dd816405_GNKL67dH. Status changed: DETACHING => AVAILABLE in 2.202475070953369
2020-04-13 02:11:40.795 17372 RALLYDEBUG rally.task.utils [-] Waiting for resource s_rally_dd816405_GNKL67dH. Status changed: AVAILABLE => DELETING in 0.07228636741638184
2020-04-13 02:11:43.940 17374 RALLYDEBUG rally.task.utils [-] Waiting for resource s_rally_dd816405_ryhJY33F. Status changed: BUILD => ACTIVE in 6.7946107387542725
2020-04-13 02:11:45.368 17372 INFO rally.task.runner [-] Task d5b89353-e7af-467d-9dbb-80eee5429822 | ITER: 7 END: OK
2020-04-13 02:11:46.928 17374 RALLYDEBUG rally.task.utils [-] Waiting for resource s_rally_dd816405_zkMighHr. Status changed: AVAILABLE => RESERVED in 0.19347310066223145
2020-04-13 02:11:48.259 17375 RALLYDEBUG rally.task.utils [-] Waiting for resource s_rally_dd816405_BFZme3zG. Status changed: MIGRATING => ACTIVE in 9.032742023468018
2020-04-13 02:11:48.899 17375 RALLYDEBUG rally.task.utils [-] Waiting for resource s_rally_dd816405_DvuxGtcB. Status changed: AVAILABLE => DETACHING in 0.2015228271484375
2020-04-13 02:11:49.129 17374 RALLYDEBUG rally.task.utils [-] Waiting for resource s_rally_dd816405_zkMighHr. Status changed: RESERVED => IN-USE in 2.2016730308532715
2020-04-13 02:11:51.118 17375 RALLYDEBUG rally.task.utils [-] Waiting for resource s_rally_dd816405_DvuxGtcB. Status changed: DETACHING => AVAILABLE in 2.2184741497039795
2020-04-13 02:11:51.280 17375 RALLYDEBUG rally.task.utils [-] Waiting for resource s_rally_dd816405_DvuxGtcB. Status changed: AVAILABLE => DELETING in 0.07381486892700195
2020-04-13 02:11:51.734 17374 RALLYDEBUG rally.task.utils [-] Waiting for resource s_rally_dd816405_ryhJY33F. Status changed: ACTIVE => MIGRATING in 0.24108028411865234
2020-04-13 02:11:55.801 17375 INFO rally.task.runner [-] Task d5b89353-e7af-467d-9dbb-80eee5429822 | ITER: 8 END: OK
2020-04-13 02:12:00.701 17373 RALLYDEBUG rally.task.utils [-] Waiting for resource s_rally_dd816405_WE87VyY2. Status changed: MIGRATING => ACTIVE in 20.485063076019287
2020-04-13 02:12:01.342 17373 RALLYDEBUG rally.task.utils [-] Waiting for resource s_rally_dd816405_2GwK4xn2. Status changed: AVAILABLE => DETACHING in 0.2080974578857422
2020-04-13 02:12:02.903 17374 RALLYDEBUG rally.task.utils [-] Waiting for resource s_rally_dd816405_ryhJY33F. Status changed: MIGRATING => ACTIVE in 11.169803619384766
2020-04-13 02:12:03.552 17373 RALLYDEBUG rally.task.utils [-] Waiting for resource s_rally_dd816405_2GwK4xn2. Status changed: DETACHING => AVAILABLE in 2.2105677127838135
2020-04-13 02:12:03.555 17374 RALLYDEBUG rally.task.utils [-] Waiting for resource s_rally_dd816405_zkMighHr. Status changed: AVAILABLE => DETACHING in 0.19517278671264648
2020-04-13 02:12:03.708 17373 RALLYDEBUG rally.task.utils [-] Waiting for resource s_rally_dd816405_2GwK4xn2. Status changed: AVAILABLE => DELETING in 0.07091832160949707
2020-04-13 02:12:05.770 17374 RALLYDEBUG rally.task.utils [-] Waiting for resource s_rally_dd816405_zkMighHr. Status changed: DETACHING => AVAILABLE in 2.215101480484009
2020-04-13 02:12:05.946 17374 RALLYDEBUG rally.task.utils [-] Waiting for resource s_rally_dd816405_zkMighHr. Status changed: AVAILABLE => DELETING in 0.08627700805664062
2020-04-13 02:12:08.191 17373 INFO rally.task.runner [-] Task d5b89353-e7af-467d-9dbb-80eee5429822 | ITER: 9 END: OK
2020-04-13 02:12:10.596 17374 INFO rally.task.runner [-] Task d5b89353-e7af-467d-9dbb-80eee5429822 | ITER: 10 END: OK
2020-04-13 02:12:10.627 15661 INFO rally.task.context [-] Task d5b89353-e7af-467d-9dbb-80eee5429822 | Context cleanup@openstack cleanup() started
2020-04-13 02:12:10.634 15661 RALLYDEBUG rally_openstack.cleanup.manager [-] Cleaning up nova servers objects
2020-04-13 02:12:11.359 15661 RALLYDEBUG rally_openstack.cleanup.manager [-] Cleaning up nova server_groups objects
2020-04-13 02:12:11.833 15661 RALLYDEBUG rally_openstack.cleanup.manager [-] Cleaning up nova keypairs objects
2020-04-13 02:12:12.962 15661 RALLYDEBUG rally_openstack.cleanup.manager [-] Cleaning up cinder backups objects
2020-04-13 02:12:13.486 15661 RALLYDEBUG rally_openstack.cleanup.manager [-] Cleaning up cinder volume_snapshots objects
2020-04-13 02:12:13.964 15661 RALLYDEBUG rally_openstack.cleanup.manager [-] Cleaning up cinder transfers objects
2020-04-13 02:12:14.439 15661 RALLYDEBUG rally_openstack.cleanup.manager [-] Cleaning up cinder volumes objects
2020-04-13 02:12:15.036 15661 INFO rally.task.context [-] Task d5b89353-e7af-467d-9dbb-80eee5429822 | Context cleanup@openstack cleanup() finished in 4.41 sec
2020-04-13 02:12:15.037 15661 INFO rally.task.context [-] Task d5b89353-e7af-467d-9dbb-80eee5429822 | Context api_versions@openstack cleanup() started
2020-04-13 02:12:15.037 15661 INFO rally.task.context [-] Task d5b89353-e7af-467d-9dbb-80eee5429822 | Context api_versions@openstack cleanup() finished in 0.40 msec
2020-04-13 02:12:15.038 15661 INFO rally.task.context [-] Task d5b89353-e7af-467d-9dbb-80eee5429822 | Context users@openstack cleanup() started
2020-04-13 02:12:15.190 15661 WARNING rally.common.logging [-] `iterate_per_tenants()' is deprecated in v3.0.0: it is openstack specific.. Used at
2020-04-13 02:12:17.356 15661 INFO rally.task.context [-] Task d5b89353-e7af-467d-9dbb-80eee5429822 | Context users@openstack cleanup() finished in 2.32 sec
2020-04-13 02:12:17.505 15661 INFO rally.task.engine [-] Load duration is: 120.554546
2020-04-13 02:12:17.505 15661 INFO rally.task.engine [-] Full runner duration is: 121.60664
2020-04-13 02:12:17.506 15661 INFO rally.task.engine [-] Full duration is: 130.476134
2020-04-13 02:12:17.602 15661 INFO rally.task.engine [-] Running workload: position = 0 config = { "version": 2, "title": "A cropped version of a bigger task.", "description": "Auto-generated task from a single workload (uuid=b35e22f1-982d-4647-a10a-c444e7d682f7)", "subtasks": [ { "title": "NovaServers.boot_server_from_volume_and_live_migrate", "description": "Boot a server from volume and then migrate it.", "scenario": { "NovaServers.boot_server_from_volume_and_live_migrate": { "flavor": { "name": "rally_full-flavor_3c7bba65-cc43-4506-b198-47a10679b894" }, "image": { "name": "rally_full-img_3c7bba65-cc43-4506-b198-47a10679b894" }, "block_migration": false, "volume_size": 1, "force_delete": false, "nics": [ { "net-id": "f511ef3b-576a-4496-a8c5-9294ddbf9583" } ] } }, "contexts": { "users": { "tenants": 3, "users_per_tenant": 2 }, "api_versions": { "cinder": { "version": 3, "service_type": "volumev3" } } }, "runner": { "constant": { "concurrency": 4, "times": 10 } }, "hooks": [], "sla": { "failure_rate": { "max": 0 } } } ] }
2020-04-13 02:12:17.628 15661 RALLYDEBUG rally_openstack.contexts.keystone.users [-] Creating 3 tenants using 3 threads
2020-04-13 02:12:18.167 15661 RALLYDEBUG rally_openstack.contexts.keystone.users [-] Creating 6 users using 6 threads
2020-04-13 02:12:19.330 15661 INFO rally.task.context [-] Task d5b89353-e7af-467d-9dbb-80eee5429822 | Context users@openstack setup() finished in 1.70 sec
2020-04-13 02:12:19.459 15661 INFO rally.task.context [-] Task d5b89353-e7af-467d-9dbb-80eee5429822 | Context api_versions@openstack setup() finished in 0.13 sec
2020-04-13 02:12:19.459 15661 INFO rally.task.context [-] Task d5b89353-e7af-467d-9dbb-80eee5429822 | Context cleanup@openstack setup() finished in 0.02 msec
2020-04-13 02:12:19.976 15661 RALLYDEBUG rally.task.runner [-] Starting the constant runner (task UUID: d5b89353-e7af-467d-9dbb-80eee5429822). times: 10 concurrency: 4 timeout: 0 max_cpu_used: 88 processes_to_start: 4 concurrency_per_worker: 1 concurrency_overhead: 0
2020-04-13 02:12:19.988 17585 RALLYDEBUG rally.task.runner [-] Starting a worker. times: 10 duration: None concurrency: 1 timeout: 0 cls: method_name: run args: {"flavor": "16715136-d9c0-4d22-9bc8-65b99286c5e3", "image": "5e90f54d-1298-498d-a24a-b50a08500c89", "block_migration": false, "volume_size": 1, "force_delete": false, "nics": [{"net-id": "f511ef3b-576a-4496-a8c5-9294ddbf9583"}]}
2020-04-13 02:12:19.991 17586 RALLYDEBUG rally.task.runner [-] Starting a worker. times: 10 duration: None concurrency: 1 timeout: 0 cls: method_name: run args: {"flavor": "16715136-d9c0-4d22-9bc8-65b99286c5e3", "image": "5e90f54d-1298-498d-a24a-b50a08500c89", "block_migration": false, "volume_size": 1, "force_delete": false, "nics": [{"net-id": "f511ef3b-576a-4496-a8c5-9294ddbf9583"}]}
2020-04-13 02:12:19.994 17587 RALLYDEBUG rally.task.runner [-] Starting a worker. times: 10 duration: None concurrency: 1 timeout: 0 cls: method_name: run args: {"flavor": "16715136-d9c0-4d22-9bc8-65b99286c5e3", "image": "5e90f54d-1298-498d-a24a-b50a08500c89", "block_migration": false, "volume_size": 1, "force_delete": false, "nics": [{"net-id": "f511ef3b-576a-4496-a8c5-9294ddbf9583"}]}
2020-04-13 02:12:19.995 17585 INFO rally.task.runner [-] Task d5b89353-e7af-467d-9dbb-80eee5429822 | ITER: 1 START
2020-04-13 02:12:19.997 17586 INFO rally.task.runner [-] Task d5b89353-e7af-467d-9dbb-80eee5429822 | ITER: 2 START
2020-04-13 02:12:19.998 17588 RALLYDEBUG rally.task.runner [-] Starting a worker. times: 10 duration: None concurrency: 1 timeout: 0 cls: method_name: run args: {"flavor": "16715136-d9c0-4d22-9bc8-65b99286c5e3", "image": "5e90f54d-1298-498d-a24a-b50a08500c89", "block_migration": false, "volume_size": 1, "force_delete": false, "nics": [{"net-id": "f511ef3b-576a-4496-a8c5-9294ddbf9583"}]}
2020-04-13 02:12:20.001 17587 INFO rally.task.runner [-] Task d5b89353-e7af-467d-9dbb-80eee5429822 | ITER: 3 START
2020-04-13 02:12:20.005 17588 INFO rally.task.runner [-] Task d5b89353-e7af-467d-9dbb-80eee5429822 | ITER: 4 START
2020-04-13 02:12:24.840 17586 RALLYDEBUG rally.task.utils [-] Waiting for resource s_rally_b35e22f1_dcXUGcwb. Status changed: DOWNLOADING => AVAILABLE in 2.2332658767700195
2020-04-13 02:12:24.880 17587 RALLYDEBUG rally.task.utils [-] Waiting for resource s_rally_b35e22f1_Zqb1isxV. Status changed: DOWNLOADING => AVAILABLE in 2.207618474960327
2020-04-13 02:12:24.891 17588 RALLYDEBUG rally.task.utils [-] Waiting for resource s_rally_b35e22f1_SdAGoOTb. Status changed: DOWNLOADING => AVAILABLE in 2.240938663482666
2020-04-13 02:12:24.924 17585 RALLYDEBUG rally.task.utils [-] Waiting for resource s_rally_b35e22f1_jZ4ypNC7. Status changed: DOWNLOADING => AVAILABLE in 2.2151074409484863
2020-04-13 02:12:34.769 17586 RALLYDEBUG rally.task.utils [-] Waiting for resource s_rally_b35e22f1_bnxW236g. Status changed: BUILD => ACTIVE in 7.318538427352905
2020-04-13 02:12:36.608 17585 RALLYDEBUG rally.task.utils [-] Waiting for resource s_rally_b35e22f1_J4RK8hXQ. Status changed: BUILD => ACTIVE in 9.670472383499146
2020-04-13 02:12:36.875 17588 RALLYDEBUG rally.task.utils [-] Waiting for resource s_rally_b35e22f1_PGUWwXR3. Status changed: BUILD => ACTIVE in 9.1683509349823
2020-04-13 02:12:37.300 17586 RALLYDEBUG rally.task.utils [-] Waiting for resource s_rally_b35e22f1_bnxW236g. Status changed: ACTIVE => MIGRATING in 0.19908857345581055
2020-04-13 02:12:38.447 17587 RALLYDEBUG rally.task.utils [-] Waiting for resource s_rally_b35e22f1_blj3O6Gd. Status changed: BUILD => ACTIVE in 11.193639755249023
2020-04-13 02:12:38.605 17585 RALLYDEBUG rally.task.utils [-] Waiting for resource s_rally_b35e22f1_J4RK8hXQ. Status changed: ACTIVE => MIGRATING in 0.19959807395935059
2020-04-13 02:12:38.811 17588 RALLYDEBUG rally.task.utils [-] Waiting for resource s_rally_b35e22f1_PGUWwXR3. Status changed: ACTIVE => MIGRATING in 0.22396326065063477
2020-04-13 02:12:40.587 17587 RALLYDEBUG rally.task.utils [-] Waiting for resource s_rally_b35e22f1_blj3O6Gd. Status changed: ACTIVE => MIGRATING in 0.20714640617370605
2020-04-13 02:12:47.450 17585 RALLYDEBUG rally.task.utils [-] Waiting for resource s_rally_b35e22f1_J4RK8hXQ. Status changed: MIGRATING => ACTIVE in 8.844338655471802
2020-04-13 02:12:48.887 17586 RALLYDEBUG rally.task.utils [-] Waiting for resource s_rally_b35e22f1_bnxW236g. Status changed: MIGRATING => ACTIVE in 11.587374687194824
2020-04-13 02:12:50.189 17585 INFO rally.task.runner [-] Task d5b89353-e7af-467d-9dbb-80eee5429822 | ITER: 1 END: OK
2020-04-13 02:12:50.193 17585 INFO rally.task.runner [-] Task d5b89353-e7af-467d-9dbb-80eee5429822 | ITER: 5 START
2020-04-13 02:12:51.718 17586 INFO rally.task.runner [-] Task d5b89353-e7af-467d-9dbb-80eee5429822 | ITER: 2 END: OK
2020-04-13 02:12:51.725 17586 INFO rally.task.runner [-] Task d5b89353-e7af-467d-9dbb-80eee5429822 | ITER: 6 START
2020-04-13 02:12:55.167 17585 RALLYDEBUG rally.task.utils [-] Waiting for resource s_rally_b35e22f1_9gZf6SAA. Status changed: DOWNLOADING => AVAILABLE in 2.2411563396453857
2020-04-13 02:12:56.608 17586 RALLYDEBUG rally.task.utils [-] Waiting for resource s_rally_b35e22f1_XpoT6osz. Status changed: DOWNLOADING => AVAILABLE in 2.220449686050415
2020-04-13 02:12:58.685 17588 RALLYDEBUG rally.task.utils [-] Waiting for resource s_rally_b35e22f1_PGUWwXR3. Status changed: MIGRATING => ACTIVE in 19.873355865478516
2020-04-13 02:13:01.341 17588 INFO rally.task.runner [-] Task d5b89353-e7af-467d-9dbb-80eee5429822 | ITER: 4 END: OK
2020-04-13 02:13:01.348 17588 INFO rally.task.runner [-] Task d5b89353-e7af-467d-9dbb-80eee5429822 | ITER: 7 START
2020-04-13 02:13:04.436 17585 RALLYDEBUG rally.task.utils [-] Waiting for resource s_rally_b35e22f1_vPsH7vlq. Status changed: BUILD => ACTIVE in 6.900076866149902
2020-04-13 02:13:06.278 17588 RALLYDEBUG rally.task.utils [-] Waiting for resource s_rally_b35e22f1_yQU3PphK. Status changed: DOWNLOADING => AVAILABLE in 2.3778719902038574
2020-04-13 02:13:06.359 17585 RALLYDEBUG rally.task.utils [-] Waiting for resource s_rally_b35e22f1_vPsH7vlq. Status changed: ACTIVE => MIGRATING in 0.21140789985656738
2020-04-13 02:13:07.905 17586 RALLYDEBUG rally.task.utils [-] Waiting for resource s_rally_b35e22f1_crNfzxsI. Status changed: BUILD => ACTIVE in 8.929265260696411
2020-04-13 02:13:09.911 17586 RALLYDEBUG rally.task.utils [-] Waiting for resource s_rally_b35e22f1_crNfzxsI. Status changed: ACTIVE => MIGRATING in 0.21374058723449707
2020-04-13 02:13:11.752 17587 RALLYDEBUG rally.task.utils [-] Waiting for resource s_rally_b35e22f1_blj3O6Gd. Status changed: MIGRATING => ACTIVE in 31.164937019348145
2020-04-13 02:13:14.445 17587 INFO rally.task.runner [-] Task d5b89353-e7af-467d-9dbb-80eee5429822 | ITER: 3 END: OK
2020-04-13 02:13:14.452 17587 INFO rally.task.runner [-] Task d5b89353-e7af-467d-9dbb-80eee5429822 | ITER: 8 START
2020-04-13 02:13:18.156 17588 RALLYDEBUG rally.task.utils [-] Waiting for resource s_rally_b35e22f1_kflB89Pl. Status changed: BUILD => ACTIVE in 9.08738899230957
2020-04-13 02:13:18.251 17585 RALLYDEBUG rally.task.utils [-] Waiting for resource s_rally_b35e22f1_vPsH7vlq. Status changed: MIGRATING => ACTIVE in 11.892396211624146
2020-04-13 02:13:19.257 17587 RALLYDEBUG rally.task.utils [-] Waiting for resource s_rally_b35e22f1_REUjJHVX. Status changed: DOWNLOADING => AVAILABLE in 2.237215757369995
2020-04-13 02:13:20.720 17588 RALLYDEBUG rally.task.utils [-] Waiting for resource s_rally_b35e22f1_kflB89Pl. Status changed: ACTIVE => MIGRATING in 0.745488166809082
2020-04-13 02:13:20.996 17585 INFO rally.task.runner [-] Task d5b89353-e7af-467d-9dbb-80eee5429822 | ITER: 5 END: OK
2020-04-13 02:13:21.002 17585 INFO rally.task.runner [-] Task d5b89353-e7af-467d-9dbb-80eee5429822 | ITER: 9 START
2020-04-13 02:13:23.603 17586 RALLYDEBUG rally.task.utils [-] Waiting for resource s_rally_b35e22f1_crNfzxsI. Status changed: MIGRATING => ACTIVE in 13.69197154045105
2020-04-13 02:13:25.761 17585 RALLYDEBUG rally.task.utils [-] Waiting for resource s_rally_b35e22f1_OhjwhX4g. Status changed: DOWNLOADING => AVAILABLE in 2.232290506362915
2020-04-13 02:13:26.271 17586 INFO rally.task.runner [-] Task d5b89353-e7af-467d-9dbb-80eee5429822 | ITER: 6 END: OK
2020-04-13 02:13:26.277 17586 INFO rally.task.runner [-] Task d5b89353-e7af-467d-9dbb-80eee5429822 | ITER: 10 START
2020-04-13 02:13:28.439 17587 RALLYDEBUG rally.task.utils [-] Waiting for resource s_rally_b35e22f1_VhZS31h7. Status changed: BUILD => ACTIVE in 6.756914377212524
2020-04-13 02:13:30.689 17587 RALLYDEBUG rally.task.utils [-] Waiting for resource s_rally_b35e22f1_VhZS31h7. Status changed: ACTIVE => MIGRATING in 0.28441429138183594
2020-04-13 02:13:31.059 17586 RALLYDEBUG rally.task.utils [-] Waiting for resource s_rally_b35e22f1_rtFkUkyF. Status changed: DOWNLOADING => AVAILABLE in 2.217613458633423
2020-04-13 02:13:33.996 17588 RALLYDEBUG rally.task.utils [-] Waiting for resource s_rally_b35e22f1_kflB89Pl. Status changed: MIGRATING => ACTIVE in 13.276347398757935
2020-04-13 02:13:34.984 17585 RALLYDEBUG rally.task.utils [-] Waiting for resource s_rally_b35e22f1_IXme2xir. Status changed: BUILD => ACTIVE in 6.796438694000244
2020-04-13 02:13:36.706 17588 INFO rally.task.runner [-] Task d5b89353-e7af-467d-9dbb-80eee5429822 | ITER: 7 END: OK
2020-04-13 02:13:36.990 17585 RALLYDEBUG rally.task.utils [-] Waiting for resource s_rally_b35e22f1_IXme2xir. Status changed: ACTIVE => MIGRATING in 0.2094869613647461
2020-04-13 02:13:40.953 17586 RALLYDEBUG rally.task.utils [-] Waiting for resource s_rally_b35e22f1_x2wgdRsI. Status changed: BUILD => ACTIVE in 7.64182186126709
2020-04-13 02:13:41.878 17587 RALLYDEBUG rally.task.utils [-] Waiting for resource s_rally_b35e22f1_VhZS31h7. Status changed: MIGRATING => ACTIVE in 11.18909764289856
2020-04-13 02:13:44.197 17586 RALLYDEBUG rally.task.utils [-] Waiting for resource s_rally_b35e22f1_x2wgdRsI. Status changed: ACTIVE => MIGRATING in 0.9486331939697266
2020-04-13 02:13:46.082 17585 RALLYDEBUG rally.task.utils [-] Waiting for resource s_rally_b35e22f1_IXme2xir. Status changed: MIGRATING => ACTIVE in 9.091174840927124
2020-04-13 02:13:46.737 17587 INFO rally.task.runner [-] Task d5b89353-e7af-467d-9dbb-80eee5429822 | ITER: 8 END: OK
2020-04-13 02:13:48.710 17585 INFO rally.task.runner [-] Task d5b89353-e7af-467d-9dbb-80eee5429822 | ITER: 9 END: OK
2020-04-13 02:13:53.675 17586 RALLYDEBUG rally.task.utils [-] Waiting for resource s_rally_b35e22f1_x2wgdRsI. Status changed: MIGRATING => ACTIVE in 9.477813482284546
2020-04-13 02:13:56.717 17586 INFO rally.task.runner [-] Task d5b89353-e7af-467d-9dbb-80eee5429822 | ITER: 10 END: OK
2020-04-13 02:13:56.744 15661 INFO rally.task.context [-] Task d5b89353-e7af-467d-9dbb-80eee5429822 | Context cleanup@openstack cleanup() started
2020-04-13 02:13:56.751 15661 RALLYDEBUG rally_openstack.cleanup.manager [-] Cleaning up nova servers objects
2020-04-13 02:13:57.587 15661 RALLYDEBUG rally_openstack.cleanup.manager [-] Cleaning up nova server_groups objects
2020-04-13 02:13:58.052 15661 RALLYDEBUG rally_openstack.cleanup.manager [-] Cleaning up nova keypairs objects
2020-04-13 02:13:58.966 15661 RALLYDEBUG rally_openstack.cleanup.manager [-] Cleaning up cinder backups objects
2020-04-13 02:13:59.450 15661 RALLYDEBUG rally_openstack.cleanup.manager [-] Cleaning up cinder volume_snapshots objects
2020-04-13 02:13:59.956 15661 RALLYDEBUG rally_openstack.cleanup.manager [-] Cleaning up cinder transfers objects
2020-04-13 02:14:00.376 15661 RALLYDEBUG rally_openstack.cleanup.manager [-] Cleaning up cinder volumes objects
2020-04-13 02:14:01.005 15661 RALLYDEBUG rally_openstack.cleanup.manager [-] Deleting cinder.volumes object s_rally_b35e22f1_dcXUGcwb (4e9f45bd-8e79-47a7-9af9-42c7f0922401)
2020-04-13 02:14:01.009 15661 RALLYDEBUG rally_openstack.cleanup.manager [-] Deleting cinder.volumes object s_rally_b35e22f1_XpoT6osz (e1093087-71f4-4b3e-b696-119ce1a967b4)
2020-04-13 02:14:01.015 15661 RALLYDEBUG rally_openstack.cleanup.manager [-] Deleting cinder.volumes object s_rally_b35e22f1_rtFkUkyF (ef1dd694-6177-434b-9636-90ba13f0ef78)
2020-04-13 02:14:01.017 15661 RALLYDEBUG rally_openstack.cleanup.manager [-] Deleting cinder.volumes object s_rally_b35e22f1_yQU3PphK (d6a2e14f-e7aa-49df-ae70-2dce810f5a0e)
2020-04-13 02:14:01.018 15661 RALLYDEBUG rally_openstack.cleanup.manager [-] Deleting cinder.volumes object s_rally_b35e22f1_OhjwhX4g (65af3a3f-a03f-43d9-84d2-8a8082fc53e8)
2020-04-13 02:14:01.019 15661 RALLYDEBUG rally_openstack.cleanup.manager [-] Deleting cinder.volumes object s_rally_b35e22f1_9gZf6SAA (6cbad662-c323-4a13-a250-f9956a15d403)
2020-04-13 02:14:01.027 15661 RALLYDEBUG rally_openstack.cleanup.manager [-] Deleting cinder.volumes object s_rally_b35e22f1_jZ4ypNC7 (db5af872-33f7-4f36-be25-56297574fc55)
2020-04-13 02:14:01.035 15661 RALLYDEBUG rally_openstack.cleanup.manager [-] Deleting cinder.volumes object s_rally_b35e22f1_REUjJHVX (2626552b-3c53-47ce-9526-aa363527b1de)
2020-04-13 02:14:01.041 15661 RALLYDEBUG rally_openstack.cleanup.manager [-] Deleting cinder.volumes object s_rally_b35e22f1_SdAGoOTb (a80aff7d-1a92-48ec-bbdf-f4b38eb76881)
2020-04-13 02:14:01.050 15661 RALLYDEBUG rally_openstack.cleanup.manager [-] Deleting cinder.volumes object s_rally_b35e22f1_Zqb1isxV (79182e73-1876-4a7d-9849-c6cad2d11242)
2020-04-13 02:14:03.811 15661 INFO rally.task.context [-] Task d5b89353-e7af-467d-9dbb-80eee5429822 | Context cleanup@openstack cleanup() finished in 7.07 sec
2020-04-13 02:14:03.812 15661 INFO rally.task.context [-] Task d5b89353-e7af-467d-9dbb-80eee5429822 | Context api_versions@openstack cleanup() started
2020-04-13 02:14:03.812 15661 INFO rally.task.context [-] Task d5b89353-e7af-467d-9dbb-80eee5429822 | Context api_versions@openstack cleanup() finished in 0.41 msec
2020-04-13 02:14:03.813 15661 INFO rally.task.context [-] Task d5b89353-e7af-467d-9dbb-80eee5429822 | Context users@openstack cleanup() started
2020-04-13 02:14:03.999 15661 WARNING rally.common.logging [-] `iterate_per_tenants()' is deprecated in v3.0.0: it is openstack specific.. Used at
2020-04-13 02:14:06.420 15661 INFO rally.task.context [-] Task d5b89353-e7af-467d-9dbb-80eee5429822 | Context users@openstack cleanup() finished in 2.61 sec
2020-04-13 02:14:08.148 15661 INFO rally.task.engine [-] Load duration is: 95.716204
2020-04-13 02:14:08.148 15661 INFO rally.task.engine [-] Full runner duration is: 96.76822
2020-04-13 02:14:08.149 15661 INFO rally.task.engine [-] Full duration is: 108.795315
2020-04-13 02:14:08.251 15661 INFO rally.task.engine [-] Running workload: position = 0 config = { "version": 2, "title": "A cropped version of a bigger task.", "description": "Auto-generated task from a single workload (uuid=ea3ce5f2-a4ee-415f-a3c1-aaa46bddcef9)", "subtasks": [ { "title": "NovaKeypair.boot_and_delete_server_with_keypair", "description": "Boot and delete server with keypair.", "scenario": { "NovaKeypair.boot_and_delete_server_with_keypair": { "flavor": { "name": "rally_full-flavor_3c7bba65-cc43-4506-b198-47a10679b894" }, "image": { "name": "rally_full-img_3c7bba65-cc43-4506-b198-47a10679b894" }, "boot_server_kwargs": { "nics": [ { "net-id": "f511ef3b-576a-4496-a8c5-9294ddbf9583" } ] } } }, "contexts": { "users": { "tenants": 3, "users_per_tenant": 2 }, "network": { "networks_per_tenant": 1, "start_cidr": "100.1.0.0/25" }, "quotas": { "neutron": { "network": -1, "port": -1, "subnet": -1 }, "nova": { "cores": -1, "floating_ips": -1, "instances": -1, "key_pairs": -1, "ram": -1, "security_group_rules": -1, "security_groups": -1 } } }, "runner": { "constant": { "concurrency": 4, "times": 10 } }, "hooks": [], "sla": { "failure_rate": { "max": 0 } } } ] }
2020-04-13 02:14:08.283 15661 RALLYDEBUG rally_openstack.contexts.keystone.users [-] Creating 3 tenants using 3 threads
2020-04-13 02:14:08.805 15661 RALLYDEBUG rally_openstack.contexts.keystone.users [-] Creating 6 users using 6 threads
2020-04-13 02:14:09.745 15661 INFO rally.task.context [-] Task d5b89353-e7af-467d-9dbb-80eee5429822 | Context users@openstack setup() finished in 1.46 sec
2020-04-13 02:14:10.906 15661 INFO rally.task.context [-] Task d5b89353-e7af-467d-9dbb-80eee5429822 | Context quotas@openstack setup() finished in 1.16 sec
2020-04-13 02:14:10.969 15661 WARNING rally.common.logging [-] `iterate_per_tenants()' is deprecated in v3.0.0: it is openstack specific.. Used at
2020-04-13 02:14:12.919 15661 RALLYDEBUG rally_openstack.wrappers.network [-] CIDR generated: 100.1.9.0/25
2020-04-13 02:14:17.117 15661 RALLYDEBUG rally_openstack.wrappers.network [-] CIDR generated: 100.1.9.128/25
2020-04-13 02:14:21.601 15661 RALLYDEBUG rally_openstack.wrappers.network [-] CIDR generated: 100.1.10.0/25
2020-04-13 02:14:24.420 15661 INFO rally.task.context [-] Task d5b89353-e7af-467d-9dbb-80eee5429822 | Context network@openstack setup() finished in 13.51 sec
2020-04-13 02:14:24.421 15661 INFO rally.task.context [-] Task d5b89353-e7af-467d-9dbb-80eee5429822 | Context cleanup@openstack setup() finished in 0.01 msec
2020-04-13 02:14:24.886 15661 RALLYDEBUG rally.task.runner [-] Starting the constant runner (task UUID: d5b89353-e7af-467d-9dbb-80eee5429822). times: 10 concurrency: 4 timeout: 0 max_cpu_used: 88 processes_to_start: 4 concurrency_per_worker: 1 concurrency_overhead: 0
2020-04-13 02:14:24.895 17798 RALLYDEBUG rally.task.runner [-] Starting a worker. times: 10 duration: None concurrency: 1 timeout: 0 cls: method_name: run args: {"flavor": "16715136-d9c0-4d22-9bc8-65b99286c5e3", "image": "5e90f54d-1298-498d-a24a-b50a08500c89", "boot_server_kwargs": {"nics": [{"net-id": "f511ef3b-576a-4496-a8c5-9294ddbf9583"}]}}
2020-04-13 02:14:24.899 17799 RALLYDEBUG rally.task.runner [-] Starting a worker. times: 10 duration: None concurrency: 1 timeout: 0 cls: method_name: run args: {"flavor": "16715136-d9c0-4d22-9bc8-65b99286c5e3", "image": "5e90f54d-1298-498d-a24a-b50a08500c89", "boot_server_kwargs": {"nics": [{"net-id": "f511ef3b-576a-4496-a8c5-9294ddbf9583"}]}}
2020-04-13 02:14:24.901 17798 INFO rally.task.runner [-] Task d5b89353-e7af-467d-9dbb-80eee5429822 | ITER: 1 START
2020-04-13 02:14:24.902 17800 RALLYDEBUG rally.task.runner [-] Starting a worker. times: 10 duration: None concurrency: 1 timeout: 0 cls: method_name: run args: {"flavor": "16715136-d9c0-4d22-9bc8-65b99286c5e3", "image": "5e90f54d-1298-498d-a24a-b50a08500c89", "boot_server_kwargs": {"nics": [{"net-id": "f511ef3b-576a-4496-a8c5-9294ddbf9583"}]}}
2020-04-13 02:14:24.904 17802 RALLYDEBUG rally.task.runner [-] Starting a worker. times: 10 duration: None concurrency: 1 timeout: 0 cls: method_name: run args: {"flavor": "16715136-d9c0-4d22-9bc8-65b99286c5e3", "image": "5e90f54d-1298-498d-a24a-b50a08500c89", "boot_server_kwargs": {"nics": [{"net-id": "f511ef3b-576a-4496-a8c5-9294ddbf9583"}]}}
2020-04-13 02:14:24.906 17799 INFO rally.task.runner [-] Task d5b89353-e7af-467d-9dbb-80eee5429822 | ITER: 2 START
2020-04-13 02:14:24.909 17800 INFO rally.task.runner [-] Task d5b89353-e7af-467d-9dbb-80eee5429822 | ITER: 3 START
2020-04-13 02:14:24.911 17802 INFO rally.task.runner [-] Task d5b89353-e7af-467d-9dbb-80eee5429822 | ITER: 4 START
2020-04-13 02:14:34.482 17798 RALLYDEBUG rally.task.utils [-] Waiting for resource s_rally_ea3ce5f2_8RlbGA90. Status changed: BUILD => ACTIVE in 6.906928539276123
2020-04-13 02:14:34.571 17799 RALLYDEBUG rally.task.utils [-] Waiting for resource s_rally_ea3ce5f2_XAHO4qi3. Status changed: BUILD => ACTIVE in 7.425712823867798
2020-04-13 02:14:36.637 17800 RALLYDEBUG rally.task.utils [-] Waiting for resource s_rally_ea3ce5f2_OzTgM6XI. Status changed: BUILD => ACTIVE in 8.98908257484436
2020-04-13 02:14:37.226 17799 INFO rally.task.runner [-] Task d5b89353-e7af-467d-9dbb-80eee5429822 | ITER: 2 END: OK
2020-04-13 02:14:37.231 17799 INFO rally.task.runner [-] Task d5b89353-e7af-467d-9dbb-80eee5429822 | ITER: 5 START
2020-04-13 02:14:37.244 17802 RALLYDEBUG rally.task.utils [-] Waiting for resource s_rally_ea3ce5f2_2q7iOT5C. Status changed: BUILD => ACTIVE in 9.829518556594849
2020-04-13 02:14:39.251 17800 INFO rally.task.runner [-] Task d5b89353-e7af-467d-9dbb-80eee5429822 | ITER: 3 END: OK
2020-04-13 02:14:39.257 17800 INFO rally.task.runner [-] Task d5b89353-e7af-467d-9dbb-80eee5429822 | ITER: 6 START
2020-04-13 02:14:39.404 17798 INFO rally.task.runner [-] Task d5b89353-e7af-467d-9dbb-80eee5429822 | ITER: 1 END: OK
2020-04-13 02:14:39.409 17798 INFO rally.task.runner [-] Task d5b89353-e7af-467d-9dbb-80eee5429822 | ITER: 7 START
2020-04-13 02:14:39.777 17802 INFO rally.task.runner [-] Task d5b89353-e7af-467d-9dbb-80eee5429822 | ITER: 4 END: OK
2020-04-13 02:14:39.783 17802 INFO rally.task.runner [-] Task d5b89353-e7af-467d-9dbb-80eee5429822 | ITER: 8 START
2020-04-13 02:14:46.903 17799 RALLYDEBUG rally.task.utils [-] Waiting for resource s_rally_ea3ce5f2_1QjQVFv4. Status changed: BUILD => ACTIVE in 7.253185510635376
2020-04-13 02:14:49.469 17799 INFO rally.task.runner [-] Task d5b89353-e7af-467d-9dbb-80eee5429822 | ITER: 5 END: OK
2020-04-13 02:14:49.474 17799 INFO rally.task.runner [-] Task d5b89353-e7af-467d-9dbb-80eee5429822 | ITER: 9 START
2020-04-13 02:14:50.602 17800 RALLYDEBUG rally.task.utils [-] Waiting for resource s_rally_ea3ce5f2_en43wtQL. Status changed: BUILD => ACTIVE in 9.120623350143433
2020-04-13 02:14:53.560 17800 INFO rally.task.runner [-] Task d5b89353-e7af-467d-9dbb-80eee5429822 | ITER: 6 END: OK
2020-04-13 02:14:53.566 17800 INFO rally.task.runner [-] Task d5b89353-e7af-467d-9dbb-80eee5429822 | ITER: 10 START
2020-04-13 02:14:53.702 17798 RALLYDEBUG rally.task.utils [-] Waiting for resource s_rally_ea3ce5f2_bk9mRoKL. Status changed: BUILD => ACTIVE in 12.198319435119629
2020-04-13 02:14:53.823 17802 RALLYDEBUG rally.task.utils [-] Waiting for resource s_rally_ea3ce5f2_YxLpwkE7. Status changed: BUILD => ACTIVE in 11.883316993713379
2020-04-13 02:14:56.255 17798 INFO rally.task.runner [-] Task d5b89353-e7af-467d-9dbb-80eee5429822 | ITER: 7 END: OK
2020-04-13 02:14:58.451 17802 INFO rally.task.runner [-] Task d5b89353-e7af-467d-9dbb-80eee5429822 | ITER: 8 END: OK
2020-04-13 02:14:58.861 17799 RALLYDEBUG rally.task.utils [-] Waiting for resource s_rally_ea3ce5f2_1GTTAehR. Status changed: BUILD => ACTIVE in 7.284175157546997
2020-04-13 02:15:01.409 17799 INFO rally.task.runner [-] Task d5b89353-e7af-467d-9dbb-80eee5429822 | ITER: 9 END: OK
2020-04-13 02:15:03.290 17800 RALLYDEBUG rally.task.utils [-] Waiting for resource s_rally_ea3ce5f2_bLLPhzkT. Status changed: BUILD => ACTIVE in 7.334638357162476
2020-04-13 02:15:05.851 17800 INFO rally.task.runner [-] Task d5b89353-e7af-467d-9dbb-80eee5429822 | ITER: 10 END: OK
2020-04-13 02:15:05.877 15661 INFO rally.task.context [-] Task d5b89353-e7af-467d-9dbb-80eee5429822 | Context cleanup@openstack cleanup() started
2020-04-13 02:15:05.884 15661 RALLYDEBUG rally_openstack.cleanup.manager [-] Cleaning up nova servers objects
2020-04-13 02:15:06.674 15661 RALLYDEBUG rally_openstack.cleanup.manager [-] Cleaning up nova server_groups objects
2020-04-13 02:15:07.157 15661 RALLYDEBUG rally_openstack.cleanup.manager [-] Cleaning up nova keypairs objects
2020-04-13 02:15:08.279 15661 INFO rally.task.context [-] Task d5b89353-e7af-467d-9dbb-80eee5429822 | Context cleanup@openstack cleanup() finished in 2.40 sec
2020-04-13 02:15:08.279 15661 INFO rally.task.context [-] Task d5b89353-e7af-467d-9dbb-80eee5429822 | Context network@openstack cleanup() started
2020-04-13 02:15:28.397 15661 INFO rally.task.context [-] Task d5b89353-e7af-467d-9dbb-80eee5429822 | Context network@openstack cleanup() finished in 20.12 sec
2020-04-13 02:15:28.397 15661 INFO rally.task.context [-] Task d5b89353-e7af-467d-9dbb-80eee5429822 | Context quotas@openstack cleanup() started
2020-04-13 02:15:28.561 15661 INFO rally.task.context [-] Task d5b89353-e7af-467d-9dbb-80eee5429822 | Context quotas@openstack cleanup() finished in 0.16 sec
2020-04-13 02:15:28.561 15661 INFO rally.task.context [-] Task d5b89353-e7af-467d-9dbb-80eee5429822 | Context users@openstack cleanup() started
2020-04-13 02:15:28.703 15661 WARNING rally.common.logging [-] `iterate_per_tenants()' is deprecated in v3.0.0: it is openstack specific.. Used at
2020-04-13 02:15:30.757 15661 INFO rally.task.context [-] Task d5b89353-e7af-467d-9dbb-80eee5429822 | Context users@openstack cleanup() finished in 2.20 sec
2020-04-13 02:15:32.679 15661 INFO rally.task.engine [-] Load duration is: 39.948217
2020-04-13 02:15:32.680 15661 INFO rally.task.engine [-] Full runner duration is: 40.991038
2020-04-13 02:15:32.680 15661 INFO rally.task.engine [-] Full duration is: 82.477962
2020-04-13 02:15:32.778 15661 INFO rally.task.engine [-] Running workload: position = 0 config = { "version": 2, "title": "A cropped version of a bigger task.", "description": "Auto-generated task from a single workload (uuid=5c0bef5e-cfa4-427e-9578-e3f2c6075e78)", "subtasks": [ { "title": "NovaServers.boot_server_from_volume_and_delete", "description": "Boot a server from volume and then delete it.", "scenario": { "NovaServers.boot_server_from_volume_and_delete": { "flavor": { "name": "rally_full-flavor_3c7bba65-cc43-4506-b198-47a10679b894" }, "image": { "name": "rally_full-img_3c7bba65-cc43-4506-b198-47a10679b894" }, "volume_size": 1, "nics": [ { "net-id": "f511ef3b-576a-4496-a8c5-9294ddbf9583" } ] } }, "contexts": { "users": { "tenants": 3, "users_per_tenant": 2 }, "network": { "networks_per_tenant": 1, "start_cidr": "100.1.0.0/25" }, "quotas": { "cinder": { "gigabytes": -1, "snapshots": -1, "volumes": -1 }, "neutron": { "network": -1, "port": -1, "subnet": -1 }, "nova": { "cores": -1, "floating_ips": -1, "instances": -1, "ram": -1, "security_group_rules": -1, "security_groups": -1 } }, "api_versions": { "cinder": { "version": 3, "service_type": "volumev3" } } }, "runner": { "constant": { "concurrency": 4, "times": 10 } }, "hooks": [], "sla": { "failure_rate": { "max": 0 } } } ] }
2020-04-13 02:15:32.803 15661 RALLYDEBUG rally_openstack.contexts.keystone.users [-] Creating 3 tenants using 3 threads
2020-04-13 02:15:33.431 15661 RALLYDEBUG rally_openstack.contexts.keystone.users [-] Creating 6 users using 6 threads
2020-04-13 02:15:34.358 15661 INFO rally.task.context [-] Task d5b89353-e7af-467d-9dbb-80eee5429822 | Context users@openstack setup() finished in 1.56 sec
2020-04-13 02:15:34.486 15661 INFO rally.task.context [-] Task d5b89353-e7af-467d-9dbb-80eee5429822 | Context api_versions@openstack setup() finished in 0.13 sec
2020-04-13 02:15:35.830 15661 INFO rally.task.context [-] Task d5b89353-e7af-467d-9dbb-80eee5429822 | Context quotas@openstack setup() finished in 1.34 sec
2020-04-13 02:15:35.899 15661 WARNING rally.common.logging [-] `iterate_per_tenants()' is deprecated in v3.0.0: it is openstack specific.. Used at
2020-04-13 02:15:38.136 15661 RALLYDEBUG rally_openstack.wrappers.network [-] CIDR generated: 100.1.10.128/25
2020-04-13 02:15:42.620 15661 RALLYDEBUG rally_openstack.wrappers.network [-] CIDR generated: 100.1.11.0/25
2020-04-13 02:15:47.110 15661 RALLYDEBUG rally_openstack.wrappers.network [-] CIDR generated: 100.1.11.128/25
2020-04-13 02:15:49.677 15661 INFO rally.task.context [-] Task d5b89353-e7af-467d-9dbb-80eee5429822 | Context network@openstack setup() finished in 13.85 sec
2020-04-13 02:15:49.678 15661 INFO rally.task.context [-] Task d5b89353-e7af-467d-9dbb-80eee5429822 | Context cleanup@openstack setup() finished in 0.17 msec
2020-04-13 02:15:50.092 15661 RALLYDEBUG rally.task.runner [-] Starting the constant runner (task UUID: d5b89353-e7af-467d-9dbb-80eee5429822). times: 10 concurrency: 4 timeout: 0 max_cpu_used: 88 processes_to_start: 4 concurrency_per_worker: 1 concurrency_overhead: 0
2020-04-13 02:15:50.108 17931 RALLYDEBUG rally.task.runner [-] Starting a worker. times: 10 duration: None concurrency: 1 timeout: 0 cls: method_name: run args: {"flavor": "16715136-d9c0-4d22-9bc8-65b99286c5e3", "image": "5e90f54d-1298-498d-a24a-b50a08500c89", "volume_size": 1, "nics": [{"net-id": "f511ef3b-576a-4496-a8c5-9294ddbf9583"}]}
2020-04-13 02:15:50.112 17932 RALLYDEBUG rally.task.runner [-] Starting a worker. times: 10 duration: None concurrency: 1 timeout: 0 cls: method_name: run args: {"flavor": "16715136-d9c0-4d22-9bc8-65b99286c5e3", "image": "5e90f54d-1298-498d-a24a-b50a08500c89", "volume_size": 1, "nics": [{"net-id": "f511ef3b-576a-4496-a8c5-9294ddbf9583"}]}
2020-04-13 02:15:50.115 17933 RALLYDEBUG rally.task.runner [-] Starting a worker. times: 10 duration: None concurrency: 1 timeout: 0 cls: method_name: run args: {"flavor": "16715136-d9c0-4d22-9bc8-65b99286c5e3", "image": "5e90f54d-1298-498d-a24a-b50a08500c89", "volume_size": 1, "nics": [{"net-id": "f511ef3b-576a-4496-a8c5-9294ddbf9583"}]}
2020-04-13 02:15:50.117 17931 INFO rally.task.runner [-] Task d5b89353-e7af-467d-9dbb-80eee5429822 | ITER: 1 START
2020-04-13 02:15:50.118 17934 RALLYDEBUG rally.task.runner [-] Starting a worker. times: 10 duration: None concurrency: 1 timeout: 0 cls: method_name: run args: {"flavor": "16715136-d9c0-4d22-9bc8-65b99286c5e3", "image": "5e90f54d-1298-498d-a24a-b50a08500c89", "volume_size": 1, "nics": [{"net-id": "f511ef3b-576a-4496-a8c5-9294ddbf9583"}]}
2020-04-13 02:15:50.120 17932 INFO rally.task.runner [-] Task d5b89353-e7af-467d-9dbb-80eee5429822 | ITER: 2 START
2020-04-13 02:15:50.123 17933 INFO rally.task.runner [-] Task d5b89353-e7af-467d-9dbb-80eee5429822 | ITER: 3 START
2020-04-13 02:15:50.126 17934 INFO rally.task.runner [-] Task d5b89353-e7af-467d-9dbb-80eee5429822 | ITER: 4 START
2020-04-13 02:15:55.067 17933 RALLYDEBUG rally.task.utils [-] Waiting for resource s_rally_5c0bef5e_XXHlcTsS. Status changed: DOWNLOADING => AVAILABLE in 2.2457072734832764
2020-04-13 02:15:55.100 17931 RALLYDEBUG rally.task.utils [-] Waiting for resource s_rally_5c0bef5e_LBo00tVh. Status changed: DOWNLOADING => AVAILABLE in 2.2565627098083496
2020-04-13 02:15:55.124 17934 RALLYDEBUG rally.task.utils [-] Waiting for resource s_rally_5c0bef5e_QR2Lqd47. Status changed: DOWNLOADING => AVAILABLE in 2.233686923980713
2020-04-13 02:15:55.140 17932 RALLYDEBUG rally.task.utils [-] Waiting for resource s_rally_5c0bef5e_IHhJC3gG. Status changed: DOWNLOADING => AVAILABLE in 2.264446496963501
2020-04-13 02:16:06.429 17933 RALLYDEBUG rally.task.utils [-] Waiting for resource s_rally_5c0bef5e_hd7ATy38. Status changed: BUILD => ACTIVE in 9.120202541351318
2020-04-13 02:16:06.560 17931 RALLYDEBUG rally.task.utils [-] Waiting for resource s_rally_5c0bef5e_jUPOBHEE. Status changed: BUILD => ACTIVE in 9.220811128616333
2020-04-13 02:16:06.577 17934 RALLYDEBUG rally.task.utils [-] Waiting for resource s_rally_5c0bef5e_potMtTYQ. Status changed: BUILD => ACTIVE in 8.959419012069702
2020-04-13 02:16:09.348 17932 RALLYDEBUG rally.task.utils [-] Waiting for resource s_rally_5c0bef5e_NGAsZk9r. Status changed: BUILD => ACTIVE in 11.734717845916748
2020-04-13 02:16:11.154 17933 INFO rally.task.runner [-] Task d5b89353-e7af-467d-9dbb-80eee5429822 | ITER: 3 END: OK
2020-04-13 02:16:11.160 17933 INFO rally.task.runner [-] Task d5b89353-e7af-467d-9dbb-80eee5429822 | ITER: 5 START
2020-04-13 02:16:11.298 17931 INFO rally.task.runner [-] Task d5b89353-e7af-467d-9dbb-80eee5429822 | ITER: 1 END: OK
2020-04-13 02:16:11.303 17931 INFO rally.task.runner [-] Task d5b89353-e7af-467d-9dbb-80eee5429822 | ITER: 6 START
2020-04-13 02:16:11.362 17934 INFO rally.task.runner [-] Task d5b89353-e7af-467d-9dbb-80eee5429822 | ITER: 4 END: OK
2020-04-13 02:16:11.367 17934 INFO rally.task.runner [-] Task d5b89353-e7af-467d-9dbb-80eee5429822 | ITER: 7 START
2020-04-13 02:16:11.870 17932 INFO rally.task.runner [-] Task d5b89353-e7af-467d-9dbb-80eee5429822 | ITER: 2 END: OK
2020-04-13 02:16:11.874 17932 INFO rally.task.runner [-] Task d5b89353-e7af-467d-9dbb-80eee5429822 | ITER: 8 START
2020-04-13 02:16:15.947 17933 RALLYDEBUG rally.task.utils [-] Waiting for resource s_rally_5c0bef5e_An345aNL. Status changed: DOWNLOADING => AVAILABLE in 2.2355122566223145
2020-04-13 02:16:16.074 17931 RALLYDEBUG rally.task.utils [-] Waiting for resource s_rally_5c0bef5e_FTVALqxI. Status changed: DOWNLOADING => AVAILABLE in 2.2291600704193115
2020-04-13 02:16:16.183 17934 RALLYDEBUG rally.task.utils [-] Waiting for resource s_rally_5c0bef5e_8iEtu0eo. Status changed: DOWNLOADING => AVAILABLE in 2.241530656814575
2020-04-13 02:16:16.759 17932 RALLYDEBUG rally.task.utils [-] Waiting for resource s_rally_5c0bef5e_6cqKM1JV. Status changed: DOWNLOADING => AVAILABLE in 2.250436305999756
