2020-04-13 01:19:08.580 3252 INFO rally.task.runner [-] Task d344b5a7-0d2e-40dc-a41f-a5fdbcfa4a22 | ITER: 9 START
2020-04-13 01:19:08.610 3251 INFO rally.task.runner [-] Task d344b5a7-0d2e-40dc-a41f-a5fdbcfa4a22 | ITER: 7 END: OK
2020-04-13 01:19:08.613 3251 INFO rally.task.runner [-] Task d344b5a7-0d2e-40dc-a41f-a5fdbcfa4a22 | ITER: 10 START
2020-04-13 01:19:08.693 3253 INFO rally.task.runner [-] Task d344b5a7-0d2e-40dc-a41f-a5fdbcfa4a22 | ITER: 6 END: OK
2020-04-13 01:19:08.749 3254 INFO rally.task.runner [-] Task d344b5a7-0d2e-40dc-a41f-a5fdbcfa4a22 | ITER: 8 END: OK
2020-04-13 01:19:11.335 3251 RALLYDEBUG rally.task.utils [-] Waiting for resource s_rally_f94420a2_41uuoyHE. Status changed: AVAILABLE => DELETING in 0.0753624439239502
2020-04-13 01:19:11.504 3252 RALLYDEBUG rally.task.utils [-] Waiting for resource s_rally_f94420a2_RfZe6dfZ. Status changed: AVAILABLE => DELETING in 0.07736992835998535
2020-04-13 01:19:13.393 3251 INFO rally.task.runner [-] Task d344b5a7-0d2e-40dc-a41f-a5fdbcfa4a22 | ITER: 10 END: OK
2020-04-13 01:19:13.560 3252 INFO rally.task.runner [-] Task d344b5a7-0d2e-40dc-a41f-a5fdbcfa4a22 | ITER: 9 END: OK
2020-04-13 01:19:13.590 1333 INFO rally.task.context [-] Task d344b5a7-0d2e-40dc-a41f-a5fdbcfa4a22 | Context cleanup@openstack cleanup() started
2020-04-13 01:19:13.598 1333 RALLYDEBUG rally_openstack.cleanup.manager [-] Cleaning up cinder backups objects
2020-04-13 01:19:14.063 1333 RALLYDEBUG rally_openstack.cleanup.manager [-] Cleaning up cinder volume_snapshots objects
2020-04-13 01:19:14.545 1333 RALLYDEBUG rally_openstack.cleanup.manager [-] Cleaning up cinder transfers objects
2020-04-13 01:19:14.984 1333 RALLYDEBUG rally_openstack.cleanup.manager [-] Cleaning up cinder volumes objects
2020-04-13 01:19:15.531 1333 INFO rally.task.context [-] Task d344b5a7-0d2e-40dc-a41f-a5fdbcfa4a22 | Context cleanup@openstack cleanup() finished in 1.94 sec
2020-04-13 01:19:15.531 1333 INFO rally.task.context [-] Task d344b5a7-0d2e-40dc-a41f-a5fdbcfa4a22 | Context quotas@openstack cleanup() started
2020-04-13 01:19:15.629 1333 INFO rally.task.context [-] Task d344b5a7-0d2e-40dc-a41f-a5fdbcfa4a22 | Context quotas@openstack cleanup() finished in 97.71 msec
2020-04-13 01:19:15.630 1333 INFO rally.task.context [-] Task d344b5a7-0d2e-40dc-a41f-a5fdbcfa4a22 | Context api_versions@openstack cleanup() started
2020-04-13 01:19:15.630 1333 INFO rally.task.context [-] Task d344b5a7-0d2e-40dc-a41f-a5fdbcfa4a22 | Context api_versions@openstack cleanup() finished in 0.64 msec
2020-04-13 01:19:15.631 1333 INFO rally.task.context [-] Task d344b5a7-0d2e-40dc-a41f-a5fdbcfa4a22 | Context users@openstack cleanup() started
2020-04-13 01:19:15.781 1333 WARNING rally.common.logging [-] `iterate_per_tenants()' is deprecated in v3.0.0: it is openstack specific.. Used at
2020-04-13 01:19:19.429 1333 INFO rally.task.context [-] Task d344b5a7-0d2e-40dc-a41f-a5fdbcfa4a22 | Context users@openstack cleanup() finished in 3.80 sec
2020-04-13 01:19:20.893 1333 INFO rally.task.engine [-] Load duration is: 14.635309
2020-04-13 01:19:20.894 1333 INFO rally.task.engine [-] Full runner duration is: 14.690405
2020-04-13 01:19:20.894 1333 INFO rally.task.engine [-] Full duration is: 22.691161
2020-04-13 01:19:20.953 1333 INFO rally.task.engine [-] Running workload: position = 1 config = { "version": 2, "title": "A cropped version of a bigger task.", "description": "Auto-generated task from a single workload (uuid=6e228db9-1955-4e09-bb01-2a98cfe37338)", "subtasks": [ { "title": "CinderVolumes.create_and_delete_volume", "description": "Create and then delete a volume.", "scenario": { "CinderVolumes.create_and_delete_volume": { "image": { "name": "rally_full-img_3c7bba65-cc43-4506-b198-47a10679b894" }, "size": 1 } }, "contexts": { "users": { "tenants": 3, "users_per_tenant": 2 }, "quotas": { "cinder": { "gigabytes": -1, "snapshots": -1, "volumes": -1 } }, "api_versions": { "cinder": { "version": 3, "service_type": "volumev3" } } }, "runner": { "constant": { "concurrency": 4, "times": 10 } }, "hooks": [], "sla": { "failure_rate": { "max": 0 } } } ] }
2020-04-13 01:19:20.977 1333 RALLYDEBUG rally_openstack.contexts.keystone.users [-] Creating 3 tenants using 3 threads
2020-04-13 01:19:21.566 1333 RALLYDEBUG rally_openstack.contexts.keystone.users [-] Creating 6 users using 6 threads
2020-04-13 01:19:22.622 1333 INFO rally.task.context [-] Task d344b5a7-0d2e-40dc-a41f-a5fdbcfa4a22 | Context users@openstack setup() finished in 1.64 sec
2020-04-13 01:19:22.750 1333 INFO rally.task.context [-] Task d344b5a7-0d2e-40dc-a41f-a5fdbcfa4a22 | Context api_versions@openstack setup() finished in 0.13 sec
2020-04-13 01:19:23.254 1333 INFO rally.task.context [-] Task d344b5a7-0d2e-40dc-a41f-a5fdbcfa4a22 | Context quotas@openstack setup() finished in 0.50 sec
2020-04-13 01:19:23.255 1333 INFO rally.task.context [-] Task d344b5a7-0d2e-40dc-a41f-a5fdbcfa4a22 | Context cleanup@openstack setup() finished in 0.01 msec
2020-04-13 01:19:23.505 1333 RALLYDEBUG rally.task.runner [-] Starting the constant runner (task UUID: d344b5a7-0d2e-40dc-a41f-a5fdbcfa4a22). times: 10 concurrency: 4 timeout: 0 max_cpu_used: 88 processes_to_start: 4 concurrency_per_worker: 1 concurrency_overhead: 0
2020-04-13 01:19:23.518 3404 RALLYDEBUG rally.task.runner [-] Starting a worker. times: 10 duration: None concurrency: 1 timeout: 0 cls: method_name: run args: {"image": "5e90f54d-1298-498d-a24a-b50a08500c89", "size": 1}
2020-04-13 01:19:23.522 3405 RALLYDEBUG rally.task.runner [-] Starting a worker. times: 10 duration: None concurrency: 1 timeout: 0 cls: method_name: run args: {"image": "5e90f54d-1298-498d-a24a-b50a08500c89", "size": 1}
2020-04-13 01:19:23.524 3406 RALLYDEBUG rally.task.runner [-] Starting a worker. times: 10 duration: None concurrency: 1 timeout: 0 cls: method_name: run args: {"image": "5e90f54d-1298-498d-a24a-b50a08500c89", "size": 1}
2020-04-13 01:19:23.525 3404 INFO rally.task.runner [-] Task d344b5a7-0d2e-40dc-a41f-a5fdbcfa4a22 | ITER: 1 START
2020-04-13 01:19:23.528 3407 RALLYDEBUG rally.task.runner [-] Starting a worker. times: 10 duration: None concurrency: 1 timeout: 0 cls: method_name: run args: {"image": "5e90f54d-1298-498d-a24a-b50a08500c89", "size": 1}
2020-04-13 01:19:23.529 3406 INFO rally.task.runner [-] Task d344b5a7-0d2e-40dc-a41f-a5fdbcfa4a22 | ITER: 3 START
2020-04-13 01:19:23.530 3405 INFO rally.task.runner [-] Task d344b5a7-0d2e-40dc-a41f-a5fdbcfa4a22 | ITER: 2 START
2020-04-13 01:19:23.535 3407 INFO rally.task.runner [-] Task d344b5a7-0d2e-40dc-a41f-a5fdbcfa4a22 | ITER: 4 START
2020-04-13 01:19:28.377 3406 RALLYDEBUG rally.task.utils [-] Waiting for resource s_rally_6e228db9_yu904ySc. Status changed: DOWNLOADING => AVAILABLE in 2.2380895614624023
2020-04-13 01:19:28.404 3407 RALLYDEBUG rally.task.utils [-] Waiting for resource s_rally_6e228db9_MsLElsl0. Status changed: DOWNLOADING => AVAILABLE in 2.2279388904571533
2020-04-13 01:19:28.427 3404 RALLYDEBUG rally.task.utils [-] Waiting for resource s_rally_6e228db9_7TmUThEJ. Status changed: DOWNLOADING => AVAILABLE in 2.240077018737793
2020-04-13 01:19:28.449 3405 RALLYDEBUG rally.task.utils [-] Waiting for resource s_rally_6e228db9_iZmrCLaL. Status changed: DOWNLOADING => AVAILABLE in 2.235042095184326
2020-04-13 01:19:28.528 3406 RALLYDEBUG rally.task.utils [-] Waiting for resource s_rally_6e228db9_yu904ySc. Status changed: AVAILABLE => DELETING in 0.07365703582763672
2020-04-13 01:19:28.561 3407 RALLYDEBUG rally.task.utils [-] Waiting for resource s_rally_6e228db9_MsLElsl0. Status changed: AVAILABLE => DELETING in 0.07287812232971191
2020-04-13 01:19:28.581 3404 RALLYDEBUG rally.task.utils [-] Waiting for resource s_rally_6e228db9_7TmUThEJ. Status changed: AVAILABLE => DELETING in 0.0579526424407959
2020-04-13 01:19:28.614 3405 RALLYDEBUG rally.task.utils [-] Waiting for resource s_rally_6e228db9_iZmrCLaL. Status changed: AVAILABLE => DELETING in 0.07548952102661133
2020-04-13 01:19:30.581 3406 INFO rally.task.runner [-] Task d344b5a7-0d2e-40dc-a41f-a5fdbcfa4a22 | ITER: 3 END: OK
2020-04-13 01:19:30.586 3406 INFO rally.task.runner [-] Task d344b5a7-0d2e-40dc-a41f-a5fdbcfa4a22 | ITER: 5 START
2020-04-13 01:19:30.624 3407 INFO rally.task.runner [-] Task d344b5a7-0d2e-40dc-a41f-a5fdbcfa4a22 | ITER: 4 END: OK
2020-04-13 01:19:30.630 3407 INFO rally.task.runner [-] Task d344b5a7-0d2e-40dc-a41f-a5fdbcfa4a22 | ITER: 6 START
2020-04-13 01:19:30.632 3404 INFO rally.task.runner [-] Task d344b5a7-0d2e-40dc-a41f-a5fdbcfa4a22 | ITER: 1 END: OK
2020-04-13 01:19:30.636 3404 INFO rally.task.runner [-] Task d344b5a7-0d2e-40dc-a41f-a5fdbcfa4a22 | ITER: 7 START
2020-04-13 01:19:30.669 3405 INFO rally.task.runner [-] Task d344b5a7-0d2e-40dc-a41f-a5fdbcfa4a22 | ITER: 2 END: OK
2020-04-13 01:19:30.674 3405 INFO rally.task.runner [-] Task d344b5a7-0d2e-40dc-a41f-a5fdbcfa4a22 | ITER: 8 START
2020-04-13 01:19:35.358 3406 RALLYDEBUG rally.task.utils [-] Waiting for resource s_rally_6e228db9_qKaHnKDR. Status changed: DOWNLOADING => AVAILABLE in 2.2356514930725098
2020-04-13 01:19:35.463 3405 RALLYDEBUG rally.task.utils [-] Waiting for resource s_rally_6e228db9_lBTqipw8. Status changed: DOWNLOADING => AVAILABLE in 2.2268381118774414
2020-04-13 01:19:35.486 3404 RALLYDEBUG rally.task.utils [-] Waiting for resource s_rally_6e228db9_Bqwh88zQ. Status changed: DOWNLOADING => AVAILABLE in 2.2414193153381348
2020-04-13 01:19:35.535 3406 RALLYDEBUG rally.task.utils [-] Waiting for resource s_rally_6e228db9_qKaHnKDR. Status changed: AVAILABLE => DELETING in 0.07728719711303711
2020-04-13 01:19:35.612 3405 RALLYDEBUG rally.task.utils [-] Waiting for resource s_rally_6e228db9_lBTqipw8. Status changed: AVAILABLE => DELETING in 0.07273364067077637
2020-04-13 01:19:35.613 3407 RALLYDEBUG rally.task.utils [-] Waiting for resource s_rally_6e228db9_X6xb8Fzy. Status changed: DOWNLOADING => AVAILABLE in 2.4440596103668213
2020-04-13 01:19:35.645 3404 RALLYDEBUG rally.task.utils [-] Waiting for resource s_rally_6e228db9_Bqwh88zQ. Status changed: AVAILABLE => DELETING in 0.0723416805267334
2020-04-13 01:19:35.789 3407 RALLYDEBUG rally.task.utils [-] Waiting for resource s_rally_6e228db9_X6xb8Fzy. Status changed: AVAILABLE => DELETING in 0.08310127258300781
2020-04-13 01:19:37.588 3406 INFO rally.task.runner [-] Task d344b5a7-0d2e-40dc-a41f-a5fdbcfa4a22 | ITER: 5 END: OK
2020-04-13 01:19:37.593 3406 INFO rally.task.runner [-] Task d344b5a7-0d2e-40dc-a41f-a5fdbcfa4a22 | ITER: 9 START
2020-04-13 01:19:37.663 3405 INFO rally.task.runner [-] Task d344b5a7-0d2e-40dc-a41f-a5fdbcfa4a22 | ITER: 8 END: OK
2020-04-13 01:19:37.666 3405 INFO rally.task.runner [-] Task d344b5a7-0d2e-40dc-a41f-a5fdbcfa4a22 | ITER: 10 START
2020-04-13 01:19:37.689 3404 INFO rally.task.runner [-] Task d344b5a7-0d2e-40dc-a41f-a5fdbcfa4a22 | ITER: 7 END: OK
2020-04-13 01:19:37.856 3407 INFO rally.task.runner [-] Task d344b5a7-0d2e-40dc-a41f-a5fdbcfa4a22 | ITER: 6 END: OK
2020-04-13 01:19:42.413 3406 RALLYDEBUG rally.task.utils [-] Waiting for resource s_rally_6e228db9_e2E1LlUm. Status changed: DOWNLOADING => AVAILABLE in 2.2423791885375977
2020-04-13 01:19:42.517 3405 RALLYDEBUG rally.task.utils [-] Waiting for resource s_rally_6e228db9_qdgzCdJd. Status changed: DOWNLOADING => AVAILABLE in 2.2331783771514893
2020-04-13 01:19:42.561 3406 RALLYDEBUG rally.task.utils [-] Waiting for resource s_rally_6e228db9_e2E1LlUm. Status changed: AVAILABLE => DELETING in 0.07396912574768066
2020-04-13 01:19:42.668 3405 RALLYDEBUG rally.task.utils [-] Waiting for resource s_rally_6e228db9_qdgzCdJd. Status changed: AVAILABLE => DELETING in 0.0741117000579834
2020-04-13 01:19:44.617 3406 INFO rally.task.runner [-] Task d344b5a7-0d2e-40dc-a41f-a5fdbcfa4a22 | ITER: 9 END: OK
2020-04-13 01:19:44.721 3405 INFO rally.task.runner [-] Task d344b5a7-0d2e-40dc-a41f-a5fdbcfa4a22 | ITER: 10 END: OK
2020-04-13 01:19:44.745 1333 INFO rally.task.context [-] Task d344b5a7-0d2e-40dc-a41f-a5fdbcfa4a22 | Context cleanup@openstack cleanup() started
2020-04-13 01:19:44.755 1333 RALLYDEBUG rally_openstack.cleanup.manager [-] Cleaning up cinder backups objects
2020-04-13 01:19:45.247 1333 RALLYDEBUG rally_openstack.cleanup.manager [-] Cleaning up cinder volume_snapshots objects
2020-04-13 01:19:45.706 1333 RALLYDEBUG rally_openstack.cleanup.manager [-] Cleaning up cinder transfers objects
2020-04-13 01:19:46.164 1333 RALLYDEBUG rally_openstack.cleanup.manager [-] Cleaning up cinder volumes objects
2020-04-13 01:19:46.706 1333 INFO rally.task.context [-] Task d344b5a7-0d2e-40dc-a41f-a5fdbcfa4a22 | Context cleanup@openstack cleanup() finished in 1.96 sec
2020-04-13 01:19:46.707 1333 INFO rally.task.context [-] Task d344b5a7-0d2e-40dc-a41f-a5fdbcfa4a22 | Context quotas@openstack cleanup() started
2020-04-13 01:19:46.793 1333 INFO rally.task.context [-] Task d344b5a7-0d2e-40dc-a41f-a5fdbcfa4a22 | Context quotas@openstack cleanup() finished in 85.60 msec
2020-04-13 01:19:46.793 1333 INFO rally.task.context [-] Task d344b5a7-0d2e-40dc-a41f-a5fdbcfa4a22 | Context api_versions@openstack cleanup() started
2020-04-13 01:19:46.794 1333 INFO rally.task.context [-] Task d344b5a7-0d2e-40dc-a41f-a5fdbcfa4a22 | Context api_versions@openstack cleanup() finished in 0.37 msec
2020-04-13 01:19:46.794 1333 INFO rally.task.context [-] Task d344b5a7-0d2e-40dc-a41f-a5fdbcfa4a22 | Context users@openstack cleanup() started
2020-04-13 01:19:46.931 1333 WARNING rally.common.logging [-] `iterate_per_tenants()' is deprecated in v3.0.0: it is openstack specific.. Used at
2020-04-13 01:19:50.942 1333 INFO rally.task.context [-] Task d344b5a7-0d2e-40dc-a41f-a5fdbcfa4a22 | Context users@openstack cleanup() finished in 4.15 sec
2020-04-13 01:19:51.173 1333 INFO rally.task.engine [-] Load duration is: 21.191089
2020-04-13 01:19:51.173 1333 INFO rally.task.engine [-] Full runner duration is: 21.240048
2020-04-13 01:19:51.174 1333 INFO rally.task.engine [-] Full duration is: 29.968443
2020-04-13 01:19:51.234 1333 INFO rally.task.engine [-] Running workload: position = 2 config = { "version": 2, "title": "A cropped version of a bigger task.", "description": "Auto-generated task from a single workload (uuid=02efee72-7f1b-4fe1-bf9c-fc71a04b9210)", "subtasks": [ { "title": "CinderVolumes.create_and_delete_volume", "description": "Create and then delete a volume.", "scenario": { "CinderVolumes.create_and_delete_volume": { "size": 1 } }, "contexts": { "users": { "tenants": 3, "users_per_tenant": 2 }, "quotas": { "cinder": { "gigabytes": -1, "snapshots": -1, "volumes": -1 } }, "api_versions": { "cinder": { "version": 3, "service_type": "volumev3" } } }, "runner": { "constant": { "concurrency": 4, "times": 10 } }, "hooks": [], "sla": { "failure_rate": { "max": 0 } } } ] }
2020-04-13 01:19:51.259 1333 RALLYDEBUG rally_openstack.contexts.keystone.users [-] Creating 3 tenants using 3 threads
2020-04-13 01:19:51.744 1333 RALLYDEBUG rally_openstack.contexts.keystone.users [-] Creating 6 users using 6 threads
2020-04-13 01:19:52.627 1333 INFO rally.task.context [-] Task d344b5a7-0d2e-40dc-a41f-a5fdbcfa4a22 | Context users@openstack setup() finished in 1.37 sec
2020-04-13 01:19:52.767 1333 INFO rally.task.context [-] Task d344b5a7-0d2e-40dc-a41f-a5fdbcfa4a22 | Context api_versions@openstack setup() finished in 0.14 sec
2020-04-13 01:19:53.297 1333 INFO rally.task.context [-] Task d344b5a7-0d2e-40dc-a41f-a5fdbcfa4a22 | Context quotas@openstack setup() finished in 0.53 sec
2020-04-13 01:19:53.298 1333 INFO rally.task.context [-] Task d344b5a7-0d2e-40dc-a41f-a5fdbcfa4a22 | Context cleanup@openstack setup() finished in 0.02 msec
2020-04-13 01:19:53.310 1333 RALLYDEBUG rally.task.runner [-] Starting the constant runner (task UUID: d344b5a7-0d2e-40dc-a41f-a5fdbcfa4a22). times: 10 concurrency: 4 timeout: 0 max_cpu_used: 88 processes_to_start: 4 concurrency_per_worker: 1 concurrency_overhead: 0
2020-04-13 01:19:53.322 3557 RALLYDEBUG rally.task.runner [-] Starting a worker. times: 10 duration: None concurrency: 1 timeout: 0 cls: method_name: run args: {"size": 1}
2020-04-13 01:19:53.324 3558 RALLYDEBUG rally.task.runner [-] Starting a worker. times: 10 duration: None concurrency: 1 timeout: 0 cls: method_name: run args: {"size": 1}
2020-04-13 01:19:53.327 3559 RALLYDEBUG rally.task.runner [-] Starting a worker. times: 10 duration: None concurrency: 1 timeout: 0 cls: method_name: run args: {"size": 1}
2020-04-13 01:19:53.329 3557 INFO rally.task.runner [-] Task d344b5a7-0d2e-40dc-a41f-a5fdbcfa4a22 | ITER: 1 START
2020-04-13 01:19:53.329 3560 RALLYDEBUG rally.task.runner [-] Starting a worker. times: 10 duration: None concurrency: 1 timeout: 0 cls: method_name: run args: {"size": 1}
2020-04-13 01:19:53.331 3558 INFO rally.task.runner [-] Task d344b5a7-0d2e-40dc-a41f-a5fdbcfa4a22 | ITER: 2 START
2020-04-13 01:19:53.334 3559 INFO rally.task.runner [-] Task d344b5a7-0d2e-40dc-a41f-a5fdbcfa4a22 | ITER: 3 START
2020-04-13 01:19:53.336 3560 INFO rally.task.runner [-] Task d344b5a7-0d2e-40dc-a41f-a5fdbcfa4a22 | ITER: 4 START
2020-04-13 01:19:56.140 3560 RALLYDEBUG rally.task.utils [-] Waiting for resource s_rally_02efee72_woEVDc9O. Status changed: AVAILABLE => DELETING in 0.08543539047241211
2020-04-13 01:19:56.176 3558 RALLYDEBUG rally.task.utils [-] Waiting for resource s_rally_02efee72_gYEKBeSx. Status changed: AVAILABLE => DELETING in 0.0721580982208252
2020-04-13 01:19:56.188 3557 RALLYDEBUG rally.task.utils [-] Waiting for resource s_rally_02efee72_maWSUT9m. Status changed: AVAILABLE => DELETING in 0.0759129524230957
2020-04-13 01:19:56.208 3559 RALLYDEBUG rally.task.utils [-] Waiting for resource s_rally_02efee72_51IRfNZr. Status changed: AVAILABLE => DELETING in 0.06713676452636719
2020-04-13 01:19:58.194 3560 INFO rally.task.runner [-] Task d344b5a7-0d2e-40dc-a41f-a5fdbcfa4a22 | ITER: 4 END: OK
2020-04-13 01:19:58.199 3560 INFO rally.task.runner [-] Task d344b5a7-0d2e-40dc-a41f-a5fdbcfa4a22 | ITER: 5 START
2020-04-13 01:19:58.230 3558 INFO rally.task.runner [-] Task d344b5a7-0d2e-40dc-a41f-a5fdbcfa4a22 | ITER: 2 END: OK
2020-04-13 01:19:58.234 3558 INFO rally.task.runner [-] Task d344b5a7-0d2e-40dc-a41f-a5fdbcfa4a22 | ITER: 6 START
2020-04-13 01:19:58.246 3557 INFO rally.task.runner [-] Task d344b5a7-0d2e-40dc-a41f-a5fdbcfa4a22 | ITER: 1 END: OK
2020-04-13 01:19:58.251 3557 INFO rally.task.runner [-] Task d344b5a7-0d2e-40dc-a41f-a5fdbcfa4a22 | ITER: 7 START
2020-04-13 01:19:58.267 3559 INFO rally.task.runner [-] Task d344b5a7-0d2e-40dc-a41f-a5fdbcfa4a22 | ITER: 3 END: OK
2020-04-13 01:19:58.272 3559 INFO rally.task.runner [-] Task d344b5a7-0d2e-40dc-a41f-a5fdbcfa4a22 | ITER: 8 START
2020-04-13 01:20:00.950 3558 RALLYDEBUG rally.task.utils [-] Waiting for resource s_rally_02efee72_H8kOP0gA. Status changed: AVAILABLE => DELETING in 0.07315683364868164
2020-04-13 01:20:00.997 3557 RALLYDEBUG rally.task.utils [-] Waiting for resource s_rally_02efee72_6rU8fXDx. Status changed: AVAILABLE => DELETING in 0.06343317031860352
2020-04-13 01:20:01.196 3560 RALLYDEBUG rally.task.utils [-] Waiting for resource s_rally_02efee72_h7WFX1Be. Status changed: AVAILABLE => DELETING in 0.07177233695983887
2020-04-13 01:20:01.269 3559 RALLYDEBUG rally.task.utils [-] Waiting for resource s_rally_02efee72_MRIiF3w2. Status changed: AVAILABLE => DELETING in 0.07595348358154297
2020-04-13 01:20:03.017 3558 INFO rally.task.runner [-] Task d344b5a7-0d2e-40dc-a41f-a5fdbcfa4a22 | ITER: 6 END: OK
2020-04-13 01:20:03.022 3558 INFO rally.task.runner [-] Task d344b5a7-0d2e-40dc-a41f-a5fdbcfa4a22 | ITER: 9 START
2020-04-13 01:20:03.052 3557 INFO rally.task.runner [-] Task d344b5a7-0d2e-40dc-a41f-a5fdbcfa4a22 | ITER: 7 END: OK
2020-04-13 01:20:03.057 3557 INFO rally.task.runner [-] Task d344b5a7-0d2e-40dc-a41f-a5fdbcfa4a22 | ITER: 10 START
2020-04-13 01:20:03.244 3560 INFO rally.task.runner [-] Task d344b5a7-0d2e-40dc-a41f-a5fdbcfa4a22 | ITER: 5 END: OK
2020-04-13 01:20:03.320 3559 INFO rally.task.runner [-] Task d344b5a7-0d2e-40dc-a41f-a5fdbcfa4a22 | ITER: 8 END: OK
2020-04-13 01:20:05.770 3557 RALLYDEBUG rally.task.utils [-] Waiting for resource s_rally_02efee72_iwe4YYSg. Status changed: AVAILABLE => DELETING in 0.07926702499389648
2020-04-13 01:20:05.804 3558 RALLYDEBUG rally.task.utils [-] Waiting for resource s_rally_02efee72_S1xrxj14. Status changed: AVAILABLE => DELETING in 0.07340455055236816
2020-04-13 01:20:07.816 3557 INFO rally.task.runner [-] Task d344b5a7-0d2e-40dc-a41f-a5fdbcfa4a22 | ITER: 10 END: OK
2020-04-13 01:20:07.863 3558 INFO rally.task.runner [-] Task d344b5a7-0d2e-40dc-a41f-a5fdbcfa4a22 | ITER: 9 END: OK
2020-04-13 01:20:07.891 1333 INFO rally.task.context [-] Task d344b5a7-0d2e-40dc-a41f-a5fdbcfa4a22 | Context cleanup@openstack cleanup() started
2020-04-13 01:20:07.896 1333 RALLYDEBUG rally_openstack.cleanup.manager [-] Cleaning up cinder backups objects
2020-04-13 01:20:08.578 1333 RALLYDEBUG rally_openstack.cleanup.manager [-] Cleaning up cinder volume_snapshots objects
2020-04-13 01:20:09.092 1333 RALLYDEBUG rally_openstack.cleanup.manager [-] Cleaning up cinder transfers objects
2020-04-13 01:20:09.576 1333 RALLYDEBUG rally_openstack.cleanup.manager [-] Cleaning up cinder volumes objects
2020-04-13 01:20:10.146 1333 INFO rally.task.context [-] Task d344b5a7-0d2e-40dc-a41f-a5fdbcfa4a22 | Context cleanup@openstack cleanup() finished in 2.26 sec
2020-04-13 01:20:10.147 1333 INFO rally.task.context [-] Task d344b5a7-0d2e-40dc-a41f-a5fdbcfa4a22 | Context quotas@openstack cleanup() started
2020-04-13 01:20:10.225 1333 INFO rally.task.context [-] Task d344b5a7-0d2e-40dc-a41f-a5fdbcfa4a22 | Context quotas@openstack cleanup() finished in 77.77 msec
2020-04-13 01:20:10.226 1333 INFO rally.task.context [-] Task d344b5a7-0d2e-40dc-a41f-a5fdbcfa4a22 | Context api_versions@openstack cleanup() started
2020-04-13 01:20:10.226 1333 INFO rally.task.context [-] Task d344b5a7-0d2e-40dc-a41f-a5fdbcfa4a22 | Context api_versions@openstack cleanup() finished in 0.21 msec
2020-04-13 01:20:10.226 1333 INFO rally.task.context [-] Task d344b5a7-0d2e-40dc-a41f-a5fdbcfa4a22 | Context users@openstack cleanup() started
2020-04-13 01:20:10.429 1333 WARNING rally.common.logging [-] `iterate_per_tenants()' is deprecated in v3.0.0: it is openstack specific.. Used at
2020-04-13 01:20:13.982 1333 INFO rally.task.context [-] Task d344b5a7-0d2e-40dc-a41f-a5fdbcfa4a22 | Context users@openstack cleanup() finished in 3.76 sec
2020-04-13 01:20:15.404 1333 INFO rally.task.engine [-] Load duration is: 14.529734
2020-04-13 01:20:15.404 1333 INFO rally.task.engine [-] Full runner duration is: 14.581722
2020-04-13 01:20:15.404 1333 INFO rally.task.engine [-] Full duration is: 22.727005
2020-04-13 01:20:15.494 1333 INFO rally.task.engine [-] Running workload: position = 0 config = { "version": 2, "title": "A cropped version of a bigger task.", "description": "Auto-generated task from a single workload (uuid=5326b57a-2929-48d8-82ab-50777cb62115)", "subtasks": [ { "title": "CinderVolumes.create_and_extend_volume", "description": "Create and extend a volume and then delete it.", "scenario": { "CinderVolumes.create_and_extend_volume": { "new_size": 2, "size": 1 } }, "contexts": { "users": { "tenants": 3, "users_per_tenant": 2 }, "quotas": { "cinder": { "gigabytes": -1, "snapshots": -1, "volumes": -1 } }, "api_versions": { "cinder": { "version": 3, "service_type": "volumev3" } } }, "runner": { "constant": { "concurrency": 4, "times": 10 } }, "hooks": [], "sla": { "failure_rate": { "max": 0 } } } ] }
2020-04-13 01:20:15.516 1333 RALLYDEBUG rally_openstack.contexts.keystone.users [-] Creating 3 tenants using 3 threads
2020-04-13 01:20:15.989 1333 RALLYDEBUG rally_openstack.contexts.keystone.users [-] Creating 6 users using 6 threads
2020-04-13 01:20:16.890 1333 INFO rally.task.context [-] Task d344b5a7-0d2e-40dc-a41f-a5fdbcfa4a22 | Context users@openstack setup() finished in 1.37 sec
2020-04-13 01:20:17.033 1333 INFO rally.task.context [-] Task d344b5a7-0d2e-40dc-a41f-a5fdbcfa4a22 | Context api_versions@openstack setup() finished in 0.14 sec
2020-04-13 01:20:17.568 1333 INFO rally.task.context [-] Task d344b5a7-0d2e-40dc-a41f-a5fdbcfa4a22 | Context quotas@openstack setup() finished in 0.53 sec
2020-04-13 01:20:17.568 1333 INFO rally.task.context [-] Task d344b5a7-0d2e-40dc-a41f-a5fdbcfa4a22 | Context cleanup@openstack setup() finished in 0.01 msec
2020-04-13 01:20:17.580 1333 RALLYDEBUG rally.task.runner [-] Starting the constant runner (task UUID: d344b5a7-0d2e-40dc-a41f-a5fdbcfa4a22). times: 10 concurrency: 4 timeout: 0 max_cpu_used: 88 processes_to_start: 4 concurrency_per_worker: 1 concurrency_overhead: 0
2020-04-13 01:20:17.591 3710 RALLYDEBUG rally.task.runner [-] Starting a worker. times: 10 duration: None concurrency: 1 timeout: 0 cls: method_name: run args: {"new_size": 2, "size": 1}
2020-04-13 01:20:17.594 3711 RALLYDEBUG rally.task.runner [-] Starting a worker. times: 10 duration: None concurrency: 1 timeout: 0 cls: method_name: run args: {"new_size": 2, "size": 1}
2020-04-13 01:20:17.596 3712 RALLYDEBUG rally.task.runner [-] Starting a worker. times: 10 duration: None concurrency: 1 timeout: 0 cls: method_name: run args: {"new_size": 2, "size": 1}
2020-04-13 01:20:17.598 3710 INFO rally.task.runner [-] Task d344b5a7-0d2e-40dc-a41f-a5fdbcfa4a22 | ITER: 1 START
2020-04-13 01:20:17.600 3713 RALLYDEBUG rally.task.runner [-] Starting a worker. times: 10 duration: None concurrency: 1 timeout: 0 cls: method_name: run args: {"new_size": 2, "size": 1}
2020-04-13 01:20:17.601 3711 INFO rally.task.runner [-] Task d344b5a7-0d2e-40dc-a41f-a5fdbcfa4a22 | ITER: 2 START
2020-04-13 01:20:17.603 3712 INFO rally.task.runner [-] Task d344b5a7-0d2e-40dc-a41f-a5fdbcfa4a22 | ITER: 3 START
2020-04-13 01:20:17.607 3713 INFO rally.task.runner [-] Task d344b5a7-0d2e-40dc-a41f-a5fdbcfa4a22 | ITER: 4 START
2020-04-13 01:20:20.513 3712 RALLYDEBUG rally.task.utils [-] Waiting for resource s_rally_5326b57a_7yv6yYuW. Status changed: AVAILABLE => EXTENDING in 0.09481978416442871
2020-04-13 01:20:20.524 3713 RALLYDEBUG rally.task.utils [-] Waiting for resource s_rally_5326b57a_dAqfLVTP. Status changed: AVAILABLE => EXTENDING in 0.06948256492614746
2020-04-13 01:20:20.534 3711 RALLYDEBUG rally.task.utils [-] Waiting for resource s_rally_5326b57a_EjMQtUEm. Status changed: AVAILABLE => EXTENDING in 0.09199070930480957
2020-04-13 01:20:20.762 3710 RALLYDEBUG rally.task.utils [-] Waiting for resource s_rally_5326b57a_Utb18R7I. Status changed: AVAILABLE => EXTENDING in 0.22258543968200684
2020-04-13 01:20:22.602 3712 RALLYDEBUG rally.task.utils [-] Waiting for resource s_rally_5326b57a_7yv6yYuW. Status changed: EXTENDING => AVAILABLE in 2.0881001949310303
2020-04-13 01:20:22.604 3713 RALLYDEBUG rally.task.utils [-] Waiting for resource s_rally_5326b57a_dAqfLVTP. Status changed: EXTENDING => AVAILABLE in 2.0795276165008545
2020-04-13 01:20:22.610 3711 RALLYDEBUG rally.task.utils [-] Waiting for resource s_rally_5326b57a_EjMQtUEm. Status changed: EXTENDING => AVAILABLE in 2.0764055252075195
2020-04-13 01:20:22.774 3712 RALLYDEBUG rally.task.utils [-] Waiting for resource s_rally_5326b57a_7yv6yYuW. Status changed: AVAILABLE => DELETING in 0.07269668579101562
2020-04-13 01:20:22.783 3711 RALLYDEBUG rally.task.utils [-] Waiting for resource s_rally_5326b57a_EjMQtUEm. Status changed: AVAILABLE => DELETING in 0.07340788841247559
2020-04-13 01:20:22.783 3713 RALLYDEBUG rally.task.utils [-] Waiting for resource s_rally_5326b57a_dAqfLVTP. Status changed: AVAILABLE => DELETING in 0.09163379669189453
2020-04-13 01:20:22.839 3710 RALLYDEBUG rally.task.utils [-] Waiting for resource s_rally_5326b57a_Utb18R7I. Status changed: EXTENDING => AVAILABLE in 2.0767433643341064
2020-04-13 01:20:23.007 3710 RALLYDEBUG rally.task.utils [-] Waiting for resource s_rally_5326b57a_Utb18R7I. Status changed: AVAILABLE => DELETING in 0.07895636558532715
2020-04-13 01:20:24.833 3712 INFO rally.task.runner [-] Task d344b5a7-0d2e-40dc-a41f-a5fdbcfa4a22 | ITER: 3 END: OK
2020-04-13 01:20:24.835 3711 INFO rally.task.runner [-] Task d344b5a7-0d2e-40dc-a41f-a5fdbcfa4a22 | ITER: 2 END: OK
2020-04-13 01:20:24.837 3713 INFO rally.task.runner [-] Task d344b5a7-0d2e-40dc-a41f-a5fdbcfa4a22 | ITER: 4 END: OK
2020-04-13 01:20:24.838 3712 INFO rally.task.runner [-] Task d344b5a7-0d2e-40dc-a41f-a5fdbcfa4a22 | ITER: 5 START
2020-04-13 01:20:24.840 3711 INFO rally.task.runner [-] Task d344b5a7-0d2e-40dc-a41f-a5fdbcfa4a22 | ITER: 6 START
2020-04-13 01:20:24.842 3713 INFO rally.task.runner [-] Task d344b5a7-0d2e-40dc-a41f-a5fdbcfa4a22 | ITER: 7 START
2020-04-13 01:20:25.060 3710 INFO rally.task.runner [-] Task d344b5a7-0d2e-40dc-a41f-a5fdbcfa4a22 | ITER: 1 END: OK
2020-04-13 01:20:25.065 3710 INFO rally.task.runner [-] Task d344b5a7-0d2e-40dc-a41f-a5fdbcfa4a22 | ITER: 8 START
2020-04-13 01:20:27.721 3712 RALLYDEBUG rally.task.utils [-] Waiting for resource s_rally_5326b57a_lB6J7osD. Status changed: AVAILABLE => EXTENDING in 0.07094335556030273
2020-04-13 01:20:27.730 3711 RALLYDEBUG rally.task.utils [-] Waiting for resource s_rally_5326b57a_zdhG5Mu8. Status changed: AVAILABLE => EXTENDING in 0.07465243339538574
2020-04-13 01:20:27.759 3713 RALLYDEBUG rally.task.utils [-] Waiting for resource s_rally_5326b57a_fF8DaTas. Status changed: AVAILABLE => EXTENDING in 0.07783770561218262
2020-04-13 01:20:27.830 3710 RALLYDEBUG rally.task.utils [-] Waiting for resource s_rally_5326b57a_xTyj0SxB. Status changed: AVAILABLE => EXTENDING in 0.0781254768371582
2020-04-13 01:20:29.797 3711 RALLYDEBUG rally.task.utils [-] Waiting for resource s_rally_5326b57a_zdhG5Mu8. Status changed: EXTENDING => AVAILABLE in 2.0670669078826904
2020-04-13 01:20:29.798 3712 RALLYDEBUG rally.task.utils [-] Waiting for resource s_rally_5326b57a_lB6J7osD. Status changed: EXTENDING => AVAILABLE in 2.0769824981689453
2020-04-13 01:20:29.835 3713 RALLYDEBUG rally.task.utils [-] Waiting for resource s_rally_5326b57a_fF8DaTas. Status changed: EXTENDING => AVAILABLE in 2.0761446952819824
2020-04-13 01:20:29.911 3710 RALLYDEBUG rally.task.utils [-] Waiting for resource s_rally_5326b57a_xTyj0SxB. Status changed: EXTENDING => AVAILABLE in 2.080645799636841
2020-04-13 01:20:29.943 3711 RALLYDEBUG rally.task.utils [-] Waiting for resource s_rally_5326b57a_zdhG5Mu8. Status changed: AVAILABLE => DELETING in 0.07450008392333984
2020-04-13 01:20:29.953 3712 RALLYDEBUG rally.task.utils [-] Waiting for resource s_rally_5326b57a_lB6J7osD. Status changed: AVAILABLE => DELETING in 0.06787395477294922
2020-04-13 01:20:30.060 3710 RALLYDEBUG rally.task.utils [-] Waiting for resource s_rally_5326b57a_xTyj0SxB. Status changed: AVAILABLE => DELETING in 0.06407713890075684
2020-04-13 01:20:30.146 3713 RALLYDEBUG rally.task.utils [-] Waiting for resource s_rally_5326b57a_fF8DaTas. Status changed: AVAILABLE => DELETING in 0.22714614868164062
2020-04-13 01:20:31.994 3711 INFO rally.task.runner [-] Task d344b5a7-0d2e-40dc-a41f-a5fdbcfa4a22 | ITER: 6 END: OK
2020-04-13 01:20:31.998 3711 INFO rally.task.runner [-] Task d344b5a7-0d2e-40dc-a41f-a5fdbcfa4a22 | ITER: 9 START
2020-04-13 01:20:32.006 3712 INFO rally.task.runner [-] Task d344b5a7-0d2e-40dc-a41f-a5fdbcfa4a22 | ITER: 5 END: OK
2020-04-13 01:20:32.010 3712 INFO rally.task.runner [-] Task d344b5a7-0d2e-40dc-a41f-a5fdbcfa4a22 | ITER: 10 START
2020-04-13 01:20:32.112 3710 INFO rally.task.runner [-] Task d344b5a7-0d2e-40dc-a41f-a5fdbcfa4a22 | ITER: 8 END: OK
2020-04-13 01:20:32.204 3713 INFO rally.task.runner [-] Task d344b5a7-0d2e-40dc-a41f-a5fdbcfa4a22 | ITER: 7 END: OK
2020-04-13 01:20:34.793 3711 RALLYDEBUG rally.task.utils [-] Waiting for resource s_rally_5326b57a_ecCdmayz. Status changed: AVAILABLE => EXTENDING in 0.0795590877532959
2020-04-13 01:20:34.835 3712 RALLYDEBUG rally.task.utils [-] Waiting for resource s_rally_5326b57a_ivrr95ZV. Status changed: AVAILABLE => EXTENDING in 0.0717782974243164
2020-04-13 01:20:36.870 3711 RALLYDEBUG rally.task.utils [-] Waiting for resource s_rally_5326b57a_ecCdmayz. Status changed: EXTENDING => AVAILABLE in 2.0772383213043213
2020-04-13 01:20:36.913 3712 RALLYDEBUG rally.task.utils [-] Waiting for resource s_rally_5326b57a_ivrr95ZV. Status changed: EXTENDING => AVAILABLE in 2.0777640342712402
2020-04-13 01:20:37.019 3711 RALLYDEBUG rally.task.utils [-] Waiting for resource s_rally_5326b57a_ecCdmayz. Status changed: AVAILABLE => DELETING in 0.07590460777282715
2020-04-13 01:20:37.061 3712 RALLYDEBUG rally.task.utils [-] Waiting for resource s_rally_5326b57a_ivrr95ZV. Status changed: AVAILABLE => DELETING in 0.07335257530212402
2020-04-13 01:20:39.072 3711 INFO rally.task.runner [-] Task d344b5a7-0d2e-40dc-a41f-a5fdbcfa4a22 | ITER: 9 END: OK
2020-04-13 01:20:39.112 3712 INFO rally.task.runner [-] Task d344b5a7-0d2e-40dc-a41f-a5fdbcfa4a22 | ITER: 10 END: OK
2020-04-13 01:20:39.134 1333 INFO rally.task.context [-] Task d344b5a7-0d2e-40dc-a41f-a5fdbcfa4a22 | Context cleanup@openstack cleanup() started
2020-04-13 01:20:39.138 1333 RALLYDEBUG rally_openstack.cleanup.manager [-] Cleaning up cinder backups objects
2020-04-13 01:20:39.995 1333 RALLYDEBUG rally_openstack.cleanup.manager [-] Cleaning up cinder volume_snapshots objects
2020-04-13 01:20:40.624 1333 RALLYDEBUG rally_openstack.cleanup.manager [-] Cleaning up cinder transfers objects
2020-04-13 01:20:41.288 1333 RALLYDEBUG rally_openstack.cleanup.manager [-] Cleaning up cinder volumes objects
2020-04-13 01:20:42.119 1333 INFO rally.task.context [-] Task d344b5a7-0d2e-40dc-a41f-a5fdbcfa4a22 | Context cleanup@openstack cleanup() finished in 2.99 sec
2020-04-13 01:20:42.119 1333 INFO rally.task.context [-] Task d344b5a7-0d2e-40dc-a41f-a5fdbcfa4a22 | Context quotas@openstack cleanup() started
2020-04-13 01:20:42.201 1333 INFO rally.task.context [-] Task d344b5a7-0d2e-40dc-a41f-a5fdbcfa4a22 | Context quotas@openstack cleanup() finished in 81.10 msec
2020-04-13 01:20:42.201 1333 INFO rally.task.context [-] Task d344b5a7-0d2e-40dc-a41f-a5fdbcfa4a22 | Context api_versions@openstack cleanup() started
2020-04-13 01:20:42.201 1333 INFO rally.task.context [-] Task d344b5a7-0d2e-40dc-a41f-a5fdbcfa4a22 | Context api_versions@openstack cleanup() finished in 0.32 msec
2020-04-13 01:20:42.202 1333 INFO rally.task.context [-] Task d344b5a7-0d2e-40dc-a41f-a5fdbcfa4a22 | Context users@openstack cleanup() started
2020-04-13 01:20:42.399 1333 WARNING rally.common.logging [-] `iterate_per_tenants()' is deprecated in v3.0.0: it is openstack specific.. Used at
2020-04-13 01:20:45.344 1333 INFO rally.task.context [-] Task d344b5a7-0d2e-40dc-a41f-a5fdbcfa4a22 | Context users@openstack cleanup() finished in 3.14 sec
2020-04-13 01:20:45.689 1333 INFO rally.task.engine [-] Load duration is: 21.510046
2020-04-13 01:20:45.690 1333 INFO rally.task.engine [-] Full runner duration is: 21.554569
2020-04-13 01:20:45.690 1333 INFO rally.task.engine [-] Full duration is: 29.829397
2020-04-13 01:20:45.797 1333 INFO rally.task.engine [-] Running workload: position = 0 config = { "version": 2, "title": "A cropped version of a bigger task.", "description": "Auto-generated task from a single workload (uuid=9969c09a-7b3d-434c-8e09-ded7a2eecadf)", "subtasks": [ { "title": "CinderVolumes.create_from_volume_and_delete_volume", "description": "Create volume from volume and then delete it.", "scenario": { "CinderVolumes.create_from_volume_and_delete_volume": { "size": 1 } }, "contexts": { "users": { "tenants": 3, "users_per_tenant": 2 }, "quotas": { "cinder": { "gigabytes": -1, "snapshots": -1, "volumes": -1 } }, "api_versions": { "cinder": { "version": 3, "service_type": "volumev3" } }, "volumes": { "size": 1, "volumes_per_tenant": 1 } }, "runner": { "constant": { "concurrency": 4, "times": 10 } }, "hooks": [], "sla": { "failure_rate": { "max": 0 } } } ] }
2020-04-13 01:20:45.825 1333 RALLYDEBUG rally_openstack.contexts.keystone.users [-] Creating 3 tenants using 3 threads
2020-04-13 01:20:46.436 1333 RALLYDEBUG rally_openstack.contexts.keystone.users [-] Creating 6 users using 6 threads
2020-04-13 01:20:47.429 1333 INFO rally.task.context [-] Task d344b5a7-0d2e-40dc-a41f-a5fdbcfa4a22 | Context users@openstack setup() finished in 1.60 sec
2020-04-13 01:20:47.551 1333 INFO rally.task.context [-] Task d344b5a7-0d2e-40dc-a41f-a5fdbcfa4a22 | Context api_versions@openstack setup() finished in 0.12 sec
2020-04-13 01:20:48.142 1333 INFO rally.task.context [-] Task d344b5a7-0d2e-40dc-a41f-a5fdbcfa4a22 | Context quotas@openstack setup() finished in 0.59 sec
2020-04-13 01:20:48.143 1333 WARNING rally.common.logging [-] `iterate_per_tenants()' is deprecated in v3.0.0: it is openstack specific.. Used at
2020-04-13 01:20:56.224 1333 INFO rally.task.context [-] Task d344b5a7-0d2e-40dc-a41f-a5fdbcfa4a22 | Context volumes@openstack setup() finished in 8.08 sec
2020-04-13 01:20:56.225 1333 INFO rally.task.context [-] Task d344b5a7-0d2e-40dc-a41f-a5fdbcfa4a22 | Context cleanup@openstack setup() finished in 0.00 msec
2020-04-13 01:20:56.231 1333 RALLYDEBUG rally.task.runner [-] Starting the constant runner (task UUID: d344b5a7-0d2e-40dc-a41f-a5fdbcfa4a22). times: 10 concurrency: 4 timeout: 0 max_cpu_used: 88 processes_to_start: 4 concurrency_per_worker: 1 concurrency_overhead: 0
2020-04-13 01:20:56.242 3863 RALLYDEBUG rally.task.runner [-] Starting a worker. times: 10 duration: None concurrency: 1 timeout: 0 cls: method_name: run args: {"size": 1}
2020-04-13 01:20:56.245 3864 RALLYDEBUG rally.task.runner [-] Starting a worker. times: 10 duration: None concurrency: 1 timeout: 0 cls: method_name: run args: {"size": 1}
2020-04-13 01:20:56.247 3865 RALLYDEBUG rally.task.runner [-] Starting a worker. times: 10 duration: None concurrency: 1 timeout: 0 cls: method_name: run args: {"size": 1}
2020-04-13 01:20:56.249 3863 INFO rally.task.runner [-] Task d344b5a7-0d2e-40dc-a41f-a5fdbcfa4a22 | ITER: 1 START
2020-04-13 01:20:56.249 3866 RALLYDEBUG rally.task.runner [-] Starting a worker. times: 10 duration: None concurrency: 1 timeout: 0 cls: method_name: run args: {"size": 1}
2020-04-13 01:20:56.253 3864 INFO rally.task.runner [-] Task d344b5a7-0d2e-40dc-a41f-a5fdbcfa4a22 | ITER: 2 START
2020-04-13 01:20:56.254 3865 INFO rally.task.runner [-] Task d344b5a7-0d2e-40dc-a41f-a5fdbcfa4a22 | ITER: 3 START
2020-04-13 01:20:56.256 3866 INFO rally.task.runner [-] Task d344b5a7-0d2e-40dc-a41f-a5fdbcfa4a22 | ITER: 4 START
2020-04-13 01:20:59.067 3866 RALLYDEBUG rally.task.utils [-] Waiting for resource s_rally_9969c09a_sUEgyyKg. Status changed: AVAILABLE => DELETING in 0.07621121406555176
2020-04-13 01:20:59.245 3865 RALLYDEBUG rally.task.utils [-] Waiting for resource s_rally_9969c09a_15N1tZSJ. Status changed: AVAILABLE => DELETING in 0.07502174377441406
2020-04-13 01:21:01.014 3863 RALLYDEBUG rally.task.utils [-] Waiting for resource s_rally_9969c09a_MMT7tyeJ. Status changed: CREATING => AVAILABLE in 2.229429244995117
2020-04-13 01:21:01.101 3864 RALLYDEBUG rally.task.utils [-] Waiting for resource s_rally_9969c09a_o9RNmfFB. Status changed: CREATING => AVAILABLE in 2.2139980792999268
2020-04-13 01:21:01.119 3866 INFO rally.task.runner [-] Task d344b5a7-0d2e-40dc-a41f-a5fdbcfa4a22 | ITER: 4 END: OK
2020-04-13 01:21:01.124 3866 INFO rally.task.runner [-] Task d344b5a7-0d2e-40dc-a41f-a5fdbcfa4a22 | ITER: 5 START
2020-04-13 01:21:01.166 3863 RALLYDEBUG rally.task.utils [-] Waiting for resource s_rally_9969c09a_MMT7tyeJ. Status changed: AVAILABLE => DELETING in 0.06284308433532715
2020-04-13 01:21:01.253 3864 RALLYDEBUG rally.task.utils [-] Waiting for resource s_rally_9969c09a_o9RNmfFB. Status changed: AVAILABLE => DELETING in 0.07343578338623047
2020-04-13 01:21:01.289 3865 INFO rally.task.runner [-] Task d344b5a7-0d2e-40dc-a41f-a5fdbcfa4a22 | ITER: 3 END: OK
2020-04-13 01:21:01.294 3865 INFO rally.task.runner [-] Task d344b5a7-0d2e-40dc-a41f-a5fdbcfa4a22 | ITER: 6 START
2020-04-13 01:21:03.217 3863 INFO rally.task.runner [-] Task d344b5a7-0d2e-40dc-a41f-a5fdbcfa4a22 | ITER: 1 END: OK
2020-04-13 01:21:03.221 3863 INFO rally.task.runner [-] Task d344b5a7-0d2e-40dc-a41f-a5fdbcfa4a22 | ITER: 7 START
2020-04-13 01:21:03.303 3864 INFO rally.task.runner [-] Task d344b5a7-0d2e-40dc-a41f-a5fdbcfa4a22 | ITER: 2 END: OK
2020-04-13 01:21:03.308 3864 INFO rally.task.runner [-] Task d344b5a7-0d2e-40dc-a41f-a5fdbcfa4a22 | ITER: 8 START
2020-04-13 01:21:03.907 3866 RALLYDEBUG rally.task.utils [-] Waiting for resource s_rally_9969c09a_8S3fqTIX. Status changed: AVAILABLE => DELETING in 0.07082867622375488
2020-04-13 01:21:05.978 3865 RALLYDEBUG rally.task.utils [-] Waiting for resource s_rally_9969c09a_QatKxjpT. Status changed: CREATING => AVAILABLE in 2.222294807434082
2020-04-13 01:21:06.134 3865 RALLYDEBUG rally.task.utils [-] Waiting for resource s_rally_9969c09a_QatKxjpT. Status changed: AVAILABLE => DELETING in 0.07346701622009277
2020-04-13 01:21:07.940 3863 RALLYDEBUG rally.task.utils [-] Waiting for resource s_rally_9969c09a_v91bpM23. Status changed: CREATING => AVAILABLE in 2.2284109592437744
2020-04-13 01:21:08.001 3864 RALLYDEBUG rally.task.utils [-] Waiting for resource s_rally_9969c09a_TUjxD0ZE. Status changed: CREATING => AVAILABLE in 2.220226526260376
2020-04-13 01:21:08.027 3866 INFO rally.task.runner [-] Task d344b5a7-0d2e-40dc-a41f-a5fdbcfa4a22 | ITER: 5 END: OK
2020-04-13 01:21:08.030 3866 INFO rally.task.runner [-] Task d344b5a7-0d2e-40dc-a41f-a5fdbcfa4a22 | ITER: 9 START
2020-04-13 01:21:08.090 3863 RALLYDEBUG rally.task.utils [-] Waiting for resource s_rally_9969c09a_v91bpM23. Status changed: AVAILABLE => DELETING in 0.0783236026763916
2020-04-13 01:21:08.159 3864 RALLYDEBUG rally.task.utils [-] Waiting for resource s_rally_9969c09a_TUjxD0ZE. Status changed: AVAILABLE => DELETING in 0.07594490051269531
2020-04-13 01:21:08.182 3865 INFO rally.task.runner [-] Task d344b5a7-0d2e-40dc-a41f-a5fdbcfa4a22 | ITER: 6 END: OK
2020-04-13 01:21:08.186 3865 INFO rally.task.runner [-] Task d344b5a7-0d2e-40dc-a41f-a5fdbcfa4a22 | ITER: 10 START
2020-04-13 01:21:11.073 3865 RALLYDEBUG rally.task.utils [-] Waiting for resource s_rally_9969c09a_O66vAb4Z. Status changed: AVAILABLE => DELETING in 0.07570862770080566
2020-04-13 01:21:12.221 3863 INFO rally.task.runner [-] Task d344b5a7-0d2e-40dc-a41f-a5fdbcfa4a22 | ITER: 7 END: OK
2020-04-13 01:21:12.295 3864 INFO rally.task.runner [-] Task d344b5a7-0d2e-40dc-a41f-a5fdbcfa4a22 | ITER: 8 END: OK
2020-04-13 01:21:12.952 3866 RALLYDEBUG rally.task.utils [-] Waiting for resource s_rally_9969c09a_JkI5MGuI. Status changed: CREATING => AVAILABLE in 2.249016046524048
2020-04-13 01:21:13.112 3866 RALLYDEBUG rally.task.utils [-] Waiting for resource s_rally_9969c09a_JkI5MGuI. Status changed: AVAILABLE => DELETING in 0.07985496520996094
2020-04-13 01:21:13.125 3865 INFO rally.task.runner [-] Task d344b5a7-0d2e-40dc-a41f-a5fdbcfa4a22 | ITER: 10 END: OK
2020-04-13 01:21:15.165 3866 INFO rally.task.runner [-] Task d344b5a7-0d2e-40dc-a41f-a5fdbcfa4a22 | ITER: 9 END: OK
2020-04-13 01:21:15.186 1333 INFO rally.task.context [-] Task d344b5a7-0d2e-40dc-a41f-a5fdbcfa4a22 | Context cleanup@openstack cleanup() started
2020-04-13 01:21:15.193 1333 RALLYDEBUG rally_openstack.cleanup.manager [-] Cleaning up cinder backups objects
2020-04-13 01:21:15.666 1333 RALLYDEBUG rally_openstack.cleanup.manager [-] Cleaning up cinder volume_snapshots objects
2020-04-13 01:21:16.152 1333 RALLYDEBUG rally_openstack.cleanup.manager [-] Cleaning up cinder transfers objects
2020-04-13 01:21:16.613 1333 RALLYDEBUG rally_openstack.cleanup.manager [-] Cleaning up cinder volumes objects
2020-04-13 01:21:17.277 1333 INFO rally.task.context [-] Task d344b5a7-0d2e-40dc-a41f-a5fdbcfa4a22 | Context cleanup@openstack cleanup() finished in 2.09 sec
2020-04-13 01:21:17.278 1333 INFO rally.task.context [-] Task d344b5a7-0d2e-40dc-a41f-a5fdbcfa4a22 | Context volumes@openstack cleanup() started
2020-04-13 01:21:17.279 1333 RALLYDEBUG rally_openstack.cleanup.manager [-] Cleaning up cinder volumes objects
2020-04-13 01:21:17.847 1333 RALLYDEBUG rally_openstack.cleanup.manager [-] Deleting cinder.volumes object c_rally_9969c09a_odSXkUl2 (54783ed9-2c63-448a-9b62-786d7e989026)
2020-04-13 01:21:17.848 1333 RALLYDEBUG rally_openstack.cleanup.manager [-] Deleting cinder.volumes object c_rally_9969c09a_mfh0mEQz (21f55edb-630d-478b-a419-97943fc58584)
2020-04-13 01:21:17.850 1333 RALLYDEBUG rally_openstack.cleanup.manager [-] Deleting cinder.volumes object c_rally_9969c09a_5x9KggY8 (cc97ec1e-f4dc-4980-b32d-cb7f90b66fba)
2020-04-13 01:21:20.258 1333 INFO rally.task.context [-] Task d344b5a7-0d2e-40dc-a41f-a5fdbcfa4a22 | Context volumes@openstack cleanup() finished in 2.98 sec
2020-04-13 01:21:20.259 1333 INFO rally.task.context [-] Task d344b5a7-0d2e-40dc-a41f-a5fdbcfa4a22 | Context quotas@openstack cleanup() started
2020-04-13 01:21:20.354 1333 INFO rally.task.context [-] Task d344b5a7-0d2e-40dc-a41f-a5fdbcfa4a22 | Context quotas@openstack cleanup() finished in 95.23 msec
2020-04-13 01:21:20.355 1333 INFO rally.task.context [-] Task d344b5a7-0d2e-40dc-a41f-a5fdbcfa4a22 | Context api_versions@openstack cleanup() started
2020-04-13 01:21:20.355 1333 INFO rally.task.context [-] Task d344b5a7-0d2e-40dc-a41f-a5fdbcfa4a22 | Context api_versions@openstack cleanup() finished in 0.23 msec
2020-04-13 01:21:20.355 1333 INFO rally.task.context [-] Task d344b5a7-0d2e-40dc-a41f-a5fdbcfa4a22 | Context users@openstack cleanup() started
2020-04-13 01:21:20.554 1333 WARNING rally.common.logging [-] `iterate_per_tenants()' is deprecated in v3.0.0: it is openstack specific.. Used at
2020-04-13 01:21:23.100 1333 INFO rally.task.context [-] Task d344b5a7-0d2e-40dc-a41f-a5fdbcfa4a22 | Context users@openstack cleanup() finished in 2.75 sec
2020-04-13 01:21:24.048 1333 INFO rally.task.engine [-] Load duration is: 18.911865
2020-04-13 01:21:24.048 1333 INFO rally.task.engine [-] Full runner duration is: 18.954751
2020-04-13 01:21:24.049 1333 INFO rally.task.engine [-] Full duration is: 37.278281
2020-04-13 01:21:24.139 1333 INFO rally.task.engine [-] Running workload: position = 0 config = { "version": 2, "title": "A cropped version of a bigger task.", "description": "Auto-generated task from a single workload (uuid=f5116277-0cd2-49d6-8f52-b61d683ffeab)", "subtasks": [ { "title": "CinderQos.create_and_get_qos", "description": "Create a qos, then get details of the qos.", "scenario": { "CinderQos.create_and_get_qos": { "consumer": "both", "write_iops_sec": "10", "read_iops_sec": "1000" } }, "contexts": { "users": { "tenants": 3, "users_per_tenant": 2 }, "api_versions": { "cinder": { "version": 3, "service_type": "volumev3" } } }, "runner": { "constant": { "concurrency": 4, "times": 10 } }, "hooks": [], "sla": { "failure_rate": { "max": 0 } } } ] }
2020-04-13 01:21:24.158 1333 RALLYDEBUG rally_openstack.contexts.keystone.users [-] Creating 3 tenants using 3 threads
2020-04-13 01:21:24.647 1333 RALLYDEBUG rally_openstack.contexts.keystone.users [-] Creating 6 users using 6 threads
2020-04-13 01:21:25.639 1333 INFO rally.task.context [-] Task d344b5a7-0d2e-40dc-a41f-a5fdbcfa4a22 | Context users@openstack setup() finished in 1.48 sec
2020-04-13 01:21:25.786 1333 INFO rally.task.context [-] Task d344b5a7-0d2e-40dc-a41f-a5fdbcfa4a22 | Context api_versions@openstack setup() finished in 0.15 sec
2020-04-13 01:21:25.787 1333 INFO rally.task.context [-] Task d344b5a7-0d2e-40dc-a41f-a5fdbcfa4a22 | Context admin_cleanup@openstack setup() finished in 0.00 msec
2020-04-13 01:21:25.794 1333 RALLYDEBUG rally.task.runner [-] Starting the constant runner (task UUID: d344b5a7-0d2e-40dc-a41f-a5fdbcfa4a22). times: 10 concurrency: 4 timeout: 0 max_cpu_used: 88 processes_to_start: 4 concurrency_per_worker: 1 concurrency_overhead: 0
2020-04-13 01:21:25.805 4036 RALLYDEBUG rally.task.runner [-] Starting a worker. times: 10 duration: None concurrency: 1 timeout: 0 cls: method_name: run args: {"consumer": "both", "write_iops_sec": "10", "read_iops_sec": "1000"}
2020-04-13 01:21:25.811 4036 INFO rally.task.runner [-] Task d344b5a7-0d2e-40dc-a41f-a5fdbcfa4a22 | ITER: 1 START
2020-04-13 01:21:25.810 4037 RALLYDEBUG rally.task.runner [-] Starting a worker. times: 10 duration: None concurrency: 1 timeout: 0 cls: method_name: run args: {"consumer": "both", "write_iops_sec": "10", "read_iops_sec": "1000"}
2020-04-13 01:21:25.813 4038 RALLYDEBUG rally.task.runner [-] Starting a worker. times: 10 duration: None concurrency: 1 timeout: 0 cls: method_name: run args: {"consumer": "both", "write_iops_sec": "10", "read_iops_sec": "1000"}
2020-04-13 01:21:25.815 4041 RALLYDEBUG rally.task.runner [-] Starting a worker. times: 10 duration: None concurrency: 1 timeout: 0 cls: method_name: run args: {"consumer": "both", "write_iops_sec": "10", "read_iops_sec": "1000"}
2020-04-13 01:21:25.818 4037 INFO rally.task.runner [-] Task d344b5a7-0d2e-40dc-a41f-a5fdbcfa4a22 | ITER: 2 START
2020-04-13 01:21:25.820 4038 INFO rally.task.runner [-] Task d344b5a7-0d2e-40dc-a41f-a5fdbcfa4a22 | ITER: 3 START
2020-04-13 01:21:25.821 4041 INFO rally.task.runner [-] Task d344b5a7-0d2e-40dc-a41f-a5fdbcfa4a22 | ITER: 4 START
2020-04-13 01:21:26.059 4037 INFO rally.task.runner [-] Task d344b5a7-0d2e-40dc-a41f-a5fdbcfa4a22 | ITER: 2 END: OK
2020-04-13 01:21:26.061 4036 INFO rally.task.runner [-] Task d344b5a7-0d2e-40dc-a41f-a5fdbcfa4a22 | ITER: 1 END: OK
2020-04-13 01:21:26.063 4038 INFO rally.task.runner [-] Task d344b5a7-0d2e-40dc-a41f-a5fdbcfa4a22 | ITER: 3 END: OK
2020-04-13 01:21:26.064 4037 INFO rally.task.runner [-] Task d344b5a7-0d2e-40dc-a41f-a5fdbcfa4a22 | ITER: 5 START
2020-04-13 01:21:26.067 4041 INFO rally.task.runner [-] Task d344b5a7-0d2e-40dc-a41f-a5fdbcfa4a22 | ITER: 4 END: OK
2020-04-13 01:21:26.067 4036 INFO rally.task.runner [-] Task d344b5a7-0d2e-40dc-a41f-a5fdbcfa4a22 | ITER: 7 START
2020-04-13 01:21:26.067 4038 INFO rally.task.runner [-] Task d344b5a7-0d2e-40dc-a41f-a5fdbcfa4a22 | ITER: 6 START
2020-04-13 01:21:26.071 4041 INFO rally.task.runner [-] Task d344b5a7-0d2e-40dc-a41f-a5fdbcfa4a22 | ITER: 8 START
2020-04-13 01:21:26.243 4038 INFO rally.task.runner [-] Task d344b5a7-0d2e-40dc-a41f-a5fdbcfa4a22 | ITER: 6 END: OK
