2020-04-13 02:04:32.190 16883 INFO rally.task.runner [-] Task d5b89353-e7af-467d-9dbb-80eee5429822 | ITER: 6 START
2020-04-13 02:04:32.224 16880 RALLYDEBUG rally.task.utils [-] Waiting for resource s_rally_c6c30614_Dt0xl7sC. Status changed: BUILD => ACTIVE in 11.458617687225342
2020-04-13 02:04:32.225 16880 INFO rally.task.runner [-] Task d5b89353-e7af-467d-9dbb-80eee5429822 | ITER: 1 END: OK
2020-04-13 02:04:32.229 16880 INFO rally.task.runner [-] Task d5b89353-e7af-467d-9dbb-80eee5429822 | ITER: 7 START
2020-04-13 02:04:32.613 16881 RALLYDEBUG rally.task.utils [-] Waiting for resource s_rally_c6c30614_SZ7pu4M1. Status changed: BUILD => ACTIVE in 11.440032005310059
2020-04-13 02:04:32.614 16881 INFO rally.task.runner [-] Task d5b89353-e7af-467d-9dbb-80eee5429822 | ITER: 2 END: OK
2020-04-13 02:04:32.618 16881 INFO rally.task.runner [-] Task d5b89353-e7af-467d-9dbb-80eee5429822 | ITER: 8 START
2020-04-13 02:04:39.685 16882 RALLYDEBUG rally.task.utils [-] Waiting for resource s_rally_c6c30614_QBQV16lP. Status changed: BUILD => ACTIVE in 6.89212965965271
2020-04-13 02:04:39.685 16882 INFO rally.task.runner [-] Task d5b89353-e7af-467d-9dbb-80eee5429822 | ITER: 5 END: OK
2020-04-13 02:04:39.689 16882 INFO rally.task.runner [-] Task d5b89353-e7af-467d-9dbb-80eee5429822 | ITER: 9 START
2020-04-13 02:04:41.912 16880 RALLYDEBUG rally.task.utils [-] Waiting for resource s_rally_c6c30614_zWkykBZu. Status changed: BUILD => ACTIVE in 6.923794269561768
2020-04-13 02:04:41.913 16880 INFO rally.task.runner [-] Task d5b89353-e7af-467d-9dbb-80eee5429822 | ITER: 7 END: OK
2020-04-13 02:04:41.919 16880 INFO rally.task.runner [-] Task d5b89353-e7af-467d-9dbb-80eee5429822 | ITER: 10 START
2020-04-13 02:04:43.828 16883 RALLYDEBUG rally.task.utils [-] Waiting for resource s_rally_c6c30614_ZYq3IxoX. Status changed: BUILD => ACTIVE in 9.68812870979309
2020-04-13 02:04:43.830 16883 INFO rally.task.runner [-] Task d5b89353-e7af-467d-9dbb-80eee5429822 | ITER: 6 END: OK
2020-04-13 02:04:43.846 16881 RALLYDEBUG rally.task.utils [-] Waiting for resource s_rally_c6c30614_M0Y7ctLu. Status changed: BUILD => ACTIVE in 9.171361684799194
2020-04-13 02:04:43.848 16881 INFO rally.task.runner [-] Task d5b89353-e7af-467d-9dbb-80eee5429822 | ITER: 8 END: OK
2020-04-13 02:04:50.708 16882 RALLYDEBUG rally.task.utils [-] Waiting for resource s_rally_c6c30614_tyopuPev. Status changed: BUILD => ACTIVE in 9.07397747039795
2020-04-13 02:04:50.711 16882 INFO rally.task.runner [-] Task d5b89353-e7af-467d-9dbb-80eee5429822 | ITER: 9 END: OK
2020-04-13 02:04:53.791 16880 RALLYDEBUG rally.task.utils [-] Waiting for resource s_rally_c6c30614_TA462uMn. Status changed: BUILD => ACTIVE in 9.16243577003479
2020-04-13 02:04:53.792 16880 INFO rally.task.runner [-] Task d5b89353-e7af-467d-9dbb-80eee5429822 | ITER: 10 END: OK
2020-04-13 02:04:53.823 15661 INFO rally.task.context [-] Task d5b89353-e7af-467d-9dbb-80eee5429822 | Context cleanup@openstack cleanup() started
2020-04-13 02:04:53.830 15661 RALLYDEBUG rally_openstack.cleanup.manager [-] Cleaning up nova servers objects
2020-04-13 02:04:55.693 15661 RALLYDEBUG rally_openstack.cleanup.manager [-] Deleting nova.servers object s_rally_c6c30614_SZ7pu4M1 (7bdfd9c1-f64d-4ea2-b07a-d8a5eefe143a)
2020-04-13 02:04:55.698 15661 RALLYDEBUG rally_openstack.cleanup.manager [-] Deleting nova.servers object s_rally_c6c30614_2tG7B76g (eaa54e68-a5f4-440c-8fa0-a37af67ad6a0)
2020-04-13 02:04:55.709 15661 RALLYDEBUG rally_openstack.cleanup.manager [-] Deleting nova.servers object s_rally_c6c30614_M0Y7ctLu (d7ff1142-92ed-4b08-b17c-dffcc4023093)
2020-04-13 02:04:55.719 15661 RALLYDEBUG rally_openstack.cleanup.manager [-] Deleting nova.servers object s_rally_c6c30614_ZYq3IxoX (2a470f12-a78a-4be1-a12c-80144c4cd829)
2020-04-13 02:04:55.735 15661 RALLYDEBUG rally_openstack.cleanup.manager [-] Deleting nova.servers object s_rally_c6c30614_Dt0xl7sC (2a6683f9-ebf1-4dd9-b21f-871147e43fc1)
2020-04-13 02:04:55.746 15661 RALLYDEBUG rally_openstack.cleanup.manager [-] Deleting nova.servers object s_rally_c6c30614_TA462uMn (b5461b2a-e914-426f-b108-2d42363c7927)
2020-04-13 02:04:55.747 15661 RALLYDEBUG rally_openstack.cleanup.manager [-] Deleting nova.servers object s_rally_c6c30614_Xq7yADQU (f045e062-a947-4b1d-9614-b26dcaa89a44)
2020-04-13 02:04:55.767 15661 RALLYDEBUG rally_openstack.cleanup.manager [-] Deleting nova.servers object s_rally_c6c30614_tyopuPev (c01a3b89-a01f-46e6-9180-fdae949bdf5f)
2020-04-13 02:04:55.777 15661 RALLYDEBUG rally_openstack.cleanup.manager [-] Deleting nova.servers object s_rally_c6c30614_QBQV16lP (16844bc5-79d2-44c3-8d2e-0bac688ec3b2)
2020-04-13 02:04:55.783 15661 RALLYDEBUG rally_openstack.cleanup.manager [-] Deleting nova.servers object s_rally_c6c30614_zWkykBZu (dd988e1c-7674-4554-ab2c-5c72e611f4c9)
2020-04-13 02:05:02.970 15661 RALLYDEBUG rally_openstack.cleanup.manager [-] Cleaning up nova server_groups objects
2020-04-13 02:05:03.459 15661 RALLYDEBUG rally_openstack.cleanup.manager [-] Cleaning up nova keypairs objects
2020-04-13 02:05:04.449 15661 INFO rally.task.context [-] Task d5b89353-e7af-467d-9dbb-80eee5429822 | Context cleanup@openstack cleanup() finished in 10.63 sec
2020-04-13 02:05:04.450 15661 INFO rally.task.context [-] Task d5b89353-e7af-467d-9dbb-80eee5429822 | Context users@openstack cleanup() started
2020-04-13 02:05:04.595 15661 WARNING rally.common.logging [-] `iterate_per_tenants()' is deprecated in v3.0.0: it is openstack specific.. Used at
2020-04-13 02:05:07.214 15661 INFO rally.task.context [-] Task d5b89353-e7af-467d-9dbb-80eee5429822 | Context users@openstack cleanup() finished in 2.76 sec
2020-04-13 02:05:08.859 15661 INFO rally.task.engine [-] Load duration is: 34.050723
2020-04-13 02:05:08.860 15661 INFO rally.task.engine [-] Full runner duration is: 35.105861
2020-04-13 02:05:08.860 15661 INFO rally.task.engine [-] Full duration is: 50.65541
2020-04-13 02:05:08.956 15661 INFO rally.task.engine [-] Running workload: position = 0 config = { "version": 2, "title": "A cropped version of a bigger task.", "description": "Auto-generated task from a single workload (uuid=9b12398e-b73f-41ab-aeb2-c604716b6888)", "subtasks": [ { "title": "NovaServers.list_servers", "description": "List all servers.", "scenario": { "NovaServers.list_servers": { "detailed": true } }, "contexts": { "users": { "tenants": 3, "users_per_tenant": 2 }, "servers": { "flavor": { "name": "rally_full-flavor_3c7bba65-cc43-4506-b198-47a10679b894" }, "image": { "name": "rally_full-img_3c7bba65-cc43-4506-b198-47a10679b894" }, "servers_per_tenant": 2, "auto_assign_nic": true }, "network": {} }, "runner": { "constant": { "concurrency": 4, "times": 10 } }, "hooks": [], "sla": { "failure_rate": { "max": 0 } } } ] }
2020-04-13 02:05:08.978 15661 RALLYDEBUG rally_openstack.contexts.keystone.users [-] Creating 3 tenants using 3 threads
2020-04-13 02:05:09.701 15661 RALLYDEBUG rally_openstack.contexts.keystone.users [-] Creating 6 users using 6 threads
2020-04-13 02:05:10.854 15661 INFO rally.task.context [-] Task d5b89353-e7af-467d-9dbb-80eee5429822 | Context users@openstack setup() finished in 1.88 sec
2020-04-13 02:05:10.914 15661 WARNING rally.common.logging [-] `iterate_per_tenants()' is deprecated in v3.0.0: it is openstack specific.. Used at
2020-04-13 02:05:12.964 15661 RALLYDEBUG rally_openstack.wrappers.network [-] CIDR generated: 10.2.15.0/24
2020-04-13 02:05:17.738 15661 RALLYDEBUG rally_openstack.wrappers.network [-] CIDR generated: 10.2.16.0/24
2020-04-13 02:05:22.308 15661 RALLYDEBUG rally_openstack.wrappers.network [-] CIDR generated: 10.2.17.0/24
2020-04-13 02:05:25.049 15661 INFO rally.task.context [-] Task d5b89353-e7af-467d-9dbb-80eee5429822 | Context network@openstack setup() finished in 14.19 sec
2020-04-13 02:05:25.600 15661 WARNING rally.common.logging [-] `iterate_per_tenants()' is deprecated in v3.0.0: it is openstack specific.. Used at
2020-04-13 02:05:25.600 15661 RALLYDEBUG rally_openstack.contexts.nova.servers [-] Booting servers for user tenant c4193a16599c4d29b7fe2547857e5f38
2020-04-13 02:05:25.600 15661 RALLYDEBUG rally_openstack.contexts.nova.servers [-] Calling _boot_servers with image_id=5e90f54d-1298-498d-a24a-b50a08500c89 flavor_id=16715136-d9c0-4d22-9bc8-65b99286c5e3 servers_per_tenant=2
2020-04-13 02:05:36.225 15661 RALLYDEBUG rally.task.utils [-] Waiting for resource s_rally_9b12398e_MLwhGLqP_1. Status changed: BUILD => ACTIVE in 6.860463857650757
2020-04-13 02:05:36.414 15661 RALLYDEBUG rally.task.utils [-] Waiting for resource s_rally_9b12398e_MLwhGLqP_0. Status changed: BUILD => ACTIVE in 0.18908119201660156
2020-04-13 02:05:36.415 15661 RALLYDEBUG rally_openstack.contexts.nova.servers [-] Adding booted servers ['ca2c3be8-4bb6-463a-b804-0dcbaa946253', 'b74210c3-a46f-4ed8-9121-03a7705ab1a9'] to context
2020-04-13 02:05:36.415 15661 RALLYDEBUG rally_openstack.contexts.nova.servers [-] Booting servers for user tenant a023506a2fab4542b7997313cf21f3a0
2020-04-13 02:05:36.416 15661 RALLYDEBUG rally_openstack.contexts.nova.servers [-] Calling _boot_servers with image_id=5e90f54d-1298-498d-a24a-b50a08500c89 flavor_id=16715136-d9c0-4d22-9bc8-65b99286c5e3 servers_per_tenant=2
2020-04-13 02:05:46.200 15661 RALLYDEBUG rally.task.utils [-] Waiting for resource s_rally_9b12398e_7SiDtEjE_1. Status changed: BUILD => ACTIVE in 6.817394018173218
2020-04-13 02:05:46.442 15661 RALLYDEBUG rally.task.utils [-] Waiting for resource s_rally_9b12398e_7SiDtEjE_0. Status changed: BUILD => ACTIVE in 0.24099206924438477
2020-04-13 02:05:46.442 15661 RALLYDEBUG rally_openstack.contexts.nova.servers [-] Adding booted servers ['c8c0c6eb-18b3-4872-9adb-4e2ff79e032b', 'dbc86a3d-a3fa-4fa4-8523-230e8caefcd0'] to context
2020-04-13 02:05:46.442 15661 RALLYDEBUG rally_openstack.contexts.nova.servers [-] Booting servers for user tenant 7301c601f50d4f3587a3f462e1466326
2020-04-13 02:05:46.443 15661 RALLYDEBUG rally_openstack.contexts.nova.servers [-] Calling _boot_servers with image_id=5e90f54d-1298-498d-a24a-b50a08500c89 flavor_id=16715136-d9c0-4d22-9bc8-65b99286c5e3 servers_per_tenant=2
2020-04-13 02:05:56.910 15661 RALLYDEBUG rally.task.utils [-] Waiting for resource s_rally_9b12398e_5sF3S8Ot_1. Status changed: BUILD => ACTIVE in 7.198399305343628
2020-04-13 02:05:57.136 15661 RALLYDEBUG rally.task.utils [-] Waiting for resource s_rally_9b12398e_5sF3S8Ot_0. Status changed: BUILD => ACTIVE in 0.22359561920166016
2020-04-13 02:05:57.137 15661 RALLYDEBUG rally_openstack.contexts.nova.servers [-] Adding booted servers ['192546c9-3a0e-469d-8a63-1674351266a2', 'bb34469c-a6fb-4701-83f4-6a6f59800510'] to context
2020-04-13 02:05:57.138 15661 INFO rally.task.context [-] Task d5b89353-e7af-467d-9dbb-80eee5429822 | Context servers@openstack setup() finished in 32.09 sec
2020-04-13 02:05:57.151 15661 RALLYDEBUG rally.task.runner [-] Starting the constant runner (task UUID: d5b89353-e7af-467d-9dbb-80eee5429822). times: 10 concurrency: 4 timeout: 0 max_cpu_used: 88 processes_to_start: 4 concurrency_per_worker: 1 concurrency_overhead: 0
2020-04-13 02:05:57.162 17013 RALLYDEBUG rally.task.runner [-] Starting a worker. times: 10 duration: None concurrency: 1 timeout: 0 cls: method_name: run args: {"detailed": true}
2020-04-13 02:05:57.166 17014 RALLYDEBUG rally.task.runner [-] Starting a worker. times: 10 duration: None concurrency: 1 timeout: 0 cls: method_name: run args: {"detailed": true}
2020-04-13 02:05:57.170 17013 INFO rally.task.runner [-] Task d5b89353-e7af-467d-9dbb-80eee5429822 | ITER: 1 START
2020-04-13 02:05:57.171 17015 RALLYDEBUG rally.task.runner [-] Starting a worker. times: 10 duration: None concurrency: 1 timeout: 0 cls: method_name: run args: {"detailed": true}
2020-04-13 02:05:57.174 17014 INFO rally.task.runner [-] Task d5b89353-e7af-467d-9dbb-80eee5429822 | ITER: 2 START
2020-04-13 02:05:57.174 17018 RALLYDEBUG rally.task.runner [-] Starting a worker. times: 10 duration: None concurrency: 1 timeout: 0 cls: method_name: run args: {"detailed": true}
2020-04-13 02:05:57.178 17015 INFO rally.task.runner [-] Task d5b89353-e7af-467d-9dbb-80eee5429822 | ITER: 3 START
2020-04-13 02:05:57.182 17018 INFO rally.task.runner [-] Task d5b89353-e7af-467d-9dbb-80eee5429822 | ITER: 4 START
2020-04-13 02:05:57.628 17018 INFO rally.task.runner [-] Task d5b89353-e7af-467d-9dbb-80eee5429822 | ITER: 4 END: OK
2020-04-13 02:05:57.634 17018 INFO rally.task.runner [-] Task d5b89353-e7af-467d-9dbb-80eee5429822 | ITER: 5 START
2020-04-13 02:05:57.634 17015 INFO rally.task.runner [-] Task d5b89353-e7af-467d-9dbb-80eee5429822 | ITER: 3 END: OK
2020-04-13 02:05:57.640 17015 INFO rally.task.runner [-] Task d5b89353-e7af-467d-9dbb-80eee5429822 | ITER: 6 START
2020-04-13 02:05:57.732 17013 INFO rally.task.runner [-] Task d5b89353-e7af-467d-9dbb-80eee5429822 | ITER: 1 END: OK
2020-04-13 02:05:57.737 17013 INFO rally.task.runner [-] Task d5b89353-e7af-467d-9dbb-80eee5429822 | ITER: 7 START
2020-04-13 02:05:58.101 17014 INFO rally.task.runner [-] Task d5b89353-e7af-467d-9dbb-80eee5429822 | ITER: 2 END: OK
2020-04-13 02:05:58.105 17014 INFO rally.task.runner [-] Task d5b89353-e7af-467d-9dbb-80eee5429822 | ITER: 8 START
2020-04-13 02:05:58.121 17015 INFO rally.task.runner [-] Task d5b89353-e7af-467d-9dbb-80eee5429822 | ITER: 6 END: OK
2020-04-13 02:05:58.125 17015 INFO rally.task.runner [-] Task d5b89353-e7af-467d-9dbb-80eee5429822 | ITER: 9 START
2020-04-13 02:05:58.157 17018 INFO rally.task.runner [-] Task d5b89353-e7af-467d-9dbb-80eee5429822 | ITER: 5 END: OK
2020-04-13 02:05:58.161 17018 INFO rally.task.runner [-] Task d5b89353-e7af-467d-9dbb-80eee5429822 | ITER: 10 START
2020-04-13 02:05:58.303 17013 INFO rally.task.runner [-] Task d5b89353-e7af-467d-9dbb-80eee5429822 | ITER: 7 END: OK
2020-04-13 02:05:58.586 17018 INFO rally.task.runner [-] Task d5b89353-e7af-467d-9dbb-80eee5429822 | ITER: 10 END: OK
2020-04-13 02:05:58.808 17014 INFO rally.task.runner [-] Task d5b89353-e7af-467d-9dbb-80eee5429822 | ITER: 8 END: OK
2020-04-13 02:05:58.987 17015 INFO rally.task.runner [-] Task d5b89353-e7af-467d-9dbb-80eee5429822 | ITER: 9 END: OK
2020-04-13 02:05:59.009 15661 INFO rally.task.context [-] Task d5b89353-e7af-467d-9dbb-80eee5429822 | Context servers@openstack cleanup() started
2020-04-13 02:05:59.012 15661 RALLYDEBUG rally_openstack.cleanup.manager [-] Cleaning up nova servers objects
2020-04-13 02:06:00.876 15661 RALLYDEBUG rally_openstack.cleanup.manager [-] Deleting nova.servers object s_rally_9b12398e_MLwhGLqP_1 (ca2c3be8-4bb6-463a-b804-0dcbaa946253)
2020-04-13 02:06:00.885 15661 RALLYDEBUG rally_openstack.cleanup.manager [-] Deleting nova.servers object s_rally_9b12398e_MLwhGLqP_0 (b74210c3-a46f-4ed8-9121-03a7705ab1a9)
2020-04-13 02:06:00.894 15661 RALLYDEBUG rally_openstack.cleanup.manager [-] Deleting nova.servers object s_rally_9b12398e_7SiDtEjE_1 (c8c0c6eb-18b3-4872-9adb-4e2ff79e032b)
2020-04-13 02:06:00.901 15661 RALLYDEBUG rally_openstack.cleanup.manager [-] Deleting nova.servers object s_rally_9b12398e_7SiDtEjE_0 (dbc86a3d-a3fa-4fa4-8523-230e8caefcd0)
2020-04-13 02:06:00.912 15661 RALLYDEBUG rally_openstack.cleanup.manager [-] Deleting nova.servers object s_rally_9b12398e_5sF3S8Ot_1 (192546c9-3a0e-469d-8a63-1674351266a2)
2020-04-13 02:06:00.927 15661 RALLYDEBUG rally_openstack.cleanup.manager [-] Deleting nova.servers object s_rally_9b12398e_5sF3S8Ot_0 (bb34469c-a6fb-4701-83f4-6a6f59800510)
2020-04-13 02:06:07.753 15661 INFO rally.task.context [-] Task d5b89353-e7af-467d-9dbb-80eee5429822 | Context servers@openstack cleanup() finished in 8.74 sec
2020-04-13 02:06:07.754 15661 INFO rally.task.context [-] Task d5b89353-e7af-467d-9dbb-80eee5429822 | Context network@openstack cleanup() started
2020-04-13 02:06:26.343 15661 INFO rally.task.context [-] Task d5b89353-e7af-467d-9dbb-80eee5429822 | Context network@openstack cleanup() finished in 18.59 sec
2020-04-13 02:06:26.343 15661 INFO rally.task.context [-] Task d5b89353-e7af-467d-9dbb-80eee5429822 | Context users@openstack cleanup() started
2020-04-13 02:06:26.489 15661 WARNING rally.common.logging [-] `iterate_per_tenants()' is deprecated in v3.0.0: it is openstack specific.. Used at
2020-04-13 02:06:28.450 15661 INFO rally.task.context [-] Task d5b89353-e7af-467d-9dbb-80eee5429822 | Context users@openstack cleanup() finished in 2.11 sec
2020-04-13 02:06:29.366 15661 INFO rally.task.engine [-] Load duration is: 1.815656
2020-04-13 02:06:29.367 15661 INFO rally.task.engine [-] Full runner duration is: 1.858392
2020-04-13 02:06:29.367 15661 INFO rally.task.engine [-] Full duration is: 79.474995
2020-04-13 02:06:29.458 15661 INFO rally.task.engine [-] Running workload: position = 0 config = { "version": 2, "title": "A cropped version of a bigger task.", "description": "Auto-generated task from a single workload (uuid=31227b29-06c6-4e43-9072-19819395f11a)", "subtasks": [ { "title": "NovaServers.resize_server", "description": "Boot a server, then resize and delete it.", "scenario": { "NovaServers.resize_server": { "flavor": { "name": "rally_full-flavor_3c7bba65-cc43-4506-b198-47a10679b894" }, "image": { "name": "rally_full-img_3c7bba65-cc43-4506-b198-47a10679b894" }, "to_flavor": { "name": "rally_full-flavor_alt_3c7bba65-cc43-4506-b198-47a10679b894" }, "confirm": true, "force_delete": false, "nics": [ { "net-id": "f511ef3b-576a-4496-a8c5-9294ddbf9583" } ] } }, "contexts": { "users": { "tenants": 3, "users_per_tenant": 2 } }, "runner": { "constant": { "concurrency": 4, "times": 10 } }, "hooks": [], "sla": { "failure_rate": { "max": 0 } } } ] }
2020-04-13 02:06:29.477 15661 RALLYDEBUG rally_openstack.contexts.keystone.users [-] Creating 3 tenants using 3 threads
2020-04-13 02:06:29.967 15661 RALLYDEBUG rally_openstack.contexts.keystone.users [-] Creating 6 users using 6 threads
2020-04-13 02:06:30.861 15661 INFO rally.task.context [-] Task d5b89353-e7af-467d-9dbb-80eee5429822 | Context users@openstack setup() finished in 1.38 sec
2020-04-13 02:06:30.861 15661 INFO rally.task.context [-] Task d5b89353-e7af-467d-9dbb-80eee5429822 | Context cleanup@openstack setup() finished in 0.02 msec
2020-04-13 02:06:31.406 15661 RALLYDEBUG rally.task.runner [-] Starting the constant runner (task UUID: d5b89353-e7af-467d-9dbb-80eee5429822). times: 10 concurrency: 4 timeout: 0 max_cpu_used: 88 processes_to_start: 4 concurrency_per_worker: 1 concurrency_overhead: 0
2020-04-13 02:06:31.418 17106 RALLYDEBUG rally.task.runner [-] Starting a worker. times: 10 duration: None concurrency: 1 timeout: 0 cls: method_name: run args: {"flavor": "16715136-d9c0-4d22-9bc8-65b99286c5e3", "image": "5e90f54d-1298-498d-a24a-b50a08500c89", "to_flavor": "ebc21cf8-a398-40d6-9fd2-c66ff78ee9a9", "confirm": true, "force_delete": false, "nics": [{"net-id": "f511ef3b-576a-4496-a8c5-9294ddbf9583"}]}
2020-04-13 02:06:31.422 17107 RALLYDEBUG rally.task.runner [-] Starting a worker. times: 10 duration: None concurrency: 1 timeout: 0 cls: method_name: run args: {"flavor": "16715136-d9c0-4d22-9bc8-65b99286c5e3", "image": "5e90f54d-1298-498d-a24a-b50a08500c89", "to_flavor": "ebc21cf8-a398-40d6-9fd2-c66ff78ee9a9", "confirm": true, "force_delete": false, "nics": [{"net-id": "f511ef3b-576a-4496-a8c5-9294ddbf9583"}]}
2020-04-13 02:06:31.425 17106 INFO rally.task.runner [-] Task d5b89353-e7af-467d-9dbb-80eee5429822 | ITER: 1 START
2020-04-13 02:06:31.425 17108 RALLYDEBUG rally.task.runner [-] Starting a worker. times: 10 duration: None concurrency: 1 timeout: 0 cls: method_name: run args: {"flavor": "16715136-d9c0-4d22-9bc8-65b99286c5e3", "image": "5e90f54d-1298-498d-a24a-b50a08500c89", "to_flavor": "ebc21cf8-a398-40d6-9fd2-c66ff78ee9a9", "confirm": true, "force_delete": false, "nics": [{"net-id": "f511ef3b-576a-4496-a8c5-9294ddbf9583"}]}
2020-04-13 02:06:31.427 17109 RALLYDEBUG rally.task.runner [-] Starting a worker. times: 10 duration: None concurrency: 1 timeout: 0 cls: method_name: run args: {"flavor": "16715136-d9c0-4d22-9bc8-65b99286c5e3", "image": "5e90f54d-1298-498d-a24a-b50a08500c89", "to_flavor": "ebc21cf8-a398-40d6-9fd2-c66ff78ee9a9", "confirm": true, "force_delete": false, "nics": [{"net-id": "f511ef3b-576a-4496-a8c5-9294ddbf9583"}]}
2020-04-13 02:06:31.429 17107 INFO rally.task.runner [-] Task d5b89353-e7af-467d-9dbb-80eee5429822 | ITER: 2 START
2020-04-13 02:06:31.432 17108 INFO rally.task.runner [-] Task d5b89353-e7af-467d-9dbb-80eee5429822 | ITER: 3 START
2020-04-13 02:06:31.434 17109 INFO rally.task.runner [-] Task d5b89353-e7af-467d-9dbb-80eee5429822 | ITER: 4 START
2020-04-13 02:06:43.596 17109 RALLYDEBUG rally.task.utils [-] Waiting for resource s_rally_31227b29_yEgdDyYb. Status changed: BUILD => ACTIVE in 10.175061464309692
2020-04-13 02:06:45.278 17109 RALLYDEBUG rally.task.utils [-] Waiting for resource s_rally_31227b29_yEgdDyYb. Status changed: ACTIVE => RESIZE in 0.22418427467346191
2020-04-13 02:06:45.575 17108 RALLYDEBUG rally.task.utils [-] Waiting for resource s_rally_31227b29_hpvZF9iY. Status changed: BUILD => ACTIVE in 11.709470272064209
2020-04-13 02:06:46.873 17106 RALLYDEBUG rally.task.utils [-] Waiting for resource s_rally_31227b29_DSu96pJA. Status changed: BUILD => ACTIVE in 13.476428747177124
2020-04-13 02:06:46.890 17108 RALLYDEBUG rally.task.utils [-] Waiting for resource s_rally_31227b29_hpvZF9iY. Status changed: ACTIVE => RESIZE in 0.21221399307250977
2020-04-13 02:06:47.663 17107 RALLYDEBUG rally.task.utils [-] Waiting for resource s_rally_31227b29_VItZTxZ4. Status changed: BUILD => ACTIVE in 13.458560705184937
2020-04-13 02:06:48.228 17106 RALLYDEBUG rally.task.utils [-] Waiting for resource s_rally_31227b29_DSu96pJA. Status changed: ACTIVE => RESIZE in 0.21884584426879883
2020-04-13 02:06:49.627 17107 RALLYDEBUG rally.task.utils [-] Waiting for resource s_rally_31227b29_VItZTxZ4. Status changed: ACTIVE => RESIZE in 0.7152268886566162
2020-04-13 02:06:55.769 17109 RALLYDEBUG rally.task.utils [-] Waiting for resource s_rally_31227b29_yEgdDyYb. Status changed: RESIZE => VERIFY_RESIZE in 10.490813255310059
2020-04-13 02:06:56.117 17109 RALLYDEBUG rally.task.utils [-] Waiting for resource s_rally_31227b29_yEgdDyYb. Status changed: ACTIVE => VERIFY_RESIZE in 0.22899746894836426
2020-04-13 02:06:57.289 17108 RALLYDEBUG rally.task.utils [-] Waiting for resource s_rally_31227b29_hpvZF9iY. Status changed: RESIZE => VERIFY_RESIZE in 10.399068593978882
2020-04-13 02:06:58.048 17108 RALLYDEBUG rally.task.utils [-] Waiting for resource s_rally_31227b29_hpvZF9iY. Status changed: ACTIVE => VERIFY_RESIZE in 0.6569716930389404
2020-04-13 02:06:58.681 17106 RALLYDEBUG rally.task.utils [-] Waiting for resource s_rally_31227b29_DSu96pJA. Status changed: RESIZE => VERIFY_RESIZE in 10.452471256256104
2020-04-13 02:06:59.024 17106 RALLYDEBUG rally.task.utils [-] Waiting for resource s_rally_31227b29_DSu96pJA. Status changed: ACTIVE => VERIFY_RESIZE in 0.23975586891174316
2020-04-13 02:07:00.097 17107 RALLYDEBUG rally.task.utils [-] Waiting for resource s_rally_31227b29_VItZTxZ4. Status changed: RESIZE => VERIFY_RESIZE in 10.469474792480469
2020-04-13 02:07:00.396 17107 RALLYDEBUG rally.task.utils [-] Waiting for resource s_rally_31227b29_VItZTxZ4. Status changed: ACTIVE => VERIFY_RESIZE in 0.2042996883392334
2020-04-13 02:07:00.659 17109 RALLYDEBUG rally.task.utils [-] Waiting for resource s_rally_31227b29_yEgdDyYb. Status changed: VERIFY_RESIZE => ACTIVE in 4.542507886886597
2020-04-13 02:07:02.502 17108 RALLYDEBUG rally.task.utils [-] Waiting for resource s_rally_31227b29_hpvZF9iY. Status changed: VERIFY_RESIZE => ACTIVE in 4.453990936279297
2020-04-13 02:07:03.138 17109 INFO rally.task.runner [-] Task d5b89353-e7af-467d-9dbb-80eee5429822 | ITER: 4 END: OK
2020-04-13 02:07:03.144 17109 INFO rally.task.runner [-] Task d5b89353-e7af-467d-9dbb-80eee5429822 | ITER: 5 START
2020-04-13 02:07:03.954 17106 RALLYDEBUG rally.task.utils [-] Waiting for resource s_rally_31227b29_DSu96pJA. Status changed: VERIFY_RESIZE => ACTIVE in 4.929908037185669
2020-04-13 02:07:04.956 17107 RALLYDEBUG rally.task.utils [-] Waiting for resource s_rally_31227b29_VItZTxZ4. Status changed: VERIFY_RESIZE => ACTIVE in 4.5593507289886475
2020-04-13 02:07:05.001 17108 INFO rally.task.runner [-] Task d5b89353-e7af-467d-9dbb-80eee5429822 | ITER: 3 END: OK
2020-04-13 02:07:05.009 17108 INFO rally.task.runner [-] Task d5b89353-e7af-467d-9dbb-80eee5429822 | ITER: 6 START
2020-04-13 02:07:06.404 17106 INFO rally.task.runner [-] Task d5b89353-e7af-467d-9dbb-80eee5429822 | ITER: 1 END: OK
2020-04-13 02:07:06.411 17106 INFO rally.task.runner [-] Task d5b89353-e7af-467d-9dbb-80eee5429822 | ITER: 7 START
2020-04-13 02:07:09.533 17107 INFO rally.task.runner [-] Task d5b89353-e7af-467d-9dbb-80eee5429822 | ITER: 2 END: OK
2020-04-13 02:07:09.540 17107 INFO rally.task.runner [-] Task d5b89353-e7af-467d-9dbb-80eee5429822 | ITER: 8 START
2020-04-13 02:07:14.532 17108 RALLYDEBUG rally.task.utils [-] Waiting for resource s_rally_31227b29_cLG02nEE. Status changed: BUILD => ACTIVE in 7.4257471561431885
2020-04-13 02:07:15.822 17108 RALLYDEBUG rally.task.utils [-] Waiting for resource s_rally_31227b29_cLG02nEE. Status changed: ACTIVE => RESIZE in 0.2063438892364502
2020-04-13 02:07:17.658 17109 RALLYDEBUG rally.task.utils [-] Waiting for resource s_rally_31227b29_RDDGh2XD. Status changed: BUILD => ACTIVE in 12.566229104995728
2020-04-13 02:07:17.707 17106 RALLYDEBUG rally.task.utils [-] Waiting for resource s_rally_31227b29_kh3a3CWO. Status changed: BUILD => ACTIVE in 9.287505388259888
2020-04-13 02:07:18.948 17109 RALLYDEBUG rally.task.utils [-] Waiting for resource s_rally_31227b29_RDDGh2XD. Status changed: ACTIVE => RESIZE in 0.18970513343811035
2020-04-13 02:07:19.022 17106 RALLYDEBUG rally.task.utils [-] Waiting for resource s_rally_31227b29_kh3a3CWO. Status changed: ACTIVE => RESIZE in 0.22179794311523438
2020-04-13 02:07:21.307 17107 RALLYDEBUG rally.task.utils [-] Waiting for resource s_rally_31227b29_G4UpBszF. Status changed: BUILD => ACTIVE in 9.587817430496216
2020-04-13 02:07:22.643 17107 RALLYDEBUG rally.task.utils [-] Waiting for resource s_rally_31227b29_G4UpBszF. Status changed: ACTIVE => RESIZE in 0.22525620460510254
2020-04-13 02:07:26.290 17108 RALLYDEBUG rally.task.utils [-] Waiting for resource s_rally_31227b29_cLG02nEE. Status changed: RESIZE => VERIFY_RESIZE in 10.467920064926147
2020-04-13 02:07:26.565 17108 RALLYDEBUG rally.task.utils [-] Waiting for resource s_rally_31227b29_cLG02nEE. Status changed: ACTIVE => VERIFY_RESIZE in 0.18330597877502441
2020-04-13 02:07:29.412 17109 RALLYDEBUG rally.task.utils [-] Waiting for resource s_rally_31227b29_RDDGh2XD. Status changed: RESIZE => VERIFY_RESIZE in 10.463373899459839
2020-04-13 02:07:29.454 17106 RALLYDEBUG rally.task.utils [-] Waiting for resource s_rally_31227b29_kh3a3CWO. Status changed: RESIZE => VERIFY_RESIZE in 10.431257486343384
2020-04-13 02:07:29.714 17109 RALLYDEBUG rally.task.utils [-] Waiting for resource s_rally_31227b29_RDDGh2XD. Status changed: ACTIVE => VERIFY_RESIZE in 0.21179723739624023
2020-04-13 02:07:29.753 17106 RALLYDEBUG rally.task.utils [-] Waiting for resource s_rally_31227b29_kh3a3CWO. Status changed: ACTIVE => VERIFY_RESIZE in 0.20423507690429688
2020-04-13 02:07:31.559 17108 RALLYDEBUG rally.task.utils [-] Waiting for resource s_rally_31227b29_cLG02nEE. Status changed: VERIFY_RESIZE => ACTIVE in 4.993852853775024
2020-04-13 02:07:33.088 17107 RALLYDEBUG rally.task.utils [-] Waiting for resource s_rally_31227b29_G4UpBszF. Status changed: RESIZE => VERIFY_RESIZE in 10.444991827011108
2020-04-13 02:07:33.403 17107 RALLYDEBUG rally.task.utils [-] Waiting for resource s_rally_31227b29_G4UpBszF. Status changed: ACTIVE => VERIFY_RESIZE in 0.21745753288269043
2020-04-13 02:07:33.983 17108 INFO rally.task.runner [-] Task d5b89353-e7af-467d-9dbb-80eee5429822 | ITER: 6 END: OK
2020-04-13 02:07:33.988 17108 INFO rally.task.runner [-] Task d5b89353-e7af-467d-9dbb-80eee5429822 | ITER: 9 START
2020-04-13 02:07:34.180 17106 RALLYDEBUG rally.task.utils [-] Waiting for resource s_rally_31227b29_kh3a3CWO. Status changed: VERIFY_RESIZE => ACTIVE in 4.427031993865967
2020-04-13 02:07:34.598 17109 RALLYDEBUG rally.task.utils [-] Waiting for resource s_rally_31227b29_RDDGh2XD. Status changed: VERIFY_RESIZE => ACTIVE in 4.884345054626465
2020-04-13 02:07:37.043 17109 INFO rally.task.runner [-] Task d5b89353-e7af-467d-9dbb-80eee5429822 | ITER: 5 END: OK
2020-04-13 02:07:37.048 17109 INFO rally.task.runner [-] Task d5b89353-e7af-467d-9dbb-80eee5429822 | ITER: 10 START
2020-04-13 02:07:37.868 17107 RALLYDEBUG rally.task.utils [-] Waiting for resource s_rally_31227b29_G4UpBszF. Status changed: VERIFY_RESIZE => ACTIVE in 4.464931488037109
2020-04-13 02:07:38.829 17106 INFO rally.task.runner [-] Task d5b89353-e7af-467d-9dbb-80eee5429822 | ITER: 7 END: OK
2020-04-13 02:07:42.527 17107 INFO rally.task.runner [-] Task d5b89353-e7af-467d-9dbb-80eee5429822 | ITER: 8 END: OK
2020-04-13 02:07:42.882 17108 RALLYDEBUG rally.task.utils [-] Waiting for resource s_rally_31227b29_0GYnFeWt. Status changed: BUILD => ACTIVE in 6.847867727279663
2020-04-13 02:07:43.973 17108 RALLYDEBUG rally.task.utils [-] Waiting for resource s_rally_31227b29_0GYnFeWt. Status changed: ACTIVE => RESIZE in 0.22115206718444824
2020-04-13 02:07:46.293 17109 RALLYDEBUG rally.task.utils [-] Waiting for resource s_rally_31227b29_x37Cvs8A. Status changed: BUILD => ACTIVE in 6.818106412887573
2020-04-13 02:07:47.650 17109 RALLYDEBUG rally.task.utils [-] Waiting for resource s_rally_31227b29_x37Cvs8A. Status changed: ACTIVE => RESIZE in 0.2278273105621338
2020-04-13 02:07:54.405 17108 RALLYDEBUG rally.task.utils [-] Waiting for resource s_rally_31227b29_0GYnFeWt. Status changed: RESIZE => VERIFY_RESIZE in 10.432397365570068
2020-04-13 02:07:54.734 17108 RALLYDEBUG rally.task.utils [-] Waiting for resource s_rally_31227b29_0GYnFeWt. Status changed: ACTIVE => VERIFY_RESIZE in 0.23536419868469238
2020-04-13 02:07:56.941 17108 RALLYDEBUG rally.task.utils [-] Waiting for resource s_rally_31227b29_0GYnFeWt. Status changed: VERIFY_RESIZE => ACTIVE in 2.207071304321289
2020-04-13 02:07:58.098 17109 RALLYDEBUG rally.task.utils [-] Waiting for resource s_rally_31227b29_x37Cvs8A. Status changed: RESIZE => VERIFY_RESIZE in 10.447852373123169
2020-04-13 02:07:58.426 17109 RALLYDEBUG rally.task.utils [-] Waiting for resource s_rally_31227b29_x37Cvs8A. Status changed: ACTIVE => VERIFY_RESIZE in 0.2330334186553955
2020-04-13 02:08:01.643 17108 INFO rally.task.runner [-] Task d5b89353-e7af-467d-9dbb-80eee5429822 | ITER: 9 END: OK
2020-04-13 02:08:02.862 17109 RALLYDEBUG rally.task.utils [-] Waiting for resource s_rally_31227b29_x37Cvs8A. Status changed: VERIFY_RESIZE => ACTIVE in 4.435263633728027
2020-04-13 02:08:05.506 17109 INFO rally.task.runner [-] Task d5b89353-e7af-467d-9dbb-80eee5429822 | ITER: 10 END: OK
2020-04-13 02:08:05.539 15661 INFO rally.task.context [-] Task d5b89353-e7af-467d-9dbb-80eee5429822 | Context cleanup@openstack cleanup() started
2020-04-13 02:08:05.547 15661 RALLYDEBUG rally_openstack.cleanup.manager [-] Cleaning up nova servers objects
2020-04-13 02:08:06.540 15661 RALLYDEBUG rally_openstack.cleanup.manager [-] Cleaning up nova server_groups objects
2020-04-13 02:08:07.073 15661 RALLYDEBUG rally_openstack.cleanup.manager [-] Cleaning up nova keypairs objects
2020-04-13 02:08:08.292 15661 INFO rally.task.context [-] Task d5b89353-e7af-467d-9dbb-80eee5429822 | Context cleanup@openstack cleanup() finished in 2.75 sec
2020-04-13 02:08:08.292 15661 INFO rally.task.context [-] Task d5b89353-e7af-467d-9dbb-80eee5429822 | Context users@openstack cleanup() started
2020-04-13 02:08:08.580 15661 WARNING rally.common.logging [-] `iterate_per_tenants()' is deprecated in v3.0.0: it is openstack specific.. Used at
2020-04-13 02:08:10.659 15661 INFO rally.task.context [-] Task d5b89353-e7af-467d-9dbb-80eee5429822 | Context users@openstack cleanup() finished in 2.37 sec
2020-04-13 02:08:12.012 15661 INFO rally.task.engine [-] Load duration is: 93.078562
2020-04-13 02:08:12.012 15661 INFO rally.task.engine [-] Full runner duration is: 94.133003
2020-04-13 02:08:12.012 15661 INFO rally.task.engine [-] Full duration is: 101.183805
2020-04-13 02:08:12.112 15661 INFO rally.task.engine [-] Running workload: position = 0 config = { "version": 2, "title": "A cropped version of a bigger task.", "description": "Auto-generated task from a single workload (uuid=8e326f91-2aee-434b-a9c3-70fcdea01cf4)", "subtasks": [ { "title": "NovaServers.boot_and_live_migrate_server", "description": "Live Migrate a server.", "scenario": { "NovaServers.boot_and_live_migrate_server": { "flavor": { "name": "rally_full-flavor_3c7bba65-cc43-4506-b198-47a10679b894" }, "image": { "name": "rally_full-img_3c7bba65-cc43-4506-b198-47a10679b894" }, "block_migration": false, "nics": [ { "net-id": "f511ef3b-576a-4496-a8c5-9294ddbf9583" } ] } }, "contexts": { "users": { "tenants": 3, "users_per_tenant": 2 } }, "runner": { "constant": { "concurrency": 4, "times": 10 } }, "hooks": [], "sla": { "failure_rate": { "max": 0 } } } ] }
2020-04-13 02:08:12.134 15661 RALLYDEBUG rally_openstack.contexts.keystone.users [-] Creating 3 tenants using 3 threads
2020-04-13 02:08:12.644 15661 RALLYDEBUG rally_openstack.contexts.keystone.users [-] Creating 6 users using 6 threads
2020-04-13 02:08:13.614 15661 INFO rally.task.context [-] Task d5b89353-e7af-467d-9dbb-80eee5429822 | Context users@openstack setup() finished in 1.48 sec
2020-04-13 02:08:13.615 15661 INFO rally.task.context [-] Task d5b89353-e7af-467d-9dbb-80eee5429822 | Context cleanup@openstack setup() finished in 0.10 msec
2020-04-13 02:08:14.310 15661 RALLYDEBUG rally.task.runner [-] Starting the constant runner (task UUID: d5b89353-e7af-467d-9dbb-80eee5429822). times: 10 concurrency: 4 timeout: 0 max_cpu_used: 88 processes_to_start: 4 concurrency_per_worker: 1 concurrency_overhead: 0
2020-04-13 02:08:14.325 17239 RALLYDEBUG rally.task.runner [-] Starting a worker. times: 10 duration: None concurrency: 1 timeout: 0 cls: method_name: run args: {"flavor": "16715136-d9c0-4d22-9bc8-65b99286c5e3", "image": "5e90f54d-1298-498d-a24a-b50a08500c89", "block_migration": false, "nics": [{"net-id": "f511ef3b-576a-4496-a8c5-9294ddbf9583"}]}
2020-04-13 02:08:14.329 17240 RALLYDEBUG rally.task.runner [-] Starting a worker. times: 10 duration: None concurrency: 1 timeout: 0 cls: method_name: run args: {"flavor": "16715136-d9c0-4d22-9bc8-65b99286c5e3", "image": "5e90f54d-1298-498d-a24a-b50a08500c89", "block_migration": false, "nics": [{"net-id": "f511ef3b-576a-4496-a8c5-9294ddbf9583"}]}
2020-04-13 02:08:14.332 17239 INFO rally.task.runner [-] Task d5b89353-e7af-467d-9dbb-80eee5429822 | ITER: 1 START
2020-04-13 02:08:14.332 17241 RALLYDEBUG rally.task.runner [-] Starting a worker. times: 10 duration: None concurrency: 1 timeout: 0 cls: method_name: run args: {"flavor": "16715136-d9c0-4d22-9bc8-65b99286c5e3", "image": "5e90f54d-1298-498d-a24a-b50a08500c89", "block_migration": false, "nics": [{"net-id": "f511ef3b-576a-4496-a8c5-9294ddbf9583"}]}
2020-04-13 02:08:14.336 17240 INFO rally.task.runner [-] Task d5b89353-e7af-467d-9dbb-80eee5429822 | ITER: 2 START
2020-04-13 02:08:14.336 17243 RALLYDEBUG rally.task.runner [-] Starting a worker. times: 10 duration: None concurrency: 1 timeout: 0 cls: method_name: run args: {"flavor": "16715136-d9c0-4d22-9bc8-65b99286c5e3", "image": "5e90f54d-1298-498d-a24a-b50a08500c89", "block_migration": false, "nics": [{"net-id": "f511ef3b-576a-4496-a8c5-9294ddbf9583"}]}
2020-04-13 02:08:14.338 17241 INFO rally.task.runner [-] Task d5b89353-e7af-467d-9dbb-80eee5429822 | ITER: 3 START
2020-04-13 02:08:14.343 17243 INFO rally.task.runner [-] Task d5b89353-e7af-467d-9dbb-80eee5429822 | ITER: 4 START
2020-04-13 02:08:25.389 17239 RALLYDEBUG rally.task.utils [-] Waiting for resource s_rally_8e326f91_RF0JjYGn. Status changed: BUILD => ACTIVE in 9.027689456939697
2020-04-13 02:08:25.995 17243 RALLYDEBUG rally.task.utils [-] Waiting for resource s_rally_8e326f91_IOZWttzp. Status changed: BUILD => ACTIVE in 9.174379348754883
2020-04-13 02:08:26.450 17240 RALLYDEBUG rally.task.utils [-] Waiting for resource s_rally_8e326f91_AZWlt07p. Status changed: BUILD => ACTIVE in 9.595763683319092
2020-04-13 02:08:27.500 17241 RALLYDEBUG rally.task.utils [-] Waiting for resource s_rally_8e326f91_X0z5iTdU. Status changed: BUILD => ACTIVE in 11.160797834396362
2020-04-13 02:08:27.723 17239 RALLYDEBUG rally.task.utils [-] Waiting for resource s_rally_8e326f91_RF0JjYGn. Status changed: ACTIVE => MIGRATING in 0.21938061714172363
2020-04-13 02:08:28.222 17240 RALLYDEBUG rally.task.utils [-] Waiting for resource s_rally_8e326f91_AZWlt07p. Status changed: ACTIVE => MIGRATING in 0.20558476448059082
2020-04-13 02:08:28.257 17243 RALLYDEBUG rally.task.utils [-] Waiting for resource s_rally_8e326f91_IOZWttzp. Status changed: ACTIVE => MIGRATING in 0.20094680786132812
2020-04-13 02:08:29.821 17241 RALLYDEBUG rally.task.utils [-] Waiting for resource s_rally_8e326f91_X0z5iTdU. Status changed: ACTIVE => MIGRATING in 0.20335078239440918
2020-04-13 02:08:36.864 17239 RALLYDEBUG rally.task.utils [-] Waiting for resource s_rally_8e326f91_RF0JjYGn. Status changed: MIGRATING => ACTIVE in 9.141851425170898
2020-04-13 02:08:39.862 17239 INFO rally.task.runner [-] Task d5b89353-e7af-467d-9dbb-80eee5429822 | ITER: 1 END: OK
2020-04-13 02:08:39.871 17239 INFO rally.task.runner [-] Task d5b89353-e7af-467d-9dbb-80eee5429822 | ITER: 5 START
2020-04-13 02:08:45.998 17240 RALLYDEBUG rally.task.utils [-] Waiting for resource s_rally_8e326f91_AZWlt07p. Status changed: MIGRATING => ACTIVE in 17.77532386779785
2020-04-13 02:08:48.650 17240 INFO rally.task.runner [-] Task d5b89353-e7af-467d-9dbb-80eee5429822 | ITER: 2 END: OK
2020-04-13 02:08:48.656 17240 INFO rally.task.runner [-] Task d5b89353-e7af-467d-9dbb-80eee5429822 | ITER: 6 START
2020-04-13 02:08:48.704 17239 RALLYDEBUG rally.task.utils [-] Waiting for resource s_rally_8e326f91_yiVx5VgJ. Status changed: BUILD => ACTIVE in 6.855830192565918
2020-04-13 02:08:50.651 17239 RALLYDEBUG rally.task.utils [-] Waiting for resource s_rally_8e326f91_yiVx5VgJ. Status changed: ACTIVE => MIGRATING in 0.22457408905029297
2020-04-13 02:08:57.637 17243 RALLYDEBUG rally.task.utils [-] Waiting for resource s_rally_8e326f91_IOZWttzp. Status changed: MIGRATING => ACTIVE in 29.379425287246704
2020-04-13 02:08:57.734 17240 RALLYDEBUG rally.task.utils [-] Waiting for resource s_rally_8e326f91_IXRvPKJA. Status changed: BUILD => ACTIVE in 6.785424470901489
2020-04-13 02:08:59.943 17240 RALLYDEBUG rally.task.utils [-] Waiting for resource s_rally_8e326f91_IXRvPKJA. Status changed: ACTIVE => MIGRATING in 0.1918642520904541
2020-04-13 02:09:00.434 17243 INFO rally.task.runner [-] Task d5b89353-e7af-467d-9dbb-80eee5429822 | ITER: 4 END: OK
2020-04-13 02:09:00.441 17243 INFO rally.task.runner [-] Task d5b89353-e7af-467d-9dbb-80eee5429822 | ITER: 7 START
2020-04-13 02:09:06.563 17241 RALLYDEBUG rally.task.utils [-] Waiting for resource s_rally_8e326f91_X0z5iTdU. Status changed: MIGRATING => ACTIVE in 36.74137592315674
2020-04-13 02:09:09.167 17243 RALLYDEBUG rally.task.utils [-] Waiting for resource s_rally_8e326f91_zIdi5HYh. Status changed: BUILD => ACTIVE in 6.785307168960571
2020-04-13 02:09:09.374 17241 INFO rally.task.runner [-] Task d5b89353-e7af-467d-9dbb-80eee5429822 | ITER: 3 END: OK
2020-04-13 02:09:09.378 17241 INFO rally.task.runner [-] Task d5b89353-e7af-467d-9dbb-80eee5429822 | ITER: 8 START
2020-04-13 02:09:11.549 17243 RALLYDEBUG rally.task.utils [-] Waiting for resource s_rally_8e326f91_zIdi5HYh. Status changed: ACTIVE => MIGRATING in 0.20894074440002441
2020-04-13 02:09:17.917 17239 RALLYDEBUG rally.task.utils [-] Waiting for resource s_rally_8e326f91_yiVx5VgJ. Status changed: MIGRATING => ACTIVE in 27.266685247421265
2020-04-13 02:09:19.213 17241 RALLYDEBUG rally.task.utils [-] Waiting for resource s_rally_8e326f91_M7Qe1DvO. Status changed: BUILD => ACTIVE in 7.261608839035034
2020-04-13 02:09:20.917 17239 INFO rally.task.runner [-] Task d5b89353-e7af-467d-9dbb-80eee5429822 | ITER: 5 END: OK
2020-04-13 02:09:20.922 17239 INFO rally.task.runner [-] Task d5b89353-e7af-467d-9dbb-80eee5429822 | ITER: 9 START
2020-04-13 02:09:21.363 17241 RALLYDEBUG rally.task.utils [-] Waiting for resource s_rally_8e326f91_M7Qe1DvO. Status changed: ACTIVE => MIGRATING in 0.1986250877380371
2020-04-13 02:09:27.171 17240 RALLYDEBUG rally.task.utils [-] Waiting for resource s_rally_8e326f91_IXRvPKJA. Status changed: MIGRATING => ACTIVE in 27.228036165237427
2020-04-13 02:09:29.610 17239 RALLYDEBUG rally.task.utils [-] Waiting for resource s_rally_8e326f91_ZMzHinP8. Status changed: BUILD => ACTIVE in 6.792032957077026
2020-04-13 02:09:29.776 17240 INFO rally.task.runner [-] Task d5b89353-e7af-467d-9dbb-80eee5429822 | ITER: 6 END: OK
2020-04-13 02:09:29.781 17240 INFO rally.task.runner [-] Task d5b89353-e7af-467d-9dbb-80eee5429822 | ITER: 10 START
2020-04-13 02:09:31.473 17239 RALLYDEBUG rally.task.utils [-] Waiting for resource s_rally_8e326f91_ZMzHinP8. Status changed: ACTIVE => MIGRATING in 0.2223343849182129
2020-04-13 02:09:38.384 17243 RALLYDEBUG rally.task.utils [-] Waiting for resource s_rally_8e326f91_zIdi5HYh. Status changed: MIGRATING => ACTIVE in 26.834794282913208
2020-04-13 02:09:39.087 17240 RALLYDEBUG rally.task.utils [-] Waiting for resource s_rally_8e326f91_em8zgmPu. Status changed: BUILD => ACTIVE in 6.776760816574097
2020-04-13 02:09:41.210 17240 RALLYDEBUG rally.task.utils [-] Waiting for resource s_rally_8e326f91_em8zgmPu. Status changed: ACTIVE => MIGRATING in 0.6047053337097168
2020-04-13 02:09:43.293 17243 INFO rally.task.runner [-] Task d5b89353-e7af-467d-9dbb-80eee5429822 | ITER: 7 END: OK
2020-04-13 02:09:48.736 17241 RALLYDEBUG rally.task.utils [-] Waiting for resource s_rally_8e326f91_M7Qe1DvO. Status changed: MIGRATING => ACTIVE in 27.373162269592285
2020-04-13 02:09:50.037 17240 RALLYDEBUG rally.task.utils [-] Waiting for resource s_rally_8e326f91_em8zgmPu. Status changed: MIGRATING => ACTIVE in 8.826556921005249
2020-04-13 02:09:52.167 17241 INFO rally.task.runner [-] Task d5b89353-e7af-467d-9dbb-80eee5429822 | ITER: 8 END: OK
2020-04-13 02:09:52.804 17240 INFO rally.task.runner [-] Task d5b89353-e7af-467d-9dbb-80eee5429822 | ITER: 10 END: OK
2020-04-13 02:09:58.194 17239 RALLYDEBUG rally.task.utils [-] Waiting for resource s_rally_8e326f91_ZMzHinP8. Status changed: MIGRATING => ACTIVE in 26.7206449508667
2020-04-13 02:10:01.168 17239 INFO rally.task.runner [-] Task d5b89353-e7af-467d-9dbb-80eee5429822 | ITER: 9 END: OK
2020-04-13 02:10:01.198 15661 INFO rally.task.context [-] Task d5b89353-e7af-467d-9dbb-80eee5429822 | Context cleanup@openstack cleanup() started
2020-04-13 02:10:01.206 15661 RALLYDEBUG rally_openstack.cleanup.manager [-] Cleaning up nova servers objects
2020-04-13 02:10:01.912 15661 RALLYDEBUG rally_openstack.cleanup.manager [-] Cleaning up nova server_groups objects
2020-04-13 02:10:02.344 15661 RALLYDEBUG rally_openstack.cleanup.manager [-] Cleaning up nova keypairs objects
2020-04-13 02:10:03.409 15661 INFO rally.task.context [-] Task d5b89353-e7af-467d-9dbb-80eee5429822 | Context cleanup@openstack cleanup() finished in 2.21 sec
2020-04-13 02:10:03.409 15661 INFO rally.task.context [-] Task d5b89353-e7af-467d-9dbb-80eee5429822 | Context users@openstack cleanup() started
2020-04-13 02:10:03.563 15661 WARNING rally.common.logging [-] `iterate_per_tenants()' is deprecated in v3.0.0: it is openstack specific.. Used at
2020-04-13 02:10:05.654 15661 INFO rally.task.context [-] Task d5b89353-e7af-467d-9dbb-80eee5429822 | Context users@openstack cleanup() finished in 2.24 sec
2020-04-13 02:10:06.763 15661 INFO rally.task.engine [-] Load duration is: 105.834441
2020-04-13 02:10:06.764 15661 INFO rally.task.engine [-] Full runner duration is: 106.888167
2020-04-13 02:10:06.764 15661 INFO rally.task.engine [-] Full duration is: 113.521978
2020-04-13 02:10:06.859 15661 INFO rally.task.engine [-] Running workload: position = 0 config = { "version": 2, "title": "A cropped version of a bigger task.", "description": "Auto-generated task from a single workload (uuid=dd816405-7064-42dd-8706-67542f602104)", "subtasks": [ { "title": "NovaServers.boot_server_attach_created_volume_and_live_migrate", "description": "Create a VM, attach a volume to it and live migrate.", "scenario": { "NovaServers.boot_server_attach_created_volume_and_live_migrate": { "flavor": { "name": "rally_full-flavor_3c7bba65-cc43-4506-b198-47a10679b894" }, "image": { "name": "rally_full-img_3c7bba65-cc43-4506-b198-47a10679b894" }, "size": 10, "block_migration": false, "boot_server_kwargs": { "nics": [ { "net-id": "f511ef3b-576a-4496-a8c5-9294ddbf9583" } ] } } }, "contexts": { "users": { "tenants": 3, "users_per_tenant": 2 }, "api_versions": { "cinder": { "version": 3, "service_type": "volumev3" } } }, "runner": { "constant": { "concurrency": 4, "times": 10 } }, "hooks": [], "sla": { "failure_rate": { "max": 0 } } } ] }
2020-04-13 02:10:06.883 15661 RALLYDEBUG rally_openstack.contexts.keystone.users [-] Creating 3 tenants using 3 threads
2020-04-13 02:10:07.396 15661 RALLYDEBUG rally_openstack.contexts.keystone.users [-] Creating 6 users using 6 threads
2020-04-13 02:10:08.409 15661 INFO rally.task.context [-] Task d5b89353-e7af-467d-9dbb-80eee5429822 | Context users@openstack setup() finished in 1.53 sec
2020-04-13 02:10:08.542 15661 INFO rally.task.context [-] Task d5b89353-e7af-467d-9dbb-80eee5429822 | Context api_versions@openstack setup() finished in 0.13 sec
2020-04-13 02:10:08.543 15661 INFO rally.task.context [-] Task d5b89353-e7af-467d-9dbb-80eee5429822 | Context cleanup@openstack setup() finished in 0.01 msec
2020-04-13 02:10:09.020 15661 RALLYDEBUG rally.task.runner [-] Starting the constant runner (task UUID: d5b89353-e7af-467d-9dbb-80eee5429822). times: 10 concurrency: 4 timeout: 0 max_cpu_used: 88 processes_to_start: 4 concurrency_per_worker: 1 concurrency_overhead: 0
2020-04-13 02:10:09.031 17372 RALLYDEBUG rally.task.runner [-] Starting a worker. times: 10 duration: None concurrency: 1 timeout: 0 cls: method_name: run args: {"flavor": "16715136-d9c0-4d22-9bc8-65b99286c5e3", "image": "5e90f54d-1298-498d-a24a-b50a08500c89", "size": 10, "block_migration": false, "boot_server_kwargs": {"nics": [{"net-id": "f511ef3b-576a-4496-a8c5-9294ddbf9583"}]}}
2020-04-13 02:10:09.035 17373 RALLYDEBUG rally.task.runner [-] Starting a worker. times: 10 duration: None concurrency: 1 timeout: 0 cls: method_name: run args: {"flavor": "16715136-d9c0-4d22-9bc8-65b99286c5e3", "image": "5e90f54d-1298-498d-a24a-b50a08500c89", "size": 10, "block_migration": false, "boot_server_kwargs": {"nics": [{"net-id": "f511ef3b-576a-4496-a8c5-9294ddbf9583"}]}}
2020-04-13 02:10:09.037 17372 INFO rally.task.runner [-] Task d5b89353-e7af-467d-9dbb-80eee5429822 | ITER: 1 START
2020-04-13 02:10:09.038 17374 RALLYDEBUG rally.task.runner [-] Starting a worker. times: 10 duration: None concurrency: 1 timeout: 0 cls: method_name: run args: {"flavor": "16715136-d9c0-4d22-9bc8-65b99286c5e3", "image": "5e90f54d-1298-498d-a24a-b50a08500c89", "size": 10, "block_migration": false, "boot_server_kwargs": {"nics": [{"net-id": "f511ef3b-576a-4496-a8c5-9294ddbf9583"}]}}
2020-04-13 02:10:09.040 17375 RALLYDEBUG rally.task.runner [-] Starting a worker. times: 10 duration: None concurrency: 1 timeout: 0 cls: method_name: run args: {"flavor": "16715136-d9c0-4d22-9bc8-65b99286c5e3", "image": "5e90f54d-1298-498d-a24a-b50a08500c89", "size": 10, "block_migration": false, "boot_server_kwargs": {"nics": [{"net-id": "f511ef3b-576a-4496-a8c5-9294ddbf9583"}]}}
2020-04-13 02:10:09.042 17373 INFO rally.task.runner [-] Task d5b89353-e7af-467d-9dbb-80eee5429822 | ITER: 2 START
2020-04-13 02:10:09.045 17374 INFO rally.task.runner [-] Task d5b89353-e7af-467d-9dbb-80eee5429822 | ITER: 3 START
2020-04-13 02:10:09.047 17375 INFO rally.task.runner [-] Task d5b89353-e7af-467d-9dbb-80eee5429822 | ITER: 4 START
2020-04-13 02:10:20.786 17375 RALLYDEBUG rally.task.utils [-] Waiting for resource s_rally_dd816405_RBTGzoWl. Status changed: BUILD => ACTIVE in 9.256593704223633
2020-04-13 02:10:22.630 17372 RALLYDEBUG rally.task.utils [-] Waiting for resource s_rally_dd816405_EZRJRC5T. Status changed: BUILD => ACTIVE in 11.481707096099854
2020-04-13 02:10:22.902 17374 RALLYDEBUG rally.task.utils [-] Waiting for resource s_rally_dd816405_Ov6MyCAu. Status changed: BUILD => ACTIVE in 11.178957462310791
2020-04-13 02:10:24.054 17375 RALLYDEBUG rally.task.utils [-] Waiting for resource s_rally_dd816405_oTV6Xrpc. Status changed: AVAILABLE => RESERVED in 0.26392388343811035
2020-04-13 02:10:24.925 17373 RALLYDEBUG rally.task.utils [-] Waiting for resource s_rally_dd816405_WZ0Xy3Qc. Status changed: BUILD => ACTIVE in 13.34864354133606
2020-04-13 02:10:25.720 17372 RALLYDEBUG rally.task.utils [-] Waiting for resource s_rally_dd816405_OnH9Gm3b. Status changed: AVAILABLE => RESERVED in 0.23485708236694336
2020-04-13 02:10:25.879 17374 RALLYDEBUG rally.task.utils [-] Waiting for resource s_rally_dd816405_HckkDDsJ. Status changed: AVAILABLE => RESERVED in 0.18832159042358398
2020-04-13 02:10:26.252 17375 RALLYDEBUG rally.task.utils [-] Waiting for resource s_rally_dd816405_oTV6Xrpc. Status changed: RESERVED => IN-USE in 2.1980156898498535
2020-04-13 02:10:27.938 17372 RALLYDEBUG rally.task.utils [-] Waiting for resource s_rally_dd816405_OnH9Gm3b. Status changed: RESERVED => IN-USE in 2.218578815460205
2020-04-13 02:10:27.981 17373 RALLYDEBUG rally.task.utils [-] Waiting for resource s_rally_dd816405_TleZADnh. Status changed: AVAILABLE => RESERVED in 0.23114800453186035
2020-04-13 02:10:28.096 17374 RALLYDEBUG rally.task.utils [-] Waiting for resource s_rally_dd816405_HckkDDsJ. Status changed: RESERVED => IN-USE in 2.2166683673858643
2020-04-13 02:10:28.110 17375 RALLYDEBUG rally.task.utils [-] Waiting for resource s_rally_dd816405_RBTGzoWl. Status changed: ACTIVE => MIGRATING in 0.19728493690490723
