2020-04-13 01:57:14.118 15661 RALLYDEBUG rally_openstack.contexts.keystone.users [-] Creating 3 tenants using 3 threads
2020-04-13 01:57:14.693 15661 RALLYDEBUG rally_openstack.contexts.keystone.users [-] Creating 6 users using 6 threads
2020-04-13 01:57:15.805 15661 INFO rally.task.context [-] Task d5b89353-e7af-467d-9dbb-80eee5429822 | Context users@openstack setup() finished in 1.69 sec
2020-04-13 01:57:17.416 15661 INFO rally.task.context [-] Task d5b89353-e7af-467d-9dbb-80eee5429822 | Context quotas@openstack setup() finished in 1.61 sec
2020-04-13 01:57:17.481 15661 WARNING rally.common.logging [-] `iterate_per_tenants()' is deprecated in v3.0.0: it is openstack specific.. Used at
2020-04-13 01:57:20.092 15661 RALLYDEBUG rally_openstack.wrappers.network [-] CIDR generated: 100.1.4.128/25
2020-04-13 01:57:25.044 15661 RALLYDEBUG rally_openstack.wrappers.network [-] CIDR generated: 100.1.5.0/25
2020-04-13 01:57:29.701 15661 RALLYDEBUG rally_openstack.wrappers.network [-] CIDR generated: 100.1.5.128/25
2020-04-13 01:57:32.460 15661 INFO rally.task.context [-] Task d5b89353-e7af-467d-9dbb-80eee5429822 | Context network@openstack setup() finished in 15.04 sec
2020-04-13 01:57:32.461 15661 INFO rally.task.context [-] Task d5b89353-e7af-467d-9dbb-80eee5429822 | Context cleanup@openstack setup() finished in 0.02 msec
2020-04-13 01:57:32.879 15661 RALLYDEBUG rally.task.runner [-] Starting the constant runner (task UUID: d5b89353-e7af-467d-9dbb-80eee5429822). times: 10 concurrency: 4 timeout: 0 max_cpu_used: 88 processes_to_start: 4 concurrency_per_worker: 1 concurrency_overhead: 0
2020-04-13 01:57:32.891 16381 RALLYDEBUG rally.task.runner [-] Starting a worker. times: 10 duration: None concurrency: 1 timeout: 0 cls: method_name: run args: {"flavor": "16715136-d9c0-4d22-9bc8-65b99286c5e3", "from_image": "5e90f54d-1298-498d-a24a-b50a08500c89", "to_image": "5e90f54d-1298-498d-a24a-b50a08500c89", "nics": [{"net-id": "f511ef3b-576a-4496-a8c5-9294ddbf9583"}]}
2020-04-13 01:57:32.894 16382 RALLYDEBUG rally.task.runner [-] Starting a worker. times: 10 duration: None concurrency: 1 timeout: 0 cls: method_name: run args: {"flavor": "16715136-d9c0-4d22-9bc8-65b99286c5e3", "from_image": "5e90f54d-1298-498d-a24a-b50a08500c89", "to_image": "5e90f54d-1298-498d-a24a-b50a08500c89", "nics": [{"net-id": "f511ef3b-576a-4496-a8c5-9294ddbf9583"}]}
2020-04-13 01:57:32.897 16381 INFO rally.task.runner [-] Task d5b89353-e7af-467d-9dbb-80eee5429822 | ITER: 1 START
2020-04-13 01:57:32.899 16383 RALLYDEBUG rally.task.runner [-] Starting a worker. times: 10 duration: None concurrency: 1 timeout: 0 cls: method_name: run args: {"flavor": "16715136-d9c0-4d22-9bc8-65b99286c5e3", "from_image": "5e90f54d-1298-498d-a24a-b50a08500c89", "to_image": "5e90f54d-1298-498d-a24a-b50a08500c89", "nics": [{"net-id": "f511ef3b-576a-4496-a8c5-9294ddbf9583"}]}
2020-04-13 01:57:32.902 16382 INFO rally.task.runner [-] Task d5b89353-e7af-467d-9dbb-80eee5429822 | ITER: 2 START
2020-04-13 01:57:32.902 16386 RALLYDEBUG rally.task.runner [-] Starting a worker. times: 10 duration: None concurrency: 1 timeout: 0 cls: method_name: run args: {"flavor": "16715136-d9c0-4d22-9bc8-65b99286c5e3", "from_image": "5e90f54d-1298-498d-a24a-b50a08500c89", "to_image": "5e90f54d-1298-498d-a24a-b50a08500c89", "nics": [{"net-id": "f511ef3b-576a-4496-a8c5-9294ddbf9583"}]}
2020-04-13 01:57:32.905 16383 INFO rally.task.runner [-] Task d5b89353-e7af-467d-9dbb-80eee5429822 | ITER: 3 START
2020-04-13 01:57:32.909 16386 INFO rally.task.runner [-] Task d5b89353-e7af-467d-9dbb-80eee5429822 | ITER: 4 START
2020-04-13 01:57:43.952 16381 RALLYDEBUG rally.task.utils [-] Waiting for resource s_rally_bd378653_HiZu33qb. Status changed: BUILD => ACTIVE in 9.082584142684937
2020-04-13 01:57:45.543 16381 RALLYDEBUG rally.task.utils [-] Waiting for resource s_rally_bd378653_HiZu33qb. Status changed: ACTIVE => REBUILD in 0.21596789360046387
2020-04-13 01:57:46.093 16386 RALLYDEBUG rally.task.utils [-] Waiting for resource s_rally_bd378653_fM0VDEH5. Status changed: BUILD => ACTIVE in 11.133644342422485
2020-04-13 01:57:47.070 16383 RALLYDEBUG rally.task.utils [-] Waiting for resource s_rally_bd378653_FyiR4bGh. Status changed: BUILD => ACTIVE in 12.227996349334717
2020-04-13 01:57:47.632 16386 RALLYDEBUG rally.task.utils [-] Waiting for resource s_rally_bd378653_fM0VDEH5. Status changed: ACTIVE => REBUILD in 0.20563840866088867
2020-04-13 01:57:48.639 16383 RALLYDEBUG rally.task.utils [-] Waiting for resource s_rally_bd378653_FyiR4bGh. Status changed: ACTIVE => REBUILD in 0.21991562843322754
2020-04-13 01:57:49.325 16382 RALLYDEBUG rally.task.utils [-] Waiting for resource s_rally_bd378653_mqTEhawr. Status changed: BUILD => ACTIVE in 14.063999652862549
2020-04-13 01:57:50.450 16381 RALLYDEBUG rally.task.utils [-] Waiting for resource s_rally_bd378653_HiZu33qb. Status changed: REBUILD => ACTIVE in 4.907065153121948
2020-04-13 01:57:51.020 16382 RALLYDEBUG rally.task.utils [-] Waiting for resource s_rally_bd378653_mqTEhawr. Status changed: ACTIVE => REBUILD in 0.21150827407836914
2020-04-13 01:57:52.472 16386 RALLYDEBUG rally.task.utils [-] Waiting for resource s_rally_bd378653_fM0VDEH5. Status changed: REBUILD => ACTIVE in 4.839268922805786
2020-04-13 01:57:53.012 16381 INFO rally.task.runner [-] Task d5b89353-e7af-467d-9dbb-80eee5429822 | ITER: 1 END: OK
2020-04-13 01:57:53.017 16381 INFO rally.task.runner [-] Task d5b89353-e7af-467d-9dbb-80eee5429822 | ITER: 5 START
2020-04-13 01:57:53.981 16383 RALLYDEBUG rally.task.utils [-] Waiting for resource s_rally_bd378653_FyiR4bGh. Status changed: REBUILD => ACTIVE in 5.341947555541992
2020-04-13 01:57:54.976 16386 INFO rally.task.runner [-] Task d5b89353-e7af-467d-9dbb-80eee5429822 | ITER: 4 END: OK
2020-04-13 01:57:54.981 16386 INFO rally.task.runner [-] Task d5b89353-e7af-467d-9dbb-80eee5429822 | ITER: 6 START
2020-04-13 01:57:56.805 16383 INFO rally.task.runner [-] Task d5b89353-e7af-467d-9dbb-80eee5429822 | ITER: 3 END: OK
2020-04-13 01:57:56.813 16383 INFO rally.task.runner [-] Task d5b89353-e7af-467d-9dbb-80eee5429822 | ITER: 7 START
2020-04-13 01:57:57.182 16382 RALLYDEBUG rally.task.utils [-] Waiting for resource s_rally_bd378653_mqTEhawr. Status changed: REBUILD => ACTIVE in 6.161022901535034
2020-04-13 01:57:59.685 16382 INFO rally.task.runner [-] Task d5b89353-e7af-467d-9dbb-80eee5429822 | ITER: 2 END: OK
2020-04-13 01:57:59.693 16382 INFO rally.task.runner [-] Task d5b89353-e7af-467d-9dbb-80eee5429822 | ITER: 8 START
2020-04-13 01:58:02.890 16381 RALLYDEBUG rally.task.utils [-] Waiting for resource s_rally_bd378653_qV51He9n. Status changed: BUILD => ACTIVE in 7.348714113235474
2020-04-13 01:58:04.187 16386 RALLYDEBUG rally.task.utils [-] Waiting for resource s_rally_bd378653_Kr9wixrA. Status changed: BUILD => ACTIVE in 6.876678228378296
2020-04-13 01:58:04.430 16381 RALLYDEBUG rally.task.utils [-] Waiting for resource s_rally_bd378653_qV51He9n. Status changed: ACTIVE => REBUILD in 0.18628191947937012
2020-04-13 01:58:05.742 16386 RALLYDEBUG rally.task.utils [-] Waiting for resource s_rally_bd378653_Kr9wixrA. Status changed: ACTIVE => REBUILD in 0.20947694778442383
2020-04-13 01:58:06.275 16383 RALLYDEBUG rally.task.utils [-] Waiting for resource s_rally_bd378653_Ukr0PqoJ. Status changed: BUILD => ACTIVE in 7.551374673843384
2020-04-13 01:58:07.805 16383 RALLYDEBUG rally.task.utils [-] Waiting for resource s_rally_bd378653_Ukr0PqoJ. Status changed: ACTIVE => REBUILD in 0.23579859733581543
2020-04-13 01:58:08.843 16382 RALLYDEBUG rally.task.utils [-] Waiting for resource s_rally_bd378653_vAreuBQd. Status changed: BUILD => ACTIVE in 7.0000879764556885
2020-04-13 01:58:09.316 16381 RALLYDEBUG rally.task.utils [-] Waiting for resource s_rally_bd378653_qV51He9n. Status changed: REBUILD => ACTIVE in 4.8858802318573
2020-04-13 01:58:10.651 16386 RALLYDEBUG rally.task.utils [-] Waiting for resource s_rally_bd378653_Kr9wixrA. Status changed: REBUILD => ACTIVE in 4.90903639793396
2020-04-13 01:58:11.245 16382 RALLYDEBUG rally.task.utils [-] Waiting for resource s_rally_bd378653_vAreuBQd. Status changed: ACTIVE => REBUILD in 1.0025136470794678
2020-04-13 01:58:11.429 16383 RALLYDEBUG rally.task.utils [-] Waiting for resource s_rally_bd378653_Ukr0PqoJ. Status changed: REBUILD => ACTIVE in 3.624126434326172
2020-04-13 01:58:13.184 16386 INFO rally.task.runner [-] Task d5b89353-e7af-467d-9dbb-80eee5429822 | ITER: 6 END: OK
2020-04-13 01:58:13.190 16386 INFO rally.task.runner [-] Task d5b89353-e7af-467d-9dbb-80eee5429822 | ITER: 9 START
2020-04-13 01:58:13.717 16382 RALLYDEBUG rally.task.utils [-] Waiting for resource s_rally_bd378653_vAreuBQd. Status changed: REBUILD => ACTIVE in 2.471163511276245
2020-04-13 01:58:13.963 16383 INFO rally.task.runner [-] Task d5b89353-e7af-467d-9dbb-80eee5429822 | ITER: 7 END: OK
2020-04-13 01:58:13.969 16383 INFO rally.task.runner [-] Task d5b89353-e7af-467d-9dbb-80eee5429822 | ITER: 10 START
2020-04-13 01:58:13.991 16381 INFO rally.task.runner [-] Task d5b89353-e7af-467d-9dbb-80eee5429822 | ITER: 5 END: OK
2020-04-13 01:58:18.368 16382 INFO rally.task.runner [-] Task d5b89353-e7af-467d-9dbb-80eee5429822 | ITER: 8 END: OK
2020-04-13 01:58:24.336 16386 RALLYDEBUG rally.task.utils [-] Waiting for resource s_rally_bd378653_cG9u3ivY. Status changed: BUILD => ACTIVE in 9.236746072769165
2020-04-13 01:58:25.387 16383 RALLYDEBUG rally.task.utils [-] Waiting for resource s_rally_bd378653_x5KRSuj1. Status changed: BUILD => ACTIVE in 9.033809661865234
2020-04-13 01:58:25.908 16386 RALLYDEBUG rally.task.utils [-] Waiting for resource s_rally_bd378653_cG9u3ivY. Status changed: ACTIVE => REBUILD in 0.23308134078979492
2020-04-13 01:58:26.974 16383 RALLYDEBUG rally.task.utils [-] Waiting for resource s_rally_bd378653_x5KRSuj1. Status changed: ACTIVE => REBUILD in 0.2502481937408447
2020-04-13 01:58:30.831 16386 RALLYDEBUG rally.task.utils [-] Waiting for resource s_rally_bd378653_cG9u3ivY. Status changed: REBUILD => ACTIVE in 4.923393964767456
2020-04-13 01:58:33.129 16383 RALLYDEBUG rally.task.utils [-] Waiting for resource s_rally_bd378653_x5KRSuj1. Status changed: REBUILD => ACTIVE in 6.155250787734985
2020-04-13 01:58:35.630 16383 INFO rally.task.runner [-] Task d5b89353-e7af-467d-9dbb-80eee5429822 | ITER: 10 END: OK
2020-04-13 01:58:35.678 16386 INFO rally.task.runner [-] Task d5b89353-e7af-467d-9dbb-80eee5429822 | ITER: 9 END: OK
2020-04-13 01:58:35.708 15661 INFO rally.task.context [-] Task d5b89353-e7af-467d-9dbb-80eee5429822 | Context cleanup@openstack cleanup() started
2020-04-13 01:58:35.715 15661 RALLYDEBUG rally_openstack.cleanup.manager [-] Cleaning up nova servers objects
2020-04-13 01:58:36.454 15661 RALLYDEBUG rally_openstack.cleanup.manager [-] Cleaning up nova server_groups objects
2020-04-13 01:58:36.951 15661 RALLYDEBUG rally_openstack.cleanup.manager [-] Cleaning up nova keypairs objects
2020-04-13 01:58:37.886 15661 INFO rally.task.context [-] Task d5b89353-e7af-467d-9dbb-80eee5429822 | Context cleanup@openstack cleanup() finished in 2.18 sec
2020-04-13 01:58:37.887 15661 INFO rally.task.context [-] Task d5b89353-e7af-467d-9dbb-80eee5429822 | Context network@openstack cleanup() started
2020-04-13 01:58:59.044 15661 INFO rally.task.context [-] Task d5b89353-e7af-467d-9dbb-80eee5429822 | Context network@openstack cleanup() finished in 21.16 sec
2020-04-13 01:58:59.045 15661 INFO rally.task.context [-] Task d5b89353-e7af-467d-9dbb-80eee5429822 | Context quotas@openstack cleanup() started
2020-04-13 01:58:59.204 15661 INFO rally.task.context [-] Task d5b89353-e7af-467d-9dbb-80eee5429822 | Context quotas@openstack cleanup() finished in 0.16 sec
2020-04-13 01:58:59.205 15661 INFO rally.task.context [-] Task d5b89353-e7af-467d-9dbb-80eee5429822 | Context users@openstack cleanup() started
2020-04-13 01:58:59.359 15661 WARNING rally.common.logging [-] `iterate_per_tenants()' is deprecated in v3.0.0: it is openstack specific.. Used at
2020-04-13 01:59:01.502 15661 INFO rally.task.context [-] Task d5b89353-e7af-467d-9dbb-80eee5429822 | Context users@openstack cleanup() finished in 2.30 sec
2020-04-13 01:59:02.644 15661 INFO rally.task.engine [-] Load duration is: 60.778878
2020-04-13 01:59:02.644 15661 INFO rally.task.engine [-] Full runner duration is: 62.828993
2020-04-13 01:59:02.644 15661 INFO rally.task.engine [-] Full duration is: 107.385887
2020-04-13 01:59:02.734 15661 INFO rally.task.engine [-] Running workload: position = 0 config = { "version": 2, "title": "A cropped version of a bigger task.", "description": "Auto-generated task from a single workload (uuid=72d5f5f0-b554-4ce5-a8ae-828dd1296d49)", "subtasks": [ { "title": "NovaServers.snapshot_server", "description": "Boot a server, make its snapshot and delete both.", "scenario": { "NovaServers.snapshot_server": { "flavor": { "name": "rally_full-flavor_3c7bba65-cc43-4506-b198-47a10679b894" }, "image": { "name": "rally_full-img_3c7bba65-cc43-4506-b198-47a10679b894" }, "nics": [ { "net-id": "f511ef3b-576a-4496-a8c5-9294ddbf9583" } ] } }, "contexts": { "users": { "tenants": 3, "users_per_tenant": 2 }, "network": { "networks_per_tenant": 1, "start_cidr": "100.1.0.0/25" }, "quotas": { "neutron": { "network": -1, "port": -1, "subnet": -1 }, "nova": { "cores": -1, "floating_ips": -1, "instances": -1, "ram": -1, "security_group_rules": -1, "security_groups": -1 } } }, "runner": { "constant": { "concurrency": 4, "times": 10 } }, "hooks": [], "sla": { "failure_rate": { "max": 0 } } } ] }
2020-04-13 01:59:02.763 15661 RALLYDEBUG rally_openstack.contexts.keystone.users [-] Creating 3 tenants using 3 threads
2020-04-13 01:59:03.224 15661 RALLYDEBUG rally_openstack.contexts.keystone.users [-] Creating 6 users using 6 threads
2020-04-13 01:59:04.256 15661 INFO rally.task.context [-] Task d5b89353-e7af-467d-9dbb-80eee5429822 | Context users@openstack setup() finished in 1.49 sec
2020-04-13 01:59:05.360 15661 INFO rally.task.context [-] Task d5b89353-e7af-467d-9dbb-80eee5429822 | Context quotas@openstack setup() finished in 1.10 sec
2020-04-13 01:59:05.420 15661 WARNING rally.common.logging [-] `iterate_per_tenants()' is deprecated in v3.0.0: it is openstack specific.. Used at
2020-04-13 01:59:07.456 15661 RALLYDEBUG rally_openstack.wrappers.network [-] CIDR generated: 100.1.6.0/25
2020-04-13 01:59:11.738 15661 RALLYDEBUG rally_openstack.wrappers.network [-] CIDR generated: 100.1.6.128/25
2020-04-13 01:59:16.151 15661 RALLYDEBUG rally_openstack.wrappers.network [-] CIDR generated: 100.1.7.0/25
2020-04-13 01:59:18.717 15661 INFO rally.task.context [-] Task d5b89353-e7af-467d-9dbb-80eee5429822 | Context network@openstack setup() finished in 13.36 sec
2020-04-13 01:59:18.718 15661 INFO rally.task.context [-] Task d5b89353-e7af-467d-9dbb-80eee5429822 | Context cleanup@openstack setup() finished in 0.04 msec
2020-04-13 01:59:19.141 15661 RALLYDEBUG rally.task.runner [-] Starting the constant runner (task UUID: d5b89353-e7af-467d-9dbb-80eee5429822). times: 10 concurrency: 4 timeout: 0 max_cpu_used: 88 processes_to_start: 4 concurrency_per_worker: 1 concurrency_overhead: 0
2020-04-13 01:59:19.153 16514 RALLYDEBUG rally.task.runner [-] Starting a worker. times: 10 duration: None concurrency: 1 timeout: 0 cls: method_name: run args: {"flavor": "16715136-d9c0-4d22-9bc8-65b99286c5e3", "image": "5e90f54d-1298-498d-a24a-b50a08500c89", "nics": [{"net-id": "f511ef3b-576a-4496-a8c5-9294ddbf9583"}]}
2020-04-13 01:59:19.156 16515 RALLYDEBUG rally.task.runner [-] Starting a worker. times: 10 duration: None concurrency: 1 timeout: 0 cls: method_name: run args: {"flavor": "16715136-d9c0-4d22-9bc8-65b99286c5e3", "image": "5e90f54d-1298-498d-a24a-b50a08500c89", "nics": [{"net-id": "f511ef3b-576a-4496-a8c5-9294ddbf9583"}]}
2020-04-13 01:59:19.159 16516 RALLYDEBUG rally.task.runner [-] Starting a worker. times: 10 duration: None concurrency: 1 timeout: 0 cls: method_name: run args: {"flavor": "16715136-d9c0-4d22-9bc8-65b99286c5e3", "image": "5e90f54d-1298-498d-a24a-b50a08500c89", "nics": [{"net-id": "f511ef3b-576a-4496-a8c5-9294ddbf9583"}]}
2020-04-13 01:59:19.161 16514 INFO rally.task.runner [-] Task d5b89353-e7af-467d-9dbb-80eee5429822 | ITER: 1 START
2020-04-13 01:59:19.161 16515 INFO rally.task.runner [-] Task d5b89353-e7af-467d-9dbb-80eee5429822 | ITER: 2 START
2020-04-13 01:59:19.162 16517 RALLYDEBUG rally.task.runner [-] Starting a worker. times: 10 duration: None concurrency: 1 timeout: 0 cls: method_name: run args: {"flavor": "16715136-d9c0-4d22-9bc8-65b99286c5e3", "image": "5e90f54d-1298-498d-a24a-b50a08500c89", "nics": [{"net-id": "f511ef3b-576a-4496-a8c5-9294ddbf9583"}]}
2020-04-13 01:59:19.166 16516 INFO rally.task.runner [-] Task d5b89353-e7af-467d-9dbb-80eee5429822 | ITER: 3 START
2020-04-13 01:59:19.170 16517 INFO rally.task.runner [-] Task d5b89353-e7af-467d-9dbb-80eee5429822 | ITER: 4 START
2020-04-13 01:59:30.316 16514 RALLYDEBUG rally.task.utils [-] Waiting for resource s_rally_72d5f5f0_1SXbAa60. Status changed: BUILD => ACTIVE in 9.089688777923584
2020-04-13 01:59:32.716 16515 RALLYDEBUG rally.task.utils [-] Waiting for resource s_rally_72d5f5f0_VxhpoAzT. Status changed: BUILD => ACTIVE in 11.664055585861206
2020-04-13 01:59:32.919 16516 RALLYDEBUG rally.task.utils [-] Waiting for resource s_rally_72d5f5f0_KPLFdb5a. Status changed: BUILD => ACTIVE in 11.714988470077515
2020-04-13 01:59:35.547 16517 RALLYDEBUG rally.task.utils [-] Waiting for resource s_rally_72d5f5f0_qpmSqhUL. Status changed: BUILD => ACTIVE in 14.084333181381226
2020-04-13 01:59:36.801 16514 RALLYDEBUG rally.task.utils [-] Waiting for resource s_rally_72d5f5f0_1SXbAa60. Status changed: QUEUED => SAVING in 6.1265764236450195
2020-04-13 01:59:39.206 16515 RALLYDEBUG rally.task.utils [-] Waiting for resource s_rally_72d5f5f0_VxhpoAzT. Status changed: QUEUED => SAVING in 6.128291130065918
2020-04-13 01:59:41.451 16516 RALLYDEBUG rally.task.utils [-] Waiting for resource s_rally_72d5f5f0_KPLFdb5a. Status changed: QUEUED => SAVING in 8.158871412277222
2020-04-13 01:59:44.087 16517 RALLYDEBUG rally.task.utils [-] Waiting for resource s_rally_72d5f5f0_qpmSqhUL. Status changed: QUEUED => SAVING in 8.169173002243042
2020-04-13 01:59:46.984 16514 RALLYDEBUG rally.task.utils [-] Waiting for resource s_rally_72d5f5f0_1SXbAa60. Status changed: SAVING => ACTIVE in 10.182766914367676
2020-04-13 01:59:53.451 16515 RALLYDEBUG rally.task.utils [-] Waiting for resource s_rally_72d5f5f0_VxhpoAzT. Status changed: SAVING => ACTIVE in 14.244788408279419
2020-04-13 01:59:53.662 16516 RALLYDEBUG rally.task.utils [-] Waiting for resource s_rally_72d5f5f0_KPLFdb5a. Status changed: SAVING => ACTIVE in 12.210821866989136
2020-04-13 01:59:56.290 16517 RALLYDEBUG rally.task.utils [-] Waiting for resource s_rally_72d5f5f0_qpmSqhUL. Status changed: SAVING => ACTIVE in 12.203200101852417
2020-04-13 02:00:14.614 16514 RALLYDEBUG rally.task.utils [-] Waiting for resource s_rally_72d5f5f0_PM7fcwaK. Status changed: BUILD => ACTIVE in 20.264187335968018
2020-04-13 02:00:17.062 16514 WARNING /usr/lib/python3.7/site-packages/rally_openstack/scenarios/nova/utils.py [-] Method '_delete_image' of NovaScenario class is deprecated since Rally 0.10.0. Use GlanceUtils instead.
2020-04-13 02:00:17.755 16514 DEBUG glanceclient.common.http [-] Request returned failure status 404. _handle_response /usr/lib/python3.7/site-packages/glanceclient/common/http.py:125
2020-04-13 02:00:17.759 16514 INFO rally.task.runner [-] Task d5b89353-e7af-467d-9dbb-80eee5429822 | ITER: 1 END: OK
2020-04-13 02:00:17.766 16514 INFO rally.task.runner [-] Task d5b89353-e7af-467d-9dbb-80eee5429822 | ITER: 5 START
2020-04-13 02:00:23.173 16516 RALLYDEBUG rally.task.utils [-] Waiting for resource s_rally_72d5f5f0_aFgdGYOg. Status changed: BUILD => ACTIVE in 23.90167498588562
2020-04-13 02:00:31.874 16514 RALLYDEBUG rally.task.utils [-] Waiting for resource s_rally_72d5f5f0_jiVcjBzz. Status changed: BUILD => ACTIVE in 11.838828086853027
2020-04-13 02:00:36.325 16516 WARNING /usr/lib/python3.7/site-packages/rally_openstack/scenarios/nova/utils.py [-] Method '_delete_image' of NovaScenario class is deprecated since Rally 0.10.0. Use GlanceUtils instead.
2020-04-13 02:00:36.912 16516 DEBUG glanceclient.common.http [-] Request returned failure status 404. _handle_response /usr/lib/python3.7/site-packages/glanceclient/common/http.py:125
2020-04-13 02:00:36.917 16516 INFO rally.task.runner [-] Task d5b89353-e7af-467d-9dbb-80eee5429822 | ITER: 3 END: OK
2020-04-13 02:00:36.923 16516 INFO rally.task.runner [-] Task d5b89353-e7af-467d-9dbb-80eee5429822 | ITER: 6 START
2020-04-13 02:00:38.882 16514 RALLYDEBUG rally.task.utils [-] Waiting for resource s_rally_72d5f5f0_jiVcjBzz. Status changed: QUEUED => SAVING in 6.124301910400391
2020-04-13 02:00:38.958 16517 RALLYDEBUG rally.task.utils [-] Waiting for resource s_rally_72d5f5f0_9a34EDt4. Status changed: BUILD => ACTIVE in 38.11694931983948
2020-04-13 02:00:40.279 16515 RALLYDEBUG rally.task.utils [-] Waiting for resource s_rally_72d5f5f0_JCkaIYU7. Status changed: BUILD => ACTIVE in 40.10567235946655
2020-04-13 02:00:41.488 16517 WARNING /usr/lib/python3.7/site-packages/rally_openstack/scenarios/nova/utils.py [-] Method '_delete_image' of NovaScenario class is deprecated since Rally 0.10.0. Use GlanceUtils instead.
2020-04-13 02:00:42.193 16517 DEBUG glanceclient.common.http [-] Request returned failure status 404. _handle_response /usr/lib/python3.7/site-packages/glanceclient/common/http.py:125
2020-04-13 02:00:42.197 16517 INFO rally.task.runner [-] Task d5b89353-e7af-467d-9dbb-80eee5429822 | ITER: 4 END: OK
2020-04-13 02:00:42.203 16517 INFO rally.task.runner [-] Task d5b89353-e7af-467d-9dbb-80eee5429822 | ITER: 7 START
2020-04-13 02:00:43.019 16515 WARNING /usr/lib/python3.7/site-packages/rally_openstack/scenarios/nova/utils.py [-] Method '_delete_image' of NovaScenario class is deprecated since Rally 0.10.0. Use GlanceUtils instead.
2020-04-13 02:00:43.730 16515 DEBUG glanceclient.common.http [-] Request returned failure status 404. _handle_response /usr/lib/python3.7/site-packages/glanceclient/common/http.py:125
2020-04-13 02:00:43.734 16515 INFO rally.task.runner [-] Task d5b89353-e7af-467d-9dbb-80eee5429822 | ITER: 2 END: OK
2020-04-13 02:00:43.741 16515 INFO rally.task.runner [-] Task d5b89353-e7af-467d-9dbb-80eee5429822 | ITER: 8 START
2020-04-13 02:00:44.978 16514 RALLYDEBUG rally.task.utils [-] Waiting for resource s_rally_72d5f5f0_jiVcjBzz. Status changed: SAVING => ACTIVE in 6.095714807510376
2020-04-13 02:00:48.579 16516 RALLYDEBUG rally.task.utils [-] Waiting for resource s_rally_72d5f5f0_7nGbqZKG. Status changed: BUILD => ACTIVE in 9.534140348434448
2020-04-13 02:00:50.987 16517 RALLYDEBUG rally.task.utils [-] Waiting for resource s_rally_72d5f5f0_IJqG9PNC. Status changed: BUILD => ACTIVE in 6.8158118724823
2020-04-13 02:00:55.140 16515 RALLYDEBUG rally.task.utils [-] Waiting for resource s_rally_72d5f5f0_5kkGjsN7. Status changed: BUILD => ACTIVE in 9.085266351699829
2020-04-13 02:00:57.483 16517 RALLYDEBUG rally.task.utils [-] Waiting for resource s_rally_72d5f5f0_IJqG9PNC. Status changed: QUEUED => SAVING in 6.130796432495117
2020-04-13 02:01:01.220 16516 RALLYDEBUG rally.task.utils [-] Waiting for resource s_rally_72d5f5f0_7nGbqZKG. Status changed: QUEUED => SAVING in 12.232340574264526
2020-04-13 02:01:01.594 16515 RALLYDEBUG rally.task.utils [-] Waiting for resource s_rally_72d5f5f0_5kkGjsN7. Status changed: QUEUED => SAVING in 6.120771646499634
2020-04-13 02:01:05.332 16514 RALLYDEBUG rally.task.utils [-] Waiting for resource s_rally_72d5f5f0_7MVNvxV9. Status changed: BUILD => ACTIVE in 15.776625871658325
2020-04-13 02:01:09.690 16517 RALLYDEBUG rally.task.utils [-] Waiting for resource s_rally_72d5f5f0_IJqG9PNC. Status changed: SAVING => ACTIVE in 12.207223415374756
2020-04-13 02:01:10.489 16514 WARNING /usr/lib/python3.7/site-packages/rally_openstack/scenarios/nova/utils.py [-] Method '_delete_image' of NovaScenario class is deprecated since Rally 0.10.0. Use GlanceUtils instead.
2020-04-13 02:01:12.446 16514 DEBUG glanceclient.common.http [-] Request returned failure status 404. _handle_response /usr/lib/python3.7/site-packages/glanceclient/common/http.py:125
2020-04-13 02:01:12.447 16514 INFO rally.task.runner [-] Task d5b89353-e7af-467d-9dbb-80eee5429822 | ITER: 5 END: OK
2020-04-13 02:01:12.453 16514 INFO rally.task.runner [-] Task d5b89353-e7af-467d-9dbb-80eee5429822 | ITER: 9 START
2020-04-13 02:01:13.421 16516 RALLYDEBUG rally.task.utils [-] Waiting for resource s_rally_72d5f5f0_7nGbqZKG. Status changed: SAVING => ACTIVE in 12.200621843338013
2020-04-13 02:01:13.803 16515 RALLYDEBUG rally.task.utils [-] Waiting for resource s_rally_72d5f5f0_5kkGjsN7. Status changed: SAVING => ACTIVE in 12.209055662155151
2020-04-13 02:01:21.224 16514 RALLYDEBUG rally.task.utils [-] Waiting for resource s_rally_72d5f5f0_sTBrzmxx. Status changed: BUILD => ACTIVE in 6.883004665374756
2020-04-13 02:01:25.684 16514 RALLYDEBUG rally.task.utils [-] Waiting for resource s_rally_72d5f5f0_sTBrzmxx. Status changed: QUEUED => SAVING in 4.103301525115967
2020-04-13 02:01:37.899 16514 RALLYDEBUG rally.task.utils [-] Waiting for resource s_rally_72d5f5f0_sTBrzmxx. Status changed: SAVING => ACTIVE in 12.215085983276367
2020-04-13 02:01:45.636 16517 RALLYDEBUG rally.task.utils [-] Waiting for resource s_rally_72d5f5f0_3RbxNZgL. Status changed: BUILD => ACTIVE in 29.203120470046997
2020-04-13 02:01:52.962 16517 WARNING /usr/lib/python3.7/site-packages/rally_openstack/scenarios/nova/utils.py [-] Method '_delete_image' of NovaScenario class is deprecated since Rally 0.10.0. Use GlanceUtils instead.
2020-04-13 02:01:53.786 16517 DEBUG glanceclient.common.http [-] Request returned failure status 404. _handle_response /usr/lib/python3.7/site-packages/glanceclient/common/http.py:125
2020-04-13 02:01:53.787 16517 INFO rally.task.runner [-] Task d5b89353-e7af-467d-9dbb-80eee5429822 | ITER: 7 END: OK
2020-04-13 02:01:53.793 16517 INFO rally.task.runner [-] Task d5b89353-e7af-467d-9dbb-80eee5429822 | ITER: 10 START
2020-04-13 02:01:54.001 16515 RALLYDEBUG rally.task.utils [-] Waiting for resource s_rally_72d5f5f0_VGvZ8ULg. Status changed: BUILD => ACTIVE in 35.342939376831055
2020-04-13 02:01:55.010 16516 RALLYDEBUG rally.task.utils [-] Waiting for resource s_rally_72d5f5f0_pgJ86xjC. Status changed: BUILD => ACTIVE in 36.467931509017944
2020-04-13 02:01:57.643 16516 WARNING /usr/lib/python3.7/site-packages/rally_openstack/scenarios/nova/utils.py [-] Method '_delete_image' of NovaScenario class is deprecated since Rally 0.10.0. Use GlanceUtils instead.
2020-04-13 02:01:58.300 16514 RALLYDEBUG rally.task.utils [-] Waiting for resource s_rally_72d5f5f0_gSTQPjxn. Status changed: BUILD => ACTIVE in 15.749846935272217
2020-04-13 02:01:58.306 16516 DEBUG glanceclient.common.http [-] Request returned failure status 404. _handle_response /usr/lib/python3.7/site-packages/glanceclient/common/http.py:125
2020-04-13 02:01:58.307 16516 INFO rally.task.runner [-] Task d5b89353-e7af-467d-9dbb-80eee5429822 | ITER: 6 END: OK
2020-04-13 02:01:58.747 16515 WARNING /usr/lib/python3.7/site-packages/rally_openstack/scenarios/nova/utils.py [-] Method '_delete_image' of NovaScenario class is deprecated since Rally 0.10.0. Use GlanceUtils instead.
2020-04-13 02:01:59.332 16515 DEBUG glanceclient.common.http [-] Request returned failure status 404. _handle_response /usr/lib/python3.7/site-packages/glanceclient/common/http.py:125
2020-04-13 02:01:59.334 16515 INFO rally.task.runner [-] Task d5b89353-e7af-467d-9dbb-80eee5429822 | ITER: 8 END: OK
2020-04-13 02:02:00.846 16514 WARNING /usr/lib/python3.7/site-packages/rally_openstack/scenarios/nova/utils.py [-] Method '_delete_image' of NovaScenario class is deprecated since Rally 0.10.0. Use GlanceUtils instead.
2020-04-13 02:02:01.456 16514 DEBUG glanceclient.common.http [-] Request returned failure status 404. _handle_response /usr/lib/python3.7/site-packages/glanceclient/common/http.py:125
2020-04-13 02:02:01.457 16514 INFO rally.task.runner [-] Task d5b89353-e7af-467d-9dbb-80eee5429822 | ITER: 9 END: OK
2020-04-13 02:02:03.042 16517 RALLYDEBUG rally.task.utils [-] Waiting for resource s_rally_72d5f5f0_O2Jwrucw. Status changed: BUILD => ACTIVE in 6.794795513153076
2020-04-13 02:02:07.468 16517 RALLYDEBUG rally.task.utils [-] Waiting for resource s_rally_72d5f5f0_O2Jwrucw. Status changed: QUEUED => SAVING in 4.096559524536133
2020-04-13 02:02:15.620 16517 RALLYDEBUG rally.task.utils [-] Waiting for resource s_rally_72d5f5f0_O2Jwrucw. Status changed: SAVING => ACTIVE in 8.151699781417847
2020-04-13 02:02:34.040 16517 RALLYDEBUG rally.task.utils [-] Waiting for resource s_rally_72d5f5f0_EQE6hvar. Status changed: BUILD => ACTIVE in 14.016237020492554
2020-04-13 02:02:36.471 16517 WARNING /usr/lib/python3.7/site-packages/rally_openstack/scenarios/nova/utils.py [-] Method '_delete_image' of NovaScenario class is deprecated since Rally 0.10.0. Use GlanceUtils instead.
2020-04-13 02:02:37.139 16517 DEBUG glanceclient.common.http [-] Request returned failure status 404. _handle_response /usr/lib/python3.7/site-packages/glanceclient/common/http.py:125
2020-04-13 02:02:37.141 16517 INFO rally.task.runner [-] Task d5b89353-e7af-467d-9dbb-80eee5429822 | ITER: 10 END: OK
2020-04-13 02:02:37.167 15661 INFO rally.task.context [-] Task d5b89353-e7af-467d-9dbb-80eee5429822 | Context cleanup@openstack cleanup() started
2020-04-13 02:02:37.173 15661 RALLYDEBUG rally_openstack.cleanup.manager [-] Cleaning up nova servers objects
2020-04-13 02:02:37.830 15661 RALLYDEBUG rally_openstack.cleanup.manager [-] Cleaning up nova server_groups objects
2020-04-13 02:02:38.358 15661 RALLYDEBUG rally_openstack.cleanup.manager [-] Cleaning up nova keypairs objects
2020-04-13 02:02:39.422 15661 RALLYDEBUG rally_openstack.cleanup.manager [-] Cleaning up glance images objects
2020-04-13 02:02:40.486 15661 INFO rally.task.context [-] Task d5b89353-e7af-467d-9dbb-80eee5429822 | Context cleanup@openstack cleanup() finished in 3.32 sec
2020-04-13 02:02:40.487 15661 INFO rally.task.context [-] Task d5b89353-e7af-467d-9dbb-80eee5429822 | Context network@openstack cleanup() started
2020-04-13 02:02:59.825 15661 INFO rally.task.context [-] Task d5b89353-e7af-467d-9dbb-80eee5429822 | Context network@openstack cleanup() finished in 19.34 sec
2020-04-13 02:02:59.827 15661 INFO rally.task.context [-] Task d5b89353-e7af-467d-9dbb-80eee5429822 | Context quotas@openstack cleanup() started
2020-04-13 02:02:59.948 15661 INFO rally.task.context [-] Task d5b89353-e7af-467d-9dbb-80eee5429822 | Context quotas@openstack cleanup() finished in 0.12 sec
2020-04-13 02:02:59.948 15661 INFO rally.task.context [-] Task d5b89353-e7af-467d-9dbb-80eee5429822 | Context users@openstack cleanup() started
2020-04-13 02:03:00.101 15661 WARNING rally.common.logging [-] `iterate_per_tenants()' is deprecated in v3.0.0: it is openstack specific.. Used at
2020-04-13 02:03:02.217 15661 INFO rally.task.context [-] Task d5b89353-e7af-467d-9dbb-80eee5429822 | Context users@openstack cleanup() finished in 2.27 sec
2020-04-13 02:03:03.858 15661 INFO rally.task.engine [-] Load duration is: 195.978777
2020-04-13 02:03:03.859 15661 INFO rally.task.engine [-] Full runner duration is: 198.025932
2020-04-13 02:03:03.859 15661 INFO rally.task.engine [-] Full duration is: 239.456974
2020-04-13 02:03:04.045 15661 INFO rally.task.engine [-] Running workload: position = 0 config = { "version": 2, "title": "A cropped version of a bigger task.", "description": "Auto-generated task from a single workload (uuid=1bded4bd-04f6-4c41-886f-2b17c8f19719)", "subtasks": [ { "title": "NovaServers.boot_server_from_volume", "description": "Boot a server from volume.", "scenario": { "NovaServers.boot_server_from_volume": { "flavor": { "name": "rally_full-flavor_3c7bba65-cc43-4506-b198-47a10679b894" }, "image": { "name": "rally_full-img_3c7bba65-cc43-4506-b198-47a10679b894" }, "volume_size": 1, "nics": [ { "net-id": "f511ef3b-576a-4496-a8c5-9294ddbf9583" } ] } }, "contexts": { "users": { "tenants": 3, "users_per_tenant": 2 }, "api_versions": { "cinder": { "version": 3, "service_type": "volumev3" } } }, "runner": { "constant": { "concurrency": 4, "times": 10 } }, "hooks": [], "sla": { "failure_rate": { "max": 0 } } } ] }
2020-04-13 02:03:04.070 15661 RALLYDEBUG rally_openstack.contexts.keystone.users [-] Creating 3 tenants using 3 threads
2020-04-13 02:03:04.622 15661 RALLYDEBUG rally_openstack.contexts.keystone.users [-] Creating 6 users using 6 threads
2020-04-13 02:03:05.567 15661 INFO rally.task.context [-] Task d5b89353-e7af-467d-9dbb-80eee5429822 | Context users@openstack setup() finished in 1.50 sec
2020-04-13 02:03:05.696 15661 INFO rally.task.context [-] Task d5b89353-e7af-467d-9dbb-80eee5429822 | Context api_versions@openstack setup() finished in 0.13 sec
2020-04-13 02:03:05.697 15661 INFO rally.task.context [-] Task d5b89353-e7af-467d-9dbb-80eee5429822 | Context cleanup@openstack setup() finished in 0.01 msec
2020-04-13 02:03:06.162 15661 RALLYDEBUG rally.task.runner [-] Starting the constant runner (task UUID: d5b89353-e7af-467d-9dbb-80eee5429822). times: 10 concurrency: 4 timeout: 0 max_cpu_used: 88 processes_to_start: 4 concurrency_per_worker: 1 concurrency_overhead: 0
2020-04-13 02:03:06.175 16667 RALLYDEBUG rally.task.runner [-] Starting a worker. times: 10 duration: None concurrency: 1 timeout: 0 cls: method_name: run args: {"flavor": "16715136-d9c0-4d22-9bc8-65b99286c5e3", "image": "5e90f54d-1298-498d-a24a-b50a08500c89", "volume_size": 1, "nics": [{"net-id": "f511ef3b-576a-4496-a8c5-9294ddbf9583"}]}
2020-04-13 02:03:06.179 16668 RALLYDEBUG rally.task.runner [-] Starting a worker. times: 10 duration: None concurrency: 1 timeout: 0 cls: method_name: run args: {"flavor": "16715136-d9c0-4d22-9bc8-65b99286c5e3", "image": "5e90f54d-1298-498d-a24a-b50a08500c89", "volume_size": 1, "nics": [{"net-id": "f511ef3b-576a-4496-a8c5-9294ddbf9583"}]}
2020-04-13 02:03:06.182 16667 INFO rally.task.runner [-] Task d5b89353-e7af-467d-9dbb-80eee5429822 | ITER: 1 START
2020-04-13 02:03:06.181 16669 RALLYDEBUG rally.task.runner [-] Starting a worker. times: 10 duration: None concurrency: 1 timeout: 0 cls: method_name: run args: {"flavor": "16715136-d9c0-4d22-9bc8-65b99286c5e3", "image": "5e90f54d-1298-498d-a24a-b50a08500c89", "volume_size": 1, "nics": [{"net-id": "f511ef3b-576a-4496-a8c5-9294ddbf9583"}]}
2020-04-13 02:03:06.184 16670 RALLYDEBUG rally.task.runner [-] Starting a worker. times: 10 duration: None concurrency: 1 timeout: 0 cls: method_name: run args: {"flavor": "16715136-d9c0-4d22-9bc8-65b99286c5e3", "image": "5e90f54d-1298-498d-a24a-b50a08500c89", "volume_size": 1, "nics": [{"net-id": "f511ef3b-576a-4496-a8c5-9294ddbf9583"}]}
2020-04-13 02:03:06.186 16668 INFO rally.task.runner [-] Task d5b89353-e7af-467d-9dbb-80eee5429822 | ITER: 2 START
2020-04-13 02:03:06.188 16669 INFO rally.task.runner [-] Task d5b89353-e7af-467d-9dbb-80eee5429822 | ITER: 3 START
2020-04-13 02:03:06.191 16670 INFO rally.task.runner [-] Task d5b89353-e7af-467d-9dbb-80eee5429822 | ITER: 4 START
2020-04-13 02:03:11.285 16668 RALLYDEBUG rally.task.utils [-] Waiting for resource s_rally_1bded4bd_2RCx7kVc. Status changed: DOWNLOADING => AVAILABLE in 2.272315502166748
2020-04-13 02:03:11.309 16670 RALLYDEBUG rally.task.utils [-] Waiting for resource s_rally_1bded4bd_8shGMO5d. Status changed: DOWNLOADING => AVAILABLE in 2.248288869857788
2020-04-13 02:03:11.310 16669 RALLYDEBUG rally.task.utils [-] Waiting for resource s_rally_1bded4bd_IOf2ttuA. Status changed: DOWNLOADING => AVAILABLE in 2.2928638458251953
2020-04-13 02:03:11.323 16667 RALLYDEBUG rally.task.utils [-] Waiting for resource s_rally_1bded4bd_0ZiPBwdZ. Status changed: DOWNLOADING => AVAILABLE in 2.258805513381958
2020-04-13 02:03:23.047 16667 RALLYDEBUG rally.task.utils [-] Waiting for resource s_rally_1bded4bd_ukRLvbZo. Status changed: BUILD => ACTIVE in 9.198384046554565
2020-04-13 02:03:23.047 16667 INFO rally.task.runner [-] Task d5b89353-e7af-467d-9dbb-80eee5429822 | ITER: 1 END: OK
2020-04-13 02:03:23.052 16667 INFO rally.task.runner [-] Task d5b89353-e7af-467d-9dbb-80eee5429822 | ITER: 5 START
2020-04-13 02:03:25.267 16669 RALLYDEBUG rally.task.utils [-] Waiting for resource s_rally_1bded4bd_DVswXVJy. Status changed: BUILD => ACTIVE in 11.675949096679688
2020-04-13 02:03:25.268 16669 INFO rally.task.runner [-] Task d5b89353-e7af-467d-9dbb-80eee5429822 | ITER: 3 END: OK
2020-04-13 02:03:25.272 16669 INFO rally.task.runner [-] Task d5b89353-e7af-467d-9dbb-80eee5429822 | ITER: 6 START
2020-04-13 02:03:25.542 16668 RALLYDEBUG rally.task.utils [-] Waiting for resource s_rally_1bded4bd_zH3ICziv. Status changed: BUILD => ACTIVE in 12.097283601760864
2020-04-13 02:03:25.542 16668 INFO rally.task.runner [-] Task d5b89353-e7af-467d-9dbb-80eee5429822 | ITER: 2 END: OK
2020-04-13 02:03:25.547 16668 INFO rally.task.runner [-] Task d5b89353-e7af-467d-9dbb-80eee5429822 | ITER: 7 START
2020-04-13 02:03:27.684 16670 RALLYDEBUG rally.task.utils [-] Waiting for resource s_rally_1bded4bd_j3HoK3le. Status changed: BUILD => ACTIVE in 14.179656982421875
2020-04-13 02:03:27.685 16670 INFO rally.task.runner [-] Task d5b89353-e7af-467d-9dbb-80eee5429822 | ITER: 4 END: OK
2020-04-13 02:03:27.690 16670 INFO rally.task.runner [-] Task d5b89353-e7af-467d-9dbb-80eee5429822 | ITER: 8 START
2020-04-13 02:03:28.071 16667 RALLYDEBUG rally.task.utils [-] Waiting for resource s_rally_1bded4bd_mDWpITZD. Status changed: DOWNLOADING => AVAILABLE in 2.2404870986938477
2020-04-13 02:03:30.115 16669 RALLYDEBUG rally.task.utils [-] Waiting for resource s_rally_1bded4bd_I2cDECtP. Status changed: DOWNLOADING => AVAILABLE in 2.2498693466186523
2020-04-13 02:03:30.448 16668 RALLYDEBUG rally.task.utils [-] Waiting for resource s_rally_1bded4bd_Cbsp5hb1. Status changed: DOWNLOADING => AVAILABLE in 2.239542245864868
2020-04-13 02:03:32.491 16670 RALLYDEBUG rally.task.utils [-] Waiting for resource s_rally_1bded4bd_nntw7l66. Status changed: DOWNLOADING => AVAILABLE in 2.2363905906677246
2020-04-13 02:03:37.053 16667 RALLYDEBUG rally.task.utils [-] Waiting for resource s_rally_1bded4bd_diVecO4R. Status changed: BUILD => ACTIVE in 6.96321964263916
2020-04-13 02:03:37.055 16667 INFO rally.task.runner [-] Task d5b89353-e7af-467d-9dbb-80eee5429822 | ITER: 5 END: OK
2020-04-13 02:03:37.063 16667 INFO rally.task.runner [-] Task d5b89353-e7af-467d-9dbb-80eee5429822 | ITER: 9 START
2020-04-13 02:03:41.868 16667 RALLYDEBUG rally.task.utils [-] Waiting for resource s_rally_1bded4bd_HMzMRXry. Status changed: DOWNLOADING => AVAILABLE in 2.251281499862671
2020-04-13 02:03:41.934 16668 RALLYDEBUG rally.task.utils [-] Waiting for resource s_rally_1bded4bd_N2v7EpGv. Status changed: BUILD => ACTIVE in 9.460723876953125
2020-04-13 02:03:41.936 16668 INFO rally.task.runner [-] Task d5b89353-e7af-467d-9dbb-80eee5429822 | ITER: 7 END: OK
2020-04-13 02:03:41.940 16668 INFO rally.task.runner [-] Task d5b89353-e7af-467d-9dbb-80eee5429822 | ITER: 10 START
2020-04-13 02:03:43.530 16670 RALLYDEBUG rally.task.utils [-] Waiting for resource s_rally_1bded4bd_eJascYje. Status changed: BUILD => ACTIVE in 8.980146884918213
2020-04-13 02:03:43.531 16670 INFO rally.task.runner [-] Task d5b89353-e7af-467d-9dbb-80eee5429822 | ITER: 8 END: OK
2020-04-13 02:03:46.062 16669 RALLYDEBUG rally.task.utils [-] Waiting for resource s_rally_1bded4bd_TGCcqba5. Status changed: BUILD => ACTIVE in 13.524457454681396
2020-04-13 02:03:46.063 16669 INFO rally.task.runner [-] Task d5b89353-e7af-467d-9dbb-80eee5429822 | ITER: 6 END: OK
2020-04-13 02:03:46.729 16668 RALLYDEBUG rally.task.utils [-] Waiting for resource s_rally_1bded4bd_rN7YmQwG. Status changed: DOWNLOADING => AVAILABLE in 2.221219301223755
2020-04-13 02:03:50.721 16667 RALLYDEBUG rally.task.utils [-] Waiting for resource s_rally_1bded4bd_K3pxplbe. Status changed: BUILD => ACTIVE in 6.777190208435059
2020-04-13 02:03:50.721 16667 INFO rally.task.runner [-] Task d5b89353-e7af-467d-9dbb-80eee5429822 | ITER: 9 END: OK
2020-04-13 02:03:55.718 16668 RALLYDEBUG rally.task.utils [-] Waiting for resource s_rally_1bded4bd_NMIF5ndE. Status changed: BUILD => ACTIVE in 6.8633317947387695
2020-04-13 02:03:55.719 16668 INFO rally.task.runner [-] Task d5b89353-e7af-467d-9dbb-80eee5429822 | ITER: 10 END: OK
2020-04-13 02:03:55.748 15661 INFO rally.task.context [-] Task d5b89353-e7af-467d-9dbb-80eee5429822 | Context cleanup@openstack cleanup() started
2020-04-13 02:03:55.752 15661 RALLYDEBUG rally_openstack.cleanup.manager [-] Cleaning up nova servers objects
2020-04-13 02:03:57.695 15661 RALLYDEBUG rally_openstack.cleanup.manager [-] Deleting nova.servers object s_rally_1bded4bd_eJascYje (5b9f9eb2-59ec-4b08-b581-ed748af82339)
2020-04-13 02:03:57.712 15661 RALLYDEBUG rally_openstack.cleanup.manager [-] Deleting nova.servers object s_rally_1bded4bd_DVswXVJy (133da37f-5a08-4df4-a692-6ef02b3c5088)
2020-04-13 02:03:57.713 15661 RALLYDEBUG rally_openstack.cleanup.manager [-] Deleting nova.servers object s_rally_1bded4bd_N2v7EpGv (83d6fadb-aca3-4c07-b5d8-0d7d494ae468)
2020-04-13 02:03:57.730 15661 RALLYDEBUG rally_openstack.cleanup.manager [-] Deleting nova.servers object s_rally_1bded4bd_TGCcqba5 (6f90756f-7379-4545-a675-65f4281759d4)
2020-04-13 02:03:57.743 15661 RALLYDEBUG rally_openstack.cleanup.manager [-] Deleting nova.servers object s_rally_1bded4bd_j3HoK3le (a9de07a6-0e98-4c9d-8f7c-a9d3b80574b8)
2020-04-13 02:03:57.748 15661 RALLYDEBUG rally_openstack.cleanup.manager [-] Deleting nova.servers object s_rally_1bded4bd_zH3ICziv (decf3196-875e-41b8-b74b-fbb980ec23e0)
2020-04-13 02:03:57.753 15661 RALLYDEBUG rally_openstack.cleanup.manager [-] Deleting nova.servers object s_rally_1bded4bd_NMIF5ndE (9f2fdceb-7673-43cd-864d-12d0c022b1ad)
2020-04-13 02:03:57.754 15661 RALLYDEBUG rally_openstack.cleanup.manager [-] Deleting nova.servers object s_rally_1bded4bd_ukRLvbZo (d75c374b-de07-4cd2-9c09-0aa9e9398508)
2020-04-13 02:03:57.778 15661 RALLYDEBUG rally_openstack.cleanup.manager [-] Deleting nova.servers object s_rally_1bded4bd_K3pxplbe (09538622-edb8-464f-9d8d-bee0831bee6f)
2020-04-13 02:03:57.791 15661 RALLYDEBUG rally_openstack.cleanup.manager [-] Deleting nova.servers object s_rally_1bded4bd_diVecO4R (27c8bedb-aa08-430e-b922-07743a3d9816)
2020-04-13 02:04:04.945 15661 RALLYDEBUG rally_openstack.cleanup.manager [-] Cleaning up nova server_groups objects
2020-04-13 02:04:05.403 15661 RALLYDEBUG rally_openstack.cleanup.manager [-] Cleaning up nova keypairs objects
2020-04-13 02:04:06.490 15661 RALLYDEBUG rally_openstack.cleanup.manager [-] Cleaning up cinder backups objects
2020-04-13 02:04:07.078 15661 RALLYDEBUG rally_openstack.cleanup.manager [-] Cleaning up cinder volume_snapshots objects
2020-04-13 02:04:07.599 15661 RALLYDEBUG rally_openstack.cleanup.manager [-] Cleaning up cinder transfers objects
2020-04-13 02:04:08.067 15661 RALLYDEBUG rally_openstack.cleanup.manager [-] Cleaning up cinder volumes objects
2020-04-13 02:04:08.689 15661 RALLYDEBUG rally_openstack.cleanup.manager [-] Deleting cinder.volumes object s_rally_1bded4bd_nntw7l66 (207e5d21-89ee-4e42-8956-ae2800955837)
2020-04-13 02:04:08.694 15661 RALLYDEBUG rally_openstack.cleanup.manager [-] Deleting cinder.volumes object s_rally_1bded4bd_Cbsp5hb1 (45b37943-92c4-4df4-a808-701e14218b1d)
2020-04-13 02:04:08.704 15661 RALLYDEBUG rally_openstack.cleanup.manager [-] Deleting cinder.volumes object s_rally_1bded4bd_IOf2ttuA (ee089430-6488-4a65-b065-dfb2a6f9e8a7)
2020-04-13 02:04:08.720 15661 RALLYDEBUG rally_openstack.cleanup.manager [-] Deleting cinder.volumes object s_rally_1bded4bd_8shGMO5d (c693d740-d409-42b6-addb-941745d3d87c)
2020-04-13 02:04:08.715 15661 RALLYDEBUG rally_openstack.cleanup.manager [-] Deleting cinder.volumes object s_rally_1bded4bd_I2cDECtP (718db76e-2b23-4e59-94fd-b4189961b05c)
2020-04-13 02:04:08.726 15661 RALLYDEBUG rally_openstack.cleanup.manager [-] Deleting cinder.volumes object s_rally_1bded4bd_2RCx7kVc (3348cc39-5623-4cd7-8b53-563abc5e510a)
2020-04-13 02:04:08.755 15661 RALLYDEBUG rally_openstack.cleanup.manager [-] Deleting cinder.volumes object s_rally_1bded4bd_0ZiPBwdZ (0f3ceb5d-d29f-486c-acd6-63908648228a)
2020-04-13 02:04:08.777 15661 RALLYDEBUG rally_openstack.cleanup.manager [-] Deleting cinder.volumes object s_rally_1bded4bd_rN7YmQwG (321ca652-2b86-4bbf-b330-2591a7bcd3be)
2020-04-13 02:04:08.783 15661 RALLYDEBUG rally_openstack.cleanup.manager [-] Deleting cinder.volumes object s_rally_1bded4bd_HMzMRXry (d5a58803-5eeb-4b48-86d7-f7e6040c4fcb)
2020-04-13 02:04:08.814 15661 RALLYDEBUG rally_openstack.cleanup.manager [-] Deleting cinder.volumes object s_rally_1bded4bd_mDWpITZD (2a73fd4d-8041-4d7f-997a-2a4d2375e05a)
2020-04-13 02:04:12.384 15661 INFO rally.task.context [-] Task d5b89353-e7af-467d-9dbb-80eee5429822 | Context cleanup@openstack cleanup() finished in 16.64 sec
2020-04-13 02:04:12.384 15661 INFO rally.task.context [-] Task d5b89353-e7af-467d-9dbb-80eee5429822 | Context api_versions@openstack cleanup() started
2020-04-13 02:04:12.385 15661 INFO rally.task.context [-] Task d5b89353-e7af-467d-9dbb-80eee5429822 | Context api_versions@openstack cleanup() finished in 0.39 msec
2020-04-13 02:04:12.385 15661 INFO rally.task.context [-] Task d5b89353-e7af-467d-9dbb-80eee5429822 | Context users@openstack cleanup() started
2020-04-13 02:04:12.639 15661 WARNING rally.common.logging [-] `iterate_per_tenants()' is deprecated in v3.0.0: it is openstack specific.. Used at
2020-04-13 02:04:14.864 15661 INFO rally.task.context [-] Task d5b89353-e7af-467d-9dbb-80eee5429822 | Context users@openstack cleanup() finished in 2.48 sec
2020-04-13 02:04:16.437 15661 INFO rally.task.engine [-] Load duration is: 48.528509
2020-04-13 02:04:16.438 15661 INFO rally.task.engine [-] Full runner duration is: 49.586381
2020-04-13 02:04:16.438 15661 INFO rally.task.engine [-] Full duration is: 70.795778
2020-04-13 02:04:16.540 15661 INFO rally.task.engine [-] Running workload: position = 0 config = { "version": 2, "title": "A cropped version of a bigger task.", "description": "Auto-generated task from a single workload (uuid=c6c30614-421a-4406-b69e-50c802a29c0d)", "subtasks": [ { "title": "NovaServers.boot_server", "description": "Boot a server.", "scenario": { "NovaServers.boot_server": { "flavor": { "name": "rally_full-flavor_3c7bba65-cc43-4506-b198-47a10679b894" }, "image": { "name": "rally_full-img_3c7bba65-cc43-4506-b198-47a10679b894" }, "nics": [ { "net-id": "f511ef3b-576a-4496-a8c5-9294ddbf9583" } ] } }, "contexts": { "users": { "tenants": 3, "users_per_tenant": 2 } }, "runner": { "constant": { "concurrency": 4, "times": 10 } }, "hooks": [], "sla": { "failure_rate": { "max": 0 } } } ] }
2020-04-13 02:04:16.561 15661 RALLYDEBUG rally_openstack.contexts.keystone.users [-] Creating 3 tenants using 3 threads
2020-04-13 02:04:17.053 15661 RALLYDEBUG rally_openstack.contexts.keystone.users [-] Creating 6 users using 6 threads
2020-04-13 02:04:18.076 15661 INFO rally.task.context [-] Task d5b89353-e7af-467d-9dbb-80eee5429822 | Context users@openstack setup() finished in 1.52 sec
2020-04-13 02:04:18.077 15661 INFO rally.task.context [-] Task d5b89353-e7af-467d-9dbb-80eee5429822 | Context cleanup@openstack setup() finished in 0.01 msec
2020-04-13 02:04:18.717 15661 RALLYDEBUG rally.task.runner [-] Starting the constant runner (task UUID: d5b89353-e7af-467d-9dbb-80eee5429822). times: 10 concurrency: 4 timeout: 0 max_cpu_used: 88 processes_to_start: 4 concurrency_per_worker: 1 concurrency_overhead: 0
2020-04-13 02:04:18.731 16880 RALLYDEBUG rally.task.runner [-] Starting a worker. times: 10 duration: None concurrency: 1 timeout: 0 cls: method_name: run args: {"flavor": "16715136-d9c0-4d22-9bc8-65b99286c5e3", "image": "5e90f54d-1298-498d-a24a-b50a08500c89", "nics": [{"net-id": "f511ef3b-576a-4496-a8c5-9294ddbf9583"}]}
2020-04-13 02:04:18.735 16881 RALLYDEBUG rally.task.runner [-] Starting a worker. times: 10 duration: None concurrency: 1 timeout: 0 cls: method_name: run args: {"flavor": "16715136-d9c0-4d22-9bc8-65b99286c5e3", "image": "5e90f54d-1298-498d-a24a-b50a08500c89", "nics": [{"net-id": "f511ef3b-576a-4496-a8c5-9294ddbf9583"}]}
2020-04-13 02:04:18.738 16880 INFO rally.task.runner [-] Task d5b89353-e7af-467d-9dbb-80eee5429822 | ITER: 1 START
2020-04-13 02:04:18.739 16882 RALLYDEBUG rally.task.runner [-] Starting a worker. times: 10 duration: None concurrency: 1 timeout: 0 cls: method_name: run args: {"flavor": "16715136-d9c0-4d22-9bc8-65b99286c5e3", "image": "5e90f54d-1298-498d-a24a-b50a08500c89", "nics": [{"net-id": "f511ef3b-576a-4496-a8c5-9294ddbf9583"}]}
2020-04-13 02:04:18.742 16883 RALLYDEBUG rally.task.runner [-] Starting a worker. times: 10 duration: None concurrency: 1 timeout: 0 cls: method_name: run args: {"flavor": "16715136-d9c0-4d22-9bc8-65b99286c5e3", "image": "5e90f54d-1298-498d-a24a-b50a08500c89", "nics": [{"net-id": "f511ef3b-576a-4496-a8c5-9294ddbf9583"}]}
2020-04-13 02:04:18.744 16881 INFO rally.task.runner [-] Task d5b89353-e7af-467d-9dbb-80eee5429822 | ITER: 2 START
2020-04-13 02:04:18.747 16882 INFO rally.task.runner [-] Task d5b89353-e7af-467d-9dbb-80eee5429822 | ITER: 3 START
2020-04-13 02:04:18.750 16883 INFO rally.task.runner [-] Task d5b89353-e7af-467d-9dbb-80eee5429822 | ITER: 4 START
2020-04-13 02:04:30.188 16882 RALLYDEBUG rally.task.utils [-] Waiting for resource s_rally_c6c30614_Xq7yADQU. Status changed: BUILD => ACTIVE in 9.3901846408844
2020-04-13 02:04:30.188 16882 INFO rally.task.runner [-] Task d5b89353-e7af-467d-9dbb-80eee5429822 | ITER: 3 END: OK
2020-04-13 02:04:30.193 16882 INFO rally.task.runner [-] Task d5b89353-e7af-467d-9dbb-80eee5429822 | ITER: 5 START
2020-04-13 02:04:32.186 16883 RALLYDEBUG rally.task.utils [-] Waiting for resource s_rally_c6c30614_2tG7B76g. Status changed: BUILD => ACTIVE in 11.41676664352417
2020-04-13 02:04:32.186 16883 INFO rally.task.runner [-] Task d5b89353-e7af-467d-9dbb-80eee5429822 | ITER: 4 END: OK
