2020-04-13 01:01:15.389 6 RALLYDEBUG rally.api [-] INFO logs from urllib3 and requests module are hide.
2020-04-13 01:01:15.390 6 RALLYDEBUG rally.api [-] urllib3 insecure warnings are hidden.
2020-04-13 01:01:15.390 6 RALLYDEBUG rally.api [-] ERROR log from boto module is hide.
2020-04-13 01:01:17.375 6 ERROR rally.cli.cliutils [-] Unexpected exception in CLI: rally.exceptions.DBRecordNotFound: Record for uuid or name is opnfv-rally not found in table envs
2020-04-13 01:01:17.375 6 ERROR rally.cli.cliutils
Traceback (most recent call last):
2020-04-13 01:01:17.375 6 ERROR rally.cli.cliutils
File "/usr/lib/python3.7/site-packages/rally/cli/cliutils.py", line 657, in run
2020-04-13 01:01:17.375 6 ERROR rally.cli.cliutils ret = fn(*fn_args, **fn_kwargs)
2020-04-13 01:01:17.375 6 ERROR rally.cli.cliutils File "", line 2, in destroy
2020-04-13 01:01:17.375 6 ERROR rally.cli.cliutils
File "/usr/lib/python3.7/site-packages/rally/cli/envutils.py", line 135, in default_from_global
2020-04-13 01:01:17.375 6 ERROR rally.cli.cliutils return f(*args, **kwargs)
2020-04-13 01:01:17.375 6 ERROR rally.cli.cliutils File "", line 2, in destroy
2020-04-13 01:01:17.375 6 ERROR rally.cli.cliutils
File "/usr/lib/python3.7/site-packages/rally/plugins/__init__.py", line 59, in ensure_plugins_are_loaded
2020-04-13 01:01:17.375 6 ERROR rally.cli.cliutils return f(*args, **kwargs)
2020-04-13 01:01:17.375 6 ERROR rally.cli.cliutils
File "/usr/lib/python3.7/site-packages/rally/cli/commands/deployment.py", line 154, in destroy
2020-04-13 01:01:17.375 6 ERROR rally.cli.cliutils api.deployment.destroy(deployment=deployment)
2020-04-13 01:01:17.375 6 ERROR rally.cli.cliutils
File "/usr/lib/python3.7/site-packages/rally/api.py", line 115, in destroy
2020-04-13 01:01:17.375 6 ERROR rally.cli.cliutils deploy = objects.Deployment.get(deployment)
2020-04-13 01:01:17.375 6 ERROR rally.cli.cliutils
File "/usr/lib/python3.7/site-packages/rally/common/objects/deploy.py", line 124, in get
2020-04-13 01:01:17.375 6 ERROR rally.cli.cliutils return Deployment(env_mgr.EnvManager.get(deploy))
2020-04-13 01:01:17.375 6 ERROR rally.cli.cliutils
File "/usr/lib/python3.7/site-packages/rally/env/env_mgr.py", line 212, in get
2020-04-13 01:01:17.375 6 ERROR rally.cli.cliutils return cls(db.env_get(uuid_or_name))
2020-04-13 01:01:17.375 6 ERROR rally.cli.cliutils
File "/usr/lib/python3.7/site-packages/rally/common/db/api.py", line 133, in wrapper
2020-04-13 01:01:17.375 6 ERROR rally.cli.cliutils result = f(session, *args, **kwargs)
2020-04-13 01:01:17.375 6 ERROR rally.cli.cliutils
File "/usr/lib/python3.7/site-packages/rally/common/db/api.py", line 519, in env_get
2020-04-13 01:01:17.375 6 ERROR rally.cli.cliutils criteria="uuid or name is %s" % uuid_or_name, table="envs")
2020-04-13 01:01:17.375 6 ERROR rally.cli.cliutils rally.exceptions.DBRecordNotFound: Record for uuid or name is opnfv-rally not found in table envs
2020-04-13 01:01:17.375 6 ERROR rally.cli.cliutils
2020-04-13 01:01:18.803 8 RALLYDEBUG rally.api [-] INFO logs from urllib3 and requests module are hide.
2020-04-13 01:01:18.804 8 RALLYDEBUG rally.api [-] urllib3 insecure warnings are hidden.
2020-04-13 01:01:18.804 8 RALLYDEBUG rally.api [-] ERROR log from boto module is hide.
2020-04-13 01:01:22.116 10 RALLYDEBUG rally.api [-] INFO logs from urllib3 and requests module are hide.
2020-04-13 01:01:22.116 10 RALLYDEBUG rally.api [-] urllib3 insecure warnings are hidden.
2020-04-13 01:01:22.116 10 RALLYDEBUG rally.api [-] ERROR log from boto module is hide.
2020-04-13 01:01:25.826 13 RALLYDEBUG rally.api [-] INFO logs from urllib3 and requests module are hide.
2020-04-13 01:01:25.827 13 RALLYDEBUG rally.api [-] urllib3 insecure warnings are hidden.
2020-04-13 01:01:25.827 13 RALLYDEBUG rally.api [-] ERROR log from boto module is hide.
2020-04-13 01:01:27.263 15 RALLYDEBUG rally.api [-] INFO logs from urllib3 and requests module are hide.
2020-04-13 01:01:27.264 15 RALLYDEBUG rally.api [-] urllib3 insecure warnings are hidden.
2020-04-13 01:01:27.264 15 RALLYDEBUG rally.api [-] ERROR log from boto module is hide.
2020-04-13 01:01:29.320 15 INFO rally.task.engine [-] Task 4e3b5cb1-03fb-43ca-b73e-8bed9e5bbe2f | Starting: Task validation.
2020-04-13 01:01:29.335 15 INFO rally.task.engine [-] Task 4e3b5cb1-03fb-43ca-b73e-8bed9e5bbe2f | Starting: Task validation of syntax.
2020-04-13 01:01:29.396 15 INFO rally.task.engine [-] Task 4e3b5cb1-03fb-43ca-b73e-8bed9e5bbe2f | Completed: Task validation of syntax.
2020-04-13 01:01:29.396 15 INFO rally.task.engine [-] Task 4e3b5cb1-03fb-43ca-b73e-8bed9e5bbe2f | Starting: Task validation of required platforms.
2020-04-13 01:01:29.437 15 INFO rally.task.engine [-] Task 4e3b5cb1-03fb-43ca-b73e-8bed9e5bbe2f | Completed: Task validation of required platforms.
2020-04-13 01:01:29.437 15 INFO rally.task.engine [-] Task 4e3b5cb1-03fb-43ca-b73e-8bed9e5bbe2f | Starting: Task validation of semantic.
2020-04-13 01:01:29.437 15 INFO rally.task.engine [-] Check health of the environment '096b3cb0-2486-4753-a504-bece56b4d587'.
2020-04-13 01:01:29.954 15 INFO rally.task.engine [-] Platform existing@openstack (available: True): OK!
2020-04-13 01:01:29.966 15 RALLYDEBUG rally_openstack.contexts.keystone.users [-] Creating 1 tenants using 1 threads
2020-04-13 01:01:30.278 15 RALLYDEBUG rally_openstack.contexts.keystone.users [-] Creating 1 users using 1 threads
2020-04-13 01:01:30.831 15 INFO rally.task.context [-] Task 4e3b5cb1-03fb-43ca-b73e-8bed9e5bbe2f | Context users@openstack setup() finished in 0.87 sec
2020-04-13 01:01:30.881 15 INFO rally.task.context [-] Task 4e3b5cb1-03fb-43ca-b73e-8bed9e5bbe2f | Context users@openstack cleanup() started
2020-04-13 01:01:31.084 15 WARNING rally.common.logging [-] `iterate_per_tenants()' is deprecated in v3.0.0: it is openstack specific.. Used at
2020-04-13 01:01:32.230 15 INFO rally.task.context [-] Task 4e3b5cb1-03fb-43ca-b73e-8bed9e5bbe2f | Context users@openstack cleanup() finished in 1.35 sec
2020-04-13 01:01:32.231 15 INFO rally.task.engine [-] Task 4e3b5cb1-03fb-43ca-b73e-8bed9e5bbe2f | Completed: Task validation of semantic.
2020-04-13 01:01:32.231 15 INFO rally.task.engine [-] Task 4e3b5cb1-03fb-43ca-b73e-8bed9e5bbe2f | Completed: Task validation.
2020-04-13 01:01:32.232 15 INFO rally.api [-] Task 4e3b5cb1-03fb-43ca-b73e-8bed9e5bbe2f input file is valid.
2020-04-13 01:01:32.232 15 INFO rally.api [-] Run Task 4e3b5cb1-03fb-43ca-b73e-8bed9e5bbe2f against Deployment 096b3cb0-2486-4753-a504-bece56b4d587
2020-04-13 01:01:32.232 15 INFO rally.task.engine [-] Task 4e3b5cb1-03fb-43ca-b73e-8bed9e5bbe2f | Starting: Running task.
2020-04-13 01:01:32.369 15 INFO rally.task.engine [-] Running workload: position = 0 config = { "version": 2, "title": "A cropped version of a bigger task.", "description": "Auto-generated task from a single workload (uuid=fc705212-1b55-4ff7-a56c-435aa839506f)", "subtasks": [ { "title": "Authenticate.keystone", "description": "Check Keystone Client.", "scenario": { "Authenticate.keystone": {} }, "contexts": { "users": { "tenants": 3, "users_per_tenant": 2 } }, "runner": { "constant": { "concurrency": 4, "times": 10 } }, "hooks": [], "sla": { "failure_rate": { "max": 0 } } } ] }
2020-04-13 01:01:32.380 15 RALLYDEBUG rally_openstack.contexts.keystone.users [-] Creating 3 tenants using 3 threads
2020-04-13 01:01:32.924 15 RALLYDEBUG rally_openstack.contexts.keystone.users [-] Creating 6 users using 6 threads
2020-04-13 01:01:33.973 15 INFO rally.task.context [-] Task 4e3b5cb1-03fb-43ca-b73e-8bed9e5bbe2f | Context users@openstack setup() finished in 1.59 sec
2020-04-13 01:01:33.984 15 RALLYDEBUG rally.task.runner [-] Starting the constant runner (task UUID: 4e3b5cb1-03fb-43ca-b73e-8bed9e5bbe2f). times: 10 concurrency: 4 timeout: 0 max_cpu_used: 88 processes_to_start: 4 concurrency_per_worker: 1 concurrency_overhead: 0
2020-04-13 01:01:33.999 70 RALLYDEBUG rally.task.runner [-] Starting a worker. times: 10 duration: None concurrency: 1 timeout: 0 cls: method_name: run args: {}
2020-04-13 01:01:34.002 71 RALLYDEBUG rally.task.runner [-] Starting a worker. times: 10 duration: None concurrency: 1 timeout: 0 cls: method_name: run args: {}
2020-04-13 01:01:34.005 72 RALLYDEBUG rally.task.runner [-] Starting a worker. times: 10 duration: None concurrency: 1 timeout: 0 cls: method_name: run args: {}
2020-04-13 01:01:34.006 70 INFO rally.task.runner [-] Task 4e3b5cb1-03fb-43ca-b73e-8bed9e5bbe2f | ITER: 1 START
2020-04-13 01:01:34.008 73 RALLYDEBUG rally.task.runner [-] Starting a worker. times: 10 duration: None concurrency: 1 timeout: 0 cls: method_name: run args: {}
2020-04-13 01:01:34.009 71 INFO rally.task.runner [-] Task 4e3b5cb1-03fb-43ca-b73e-8bed9e5bbe2f | ITER: 2 START
2020-04-13 01:01:34.011 72 INFO rally.task.runner [-] Task 4e3b5cb1-03fb-43ca-b73e-8bed9e5bbe2f | ITER: 3 START
2020-04-13 01:01:34.014 73 INFO rally.task.runner [-] Task 4e3b5cb1-03fb-43ca-b73e-8bed9e5bbe2f | ITER: 4 START
2020-04-13 01:01:34.217 70 INFO rally.task.runner [-] Task 4e3b5cb1-03fb-43ca-b73e-8bed9e5bbe2f | ITER: 1 END: OK
2020-04-13 01:01:34.218 73 INFO rally.task.runner [-] Task 4e3b5cb1-03fb-43ca-b73e-8bed9e5bbe2f | ITER: 4 END: OK
2020-04-13 01:01:34.222 73 INFO rally.task.runner [-] Task 4e3b5cb1-03fb-43ca-b73e-8bed9e5bbe2f | ITER: 6 START
2020-04-13 01:01:34.222 70 INFO rally.task.runner [-] Task 4e3b5cb1-03fb-43ca-b73e-8bed9e5bbe2f | ITER: 5 START
2020-04-13 01:01:34.225 72 INFO rally.task.runner [-] Task 4e3b5cb1-03fb-43ca-b73e-8bed9e5bbe2f | ITER: 3 END: OK
2020-04-13 01:01:34.230 72 INFO rally.task.runner [-] Task 4e3b5cb1-03fb-43ca-b73e-8bed9e5bbe2f | ITER: 7 START
2020-04-13 01:01:34.328 71 INFO rally.task.runner [-] Task 4e3b5cb1-03fb-43ca-b73e-8bed9e5bbe2f | ITER: 2 END: OK
2020-04-13 01:01:34.334 71 INFO rally.task.runner [-] Task 4e3b5cb1-03fb-43ca-b73e-8bed9e5bbe2f | ITER: 8 START
2020-04-13 01:01:34.342 73 INFO rally.task.runner [-] Task 4e3b5cb1-03fb-43ca-b73e-8bed9e5bbe2f | ITER: 6 END: OK
2020-04-13 01:01:34.344 72 INFO rally.task.runner [-] Task 4e3b5cb1-03fb-43ca-b73e-8bed9e5bbe2f | ITER: 7 END: OK
2020-04-13 01:01:34.346 73 INFO rally.task.runner [-] Task 4e3b5cb1-03fb-43ca-b73e-8bed9e5bbe2f | ITER: 9 START
2020-04-13 01:01:34.349 72 INFO rally.task.runner [-] Task 4e3b5cb1-03fb-43ca-b73e-8bed9e5bbe2f | ITER: 10 START
2020-04-13 01:01:34.406 70 INFO rally.task.runner [-] Task 4e3b5cb1-03fb-43ca-b73e-8bed9e5bbe2f | ITER: 5 END: OK
2020-04-13 01:01:34.465 72 INFO rally.task.runner [-] Task 4e3b5cb1-03fb-43ca-b73e-8bed9e5bbe2f | ITER: 10 END: OK
2020-04-13 01:01:34.472 73 INFO rally.task.runner [-] Task 4e3b5cb1-03fb-43ca-b73e-8bed9e5bbe2f | ITER: 9 END: OK
2020-04-13 01:01:34.547 71 INFO rally.task.runner [-] Task 4e3b5cb1-03fb-43ca-b73e-8bed9e5bbe2f | ITER: 8 END: OK
2020-04-13 01:01:34.573 15 INFO rally.task.context [-] Task 4e3b5cb1-03fb-43ca-b73e-8bed9e5bbe2f | Context users@openstack cleanup() started
2020-04-13 01:01:34.705 15 WARNING rally.common.logging [-] `iterate_per_tenants()' is deprecated in v3.0.0: it is openstack specific.. Used at
2020-04-13 01:01:36.647 15 INFO rally.task.context [-] Task 4e3b5cb1-03fb-43ca-b73e-8bed9e5bbe2f | Context users@openstack cleanup() finished in 2.07 sec
2020-04-13 01:01:38.453 15 INFO rally.task.engine [-] Load duration is: 0.539859
2020-04-13 01:01:38.454 15 INFO rally.task.engine [-] Full runner duration is: 0.588916
2020-04-13 01:01:38.455 15 INFO rally.task.engine [-] Full duration is: 4.267415
2020-04-13 01:01:38.552 15 INFO rally.task.engine [-] Running workload: position = 0 config = { "version": 2, "title": "A cropped version of a bigger task.", "description": "Auto-generated task from a single workload (uuid=a65c9109-254d-4eb1-82bc-ad6a8d9964ad)", "subtasks": [ { "title": "Authenticate.validate_cinder", "description": "Check Cinder Client to ensure validation of token.", "scenario": { "Authenticate.validate_cinder": { "repetitions": 2 } }, "contexts": { "users": { "tenants": 3, "users_per_tenant": 2 } }, "runner": { "constant": { "concurrency": 4, "times": 10 } }, "hooks": [], "sla": { "failure_rate": { "max": 0 } } } ] }
2020-04-13 01:01:38.568 15 RALLYDEBUG rally_openstack.contexts.keystone.users [-] Creating 3 tenants using 3 threads
2020-04-13 01:01:39.054 15 RALLYDEBUG rally_openstack.contexts.keystone.users [-] Creating 6 users using 6 threads
2020-04-13 01:01:40.261 15 INFO rally.task.context [-] Task 4e3b5cb1-03fb-43ca-b73e-8bed9e5bbe2f | Context users@openstack setup() finished in 1.69 sec
2020-04-13 01:01:40.268 15 RALLYDEBUG rally.task.runner [-] Starting the constant runner (task UUID: 4e3b5cb1-03fb-43ca-b73e-8bed9e5bbe2f). times: 10 concurrency: 4 timeout: 0 max_cpu_used: 88 processes_to_start: 4 concurrency_per_worker: 1 concurrency_overhead: 0
2020-04-13 01:01:40.279 143 RALLYDEBUG rally.task.runner [-] Starting a worker. times: 10 duration: None concurrency: 1 timeout: 0 cls: method_name: run args: {"repetitions": 2}
2020-04-13 01:01:40.281 144 RALLYDEBUG rally.task.runner [-] Starting a worker. times: 10 duration: None concurrency: 1 timeout: 0 cls: method_name: run args: {"repetitions": 2}
2020-04-13 01:01:40.284 145 RALLYDEBUG rally.task.runner [-] Starting a worker. times: 10 duration: None concurrency: 1 timeout: 0 cls: method_name: run args: {"repetitions": 2}
2020-04-13 01:01:40.285 143 INFO rally.task.runner [-] Task 4e3b5cb1-03fb-43ca-b73e-8bed9e5bbe2f | ITER: 1 START
2020-04-13 01:01:40.287 146 RALLYDEBUG rally.task.runner [-] Starting a worker. times: 10 duration: None concurrency: 1 timeout: 0 cls: method_name: run args: {"repetitions": 2}
2020-04-13 01:01:40.288 144 INFO rally.task.runner [-] Task 4e3b5cb1-03fb-43ca-b73e-8bed9e5bbe2f | ITER: 2 START
2020-04-13 01:01:40.290 145 INFO rally.task.runner [-] Task 4e3b5cb1-03fb-43ca-b73e-8bed9e5bbe2f | ITER: 3 START
2020-04-13 01:01:40.293 146 INFO rally.task.runner [-] Task 4e3b5cb1-03fb-43ca-b73e-8bed9e5bbe2f | ITER: 4 START
2020-04-13 01:01:40.679 146 INFO rally.task.runner [-] Task 4e3b5cb1-03fb-43ca-b73e-8bed9e5bbe2f | ITER: 4 END: OK
2020-04-13 01:01:40.682 145 INFO rally.task.runner [-] Task 4e3b5cb1-03fb-43ca-b73e-8bed9e5bbe2f | ITER: 3 END: OK
2020-04-13 01:01:40.684 146 INFO rally.task.runner [-] Task 4e3b5cb1-03fb-43ca-b73e-8bed9e5bbe2f | ITER: 5 START
2020-04-13 01:01:40.687 143 INFO rally.task.runner [-] Task 4e3b5cb1-03fb-43ca-b73e-8bed9e5bbe2f | ITER: 1 END: OK
2020-04-13 01:01:40.688 145 INFO rally.task.runner [-] Task 4e3b5cb1-03fb-43ca-b73e-8bed9e5bbe2f | ITER: 6 START
2020-04-13 01:01:40.692 143 INFO rally.task.runner [-] Task 4e3b5cb1-03fb-43ca-b73e-8bed9e5bbe2f | ITER: 7 START
2020-04-13 01:01:40.702 144 INFO rally.task.runner [-] Task 4e3b5cb1-03fb-43ca-b73e-8bed9e5bbe2f | ITER: 2 END: OK
2020-04-13 01:01:40.707 144 INFO rally.task.runner [-] Task 4e3b5cb1-03fb-43ca-b73e-8bed9e5bbe2f | ITER: 8 START
2020-04-13 01:01:40.926 145 INFO rally.task.runner [-] Task 4e3b5cb1-03fb-43ca-b73e-8bed9e5bbe2f | ITER: 6 END: OK
2020-04-13 01:01:40.929 145 INFO rally.task.runner [-] Task 4e3b5cb1-03fb-43ca-b73e-8bed9e5bbe2f | ITER: 9 START
2020-04-13 01:01:40.942 143 INFO rally.task.runner [-] Task 4e3b5cb1-03fb-43ca-b73e-8bed9e5bbe2f | ITER: 7 END: OK
2020-04-13 01:01:40.946 143 INFO rally.task.runner [-] Task 4e3b5cb1-03fb-43ca-b73e-8bed9e5bbe2f | ITER: 10 START
2020-04-13 01:01:40.957 146 INFO rally.task.runner [-] Task 4e3b5cb1-03fb-43ca-b73e-8bed9e5bbe2f | ITER: 5 END: OK
2020-04-13 01:01:40.973 144 INFO rally.task.runner [-] Task 4e3b5cb1-03fb-43ca-b73e-8bed9e5bbe2f | ITER: 8 END: OK
2020-04-13 01:01:41.106 145 INFO rally.task.runner [-] Task 4e3b5cb1-03fb-43ca-b73e-8bed9e5bbe2f | ITER: 9 END: OK
2020-04-13 01:01:41.136 143 INFO rally.task.runner [-] Task 4e3b5cb1-03fb-43ca-b73e-8bed9e5bbe2f | ITER: 10 END: OK
2020-04-13 01:01:41.163 15 INFO rally.task.context [-] Task 4e3b5cb1-03fb-43ca-b73e-8bed9e5bbe2f | Context users@openstack cleanup() started
2020-04-13 01:01:41.302 15 WARNING rally.common.logging [-] `iterate_per_tenants()' is deprecated in v3.0.0: it is openstack specific.. Used at
2020-04-13 01:01:44.425 15 INFO rally.task.context [-] Task 4e3b5cb1-03fb-43ca-b73e-8bed9e5bbe2f | Context users@openstack cleanup() finished in 3.26 sec
2020-04-13 01:01:44.635 15 INFO rally.task.engine [-] Load duration is: 0.849734
2020-04-13 01:01:44.635 15 INFO rally.task.engine [-] Full runner duration is: 0.89552
2020-04-13 01:01:44.636 15 INFO rally.task.engine [-] Full duration is: 5.858713
2020-04-13 01:01:44.722 15 INFO rally.task.engine [-] Running workload: position = 0 config = { "version": 2, "title": "A cropped version of a bigger task.", "description": "Auto-generated task from a single workload (uuid=3a3a57e0-b819-490e-9ee3-ef2f7d222bc7)", "subtasks": [ { "title": "Authenticate.validate_glance", "description": "Check Glance Client to ensure validation of token.", "scenario": { "Authenticate.validate_glance": { "repetitions": 2 } }, "contexts": { "users": { "tenants": 3, "users_per_tenant": 2 } }, "runner": { "constant": { "concurrency": 4, "times": 10 } }, "hooks": [], "sla": { "failure_rate": { "max": 0 } } } ] }
2020-04-13 01:01:44.747 15 RALLYDEBUG rally_openstack.contexts.keystone.users [-] Creating 3 tenants using 3 threads
2020-04-13 01:01:45.215 15 RALLYDEBUG rally_openstack.contexts.keystone.users [-] Creating 6 users using 6 threads
2020-04-13 01:01:46.168 15 INFO rally.task.context [-] Task 4e3b5cb1-03fb-43ca-b73e-8bed9e5bbe2f | Context users@openstack setup() finished in 1.42 sec
2020-04-13 01:01:46.179 15 RALLYDEBUG rally.task.runner [-] Starting the constant runner (task UUID: 4e3b5cb1-03fb-43ca-b73e-8bed9e5bbe2f). times: 10 concurrency: 4 timeout: 0 max_cpu_used: 88 processes_to_start: 4 concurrency_per_worker: 1 concurrency_overhead: 0
2020-04-13 01:01:46.189 216 RALLYDEBUG rally.task.runner [-] Starting a worker. times: 10 duration: None concurrency: 1 timeout: 0 cls: method_name: run args: {"repetitions": 2}
2020-04-13 01:01:46.194 217 RALLYDEBUG rally.task.runner [-] Starting a worker. times: 10 duration: None concurrency: 1 timeout: 0 cls: method_name: run args: {"repetitions": 2}
2020-04-13 01:01:46.195 216 INFO rally.task.runner [-] Task 4e3b5cb1-03fb-43ca-b73e-8bed9e5bbe2f | ITER: 1 START
2020-04-13 01:01:46.196 218 RALLYDEBUG rally.task.runner [-] Starting a worker. times: 10 duration: None concurrency: 1 timeout: 0 cls: method_name: run args: {"repetitions": 2}
2020-04-13 01:01:46.199 219 RALLYDEBUG rally.task.runner [-] Starting a worker. times: 10 duration: None concurrency: 1 timeout: 0 cls: method_name: run args: {"repetitions": 2}
2020-04-13 01:01:46.201 217 INFO rally.task.runner [-] Task 4e3b5cb1-03fb-43ca-b73e-8bed9e5bbe2f | ITER: 2 START
2020-04-13 01:01:46.203 218 INFO rally.task.runner [-] Task 4e3b5cb1-03fb-43ca-b73e-8bed9e5bbe2f | ITER: 3 START
2020-04-13 01:01:46.205 219 INFO rally.task.runner [-] Task 4e3b5cb1-03fb-43ca-b73e-8bed9e5bbe2f | ITER: 4 START
2020-04-13 01:01:46.640 216 INFO rally.task.runner [-] Task 4e3b5cb1-03fb-43ca-b73e-8bed9e5bbe2f | ITER: 1 END: OK
2020-04-13 01:01:46.644 216 INFO rally.task.runner [-] Task 4e3b5cb1-03fb-43ca-b73e-8bed9e5bbe2f | ITER: 5 START
2020-04-13 01:01:46.651 217 INFO rally.task.runner [-] Task 4e3b5cb1-03fb-43ca-b73e-8bed9e5bbe2f | ITER: 2 END: OK
2020-04-13 01:01:46.656 217 INFO rally.task.runner [-] Task 4e3b5cb1-03fb-43ca-b73e-8bed9e5bbe2f | ITER: 6 START
2020-04-13 01:01:46.659 219 INFO rally.task.runner [-] Task 4e3b5cb1-03fb-43ca-b73e-8bed9e5bbe2f | ITER: 4 END: OK
2020-04-13 01:01:46.662 218 INFO rally.task.runner [-] Task 4e3b5cb1-03fb-43ca-b73e-8bed9e5bbe2f | ITER: 3 END: OK
2020-04-13 01:01:46.664 219 INFO rally.task.runner [-] Task 4e3b5cb1-03fb-43ca-b73e-8bed9e5bbe2f | ITER: 7 START
2020-04-13 01:01:46.667 218 INFO rally.task.runner [-] Task 4e3b5cb1-03fb-43ca-b73e-8bed9e5bbe2f | ITER: 8 START
2020-04-13 01:01:46.913 217 INFO rally.task.runner [-] Task 4e3b5cb1-03fb-43ca-b73e-8bed9e5bbe2f | ITER: 6 END: OK
2020-04-13 01:01:46.917 217 INFO rally.task.runner [-] Task 4e3b5cb1-03fb-43ca-b73e-8bed9e5bbe2f | ITER: 9 START
2020-04-13 01:01:46.920 216 INFO rally.task.runner [-] Task 4e3b5cb1-03fb-43ca-b73e-8bed9e5bbe2f | ITER: 5 END: OK
2020-04-13 01:01:46.924 216 INFO rally.task.runner [-] Task 4e3b5cb1-03fb-43ca-b73e-8bed9e5bbe2f | ITER: 10 START
2020-04-13 01:01:46.967 219 INFO rally.task.runner [-] Task 4e3b5cb1-03fb-43ca-b73e-8bed9e5bbe2f | ITER: 7 END: OK
2020-04-13 01:01:47.024 218 INFO rally.task.runner [-] Task 4e3b5cb1-03fb-43ca-b73e-8bed9e5bbe2f | ITER: 8 END: OK
2020-04-13 01:01:47.159 217 INFO rally.task.runner [-] Task 4e3b5cb1-03fb-43ca-b73e-8bed9e5bbe2f | ITER: 9 END: OK
2020-04-13 01:01:47.186 216 INFO rally.task.runner [-] Task 4e3b5cb1-03fb-43ca-b73e-8bed9e5bbe2f | ITER: 10 END: OK
2020-04-13 01:01:47.213 15 INFO rally.task.context [-] Task 4e3b5cb1-03fb-43ca-b73e-8bed9e5bbe2f | Context users@openstack cleanup() started
2020-04-13 01:01:47.379 15 WARNING rally.common.logging [-] `iterate_per_tenants()' is deprecated in v3.0.0: it is openstack specific.. Used at
2020-04-13 01:01:50.379 15 INFO rally.task.context [-] Task 4e3b5cb1-03fb-43ca-b73e-8bed9e5bbe2f | Context users@openstack cleanup() finished in 3.17 sec
2020-04-13 01:01:50.803 15 INFO rally.task.engine [-] Load duration is: 0.988961
2020-04-13 01:01:50.803 15 INFO rally.task.engine [-] Full runner duration is: 1.034122
2020-04-13 01:01:50.803 15 INFO rally.task.engine [-] Full duration is: 5.633659
2020-04-13 01:01:50.893 15 INFO rally.task.engine [-] Running workload: position = 0 config = { "version": 2, "title": "A cropped version of a bigger task.", "description": "Auto-generated task from a single workload (uuid=69c8e168-1099-4091-9c96-5ae2c2cbc283)", "subtasks": [ { "title": "Authenticate.validate_heat", "description": "Check Heat Client to ensure validation of token.", "scenario": { "Authenticate.validate_heat": { "repetitions": 2 } }, "contexts": { "users": { "tenants": 3, "users_per_tenant": 2 } }, "runner": { "constant": { "concurrency": 4, "times": 10 } }, "hooks": [], "sla": { "failure_rate": { "max": 0 } } } ] }
2020-04-13 01:01:50.910 15 RALLYDEBUG rally_openstack.contexts.keystone.users [-] Creating 3 tenants using 3 threads
2020-04-13 01:01:51.393 15 RALLYDEBUG rally_openstack.contexts.keystone.users [-] Creating 6 users using 6 threads
2020-04-13 01:01:52.271 15 INFO rally.task.context [-] Task 4e3b5cb1-03fb-43ca-b73e-8bed9e5bbe2f | Context users@openstack setup() finished in 1.36 sec
2020-04-13 01:01:52.281 15 RALLYDEBUG rally.task.runner [-] Starting the constant runner (task UUID: 4e3b5cb1-03fb-43ca-b73e-8bed9e5bbe2f). times: 10 concurrency: 4 timeout: 0 max_cpu_used: 88 processes_to_start: 4 concurrency_per_worker: 1 concurrency_overhead: 0
2020-04-13 01:01:52.293 289 RALLYDEBUG rally.task.runner [-] Starting a worker. times: 10 duration: None concurrency: 1 timeout: 0 cls: method_name: run args: {"repetitions": 2}
2020-04-13 01:01:52.296 290 RALLYDEBUG rally.task.runner [-] Starting a worker. times: 10 duration: None concurrency: 1 timeout: 0 cls: method_name: run args: {"repetitions": 2}
2020-04-13 01:01:52.298 289 INFO rally.task.runner [-] Task 4e3b5cb1-03fb-43ca-b73e-8bed9e5bbe2f | ITER: 1 START
2020-04-13 01:01:52.298 291 RALLYDEBUG rally.task.runner [-] Starting a worker. times: 10 duration: None concurrency: 1 timeout: 0 cls: method_name: run args: {"repetitions": 2}
2020-04-13 01:01:52.301 292 RALLYDEBUG rally.task.runner [-] Starting a worker. times: 10 duration: None concurrency: 1 timeout: 0 cls: method_name: run args: {"repetitions": 2}
2020-04-13 01:01:52.303 290 INFO rally.task.runner [-] Task 4e3b5cb1-03fb-43ca-b73e-8bed9e5bbe2f | ITER: 2 START
2020-04-13 01:01:52.305 291 INFO rally.task.runner [-] Task 4e3b5cb1-03fb-43ca-b73e-8bed9e5bbe2f | ITER: 3 START
2020-04-13 01:01:52.308 292 INFO rally.task.runner [-] Task 4e3b5cb1-03fb-43ca-b73e-8bed9e5bbe2f | ITER: 4 START
2020-04-13 01:01:52.662 289 INFO rally.task.runner [-] Task 4e3b5cb1-03fb-43ca-b73e-8bed9e5bbe2f | ITER: 1 END: OK
2020-04-13 01:01:52.662 292 INFO rally.task.runner [-] Task 4e3b5cb1-03fb-43ca-b73e-8bed9e5bbe2f | ITER: 4 END: OK
2020-04-13 01:01:52.666 289 INFO rally.task.runner [-] Task 4e3b5cb1-03fb-43ca-b73e-8bed9e5bbe2f | ITER: 5 START
2020-04-13 01:01:52.666 292 INFO rally.task.runner [-] Task 4e3b5cb1-03fb-43ca-b73e-8bed9e5bbe2f | ITER: 6 START
2020-04-13 01:01:52.678 291 INFO rally.task.runner [-] Task 4e3b5cb1-03fb-43ca-b73e-8bed9e5bbe2f | ITER: 3 END: OK
2020-04-13 01:01:52.683 291 INFO rally.task.runner [-] Task 4e3b5cb1-03fb-43ca-b73e-8bed9e5bbe2f | ITER: 7 START
2020-04-13 01:01:52.727 290 INFO rally.task.runner [-] Task 4e3b5cb1-03fb-43ca-b73e-8bed9e5bbe2f | ITER: 2 END: OK
2020-04-13 01:01:52.732 290 INFO rally.task.runner [-] Task 4e3b5cb1-03fb-43ca-b73e-8bed9e5bbe2f | ITER: 8 START
2020-04-13 01:01:52.921 290 INFO rally.task.runner [-] Task 4e3b5cb1-03fb-43ca-b73e-8bed9e5bbe2f | ITER: 8 END: OK
2020-04-13 01:01:52.925 290 INFO rally.task.runner [-] Task 4e3b5cb1-03fb-43ca-b73e-8bed9e5bbe2f | ITER: 9 START
2020-04-13 01:01:52.944 289 INFO rally.task.runner [-] Task 4e3b5cb1-03fb-43ca-b73e-8bed9e5bbe2f | ITER: 5 END: OK
2020-04-13 01:01:52.949 289 INFO rally.task.runner [-] Task 4e3b5cb1-03fb-43ca-b73e-8bed9e5bbe2f | ITER: 10 START
2020-04-13 01:01:52.951 292 INFO rally.task.runner [-] Task 4e3b5cb1-03fb-43ca-b73e-8bed9e5bbe2f | ITER: 6 END: OK
2020-04-13 01:01:52.989 291 INFO rally.task.runner [-] Task 4e3b5cb1-03fb-43ca-b73e-8bed9e5bbe2f | ITER: 7 END: OK
2020-04-13 01:01:53.115 290 INFO rally.task.runner [-] Task 4e3b5cb1-03fb-43ca-b73e-8bed9e5bbe2f | ITER: 9 END: OK
2020-04-13 01:01:53.240 289 INFO rally.task.runner [-] Task 4e3b5cb1-03fb-43ca-b73e-8bed9e5bbe2f | ITER: 10 END: OK
2020-04-13 01:01:53.270 15 INFO rally.task.context [-] Task 4e3b5cb1-03fb-43ca-b73e-8bed9e5bbe2f | Context users@openstack cleanup() started
2020-04-13 01:01:53.423 15 WARNING rally.common.logging [-] `iterate_per_tenants()' is deprecated in v3.0.0: it is openstack specific.. Used at
2020-04-13 01:01:55.739 15 INFO rally.task.context [-] Task 4e3b5cb1-03fb-43ca-b73e-8bed9e5bbe2f | Context users@openstack cleanup() finished in 2.47 sec
2020-04-13 01:01:57.063 15 INFO rally.task.engine [-] Load duration is: 0.939819
2020-04-13 01:01:57.064 15 INFO rally.task.engine [-] Full runner duration is: 0.989768
2020-04-13 01:01:57.064 15 INFO rally.task.engine [-] Full duration is: 4.830543
2020-04-13 01:01:57.147 15 INFO rally.task.engine [-] Running workload: position = 0 config = { "version": 2, "title": "A cropped version of a bigger task.", "description": "Auto-generated task from a single workload (uuid=5dd8029d-0c61-4342-90ef-857d1eb9d98a)", "subtasks": [ { "title": "Authenticate.validate_neutron", "description": "Check Neutron Client to ensure validation of token.", "scenario": { "Authenticate.validate_neutron": { "repetitions": 2 } }, "contexts": { "users": { "tenants": 3, "users_per_tenant": 2 } }, "runner": { "constant": { "concurrency": 4, "times": 10 } }, "hooks": [], "sla": { "failure_rate": { "max": 0 } } } ] }
2020-04-13 01:01:57.166 15 RALLYDEBUG rally_openstack.contexts.keystone.users [-] Creating 3 tenants using 3 threads
2020-04-13 01:01:57.679 15 RALLYDEBUG rally_openstack.contexts.keystone.users [-] Creating 6 users using 6 threads
2020-04-13 01:01:58.566 15 INFO rally.task.context [-] Task 4e3b5cb1-03fb-43ca-b73e-8bed9e5bbe2f | Context users@openstack setup() finished in 1.40 sec
2020-04-13 01:01:58.574 15 RALLYDEBUG rally.task.runner [-] Starting the constant runner (task UUID: 4e3b5cb1-03fb-43ca-b73e-8bed9e5bbe2f). times: 10 concurrency: 4 timeout: 0 max_cpu_used: 88 processes_to_start: 4 concurrency_per_worker: 1 concurrency_overhead: 0
2020-04-13 01:01:58.584 362 RALLYDEBUG rally.task.runner [-] Starting a worker. times: 10 duration: None concurrency: 1 timeout: 0 cls: method_name: run args: {"repetitions": 2}
2020-04-13 01:01:58.588 363 RALLYDEBUG rally.task.runner [-] Starting a worker. times: 10 duration: None concurrency: 1 timeout: 0 cls: method_name: run args: {"repetitions": 2}
2020-04-13 01:01:58.590 362 INFO rally.task.runner [-] Task 4e3b5cb1-03fb-43ca-b73e-8bed9e5bbe2f | ITER: 1 START
2020-04-13 01:01:58.590 364 RALLYDEBUG rally.task.runner [-] Starting a worker. times: 10 duration: None concurrency: 1 timeout: 0 cls: method_name: run args: {"repetitions": 2}
2020-04-13 01:01:58.593 365 RALLYDEBUG rally.task.runner [-] Starting a worker. times: 10 duration: None concurrency: 1 timeout: 0 cls: method_name: run args: {"repetitions": 2}
2020-04-13 01:01:58.594 363 INFO rally.task.runner [-] Task 4e3b5cb1-03fb-43ca-b73e-8bed9e5bbe2f | ITER: 2 START
2020-04-13 01:01:58.597 364 INFO rally.task.runner [-] Task 4e3b5cb1-03fb-43ca-b73e-8bed9e5bbe2f | ITER: 3 START
2020-04-13 01:01:58.600 365 INFO rally.task.runner [-] Task 4e3b5cb1-03fb-43ca-b73e-8bed9e5bbe2f | ITER: 4 START
2020-04-13 01:01:59.078 363 INFO rally.task.runner [-] Task 4e3b5cb1-03fb-43ca-b73e-8bed9e5bbe2f | ITER: 2 END: OK
2020-04-13 01:01:59.083 363 INFO rally.task.runner [-] Task 4e3b5cb1-03fb-43ca-b73e-8bed9e5bbe2f | ITER: 5 START
2020-04-13 01:01:59.143 365 INFO rally.task.runner [-] Task 4e3b5cb1-03fb-43ca-b73e-8bed9e5bbe2f | ITER: 4 END: OK
2020-04-13 01:01:59.148 365 INFO rally.task.runner [-] Task 4e3b5cb1-03fb-43ca-b73e-8bed9e5bbe2f | ITER: 6 START
2020-04-13 01:01:59.178 364 INFO rally.task.runner [-] Task 4e3b5cb1-03fb-43ca-b73e-8bed9e5bbe2f | ITER: 3 END: OK
2020-04-13 01:01:59.183 364 INFO rally.task.runner [-] Task 4e3b5cb1-03fb-43ca-b73e-8bed9e5bbe2f | ITER: 7 START
2020-04-13 01:01:59.558 362 INFO rally.task.runner [-] Task 4e3b5cb1-03fb-43ca-b73e-8bed9e5bbe2f | ITER: 1 END: OK
2020-04-13 01:01:59.563 362 INFO rally.task.runner [-] Task 4e3b5cb1-03fb-43ca-b73e-8bed9e5bbe2f | ITER: 8 START
2020-04-13 01:01:59.629 365 INFO rally.task.runner [-] Task 4e3b5cb1-03fb-43ca-b73e-8bed9e5bbe2f | ITER: 6 END: OK
2020-04-13 01:01:59.634 365 INFO rally.task.runner [-] Task 4e3b5cb1-03fb-43ca-b73e-8bed9e5bbe2f | ITER: 9 START
2020-04-13 01:01:59.963 362 INFO rally.task.runner [-] Task 4e3b5cb1-03fb-43ca-b73e-8bed9e5bbe2f | ITER: 8 END: OK
2020-04-13 01:01:59.967 365 INFO rally.task.runner [-] Task 4e3b5cb1-03fb-43ca-b73e-8bed9e5bbe2f | ITER: 9 END: OK
2020-04-13 01:01:59.968 362 INFO rally.task.runner [-] Task 4e3b5cb1-03fb-43ca-b73e-8bed9e5bbe2f | ITER: 10 START
2020-04-13 01:02:00.094 364 INFO rally.task.runner [-] Task 4e3b5cb1-03fb-43ca-b73e-8bed9e5bbe2f | ITER: 7 END: OK
2020-04-13 01:02:00.136 363 INFO rally.task.runner [-] Task 4e3b5cb1-03fb-43ca-b73e-8bed9e5bbe2f | ITER: 5 END: OK
2020-04-13 01:02:00.356 362 INFO rally.task.runner [-] Task 4e3b5cb1-03fb-43ca-b73e-8bed9e5bbe2f | ITER: 10 END: OK
2020-04-13 01:02:00.380 15 INFO rally.task.context [-] Task 4e3b5cb1-03fb-43ca-b73e-8bed9e5bbe2f | Context users@openstack cleanup() started
2020-04-13 01:02:00.517 15 WARNING rally.common.logging [-] `iterate_per_tenants()' is deprecated in v3.0.0: it is openstack specific.. Used at
2020-04-13 01:02:02.652 15 INFO rally.task.context [-] Task 4e3b5cb1-03fb-43ca-b73e-8bed9e5bbe2f | Context users@openstack cleanup() finished in 2.27 sec
2020-04-13 01:02:03.226 15 INFO rally.task.engine [-] Load duration is: 1.764626
2020-04-13 01:02:03.227 15 INFO rally.task.engine [-] Full runner duration is: 1.806336
2020-04-13 01:02:03.227 15 INFO rally.task.engine [-] Full duration is: 5.486603
2020-04-13 01:02:03.309 15 INFO rally.task.engine [-] Running workload: position = 0 config = { "version": 2, "title": "A cropped version of a bigger task.", "description": "Auto-generated task from a single workload (uuid=c5c4550c-aa95-492c-9293-0907cc850939)", "subtasks": [ { "title": "Authenticate.validate_nova", "description": "Check Nova Client to ensure validation of token.", "scenario": { "Authenticate.validate_nova": { "repetitions": 2 } }, "contexts": { "users": { "tenants": 3, "users_per_tenant": 2 } }, "runner": { "constant": { "concurrency": 4, "times": 10 } }, "hooks": [], "sla": { "failure_rate": { "max": 0 } } } ] }
2020-04-13 01:02:03.326 15 RALLYDEBUG rally_openstack.contexts.keystone.users [-] Creating 3 tenants using 3 threads
2020-04-13 01:02:03.811 15 RALLYDEBUG rally_openstack.contexts.keystone.users [-] Creating 6 users using 6 threads
2020-04-13 01:02:04.826 15 INFO rally.task.context [-] Task 4e3b5cb1-03fb-43ca-b73e-8bed9e5bbe2f | Context users@openstack setup() finished in 1.50 sec
2020-04-13 01:02:04.837 15 RALLYDEBUG rally.task.runner [-] Starting the constant runner (task UUID: 4e3b5cb1-03fb-43ca-b73e-8bed9e5bbe2f). times: 10 concurrency: 4 timeout: 0 max_cpu_used: 88 processes_to_start: 4 concurrency_per_worker: 1 concurrency_overhead: 0
2020-04-13 01:02:04.849 435 RALLYDEBUG rally.task.runner [-] Starting a worker. times: 10 duration: None concurrency: 1 timeout: 0 cls: method_name: run args: {"repetitions": 2}
2020-04-13 01:02:04.851 436 RALLYDEBUG rally.task.runner [-] Starting a worker. times: 10 duration: None concurrency: 1 timeout: 0 cls: method_name: run args: {"repetitions": 2}
2020-04-13 01:02:04.855 437 RALLYDEBUG rally.task.runner [-] Starting a worker. times: 10 duration: None concurrency: 1 timeout: 0 cls: method_name: run args: {"repetitions": 2}
2020-04-13 01:02:04.856 435 INFO rally.task.runner [-] Task 4e3b5cb1-03fb-43ca-b73e-8bed9e5bbe2f | ITER: 1 START
2020-04-13 01:02:04.857 436 INFO rally.task.runner [-] Task 4e3b5cb1-03fb-43ca-b73e-8bed9e5bbe2f | ITER: 2 START
2020-04-13 01:02:04.857 438 RALLYDEBUG rally.task.runner [-] Starting a worker. times: 10 duration: None concurrency: 1 timeout: 0 cls: method_name: run args: {"repetitions": 2}
2020-04-13 01:02:04.861 437 INFO rally.task.runner [-] Task 4e3b5cb1-03fb-43ca-b73e-8bed9e5bbe2f | ITER: 3 START
2020-04-13 01:02:04.864 438 INFO rally.task.runner [-] Task 4e3b5cb1-03fb-43ca-b73e-8bed9e5bbe2f | ITER: 4 START
2020-04-13 01:02:05.287 435 INFO rally.task.runner [-] Task 4e3b5cb1-03fb-43ca-b73e-8bed9e5bbe2f | ITER: 1 END: OK
2020-04-13 01:02:05.288 436 INFO rally.task.runner [-] Task 4e3b5cb1-03fb-43ca-b73e-8bed9e5bbe2f | ITER: 2 END: OK
2020-04-13 01:02:05.288 438 INFO rally.task.runner [-] Task 4e3b5cb1-03fb-43ca-b73e-8bed9e5bbe2f | ITER: 4 END: OK
2020-04-13 01:02:05.291 435 INFO rally.task.runner [-] Task 4e3b5cb1-03fb-43ca-b73e-8bed9e5bbe2f | ITER: 5 START
2020-04-13 01:02:05.292 436 INFO rally.task.runner [-] Task 4e3b5cb1-03fb-43ca-b73e-8bed9e5bbe2f | ITER: 6 START
2020-04-13 01:02:05.293 438 INFO rally.task.runner [-] Task 4e3b5cb1-03fb-43ca-b73e-8bed9e5bbe2f | ITER: 7 START
2020-04-13 01:02:05.302 437 INFO rally.task.runner [-] Task 4e3b5cb1-03fb-43ca-b73e-8bed9e5bbe2f | ITER: 3 END: OK
2020-04-13 01:02:05.307 437 INFO rally.task.runner [-] Task 4e3b5cb1-03fb-43ca-b73e-8bed9e5bbe2f | ITER: 8 START
2020-04-13 01:02:05.501 436 INFO rally.task.runner [-] Task 4e3b5cb1-03fb-43ca-b73e-8bed9e5bbe2f | ITER: 6 END: OK
2020-04-13 01:02:05.507 436 INFO rally.task.runner [-] Task 4e3b5cb1-03fb-43ca-b73e-8bed9e5bbe2f | ITER: 9 START
2020-04-13 01:02:05.517 437 INFO rally.task.runner [-] Task 4e3b5cb1-03fb-43ca-b73e-8bed9e5bbe2f | ITER: 8 END: OK
2020-04-13 01:02:05.521 437 INFO rally.task.runner [-] Task 4e3b5cb1-03fb-43ca-b73e-8bed9e5bbe2f | ITER: 10 START
2020-04-13 01:02:05.585 438 INFO rally.task.runner [-] Task 4e3b5cb1-03fb-43ca-b73e-8bed9e5bbe2f | ITER: 7 END: OK
2020-04-13 01:02:05.597 435 INFO rally.task.runner [-] Task 4e3b5cb1-03fb-43ca-b73e-8bed9e5bbe2f | ITER: 5 END: OK
2020-04-13 01:02:05.703 436 INFO rally.task.runner [-] Task 4e3b5cb1-03fb-43ca-b73e-8bed9e5bbe2f | ITER: 9 END: OK
2020-04-13 01:02:05.724 437 INFO rally.task.runner [-] Task 4e3b5cb1-03fb-43ca-b73e-8bed9e5bbe2f | ITER: 10 END: OK
2020-04-13 01:02:05.754 15 INFO rally.task.context [-] Task 4e3b5cb1-03fb-43ca-b73e-8bed9e5bbe2f | Context users@openstack cleanup() started
2020-04-13 01:02:05.892 15 WARNING rally.common.logging [-] `iterate_per_tenants()' is deprecated in v3.0.0: it is openstack specific.. Used at
2020-04-13 01:02:09.757 15 INFO rally.task.context [-] Task 4e3b5cb1-03fb-43ca-b73e-8bed9e5bbe2f | Context users@openstack cleanup() finished in 4.00 sec
2020-04-13 01:02:11.421 15 INFO rally.task.engine [-] Load duration is: 0.866466
2020-04-13 01:02:11.422 15 INFO rally.task.engine [-] Full runner duration is: 0.916684
2020-04-13 01:02:11.422 15 INFO rally.task.engine [-] Full duration is: 6.431999
2020-04-13 01:02:11.500 15 INFO rally.task.engine [-] Task 4e3b5cb1-03fb-43ca-b73e-8bed9e5bbe2f | Completed: Running task.
2020-04-13 01:02:13.062 497 RALLYDEBUG rally.api [-] INFO logs from urllib3 and requests module are hide.
2020-04-13 01:02:13.062 497 RALLYDEBUG rally.api [-] urllib3 insecure warnings are hidden.
2020-04-13 01:02:13.063 497 RALLYDEBUG rally.api [-] ERROR log from boto module is hide.
2020-04-13 01:02:14.561 498 RALLYDEBUG rally.api [-] INFO logs from urllib3 and requests module are hide.
2020-04-13 01:02:14.561 498 RALLYDEBUG rally.api [-] urllib3 insecure warnings are hidden.
2020-04-13 01:02:14.561 498 RALLYDEBUG rally.api [-] ERROR log from boto module is hide.
2020-04-13 01:02:16.057 499 RALLYDEBUG rally.api [-] INFO logs from urllib3 and requests module are hide.
2020-04-13 01:02:16.057 499 RALLYDEBUG rally.api [-] urllib3 insecure warnings are hidden.
2020-04-13 01:02:16.057 499 RALLYDEBUG rally.api [-] ERROR log from boto module is hide.
2020-04-13 01:02:18.137 499 INFO rally.api [-] Building 'json' report for the following task(s): '4e3b5cb1-03fb-43ca-b73e-8bed9e5bbe2f'.
2020-04-13 01:02:18.150 499 INFO rally.api [-] The report has been successfully built.
2020-04-13 01:02:19.601 501 RALLYDEBUG rally.api [-] INFO logs from urllib3 and requests module are hide.
2020-04-13 01:02:19.601 501 RALLYDEBUG rally.api [-] urllib3 insecure warnings are hidden.
2020-04-13 01:02:19.601 501 RALLYDEBUG rally.api [-] ERROR log from boto module is hide.
2020-04-13 01:02:21.744 501 INFO rally.task.engine [-] Task a3d3c194-3732-4108-a53d-7e32eeb87c7c | Starting: Task validation.
2020-04-13 01:02:21.758 501 INFO rally.task.engine [-] Task a3d3c194-3732-4108-a53d-7e32eeb87c7c | Starting: Task validation of syntax.
2020-04-13 01:02:21.850 501 INFO rally.task.engine [-] Task a3d3c194-3732-4108-a53d-7e32eeb87c7c | Completed: Task validation of syntax.
2020-04-13 01:02:21.850 501 INFO rally.task.engine [-] Task a3d3c194-3732-4108-a53d-7e32eeb87c7c | Starting: Task validation of required platforms.
2020-04-13 01:02:21.904 501 INFO rally.task.engine [-] Task a3d3c194-3732-4108-a53d-7e32eeb87c7c | Completed: Task validation of required platforms.
2020-04-13 01:02:21.904 501 INFO rally.task.engine [-] Task a3d3c194-3732-4108-a53d-7e32eeb87c7c | Starting: Task validation of semantic.
2020-04-13 01:02:21.904 501 INFO rally.task.engine [-] Check health of the environment '096b3cb0-2486-4753-a504-bece56b4d587'.
2020-04-13 01:02:22.473 501 INFO rally.task.engine [-] Platform existing@openstack (available: True): OK!
2020-04-13 01:02:22.485 501 RALLYDEBUG rally_openstack.contexts.keystone.users [-] Creating 1 tenants using 1 threads
2020-04-13 01:02:22.854 501 RALLYDEBUG rally_openstack.contexts.keystone.users [-] Creating 1 users using 1 threads
2020-04-13 01:02:23.509 501 INFO rally.task.context [-] Task a3d3c194-3732-4108-a53d-7e32eeb87c7c | Context users@openstack setup() finished in 1.02 sec
2020-04-13 01:02:24.934 501 INFO rally.task.context [-] Task a3d3c194-3732-4108-a53d-7e32eeb87c7c | Context users@openstack cleanup() started
2020-04-13 01:02:25.097 501 WARNING rally.common.logging [-] `iterate_per_tenants()' is deprecated in v3.0.0: it is openstack specific.. Used at
2020-04-13 01:02:26.538 501 INFO rally.task.context [-] Task a3d3c194-3732-4108-a53d-7e32eeb87c7c | Context users@openstack cleanup() finished in 1.60 sec
2020-04-13 01:02:26.539 501 INFO rally.task.engine [-] Task a3d3c194-3732-4108-a53d-7e32eeb87c7c | Completed: Task validation of semantic.
2020-04-13 01:02:26.539 501 INFO rally.task.engine [-] Task a3d3c194-3732-4108-a53d-7e32eeb87c7c | Completed: Task validation.
2020-04-13 01:02:26.539 501 INFO rally.api [-] Task a3d3c194-3732-4108-a53d-7e32eeb87c7c input file is valid.
2020-04-13 01:02:26.540 501 INFO rally.api [-] Run Task a3d3c194-3732-4108-a53d-7e32eeb87c7c against Deployment 096b3cb0-2486-4753-a504-bece56b4d587
2020-04-13 01:02:26.540 501 INFO rally.task.engine [-] Task a3d3c194-3732-4108-a53d-7e32eeb87c7c | Starting: Running task.
2020-04-13 01:02:26.605 501 INFO rally.task.engine [-] Running workload: position = 0 config = { "version": 2, "title": "A cropped version of a bigger task.", "description": "Auto-generated task from a single workload (uuid=5bde2964-b358-44f3-ad02-8ac7eb21c4f4)", "subtasks": [ { "title": "GlanceImages.create_and_delete_image", "description": "Create and then delete an image.", "scenario": { "GlanceImages.create_and_delete_image": { "container_format": "bare", "disk_format": "qcow2", "image_location": "/home/opnfv/functest/images/cirros-0.4.0-x86_64-disk.img" } }, "contexts": { "users": { "tenants": 3, "users_per_tenant": 2 } }, "runner": { "constant": { "concurrency": 4, "times": 10 } }, "hooks": [], "sla": { "failure_rate": { "max": 0 } } } ] }
2020-04-13 01:02:26.628 501 RALLYDEBUG rally_openstack.contexts.keystone.users [-] Creating 3 tenants using 3 threads
2020-04-13 01:02:27.116 501 RALLYDEBUG rally_openstack.contexts.keystone.users [-] Creating 6 users using 6 threads
2020-04-13 01:02:28.078 501 INFO rally.task.context [-] Task a3d3c194-3732-4108-a53d-7e32eeb87c7c | Context users@openstack setup() finished in 1.45 sec
2020-04-13 01:02:28.079 501 INFO rally.task.context [-] Task a3d3c194-3732-4108-a53d-7e32eeb87c7c | Context cleanup@openstack setup() finished in 0.00 msec
2020-04-13 01:02:28.086 501 RALLYDEBUG rally.task.runner [-] Starting the constant runner (task UUID: a3d3c194-3732-4108-a53d-7e32eeb87c7c). times: 10 concurrency: 4 timeout: 0 max_cpu_used: 88 processes_to_start: 4 concurrency_per_worker: 1 concurrency_overhead: 0
2020-04-13 01:02:28.099 556 RALLYDEBUG rally.task.runner [-] Starting a worker. times: 10 duration: None concurrency: 1 timeout: 0 cls: method_name: run args: {"container_format": "bare", "disk_format": "qcow2", "image_location": "/home/opnfv/functest/images/cirros-0.4.0-x86_64-disk.img"}
2020-04-13 01:02:28.101 557 RALLYDEBUG rally.task.runner [-] Starting a worker. times: 10 duration: None concurrency: 1 timeout: 0 cls: method_name: run args: {"container_format": "bare", "disk_format": "qcow2", "image_location": "/home/opnfv/functest/images/cirros-0.4.0-x86_64-disk.img"}
2020-04-13 01:02:28.104 558 RALLYDEBUG rally.task.runner [-] Starting a worker. times: 10 duration: None concurrency: 1 timeout: 0 cls: method_name: run args: {"container_format": "bare", "disk_format": "qcow2", "image_location": "/home/opnfv/functest/images/cirros-0.4.0-x86_64-disk.img"}
2020-04-13 01:02:28.105 556 INFO rally.task.runner [-] Task a3d3c194-3732-4108-a53d-7e32eeb87c7c | ITER: 1 START
2020-04-13 01:02:28.106 559 RALLYDEBUG rally.task.runner [-] Starting a worker. times: 10 duration: None concurrency: 1 timeout: 0 cls: method_name: run args: {"container_format": "bare", "disk_format": "qcow2", "image_location": "/home/opnfv/functest/images/cirros-0.4.0-x86_64-disk.img"}
2020-04-13 01:02:28.108 557 INFO rally.task.runner [-] Task a3d3c194-3732-4108-a53d-7e32eeb87c7c | ITER: 2 START
2020-04-13 01:02:28.110 558 INFO rally.task.runner [-] Task a3d3c194-3732-4108-a53d-7e32eeb87c7c | ITER: 3 START
2020-04-13 01:02:28.113 559 INFO rally.task.runner [-] Task a3d3c194-3732-4108-a53d-7e32eeb87c7c | ITER: 4 START
2020-04-13 01:02:30.613 556 RALLYDEBUG rally.task.utils [-] Waiting for resource '65fdf407-b22a-4bba-834e-606519be214b'. Status changed: NONE => QUEUED in 0.0474853515625
2020-04-13 01:02:30.614 557 RALLYDEBUG rally.task.utils [-] Waiting for resource 'a5c3e938-b23a-45e9-a0e3-b3b0a207e166'. Status changed: NONE => QUEUED in 0.04414987564086914
2020-04-13 01:02:30.629 559 RALLYDEBUG rally.task.utils [-] Waiting for resource 'c51fee8a-6584-453a-b34d-6caa2e345225'. Status changed: NONE => QUEUED in 0.050971031188964844
2020-04-13 01:02:30.653 558 RALLYDEBUG rally.task.utils [-] Waiting for resource 'd54053e8-3988-4656-99df-626ed48bc48b'. Status changed: NONE => QUEUED in 0.0520176887512207
2020-04-13 01:02:31.213 557 RALLYDEBUG rally.task.utils [-] Waiting for resource s_rally_5bde2964_qKZT5swk. Status changed: QUEUED => ACTIVE in 0.024120807647705078
2020-04-13 01:02:31.232 559 RALLYDEBUG rally.task.utils [-] Waiting for resource s_rally_5bde2964_AszudxZ0. Status changed: QUEUED => ACTIVE in 0.03176236152648926
2020-04-13 01:02:31.235 558 RALLYDEBUG rally.task.utils [-] Waiting for resource s_rally_5bde2964_iZHC6sBn. Status changed: QUEUED => ACTIVE in 0.02626323699951172
2020-04-13 01:02:31.245 556 RALLYDEBUG rally.task.utils [-] Waiting for resource s_rally_5bde2964_79oqNPEx. Status changed: QUEUED => ACTIVE in 0.02605295181274414
2020-04-13 01:02:31.493 556 INFO rally.task.runner [-] Task a3d3c194-3732-4108-a53d-7e32eeb87c7c | ITER: 1 END: OK
2020-04-13 01:02:31.498 556 INFO rally.task.runner [-] Task a3d3c194-3732-4108-a53d-7e32eeb87c7c | ITER: 5 START
2020-04-13 01:02:31.501 557 INFO rally.task.runner [-] Task a3d3c194-3732-4108-a53d-7e32eeb87c7c | ITER: 2 END: OK
2020-04-13 01:02:31.505 557 INFO rally.task.runner [-] Task a3d3c194-3732-4108-a53d-7e32eeb87c7c | ITER: 6 START
2020-04-13 01:02:31.510 558 INFO rally.task.runner [-] Task a3d3c194-3732-4108-a53d-7e32eeb87c7c | ITER: 3 END: OK
2020-04-13 01:02:31.514 558 INFO rally.task.runner [-] Task a3d3c194-3732-4108-a53d-7e32eeb87c7c | ITER: 7 START
2020-04-13 01:02:31.518 559 INFO rally.task.runner [-] Task a3d3c194-3732-4108-a53d-7e32eeb87c7c | ITER: 4 END: OK
2020-04-13 01:02:31.522 559 INFO rally.task.runner [-] Task a3d3c194-3732-4108-a53d-7e32eeb87c7c | ITER: 8 START
2020-04-13 01:02:33.835 557 RALLYDEBUG rally.task.utils [-] Waiting for resource 'faf4e7dd-c9e4-4c93-9902-1093001afd46'. Status changed: NONE => QUEUED in 0.04448223114013672
2020-04-13 01:02:33.855 559 RALLYDEBUG rally.task.utils [-] Waiting for resource '44a28c5d-e1dc-42bc-a8d2-181f8fe35e33'. Status changed: NONE => QUEUED in 0.05864739418029785
2020-04-13 01:02:33.872 558 RALLYDEBUG rally.task.utils [-] Waiting for resource '27d1f3a0-f0f4-4c03-8bd5-18ff9d09c9c0'. Status changed: NONE => QUEUED in 0.04429960250854492
2020-04-13 01:02:33.915 556 RALLYDEBUG rally.task.utils [-] Waiting for resource '5967f871-6724-4b68-8b4e-9eb9b7a31d9e'. Status changed: NONE => QUEUED in 0.04698991775512695
2020-04-13 01:02:34.335 559 RALLYDEBUG rally.task.utils [-] Waiting for resource s_rally_5bde2964_G5azgvlB. Status changed: QUEUED => ACTIVE in 0.030146360397338867
2020-04-13 01:02:34.344 558 RALLYDEBUG rally.task.utils [-] Waiting for resource s_rally_5bde2964_m2WLkcGC. Status changed: QUEUED => ACTIVE in 0.030392885208129883
2020-04-13 01:02:34.351 556 RALLYDEBUG rally.task.utils [-] Waiting for resource s_rally_5bde2964_OepX1DE1. Status changed: QUEUED => ACTIVE in 0.029712438583374023
2020-04-13 01:02:34.380 557 RALLYDEBUG rally.task.utils [-] Waiting for resource s_rally_5bde2964_oThfY5Dz. Status changed: QUEUED => ACTIVE in 0.02940678596496582
2020-04-13 01:02:34.621 556 INFO rally.task.runner [-] Task a3d3c194-3732-4108-a53d-7e32eeb87c7c | ITER: 5 END: OK
2020-04-13 01:02:34.625 556 INFO rally.task.runner [-] Task a3d3c194-3732-4108-a53d-7e32eeb87c7c | ITER: 9 START
2020-04-13 01:02:34.627 558 INFO rally.task.runner [-] Task a3d3c194-3732-4108-a53d-7e32eeb87c7c | ITER: 7 END: OK
2020-04-13 01:02:34.631 558 INFO rally.task.runner [-] Task a3d3c194-3732-4108-a53d-7e32eeb87c7c | ITER: 10 START
2020-04-13 01:02:34.634 557 INFO rally.task.runner [-] Task a3d3c194-3732-4108-a53d-7e32eeb87c7c | ITER: 6 END: OK
2020-04-13 01:02:34.723 559 INFO rally.task.runner [-] Task a3d3c194-3732-4108-a53d-7e32eeb87c7c | ITER: 8 END: OK
2020-04-13 01:02:36.973 556 RALLYDEBUG rally.task.utils [-] Waiting for resource 'fef0ab94-c304-4305-9225-fdf8ec2c8c2a'. Status changed: NONE => QUEUED in 0.05341219902038574
2020-04-13 01:02:37.001 558 RALLYDEBUG rally.task.utils [-] Waiting for resource 'a4387b7f-2d47-46f8-b30b-69dcf2a1ff23'. Status changed: NONE => QUEUED in 0.0515902042388916
2020-04-13 01:02:37.410 558 RALLYDEBUG rally.task.utils [-] Waiting for resource s_rally_5bde2964_IpB5vadn. Status changed: QUEUED => ACTIVE in 0.02513718605041504
2020-04-13 01:02:37.421 556 RALLYDEBUG rally.task.utils [-] Waiting for resource s_rally_5bde2964_Hzqkp4Y2. Status changed: QUEUED => ACTIVE in 0.027656078338623047
2020-04-13 01:02:37.659 558 INFO rally.task.runner [-] Task a3d3c194-3732-4108-a53d-7e32eeb87c7c | ITER: 10 END: OK
2020-04-13 01:02:37.711 556 INFO rally.task.runner [-] Task a3d3c194-3732-4108-a53d-7e32eeb87c7c | ITER: 9 END: OK
2020-04-13 01:02:37.734 501 INFO rally.task.context [-] Task a3d3c194-3732-4108-a53d-7e32eeb87c7c | Context cleanup@openstack cleanup() started
2020-04-13 01:02:37.739 501 RALLYDEBUG rally_openstack.cleanup.manager [-] Cleaning up glance images objects
2020-04-13 01:02:38.408 501 INFO rally.task.context [-] Task a3d3c194-3732-4108-a53d-7e32eeb87c7c | Context cleanup@openstack cleanup() finished in 0.67 sec
2020-04-13 01:02:38.409 501 INFO rally.task.context [-] Task a3d3c194-3732-4108-a53d-7e32eeb87c7c | Context users@openstack cleanup() started
2020-04-13 01:02:38.533 501 WARNING rally.common.logging [-] `iterate_per_tenants()' is deprecated in v3.0.0: it is openstack specific.. Used at
2020-04-13 01:02:41.872 501 INFO rally.task.context [-] Task a3d3c194-3732-4108-a53d-7e32eeb87c7c | Context users@openstack cleanup() finished in 3.46 sec
2020-04-13 01:02:42.744 501 INFO rally.task.engine [-] Load duration is: 9.406077
2020-04-13 01:02:42.744 501 INFO rally.task.engine [-] Full runner duration is: 9.64871
2020-04-13 01:02:42.745 501 INFO rally.task.engine [-] Full duration is: 15.246174
