2020-04-13 01:38:19.429 9693 INFO rally.task.context [-] Task d2284eeb-b62c-4f86-a54d-130dd9348c8e | Context users@openstack cleanup() started
2020-04-13 01:38:19.552 9693 WARNING rally.common.logging [-] `iterate_per_tenants()' is deprecated in v3.0.0: it is openstack specific.. Used at
2020-04-13 01:38:21.502 9693 INFO rally.task.context [-] Task d2284eeb-b62c-4f86-a54d-130dd9348c8e | Context users@openstack cleanup() finished in 2.07 sec
2020-04-13 01:38:21.782 9693 INFO rally.task.engine [-] Load duration is: 3.100755
2020-04-13 01:38:21.782 9693 INFO rally.task.engine [-] Full runner duration is: 3.139751
2020-04-13 01:38:21.783 9693 INFO rally.task.engine [-] Full duration is: 17.848343
2020-04-13 01:38:21.869 9693 INFO rally.task.engine [-] Running workload: position = 0 config = { "version": 2, "title": "A cropped version of a bigger task.", "description": "Auto-generated task from a single workload (uuid=88aeaa86-535b-4a32-abb8-f7ee765405e7)", "subtasks": [ { "title": "NeutronNetworks.create_and_list_ports", "description": "Create and a given number of ports and list all ports.", "scenario": { "NeutronNetworks.create_and_list_ports": { "network_create_args": {}, "port_create_args": {}, "ports_per_network": 1 } }, "contexts": { "users": { "tenants": 3, "users_per_tenant": 2 }, "network": { "router": {} }, "quotas": { "neutron": { "network": -1, "port": -1 } } }, "runner": { "constant": { "concurrency": 4, "times": 10 } }, "hooks": [], "sla": { "failure_rate": { "max": 0 } } } ] }
2020-04-13 01:38:21.893 9693 RALLYDEBUG rally_openstack.contexts.keystone.users [-] Creating 3 tenants using 3 threads
2020-04-13 01:38:22.417 9693 RALLYDEBUG rally_openstack.contexts.keystone.users [-] Creating 6 users using 6 threads
2020-04-13 01:38:23.296 9693 INFO rally.task.context [-] Task d2284eeb-b62c-4f86-a54d-130dd9348c8e | Context users@openstack setup() finished in 1.40 sec
2020-04-13 01:38:23.631 9693 INFO rally.task.context [-] Task d2284eeb-b62c-4f86-a54d-130dd9348c8e | Context quotas@openstack setup() finished in 0.33 sec
2020-04-13 01:38:23.697 9693 WARNING rally.common.logging [-] `iterate_per_tenants()' is deprecated in v3.0.0: it is openstack specific.. Used at
2020-04-13 01:38:24.111 9693 RALLYDEBUG rally_openstack.wrappers.network [-] CIDR generated: 10.2.46.0/24
2020-04-13 01:38:24.765 9693 RALLYDEBUG rally_openstack.wrappers.network [-] CIDR generated: 10.2.47.0/24
2020-04-13 01:38:25.821 9693 RALLYDEBUG rally_openstack.wrappers.network [-] CIDR generated: 10.2.48.0/24
2020-04-13 01:38:26.344 9693 INFO rally.task.context [-] Task d2284eeb-b62c-4f86-a54d-130dd9348c8e | Context network@openstack setup() finished in 2.71 sec
2020-04-13 01:38:26.345 9693 INFO rally.task.context [-] Task d2284eeb-b62c-4f86-a54d-130dd9348c8e | Context cleanup@openstack setup() finished in 0.00 msec
2020-04-13 01:38:26.350 9693 RALLYDEBUG rally.task.runner [-] Starting the constant runner (task UUID: d2284eeb-b62c-4f86-a54d-130dd9348c8e). times: 10 concurrency: 4 timeout: 0 max_cpu_used: 88 processes_to_start: 4 concurrency_per_worker: 1 concurrency_overhead: 0
2020-04-13 01:38:26.361 12385 RALLYDEBUG rally.task.runner [-] Starting a worker. times: 10 duration: None concurrency: 1 timeout: 0 cls: method_name: run args: {"network_create_args": {}, "port_create_args": {}, "ports_per_network": 1}
2020-04-13 01:38:26.364 12386 RALLYDEBUG rally.task.runner [-] Starting a worker. times: 10 duration: None concurrency: 1 timeout: 0 cls: method_name: run args: {"network_create_args": {}, "port_create_args": {}, "ports_per_network": 1}
2020-04-13 01:38:26.367 12387 RALLYDEBUG rally.task.runner [-] Starting a worker. times: 10 duration: None concurrency: 1 timeout: 0 cls: method_name: run args: {"network_create_args": {}, "port_create_args": {}, "ports_per_network": 1}
2020-04-13 01:38:26.369 12385 INFO rally.task.runner [-] Task d2284eeb-b62c-4f86-a54d-130dd9348c8e | ITER: 1 START
2020-04-13 01:38:26.369 12388 RALLYDEBUG rally.task.runner [-] Starting a worker. times: 10 duration: None concurrency: 1 timeout: 0 cls: method_name: run args: {"network_create_args": {}, "port_create_args": {}, "ports_per_network": 1}
2020-04-13 01:38:26.372 12386 INFO rally.task.runner [-] Task d2284eeb-b62c-4f86-a54d-130dd9348c8e | ITER: 2 START
2020-04-13 01:38:26.374 12387 INFO rally.task.runner [-] Task d2284eeb-b62c-4f86-a54d-130dd9348c8e | ITER: 3 START
2020-04-13 01:38:26.376 12388 INFO rally.task.runner [-] Task d2284eeb-b62c-4f86-a54d-130dd9348c8e | ITER: 4 START
2020-04-13 01:38:27.422 12385 INFO rally.task.runner [-] Task d2284eeb-b62c-4f86-a54d-130dd9348c8e | ITER: 1 END: OK
2020-04-13 01:38:27.428 12385 INFO rally.task.runner [-] Task d2284eeb-b62c-4f86-a54d-130dd9348c8e | ITER: 5 START
2020-04-13 01:38:28.373 12385 INFO rally.task.runner [-] Task d2284eeb-b62c-4f86-a54d-130dd9348c8e | ITER: 5 END: OK
2020-04-13 01:38:28.378 12385 INFO rally.task.runner [-] Task d2284eeb-b62c-4f86-a54d-130dd9348c8e | ITER: 6 START
2020-04-13 01:38:29.082 12387 INFO rally.task.runner [-] Task d2284eeb-b62c-4f86-a54d-130dd9348c8e | ITER: 3 END: OK
2020-04-13 01:38:29.087 12387 INFO rally.task.runner [-] Task d2284eeb-b62c-4f86-a54d-130dd9348c8e | ITER: 7 START
2020-04-13 01:38:29.107 12388 INFO rally.task.runner [-] Task d2284eeb-b62c-4f86-a54d-130dd9348c8e | ITER: 4 END: OK
2020-04-13 01:38:29.113 12388 INFO rally.task.runner [-] Task d2284eeb-b62c-4f86-a54d-130dd9348c8e | ITER: 8 START
2020-04-13 01:38:29.115 12386 INFO rally.task.runner [-] Task d2284eeb-b62c-4f86-a54d-130dd9348c8e | ITER: 2 END: OK
2020-04-13 01:38:29.119 12386 INFO rally.task.runner [-] Task d2284eeb-b62c-4f86-a54d-130dd9348c8e | ITER: 9 START
2020-04-13 01:38:29.700 12385 INFO rally.task.runner [-] Task d2284eeb-b62c-4f86-a54d-130dd9348c8e | ITER: 6 END: OK
2020-04-13 01:38:29.705 12385 INFO rally.task.runner [-] Task d2284eeb-b62c-4f86-a54d-130dd9348c8e | ITER: 10 START
2020-04-13 01:38:30.048 12387 INFO rally.task.runner [-] Task d2284eeb-b62c-4f86-a54d-130dd9348c8e | ITER: 7 END: OK
2020-04-13 01:38:30.792 12385 INFO rally.task.runner [-] Task d2284eeb-b62c-4f86-a54d-130dd9348c8e | ITER: 10 END: OK
2020-04-13 01:38:31.118 12388 INFO rally.task.runner [-] Task d2284eeb-b62c-4f86-a54d-130dd9348c8e | ITER: 8 END: OK
2020-04-13 01:38:31.124 12386 INFO rally.task.runner [-] Task d2284eeb-b62c-4f86-a54d-130dd9348c8e | ITER: 9 END: OK
2020-04-13 01:38:31.148 9693 INFO rally.task.context [-] Task d2284eeb-b62c-4f86-a54d-130dd9348c8e | Context cleanup@openstack cleanup() started
2020-04-13 01:38:31.153 9693 RALLYDEBUG rally_openstack.cleanup.manager [-] Cleaning up neutron vip objects
2020-04-13 01:38:31.599 9693 RALLYDEBUG rally_openstack.cleanup.manager [-] Cleaning up neutron health_monitor objects
2020-04-13 01:38:32.044 9693 RALLYDEBUG rally_openstack.cleanup.manager [-] Cleaning up neutron pool objects
2020-04-13 01:38:32.486 9693 RALLYDEBUG rally_openstack.cleanup.manager [-] Cleaning up neutron loadbalancer objects
2020-04-13 01:38:32.939 9693 RALLYDEBUG rally_openstack.cleanup.manager [-] Cleaning up neutron floatingip objects
2020-04-13 01:38:33.945 9693 RALLYDEBUG rally_openstack.cleanup.manager [-] Cleaning up neutron trunk objects
2020-04-13 01:38:34.400 9693 RALLYDEBUG rally_openstack.cleanup.manager [-] Cleaning up neutron port objects
2020-04-13 01:38:35.056 9693 RALLYDEBUG rally_openstack.cleanup.manager [-] Deleting neutron.port object s_rally_88aeaa86_mKryFP1q (f822b0a6-6c92-4607-bd75-a340100760e1)
2020-04-13 01:38:35.060 9693 RALLYDEBUG rally_openstack.cleanup.manager [-] Deleting neutron.port object s_rally_88aeaa86_oam83eyz (576a6f2b-1e25-427e-ad2e-c0f0dc68aaf2)
2020-04-13 01:38:35.070 9693 RALLYDEBUG rally_openstack.cleanup.manager [-] Deleting neutron.port object s_rally_88aeaa86_tTsXQjZ2 (1e2a6ef0-1661-4cc2-97d1-d55293252d6c)
2020-04-13 01:38:35.076 9693 RALLYDEBUG rally_openstack.cleanup.manager [-] Deleting neutron.port object s_rally_88aeaa86_ap8uMgOp (cdb6328d-82bb-4679-a704-fded966687d8)
2020-04-13 01:38:35.081 9693 RALLYDEBUG rally_openstack.cleanup.manager [-] Deleting neutron.port object s_rally_88aeaa86_iEgF4kOA (9fc3bec6-de76-42a6-b781-fc402675b0f6)
2020-04-13 01:38:35.086 9693 RALLYDEBUG rally_openstack.cleanup.manager [-] Deleting neutron.port object s_rally_88aeaa86_9ofvQc4y (e2aedf05-6f61-4367-8c0d-bce711d5734b)
2020-04-13 01:38:35.092 9693 RALLYDEBUG rally_openstack.cleanup.manager [-] Deleting neutron.port object s_rally_88aeaa86_cfUavval (f16992f9-30a6-4286-ab47-4a4d0d5c0469)
2020-04-13 01:38:35.107 9693 RALLYDEBUG rally_openstack.cleanup.manager [-] Deleting neutron.port object s_rally_88aeaa86_5ll8KBAo (4d8e1c27-785d-4bb3-924b-cfa9a69c4983)
2020-04-13 01:38:35.111 9693 RALLYDEBUG rally_openstack.cleanup.manager [-] Deleting neutron.port object s_rally_88aeaa86_XV8svf9m (176ecce4-7181-4715-ba75-4d0ae5b1e61b)
2020-04-13 01:38:35.141 9693 RALLYDEBUG rally_openstack.cleanup.manager [-] Deleting neutron.port object s_rally_88aeaa86_emndooEJ (cf319f17-a2bd-4983-b8b3-758b12b847a2)
2020-04-13 01:38:38.722 9693 RALLYDEBUG rally_openstack.cleanup.manager [-] Cleaning up neutron subnet objects
2020-04-13 01:38:39.376 9693 RALLYDEBUG rally_openstack.cleanup.manager [-] Cleaning up neutron network objects
2020-04-13 01:38:40.325 9693 RALLYDEBUG rally_openstack.cleanup.manager [-] Cleaning up neutron router objects
2020-04-13 01:38:41.511 9693 RALLYDEBUG rally_openstack.cleanup.manager [-] Cleaning up neutron security_group objects
2020-04-13 01:38:42.084 9693 INFO rally.task.context [-] Task d2284eeb-b62c-4f86-a54d-130dd9348c8e | Context cleanup@openstack cleanup() finished in 10.94 sec
2020-04-13 01:38:42.085 9693 INFO rally.task.context [-] Task d2284eeb-b62c-4f86-a54d-130dd9348c8e | Context network@openstack cleanup() started
2020-04-13 01:38:47.796 9693 INFO rally.task.context [-] Task d2284eeb-b62c-4f86-a54d-130dd9348c8e | Context network@openstack cleanup() finished in 5.71 sec
2020-04-13 01:38:47.796 9693 INFO rally.task.context [-] Task d2284eeb-b62c-4f86-a54d-130dd9348c8e | Context quotas@openstack cleanup() started
2020-04-13 01:38:47.864 9693 INFO rally.task.context [-] Task d2284eeb-b62c-4f86-a54d-130dd9348c8e | Context quotas@openstack cleanup() finished in 67.48 msec
2020-04-13 01:38:47.865 9693 INFO rally.task.context [-] Task d2284eeb-b62c-4f86-a54d-130dd9348c8e | Context users@openstack cleanup() started
2020-04-13 01:38:48.002 9693 WARNING rally.common.logging [-] `iterate_per_tenants()' is deprecated in v3.0.0: it is openstack specific.. Used at
2020-04-13 01:38:50.529 9693 INFO rally.task.context [-] Task d2284eeb-b62c-4f86-a54d-130dd9348c8e | Context users@openstack cleanup() finished in 2.66 sec
2020-04-13 01:38:52.093 9693 INFO rally.task.engine [-] Load duration is: 4.754264
2020-04-13 01:38:52.094 9693 INFO rally.task.engine [-] Full runner duration is: 4.798228
2020-04-13 01:38:52.094 9693 INFO rally.task.engine [-] Full duration is: 28.638286
2020-04-13 01:38:52.185 9693 INFO rally.task.engine [-] Running workload: position = 0 config = { "version": 2, "title": "A cropped version of a bigger task.", "description": "Auto-generated task from a single workload (uuid=0be09748-80f1-4827-8388-dd9f50d0a00f)", "subtasks": [ { "title": "NeutronNetworks.create_and_list_routers", "description": "Create and a given number of routers and list all routers.", "scenario": { "NeutronNetworks.create_and_list_routers": { "network_create_args": {}, "router_create_args": {}, "subnet_cidr_start": "1.1.0.0/30", "subnet_create_args": {}, "subnets_per_network": 1 } }, "contexts": { "users": { "tenants": 3, "users_per_tenant": 2 }, "quotas": { "neutron": { "network": -1, "subnet": -1, "router": -1 } } }, "runner": { "constant": { "concurrency": 4, "times": 10 } }, "hooks": [], "sla": { "failure_rate": { "max": 0 } } } ] }
2020-04-13 01:38:52.205 9693 RALLYDEBUG rally_openstack.contexts.keystone.users [-] Creating 3 tenants using 3 threads
2020-04-13 01:38:52.695 9693 RALLYDEBUG rally_openstack.contexts.keystone.users [-] Creating 6 users using 6 threads
2020-04-13 01:38:53.748 9693 INFO rally.task.context [-] Task d2284eeb-b62c-4f86-a54d-130dd9348c8e | Context users@openstack setup() finished in 1.54 sec
2020-04-13 01:38:54.093 9693 INFO rally.task.context [-] Task d2284eeb-b62c-4f86-a54d-130dd9348c8e | Context quotas@openstack setup() finished in 0.34 sec
2020-04-13 01:38:54.093 9693 INFO rally.task.context [-] Task d2284eeb-b62c-4f86-a54d-130dd9348c8e | Context cleanup@openstack setup() finished in 0.01 msec
2020-04-13 01:38:54.102 9693 RALLYDEBUG rally.task.runner [-] Starting the constant runner (task UUID: d2284eeb-b62c-4f86-a54d-130dd9348c8e). times: 10 concurrency: 4 timeout: 0 max_cpu_used: 88 processes_to_start: 4 concurrency_per_worker: 1 concurrency_overhead: 0
2020-04-13 01:38:54.115 12678 RALLYDEBUG rally.task.runner [-] Starting a worker. times: 10 duration: None concurrency: 1 timeout: 0 cls: method_name: run args: {"network_create_args": {}, "router_create_args": {}, "subnet_cidr_start": "1.1.0.0/30", "subnet_create_args": {}, "subnets_per_network": 1}
2020-04-13 01:38:54.117 12679 RALLYDEBUG rally.task.runner [-] Starting a worker. times: 10 duration: None concurrency: 1 timeout: 0 cls: method_name: run args: {"network_create_args": {}, "router_create_args": {}, "subnet_cidr_start": "1.1.0.0/30", "subnet_create_args": {}, "subnets_per_network": 1}
2020-04-13 01:38:54.119 12680 RALLYDEBUG rally.task.runner [-] Starting a worker. times: 10 duration: None concurrency: 1 timeout: 0 cls: method_name: run args: {"network_create_args": {}, "router_create_args": {}, "subnet_cidr_start": "1.1.0.0/30", "subnet_create_args": {}, "subnets_per_network": 1}
2020-04-13 01:38:54.122 12678 INFO rally.task.runner [-] Task d2284eeb-b62c-4f86-a54d-130dd9348c8e | ITER: 1 START
2020-04-13 01:38:54.123 12681 RALLYDEBUG rally.task.runner [-] Starting a worker. times: 10 duration: None concurrency: 1 timeout: 0 cls: method_name: run args: {"network_create_args": {}, "router_create_args": {}, "subnet_cidr_start": "1.1.0.0/30", "subnet_create_args": {}, "subnets_per_network": 1}
2020-04-13 01:38:54.124 12679 INFO rally.task.runner [-] Task d2284eeb-b62c-4f86-a54d-130dd9348c8e | ITER: 2 START
2020-04-13 01:38:54.126 12680 INFO rally.task.runner [-] Task d2284eeb-b62c-4f86-a54d-130dd9348c8e | ITER: 3 START
2020-04-13 01:38:54.130 12681 INFO rally.task.runner [-] Task d2284eeb-b62c-4f86-a54d-130dd9348c8e | ITER: 4 START
2020-04-13 01:38:54.718 12679 RALLYDEBUG rally_openstack.wrappers.network [-] CIDR generated: 1.1.0.196/30
2020-04-13 01:38:55.256 12678 RALLYDEBUG rally_openstack.wrappers.network [-] CIDR generated: 1.1.0.200/30
2020-04-13 01:38:55.847 12681 RALLYDEBUG rally_openstack.wrappers.network [-] CIDR generated: 1.1.0.204/30
2020-04-13 01:38:56.077 12680 RALLYDEBUG rally_openstack.wrappers.network [-] CIDR generated: 1.1.0.208/30
2020-04-13 01:38:58.307 12679 INFO rally.task.runner [-] Task d2284eeb-b62c-4f86-a54d-130dd9348c8e | ITER: 2 END: OK
2020-04-13 01:38:58.312 12679 INFO rally.task.runner [-] Task d2284eeb-b62c-4f86-a54d-130dd9348c8e | ITER: 5 START
2020-04-13 01:38:58.578 12678 INFO rally.task.runner [-] Task d2284eeb-b62c-4f86-a54d-130dd9348c8e | ITER: 1 END: OK
2020-04-13 01:38:58.583 12678 INFO rally.task.runner [-] Task d2284eeb-b62c-4f86-a54d-130dd9348c8e | ITER: 6 START
2020-04-13 01:38:58.631 12679 RALLYDEBUG rally_openstack.wrappers.network [-] CIDR generated: 1.1.0.212/30
2020-04-13 01:38:58.853 12678 RALLYDEBUG rally_openstack.wrappers.network [-] CIDR generated: 1.1.0.216/30
2020-04-13 01:38:59.218 12680 INFO rally.task.runner [-] Task d2284eeb-b62c-4f86-a54d-130dd9348c8e | ITER: 3 END: OK
2020-04-13 01:38:59.223 12680 INFO rally.task.runner [-] Task d2284eeb-b62c-4f86-a54d-130dd9348c8e | ITER: 7 START
2020-04-13 01:38:59.644 12681 INFO rally.task.runner [-] Task d2284eeb-b62c-4f86-a54d-130dd9348c8e | ITER: 4 END: OK
2020-04-13 01:38:59.649 12681 INFO rally.task.runner [-] Task d2284eeb-b62c-4f86-a54d-130dd9348c8e | ITER: 8 START
2020-04-13 01:38:59.929 12680 RALLYDEBUG rally_openstack.wrappers.network [-] CIDR generated: 1.1.0.220/30
2020-04-13 01:39:00.359 12681 RALLYDEBUG rally_openstack.wrappers.network [-] CIDR generated: 1.1.0.224/30
2020-04-13 01:39:02.293 12679 INFO rally.task.runner [-] Task d2284eeb-b62c-4f86-a54d-130dd9348c8e | ITER: 5 END: OK
2020-04-13 01:39:02.298 12679 INFO rally.task.runner [-] Task d2284eeb-b62c-4f86-a54d-130dd9348c8e | ITER: 9 START
2020-04-13 01:39:02.658 12678 INFO rally.task.runner [-] Task d2284eeb-b62c-4f86-a54d-130dd9348c8e | ITER: 6 END: OK
2020-04-13 01:39:02.661 12678 INFO rally.task.runner [-] Task d2284eeb-b62c-4f86-a54d-130dd9348c8e | ITER: 10 START
2020-04-13 01:39:02.824 12679 RALLYDEBUG rally_openstack.wrappers.network [-] CIDR generated: 1.1.0.228/30
2020-04-13 01:39:02.954 12678 RALLYDEBUG rally_openstack.wrappers.network [-] CIDR generated: 1.1.0.232/30
2020-04-13 01:39:03.249 12680 INFO rally.task.runner [-] Task d2284eeb-b62c-4f86-a54d-130dd9348c8e | ITER: 7 END: OK
2020-04-13 01:39:03.562 12681 INFO rally.task.runner [-] Task d2284eeb-b62c-4f86-a54d-130dd9348c8e | ITER: 8 END: OK
2020-04-13 01:39:06.130 12679 INFO rally.task.runner [-] Task d2284eeb-b62c-4f86-a54d-130dd9348c8e | ITER: 9 END: OK
2020-04-13 01:39:06.447 12678 INFO rally.task.runner [-] Task d2284eeb-b62c-4f86-a54d-130dd9348c8e | ITER: 10 END: OK
2020-04-13 01:39:06.472 9693 INFO rally.task.context [-] Task d2284eeb-b62c-4f86-a54d-130dd9348c8e | Context cleanup@openstack cleanup() started
2020-04-13 01:39:06.480 9693 RALLYDEBUG rally_openstack.cleanup.manager [-] Cleaning up neutron vip objects
2020-04-13 01:39:07.008 9693 RALLYDEBUG rally_openstack.cleanup.manager [-] Cleaning up neutron health_monitor objects
2020-04-13 01:39:07.463 9693 RALLYDEBUG rally_openstack.cleanup.manager [-] Cleaning up neutron pool objects
2020-04-13 01:39:07.862 9693 RALLYDEBUG rally_openstack.cleanup.manager [-] Cleaning up neutron loadbalancer objects
2020-04-13 01:39:08.215 9693 RALLYDEBUG rally_openstack.cleanup.manager [-] Cleaning up neutron floatingip objects
2020-04-13 01:39:09.278 9693 RALLYDEBUG rally_openstack.cleanup.manager [-] Cleaning up neutron trunk objects
2020-04-13 01:39:09.760 9693 RALLYDEBUG rally_openstack.cleanup.manager [-] Cleaning up neutron port objects
2020-04-13 01:39:11.253 9693 RALLYDEBUG rally_openstack.cleanup.manager [-] Deleting neutron.port object s_rally_0be09748_48sd12qy (7be9a84f-792a-4519-817b-814c19145a5b)
2020-04-13 01:39:11.263 9693 RALLYDEBUG rally_openstack.cleanup.manager [-] Deleting neutron.port object s_rally_0be09748_ByMYK70g (6e6ad663-d04a-4882-ac95-5d991c03613f)
2020-04-13 01:39:11.275 9693 RALLYDEBUG rally_openstack.cleanup.manager [-] Deleting neutron.port object s_rally_0be09748_wMIQNpIY (7f903ac5-39c4-4215-af40-75bbdf7ca5a4)
2020-04-13 01:39:11.285 9693 RALLYDEBUG rally_openstack.cleanup.manager [-] Deleting neutron.port object s_rally_0be09748_aa4XVj4T (9137806d-8762-4e93-9005-e508f9766f04)
2020-04-13 01:39:11.309 9693 RALLYDEBUG rally_openstack.cleanup.manager [-] Deleting neutron.port object s_rally_0be09748_m0WrhuIb (ff80e53d-8494-4080-bfb9-726b139c5dec)
2020-04-13 01:39:11.340 9693 RALLYDEBUG rally_openstack.cleanup.manager [-] Deleting neutron.port object s_rally_0be09748_xyenZmuF (a3cd8b7a-a531-4019-89d5-edf4c5709c7b)
2020-04-13 01:39:11.350 9693 RALLYDEBUG rally_openstack.cleanup.manager [-] Deleting neutron.port object s_rally_0be09748_N6Bbs5bh (a83e6c32-b752-483c-a73d-8ccd010a0122)
2020-04-13 01:39:11.353 9693 RALLYDEBUG rally_openstack.cleanup.manager [-] Deleting neutron.port object s_rally_0be09748_WfRBcPYu (52c30a63-9af4-435e-b159-a6ab7579306e)
2020-04-13 01:39:11.369 9693 RALLYDEBUG rally_openstack.cleanup.manager [-] Deleting neutron.port object s_rally_0be09748_mMqmKjM1 (aebf6948-e879-4431-a9c8-07590a89d4e4)
2020-04-13 01:39:11.412 9693 RALLYDEBUG rally_openstack.cleanup.manager [-] Deleting neutron.port object s_rally_0be09748_UG7jcGch (efd0505a-f23a-456f-b4fd-565c367ebd7c)
2020-04-13 01:39:18.894 9693 RALLYDEBUG rally_openstack.cleanup.manager [-] Cleaning up neutron subnet objects
2020-04-13 01:39:19.518 9693 RALLYDEBUG rally_openstack.cleanup.manager [-] Deleting neutron.subnet object s_rally_0be09748_Nlua0k5N (e097cbee-03c0-421a-892f-1421c5fe44b9)
2020-04-13 01:39:19.536 9693 RALLYDEBUG rally_openstack.cleanup.manager [-] Deleting neutron.subnet object s_rally_0be09748_ETShPocv (8fef7050-950d-46c5-910f-bf572d92da6f)
2020-04-13 01:39:19.541 9693 RALLYDEBUG rally_openstack.cleanup.manager [-] Deleting neutron.subnet object s_rally_0be09748_jM9LY3FF (d4a64db1-c72e-4c12-8027-c4d62390787f)
2020-04-13 01:39:19.542 9693 RALLYDEBUG rally_openstack.cleanup.manager [-] Deleting neutron.subnet object s_rally_0be09748_khROU0wj (35d3cd88-32c5-464f-a48e-2a2b7f2260ba)
2020-04-13 01:39:19.547 9693 RALLYDEBUG rally_openstack.cleanup.manager [-] Deleting neutron.subnet object s_rally_0be09748_XPWrakdq (d7809b62-e059-439f-b5a1-7dedea9f025c)
2020-04-13 01:39:19.578 9693 RALLYDEBUG rally_openstack.cleanup.manager [-] Deleting neutron.subnet object s_rally_0be09748_l4evr9Oq (5b83fc7d-8d90-40d1-b4b2-bd2ec7ede316)
2020-04-13 01:39:19.581 9693 RALLYDEBUG rally_openstack.cleanup.manager [-] Deleting neutron.subnet object s_rally_0be09748_BCWskIqy (a9219758-fd14-47cb-b0ea-2462f61db3c1)
2020-04-13 01:39:19.585 9693 RALLYDEBUG rally_openstack.cleanup.manager [-] Deleting neutron.subnet object s_rally_0be09748_CPysQwxV (ad18b7c8-aa78-4c63-88df-4c1e109020a3)
2020-04-13 01:39:19.598 9693 RALLYDEBUG rally_openstack.cleanup.manager [-] Deleting neutron.subnet object s_rally_0be09748_TPcB5Ss2 (b57b4c46-72cd-4a87-9766-09bcf188d17d)
2020-04-13 01:39:19.616 9693 RALLYDEBUG rally_openstack.cleanup.manager [-] Deleting neutron.subnet object s_rally_0be09748_7iHvifDI (cc6c9fc1-ef0e-4f88-a92d-e34c41f16338)
2020-04-13 01:39:24.746 9693 RALLYDEBUG rally_openstack.cleanup.manager [-] Cleaning up neutron network objects
2020-04-13 01:39:25.486 9693 RALLYDEBUG rally_openstack.cleanup.manager [-] Deleting neutron.network object s_rally_0be09748_r7QQpGaI (a78f6227-d904-4984-8e42-69a9d8343d76)
2020-04-13 01:39:25.492 9693 RALLYDEBUG rally_openstack.cleanup.manager [-] Deleting neutron.network object s_rally_0be09748_InJt72BV (5717a1d3-7fd0-478b-abaa-f033df2ddb0b)
2020-04-13 01:39:25.501 9693 RALLYDEBUG rally_openstack.cleanup.manager [-] Deleting neutron.network object s_rally_0be09748_8yWVf7RZ (3843a939-db12-4e2e-989a-85e693168ced)
2020-04-13 01:39:25.516 9693 RALLYDEBUG rally_openstack.cleanup.manager [-] Deleting neutron.network object s_rally_0be09748_LY6tA6y1 (aaa5fb60-80eb-4af3-be3a-229c637e1aff)
2020-04-13 01:39:25.526 9693 RALLYDEBUG rally_openstack.cleanup.manager [-] Deleting neutron.network object s_rally_0be09748_n1Wu9YHA (f2bb409b-710b-4775-ad5f-19b20c5a3d6a)
2020-04-13 01:39:25.544 9693 RALLYDEBUG rally_openstack.cleanup.manager [-] Deleting neutron.network object s_rally_0be09748_HRR84IHr (28f59385-130c-4b54-a09e-bab00f67f7ce)
2020-04-13 01:39:25.555 9693 RALLYDEBUG rally_openstack.cleanup.manager [-] Deleting neutron.network object s_rally_0be09748_yKu00g0J (7e46e118-153e-4c23-9b2e-31332a83d0a7)
2020-04-13 01:39:25.572 9693 RALLYDEBUG rally_openstack.cleanup.manager [-] Deleting neutron.network object s_rally_0be09748_dkD5z7Lt (ba216ff4-8433-45a7-be3a-db8eb3d9ba62)
2020-04-13 01:39:25.579 9693 RALLYDEBUG rally_openstack.cleanup.manager [-] Deleting neutron.network object s_rally_0be09748_PrHtho0d (a83c5540-95d9-4dc1-8672-252a2e8f907f)
2020-04-13 01:39:25.644 9693 RALLYDEBUG rally_openstack.cleanup.manager [-] Deleting neutron.network object s_rally_0be09748_4I75YpMv (ee1eb2fc-5aed-43e9-971a-ad7fdd17127f)
2020-04-13 01:39:29.226 9693 RALLYDEBUG rally_openstack.cleanup.manager [-] Cleaning up neutron router objects
2020-04-13 01:39:30.494 9693 RALLYDEBUG rally_openstack.cleanup.manager [-] Deleting neutron.router object s_rally_0be09748_48sd12qy (da7ac740-17d1-4b04-a2d2-54286ea6d787)
2020-04-13 01:39:30.495 9693 RALLYDEBUG rally_openstack.cleanup.manager [-] Deleting neutron.router object s_rally_0be09748_wMIQNpIY (31729a36-da89-4ac6-8baa-b3340546073d)
2020-04-13 01:39:30.505 9693 RALLYDEBUG rally_openstack.cleanup.manager [-] Deleting neutron.router object s_rally_0be09748_ByMYK70g (4af9c842-3c7d-4f2e-87eb-00f0ffd61c5d)
2020-04-13 01:39:30.516 9693 RALLYDEBUG rally_openstack.cleanup.manager [-] Deleting neutron.router object s_rally_0be09748_m0WrhuIb (b2650774-b823-46bd-a46f-809c3c7da576)
2020-04-13 01:39:30.523 9693 RALLYDEBUG rally_openstack.cleanup.manager [-] Deleting neutron.router object s_rally_0be09748_aa4XVj4T (b62e7658-fce7-435a-a0d7-b2b81323a0f3)
2020-04-13 01:39:30.553 9693 RALLYDEBUG rally_openstack.cleanup.manager [-] Deleting neutron.router object s_rally_0be09748_mMqmKjM1 (2371ff3c-315b-4f3d-bd54-1286ef5208e6)
2020-04-13 01:39:30.555 9693 RALLYDEBUG rally_openstack.cleanup.manager [-] Deleting neutron.router object s_rally_0be09748_UG7jcGch (0f0ea75d-1891-4f55-95ef-b7fcec727daa)
2020-04-13 01:39:30.571 9693 RALLYDEBUG rally_openstack.cleanup.manager [-] Deleting neutron.router object s_rally_0be09748_xyenZmuF (c3150b26-ec9a-4749-89f6-f0dd03dd2af7)
2020-04-13 01:39:30.577 9693 RALLYDEBUG rally_openstack.cleanup.manager [-] Deleting neutron.router object s_rally_0be09748_N6Bbs5bh (c3362f4c-5506-4b13-9227-262ee77af6f9)
2020-04-13 01:39:30.613 9693 RALLYDEBUG rally_openstack.cleanup.manager [-] Deleting neutron.router object s_rally_0be09748_WfRBcPYu (ff870715-d941-4134-8a5c-f01c3fc557a7)
2020-04-13 01:39:33.643 9693 RALLYDEBUG rally_openstack.cleanup.manager [-] Cleaning up neutron security_group objects
2020-04-13 01:39:34.208 9693 INFO rally.task.context [-] Task d2284eeb-b62c-4f86-a54d-130dd9348c8e | Context cleanup@openstack cleanup() finished in 27.74 sec
2020-04-13 01:39:34.209 9693 INFO rally.task.context [-] Task d2284eeb-b62c-4f86-a54d-130dd9348c8e | Context quotas@openstack cleanup() started
2020-04-13 01:39:34.283 9693 INFO rally.task.context [-] Task d2284eeb-b62c-4f86-a54d-130dd9348c8e | Context quotas@openstack cleanup() finished in 73.71 msec
2020-04-13 01:39:34.283 9693 INFO rally.task.context [-] Task d2284eeb-b62c-4f86-a54d-130dd9348c8e | Context users@openstack cleanup() started
2020-04-13 01:39:34.431 9693 WARNING rally.common.logging [-] `iterate_per_tenants()' is deprecated in v3.0.0: it is openstack specific.. Used at
2020-04-13 01:39:36.497 9693 INFO rally.task.context [-] Task d2284eeb-b62c-4f86-a54d-130dd9348c8e | Context users@openstack cleanup() finished in 2.21 sec
2020-04-13 01:39:38.464 9693 INFO rally.task.engine [-] Load duration is: 12.323719
2020-04-13 01:39:38.464 9693 INFO rally.task.engine [-] Full runner duration is: 12.369792
2020-04-13 01:39:38.465 9693 INFO rally.task.engine [-] Full duration is: 44.295446
2020-04-13 01:39:38.565 9693 INFO rally.task.engine [-] Running workload: position = 0 config = { "version": 2, "title": "A cropped version of a bigger task.", "description": "Auto-generated task from a single workload (uuid=51db4f23-2afb-4ee2-a6a6-c32a7c998709)", "subtasks": [ { "title": "NeutronNetworks.create_and_list_subnets", "description": "Create and a given number of subnets and list all subnets.", "scenario": { "NeutronNetworks.create_and_list_subnets": { "network_create_args": {}, "subnet_cidr_start": "1.1.0.0/30", "subnet_create_args": {}, "subnets_per_network": 1 } }, "contexts": { "users": { "tenants": 3, "users_per_tenant": 2 }, "quotas": { "neutron": { "network": -1, "subnet": -1 } } }, "runner": { "constant": { "concurrency": 4, "times": 10 } }, "hooks": [], "sla": { "failure_rate": { "max": 0 } } } ] }
2020-04-13 01:39:38.592 9693 RALLYDEBUG rally_openstack.contexts.keystone.users [-] Creating 3 tenants using 3 threads
2020-04-13 01:39:39.083 9693 RALLYDEBUG rally_openstack.contexts.keystone.users [-] Creating 6 users using 6 threads
2020-04-13 01:39:40.090 9693 INFO rally.task.context [-] Task d2284eeb-b62c-4f86-a54d-130dd9348c8e | Context users@openstack setup() finished in 1.50 sec
2020-04-13 01:39:40.456 9693 INFO rally.task.context [-] Task d2284eeb-b62c-4f86-a54d-130dd9348c8e | Context quotas@openstack setup() finished in 0.37 sec
2020-04-13 01:39:40.457 9693 INFO rally.task.context [-] Task d2284eeb-b62c-4f86-a54d-130dd9348c8e | Context cleanup@openstack setup() finished in 0.03 msec
2020-04-13 01:39:40.466 9693 RALLYDEBUG rally.task.runner [-] Starting the constant runner (task UUID: d2284eeb-b62c-4f86-a54d-130dd9348c8e). times: 10 concurrency: 4 timeout: 0 max_cpu_used: 88 processes_to_start: 4 concurrency_per_worker: 1 concurrency_overhead: 0
2020-04-13 01:39:40.478 12971 RALLYDEBUG rally.task.runner [-] Starting a worker. times: 10 duration: None concurrency: 1 timeout: 0 cls: method_name: run args: {"network_create_args": {}, "subnet_cidr_start": "1.1.0.0/30", "subnet_create_args": {}, "subnets_per_network": 1}
2020-04-13 01:39:40.480 12972 RALLYDEBUG rally.task.runner [-] Starting a worker. times: 10 duration: None concurrency: 1 timeout: 0 cls: method_name: run args: {"network_create_args": {}, "subnet_cidr_start": "1.1.0.0/30", "subnet_create_args": {}, "subnets_per_network": 1}
2020-04-13 01:39:40.482 12973 RALLYDEBUG rally.task.runner [-] Starting a worker. times: 10 duration: None concurrency: 1 timeout: 0 cls: method_name: run args: {"network_create_args": {}, "subnet_cidr_start": "1.1.0.0/30", "subnet_create_args": {}, "subnets_per_network": 1}
2020-04-13 01:39:40.486 12971 INFO rally.task.runner [-] Task d2284eeb-b62c-4f86-a54d-130dd9348c8e | ITER: 1 START
2020-04-13 01:39:40.486 12974 RALLYDEBUG rally.task.runner [-] Starting a worker. times: 10 duration: None concurrency: 1 timeout: 0 cls: method_name: run args: {"network_create_args": {}, "subnet_cidr_start": "1.1.0.0/30", "subnet_create_args": {}, "subnets_per_network": 1}
2020-04-13 01:39:40.488 12973 INFO rally.task.runner [-] Task d2284eeb-b62c-4f86-a54d-130dd9348c8e | ITER: 3 START
2020-04-13 01:39:40.488 12972 INFO rally.task.runner [-] Task d2284eeb-b62c-4f86-a54d-130dd9348c8e | ITER: 2 START
2020-04-13 01:39:40.493 12974 INFO rally.task.runner [-] Task d2284eeb-b62c-4f86-a54d-130dd9348c8e | ITER: 4 START
2020-04-13 01:39:41.020 12972 RALLYDEBUG rally_openstack.wrappers.network [-] CIDR generated: 1.1.0.236/30
2020-04-13 01:39:41.203 12971 RALLYDEBUG rally_openstack.wrappers.network [-] CIDR generated: 1.1.0.240/30
2020-04-13 01:39:41.598 12974 RALLYDEBUG rally_openstack.wrappers.network [-] CIDR generated: 1.1.0.244/30
2020-04-13 01:39:41.781 12972 INFO rally.task.runner [-] Task d2284eeb-b62c-4f86-a54d-130dd9348c8e | ITER: 2 END: OK
2020-04-13 01:39:41.786 12972 INFO rally.task.runner [-] Task d2284eeb-b62c-4f86-a54d-130dd9348c8e | ITER: 5 START
2020-04-13 01:39:42.151 12972 RALLYDEBUG rally_openstack.wrappers.network [-] CIDR generated: 1.1.0.248/30
2020-04-13 01:39:42.294 12973 RALLYDEBUG rally_openstack.wrappers.network [-] CIDR generated: 1.1.0.252/30
2020-04-13 01:39:42.777 12971 INFO rally.task.runner [-] Task d2284eeb-b62c-4f86-a54d-130dd9348c8e | ITER: 1 END: OK
2020-04-13 01:39:42.783 12971 INFO rally.task.runner [-] Task d2284eeb-b62c-4f86-a54d-130dd9348c8e | ITER: 6 START
2020-04-13 01:39:43.127 12974 INFO rally.task.runner [-] Task d2284eeb-b62c-4f86-a54d-130dd9348c8e | ITER: 4 END: OK
2020-04-13 01:39:43.134 12974 INFO rally.task.runner [-] Task d2284eeb-b62c-4f86-a54d-130dd9348c8e | ITER: 7 START
2020-04-13 01:39:43.206 12973 INFO rally.task.runner [-] Task d2284eeb-b62c-4f86-a54d-130dd9348c8e | ITER: 3 END: OK
2020-04-13 01:39:43.211 12973 INFO rally.task.runner [-] Task d2284eeb-b62c-4f86-a54d-130dd9348c8e | ITER: 8 START
2020-04-13 01:39:43.239 12971 RALLYDEBUG rally_openstack.wrappers.network [-] CIDR generated: 1.1.1.0/30
2020-04-13 01:39:43.506 12974 RALLYDEBUG rally_openstack.wrappers.network [-] CIDR generated: 1.1.1.4/30
2020-04-13 01:39:43.705 12972 INFO rally.task.runner [-] Task d2284eeb-b62c-4f86-a54d-130dd9348c8e | ITER: 5 END: OK
2020-04-13 01:39:43.710 12972 INFO rally.task.runner [-] Task d2284eeb-b62c-4f86-a54d-130dd9348c8e | ITER: 9 START
2020-04-13 01:39:44.133 12973 RALLYDEBUG rally_openstack.wrappers.network [-] CIDR generated: 1.1.1.8/30
2020-04-13 01:39:44.369 12974 INFO rally.task.runner [-] Task d2284eeb-b62c-4f86-a54d-130dd9348c8e | ITER: 7 END: OK
2020-04-13 01:39:44.374 12974 INFO rally.task.runner [-] Task d2284eeb-b62c-4f86-a54d-130dd9348c8e | ITER: 10 START
2020-04-13 01:39:44.474 12971 INFO rally.task.runner [-] Task d2284eeb-b62c-4f86-a54d-130dd9348c8e | ITER: 6 END: OK
2020-04-13 01:39:44.734 12972 RALLYDEBUG rally_openstack.wrappers.network [-] CIDR generated: 1.1.1.12/30
2020-04-13 01:39:45.209 12973 INFO rally.task.runner [-] Task d2284eeb-b62c-4f86-a54d-130dd9348c8e | ITER: 8 END: OK
2020-04-13 01:39:45.341 12974 RALLYDEBUG rally_openstack.wrappers.network [-] CIDR generated: 1.1.1.16/30
2020-04-13 01:39:45.982 12972 INFO rally.task.runner [-] Task d2284eeb-b62c-4f86-a54d-130dd9348c8e | ITER: 9 END: OK
2020-04-13 01:39:46.600 12974 INFO rally.task.runner [-] Task d2284eeb-b62c-4f86-a54d-130dd9348c8e | ITER: 10 END: OK
2020-04-13 01:39:46.629 9693 INFO rally.task.context [-] Task d2284eeb-b62c-4f86-a54d-130dd9348c8e | Context cleanup@openstack cleanup() started
2020-04-13 01:39:46.635 9693 RALLYDEBUG rally_openstack.cleanup.manager [-] Cleaning up neutron vip objects
2020-04-13 01:39:47.064 9693 RALLYDEBUG rally_openstack.cleanup.manager [-] Cleaning up neutron health_monitor objects
2020-04-13 01:39:47.498 9693 RALLYDEBUG rally_openstack.cleanup.manager [-] Cleaning up neutron pool objects
2020-04-13 01:39:47.973 9693 RALLYDEBUG rally_openstack.cleanup.manager [-] Cleaning up neutron loadbalancer objects
2020-04-13 01:39:48.425 9693 RALLYDEBUG rally_openstack.cleanup.manager [-] Cleaning up neutron floatingip objects
2020-04-13 01:39:49.079 9693 RALLYDEBUG rally_openstack.cleanup.manager [-] Cleaning up neutron trunk objects
2020-04-13 01:39:49.569 9693 RALLYDEBUG rally_openstack.cleanup.manager [-] Cleaning up neutron port objects
2020-04-13 01:39:50.247 9693 RALLYDEBUG rally_openstack.cleanup.manager [-] Cleaning up neutron subnet objects
2020-04-13 01:39:50.817 9693 RALLYDEBUG rally_openstack.cleanup.manager [-] Deleting neutron.subnet object s_rally_51db4f23_8G7JuULU (07c9edd6-f09b-4d15-a2c3-55b6228c6b6f)
2020-04-13 01:39:50.829 9693 RALLYDEBUG rally_openstack.cleanup.manager [-] Deleting neutron.subnet object s_rally_51db4f23_mJIcS2ga (1ae2dd9b-4646-4c8b-bdd1-1c1584d68a0e)
2020-04-13 01:39:50.837 9693 RALLYDEBUG rally_openstack.cleanup.manager [-] Deleting neutron.subnet object s_rally_51db4f23_DzsmHpIq (480696c4-b53d-46e7-affe-7a520c49abd7)
2020-04-13 01:39:50.842 9693 RALLYDEBUG rally_openstack.cleanup.manager [-] Deleting neutron.subnet object s_rally_51db4f23_ccsqU6V0 (5327fbb7-e1a0-4e5d-b293-b40fead43d99)
2020-04-13 01:39:50.869 9693 RALLYDEBUG rally_openstack.cleanup.manager [-] Deleting neutron.subnet object s_rally_51db4f23_qyTTGKsD (70e59908-322e-48c0-8f1b-4bd7a88b391f)
2020-04-13 01:39:50.885 9693 RALLYDEBUG rally_openstack.cleanup.manager [-] Deleting neutron.subnet object s_rally_51db4f23_QkThYILv (8f08bd85-86ab-4208-8d24-c7c9918a8a46)
2020-04-13 01:39:50.874 9693 RALLYDEBUG rally_openstack.cleanup.manager [-] Deleting neutron.subnet object s_rally_51db4f23_PoObgune (5fd9c6aa-48ce-4eef-ad04-2542f6fe2a7f)
2020-04-13 01:39:50.890 9693 RALLYDEBUG rally_openstack.cleanup.manager [-] Deleting neutron.subnet object s_rally_51db4f23_89du5nCs (8cf40c36-5de7-49fe-aa13-7819d1610384)
2020-04-13 01:39:50.895 9693 RALLYDEBUG rally_openstack.cleanup.manager [-] Deleting neutron.subnet object s_rally_51db4f23_LAnzjDxs (ad0c65c6-1927-477b-9446-96d5c4d65846)
2020-04-13 01:39:50.901 9693 RALLYDEBUG rally_openstack.cleanup.manager [-] Deleting neutron.subnet object s_rally_51db4f23_Z9oDcsl5 (c8428600-ff75-4bb2-9717-cf921dd44b6b)
2020-04-13 01:39:56.804 9693 RALLYDEBUG rally_openstack.cleanup.manager [-] Cleaning up neutron network objects
2020-04-13 01:39:57.519 9693 RALLYDEBUG rally_openstack.cleanup.manager [-] Deleting neutron.network object s_rally_51db4f23_GpRWtmj9 (9739e473-ba00-4c9e-a69c-09b8d2a6b873)
2020-04-13 01:39:57.537 9693 RALLYDEBUG rally_openstack.cleanup.manager [-] Deleting neutron.network object s_rally_51db4f23_JMFDVLBr (a25e9782-149b-4b0b-9d2e-4c45941f3863)
2020-04-13 01:39:57.537 9693 RALLYDEBUG rally_openstack.cleanup.manager [-] Deleting neutron.network object s_rally_51db4f23_kIkvWDPz (fdc8b37d-8f57-4f89-8cb9-4c0d0c495c4e)
2020-04-13 01:39:57.542 9693 RALLYDEBUG rally_openstack.cleanup.manager [-] Deleting neutron.network object s_rally_51db4f23_6gVknWkE (c3ad153c-417a-4ff9-8b8c-62c911a19966)
2020-04-13 01:39:57.548 9693 RALLYDEBUG rally_openstack.cleanup.manager [-] Deleting neutron.network object s_rally_51db4f23_nYDaXdlp (f6cc9e2c-c568-4ad0-b69a-c71c2de33365)
2020-04-13 01:39:57.565 9693 RALLYDEBUG rally_openstack.cleanup.manager [-] Deleting neutron.network object s_rally_51db4f23_i1UtyYKo (09d78bef-9f11-427b-90bd-dd78c355d417)
2020-04-13 01:39:57.578 9693 RALLYDEBUG rally_openstack.cleanup.manager [-] Deleting neutron.network object s_rally_51db4f23_tr7tf9sb (8b1701e8-84df-46cf-a3a6-1044b6d735cb)
2020-04-13 01:39:57.592 9693 RALLYDEBUG rally_openstack.cleanup.manager [-] Deleting neutron.network object s_rally_51db4f23_K23667r8 (9a27139c-5310-4b1c-ab96-e9905916f79c)
2020-04-13 01:39:57.600 9693 RALLYDEBUG rally_openstack.cleanup.manager [-] Deleting neutron.network object s_rally_51db4f23_YJbVnE7j (9dd0e45c-c61d-4094-8792-d057319a6857)
2020-04-13 01:39:57.623 9693 RALLYDEBUG rally_openstack.cleanup.manager [-] Deleting neutron.network object s_rally_51db4f23_Ex8r987A (ec6683cc-4ef4-44d7-bf52-81abb5890701)
2020-04-13 01:40:01.360 9693 RALLYDEBUG rally_openstack.cleanup.manager [-] Cleaning up neutron router objects
2020-04-13 01:40:01.972 9693 RALLYDEBUG rally_openstack.cleanup.manager [-] Cleaning up neutron security_group objects
2020-04-13 01:40:02.593 9693 INFO rally.task.context [-] Task d2284eeb-b62c-4f86-a54d-130dd9348c8e | Context cleanup@openstack cleanup() finished in 15.96 sec
2020-04-13 01:40:02.594 9693 INFO rally.task.context [-] Task d2284eeb-b62c-4f86-a54d-130dd9348c8e | Context quotas@openstack cleanup() started
2020-04-13 01:40:02.666 9693 INFO rally.task.context [-] Task d2284eeb-b62c-4f86-a54d-130dd9348c8e | Context quotas@openstack cleanup() finished in 72.43 msec
2020-04-13 01:40:02.667 9693 INFO rally.task.context [-] Task d2284eeb-b62c-4f86-a54d-130dd9348c8e | Context users@openstack cleanup() started
2020-04-13 01:40:02.815 9693 WARNING rally.common.logging [-] `iterate_per_tenants()' is deprecated in v3.0.0: it is openstack specific.. Used at
2020-04-13 01:40:05.220 9693 INFO rally.task.context [-] Task d2284eeb-b62c-4f86-a54d-130dd9348c8e | Context users@openstack cleanup() finished in 2.55 sec
2020-04-13 01:40:06.757 9693 INFO rally.task.engine [-] Load duration is: 6.113366
2020-04-13 01:40:06.758 9693 INFO rally.task.engine [-] Full runner duration is: 6.163452
2020-04-13 01:40:06.758 9693 INFO rally.task.engine [-] Full duration is: 26.631088
2020-04-13 01:40:06.852 9693 INFO rally.task.engine [-] Running workload: position = 0 config = { "version": 2, "title": "A cropped version of a bigger task.", "description": "Auto-generated task from a single workload (uuid=2d6a98c3-f7b3-4d5a-8bbe-5744303fcc77)", "subtasks": [ { "title": "NeutronSecurityGroup.create_and_delete_security_groups", "description": "Create and delete Neutron security-groups.", "scenario": { "NeutronSecurityGroup.create_and_delete_security_groups": {} }, "contexts": { "users": { "tenants": 3, "users_per_tenant": 2 }, "quotas": { "neutron": { "security_group": -1 } } }, "runner": { "constant": { "concurrency": 4, "times": 10 } }, "hooks": [], "sla": { "failure_rate": { "max": 0 } } } ] }
2020-04-13 01:40:06.876 9693 RALLYDEBUG rally_openstack.contexts.keystone.users [-] Creating 3 tenants using 3 threads
2020-04-13 01:40:07.646 9693 RALLYDEBUG rally_openstack.contexts.keystone.users [-] Creating 6 users using 6 threads
2020-04-13 01:40:08.501 9693 INFO rally.task.context [-] Task d2284eeb-b62c-4f86-a54d-130dd9348c8e | Context users@openstack setup() finished in 1.63 sec
2020-04-13 01:40:08.795 9693 INFO rally.task.context [-] Task d2284eeb-b62c-4f86-a54d-130dd9348c8e | Context quotas@openstack setup() finished in 0.29 sec
2020-04-13 01:40:08.795 9693 INFO rally.task.context [-] Task d2284eeb-b62c-4f86-a54d-130dd9348c8e | Context cleanup@openstack setup() finished in 0.01 msec
2020-04-13 01:40:08.804 9693 RALLYDEBUG rally.task.runner [-] Starting the constant runner (task UUID: d2284eeb-b62c-4f86-a54d-130dd9348c8e). times: 10 concurrency: 4 timeout: 0 max_cpu_used: 88 processes_to_start: 4 concurrency_per_worker: 1 concurrency_overhead: 0
2020-04-13 01:40:08.814 13264 RALLYDEBUG rally.task.runner [-] Starting a worker. times: 10 duration: None concurrency: 1 timeout: 0 cls: method_name: run args: {}
2020-04-13 01:40:08.817 13265 RALLYDEBUG rally.task.runner [-] Starting a worker. times: 10 duration: None concurrency: 1 timeout: 0 cls: method_name: run args: {}
2020-04-13 01:40:08.819 13266 RALLYDEBUG rally.task.runner [-] Starting a worker. times: 10 duration: None concurrency: 1 timeout: 0 cls: method_name: run args: {}
2020-04-13 01:40:08.822 13264 INFO rally.task.runner [-] Task d2284eeb-b62c-4f86-a54d-130dd9348c8e | ITER: 1 START
2020-04-13 01:40:08.822 13267 RALLYDEBUG rally.task.runner [-] Starting a worker. times: 10 duration: None concurrency: 1 timeout: 0 cls: method_name: run args: {}
2020-04-13 01:40:08.824 13265 INFO rally.task.runner [-] Task d2284eeb-b62c-4f86-a54d-130dd9348c8e | ITER: 2 START
2020-04-13 01:40:08.826 13266 INFO rally.task.runner [-] Task d2284eeb-b62c-4f86-a54d-130dd9348c8e | ITER: 3 START
2020-04-13 01:40:08.829 13267 INFO rally.task.runner [-] Task d2284eeb-b62c-4f86-a54d-130dd9348c8e | ITER: 4 START
2020-04-13 01:40:09.744 13264 INFO rally.task.runner [-] Task d2284eeb-b62c-4f86-a54d-130dd9348c8e | ITER: 1 END: OK
2020-04-13 01:40:09.749 13264 INFO rally.task.runner [-] Task d2284eeb-b62c-4f86-a54d-130dd9348c8e | ITER: 5 START
2020-04-13 01:40:09.768 13265 INFO rally.task.runner [-] Task d2284eeb-b62c-4f86-a54d-130dd9348c8e | ITER: 2 END: OK
2020-04-13 01:40:09.772 13265 INFO rally.task.runner [-] Task d2284eeb-b62c-4f86-a54d-130dd9348c8e | ITER: 6 START
2020-04-13 01:40:09.909 13266 INFO rally.task.runner [-] Task d2284eeb-b62c-4f86-a54d-130dd9348c8e | ITER: 3 END: OK
2020-04-13 01:40:09.914 13266 INFO rally.task.runner [-] Task d2284eeb-b62c-4f86-a54d-130dd9348c8e | ITER: 7 START
2020-04-13 01:40:10.164 13267 INFO rally.task.runner [-] Task d2284eeb-b62c-4f86-a54d-130dd9348c8e | ITER: 4 END: OK
2020-04-13 01:40:10.169 13267 INFO rally.task.runner [-] Task d2284eeb-b62c-4f86-a54d-130dd9348c8e | ITER: 8 START
2020-04-13 01:40:10.363 13266 INFO rally.task.runner [-] Task d2284eeb-b62c-4f86-a54d-130dd9348c8e | ITER: 7 END: OK
2020-04-13 01:40:10.368 13266 INFO rally.task.runner [-] Task d2284eeb-b62c-4f86-a54d-130dd9348c8e | ITER: 9 START
2020-04-13 01:40:10.639 13265 INFO rally.task.runner [-] Task d2284eeb-b62c-4f86-a54d-130dd9348c8e | ITER: 6 END: OK
2020-04-13 01:40:10.644 13265 INFO rally.task.runner [-] Task d2284eeb-b62c-4f86-a54d-130dd9348c8e | ITER: 10 START
2020-04-13 01:40:10.644 13264 INFO rally.task.runner [-] Task d2284eeb-b62c-4f86-a54d-130dd9348c8e | ITER: 5 END: OK
2020-04-13 01:40:10.665 13267 INFO rally.task.runner [-] Task d2284eeb-b62c-4f86-a54d-130dd9348c8e | ITER: 8 END: OK
2020-04-13 01:40:10.838 13266 INFO rally.task.runner [-] Task d2284eeb-b62c-4f86-a54d-130dd9348c8e | ITER: 9 END: OK
2020-04-13 01:40:11.048 13265 INFO rally.task.runner [-] Task d2284eeb-b62c-4f86-a54d-130dd9348c8e | ITER: 10 END: OK
2020-04-13 01:40:11.078 9693 INFO rally.task.context [-] Task d2284eeb-b62c-4f86-a54d-130dd9348c8e | Context cleanup@openstack cleanup() started
2020-04-13 01:40:11.082 9693 RALLYDEBUG rally_openstack.cleanup.manager [-] Cleaning up neutron vip objects
2020-04-13 01:40:11.589 9693 RALLYDEBUG rally_openstack.cleanup.manager [-] Cleaning up neutron health_monitor objects
2020-04-13 01:40:11.961 9693 RALLYDEBUG rally_openstack.cleanup.manager [-] Cleaning up neutron pool objects
2020-04-13 01:40:12.343 9693 RALLYDEBUG rally_openstack.cleanup.manager [-] Cleaning up neutron loadbalancer objects
2020-04-13 01:40:12.732 9693 RALLYDEBUG rally_openstack.cleanup.manager [-] Cleaning up neutron floatingip objects
2020-04-13 01:40:13.284 9693 RALLYDEBUG rally_openstack.cleanup.manager [-] Cleaning up neutron trunk objects
2020-04-13 01:40:13.728 9693 RALLYDEBUG rally_openstack.cleanup.manager [-] Cleaning up neutron port objects
2020-04-13 01:40:14.221 9693 RALLYDEBUG rally_openstack.cleanup.manager [-] Cleaning up neutron subnet objects
2020-04-13 01:40:14.689 9693 RALLYDEBUG rally_openstack.cleanup.manager [-] Cleaning up neutron network objects
2020-04-13 01:40:15.130 9693 RALLYDEBUG rally_openstack.cleanup.manager [-] Cleaning up neutron router objects
2020-04-13 01:40:15.711 9693 RALLYDEBUG rally_openstack.cleanup.manager [-] Cleaning up neutron security_group objects
2020-04-13 01:40:16.234 9693 INFO rally.task.context [-] Task d2284eeb-b62c-4f86-a54d-130dd9348c8e | Context cleanup@openstack cleanup() finished in 5.16 sec
2020-04-13 01:40:16.234 9693 INFO rally.task.context [-] Task d2284eeb-b62c-4f86-a54d-130dd9348c8e | Context quotas@openstack cleanup() started
2020-04-13 01:40:16.298 9693 INFO rally.task.context [-] Task d2284eeb-b62c-4f86-a54d-130dd9348c8e | Context quotas@openstack cleanup() finished in 64.09 msec
2020-04-13 01:40:16.299 9693 INFO rally.task.context [-] Task d2284eeb-b62c-4f86-a54d-130dd9348c8e | Context users@openstack cleanup() started
2020-04-13 01:40:16.425 9693 WARNING rally.common.logging [-] `iterate_per_tenants()' is deprecated in v3.0.0: it is openstack specific.. Used at
2020-04-13 01:40:18.287 9693 INFO rally.task.context [-] Task d2284eeb-b62c-4f86-a54d-130dd9348c8e | Context users@openstack cleanup() finished in 1.99 sec
2020-04-13 01:40:18.966 9693 INFO rally.task.engine [-] Load duration is: 2.22472
2020-04-13 01:40:18.967 9693 INFO rally.task.engine [-] Full runner duration is: 2.2743
2020-04-13 01:40:18.967 9693 INFO rally.task.engine [-] Full duration is: 11.413556
2020-04-13 01:40:19.065 9693 INFO rally.task.engine [-] Running workload: position = 0 config = { "version": 2, "title": "A cropped version of a bigger task.", "description": "Auto-generated task from a single workload (uuid=e28a230d-2d8b-4f18-9024-b19311f2ea5a)", "subtasks": [ { "title": "NeutronSecurityGroup.create_and_delete_security_group_rule", "description": "Create and delete Neutron security-group-rule.", "scenario": { "NeutronSecurityGroup.create_and_delete_security_group_rule": {} }, "contexts": { "users": { "tenants": 3, "users_per_tenant": 2 }, "quotas": { "neutron": { "security_group": -1 } } }, "runner": { "constant": { "concurrency": 4, "times": 10 } }, "hooks": [], "sla": { "failure_rate": { "max": 0 } } } ] }
2020-04-13 01:40:19.090 9693 RALLYDEBUG rally_openstack.contexts.keystone.users [-] Creating 3 tenants using 3 threads
2020-04-13 01:40:19.700 9693 RALLYDEBUG rally_openstack.contexts.keystone.users [-] Creating 6 users using 6 threads
2020-04-13 01:40:20.767 9693 INFO rally.task.context [-] Task d2284eeb-b62c-4f86-a54d-130dd9348c8e | Context users@openstack setup() finished in 1.68 sec
2020-04-13 01:40:21.066 9693 INFO rally.task.context [-] Task d2284eeb-b62c-4f86-a54d-130dd9348c8e | Context quotas@openstack setup() finished in 0.30 sec
2020-04-13 01:40:21.067 9693 INFO rally.task.context [-] Task d2284eeb-b62c-4f86-a54d-130dd9348c8e | Context cleanup@openstack setup() finished in 0.01 msec
2020-04-13 01:40:21.075 9693 RALLYDEBUG rally.task.runner [-] Starting the constant runner (task UUID: d2284eeb-b62c-4f86-a54d-130dd9348c8e). times: 10 concurrency: 4 timeout: 0 max_cpu_used: 88 processes_to_start: 4 concurrency_per_worker: 1 concurrency_overhead: 0
2020-04-13 01:40:21.086 13557 RALLYDEBUG rally.task.runner [-] Starting a worker. times: 10 duration: None concurrency: 1 timeout: 0 cls: method_name: run args: {}
2020-04-13 01:40:21.088 13558 RALLYDEBUG rally.task.runner [-] Starting a worker. times: 10 duration: None concurrency: 1 timeout: 0 cls: method_name: run args: {}
2020-04-13 01:40:21.091 13559 RALLYDEBUG rally.task.runner [-] Starting a worker. times: 10 duration: None concurrency: 1 timeout: 0 cls: method_name: run args: {}
2020-04-13 01:40:21.094 13557 INFO rally.task.runner [-] Task d2284eeb-b62c-4f86-a54d-130dd9348c8e | ITER: 1 START
2020-04-13 01:40:21.093 13560 RALLYDEBUG rally.task.runner [-] Starting a worker. times: 10 duration: None concurrency: 1 timeout: 0 cls: method_name: run args: {}
2020-04-13 01:40:21.095 13558 INFO rally.task.runner [-] Task d2284eeb-b62c-4f86-a54d-130dd9348c8e | ITER: 2 START
2020-04-13 01:40:21.098 13559 INFO rally.task.runner [-] Task d2284eeb-b62c-4f86-a54d-130dd9348c8e | ITER: 3 START
2020-04-13 01:40:21.100 13560 INFO rally.task.runner [-] Task d2284eeb-b62c-4f86-a54d-130dd9348c8e | ITER: 4 START
2020-04-13 01:40:21.894 13559 INFO rally.task.runner [-] Task d2284eeb-b62c-4f86-a54d-130dd9348c8e | ITER: 3 END: OK
2020-04-13 01:40:21.899 13559 INFO rally.task.runner [-] Task d2284eeb-b62c-4f86-a54d-130dd9348c8e | ITER: 5 START
2020-04-13 01:40:21.944 13560 INFO rally.task.runner [-] Task d2284eeb-b62c-4f86-a54d-130dd9348c8e | ITER: 4 END: OK
2020-04-13 01:40:21.949 13560 INFO rally.task.runner [-] Task d2284eeb-b62c-4f86-a54d-130dd9348c8e | ITER: 6 START
2020-04-13 01:40:22.412 13558 INFO rally.task.runner [-] Task d2284eeb-b62c-4f86-a54d-130dd9348c8e | ITER: 2 END: OK
2020-04-13 01:40:22.417 13558 INFO rally.task.runner [-] Task d2284eeb-b62c-4f86-a54d-130dd9348c8e | ITER: 7 START
2020-04-13 01:40:22.456 13557 INFO rally.task.runner [-] Task d2284eeb-b62c-4f86-a54d-130dd9348c8e | ITER: 1 END: OK
