2020-04-13 02:16:25.095 17933 RALLYDEBUG rally.task.utils [-] Waiting for resource s_rally_5c0bef5e_FXw29tzh. Status changed: BUILD => ACTIVE in 7.196656703948975
2020-04-13 02:16:27.518 17933 INFO rally.task.runner [-] Task d5b89353-e7af-467d-9dbb-80eee5429822 | ITER: 5 END: OK
2020-04-13 02:16:27.524 17933 INFO rally.task.runner [-] Task d5b89353-e7af-467d-9dbb-80eee5429822 | ITER: 9 START
2020-04-13 02:16:27.652 17934 RALLYDEBUG rally.task.utils [-] Waiting for resource s_rally_5c0bef5e_fv9iqvGc. Status changed: BUILD => ACTIVE in 9.066896200180054
2020-04-13 02:16:27.910 17932 RALLYDEBUG rally.task.utils [-] Waiting for resource s_rally_5c0bef5e_VDzrqL2v. Status changed: BUILD => ACTIVE in 9.058367252349854
2020-04-13 02:16:30.134 17931 RALLYDEBUG rally.task.utils [-] Waiting for resource s_rally_5c0bef5e_lkkD9qsh. Status changed: BUILD => ACTIVE in 11.6214919090271
2020-04-13 02:16:32.290 17933 RALLYDEBUG rally.task.utils [-] Waiting for resource s_rally_5c0bef5e_FINHnun4. Status changed: DOWNLOADING => AVAILABLE in 2.225672721862793
2020-04-13 02:16:32.390 17934 INFO rally.task.runner [-] Task d5b89353-e7af-467d-9dbb-80eee5429822 | ITER: 7 END: OK
2020-04-13 02:16:32.397 17934 INFO rally.task.runner [-] Task d5b89353-e7af-467d-9dbb-80eee5429822 | ITER: 10 START
2020-04-13 02:16:32.545 17932 INFO rally.task.runner [-] Task d5b89353-e7af-467d-9dbb-80eee5429822 | ITER: 8 END: OK
2020-04-13 02:16:32.912 17931 INFO rally.task.runner [-] Task d5b89353-e7af-467d-9dbb-80eee5429822 | ITER: 6 END: OK
2020-04-13 02:16:37.232 17934 RALLYDEBUG rally.task.utils [-] Waiting for resource s_rally_5c0bef5e_0ZkGXxTs. Status changed: DOWNLOADING => AVAILABLE in 2.250563383102417
2020-04-13 02:16:41.084 17933 RALLYDEBUG rally.task.utils [-] Waiting for resource s_rally_5c0bef5e_5MuH8yIc. Status changed: BUILD => ACTIVE in 6.828761100769043
2020-04-13 02:16:43.598 17933 INFO rally.task.runner [-] Task d5b89353-e7af-467d-9dbb-80eee5429822 | ITER: 9 END: OK
2020-04-13 02:16:46.490 17934 RALLYDEBUG rally.task.utils [-] Waiting for resource s_rally_5c0bef5e_CnAS3dfl. Status changed: BUILD => ACTIVE in 6.761035919189453
2020-04-13 02:16:49.342 17934 INFO rally.task.runner [-] Task d5b89353-e7af-467d-9dbb-80eee5429822 | ITER: 10 END: OK
2020-04-13 02:16:49.370 15661 INFO rally.task.context [-] Task d5b89353-e7af-467d-9dbb-80eee5429822 | Context cleanup@openstack cleanup() started
2020-04-13 02:16:49.377 15661 RALLYDEBUG rally_openstack.cleanup.manager [-] Cleaning up nova servers objects
2020-04-13 02:16:50.224 15661 RALLYDEBUG rally_openstack.cleanup.manager [-] Cleaning up nova server_groups objects
2020-04-13 02:16:50.706 15661 RALLYDEBUG rally_openstack.cleanup.manager [-] Cleaning up nova keypairs objects
2020-04-13 02:16:51.647 15661 RALLYDEBUG rally_openstack.cleanup.manager [-] Cleaning up cinder backups objects
2020-04-13 02:16:52.104 15661 RALLYDEBUG rally_openstack.cleanup.manager [-] Cleaning up cinder volume_snapshots objects
2020-04-13 02:16:52.535 15661 RALLYDEBUG rally_openstack.cleanup.manager [-] Cleaning up cinder transfers objects
2020-04-13 02:16:52.947 15661 RALLYDEBUG rally_openstack.cleanup.manager [-] Cleaning up cinder volumes objects
2020-04-13 02:16:53.506 15661 RALLYDEBUG rally_openstack.cleanup.manager [-] Deleting cinder.volumes object s_rally_5c0bef5e_XXHlcTsS (d7a757d6-67fe-4149-9562-049aab820364)
2020-04-13 02:16:53.519 15661 RALLYDEBUG rally_openstack.cleanup.manager [-] Deleting cinder.volumes object s_rally_5c0bef5e_IHhJC3gG (71043a7f-ab2f-4ea9-9a07-d61c8c908d84)
2020-04-13 02:16:53.522 15661 RALLYDEBUG rally_openstack.cleanup.manager [-] Deleting cinder.volumes object s_rally_5c0bef5e_QR2Lqd47 (9420496a-c273-4258-abc4-d04f609052f7)
2020-04-13 02:16:53.528 15661 RALLYDEBUG rally_openstack.cleanup.manager [-] Deleting cinder.volumes object s_rally_5c0bef5e_0ZkGXxTs (c4c9d9f3-769c-4fea-ac06-da5f6167844c)
2020-04-13 02:16:53.533 15661 RALLYDEBUG rally_openstack.cleanup.manager [-] Deleting cinder.volumes object s_rally_5c0bef5e_FINHnun4 (10606757-c7a4-473a-ba2b-b25918ac9390)
2020-04-13 02:16:53.544 15661 RALLYDEBUG rally_openstack.cleanup.manager [-] Deleting cinder.volumes object s_rally_5c0bef5e_LBo00tVh (d4fdcaf2-4a78-4e57-8eca-75d3bb724e7f)
2020-04-13 02:16:53.553 15661 RALLYDEBUG rally_openstack.cleanup.manager [-] Deleting cinder.volumes object s_rally_5c0bef5e_6cqKM1JV (fecb1ff0-87d6-4132-b677-927b5d09cf61)
2020-04-13 02:16:53.558 15661 RALLYDEBUG rally_openstack.cleanup.manager [-] Deleting cinder.volumes object s_rally_5c0bef5e_8iEtu0eo (7b07ca3f-2828-4195-aa0e-2abe46cba544)
2020-04-13 02:16:53.574 15661 RALLYDEBUG rally_openstack.cleanup.manager [-] Deleting cinder.volumes object s_rally_5c0bef5e_FTVALqxI (74fc9f76-dd04-4857-9858-cba60fb7cab8)
2020-04-13 02:16:53.614 15661 RALLYDEBUG rally_openstack.cleanup.manager [-] Deleting cinder.volumes object s_rally_5c0bef5e_An345aNL (52dae989-10d1-43f0-a959-48f778ceeb92)
2020-04-13 02:16:56.265 15661 INFO rally.task.context [-] Task d5b89353-e7af-467d-9dbb-80eee5429822 | Context cleanup@openstack cleanup() finished in 6.90 sec
2020-04-13 02:16:56.266 15661 INFO rally.task.context [-] Task d5b89353-e7af-467d-9dbb-80eee5429822 | Context network@openstack cleanup() started
2020-04-13 02:17:15.925 15661 INFO rally.task.context [-] Task d5b89353-e7af-467d-9dbb-80eee5429822 | Context network@openstack cleanup() finished in 19.66 sec
2020-04-13 02:17:15.926 15661 INFO rally.task.context [-] Task d5b89353-e7af-467d-9dbb-80eee5429822 | Context quotas@openstack cleanup() started
2020-04-13 02:17:16.190 15661 INFO rally.task.context [-] Task d5b89353-e7af-467d-9dbb-80eee5429822 | Context quotas@openstack cleanup() finished in 0.26 sec
2020-04-13 02:17:16.190 15661 INFO rally.task.context [-] Task d5b89353-e7af-467d-9dbb-80eee5429822 | Context api_versions@openstack cleanup() started
2020-04-13 02:17:16.191 15661 INFO rally.task.context [-] Task d5b89353-e7af-467d-9dbb-80eee5429822 | Context api_versions@openstack cleanup() finished in 0.32 msec
2020-04-13 02:17:16.191 15661 INFO rally.task.context [-] Task d5b89353-e7af-467d-9dbb-80eee5429822 | Context users@openstack cleanup() started
2020-04-13 02:17:16.334 15661 WARNING rally.common.logging [-] `iterate_per_tenants()' is deprecated in v3.0.0: it is openstack specific.. Used at
2020-04-13 02:17:18.259 15661 INFO rally.task.context [-] Task d5b89353-e7af-467d-9dbb-80eee5429822 | Context users@openstack cleanup() finished in 2.07 sec
2020-04-13 02:17:19.330 15661 INFO rally.task.engine [-] Load duration is: 58.219929
2020-04-13 02:17:19.330 15661 INFO rally.task.engine [-] Full runner duration is: 59.277483
2020-04-13 02:17:19.330 15661 INFO rally.task.engine [-] Full duration is: 105.459386
2020-04-13 02:17:19.428 15661 INFO rally.task.engine [-] Running workload: position = 0 config = { "version": 2, "title": "A cropped version of a bigger task.", "description": "Auto-generated task from a single workload (uuid=5b6fab61-0998-4bad-bb82-ccd9a2262953)", "subtasks": [ { "title": "NovaServers.pause_and_unpause_server", "description": "Create a server, pause, unpause and then delete it", "scenario": { "NovaServers.pause_and_unpause_server": { "flavor": { "name": "rally_full-flavor_3c7bba65-cc43-4506-b198-47a10679b894" }, "image": { "name": "rally_full-img_3c7bba65-cc43-4506-b198-47a10679b894" }, "force_delete": false, "nics": [ { "net-id": "f511ef3b-576a-4496-a8c5-9294ddbf9583" } ] } }, "contexts": { "users": { "tenants": 3, "users_per_tenant": 2 }, "network": { "networks_per_tenant": 1, "start_cidr": "100.1.0.0/25" }, "quotas": { "neutron": { "network": -1, "port": -1, "subnet": -1 }, "nova": { "cores": -1, "floating_ips": -1, "instances": -1, "ram": -1, "security_group_rules": -1, "security_groups": -1 } } }, "runner": { "constant": { "concurrency": 4, "times": 10 } }, "hooks": [], "sla": { "failure_rate": { "max": 0 } } } ] }
2020-04-13 02:17:19.451 15661 RALLYDEBUG rally_openstack.contexts.keystone.users [-] Creating 3 tenants using 3 threads
2020-04-13 02:17:19.946 15661 RALLYDEBUG rally_openstack.contexts.keystone.users [-] Creating 6 users using 6 threads
2020-04-13 02:17:20.885 15661 INFO rally.task.context [-] Task d5b89353-e7af-467d-9dbb-80eee5429822 | Context users@openstack setup() finished in 1.43 sec
2020-04-13 02:17:22.115 15661 INFO rally.task.context [-] Task d5b89353-e7af-467d-9dbb-80eee5429822 | Context quotas@openstack setup() finished in 1.23 sec
2020-04-13 02:17:22.177 15661 WARNING rally.common.logging [-] `iterate_per_tenants()' is deprecated in v3.0.0: it is openstack specific.. Used at
2020-04-13 02:17:24.217 15661 RALLYDEBUG rally_openstack.wrappers.network [-] CIDR generated: 100.1.12.0/25
2020-04-13 02:17:28.734 15661 RALLYDEBUG rally_openstack.wrappers.network [-] CIDR generated: 100.1.12.128/25
2020-04-13 02:17:33.353 15661 RALLYDEBUG rally_openstack.wrappers.network [-] CIDR generated: 100.1.13.0/25
2020-04-13 02:17:35.868 15661 INFO rally.task.context [-] Task d5b89353-e7af-467d-9dbb-80eee5429822 | Context network@openstack setup() finished in 13.75 sec
2020-04-13 02:17:35.869 15661 INFO rally.task.context [-] Task d5b89353-e7af-467d-9dbb-80eee5429822 | Context cleanup@openstack setup() finished in 0.01 msec
2020-04-13 02:17:36.266 15661 RALLYDEBUG rally.task.runner [-] Starting the constant runner (task UUID: d5b89353-e7af-467d-9dbb-80eee5429822). times: 10 concurrency: 4 timeout: 0 max_cpu_used: 88 processes_to_start: 4 concurrency_per_worker: 1 concurrency_overhead: 0
2020-04-13 02:17:36.278 18144 RALLYDEBUG rally.task.runner [-] Starting a worker. times: 10 duration: None concurrency: 1 timeout: 0 cls: method_name: run args: {"flavor": "16715136-d9c0-4d22-9bc8-65b99286c5e3", "image": "5e90f54d-1298-498d-a24a-b50a08500c89", "force_delete": false, "nics": [{"net-id": "f511ef3b-576a-4496-a8c5-9294ddbf9583"}]}
2020-04-13 02:17:36.282 18145 RALLYDEBUG rally.task.runner [-] Starting a worker. times: 10 duration: None concurrency: 1 timeout: 0 cls: method_name: run args: {"flavor": "16715136-d9c0-4d22-9bc8-65b99286c5e3", "image": "5e90f54d-1298-498d-a24a-b50a08500c89", "force_delete": false, "nics": [{"net-id": "f511ef3b-576a-4496-a8c5-9294ddbf9583"}]}
2020-04-13 02:17:36.284 18144 INFO rally.task.runner [-] Task d5b89353-e7af-467d-9dbb-80eee5429822 | ITER: 1 START
2020-04-13 02:17:36.285 18146 RALLYDEBUG rally.task.runner [-] Starting a worker. times: 10 duration: None concurrency: 1 timeout: 0 cls: method_name: run args: {"flavor": "16715136-d9c0-4d22-9bc8-65b99286c5e3", "image": "5e90f54d-1298-498d-a24a-b50a08500c89", "force_delete": false, "nics": [{"net-id": "f511ef3b-576a-4496-a8c5-9294ddbf9583"}]}
2020-04-13 02:17:36.288 18148 RALLYDEBUG rally.task.runner [-] Starting a worker. times: 10 duration: None concurrency: 1 timeout: 0 cls: method_name: run args: {"flavor": "16715136-d9c0-4d22-9bc8-65b99286c5e3", "image": "5e90f54d-1298-498d-a24a-b50a08500c89", "force_delete": false, "nics": [{"net-id": "f511ef3b-576a-4496-a8c5-9294ddbf9583"}]}
2020-04-13 02:17:36.290 18145 INFO rally.task.runner [-] Task d5b89353-e7af-467d-9dbb-80eee5429822 | ITER: 2 START
2020-04-13 02:17:36.292 18146 INFO rally.task.runner [-] Task d5b89353-e7af-467d-9dbb-80eee5429822 | ITER: 3 START
2020-04-13 02:17:36.295 18148 INFO rally.task.runner [-] Task d5b89353-e7af-467d-9dbb-80eee5429822 | ITER: 4 START
2020-04-13 02:17:47.733 18144 RALLYDEBUG rally.task.utils [-] Waiting for resource s_rally_5b6fab61_swL6Ul9l. Status changed: BUILD => ACTIVE in 9.414834976196289
2020-04-13 02:17:50.071 18145 RALLYDEBUG rally.task.utils [-] Waiting for resource s_rally_5b6fab61_uDruo16o. Status changed: BUILD => ACTIVE in 11.699929237365723
2020-04-13 02:17:50.076 18144 RALLYDEBUG rally.task.utils [-] Waiting for resource s_rally_5b6fab61_swL6Ul9l. Status changed: ACTIVE => PAUSED in 0.20136475563049316
2020-04-13 02:17:51.793 18146 RALLYDEBUG rally.task.utils [-] Waiting for resource s_rally_5b6fab61_PaXmJ7CU. Status changed: BUILD => ACTIVE in 13.570245504379272
2020-04-13 02:17:51.820 18148 RALLYDEBUG rally.task.utils [-] Waiting for resource s_rally_5b6fab61_An1fTRKE. Status changed: BUILD => ACTIVE in 13.440374851226807
2020-04-13 02:17:52.443 18145 RALLYDEBUG rally.task.utils [-] Waiting for resource s_rally_5b6fab61_uDruo16o. Status changed: ACTIVE => PAUSED in 0.22838735580444336
2020-04-13 02:17:54.141 18146 RALLYDEBUG rally.task.utils [-] Waiting for resource s_rally_5b6fab61_PaXmJ7CU. Status changed: ACTIVE => PAUSED in 0.218306303024292
2020-04-13 02:17:54.198 18148 RALLYDEBUG rally.task.utils [-] Waiting for resource s_rally_5b6fab61_An1fTRKE. Status changed: ACTIVE => PAUSED in 0.24006152153015137
2020-04-13 02:17:57.032 18144 INFO rally.task.runner [-] Task d5b89353-e7af-467d-9dbb-80eee5429822 | ITER: 1 END: OK
2020-04-13 02:17:57.038 18144 INFO rally.task.runner [-] Task d5b89353-e7af-467d-9dbb-80eee5429822 | ITER: 5 START
2020-04-13 02:17:57.878 18145 INFO rally.task.runner [-] Task d5b89353-e7af-467d-9dbb-80eee5429822 | ITER: 2 END: OK
2020-04-13 02:17:57.884 18145 INFO rally.task.runner [-] Task d5b89353-e7af-467d-9dbb-80eee5429822 | ITER: 6 START
2020-04-13 02:17:59.012 18146 INFO rally.task.runner [-] Task d5b89353-e7af-467d-9dbb-80eee5429822 | ITER: 3 END: OK
2020-04-13 02:17:59.016 18146 INFO rally.task.runner [-] Task d5b89353-e7af-467d-9dbb-80eee5429822 | ITER: 7 START
2020-04-13 02:17:59.375 18148 INFO rally.task.runner [-] Task d5b89353-e7af-467d-9dbb-80eee5429822 | ITER: 4 END: OK
2020-04-13 02:17:59.380 18148 INFO rally.task.runner [-] Task d5b89353-e7af-467d-9dbb-80eee5429822 | ITER: 8 START
2020-04-13 02:18:06.438 18144 RALLYDEBUG rally.task.utils [-] Waiting for resource s_rally_5b6fab61_hDj5GA5l. Status changed: BUILD => ACTIVE in 7.427889823913574
2020-04-13 02:18:07.472 18145 RALLYDEBUG rally.task.utils [-] Waiting for resource s_rally_5b6fab61_PUDv50iq. Status changed: BUILD => ACTIVE in 7.244812726974487
2020-04-13 02:18:08.814 18144 RALLYDEBUG rally.task.utils [-] Waiting for resource s_rally_5b6fab61_hDj5GA5l. Status changed: ACTIVE => PAUSED in 0.24076509475708008
2020-04-13 02:18:09.817 18145 RALLYDEBUG rally.task.utils [-] Waiting for resource s_rally_5b6fab61_PUDv50iq. Status changed: ACTIVE => PAUSED in 0.21461939811706543
2020-04-13 02:18:10.264 18148 RALLYDEBUG rally.task.utils [-] Waiting for resource s_rally_5b6fab61_5v0nYapS. Status changed: BUILD => ACTIVE in 8.98074984550476
2020-04-13 02:18:12.142 18146 RALLYDEBUG rally.task.utils [-] Waiting for resource s_rally_5b6fab61_DUZhbG2D. Status changed: BUILD => ACTIVE in 11.214807271957397
2020-04-13 02:18:12.603 18148 RALLYDEBUG rally.task.utils [-] Waiting for resource s_rally_5b6fab61_5v0nYapS. Status changed: ACTIVE => PAUSED in 0.1979076862335205
2020-04-13 02:18:13.590 18144 INFO rally.task.runner [-] Task d5b89353-e7af-467d-9dbb-80eee5429822 | ITER: 5 END: OK
2020-04-13 02:18:13.597 18144 INFO rally.task.runner [-] Task d5b89353-e7af-467d-9dbb-80eee5429822 | ITER: 9 START
2020-04-13 02:18:14.494 18146 RALLYDEBUG rally.task.utils [-] Waiting for resource s_rally_5b6fab61_DUZhbG2D. Status changed: ACTIVE => PAUSED in 0.22211623191833496
2020-04-13 02:18:16.885 18145 INFO rally.task.runner [-] Task d5b89353-e7af-467d-9dbb-80eee5429822 | ITER: 6 END: OK
2020-04-13 02:18:16.889 18145 INFO rally.task.runner [-] Task d5b89353-e7af-467d-9dbb-80eee5429822 | ITER: 10 START
2020-04-13 02:18:17.405 18148 INFO rally.task.runner [-] Task d5b89353-e7af-467d-9dbb-80eee5429822 | ITER: 8 END: OK
2020-04-13 02:18:19.340 18146 INFO rally.task.runner [-] Task d5b89353-e7af-467d-9dbb-80eee5429822 | ITER: 7 END: OK
2020-04-13 02:18:22.508 18144 RALLYDEBUG rally.task.utils [-] Waiting for resource s_rally_5b6fab61_rHqdXsST. Status changed: BUILD => ACTIVE in 7.160865545272827
2020-04-13 02:18:24.848 18144 RALLYDEBUG rally.task.utils [-] Waiting for resource s_rally_5b6fab61_rHqdXsST. Status changed: ACTIVE => PAUSED in 0.21495342254638672
2020-04-13 02:18:25.600 18145 RALLYDEBUG rally.task.utils [-] Waiting for resource s_rally_5b6fab61_y4dQzrm7. Status changed: BUILD => ACTIVE in 6.783378839492798
2020-04-13 02:18:27.936 18145 RALLYDEBUG rally.task.utils [-] Waiting for resource s_rally_5b6fab61_y4dQzrm7. Status changed: ACTIVE => PAUSED in 0.2006208896636963
2020-04-13 02:18:29.679 18144 INFO rally.task.runner [-] Task d5b89353-e7af-467d-9dbb-80eee5429822 | ITER: 9 END: OK
2020-04-13 02:18:32.735 18145 INFO rally.task.runner [-] Task d5b89353-e7af-467d-9dbb-80eee5429822 | ITER: 10 END: OK
2020-04-13 02:18:32.761 15661 INFO rally.task.context [-] Task d5b89353-e7af-467d-9dbb-80eee5429822 | Context cleanup@openstack cleanup() started
2020-04-13 02:18:32.768 15661 RALLYDEBUG rally_openstack.cleanup.manager [-] Cleaning up nova servers objects
2020-04-13 02:18:33.508 15661 RALLYDEBUG rally_openstack.cleanup.manager [-] Cleaning up nova server_groups objects
2020-04-13 02:18:33.998 15661 RALLYDEBUG rally_openstack.cleanup.manager [-] Cleaning up nova keypairs objects
2020-04-13 02:18:35.033 15661 INFO rally.task.context [-] Task d5b89353-e7af-467d-9dbb-80eee5429822 | Context cleanup@openstack cleanup() finished in 2.27 sec
2020-04-13 02:18:35.033 15661 INFO rally.task.context [-] Task d5b89353-e7af-467d-9dbb-80eee5429822 | Context network@openstack cleanup() started
2020-04-13 02:18:53.650 15661 INFO rally.task.context [-] Task d5b89353-e7af-467d-9dbb-80eee5429822 | Context network@openstack cleanup() finished in 18.62 sec
2020-04-13 02:18:53.651 15661 INFO rally.task.context [-] Task d5b89353-e7af-467d-9dbb-80eee5429822 | Context quotas@openstack cleanup() started
2020-04-13 02:18:53.800 15661 INFO rally.task.context [-] Task d5b89353-e7af-467d-9dbb-80eee5429822 | Context quotas@openstack cleanup() finished in 0.15 sec
2020-04-13 02:18:53.801 15661 INFO rally.task.context [-] Task d5b89353-e7af-467d-9dbb-80eee5429822 | Context users@openstack cleanup() started
2020-04-13 02:18:53.959 15661 WARNING rally.common.logging [-] `iterate_per_tenants()' is deprecated in v3.0.0: it is openstack specific.. Used at
2020-04-13 02:18:55.945 15661 INFO rally.task.context [-] Task d5b89353-e7af-467d-9dbb-80eee5429822 | Context users@openstack cleanup() finished in 2.14 sec
2020-04-13 02:18:56.026 15661 INFO rally.task.engine [-] Load duration is: 51.449685
2020-04-13 02:18:56.026 15661 INFO rally.task.engine [-] Full runner duration is: 56.495046
2020-04-13 02:18:56.027 15661 INFO rally.task.engine [-] Full duration is: 96.496377
2020-04-13 02:18:56.120 15661 INFO rally.task.engine [-] Running workload: position = 0 config = { "version": 2, "title": "A cropped version of a bigger task.", "description": "Auto-generated task from a single workload (uuid=eb7dbf5c-e5c0-42ef-a641-cbf163af2539)", "subtasks": [ { "title": "NovaServers.boot_and_migrate_server", "description": "Migrate a server.", "scenario": { "NovaServers.boot_and_migrate_server": { "flavor": { "name": "rally_full-flavor_3c7bba65-cc43-4506-b198-47a10679b894" }, "image": { "name": "rally_full-img_3c7bba65-cc43-4506-b198-47a10679b894" }, "nics": [ { "net-id": "f511ef3b-576a-4496-a8c5-9294ddbf9583" } ] } }, "contexts": { "users": { "tenants": 3, "users_per_tenant": 2 } }, "runner": { "constant": { "concurrency": 4, "times": 10 } }, "hooks": [], "sla": { "failure_rate": { "max": 0 } } } ] }
2020-04-13 02:18:56.142 15661 RALLYDEBUG rally_openstack.contexts.keystone.users [-] Creating 3 tenants using 3 threads
2020-04-13 02:18:56.698 15661 RALLYDEBUG rally_openstack.contexts.keystone.users [-] Creating 6 users using 6 threads
2020-04-13 02:18:57.598 15661 INFO rally.task.context [-] Task d5b89353-e7af-467d-9dbb-80eee5429822 | Context users@openstack setup() finished in 1.46 sec
2020-04-13 02:18:57.599 15661 INFO rally.task.context [-] Task d5b89353-e7af-467d-9dbb-80eee5429822 | Context cleanup@openstack setup() finished in 0.01 msec
2020-04-13 02:18:58.133 15661 RALLYDEBUG rally.task.runner [-] Starting the constant runner (task UUID: d5b89353-e7af-467d-9dbb-80eee5429822). times: 10 concurrency: 4 timeout: 0 max_cpu_used: 88 processes_to_start: 4 concurrency_per_worker: 1 concurrency_overhead: 0
2020-04-13 02:18:58.147 18277 RALLYDEBUG rally.task.runner [-] Starting a worker. times: 10 duration: None concurrency: 1 timeout: 0 cls: method_name: run args: {"flavor": "16715136-d9c0-4d22-9bc8-65b99286c5e3", "image": "5e90f54d-1298-498d-a24a-b50a08500c89", "nics": [{"net-id": "f511ef3b-576a-4496-a8c5-9294ddbf9583"}]}
2020-04-13 02:18:58.151 18278 RALLYDEBUG rally.task.runner [-] Starting a worker. times: 10 duration: None concurrency: 1 timeout: 0 cls: method_name: run args: {"flavor": "16715136-d9c0-4d22-9bc8-65b99286c5e3", "image": "5e90f54d-1298-498d-a24a-b50a08500c89", "nics": [{"net-id": "f511ef3b-576a-4496-a8c5-9294ddbf9583"}]}
2020-04-13 02:18:58.155 18277 INFO rally.task.runner [-] Task d5b89353-e7af-467d-9dbb-80eee5429822 | ITER: 1 START
2020-04-13 02:18:58.154 18279 RALLYDEBUG rally.task.runner [-] Starting a worker. times: 10 duration: None concurrency: 1 timeout: 0 cls: method_name: run args: {"flavor": "16715136-d9c0-4d22-9bc8-65b99286c5e3", "image": "5e90f54d-1298-498d-a24a-b50a08500c89", "nics": [{"net-id": "f511ef3b-576a-4496-a8c5-9294ddbf9583"}]}
2020-04-13 02:18:58.157 18280 RALLYDEBUG rally.task.runner [-] Starting a worker. times: 10 duration: None concurrency: 1 timeout: 0 cls: method_name: run args: {"flavor": "16715136-d9c0-4d22-9bc8-65b99286c5e3", "image": "5e90f54d-1298-498d-a24a-b50a08500c89", "nics": [{"net-id": "f511ef3b-576a-4496-a8c5-9294ddbf9583"}]}
2020-04-13 02:18:58.158 18278 INFO rally.task.runner [-] Task d5b89353-e7af-467d-9dbb-80eee5429822 | ITER: 2 START
2020-04-13 02:18:58.161 18279 INFO rally.task.runner [-] Task d5b89353-e7af-467d-9dbb-80eee5429822 | ITER: 3 START
2020-04-13 02:18:58.164 18280 INFO rally.task.runner [-] Task d5b89353-e7af-467d-9dbb-80eee5429822 | ITER: 4 START
2020-04-13 02:19:09.405 18277 RALLYDEBUG rally.task.utils [-] Waiting for resource s_rally_eb7dbf5c_A723c06r. Status changed: BUILD => ACTIVE in 9.053112030029297
2020-04-13 02:19:09.550 18280 RALLYDEBUG rally.task.utils [-] Waiting for resource s_rally_eb7dbf5c_vgycVwSR. Status changed: BUILD => ACTIVE in 8.99788522720337
2020-04-13 02:19:11.365 18277 RALLYDEBUG rally.task.utils [-] Waiting for resource s_rally_eb7dbf5c_A723c06r. Status changed: ACTIVE => RESIZE in 0.20246505737304688
2020-04-13 02:19:11.430 18280 RALLYDEBUG rally.task.utils [-] Waiting for resource s_rally_eb7dbf5c_vgycVwSR. Status changed: ACTIVE => RESIZE in 0.23307538032531738
2020-04-13 02:19:11.654 18278 RALLYDEBUG rally.task.utils [-] Waiting for resource s_rally_eb7dbf5c_xPRrHdg9. Status changed: BUILD => ACTIVE in 11.110674858093262
2020-04-13 02:19:13.274 18278 RALLYDEBUG rally.task.utils [-] Waiting for resource s_rally_eb7dbf5c_xPRrHdg9. Status changed: ACTIVE => RESIZE in 0.2051084041595459
2020-04-13 02:19:14.839 18279 RALLYDEBUG rally.task.utils [-] Waiting for resource s_rally_eb7dbf5c_uJCUQCvB. Status changed: BUILD => ACTIVE in 14.115321636199951
2020-04-13 02:19:16.433 18279 RALLYDEBUG rally.task.utils [-] Waiting for resource s_rally_eb7dbf5c_uJCUQCvB. Status changed: ACTIVE => RESIZE in 0.21213483810424805
2020-04-13 02:19:20.374 18280 RALLYDEBUG rally.task.utils [-] Waiting for resource s_rally_eb7dbf5c_vgycVwSR. Status changed: RESIZE => VERIFY_RESIZE in 8.9437415599823
2020-04-13 02:19:20.431 18277 RALLYDEBUG rally.task.utils [-] Waiting for resource s_rally_eb7dbf5c_A723c06r. Status changed: RESIZE => VERIFY_RESIZE in 9.065391063690186
2020-04-13 02:19:20.892 18280 RALLYDEBUG rally.task.utils [-] Waiting for resource s_rally_eb7dbf5c_vgycVwSR. Status changed: ACTIVE => VERIFY_RESIZE in 0.21455979347229004
2020-04-13 02:19:20.949 18277 RALLYDEBUG rally.task.utils [-] Waiting for resource s_rally_eb7dbf5c_A723c06r. Status changed: ACTIVE => VERIFY_RESIZE in 0.2147369384765625
2020-04-13 02:19:22.223 18278 RALLYDEBUG rally.task.utils [-] Waiting for resource s_rally_eb7dbf5c_xPRrHdg9. Status changed: RESIZE => VERIFY_RESIZE in 8.948815107345581
2020-04-13 02:19:22.738 18278 RALLYDEBUG rally.task.utils [-] Waiting for resource s_rally_eb7dbf5c_xPRrHdg9. Status changed: ACTIVE => VERIFY_RESIZE in 0.20428752899169922
2020-04-13 02:19:24.941 18278 RALLYDEBUG rally.task.utils [-] Waiting for resource s_rally_eb7dbf5c_xPRrHdg9. Status changed: VERIFY_RESIZE => ACTIVE in 2.2026302814483643
2020-04-13 02:19:25.362 18279 RALLYDEBUG rally.task.utils [-] Waiting for resource s_rally_eb7dbf5c_uJCUQCvB. Status changed: RESIZE => VERIFY_RESIZE in 8.929044723510742
2020-04-13 02:19:25.413 18280 RALLYDEBUG rally.task.utils [-] Waiting for resource s_rally_eb7dbf5c_vgycVwSR. Status changed: VERIFY_RESIZE => ACTIVE in 4.520869016647339
2020-04-13 02:19:25.779 18277 RALLYDEBUG rally.task.utils [-] Waiting for resource s_rally_eb7dbf5c_A723c06r. Status changed: VERIFY_RESIZE => ACTIVE in 4.830064535140991
2020-04-13 02:19:25.891 18279 RALLYDEBUG rally.task.utils [-] Waiting for resource s_rally_eb7dbf5c_uJCUQCvB. Status changed: ACTIVE => VERIFY_RESIZE in 0.22472929954528809
2020-04-13 02:19:27.524 18278 INFO rally.task.runner [-] Task d5b89353-e7af-467d-9dbb-80eee5429822 | ITER: 2 END: OK
2020-04-13 02:19:27.532 18278 INFO rally.task.runner [-] Task d5b89353-e7af-467d-9dbb-80eee5429822 | ITER: 5 START
2020-04-13 02:19:28.292 18277 INFO rally.task.runner [-] Task d5b89353-e7af-467d-9dbb-80eee5429822 | ITER: 1 END: OK
2020-04-13 02:19:28.298 18277 INFO rally.task.runner [-] Task d5b89353-e7af-467d-9dbb-80eee5429822 | ITER: 6 START
2020-04-13 02:19:30.071 18280 INFO rally.task.runner [-] Task d5b89353-e7af-467d-9dbb-80eee5429822 | ITER: 4 END: OK
2020-04-13 02:19:30.079 18280 INFO rally.task.runner [-] Task d5b89353-e7af-467d-9dbb-80eee5429822 | ITER: 7 START
2020-04-13 02:19:30.275 18279 RALLYDEBUG rally.task.utils [-] Waiting for resource s_rally_eb7dbf5c_uJCUQCvB. Status changed: VERIFY_RESIZE => ACTIVE in 4.383416175842285
2020-04-13 02:19:32.836 18279 INFO rally.task.runner [-] Task d5b89353-e7af-467d-9dbb-80eee5429822 | ITER: 3 END: OK
2020-04-13 02:19:32.842 18279 INFO rally.task.runner [-] Task d5b89353-e7af-467d-9dbb-80eee5429822 | ITER: 8 START
2020-04-13 02:19:36.639 18278 RALLYDEBUG rally.task.utils [-] Waiting for resource s_rally_eb7dbf5c_SJcd7uDf. Status changed: BUILD => ACTIVE in 7.158302307128906
2020-04-13 02:19:38.691 18278 RALLYDEBUG rally.task.utils [-] Waiting for resource s_rally_eb7dbf5c_SJcd7uDf. Status changed: ACTIVE => RESIZE in 0.23253655433654785
2020-04-13 02:19:39.691 18277 RALLYDEBUG rally.task.utils [-] Waiting for resource s_rally_eb7dbf5c_J4KzmZHG. Status changed: BUILD => ACTIVE in 9.077795267105103
2020-04-13 02:19:39.878 18280 RALLYDEBUG rally.task.utils [-] Waiting for resource s_rally_eb7dbf5c_tgKzMQQQ. Status changed: BUILD => ACTIVE in 7.691958665847778
2020-04-13 02:19:41.223 18277 RALLYDEBUG rally.task.utils [-] Waiting for resource s_rally_eb7dbf5c_J4KzmZHG. Status changed: ACTIVE => RESIZE in 0.2568328380584717
2020-04-13 02:19:41.381 18280 RALLYDEBUG rally.task.utils [-] Waiting for resource s_rally_eb7dbf5c_tgKzMQQQ. Status changed: ACTIVE => RESIZE in 0.2068932056427002
2020-04-13 02:19:42.238 18279 RALLYDEBUG rally.task.utils [-] Waiting for resource s_rally_eb7dbf5c_JgFY1Wxx. Status changed: BUILD => ACTIVE in 6.813688278198242
2020-04-13 02:19:43.615 18279 RALLYDEBUG rally.task.utils [-] Waiting for resource s_rally_eb7dbf5c_JgFY1Wxx. Status changed: ACTIVE => RESIZE in 0.19909334182739258
2020-04-13 02:19:45.651 18278 RALLYDEBUG rally.task.utils [-] Waiting for resource s_rally_eb7dbf5c_SJcd7uDf. Status changed: RESIZE => VERIFY_RESIZE in 6.960176229476929
2020-04-13 02:19:46.200 18278 RALLYDEBUG rally.task.utils [-] Waiting for resource s_rally_eb7dbf5c_SJcd7uDf. Status changed: ACTIVE => VERIFY_RESIZE in 0.2517685890197754
2020-04-13 02:19:48.398 18278 RALLYDEBUG rally.task.utils [-] Waiting for resource s_rally_eb7dbf5c_SJcd7uDf. Status changed: VERIFY_RESIZE => ACTIVE in 2.197317600250244
2020-04-13 02:19:50.053 18277 RALLYDEBUG rally.task.utils [-] Waiting for resource s_rally_eb7dbf5c_J4KzmZHG. Status changed: RESIZE => VERIFY_RESIZE in 8.829992055892944
2020-04-13 02:19:50.555 18277 RALLYDEBUG rally.task.utils [-] Waiting for resource s_rally_eb7dbf5c_J4KzmZHG. Status changed: ACTIVE => VERIFY_RESIZE in 0.20914268493652344
2020-04-13 02:19:50.609 18280 RALLYDEBUG rally.task.utils [-] Waiting for resource s_rally_eb7dbf5c_tgKzMQQQ. Status changed: RESIZE => VERIFY_RESIZE in 9.227768182754517
2020-04-13 02:19:50.927 18278 INFO rally.task.runner [-] Task d5b89353-e7af-467d-9dbb-80eee5429822 | ITER: 5 END: OK
2020-04-13 02:19:50.933 18278 INFO rally.task.runner [-] Task d5b89353-e7af-467d-9dbb-80eee5429822 | ITER: 9 START
2020-04-13 02:19:51.527 18280 RALLYDEBUG rally.task.utils [-] Waiting for resource s_rally_eb7dbf5c_tgKzMQQQ. Status changed: ACTIVE => VERIFY_RESIZE in 0.21884894371032715
2020-04-13 02:19:52.671 18279 RALLYDEBUG rally.task.utils [-] Waiting for resource s_rally_eb7dbf5c_JgFY1Wxx. Status changed: RESIZE => VERIFY_RESIZE in 9.055286645889282
2020-04-13 02:19:52.796 18277 RALLYDEBUG rally.task.utils [-] Waiting for resource s_rally_eb7dbf5c_J4KzmZHG. Status changed: VERIFY_RESIZE => ACTIVE in 2.240870952606201
2020-04-13 02:19:53.184 18279 RALLYDEBUG rally.task.utils [-] Waiting for resource s_rally_eb7dbf5c_JgFY1Wxx. Status changed: ACTIVE => VERIFY_RESIZE in 0.2129042148590088
2020-04-13 02:19:53.747 18280 RALLYDEBUG rally.task.utils [-] Waiting for resource s_rally_eb7dbf5c_tgKzMQQQ. Status changed: VERIFY_RESIZE => ACTIVE in 2.220486640930176
2020-04-13 02:19:56.302 18280 INFO rally.task.runner [-] Task d5b89353-e7af-467d-9dbb-80eee5429822 | ITER: 7 END: OK
2020-04-13 02:19:56.306 18280 INFO rally.task.runner [-] Task d5b89353-e7af-467d-9dbb-80eee5429822 | ITER: 10 START
2020-04-13 02:19:57.425 18277 INFO rally.task.runner [-] Task d5b89353-e7af-467d-9dbb-80eee5429822 | ITER: 6 END: OK
2020-04-13 02:19:57.675 18279 RALLYDEBUG rally.task.utils [-] Waiting for resource s_rally_eb7dbf5c_JgFY1Wxx. Status changed: VERIFY_RESIZE => ACTIVE in 4.490399599075317
2020-04-13 02:20:00.200 18279 INFO rally.task.runner [-] Task d5b89353-e7af-467d-9dbb-80eee5429822 | ITER: 8 END: OK
2020-04-13 02:20:00.702 18278 RALLYDEBUG rally.task.utils [-] Waiting for resource s_rally_eb7dbf5c_R3R5Aaeg. Status changed: BUILD => ACTIVE in 6.978492021560669
2020-04-13 02:20:02.316 18278 RALLYDEBUG rally.task.utils [-] Waiting for resource s_rally_eb7dbf5c_R3R5Aaeg. Status changed: ACTIVE => RESIZE in 0.22498488426208496
2020-04-13 02:20:05.070 18280 RALLYDEBUG rally.task.utils [-] Waiting for resource s_rally_eb7dbf5c_aR7IQlk7. Status changed: BUILD => ACTIVE in 6.836380243301392
2020-04-13 02:20:06.649 18280 RALLYDEBUG rally.task.utils [-] Waiting for resource s_rally_eb7dbf5c_aR7IQlk7. Status changed: ACTIVE => RESIZE in 0.21648120880126953
2020-04-13 02:20:11.668 18278 RALLYDEBUG rally.task.utils [-] Waiting for resource s_rally_eb7dbf5c_R3R5Aaeg. Status changed: RESIZE => VERIFY_RESIZE in 9.351867437362671
2020-04-13 02:20:12.190 18278 RALLYDEBUG rally.task.utils [-] Waiting for resource s_rally_eb7dbf5c_R3R5Aaeg. Status changed: ACTIVE => VERIFY_RESIZE in 0.21780633926391602
2020-04-13 02:20:13.311 18280 RALLYDEBUG rally.task.utils [-] Waiting for resource s_rally_eb7dbf5c_aR7IQlk7. Status changed: RESIZE => VERIFY_RESIZE in 6.661946535110474
2020-04-13 02:20:13.807 18280 RALLYDEBUG rally.task.utils [-] Waiting for resource s_rally_eb7dbf5c_aR7IQlk7. Status changed: ACTIVE => VERIFY_RESIZE in 0.18806815147399902
2020-04-13 02:20:16.053 18280 RALLYDEBUG rally.task.utils [-] Waiting for resource s_rally_eb7dbf5c_aR7IQlk7. Status changed: VERIFY_RESIZE => ACTIVE in 2.2459893226623535
2020-04-13 02:20:16.617 18278 RALLYDEBUG rally.task.utils [-] Waiting for resource s_rally_eb7dbf5c_R3R5Aaeg. Status changed: VERIFY_RESIZE => ACTIVE in 4.427968502044678
2020-04-13 02:20:18.474 18280 INFO rally.task.runner [-] Task d5b89353-e7af-467d-9dbb-80eee5429822 | ITER: 10 END: OK
2020-04-13 02:20:19.050 18278 INFO rally.task.runner [-] Task d5b89353-e7af-467d-9dbb-80eee5429822 | ITER: 9 END: OK
2020-04-13 02:20:19.079 15661 INFO rally.task.context [-] Task d5b89353-e7af-467d-9dbb-80eee5429822 | Context cleanup@openstack cleanup() started
2020-04-13 02:20:19.086 15661 RALLYDEBUG rally_openstack.cleanup.manager [-] Cleaning up nova servers objects
2020-04-13 02:20:19.803 15661 RALLYDEBUG rally_openstack.cleanup.manager [-] Cleaning up nova server_groups objects
2020-04-13 02:20:20.290 15661 RALLYDEBUG rally_openstack.cleanup.manager [-] Cleaning up nova keypairs objects
2020-04-13 02:20:21.256 15661 INFO rally.task.context [-] Task d5b89353-e7af-467d-9dbb-80eee5429822 | Context cleanup@openstack cleanup() finished in 2.18 sec
2020-04-13 02:20:21.257 15661 INFO rally.task.context [-] Task d5b89353-e7af-467d-9dbb-80eee5429822 | Context users@openstack cleanup() started
2020-04-13 02:20:21.396 15661 WARNING rally.common.logging [-] `iterate_per_tenants()' is deprecated in v3.0.0: it is openstack specific.. Used at
2020-04-13 02:20:23.439 15661 INFO rally.task.context [-] Task d5b89353-e7af-467d-9dbb-80eee5429822 | Context users@openstack cleanup() finished in 2.18 sec
2020-04-13 02:20:24.569 15661 INFO rally.task.engine [-] Load duration is: 79.894545
2020-04-13 02:20:24.570 15661 INFO rally.task.engine [-] Full runner duration is: 80.946384
2020-04-13 02:20:24.570 15661 INFO rally.task.engine [-] Full duration is: 87.299
2020-04-13 02:20:24.668 15661 INFO rally.task.engine [-] Running workload: position = 0 config = { "version": 2, "title": "A cropped version of a bigger task.", "description": "Auto-generated task from a single workload (uuid=511e6b96-6c0a-4380-a723-f2dcaedbfe8f)", "subtasks": [ { "title": "NovaServers.boot_server_and_list_interfaces", "description": "Boot a server and list interfaces attached to it.", "scenario": { "NovaServers.boot_server_and_list_interfaces": { "flavor": { "name": "rally_full-flavor_3c7bba65-cc43-4506-b198-47a10679b894" }, "image": { "name": "rally_full-img_3c7bba65-cc43-4506-b198-47a10679b894" }, "auto_assign_nic": true } }, "contexts": { "users": { "tenants": 3, "users_per_tenant": 2 }, "network": {} }, "runner": { "constant": { "concurrency": 4, "times": 10 } }, "hooks": [], "sla": { "failure_rate": { "max": 0 } } } ] }
2020-04-13 02:20:24.692 15661 RALLYDEBUG rally_openstack.contexts.keystone.users [-] Creating 3 tenants using 3 threads
2020-04-13 02:20:25.174 15661 RALLYDEBUG rally_openstack.contexts.keystone.users [-] Creating 6 users using 6 threads
2020-04-13 02:20:26.103 15661 INFO rally.task.context [-] Task d5b89353-e7af-467d-9dbb-80eee5429822 | Context users@openstack setup() finished in 1.41 sec
2020-04-13 02:20:26.166 15661 WARNING rally.common.logging [-] `iterate_per_tenants()' is deprecated in v3.0.0: it is openstack specific.. Used at
2020-04-13 02:20:28.170 15661 RALLYDEBUG rally_openstack.wrappers.network [-] CIDR generated: 10.2.27.0/24
2020-04-13 02:20:32.459 15661 RALLYDEBUG rally_openstack.wrappers.network [-] CIDR generated: 10.2.28.0/24
2020-04-13 02:20:36.985 15661 RALLYDEBUG rally_openstack.wrappers.network [-] CIDR generated: 10.2.29.0/24
2020-04-13 02:20:39.653 15661 INFO rally.task.context [-] Task d5b89353-e7af-467d-9dbb-80eee5429822 | Context network@openstack setup() finished in 13.55 sec
2020-04-13 02:20:39.654 15661 INFO rally.task.context [-] Task d5b89353-e7af-467d-9dbb-80eee5429822 | Context cleanup@openstack setup() finished in 0.01 msec
2020-04-13 02:20:40.203 15661 RALLYDEBUG rally.task.runner [-] Starting the constant runner (task UUID: d5b89353-e7af-467d-9dbb-80eee5429822). times: 10 concurrency: 4 timeout: 0 max_cpu_used: 88 processes_to_start: 4 concurrency_per_worker: 1 concurrency_overhead: 0
2020-04-13 02:20:40.218 18410 RALLYDEBUG rally.task.runner [-] Starting a worker. times: 10 duration: None concurrency: 1 timeout: 0 cls: method_name: run args: {"flavor": "16715136-d9c0-4d22-9bc8-65b99286c5e3", "image": "5e90f54d-1298-498d-a24a-b50a08500c89", "auto_assign_nic": true}
2020-04-13 02:20:40.221 18411 RALLYDEBUG rally.task.runner [-] Starting a worker. times: 10 duration: None concurrency: 1 timeout: 0 cls: method_name: run args: {"flavor": "16715136-d9c0-4d22-9bc8-65b99286c5e3", "image": "5e90f54d-1298-498d-a24a-b50a08500c89", "auto_assign_nic": true}
2020-04-13 02:20:40.224 18412 RALLYDEBUG rally.task.runner [-] Starting a worker. times: 10 duration: None concurrency: 1 timeout: 0 cls: method_name: run args: {"flavor": "16715136-d9c0-4d22-9bc8-65b99286c5e3", "image": "5e90f54d-1298-498d-a24a-b50a08500c89", "auto_assign_nic": true}
2020-04-13 02:20:40.225 18410 INFO rally.task.runner [-] Task d5b89353-e7af-467d-9dbb-80eee5429822 | ITER: 1 START
2020-04-13 02:20:40.226 18413 RALLYDEBUG rally.task.runner [-] Starting a worker. times: 10 duration: None concurrency: 1 timeout: 0 cls: method_name: run args: {"flavor": "16715136-d9c0-4d22-9bc8-65b99286c5e3", "image": "5e90f54d-1298-498d-a24a-b50a08500c89", "auto_assign_nic": true}
2020-04-13 02:20:40.229 18411 INFO rally.task.runner [-] Task d5b89353-e7af-467d-9dbb-80eee5429822 | ITER: 2 START
2020-04-13 02:20:40.232 18412 INFO rally.task.runner [-] Task d5b89353-e7af-467d-9dbb-80eee5429822 | ITER: 3 START
2020-04-13 02:20:40.232 18413 INFO rally.task.runner [-] Task d5b89353-e7af-467d-9dbb-80eee5429822 | ITER: 4 START
2020-04-13 02:20:52.241 18410 RALLYDEBUG rally.task.utils [-] Waiting for resource s_rally_511e6b96_XND8gQFl. Status changed: BUILD => ACTIVE in 9.319464445114136
2020-04-13 02:20:52.295 18411 RALLYDEBUG rally.task.utils [-] Waiting for resource s_rally_511e6b96_S9crnTLX. Status changed: BUILD => ACTIVE in 9.610477924346924
2020-04-13 02:20:52.432 18410 INFO rally.task.runner [-] Task d5b89353-e7af-467d-9dbb-80eee5429822 | ITER: 1 END: OK
2020-04-13 02:20:52.436 18411 INFO rally.task.runner [-] Task d5b89353-e7af-467d-9dbb-80eee5429822 | ITER: 2 END: OK
2020-04-13 02:20:52.437 18410 INFO rally.task.runner [-] Task d5b89353-e7af-467d-9dbb-80eee5429822 | ITER: 5 START
2020-04-13 02:20:52.442 18411 INFO rally.task.runner [-] Task d5b89353-e7af-467d-9dbb-80eee5429822 | ITER: 6 START
2020-04-13 02:20:53.640 18412 RALLYDEBUG rally.task.utils [-] Waiting for resource s_rally_511e6b96_b5xi0uMQ. Status changed: BUILD => ACTIVE in 11.285104513168335
2020-04-13 02:20:53.797 18412 INFO rally.task.runner [-] Task d5b89353-e7af-467d-9dbb-80eee5429822 | ITER: 3 END: OK
2020-04-13 02:20:53.802 18412 INFO rally.task.runner [-] Task d5b89353-e7af-467d-9dbb-80eee5429822 | ITER: 7 START
2020-04-13 02:20:55.284 18413 RALLYDEBUG rally.task.utils [-] Waiting for resource s_rally_511e6b96_CcU8KB0P. Status changed: BUILD => ACTIVE in 12.35735011100769
2020-04-13 02:20:55.471 18413 INFO rally.task.runner [-] Task d5b89353-e7af-467d-9dbb-80eee5429822 | ITER: 4 END: OK
2020-04-13 02:20:55.475 18413 INFO rally.task.runner [-] Task d5b89353-e7af-467d-9dbb-80eee5429822 | ITER: 8 START
2020-04-13 02:21:01.721 18410 RALLYDEBUG rally.task.utils [-] Waiting for resource s_rally_511e6b96_HqvVaLxp. Status changed: BUILD => ACTIVE in 7.375704765319824
2020-04-13 02:21:01.942 18410 INFO rally.task.runner [-] Task d5b89353-e7af-467d-9dbb-80eee5429822 | ITER: 5 END: OK
2020-04-13 02:21:01.946 18410 INFO rally.task.runner [-] Task d5b89353-e7af-467d-9dbb-80eee5429822 | ITER: 9 START
2020-04-13 02:21:03.867 18411 RALLYDEBUG rally.task.utils [-] Waiting for resource s_rally_511e6b96_ah4c6TuJ. Status changed: BUILD => ACTIVE in 9.110118389129639
2020-04-13 02:21:04.024 18411 INFO rally.task.runner [-] Task d5b89353-e7af-467d-9dbb-80eee5429822 | ITER: 6 END: OK
2020-04-13 02:21:04.029 18411 INFO rally.task.runner [-] Task d5b89353-e7af-467d-9dbb-80eee5429822 | ITER: 10 START
2020-04-13 02:21:08.096 18412 RALLYDEBUG rally.task.utils [-] Waiting for resource s_rally_511e6b96_tMYLhwgw. Status changed: BUILD => ACTIVE in 11.64562463760376
2020-04-13 02:21:08.272 18412 INFO rally.task.runner [-] Task d5b89353-e7af-467d-9dbb-80eee5429822 | ITER: 7 END: OK
2020-04-13 02:21:08.947 18413 RALLYDEBUG rally.task.utils [-] Waiting for resource s_rally_511e6b96_1z2v5TSA. Status changed: BUILD => ACTIVE in 11.402180433273315
2020-04-13 02:21:09.095 18413 INFO rally.task.runner [-] Task d5b89353-e7af-467d-9dbb-80eee5429822 | ITER: 8 END: OK
2020-04-13 02:21:11.494 18410 RALLYDEBUG rally.task.utils [-] Waiting for resource s_rally_511e6b96_6qW9brbX. Status changed: BUILD => ACTIVE in 7.273990154266357
2020-04-13 02:21:11.659 18410 INFO rally.task.runner [-] Task d5b89353-e7af-467d-9dbb-80eee5429822 | ITER: 9 END: OK
2020-04-13 02:21:12.816 18411 RALLYDEBUG rally.task.utils [-] Waiting for resource s_rally_511e6b96_Bk5RCt7f. Status changed: BUILD => ACTIVE in 6.776511907577515
2020-04-13 02:21:12.952 18411 INFO rally.task.runner [-] Task d5b89353-e7af-467d-9dbb-80eee5429822 | ITER: 10 END: OK
2020-04-13 02:21:12.976 15661 INFO rally.task.context [-] Task d5b89353-e7af-467d-9dbb-80eee5429822 | Context cleanup@openstack cleanup() started
2020-04-13 02:21:12.983 15661 RALLYDEBUG rally_openstack.cleanup.manager [-] Cleaning up nova servers objects
2020-04-13 02:21:14.887 15661 RALLYDEBUG rally_openstack.cleanup.manager [-] Deleting nova.servers object s_rally_511e6b96_tMYLhwgw (4d1d8653-049a-4065-87c3-73e98513db4d)
2020-04-13 02:21:14.892 15661 RALLYDEBUG rally_openstack.cleanup.manager [-] Deleting nova.servers object s_rally_511e6b96_Bk5RCt7f (9e82e385-2a2f-4be6-83b1-1f896e0b5374)
2020-04-13 02:21:14.910 15661 RALLYDEBUG rally_openstack.cleanup.manager [-] Deleting nova.servers object s_rally_511e6b96_ah4c6TuJ (0409fb59-7dfe-49ab-80e0-696c79cb7bce)
2020-04-13 02:21:14.916 15661 RALLYDEBUG rally_openstack.cleanup.manager [-] Deleting nova.servers object s_rally_511e6b96_S9crnTLX (34edc102-b0a8-4f60-addb-a434639aefb7)
2020-04-13 02:21:14.920 15661 RALLYDEBUG rally_openstack.cleanup.manager [-] Deleting nova.servers object s_rally_511e6b96_6qW9brbX (5fae8c83-873f-4609-9f73-033cd4ac8172)
2020-04-13 02:21:14.934 15661 RALLYDEBUG rally_openstack.cleanup.manager [-] Deleting nova.servers object s_rally_511e6b96_1z2v5TSA (1d0191ef-372d-4f10-877b-160f207adcfc)
2020-04-13 02:21:14.955 15661 RALLYDEBUG rally_openstack.cleanup.manager [-] Deleting nova.servers object s_rally_511e6b96_XND8gQFl (8a23df86-3945-446e-95a3-4be3a54c0125)
2020-04-13 02:21:14.974 15661 RALLYDEBUG rally_openstack.cleanup.manager [-] Deleting nova.servers object s_rally_511e6b96_CcU8KB0P (8cb8827d-92a5-4239-9610-a3fb7aaa26db)
2020-04-13 02:21:14.985 15661 RALLYDEBUG rally_openstack.cleanup.manager [-] Deleting nova.servers object s_rally_511e6b96_HqvVaLxp (b4d0f72b-c6fe-4c0c-8661-4a987fda4a17)
2020-04-13 02:21:14.979 15661 RALLYDEBUG rally_openstack.cleanup.manager [-] Deleting nova.servers object s_rally_511e6b96_b5xi0uMQ (bdbfe588-9785-43af-949d-8080ac0b20a9)
2020-04-13 02:21:22.060 15661 RALLYDEBUG rally_openstack.cleanup.manager [-] Cleaning up nova server_groups objects
2020-04-13 02:21:22.488 15661 RALLYDEBUG rally_openstack.cleanup.manager [-] Cleaning up nova keypairs objects
2020-04-13 02:21:23.491 15661 INFO rally.task.context [-] Task d5b89353-e7af-467d-9dbb-80eee5429822 | Context cleanup@openstack cleanup() finished in 10.52 sec
2020-04-13 02:21:23.492 15661 INFO rally.task.context [-] Task d5b89353-e7af-467d-9dbb-80eee5429822 | Context network@openstack cleanup() started
2020-04-13 02:21:41.409 15661 INFO rally.task.context [-] Task d5b89353-e7af-467d-9dbb-80eee5429822 | Context network@openstack cleanup() finished in 17.92 sec
2020-04-13 02:21:41.409 15661 INFO rally.task.context [-] Task d5b89353-e7af-467d-9dbb-80eee5429822 | Context users@openstack cleanup() started
2020-04-13 02:21:41.541 15661 WARNING rally.common.logging [-] `iterate_per_tenants()' is deprecated in v3.0.0: it is openstack specific.. Used at
2020-04-13 02:21:43.521 15661 INFO rally.task.context [-] Task d5b89353-e7af-467d-9dbb-80eee5429822 | Context users@openstack cleanup() finished in 2.11 sec
2020-04-13 02:21:45.162 15661 INFO rally.task.engine [-] Load duration is: 31.724454
2020-04-13 02:21:45.162 15661 INFO rally.task.engine [-] Full runner duration is: 32.773157
2020-04-13 02:21:45.163 15661 INFO rally.task.engine [-] Full duration is: 78.833182
2020-04-13 02:21:45.253 15661 INFO rally.task.engine [-] Running workload: position = 0 config = { "version": 2, "title": "A cropped version of a bigger task.", "description": "Auto-generated task from a single workload (uuid=c2802c7c-b816-4264-b0bc-9991f30a835a)", "subtasks": [ { "title": "NovaServers.boot_and_get_console_url", "description": "Retrieve a console url of a server.", "scenario": { "NovaServers.boot_and_get_console_url": { "flavor": { "name": "rally_full-flavor_3c7bba65-cc43-4506-b198-47a10679b894" }, "image": { "name": "rally_full-img_3c7bba65-cc43-4506-b198-47a10679b894" }, "console_type": "novnc", "auto_assign_nic": true } }, "contexts": { "users": { "tenants": 3, "users_per_tenant": 2 }, "network": {} }, "runner": { "constant": { "concurrency": 4, "times": 10 } }, "hooks": [], "sla": { "failure_rate": { "max": 0 } } } ] }
2020-04-13 02:21:45.274 15661 RALLYDEBUG rally_openstack.contexts.keystone.users [-] Creating 3 tenants using 3 threads
2020-04-13 02:21:45.749 15661 RALLYDEBUG rally_openstack.contexts.keystone.users [-] Creating 6 users using 6 threads
2020-04-13 02:21:46.632 15661 INFO rally.task.context [-] Task d5b89353-e7af-467d-9dbb-80eee5429822 | Context users@openstack setup() finished in 1.36 sec
2020-04-13 02:21:46.690 15661 WARNING rally.common.logging [-] `iterate_per_tenants()' is deprecated in v3.0.0: it is openstack specific.. Used at
2020-04-13 02:21:48.772 15661 RALLYDEBUG rally_openstack.wrappers.network [-] CIDR generated: 10.2.30.0/24
2020-04-13 02:21:53.133 15661 RALLYDEBUG rally_openstack.wrappers.network [-] CIDR generated: 10.2.31.0/24
2020-04-13 02:21:57.752 15661 RALLYDEBUG rally_openstack.wrappers.network [-] CIDR generated: 10.2.32.0/24
2020-04-13 02:22:00.380 15661 INFO rally.task.context [-] Task d5b89353-e7af-467d-9dbb-80eee5429822 | Context network@openstack setup() finished in 13.75 sec
2020-04-13 02:22:00.381 15661 INFO rally.task.context [-] Task d5b89353-e7af-467d-9dbb-80eee5429822 | Context cleanup@openstack setup() finished in 0.01 msec
2020-04-13 02:22:00.928 15661 RALLYDEBUG rally.task.runner [-] Starting the constant runner (task UUID: d5b89353-e7af-467d-9dbb-80eee5429822). times: 10 concurrency: 4 timeout: 0 max_cpu_used: 88 processes_to_start: 4 concurrency_per_worker: 1 concurrency_overhead: 0
2020-04-13 02:22:00.943 18543 RALLYDEBUG rally.task.runner [-] Starting a worker. times: 10 duration: None concurrency: 1 timeout: 0 cls: method_name: run args: {"flavor": "16715136-d9c0-4d22-9bc8-65b99286c5e3", "image": "5e90f54d-1298-498d-a24a-b50a08500c89", "console_type": "novnc", "auto_assign_nic": true}
2020-04-13 02:22:00.946 18544 RALLYDEBUG rally.task.runner [-] Starting a worker. times: 10 duration: None concurrency: 1 timeout: 0 cls: method_name: run args: {"flavor": "16715136-d9c0-4d22-9bc8-65b99286c5e3", "image": "5e90f54d-1298-498d-a24a-b50a08500c89", "console_type": "novnc", "auto_assign_nic": true}
2020-04-13 02:22:00.950 18545 RALLYDEBUG rally.task.runner [-] Starting a worker. times: 10 duration: None concurrency: 1 timeout: 0 cls: method_name: run args: {"flavor": "16715136-d9c0-4d22-9bc8-65b99286c5e3", "image": "5e90f54d-1298-498d-a24a-b50a08500c89", "console_type": "novnc", "auto_assign_nic": true}
2020-04-13 02:22:00.951 18543 INFO rally.task.runner [-] Task d5b89353-e7af-467d-9dbb-80eee5429822 | ITER: 1 START
2020-04-13 02:22:00.954 18544 INFO rally.task.runner [-] Task d5b89353-e7af-467d-9dbb-80eee5429822 | ITER: 2 START
2020-04-13 02:22:00.953 18546 RALLYDEBUG rally.task.runner [-] Starting a worker. times: 10 duration: None concurrency: 1 timeout: 0 cls: method_name: run args: {"flavor": "16715136-d9c0-4d22-9bc8-65b99286c5e3", "image": "5e90f54d-1298-498d-a24a-b50a08500c89", "console_type": "novnc", "auto_assign_nic": true}
2020-04-13 02:22:00.957 18545 INFO rally.task.runner [-] Task d5b89353-e7af-467d-9dbb-80eee5429822 | ITER: 3 START
2020-04-13 02:22:00.964 18546 INFO rally.task.runner [-] Task d5b89353-e7af-467d-9dbb-80eee5429822 | ITER: 4 START
2020-04-13 02:22:12.130 18543 RALLYDEBUG rally.task.utils [-] Waiting for resource s_rally_c2802c7c_P8WRBu1h. Status changed: BUILD => ACTIVE in 9.093240737915039
2020-04-13 02:22:12.233 18543 INFO rally.task.runner [-] Task d5b89353-e7af-467d-9dbb-80eee5429822 | ITER: 1 END: OK
2020-04-13 02:22:12.239 18543 INFO rally.task.runner [-] Task d5b89353-e7af-467d-9dbb-80eee5429822 | ITER: 5 START
2020-04-13 02:22:12.710 18546 RALLYDEBUG rally.task.utils [-] Waiting for resource s_rally_c2802c7c_SJovIGvy. Status changed: BUILD => ACTIVE in 9.06236481666565
2020-04-13 02:22:12.822 18546 INFO rally.task.runner [-] Task d5b89353-e7af-467d-9dbb-80eee5429822 | ITER: 4 END: OK
2020-04-13 02:22:12.826 18546 INFO rally.task.runner [-] Task d5b89353-e7af-467d-9dbb-80eee5429822 | ITER: 6 START
2020-04-13 02:22:14.504 18544 RALLYDEBUG rally.task.utils [-] Waiting for resource s_rally_c2802c7c_91W7YQJm. Status changed: BUILD => ACTIVE in 11.466566562652588
2020-04-13 02:22:14.611 18544 INFO rally.task.runner [-] Task d5b89353-e7af-467d-9dbb-80eee5429822 | ITER: 2 END: OK
2020-04-13 02:22:14.617 18544 INFO rally.task.runner [-] Task d5b89353-e7af-467d-9dbb-80eee5429822 | ITER: 7 START
2020-04-13 02:22:17.570 18545 RALLYDEBUG rally.task.utils [-] Waiting for resource s_rally_c2802c7c_Tb5O7lAd. Status changed: BUILD => ACTIVE in 13.53992772102356
2020-04-13 02:22:17.681 18545 INFO rally.task.runner [-] Task d5b89353-e7af-467d-9dbb-80eee5429822 | ITER: 3 END: OK
2020-04-13 02:22:17.687 18545 INFO rally.task.runner [-] Task d5b89353-e7af-467d-9dbb-80eee5429822 | ITER: 8 START
