2020-04-13 01:06:51.983 970 INFO rally.task.runner [-] Task a3d3c194-3732-4108-a53d-7e32eeb87c7c | ITER: 8 END: OK
2020-04-13 01:06:51.986 970 INFO rally.task.runner [-] Task a3d3c194-3732-4108-a53d-7e32eeb87c7c | ITER: 9 START
2020-04-13 01:06:52.032 969 INFO rally.task.runner [-] Task a3d3c194-3732-4108-a53d-7e32eeb87c7c | ITER: 5 END: OK
2020-04-13 01:06:52.038 969 INFO rally.task.runner [-] Task a3d3c194-3732-4108-a53d-7e32eeb87c7c | ITER: 10 START
2020-04-13 01:06:52.042 968 INFO rally.task.runner [-] Task a3d3c194-3732-4108-a53d-7e32eeb87c7c | ITER: 6 END: OK
2020-04-13 01:06:52.049 971 INFO rally.task.runner [-] Task a3d3c194-3732-4108-a53d-7e32eeb87c7c | ITER: 7 END: OK
2020-04-13 01:06:54.398 970 RALLYDEBUG rally.task.utils [-] Waiting for resource '9de995ac-fc59-45dc-b12e-9fcba630ce92'. Status changed: NONE => QUEUED in 0.04383063316345215
2020-04-13 01:06:54.446 969 RALLYDEBUG rally.task.utils [-] Waiting for resource 'ee30d6f4-0d4c-4cb8-87ee-37527c98c005'. Status changed: NONE => QUEUED in 0.05247855186462402
2020-04-13 01:06:54.852 970 RALLYDEBUG rally.task.utils [-] Waiting for resource s_rally_7e98849a_UUX71DGC. Status changed: QUEUED => ACTIVE in 0.029374122619628906
2020-04-13 01:06:54.863 969 RALLYDEBUG rally.task.utils [-] Waiting for resource s_rally_7e98849a_nHGQzHsV. Status changed: QUEUED => ACTIVE in 0.025888919830322266
2020-04-13 01:06:54.923 970 INFO rally.task.runner [-] Task a3d3c194-3732-4108-a53d-7e32eeb87c7c | ITER: 9 END: OK
2020-04-13 01:06:54.927 969 INFO rally.task.runner [-] Task a3d3c194-3732-4108-a53d-7e32eeb87c7c | ITER: 10 END: OK
2020-04-13 01:06:54.951 501 INFO rally.task.context [-] Task a3d3c194-3732-4108-a53d-7e32eeb87c7c | Context cleanup@openstack cleanup() started
2020-04-13 01:06:54.955 501 RALLYDEBUG rally_openstack.cleanup.manager [-] Cleaning up glance images objects
2020-04-13 01:06:55.669 501 RALLYDEBUG rally_openstack.cleanup.manager [-] Deleting glance.images object s_rally_7e98849a_UUX71DGC (9de995ac-fc59-45dc-b12e-9fcba630ce92)
2020-04-13 01:06:55.681 501 RALLYDEBUG rally_openstack.cleanup.manager [-] Deleting glance.images object s_rally_7e98849a_CvbC4UDg (cf21bff9-4f59-489c-bca6-bd296d2e83fb)
2020-04-13 01:06:55.698 501 RALLYDEBUG rally_openstack.cleanup.manager [-] Deleting glance.images object s_rally_7e98849a_k3HEBvCH (96ba73a2-88aa-47b8-9b16-764fbf347679)
2020-04-13 01:06:55.703 501 RALLYDEBUG rally_openstack.cleanup.manager [-] Deleting glance.images object s_rally_7e98849a_nHGQzHsV (ee30d6f4-0d4c-4cb8-87ee-37527c98c005)
2020-04-13 01:06:55.717 501 RALLYDEBUG rally_openstack.cleanup.manager [-] Deleting glance.images object s_rally_7e98849a_XT8d5gMC (e0aff8d2-5c97-448e-89bc-ae3a9ccb65b8)
2020-04-13 01:06:55.732 501 RALLYDEBUG rally_openstack.cleanup.manager [-] Deleting glance.images object s_rally_7e98849a_iNqYB95J (d6fa221f-a2e4-492e-baad-fdce1fac5f1c)
2020-04-13 01:06:55.751 501 RALLYDEBUG rally_openstack.cleanup.manager [-] Deleting glance.images object s_rally_7e98849a_08wb1ShF (45445871-7d15-4935-918c-093bf5cee11c)
2020-04-13 01:06:55.762 501 RALLYDEBUG rally_openstack.cleanup.manager [-] Deleting glance.images object s_rally_7e98849a_I0i6J9xv (d4ccffe0-7142-4d62-a3c2-4c5f6fc31e61)
2020-04-13 01:06:55.782 501 RALLYDEBUG rally_openstack.cleanup.manager [-] Deleting glance.images object s_rally_7e98849a_P3QdP17X (d92cb453-0fef-4b39-b94c-a0905b85e221)
2020-04-13 01:06:55.796 501 RALLYDEBUG rally_openstack.cleanup.manager [-] Deleting glance.images object s_rally_7e98849a_zzju4yMK (d1a95bdc-9f4c-42b4-915e-1dbcabd7a88e)
2020-04-13 01:06:56.251 501 DEBUG glanceclient.common.http [-] Request returned failure status 404. _handle_response /usr/lib/python3.7/site-packages/glanceclient/common/http.py:125
2020-04-13 01:06:56.279 501 DEBUG glanceclient.common.http [-] Request returned failure status 404. _handle_response /usr/lib/python3.7/site-packages/glanceclient/common/http.py:125
2020-04-13 01:06:56.283 501 DEBUG glanceclient.common.http [-] Request returned failure status 404. _handle_response /usr/lib/python3.7/site-packages/glanceclient/common/http.py:125
2020-04-13 01:06:56.305 501 DEBUG glanceclient.common.http [-] Request returned failure status 404. _handle_response /usr/lib/python3.7/site-packages/glanceclient/common/http.py:125
2020-04-13 01:06:56.321 501 DEBUG glanceclient.common.http [-] Request returned failure status 404. _handle_response /usr/lib/python3.7/site-packages/glanceclient/common/http.py:125
2020-04-13 01:06:56.338 501 DEBUG glanceclient.common.http [-] Request returned failure status 404. _handle_response /usr/lib/python3.7/site-packages/glanceclient/common/http.py:125
2020-04-13 01:06:56.362 501 DEBUG glanceclient.common.http [-] Request returned failure status 404. _handle_response /usr/lib/python3.7/site-packages/glanceclient/common/http.py:125
2020-04-13 01:06:56.369 501 DEBUG glanceclient.common.http [-] Request returned failure status 404. _handle_response /usr/lib/python3.7/site-packages/glanceclient/common/http.py:125
2020-04-13 01:06:56.374 501 DEBUG glanceclient.common.http [-] Request returned failure status 404. _handle_response /usr/lib/python3.7/site-packages/glanceclient/common/http.py:125
2020-04-13 01:06:56.394 501 DEBUG glanceclient.common.http [-] Request returned failure status 404. _handle_response /usr/lib/python3.7/site-packages/glanceclient/common/http.py:125
2020-04-13 01:06:56.426 501 DEBUG glanceclient.common.http [-] Request returned failure status 404. _handle_response /usr/lib/python3.7/site-packages/glanceclient/common/http.py:125
2020-04-13 01:06:56.437 501 DEBUG glanceclient.common.http [-] Request returned failure status 404. _handle_response /usr/lib/python3.7/site-packages/glanceclient/common/http.py:125
2020-04-13 01:06:56.447 501 DEBUG glanceclient.common.http [-] Request returned failure status 404. _handle_response /usr/lib/python3.7/site-packages/glanceclient/common/http.py:125
2020-04-13 01:06:56.459 501 DEBUG glanceclient.common.http [-] Request returned failure status 404. _handle_response /usr/lib/python3.7/site-packages/glanceclient/common/http.py:125
2020-04-13 01:06:56.467 501 DEBUG glanceclient.common.http [-] Request returned failure status 404. _handle_response /usr/lib/python3.7/site-packages/glanceclient/common/http.py:125
2020-04-13 01:06:56.486 501 DEBUG glanceclient.common.http [-] Request returned failure status 404. _handle_response /usr/lib/python3.7/site-packages/glanceclient/common/http.py:125
2020-04-13 01:06:56.488 501 DEBUG glanceclient.common.http [-] Request returned failure status 404. _handle_response /usr/lib/python3.7/site-packages/glanceclient/common/http.py:125
2020-04-13 01:06:56.497 501 DEBUG glanceclient.common.http [-] Request returned failure status 404. _handle_response /usr/lib/python3.7/site-packages/glanceclient/common/http.py:125
2020-04-13 01:06:56.520 501 DEBUG glanceclient.common.http [-] Request returned failure status 404. _handle_response /usr/lib/python3.7/site-packages/glanceclient/common/http.py:125
2020-04-13 01:06:56.521 501 DEBUG glanceclient.common.http [-] Request returned failure status 404. _handle_response /usr/lib/python3.7/site-packages/glanceclient/common/http.py:125
2020-04-13 01:06:57.526 501 INFO rally.task.context [-] Task a3d3c194-3732-4108-a53d-7e32eeb87c7c | Context cleanup@openstack cleanup() finished in 2.57 sec
2020-04-13 01:06:57.526 501 INFO rally.task.context [-] Task a3d3c194-3732-4108-a53d-7e32eeb87c7c | Context users@openstack cleanup() started
2020-04-13 01:06:57.784 501 WARNING rally.common.logging [-] `iterate_per_tenants()' is deprecated in v3.0.0: it is openstack specific.. Used at
2020-04-13 01:07:03.256 501 INFO rally.task.context [-] Task a3d3c194-3732-4108-a53d-7e32eeb87c7c | Context users@openstack cleanup() finished in 5.73 sec
2020-04-13 01:07:04.517 501 INFO rally.task.engine [-] Load duration is: 8.883676
2020-04-13 01:07:04.517 501 INFO rally.task.engine [-] Full runner duration is: 9.101288
2020-04-13 01:07:04.518 501 INFO rally.task.engine [-] Full duration is: 18.911999
2020-04-13 01:07:04.610 501 INFO rally.task.engine [-] Running workload: position = 0 config = { "version": 2, "title": "A cropped version of a bigger task.", "description": "Auto-generated task from a single workload (uuid=4adaa588-ff4a-44af-8075-700557a294ee)", "subtasks": [ { "title": "GlanceImages.create_and_download_image", "description": "Create an image, then download data of the image.", "scenario": { "GlanceImages.create_and_download_image": { "container_format": "bare", "disk_format": "qcow2", "image_location": "/home/opnfv/functest/images/cirros-0.4.0-x86_64-disk.img" } }, "contexts": { "users": { "tenants": 3, "users_per_tenant": 2 } }, "runner": { "constant": { "concurrency": 4, "times": 10 } }, "hooks": [], "sla": { "failure_rate": { "max": 0 } } } ] }
2020-04-13 01:07:04.632 501 RALLYDEBUG rally_openstack.contexts.keystone.users [-] Creating 3 tenants using 3 threads
2020-04-13 01:07:05.087 501 RALLYDEBUG rally_openstack.contexts.keystone.users [-] Creating 6 users using 6 threads
2020-04-13 01:07:06.022 501 INFO rally.task.context [-] Task a3d3c194-3732-4108-a53d-7e32eeb87c7c | Context users@openstack setup() finished in 1.39 sec
2020-04-13 01:07:06.023 501 INFO rally.task.context [-] Task a3d3c194-3732-4108-a53d-7e32eeb87c7c | Context cleanup@openstack setup() finished in 0.00 msec
2020-04-13 01:07:06.035 501 RALLYDEBUG rally.task.runner [-] Starting the constant runner (task UUID: a3d3c194-3732-4108-a53d-7e32eeb87c7c). times: 10 concurrency: 4 timeout: 0 max_cpu_used: 88 processes_to_start: 4 concurrency_per_worker: 1 concurrency_overhead: 0
2020-04-13 01:07:06.046 1061 RALLYDEBUG rally.task.runner [-] Starting a worker. times: 10 duration: None concurrency: 1 timeout: 0 cls: method_name: run args: {"container_format": "bare", "disk_format": "qcow2", "image_location": "/home/opnfv/functest/images/cirros-0.4.0-x86_64-disk.img"}
2020-04-13 01:07:06.049 1062 RALLYDEBUG rally.task.runner [-] Starting a worker. times: 10 duration: None concurrency: 1 timeout: 0 cls: method_name: run args: {"container_format": "bare", "disk_format": "qcow2", "image_location": "/home/opnfv/functest/images/cirros-0.4.0-x86_64-disk.img"}
2020-04-13 01:07:06.051 1063 RALLYDEBUG rally.task.runner [-] Starting a worker. times: 10 duration: None concurrency: 1 timeout: 0 cls: method_name: run args: {"container_format": "bare", "disk_format": "qcow2", "image_location": "/home/opnfv/functest/images/cirros-0.4.0-x86_64-disk.img"}
2020-04-13 01:07:06.053 1061 INFO rally.task.runner [-] Task a3d3c194-3732-4108-a53d-7e32eeb87c7c | ITER: 1 START
2020-04-13 01:07:06.054 1064 RALLYDEBUG rally.task.runner [-] Starting a worker. times: 10 duration: None concurrency: 1 timeout: 0 cls: method_name: run args: {"container_format": "bare", "disk_format": "qcow2", "image_location": "/home/opnfv/functest/images/cirros-0.4.0-x86_64-disk.img"}
2020-04-13 01:07:06.056 1062 INFO rally.task.runner [-] Task a3d3c194-3732-4108-a53d-7e32eeb87c7c | ITER: 2 START
2020-04-13 01:07:06.057 1063 INFO rally.task.runner [-] Task a3d3c194-3732-4108-a53d-7e32eeb87c7c | ITER: 3 START
2020-04-13 01:07:06.060 1064 INFO rally.task.runner [-] Task a3d3c194-3732-4108-a53d-7e32eeb87c7c | ITER: 4 START
2020-04-13 01:07:08.507 1061 RALLYDEBUG rally.task.utils [-] Waiting for resource 'c9a2f1d8-406f-4735-b39b-2500b540ad9d'. Status changed: NONE => QUEUED in 0.04476785659790039
2020-04-13 01:07:08.510 1063 RALLYDEBUG rally.task.utils [-] Waiting for resource 'c5fa2922-5a5f-4c7a-8033-ed43f06906f1'. Status changed: NONE => QUEUED in 0.0429844856262207
2020-04-13 01:07:08.511 1064 RALLYDEBUG rally.task.utils [-] Waiting for resource 'cb8563d1-1e7e-4c34-8493-581824f55aaf'. Status changed: NONE => QUEUED in 0.040056467056274414
2020-04-13 01:07:08.535 1062 RALLYDEBUG rally.task.utils [-] Waiting for resource 'f7a71d9e-0bff-4175-9e82-689ae05200d0'. Status changed: NONE => QUEUED in 0.04701566696166992
2020-04-13 01:07:09.108 1062 RALLYDEBUG rally.task.utils [-] Waiting for resource s_rally_4adaa588_Cbu1V8em. Status changed: QUEUED => ACTIVE in 0.02897191047668457
2020-04-13 01:07:09.113 1061 RALLYDEBUG rally.task.utils [-] Waiting for resource s_rally_4adaa588_0M26IQIB. Status changed: QUEUED => ACTIVE in 0.029319286346435547
2020-04-13 01:07:09.114 1064 RALLYDEBUG rally.task.utils [-] Waiting for resource s_rally_4adaa588_8gL0GcGy. Status changed: QUEUED => ACTIVE in 0.02712106704711914
2020-04-13 01:07:09.125 1063 RALLYDEBUG rally.task.utils [-] Waiting for resource s_rally_4adaa588_C8isJ0B7. Status changed: QUEUED => ACTIVE in 0.026448488235473633
2020-04-13 01:07:09.294 1062 INFO rally.task.runner [-] Task a3d3c194-3732-4108-a53d-7e32eeb87c7c | ITER: 2 END: OK
2020-04-13 01:07:09.298 1062 INFO rally.task.runner [-] Task a3d3c194-3732-4108-a53d-7e32eeb87c7c | ITER: 5 START
2020-04-13 01:07:09.309 1064 INFO rally.task.runner [-] Task a3d3c194-3732-4108-a53d-7e32eeb87c7c | ITER: 4 END: OK
2020-04-13 01:07:09.309 1061 INFO rally.task.runner [-] Task a3d3c194-3732-4108-a53d-7e32eeb87c7c | ITER: 1 END: OK
2020-04-13 01:07:09.313 1064 INFO rally.task.runner [-] Task a3d3c194-3732-4108-a53d-7e32eeb87c7c | ITER: 6 START
2020-04-13 01:07:09.313 1061 INFO rally.task.runner [-] Task a3d3c194-3732-4108-a53d-7e32eeb87c7c | ITER: 7 START
2020-04-13 01:07:09.359 1063 INFO rally.task.runner [-] Task a3d3c194-3732-4108-a53d-7e32eeb87c7c | ITER: 3 END: OK
2020-04-13 01:07:09.364 1063 INFO rally.task.runner [-] Task a3d3c194-3732-4108-a53d-7e32eeb87c7c | ITER: 8 START
2020-04-13 01:07:11.664 1061 RALLYDEBUG rally.task.utils [-] Waiting for resource 'b2ff2007-c6c2-402a-9655-b2ddd52ab09e'. Status changed: NONE => QUEUED in 0.04173398017883301
2020-04-13 01:07:11.732 1062 RALLYDEBUG rally.task.utils [-] Waiting for resource '54b2edc8-b9da-4247-bbdf-42a59384e1c8'. Status changed: NONE => QUEUED in 0.04807758331298828
2020-04-13 01:07:11.751 1064 RALLYDEBUG rally.task.utils [-] Waiting for resource '12a08b61-3b67-446d-9855-7f58c6c35d87'. Status changed: NONE => QUEUED in 0.04770493507385254
2020-04-13 01:07:11.792 1063 RALLYDEBUG rally.task.utils [-] Waiting for resource 'a17b2092-f4ec-437e-b4ce-85cbcdfd5af1'. Status changed: NONE => QUEUED in 0.04156351089477539
2020-04-13 01:07:12.075 1061 RALLYDEBUG rally.task.utils [-] Waiting for resource s_rally_4adaa588_LtRznNYB. Status changed: QUEUED => ACTIVE in 0.028381824493408203
2020-04-13 01:07:12.207 1064 RALLYDEBUG rally.task.utils [-] Waiting for resource s_rally_4adaa588_ialTeF3R. Status changed: QUEUED => ACTIVE in 0.027311325073242188
2020-04-13 01:07:12.214 1063 RALLYDEBUG rally.task.utils [-] Waiting for resource s_rally_4adaa588_nUdq6kJM. Status changed: QUEUED => ACTIVE in 0.02225804328918457
2020-04-13 01:07:12.218 1062 RALLYDEBUG rally.task.utils [-] Waiting for resource s_rally_4adaa588_VOBoOuYL. Status changed: QUEUED => ACTIVE in 0.0285341739654541
2020-04-13 01:07:12.265 1061 INFO rally.task.runner [-] Task a3d3c194-3732-4108-a53d-7e32eeb87c7c | ITER: 7 END: OK
2020-04-13 01:07:12.271 1061 INFO rally.task.runner [-] Task a3d3c194-3732-4108-a53d-7e32eeb87c7c | ITER: 9 START
2020-04-13 01:07:12.411 1064 INFO rally.task.runner [-] Task a3d3c194-3732-4108-a53d-7e32eeb87c7c | ITER: 6 END: OK
2020-04-13 01:07:12.415 1064 INFO rally.task.runner [-] Task a3d3c194-3732-4108-a53d-7e32eeb87c7c | ITER: 10 START
2020-04-13 01:07:12.421 1063 INFO rally.task.runner [-] Task a3d3c194-3732-4108-a53d-7e32eeb87c7c | ITER: 8 END: OK
2020-04-13 01:07:12.427 1062 INFO rally.task.runner [-] Task a3d3c194-3732-4108-a53d-7e32eeb87c7c | ITER: 5 END: OK
2020-04-13 01:07:14.607 1061 RALLYDEBUG rally.task.utils [-] Waiting for resource '4de5d6ff-254f-4895-9873-88f9aa6c1cdc'. Status changed: NONE => QUEUED in 0.04638528823852539
2020-04-13 01:07:14.767 1064 RALLYDEBUG rally.task.utils [-] Waiting for resource '14b4b788-8045-4fe3-9ab9-4571823aaf03'. Status changed: NONE => QUEUED in 0.049712419509887695
2020-04-13 01:07:15.016 1061 RALLYDEBUG rally.task.utils [-] Waiting for resource s_rally_4adaa588_F2g5okKz. Status changed: QUEUED => ACTIVE in 0.02726149559020996
2020-04-13 01:07:15.153 1064 RALLYDEBUG rally.task.utils [-] Waiting for resource s_rally_4adaa588_04qU9ULW. Status changed: QUEUED => ACTIVE in 0.03964567184448242
2020-04-13 01:07:15.212 1061 INFO rally.task.runner [-] Task a3d3c194-3732-4108-a53d-7e32eeb87c7c | ITER: 9 END: OK
2020-04-13 01:07:15.339 1064 INFO rally.task.runner [-] Task a3d3c194-3732-4108-a53d-7e32eeb87c7c | ITER: 10 END: OK
2020-04-13 01:07:15.361 501 INFO rally.task.context [-] Task a3d3c194-3732-4108-a53d-7e32eeb87c7c | Context cleanup@openstack cleanup() started
2020-04-13 01:07:15.367 501 RALLYDEBUG rally_openstack.cleanup.manager [-] Cleaning up glance images objects
2020-04-13 01:07:16.116 501 RALLYDEBUG rally_openstack.cleanup.manager [-] Deleting glance.images object s_rally_4adaa588_04qU9ULW (14b4b788-8045-4fe3-9ab9-4571823aaf03)
2020-04-13 01:07:16.132 501 RALLYDEBUG rally_openstack.cleanup.manager [-] Deleting glance.images object s_rally_4adaa588_8gL0GcGy (cb8563d1-1e7e-4c34-8493-581824f55aaf)
2020-04-13 01:07:16.147 501 RALLYDEBUG rally_openstack.cleanup.manager [-] Deleting glance.images object s_rally_4adaa588_F2g5okKz (4de5d6ff-254f-4895-9873-88f9aa6c1cdc)
2020-04-13 01:07:16.148 501 RALLYDEBUG rally_openstack.cleanup.manager [-] Deleting glance.images object s_rally_4adaa588_ialTeF3R (12a08b61-3b67-446d-9855-7f58c6c35d87)
2020-04-13 01:07:16.154 501 RALLYDEBUG rally_openstack.cleanup.manager [-] Deleting glance.images object s_rally_4adaa588_0M26IQIB (c9a2f1d8-406f-4735-b39b-2500b540ad9d)
2020-04-13 01:07:16.164 501 RALLYDEBUG rally_openstack.cleanup.manager [-] Deleting glance.images object s_rally_4adaa588_VOBoOuYL (54b2edc8-b9da-4247-bbdf-42a59384e1c8)
2020-04-13 01:07:16.127 501 RALLYDEBUG rally_openstack.cleanup.manager [-] Deleting glance.images object s_rally_4adaa588_nUdq6kJM (a17b2092-f4ec-437e-b4ce-85cbcdfd5af1)
2020-04-13 01:07:16.159 501 RALLYDEBUG rally_openstack.cleanup.manager [-] Deleting glance.images object s_rally_4adaa588_LtRznNYB (b2ff2007-c6c2-402a-9655-b2ddd52ab09e)
2020-04-13 01:07:16.173 501 RALLYDEBUG rally_openstack.cleanup.manager [-] Deleting glance.images object s_rally_4adaa588_Cbu1V8em (f7a71d9e-0bff-4175-9e82-689ae05200d0)
2020-04-13 01:07:16.199 501 RALLYDEBUG rally_openstack.cleanup.manager [-] Deleting glance.images object s_rally_4adaa588_C8isJ0B7 (c5fa2922-5a5f-4c7a-8033-ed43f06906f1)
2020-04-13 01:07:16.695 501 DEBUG glanceclient.common.http [-] Request returned failure status 404. _handle_response /usr/lib/python3.7/site-packages/glanceclient/common/http.py:125
2020-04-13 01:07:16.728 501 DEBUG glanceclient.common.http [-] Request returned failure status 404. _handle_response /usr/lib/python3.7/site-packages/glanceclient/common/http.py:125
2020-04-13 01:07:16.742 501 DEBUG glanceclient.common.http [-] Request returned failure status 404. _handle_response /usr/lib/python3.7/site-packages/glanceclient/common/http.py:125
2020-04-13 01:07:16.744 501 DEBUG glanceclient.common.http [-] Request returned failure status 404. _handle_response /usr/lib/python3.7/site-packages/glanceclient/common/http.py:125
2020-04-13 01:07:16.745 501 DEBUG glanceclient.common.http [-] Request returned failure status 404. _handle_response /usr/lib/python3.7/site-packages/glanceclient/common/http.py:125
2020-04-13 01:07:16.778 501 DEBUG glanceclient.common.http [-] Request returned failure status 404. _handle_response /usr/lib/python3.7/site-packages/glanceclient/common/http.py:125
2020-04-13 01:07:16.780 501 DEBUG glanceclient.common.http [-] Request returned failure status 404. _handle_response /usr/lib/python3.7/site-packages/glanceclient/common/http.py:125
2020-04-13 01:07:16.786 501 DEBUG glanceclient.common.http [-] Request returned failure status 404. _handle_response /usr/lib/python3.7/site-packages/glanceclient/common/http.py:125
2020-04-13 01:07:16.790 501 DEBUG glanceclient.common.http [-] Request returned failure status 404. _handle_response /usr/lib/python3.7/site-packages/glanceclient/common/http.py:125
2020-04-13 01:07:16.826 501 DEBUG glanceclient.common.http [-] Request returned failure status 404. _handle_response /usr/lib/python3.7/site-packages/glanceclient/common/http.py:125
2020-04-13 01:07:16.828 501 DEBUG glanceclient.common.http [-] Request returned failure status 404. _handle_response /usr/lib/python3.7/site-packages/glanceclient/common/http.py:125
2020-04-13 01:07:16.829 501 DEBUG glanceclient.common.http [-] Request returned failure status 404. _handle_response /usr/lib/python3.7/site-packages/glanceclient/common/http.py:125
2020-04-13 01:07:16.852 501 DEBUG glanceclient.common.http [-] Request returned failure status 404. _handle_response /usr/lib/python3.7/site-packages/glanceclient/common/http.py:125
2020-04-13 01:07:16.862 501 DEBUG glanceclient.common.http [-] Request returned failure status 404. _handle_response /usr/lib/python3.7/site-packages/glanceclient/common/http.py:125
2020-04-13 01:07:16.864 501 DEBUG glanceclient.common.http [-] Request returned failure status 404. _handle_response /usr/lib/python3.7/site-packages/glanceclient/common/http.py:125
2020-04-13 01:07:16.872 501 DEBUG glanceclient.common.http [-] Request returned failure status 404. _handle_response /usr/lib/python3.7/site-packages/glanceclient/common/http.py:125
2020-04-13 01:07:16.874 501 DEBUG glanceclient.common.http [-] Request returned failure status 404. _handle_response /usr/lib/python3.7/site-packages/glanceclient/common/http.py:125
2020-04-13 01:07:16.884 501 DEBUG glanceclient.common.http [-] Request returned failure status 404. _handle_response /usr/lib/python3.7/site-packages/glanceclient/common/http.py:125
2020-04-13 01:07:16.892 501 DEBUG glanceclient.common.http [-] Request returned failure status 404. _handle_response /usr/lib/python3.7/site-packages/glanceclient/common/http.py:125
2020-04-13 01:07:16.894 501 DEBUG glanceclient.common.http [-] Request returned failure status 404. _handle_response /usr/lib/python3.7/site-packages/glanceclient/common/http.py:125
2020-04-13 01:07:17.898 501 INFO rally.task.context [-] Task a3d3c194-3732-4108-a53d-7e32eeb87c7c | Context cleanup@openstack cleanup() finished in 2.54 sec
2020-04-13 01:07:17.898 501 INFO rally.task.context [-] Task a3d3c194-3732-4108-a53d-7e32eeb87c7c | Context users@openstack cleanup() started
2020-04-13 01:07:18.022 501 WARNING rally.common.logging [-] `iterate_per_tenants()' is deprecated in v3.0.0: it is openstack specific.. Used at
2020-04-13 01:07:21.863 501 INFO rally.task.context [-] Task a3d3c194-3732-4108-a53d-7e32eeb87c7c | Context users@openstack cleanup() finished in 3.96 sec
2020-04-13 01:07:22.752 501 INFO rally.task.engine [-] Load duration is: 9.10329
2020-04-13 01:07:22.752 501 INFO rally.task.engine [-] Full runner duration is: 9.32624
2020-04-13 01:07:22.752 501 INFO rally.task.engine [-] Full duration is: 17.232464
2020-04-13 01:07:22.847 501 INFO rally.task.engine [-] Running workload: position = 0 config = { "version": 2, "title": "A cropped version of a bigger task.", "description": "Auto-generated task from a single workload (uuid=a9a6db43-e76d-4e14-81a4-c59fcaf2644e)", "subtasks": [ { "title": "GlanceImages.create_and_get_image", "description": "Create and get detailed information of an image.", "scenario": { "GlanceImages.create_and_get_image": { "container_format": "bare", "disk_format": "qcow2", "image_location": "/home/opnfv/functest/images/cirros-0.4.0-x86_64-disk.img" } }, "contexts": { "users": { "tenants": 3, "users_per_tenant": 2 } }, "runner": { "constant": { "concurrency": 4, "times": 10 } }, "hooks": [], "sla": { "failure_rate": { "max": 0 } } } ] }
2020-04-13 01:07:22.867 501 RALLYDEBUG rally_openstack.contexts.keystone.users [-] Creating 3 tenants using 3 threads
2020-04-13 01:07:23.317 501 RALLYDEBUG rally_openstack.contexts.keystone.users [-] Creating 6 users using 6 threads
2020-04-13 01:07:24.206 501 INFO rally.task.context [-] Task a3d3c194-3732-4108-a53d-7e32eeb87c7c | Context users@openstack setup() finished in 1.34 sec
2020-04-13 01:07:24.206 501 INFO rally.task.context [-] Task a3d3c194-3732-4108-a53d-7e32eeb87c7c | Context cleanup@openstack setup() finished in 0.00 msec
2020-04-13 01:07:24.215 501 RALLYDEBUG rally.task.runner [-] Starting the constant runner (task UUID: a3d3c194-3732-4108-a53d-7e32eeb87c7c). times: 10 concurrency: 4 timeout: 0 max_cpu_used: 88 processes_to_start: 4 concurrency_per_worker: 1 concurrency_overhead: 0
2020-04-13 01:07:24.226 1154 RALLYDEBUG rally.task.runner [-] Starting a worker. times: 10 duration: None concurrency: 1 timeout: 0 cls: method_name: run args: {"container_format": "bare", "disk_format": "qcow2", "image_location": "/home/opnfv/functest/images/cirros-0.4.0-x86_64-disk.img"}
2020-04-13 01:07:24.229 1155 RALLYDEBUG rally.task.runner [-] Starting a worker. times: 10 duration: None concurrency: 1 timeout: 0 cls: method_name: run args: {"container_format": "bare", "disk_format": "qcow2", "image_location": "/home/opnfv/functest/images/cirros-0.4.0-x86_64-disk.img"}
2020-04-13 01:07:24.231 1154 INFO rally.task.runner [-] Task a3d3c194-3732-4108-a53d-7e32eeb87c7c | ITER: 1 START
2020-04-13 01:07:24.232 1156 RALLYDEBUG rally.task.runner [-] Starting a worker. times: 10 duration: None concurrency: 1 timeout: 0 cls: method_name: run args: {"container_format": "bare", "disk_format": "qcow2", "image_location": "/home/opnfv/functest/images/cirros-0.4.0-x86_64-disk.img"}
2020-04-13 01:07:24.235 1155 INFO rally.task.runner [-] Task a3d3c194-3732-4108-a53d-7e32eeb87c7c | ITER: 2 START
2020-04-13 01:07:24.235 1158 RALLYDEBUG rally.task.runner [-] Starting a worker. times: 10 duration: None concurrency: 1 timeout: 0 cls: method_name: run args: {"container_format": "bare", "disk_format": "qcow2", "image_location": "/home/opnfv/functest/images/cirros-0.4.0-x86_64-disk.img"}
2020-04-13 01:07:24.237 1156 INFO rally.task.runner [-] Task a3d3c194-3732-4108-a53d-7e32eeb87c7c | ITER: 3 START
2020-04-13 01:07:24.242 1158 INFO rally.task.runner [-] Task a3d3c194-3732-4108-a53d-7e32eeb87c7c | ITER: 4 START
2020-04-13 01:07:26.722 1154 RALLYDEBUG rally.task.utils [-] Waiting for resource 'c5d2c7a8-db25-4803-8f51-1aefdd4d1c2c'. Status changed: NONE => QUEUED in 0.04631233215332031
2020-04-13 01:07:26.723 1155 RALLYDEBUG rally.task.utils [-] Waiting for resource 'cbaa8be4-9b39-46ce-8986-2b2c7f266889'. Status changed: NONE => QUEUED in 0.039327144622802734
2020-04-13 01:07:26.734 1158 RALLYDEBUG rally.task.utils [-] Waiting for resource 'a182ab29-ad6c-4a1e-baa3-c8ff8530b7ab'. Status changed: NONE => QUEUED in 0.04490017890930176
2020-04-13 01:07:26.765 1156 RALLYDEBUG rally.task.utils [-] Waiting for resource 'f6726597-4082-4907-857f-71b10dd029d5'. Status changed: NONE => QUEUED in 0.0472564697265625
2020-04-13 01:07:27.280 1154 RALLYDEBUG rally.task.utils [-] Waiting for resource s_rally_a9a6db43_07VBN5iL. Status changed: QUEUED => ACTIVE in 0.025463104248046875
2020-04-13 01:07:27.291 1156 RALLYDEBUG rally.task.utils [-] Waiting for resource s_rally_a9a6db43_e35AfFLU. Status changed: QUEUED => ACTIVE in 0.026228666305541992
2020-04-13 01:07:27.295 1158 RALLYDEBUG rally.task.utils [-] Waiting for resource s_rally_a9a6db43_65Yc7u8p. Status changed: QUEUED => ACTIVE in 0.028217077255249023
2020-04-13 01:07:27.300 1155 RALLYDEBUG rally.task.utils [-] Waiting for resource s_rally_a9a6db43_BN4zKukv. Status changed: QUEUED => ACTIVE in 0.03670525550842285
2020-04-13 01:07:27.310 1154 INFO rally.task.runner [-] Task a3d3c194-3732-4108-a53d-7e32eeb87c7c | ITER: 1 END: OK
2020-04-13 01:07:27.314 1154 INFO rally.task.runner [-] Task a3d3c194-3732-4108-a53d-7e32eeb87c7c | ITER: 5 START
2020-04-13 01:07:27.320 1156 INFO rally.task.runner [-] Task a3d3c194-3732-4108-a53d-7e32eeb87c7c | ITER: 3 END: OK
2020-04-13 01:07:27.324 1155 INFO rally.task.runner [-] Task a3d3c194-3732-4108-a53d-7e32eeb87c7c | ITER: 2 END: OK
2020-04-13 01:07:27.325 1156 INFO rally.task.runner [-] Task a3d3c194-3732-4108-a53d-7e32eeb87c7c | ITER: 6 START
2020-04-13 01:07:27.325 1158 INFO rally.task.runner [-] Task a3d3c194-3732-4108-a53d-7e32eeb87c7c | ITER: 4 END: OK
2020-04-13 01:07:27.328 1155 INFO rally.task.runner [-] Task a3d3c194-3732-4108-a53d-7e32eeb87c7c | ITER: 7 START
2020-04-13 01:07:27.330 1158 INFO rally.task.runner [-] Task a3d3c194-3732-4108-a53d-7e32eeb87c7c | ITER: 8 START
2020-04-13 01:07:29.665 1155 RALLYDEBUG rally.task.utils [-] Waiting for resource '42703758-6848-40e7-810f-71fbedd859bf'. Status changed: NONE => QUEUED in 0.04503965377807617
2020-04-13 01:07:29.722 1154 RALLYDEBUG rally.task.utils [-] Waiting for resource '041fb794-5ab5-4565-9692-a530a9b05bf8'. Status changed: NONE => QUEUED in 0.043486595153808594
2020-04-13 01:07:29.739 1156 RALLYDEBUG rally.task.utils [-] Waiting for resource '0284fd72-4c6e-4d1e-8d54-2c3f1e45974d'. Status changed: NONE => QUEUED in 0.04523897171020508
2020-04-13 01:07:29.746 1158 RALLYDEBUG rally.task.utils [-] Waiting for resource '65ab26ac-e60c-48a6-979b-e4bbcf6562df'. Status changed: NONE => QUEUED in 0.04331159591674805
2020-04-13 01:07:30.132 1155 RALLYDEBUG rally.task.utils [-] Waiting for resource s_rally_a9a6db43_6pXx1sDo. Status changed: QUEUED => ACTIVE in 0.02314901351928711
2020-04-13 01:07:30.155 1155 INFO rally.task.runner [-] Task a3d3c194-3732-4108-a53d-7e32eeb87c7c | ITER: 7 END: OK
2020-04-13 01:07:30.158 1155 INFO rally.task.runner [-] Task a3d3c194-3732-4108-a53d-7e32eeb87c7c | ITER: 9 START
2020-04-13 01:07:30.179 1158 RALLYDEBUG rally.task.utils [-] Waiting for resource s_rally_a9a6db43_yJ7ovwdP. Status changed: QUEUED => ACTIVE in 0.02598404884338379
2020-04-13 01:07:30.187 1156 RALLYDEBUG rally.task.utils [-] Waiting for resource s_rally_a9a6db43_iqQpmCaF. Status changed: QUEUED => ACTIVE in 0.026788711547851562
2020-04-13 01:07:30.197 1154 RALLYDEBUG rally.task.utils [-] Waiting for resource s_rally_a9a6db43_PSfYdYHN. Status changed: QUEUED => ACTIVE in 0.02761983871459961
2020-04-13 01:07:30.200 1158 INFO rally.task.runner [-] Task a3d3c194-3732-4108-a53d-7e32eeb87c7c | ITER: 8 END: OK
2020-04-13 01:07:30.204 1158 INFO rally.task.runner [-] Task a3d3c194-3732-4108-a53d-7e32eeb87c7c | ITER: 10 START
2020-04-13 01:07:30.214 1156 INFO rally.task.runner [-] Task a3d3c194-3732-4108-a53d-7e32eeb87c7c | ITER: 6 END: OK
2020-04-13 01:07:30.230 1154 INFO rally.task.runner [-] Task a3d3c194-3732-4108-a53d-7e32eeb87c7c | ITER: 5 END: OK
2020-04-13 01:07:32.482 1155 RALLYDEBUG rally.task.utils [-] Waiting for resource 'a82fce21-ee5a-4cd9-8c1b-115f418a7e63'. Status changed: NONE => QUEUED in 0.04538679122924805
2020-04-13 01:07:32.534 1158 RALLYDEBUG rally.task.utils [-] Waiting for resource '242f8216-7e11-478b-8973-bf065ed6964c'. Status changed: NONE => QUEUED in 0.046138763427734375
2020-04-13 01:07:32.877 1155 RALLYDEBUG rally.task.utils [-] Waiting for resource s_rally_a9a6db43_ZWMW05K6. Status changed: QUEUED => ACTIVE in 0.024196147918701172
2020-04-13 01:07:32.913 1155 INFO rally.task.runner [-] Task a3d3c194-3732-4108-a53d-7e32eeb87c7c | ITER: 9 END: OK
2020-04-13 01:07:32.961 1158 RALLYDEBUG rally.task.utils [-] Waiting for resource s_rally_a9a6db43_zGgIHoUk. Status changed: QUEUED => ACTIVE in 0.029172658920288086
2020-04-13 01:07:32.991 1158 INFO rally.task.runner [-] Task a3d3c194-3732-4108-a53d-7e32eeb87c7c | ITER: 10 END: OK
2020-04-13 01:07:33.021 501 INFO rally.task.context [-] Task a3d3c194-3732-4108-a53d-7e32eeb87c7c | Context cleanup@openstack cleanup() started
2020-04-13 01:07:33.030 501 RALLYDEBUG rally_openstack.cleanup.manager [-] Cleaning up glance images objects
2020-04-13 01:07:33.763 501 RALLYDEBUG rally_openstack.cleanup.manager [-] Deleting glance.images object s_rally_a9a6db43_6pXx1sDo (42703758-6848-40e7-810f-71fbedd859bf)
2020-04-13 01:07:33.779 501 RALLYDEBUG rally_openstack.cleanup.manager [-] Deleting glance.images object s_rally_a9a6db43_07VBN5iL (c5d2c7a8-db25-4803-8f51-1aefdd4d1c2c)
2020-04-13 01:07:33.786 501 RALLYDEBUG rally_openstack.cleanup.manager [-] Deleting glance.images object s_rally_a9a6db43_65Yc7u8p (a182ab29-ad6c-4a1e-baa3-c8ff8530b7ab)
2020-04-13 01:07:33.786 501 RALLYDEBUG rally_openstack.cleanup.manager [-] Deleting glance.images object s_rally_a9a6db43_BN4zKukv (cbaa8be4-9b39-46ce-8986-2b2c7f266889)
2020-04-13 01:07:33.797 501 RALLYDEBUG rally_openstack.cleanup.manager [-] Deleting glance.images object s_rally_a9a6db43_ZWMW05K6 (a82fce21-ee5a-4cd9-8c1b-115f418a7e63)
2020-04-13 01:07:33.820 501 RALLYDEBUG rally_openstack.cleanup.manager [-] Deleting glance.images object s_rally_a9a6db43_iqQpmCaF (0284fd72-4c6e-4d1e-8d54-2c3f1e45974d)
2020-04-13 01:07:33.828 501 RALLYDEBUG rally_openstack.cleanup.manager [-] Deleting glance.images object s_rally_a9a6db43_zGgIHoUk (242f8216-7e11-478b-8973-bf065ed6964c)
2020-04-13 01:07:33.844 501 RALLYDEBUG rally_openstack.cleanup.manager [-] Deleting glance.images object s_rally_a9a6db43_e35AfFLU (f6726597-4082-4907-857f-71b10dd029d5)
2020-04-13 01:07:33.848 501 RALLYDEBUG rally_openstack.cleanup.manager [-] Deleting glance.images object s_rally_a9a6db43_yJ7ovwdP (65ab26ac-e60c-48a6-979b-e4bbcf6562df)
2020-04-13 01:07:33.897 501 RALLYDEBUG rally_openstack.cleanup.manager [-] Deleting glance.images object s_rally_a9a6db43_PSfYdYHN (041fb794-5ab5-4565-9692-a530a9b05bf8)
2020-04-13 01:07:34.293 501 DEBUG glanceclient.common.http [-] Request returned failure status 404. _handle_response /usr/lib/python3.7/site-packages/glanceclient/common/http.py:125
2020-04-13 01:07:34.313 501 DEBUG glanceclient.common.http [-] Request returned failure status 404. _handle_response /usr/lib/python3.7/site-packages/glanceclient/common/http.py:125
2020-04-13 01:07:34.351 501 DEBUG glanceclient.common.http [-] Request returned failure status 404. _handle_response /usr/lib/python3.7/site-packages/glanceclient/common/http.py:125
2020-04-13 01:07:34.358 501 DEBUG glanceclient.common.http [-] Request returned failure status 404. _handle_response /usr/lib/python3.7/site-packages/glanceclient/common/http.py:125
2020-04-13 01:07:34.359 501 DEBUG glanceclient.common.http [-] Request returned failure status 404. _handle_response /usr/lib/python3.7/site-packages/glanceclient/common/http.py:125
2020-04-13 01:07:34.380 501 DEBUG glanceclient.common.http [-] Request returned failure status 404. _handle_response /usr/lib/python3.7/site-packages/glanceclient/common/http.py:125
2020-04-13 01:07:34.384 501 DEBUG glanceclient.common.http [-] Request returned failure status 404. _handle_response /usr/lib/python3.7/site-packages/glanceclient/common/http.py:125
2020-04-13 01:07:34.406 501 DEBUG glanceclient.common.http [-] Request returned failure status 404. _handle_response /usr/lib/python3.7/site-packages/glanceclient/common/http.py:125
2020-04-13 01:07:34.411 501 DEBUG glanceclient.common.http [-] Request returned failure status 404. _handle_response /usr/lib/python3.7/site-packages/glanceclient/common/http.py:125
2020-04-13 01:07:34.432 501 DEBUG glanceclient.common.http [-] Request returned failure status 404. _handle_response /usr/lib/python3.7/site-packages/glanceclient/common/http.py:125
2020-04-13 01:07:34.440 501 DEBUG glanceclient.common.http [-] Request returned failure status 404. _handle_response /usr/lib/python3.7/site-packages/glanceclient/common/http.py:125
2020-04-13 01:07:34.441 501 DEBUG glanceclient.common.http [-] Request returned failure status 404. _handle_response /usr/lib/python3.7/site-packages/glanceclient/common/http.py:125
2020-04-13 01:07:34.451 501 DEBUG glanceclient.common.http [-] Request returned failure status 404. _handle_response /usr/lib/python3.7/site-packages/glanceclient/common/http.py:125
2020-04-13 01:07:34.453 501 DEBUG glanceclient.common.http [-] Request returned failure status 404. _handle_response /usr/lib/python3.7/site-packages/glanceclient/common/http.py:125
2020-04-13 01:07:34.454 501 DEBUG glanceclient.common.http [-] Request returned failure status 404. _handle_response /usr/lib/python3.7/site-packages/glanceclient/common/http.py:125
2020-04-13 01:07:34.469 501 DEBUG glanceclient.common.http [-] Request returned failure status 404. _handle_response /usr/lib/python3.7/site-packages/glanceclient/common/http.py:125
2020-04-13 01:07:34.473 501 DEBUG glanceclient.common.http [-] Request returned failure status 404. _handle_response /usr/lib/python3.7/site-packages/glanceclient/common/http.py:125
2020-04-13 01:07:34.478 501 DEBUG glanceclient.common.http [-] Request returned failure status 404. _handle_response /usr/lib/python3.7/site-packages/glanceclient/common/http.py:125
2020-04-13 01:07:34.483 501 DEBUG glanceclient.common.http [-] Request returned failure status 404. _handle_response /usr/lib/python3.7/site-packages/glanceclient/common/http.py:125
2020-04-13 01:07:34.484 501 DEBUG glanceclient.common.http [-] Request returned failure status 404. _handle_response /usr/lib/python3.7/site-packages/glanceclient/common/http.py:125
2020-04-13 01:07:35.488 501 INFO rally.task.context [-] Task a3d3c194-3732-4108-a53d-7e32eeb87c7c | Context cleanup@openstack cleanup() finished in 2.47 sec
2020-04-13 01:07:35.489 501 INFO rally.task.context [-] Task a3d3c194-3732-4108-a53d-7e32eeb87c7c | Context users@openstack cleanup() started
2020-04-13 01:07:35.630 501 WARNING rally.common.logging [-] `iterate_per_tenants()' is deprecated in v3.0.0: it is openstack specific.. Used at
2020-04-13 01:07:39.042 501 INFO rally.task.context [-] Task a3d3c194-3732-4108-a53d-7e32eeb87c7c | Context users@openstack cleanup() finished in 3.55 sec
2020-04-13 01:07:40.990 501 INFO rally.task.engine [-] Load duration is: 8.554685
2020-04-13 01:07:40.990 501 INFO rally.task.engine [-] Full runner duration is: 8.807224
2020-04-13 01:07:40.991 501 INFO rally.task.engine [-] Full duration is: 16.176632
2020-04-13 01:07:41.086 501 INFO rally.task.engine [-] Running workload: position = 0 config = { "version": 2, "title": "A cropped version of a bigger task.", "description": "Auto-generated task from a single workload (uuid=b9e4a1f8-92a5-495e-a612-1bd436346739)", "subtasks": [ { "title": "GlanceImages.create_and_update_image", "description": "Create an image then update it.", "scenario": { "GlanceImages.create_and_update_image": { "container_format": "bare", "disk_format": "qcow2", "image_location": "/home/opnfv/functest/images/cirros-0.4.0-x86_64-disk.img" } }, "contexts": { "users": { "tenants": 3, "users_per_tenant": 2 } }, "runner": { "constant": { "concurrency": 4, "times": 10 } }, "hooks": [], "sla": { "failure_rate": { "max": 0 } } } ] }
2020-04-13 01:07:41.111 501 RALLYDEBUG rally_openstack.contexts.keystone.users [-] Creating 3 tenants using 3 threads
2020-04-13 01:07:41.634 501 RALLYDEBUG rally_openstack.contexts.keystone.users [-] Creating 6 users using 6 threads
2020-04-13 01:07:42.709 501 INFO rally.task.context [-] Task a3d3c194-3732-4108-a53d-7e32eeb87c7c | Context users@openstack setup() finished in 1.60 sec
2020-04-13 01:07:42.709 501 INFO rally.task.context [-] Task a3d3c194-3732-4108-a53d-7e32eeb87c7c | Context cleanup@openstack setup() finished in 0.02 msec
2020-04-13 01:07:42.717 501 RALLYDEBUG rally.task.runner [-] Starting the constant runner (task UUID: a3d3c194-3732-4108-a53d-7e32eeb87c7c). times: 10 concurrency: 4 timeout: 0 max_cpu_used: 88 processes_to_start: 4 concurrency_per_worker: 1 concurrency_overhead: 0
2020-04-13 01:07:42.726 1247 RALLYDEBUG rally.task.runner [-] Starting a worker. times: 10 duration: None concurrency: 1 timeout: 0 cls: method_name: run args: {"container_format": "bare", "disk_format": "qcow2", "image_location": "/home/opnfv/functest/images/cirros-0.4.0-x86_64-disk.img"}
2020-04-13 01:07:42.730 1248 RALLYDEBUG rally.task.runner [-] Starting a worker. times: 10 duration: None concurrency: 1 timeout: 0 cls: method_name: run args: {"container_format": "bare", "disk_format": "qcow2", "image_location": "/home/opnfv/functest/images/cirros-0.4.0-x86_64-disk.img"}
2020-04-13 01:07:42.732 1247 INFO rally.task.runner [-] Task a3d3c194-3732-4108-a53d-7e32eeb87c7c | ITER: 1 START
2020-04-13 01:07:42.731 1249 RALLYDEBUG rally.task.runner [-] Starting a worker. times: 10 duration: None concurrency: 1 timeout: 0 cls: method_name: run args: {"container_format": "bare", "disk_format": "qcow2", "image_location": "/home/opnfv/functest/images/cirros-0.4.0-x86_64-disk.img"}
2020-04-13 01:07:42.735 1250 RALLYDEBUG rally.task.runner [-] Starting a worker. times: 10 duration: None concurrency: 1 timeout: 0 cls: method_name: run args: {"container_format": "bare", "disk_format": "qcow2", "image_location": "/home/opnfv/functest/images/cirros-0.4.0-x86_64-disk.img"}
2020-04-13 01:07:42.737 1248 INFO rally.task.runner [-] Task a3d3c194-3732-4108-a53d-7e32eeb87c7c | ITER: 2 START
2020-04-13 01:07:42.737 1249 INFO rally.task.runner [-] Task a3d3c194-3732-4108-a53d-7e32eeb87c7c | ITER: 3 START
2020-04-13 01:07:42.741 1250 INFO rally.task.runner [-] Task a3d3c194-3732-4108-a53d-7e32eeb87c7c | ITER: 4 START
2020-04-13 01:07:45.203 1247 RALLYDEBUG rally.task.utils [-] Waiting for resource '2fa59e6b-0dd5-46ad-a10a-462a1726fcbb'. Status changed: NONE => QUEUED in 0.04227948188781738
2020-04-13 01:07:45.211 1248 RALLYDEBUG rally.task.utils [-] Waiting for resource '66f942b1-5cc3-4f99-8278-9956f7b402b8'. Status changed: NONE => QUEUED in 0.04454660415649414
2020-04-13 01:07:45.218 1249 RALLYDEBUG rally.task.utils [-] Waiting for resource 'f3c67d12-60e3-436c-8132-735555d701a1'. Status changed: NONE => QUEUED in 0.043097734451293945
2020-04-13 01:07:45.224 1250 RALLYDEBUG rally.task.utils [-] Waiting for resource '4b147648-c911-4c8c-bcf2-162f19012b7f'. Status changed: NONE => QUEUED in 0.039383888244628906
2020-04-13 01:07:45.822 1248 RALLYDEBUG rally.task.utils [-] Waiting for resource s_rally_b9e4a1f8_OSQEYxOu. Status changed: QUEUED => ACTIVE in 0.025957822799682617
2020-04-13 01:07:45.834 1249 RALLYDEBUG rally.task.utils [-] Waiting for resource s_rally_b9e4a1f8_dYntCt0n. Status changed: QUEUED => ACTIVE in 0.029519319534301758
2020-04-13 01:07:45.842 1247 RALLYDEBUG rally.task.utils [-] Waiting for resource s_rally_b9e4a1f8_vwP7RZmQ. Status changed: QUEUED => ACTIVE in 0.02672100067138672
2020-04-13 01:07:45.852 1250 RALLYDEBUG rally.task.utils [-] Waiting for resource s_rally_b9e4a1f8_l2kgJqcg. Status changed: QUEUED => ACTIVE in 0.02615642547607422
2020-04-13 01:07:45.976 1248 INFO rally.task.runner [-] Task a3d3c194-3732-4108-a53d-7e32eeb87c7c | ITER: 2 END: OK
2020-04-13 01:07:45.979 1248 INFO rally.task.runner [-] Task a3d3c194-3732-4108-a53d-7e32eeb87c7c | ITER: 5 START
2020-04-13 01:07:46.000 1247 INFO rally.task.runner [-] Task a3d3c194-3732-4108-a53d-7e32eeb87c7c | ITER: 1 END: OK
2020-04-13 01:07:46.004 1247 INFO rally.task.runner [-] Task a3d3c194-3732-4108-a53d-7e32eeb87c7c | ITER: 6 START
2020-04-13 01:07:46.005 1249 INFO rally.task.runner [-] Task a3d3c194-3732-4108-a53d-7e32eeb87c7c | ITER: 3 END: OK
2020-04-13 01:07:46.008 1249 INFO rally.task.runner [-] Task a3d3c194-3732-4108-a53d-7e32eeb87c7c | ITER: 7 START
2020-04-13 01:07:46.018 1250 INFO rally.task.runner [-] Task a3d3c194-3732-4108-a53d-7e32eeb87c7c | ITER: 4 END: OK
2020-04-13 01:07:46.022 1250 INFO rally.task.runner [-] Task a3d3c194-3732-4108-a53d-7e32eeb87c7c | ITER: 8 START
2020-04-13 01:07:48.319 1247 RALLYDEBUG rally.task.utils [-] Waiting for resource '191ae61b-02e5-4ac6-a196-8e6c05f93f8a'. Status changed: NONE => QUEUED in 0.03958702087402344
2020-04-13 01:07:48.356 1250 RALLYDEBUG rally.task.utils [-] Waiting for resource 'd921ee8f-8bf8-4449-977a-df6cfd2bcea5'. Status changed: NONE => QUEUED in 0.04300546646118164
2020-04-13 01:07:48.392 1248 RALLYDEBUG rally.task.utils [-] Waiting for resource '16575c49-aa29-41c6-bdf7-4313bb793d3b'. Status changed: NONE => QUEUED in 0.04002881050109863
2020-04-13 01:07:48.401 1249 RALLYDEBUG rally.task.utils [-] Waiting for resource '357e9c78-7f63-426c-b077-54dd0da3e4df'. Status changed: NONE => QUEUED in 0.04020524024963379
2020-04-13 01:07:48.768 1247 RALLYDEBUG rally.task.utils [-] Waiting for resource s_rally_b9e4a1f8_89PS45Fr. Status changed: QUEUED => ACTIVE in 0.02738666534423828
2020-04-13 01:07:48.828 1248 RALLYDEBUG rally.task.utils [-] Waiting for resource s_rally_b9e4a1f8_V88cTSJ8. Status changed: QUEUED => ACTIVE in 0.023740291595458984
2020-04-13 01:07:48.846 1250 RALLYDEBUG rally.task.utils [-] Waiting for resource s_rally_b9e4a1f8_uFIkVmos. Status changed: QUEUED => ACTIVE in 0.03247785568237305
2020-04-13 01:07:48.849 1249 RALLYDEBUG rally.task.utils [-] Waiting for resource s_rally_b9e4a1f8_ZELl8iKG. Status changed: QUEUED => ACTIVE in 0.027094364166259766
2020-04-13 01:07:48.918 1247 INFO rally.task.runner [-] Task a3d3c194-3732-4108-a53d-7e32eeb87c7c | ITER: 6 END: OK
2020-04-13 01:07:48.922 1247 INFO rally.task.runner [-] Task a3d3c194-3732-4108-a53d-7e32eeb87c7c | ITER: 9 START
2020-04-13 01:07:48.982 1248 INFO rally.task.runner [-] Task a3d3c194-3732-4108-a53d-7e32eeb87c7c | ITER: 5 END: OK
2020-04-13 01:07:48.987 1248 INFO rally.task.runner [-] Task a3d3c194-3732-4108-a53d-7e32eeb87c7c | ITER: 10 START
2020-04-13 01:07:49.009 1250 INFO rally.task.runner [-] Task a3d3c194-3732-4108-a53d-7e32eeb87c7c | ITER: 8 END: OK
2020-04-13 01:07:49.019 1249 INFO rally.task.runner [-] Task a3d3c194-3732-4108-a53d-7e32eeb87c7c | ITER: 7 END: OK
2020-04-13 01:07:51.268 1247 RALLYDEBUG rally.task.utils [-] Waiting for resource 'a3af5cdb-4a79-4a7c-ad64-6eb907c44546'. Status changed: NONE => QUEUED in 0.0485987663269043
2020-04-13 01:07:51.340 1248 RALLYDEBUG rally.task.utils [-] Waiting for resource 'efb64de6-2461-4eee-b333-10308eae4ad4'. Status changed: NONE => QUEUED in 0.043787240982055664
2020-04-13 01:07:51.664 1247 RALLYDEBUG rally.task.utils [-] Waiting for resource s_rally_b9e4a1f8_JGJgkJve. Status changed: QUEUED => ACTIVE in 0.02582073211669922
2020-04-13 01:07:51.779 1248 RALLYDEBUG rally.task.utils [-] Waiting for resource s_rally_b9e4a1f8_Hj8zc4yc. Status changed: QUEUED => ACTIVE in 0.027940750122070312
2020-04-13 01:07:51.818 1247 INFO rally.task.runner [-] Task a3d3c194-3732-4108-a53d-7e32eeb87c7c | ITER: 9 END: OK
2020-04-13 01:07:51.940 1248 INFO rally.task.runner [-] Task a3d3c194-3732-4108-a53d-7e32eeb87c7c | ITER: 10 END: OK
2020-04-13 01:07:51.970 501 INFO rally.task.context [-] Task a3d3c194-3732-4108-a53d-7e32eeb87c7c | Context cleanup@openstack cleanup() started
2020-04-13 01:07:51.974 501 RALLYDEBUG rally_openstack.cleanup.manager [-] Cleaning up glance images objects
2020-04-13 01:07:52.815 501 RALLYDEBUG rally_openstack.cleanup.manager [-] Deleting glance.images object s_rally_b9e4a1f8_8hhMWZKA (d921ee8f-8bf8-4449-977a-df6cfd2bcea5)
2020-04-13 01:07:52.820 501 RALLYDEBUG rally_openstack.cleanup.manager [-] Deleting glance.images object s_rally_b9e4a1f8_8nZYoN8Q (191ae61b-02e5-4ac6-a196-8e6c05f93f8a)
2020-04-13 01:07:52.832 501 RALLYDEBUG rally_openstack.cleanup.manager [-] Deleting glance.images object s_rally_b9e4a1f8_Yuq7niDg (a3af5cdb-4a79-4a7c-ad64-6eb907c44546)
2020-04-13 01:07:52.847 501 RALLYDEBUG rally_openstack.cleanup.manager [-] Deleting glance.images object s_rally_b9e4a1f8_zYZiG2Ko (f3c67d12-60e3-436c-8132-735555d701a1)
2020-04-13 01:07:52.856 501 RALLYDEBUG rally_openstack.cleanup.manager [-] Deleting glance.images object s_rally_b9e4a1f8_uQZA7mHC (357e9c78-7f63-426c-b077-54dd0da3e4df)
2020-04-13 01:07:52.874 501 RALLYDEBUG rally_openstack.cleanup.manager [-] Deleting glance.images object s_rally_b9e4a1f8_9EhL5rLs (efb64de6-2461-4eee-b333-10308eae4ad4)
2020-04-13 01:07:52.898 501 RALLYDEBUG rally_openstack.cleanup.manager [-] Deleting glance.images object s_rally_b9e4a1f8_t562W8iN (2fa59e6b-0dd5-46ad-a10a-462a1726fcbb)
2020-04-13 01:07:52.904 501 RALLYDEBUG rally_openstack.cleanup.manager [-] Deleting glance.images object s_rally_b9e4a1f8_7TeQT8IG (16575c49-aa29-41c6-bdf7-4313bb793d3b)
2020-04-13 01:07:52.911 501 RALLYDEBUG rally_openstack.cleanup.manager [-] Deleting glance.images object s_rally_b9e4a1f8_ISRXK78H (66f942b1-5cc3-4f99-8278-9956f7b402b8)
2020-04-13 01:07:52.927 501 RALLYDEBUG rally_openstack.cleanup.manager [-] Deleting glance.images object s_rally_b9e4a1f8_V3L9Oil0 (4b147648-c911-4c8c-bcf2-162f19012b7f)
2020-04-13 01:07:53.330 501 DEBUG glanceclient.common.http [-] Request returned failure status 404. _handle_response /usr/lib/python3.7/site-packages/glanceclient/common/http.py:125
2020-04-13 01:07:53.353 501 DEBUG glanceclient.common.http [-] Request returned failure status 404. _handle_response /usr/lib/python3.7/site-packages/glanceclient/common/http.py:125
2020-04-13 01:07:53.411 501 DEBUG glanceclient.common.http [-] Request returned failure status 404. _handle_response /usr/lib/python3.7/site-packages/glanceclient/common/http.py:125
2020-04-13 01:07:53.412 501 DEBUG glanceclient.common.http [-] Request returned failure status 404. _handle_response /usr/lib/python3.7/site-packages/glanceclient/common/http.py:125
2020-04-13 01:07:53.421 501 DEBUG glanceclient.common.http [-] Request returned failure status 404. _handle_response /usr/lib/python3.7/site-packages/glanceclient/common/http.py:125
2020-04-13 01:07:53.453 501 DEBUG glanceclient.common.http [-] Request returned failure status 404. _handle_response /usr/lib/python3.7/site-packages/glanceclient/common/http.py:125
2020-04-13 01:07:53.459 501 DEBUG glanceclient.common.http [-] Request returned failure status 404. _handle_response /usr/lib/python3.7/site-packages/glanceclient/common/http.py:125
2020-04-13 01:07:53.466 501 DEBUG glanceclient.common.http [-] Request returned failure status 404. _handle_response /usr/lib/python3.7/site-packages/glanceclient/common/http.py:125
2020-04-13 01:07:53.468 501 DEBUG glanceclient.common.http [-] Request returned failure status 404. _handle_response /usr/lib/python3.7/site-packages/glanceclient/common/http.py:125
