2020-04-13 02:22:24.080 18543 RALLYDEBUG rally.task.utils [-] Waiting for resource s_rally_c2802c7c_Vnaunw8p. Status changed: BUILD => ACTIVE in 9.828920602798462
2020-04-13 02:22:24.172 18543 INFO rally.task.runner [-] Task d5b89353-e7af-467d-9dbb-80eee5429822 | ITER: 5 END: OK
2020-04-13 02:22:24.177 18543 INFO rally.task.runner [-] Task d5b89353-e7af-467d-9dbb-80eee5429822 | ITER: 9 START
2020-04-13 02:22:26.254 18546 RALLYDEBUG rally.task.utils [-] Waiting for resource s_rally_c2802c7c_d8xbIPDm. Status changed: BUILD => ACTIVE in 11.373324155807495
2020-04-13 02:22:26.406 18546 INFO rally.task.runner [-] Task d5b89353-e7af-467d-9dbb-80eee5429822 | ITER: 6 END: OK
2020-04-13 02:22:26.413 18546 INFO rally.task.runner [-] Task d5b89353-e7af-467d-9dbb-80eee5429822 | ITER: 10 START
2020-04-13 02:22:26.586 18544 RALLYDEBUG rally.task.utils [-] Waiting for resource s_rally_c2802c7c_KO4czE5J. Status changed: BUILD => ACTIVE in 9.506186246871948
2020-04-13 02:22:26.796 18544 INFO rally.task.runner [-] Task d5b89353-e7af-467d-9dbb-80eee5429822 | ITER: 7 END: OK
2020-04-13 02:22:26.977 18545 RALLYDEBUG rally.task.utils [-] Waiting for resource s_rally_c2802c7c_vaVYGaLk. Status changed: BUILD => ACTIVE in 6.846440553665161
2020-04-13 02:22:27.218 18545 INFO rally.task.runner [-] Task d5b89353-e7af-467d-9dbb-80eee5429822 | ITER: 8 END: OK
2020-04-13 02:22:35.664 18546 RALLYDEBUG rally.task.utils [-] Waiting for resource s_rally_c2802c7c_8tMa4kM1. Status changed: BUILD => ACTIVE in 7.2633373737335205
2020-04-13 02:22:35.763 18546 INFO rally.task.runner [-] Task d5b89353-e7af-467d-9dbb-80eee5429822 | ITER: 10 END: OK
2020-04-13 02:22:37.320 18543 RALLYDEBUG rally.task.utils [-] Waiting for resource s_rally_c2802c7c_Wa7C5Vmo. Status changed: BUILD => ACTIVE in 11.285682201385498
2020-04-13 02:22:37.427 18543 INFO rally.task.runner [-] Task d5b89353-e7af-467d-9dbb-80eee5429822 | ITER: 9 END: OK
2020-04-13 02:22:37.459 15661 INFO rally.task.context [-] Task d5b89353-e7af-467d-9dbb-80eee5429822 | Context cleanup@openstack cleanup() started
2020-04-13 02:22:37.465 15661 RALLYDEBUG rally_openstack.cleanup.manager [-] Cleaning up nova servers objects
2020-04-13 02:22:39.736 15661 RALLYDEBUG rally_openstack.cleanup.manager [-] Deleting nova.servers object s_rally_c2802c7c_8tMa4kM1 (c7bfd667-78cc-4edc-93cc-7fc8a84dc3a5)
2020-04-13 02:22:39.737 15661 RALLYDEBUG rally_openstack.cleanup.manager [-] Deleting nova.servers object s_rally_c2802c7c_Tb5O7lAd (d805ad98-d6df-4eec-84a4-8aa2fbf394d0)
2020-04-13 02:22:39.739 15661 RALLYDEBUG rally_openstack.cleanup.manager [-] Deleting nova.servers object s_rally_c2802c7c_d8xbIPDm (21f86520-7b12-4475-a46e-e6c46e1f5431)
2020-04-13 02:22:39.745 15661 RALLYDEBUG rally_openstack.cleanup.manager [-] Deleting nova.servers object s_rally_c2802c7c_Wa7C5Vmo (3a2d34f9-823a-4d7b-a00f-7a335730b351)
2020-04-13 02:22:39.759 15661 RALLYDEBUG rally_openstack.cleanup.manager [-] Deleting nova.servers object s_rally_c2802c7c_vaVYGaLk (306b63e6-5950-43c3-8432-16b1ed4e728e)
2020-04-13 02:22:39.770 15661 RALLYDEBUG rally_openstack.cleanup.manager [-] Deleting nova.servers object s_rally_c2802c7c_KO4czE5J (2e7561ba-9f38-411d-9026-2d1965c47e47)
2020-04-13 02:22:39.783 15661 RALLYDEBUG rally_openstack.cleanup.manager [-] Deleting nova.servers object s_rally_c2802c7c_SJovIGvy (c3dd98f3-ceeb-40de-b557-bc91c9de0117)
2020-04-13 02:22:39.789 15661 RALLYDEBUG rally_openstack.cleanup.manager [-] Deleting nova.servers object s_rally_c2802c7c_P8WRBu1h (0c0435fe-960f-4a7d-a7e3-bbf2be6cce3a)
2020-04-13 02:22:39.794 15661 RALLYDEBUG rally_openstack.cleanup.manager [-] Deleting nova.servers object s_rally_c2802c7c_Vnaunw8p (77d4e238-7983-459b-a919-ab3c950900c8)
2020-04-13 02:22:39.854 15661 RALLYDEBUG rally_openstack.cleanup.manager [-] Deleting nova.servers object s_rally_c2802c7c_91W7YQJm (f7cd3702-553b-48e3-bb35-6d829633e59c)
2020-04-13 02:22:46.886 15661 RALLYDEBUG rally_openstack.cleanup.manager [-] Cleaning up nova server_groups objects
2020-04-13 02:22:47.334 15661 RALLYDEBUG rally_openstack.cleanup.manager [-] Cleaning up nova keypairs objects
2020-04-13 02:22:48.261 15661 INFO rally.task.context [-] Task d5b89353-e7af-467d-9dbb-80eee5429822 | Context cleanup@openstack cleanup() finished in 10.80 sec
2020-04-13 02:22:48.262 15661 INFO rally.task.context [-] Task d5b89353-e7af-467d-9dbb-80eee5429822 | Context network@openstack cleanup() started
2020-04-13 02:23:05.033 15661 INFO rally.task.context [-] Task d5b89353-e7af-467d-9dbb-80eee5429822 | Context network@openstack cleanup() finished in 16.77 sec
2020-04-13 02:23:05.033 15661 INFO rally.task.context [-] Task d5b89353-e7af-467d-9dbb-80eee5429822 | Context users@openstack cleanup() started
2020-04-13 02:23:05.162 15661 WARNING rally.common.logging [-] `iterate_per_tenants()' is deprecated in v3.0.0: it is openstack specific.. Used at
2020-04-13 02:23:07.494 15661 INFO rally.task.context [-] Task d5b89353-e7af-467d-9dbb-80eee5429822 | Context users@openstack cleanup() finished in 2.46 sec
2020-04-13 02:23:07.729 15661 INFO rally.task.engine [-] Load duration is: 35.474629
2020-04-13 02:23:07.729 15661 INFO rally.task.engine [-] Full runner duration is: 36.531414
2020-04-13 02:23:07.729 15661 INFO rally.task.engine [-] Full duration is: 82.223086
2020-04-13 02:23:07.822 15661 INFO rally.task.engine [-] Running workload: position = 0 config = { "version": 2, "title": "A cropped version of a bigger task.", "description": "Auto-generated task from a single workload (uuid=2120fdf7-0881-41b4-b5b8-2ab453bbb8ea)", "subtasks": [ { "title": "NovaServers.boot_server_and_attach_interface", "description": "Create server and subnet, then attach the interface to it.", "scenario": { "NovaServers.boot_server_and_attach_interface": { "flavor": { "name": "rally_full-flavor_3c7bba65-cc43-4506-b198-47a10679b894" }, "image": { "name": "rally_full-img_3c7bba65-cc43-4506-b198-47a10679b894" }, "network_create_args": {}, "subnet_create_args": {}, "boot_server_args": { "auto_assign_nic": true } } }, "contexts": { "users": { "tenants": 3, "users_per_tenant": 2 }, "network": {} }, "runner": { "constant": { "concurrency": 4, "times": 10 } }, "hooks": [], "sla": { "failure_rate": { "max": 0 } } } ] }
2020-04-13 02:23:07.838 15661 RALLYDEBUG rally_openstack.contexts.keystone.users [-] Creating 3 tenants using 3 threads
2020-04-13 02:23:08.394 15661 RALLYDEBUG rally_openstack.contexts.keystone.users [-] Creating 6 users using 6 threads
2020-04-13 02:23:09.449 15661 INFO rally.task.context [-] Task d5b89353-e7af-467d-9dbb-80eee5429822 | Context users@openstack setup() finished in 1.61 sec
2020-04-13 02:23:09.510 15661 WARNING rally.common.logging [-] `iterate_per_tenants()' is deprecated in v3.0.0: it is openstack specific.. Used at
2020-04-13 02:23:11.185 15661 RALLYDEBUG rally_openstack.wrappers.network [-] CIDR generated: 10.2.33.0/24
2020-04-13 02:23:15.256 15661 RALLYDEBUG rally_openstack.wrappers.network [-] CIDR generated: 10.2.34.0/24
2020-04-13 02:23:19.505 15661 RALLYDEBUG rally_openstack.wrappers.network [-] CIDR generated: 10.2.35.0/24
2020-04-13 02:23:22.144 15661 INFO rally.task.context [-] Task d5b89353-e7af-467d-9dbb-80eee5429822 | Context network@openstack setup() finished in 12.69 sec
2020-04-13 02:23:22.145 15661 INFO rally.task.context [-] Task d5b89353-e7af-467d-9dbb-80eee5429822 | Context cleanup@openstack setup() finished in 0.01 msec
2020-04-13 02:23:22.628 15661 RALLYDEBUG rally.task.runner [-] Starting the constant runner (task UUID: d5b89353-e7af-467d-9dbb-80eee5429822). times: 10 concurrency: 4 timeout: 0 max_cpu_used: 88 processes_to_start: 4 concurrency_per_worker: 1 concurrency_overhead: 0
2020-04-13 02:23:22.640 18676 RALLYDEBUG rally.task.runner [-] Starting a worker. times: 10 duration: None concurrency: 1 timeout: 0 cls: method_name: run args: {"flavor": "16715136-d9c0-4d22-9bc8-65b99286c5e3", "image": "5e90f54d-1298-498d-a24a-b50a08500c89", "network_create_args": {}, "subnet_create_args": {}, "boot_server_args": {"auto_assign_nic": true}}
2020-04-13 02:23:22.644 18677 RALLYDEBUG rally.task.runner [-] Starting a worker. times: 10 duration: None concurrency: 1 timeout: 0 cls: method_name: run args: {"flavor": "16715136-d9c0-4d22-9bc8-65b99286c5e3", "image": "5e90f54d-1298-498d-a24a-b50a08500c89", "network_create_args": {}, "subnet_create_args": {}, "boot_server_args": {"auto_assign_nic": true}}
2020-04-13 02:23:22.647 18676 INFO rally.task.runner [-] Task d5b89353-e7af-467d-9dbb-80eee5429822 | ITER: 1 START
2020-04-13 02:23:22.649 18676 RALLYDEBUG rally_openstack.wrappers.network [-] CIDR generated: 10.2.36.0/24
2020-04-13 02:23:22.649 18677 INFO rally.task.runner [-] Task d5b89353-e7af-467d-9dbb-80eee5429822 | ITER: 2 START
2020-04-13 02:23:22.652 18677 RALLYDEBUG rally_openstack.wrappers.network [-] CIDR generated: 10.2.37.0/24
2020-04-13 02:23:22.651 18680 RALLYDEBUG rally.task.runner [-] Starting a worker. times: 10 duration: None concurrency: 1 timeout: 0 cls: method_name: run args: {"flavor": "16715136-d9c0-4d22-9bc8-65b99286c5e3", "image": "5e90f54d-1298-498d-a24a-b50a08500c89", "network_create_args": {}, "subnet_create_args": {}, "boot_server_args": {"auto_assign_nic": true}}
2020-04-13 02:23:22.651 18678 RALLYDEBUG rally.task.runner [-] Starting a worker. times: 10 duration: None concurrency: 1 timeout: 0 cls: method_name: run args: {"flavor": "16715136-d9c0-4d22-9bc8-65b99286c5e3", "image": "5e90f54d-1298-498d-a24a-b50a08500c89", "network_create_args": {}, "subnet_create_args": {}, "boot_server_args": {"auto_assign_nic": true}}
2020-04-13 02:23:22.659 18680 INFO rally.task.runner [-] Task d5b89353-e7af-467d-9dbb-80eee5429822 | ITER: 3 START
2020-04-13 02:23:22.659 18678 INFO rally.task.runner [-] Task d5b89353-e7af-467d-9dbb-80eee5429822 | ITER: 4 START
2020-04-13 02:23:22.664 18678 RALLYDEBUG rally_openstack.wrappers.network [-] CIDR generated: 10.2.38.0/24
2020-04-13 02:23:22.664 18680 RALLYDEBUG rally_openstack.wrappers.network [-] CIDR generated: 10.2.39.0/24
2020-04-13 02:23:36.967 18680 RALLYDEBUG rally.task.utils [-] Waiting for resource s_rally_2120fdf7_gXwGCYGe. Status changed: BUILD => ACTIVE in 11.506759881973267
2020-04-13 02:23:37.077 18676 RALLYDEBUG rally.task.utils [-] Waiting for resource s_rally_2120fdf7_xNeak8i7. Status changed: BUILD => ACTIVE in 11.177022457122803
2020-04-13 02:23:37.114 18677 RALLYDEBUG rally.task.utils [-] Waiting for resource s_rally_2120fdf7_rKAWHuCD. Status changed: BUILD => ACTIVE in 11.669816493988037
2020-04-13 02:23:39.859 18678 RALLYDEBUG rally.task.utils [-] Waiting for resource s_rally_2120fdf7_0rCgUkMG. Status changed: BUILD => ACTIVE in 13.839154958724976
2020-04-13 02:23:41.318 18677 INFO rally.task.runner [-] Task d5b89353-e7af-467d-9dbb-80eee5429822 | ITER: 2 END: OK
2020-04-13 02:23:41.324 18677 INFO rally.task.runner [-] Task d5b89353-e7af-467d-9dbb-80eee5429822 | ITER: 5 START
2020-04-13 02:23:41.325 18677 RALLYDEBUG rally_openstack.wrappers.network [-] CIDR generated: 10.2.40.0/24
2020-04-13 02:23:41.709 18680 INFO rally.task.runner [-] Task d5b89353-e7af-467d-9dbb-80eee5429822 | ITER: 3 END: OK
2020-04-13 02:23:41.715 18680 INFO rally.task.runner [-] Task d5b89353-e7af-467d-9dbb-80eee5429822 | ITER: 6 START
2020-04-13 02:23:41.716 18680 RALLYDEBUG rally_openstack.wrappers.network [-] CIDR generated: 10.2.41.0/24
2020-04-13 02:23:42.362 18676 INFO rally.task.runner [-] Task d5b89353-e7af-467d-9dbb-80eee5429822 | ITER: 1 END: OK
2020-04-13 02:23:42.368 18676 INFO rally.task.runner [-] Task d5b89353-e7af-467d-9dbb-80eee5429822 | ITER: 7 START
2020-04-13 02:23:42.369 18676 RALLYDEBUG rally_openstack.wrappers.network [-] CIDR generated: 10.2.42.0/24
2020-04-13 02:23:45.263 18678 INFO rally.task.runner [-] Task d5b89353-e7af-467d-9dbb-80eee5429822 | ITER: 4 END: OK
2020-04-13 02:23:45.268 18678 INFO rally.task.runner [-] Task d5b89353-e7af-467d-9dbb-80eee5429822 | ITER: 8 START
2020-04-13 02:23:45.269 18678 RALLYDEBUG rally_openstack.wrappers.network [-] CIDR generated: 10.2.43.0/24
2020-04-13 02:23:52.373 18676 RALLYDEBUG rally.task.utils [-] Waiting for resource s_rally_2120fdf7_tsKbIEXY. Status changed: BUILD => ACTIVE in 6.894702672958374
2020-04-13 02:23:54.676 18680 RALLYDEBUG rally.task.utils [-] Waiting for resource s_rally_2120fdf7_ossPlzuj. Status changed: BUILD => ACTIVE in 8.951773881912231
2020-04-13 02:23:56.164 18676 INFO rally.task.runner [-] Task d5b89353-e7af-467d-9dbb-80eee5429822 | ITER: 7 END: OK
2020-04-13 02:23:56.171 18676 INFO rally.task.runner [-] Task d5b89353-e7af-467d-9dbb-80eee5429822 | ITER: 9 START
2020-04-13 02:23:56.172 18676 RALLYDEBUG rally_openstack.wrappers.network [-] CIDR generated: 10.2.44.0/24
2020-04-13 02:23:56.986 18677 RALLYDEBUG rally.task.utils [-] Waiting for resource s_rally_2120fdf7_0jfhKq3U. Status changed: BUILD => ACTIVE in 11.429220199584961
2020-04-13 02:23:57.554 18678 RALLYDEBUG rally.task.utils [-] Waiting for resource s_rally_2120fdf7_WPyg0a8S. Status changed: BUILD => ACTIVE in 9.023709535598755
2020-04-13 02:23:58.676 18680 INFO rally.task.runner [-] Task d5b89353-e7af-467d-9dbb-80eee5429822 | ITER: 6 END: OK
2020-04-13 02:23:58.680 18680 INFO rally.task.runner [-] Task d5b89353-e7af-467d-9dbb-80eee5429822 | ITER: 10 START
2020-04-13 02:23:58.681 18680 RALLYDEBUG rally_openstack.wrappers.network [-] CIDR generated: 10.2.45.0/24
2020-04-13 02:24:01.468 18677 INFO rally.task.runner [-] Task d5b89353-e7af-467d-9dbb-80eee5429822 | ITER: 5 END: OK
2020-04-13 02:24:01.869 18678 INFO rally.task.runner [-] Task d5b89353-e7af-467d-9dbb-80eee5429822 | ITER: 8 END: OK
2020-04-13 02:24:06.638 18676 RALLYDEBUG rally.task.utils [-] Waiting for resource s_rally_2120fdf7_dBHC0FlM. Status changed: BUILD => ACTIVE in 6.778624534606934
2020-04-13 02:24:08.931 18680 RALLYDEBUG rally.task.utils [-] Waiting for resource s_rally_2120fdf7_efG7YSQZ. Status changed: BUILD => ACTIVE in 6.822862148284912
2020-04-13 02:24:10.989 18676 INFO rally.task.runner [-] Task d5b89353-e7af-467d-9dbb-80eee5429822 | ITER: 9 END: OK
2020-04-13 02:24:13.686 18680 INFO rally.task.runner [-] Task d5b89353-e7af-467d-9dbb-80eee5429822 | ITER: 10 END: OK
2020-04-13 02:24:13.713 15661 INFO rally.task.context [-] Task d5b89353-e7af-467d-9dbb-80eee5429822 | Context cleanup@openstack cleanup() started
2020-04-13 02:24:13.720 15661 RALLYDEBUG rally_openstack.cleanup.manager [-] Cleaning up nova servers objects
2020-04-13 02:24:15.687 15661 RALLYDEBUG rally_openstack.cleanup.manager [-] Deleting nova.servers object s_rally_2120fdf7_efG7YSQZ (ef101899-ea07-4550-86b8-3218505a4dc8)
2020-04-13 02:24:15.704 15661 RALLYDEBUG rally_openstack.cleanup.manager [-] Deleting nova.servers object s_rally_2120fdf7_0jfhKq3U (71581e95-5498-4d45-8f92-87b1d1c28985)
2020-04-13 02:24:15.710 15661 RALLYDEBUG rally_openstack.cleanup.manager [-] Deleting nova.servers object s_rally_2120fdf7_WPyg0a8S (75ee5cb8-457f-41aa-b6c1-273d30c95d98)
2020-04-13 02:24:15.723 15661 RALLYDEBUG rally_openstack.cleanup.manager [-] Deleting nova.servers object s_rally_2120fdf7_dBHC0FlM (3a7a8c75-fc88-4b6c-85fc-ffadd5bd2bc1)
2020-04-13 02:24:15.743 15661 RALLYDEBUG rally_openstack.cleanup.manager [-] Deleting nova.servers object s_rally_2120fdf7_xNeak8i7 (22d2d488-c740-4fdb-9a2a-54c0685856b8)
2020-04-13 02:24:15.750 15661 RALLYDEBUG rally_openstack.cleanup.manager [-] Deleting nova.servers object s_rally_2120fdf7_rKAWHuCD (36459776-43ab-43b1-a845-095ffed8353b)
2020-04-13 02:24:15.776 15661 RALLYDEBUG rally_openstack.cleanup.manager [-] Deleting nova.servers object s_rally_2120fdf7_0rCgUkMG (90a8a324-2c7e-4f6a-9fc1-a4253ca70d8d)
2020-04-13 02:24:15.782 15661 RALLYDEBUG rally_openstack.cleanup.manager [-] Deleting nova.servers object s_rally_2120fdf7_ossPlzuj (617de8ec-5cbb-4d07-89f9-291571d73a3c)
2020-04-13 02:24:15.799 15661 RALLYDEBUG rally_openstack.cleanup.manager [-] Deleting nova.servers object s_rally_2120fdf7_tsKbIEXY (6d0c5917-b527-434a-b224-b2b542e72b3a)
2020-04-13 02:24:15.804 15661 RALLYDEBUG rally_openstack.cleanup.manager [-] Deleting nova.servers object s_rally_2120fdf7_gXwGCYGe (3dc2c14e-c171-4ecf-a8fd-fbf8d056d1ef)
2020-04-13 02:24:25.044 15661 RALLYDEBUG rally_openstack.cleanup.manager [-] Cleaning up nova server_groups objects
2020-04-13 02:24:25.529 15661 RALLYDEBUG rally_openstack.cleanup.manager [-] Cleaning up nova keypairs objects
2020-04-13 02:24:26.531 15661 RALLYDEBUG rally_openstack.cleanup.manager [-] Cleaning up neutron vip objects
2020-04-13 02:24:26.971 15661 RALLYDEBUG rally_openstack.cleanup.manager [-] Cleaning up neutron health_monitor objects
2020-04-13 02:24:27.403 15661 RALLYDEBUG rally_openstack.cleanup.manager [-] Cleaning up neutron pool objects
2020-04-13 02:24:27.821 15661 RALLYDEBUG rally_openstack.cleanup.manager [-] Cleaning up neutron loadbalancer objects
2020-04-13 02:24:28.266 15661 RALLYDEBUG rally_openstack.cleanup.manager [-] Cleaning up neutron floatingip objects
2020-04-13 02:24:28.852 15661 RALLYDEBUG rally_openstack.cleanup.manager [-] Cleaning up neutron trunk objects
2020-04-13 02:24:29.291 15661 RALLYDEBUG rally_openstack.cleanup.manager [-] Cleaning up neutron port objects
2020-04-13 02:24:30.611 15661 RALLYDEBUG rally_openstack.cleanup.manager [-] Cleaning up neutron subnet objects
2020-04-13 02:24:31.689 15661 RALLYDEBUG rally_openstack.cleanup.manager [-] Deleting neutron.subnet object s_rally_2120fdf7_ojUArlnI (6b240836-a36e-42e1-981e-20c18c6dfe0e)
2020-04-13 02:24:31.700 15661 RALLYDEBUG rally_openstack.cleanup.manager [-] Deleting neutron.subnet object s_rally_2120fdf7_BQU9Mq8r (fee57056-6179-42ed-9e2c-50b4c4be8c55)
2020-04-13 02:24:31.710 15661 RALLYDEBUG rally_openstack.cleanup.manager [-] Deleting neutron.subnet object s_rally_2120fdf7_or2xqZy1 (6189bb4f-1161-4d58-ba3c-d276b80d5a22)
2020-04-13 02:24:31.728 15661 RALLYDEBUG rally_openstack.cleanup.manager [-] Deleting neutron.subnet object s_rally_2120fdf7_rPclA9zb (12634ee2-5cc9-4f4a-9773-d23be2cca379)
2020-04-13 02:24:31.733 15661 RALLYDEBUG rally_openstack.cleanup.manager [-] Deleting neutron.subnet object s_rally_2120fdf7_u6thhxBc (aa037710-a68b-4546-80e6-4586bc09fa3f)
2020-04-13 02:24:31.678 15661 RALLYDEBUG rally_openstack.cleanup.manager [-] Deleting neutron.subnet object s_rally_2120fdf7_Awzd82pv (1150da80-9616-4794-af3c-0dd9fe92d7fc)
2020-04-13 02:24:31.756 15661 RALLYDEBUG rally_openstack.cleanup.manager [-] Deleting neutron.subnet object s_rally_2120fdf7_TbPCWIGL (a5a1aa61-f1ee-4a21-a4c4-7a2ea14d4a95)
2020-04-13 02:24:31.757 15661 RALLYDEBUG rally_openstack.cleanup.manager [-] Deleting neutron.subnet object s_rally_2120fdf7_QNGK3iZ7 (c34106b6-ea22-4e72-ab8d-656b56e63847)
2020-04-13 02:24:31.762 15661 RALLYDEBUG rally_openstack.cleanup.manager [-] Deleting neutron.subnet object s_rally_2120fdf7_nIevlxfA (af7ef8e5-c824-4043-8044-8fd5c76348bf)
2020-04-13 02:24:31.768 15661 RALLYDEBUG rally_openstack.cleanup.manager [-] Deleting neutron.subnet object s_rally_2120fdf7_5cvjZ0E9 (44fd4ccf-392a-4f29-9fbd-aa38bd47e328)
2020-04-13 02:24:39.010 15661 RALLYDEBUG rally_openstack.cleanup.manager [-] Cleaning up neutron network objects
2020-04-13 02:24:40.257 15661 RALLYDEBUG rally_openstack.cleanup.manager [-] Cleaning up neutron router objects
2020-04-13 02:24:41.142 15661 RALLYDEBUG rally_openstack.cleanup.manager [-] Cleaning up neutron security_group objects
2020-04-13 02:24:41.696 15661 INFO rally.task.context [-] Task d5b89353-e7af-467d-9dbb-80eee5429822 | Context cleanup@openstack cleanup() finished in 27.98 sec
2020-04-13 02:24:41.696 15661 INFO rally.task.context [-] Task d5b89353-e7af-467d-9dbb-80eee5429822 | Context network@openstack cleanup() started
2020-04-13 02:24:59.081 15661 INFO rally.task.context [-] Task d5b89353-e7af-467d-9dbb-80eee5429822 | Context network@openstack cleanup() finished in 17.38 sec
2020-04-13 02:24:59.081 15661 INFO rally.task.context [-] Task d5b89353-e7af-467d-9dbb-80eee5429822 | Context users@openstack cleanup() started
2020-04-13 02:24:59.214 15661 WARNING rally.common.logging [-] `iterate_per_tenants()' is deprecated in v3.0.0: it is openstack specific.. Used at
2020-04-13 02:25:01.697 15661 INFO rally.task.context [-] Task d5b89353-e7af-467d-9dbb-80eee5429822 | Context users@openstack cleanup() finished in 2.62 sec
2020-04-13 02:25:02.380 15661 INFO rally.task.engine [-] Load duration is: 50.037321
2020-04-13 02:25:02.381 15661 INFO rally.task.engine [-] Full runner duration is: 51.085549
2020-04-13 02:25:02.381 15661 INFO rally.task.engine [-] Full duration is: 113.86165
2020-04-13 02:25:02.479 15661 INFO rally.task.engine [-] Running workload: position = 0 config = { "version": 2, "title": "A cropped version of a bigger task.", "description": "Auto-generated task from a single workload (uuid=0d262c15-1fca-4eb7-9b6b-c122599d5325)", "subtasks": [ { "title": "NovaServers.boot_server_attach_volume_and_list_attachments", "description": "Create a VM, attach N volume to it and list server's attachemnt.", "scenario": { "NovaServers.boot_server_attach_volume_and_list_attachments": { "flavor": { "name": "rally_full-flavor_3c7bba65-cc43-4506-b198-47a10679b894" }, "image": { "name": "rally_full-img_3c7bba65-cc43-4506-b198-47a10679b894" }, "volume_size": 1, "volume_num": 1, "create_volume_kwargs": {}, "boot_server_kwargs": { "auto_assign_nic": true } } }, "contexts": { "users": { "tenants": 3, "users_per_tenant": 2 }, "network": {}, "api_versions": { "cinder": { "version": 3, "service_type": "volumev3" } } }, "runner": { "constant": { "concurrency": 4, "times": 10 } }, "hooks": [], "sla": { "failure_rate": { "max": 0 } } } ] }
2020-04-13 02:25:02.505 15661 RALLYDEBUG rally_openstack.contexts.keystone.users [-] Creating 3 tenants using 3 threads
2020-04-13 02:25:03.021 15661 RALLYDEBUG rally_openstack.contexts.keystone.users [-] Creating 6 users using 6 threads
2020-04-13 02:25:04.066 15661 INFO rally.task.context [-] Task d5b89353-e7af-467d-9dbb-80eee5429822 | Context users@openstack setup() finished in 1.56 sec
2020-04-13 02:25:04.201 15661 INFO rally.task.context [-] Task d5b89353-e7af-467d-9dbb-80eee5429822 | Context api_versions@openstack setup() finished in 0.13 sec
2020-04-13 02:25:04.259 15661 WARNING rally.common.logging [-] `iterate_per_tenants()' is deprecated in v3.0.0: it is openstack specific.. Used at
2020-04-13 02:25:06.227 15661 RALLYDEBUG rally_openstack.wrappers.network [-] CIDR generated: 10.2.46.0/24
2020-04-13 02:25:10.265 15661 RALLYDEBUG rally_openstack.wrappers.network [-] CIDR generated: 10.2.47.0/24
2020-04-13 02:25:14.771 15661 RALLYDEBUG rally_openstack.wrappers.network [-] CIDR generated: 10.2.48.0/24
2020-04-13 02:25:17.319 15661 INFO rally.task.context [-] Task d5b89353-e7af-467d-9dbb-80eee5429822 | Context network@openstack setup() finished in 13.12 sec
2020-04-13 02:25:17.319 15661 INFO rally.task.context [-] Task d5b89353-e7af-467d-9dbb-80eee5429822 | Context cleanup@openstack setup() finished in 0.01 msec
2020-04-13 02:25:17.778 15661 RALLYDEBUG rally.task.runner [-] Starting the constant runner (task UUID: d5b89353-e7af-467d-9dbb-80eee5429822). times: 10 concurrency: 4 timeout: 0 max_cpu_used: 88 processes_to_start: 4 concurrency_per_worker: 1 concurrency_overhead: 0
2020-04-13 02:25:17.791 19029 RALLYDEBUG rally.task.runner [-] Starting a worker. times: 10 duration: None concurrency: 1 timeout: 0 cls: method_name: run args: {"flavor": "16715136-d9c0-4d22-9bc8-65b99286c5e3", "image": "5e90f54d-1298-498d-a24a-b50a08500c89", "volume_size": 1, "volume_num": 1, "create_volume_kwargs": {}, "boot_server_kwargs": {"auto_assign_nic": true}}
2020-04-13 02:25:17.793 19030 RALLYDEBUG rally.task.runner [-] Starting a worker. times: 10 duration: None concurrency: 1 timeout: 0 cls: method_name: run args: {"flavor": "16715136-d9c0-4d22-9bc8-65b99286c5e3", "image": "5e90f54d-1298-498d-a24a-b50a08500c89", "volume_size": 1, "volume_num": 1, "create_volume_kwargs": {}, "boot_server_kwargs": {"auto_assign_nic": true}}
2020-04-13 02:25:17.796 19031 RALLYDEBUG rally.task.runner [-] Starting a worker. times: 10 duration: None concurrency: 1 timeout: 0 cls: method_name: run args: {"flavor": "16715136-d9c0-4d22-9bc8-65b99286c5e3", "image": "5e90f54d-1298-498d-a24a-b50a08500c89", "volume_size": 1, "volume_num": 1, "create_volume_kwargs": {}, "boot_server_kwargs": {"auto_assign_nic": true}}
2020-04-13 02:25:17.797 19029 INFO rally.task.runner [-] Task d5b89353-e7af-467d-9dbb-80eee5429822 | ITER: 1 START
2020-04-13 02:25:17.798 19032 RALLYDEBUG rally.task.runner [-] Starting a worker. times: 10 duration: None concurrency: 1 timeout: 0 cls: method_name: run args: {"flavor": "16715136-d9c0-4d22-9bc8-65b99286c5e3", "image": "5e90f54d-1298-498d-a24a-b50a08500c89", "volume_size": 1, "volume_num": 1, "create_volume_kwargs": {}, "boot_server_kwargs": {"auto_assign_nic": true}}
2020-04-13 02:25:17.799 19030 INFO rally.task.runner [-] Task d5b89353-e7af-467d-9dbb-80eee5429822 | ITER: 2 START
2020-04-13 02:25:17.803 19031 INFO rally.task.runner [-] Task d5b89353-e7af-467d-9dbb-80eee5429822 | ITER: 3 START
2020-04-13 02:25:17.806 19032 INFO rally.task.runner [-] Task d5b89353-e7af-467d-9dbb-80eee5429822 | ITER: 4 START
2020-04-13 02:25:29.605 19031 RALLYDEBUG rally.task.utils [-] Waiting for resource s_rally_0d262c15_2oml3TOM. Status changed: BUILD => ACTIVE in 9.22168517112732
2020-04-13 02:25:31.099 19030 RALLYDEBUG rally.task.utils [-] Waiting for resource s_rally_0d262c15_wnMDqIhy. Status changed: BUILD => ACTIVE in 11.280275344848633
2020-04-13 02:25:32.548 19032 RALLYDEBUG rally.task.utils [-] Waiting for resource s_rally_0d262c15_kQK9PZ9A. Status changed: BUILD => ACTIVE in 12.191648483276367
2020-04-13 02:25:33.033 19031 RALLYDEBUG rally.task.utils [-] Waiting for resource s_rally_0d262c15_pQ8ylaDV. Status changed: AVAILABLE => RESERVED in 0.2674074172973633
2020-04-13 02:25:33.984 19029 RALLYDEBUG rally.task.utils [-] Waiting for resource s_rally_0d262c15_LTIZvTbk. Status changed: BUILD => ACTIVE in 13.446354389190674
2020-04-13 02:25:34.175 19030 RALLYDEBUG rally.task.utils [-] Waiting for resource s_rally_0d262c15_6nkSpIQ7. Status changed: AVAILABLE => RESERVED in 0.1875476837158203
2020-04-13 02:25:35.256 19031 RALLYDEBUG rally.task.utils [-] Waiting for resource s_rally_0d262c15_pQ8ylaDV. Status changed: RESERVED => IN-USE in 2.2227938175201416
2020-04-13 02:25:35.328 19031 INFO rally.task.runner [-] Task d5b89353-e7af-467d-9dbb-80eee5429822 | ITER: 3 END: OK
2020-04-13 02:25:35.333 19031 INFO rally.task.runner [-] Task d5b89353-e7af-467d-9dbb-80eee5429822 | ITER: 5 START
2020-04-13 02:25:35.779 19032 RALLYDEBUG rally.task.utils [-] Waiting for resource s_rally_0d262c15_10UQsksD. Status changed: AVAILABLE => RESERVED in 0.21156024932861328
2020-04-13 02:25:36.388 19030 RALLYDEBUG rally.task.utils [-] Waiting for resource s_rally_0d262c15_6nkSpIQ7. Status changed: RESERVED => IN-USE in 2.213169574737549
2020-04-13 02:25:36.457 19030 INFO rally.task.runner [-] Task d5b89353-e7af-467d-9dbb-80eee5429822 | ITER: 2 END: OK
2020-04-13 02:25:36.462 19030 INFO rally.task.runner [-] Task d5b89353-e7af-467d-9dbb-80eee5429822 | ITER: 6 START
2020-04-13 02:25:36.986 19029 RALLYDEBUG rally.task.utils [-] Waiting for resource s_rally_0d262c15_sRXF9hPn. Status changed: AVAILABLE => RESERVED in 0.18373560905456543
2020-04-13 02:25:37.980 19032 RALLYDEBUG rally.task.utils [-] Waiting for resource s_rally_0d262c15_10UQsksD. Status changed: RESERVED => IN-USE in 2.2013862133026123
2020-04-13 02:25:38.060 19032 INFO rally.task.runner [-] Task d5b89353-e7af-467d-9dbb-80eee5429822 | ITER: 4 END: OK
2020-04-13 02:25:38.066 19032 INFO rally.task.runner [-] Task d5b89353-e7af-467d-9dbb-80eee5429822 | ITER: 7 START
2020-04-13 02:25:39.193 19029 RALLYDEBUG rally.task.utils [-] Waiting for resource s_rally_0d262c15_sRXF9hPn. Status changed: RESERVED => IN-USE in 2.207490921020508
2020-04-13 02:25:39.270 19029 INFO rally.task.runner [-] Task d5b89353-e7af-467d-9dbb-80eee5429822 | ITER: 1 END: OK
2020-04-13 02:25:39.276 19029 INFO rally.task.runner [-] Task d5b89353-e7af-467d-9dbb-80eee5429822 | ITER: 8 START
2020-04-13 02:25:44.798 19031 RALLYDEBUG rally.task.utils [-] Waiting for resource s_rally_0d262c15_3m3D8hU0. Status changed: BUILD => ACTIVE in 6.882620096206665
2020-04-13 02:25:47.422 19030 RALLYDEBUG rally.task.utils [-] Waiting for resource s_rally_0d262c15_Peeq1LT0. Status changed: BUILD => ACTIVE in 9.035385370254517
2020-04-13 02:25:47.985 19031 RALLYDEBUG rally.task.utils [-] Waiting for resource s_rally_0d262c15_vYYvOExk. Status changed: AVAILABLE => RESERVED in 0.1931476593017578
2020-04-13 02:25:48.430 19029 RALLYDEBUG rally.task.utils [-] Waiting for resource s_rally_0d262c15_7YUl0y6j. Status changed: BUILD => ACTIVE in 7.172867298126221
2020-04-13 02:25:49.334 19032 RALLYDEBUG rally.task.utils [-] Waiting for resource s_rally_0d262c15_40NL5RLN. Status changed: BUILD => ACTIVE in 9.1018648147583
2020-04-13 02:25:50.179 19031 RALLYDEBUG rally.task.utils [-] Waiting for resource s_rally_0d262c15_vYYvOExk. Status changed: RESERVED => IN-USE in 2.193380832672119
2020-04-13 02:25:50.251 19031 INFO rally.task.runner [-] Task d5b89353-e7af-467d-9dbb-80eee5429822 | ITER: 5 END: OK
2020-04-13 02:25:50.258 19031 INFO rally.task.runner [-] Task d5b89353-e7af-467d-9dbb-80eee5429822 | ITER: 9 START
2020-04-13 02:25:50.473 19030 RALLYDEBUG rally.task.utils [-] Waiting for resource s_rally_0d262c15_lE1HMfeo. Status changed: AVAILABLE => RESERVED in 0.2103128433227539
2020-04-13 02:25:51.440 19029 RALLYDEBUG rally.task.utils [-] Waiting for resource s_rally_0d262c15_KXLeMYJm. Status changed: AVAILABLE => RESERVED in 0.19777703285217285
2020-04-13 02:25:52.367 19032 RALLYDEBUG rally.task.utils [-] Waiting for resource s_rally_0d262c15_ZRY29ISn. Status changed: AVAILABLE => RESERVED in 0.1937863826751709
2020-04-13 02:25:52.696 19030 RALLYDEBUG rally.task.utils [-] Waiting for resource s_rally_0d262c15_lE1HMfeo. Status changed: RESERVED => IN-USE in 2.223069906234741
2020-04-13 02:25:52.784 19030 INFO rally.task.runner [-] Task d5b89353-e7af-467d-9dbb-80eee5429822 | ITER: 6 END: OK
2020-04-13 02:25:52.791 19030 INFO rally.task.runner [-] Task d5b89353-e7af-467d-9dbb-80eee5429822 | ITER: 10 START
2020-04-13 02:25:53.640 19029 RALLYDEBUG rally.task.utils [-] Waiting for resource s_rally_0d262c15_KXLeMYJm. Status changed: RESERVED => IN-USE in 2.200502395629883
2020-04-13 02:25:53.716 19029 INFO rally.task.runner [-] Task d5b89353-e7af-467d-9dbb-80eee5429822 | ITER: 8 END: OK
2020-04-13 02:25:54.575 19032 RALLYDEBUG rally.task.utils [-] Waiting for resource s_rally_0d262c15_ZRY29ISn. Status changed: RESERVED => IN-USE in 2.2077314853668213
2020-04-13 02:25:54.649 19032 INFO rally.task.runner [-] Task d5b89353-e7af-467d-9dbb-80eee5429822 | ITER: 7 END: OK
2020-04-13 02:25:59.637 19031 RALLYDEBUG rally.task.utils [-] Waiting for resource s_rally_0d262c15_dL5TU0Wc. Status changed: BUILD => ACTIVE in 7.336183309555054
2020-04-13 02:26:02.432 19030 RALLYDEBUG rally.task.utils [-] Waiting for resource s_rally_0d262c15_zAsVJI2i. Status changed: BUILD => ACTIVE in 7.2052624225616455
2020-04-13 02:26:02.701 19031 RALLYDEBUG rally.task.utils [-] Waiting for resource s_rally_0d262c15_bRgQ66tV. Status changed: AVAILABLE => RESERVED in 0.18905425071716309
2020-04-13 02:26:04.924 19031 RALLYDEBUG rally.task.utils [-] Waiting for resource s_rally_0d262c15_bRgQ66tV. Status changed: RESERVED => IN-USE in 2.223128318786621
2020-04-13 02:26:04.998 19031 INFO rally.task.runner [-] Task d5b89353-e7af-467d-9dbb-80eee5429822 | ITER: 9 END: OK
2020-04-13 02:26:05.599 19030 RALLYDEBUG rally.task.utils [-] Waiting for resource s_rally_0d262c15_rwgTg335. Status changed: AVAILABLE => RESERVED in 0.21102666854858398
2020-04-13 02:26:07.995 19030 RALLYDEBUG rally.task.utils [-] Waiting for resource s_rally_0d262c15_rwgTg335. Status changed: RESERVED => IN-USE in 2.3967370986938477
2020-04-13 02:26:08.074 19030 INFO rally.task.runner [-] Task d5b89353-e7af-467d-9dbb-80eee5429822 | ITER: 10 END: OK
2020-04-13 02:26:08.107 15661 INFO rally.task.context [-] Task d5b89353-e7af-467d-9dbb-80eee5429822 | Context cleanup@openstack cleanup() started
2020-04-13 02:26:08.114 15661 RALLYDEBUG rally_openstack.cleanup.manager [-] Cleaning up nova servers objects
2020-04-13 02:26:10.121 15661 RALLYDEBUG rally_openstack.cleanup.manager [-] Deleting nova.servers object s_rally_0d262c15_zAsVJI2i (99cd0bb8-32e6-4942-a9d4-e97153e44aa9)
2020-04-13 02:26:10.143 15661 RALLYDEBUG rally_openstack.cleanup.manager [-] Deleting nova.servers object s_rally_0d262c15_dL5TU0Wc (c89e5d3a-fbe7-4baf-9d15-3159de21790f)
2020-04-13 02:26:10.143 15661 RALLYDEBUG rally_openstack.cleanup.manager [-] Deleting nova.servers object s_rally_0d262c15_wnMDqIhy (a1395f4c-27af-4772-90d2-0dd764174cd2)
2020-04-13 02:26:10.154 15661 RALLYDEBUG rally_openstack.cleanup.manager [-] Deleting nova.servers object s_rally_0d262c15_40NL5RLN (0b4d2e9f-059b-4858-a362-5ed8f6f88b10)
2020-04-13 02:26:10.170 15661 RALLYDEBUG rally_openstack.cleanup.manager [-] Deleting nova.servers object s_rally_0d262c15_7YUl0y6j (7eaab866-58b4-4266-a185-18dc8af0b3fe)
2020-04-13 02:26:10.177 15661 RALLYDEBUG rally_openstack.cleanup.manager [-] Deleting nova.servers object s_rally_0d262c15_kQK9PZ9A (d57b2f10-f4da-43b6-bfda-2cea7d19bbe2)
2020-04-13 02:26:10.185 15661 RALLYDEBUG rally_openstack.cleanup.manager [-] Deleting nova.servers object s_rally_0d262c15_Peeq1LT0 (7bccb0a4-c5d6-4bf7-91d8-c7e3ef88e799)
2020-04-13 02:26:10.199 15661 RALLYDEBUG rally_openstack.cleanup.manager [-] Deleting nova.servers object s_rally_0d262c15_3m3D8hU0 (8d1ed42b-4162-492e-819d-2a8ed9f73cc1)
2020-04-13 02:26:10.211 15661 RALLYDEBUG rally_openstack.cleanup.manager [-] Deleting nova.servers object s_rally_0d262c15_LTIZvTbk (e186b1dd-6185-4679-9475-7ad297ccd468)
2020-04-13 02:26:10.217 15661 RALLYDEBUG rally_openstack.cleanup.manager [-] Deleting nova.servers object s_rally_0d262c15_2oml3TOM (40fc449c-eca4-4d8e-a369-255c724c1d15)
2020-04-13 02:26:18.402 15661 RALLYDEBUG rally_openstack.cleanup.manager [-] Cleaning up nova server_groups objects
2020-04-13 02:26:18.900 15661 RALLYDEBUG rally_openstack.cleanup.manager [-] Cleaning up nova keypairs objects
2020-04-13 02:26:19.969 15661 RALLYDEBUG rally_openstack.cleanup.manager [-] Cleaning up cinder backups objects
2020-04-13 02:26:20.452 15661 RALLYDEBUG rally_openstack.cleanup.manager [-] Cleaning up cinder volume_snapshots objects
2020-04-13 02:26:20.904 15661 RALLYDEBUG rally_openstack.cleanup.manager [-] Cleaning up cinder transfers objects
2020-04-13 02:26:21.354 15661 RALLYDEBUG rally_openstack.cleanup.manager [-] Cleaning up cinder volumes objects
2020-04-13 02:26:21.872 15661 RALLYDEBUG rally_openstack.cleanup.manager [-] Deleting cinder.volumes object s_rally_0d262c15_rwgTg335 (654cc230-bbb9-4ad2-9f55-51c0f49462e3)
2020-04-13 02:26:21.890 15661 RALLYDEBUG rally_openstack.cleanup.manager [-] Deleting cinder.volumes object s_rally_0d262c15_6nkSpIQ7 (ea2e6ac7-b3b4-452f-a1ac-4d0265b62e6f)
2020-04-13 02:26:21.890 15661 RALLYDEBUG rally_openstack.cleanup.manager [-] Deleting cinder.volumes object s_rally_0d262c15_10UQsksD (18098511-b1fd-4758-816b-b0906d3f2512)
2020-04-13 02:26:21.909 15661 RALLYDEBUG rally_openstack.cleanup.manager [-] Deleting cinder.volumes object s_rally_0d262c15_KXLeMYJm (422511bb-ac4a-443c-8e2c-0dc9ccf99a40)
2020-04-13 02:26:21.916 15661 RALLYDEBUG rally_openstack.cleanup.manager [-] Deleting cinder.volumes object s_rally_0d262c15_bRgQ66tV (82b8857c-160c-4d4f-9dbf-bb06ba70b327)
2020-04-13 02:26:21.927 15661 RALLYDEBUG rally_openstack.cleanup.manager [-] Deleting cinder.volumes object s_rally_0d262c15_ZRY29ISn (09f60912-2d4b-4c8d-a222-f222e05b7023)
2020-04-13 02:26:21.938 15661 RALLYDEBUG rally_openstack.cleanup.manager [-] Deleting cinder.volumes object s_rally_0d262c15_vYYvOExk (8eba2460-0f1d-40b5-8efd-c330af8c3d2a)
2020-04-13 02:26:21.943 15661 RALLYDEBUG rally_openstack.cleanup.manager [-] Deleting cinder.volumes object s_rally_0d262c15_sRXF9hPn (8046ed8d-9691-4c13-9eee-8a60f1c47ada)
2020-04-13 02:26:21.932 15661 RALLYDEBUG rally_openstack.cleanup.manager [-] Deleting cinder.volumes object s_rally_0d262c15_lE1HMfeo (e0c0312b-52ac-44d9-8df3-4d7a3a32d056)
2020-04-13 02:26:21.960 15661 RALLYDEBUG rally_openstack.cleanup.manager [-] Deleting cinder.volumes object s_rally_0d262c15_pQ8ylaDV (6f45e7aa-ab92-41a6-85b9-08df0b77df35)
2020-04-13 02:26:24.521 15661 INFO rally.task.context [-] Task d5b89353-e7af-467d-9dbb-80eee5429822 | Context cleanup@openstack cleanup() finished in 16.41 sec
2020-04-13 02:26:24.521 15661 INFO rally.task.context [-] Task d5b89353-e7af-467d-9dbb-80eee5429822 | Context network@openstack cleanup() started
2020-04-13 02:26:45.629 15661 INFO rally.task.context [-] Task d5b89353-e7af-467d-9dbb-80eee5429822 | Context network@openstack cleanup() finished in 21.11 sec
2020-04-13 02:26:45.630 15661 INFO rally.task.context [-] Task d5b89353-e7af-467d-9dbb-80eee5429822 | Context api_versions@openstack cleanup() started
2020-04-13 02:26:45.630 15661 INFO rally.task.context [-] Task d5b89353-e7af-467d-9dbb-80eee5429822 | Context api_versions@openstack cleanup() finished in 0.35 msec
2020-04-13 02:26:45.631 15661 INFO rally.task.context [-] Task d5b89353-e7af-467d-9dbb-80eee5429822 | Context users@openstack cleanup() started
2020-04-13 02:26:45.784 15661 WARNING rally.common.logging [-] `iterate_per_tenants()' is deprecated in v3.0.0: it is openstack specific.. Used at
2020-04-13 02:26:48.055 15661 INFO rally.task.context [-] Task d5b89353-e7af-467d-9dbb-80eee5429822 | Context users@openstack cleanup() finished in 2.42 sec
2020-04-13 02:26:48.997 15661 INFO rally.task.engine [-] Load duration is: 49.272331
2020-04-13 02:26:48.998 15661 INFO rally.task.engine [-] Full runner duration is: 50.32896
2020-04-13 02:26:48.998 15661 INFO rally.task.engine [-] Full duration is: 105.553862
2020-04-13 02:26:49.091 15661 INFO rally.task.engine [-] Running workload: position = 0 config = { "version": 2, "title": "A cropped version of a bigger task.", "description": "Auto-generated task from a single workload (uuid=31b4c66f-c6da-42ba-ad4b-28ca38bae7e9)", "subtasks": [ { "title": "NovaServers.boot_server_associate_and_dissociate_floating_ip", "description": "Boot a server associate and dissociate a floating IP from it.", "scenario": { "NovaServers.boot_server_associate_and_dissociate_floating_ip": { "flavor": { "name": "rally_full-flavor_3c7bba65-cc43-4506-b198-47a10679b894" }, "image": { "name": "rally_full-img_3c7bba65-cc43-4506-b198-47a10679b894" }, "create_floating_ip_args": { "ext_network": "public" }, "nics": [ { "net-id": "f511ef3b-576a-4496-a8c5-9294ddbf9583" } ] } }, "contexts": { "users": { "tenants": 3, "users_per_tenant": 2 }, "network": {} }, "runner": { "constant": { "concurrency": 4, "times": 10 } }, "hooks": [], "sla": { "failure_rate": { "max": 0 } } } ] }
2020-04-13 02:26:49.112 15661 RALLYDEBUG rally_openstack.contexts.keystone.users [-] Creating 3 tenants using 3 threads
2020-04-13 02:26:49.609 15661 RALLYDEBUG rally_openstack.contexts.keystone.users [-] Creating 6 users using 6 threads
2020-04-13 02:26:50.652 15661 INFO rally.task.context [-] Task d5b89353-e7af-467d-9dbb-80eee5429822 | Context users@openstack setup() finished in 1.54 sec
2020-04-13 02:26:50.710 15661 WARNING rally.common.logging [-] `iterate_per_tenants()' is deprecated in v3.0.0: it is openstack specific.. Used at
2020-04-13 02:26:52.641 15661 RALLYDEBUG rally_openstack.wrappers.network [-] CIDR generated: 10.2.49.0/24
2020-04-13 02:26:56.987 15661 RALLYDEBUG rally_openstack.wrappers.network [-] CIDR generated: 10.2.50.0/24
2020-04-13 02:27:01.343 15661 RALLYDEBUG rally_openstack.wrappers.network [-] CIDR generated: 10.2.51.0/24
2020-04-13 02:27:03.950 15661 INFO rally.task.context [-] Task d5b89353-e7af-467d-9dbb-80eee5429822 | Context network@openstack setup() finished in 13.30 sec
2020-04-13 02:27:03.951 15661 INFO rally.task.context [-] Task d5b89353-e7af-467d-9dbb-80eee5429822 | Context cleanup@openstack setup() finished in 0.01 msec
2020-04-13 02:27:04.461 15661 RALLYDEBUG rally.task.runner [-] Starting the constant runner (task UUID: d5b89353-e7af-467d-9dbb-80eee5429822). times: 10 concurrency: 4 timeout: 0 max_cpu_used: 88 processes_to_start: 4 concurrency_per_worker: 1 concurrency_overhead: 0
2020-04-13 02:27:04.474 19242 RALLYDEBUG rally.task.runner [-] Starting a worker. times: 10 duration: None concurrency: 1 timeout: 0 cls: method_name: run args: {"flavor": "16715136-d9c0-4d22-9bc8-65b99286c5e3", "image": "5e90f54d-1298-498d-a24a-b50a08500c89", "create_floating_ip_args": {"ext_network": "public"}, "nics": [{"net-id": "f511ef3b-576a-4496-a8c5-9294ddbf9583"}]}
2020-04-13 02:27:04.478 19243 RALLYDEBUG rally.task.runner [-] Starting a worker. times: 10 duration: None concurrency: 1 timeout: 0 cls: method_name: run args: {"flavor": "16715136-d9c0-4d22-9bc8-65b99286c5e3", "image": "5e90f54d-1298-498d-a24a-b50a08500c89", "create_floating_ip_args": {"ext_network": "public"}, "nics": [{"net-id": "f511ef3b-576a-4496-a8c5-9294ddbf9583"}]}
2020-04-13 02:27:04.481 19242 INFO rally.task.runner [-] Task d5b89353-e7af-467d-9dbb-80eee5429822 | ITER: 1 START
2020-04-13 02:27:04.481 19244 RALLYDEBUG rally.task.runner [-] Starting a worker. times: 10 duration: None concurrency: 1 timeout: 0 cls: method_name: run args: {"flavor": "16715136-d9c0-4d22-9bc8-65b99286c5e3", "image": "5e90f54d-1298-498d-a24a-b50a08500c89", "create_floating_ip_args": {"ext_network": "public"}, "nics": [{"net-id": "f511ef3b-576a-4496-a8c5-9294ddbf9583"}]}
2020-04-13 02:27:04.484 19245 RALLYDEBUG rally.task.runner [-] Starting a worker. times: 10 duration: None concurrency: 1 timeout: 0 cls: method_name: run args: {"flavor": "16715136-d9c0-4d22-9bc8-65b99286c5e3", "image": "5e90f54d-1298-498d-a24a-b50a08500c89", "create_floating_ip_args": {"ext_network": "public"}, "nics": [{"net-id": "f511ef3b-576a-4496-a8c5-9294ddbf9583"}]}
2020-04-13 02:27:04.485 19243 INFO rally.task.runner [-] Task d5b89353-e7af-467d-9dbb-80eee5429822 | ITER: 2 START
2020-04-13 02:27:04.488 19244 INFO rally.task.runner [-] Task d5b89353-e7af-467d-9dbb-80eee5429822 | ITER: 3 START
2020-04-13 02:27:04.491 19245 INFO rally.task.runner [-] Task d5b89353-e7af-467d-9dbb-80eee5429822 | ITER: 4 START
2020-04-13 02:27:13.694 19243 RALLYDEBUG rally.task.utils [-] Waiting for resource s_rally_31b4c66f_P9eocMOJ. Status changed: BUILD => ACTIVE in 7.1384711265563965
2020-04-13 02:27:15.127 19243 WARNING /usr/lib/python3.7/site-packages/rally_openstack/scenarios/nova/utils.py [-] The argument 'address' of NovaScenario._associate_floating_ip method accepts a dict-like representation of floating ip. Transmitting a string with just an IP is deprecated.
2020-04-13 02:27:16.081 19245 RALLYDEBUG rally.task.utils [-] Waiting for resource s_rally_31b4c66f_ojfSdCm3. Status changed: BUILD => ACTIVE in 9.487956285476685
2020-04-13 02:27:16.652 19243 WARNING rally.common.logging [-] `wait_for()' is deprecated in v0.1.2: Use wait_for_status instead.. Used at
2020-04-13 02:27:16.653 19243 WARNING rally.common.logging [-] `wait_is_ready()' is deprecated in v0.1.2: Use wait_for_status instead.. Used at
2020-04-13 02:27:17.924 19245 WARNING /usr/lib/python3.7/site-packages/rally_openstack/scenarios/nova/utils.py [-] The argument 'address' of NovaScenario._associate_floating_ip method accepts a dict-like representation of floating ip. Transmitting a string with just an IP is deprecated.
2020-04-13 02:27:18.005 19242 RALLYDEBUG rally.task.utils [-] Waiting for resource s_rally_31b4c66f_Ix5GSZ0h. Status changed: BUILD => ACTIVE in 11.18104100227356
2020-04-13 02:27:18.832 19243 WARNING /usr/lib/python3.7/site-packages/rally_openstack/scenarios/nova/utils.py [-] The argument 'address' of NovaScenario._dissociate_floating_ip method accepts a dict-like representation of floating ip. Transmitting a string with just an IP is deprecated.
2020-04-13 02:27:19.531 19245 WARNING rally.common.logging [-] `wait_for()' is deprecated in v0.1.2: Use wait_for_status instead.. Used at
2020-04-13 02:27:19.533 19245 WARNING rally.common.logging [-] `wait_is_ready()' is deprecated in v0.1.2: Use wait_for_status instead.. Used at
2020-04-13 02:27:19.872 19242 WARNING /usr/lib/python3.7/site-packages/rally_openstack/scenarios/nova/utils.py [-] The argument 'address' of NovaScenario._associate_floating_ip method accepts a dict-like representation of floating ip. Transmitting a string with just an IP is deprecated.
2020-04-13 02:27:20.093 19244 RALLYDEBUG rally.task.utils [-] Waiting for resource s_rally_31b4c66f_uZ7OPy3F. Status changed: BUILD => ACTIVE in 13.42885947227478
2020-04-13 02:27:21.158 19245 WARNING /usr/lib/python3.7/site-packages/rally_openstack/scenarios/nova/utils.py [-] The argument 'address' of NovaScenario._dissociate_floating_ip method accepts a dict-like representation of floating ip. Transmitting a string with just an IP is deprecated.
2020-04-13 02:27:21.345 19242 WARNING rally.common.logging [-] `wait_for()' is deprecated in v0.1.2: Use wait_for_status instead.. Used at
2020-04-13 02:27:21.346 19242 WARNING rally.common.logging [-] `wait_is_ready()' is deprecated in v0.1.2: Use wait_for_status instead.. Used at
2020-04-13 02:27:22.880 19244 WARNING /usr/lib/python3.7/site-packages/rally_openstack/scenarios/nova/utils.py [-] The argument 'address' of NovaScenario._associate_floating_ip method accepts a dict-like representation of floating ip. Transmitting a string with just an IP is deprecated.
2020-04-13 02:27:23.236 19243 INFO rally.task.runner [-] Task d5b89353-e7af-467d-9dbb-80eee5429822 | ITER: 2 END: OK
2020-04-13 02:27:23.241 19243 INFO rally.task.runner [-] Task d5b89353-e7af-467d-9dbb-80eee5429822 | ITER: 5 START
2020-04-13 02:27:23.673 19245 INFO rally.task.runner [-] Task d5b89353-e7af-467d-9dbb-80eee5429822 | ITER: 4 END: OK
2020-04-13 02:27:23.679 19245 INFO rally.task.runner [-] Task d5b89353-e7af-467d-9dbb-80eee5429822 | ITER: 6 START
2020-04-13 02:27:24.206 19242 WARNING /usr/lib/python3.7/site-packages/rally_openstack/scenarios/nova/utils.py [-] The argument 'address' of NovaScenario._dissociate_floating_ip method accepts a dict-like representation of floating ip. Transmitting a string with just an IP is deprecated.
2020-04-13 02:27:24.272 19244 WARNING rally.common.logging [-] `wait_for()' is deprecated in v0.1.2: Use wait_for_status instead.. Used at
2020-04-13 02:27:24.273 19244 WARNING rally.common.logging [-] `wait_is_ready()' is deprecated in v0.1.2: Use wait_for_status instead.. Used at
2020-04-13 02:27:25.889 19244 WARNING /usr/lib/python3.7/site-packages/rally_openstack/scenarios/nova/utils.py [-] The argument 'address' of NovaScenario._dissociate_floating_ip method accepts a dict-like representation of floating ip. Transmitting a string with just an IP is deprecated.
2020-04-13 02:27:27.539 19242 INFO rally.task.runner [-] Task d5b89353-e7af-467d-9dbb-80eee5429822 | ITER: 1 END: OK
2020-04-13 02:27:27.544 19242 INFO rally.task.runner [-] Task d5b89353-e7af-467d-9dbb-80eee5429822 | ITER: 7 START
2020-04-13 02:27:28.967 19244 INFO rally.task.runner [-] Task d5b89353-e7af-467d-9dbb-80eee5429822 | ITER: 3 END: OK
2020-04-13 02:27:28.974 19244 INFO rally.task.runner [-] Task d5b89353-e7af-467d-9dbb-80eee5429822 | ITER: 8 START
2020-04-13 02:27:34.906 19243 RALLYDEBUG rally.task.utils [-] Waiting for resource s_rally_31b4c66f_st6kk3wl. Status changed: BUILD => ACTIVE in 9.290480613708496
2020-04-13 02:27:36.202 19243 WARNING /usr/lib/python3.7/site-packages/rally_openstack/scenarios/nova/utils.py [-] The argument 'address' of NovaScenario._associate_floating_ip method accepts a dict-like representation of floating ip. Transmitting a string with just an IP is deprecated.
2020-04-13 02:27:36.910 19242 RALLYDEBUG rally.task.utils [-] Waiting for resource s_rally_31b4c66f_RQYZ5VJt. Status changed: BUILD => ACTIVE in 7.325589418411255
2020-04-13 02:27:37.564 19245 RALLYDEBUG rally.task.utils [-] Waiting for resource s_rally_31b4c66f_ru5RTx0f. Status changed: BUILD => ACTIVE in 11.690626859664917
2020-04-13 02:27:39.176 19245 WARNING /usr/lib/python3.7/site-packages/rally_openstack/scenarios/nova/utils.py [-] The argument 'address' of NovaScenario._associate_floating_ip method accepts a dict-like representation of floating ip. Transmitting a string with just an IP is deprecated.
2020-04-13 02:27:39.245 19242 WARNING /usr/lib/python3.7/site-packages/rally_openstack/scenarios/nova/utils.py [-] The argument 'address' of NovaScenario._associate_floating_ip method accepts a dict-like representation of floating ip. Transmitting a string with just an IP is deprecated.
2020-04-13 02:27:40.388 19244 RALLYDEBUG rally.task.utils [-] Waiting for resource s_rally_31b4c66f_VZMbLVeu. Status changed: BUILD => ACTIVE in 9.414285898208618
2020-04-13 02:27:40.876 19243 WARNING /usr/lib/python3.7/site-packages/rally_openstack/scenarios/nova/utils.py [-] The argument 'address' of NovaScenario._dissociate_floating_ip method accepts a dict-like representation of floating ip. Transmitting a string with just an IP is deprecated.
2020-04-13 02:27:42.643 19244 WARNING /usr/lib/python3.7/site-packages/rally_openstack/scenarios/nova/utils.py [-] The argument 'address' of NovaScenario._associate_floating_ip method accepts a dict-like representation of floating ip. Transmitting a string with just an IP is deprecated.
2020-04-13 02:27:43.131 19242 WARNING /usr/lib/python3.7/site-packages/rally_openstack/scenarios/nova/utils.py [-] The argument 'address' of NovaScenario._dissociate_floating_ip method accepts a dict-like representation of floating ip. Transmitting a string with just an IP is deprecated.
2020-04-13 02:27:43.871 19245 WARNING /usr/lib/python3.7/site-packages/rally_openstack/scenarios/nova/utils.py [-] The argument 'address' of NovaScenario._dissociate_floating_ip method accepts a dict-like representation of floating ip. Transmitting a string with just an IP is deprecated.
