2020-04-13 02:31:02.423 19940 INFO rally.task.engine [-] Task bba2bdd0-8cda-45fa-9394-5ad1457ca111 | Completed: Task validation of semantic.
2020-04-13 02:31:02.424 19940 INFO rally.task.engine [-] Task bba2bdd0-8cda-45fa-9394-5ad1457ca111 | Completed: Task validation.
2020-04-13 02:31:02.424 19940 INFO rally.api [-] Task bba2bdd0-8cda-45fa-9394-5ad1457ca111 input file is valid.
2020-04-13 02:31:02.424 19940 INFO rally.api [-] Run Task bba2bdd0-8cda-45fa-9394-5ad1457ca111 against Deployment 096b3cb0-2486-4753-a504-bece56b4d587
2020-04-13 02:31:02.425 19940 INFO rally.task.engine [-] Task bba2bdd0-8cda-45fa-9394-5ad1457ca111 | Starting: Running task.
2020-04-13 02:31:02.476 19940 INFO rally.task.engine [-] Running workload: position = 0 config = { "version": 2, "title": "A cropped version of a bigger task.", "description": "Auto-generated task from a single workload (uuid=68832108-af05-4074-b6ad-15238471bdad)", "subtasks": [ { "title": "Quotas.cinder_update_and_delete", "description": "Update and Delete quotas for Cinder.", "scenario": { "Quotas.cinder_update_and_delete": { "max_quota": 1024 } }, "contexts": { "users": { "tenants": 3, "users_per_tenant": 2 }, "api_versions": { "cinder": { "version": 3, "service_type": "volumev3" } } }, "runner": { "constant": { "concurrency": 4, "times": 10 } }, "hooks": [], "sla": { "failure_rate": { "max": 0 } } } ] }
2020-04-13 02:31:02.493 19940 RALLYDEBUG rally_openstack.contexts.keystone.users [-] Creating 3 tenants using 3 threads
2020-04-13 02:31:02.976 19940 RALLYDEBUG rally_openstack.contexts.keystone.users [-] Creating 6 users using 6 threads
2020-04-13 02:31:03.900 19940 INFO rally.task.context [-] Task bba2bdd0-8cda-45fa-9394-5ad1457ca111 | Context users@openstack setup() finished in 1.41 sec
2020-04-13 02:31:04.038 19940 INFO rally.task.context [-] Task bba2bdd0-8cda-45fa-9394-5ad1457ca111 | Context api_versions@openstack setup() finished in 0.14 sec
2020-04-13 02:31:04.039 19940 INFO rally.task.context [-] Task bba2bdd0-8cda-45fa-9394-5ad1457ca111 | Context admin_cleanup@openstack setup() finished in 0.00 msec
2020-04-13 02:31:04.049 19940 RALLYDEBUG rally.task.runner [-] Starting the constant runner (task UUID: bba2bdd0-8cda-45fa-9394-5ad1457ca111). times: 10 concurrency: 4 timeout: 0 max_cpu_used: 88 processes_to_start: 4 concurrency_per_worker: 1 concurrency_overhead: 0
2020-04-13 02:31:04.066 19995 RALLYDEBUG rally.task.runner [-] Starting a worker. times: 10 duration: None concurrency: 1 timeout: 0 cls: method_name: run args: {"max_quota": 1024}
2020-04-13 02:31:04.070 19996 RALLYDEBUG rally.task.runner [-] Starting a worker. times: 10 duration: None concurrency: 1 timeout: 0 cls: method_name: run args: {"max_quota": 1024}
2020-04-13 02:31:04.071 19995 INFO rally.task.runner [-] Task bba2bdd0-8cda-45fa-9394-5ad1457ca111 | ITER: 1 START
2020-04-13 02:31:04.073 19997 RALLYDEBUG rally.task.runner [-] Starting a worker. times: 10 duration: None concurrency: 1 timeout: 0 cls: method_name: run args: {"max_quota": 1024}
2020-04-13 02:31:04.076 20000 RALLYDEBUG rally.task.runner [-] Starting a worker. times: 10 duration: None concurrency: 1 timeout: 0 cls: method_name: run args: {"max_quota": 1024}
2020-04-13 02:31:04.077 19996 INFO rally.task.runner [-] Task bba2bdd0-8cda-45fa-9394-5ad1457ca111 | ITER: 2 START
2020-04-13 02:31:04.080 19997 INFO rally.task.runner [-] Task bba2bdd0-8cda-45fa-9394-5ad1457ca111 | ITER: 3 START
2020-04-13 02:31:04.083 20000 INFO rally.task.runner [-] Task bba2bdd0-8cda-45fa-9394-5ad1457ca111 | ITER: 4 START
2020-04-13 02:31:04.485 19996 INFO rally.task.runner [-] Task bba2bdd0-8cda-45fa-9394-5ad1457ca111 | ITER: 2 END: OK
2020-04-13 02:31:04.491 19996 INFO rally.task.runner [-] Task bba2bdd0-8cda-45fa-9394-5ad1457ca111 | ITER: 5 START
2020-04-13 02:31:04.494 19997 INFO rally.task.runner [-] Task bba2bdd0-8cda-45fa-9394-5ad1457ca111 | ITER: 3 END: OK
2020-04-13 02:31:04.495 19995 INFO rally.task.runner [-] Task bba2bdd0-8cda-45fa-9394-5ad1457ca111 | ITER: 1 END: OK
2020-04-13 02:31:04.498 19997 INFO rally.task.runner [-] Task bba2bdd0-8cda-45fa-9394-5ad1457ca111 | ITER: 6 START
2020-04-13 02:31:04.501 19995 INFO rally.task.runner [-] Task bba2bdd0-8cda-45fa-9394-5ad1457ca111 | ITER: 7 START
2020-04-13 02:31:04.527 20000 INFO rally.task.runner [-] Task bba2bdd0-8cda-45fa-9394-5ad1457ca111 | ITER: 4 END: OK
2020-04-13 02:31:04.532 20000 INFO rally.task.runner [-] Task bba2bdd0-8cda-45fa-9394-5ad1457ca111 | ITER: 8 START
2020-04-13 02:31:04.763 19996 INFO rally.task.runner [-] Task bba2bdd0-8cda-45fa-9394-5ad1457ca111 | ITER: 5 END: OK
2020-04-13 02:31:04.768 19996 INFO rally.task.runner [-] Task bba2bdd0-8cda-45fa-9394-5ad1457ca111 | ITER: 9 START
2020-04-13 02:31:04.790 19995 INFO rally.task.runner [-] Task bba2bdd0-8cda-45fa-9394-5ad1457ca111 | ITER: 7 END: OK
2020-04-13 02:31:04.793 19997 INFO rally.task.runner [-] Task bba2bdd0-8cda-45fa-9394-5ad1457ca111 | ITER: 6 END: OK
2020-04-13 02:31:04.794 19995 INFO rally.task.runner [-] Task bba2bdd0-8cda-45fa-9394-5ad1457ca111 | ITER: 10 START
2020-04-13 02:31:04.805 20000 INFO rally.task.runner [-] Task bba2bdd0-8cda-45fa-9394-5ad1457ca111 | ITER: 8 END: OK
2020-04-13 02:31:05.034 19996 INFO rally.task.runner [-] Task bba2bdd0-8cda-45fa-9394-5ad1457ca111 | ITER: 9 END: OK
2020-04-13 02:31:05.051 19995 INFO rally.task.runner [-] Task bba2bdd0-8cda-45fa-9394-5ad1457ca111 | ITER: 10 END: OK
2020-04-13 02:31:05.073 19940 INFO rally.task.context [-] Task bba2bdd0-8cda-45fa-9394-5ad1457ca111 | Context admin_cleanup@openstack cleanup() started
2020-04-13 02:31:05.077 19940 RALLYDEBUG rally_openstack.cleanup.manager [-] Cleaning up cinder quotas objects
2020-04-13 02:31:05.393 19940 INFO rally.task.context [-] Task bba2bdd0-8cda-45fa-9394-5ad1457ca111 | Context admin_cleanup@openstack cleanup() finished in 0.32 sec
2020-04-13 02:31:05.394 19940 INFO rally.task.context [-] Task bba2bdd0-8cda-45fa-9394-5ad1457ca111 | Context api_versions@openstack cleanup() started
2020-04-13 02:31:05.395 19940 INFO rally.task.context [-] Task bba2bdd0-8cda-45fa-9394-5ad1457ca111 | Context api_versions@openstack cleanup() finished in 0.37 msec
2020-04-13 02:31:05.395 19940 INFO rally.task.context [-] Task bba2bdd0-8cda-45fa-9394-5ad1457ca111 | Context users@openstack cleanup() started
2020-04-13 02:31:05.584 19940 WARNING rally.common.logging [-] `iterate_per_tenants()' is deprecated in v3.0.0: it is openstack specific.. Used at
2020-04-13 02:31:08.856 19940 INFO rally.task.context [-] Task bba2bdd0-8cda-45fa-9394-5ad1457ca111 | Context users@openstack cleanup() finished in 3.46 sec
2020-04-13 02:31:10.591 19940 INFO rally.task.engine [-] Load duration is: 0.978148
2020-04-13 02:31:10.592 19940 INFO rally.task.engine [-] Full runner duration is: 1.024268
2020-04-13 02:31:10.592 19940 INFO rally.task.engine [-] Full duration is: 6.364967
2020-04-13 02:31:10.689 19940 INFO rally.task.engine [-] Running workload: position = 0 config = { "version": 2, "title": "A cropped version of a bigger task.", "description": "Auto-generated task from a single workload (uuid=d0d0e6d6-60ab-4c9b-b4f2-81b62e60d8d9)", "subtasks": [ { "title": "Quotas.cinder_update", "description": "Update quotas for Cinder.", "scenario": { "Quotas.cinder_update": { "max_quota": 1024 } }, "contexts": { "users": { "tenants": 3, "users_per_tenant": 2 }, "api_versions": { "cinder": { "version": 3, "service_type": "volumev3" } } }, "runner": { "constant": { "concurrency": 4, "times": 10 } }, "hooks": [], "sla": { "failure_rate": { "max": 0 } } } ] }
2020-04-13 02:31:10.706 19940 RALLYDEBUG rally_openstack.contexts.keystone.users [-] Creating 3 tenants using 3 threads
2020-04-13 02:31:11.206 19940 RALLYDEBUG rally_openstack.contexts.keystone.users [-] Creating 6 users using 6 threads
2020-04-13 02:31:12.166 19940 INFO rally.task.context [-] Task bba2bdd0-8cda-45fa-9394-5ad1457ca111 | Context users@openstack setup() finished in 1.46 sec
2020-04-13 02:31:12.295 19940 INFO rally.task.context [-] Task bba2bdd0-8cda-45fa-9394-5ad1457ca111 | Context api_versions@openstack setup() finished in 0.13 sec
2020-04-13 02:31:12.296 19940 INFO rally.task.context [-] Task bba2bdd0-8cda-45fa-9394-5ad1457ca111 | Context admin_cleanup@openstack setup() finished in 0.02 msec
2020-04-13 02:31:12.306 19940 RALLYDEBUG rally.task.runner [-] Starting the constant runner (task UUID: bba2bdd0-8cda-45fa-9394-5ad1457ca111). times: 10 concurrency: 4 timeout: 0 max_cpu_used: 88 processes_to_start: 4 concurrency_per_worker: 1 concurrency_overhead: 0
2020-04-13 02:31:12.318 20088 RALLYDEBUG rally.task.runner [-] Starting a worker. times: 10 duration: None concurrency: 1 timeout: 0 cls: method_name: run args: {"max_quota": 1024}
2020-04-13 02:31:12.320 20089 RALLYDEBUG rally.task.runner [-] Starting a worker. times: 10 duration: None concurrency: 1 timeout: 0 cls: method_name: run args: {"max_quota": 1024}
2020-04-13 02:31:12.326 20088 INFO rally.task.runner [-] Task bba2bdd0-8cda-45fa-9394-5ad1457ca111 | ITER: 1 START
2020-04-13 02:31:12.325 20090 RALLYDEBUG rally.task.runner [-] Starting a worker. times: 10 duration: None concurrency: 1 timeout: 0 cls: method_name: run args: {"max_quota": 1024}
2020-04-13 02:31:12.326 20091 RALLYDEBUG rally.task.runner [-] Starting a worker. times: 10 duration: None concurrency: 1 timeout: 0 cls: method_name: run args: {"max_quota": 1024}
2020-04-13 02:31:12.328 20089 INFO rally.task.runner [-] Task bba2bdd0-8cda-45fa-9394-5ad1457ca111 | ITER: 2 START
2020-04-13 02:31:12.333 20091 INFO rally.task.runner [-] Task bba2bdd0-8cda-45fa-9394-5ad1457ca111 | ITER: 4 START
2020-04-13 02:31:12.334 20090 INFO rally.task.runner [-] Task bba2bdd0-8cda-45fa-9394-5ad1457ca111 | ITER: 3 START
2020-04-13 02:31:12.676 20090 INFO rally.task.runner [-] Task bba2bdd0-8cda-45fa-9394-5ad1457ca111 | ITER: 3 END: OK
2020-04-13 02:31:12.676 20088 INFO rally.task.runner [-] Task bba2bdd0-8cda-45fa-9394-5ad1457ca111 | ITER: 1 END: OK
2020-04-13 02:31:12.681 20089 INFO rally.task.runner [-] Task bba2bdd0-8cda-45fa-9394-5ad1457ca111 | ITER: 2 END: OK
2020-04-13 02:31:12.681 20088 INFO rally.task.runner [-] Task bba2bdd0-8cda-45fa-9394-5ad1457ca111 | ITER: 6 START
2020-04-13 02:31:12.681 20090 INFO rally.task.runner [-] Task bba2bdd0-8cda-45fa-9394-5ad1457ca111 | ITER: 5 START
2020-04-13 02:31:12.686 20089 INFO rally.task.runner [-] Task bba2bdd0-8cda-45fa-9394-5ad1457ca111 | ITER: 7 START
2020-04-13 02:31:12.689 20091 INFO rally.task.runner [-] Task bba2bdd0-8cda-45fa-9394-5ad1457ca111 | ITER: 4 END: OK
2020-04-13 02:31:12.694 20091 INFO rally.task.runner [-] Task bba2bdd0-8cda-45fa-9394-5ad1457ca111 | ITER: 8 START
2020-04-13 02:31:12.932 20090 INFO rally.task.runner [-] Task bba2bdd0-8cda-45fa-9394-5ad1457ca111 | ITER: 5 END: OK
2020-04-13 02:31:12.937 20090 INFO rally.task.runner [-] Task bba2bdd0-8cda-45fa-9394-5ad1457ca111 | ITER: 9 START
2020-04-13 02:31:12.946 20088 INFO rally.task.runner [-] Task bba2bdd0-8cda-45fa-9394-5ad1457ca111 | ITER: 6 END: OK
2020-04-13 02:31:12.950 20088 INFO rally.task.runner [-] Task bba2bdd0-8cda-45fa-9394-5ad1457ca111 | ITER: 10 START
2020-04-13 02:31:12.958 20091 INFO rally.task.runner [-] Task bba2bdd0-8cda-45fa-9394-5ad1457ca111 | ITER: 8 END: OK
2020-04-13 02:31:12.968 20089 INFO rally.task.runner [-] Task bba2bdd0-8cda-45fa-9394-5ad1457ca111 | ITER: 7 END: OK
2020-04-13 02:31:13.159 20090 INFO rally.task.runner [-] Task bba2bdd0-8cda-45fa-9394-5ad1457ca111 | ITER: 9 END: OK
2020-04-13 02:31:13.186 20088 INFO rally.task.runner [-] Task bba2bdd0-8cda-45fa-9394-5ad1457ca111 | ITER: 10 END: OK
2020-04-13 02:31:13.213 19940 INFO rally.task.context [-] Task bba2bdd0-8cda-45fa-9394-5ad1457ca111 | Context admin_cleanup@openstack cleanup() started
2020-04-13 02:31:13.217 19940 RALLYDEBUG rally_openstack.cleanup.manager [-] Cleaning up cinder quotas objects
2020-04-13 02:31:13.539 19940 INFO rally.task.context [-] Task bba2bdd0-8cda-45fa-9394-5ad1457ca111 | Context admin_cleanup@openstack cleanup() finished in 0.33 sec
2020-04-13 02:31:13.540 19940 INFO rally.task.context [-] Task bba2bdd0-8cda-45fa-9394-5ad1457ca111 | Context api_versions@openstack cleanup() started
2020-04-13 02:31:13.540 19940 INFO rally.task.context [-] Task bba2bdd0-8cda-45fa-9394-5ad1457ca111 | Context api_versions@openstack cleanup() finished in 0.39 msec
2020-04-13 02:31:13.541 19940 INFO rally.task.context [-] Task bba2bdd0-8cda-45fa-9394-5ad1457ca111 | Context users@openstack cleanup() started
2020-04-13 02:31:13.714 19940 WARNING rally.common.logging [-] `iterate_per_tenants()' is deprecated in v3.0.0: it is openstack specific.. Used at
2020-04-13 02:31:16.670 19940 INFO rally.task.context [-] Task bba2bdd0-8cda-45fa-9394-5ad1457ca111 | Context users@openstack cleanup() finished in 3.13 sec
2020-04-13 02:31:16.769 19940 INFO rally.task.engine [-] Load duration is: 0.859193
2020-04-13 02:31:16.769 19940 INFO rally.task.engine [-] Full runner duration is: 0.907471
2020-04-13 02:31:16.770 19940 INFO rally.task.engine [-] Full duration is: 5.966406
2020-04-13 02:31:16.858 19940 INFO rally.task.engine [-] Running workload: position = 0 config = { "version": 2, "title": "A cropped version of a bigger task.", "description": "Auto-generated task from a single workload (uuid=784f80d7-63f7-48df-bc2e-17e4cd743a7a)", "subtasks": [ { "title": "Quotas.neutron_update", "description": "Update quotas for neutron.", "scenario": { "Quotas.neutron_update": { "max_quota": 1024 } }, "contexts": { "users": { "tenants": 3, "users_per_tenant": 2 } }, "runner": { "constant": { "concurrency": 4, "times": 10 } }, "hooks": [], "sla": { "failure_rate": { "max": 0 } } } ] }
2020-04-13 02:31:16.877 19940 RALLYDEBUG rally_openstack.contexts.keystone.users [-] Creating 3 tenants using 3 threads
2020-04-13 02:31:17.390 19940 RALLYDEBUG rally_openstack.contexts.keystone.users [-] Creating 6 users using 6 threads
2020-04-13 02:31:18.377 19940 INFO rally.task.context [-] Task bba2bdd0-8cda-45fa-9394-5ad1457ca111 | Context users@openstack setup() finished in 1.50 sec
2020-04-13 02:31:18.378 19940 INFO rally.task.context [-] Task bba2bdd0-8cda-45fa-9394-5ad1457ca111 | Context admin_cleanup@openstack setup() finished in 0.00 msec
2020-04-13 02:31:18.385 19940 RALLYDEBUG rally.task.runner [-] Starting the constant runner (task UUID: bba2bdd0-8cda-45fa-9394-5ad1457ca111). times: 10 concurrency: 4 timeout: 0 max_cpu_used: 88 processes_to_start: 4 concurrency_per_worker: 1 concurrency_overhead: 0
2020-04-13 02:31:18.397 20181 RALLYDEBUG rally.task.runner [-] Starting a worker. times: 10 duration: None concurrency: 1 timeout: 0 cls: method_name: run args: {"max_quota": 1024}
2020-04-13 02:31:18.400 20182 RALLYDEBUG rally.task.runner [-] Starting a worker. times: 10 duration: None concurrency: 1 timeout: 0 cls: method_name: run args: {"max_quota": 1024}
2020-04-13 02:31:18.403 20181 INFO rally.task.runner [-] Task bba2bdd0-8cda-45fa-9394-5ad1457ca111 | ITER: 1 START
2020-04-13 02:31:18.403 20183 RALLYDEBUG rally.task.runner [-] Starting a worker. times: 10 duration: None concurrency: 1 timeout: 0 cls: method_name: run args: {"max_quota": 1024}
2020-04-13 02:31:18.406 20182 INFO rally.task.runner [-] Task bba2bdd0-8cda-45fa-9394-5ad1457ca111 | ITER: 2 START
2020-04-13 02:31:18.405 20184 RALLYDEBUG rally.task.runner [-] Starting a worker. times: 10 duration: None concurrency: 1 timeout: 0 cls: method_name: run args: {"max_quota": 1024}
2020-04-13 02:31:18.409 20183 INFO rally.task.runner [-] Task bba2bdd0-8cda-45fa-9394-5ad1457ca111 | ITER: 3 START
2020-04-13 02:31:18.412 20184 INFO rally.task.runner [-] Task bba2bdd0-8cda-45fa-9394-5ad1457ca111 | ITER: 4 START
2020-04-13 02:31:18.703 20181 INFO rally.task.runner [-] Task bba2bdd0-8cda-45fa-9394-5ad1457ca111 | ITER: 1 END: OK
2020-04-13 02:31:18.708 20181 INFO rally.task.runner [-] Task bba2bdd0-8cda-45fa-9394-5ad1457ca111 | ITER: 5 START
2020-04-13 02:31:18.748 20182 INFO rally.task.runner [-] Task bba2bdd0-8cda-45fa-9394-5ad1457ca111 | ITER: 2 END: OK
2020-04-13 02:31:18.753 20182 INFO rally.task.runner [-] Task bba2bdd0-8cda-45fa-9394-5ad1457ca111 | ITER: 6 START
2020-04-13 02:31:18.962 20181 INFO rally.task.runner [-] Task bba2bdd0-8cda-45fa-9394-5ad1457ca111 | ITER: 5 END: OK
2020-04-13 02:31:18.967 20181 INFO rally.task.runner [-] Task bba2bdd0-8cda-45fa-9394-5ad1457ca111 | ITER: 7 START
2020-04-13 02:31:19.009 20182 INFO rally.task.runner [-] Task bba2bdd0-8cda-45fa-9394-5ad1457ca111 | ITER: 6 END: OK
2020-04-13 02:31:19.013 20182 INFO rally.task.runner [-] Task bba2bdd0-8cda-45fa-9394-5ad1457ca111 | ITER: 8 START
2020-04-13 02:31:19.080 20183 INFO rally.task.runner [-] Task bba2bdd0-8cda-45fa-9394-5ad1457ca111 | ITER: 3 END: OK
2020-04-13 02:31:19.086 20183 INFO rally.task.runner [-] Task bba2bdd0-8cda-45fa-9394-5ad1457ca111 | ITER: 9 START
2020-04-13 02:31:19.089 20184 INFO rally.task.runner [-] Task bba2bdd0-8cda-45fa-9394-5ad1457ca111 | ITER: 4 END: OK
2020-04-13 02:31:19.094 20184 INFO rally.task.runner [-] Task bba2bdd0-8cda-45fa-9394-5ad1457ca111 | ITER: 10 START
2020-04-13 02:31:19.282 20181 INFO rally.task.runner [-] Task bba2bdd0-8cda-45fa-9394-5ad1457ca111 | ITER: 7 END: OK
2020-04-13 02:31:19.296 20183 INFO rally.task.runner [-] Task bba2bdd0-8cda-45fa-9394-5ad1457ca111 | ITER: 9 END: OK
2020-04-13 02:31:19.354 20182 INFO rally.task.runner [-] Task bba2bdd0-8cda-45fa-9394-5ad1457ca111 | ITER: 8 END: OK
2020-04-13 02:31:19.386 20184 INFO rally.task.runner [-] Task bba2bdd0-8cda-45fa-9394-5ad1457ca111 | ITER: 10 END: OK
2020-04-13 02:31:19.410 19940 INFO rally.task.context [-] Task bba2bdd0-8cda-45fa-9394-5ad1457ca111 | Context admin_cleanup@openstack cleanup() started
2020-04-13 02:31:19.414 19940 RALLYDEBUG rally_openstack.cleanup.manager [-] Cleaning up neutron quota objects
2020-04-13 02:31:19.747 19940 INFO rally.task.context [-] Task bba2bdd0-8cda-45fa-9394-5ad1457ca111 | Context admin_cleanup@openstack cleanup() finished in 0.34 sec
2020-04-13 02:31:19.748 19940 INFO rally.task.context [-] Task bba2bdd0-8cda-45fa-9394-5ad1457ca111 | Context users@openstack cleanup() started
2020-04-13 02:31:19.870 19940 WARNING rally.common.logging [-] `iterate_per_tenants()' is deprecated in v3.0.0: it is openstack specific.. Used at
2020-04-13 02:31:22.299 19940 INFO rally.task.context [-] Task bba2bdd0-8cda-45fa-9394-5ad1457ca111 | Context users@openstack cleanup() finished in 2.55 sec
2020-04-13 02:31:22.953 19940 INFO rally.task.engine [-] Load duration is: 0.981816
2020-04-13 02:31:22.953 19940 INFO rally.task.engine [-] Full runner duration is: 1.024791
2020-04-13 02:31:22.954 19940 INFO rally.task.engine [-] Full duration is: 5.423781
2020-04-13 02:31:23.042 19940 INFO rally.task.engine [-] Running workload: position = 0 config = { "version": 2, "title": "A cropped version of a bigger task.", "description": "Auto-generated task from a single workload (uuid=95b6a020-62fd-47d3-b0e4-7ac6e6b7e69a)", "subtasks": [ { "title": "Quotas.nova_update", "description": "Update quotas for Nova.", "scenario": { "Quotas.nova_update": { "max_quota": 1024 } }, "contexts": { "users": { "tenants": 3, "users_per_tenant": 2 } }, "runner": { "constant": { "concurrency": 4, "times": 10 } }, "hooks": [], "sla": { "failure_rate": { "max": 0 } } } ] }
2020-04-13 02:31:23.060 19940 RALLYDEBUG rally_openstack.contexts.keystone.users [-] Creating 3 tenants using 3 threads
2020-04-13 02:31:23.628 19940 RALLYDEBUG rally_openstack.contexts.keystone.users [-] Creating 6 users using 6 threads
2020-04-13 02:31:24.669 19940 INFO rally.task.context [-] Task bba2bdd0-8cda-45fa-9394-5ad1457ca111 | Context users@openstack setup() finished in 1.61 sec
2020-04-13 02:31:24.670 19940 INFO rally.task.context [-] Task bba2bdd0-8cda-45fa-9394-5ad1457ca111 | Context admin_cleanup@openstack setup() finished in 0.00 msec
2020-04-13 02:31:24.681 19940 RALLYDEBUG rally.task.runner [-] Starting the constant runner (task UUID: bba2bdd0-8cda-45fa-9394-5ad1457ca111). times: 10 concurrency: 4 timeout: 0 max_cpu_used: 88 processes_to_start: 4 concurrency_per_worker: 1 concurrency_overhead: 0
2020-04-13 02:31:24.692 20274 RALLYDEBUG rally.task.runner [-] Starting a worker. times: 10 duration: None concurrency: 1 timeout: 0 cls: method_name: run args: {"max_quota": 1024}
2020-04-13 02:31:24.694 20275 RALLYDEBUG rally.task.runner [-] Starting a worker. times: 10 duration: None concurrency: 1 timeout: 0 cls: method_name: run args: {"max_quota": 1024}
2020-04-13 02:31:24.697 20276 RALLYDEBUG rally.task.runner [-] Starting a worker. times: 10 duration: None concurrency: 1 timeout: 0 cls: method_name: run args: {"max_quota": 1024}
2020-04-13 02:31:24.699 20274 INFO rally.task.runner [-] Task bba2bdd0-8cda-45fa-9394-5ad1457ca111 | ITER: 1 START
2020-04-13 02:31:24.699 20277 RALLYDEBUG rally.task.runner [-] Starting a worker. times: 10 duration: None concurrency: 1 timeout: 0 cls: method_name: run args: {"max_quota": 1024}
2020-04-13 02:31:24.701 20275 INFO rally.task.runner [-] Task bba2bdd0-8cda-45fa-9394-5ad1457ca111 | ITER: 2 START
2020-04-13 02:31:24.703 20276 INFO rally.task.runner [-] Task bba2bdd0-8cda-45fa-9394-5ad1457ca111 | ITER: 3 START
2020-04-13 02:31:24.705 20277 INFO rally.task.runner [-] Task bba2bdd0-8cda-45fa-9394-5ad1457ca111 | ITER: 4 START
2020-04-13 02:31:25.204 20274 INFO rally.task.runner [-] Task bba2bdd0-8cda-45fa-9394-5ad1457ca111 | ITER: 1 END: OK
2020-04-13 02:31:25.209 20274 INFO rally.task.runner [-] Task bba2bdd0-8cda-45fa-9394-5ad1457ca111 | ITER: 5 START
2020-04-13 02:31:25.237 20275 INFO rally.task.runner [-] Task bba2bdd0-8cda-45fa-9394-5ad1457ca111 | ITER: 2 END: OK
2020-04-13 02:31:25.242 20275 INFO rally.task.runner [-] Task bba2bdd0-8cda-45fa-9394-5ad1457ca111 | ITER: 6 START
2020-04-13 02:31:25.372 20276 INFO rally.task.runner [-] Task bba2bdd0-8cda-45fa-9394-5ad1457ca111 | ITER: 3 END: OK
2020-04-13 02:31:25.376 20276 INFO rally.task.runner [-] Task bba2bdd0-8cda-45fa-9394-5ad1457ca111 | ITER: 7 START
2020-04-13 02:31:25.379 20277 INFO rally.task.runner [-] Task bba2bdd0-8cda-45fa-9394-5ad1457ca111 | ITER: 4 END: OK
2020-04-13 02:31:25.384 20277 INFO rally.task.runner [-] Task bba2bdd0-8cda-45fa-9394-5ad1457ca111 | ITER: 8 START
2020-04-13 02:31:25.667 20274 INFO rally.task.runner [-] Task bba2bdd0-8cda-45fa-9394-5ad1457ca111 | ITER: 5 END: OK
2020-04-13 02:31:25.672 20274 INFO rally.task.runner [-] Task bba2bdd0-8cda-45fa-9394-5ad1457ca111 | ITER: 9 START
2020-04-13 02:31:25.754 20275 INFO rally.task.runner [-] Task bba2bdd0-8cda-45fa-9394-5ad1457ca111 | ITER: 6 END: OK
2020-04-13 02:31:25.758 20275 INFO rally.task.runner [-] Task bba2bdd0-8cda-45fa-9394-5ad1457ca111 | ITER: 10 START
2020-04-13 02:31:25.897 20276 INFO rally.task.runner [-] Task bba2bdd0-8cda-45fa-9394-5ad1457ca111 | ITER: 7 END: OK
2020-04-13 02:31:25.904 20277 INFO rally.task.runner [-] Task bba2bdd0-8cda-45fa-9394-5ad1457ca111 | ITER: 8 END: OK
2020-04-13 02:31:26.069 20274 INFO rally.task.runner [-] Task bba2bdd0-8cda-45fa-9394-5ad1457ca111 | ITER: 9 END: OK
2020-04-13 02:31:26.176 20275 INFO rally.task.runner [-] Task bba2bdd0-8cda-45fa-9394-5ad1457ca111 | ITER: 10 END: OK
2020-04-13 02:31:26.200 19940 INFO rally.task.context [-] Task bba2bdd0-8cda-45fa-9394-5ad1457ca111 | Context admin_cleanup@openstack cleanup() started
2020-04-13 02:31:26.205 19940 RALLYDEBUG rally_openstack.cleanup.manager [-] Cleaning up nova quotas objects
2020-04-13 02:31:26.523 19940 INFO rally.task.context [-] Task bba2bdd0-8cda-45fa-9394-5ad1457ca111 | Context admin_cleanup@openstack cleanup() finished in 0.32 sec
2020-04-13 02:31:26.531 19940 INFO rally.task.context [-] Task bba2bdd0-8cda-45fa-9394-5ad1457ca111 | Context users@openstack cleanup() started
2020-04-13 02:31:26.727 19940 WARNING rally.common.logging [-] `iterate_per_tenants()' is deprecated in v3.0.0: it is openstack specific.. Used at
2020-04-13 02:31:29.478 19940 INFO rally.task.context [-] Task bba2bdd0-8cda-45fa-9394-5ad1457ca111 | Context users@openstack cleanup() finished in 2.95 sec
2020-04-13 02:31:31.152 19940 INFO rally.task.engine [-] Load duration is: 1.475511
2020-04-13 02:31:31.152 19940 INFO rally.task.engine [-] Full runner duration is: 1.519639
2020-04-13 02:31:31.153 19940 INFO rally.task.engine [-] Full duration is: 6.418502
2020-04-13 02:31:31.230 19940 INFO rally.task.engine [-] Task bba2bdd0-8cda-45fa-9394-5ad1457ca111 | Completed: Running task.
2020-04-13 02:31:32.670 20356 RALLYDEBUG rally.api [-] INFO logs from urllib3 and requests module are hide.
2020-04-13 02:31:32.671 20356 RALLYDEBUG rally.api [-] urllib3 insecure warnings are hidden.
2020-04-13 02:31:32.671 20356 RALLYDEBUG rally.api [-] ERROR log from boto module is hide.
2020-04-13 02:31:33.989 20357 RALLYDEBUG rally.api [-] INFO logs from urllib3 and requests module are hide.
2020-04-13 02:31:33.989 20357 RALLYDEBUG rally.api [-] urllib3 insecure warnings are hidden.
2020-04-13 02:31:33.989 20357 RALLYDEBUG rally.api [-] ERROR log from boto module is hide.
2020-04-13 02:31:35.194 20358 RALLYDEBUG rally.api [-] INFO logs from urllib3 and requests module are hide.
2020-04-13 02:31:35.194 20358 RALLYDEBUG rally.api [-] urllib3 insecure warnings are hidden.
2020-04-13 02:31:35.194 20358 RALLYDEBUG rally.api [-] ERROR log from boto module is hide.
2020-04-13 02:31:37.028 20358 INFO rally.api [-] Building 'json' report for the following task(s): 'bba2bdd0-8cda-45fa-9394-5ad1457ca111'.
2020-04-13 02:31:37.035 20358 INFO rally.api [-] The report has been successfully built.
2020-04-13 02:31:38.378 20360 RALLYDEBUG rally.api [-] INFO logs from urllib3 and requests module are hide.
2020-04-13 02:31:38.378 20360 RALLYDEBUG rally.api [-] urllib3 insecure warnings are hidden.
2020-04-13 02:31:38.378 20360 RALLYDEBUG rally.api [-] ERROR log from boto module is hide.
2020-04-13 02:31:40.232 20360 INFO rally.task.engine [-] Task 7a57d113-af02-4d5e-9b17-9c27f962dd6e | Starting: Task validation.
2020-04-13 02:31:40.245 20360 INFO rally.task.engine [-] Task 7a57d113-af02-4d5e-9b17-9c27f962dd6e | Starting: Task validation of syntax.
2020-04-13 02:31:40.322 20360 INFO rally.task.engine [-] Task 7a57d113-af02-4d5e-9b17-9c27f962dd6e | Completed: Task validation of syntax.
2020-04-13 02:31:40.322 20360 INFO rally.task.engine [-] Task 7a57d113-af02-4d5e-9b17-9c27f962dd6e | Starting: Task validation of required platforms.
2020-04-13 02:31:40.364 20360 INFO rally.task.engine [-] Task 7a57d113-af02-4d5e-9b17-9c27f962dd6e | Completed: Task validation of required platforms.
2020-04-13 02:31:40.364 20360 INFO rally.task.engine [-] Task 7a57d113-af02-4d5e-9b17-9c27f962dd6e | Starting: Task validation of semantic.
2020-04-13 02:31:40.365 20360 INFO rally.task.engine [-] Check health of the environment '096b3cb0-2486-4753-a504-bece56b4d587'.
2020-04-13 02:31:40.871 20360 INFO rally.task.engine [-] Platform existing@openstack (available: True): OK!
2020-04-13 02:31:40.885 20360 RALLYDEBUG rally_openstack.contexts.keystone.users [-] Creating 1 tenants using 1 threads
2020-04-13 02:31:41.270 20360 RALLYDEBUG rally_openstack.contexts.keystone.users [-] Creating 1 users using 1 threads
2020-04-13 02:31:41.853 20360 INFO rally.task.context [-] Task 7a57d113-af02-4d5e-9b17-9c27f962dd6e | Context users@openstack setup() finished in 0.97 sec
2020-04-13 02:31:42.271 20360 INFO rally.task.context [-] Task 7a57d113-af02-4d5e-9b17-9c27f962dd6e | Context users@openstack cleanup() started
2020-04-13 02:31:42.488 20360 WARNING rally.common.logging [-] `iterate_per_tenants()' is deprecated in v3.0.0: it is openstack specific.. Used at
2020-04-13 02:31:43.732 20360 INFO rally.task.context [-] Task 7a57d113-af02-4d5e-9b17-9c27f962dd6e | Context users@openstack cleanup() finished in 1.46 sec
2020-04-13 02:31:43.732 20360 INFO rally.task.engine [-] Task 7a57d113-af02-4d5e-9b17-9c27f962dd6e | Completed: Task validation of semantic.
2020-04-13 02:31:43.733 20360 INFO rally.task.engine [-] Task 7a57d113-af02-4d5e-9b17-9c27f962dd6e | Completed: Task validation.
2020-04-13 02:31:43.733 20360 INFO rally.api [-] Task 7a57d113-af02-4d5e-9b17-9c27f962dd6e input file is valid.
2020-04-13 02:31:43.733 20360 INFO rally.api [-] Run Task 7a57d113-af02-4d5e-9b17-9c27f962dd6e against Deployment 096b3cb0-2486-4753-a504-bece56b4d587
2020-04-13 02:31:43.734 20360 INFO rally.task.engine [-] Task 7a57d113-af02-4d5e-9b17-9c27f962dd6e | Starting: Running task.
2020-04-13 02:31:43.788 20360 INFO rally.task.engine [-] Running workload: position = 0 config = { "version": 2, "title": "A cropped version of a bigger task.", "description": "Auto-generated task from a single workload (uuid=14304249-a508-4db5-9760-53f85238e3c3)", "subtasks": [ { "title": "SwiftObjects.create_container_and_object_then_list_objects", "description": "Create container and objects then list all objects.", "scenario": { "SwiftObjects.create_container_and_object_then_list_objects": { "objects_per_container": 2, "object_size": 5120 } }, "contexts": { "users": { "tenants": 3, "users_per_tenant": 2 }, "roles": [ "admin" ] }, "runner": { "constant": { "concurrency": 1, "times": 10 } }, "hooks": [], "sla": { "failure_rate": { "max": 0 } } } ] }
2020-04-13 02:31:43.808 20360 RALLYDEBUG rally_openstack.contexts.keystone.users [-] Creating 3 tenants using 3 threads
2020-04-13 02:31:44.261 20360 RALLYDEBUG rally_openstack.contexts.keystone.users [-] Creating 6 users using 6 threads
2020-04-13 02:31:45.287 20360 INFO rally.task.context [-] Task 7a57d113-af02-4d5e-9b17-9c27f962dd6e | Context users@openstack setup() finished in 1.48 sec
2020-04-13 02:31:45.506 20360 RALLYDEBUG rally_openstack.contexts.keystone.roles [-] Adding role admin having ID 82f327c894b449b6a249ee8f67332512 to all users using 30 threads
2020-04-13 02:31:47.373 20360 INFO rally.task.context [-] Task 7a57d113-af02-4d5e-9b17-9c27f962dd6e | Context roles@openstack setup() finished in 2.08 sec
2020-04-13 02:31:47.374 20360 INFO rally.task.context [-] Task 7a57d113-af02-4d5e-9b17-9c27f962dd6e | Context cleanup@openstack setup() finished in 0.01 msec
2020-04-13 02:31:47.382 20360 RALLYDEBUG rally.task.runner [-] Starting the constant runner (task UUID: 7a57d113-af02-4d5e-9b17-9c27f962dd6e). times: 10 concurrency: 1 timeout: 0 max_cpu_used: 88 processes_to_start: 1 concurrency_per_worker: 1 concurrency_overhead: 0
2020-04-13 02:31:47.395 20445 RALLYDEBUG rally.task.runner [-] Starting a worker. times: 10 duration: None concurrency: 1 timeout: 0 cls: method_name: run args: {"objects_per_container": 2, "object_size": 5120}
2020-04-13 02:31:47.402 20445 INFO rally.task.runner [-] Task 7a57d113-af02-4d5e-9b17-9c27f962dd6e | ITER: 1 START
2020-04-13 02:31:47.805 20445 DEBUG swiftclient [-] REQ: curl -i http://172.30.12.83:8080/swift/v1/AUTH_2982fbe5eeaa4551b5c650258bc2fda7/s_rally_14304249_Jcds4dk7 -X PUT -H "X-Auth-Token: gAAAAABek88Tw-Nf..." -H "Content-Length: 0" http_log /usr/lib/python3.7/site-packages/swiftclient/client.py:182
2020-04-13 02:31:47.807 20445 DEBUG swiftclient [-] RESP STATUS: 201 Created http_log /usr/lib/python3.7/site-packages/swiftclient/client.py:183
2020-04-13 02:31:47.807 20445 DEBUG swiftclient [-] RESP HEADERS: {'Content-Length': '0', 'X-Trans-Id': 'tx000000000000000004230-005e93cf13-3742-default', 'X-Openstack-Request-Id': 'tx000000000000000004230-005e93cf13-3742-default', 'Accept-Ranges': 'bytes', 'Content-Type': 'text/plain; charset=utf-8', 'Date': 'Mon, 13 Apr 2020 02:31:47 GMT'} http_log /usr/lib/python3.7/site-packages/swiftclient/client.py:184
2020-04-13 02:31:47.822 20445 DEBUG swiftclient [-] REQ: curl -i http://172.30.12.83:8080/swift/v1/AUTH_2982fbe5eeaa4551b5c650258bc2fda7/s_rally_14304249_Jcds4dk7/s_rally_14304249_brC0sabl -X PUT -H "X-Auth-Token: gAAAAABek88Tw-Nf..." http_log /usr/lib/python3.7/site-packages/swiftclient/client.py:182
2020-04-13 02:31:47.822 20445 DEBUG swiftclient [-] RESP STATUS: 201 Created http_log /usr/lib/python3.7/site-packages/swiftclient/client.py:183
2020-04-13 02:31:47.823 20445 DEBUG swiftclient [-] RESP HEADERS: {'etag': '32ca18808933aa12e979375d07048a11', 'Last-Modified': 'Mon, 13 Apr 2020 02:31:47 GMT', 'X-Trans-Id': 'tx000000000000000004231-005e93cf13-3742-default', 'X-Openstack-Request-Id': 'tx000000000000000004231-005e93cf13-3742-default', 'Content-Type': 'text/plain; charset=utf-8', 'Content-Length': '0', 'Date': 'Mon, 13 Apr 2020 02:31:47 GMT'} http_log /usr/lib/python3.7/site-packages/swiftclient/client.py:184
2020-04-13 02:31:47.836 20445 DEBUG swiftclient [-] REQ: curl -i http://172.30.12.83:8080/swift/v1/AUTH_2982fbe5eeaa4551b5c650258bc2fda7/s_rally_14304249_Jcds4dk7/s_rally_14304249_mFmbFCLB -X PUT -H "X-Auth-Token: gAAAAABek88Tw-Nf..." http_log /usr/lib/python3.7/site-packages/swiftclient/client.py:182
2020-04-13 02:31:47.836 20445 DEBUG swiftclient [-] RESP STATUS: 201 Created http_log /usr/lib/python3.7/site-packages/swiftclient/client.py:183
2020-04-13 02:31:47.836 20445 DEBUG swiftclient [-] RESP HEADERS: {'etag': '32ca18808933aa12e979375d07048a11', 'Last-Modified': 'Mon, 13 Apr 2020 02:31:47 GMT', 'X-Trans-Id': 'tx000000000000000004232-005e93cf13-3742-default', 'X-Openstack-Request-Id': 'tx000000000000000004232-005e93cf13-3742-default', 'Content-Type': 'text/plain; charset=utf-8', 'Content-Length': '0', 'Date': 'Mon, 13 Apr 2020 02:31:47 GMT'} http_log /usr/lib/python3.7/site-packages/swiftclient/client.py:184
2020-04-13 02:31:47.888 20445 DEBUG swiftclient [-] REQ: curl -i http://172.30.12.83:8080/swift/v1/AUTH_2982fbe5eeaa4551b5c650258bc2fda7/s_rally_14304249_Jcds4dk7?format=json -X GET -H "X-Auth-Token: gAAAAABek88Tw-Nf..." -H "Accept-Encoding: gzip" http_log /usr/lib/python3.7/site-packages/swiftclient/client.py:182
2020-04-13 02:31:47.888 20445 DEBUG swiftclient [-] RESP STATUS: 200 OK http_log /usr/lib/python3.7/site-packages/swiftclient/client.py:183
2020-04-13 02:31:47.889 20445 DEBUG swiftclient [-] RESP HEADERS: {'Content-Length': '271', 'X-Timestamp': '1586745107.79631', 'X-Container-Object-Count': '2', 'X-Container-Bytes-Used': '10240', 'X-Container-Bytes-Used-Actual': '16384', 'X-Storage-Policy': 'default-placement', 'X-Storage-Class': 'STANDARD', 'Last-Modified': 'Mon, 13 Apr 2020 02:31:47 GMT', 'X-Trans-Id': 'tx000000000000000004233-005e93cf13-3742-default', 'X-Openstack-Request-Id': 'tx000000000000000004233-005e93cf13-3742-default', 'Accept-Ranges': 'bytes', 'Content-Type': 'application/json; charset=utf-8', 'Date': 'Mon, 13 Apr 2020 02:31:47 GMT'} http_log /usr/lib/python3.7/site-packages/swiftclient/client.py:184
2020-04-13 02:31:47.889 20445 DEBUG swiftclient [-] RESP BODY: b'[{"name":"s_rally_14304249_brC0sabl","hash":"32ca18808933aa12e979375d07048a11","bytes":5120,"last_modified":"2020-04-13T02:31:47.816Z"},{"name":"s_rally_14304249_mFmbFCLB","hash":"32ca18808933aa12e979375d07048a11","bytes":5120,"last_modified":"2020-04-13T02:31:47.829Z"}]' http_log /usr/lib/python3.7/site-packages/swiftclient/client.py:188
2020-04-13 02:31:47.944 20445 DEBUG swiftclient [-] REQ: curl -i http://172.30.12.83:8080/swift/v1/AUTH_2982fbe5eeaa4551b5c650258bc2fda7/s_rally_14304249_Jcds4dk7?format=json&marker=s_rally_14304249_mFmbFCLB -X GET -H "X-Auth-Token: gAAAAABek88Tw-Nf..." -H "Accept-Encoding: gzip" http_log /usr/lib/python3.7/site-packages/swiftclient/client.py:182
2020-04-13 02:31:47.944 20445 DEBUG swiftclient [-] RESP STATUS: 200 OK http_log /usr/lib/python3.7/site-packages/swiftclient/client.py:183
2020-04-13 02:31:47.945 20445 DEBUG swiftclient [-] RESP HEADERS: {'Content-Length': '2', 'X-Timestamp': '1586745107.79631', 'X-Container-Object-Count': '2', 'X-Container-Bytes-Used': '10240', 'X-Container-Bytes-Used-Actual': '16384', 'X-Storage-Policy': 'default-placement', 'X-Storage-Class': 'STANDARD', 'Last-Modified': 'Mon, 13 Apr 2020 02:31:47 GMT', 'X-Trans-Id': 'tx000000000000000004234-005e93cf13-3742-default', 'X-Openstack-Request-Id': 'tx000000000000000004234-005e93cf13-3742-default', 'Accept-Ranges': 'bytes', 'Content-Type': 'application/json; charset=utf-8', 'Date': 'Mon, 13 Apr 2020 02:31:47 GMT'} http_log /usr/lib/python3.7/site-packages/swiftclient/client.py:184
2020-04-13 02:31:47.945 20445 DEBUG swiftclient [-] RESP BODY: b'[]' http_log /usr/lib/python3.7/site-packages/swiftclient/client.py:188
2020-04-13 02:31:47.946 20445 INFO rally.task.runner [-] Task 7a57d113-af02-4d5e-9b17-9c27f962dd6e | ITER: 1 END: OK
2020-04-13 02:31:47.951 20445 INFO rally.task.runner [-] Task 7a57d113-af02-4d5e-9b17-9c27f962dd6e | ITER: 2 START
2020-04-13 02:31:48.334 20445 DEBUG swiftclient [-] REQ: curl -i http://172.30.12.83:8080/swift/v1/AUTH_78d1722c48834e1face27667cf3abcf2/s_rally_14304249_Qgq7pSpI -X PUT -H "X-Auth-Token: gAAAAABek88U6ve4..." -H "Content-Length: 0" http_log /usr/lib/python3.7/site-packages/swiftclient/client.py:182
2020-04-13 02:31:48.334 20445 DEBUG swiftclient [-] RESP STATUS: 201 Created http_log /usr/lib/python3.7/site-packages/swiftclient/client.py:183
2020-04-13 02:31:48.335 20445 DEBUG swiftclient [-] RESP HEADERS: {'Content-Length': '0', 'X-Trans-Id': 'tx000000000000000004235-005e93cf14-3742-default', 'X-Openstack-Request-Id': 'tx000000000000000004235-005e93cf14-3742-default', 'Accept-Ranges': 'bytes', 'Content-Type': 'text/plain; charset=utf-8', 'Date': 'Mon, 13 Apr 2020 02:31:48 GMT'} http_log /usr/lib/python3.7/site-packages/swiftclient/client.py:184
2020-04-13 02:31:48.349 20445 DEBUG swiftclient [-] REQ: curl -i http://172.30.12.83:8080/swift/v1/AUTH_78d1722c48834e1face27667cf3abcf2/s_rally_14304249_Qgq7pSpI/s_rally_14304249_tuyGJm4k -X PUT -H "X-Auth-Token: gAAAAABek88U6ve4..." http_log /usr/lib/python3.7/site-packages/swiftclient/client.py:182
2020-04-13 02:31:48.350 20445 DEBUG swiftclient [-] RESP STATUS: 201 Created http_log /usr/lib/python3.7/site-packages/swiftclient/client.py:183
2020-04-13 02:31:48.350 20445 DEBUG swiftclient [-] RESP HEADERS: {'etag': '32ca18808933aa12e979375d07048a11', 'Last-Modified': 'Mon, 13 Apr 2020 02:31:48 GMT', 'X-Trans-Id': 'tx000000000000000004236-005e93cf14-3742-default', 'X-Openstack-Request-Id': 'tx000000000000000004236-005e93cf14-3742-default', 'Content-Type': 'text/plain; charset=utf-8', 'Content-Length': '0', 'Date': 'Mon, 13 Apr 2020 02:31:48 GMT'} http_log /usr/lib/python3.7/site-packages/swiftclient/client.py:184
2020-04-13 02:31:48.360 20445 DEBUG swiftclient [-] REQ: curl -i http://172.30.12.83:8080/swift/v1/AUTH_78d1722c48834e1face27667cf3abcf2/s_rally_14304249_Qgq7pSpI/s_rally_14304249_vh5T1fYn -X PUT -H "X-Auth-Token: gAAAAABek88U6ve4..." http_log /usr/lib/python3.7/site-packages/swiftclient/client.py:182
2020-04-13 02:31:48.361 20445 DEBUG swiftclient [-] RESP STATUS: 201 Created http_log /usr/lib/python3.7/site-packages/swiftclient/client.py:183
2020-04-13 02:31:48.361 20445 DEBUG swiftclient [-] RESP HEADERS: {'etag': '32ca18808933aa12e979375d07048a11', 'Last-Modified': 'Mon, 13 Apr 2020 02:31:48 GMT', 'X-Trans-Id': 'tx000000000000000004237-005e93cf14-3742-default', 'X-Openstack-Request-Id': 'tx000000000000000004237-005e93cf14-3742-default', 'Content-Type': 'text/plain; charset=utf-8', 'Content-Length': '0', 'Date': 'Mon, 13 Apr 2020 02:31:48 GMT'} http_log /usr/lib/python3.7/site-packages/swiftclient/client.py:184
2020-04-13 02:31:48.412 20445 DEBUG swiftclient [-] REQ: curl -i http://172.30.12.83:8080/swift/v1/AUTH_78d1722c48834e1face27667cf3abcf2/s_rally_14304249_Qgq7pSpI?format=json -X GET -H "X-Auth-Token: gAAAAABek88U6ve4..." -H "Accept-Encoding: gzip" http_log /usr/lib/python3.7/site-packages/swiftclient/client.py:182
2020-04-13 02:31:48.412 20445 DEBUG swiftclient [-] RESP STATUS: 200 OK http_log /usr/lib/python3.7/site-packages/swiftclient/client.py:183
2020-04-13 02:31:48.413 20445 DEBUG swiftclient [-] RESP HEADERS: {'Content-Length': '271', 'X-Timestamp': '1586745108.32574', 'X-Container-Object-Count': '2', 'X-Container-Bytes-Used': '10240', 'X-Container-Bytes-Used-Actual': '16384', 'X-Storage-Policy': 'default-placement', 'X-Storage-Class': 'STANDARD', 'Last-Modified': 'Mon, 13 Apr 2020 02:31:48 GMT', 'X-Trans-Id': 'tx000000000000000004238-005e93cf14-3742-default', 'X-Openstack-Request-Id': 'tx000000000000000004238-005e93cf14-3742-default', 'Accept-Ranges': 'bytes', 'Content-Type': 'application/json; charset=utf-8', 'Date': 'Mon, 13 Apr 2020 02:31:48 GMT'} http_log /usr/lib/python3.7/site-packages/swiftclient/client.py:184
2020-04-13 02:31:48.413 20445 DEBUG swiftclient [-] RESP BODY: b'[{"name":"s_rally_14304249_tuyGJm4k","hash":"32ca18808933aa12e979375d07048a11","bytes":5120,"last_modified":"2020-04-13T02:31:48.344Z"},{"name":"s_rally_14304249_vh5T1fYn","hash":"32ca18808933aa12e979375d07048a11","bytes":5120,"last_modified":"2020-04-13T02:31:48.355Z"}]' http_log /usr/lib/python3.7/site-packages/swiftclient/client.py:188
2020-04-13 02:31:48.464 20445 DEBUG swiftclient [-] REQ: curl -i http://172.30.12.83:8080/swift/v1/AUTH_78d1722c48834e1face27667cf3abcf2/s_rally_14304249_Qgq7pSpI?format=json&marker=s_rally_14304249_vh5T1fYn -X GET -H "X-Auth-Token: gAAAAABek88U6ve4..." -H "Accept-Encoding: gzip" http_log /usr/lib/python3.7/site-packages/swiftclient/client.py:182
2020-04-13 02:31:48.464 20445 DEBUG swiftclient [-] RESP STATUS: 200 OK http_log /usr/lib/python3.7/site-packages/swiftclient/client.py:183
2020-04-13 02:31:48.465 20445 DEBUG swiftclient [-] RESP HEADERS: {'Content-Length': '2', 'X-Timestamp': '1586745108.32574', 'X-Container-Object-Count': '2', 'X-Container-Bytes-Used': '10240', 'X-Container-Bytes-Used-Actual': '16384', 'X-Storage-Policy': 'default-placement', 'X-Storage-Class': 'STANDARD', 'Last-Modified': 'Mon, 13 Apr 2020 02:31:48 GMT', 'X-Trans-Id': 'tx000000000000000004239-005e93cf14-3742-default', 'X-Openstack-Request-Id': 'tx000000000000000004239-005e93cf14-3742-default', 'Accept-Ranges': 'bytes', 'Content-Type': 'application/json; charset=utf-8', 'Date': 'Mon, 13 Apr 2020 02:31:48 GMT'} http_log /usr/lib/python3.7/site-packages/swiftclient/client.py:184
2020-04-13 02:31:48.465 20445 DEBUG swiftclient [-] RESP BODY: b'[]' http_log /usr/lib/python3.7/site-packages/swiftclient/client.py:188
2020-04-13 02:31:48.466 20445 INFO rally.task.runner [-] Task 7a57d113-af02-4d5e-9b17-9c27f962dd6e | ITER: 2 END: OK
2020-04-13 02:31:48.471 20445 INFO rally.task.runner [-] Task 7a57d113-af02-4d5e-9b17-9c27f962dd6e | ITER: 3 START
2020-04-13 02:31:48.744 20445 DEBUG swiftclient [-] REQ: curl -i http://172.30.12.83:8080/swift/v1/AUTH_d7fb27db8b51432f90630477c6aeabd4/s_rally_14304249_QLY5lxqx -X PUT -H "X-Auth-Token: gAAAAABek88UvwgX..." -H "Content-Length: 0" http_log /usr/lib/python3.7/site-packages/swiftclient/client.py:182
2020-04-13 02:31:48.745 20445 DEBUG swiftclient [-] RESP STATUS: 201 Created http_log /usr/lib/python3.7/site-packages/swiftclient/client.py:183
2020-04-13 02:31:48.745 20445 DEBUG swiftclient [-] RESP HEADERS: {'Content-Length': '0', 'X-Trans-Id': 'tx00000000000000000423a-005e93cf14-3742-default', 'X-Openstack-Request-Id': 'tx00000000000000000423a-005e93cf14-3742-default', 'Accept-Ranges': 'bytes', 'Content-Type': 'text/plain; charset=utf-8', 'Date': 'Mon, 13 Apr 2020 02:31:48 GMT'} http_log /usr/lib/python3.7/site-packages/swiftclient/client.py:184
2020-04-13 02:31:48.755 20445 DEBUG swiftclient [-] REQ: curl -i http://172.30.12.83:8080/swift/v1/AUTH_d7fb27db8b51432f90630477c6aeabd4/s_rally_14304249_QLY5lxqx/s_rally_14304249_9TQDioBU -X PUT -H "X-Auth-Token: gAAAAABek88UvwgX..." http_log /usr/lib/python3.7/site-packages/swiftclient/client.py:182
2020-04-13 02:31:48.755 20445 DEBUG swiftclient [-] RESP STATUS: 201 Created http_log /usr/lib/python3.7/site-packages/swiftclient/client.py:183
2020-04-13 02:31:48.756 20445 DEBUG swiftclient [-] RESP HEADERS: {'etag': '32ca18808933aa12e979375d07048a11', 'Last-Modified': 'Mon, 13 Apr 2020 02:31:48 GMT', 'X-Trans-Id': 'tx00000000000000000423b-005e93cf14-3742-default', 'X-Openstack-Request-Id': 'tx00000000000000000423b-005e93cf14-3742-default', 'Content-Type': 'text/plain; charset=utf-8', 'Content-Length': '0', 'Date': 'Mon, 13 Apr 2020 02:31:48 GMT'} http_log /usr/lib/python3.7/site-packages/swiftclient/client.py:184
2020-04-13 02:31:48.765 20445 DEBUG swiftclient [-] REQ: curl -i http://172.30.12.83:8080/swift/v1/AUTH_d7fb27db8b51432f90630477c6aeabd4/s_rally_14304249_QLY5lxqx/s_rally_14304249_B7GVLIbc -X PUT -H "X-Auth-Token: gAAAAABek88UvwgX..." http_log /usr/lib/python3.7/site-packages/swiftclient/client.py:182
2020-04-13 02:31:48.765 20445 DEBUG swiftclient [-] RESP STATUS: 201 Created http_log /usr/lib/python3.7/site-packages/swiftclient/client.py:183
2020-04-13 02:31:48.765 20445 DEBUG swiftclient [-] RESP HEADERS: {'etag': '32ca18808933aa12e979375d07048a11', 'Last-Modified': 'Mon, 13 Apr 2020 02:31:48 GMT', 'X-Trans-Id': 'tx00000000000000000423c-005e93cf14-3742-default', 'X-Openstack-Request-Id': 'tx00000000000000000423c-005e93cf14-3742-default', 'Content-Type': 'text/plain; charset=utf-8', 'Content-Length': '0', 'Date': 'Mon, 13 Apr 2020 02:31:48 GMT'} http_log /usr/lib/python3.7/site-packages/swiftclient/client.py:184
2020-04-13 02:31:48.816 20445 DEBUG swiftclient [-] REQ: curl -i http://172.30.12.83:8080/swift/v1/AUTH_d7fb27db8b51432f90630477c6aeabd4/s_rally_14304249_QLY5lxqx?format=json -X GET -H "X-Auth-Token: gAAAAABek88UvwgX..." -H "Accept-Encoding: gzip" http_log /usr/lib/python3.7/site-packages/swiftclient/client.py:182
2020-04-13 02:31:48.816 20445 DEBUG swiftclient [-] RESP STATUS: 200 OK http_log /usr/lib/python3.7/site-packages/swiftclient/client.py:183
2020-04-13 02:31:48.817 20445 DEBUG swiftclient [-] RESP HEADERS: {'Content-Length': '271', 'X-Timestamp': '1586745108.73746', 'X-Container-Object-Count': '2', 'X-Container-Bytes-Used': '10240', 'X-Container-Bytes-Used-Actual': '16384', 'X-Storage-Policy': 'default-placement', 'X-Storage-Class': 'STANDARD', 'Last-Modified': 'Mon, 13 Apr 2020 02:31:48 GMT', 'X-Trans-Id': 'tx00000000000000000423d-005e93cf14-3742-default', 'X-Openstack-Request-Id': 'tx00000000000000000423d-005e93cf14-3742-default', 'Accept-Ranges': 'bytes', 'Content-Type': 'application/json; charset=utf-8', 'Date': 'Mon, 13 Apr 2020 02:31:48 GMT'} http_log /usr/lib/python3.7/site-packages/swiftclient/client.py:184
2020-04-13 02:31:48.817 20445 DEBUG swiftclient [-] RESP BODY: b'[{"name":"s_rally_14304249_9TQDioBU","hash":"32ca18808933aa12e979375d07048a11","bytes":5120,"last_modified":"2020-04-13T02:31:48.750Z"},{"name":"s_rally_14304249_B7GVLIbc","hash":"32ca18808933aa12e979375d07048a11","bytes":5120,"last_modified":"2020-04-13T02:31:48.760Z"}]' http_log /usr/lib/python3.7/site-packages/swiftclient/client.py:188
2020-04-13 02:31:48.868 20445 DEBUG swiftclient [-] REQ: curl -i http://172.30.12.83:8080/swift/v1/AUTH_d7fb27db8b51432f90630477c6aeabd4/s_rally_14304249_QLY5lxqx?format=json&marker=s_rally_14304249_B7GVLIbc -X GET -H "X-Auth-Token: gAAAAABek88UvwgX..." -H "Accept-Encoding: gzip" http_log /usr/lib/python3.7/site-packages/swiftclient/client.py:182
2020-04-13 02:31:48.868 20445 DEBUG swiftclient [-] RESP STATUS: 200 OK http_log /usr/lib/python3.7/site-packages/swiftclient/client.py:183
2020-04-13 02:31:48.869 20445 DEBUG swiftclient [-] RESP HEADERS: {'Content-Length': '2', 'X-Timestamp': '1586745108.73746', 'X-Container-Object-Count': '2', 'X-Container-Bytes-Used': '10240', 'X-Container-Bytes-Used-Actual': '16384', 'X-Storage-Policy': 'default-placement', 'X-Storage-Class': 'STANDARD', 'Last-Modified': 'Mon, 13 Apr 2020 02:31:48 GMT', 'X-Trans-Id': 'tx00000000000000000423e-005e93cf14-3742-default', 'X-Openstack-Request-Id': 'tx00000000000000000423e-005e93cf14-3742-default', 'Accept-Ranges': 'bytes', 'Content-Type': 'application/json; charset=utf-8', 'Date': 'Mon, 13 Apr 2020 02:31:48 GMT'} http_log /usr/lib/python3.7/site-packages/swiftclient/client.py:184
2020-04-13 02:31:48.869 20445 DEBUG swiftclient [-] RESP BODY: b'[]' http_log /usr/lib/python3.7/site-packages/swiftclient/client.py:188
2020-04-13 02:31:48.870 20445 INFO rally.task.runner [-] Task 7a57d113-af02-4d5e-9b17-9c27f962dd6e | ITER: 3 END: OK
2020-04-13 02:31:48.874 20445 INFO rally.task.runner [-] Task 7a57d113-af02-4d5e-9b17-9c27f962dd6e | ITER: 4 START
2020-04-13 02:31:49.007 20445 DEBUG swiftclient [-] REQ: curl -i http://172.30.12.83:8080/swift/v1/AUTH_78d1722c48834e1face27667cf3abcf2/s_rally_14304249_gyI7aB7Z -X PUT -H "X-Auth-Token: gAAAAABek88UbWRT..." -H "Content-Length: 0" http_log /usr/lib/python3.7/site-packages/swiftclient/client.py:182
2020-04-13 02:31:49.007 20445 DEBUG swiftclient [-] RESP STATUS: 201 Created http_log /usr/lib/python3.7/site-packages/swiftclient/client.py:183
2020-04-13 02:31:49.008 20445 DEBUG swiftclient [-] RESP HEADERS: {'Content-Length': '0', 'X-Trans-Id': 'tx00000000000000000423f-005e93cf14-3742-default', 'X-Openstack-Request-Id': 'tx00000000000000000423f-005e93cf14-3742-default', 'Accept-Ranges': 'bytes', 'Content-Type': 'text/plain; charset=utf-8', 'Date': 'Mon, 13 Apr 2020 02:31:49 GMT'} http_log /usr/lib/python3.7/site-packages/swiftclient/client.py:184
2020-04-13 02:31:49.021 20445 DEBUG swiftclient [-] REQ: curl -i http://172.30.12.83:8080/swift/v1/AUTH_78d1722c48834e1face27667cf3abcf2/s_rally_14304249_gyI7aB7Z/s_rally_14304249_1rSt07hz -X PUT -H "X-Auth-Token: gAAAAABek88UbWRT..." http_log /usr/lib/python3.7/site-packages/swiftclient/client.py:182
2020-04-13 02:31:49.021 20445 DEBUG swiftclient [-] RESP STATUS: 201 Created http_log /usr/lib/python3.7/site-packages/swiftclient/client.py:183
2020-04-13 02:31:49.021 20445 DEBUG swiftclient [-] RESP HEADERS: {'etag': '32ca18808933aa12e979375d07048a11', 'Last-Modified': 'Mon, 13 Apr 2020 02:31:49 GMT', 'X-Trans-Id': 'tx000000000000000004240-005e93cf15-3742-default', 'X-Openstack-Request-Id': 'tx000000000000000004240-005e93cf15-3742-default', 'Content-Type': 'text/plain; charset=utf-8', 'Content-Length': '0', 'Date': 'Mon, 13 Apr 2020 02:31:49 GMT'} http_log /usr/lib/python3.7/site-packages/swiftclient/client.py:184
