2020-04-13 01:29:45.923 7436 RALLYDEBUG rally.task.utils [-] Waiting for resource . Status changed: CREATE_IN_PROGRESS => CREATE_COMPLETE in 0.0846250057220459
2020-04-13 01:29:45.976 7435 RALLYDEBUG rally.task.utils [-] Waiting for resource . Status changed: CREATE_IN_PROGRESS => CREATE_COMPLETE in 0.07522869110107422
2020-04-13 01:29:45.999 7438 RALLYDEBUG rally.task.utils [-] Waiting for resource . Status changed: CREATE_IN_PROGRESS => CREATE_COMPLETE in 0.08421659469604492
2020-04-13 01:29:46.007 7437 RALLYDEBUG rally.task.utils [-] Waiting for resource . Status changed: CREATE_IN_PROGRESS => CREATE_COMPLETE in 0.08540749549865723
2020-04-13 01:29:48.121 7436 RALLYDEBUG rally.task.utils [-] Waiting for resource . Status changed: CREATE_COMPLETE => UPDATE_COMPLETE in 0.07636451721191406
2020-04-13 01:29:48.192 7435 RALLYDEBUG rally.task.utils [-] Waiting for resource . Status changed: CREATE_COMPLETE => UPDATE_COMPLETE in 0.07927608489990234
2020-04-13 01:29:48.209 7437 RALLYDEBUG rally.task.utils [-] Waiting for resource . Status changed: CREATE_COMPLETE => UPDATE_COMPLETE in 0.07110857963562012
2020-04-13 01:29:48.218 7438 RALLYDEBUG rally.task.utils [-] Waiting for resource . Status changed: CREATE_COMPLETE => UPDATE_COMPLETE in 0.06828737258911133
2020-04-13 01:29:48.253 7436 RALLYDEBUG rally.task.utils [-] Waiting for resource . Status changed: CREATE_COMPLETE => DELETE_IN_PROGRESS in 0.06560587882995605
2020-04-13 01:29:48.333 7435 RALLYDEBUG rally.task.utils [-] Waiting for resource . Status changed: CREATE_COMPLETE => DELETE_IN_PROGRESS in 0.06936955451965332
2020-04-13 01:29:48.375 7437 RALLYDEBUG rally.task.utils [-] Waiting for resource . Status changed: CREATE_COMPLETE => DELETE_IN_PROGRESS in 0.07637715339660645
2020-04-13 01:29:48.376 7438 RALLYDEBUG rally.task.utils [-] Waiting for resource . Status changed: CREATE_COMPLETE => DELETE_IN_PROGRESS in 0.06690669059753418
2020-04-13 01:29:49.323 7436 INFO rally.task.runner [-] Task 03a44dd0-c775-4652-abcf-8f15eb317f77 | ITER: 2 END: OK
2020-04-13 01:29:49.329 7436 INFO rally.task.runner [-] Task 03a44dd0-c775-4652-abcf-8f15eb317f77 | ITER: 5 START
2020-04-13 01:29:50.475 7435 INFO rally.task.runner [-] Task 03a44dd0-c775-4652-abcf-8f15eb317f77 | ITER: 1 END: OK
2020-04-13 01:29:50.480 7435 INFO rally.task.runner [-] Task 03a44dd0-c775-4652-abcf-8f15eb317f77 | ITER: 6 START
2020-04-13 01:29:50.512 7437 INFO rally.task.runner [-] Task 03a44dd0-c775-4652-abcf-8f15eb317f77 | ITER: 3 END: OK
2020-04-13 01:29:50.515 7438 INFO rally.task.runner [-] Task 03a44dd0-c775-4652-abcf-8f15eb317f77 | ITER: 4 END: OK
2020-04-13 01:29:50.517 7437 INFO rally.task.runner [-] Task 03a44dd0-c775-4652-abcf-8f15eb317f77 | ITER: 7 START
2020-04-13 01:29:50.520 7438 INFO rally.task.runner [-] Task 03a44dd0-c775-4652-abcf-8f15eb317f77 | ITER: 8 START
2020-04-13 01:29:52.099 7436 RALLYDEBUG rally.task.utils [-] Waiting for resource . Status changed: CREATE_IN_PROGRESS => CREATE_COMPLETE in 0.07293581962585449
2020-04-13 01:29:53.362 7435 RALLYDEBUG rally.task.utils [-] Waiting for resource . Status changed: CREATE_IN_PROGRESS => CREATE_COMPLETE in 0.07151389122009277
2020-04-13 01:29:53.370 7437 RALLYDEBUG rally.task.utils [-] Waiting for resource . Status changed: CREATE_IN_PROGRESS => CREATE_COMPLETE in 0.07487654685974121
2020-04-13 01:29:53.424 7438 RALLYDEBUG rally.task.utils [-] Waiting for resource . Status changed: CREATE_IN_PROGRESS => CREATE_COMPLETE in 0.07918477058410645
2020-04-13 01:29:54.290 7436 RALLYDEBUG rally.task.utils [-] Waiting for resource . Status changed: CREATE_COMPLETE => UPDATE_COMPLETE in 0.0755155086517334
2020-04-13 01:29:54.423 7436 RALLYDEBUG rally.task.utils [-] Waiting for resource . Status changed: CREATE_COMPLETE => DELETE_IN_PROGRESS in 0.06707215309143066
2020-04-13 01:29:55.495 7436 INFO rally.task.runner [-] Task 03a44dd0-c775-4652-abcf-8f15eb317f77 | ITER: 5 END: OK
2020-04-13 01:29:55.500 7436 INFO rally.task.runner [-] Task 03a44dd0-c775-4652-abcf-8f15eb317f77 | ITER: 9 START
2020-04-13 01:29:55.560 7435 RALLYDEBUG rally.task.utils [-] Waiting for resource . Status changed: CREATE_COMPLETE => UPDATE_COMPLETE in 0.07915019989013672
2020-04-13 01:29:55.583 7437 RALLYDEBUG rally.task.utils [-] Waiting for resource . Status changed: CREATE_COMPLETE => UPDATE_COMPLETE in 0.07558202743530273
2020-04-13 01:29:55.665 7438 RALLYDEBUG rally.task.utils [-] Waiting for resource . Status changed: CREATE_COMPLETE => UPDATE_COMPLETE in 0.08564186096191406
2020-04-13 01:29:55.693 7435 RALLYDEBUG rally.task.utils [-] Waiting for resource . Status changed: CREATE_COMPLETE => DELETE_IN_PROGRESS in 0.06081748008728027
2020-04-13 01:29:55.714 7437 RALLYDEBUG rally.task.utils [-] Waiting for resource . Status changed: CREATE_COMPLETE => DELETE_IN_PROGRESS in 0.06860184669494629
2020-04-13 01:29:55.831 7438 RALLYDEBUG rally.task.utils [-] Waiting for resource . Status changed: CREATE_COMPLETE => DELETE_IN_PROGRESS in 0.07196664810180664
2020-04-13 01:29:57.844 7435 INFO rally.task.runner [-] Task 03a44dd0-c775-4652-abcf-8f15eb317f77 | ITER: 6 END: OK
2020-04-13 01:29:57.849 7435 INFO rally.task.runner [-] Task 03a44dd0-c775-4652-abcf-8f15eb317f77 | ITER: 10 START
2020-04-13 01:29:57.858 7437 INFO rally.task.runner [-] Task 03a44dd0-c775-4652-abcf-8f15eb317f77 | ITER: 7 END: OK
2020-04-13 01:29:57.970 7438 INFO rally.task.runner [-] Task 03a44dd0-c775-4652-abcf-8f15eb317f77 | ITER: 8 END: OK
2020-04-13 01:29:58.311 7436 RALLYDEBUG rally.task.utils [-] Waiting for resource . Status changed: CREATE_IN_PROGRESS => CREATE_COMPLETE in 0.08133339881896973
2020-04-13 01:30:00.512 7436 RALLYDEBUG rally.task.utils [-] Waiting for resource . Status changed: CREATE_COMPLETE => UPDATE_COMPLETE in 0.0846548080444336
2020-04-13 01:30:00.649 7436 RALLYDEBUG rally.task.utils [-] Waiting for resource . Status changed: CREATE_COMPLETE => DELETE_IN_PROGRESS in 0.07180261611938477
2020-04-13 01:30:00.696 7435 RALLYDEBUG rally.task.utils [-] Waiting for resource . Status changed: CREATE_IN_PROGRESS => CREATE_COMPLETE in 0.07737326622009277
2020-04-13 01:30:01.724 7436 INFO rally.task.runner [-] Task 03a44dd0-c775-4652-abcf-8f15eb317f77 | ITER: 9 END: OK
2020-04-13 01:30:02.911 7435 RALLYDEBUG rally.task.utils [-] Waiting for resource . Status changed: CREATE_COMPLETE => UPDATE_COMPLETE in 0.08472061157226562
2020-04-13 01:30:03.040 7435 RALLYDEBUG rally.task.utils [-] Waiting for resource . Status changed: CREATE_COMPLETE => DELETE_IN_PROGRESS in 0.06278777122497559
2020-04-13 01:30:05.186 7435 INFO rally.task.runner [-] Task 03a44dd0-c775-4652-abcf-8f15eb317f77 | ITER: 10 END: OK
2020-04-13 01:30:05.211 5253 INFO rally.task.context [-] Task 03a44dd0-c775-4652-abcf-8f15eb317f77 | Context cleanup@openstack cleanup() started
2020-04-13 01:30:05.219 5253 RALLYDEBUG rally_openstack.cleanup.manager [-] Cleaning up heat stacks objects
2020-04-13 01:30:06.031 5253 INFO rally.task.context [-] Task 03a44dd0-c775-4652-abcf-8f15eb317f77 | Context cleanup@openstack cleanup() finished in 0.82 sec
2020-04-13 01:30:06.032 5253 INFO rally.task.context [-] Task 03a44dd0-c775-4652-abcf-8f15eb317f77 | Context roles@openstack cleanup() started
2020-04-13 01:30:06.032 5253 RALLYDEBUG rally_openstack.contexts.keystone.roles [-] Removing assigned role ae1393230f8e4b248a273fec57604d12 from all users
2020-04-13 01:30:06.575 5253 INFO rally.task.context [-] Task 03a44dd0-c775-4652-abcf-8f15eb317f77 | Context roles@openstack cleanup() finished in 0.54 sec
2020-04-13 01:30:06.575 5253 INFO rally.task.context [-] Task 03a44dd0-c775-4652-abcf-8f15eb317f77 | Context users@openstack cleanup() started
2020-04-13 01:30:06.876 5253 WARNING rally.common.logging [-] `iterate_per_tenants()' is deprecated in v3.0.0: it is openstack specific.. Used at
2020-04-13 01:30:09.294 5253 INFO rally.task.context [-] Task 03a44dd0-c775-4652-abcf-8f15eb317f77 | Context users@openstack cleanup() finished in 2.72 sec
2020-04-13 01:30:09.957 5253 INFO rally.task.engine [-] Load duration is: 18.178326
2020-04-13 01:30:09.958 5253 INFO rally.task.engine [-] Full runner duration is: 22.222145
2020-04-13 01:30:09.958 5253 INFO rally.task.engine [-] Full duration is: 29.523858
2020-04-13 01:30:10.043 5253 INFO rally.task.engine [-] Running workload: position = 0 config = { "version": 2, "title": "A cropped version of a bigger task.", "description": "Auto-generated task from a single workload (uuid=7a2fd799-7f66-4452-b2a6-439c3e3d245d)", "subtasks": [ { "title": "HeatStacks.create_check_delete_stack", "description": "Create, check and delete a stack.", "scenario": { "HeatStacks.create_check_delete_stack": { "template_path": "/usr/lib/python3.7/site-packages/functest/opnfv_tests/openstack/rally/scenario/templates/random_strings.yaml.template" } }, "contexts": { "users": { "tenants": 3, "users_per_tenant": 2 }, "roles": [ "heat_stack_owner" ] }, "runner": { "constant": { "concurrency": 4, "times": 10 } }, "hooks": [], "sla": { "failure_rate": { "max": 0 } } } ] }
2020-04-13 01:30:10.063 5253 RALLYDEBUG rally_openstack.contexts.keystone.users [-] Creating 3 tenants using 3 threads
2020-04-13 01:30:10.559 5253 RALLYDEBUG rally_openstack.contexts.keystone.users [-] Creating 6 users using 6 threads
2020-04-13 01:30:11.517 5253 INFO rally.task.context [-] Task 03a44dd0-c775-4652-abcf-8f15eb317f77 | Context users@openstack setup() finished in 1.45 sec
2020-04-13 01:30:11.749 5253 RALLYDEBUG rally_openstack.contexts.keystone.roles [-] Adding role heat_stack_owner having ID ae1393230f8e4b248a273fec57604d12 to all users using 30 threads
2020-04-13 01:30:13.620 5253 INFO rally.task.context [-] Task 03a44dd0-c775-4652-abcf-8f15eb317f77 | Context roles@openstack setup() finished in 2.10 sec
2020-04-13 01:30:13.621 5253 INFO rally.task.context [-] Task 03a44dd0-c775-4652-abcf-8f15eb317f77 | Context cleanup@openstack setup() finished in 0.03 msec
2020-04-13 01:30:13.632 5253 RALLYDEBUG rally.task.runner [-] Starting the constant runner (task UUID: 03a44dd0-c775-4652-abcf-8f15eb317f77). times: 10 concurrency: 4 timeout: 0 max_cpu_used: 88 processes_to_start: 4 concurrency_per_worker: 1 concurrency_overhead: 0
2020-04-13 01:30:13.643 7588 RALLYDEBUG rally.task.runner [-] Starting a worker. times: 10 duration: None concurrency: 1 timeout: 0 cls: method_name: run args: {"template_path": "heat_template_version: 2014-10-16\n\ndescription: Test template for rally create-update-delete scenario\n\nresources:\n test_string_one:\n type: OS::Heat::RandomString\n properties:\n length: 20\n test_string_two:\n type: OS::Heat::RandomString\n properties:\n length: 20"}
2020-04-13 01:30:13.645 7589 RALLYDEBUG rally.task.runner [-] Starting a worker. times: 10 duration: None concurrency: 1 timeout: 0 cls: method_name: run args: {"template_path": "heat_template_version: 2014-10-16\n\ndescription: Test template for rally create-update-delete scenario\n\nresources:\n test_string_one:\n type: OS::Heat::RandomString\n properties:\n length: 20\n test_string_two:\n type: OS::Heat::RandomString\n properties:\n length: 20"}
2020-04-13 01:30:13.649 7588 INFO rally.task.runner [-] Task 03a44dd0-c775-4652-abcf-8f15eb317f77 | ITER: 1 START
2020-04-13 01:30:13.648 7590 RALLYDEBUG rally.task.runner [-] Starting a worker. times: 10 duration: None concurrency: 1 timeout: 0 cls: method_name: run args: {"template_path": "heat_template_version: 2014-10-16\n\ndescription: Test template for rally create-update-delete scenario\n\nresources:\n test_string_one:\n type: OS::Heat::RandomString\n properties:\n length: 20\n test_string_two:\n type: OS::Heat::RandomString\n properties:\n length: 20"}
2020-04-13 01:30:13.649 7591 RALLYDEBUG rally.task.runner [-] Starting a worker. times: 10 duration: None concurrency: 1 timeout: 0 cls: method_name: run args: {"template_path": "heat_template_version: 2014-10-16\n\ndescription: Test template for rally create-update-delete scenario\n\nresources:\n test_string_one:\n type: OS::Heat::RandomString\n properties:\n length: 20\n test_string_two:\n type: OS::Heat::RandomString\n properties:\n length: 20"}
2020-04-13 01:30:13.651 7589 INFO rally.task.runner [-] Task 03a44dd0-c775-4652-abcf-8f15eb317f77 | ITER: 2 START
2020-04-13 01:30:13.654 7590 INFO rally.task.runner [-] Task 03a44dd0-c775-4652-abcf-8f15eb317f77 | ITER: 3 START
2020-04-13 01:30:13.655 7591 INFO rally.task.runner [-] Task 03a44dd0-c775-4652-abcf-8f15eb317f77 | ITER: 4 START
2020-04-13 01:30:16.546 7591 RALLYDEBUG rally.task.utils [-] Waiting for resource . Status changed: CREATE_IN_PROGRESS => CREATE_COMPLETE in 0.0957174301147461
2020-04-13 01:30:16.568 7589 RALLYDEBUG rally.task.utils [-] Waiting for resource . Status changed: CREATE_IN_PROGRESS => CREATE_COMPLETE in 0.09026575088500977
2020-04-13 01:30:16.573 7590 RALLYDEBUG rally.task.utils [-] Waiting for resource . Status changed: CREATE_IN_PROGRESS => CREATE_COMPLETE in 0.08368492126464844
2020-04-13 01:30:16.582 7588 RALLYDEBUG rally.task.utils [-] Waiting for resource . Status changed: CREATE_IN_PROGRESS => CREATE_COMPLETE in 0.08688807487487793
2020-04-13 01:30:16.758 7591 RALLYDEBUG rally.task.utils [-] Waiting for resource . Status changed: CREATE_COMPLETE => CHECK_IN_PROGRESS in 0.07864904403686523
2020-04-13 01:30:16.790 7589 RALLYDEBUG rally.task.utils [-] Waiting for resource . Status changed: CREATE_COMPLETE => CHECK_IN_PROGRESS in 0.08565783500671387
2020-04-13 01:30:16.807 7588 RALLYDEBUG rally.task.utils [-] Waiting for resource . Status changed: CREATE_COMPLETE => CHECK_IN_PROGRESS in 0.07875776290893555
2020-04-13 01:30:16.812 7590 RALLYDEBUG rally.task.utils [-] Waiting for resource . Status changed: CREATE_COMPLETE => CHECK_IN_PROGRESS in 0.08284521102905273
2020-04-13 01:30:17.850 7591 RALLYDEBUG rally.task.utils [-] Waiting for resource . Status changed: CHECK_IN_PROGRESS => CHECK_COMPLETE in 1.0920796394348145
2020-04-13 01:30:17.877 7589 RALLYDEBUG rally.task.utils [-] Waiting for resource . Status changed: CHECK_IN_PROGRESS => CHECK_COMPLETE in 1.086893081665039
2020-04-13 01:30:17.900 7588 RALLYDEBUG rally.task.utils [-] Waiting for resource . Status changed: CHECK_IN_PROGRESS => CHECK_COMPLETE in 1.0923712253570557
2020-04-13 01:30:17.903 7590 RALLYDEBUG rally.task.utils [-] Waiting for resource . Status changed: CHECK_IN_PROGRESS => CHECK_COMPLETE in 1.0911476612091064
2020-04-13 01:30:17.988 7591 RALLYDEBUG rally.task.utils [-] Waiting for resource . Status changed: CREATE_COMPLETE => DELETE_IN_PROGRESS in 0.06653618812561035
2020-04-13 01:30:18.009 7589 RALLYDEBUG rally.task.utils [-] Waiting for resource . Status changed: CREATE_COMPLETE => DELETE_IN_PROGRESS in 0.06441974639892578
2020-04-13 01:30:18.061 7588 RALLYDEBUG rally.task.utils [-] Waiting for resource . Status changed: CREATE_COMPLETE => DELETE_IN_PROGRESS in 0.06538701057434082
2020-04-13 01:30:18.076 7590 RALLYDEBUG rally.task.utils [-] Waiting for resource . Status changed: CREATE_COMPLETE => DELETE_IN_PROGRESS in 0.07129502296447754
2020-04-13 01:30:20.148 7591 INFO rally.task.runner [-] Task 03a44dd0-c775-4652-abcf-8f15eb317f77 | ITER: 4 END: OK
2020-04-13 01:30:20.153 7591 INFO rally.task.runner [-] Task 03a44dd0-c775-4652-abcf-8f15eb317f77 | ITER: 5 START
2020-04-13 01:30:20.155 7589 INFO rally.task.runner [-] Task 03a44dd0-c775-4652-abcf-8f15eb317f77 | ITER: 2 END: OK
2020-04-13 01:30:20.160 7589 INFO rally.task.runner [-] Task 03a44dd0-c775-4652-abcf-8f15eb317f77 | ITER: 6 START
2020-04-13 01:30:20.200 7588 INFO rally.task.runner [-] Task 03a44dd0-c775-4652-abcf-8f15eb317f77 | ITER: 1 END: OK
2020-04-13 01:30:20.205 7588 INFO rally.task.runner [-] Task 03a44dd0-c775-4652-abcf-8f15eb317f77 | ITER: 7 START
2020-04-13 01:30:20.224 7590 INFO rally.task.runner [-] Task 03a44dd0-c775-4652-abcf-8f15eb317f77 | ITER: 3 END: OK
2020-04-13 01:30:20.228 7590 INFO rally.task.runner [-] Task 03a44dd0-c775-4652-abcf-8f15eb317f77 | ITER: 8 START
2020-04-13 01:30:23.030 7589 RALLYDEBUG rally.task.utils [-] Waiting for resource . Status changed: CREATE_IN_PROGRESS => CREATE_COMPLETE in 0.08629655838012695
2020-04-13 01:30:23.064 7590 RALLYDEBUG rally.task.utils [-] Waiting for resource . Status changed: CREATE_IN_PROGRESS => CREATE_COMPLETE in 0.0780630111694336
2020-04-13 01:30:23.072 7591 RALLYDEBUG rally.task.utils [-] Waiting for resource . Status changed: CREATE_IN_PROGRESS => CREATE_COMPLETE in 0.0760047435760498
2020-04-13 01:30:23.090 7588 RALLYDEBUG rally.task.utils [-] Waiting for resource . Status changed: CREATE_IN_PROGRESS => CREATE_COMPLETE in 0.09253096580505371
2020-04-13 01:30:23.230 7589 RALLYDEBUG rally.task.utils [-] Waiting for resource . Status changed: CREATE_COMPLETE => CHECK_IN_PROGRESS in 0.07824230194091797
2020-04-13 01:30:23.261 7590 RALLYDEBUG rally.task.utils [-] Waiting for resource . Status changed: CREATE_COMPLETE => CHECK_IN_PROGRESS in 0.08287715911865234
2020-04-13 01:30:23.280 7591 RALLYDEBUG rally.task.utils [-] Waiting for resource . Status changed: CREATE_COMPLETE => CHECK_IN_PROGRESS in 0.07669615745544434
2020-04-13 01:30:23.303 7588 RALLYDEBUG rally.task.utils [-] Waiting for resource . Status changed: CREATE_COMPLETE => CHECK_IN_PROGRESS in 0.07588958740234375
2020-04-13 01:30:24.324 7589 RALLYDEBUG rally.task.utils [-] Waiting for resource . Status changed: CHECK_IN_PROGRESS => CHECK_COMPLETE in 1.093876600265503
2020-04-13 01:30:24.347 7590 RALLYDEBUG rally.task.utils [-] Waiting for resource . Status changed: CHECK_IN_PROGRESS => CHECK_COMPLETE in 1.0850646495819092
2020-04-13 01:30:24.363 7591 RALLYDEBUG rally.task.utils [-] Waiting for resource . Status changed: CHECK_IN_PROGRESS => CHECK_COMPLETE in 1.0830800533294678
2020-04-13 01:30:24.382 7588 RALLYDEBUG rally.task.utils [-] Waiting for resource . Status changed: CHECK_IN_PROGRESS => CHECK_COMPLETE in 1.0786845684051514
2020-04-13 01:30:24.459 7589 RALLYDEBUG rally.task.utils [-] Waiting for resource . Status changed: CREATE_COMPLETE => DELETE_IN_PROGRESS in 0.06368470191955566
2020-04-13 01:30:24.515 7590 RALLYDEBUG rally.task.utils [-] Waiting for resource . Status changed: CREATE_COMPLETE => DELETE_IN_PROGRESS in 0.07698297500610352
2020-04-13 01:30:24.544 7591 RALLYDEBUG rally.task.utils [-] Waiting for resource . Status changed: CREATE_COMPLETE => DELETE_IN_PROGRESS in 0.07405591011047363
2020-04-13 01:30:24.546 7588 RALLYDEBUG rally.task.utils [-] Waiting for resource . Status changed: CREATE_COMPLETE => DELETE_IN_PROGRESS in 0.06830906867980957
2020-04-13 01:30:26.633 7589 INFO rally.task.runner [-] Task 03a44dd0-c775-4652-abcf-8f15eb317f77 | ITER: 6 END: OK
2020-04-13 01:30:26.638 7589 INFO rally.task.runner [-] Task 03a44dd0-c775-4652-abcf-8f15eb317f77 | ITER: 9 START
2020-04-13 01:30:26.669 7590 INFO rally.task.runner [-] Task 03a44dd0-c775-4652-abcf-8f15eb317f77 | ITER: 8 END: OK
2020-04-13 01:30:26.674 7590 INFO rally.task.runner [-] Task 03a44dd0-c775-4652-abcf-8f15eb317f77 | ITER: 10 START
2020-04-13 01:30:26.690 7588 INFO rally.task.runner [-] Task 03a44dd0-c775-4652-abcf-8f15eb317f77 | ITER: 7 END: OK
2020-04-13 01:30:26.690 7591 INFO rally.task.runner [-] Task 03a44dd0-c775-4652-abcf-8f15eb317f77 | ITER: 5 END: OK
2020-04-13 01:30:29.478 7590 RALLYDEBUG rally.task.utils [-] Waiting for resource . Status changed: CREATE_IN_PROGRESS => CREATE_COMPLETE in 0.0878915786743164
2020-04-13 01:30:29.484 7589 RALLYDEBUG rally.task.utils [-] Waiting for resource . Status changed: CREATE_IN_PROGRESS => CREATE_COMPLETE in 0.08269166946411133
2020-04-13 01:30:29.693 7590 RALLYDEBUG rally.task.utils [-] Waiting for resource . Status changed: CREATE_COMPLETE => CHECK_IN_PROGRESS in 0.0830075740814209
2020-04-13 01:30:29.696 7589 RALLYDEBUG rally.task.utils [-] Waiting for resource . Status changed: CREATE_COMPLETE => CHECK_IN_PROGRESS in 0.07954263687133789
2020-04-13 01:30:30.772 7590 RALLYDEBUG rally.task.utils [-] Waiting for resource . Status changed: CHECK_IN_PROGRESS => CHECK_COMPLETE in 1.0790526866912842
2020-04-13 01:30:30.775 7589 RALLYDEBUG rally.task.utils [-] Waiting for resource . Status changed: CHECK_IN_PROGRESS => CHECK_COMPLETE in 1.0788109302520752
2020-04-13 01:30:30.930 7589 RALLYDEBUG rally.task.utils [-] Waiting for resource . Status changed: CREATE_COMPLETE => DELETE_IN_PROGRESS in 0.06890153884887695
2020-04-13 01:30:30.941 7590 RALLYDEBUG rally.task.utils [-] Waiting for resource . Status changed: CREATE_COMPLETE => DELETE_IN_PROGRESS in 0.06990671157836914
2020-04-13 01:30:33.085 7589 INFO rally.task.runner [-] Task 03a44dd0-c775-4652-abcf-8f15eb317f77 | ITER: 9 END: OK
2020-04-13 01:30:33.099 7590 INFO rally.task.runner [-] Task 03a44dd0-c775-4652-abcf-8f15eb317f77 | ITER: 10 END: OK
2020-04-13 01:30:33.121 5253 INFO rally.task.context [-] Task 03a44dd0-c775-4652-abcf-8f15eb317f77 | Context cleanup@openstack cleanup() started
2020-04-13 01:30:33.125 5253 RALLYDEBUG rally_openstack.cleanup.manager [-] Cleaning up heat stacks objects
2020-04-13 01:30:33.942 5253 INFO rally.task.context [-] Task 03a44dd0-c775-4652-abcf-8f15eb317f77 | Context cleanup@openstack cleanup() finished in 0.82 sec
2020-04-13 01:30:33.943 5253 INFO rally.task.context [-] Task 03a44dd0-c775-4652-abcf-8f15eb317f77 | Context roles@openstack cleanup() started
2020-04-13 01:30:33.943 5253 RALLYDEBUG rally_openstack.contexts.keystone.roles [-] Removing assigned role ae1393230f8e4b248a273fec57604d12 from all users
2020-04-13 01:30:34.514 5253 INFO rally.task.context [-] Task 03a44dd0-c775-4652-abcf-8f15eb317f77 | Context roles@openstack cleanup() finished in 0.57 sec
2020-04-13 01:30:34.515 5253 INFO rally.task.context [-] Task 03a44dd0-c775-4652-abcf-8f15eb317f77 | Context users@openstack cleanup() started
2020-04-13 01:30:34.820 5253 WARNING rally.common.logging [-] `iterate_per_tenants()' is deprecated in v3.0.0: it is openstack specific.. Used at
2020-04-13 01:30:37.613 5253 INFO rally.task.context [-] Task 03a44dd0-c775-4652-abcf-8f15eb317f77 | Context users@openstack cleanup() finished in 3.10 sec
2020-04-13 01:30:38.287 5253 INFO rally.task.engine [-] Load duration is: 17.449434
2020-04-13 01:30:38.288 5253 INFO rally.task.engine [-] Full runner duration is: 19.488717
2020-04-13 01:30:38.288 5253 INFO rally.task.engine [-] Full duration is: 27.55138
2020-04-13 01:30:38.377 5253 INFO rally.task.engine [-] Running workload: position = 0 config = { "version": 2, "title": "A cropped version of a bigger task.", "description": "Auto-generated task from a single workload (uuid=adea56b1-0735-4242-a487-399fe757d01c)", "subtasks": [ { "title": "HeatStacks.create_suspend_resume_delete_stack", "description": "Create, suspend-resume and then delete a stack.", "scenario": { "HeatStacks.create_suspend_resume_delete_stack": { "template_path": "/usr/lib/python3.7/site-packages/functest/opnfv_tests/openstack/rally/scenario/templates/random_strings.yaml.template" } }, "contexts": { "users": { "tenants": 3, "users_per_tenant": 2 }, "roles": [ "heat_stack_owner" ] }, "runner": { "constant": { "concurrency": 4, "times": 10 } }, "hooks": [], "sla": { "failure_rate": { "max": 0 } } } ] }
2020-04-13 01:30:38.396 5253 RALLYDEBUG rally_openstack.contexts.keystone.users [-] Creating 3 tenants using 3 threads
2020-04-13 01:30:38.876 5253 RALLYDEBUG rally_openstack.contexts.keystone.users [-] Creating 6 users using 6 threads
2020-04-13 01:30:39.843 5253 INFO rally.task.context [-] Task 03a44dd0-c775-4652-abcf-8f15eb317f77 | Context users@openstack setup() finished in 1.45 sec
2020-04-13 01:30:40.085 5253 RALLYDEBUG rally_openstack.contexts.keystone.roles [-] Adding role heat_stack_owner having ID ae1393230f8e4b248a273fec57604d12 to all users using 30 threads
2020-04-13 01:30:41.757 5253 INFO rally.task.context [-] Task 03a44dd0-c775-4652-abcf-8f15eb317f77 | Context roles@openstack setup() finished in 1.91 sec
2020-04-13 01:30:41.757 5253 INFO rally.task.context [-] Task 03a44dd0-c775-4652-abcf-8f15eb317f77 | Context cleanup@openstack setup() finished in 0.00 msec
2020-04-13 01:30:41.769 5253 RALLYDEBUG rally.task.runner [-] Starting the constant runner (task UUID: 03a44dd0-c775-4652-abcf-8f15eb317f77). times: 10 concurrency: 4 timeout: 0 max_cpu_used: 88 processes_to_start: 4 concurrency_per_worker: 1 concurrency_overhead: 0
2020-04-13 01:30:41.781 7741 RALLYDEBUG rally.task.runner [-] Starting a worker. times: 10 duration: None concurrency: 1 timeout: 0 cls: method_name: run args: {"template_path": "heat_template_version: 2014-10-16\n\ndescription: Test template for rally create-update-delete scenario\n\nresources:\n test_string_one:\n type: OS::Heat::RandomString\n properties:\n length: 20\n test_string_two:\n type: OS::Heat::RandomString\n properties:\n length: 20"}
2020-04-13 01:30:41.782 7742 RALLYDEBUG rally.task.runner [-] Starting a worker. times: 10 duration: None concurrency: 1 timeout: 0 cls: method_name: run args: {"template_path": "heat_template_version: 2014-10-16\n\ndescription: Test template for rally create-update-delete scenario\n\nresources:\n test_string_one:\n type: OS::Heat::RandomString\n properties:\n length: 20\n test_string_two:\n type: OS::Heat::RandomString\n properties:\n length: 20"}
2020-04-13 01:30:41.784 7743 RALLYDEBUG rally.task.runner [-] Starting a worker. times: 10 duration: None concurrency: 1 timeout: 0 cls: method_name: run args: {"template_path": "heat_template_version: 2014-10-16\n\ndescription: Test template for rally create-update-delete scenario\n\nresources:\n test_string_one:\n type: OS::Heat::RandomString\n properties:\n length: 20\n test_string_two:\n type: OS::Heat::RandomString\n properties:\n length: 20"}
2020-04-13 01:30:41.785 7744 RALLYDEBUG rally.task.runner [-] Starting a worker. times: 10 duration: None concurrency: 1 timeout: 0 cls: method_name: run args: {"template_path": "heat_template_version: 2014-10-16\n\ndescription: Test template for rally create-update-delete scenario\n\nresources:\n test_string_one:\n type: OS::Heat::RandomString\n properties:\n length: 20\n test_string_two:\n type: OS::Heat::RandomString\n properties:\n length: 20"}
2020-04-13 01:30:41.788 7741 INFO rally.task.runner [-] Task 03a44dd0-c775-4652-abcf-8f15eb317f77 | ITER: 1 START
2020-04-13 01:30:41.788 7742 INFO rally.task.runner [-] Task 03a44dd0-c775-4652-abcf-8f15eb317f77 | ITER: 2 START
2020-04-13 01:30:41.791 7743 INFO rally.task.runner [-] Task 03a44dd0-c775-4652-abcf-8f15eb317f77 | ITER: 3 START
2020-04-13 01:30:41.792 7744 INFO rally.task.runner [-] Task 03a44dd0-c775-4652-abcf-8f15eb317f77 | ITER: 4 START
2020-04-13 01:30:44.605 7744 RALLYDEBUG rally.task.utils [-] Waiting for resource . Status changed: CREATE_IN_PROGRESS => CREATE_COMPLETE in 0.08037018775939941
2020-04-13 01:30:44.612 7743 RALLYDEBUG rally.task.utils [-] Waiting for resource . Status changed: CREATE_IN_PROGRESS => CREATE_COMPLETE in 0.07769608497619629
2020-04-13 01:30:44.624 7742 RALLYDEBUG rally.task.utils [-] Waiting for resource . Status changed: CREATE_IN_PROGRESS => CREATE_COMPLETE in 0.07947850227355957
2020-04-13 01:30:44.639 7741 RALLYDEBUG rally.task.utils [-] Waiting for resource . Status changed: CREATE_IN_PROGRESS => CREATE_COMPLETE in 0.08065581321716309
2020-04-13 01:30:44.802 7744 RALLYDEBUG rally.task.utils [-] Waiting for resource . Status changed: CREATE_COMPLETE => SUSPEND_IN_PROGRESS in 0.07092738151550293
2020-04-13 01:30:44.809 7743 RALLYDEBUG rally.task.utils [-] Waiting for resource . Status changed: CREATE_COMPLETE => SUSPEND_IN_PROGRESS in 0.06939196586608887
2020-04-13 01:30:44.817 7742 RALLYDEBUG rally.task.utils [-] Waiting for resource . Status changed: CREATE_COMPLETE => SUSPEND_IN_PROGRESS in 0.06734991073608398
2020-04-13 01:30:44.869 7741 RALLYDEBUG rally.task.utils [-] Waiting for resource . Status changed: CREATE_COMPLETE => SUSPEND_IN_PROGRESS in 0.08090448379516602
2020-04-13 01:30:45.885 7744 RALLYDEBUG rally.task.utils [-] Waiting for resource . Status changed: SUSPEND_IN_PROGRESS => SUSPEND_COMPLETE in 1.0822644233703613
2020-04-13 01:30:45.890 7743 RALLYDEBUG rally.task.utils [-] Waiting for resource . Status changed: SUSPEND_IN_PROGRESS => SUSPEND_COMPLETE in 1.0811495780944824
2020-04-13 01:30:45.901 7742 RALLYDEBUG rally.task.utils [-] Waiting for resource . Status changed: SUSPEND_IN_PROGRESS => SUSPEND_COMPLETE in 1.0845606327056885
2020-04-13 01:30:45.944 7741 RALLYDEBUG rally.task.utils [-] Waiting for resource . Status changed: SUSPEND_IN_PROGRESS => SUSPEND_COMPLETE in 1.0744099617004395
2020-04-13 01:30:46.060 7743 RALLYDEBUG rally.task.utils [-] Waiting for resource . Status changed: CREATE_COMPLETE => RESUME_IN_PROGRESS in 0.06875324249267578
2020-04-13 01:30:46.087 7744 RALLYDEBUG rally.task.utils [-] Waiting for resource . Status changed: CREATE_COMPLETE => RESUME_IN_PROGRESS in 0.07158374786376953
2020-04-13 01:30:46.095 7742 RALLYDEBUG rally.task.utils [-] Waiting for resource . Status changed: CREATE_COMPLETE => RESUME_IN_PROGRESS in 0.06832671165466309
2020-04-13 01:30:46.146 7741 RALLYDEBUG rally.task.utils [-] Waiting for resource . Status changed: CREATE_COMPLETE => RESUME_IN_PROGRESS in 0.06380939483642578
2020-04-13 01:30:47.142 7743 RALLYDEBUG rally.task.utils [-] Waiting for resource . Status changed: RESUME_IN_PROGRESS => RESUME_COMPLETE in 1.0822315216064453
2020-04-13 01:30:47.165 7744 RALLYDEBUG rally.task.utils [-] Waiting for resource . Status changed: RESUME_IN_PROGRESS => RESUME_COMPLETE in 1.0775198936462402
2020-04-13 01:30:47.177 7742 RALLYDEBUG rally.task.utils [-] Waiting for resource . Status changed: RESUME_IN_PROGRESS => RESUME_COMPLETE in 1.0823605060577393
2020-04-13 01:30:47.217 7741 RALLYDEBUG rally.task.utils [-] Waiting for resource . Status changed: RESUME_IN_PROGRESS => RESUME_COMPLETE in 1.0716595649719238
2020-04-13 01:30:47.267 7743 RALLYDEBUG rally.task.utils [-] Waiting for resource . Status changed: CREATE_COMPLETE => DELETE_IN_PROGRESS in 0.06331014633178711
2020-04-13 01:30:47.307 7744 RALLYDEBUG rally.task.utils [-] Waiting for resource . Status changed: CREATE_COMPLETE => DELETE_IN_PROGRESS in 0.05803799629211426
2020-04-13 01:30:47.345 7742 RALLYDEBUG rally.task.utils [-] Waiting for resource . Status changed: CREATE_COMPLETE => DELETE_IN_PROGRESS in 0.06635856628417969
2020-04-13 01:30:47.376 7741 RALLYDEBUG rally.task.utils [-] Waiting for resource . Status changed: CREATE_COMPLETE => DELETE_IN_PROGRESS in 0.06592273712158203
2020-04-13 01:30:49.416 7743 INFO rally.task.runner [-] Task 03a44dd0-c775-4652-abcf-8f15eb317f77 | ITER: 3 END: OK
2020-04-13 01:30:49.421 7743 INFO rally.task.runner [-] Task 03a44dd0-c775-4652-abcf-8f15eb317f77 | ITER: 5 START
2020-04-13 01:30:49.452 7744 INFO rally.task.runner [-] Task 03a44dd0-c775-4652-abcf-8f15eb317f77 | ITER: 4 END: OK
2020-04-13 01:30:49.456 7744 INFO rally.task.runner [-] Task 03a44dd0-c775-4652-abcf-8f15eb317f77 | ITER: 6 START
2020-04-13 01:30:49.481 7742 INFO rally.task.runner [-] Task 03a44dd0-c775-4652-abcf-8f15eb317f77 | ITER: 2 END: OK
2020-04-13 01:30:49.486 7742 INFO rally.task.runner [-] Task 03a44dd0-c775-4652-abcf-8f15eb317f77 | ITER: 7 START
2020-04-13 01:30:49.512 7741 INFO rally.task.runner [-] Task 03a44dd0-c775-4652-abcf-8f15eb317f77 | ITER: 1 END: OK
2020-04-13 01:30:49.517 7741 INFO rally.task.runner [-] Task 03a44dd0-c775-4652-abcf-8f15eb317f77 | ITER: 8 START
2020-04-13 01:30:52.291 7743 RALLYDEBUG rally.task.utils [-] Waiting for resource . Status changed: CREATE_IN_PROGRESS => CREATE_COMPLETE in 0.0834660530090332
2020-04-13 01:30:52.299 7744 RALLYDEBUG rally.task.utils [-] Waiting for resource . Status changed: CREATE_IN_PROGRESS => CREATE_COMPLETE in 0.07452893257141113
2020-04-13 01:30:52.311 7741 RALLYDEBUG rally.task.utils [-] Waiting for resource . Status changed: CREATE_IN_PROGRESS => CREATE_COMPLETE in 0.09083247184753418
2020-04-13 01:30:52.317 7742 RALLYDEBUG rally.task.utils [-] Waiting for resource . Status changed: CREATE_IN_PROGRESS => CREATE_COMPLETE in 0.08284235000610352
2020-04-13 01:30:52.469 7744 RALLYDEBUG rally.task.utils [-] Waiting for resource . Status changed: CREATE_COMPLETE => SUSPEND_IN_PROGRESS in 0.07243800163269043
2020-04-13 01:30:52.507 7743 RALLYDEBUG rally.task.utils [-] Waiting for resource . Status changed: CREATE_COMPLETE => SUSPEND_IN_PROGRESS in 0.07700562477111816
2020-04-13 01:30:52.534 7741 RALLYDEBUG rally.task.utils [-] Waiting for resource . Status changed: CREATE_COMPLETE => SUSPEND_IN_PROGRESS in 0.0791325569152832
2020-04-13 01:30:52.542 7742 RALLYDEBUG rally.task.utils [-] Waiting for resource . Status changed: CREATE_COMPLETE => SUSPEND_IN_PROGRESS in 0.08064055442810059
2020-04-13 01:30:53.556 7744 RALLYDEBUG rally.task.utils [-] Waiting for resource . Status changed: SUSPEND_IN_PROGRESS => SUSPEND_COMPLETE in 1.0867738723754883
2020-04-13 01:30:53.589 7743 RALLYDEBUG rally.task.utils [-] Waiting for resource . Status changed: SUSPEND_IN_PROGRESS => SUSPEND_COMPLETE in 1.0816969871520996
2020-04-13 01:30:53.620 7741 RALLYDEBUG rally.task.utils [-] Waiting for resource . Status changed: SUSPEND_IN_PROGRESS => SUSPEND_COMPLETE in 1.0858337879180908
2020-04-13 01:30:53.620 7742 RALLYDEBUG rally.task.utils [-] Waiting for resource . Status changed: SUSPEND_IN_PROGRESS => SUSPEND_COMPLETE in 1.0780227184295654
2020-04-13 01:30:53.728 7744 RALLYDEBUG rally.task.utils [-] Waiting for resource . Status changed: CREATE_COMPLETE => RESUME_IN_PROGRESS in 0.06939578056335449
2020-04-13 01:30:53.796 7743 RALLYDEBUG rally.task.utils [-] Waiting for resource . Status changed: CREATE_COMPLETE => RESUME_IN_PROGRESS in 0.07919073104858398
2020-04-13 01:30:53.831 7742 RALLYDEBUG rally.task.utils [-] Waiting for resource . Status changed: CREATE_COMPLETE => RESUME_IN_PROGRESS in 0.07246160507202148
2020-04-13 01:30:53.840 7741 RALLYDEBUG rally.task.utils [-] Waiting for resource . Status changed: CREATE_COMPLETE => RESUME_IN_PROGRESS in 0.08089733123779297
2020-04-13 01:30:54.814 7744 RALLYDEBUG rally.task.utils [-] Waiting for resource . Status changed: RESUME_IN_PROGRESS => RESUME_COMPLETE in 1.0866527557373047
2020-04-13 01:30:54.883 7743 RALLYDEBUG rally.task.utils [-] Waiting for resource . Status changed: RESUME_IN_PROGRESS => RESUME_COMPLETE in 1.086470365524292
2020-04-13 01:30:54.906 7742 RALLYDEBUG rally.task.utils [-] Waiting for resource . Status changed: RESUME_IN_PROGRESS => RESUME_COMPLETE in 1.0750176906585693
2020-04-13 01:30:54.919 7741 RALLYDEBUG rally.task.utils [-] Waiting for resource . Status changed: RESUME_IN_PROGRESS => RESUME_COMPLETE in 1.079401969909668
2020-04-13 01:30:54.942 7744 RALLYDEBUG rally.task.utils [-] Waiting for resource . Status changed: CREATE_COMPLETE => DELETE_IN_PROGRESS in 0.06369709968566895
2020-04-13 01:30:55.041 7743 RALLYDEBUG rally.task.utils [-] Waiting for resource . Status changed: CREATE_COMPLETE => DELETE_IN_PROGRESS in 0.06683897972106934
2020-04-13 01:30:55.073 7742 RALLYDEBUG rally.task.utils [-] Waiting for resource . Status changed: CREATE_COMPLETE => DELETE_IN_PROGRESS in 0.0681610107421875
2020-04-13 01:30:55.080 7741 RALLYDEBUG rally.task.utils [-] Waiting for resource . Status changed: CREATE_COMPLETE => DELETE_IN_PROGRESS in 0.06598329544067383
2020-04-13 01:30:57.093 7744 INFO rally.task.runner [-] Task 03a44dd0-c775-4652-abcf-8f15eb317f77 | ITER: 6 END: OK
2020-04-13 01:30:57.098 7744 INFO rally.task.runner [-] Task 03a44dd0-c775-4652-abcf-8f15eb317f77 | ITER: 9 START
2020-04-13 01:30:57.192 7743 INFO rally.task.runner [-] Task 03a44dd0-c775-4652-abcf-8f15eb317f77 | ITER: 5 END: OK
2020-04-13 01:30:57.197 7743 INFO rally.task.runner [-] Task 03a44dd0-c775-4652-abcf-8f15eb317f77 | ITER: 10 START
2020-04-13 01:30:57.221 7742 INFO rally.task.runner [-] Task 03a44dd0-c775-4652-abcf-8f15eb317f77 | ITER: 7 END: OK
2020-04-13 01:30:57.221 7741 INFO rally.task.runner [-] Task 03a44dd0-c775-4652-abcf-8f15eb317f77 | ITER: 8 END: OK
2020-04-13 01:30:59.946 7744 RALLYDEBUG rally.task.utils [-] Waiting for resource . Status changed: CREATE_IN_PROGRESS => CREATE_COMPLETE in 0.07862138748168945
2020-04-13 01:31:00.033 7743 RALLYDEBUG rally.task.utils [-] Waiting for resource . Status changed: CREATE_IN_PROGRESS => CREATE_COMPLETE in 0.06543207168579102
2020-04-13 01:31:00.118 7744 RALLYDEBUG rally.task.utils [-] Waiting for resource . Status changed: CREATE_COMPLETE => SUSPEND_IN_PROGRESS in 0.07162952423095703
2020-04-13 01:31:00.205 7743 RALLYDEBUG rally.task.utils [-] Waiting for resource . Status changed: CREATE_COMPLETE => SUSPEND_IN_PROGRESS in 0.06751513481140137
2020-04-13 01:31:01.195 7744 RALLYDEBUG rally.task.utils [-] Waiting for resource . Status changed: SUSPEND_IN_PROGRESS => SUSPEND_COMPLETE in 1.0778915882110596
2020-04-13 01:31:01.293 7743 RALLYDEBUG rally.task.utils [-] Waiting for resource . Status changed: SUSPEND_IN_PROGRESS => SUSPEND_COMPLETE in 1.0882503986358643
2020-04-13 01:31:01.374 7744 RALLYDEBUG rally.task.utils [-] Waiting for resource . Status changed: CREATE_COMPLETE => RESUME_IN_PROGRESS in 0.07376933097839355
2020-04-13 01:31:01.482 7743 RALLYDEBUG rally.task.utils [-] Waiting for resource . Status changed: CREATE_COMPLETE => RESUME_IN_PROGRESS in 0.07726502418518066
2020-04-13 01:31:02.455 7744 RALLYDEBUG rally.task.utils [-] Waiting for resource . Status changed: RESUME_IN_PROGRESS => RESUME_COMPLETE in 1.080233097076416
2020-04-13 01:31:02.572 7743 RALLYDEBUG rally.task.utils [-] Waiting for resource . Status changed: RESUME_IN_PROGRESS => RESUME_COMPLETE in 1.089890718460083
2020-04-13 01:31:02.598 7744 RALLYDEBUG rally.task.utils [-] Waiting for resource . Status changed: CREATE_COMPLETE => DELETE_IN_PROGRESS in 0.07330608367919922
2020-04-13 01:31:02.730 7743 RALLYDEBUG rally.task.utils [-] Waiting for resource . Status changed: CREATE_COMPLETE => DELETE_IN_PROGRESS in 0.07086372375488281
2020-04-13 01:31:03.659 7744 INFO rally.task.runner [-] Task 03a44dd0-c775-4652-abcf-8f15eb317f77 | ITER: 9 END: OK
2020-04-13 01:31:04.866 7743 INFO rally.task.runner [-] Task 03a44dd0-c775-4652-abcf-8f15eb317f77 | ITER: 10 END: OK
2020-04-13 01:31:04.892 5253 INFO rally.task.context [-] Task 03a44dd0-c775-4652-abcf-8f15eb317f77 | Context cleanup@openstack cleanup() started
2020-04-13 01:31:04.899 5253 RALLYDEBUG rally_openstack.cleanup.manager [-] Cleaning up heat stacks objects
2020-04-13 01:31:05.705 5253 INFO rally.task.context [-] Task 03a44dd0-c775-4652-abcf-8f15eb317f77 | Context cleanup@openstack cleanup() finished in 0.81 sec
2020-04-13 01:31:05.705 5253 INFO rally.task.context [-] Task 03a44dd0-c775-4652-abcf-8f15eb317f77 | Context roles@openstack cleanup() started
2020-04-13 01:31:05.706 5253 RALLYDEBUG rally_openstack.contexts.keystone.roles [-] Removing assigned role ae1393230f8e4b248a273fec57604d12 from all users
2020-04-13 01:31:06.266 5253 INFO rally.task.context [-] Task 03a44dd0-c775-4652-abcf-8f15eb317f77 | Context roles@openstack cleanup() finished in 0.56 sec
2020-04-13 01:31:06.267 5253 INFO rally.task.context [-] Task 03a44dd0-c775-4652-abcf-8f15eb317f77 | Context users@openstack cleanup() started
2020-04-13 01:31:06.636 5253 WARNING rally.common.logging [-] `iterate_per_tenants()' is deprecated in v3.0.0: it is openstack specific.. Used at
2020-04-13 01:31:09.044 5253 INFO rally.task.context [-] Task 03a44dd0-c775-4652-abcf-8f15eb317f77 | Context users@openstack cleanup() finished in 2.78 sec
2020-04-13 01:31:10.581 5253 INFO rally.task.engine [-] Load duration is: 21.076524
2020-04-13 01:31:10.582 5253 INFO rally.task.engine [-] Full runner duration is: 23.122818
2020-04-13 01:31:10.582 5253 INFO rally.task.engine [-] Full duration is: 30.650499
2020-04-13 01:31:10.664 5253 INFO rally.task.engine [-] Running workload: position = 0 config = { "version": 2, "title": "A cropped version of a bigger task.", "description": "Auto-generated task from a single workload (uuid=298a8f4f-c9a5-4f89-bcd5-5c527921e08c)", "subtasks": [ { "title": "HeatStacks.list_stacks_and_resources", "description": "List all resources from tenant stacks.", "scenario": { "HeatStacks.list_stacks_and_resources": {} }, "contexts": { "users": { "tenants": 3, "users_per_tenant": 2 }, "roles": [ "heat_stack_owner" ] }, "runner": { "constant": { "concurrency": 4, "times": 10 } }, "hooks": [], "sla": { "failure_rate": { "max": 0 } } } ] }
2020-04-13 01:31:10.683 5253 RALLYDEBUG rally_openstack.contexts.keystone.users [-] Creating 3 tenants using 3 threads
2020-04-13 01:31:11.192 5253 RALLYDEBUG rally_openstack.contexts.keystone.users [-] Creating 6 users using 6 threads
2020-04-13 01:31:12.175 5253 INFO rally.task.context [-] Task 03a44dd0-c775-4652-abcf-8f15eb317f77 | Context users@openstack setup() finished in 1.49 sec
2020-04-13 01:31:12.440 5253 RALLYDEBUG rally_openstack.contexts.keystone.roles [-] Adding role heat_stack_owner having ID ae1393230f8e4b248a273fec57604d12 to all users using 30 threads
2020-04-13 01:31:14.178 5253 INFO rally.task.context [-] Task 03a44dd0-c775-4652-abcf-8f15eb317f77 | Context roles@openstack setup() finished in 2.00 sec
2020-04-13 01:31:14.187 5253 RALLYDEBUG rally.task.runner [-] Starting the constant runner (task UUID: 03a44dd0-c775-4652-abcf-8f15eb317f77). times: 10 concurrency: 4 timeout: 0 max_cpu_used: 88 processes_to_start: 4 concurrency_per_worker: 1 concurrency_overhead: 0
2020-04-13 01:31:14.198 7894 RALLYDEBUG rally.task.runner [-] Starting a worker. times: 10 duration: None concurrency: 1 timeout: 0 cls: method_name: run args: {}
2020-04-13 01:31:14.201 7895 RALLYDEBUG rally.task.runner [-] Starting a worker. times: 10 duration: None concurrency: 1 timeout: 0 cls: method_name: run args: {}
2020-04-13 01:31:14.203 7896 RALLYDEBUG rally.task.runner [-] Starting a worker. times: 10 duration: None concurrency: 1 timeout: 0 cls: method_name: run args: {}
2020-04-13 01:31:14.205 7894 INFO rally.task.runner [-] Task 03a44dd0-c775-4652-abcf-8f15eb317f77 | ITER: 1 START
2020-04-13 01:31:14.205 7897 RALLYDEBUG rally.task.runner [-] Starting a worker. times: 10 duration: None concurrency: 1 timeout: 0 cls: method_name: run args: {}
2020-04-13 01:31:14.209 7895 INFO rally.task.runner [-] Task 03a44dd0-c775-4652-abcf-8f15eb317f77 | ITER: 2 START
2020-04-13 01:31:14.210 7896 INFO rally.task.runner [-] Task 03a44dd0-c775-4652-abcf-8f15eb317f77 | ITER: 3 START
2020-04-13 01:31:14.210 7897 INFO rally.task.runner [-] Task 03a44dd0-c775-4652-abcf-8f15eb317f77 | ITER: 4 START
2020-04-13 01:31:14.494 7895 INFO rally.task.runner [-] Task 03a44dd0-c775-4652-abcf-8f15eb317f77 | ITER: 2 END: OK
2020-04-13 01:31:14.500 7895 INFO rally.task.runner [-] Task 03a44dd0-c775-4652-abcf-8f15eb317f77 | ITER: 5 START
2020-04-13 01:31:14.504 7894 INFO rally.task.runner [-] Task 03a44dd0-c775-4652-abcf-8f15eb317f77 | ITER: 1 END: OK
2020-04-13 01:31:14.504 7896 INFO rally.task.runner [-] Task 03a44dd0-c775-4652-abcf-8f15eb317f77 | ITER: 3 END: OK
2020-04-13 01:31:14.509 7894 INFO rally.task.runner [-] Task 03a44dd0-c775-4652-abcf-8f15eb317f77 | ITER: 6 START
2020-04-13 01:31:14.509 7896 INFO rally.task.runner [-] Task 03a44dd0-c775-4652-abcf-8f15eb317f77 | ITER: 7 START
2020-04-13 01:31:14.521 7897 INFO rally.task.runner [-] Task 03a44dd0-c775-4652-abcf-8f15eb317f77 | ITER: 4 END: OK
2020-04-13 01:31:14.526 7897 INFO rally.task.runner [-] Task 03a44dd0-c775-4652-abcf-8f15eb317f77 | ITER: 8 START
2020-04-13 01:31:14.660 7895 INFO rally.task.runner [-] Task 03a44dd0-c775-4652-abcf-8f15eb317f77 | ITER: 5 END: OK
2020-04-13 01:31:14.664 7895 INFO rally.task.runner [-] Task 03a44dd0-c775-4652-abcf-8f15eb317f77 | ITER: 9 START
2020-04-13 01:31:14.665 7894 INFO rally.task.runner [-] Task 03a44dd0-c775-4652-abcf-8f15eb317f77 | ITER: 6 END: OK
2020-04-13 01:31:14.669 7894 INFO rally.task.runner [-] Task 03a44dd0-c775-4652-abcf-8f15eb317f77 | ITER: 10 START
2020-04-13 01:31:14.764 7896 INFO rally.task.runner [-] Task 03a44dd0-c775-4652-abcf-8f15eb317f77 | ITER: 7 END: OK
2020-04-13 01:31:14.788 7897 INFO rally.task.runner [-] Task 03a44dd0-c775-4652-abcf-8f15eb317f77 | ITER: 8 END: OK
2020-04-13 01:31:14.823 7894 INFO rally.task.runner [-] Task 03a44dd0-c775-4652-abcf-8f15eb317f77 | ITER: 10 END: OK
2020-04-13 01:31:14.830 7895 INFO rally.task.runner [-] Task 03a44dd0-c775-4652-abcf-8f15eb317f77 | ITER: 9 END: OK
2020-04-13 01:31:14.851 5253 INFO rally.task.context [-] Task 03a44dd0-c775-4652-abcf-8f15eb317f77 | Context roles@openstack cleanup() started
2020-04-13 01:31:14.852 5253 RALLYDEBUG rally_openstack.contexts.keystone.roles [-] Removing assigned role ae1393230f8e4b248a273fec57604d12 from all users
2020-04-13 01:31:15.350 5253 INFO rally.task.context [-] Task 03a44dd0-c775-4652-abcf-8f15eb317f77 | Context roles@openstack cleanup() finished in 0.50 sec
2020-04-13 01:31:15.351 5253 INFO rally.task.context [-] Task 03a44dd0-c775-4652-abcf-8f15eb317f77 | Context users@openstack cleanup() started
2020-04-13 01:31:15.637 5253 WARNING rally.common.logging [-] `iterate_per_tenants()' is deprecated in v3.0.0: it is openstack specific.. Used at
2020-04-13 01:31:18.089 5253 INFO rally.task.context [-] Task 03a44dd0-c775-4652-abcf-8f15eb317f77 | Context users@openstack cleanup() finished in 2.74 sec
2020-04-13 01:31:18.763 5253 INFO rally.task.engine [-] Load duration is: 0.623315
2020-04-13 01:31:18.764 5253 INFO rally.task.engine [-] Full runner duration is: 0.664357
2020-04-13 01:31:18.764 5253 INFO rally.task.engine [-] Full duration is: 7.407905
2020-04-13 01:31:18.838 5253 INFO rally.task.engine [-] Task 03a44dd0-c775-4652-abcf-8f15eb317f77 | Completed: Running task.
2020-04-13 01:31:20.277 7986 RALLYDEBUG rally.api [-] INFO logs from urllib3 and requests module are hide.
2020-04-13 01:31:20.278 7986 RALLYDEBUG rally.api [-] urllib3 insecure warnings are hidden.
2020-04-13 01:31:20.278 7986 RALLYDEBUG rally.api [-] ERROR log from boto module is hide.
2020-04-13 01:31:21.552 7987 RALLYDEBUG rally.api [-] INFO logs from urllib3 and requests module are hide.
2020-04-13 01:31:21.553 7987 RALLYDEBUG rally.api [-] urllib3 insecure warnings are hidden.
2020-04-13 01:31:21.553 7987 RALLYDEBUG rally.api [-] ERROR log from boto module is hide.
2020-04-13 01:31:23.083 7988 RALLYDEBUG rally.api [-] INFO logs from urllib3 and requests module are hide.
2020-04-13 01:31:23.084 7988 RALLYDEBUG rally.api [-] urllib3 insecure warnings are hidden.
2020-04-13 01:31:23.084 7988 RALLYDEBUG rally.api [-] ERROR log from boto module is hide.
2020-04-13 01:31:24.973 7988 INFO rally.api [-] Building 'json' report for the following task(s): '03a44dd0-c775-4652-abcf-8f15eb317f77'.
2020-04-13 01:31:25.001 7988 INFO rally.api [-] The report has been successfully built.
2020-04-13 01:31:26.405 7990 RALLYDEBUG rally.api [-] INFO logs from urllib3 and requests module are hide.
2020-04-13 01:31:26.405 7990 RALLYDEBUG rally.api [-] urllib3 insecure warnings are hidden.
2020-04-13 01:31:26.405 7990 RALLYDEBUG rally.api [-] ERROR log from boto module is hide.
2020-04-13 01:31:28.412 7990 INFO rally.task.engine [-] Task 964a2185-61ce-4d73-b649-c56860bb14c8 | Starting: Task validation.
2020-04-13 01:31:28.426 7990 INFO rally.task.engine [-] Task 964a2185-61ce-4d73-b649-c56860bb14c8 | Starting: Task validation of syntax.
2020-04-13 01:31:28.535 7990 INFO rally.task.engine [-] Task 964a2185-61ce-4d73-b649-c56860bb14c8 | Completed: Task validation of syntax.
2020-04-13 01:31:28.535 7990 INFO rally.task.engine [-] Task 964a2185-61ce-4d73-b649-c56860bb14c8 | Starting: Task validation of required platforms.
2020-04-13 01:31:28.630 7990 INFO rally.task.engine [-] Task 964a2185-61ce-4d73-b649-c56860bb14c8 | Completed: Task validation of required platforms.
2020-04-13 01:31:28.630 7990 INFO rally.task.engine [-] Task 964a2185-61ce-4d73-b649-c56860bb14c8 | Starting: Task validation of semantic.
2020-04-13 01:31:28.630 7990 INFO rally.task.engine [-] Check health of the environment '096b3cb0-2486-4753-a504-bece56b4d587'.
2020-04-13 01:31:29.238 7990 INFO rally.task.engine [-] Platform existing@openstack (available: True): OK!
2020-04-13 01:31:29.251 7990 RALLYDEBUG rally_openstack.contexts.keystone.users [-] Creating 1 tenants using 1 threads
2020-04-13 01:31:29.667 7990 RALLYDEBUG rally_openstack.contexts.keystone.users [-] Creating 1 users using 1 threads
2020-04-13 01:31:30.240 7990 INFO rally.task.context [-] Task 964a2185-61ce-4d73-b649-c56860bb14c8 | Context users@openstack setup() finished in 0.99 sec
2020-04-13 01:31:30.310 7990 INFO rally.task.context [-] Task 964a2185-61ce-4d73-b649-c56860bb14c8 | Context users@openstack cleanup() started
2020-04-13 01:31:30.579 7990 WARNING rally.common.logging [-] `iterate_per_tenants()' is deprecated in v3.0.0: it is openstack specific.. Used at
2020-04-13 01:31:31.581 7990 INFO rally.task.context [-] Task 964a2185-61ce-4d73-b649-c56860bb14c8 | Context users@openstack cleanup() finished in 1.27 sec
2020-04-13 01:31:31.582 7990 INFO rally.task.engine [-] Task 964a2185-61ce-4d73-b649-c56860bb14c8 | Completed: Task validation of semantic.
2020-04-13 01:31:31.582 7990 INFO rally.task.engine [-] Task 964a2185-61ce-4d73-b649-c56860bb14c8 | Completed: Task validation.
2020-04-13 01:31:31.583 7990 INFO rally.api [-] Task 964a2185-61ce-4d73-b649-c56860bb14c8 input file is valid.
2020-04-13 01:31:31.583 7990 INFO rally.api [-] Run Task 964a2185-61ce-4d73-b649-c56860bb14c8 against Deployment 096b3cb0-2486-4753-a504-bece56b4d587
2020-04-13 01:31:31.583 7990 INFO rally.task.engine [-] Task 964a2185-61ce-4d73-b649-c56860bb14c8 | Starting: Running task.
