2020-04-13 02:47:28.443 15 RALLYDEBUG rally_openstack.cleanup.manager [-] Deleting neutron.port object s_rally_f859c826_8SvUBHlC (b5aa82af-ce4a-423b-8980-9bbd691a8bed)
2020-04-13 02:47:28.505 15 RALLYDEBUG rally_openstack.cleanup.manager [-] Deleting neutron.port object s_rally_f859c826_IV8kWftE (b5c0df47-62d7-42c8-8758-18adf7b73e1a)
2020-04-13 02:47:28.517 15 RALLYDEBUG rally_openstack.cleanup.manager [-] Deleting neutron.port object s_rally_f859c826_lDeXCqHS (b6c36261-78a3-4440-8be6-56b3db86a741)
2020-04-13 02:47:28.524 15 RALLYDEBUG rally_openstack.cleanup.manager [-] Deleting neutron.port object s_rally_f859c826_Vinsk4y9 (b800a5e5-1480-4974-ba83-af3c45ef5df1)
2020-04-13 02:47:28.769 15 RALLYDEBUG rally_openstack.cleanup.manager [-] Deleting neutron.port object s_rally_f859c826_iWRlFtX5 (b82680b2-57bf-43bd-a19f-8241019cebbe)
2020-04-13 02:47:28.844 15 RALLYDEBUG rally_openstack.cleanup.manager [-] Deleting neutron.port object s_rally_f859c826_yMgBVdMh (b8804d79-1447-4cca-a3aa-0855a0aab409)
2020-04-13 02:47:28.869 15 RALLYDEBUG rally_openstack.cleanup.manager [-] Deleting neutron.port object s_rally_f859c826_ntj9NyYk (b8ef28dc-17b0-4953-817b-5988d2eda05f)
2020-04-13 02:47:28.882 15 RALLYDEBUG rally_openstack.cleanup.manager [-] Deleting neutron.port object s_rally_f859c826_spwHIDI3 (b942289f-ac8a-45f7-a169-7c29cb3c5806)
2020-04-13 02:47:28.922 15 RALLYDEBUG rally_openstack.cleanup.manager [-] Deleting neutron.port object s_rally_f859c826_fo20iYy9 (ba09fbd7-7c68-47b6-af2c-c2a6d451af60)
2020-04-13 02:47:29.032 15 RALLYDEBUG rally_openstack.cleanup.manager [-] Deleting neutron.port object s_rally_f859c826_x5QOgGZ1 (ba418676-20f8-4b11-922f-1b24e3b75df2)
2020-04-13 02:47:29.218 15 RALLYDEBUG rally_openstack.cleanup.manager [-] Deleting neutron.port object s_rally_f859c826_A7rqs9Z8 (baa7daaa-eacb-4317-8916-266f2ca328f8)
2020-04-13 02:47:29.242 15 RALLYDEBUG rally_openstack.cleanup.manager [-] Deleting neutron.port object s_rally_f859c826_iueWaR7w (bac7f0b0-363f-4962-929c-397a11859151)
2020-04-13 02:47:29.465 15 RALLYDEBUG rally_openstack.cleanup.manager [-] Deleting neutron.port object s_rally_f859c826_6uRWB21g (bc9edf84-a8ea-402c-b3be-3da5e7e93992)
2020-04-13 02:47:29.725 15 RALLYDEBUG rally_openstack.cleanup.manager [-] Deleting neutron.port object s_rally_f859c826_UANjF9YY (bd947d8c-0668-470d-9bb9-9b63a73e6276)
2020-04-13 02:47:29.736 15 RALLYDEBUG rally_openstack.cleanup.manager [-] Deleting neutron.port object s_rally_f859c826_hTSm0yyq (be49d197-b1fd-4c81-84d9-c6b7e1ef2cf2)
2020-04-13 02:47:29.961 15 RALLYDEBUG rally_openstack.cleanup.manager [-] Deleting neutron.port object s_rally_f859c826_pnwBXyIx (bf2ab09c-6ab7-42ad-8a88-1aa0e265e159)
2020-04-13 02:47:29.974 15 RALLYDEBUG rally_openstack.cleanup.manager [-] Deleting neutron.port object s_rally_f859c826_w1HtihqF (bf83d778-9aad-451b-9b71-6b0123f965c3)
2020-04-13 02:47:30.104 15 RALLYDEBUG rally_openstack.cleanup.manager [-] Deleting neutron.port object s_rally_f859c826_YdGMkCw0 (c1532585-a951-4bc9-adcc-7185acdaa805)
2020-04-13 02:47:30.115 15 RALLYDEBUG rally_openstack.cleanup.manager [-] Deleting neutron.port object s_rally_f859c826_3w3SQPlb (c25537a9-46dd-4217-bd3b-608336105411)
2020-04-13 02:47:30.120 15 RALLYDEBUG rally_openstack.cleanup.manager [-] Deleting neutron.port object s_rally_f859c826_G56rpy94 (c2cf713b-c304-4472-822c-b234e0549921)
2020-04-13 02:47:30.180 15 RALLYDEBUG rally_openstack.cleanup.manager [-] Deleting neutron.port object s_rally_f859c826_VXZ1STsR (c37c5f89-0a86-4102-996f-60a6f393d321)
2020-04-13 02:47:30.380 15 RALLYDEBUG rally_openstack.cleanup.manager [-] Deleting neutron.port object s_rally_f859c826_yQq7dZrX (c3e9e08c-a61b-4335-a3af-3727e8b3aa79)
2020-04-13 02:47:30.459 15 RALLYDEBUG rally_openstack.cleanup.manager [-] Deleting neutron.port object s_rally_f859c826_ZjbqhC9u (c507dfde-d2a7-498b-8cfa-02c12dad63f0)
2020-04-13 02:47:30.495 15 RALLYDEBUG rally_openstack.cleanup.manager [-] Deleting neutron.port object s_rally_f859c826_vh6GdXjS (c61871b0-1fcc-4ac2-be1a-56baff0076a9)
2020-04-13 02:47:30.595 15 RALLYDEBUG rally_openstack.cleanup.manager [-] Deleting neutron.port object s_rally_f859c826_CorJ7pWA (c68c1419-401b-49cc-aa41-b057333b32c5)
2020-04-13 02:47:30.927 15 RALLYDEBUG rally_openstack.cleanup.manager [-] Deleting neutron.port object s_rally_f859c826_Q8FCd7ws (c6ed03d0-b43a-4afd-ae71-400d11de7178)
2020-04-13 02:47:30.932 15 RALLYDEBUG rally_openstack.cleanup.manager [-] Deleting neutron.port object s_rally_f859c826_rTB2ibV4 (c756084d-3c70-4eab-8426-47e4c893b896)
2020-04-13 02:47:30.943 15 RALLYDEBUG rally_openstack.cleanup.manager [-] Deleting neutron.port object s_rally_f859c826_FYU4zuhu (c77c6b6e-9dfc-43e1-a35f-26120c39b415)
2020-04-13 02:47:30.965 15 RALLYDEBUG rally_openstack.cleanup.manager [-] Deleting neutron.port object s_rally_f859c826_OsPuOoNo (cb3054f0-76ee-4da3-8d75-253a08afc37b)
2020-04-13 02:47:31.194 15 RALLYDEBUG rally_openstack.cleanup.manager [-] Deleting neutron.port object s_rally_f859c826_9cHFXwTG (cb38813b-a1fb-45e5-a238-c8e27e23a108)
2020-04-13 02:47:31.207 15 RALLYDEBUG rally_openstack.cleanup.manager [-] Deleting neutron.port object s_rally_f859c826_lpdHusQV (cb9e8b9c-37ea-4943-9dcc-ecea5a6b1ccc)
2020-04-13 02:47:31.353 15 RALLYDEBUG rally_openstack.cleanup.manager [-] Deleting neutron.port object s_rally_f859c826_lQdpqMmw (cc47303a-97b9-4b3b-9afb-bf8e5bb8891d)
2020-04-13 02:47:31.395 15 RALLYDEBUG rally_openstack.cleanup.manager [-] Deleting neutron.port object s_rally_f859c826_GBYtbfSE (cc4ca6a9-fbc3-4ee0-a3a3-26a4acd48089)
2020-04-13 02:47:31.482 15 RALLYDEBUG rally_openstack.cleanup.manager [-] Deleting neutron.port object s_rally_f859c826_Ah1RrdJO (cd1ab32d-04ec-44f2-9337-198217d10b37)
2020-04-13 02:47:31.637 15 RALLYDEBUG rally_openstack.cleanup.manager [-] Deleting neutron.port object s_rally_f859c826_jyptqzeQ (cf90d59b-bfad-49e0-ac61-fd30332cb418)
2020-04-13 02:47:31.643 15 RALLYDEBUG rally_openstack.cleanup.manager [-] Deleting neutron.port object s_rally_f859c826_Sn6kkFEA (cf6fe0c1-6945-43c3-a5e3-3d986b174121)
2020-04-13 02:47:31.657 15 RALLYDEBUG rally_openstack.cleanup.manager [-] Deleting neutron.port object s_rally_f859c826_dltH4kF3 (d0162548-79a1-41d1-b376-79d6694dfe81)
2020-04-13 02:47:32.049 15 RALLYDEBUG rally_openstack.cleanup.manager [-] Deleting neutron.port object s_rally_f859c826_itnJR4ui (d23dd5b2-d1af-406d-9421-190c1273866c)
2020-04-13 02:47:32.133 15 RALLYDEBUG rally_openstack.cleanup.manager [-] Deleting neutron.port object s_rally_f859c826_RuvH0EWt (d2f90c68-a0aa-45c6-9a82-4bd45c4cac09)
2020-04-13 02:47:32.145 15 RALLYDEBUG rally_openstack.cleanup.manager [-] Deleting neutron.port object s_rally_f859c826_y3F8PTxL (d3235439-350a-4ccf-8bf7-9a80a187017c)
2020-04-13 02:47:32.177 15 RALLYDEBUG rally_openstack.cleanup.manager [-] Deleting neutron.port object s_rally_f859c826_6BqMgfkr (d361d2fe-9ec3-4125-9b46-3c4430a6d55d)
2020-04-13 02:47:32.221 15 RALLYDEBUG rally_openstack.cleanup.manager [-] Deleting neutron.port object s_rally_f859c826_vgIkHHHv (d43a25db-017d-4863-878a-1a59f18916c1)
2020-04-13 02:47:32.244 15 RALLYDEBUG rally_openstack.cleanup.manager [-] Deleting neutron.port object s_rally_f859c826_QfkC2JRw (d4e6d986-9c47-4c50-807b-11d22b182f12)
2020-04-13 02:47:32.500 15 RALLYDEBUG rally_openstack.cleanup.manager [-] Deleting neutron.port object s_rally_f859c826_5eNX82g2 (d524984e-4729-455c-b341-f602f0ed1bf9)
2020-04-13 02:47:32.589 15 RALLYDEBUG rally_openstack.cleanup.manager [-] Deleting neutron.port object s_rally_f859c826_50RHJHJ5 (d55525be-8d2f-466e-8b94-5e8659b66537)
2020-04-13 02:47:32.625 15 RALLYDEBUG rally_openstack.cleanup.manager [-] Deleting neutron.port object s_rally_f859c826_ROd4ydvY (d6ca2d52-8c47-4e81-a2ef-db9b6be6a1d4)
2020-04-13 02:47:32.639 15 RALLYDEBUG rally_openstack.cleanup.manager [-] Deleting neutron.port object s_rally_f859c826_YDeb5J4e (d7328900-c61f-4eb9-a6d9-fed433dbb63a)
2020-04-13 02:47:32.644 15 RALLYDEBUG rally_openstack.cleanup.manager [-] Deleting neutron.port object s_rally_f859c826_MoTVDdDV (d90991ba-26a3-4bd1-80cb-05fadf6e820d)
2020-04-13 02:47:32.916 15 RALLYDEBUG rally_openstack.cleanup.manager [-] Deleting neutron.port object s_rally_f859c826_IGOUAGW4 (da55f8d3-06cf-4bea-8eed-2a65467331c0)
2020-04-13 02:47:33.029 15 RALLYDEBUG rally_openstack.cleanup.manager [-] Deleting neutron.port object s_rally_f859c826_Q4lihBfS (da8568fc-ccc7-472a-a8e2-e10f632254bd)
2020-04-13 02:47:33.103 15 RALLYDEBUG rally_openstack.cleanup.manager [-] Deleting neutron.port object s_rally_f859c826_faaHOcFp (daa42efa-6f3b-40b5-a94b-18a8941e3cab)
2020-04-13 02:47:33.131 15 RALLYDEBUG rally_openstack.cleanup.manager [-] Deleting neutron.port object s_rally_f859c826_yDCOnYlY (dab58020-4388-4633-a174-ce01f515a785)
2020-04-13 02:47:33.196 15 RALLYDEBUG rally_openstack.cleanup.manager [-] Deleting neutron.port object s_rally_f859c826_ubhjDh00 (daec9e1b-7ec4-40b6-96d2-8c93090a186c)
2020-04-13 02:47:33.260 15 RALLYDEBUG rally_openstack.cleanup.manager [-] Deleting neutron.port object s_rally_f859c826_NxnQ306X (dc04bb39-725a-49ef-ae28-fe65f0aa4afd)
2020-04-13 02:47:33.362 15 RALLYDEBUG rally_openstack.cleanup.manager [-] Deleting neutron.port object s_rally_f859c826_cndK6Fhg (dc5f2b2f-5bf4-4337-9fc7-0e4805921113)
2020-04-13 02:47:33.592 15 RALLYDEBUG rally_openstack.cleanup.manager [-] Deleting neutron.port object s_rally_f859c826_Tep5C66v (de8f416f-eb2d-44f7-8185-8f7e679da6de)
2020-04-13 02:47:34.063 15 RALLYDEBUG rally_openstack.cleanup.manager [-] Deleting neutron.port object s_rally_f859c826_AE0PBgWm (de9b672d-0c37-4453-854a-1deac0d2ff10)
2020-04-13 02:47:34.075 15 RALLYDEBUG rally_openstack.cleanup.manager [-] Deleting neutron.port object s_rally_f859c826_Ze3PNdt0 (deb07355-d339-457a-8f52-0e186f0caaae)
2020-04-13 02:47:34.080 15 RALLYDEBUG rally_openstack.cleanup.manager [-] Deleting neutron.port object s_rally_f859c826_SBbPyZrR (dedff9d6-b5a8-4c29-a018-9c4caa1e60a1)
2020-04-13 02:47:34.177 15 RALLYDEBUG rally_openstack.cleanup.manager [-] Deleting neutron.port object s_rally_f859c826_iAoQYiC6 (dfc453e7-15e9-4911-ba61-0b71d9f4112c)
2020-04-13 02:47:34.189 15 RALLYDEBUG rally_openstack.cleanup.manager [-] Deleting neutron.port object s_rally_f859c826_pi7iNzLb (e021e2ae-892e-4dff-a7a1-dfecf167c43a)
2020-04-13 02:47:34.204 15 RALLYDEBUG rally_openstack.cleanup.manager [-] Deleting neutron.port object s_rally_f859c826_LHB5QKFb (e106e0f4-6433-4c23-9359-f15f593dcb27)
2020-04-13 02:47:34.244 15 RALLYDEBUG rally_openstack.cleanup.manager [-] Deleting neutron.port object s_rally_f859c826_yu6WhpVw (e107fece-a73c-445b-a005-da45b0bdcd7d)
2020-04-13 02:47:34.282 15 RALLYDEBUG rally_openstack.cleanup.manager [-] Deleting neutron.port object s_rally_f859c826_alOhg2KQ (e2594e9d-03ce-4352-a5c6-a28cbf4c9d36)
2020-04-13 02:47:34.424 15 RALLYDEBUG rally_openstack.cleanup.manager [-] Deleting neutron.port object s_rally_f859c826_RoAxFGI0 (e3701768-ba5e-4cc1-8d73-a7e23f0df2e6)
2020-04-13 02:47:34.714 15 RALLYDEBUG rally_openstack.cleanup.manager [-] Deleting neutron.port object s_rally_f859c826_RjXKczoV (e3929e52-42a2-4cb8-ac28-53e5ad879f34)
2020-04-13 02:47:34.767 15 RALLYDEBUG rally_openstack.cleanup.manager [-] Deleting neutron.port object s_rally_f859c826_ViEgdthp (e4028f05-9a78-4f05-814e-d719bac758e2)
2020-04-13 02:47:34.865 15 RALLYDEBUG rally_openstack.cleanup.manager [-] Deleting neutron.port object s_rally_f859c826_3Hxrbxy4 (e541b6db-daba-49aa-8baf-20d7808bdfb6)
2020-04-13 02:47:34.915 15 RALLYDEBUG rally_openstack.cleanup.manager [-] Deleting neutron.port object s_rally_f859c826_p6F7GfZz (e55d5b06-308d-4553-beb1-f15c62127ab6)
2020-04-13 02:47:34.954 15 RALLYDEBUG rally_openstack.cleanup.manager [-] Deleting neutron.port object s_rally_f859c826_hnDP9ZFk (e6381e68-fa1b-4c24-83de-0779a6dce425)
2020-04-13 02:47:34.965 15 RALLYDEBUG rally_openstack.cleanup.manager [-] Deleting neutron.port object s_rally_f859c826_hRE4pvuG (e8393b47-ffd1-4a6d-a6d5-240fd66a37d1)
2020-04-13 02:47:34.977 15 RALLYDEBUG rally_openstack.cleanup.manager [-] Deleting neutron.port object s_rally_f859c826_iTWl9bJN (e91fdebc-f59a-4cc0-a85c-48e3119083d0)
2020-04-13 02:47:35.076 15 RALLYDEBUG rally_openstack.cleanup.manager [-] Deleting neutron.port object s_rally_f859c826_Bub4NPlR (e9c2cf41-4305-4b65-bba6-9e3c4d446424)
2020-04-13 02:47:35.248 15 RALLYDEBUG rally_openstack.cleanup.manager [-] Deleting neutron.port object s_rally_f859c826_IoZqyoXc (e9fd21d2-b29e-460d-aae9-73595afda8c0)
2020-04-13 02:47:35.416 15 RALLYDEBUG rally_openstack.cleanup.manager [-] Deleting neutron.port object s_rally_f859c826_y6MOpzOA (eaa37c5d-c55c-4c4b-a520-ca967f4a23fc)
2020-04-13 02:47:35.614 15 RALLYDEBUG rally_openstack.cleanup.manager [-] Deleting neutron.port object s_rally_f859c826_bYjiAsHV (eac6e628-9669-4ef0-8b12-330fe63bf942)
2020-04-13 02:47:36.485 15 RALLYDEBUG rally_openstack.cleanup.manager [-] Deleting neutron.port object s_rally_f859c826_qWRJ75jR (eb42172c-6699-482e-91de-be66b1e03e89)
2020-04-13 02:47:36.577 15 RALLYDEBUG rally_openstack.cleanup.manager [-] Deleting neutron.port object s_rally_f859c826_PFW5CZP0 (ebc100ca-4478-42d5-9016-1007ef101dc3)
2020-04-13 02:47:36.662 15 RALLYDEBUG rally_openstack.cleanup.manager [-] Deleting neutron.port object s_rally_f859c826_4S0V9sM8 (ebe0ccc7-7e04-40d2-ba68-ab273d0c947f)
2020-04-13 02:47:36.677 15 RALLYDEBUG rally_openstack.cleanup.manager [-] Deleting neutron.port object s_rally_f859c826_fPpsuleT (ec905163-ee98-4fa7-9870-d25e4c3c1cd4)
2020-04-13 02:47:36.687 15 RALLYDEBUG rally_openstack.cleanup.manager [-] Deleting neutron.port object s_rally_f859c826_MvcdNwoP (ecb0badb-62c2-4390-8863-f372c832bb51)
2020-04-13 02:47:36.697 15 RALLYDEBUG rally_openstack.cleanup.manager [-] Deleting neutron.port object s_rally_f859c826_8pngbD8p (ecca7aa0-80e0-4547-b125-c504fa8fe25f)
2020-04-13 02:47:36.762 15 RALLYDEBUG rally_openstack.cleanup.manager [-] Deleting neutron.port object s_rally_f859c826_xE9hiF61 (eda6d6a2-d938-4215-9827-d69fadd04f44)
2020-04-13 02:47:36.808 15 RALLYDEBUG rally_openstack.cleanup.manager [-] Deleting neutron.port object s_rally_f859c826_INYb5AxI (ee248b38-1f34-4816-925b-3a6108495bad)
2020-04-13 02:47:36.820 15 RALLYDEBUG rally_openstack.cleanup.manager [-] Deleting neutron.port object s_rally_f859c826_f2xfoJpW (eea1902c-502f-4db3-ab4a-43910bbe424f)
2020-04-13 02:47:36.899 15 RALLYDEBUG rally_openstack.cleanup.manager [-] Deleting neutron.port object s_rally_f859c826_3uwPf6o2 (eebde9bc-b1b3-42ea-a06b-7e959b5f58e9)
2020-04-13 02:47:36.899 15 RALLYDEBUG rally_openstack.cleanup.manager [-] Deleting neutron.port object s_rally_f859c826_92obQdVd (eebc8478-7e3d-406a-8fd3-c88511f40ff4)
2020-04-13 02:47:36.917 15 RALLYDEBUG rally_openstack.cleanup.manager [-] Deleting neutron.port object s_rally_f859c826_v5WKDoRl (f130eddd-a1f5-4fee-b2d1-737293e11ed7)
2020-04-13 02:47:36.945 15 RALLYDEBUG rally_openstack.cleanup.manager [-] Deleting neutron.port object s_rally_f859c826_q9ejeQUA (f21c85ce-607c-4c9b-895f-227ecbb3529f)
2020-04-13 02:47:36.958 15 RALLYDEBUG rally_openstack.cleanup.manager [-] Deleting neutron.port object s_rally_f859c826_13VBp2bs (f2413181-2e0f-470f-9ed8-890528abb4aa)
2020-04-13 02:47:37.059 15 RALLYDEBUG rally_openstack.cleanup.manager [-] Deleting neutron.port object s_rally_f859c826_CVYQUvmj (f32e9333-2873-42bc-9134-740124470677)
2020-04-13 02:47:37.220 15 RALLYDEBUG rally_openstack.cleanup.manager [-] Deleting neutron.port object s_rally_f859c826_WX6w2eb3 (f3a8452f-323b-4819-8889-833a61f1b948)
2020-04-13 02:47:37.291 15 RALLYDEBUG rally_openstack.cleanup.manager [-] Deleting neutron.port object s_rally_f859c826_E2p2mqnT (f4f27588-2c6c-4267-8320-24e73fec3858)
2020-04-13 02:47:37.681 15 RALLYDEBUG rally_openstack.cleanup.manager [-] Deleting neutron.port object s_rally_f859c826_yrd0csWW (f60245be-6beb-4c54-867a-f5f7e43a4585)
2020-04-13 02:47:37.698 15 RALLYDEBUG rally_openstack.cleanup.manager [-] Deleting neutron.port object s_rally_f859c826_AX0X9mlt (f6407cd0-2c0f-466d-bad1-766ada561295)
2020-04-13 02:47:37.721 15 RALLYDEBUG rally_openstack.cleanup.manager [-] Deleting neutron.port object s_rally_f859c826_cWJFFbmh (f7c3ae22-d555-400e-81b6-c05f95dd9c4b)
2020-04-13 02:47:38.071 15 RALLYDEBUG rally_openstack.cleanup.manager [-] Deleting neutron.port object s_rally_f859c826_o55QiZgb (f7c8189a-f691-4bfa-8128-c83dce5b07db)
2020-04-13 02:47:38.337 15 RALLYDEBUG rally_openstack.cleanup.manager [-] Deleting neutron.port object s_rally_f859c826_YjxuGswf (f8ea08a3-7f9f-41d7-a95b-daf499bf0297)
2020-04-13 02:47:38.350 15 RALLYDEBUG rally_openstack.cleanup.manager [-] Deleting neutron.port object s_rally_f859c826_tIqrypxv (fba376ff-7327-4a6c-bc23-b1924e3d0c58)
2020-04-13 02:47:38.361 15 RALLYDEBUG rally_openstack.cleanup.manager [-] Deleting neutron.port object s_rally_f859c826_P5nifP3u (fbe854ed-218c-454b-885e-2a40a00ea665)
2020-04-13 02:47:38.410 15 RALLYDEBUG rally_openstack.cleanup.manager [-] Deleting neutron.port object s_rally_f859c826_IiWYtjrH (fc984e96-fa63-4927-8f75-aeeb9da8b6f6)
2020-04-13 02:47:38.663 15 RALLYDEBUG rally_openstack.cleanup.manager [-] Deleting neutron.port object s_rally_f859c826_3Vzpcz83 (fd55d7e8-1e9a-40e0-9976-d4b20a4cca5c)
2020-04-13 02:47:38.688 15 RALLYDEBUG rally_openstack.cleanup.manager [-] Deleting neutron.port object s_rally_f859c826_yEEo9rv8 (fdbf5f42-f968-4151-9b33-109e8f2aded2)
2020-04-13 02:47:38.749 15 RALLYDEBUG rally_openstack.cleanup.manager [-] Deleting neutron.port object s_rally_f859c826_5cUUDgEE (ff19f329-7dc1-427d-bf0c-eaadda52ad35)
2020-04-13 02:47:40.926 15 RALLYDEBUG rally_openstack.cleanup.manager [-] Cleaning up neutron subnet objects
2020-04-13 02:47:41.122 15 RALLYDEBUG rally_openstack.cleanup.manager [-] Cleaning up neutron network objects
2020-04-13 02:47:41.409 15 RALLYDEBUG rally_openstack.cleanup.manager [-] Deleting neutron.network object s_rally_f859c826_KPddix2G (396dda87-3f5b-46df-b445-e122156ced5d)
2020-04-13 02:47:41.421 15 RALLYDEBUG rally_openstack.cleanup.manager [-] Deleting neutron.network object s_rally_f859c826_snhDnGoZ (5dc82c1f-88b9-4ebe-b2c0-717c95511e3c)
2020-04-13 02:47:41.433 15 RALLYDEBUG rally_openstack.cleanup.manager [-] Deleting neutron.network object s_rally_f859c826_jQffSFG7 (60bcd8cb-f1bc-496f-831f-f5808f1e481e)
2020-04-13 02:47:41.439 15 RALLYDEBUG rally_openstack.cleanup.manager [-] Deleting neutron.network object s_rally_f859c826_iYMjvkKW (ab5c480e-5d8d-4f2e-bb33-e00b856eb888)
2020-04-13 02:47:41.444 15 RALLYDEBUG rally_openstack.cleanup.manager [-] Deleting neutron.network object s_rally_f859c826_Hublu4Es (cb5fbcf4-7467-46dd-ae3c-bfcc8ffc8da7)
2020-04-13 02:47:41.449 15 RALLYDEBUG rally_openstack.cleanup.manager [-] Deleting neutron.network object s_rally_f859c826_rMSOWR6k (cf776b71-df72-4c7a-b89f-88cd6b7817b1)
2020-04-13 02:47:41.457 15 RALLYDEBUG rally_openstack.cleanup.manager [-] Deleting neutron.network object s_rally_f859c826_2OMYsnHd (e04282c7-8cf5-4d43-bef2-449e332a3e81)
2020-04-13 02:47:41.462 15 RALLYDEBUG rally_openstack.cleanup.manager [-] Deleting neutron.network object s_rally_f859c826_PLtSK1L9 (ee52f678-bfd0-485e-91ba-eb3c2b622000)
2020-04-13 02:47:44.649 15 RALLYDEBUG rally_openstack.cleanup.manager [-] Cleaning up neutron router objects
2020-04-13 02:47:44.856 15 RALLYDEBUG rally_openstack.cleanup.manager [-] Cleaning up neutron security_group objects
2020-04-13 02:47:45.065 15 INFO rally.task.context [-] Task 640f1903-d0ca-4e8d-b9bd-e28c0d6f5474 | Context cleanup@openstack cleanup() finished in 49.19 sec
2020-04-13 02:47:45.065 15 INFO rally.task.context [-] Task 640f1903-d0ca-4e8d-b9bd-e28c0d6f5474 | Context quotas@openstack cleanup() started
2020-04-13 02:47:45.091 15 INFO rally.task.context [-] Task 640f1903-d0ca-4e8d-b9bd-e28c0d6f5474 | Context quotas@openstack cleanup() finished in 25.98 msec
2020-04-13 02:47:45.092 15 INFO rally.task.context [-] Task 640f1903-d0ca-4e8d-b9bd-e28c0d6f5474 | Context users@openstack cleanup() started
2020-04-13 02:47:45.386 15 WARNING rally.common.logging [-] `iterate_per_tenants()' is deprecated in v3.0.0: it is openstack specific.. Used at
2020-04-13 02:47:46.441 15 INFO rally.task.context [-] Task 640f1903-d0ca-4e8d-b9bd-e28c0d6f5474 | Context users@openstack cleanup() finished in 1.35 sec
2020-04-13 02:47:47.108 15 INFO rally.task.engine [-] Load duration is: 70.197147
2020-04-13 02:47:47.109 15 INFO rally.task.engine [-] Full runner duration is: 70.247682
2020-04-13 02:47:47.109 15 INFO rally.task.engine [-] Full duration is: 122.217026
2020-04-13 02:47:47.179 15 INFO rally.task.engine [-] Running workload: position = 1 config = { "version": 2, "title": "A cropped version of a bigger task.", "description": "Auto-generated task from a single workload (uuid=385a2e1f-8a71-4bae-babc-9fa4b6fcec98)", "subtasks": [ { "title": "NeutronNetworks.create_and_update_ports", "description": "Create and update a given number of ports.", "scenario": { "NeutronNetworks.create_and_update_ports": { "network_create_args": {}, "port_create_args": {}, "ports_per_network": 5, "port_update_args": { "admin_state_up": false, "device_id": "dummy_id", "device_owner": "dummy_owner", "name": "_port_updated" } } }, "contexts": { "users": { "tenants": 1, "users_per_tenant": 1 }, "quotas": { "neutron": { "network": -1, "port": -1 } } }, "runner": { "constant": { "times": 40, "concurrency": 20 } }, "hooks": [], "sla": { "failure_rate": { "max": 0 } } } ] }
2020-04-13 02:47:47.200 15 RALLYDEBUG rally_openstack.contexts.keystone.users [-] Creating 1 tenants using 1 threads
2020-04-13 02:47:47.635 15 RALLYDEBUG rally_openstack.contexts.keystone.users [-] Creating 1 users using 1 threads
2020-04-13 02:47:48.262 15 INFO rally.task.context [-] Task 640f1903-d0ca-4e8d-b9bd-e28c0d6f5474 | Context users@openstack setup() finished in 1.06 sec
2020-04-13 02:47:48.473 15 INFO rally.task.context [-] Task 640f1903-d0ca-4e8d-b9bd-e28c0d6f5474 | Context quotas@openstack setup() finished in 0.21 sec
2020-04-13 02:47:48.473 15 INFO rally.task.context [-] Task 640f1903-d0ca-4e8d-b9bd-e28c0d6f5474 | Context cleanup@openstack setup() finished in 0.02 msec
2020-04-13 02:47:48.483 15 RALLYDEBUG rally.task.runner [-] Starting the constant runner (task UUID: 640f1903-d0ca-4e8d-b9bd-e28c0d6f5474). times: 40 concurrency: 20 timeout: 0 max_cpu_used: 88 processes_to_start: 20 concurrency_per_worker: 1 concurrency_overhead: 0
2020-04-13 02:47:48.495 3747 RALLYDEBUG rally.task.runner [-] Starting a worker. times: 40 duration: None concurrency: 1 timeout: 0 cls: method_name: run args: {"network_create_args": {}, "port_create_args": {}, "ports_per_network": 5, "port_update_args": {"admin_state_up": false, "device_id": "dummy_id", "device_owner": "dummy_owner", "name": "_port_updated"}}
2020-04-13 02:47:48.498 3748 RALLYDEBUG rally.task.runner [-] Starting a worker. times: 40 duration: None concurrency: 1 timeout: 0 cls: method_name: run args: {"network_create_args": {}, "port_create_args": {}, "ports_per_network": 5, "port_update_args": {"admin_state_up": false, "device_id": "dummy_id", "device_owner": "dummy_owner", "name": "_port_updated"}}
2020-04-13 02:47:48.501 3749 RALLYDEBUG rally.task.runner [-] Starting a worker. times: 40 duration: None concurrency: 1 timeout: 0 cls: method_name: run args: {"network_create_args": {}, "port_create_args": {}, "ports_per_network": 5, "port_update_args": {"admin_state_up": false, "device_id": "dummy_id", "device_owner": "dummy_owner", "name": "_port_updated"}}
2020-04-13 02:47:48.502 3747 INFO rally.task.runner [-] Task 640f1903-d0ca-4e8d-b9bd-e28c0d6f5474 | ITER: 1 START
2020-04-13 02:47:48.504 3747 WARNING rally_openstack.scenarios.neutron.utils [-] Running this scenario without either the 'network' or 'existing_network' context is deprecated
2020-04-13 02:47:48.504 3748 INFO rally.task.runner [-] Task 640f1903-d0ca-4e8d-b9bd-e28c0d6f5474 | ITER: 2 START
2020-04-13 02:47:48.504 3750 RALLYDEBUG rally.task.runner [-] Starting a worker. times: 40 duration: None concurrency: 1 timeout: 0 cls: method_name: run args: {"network_create_args": {}, "port_create_args": {}, "ports_per_network": 5, "port_update_args": {"admin_state_up": false, "device_id": "dummy_id", "device_owner": "dummy_owner", "name": "_port_updated"}}
2020-04-13 02:47:48.506 3748 WARNING rally_openstack.scenarios.neutron.utils [-] Running this scenario without either the 'network' or 'existing_network' context is deprecated
2020-04-13 02:47:48.506 3753 RALLYDEBUG rally.task.runner [-] Starting a worker. times: 40 duration: None concurrency: 1 timeout: 0 cls: method_name: run args: {"network_create_args": {}, "port_create_args": {}, "ports_per_network": 5, "port_update_args": {"admin_state_up": false, "device_id": "dummy_id", "device_owner": "dummy_owner", "name": "_port_updated"}}
2020-04-13 02:47:48.508 3749 INFO rally.task.runner [-] Task 640f1903-d0ca-4e8d-b9bd-e28c0d6f5474 | ITER: 3 START
2020-04-13 02:47:48.509 3749 WARNING rally_openstack.scenarios.neutron.utils [-] Running this scenario without either the 'network' or 'existing_network' context is deprecated
2020-04-13 02:47:48.509 3750 INFO rally.task.runner [-] Task 640f1903-d0ca-4e8d-b9bd-e28c0d6f5474 | ITER: 4 START
2020-04-13 02:47:48.510 3753 INFO rally.task.runner [-] Task 640f1903-d0ca-4e8d-b9bd-e28c0d6f5474 | ITER: 5 START
2020-04-13 02:47:48.510 3756 RALLYDEBUG rally.task.runner [-] Starting a worker. times: 40 duration: None concurrency: 1 timeout: 0 cls: method_name: run args: {"network_create_args": {}, "port_create_args": {}, "ports_per_network": 5, "port_update_args": {"admin_state_up": false, "device_id": "dummy_id", "device_owner": "dummy_owner", "name": "_port_updated"}}
2020-04-13 02:47:48.511 3750 WARNING rally_openstack.scenarios.neutron.utils [-] Running this scenario without either the 'network' or 'existing_network' context is deprecated
2020-04-13 02:47:48.512 3753 WARNING rally_openstack.scenarios.neutron.utils [-] Running this scenario without either the 'network' or 'existing_network' context is deprecated
2020-04-13 02:47:48.513 3761 RALLYDEBUG rally.task.runner [-] Starting a worker. times: 40 duration: None concurrency: 1 timeout: 0 cls: method_name: run args: {"network_create_args": {}, "port_create_args": {}, "ports_per_network": 5, "port_update_args": {"admin_state_up": false, "device_id": "dummy_id", "device_owner": "dummy_owner", "name": "_port_updated"}}
2020-04-13 02:47:48.515 3756 INFO rally.task.runner [-] Task 640f1903-d0ca-4e8d-b9bd-e28c0d6f5474 | ITER: 6 START
2020-04-13 02:47:48.515 3764 RALLYDEBUG rally.task.runner [-] Starting a worker. times: 40 duration: None concurrency: 1 timeout: 0 cls: method_name: run args: {"network_create_args": {}, "port_create_args": {}, "ports_per_network": 5, "port_update_args": {"admin_state_up": false, "device_id": "dummy_id", "device_owner": "dummy_owner", "name": "_port_updated"}}
2020-04-13 02:47:48.516 3756 WARNING rally_openstack.scenarios.neutron.utils [-] Running this scenario without either the 'network' or 'existing_network' context is deprecated
2020-04-13 02:47:48.518 3761 INFO rally.task.runner [-] Task 640f1903-d0ca-4e8d-b9bd-e28c0d6f5474 | ITER: 7 START
2020-04-13 02:47:48.519 3761 WARNING rally_openstack.scenarios.neutron.utils [-] Running this scenario without either the 'network' or 'existing_network' context is deprecated
2020-04-13 02:47:48.519 3764 INFO rally.task.runner [-] Task 640f1903-d0ca-4e8d-b9bd-e28c0d6f5474 | ITER: 8 START
2020-04-13 02:47:48.519 3767 RALLYDEBUG rally.task.runner [-] Starting a worker. times: 40 duration: None concurrency: 1 timeout: 0 cls: method_name: run args: {"network_create_args": {}, "port_create_args": {}, "ports_per_network": 5, "port_update_args": {"admin_state_up": false, "device_id": "dummy_id", "device_owner": "dummy_owner", "name": "_port_updated"}}
2020-04-13 02:47:48.521 3764 WARNING rally_openstack.scenarios.neutron.utils [-] Running this scenario without either the 'network' or 'existing_network' context is deprecated
2020-04-13 02:47:48.523 3770 RALLYDEBUG rally.task.runner [-] Starting a worker. times: 40 duration: None concurrency: 1 timeout: 0 cls: method_name: run args: {"network_create_args": {}, "port_create_args": {}, "ports_per_network": 5, "port_update_args": {"admin_state_up": false, "device_id": "dummy_id", "device_owner": "dummy_owner", "name": "_port_updated"}}
2020-04-13 02:47:48.524 3767 INFO rally.task.runner [-] Task 640f1903-d0ca-4e8d-b9bd-e28c0d6f5474 | ITER: 9 START
2020-04-13 02:47:48.526 3767 WARNING rally_openstack.scenarios.neutron.utils [-] Running this scenario without either the 'network' or 'existing_network' context is deprecated
2020-04-13 02:47:48.526 3773 RALLYDEBUG rally.task.runner [-] Starting a worker. times: 40 duration: None concurrency: 1 timeout: 0 cls: method_name: run args: {"network_create_args": {}, "port_create_args": {}, "ports_per_network": 5, "port_update_args": {"admin_state_up": false, "device_id": "dummy_id", "device_owner": "dummy_owner", "name": "_port_updated"}}
2020-04-13 02:47:48.528 3770 INFO rally.task.runner [-] Task 640f1903-d0ca-4e8d-b9bd-e28c0d6f5474 | ITER: 10 START
2020-04-13 02:47:48.528 3776 RALLYDEBUG rally.task.runner [-] Starting a worker. times: 40 duration: None concurrency: 1 timeout: 0 cls: method_name: run args: {"network_create_args": {}, "port_create_args": {}, "ports_per_network": 5, "port_update_args": {"admin_state_up": false, "device_id": "dummy_id", "device_owner": "dummy_owner", "name": "_port_updated"}}
2020-04-13 02:47:48.530 3770 WARNING rally_openstack.scenarios.neutron.utils [-] Running this scenario without either the 'network' or 'existing_network' context is deprecated
2020-04-13 02:47:48.530 3778 RALLYDEBUG rally.task.runner [-] Starting a worker. times: 40 duration: None concurrency: 1 timeout: 0 cls: method_name: run args: {"network_create_args": {}, "port_create_args": {}, "ports_per_network": 5, "port_update_args": {"admin_state_up": false, "device_id": "dummy_id", "device_owner": "dummy_owner", "name": "_port_updated"}}
2020-04-13 02:47:48.531 3773 INFO rally.task.runner [-] Task 640f1903-d0ca-4e8d-b9bd-e28c0d6f5474 | ITER: 11 START
2020-04-13 02:47:48.533 3773 WARNING rally_openstack.scenarios.neutron.utils [-] Running this scenario without either the 'network' or 'existing_network' context is deprecated
2020-04-13 02:47:48.533 3776 INFO rally.task.runner [-] Task 640f1903-d0ca-4e8d-b9bd-e28c0d6f5474 | ITER: 12 START
2020-04-13 02:47:48.534 3778 INFO rally.task.runner [-] Task 640f1903-d0ca-4e8d-b9bd-e28c0d6f5474 | ITER: 13 START
2020-04-13 02:47:48.535 3776 WARNING rally_openstack.scenarios.neutron.utils [-] Running this scenario without either the 'network' or 'existing_network' context is deprecated
2020-04-13 02:47:48.534 3781 RALLYDEBUG rally.task.runner [-] Starting a worker. times: 40 duration: None concurrency: 1 timeout: 0 cls: method_name: run args: {"network_create_args": {}, "port_create_args": {}, "ports_per_network": 5, "port_update_args": {"admin_state_up": false, "device_id": "dummy_id", "device_owner": "dummy_owner", "name": "_port_updated"}}
2020-04-13 02:47:48.535 3778 WARNING rally_openstack.scenarios.neutron.utils [-] Running this scenario without either the 'network' or 'existing_network' context is deprecated
2020-04-13 02:47:48.537 3786 RALLYDEBUG rally.task.runner [-] Starting a worker. times: 40 duration: None concurrency: 1 timeout: 0 cls: method_name: run args: {"network_create_args": {}, "port_create_args": {}, "ports_per_network": 5, "port_update_args": {"admin_state_up": false, "device_id": "dummy_id", "device_owner": "dummy_owner", "name": "_port_updated"}}
2020-04-13 02:47:48.538 3788 RALLYDEBUG rally.task.runner [-] Starting a worker. times: 40 duration: None concurrency: 1 timeout: 0 cls: method_name: run args: {"network_create_args": {}, "port_create_args": {}, "ports_per_network": 5, "port_update_args": {"admin_state_up": false, "device_id": "dummy_id", "device_owner": "dummy_owner", "name": "_port_updated"}}
2020-04-13 02:47:48.540 3781 INFO rally.task.runner [-] Task 640f1903-d0ca-4e8d-b9bd-e28c0d6f5474 | ITER: 14 START
2020-04-13 02:47:48.541 3786 INFO rally.task.runner [-] Task 640f1903-d0ca-4e8d-b9bd-e28c0d6f5474 | ITER: 15 START
2020-04-13 02:47:48.542 3781 WARNING rally_openstack.scenarios.neutron.utils [-] Running this scenario without either the 'network' or 'existing_network' context is deprecated
2020-04-13 02:47:48.542 3788 INFO rally.task.runner [-] Task 640f1903-d0ca-4e8d-b9bd-e28c0d6f5474 | ITER: 16 START
2020-04-13 02:47:48.542 3786 WARNING rally_openstack.scenarios.neutron.utils [-] Running this scenario without either the 'network' or 'existing_network' context is deprecated
2020-04-13 02:47:48.544 3788 WARNING rally_openstack.scenarios.neutron.utils [-] Running this scenario without either the 'network' or 'existing_network' context is deprecated
2020-04-13 02:47:48.543 3790 RALLYDEBUG rally.task.runner [-] Starting a worker. times: 40 duration: None concurrency: 1 timeout: 0 cls: method_name: run args: {"network_create_args": {}, "port_create_args": {}, "ports_per_network": 5, "port_update_args": {"admin_state_up": false, "device_id": "dummy_id", "device_owner": "dummy_owner", "name": "_port_updated"}}
2020-04-13 02:47:48.546 3796 RALLYDEBUG rally.task.runner [-] Starting a worker. times: 40 duration: None concurrency: 1 timeout: 0 cls: method_name: run args: {"network_create_args": {}, "port_create_args": {}, "ports_per_network": 5, "port_update_args": {"admin_state_up": false, "device_id": "dummy_id", "device_owner": "dummy_owner", "name": "_port_updated"}}
2020-04-13 02:47:48.548 3790 INFO rally.task.runner [-] Task 640f1903-d0ca-4e8d-b9bd-e28c0d6f5474 | ITER: 17 START
2020-04-13 02:47:48.550 3790 WARNING rally_openstack.scenarios.neutron.utils [-] Running this scenario without either the 'network' or 'existing_network' context is deprecated
2020-04-13 02:47:48.549 3797 RALLYDEBUG rally.task.runner [-] Starting a worker. times: 40 duration: None concurrency: 1 timeout: 0 cls: method_name: run args: {"network_create_args": {}, "port_create_args": {}, "ports_per_network": 5, "port_update_args": {"admin_state_up": false, "device_id": "dummy_id", "device_owner": "dummy_owner", "name": "_port_updated"}}
2020-04-13 02:47:48.551 3796 INFO rally.task.runner [-] Task 640f1903-d0ca-4e8d-b9bd-e28c0d6f5474 | ITER: 18 START
2020-04-13 02:47:48.552 3796 WARNING rally_openstack.scenarios.neutron.utils [-] Running this scenario without either the 'network' or 'existing_network' context is deprecated
2020-04-13 02:47:48.552 3800 RALLYDEBUG rally.task.runner [-] Starting a worker. times: 40 duration: None concurrency: 1 timeout: 0 cls: method_name: run args: {"network_create_args": {}, "port_create_args": {}, "ports_per_network": 5, "port_update_args": {"admin_state_up": false, "device_id": "dummy_id", "device_owner": "dummy_owner", "name": "_port_updated"}}
2020-04-13 02:47:48.553 3797 INFO rally.task.runner [-] Task 640f1903-d0ca-4e8d-b9bd-e28c0d6f5474 | ITER: 19 START
2020-04-13 02:47:48.555 3797 WARNING rally_openstack.scenarios.neutron.utils [-] Running this scenario without either the 'network' or 'existing_network' context is deprecated
2020-04-13 02:47:48.555 3800 INFO rally.task.runner [-] Task 640f1903-d0ca-4e8d-b9bd-e28c0d6f5474 | ITER: 20 START
2020-04-13 02:47:48.557 3800 WARNING rally_openstack.scenarios.neutron.utils [-] Running this scenario without either the 'network' or 'existing_network' context is deprecated
2020-04-13 02:47:56.347 3750 INFO rally.task.runner [-] Task 640f1903-d0ca-4e8d-b9bd-e28c0d6f5474 | ITER: 4 END: OK
2020-04-13 02:47:56.351 3750 INFO rally.task.runner [-] Task 640f1903-d0ca-4e8d-b9bd-e28c0d6f5474 | ITER: 21 START
2020-04-13 02:47:56.352 3750 WARNING rally_openstack.scenarios.neutron.utils [-] Running this scenario without either the 'network' or 'existing_network' context is deprecated
2020-04-13 02:47:58.816 3756 INFO rally.task.runner [-] Task 640f1903-d0ca-4e8d-b9bd-e28c0d6f5474 | ITER: 6 END: OK
2020-04-13 02:47:58.821 3756 INFO rally.task.runner [-] Task 640f1903-d0ca-4e8d-b9bd-e28c0d6f5474 | ITER: 22 START
2020-04-13 02:47:58.822 3756 WARNING rally_openstack.scenarios.neutron.utils [-] Running this scenario without either the 'network' or 'existing_network' context is deprecated
2020-04-13 02:47:59.450 3764 INFO rally.task.runner [-] Task 640f1903-d0ca-4e8d-b9bd-e28c0d6f5474 | ITER: 8 END: OK
2020-04-13 02:47:59.454 3764 INFO rally.task.runner [-] Task 640f1903-d0ca-4e8d-b9bd-e28c0d6f5474 | ITER: 23 START
2020-04-13 02:47:59.455 3764 WARNING rally_openstack.scenarios.neutron.utils [-] Running this scenario without either the 'network' or 'existing_network' context is deprecated
2020-04-13 02:47:59.712 3749 INFO rally.task.runner [-] Task 640f1903-d0ca-4e8d-b9bd-e28c0d6f5474 | ITER: 3 END: OK
2020-04-13 02:47:59.716 3749 INFO rally.task.runner [-] Task 640f1903-d0ca-4e8d-b9bd-e28c0d6f5474 | ITER: 24 START
2020-04-13 02:47:59.717 3749 WARNING rally_openstack.scenarios.neutron.utils [-] Running this scenario without either the 'network' or 'existing_network' context is deprecated
2020-04-13 02:48:00.302 3770 INFO rally.task.runner [-] Task 640f1903-d0ca-4e8d-b9bd-e28c0d6f5474 | ITER: 10 END: OK
2020-04-13 02:48:00.306 3770 INFO rally.task.runner [-] Task 640f1903-d0ca-4e8d-b9bd-e28c0d6f5474 | ITER: 25 START
2020-04-13 02:48:00.306 3770 WARNING rally_openstack.scenarios.neutron.utils [-] Running this scenario without either the 'network' or 'existing_network' context is deprecated
2020-04-13 02:48:00.507 3748 INFO rally.task.runner [-] Task 640f1903-d0ca-4e8d-b9bd-e28c0d6f5474 | ITER: 2 END: OK
2020-04-13 02:48:00.512 3748 INFO rally.task.runner [-] Task 640f1903-d0ca-4e8d-b9bd-e28c0d6f5474 | ITER: 26 START
2020-04-13 02:48:00.513 3748 WARNING rally_openstack.scenarios.neutron.utils [-] Running this scenario without either the 'network' or 'existing_network' context is deprecated
2020-04-13 02:48:00.606 3776 INFO rally.task.runner [-] Task 640f1903-d0ca-4e8d-b9bd-e28c0d6f5474 | ITER: 12 END: OK
2020-04-13 02:48:00.611 3776 INFO rally.task.runner [-] Task 640f1903-d0ca-4e8d-b9bd-e28c0d6f5474 | ITER: 27 START
2020-04-13 02:48:00.612 3776 WARNING rally_openstack.scenarios.neutron.utils [-] Running this scenario without either the 'network' or 'existing_network' context is deprecated
2020-04-13 02:48:02.436 3800 INFO rally.task.runner [-] Task 640f1903-d0ca-4e8d-b9bd-e28c0d6f5474 | ITER: 20 END: OK
2020-04-13 02:48:02.440 3800 INFO rally.task.runner [-] Task 640f1903-d0ca-4e8d-b9bd-e28c0d6f5474 | ITER: 28 START
2020-04-13 02:48:02.441 3800 WARNING rally_openstack.scenarios.neutron.utils [-] Running this scenario without either the 'network' or 'existing_network' context is deprecated
2020-04-13 02:48:02.558 3790 INFO rally.task.runner [-] Task 640f1903-d0ca-4e8d-b9bd-e28c0d6f5474 | ITER: 17 END: OK
2020-04-13 02:48:02.562 3790 INFO rally.task.runner [-] Task 640f1903-d0ca-4e8d-b9bd-e28c0d6f5474 | ITER: 29 START
2020-04-13 02:48:02.562 3790 WARNING rally_openstack.scenarios.neutron.utils [-] Running this scenario without either the 'network' or 'existing_network' context is deprecated
2020-04-13 02:48:02.752 3747 INFO rally.task.runner [-] Task 640f1903-d0ca-4e8d-b9bd-e28c0d6f5474 | ITER: 1 END: OK
2020-04-13 02:48:02.755 3747 INFO rally.task.runner [-] Task 640f1903-d0ca-4e8d-b9bd-e28c0d6f5474 | ITER: 30 START
2020-04-13 02:48:02.755 3747 WARNING rally_openstack.scenarios.neutron.utils [-] Running this scenario without either the 'network' or 'existing_network' context is deprecated
2020-04-13 02:48:03.282 3786 INFO rally.task.runner [-] Task 640f1903-d0ca-4e8d-b9bd-e28c0d6f5474 | ITER: 15 END: OK
2020-04-13 02:48:03.285 3786 INFO rally.task.runner [-] Task 640f1903-d0ca-4e8d-b9bd-e28c0d6f5474 | ITER: 31 START
2020-04-13 02:48:03.286 3786 WARNING rally_openstack.scenarios.neutron.utils [-] Running this scenario without either the 'network' or 'existing_network' context is deprecated
2020-04-13 02:48:03.422 3750 INFO rally.task.runner [-] Task 640f1903-d0ca-4e8d-b9bd-e28c0d6f5474 | ITER: 21 END: OK
2020-04-13 02:48:03.425 3750 INFO rally.task.runner [-] Task 640f1903-d0ca-4e8d-b9bd-e28c0d6f5474 | ITER: 32 START
2020-04-13 02:48:03.426 3750 WARNING rally_openstack.scenarios.neutron.utils [-] Running this scenario without either the 'network' or 'existing_network' context is deprecated
2020-04-13 02:48:05.038 3781 INFO rally.task.runner [-] Task 640f1903-d0ca-4e8d-b9bd-e28c0d6f5474 | ITER: 14 END: OK
2020-04-13 02:48:05.041 3781 INFO rally.task.runner [-] Task 640f1903-d0ca-4e8d-b9bd-e28c0d6f5474 | ITER: 33 START
2020-04-13 02:48:05.042 3781 WARNING rally_openstack.scenarios.neutron.utils [-] Running this scenario without either the 'network' or 'existing_network' context is deprecated
2020-04-13 02:48:05.167 3756 INFO rally.task.runner [-] Task 640f1903-d0ca-4e8d-b9bd-e28c0d6f5474 | ITER: 22 END: OK
2020-04-13 02:48:05.170 3756 INFO rally.task.runner [-] Task 640f1903-d0ca-4e8d-b9bd-e28c0d6f5474 | ITER: 34 START
2020-04-13 02:48:05.171 3756 WARNING rally_openstack.scenarios.neutron.utils [-] Running this scenario without either the 'network' or 'existing_network' context is deprecated
2020-04-13 02:48:05.566 3767 INFO rally.task.runner [-] Task 640f1903-d0ca-4e8d-b9bd-e28c0d6f5474 | ITER: 9 END: OK
2020-04-13 02:48:05.570 3767 INFO rally.task.runner [-] Task 640f1903-d0ca-4e8d-b9bd-e28c0d6f5474 | ITER: 35 START
2020-04-13 02:48:05.571 3767 WARNING rally_openstack.scenarios.neutron.utils [-] Running this scenario without either the 'network' or 'existing_network' context is deprecated
2020-04-13 02:48:06.025 3764 INFO rally.task.runner [-] Task 640f1903-d0ca-4e8d-b9bd-e28c0d6f5474 | ITER: 23 END: OK
2020-04-13 02:48:06.029 3761 INFO rally.task.runner [-] Task 640f1903-d0ca-4e8d-b9bd-e28c0d6f5474 | ITER: 7 END: OK
2020-04-13 02:48:06.029 3764 INFO rally.task.runner [-] Task 640f1903-d0ca-4e8d-b9bd-e28c0d6f5474 | ITER: 36 START
2020-04-13 02:48:06.030 3764 WARNING rally_openstack.scenarios.neutron.utils [-] Running this scenario without either the 'network' or 'existing_network' context is deprecated
2020-04-13 02:48:06.033 3761 INFO rally.task.runner [-] Task 640f1903-d0ca-4e8d-b9bd-e28c0d6f5474 | ITER: 37 START
2020-04-13 02:48:06.034 3761 WARNING rally_openstack.scenarios.neutron.utils [-] Running this scenario without either the 'network' or 'existing_network' context is deprecated
2020-04-13 02:48:06.271 3778 INFO rally.task.runner [-] Task 640f1903-d0ca-4e8d-b9bd-e28c0d6f5474 | ITER: 13 END: OK
2020-04-13 02:48:06.275 3778 INFO rally.task.runner [-] Task 640f1903-d0ca-4e8d-b9bd-e28c0d6f5474 | ITER: 38 START
2020-04-13 02:48:06.276 3778 WARNING rally_openstack.scenarios.neutron.utils [-] Running this scenario without either the 'network' or 'existing_network' context is deprecated
2020-04-13 02:48:07.209 3797 INFO rally.task.runner [-] Task 640f1903-d0ca-4e8d-b9bd-e28c0d6f5474 | ITER: 19 END: OK
2020-04-13 02:48:07.214 3797 INFO rally.task.runner [-] Task 640f1903-d0ca-4e8d-b9bd-e28c0d6f5474 | ITER: 39 START
2020-04-13 02:48:07.215 3797 WARNING rally_openstack.scenarios.neutron.utils [-] Running this scenario without either the 'network' or 'existing_network' context is deprecated
2020-04-13 02:48:08.737 3788 INFO rally.task.runner [-] Task 640f1903-d0ca-4e8d-b9bd-e28c0d6f5474 | ITER: 16 END: OK
2020-04-13 02:48:08.741 3788 INFO rally.task.runner [-] Task 640f1903-d0ca-4e8d-b9bd-e28c0d6f5474 | ITER: 40 START
2020-04-13 02:48:08.742 3788 WARNING rally_openstack.scenarios.neutron.utils [-] Running this scenario without either the 'network' or 'existing_network' context is deprecated
2020-04-13 02:48:10.650 3753 INFO rally.task.runner [-] Task 640f1903-d0ca-4e8d-b9bd-e28c0d6f5474 | ITER: 5 END: OK
2020-04-13 02:48:11.813 3767 INFO rally.task.runner [-] Task 640f1903-d0ca-4e8d-b9bd-e28c0d6f5474 | ITER: 35 END: OK
2020-04-13 02:48:12.330 3761 INFO rally.task.runner [-] Task 640f1903-d0ca-4e8d-b9bd-e28c0d6f5474 | ITER: 37 END: OK
2020-04-13 02:48:12.576 3790 INFO rally.task.runner [-] Task 640f1903-d0ca-4e8d-b9bd-e28c0d6f5474 | ITER: 29 END: OK
2020-04-13 02:48:13.145 3764 INFO rally.task.runner [-] Task 640f1903-d0ca-4e8d-b9bd-e28c0d6f5474 | ITER: 36 END: OK
2020-04-13 02:48:13.298 3749 INFO rally.task.runner [-] Task 640f1903-d0ca-4e8d-b9bd-e28c0d6f5474 | ITER: 24 END: OK
2020-04-13 02:48:13.948 3776 INFO rally.task.runner [-] Task 640f1903-d0ca-4e8d-b9bd-e28c0d6f5474 | ITER: 27 END: OK
2020-04-13 02:48:14.335 3797 INFO rally.task.runner [-] Task 640f1903-d0ca-4e8d-b9bd-e28c0d6f5474 | ITER: 39 END: OK
2020-04-13 02:48:14.441 3786 INFO rally.task.runner [-] Task 640f1903-d0ca-4e8d-b9bd-e28c0d6f5474 | ITER: 31 END: OK
2020-04-13 02:48:14.447 3781 INFO rally.task.runner [-] Task 640f1903-d0ca-4e8d-b9bd-e28c0d6f5474 | ITER: 33 END: OK
2020-04-13 02:48:14.559 3750 INFO rally.task.runner [-] Task 640f1903-d0ca-4e8d-b9bd-e28c0d6f5474 | ITER: 32 END: OK
2020-04-13 02:48:14.812 3770 INFO rally.task.runner [-] Task 640f1903-d0ca-4e8d-b9bd-e28c0d6f5474 | ITER: 25 END: OK
2020-04-13 02:48:14.879 3788 INFO rally.task.runner [-] Task 640f1903-d0ca-4e8d-b9bd-e28c0d6f5474 | ITER: 40 END: OK
2020-04-13 02:48:15.070 3748 INFO rally.task.runner [-] Task 640f1903-d0ca-4e8d-b9bd-e28c0d6f5474 | ITER: 26 END: OK
2020-04-13 02:48:15.973 3747 INFO rally.task.runner [-] Task 640f1903-d0ca-4e8d-b9bd-e28c0d6f5474 | ITER: 30 END: OK
2020-04-13 02:48:17.201 3800 INFO rally.task.runner [-] Task 640f1903-d0ca-4e8d-b9bd-e28c0d6f5474 | ITER: 28 END: OK
2020-04-13 02:48:18.103 3773 INFO rally.task.runner [-] Task 640f1903-d0ca-4e8d-b9bd-e28c0d6f5474 | ITER: 11 END: OK
2020-04-13 02:48:18.632 3756 INFO rally.task.runner [-] Task 640f1903-d0ca-4e8d-b9bd-e28c0d6f5474 | ITER: 34 END: OK
2020-04-13 02:48:19.204 3778 INFO rally.task.runner [-] Task 640f1903-d0ca-4e8d-b9bd-e28c0d6f5474 | ITER: 38 END: OK
2020-04-13 02:48:21.579 3796 INFO rally.task.runner [-] Task 640f1903-d0ca-4e8d-b9bd-e28c0d6f5474 | ITER: 18 END: OK
2020-04-13 02:48:21.607 15 INFO rally.task.context [-] Task 640f1903-d0ca-4e8d-b9bd-e28c0d6f5474 | Context cleanup@openstack cleanup() started
2020-04-13 02:48:21.611 15 RALLYDEBUG rally_openstack.cleanup.manager [-] Cleaning up neutron vip objects
2020-04-13 02:48:21.757 15 RALLYDEBUG rally_openstack.cleanup.manager [-] Cleaning up neutron health_monitor objects
2020-04-13 02:48:21.905 15 RALLYDEBUG rally_openstack.cleanup.manager [-] Cleaning up neutron pool objects
2020-04-13 02:48:22.026 15 RALLYDEBUG rally_openstack.cleanup.manager [-] Cleaning up neutron loadbalancer objects
2020-04-13 02:48:22.147 15 RALLYDEBUG rally_openstack.cleanup.manager [-] Cleaning up neutron floatingip objects
2020-04-13 02:48:22.348 15 RALLYDEBUG rally_openstack.cleanup.manager [-] Cleaning up neutron trunk objects
2020-04-13 02:48:22.518 15 RALLYDEBUG rally_openstack.cleanup.manager [-] Cleaning up neutron port objects
2020-04-13 02:48:23.742 15 RALLYDEBUG rally_openstack.cleanup.manager [-] Deleting neutron.port object s_rally_385a2e1f_Pt2HTfED (030c6915-2675-4bc6-880c-21eb97e092c5)
2020-04-13 02:48:23.743 15 RALLYDEBUG rally_openstack.cleanup.manager [-] Deleting neutron.port object s_rally_385a2e1f_QT7R9sFb (0204f83a-81b8-4df1-a430-e9be581328b3)
2020-04-13 02:48:23.748 15 RALLYDEBUG rally_openstack.cleanup.manager [-] Deleting neutron.port object s_rally_385a2e1f_RafsF0qk (0412afa7-bfbd-4dbc-be9a-67b07769416c)
2020-04-13 02:48:23.758 15 RALLYDEBUG rally_openstack.cleanup.manager [-] Deleting neutron.port object s_rally_385a2e1f_nNbUgDel (04641f4c-9dae-4428-99fb-d5368137faaa)
2020-04-13 02:48:23.768 15 RALLYDEBUG rally_openstack.cleanup.manager [-] Deleting neutron.port object s_rally_385a2e1f_nY2Yi1GZ (066dbcab-dd4b-4d4b-97bb-314526ecd2b4)
2020-04-13 02:48:23.777 15 RALLYDEBUG rally_openstack.cleanup.manager [-] Deleting neutron.port object s_rally_385a2e1f_rm3miYF5 (069af3cb-49b9-4290-a844-1f1db30785cb)
2020-04-13 02:48:23.808 15 RALLYDEBUG rally_openstack.cleanup.manager [-] Deleting neutron.port object s_rally_385a2e1f_kmTpn9Q1 (06a8500e-f71e-46bc-80fa-0751e69ac783)
2020-04-13 02:48:23.815 15 RALLYDEBUG rally_openstack.cleanup.manager [-] Deleting neutron.port object s_rally_385a2e1f_2enAmvi3 (09bcfdd5-a50c-44aa-afa3-8ad085711199)
2020-04-13 02:48:23.828 15 RALLYDEBUG rally_openstack.cleanup.manager [-] Deleting neutron.port object s_rally_385a2e1f_UqH6UOZX (09be81c5-4495-4229-8bf8-1878750b718f)
2020-04-13 02:48:23.840 15 RALLYDEBUG rally_openstack.cleanup.manager [-] Deleting neutron.port object s_rally_385a2e1f_iEKoFqgr (09f60a4c-e037-4505-9eb4-0d3c54c70bd2)
2020-04-13 02:48:23.853 15 RALLYDEBUG rally_openstack.cleanup.manager [-] Deleting neutron.port object s_rally_385a2e1f_uNWGGBgQ (0a67661d-412c-443f-8a91-5c0f60238785)
2020-04-13 02:48:23.856 15 RALLYDEBUG rally_openstack.cleanup.manager [-] Deleting neutron.port object s_rally_385a2e1f_xixUtA4C (0a465674-7be3-4599-bc72-d0031e851d27)
2020-04-13 02:48:23.872 15 RALLYDEBUG rally_openstack.cleanup.manager [-] Deleting neutron.port object s_rally_385a2e1f_A7VanJyx (0bd40947-8fe9-495b-b81b-74e57f5f6410)
2020-04-13 02:48:23.878 15 RALLYDEBUG rally_openstack.cleanup.manager [-] Deleting neutron.port object s_rally_385a2e1f_SD9EyLtD (0f45a6c0-c31d-432b-af09-202424754a9b)
2020-04-13 02:48:23.867 15 RALLYDEBUG rally_openstack.cleanup.manager [-] Deleting neutron.port object s_rally_385a2e1f_Fn1KEeu9 (0b83b88d-a1c6-440e-85ee-332e5d2b71fa)
2020-04-13 02:48:23.904 15 RALLYDEBUG rally_openstack.cleanup.manager [-] Deleting neutron.port object s_rally_385a2e1f_VMcfWBeG (11a699c8-a2dc-458c-98c8-53cadeeeaa0c)
2020-04-13 02:48:23.930 15 RALLYDEBUG rally_openstack.cleanup.manager [-] Deleting neutron.port object s_rally_385a2e1f_11k45AS1 (1439c2e1-1b9e-49c1-8085-9960e3123bf5)
2020-04-13 02:48:23.925 15 RALLYDEBUG rally_openstack.cleanup.manager [-] Deleting neutron.port object s_rally_385a2e1f_vawGTPSa (131c612e-6a3f-42ed-825a-ade362422e12)
2020-04-13 02:48:23.948 15 RALLYDEBUG rally_openstack.cleanup.manager [-] Deleting neutron.port object s_rally_385a2e1f_gS4Zs321 (152dd948-368d-4a7a-a5fb-dfd30b03fbf2)
