2020-04-13 02:44:06.917 3120 RALLYDEBUG rally.task.runner [-] Starting a worker. times: 40 duration: None concurrency: 1 timeout: 0 cls: method_name: run args: {"network_create_args": {}, "subnet_create_args": {}, "subnet_cidr_start": "1.1.0.0/30", "subnets_per_network": 2, "router_create_args": {}}
2020-04-13 02:44:06.920 3119 INFO rally.task.runner [-] Task 640f1903-d0ca-4e8d-b9bd-e28c0d6f5474 | ITER: 9 START
2020-04-13 02:44:06.920 3123 RALLYDEBUG rally.task.runner [-] Starting a worker. times: 40 duration: None concurrency: 1 timeout: 0 cls: method_name: run args: {"network_create_args": {}, "subnet_create_args": {}, "subnet_cidr_start": "1.1.0.0/30", "subnets_per_network": 2, "router_create_args": {}}
2020-04-13 02:44:06.922 3120 INFO rally.task.runner [-] Task 640f1903-d0ca-4e8d-b9bd-e28c0d6f5474 | ITER: 10 START
2020-04-13 02:44:06.923 3126 RALLYDEBUG rally.task.runner [-] Starting a worker. times: 40 duration: None concurrency: 1 timeout: 0 cls: method_name: run args: {"network_create_args": {}, "subnet_create_args": {}, "subnet_cidr_start": "1.1.0.0/30", "subnets_per_network": 2, "router_create_args": {}}
2020-04-13 02:44:06.924 3129 RALLYDEBUG rally.task.runner [-] Starting a worker. times: 40 duration: None concurrency: 1 timeout: 0 cls: method_name: run args: {"network_create_args": {}, "subnet_create_args": {}, "subnet_cidr_start": "1.1.0.0/30", "subnets_per_network": 2, "router_create_args": {}}
2020-04-13 02:44:06.925 3123 INFO rally.task.runner [-] Task 640f1903-d0ca-4e8d-b9bd-e28c0d6f5474 | ITER: 11 START
2020-04-13 02:44:06.926 3132 RALLYDEBUG rally.task.runner [-] Starting a worker. times: 40 duration: None concurrency: 1 timeout: 0 cls: method_name: run args: {"network_create_args": {}, "subnet_create_args": {}, "subnet_cidr_start": "1.1.0.0/30", "subnets_per_network": 2, "router_create_args": {}}
2020-04-13 02:44:06.928 3126 INFO rally.task.runner [-] Task 640f1903-d0ca-4e8d-b9bd-e28c0d6f5474 | ITER: 12 START
2020-04-13 02:44:06.929 3129 INFO rally.task.runner [-] Task 640f1903-d0ca-4e8d-b9bd-e28c0d6f5474 | ITER: 13 START
2020-04-13 02:44:06.930 3132 INFO rally.task.runner [-] Task 640f1903-d0ca-4e8d-b9bd-e28c0d6f5474 | ITER: 14 START
2020-04-13 02:44:06.930 3135 RALLYDEBUG rally.task.runner [-] Starting a worker. times: 40 duration: None concurrency: 1 timeout: 0 cls: method_name: run args: {"network_create_args": {}, "subnet_create_args": {}, "subnet_cidr_start": "1.1.0.0/30", "subnets_per_network": 2, "router_create_args": {}}
2020-04-13 02:44:06.933 3135 INFO rally.task.runner [-] Task 640f1903-d0ca-4e8d-b9bd-e28c0d6f5474 | ITER: 15 START
2020-04-13 02:44:06.934 3142 RALLYDEBUG rally.task.runner [-] Starting a worker. times: 40 duration: None concurrency: 1 timeout: 0 cls: method_name: run args: {"network_create_args": {}, "subnet_create_args": {}, "subnet_cidr_start": "1.1.0.0/30", "subnets_per_network": 2, "router_create_args": {}}
2020-04-13 02:44:06.937 3145 RALLYDEBUG rally.task.runner [-] Starting a worker. times: 40 duration: None concurrency: 1 timeout: 0 cls: method_name: run args: {"network_create_args": {}, "subnet_create_args": {}, "subnet_cidr_start": "1.1.0.0/30", "subnets_per_network": 2, "router_create_args": {}}
2020-04-13 02:44:06.939 3142 INFO rally.task.runner [-] Task 640f1903-d0ca-4e8d-b9bd-e28c0d6f5474 | ITER: 16 START
2020-04-13 02:44:06.941 3145 INFO rally.task.runner [-] Task 640f1903-d0ca-4e8d-b9bd-e28c0d6f5474 | ITER: 17 START
2020-04-13 02:44:06.941 3147 RALLYDEBUG rally.task.runner [-] Starting a worker. times: 40 duration: None concurrency: 1 timeout: 0 cls: method_name: run args: {"network_create_args": {}, "subnet_create_args": {}, "subnet_cidr_start": "1.1.0.0/30", "subnets_per_network": 2, "router_create_args": {}}
2020-04-13 02:44:06.945 3147 INFO rally.task.runner [-] Task 640f1903-d0ca-4e8d-b9bd-e28c0d6f5474 | ITER: 18 START
2020-04-13 02:44:06.945 3151 RALLYDEBUG rally.task.runner [-] Starting a worker. times: 40 duration: None concurrency: 1 timeout: 0 cls: method_name: run args: {"network_create_args": {}, "subnet_create_args": {}, "subnet_cidr_start": "1.1.0.0/30", "subnets_per_network": 2, "router_create_args": {}}
2020-04-13 02:44:06.947 3153 RALLYDEBUG rally.task.runner [-] Starting a worker. times: 40 duration: None concurrency: 1 timeout: 0 cls: method_name: run args: {"network_create_args": {}, "subnet_create_args": {}, "subnet_cidr_start": "1.1.0.0/30", "subnets_per_network": 2, "router_create_args": {}}
2020-04-13 02:44:06.949 3151 INFO rally.task.runner [-] Task 640f1903-d0ca-4e8d-b9bd-e28c0d6f5474 | ITER: 19 START
2020-04-13 02:44:06.950 3153 INFO rally.task.runner [-] Task 640f1903-d0ca-4e8d-b9bd-e28c0d6f5474 | ITER: 20 START
2020-04-13 02:44:07.516 3101 RALLYDEBUG rally_openstack.wrappers.network [-] CIDR generated: 1.1.8.32/30
2020-04-13 02:44:07.932 3105 RALLYDEBUG rally_openstack.wrappers.network [-] CIDR generated: 1.1.8.36/30
2020-04-13 02:44:08.513 3142 RALLYDEBUG rally_openstack.wrappers.network [-] CIDR generated: 1.1.8.40/30
2020-04-13 02:44:08.533 3120 RALLYDEBUG rally_openstack.wrappers.network [-] CIDR generated: 1.1.8.44/30
2020-04-13 02:44:08.644 3101 RALLYDEBUG rally_openstack.wrappers.network [-] CIDR generated: 1.1.8.48/30
2020-04-13 02:44:08.678 3105 RALLYDEBUG rally_openstack.wrappers.network [-] CIDR generated: 1.1.8.52/30
2020-04-13 02:44:08.703 3135 RALLYDEBUG rally_openstack.wrappers.network [-] CIDR generated: 1.1.8.56/30
2020-04-13 02:44:09.047 3099 RALLYDEBUG rally_openstack.wrappers.network [-] CIDR generated: 1.1.8.60/30
2020-04-13 02:44:09.237 3120 RALLYDEBUG rally_openstack.wrappers.network [-] CIDR generated: 1.1.8.64/30
2020-04-13 02:44:09.273 3129 RALLYDEBUG rally_openstack.wrappers.network [-] CIDR generated: 1.1.8.68/30
2020-04-13 02:44:09.485 3135 RALLYDEBUG rally_openstack.wrappers.network [-] CIDR generated: 1.1.8.72/30
2020-04-13 02:44:09.535 3142 RALLYDEBUG rally_openstack.wrappers.network [-] CIDR generated: 1.1.8.76/30
2020-04-13 02:44:10.102 3108 RALLYDEBUG rally_openstack.wrappers.network [-] CIDR generated: 1.1.8.80/30
2020-04-13 02:44:10.141 3119 RALLYDEBUG rally_openstack.wrappers.network [-] CIDR generated: 1.1.8.84/30
2020-04-13 02:44:10.393 3114 RALLYDEBUG rally_openstack.wrappers.network [-] CIDR generated: 1.1.8.88/30
2020-04-13 02:44:10.698 3147 RALLYDEBUG rally_openstack.wrappers.network [-] CIDR generated: 1.1.8.92/30
2020-04-13 02:44:10.738 3099 RALLYDEBUG rally_openstack.wrappers.network [-] CIDR generated: 1.1.8.96/30
2020-04-13 02:44:10.880 3129 RALLYDEBUG rally_openstack.wrappers.network [-] CIDR generated: 1.1.8.100/30
2020-04-13 02:44:11.057 3102 RALLYDEBUG rally_openstack.wrappers.network [-] CIDR generated: 1.1.8.104/30
2020-04-13 02:44:11.259 3108 RALLYDEBUG rally_openstack.wrappers.network [-] CIDR generated: 1.1.8.108/30
2020-04-13 02:44:11.458 3145 RALLYDEBUG rally_openstack.wrappers.network [-] CIDR generated: 1.1.8.112/30
2020-04-13 02:44:11.729 3114 RALLYDEBUG rally_openstack.wrappers.network [-] CIDR generated: 1.1.8.116/30
2020-04-13 02:44:11.853 3126 RALLYDEBUG rally_openstack.wrappers.network [-] CIDR generated: 1.1.8.120/30
2020-04-13 02:44:11.902 3119 RALLYDEBUG rally_openstack.wrappers.network [-] CIDR generated: 1.1.8.124/30
2020-04-13 02:44:11.908 3151 RALLYDEBUG rally_openstack.wrappers.network [-] CIDR generated: 1.1.8.128/30
2020-04-13 02:44:12.153 3102 RALLYDEBUG rally_openstack.wrappers.network [-] CIDR generated: 1.1.8.132/30
2020-04-13 02:44:12.274 3147 RALLYDEBUG rally_openstack.wrappers.network [-] CIDR generated: 1.1.8.136/30
2020-04-13 02:44:12.710 3151 RALLYDEBUG rally_openstack.wrappers.network [-] CIDR generated: 1.1.8.140/30
2020-04-13 02:44:12.944 3100 RALLYDEBUG rally_openstack.wrappers.network [-] CIDR generated: 1.1.8.144/30
2020-04-13 02:44:13.158 3145 RALLYDEBUG rally_openstack.wrappers.network [-] CIDR generated: 1.1.8.148/30
2020-04-13 02:44:13.795 3126 RALLYDEBUG rally_openstack.wrappers.network [-] CIDR generated: 1.1.8.152/30
2020-04-13 02:44:14.179 3123 RALLYDEBUG rally_openstack.wrappers.network [-] CIDR generated: 1.1.8.156/30
2020-04-13 02:44:15.475 3111 RALLYDEBUG rally_openstack.wrappers.network [-] CIDR generated: 1.1.8.160/30
2020-04-13 02:44:16.587 3100 RALLYDEBUG rally_openstack.wrappers.network [-] CIDR generated: 1.1.8.164/30
2020-04-13 02:44:17.458 3123 RALLYDEBUG rally_openstack.wrappers.network [-] CIDR generated: 1.1.8.168/30
2020-04-13 02:44:17.556 3153 RALLYDEBUG rally_openstack.wrappers.network [-] CIDR generated: 1.1.8.172/30
2020-04-13 02:44:17.898 3132 RALLYDEBUG rally_openstack.wrappers.network [-] CIDR generated: 1.1.8.176/30
2020-04-13 02:44:19.136 3111 RALLYDEBUG rally_openstack.wrappers.network [-] CIDR generated: 1.1.8.180/30
2020-04-13 02:44:19.747 3153 RALLYDEBUG rally_openstack.wrappers.network [-] CIDR generated: 1.1.8.184/30
2020-04-13 02:44:19.755 3132 RALLYDEBUG rally_openstack.wrappers.network [-] CIDR generated: 1.1.8.188/30
2020-04-13 02:44:21.117 3101 INFO rally.task.runner [-] Task 640f1903-d0ca-4e8d-b9bd-e28c0d6f5474 | ITER: 3 END: OK
2020-04-13 02:44:21.121 3101 INFO rally.task.runner [-] Task 640f1903-d0ca-4e8d-b9bd-e28c0d6f5474 | ITER: 21 START
2020-04-13 02:44:21.681 3101 RALLYDEBUG rally_openstack.wrappers.network [-] CIDR generated: 1.1.8.192/30
2020-04-13 02:44:21.794 3120 INFO rally.task.runner [-] Task 640f1903-d0ca-4e8d-b9bd-e28c0d6f5474 | ITER: 10 END: OK
2020-04-13 02:44:21.797 3120 INFO rally.task.runner [-] Task 640f1903-d0ca-4e8d-b9bd-e28c0d6f5474 | ITER: 22 START
2020-04-13 02:44:22.158 3120 RALLYDEBUG rally_openstack.wrappers.network [-] CIDR generated: 1.1.8.196/30
2020-04-13 02:44:22.807 3135 INFO rally.task.runner [-] Task 640f1903-d0ca-4e8d-b9bd-e28c0d6f5474 | ITER: 15 END: OK
2020-04-13 02:44:22.811 3135 INFO rally.task.runner [-] Task 640f1903-d0ca-4e8d-b9bd-e28c0d6f5474 | ITER: 23 START
2020-04-13 02:44:22.846 3120 RALLYDEBUG rally_openstack.wrappers.network [-] CIDR generated: 1.1.8.200/30
2020-04-13 02:44:23.088 3135 RALLYDEBUG rally_openstack.wrappers.network [-] CIDR generated: 1.1.8.204/30
2020-04-13 02:44:23.658 3101 RALLYDEBUG rally_openstack.wrappers.network [-] CIDR generated: 1.1.8.208/30
2020-04-13 02:44:23.829 3135 RALLYDEBUG rally_openstack.wrappers.network [-] CIDR generated: 1.1.8.212/30
2020-04-13 02:44:28.495 3114 INFO rally.task.runner [-] Task 640f1903-d0ca-4e8d-b9bd-e28c0d6f5474 | ITER: 8 END: OK
2020-04-13 02:44:28.500 3114 INFO rally.task.runner [-] Task 640f1903-d0ca-4e8d-b9bd-e28c0d6f5474 | ITER: 24 START
2020-04-13 02:44:28.881 3114 RALLYDEBUG rally_openstack.wrappers.network [-] CIDR generated: 1.1.8.216/30
2020-04-13 02:44:29.633 3114 RALLYDEBUG rally_openstack.wrappers.network [-] CIDR generated: 1.1.8.220/30
2020-04-13 02:44:31.671 3151 INFO rally.task.runner [-] Task 640f1903-d0ca-4e8d-b9bd-e28c0d6f5474 | ITER: 19 END: OK
2020-04-13 02:44:31.686 3151 INFO rally.task.runner [-] Task 640f1903-d0ca-4e8d-b9bd-e28c0d6f5474 | ITER: 25 START
2020-04-13 02:44:32.102 3151 RALLYDEBUG rally_openstack.wrappers.network [-] CIDR generated: 1.1.8.224/30
2020-04-13 02:44:33.896 3151 RALLYDEBUG rally_openstack.wrappers.network [-] CIDR generated: 1.1.8.228/30
2020-04-13 02:44:35.974 3120 INFO rally.task.runner [-] Task 640f1903-d0ca-4e8d-b9bd-e28c0d6f5474 | ITER: 22 END: OK
2020-04-13 02:44:35.980 3120 INFO rally.task.runner [-] Task 640f1903-d0ca-4e8d-b9bd-e28c0d6f5474 | ITER: 26 START
2020-04-13 02:44:36.276 3120 RALLYDEBUG rally_openstack.wrappers.network [-] CIDR generated: 1.1.8.232/30
2020-04-13 02:44:36.772 3135 INFO rally.task.runner [-] Task 640f1903-d0ca-4e8d-b9bd-e28c0d6f5474 | ITER: 23 END: OK
2020-04-13 02:44:36.779 3135 INFO rally.task.runner [-] Task 640f1903-d0ca-4e8d-b9bd-e28c0d6f5474 | ITER: 27 START
2020-04-13 02:44:36.804 3105 INFO rally.task.runner [-] Task 640f1903-d0ca-4e8d-b9bd-e28c0d6f5474 | ITER: 5 END: OK
2020-04-13 02:44:36.812 3105 INFO rally.task.runner [-] Task 640f1903-d0ca-4e8d-b9bd-e28c0d6f5474 | ITER: 28 START
2020-04-13 02:44:37.037 3135 RALLYDEBUG rally_openstack.wrappers.network [-] CIDR generated: 1.1.8.236/30
2020-04-13 02:44:37.106 3105 RALLYDEBUG rally_openstack.wrappers.network [-] CIDR generated: 1.1.8.240/30
2020-04-13 02:44:37.114 3120 RALLYDEBUG rally_openstack.wrappers.network [-] CIDR generated: 1.1.8.244/30
2020-04-13 02:44:37.651 3132 INFO rally.task.runner [-] Task 640f1903-d0ca-4e8d-b9bd-e28c0d6f5474 | ITER: 14 END: OK
2020-04-13 02:44:37.658 3132 INFO rally.task.runner [-] Task 640f1903-d0ca-4e8d-b9bd-e28c0d6f5474 | ITER: 29 START
2020-04-13 02:44:37.737 3135 RALLYDEBUG rally_openstack.wrappers.network [-] CIDR generated: 1.1.8.248/30
2020-04-13 02:44:37.779 3105 RALLYDEBUG rally_openstack.wrappers.network [-] CIDR generated: 1.1.8.252/30
2020-04-13 02:44:37.967 3132 RALLYDEBUG rally_openstack.wrappers.network [-] CIDR generated: 1.1.9.0/30
2020-04-13 02:44:38.312 3102 INFO rally.task.runner [-] Task 640f1903-d0ca-4e8d-b9bd-e28c0d6f5474 | ITER: 4 END: OK
2020-04-13 02:44:38.322 3102 INFO rally.task.runner [-] Task 640f1903-d0ca-4e8d-b9bd-e28c0d6f5474 | ITER: 30 START
2020-04-13 02:44:39.324 3132 RALLYDEBUG rally_openstack.wrappers.network [-] CIDR generated: 1.1.9.4/30
2020-04-13 02:44:39.436 3102 RALLYDEBUG rally_openstack.wrappers.network [-] CIDR generated: 1.1.9.8/30
2020-04-13 02:44:39.768 3126 INFO rally.task.runner [-] Task 640f1903-d0ca-4e8d-b9bd-e28c0d6f5474 | ITER: 12 END: OK
2020-04-13 02:44:39.774 3126 INFO rally.task.runner [-] Task 640f1903-d0ca-4e8d-b9bd-e28c0d6f5474 | ITER: 31 START
2020-04-13 02:44:40.253 3126 RALLYDEBUG rally_openstack.wrappers.network [-] CIDR generated: 1.1.9.12/30
2020-04-13 02:44:40.997 3126 RALLYDEBUG rally_openstack.wrappers.network [-] CIDR generated: 1.1.9.16/30
2020-04-13 02:44:41.202 3101 INFO rally.task.runner [-] Task 640f1903-d0ca-4e8d-b9bd-e28c0d6f5474 | ITER: 21 END: OK
2020-04-13 02:44:41.208 3101 INFO rally.task.runner [-] Task 640f1903-d0ca-4e8d-b9bd-e28c0d6f5474 | ITER: 32 START
2020-04-13 02:44:41.344 3102 RALLYDEBUG rally_openstack.wrappers.network [-] CIDR generated: 1.1.9.20/30
2020-04-13 02:44:41.502 3101 RALLYDEBUG rally_openstack.wrappers.network [-] CIDR generated: 1.1.9.24/30
2020-04-13 02:44:42.319 3101 RALLYDEBUG rally_openstack.wrappers.network [-] CIDR generated: 1.1.9.28/30
2020-04-13 02:44:42.832 3119 INFO rally.task.runner [-] Task 640f1903-d0ca-4e8d-b9bd-e28c0d6f5474 | ITER: 9 END: OK
2020-04-13 02:44:42.839 3119 INFO rally.task.runner [-] Task 640f1903-d0ca-4e8d-b9bd-e28c0d6f5474 | ITER: 33 START
2020-04-13 02:44:43.207 3142 INFO rally.task.runner [-] Task 640f1903-d0ca-4e8d-b9bd-e28c0d6f5474 | ITER: 16 END: OK
2020-04-13 02:44:43.213 3142 INFO rally.task.runner [-] Task 640f1903-d0ca-4e8d-b9bd-e28c0d6f5474 | ITER: 34 START
2020-04-13 02:44:43.855 3147 INFO rally.task.runner [-] Task 640f1903-d0ca-4e8d-b9bd-e28c0d6f5474 | ITER: 18 END: OK
2020-04-13 02:44:43.861 3147 INFO rally.task.runner [-] Task 640f1903-d0ca-4e8d-b9bd-e28c0d6f5474 | ITER: 35 START
2020-04-13 02:44:44.143 3142 RALLYDEBUG rally_openstack.wrappers.network [-] CIDR generated: 1.1.9.32/30
2020-04-13 02:44:44.202 3145 INFO rally.task.runner [-] Task 640f1903-d0ca-4e8d-b9bd-e28c0d6f5474 | ITER: 17 END: OK
2020-04-13 02:44:44.208 3145 INFO rally.task.runner [-] Task 640f1903-d0ca-4e8d-b9bd-e28c0d6f5474 | ITER: 36 START
2020-04-13 02:44:44.594 3145 RALLYDEBUG rally_openstack.wrappers.network [-] CIDR generated: 1.1.9.36/30
2020-04-13 02:44:44.800 3119 RALLYDEBUG rally_openstack.wrappers.network [-] CIDR generated: 1.1.9.40/30
2020-04-13 02:44:45.493 3147 RALLYDEBUG rally_openstack.wrappers.network [-] CIDR generated: 1.1.9.44/30
2020-04-13 02:44:45.620 3129 INFO rally.task.runner [-] Task 640f1903-d0ca-4e8d-b9bd-e28c0d6f5474 | ITER: 13 END: OK
2020-04-13 02:44:45.626 3129 INFO rally.task.runner [-] Task 640f1903-d0ca-4e8d-b9bd-e28c0d6f5474 | ITER: 37 START
2020-04-13 02:44:45.997 3129 RALLYDEBUG rally_openstack.wrappers.network [-] CIDR generated: 1.1.9.48/30
2020-04-13 02:44:46.278 3123 INFO rally.task.runner [-] Task 640f1903-d0ca-4e8d-b9bd-e28c0d6f5474 | ITER: 11 END: OK
2020-04-13 02:44:46.284 3123 INFO rally.task.runner [-] Task 640f1903-d0ca-4e8d-b9bd-e28c0d6f5474 | ITER: 38 START
2020-04-13 02:44:46.438 3145 RALLYDEBUG rally_openstack.wrappers.network [-] CIDR generated: 1.1.9.52/30
2020-04-13 02:44:46.590 3123 RALLYDEBUG rally_openstack.wrappers.network [-] CIDR generated: 1.1.9.56/30
2020-04-13 02:44:46.590 3119 RALLYDEBUG rally_openstack.wrappers.network [-] CIDR generated: 1.1.9.60/30
2020-04-13 02:44:47.030 3099 INFO rally.task.runner [-] Task 640f1903-d0ca-4e8d-b9bd-e28c0d6f5474 | ITER: 1 END: OK
2020-04-13 02:44:47.035 3099 INFO rally.task.runner [-] Task 640f1903-d0ca-4e8d-b9bd-e28c0d6f5474 | ITER: 39 START
2020-04-13 02:44:47.257 3108 INFO rally.task.runner [-] Task 640f1903-d0ca-4e8d-b9bd-e28c0d6f5474 | ITER: 6 END: OK
2020-04-13 02:44:47.263 3142 RALLYDEBUG rally_openstack.wrappers.network [-] CIDR generated: 1.1.9.64/30
2020-04-13 02:44:47.267 3108 INFO rally.task.runner [-] Task 640f1903-d0ca-4e8d-b9bd-e28c0d6f5474 | ITER: 40 START
2020-04-13 02:44:47.372 3147 RALLYDEBUG rally_openstack.wrappers.network [-] CIDR generated: 1.1.9.68/30
2020-04-13 02:44:47.888 3129 RALLYDEBUG rally_openstack.wrappers.network [-] CIDR generated: 1.1.9.72/30
2020-04-13 02:44:48.001 3099 RALLYDEBUG rally_openstack.wrappers.network [-] CIDR generated: 1.1.9.76/30
2020-04-13 02:44:48.020 3153 INFO rally.task.runner [-] Task 640f1903-d0ca-4e8d-b9bd-e28c0d6f5474 | ITER: 20 END: OK
2020-04-13 02:44:48.090 3123 RALLYDEBUG rally_openstack.wrappers.network [-] CIDR generated: 1.1.9.80/30
2020-04-13 02:44:48.842 3100 INFO rally.task.runner [-] Task 640f1903-d0ca-4e8d-b9bd-e28c0d6f5474 | ITER: 2 END: OK
2020-04-13 02:44:49.178 3108 RALLYDEBUG rally_openstack.wrappers.network [-] CIDR generated: 1.1.9.84/30
2020-04-13 02:44:49.181 3099 RALLYDEBUG rally_openstack.wrappers.network [-] CIDR generated: 1.1.9.88/30
2020-04-13 02:44:49.221 3120 INFO rally.task.runner [-] Task 640f1903-d0ca-4e8d-b9bd-e28c0d6f5474 | ITER: 26 END: OK
2020-04-13 02:44:50.501 3108 RALLYDEBUG rally_openstack.wrappers.network [-] CIDR generated: 1.1.9.92/30
2020-04-13 02:44:50.639 3111 INFO rally.task.runner [-] Task 640f1903-d0ca-4e8d-b9bd-e28c0d6f5474 | ITER: 7 END: OK
2020-04-13 02:44:50.766 3105 INFO rally.task.runner [-] Task 640f1903-d0ca-4e8d-b9bd-e28c0d6f5474 | ITER: 28 END: OK
2020-04-13 02:44:52.952 3114 INFO rally.task.runner [-] Task 640f1903-d0ca-4e8d-b9bd-e28c0d6f5474 | ITER: 24 END: OK
2020-04-13 02:44:57.779 3132 INFO rally.task.runner [-] Task 640f1903-d0ca-4e8d-b9bd-e28c0d6f5474 | ITER: 29 END: OK
2020-04-13 02:44:59.122 3135 INFO rally.task.runner [-] Task 640f1903-d0ca-4e8d-b9bd-e28c0d6f5474 | ITER: 27 END: OK
2020-04-13 02:44:59.778 3151 INFO rally.task.runner [-] Task 640f1903-d0ca-4e8d-b9bd-e28c0d6f5474 | ITER: 25 END: OK
2020-04-13 02:45:00.264 3126 INFO rally.task.runner [-] Task 640f1903-d0ca-4e8d-b9bd-e28c0d6f5474 | ITER: 31 END: OK
2020-04-13 02:45:00.645 3129 INFO rally.task.runner [-] Task 640f1903-d0ca-4e8d-b9bd-e28c0d6f5474 | ITER: 37 END: OK
2020-04-13 02:45:01.617 3102 INFO rally.task.runner [-] Task 640f1903-d0ca-4e8d-b9bd-e28c0d6f5474 | ITER: 30 END: OK
2020-04-13 02:45:02.399 3108 INFO rally.task.runner [-] Task 640f1903-d0ca-4e8d-b9bd-e28c0d6f5474 | ITER: 40 END: OK
2020-04-13 02:45:04.271 3119 INFO rally.task.runner [-] Task 640f1903-d0ca-4e8d-b9bd-e28c0d6f5474 | ITER: 33 END: OK
2020-04-13 02:45:04.803 3101 INFO rally.task.runner [-] Task 640f1903-d0ca-4e8d-b9bd-e28c0d6f5474 | ITER: 32 END: OK
2020-04-13 02:45:06.016 3142 INFO rally.task.runner [-] Task 640f1903-d0ca-4e8d-b9bd-e28c0d6f5474 | ITER: 34 END: OK
2020-04-13 02:45:06.069 3147 INFO rally.task.runner [-] Task 640f1903-d0ca-4e8d-b9bd-e28c0d6f5474 | ITER: 35 END: OK
2020-04-13 02:45:07.606 3145 INFO rally.task.runner [-] Task 640f1903-d0ca-4e8d-b9bd-e28c0d6f5474 | ITER: 36 END: OK
2020-04-13 02:45:10.479 3123 INFO rally.task.runner [-] Task 640f1903-d0ca-4e8d-b9bd-e28c0d6f5474 | ITER: 38 END: OK
2020-04-13 02:45:12.168 3099 INFO rally.task.runner [-] Task 640f1903-d0ca-4e8d-b9bd-e28c0d6f5474 | ITER: 39 END: OK
2020-04-13 02:45:12.195 15 INFO rally.task.context [-] Task 640f1903-d0ca-4e8d-b9bd-e28c0d6f5474 | Context cleanup@openstack cleanup() started
2020-04-13 02:45:12.202 15 RALLYDEBUG rally_openstack.cleanup.manager [-] Cleaning up neutron vip objects
2020-04-13 02:45:12.442 15 RALLYDEBUG rally_openstack.cleanup.manager [-] Cleaning up neutron health_monitor objects
2020-04-13 02:45:12.568 15 RALLYDEBUG rally_openstack.cleanup.manager [-] Cleaning up neutron pool objects
2020-04-13 02:45:12.701 15 RALLYDEBUG rally_openstack.cleanup.manager [-] Cleaning up neutron loadbalancer objects
2020-04-13 02:45:12.914 15 RALLYDEBUG rally_openstack.cleanup.manager [-] Cleaning up neutron floatingip objects
2020-04-13 02:45:13.200 15 RALLYDEBUG rally_openstack.cleanup.manager [-] Cleaning up neutron trunk objects
2020-04-13 02:45:13.346 15 RALLYDEBUG rally_openstack.cleanup.manager [-] Cleaning up neutron port objects
2020-04-13 02:45:13.960 15 RALLYDEBUG rally_openstack.cleanup.manager [-] Cleaning up neutron subnet objects
2020-04-13 02:45:14.354 15 RALLYDEBUG rally_openstack.cleanup.manager [-] Deleting neutron.subnet object s_rally_efc985b8_3se5CtPy (0cc75448-f2d4-4cd3-a21c-7fcf06c9a51d)
2020-04-13 02:45:14.366 15 RALLYDEBUG rally_openstack.cleanup.manager [-] Deleting neutron.subnet object s_rally_efc985b8_mmC4HQSZ (0f84ffb9-7ab8-4c22-84ed-24cf7c1264b7)
2020-04-13 02:45:14.371 15 RALLYDEBUG rally_openstack.cleanup.manager [-] Deleting neutron.subnet object s_rally_efc985b8_nzlHfLux (122c38d6-fabe-4eef-9322-a3f84a050fd6)
2020-04-13 02:45:14.382 15 RALLYDEBUG rally_openstack.cleanup.manager [-] Deleting neutron.subnet object s_rally_efc985b8_DzZjd9Tn (1781d8d5-1948-4032-bf36-ad19e0988b57)
2020-04-13 02:45:14.398 15 RALLYDEBUG rally_openstack.cleanup.manager [-] Deleting neutron.subnet object s_rally_efc985b8_VB1uiiuw (1b335df1-23a9-4380-8fff-f5be2d7d9048)
2020-04-13 02:45:14.405 15 RALLYDEBUG rally_openstack.cleanup.manager [-] Deleting neutron.subnet object s_rally_efc985b8_CVqUIo1m (21a022fd-9d2a-4bc2-a033-a7808a0a45c1)
2020-04-13 02:45:14.419 15 RALLYDEBUG rally_openstack.cleanup.manager [-] Deleting neutron.subnet object s_rally_efc985b8_t2ySgH7e (26411628-6ff8-4660-82c7-c55d99764829)
2020-04-13 02:45:14.438 15 RALLYDEBUG rally_openstack.cleanup.manager [-] Deleting neutron.subnet object s_rally_efc985b8_UYbMnPUH (2a1de609-d1c8-4633-bc62-e52e841c2cc0)
2020-04-13 02:45:14.458 15 RALLYDEBUG rally_openstack.cleanup.manager [-] Deleting neutron.subnet object s_rally_efc985b8_WwnykOs8 (357412dd-b3cc-4b78-9226-84c21fe342cd)
2020-04-13 02:45:14.469 15 RALLYDEBUG rally_openstack.cleanup.manager [-] Deleting neutron.subnet object s_rally_efc985b8_vAAO3lUG (3afed786-9a5c-43e1-92e9-66616411c94d)
2020-04-13 02:45:14.479 15 RALLYDEBUG rally_openstack.cleanup.manager [-] Deleting neutron.subnet object s_rally_efc985b8_eGnObYdz (414cdbae-b8a6-4d45-ab18-402f040e4d1d)
2020-04-13 02:45:14.499 15 RALLYDEBUG rally_openstack.cleanup.manager [-] Deleting neutron.subnet object s_rally_efc985b8_jrJtyVDB (457dcb24-e0b9-4cee-8c4e-ef2a4d04bee6)
2020-04-13 02:45:14.515 15 RALLYDEBUG rally_openstack.cleanup.manager [-] Deleting neutron.subnet object s_rally_efc985b8_fDcJ9XKI (4624b762-7aa2-4cc5-aaa3-5740b57c8060)
2020-04-13 02:45:14.494 15 RALLYDEBUG rally_openstack.cleanup.manager [-] Deleting neutron.subnet object s_rally_efc985b8_6QfMqAJR (44c1d6c3-46ee-4bdf-bbd9-fba44dc5adff)
2020-04-13 02:45:14.608 15 RALLYDEBUG rally_openstack.cleanup.manager [-] Deleting neutron.subnet object s_rally_efc985b8_06rdUopY (4e8d5679-55b7-400c-96a6-7a783ae54280)
2020-04-13 02:45:14.616 15 RALLYDEBUG rally_openstack.cleanup.manager [-] Deleting neutron.subnet object s_rally_efc985b8_BTkvP5Ig (46c3dfd4-5f87-412e-98e5-a5777dfe924a)
2020-04-13 02:45:14.620 15 RALLYDEBUG rally_openstack.cleanup.manager [-] Deleting neutron.subnet object s_rally_efc985b8_aoVQpish (4ea80691-2f2d-45a1-876f-414e87c7ec2f)
2020-04-13 02:45:14.638 15 RALLYDEBUG rally_openstack.cleanup.manager [-] Deleting neutron.subnet object s_rally_efc985b8_5i1dxLvB (4f47e080-5e0c-4de8-ab4e-fdf2ce92626d)
2020-04-13 02:45:14.683 15 RALLYDEBUG rally_openstack.cleanup.manager [-] Deleting neutron.subnet object s_rally_efc985b8_1B5YZAG2 (4fc7a173-b7c3-4e2a-810c-0d8d0afc96c8)
2020-04-13 02:45:14.709 15 RALLYDEBUG rally_openstack.cleanup.manager [-] Deleting neutron.subnet object s_rally_efc985b8_AeHk3bNP (51e5ba7a-2b4f-4f51-86d9-95adf36214a0)
2020-04-13 02:45:17.276 15 RALLYDEBUG rally_openstack.cleanup.manager [-] Deleting neutron.subnet object s_rally_efc985b8_XZUmciWu (570c0e59-b4b5-47d3-b8cb-66dc5a5dbce7)
2020-04-13 02:45:17.287 15 RALLYDEBUG rally_openstack.cleanup.manager [-] Deleting neutron.subnet object s_rally_efc985b8_WVL77Vxx (58c67a65-1867-49d6-a2d0-e4028a13af66)
2020-04-13 02:45:17.359 15 RALLYDEBUG rally_openstack.cleanup.manager [-] Deleting neutron.subnet object s_rally_efc985b8_DosRGZmz (62e0c06d-2a47-4617-90b1-c2d64e21c517)
2020-04-13 02:45:18.294 15 RALLYDEBUG rally_openstack.cleanup.manager [-] Deleting neutron.subnet object s_rally_efc985b8_qzsho3Aj (638d278c-1dda-431b-b0b4-a75386b04274)
2020-04-13 02:45:18.404 15 RALLYDEBUG rally_openstack.cleanup.manager [-] Deleting neutron.subnet object s_rally_efc985b8_U4rZOVZy (63f105ab-34e2-4b22-b7fd-f9135524af87)
2020-04-13 02:45:18.409 15 RALLYDEBUG rally_openstack.cleanup.manager [-] Deleting neutron.subnet object s_rally_efc985b8_cWM9fJZm (650b0f09-852b-47ab-9e1b-d8cfc3eae48f)
2020-04-13 02:45:18.714 15 RALLYDEBUG rally_openstack.cleanup.manager [-] Deleting neutron.subnet object s_rally_efc985b8_424zyZim (687efecc-252c-48b7-8347-c172244b55a5)
2020-04-13 02:45:18.721 15 RALLYDEBUG rally_openstack.cleanup.manager [-] Deleting neutron.subnet object s_rally_efc985b8_dK4q6x3N (6a5c3eef-f7b4-4eb2-8ddd-17fc59428e7a)
2020-04-13 02:45:18.919 15 RALLYDEBUG rally_openstack.cleanup.manager [-] Deleting neutron.subnet object s_rally_efc985b8_8V4JdrCi (6a74fad7-ea57-44b8-b8b9-41313cc2eb97)
2020-04-13 02:45:19.005 15 RALLYDEBUG rally_openstack.cleanup.manager [-] Deleting neutron.subnet object s_rally_efc985b8_o8gnQnHB (6b7a51ab-b72f-4bbc-bc0f-6a870de457f7)
2020-04-13 02:45:19.008 15 RALLYDEBUG rally_openstack.cleanup.manager [-] Deleting neutron.subnet object s_rally_efc985b8_OKS54kzj (6e8be295-24c4-4563-85c6-a8467f6f3627)
2020-04-13 02:45:19.038 15 RALLYDEBUG rally_openstack.cleanup.manager [-] Deleting neutron.subnet object s_rally_efc985b8_WrHjL8UZ (6ff8e085-ea29-419f-8530-957062d3062d)
2020-04-13 02:45:19.043 15 RALLYDEBUG rally_openstack.cleanup.manager [-] Deleting neutron.subnet object s_rally_efc985b8_3xLIWXSc (70e1e640-b5c7-4ae9-91fe-7a4085fdbab0)
2020-04-13 02:45:19.053 15 RALLYDEBUG rally_openstack.cleanup.manager [-] Deleting neutron.subnet object s_rally_efc985b8_sV7oIpOL (72c5b3c0-3e5f-45a0-86d6-aa6e74bec2ff)
2020-04-13 02:45:19.172 15 RALLYDEBUG rally_openstack.cleanup.manager [-] Deleting neutron.subnet object s_rally_efc985b8_1f40JuPg (74b5c576-830a-4cae-8f70-0c1be3caff23)
2020-04-13 02:45:19.184 15 RALLYDEBUG rally_openstack.cleanup.manager [-] Deleting neutron.subnet object s_rally_efc985b8_WUvXTAir (7674f138-ba04-47df-b4be-ecdaa013b1e0)
2020-04-13 02:45:20.267 15 RALLYDEBUG rally_openstack.cleanup.manager [-] Deleting neutron.subnet object s_rally_efc985b8_91ikoX6l (76c19a0f-280c-4703-97a7-3e1eabc52704)
2020-04-13 02:45:20.277 15 RALLYDEBUG rally_openstack.cleanup.manager [-] Deleting neutron.subnet object s_rally_efc985b8_KUiEi6Gl (78f3eb27-44cb-4fc9-ba00-28d211b9c906)
2020-04-13 02:45:20.287 15 RALLYDEBUG rally_openstack.cleanup.manager [-] Deleting neutron.subnet object s_rally_efc985b8_8Xjdr4oC (80aac2aa-d70c-4c48-8e59-450c34638adf)
2020-04-13 02:45:20.774 15 RALLYDEBUG rally_openstack.cleanup.manager [-] Deleting neutron.subnet object s_rally_efc985b8_cB2T5LLN (8a98c726-e21f-47c0-b32d-9566f05a714a)
2020-04-13 02:45:21.638 15 RALLYDEBUG rally_openstack.cleanup.manager [-] Deleting neutron.subnet object s_rally_efc985b8_Lid7YWca (8ad8c961-880c-417b-914e-cda943a4bb6e)
2020-04-13 02:45:21.749 15 RALLYDEBUG rally_openstack.cleanup.manager [-] Deleting neutron.subnet object s_rally_efc985b8_l750IYxx (8caffaf9-a3e0-4cc3-8712-1df45793cec7)
2020-04-13 02:45:21.770 15 RALLYDEBUG rally_openstack.cleanup.manager [-] Deleting neutron.subnet object s_rally_efc985b8_M729oQ5p (91878145-272c-455a-972e-79c5eb67a802)
2020-04-13 02:45:21.800 15 RALLYDEBUG rally_openstack.cleanup.manager [-] Deleting neutron.subnet object s_rally_efc985b8_jxaK3xpa (994b7b1f-1fbe-4b10-a7e8-8cce6ddcf99b)
2020-04-13 02:45:22.237 15 RALLYDEBUG rally_openstack.cleanup.manager [-] Deleting neutron.subnet object s_rally_efc985b8_ZCX991dq (998fd953-e6d9-4a54-90f7-746bc2077299)
2020-04-13 02:45:22.586 15 RALLYDEBUG rally_openstack.cleanup.manager [-] Deleting neutron.subnet object s_rally_efc985b8_rWDUfOlC (99a437b5-a2e3-4859-8439-6cc88bfcf1b3)
2020-04-13 02:45:22.711 15 RALLYDEBUG rally_openstack.cleanup.manager [-] Deleting neutron.subnet object s_rally_efc985b8_wsY4rgi3 (9b0802b9-0f47-4537-8790-37308c199e85)
2020-04-13 02:45:22.720 15 RALLYDEBUG rally_openstack.cleanup.manager [-] Deleting neutron.subnet object s_rally_efc985b8_1c6Dzdvt (9c487cf5-eb12-4592-8857-415065e9aa17)
2020-04-13 02:45:22.890 15 RALLYDEBUG rally_openstack.cleanup.manager [-] Deleting neutron.subnet object s_rally_efc985b8_FVz7NjWC (a0cb4c48-c89d-492a-b0cd-e8fe9948a7a2)
2020-04-13 02:45:22.991 15 RALLYDEBUG rally_openstack.cleanup.manager [-] Deleting neutron.subnet object s_rally_efc985b8_Im5r7Kra (a329654d-ea71-47b5-b2ef-fb01217fc75a)
2020-04-13 02:45:23.020 15 RALLYDEBUG rally_openstack.cleanup.manager [-] Deleting neutron.subnet object s_rally_efc985b8_NC4wTypy (abad0abf-86e9-45ad-a477-7ce6e773bb12)
2020-04-13 02:45:23.214 15 RALLYDEBUG rally_openstack.cleanup.manager [-] Deleting neutron.subnet object s_rally_efc985b8_6tP5SkW2 (b1cc0696-0140-4308-aa2f-550f1fffb962)
2020-04-13 02:45:23.224 15 RALLYDEBUG rally_openstack.cleanup.manager [-] Deleting neutron.subnet object s_rally_efc985b8_KtzsHWBh (b31f0d21-89f4-4b08-91cc-623a3a805529)
2020-04-13 02:45:23.506 15 RALLYDEBUG rally_openstack.cleanup.manager [-] Deleting neutron.subnet object s_rally_efc985b8_PZEamqFP (b3b08089-e764-4ff5-a3d8-595292979715)
2020-04-13 02:45:23.643 15 RALLYDEBUG rally_openstack.cleanup.manager [-] Deleting neutron.subnet object s_rally_efc985b8_Vv4YI3nQ (b4571468-2613-41cf-ad67-086db4c6a35c)
2020-04-13 02:45:24.537 15 RALLYDEBUG rally_openstack.cleanup.manager [-] Deleting neutron.subnet object s_rally_efc985b8_S8iKDX0Q (ba03af12-c81f-4b88-9d4b-c4d932ec8702)
2020-04-13 02:45:24.547 15 RALLYDEBUG rally_openstack.cleanup.manager [-] Deleting neutron.subnet object s_rally_efc985b8_YPDQbJlM (bba5b0ba-b62a-4dfe-931e-2c48afc1f443)
2020-04-13 02:45:25.005 15 RALLYDEBUG rally_openstack.cleanup.manager [-] Deleting neutron.subnet object s_rally_efc985b8_E6rj78Yr (c3b208cc-85e2-41be-822d-dd11543c4cf3)
2020-04-13 02:45:25.259 15 RALLYDEBUG rally_openstack.cleanup.manager [-] Deleting neutron.subnet object s_rally_efc985b8_FfLQVLDy (c5d3fbbd-4d8d-4df4-be68-626000ef9807)
2020-04-13 02:45:25.494 15 RALLYDEBUG rally_openstack.cleanup.manager [-] Deleting neutron.subnet object s_rally_efc985b8_5RK68rGP (c6782b45-5d8d-42dd-b819-783e627a92fe)
2020-04-13 02:45:25.503 15 RALLYDEBUG rally_openstack.cleanup.manager [-] Deleting neutron.subnet object s_rally_efc985b8_nZvov4WR (c680ee6f-1f72-47e8-9e64-5ea91081907b)
2020-04-13 02:45:25.535 15 RALLYDEBUG rally_openstack.cleanup.manager [-] Deleting neutron.subnet object s_rally_efc985b8_APYOhr0P (c6b4efdc-1c46-42ae-92dd-0b313bc8a176)
2020-04-13 02:45:25.553 15 RALLYDEBUG rally_openstack.cleanup.manager [-] Deleting neutron.subnet object s_rally_efc985b8_YkIlWg7Z (c8d53f76-e92b-46ba-8e5f-21c9ad9bd077)
2020-04-13 02:45:25.633 15 RALLYDEBUG rally_openstack.cleanup.manager [-] Deleting neutron.subnet object s_rally_efc985b8_s1B9bIiC (ca25272d-de7d-4bc1-838f-2f073e588221)
2020-04-13 02:45:25.656 15 RALLYDEBUG rally_openstack.cleanup.manager [-] Deleting neutron.subnet object s_rally_efc985b8_xQzaKFct (cabd19e0-302c-49eb-a8e5-b7b78495c630)
2020-04-13 02:45:25.834 15 RALLYDEBUG rally_openstack.cleanup.manager [-] Deleting neutron.subnet object s_rally_efc985b8_UCqvjtc6 (cb06727b-6682-4ed6-a976-86b48dca6795)
2020-04-13 02:45:26.025 15 RALLYDEBUG rally_openstack.cleanup.manager [-] Deleting neutron.subnet object s_rally_efc985b8_lO3aY0eV (cd2586c0-fde0-4e18-a563-6e19b29d2ad3)
2020-04-13 02:45:26.169 15 RALLYDEBUG rally_openstack.cleanup.manager [-] Deleting neutron.subnet object s_rally_efc985b8_7DB6jMSO (cf21fb52-7a86-49f9-ae4e-46efbcf541df)
2020-04-13 02:45:26.441 15 RALLYDEBUG rally_openstack.cleanup.manager [-] Deleting neutron.subnet object s_rally_efc985b8_ZYnWTOn6 (d34491d4-153d-4304-8ed9-8e6c3189fe48)
2020-04-13 02:45:26.661 15 RALLYDEBUG rally_openstack.cleanup.manager [-] Deleting neutron.subnet object s_rally_efc985b8_Ih2l1N0L (d592ae41-8dc7-40e8-a791-715e1f5e4c6a)
2020-04-13 02:45:26.688 15 RALLYDEBUG rally_openstack.cleanup.manager [-] Deleting neutron.subnet object s_rally_efc985b8_oPhMQycw (dd0df808-02ef-421b-97f9-175b96e7da5e)
2020-04-13 02:45:26.781 15 RALLYDEBUG rally_openstack.cleanup.manager [-] Deleting neutron.subnet object s_rally_efc985b8_AzPK4Y2T (e58046b0-e421-4b33-8747-91faae6f9e20)
2020-04-13 02:45:26.782 15 RALLYDEBUG rally_openstack.cleanup.manager [-] Deleting neutron.subnet object s_rally_efc985b8_WdldvAHi (e0d7b77f-2a44-44c4-a2d0-2be6b178c823)
2020-04-13 02:45:26.787 15 RALLYDEBUG rally_openstack.cleanup.manager [-] Deleting neutron.subnet object s_rally_efc985b8_h5vwQFj5 (e8a39a0c-1377-4a0f-b92a-b1d2d095ca29)
2020-04-13 02:45:26.805 15 RALLYDEBUG rally_openstack.cleanup.manager [-] Deleting neutron.subnet object s_rally_efc985b8_l50SG3Qk (ef581445-636c-4a1b-88bd-c03ab7b8f653)
2020-04-13 02:45:27.249 15 RALLYDEBUG rally_openstack.cleanup.manager [-] Deleting neutron.subnet object s_rally_efc985b8_uUnJ8w1G (f288ba22-359f-42c9-a513-aba9ccc1323d)
2020-04-13 02:45:27.669 15 RALLYDEBUG rally_openstack.cleanup.manager [-] Deleting neutron.subnet object s_rally_efc985b8_D5Vx4GAU (f4acf563-637c-4691-bc41-a4f32b362a42)
2020-04-13 02:45:27.914 15 RALLYDEBUG rally_openstack.cleanup.manager [-] Deleting neutron.subnet object s_rally_efc985b8_KH5oSe9V (f4f080f9-12c0-4b8c-bcc2-24d2bc6bdc40)
2020-04-13 02:45:28.104 15 RALLYDEBUG rally_openstack.cleanup.manager [-] Deleting neutron.subnet object s_rally_efc985b8_NTbzBlY6 (f8b966e4-9abc-4c0c-b8df-a1e74dac70b4)
2020-04-13 02:45:28.721 15 RALLYDEBUG rally_openstack.cleanup.manager [-] Deleting neutron.subnet object s_rally_efc985b8_KbzAOWyJ (fb7f2f2e-f75b-499f-acd2-ea2b83601de9)
2020-04-13 02:45:32.664 15 RALLYDEBUG rally_openstack.cleanup.manager [-] Cleaning up neutron network objects
2020-04-13 02:45:33.094 15 RALLYDEBUG rally_openstack.cleanup.manager [-] Deleting neutron.network object s_rally_efc985b8_j34vB3fy (17ac9f3c-f012-4bd8-b547-a4500c79c636)
2020-04-13 02:45:33.099 15 RALLYDEBUG rally_openstack.cleanup.manager [-] Deleting neutron.network object s_rally_efc985b8_AsWXL2cC (1da2f82f-a721-41fa-b3c6-a05756c49403)
2020-04-13 02:45:33.111 15 RALLYDEBUG rally_openstack.cleanup.manager [-] Deleting neutron.network object s_rally_efc985b8_IaS8K0HI (2124cd24-b0cb-451d-921d-deebd6c8ffc9)
2020-04-13 02:45:33.127 15 RALLYDEBUG rally_openstack.cleanup.manager [-] Deleting neutron.network object s_rally_efc985b8_5ObGQDCU (23a533f4-e946-4652-a0ad-1d05b030990f)
2020-04-13 02:45:33.133 15 RALLYDEBUG rally_openstack.cleanup.manager [-] Deleting neutron.network object s_rally_efc985b8_kG7AfmjF (35b923a2-9aed-4dbe-b1bd-d28ae48c1b06)
2020-04-13 02:45:33.148 15 RALLYDEBUG rally_openstack.cleanup.manager [-] Deleting neutron.network object s_rally_efc985b8_7T5dDWU1 (42750b9c-7629-436b-a22b-13f0fe0e612b)
2020-04-13 02:45:33.150 15 RALLYDEBUG rally_openstack.cleanup.manager [-] Deleting neutron.network object s_rally_efc985b8_ZrQrGmZX (4098a6e1-d6c6-4eb3-a525-586c92881c00)
2020-04-13 02:45:33.161 15 RALLYDEBUG rally_openstack.cleanup.manager [-] Deleting neutron.network object s_rally_efc985b8_hrMCAQtk (436830c8-8a2c-491f-a36e-73078376ec28)
2020-04-13 02:45:33.173 15 RALLYDEBUG rally_openstack.cleanup.manager [-] Deleting neutron.network object s_rally_efc985b8_Dl2kgr2g (4665c005-4fa5-496b-852f-49508968ae7a)
2020-04-13 02:45:33.182 15 RALLYDEBUG rally_openstack.cleanup.manager [-] Deleting neutron.network object s_rally_efc985b8_Q9HzdZvy (4c1e0e74-4a61-40ff-866c-937fc7e273d9)
2020-04-13 02:45:33.202 15 RALLYDEBUG rally_openstack.cleanup.manager [-] Deleting neutron.network object s_rally_efc985b8_uL6w6tGt (4cc53b20-6529-440f-a678-6e0b535c1567)
2020-04-13 02:45:33.210 15 RALLYDEBUG rally_openstack.cleanup.manager [-] Deleting neutron.network object s_rally_efc985b8_aGQyK0fb (52f1502e-a56b-406c-a9ef-b9b43c391828)
2020-04-13 02:45:33.241 15 RALLYDEBUG rally_openstack.cleanup.manager [-] Deleting neutron.network object s_rally_efc985b8_tdgCGZiB (53f60e97-a9ef-4c39-82ad-db3a4207c957)
2020-04-13 02:45:33.289 15 RALLYDEBUG rally_openstack.cleanup.manager [-] Deleting neutron.network object s_rally_efc985b8_AgPJPBqZ (64e8c3a4-9de8-4c51-aeef-849f1e3cda06)
2020-04-13 02:45:33.320 15 RALLYDEBUG rally_openstack.cleanup.manager [-] Deleting neutron.network object s_rally_efc985b8_6W7K9ayI (6e29d25a-0cc3-418c-96b4-28b545c6fb57)
2020-04-13 02:45:33.320 15 RALLYDEBUG rally_openstack.cleanup.manager [-] Deleting neutron.network object s_rally_efc985b8_RAIgHWOw (6a754e4a-f7d7-4fc6-9798-e25785870b5a)
2020-04-13 02:45:33.334 15 RALLYDEBUG rally_openstack.cleanup.manager [-] Deleting neutron.network object s_rally_efc985b8_wG6ZKdnD (6ea51846-14ae-4721-aa6a-f6b2213f66cb)
2020-04-13 02:45:33.412 15 RALLYDEBUG rally_openstack.cleanup.manager [-] Deleting neutron.network object s_rally_efc985b8_c9PEN1gl (71eca8b8-b826-4356-bc1b-5237f3a81a22)
2020-04-13 02:45:33.445 15 RALLYDEBUG rally_openstack.cleanup.manager [-] Deleting neutron.network object s_rally_efc985b8_R4b0gC9S (72ee53e4-7f0e-42dd-b02c-4fb027c59404)
2020-04-13 02:45:33.497 15 RALLYDEBUG rally_openstack.cleanup.manager [-] Deleting neutron.network object s_rally_efc985b8_lfnwK03c (74b66a9a-518c-44b7-88c6-783030e88a3c)
2020-04-13 02:45:35.631 15 RALLYDEBUG rally_openstack.cleanup.manager [-] Deleting neutron.network object s_rally_efc985b8_J7Zyw28Y (767f6b75-5a82-4418-b380-d20d1554f370)
2020-04-13 02:45:35.943 15 RALLYDEBUG rally_openstack.cleanup.manager [-] Deleting neutron.network object s_rally_efc985b8_RGMXY6OZ (79f49173-da9c-47ff-a0ba-37b26b2a0fb6)
2020-04-13 02:45:36.143 15 RALLYDEBUG rally_openstack.cleanup.manager [-] Deleting neutron.network object s_rally_efc985b8_nne8SBzo (87c8a707-4334-4e89-995a-730bbb6561f2)
2020-04-13 02:45:36.219 15 RALLYDEBUG rally_openstack.cleanup.manager [-] Deleting neutron.network object s_rally_efc985b8_2Zqf08uL (922bf504-3d44-4311-a6d6-00625c621f3f)
2020-04-13 02:45:36.265 15 RALLYDEBUG rally_openstack.cleanup.manager [-] Deleting neutron.network object s_rally_efc985b8_jFKu6al2 (9466463c-f4e7-4585-99b7-a47cc454df8a)
2020-04-13 02:45:36.288 15 RALLYDEBUG rally_openstack.cleanup.manager [-] Deleting neutron.network object s_rally_efc985b8_8gZYChhH (9fea3cde-9e90-4393-b0c7-379b1cb8f29c)
2020-04-13 02:45:36.298 15 RALLYDEBUG rally_openstack.cleanup.manager [-] Deleting neutron.network object s_rally_efc985b8_OjtoCLUy (ae336215-4e6e-490b-9931-f76217e07633)
2020-04-13 02:45:36.407 15 RALLYDEBUG rally_openstack.cleanup.manager [-] Deleting neutron.network object s_rally_efc985b8_H1CCzyjs (b0963f06-2394-4f15-a134-89bc0311cbdf)
2020-04-13 02:45:36.442 15 RALLYDEBUG rally_openstack.cleanup.manager [-] Deleting neutron.network object s_rally_efc985b8_90zVqGNi (b45e95d0-7964-4d13-84a9-06c6f1af1ed7)
2020-04-13 02:45:36.473 15 RALLYDEBUG rally_openstack.cleanup.manager [-] Deleting neutron.network object s_rally_efc985b8_7KxjRci5 (b5fb75ed-183d-4906-8a08-66fdb535bae0)
2020-04-13 02:45:36.482 15 RALLYDEBUG rally_openstack.cleanup.manager [-] Deleting neutron.network object s_rally_efc985b8_82D59GSp (b791e0b2-68b9-43c6-b59c-84d1593690e0)
2020-04-13 02:45:36.494 15 RALLYDEBUG rally_openstack.cleanup.manager [-] Deleting neutron.network object s_rally_efc985b8_uGq63Hz5 (b87ee716-fbf2-46bb-980c-6a85da076b7a)
2020-04-13 02:45:36.499 15 RALLYDEBUG rally_openstack.cleanup.manager [-] Deleting neutron.network object s_rally_efc985b8_poutWDKV (ca171290-61ae-4470-b41a-7b4c9830fda3)
2020-04-13 02:45:36.607 15 RALLYDEBUG rally_openstack.cleanup.manager [-] Deleting neutron.network object s_rally_efc985b8_GpH6IZCK (d1912fad-02ee-4afe-ac1b-793ec2ecb5a4)
2020-04-13 02:45:36.639 15 RALLYDEBUG rally_openstack.cleanup.manager [-] Deleting neutron.network object s_rally_efc985b8_TSy2hx67 (d1b3713f-a354-40c3-8a4e-b06ee3d7bbbc)
2020-04-13 02:45:36.653 15 RALLYDEBUG rally_openstack.cleanup.manager [-] Deleting neutron.network object s_rally_efc985b8_6vJWdLfK (d88bd21f-3e6f-47e9-9f8c-c271622f9ccb)
2020-04-13 02:45:37.366 15 RALLYDEBUG rally_openstack.cleanup.manager [-] Deleting neutron.network object s_rally_efc985b8_9s1tDS3y (d910b81b-e8dc-4d86-8698-26cef757f334)
2020-04-13 02:45:37.701 15 RALLYDEBUG rally_openstack.cleanup.manager [-] Deleting neutron.network object s_rally_efc985b8_lwZ1n1bw (e9bd8557-0e1c-475d-b546-9e9ee0577d61)
2020-04-13 02:45:37.714 15 RALLYDEBUG rally_openstack.cleanup.manager [-] Deleting neutron.network object s_rally_efc985b8_dlavsbxX (f796cd4f-c705-4176-9bfd-020c81314405)
2020-04-13 02:45:37.733 15 RALLYDEBUG rally_openstack.cleanup.manager [-] Deleting neutron.network object s_rally_efc985b8_yWUaPa3E (ff2a54bd-12b9-4ec8-bf50-e3eece904d71)
2020-04-13 02:45:40.767 15 RALLYDEBUG rally_openstack.cleanup.manager [-] Cleaning up neutron router objects
2020-04-13 02:45:40.999 15 RALLYDEBUG rally_openstack.cleanup.manager [-] Cleaning up neutron security_group objects
2020-04-13 02:45:41.188 15 INFO rally.task.context [-] Task 640f1903-d0ca-4e8d-b9bd-e28c0d6f5474 | Context cleanup@openstack cleanup() finished in 28.99 sec
2020-04-13 02:45:41.189 15 INFO rally.task.context [-] Task 640f1903-d0ca-4e8d-b9bd-e28c0d6f5474 | Context quotas@openstack cleanup() started
2020-04-13 02:45:41.209 15 INFO rally.task.context [-] Task 640f1903-d0ca-4e8d-b9bd-e28c0d6f5474 | Context quotas@openstack cleanup() finished in 19.54 msec
2020-04-13 02:45:41.209 15 INFO rally.task.context [-] Task 640f1903-d0ca-4e8d-b9bd-e28c0d6f5474 | Context users@openstack cleanup() started
2020-04-13 02:45:41.582 15 WARNING rally.common.logging [-] `iterate_per_tenants()' is deprecated in v3.0.0: it is openstack specific.. Used at
2020-04-13 02:45:42.846 15 INFO rally.task.context [-] Task 640f1903-d0ca-4e8d-b9bd-e28c0d6f5474 | Context users@openstack cleanup() finished in 1.64 sec
2020-04-13 02:45:44.085 15 INFO rally.task.engine [-] Load duration is: 65.267408
2020-04-13 02:45:44.086 15 INFO rally.task.engine [-] Full runner duration is: 65.31103
2020-04-13 02:45:44.086 15 INFO rally.task.engine [-] Full duration is: 97.35603
2020-04-13 02:45:44.206 15 INFO rally.task.engine [-] Running workload: position = 0 config = { "version": 2, "title": "A cropped version of a bigger task.", "description": "Auto-generated task from a single workload (uuid=f859c826-9778-4c9b-9bae-5664d7098471)", "subtasks": [ { "title": "NeutronNetworks.create_and_list_ports", "description": "Check performance of list ports action and ensure > network quotas are not exceeded", "scenario": { "NeutronNetworks.create_and_list_ports": { "network_create_args": null, "port_create_args": null, "ports_per_network": 50 } }, "contexts": { "users": { "tenants": 1, "users_per_tenant": 1 }, "quotas": { "neutron": { "network": -1, "subnet": -1, "router": -1, "port": 811 } } }, "runner": { "constant": { "times": 8, "concurrency": 4 } }, "hooks": [], "sla": { "max_avg_duration_per_atomic": { "neutron.list_ports": 15 }, "failure_rate": { "max": 0 } } } ] }
2020-04-13 02:45:44.226 15 RALLYDEBUG rally_openstack.contexts.keystone.users [-] Creating 1 tenants using 1 threads
2020-04-13 02:45:44.660 15 RALLYDEBUG rally_openstack.contexts.keystone.users [-] Creating 1 users using 1 threads
2020-04-13 02:45:45.329 15 INFO rally.task.context [-] Task 640f1903-d0ca-4e8d-b9bd-e28c0d6f5474 | Context users@openstack setup() finished in 1.10 sec
2020-04-13 02:45:45.613 15 INFO rally.task.context [-] Task 640f1903-d0ca-4e8d-b9bd-e28c0d6f5474 | Context quotas@openstack setup() finished in 0.28 sec
2020-04-13 02:45:45.614 15 INFO rally.task.context [-] Task 640f1903-d0ca-4e8d-b9bd-e28c0d6f5474 | Context cleanup@openstack setup() finished in 0.02 msec
2020-04-13 02:45:45.623 15 RALLYDEBUG rally.task.runner [-] Starting the constant runner (task UUID: 640f1903-d0ca-4e8d-b9bd-e28c0d6f5474). times: 8 concurrency: 4 timeout: 0 max_cpu_used: 88 processes_to_start: 4 concurrency_per_worker: 1 concurrency_overhead: 0
2020-04-13 02:45:45.633 3463 RALLYDEBUG rally.task.runner [-] Starting a worker. times: 8 duration: None concurrency: 1 timeout: 0 cls: method_name: run args: {"network_create_args": null, "port_create_args": null, "ports_per_network": 50}
2020-04-13 02:45:45.636 3464 RALLYDEBUG rally.task.runner [-] Starting a worker. times: 8 duration: None concurrency: 1 timeout: 0 cls: method_name: run args: {"network_create_args": null, "port_create_args": null, "ports_per_network": 50}
2020-04-13 02:45:45.639 3463 INFO rally.task.runner [-] Task 640f1903-d0ca-4e8d-b9bd-e28c0d6f5474 | ITER: 1 START
2020-04-13 02:45:45.638 3465 RALLYDEBUG rally.task.runner [-] Starting a worker. times: 8 duration: None concurrency: 1 timeout: 0 cls: method_name: run args: {"network_create_args": null, "port_create_args": null, "ports_per_network": 50}
2020-04-13 02:45:45.641 3463 WARNING rally_openstack.scenarios.neutron.utils [-] Running this scenario without either the 'network' or 'existing_network' context is deprecated
2020-04-13 02:45:45.641 3464 INFO rally.task.runner [-] Task 640f1903-d0ca-4e8d-b9bd-e28c0d6f5474 | ITER: 2 START
2020-04-13 02:45:45.642 3466 RALLYDEBUG rally.task.runner [-] Starting a worker. times: 8 duration: None concurrency: 1 timeout: 0 cls: method_name: run args: {"network_create_args": null, "port_create_args": null, "ports_per_network": 50}
2020-04-13 02:45:45.643 3464 WARNING rally_openstack.scenarios.neutron.utils [-] Running this scenario without either the 'network' or 'existing_network' context is deprecated
2020-04-13 02:45:45.644 3465 INFO rally.task.runner [-] Task 640f1903-d0ca-4e8d-b9bd-e28c0d6f5474 | ITER: 3 START
2020-04-13 02:45:45.645 3465 WARNING rally_openstack.scenarios.neutron.utils [-] Running this scenario without either the 'network' or 'existing_network' context is deprecated
2020-04-13 02:45:45.647 3466 INFO rally.task.runner [-] Task 640f1903-d0ca-4e8d-b9bd-e28c0d6f5474 | ITER: 4 START
2020-04-13 02:45:45.648 3466 WARNING rally_openstack.scenarios.neutron.utils [-] Running this scenario without either the 'network' or 'existing_network' context is deprecated
2020-04-13 02:46:18.776 3466 INFO rally.task.runner [-] Task 640f1903-d0ca-4e8d-b9bd-e28c0d6f5474 | ITER: 4 END: OK
2020-04-13 02:46:18.781 3466 INFO rally.task.runner [-] Task 640f1903-d0ca-4e8d-b9bd-e28c0d6f5474 | ITER: 5 START
2020-04-13 02:46:18.782 3466 WARNING rally_openstack.scenarios.neutron.utils [-] Running this scenario without either the 'network' or 'existing_network' context is deprecated
2020-04-13 02:46:19.551 3465 INFO rally.task.runner [-] Task 640f1903-d0ca-4e8d-b9bd-e28c0d6f5474 | ITER: 3 END: OK
2020-04-13 02:46:19.556 3465 INFO rally.task.runner [-] Task 640f1903-d0ca-4e8d-b9bd-e28c0d6f5474 | ITER: 6 START
2020-04-13 02:46:19.556 3465 WARNING rally_openstack.scenarios.neutron.utils [-] Running this scenario without either the 'network' or 'existing_network' context is deprecated
2020-04-13 02:46:20.092 3464 INFO rally.task.runner [-] Task 640f1903-d0ca-4e8d-b9bd-e28c0d6f5474 | ITER: 2 END: OK
2020-04-13 02:46:20.097 3464 INFO rally.task.runner [-] Task 640f1903-d0ca-4e8d-b9bd-e28c0d6f5474 | ITER: 7 START
2020-04-13 02:46:20.099 3464 WARNING rally_openstack.scenarios.neutron.utils [-] Running this scenario without either the 'network' or 'existing_network' context is deprecated
2020-04-13 02:46:20.722 3463 INFO rally.task.runner [-] Task 640f1903-d0ca-4e8d-b9bd-e28c0d6f5474 | ITER: 1 END: OK
2020-04-13 02:46:20.728 3463 INFO rally.task.runner [-] Task 640f1903-d0ca-4e8d-b9bd-e28c0d6f5474 | ITER: 8 START
2020-04-13 02:46:20.729 3463 WARNING rally_openstack.scenarios.neutron.utils [-] Running this scenario without either the 'network' or 'existing_network' context is deprecated
2020-04-13 02:46:53.740 3466 INFO rally.task.runner [-] Task 640f1903-d0ca-4e8d-b9bd-e28c0d6f5474 | ITER: 5 END: OK
2020-04-13 02:46:55.370 3465 INFO rally.task.runner [-] Task 640f1903-d0ca-4e8d-b9bd-e28c0d6f5474 | ITER: 6 END: OK
2020-04-13 02:46:55.451 3463 INFO rally.task.runner [-] Task 640f1903-d0ca-4e8d-b9bd-e28c0d6f5474 | ITER: 8 END: OK
2020-04-13 02:46:55.838 3464 INFO rally.task.runner [-] Task 640f1903-d0ca-4e8d-b9bd-e28c0d6f5474 | ITER: 7 END: OK
2020-04-13 02:46:55.871 15 INFO rally.task.context [-] Task 640f1903-d0ca-4e8d-b9bd-e28c0d6f5474 | Context cleanup@openstack cleanup() started
2020-04-13 02:46:55.878 15 RALLYDEBUG rally_openstack.cleanup.manager [-] Cleaning up neutron vip objects
2020-04-13 02:46:56.016 15 RALLYDEBUG rally_openstack.cleanup.manager [-] Cleaning up neutron health_monitor objects
2020-04-13 02:46:56.154 15 RALLYDEBUG rally_openstack.cleanup.manager [-] Cleaning up neutron pool objects
2020-04-13 02:46:56.300 15 RALLYDEBUG rally_openstack.cleanup.manager [-] Cleaning up neutron loadbalancer objects
2020-04-13 02:46:56.448 15 RALLYDEBUG rally_openstack.cleanup.manager [-] Cleaning up neutron floatingip objects
2020-04-13 02:46:57.003 15 RALLYDEBUG rally_openstack.cleanup.manager [-] Cleaning up neutron trunk objects
