2020-04-13 02:35:18.591 6 RALLYDEBUG rally.api [-] INFO logs from urllib3 and requests module are hide.
2020-04-13 02:35:18.592 6 RALLYDEBUG rally.api [-] urllib3 insecure warnings are hidden.
2020-04-13 02:35:18.592 6 RALLYDEBUG rally.api [-] ERROR log from boto module is hide.
2020-04-13 02:35:20.488 6 ERROR rally.cli.cliutils [-] Unexpected exception in CLI: rally.exceptions.DBRecordNotFound: Record for uuid or name is opnfv-rally not found in table envs
2020-04-13 02:35:20.488 6 ERROR rally.cli.cliutils
Traceback (most recent call last):
2020-04-13 02:35:20.488 6 ERROR rally.cli.cliutils
File "/usr/lib/python3.7/site-packages/rally/cli/cliutils.py", line 657, in run
2020-04-13 02:35:20.488 6 ERROR rally.cli.cliutils ret = fn(*fn_args, **fn_kwargs)
2020-04-13 02:35:20.488 6 ERROR rally.cli.cliutils File "", line 2, in destroy
2020-04-13 02:35:20.488 6 ERROR rally.cli.cliutils
File "/usr/lib/python3.7/site-packages/rally/cli/envutils.py", line 135, in default_from_global
2020-04-13 02:35:20.488 6 ERROR rally.cli.cliutils return f(*args, **kwargs)
2020-04-13 02:35:20.488 6 ERROR rally.cli.cliutils File "", line 2, in destroy
2020-04-13 02:35:20.488 6 ERROR rally.cli.cliutils
File "/usr/lib/python3.7/site-packages/rally/plugins/__init__.py", line 59, in ensure_plugins_are_loaded
2020-04-13 02:35:20.488 6 ERROR rally.cli.cliutils return f(*args, **kwargs)
2020-04-13 02:35:20.488 6 ERROR rally.cli.cliutils
File "/usr/lib/python3.7/site-packages/rally/cli/commands/deployment.py", line 154, in destroy
2020-04-13 02:35:20.488 6 ERROR rally.cli.cliutils api.deployment.destroy(deployment=deployment)
2020-04-13 02:35:20.488 6 ERROR rally.cli.cliutils
File "/usr/lib/python3.7/site-packages/rally/api.py", line 115, in destroy
2020-04-13 02:35:20.488 6 ERROR rally.cli.cliutils deploy = objects.Deployment.get(deployment)
2020-04-13 02:35:20.488 6 ERROR rally.cli.cliutils
File "/usr/lib/python3.7/site-packages/rally/common/objects/deploy.py", line 124, in get
2020-04-13 02:35:20.488 6 ERROR rally.cli.cliutils return Deployment(env_mgr.EnvManager.get(deploy))
2020-04-13 02:35:20.488 6 ERROR rally.cli.cliutils
File "/usr/lib/python3.7/site-packages/rally/env/env_mgr.py", line 212, in get
2020-04-13 02:35:20.488 6 ERROR rally.cli.cliutils return cls(db.env_get(uuid_or_name))
2020-04-13 02:35:20.488 6 ERROR rally.cli.cliutils
File "/usr/lib/python3.7/site-packages/rally/common/db/api.py", line 133, in wrapper
2020-04-13 02:35:20.488 6 ERROR rally.cli.cliutils result = f(session, *args, **kwargs)
2020-04-13 02:35:20.488 6 ERROR rally.cli.cliutils
File "/usr/lib/python3.7/site-packages/rally/common/db/api.py", line 519, in env_get
2020-04-13 02:35:20.488 6 ERROR rally.cli.cliutils criteria="uuid or name is %s" % uuid_or_name, table="envs")
2020-04-13 02:35:20.488 6 ERROR rally.cli.cliutils rally.exceptions.DBRecordNotFound: Record for uuid or name is opnfv-rally not found in table envs
2020-04-13 02:35:20.488 6 ERROR rally.cli.cliutils
2020-04-13 02:35:21.823 8 RALLYDEBUG rally.api [-] INFO logs from urllib3 and requests module are hide.
2020-04-13 02:35:21.823 8 RALLYDEBUG rally.api [-] urllib3 insecure warnings are hidden.
2020-04-13 02:35:21.823 8 RALLYDEBUG rally.api [-] ERROR log from boto module is hide.
2020-04-13 02:35:25.474 10 RALLYDEBUG rally.api [-] INFO logs from urllib3 and requests module are hide.
2020-04-13 02:35:25.474 10 RALLYDEBUG rally.api [-] urllib3 insecure warnings are hidden.
2020-04-13 02:35:25.475 10 RALLYDEBUG rally.api [-] ERROR log from boto module is hide.
2020-04-13 02:35:29.587 13 RALLYDEBUG rally.api [-] INFO logs from urllib3 and requests module are hide.
2020-04-13 02:35:29.587 13 RALLYDEBUG rally.api [-] urllib3 insecure warnings are hidden.
2020-04-13 02:35:29.588 13 RALLYDEBUG rally.api [-] ERROR log from boto module is hide.
2020-04-13 02:35:31.479 15 RALLYDEBUG rally.api [-] INFO logs from urllib3 and requests module are hide.
2020-04-13 02:35:31.479 15 RALLYDEBUG rally.api [-] urllib3 insecure warnings are hidden.
2020-04-13 02:35:31.479 15 RALLYDEBUG rally.api [-] ERROR log from boto module is hide.
2020-04-13 02:35:33.104 15 INFO rally.common.plugin.discover [-] Loading plugins from directories /root/.rally/plugins/*
2020-04-13 02:35:33.104 15 INFO rally.common.plugin.discover [-] Loading plugins from file /root/.rally/plugins/__init__.py
2020-04-13 02:35:33.105 15 INFO rally.common.plugin.discover [-] Loaded module with plugins: __init__
2020-04-13 02:35:33.310 15 INFO rally.task.engine [-] Task 640f1903-d0ca-4e8d-b9bd-e28c0d6f5474 | Starting: Task validation.
2020-04-13 02:35:33.323 15 INFO rally.task.engine [-] Task 640f1903-d0ca-4e8d-b9bd-e28c0d6f5474 | Starting: Task validation of syntax.
2020-04-13 02:35:33.567 15 INFO rally.task.engine [-] Task 640f1903-d0ca-4e8d-b9bd-e28c0d6f5474 | Completed: Task validation of syntax.
2020-04-13 02:35:33.569 15 INFO rally.task.engine [-] Task 640f1903-d0ca-4e8d-b9bd-e28c0d6f5474 | Starting: Task validation of required platforms.
2020-04-13 02:35:33.676 15 INFO rally.task.engine [-] Task 640f1903-d0ca-4e8d-b9bd-e28c0d6f5474 | Completed: Task validation of required platforms.
2020-04-13 02:35:33.676 15 INFO rally.task.engine [-] Task 640f1903-d0ca-4e8d-b9bd-e28c0d6f5474 | Starting: Task validation of semantic.
2020-04-13 02:35:33.676 15 INFO rally.task.engine [-] Check health of the environment '59652a79-091d-45a8-a901-f17e0a697279'.
2020-04-13 02:35:34.260 15 INFO rally.task.engine [-] Platform existing@openstack (available: True): OK!
2020-04-13 02:35:34.275 15 RALLYDEBUG rally_openstack.contexts.keystone.users [-] Creating 1 tenants using 1 threads
2020-04-13 02:35:34.618 15 RALLYDEBUG rally_openstack.contexts.keystone.users [-] Creating 1 users using 1 threads
2020-04-13 02:35:35.493 15 INFO rally.task.context [-] Task 640f1903-d0ca-4e8d-b9bd-e28c0d6f5474 | Context users@openstack setup() finished in 1.22 sec
2020-04-13 02:35:36.377 15 INFO rally.task.context [-] Task 640f1903-d0ca-4e8d-b9bd-e28c0d6f5474 | Context users@openstack cleanup() started
2020-04-13 02:35:36.719 15 WARNING rally.common.logging [-] `iterate_per_tenants()' is deprecated in v3.0.0: it is openstack specific.. Used at
2020-04-13 02:35:37.915 15 INFO rally.task.context [-] Task 640f1903-d0ca-4e8d-b9bd-e28c0d6f5474 | Context users@openstack cleanup() finished in 1.54 sec
2020-04-13 02:35:37.915 15 INFO rally.task.engine [-] Task 640f1903-d0ca-4e8d-b9bd-e28c0d6f5474 | Completed: Task validation of semantic.
2020-04-13 02:35:37.915 15 INFO rally.task.engine [-] Task 640f1903-d0ca-4e8d-b9bd-e28c0d6f5474 | Completed: Task validation.
2020-04-13 02:35:37.916 15 INFO rally.api [-] Task 640f1903-d0ca-4e8d-b9bd-e28c0d6f5474 input file is valid.
2020-04-13 02:35:37.916 15 INFO rally.api [-] Run Task 640f1903-d0ca-4e8d-b9bd-e28c0d6f5474 against Deployment 59652a79-091d-45a8-a901-f17e0a697279
2020-04-13 02:35:37.916 15 INFO rally.task.engine [-] Task 640f1903-d0ca-4e8d-b9bd-e28c0d6f5474 | Starting: Running task.
2020-04-13 02:35:37.967 15 INFO rally.task.engine [-] Running workload: position = 0 config = { "version": 2, "title": "A cropped version of a bigger task.", "description": "Auto-generated task from a single workload (uuid=7fcd529a-05ee-4bbb-bec5-aa4c74dc2bf8)", "subtasks": [ { "title": "NeutronNetworks.create_and_list_networks", "description": "Check performance of list_networks action and ensure > network quotas are not exceeded", "scenario": { "NeutronNetworks.create_and_list_networks": {} }, "contexts": { "users": { "tenants": 1, "users_per_tenant": 1 }, "quotas": { "neutron": { "network": 119 } } }, "runner": { "constant": { "times": 100, "concurrency": 20 } }, "hooks": [], "sla": { "max_avg_duration_per_atomic": { "neutron.list_networks": 15 }, "failure_rate": { "max": 0 } } } ] }
2020-04-13 02:35:37.987 15 RALLYDEBUG rally_openstack.contexts.keystone.users [-] Creating 1 tenants using 1 threads
2020-04-13 02:35:38.373 15 RALLYDEBUG rally_openstack.contexts.keystone.users [-] Creating 1 users using 1 threads
2020-04-13 02:35:39.147 15 INFO rally.task.context [-] Task 640f1903-d0ca-4e8d-b9bd-e28c0d6f5474 | Context users@openstack setup() finished in 1.16 sec
2020-04-13 02:35:39.367 15 INFO rally.task.context [-] Task 640f1903-d0ca-4e8d-b9bd-e28c0d6f5474 | Context quotas@openstack setup() finished in 0.22 sec
2020-04-13 02:35:39.368 15 INFO rally.task.context [-] Task 640f1903-d0ca-4e8d-b9bd-e28c0d6f5474 | Context cleanup@openstack setup() finished in 0.00 msec
2020-04-13 02:35:39.379 15 RALLYDEBUG rally.task.runner [-] Starting the constant runner (task UUID: 640f1903-d0ca-4e8d-b9bd-e28c0d6f5474). times: 100 concurrency: 20 timeout: 0 max_cpu_used: 88 processes_to_start: 20 concurrency_per_worker: 1 concurrency_overhead: 0
2020-04-13 02:35:39.395 63 RALLYDEBUG rally.task.runner [-] Starting a worker. times: 100 duration: None concurrency: 1 timeout: 0 cls: method_name: run args: {}
2020-04-13 02:35:39.399 64 RALLYDEBUG rally.task.runner [-] Starting a worker. times: 100 duration: None concurrency: 1 timeout: 0 cls: method_name: run args: {}
2020-04-13 02:35:39.402 65 RALLYDEBUG rally.task.runner [-] Starting a worker. times: 100 duration: None concurrency: 1 timeout: 0 cls: method_name: run args: {}
2020-04-13 02:35:39.405 63 INFO rally.task.runner [-] Task 640f1903-d0ca-4e8d-b9bd-e28c0d6f5474 | ITER: 1 START
2020-04-13 02:35:39.404 68 RALLYDEBUG rally.task.runner [-] Starting a worker. times: 100 duration: None concurrency: 1 timeout: 0 cls: method_name: run args: {}
2020-04-13 02:35:39.408 70 RALLYDEBUG rally.task.runner [-] Starting a worker. times: 100 duration: None concurrency: 1 timeout: 0 cls: method_name: run args: {}
2020-04-13 02:35:39.409 64 INFO rally.task.runner [-] Task 640f1903-d0ca-4e8d-b9bd-e28c0d6f5474 | ITER: 2 START
2020-04-13 02:35:39.411 65 INFO rally.task.runner [-] Task 640f1903-d0ca-4e8d-b9bd-e28c0d6f5474 | ITER: 3 START
2020-04-13 02:35:39.412 71 RALLYDEBUG rally.task.runner [-] Starting a worker. times: 100 duration: None concurrency: 1 timeout: 0 cls: method_name: run args: {}
2020-04-13 02:35:39.414 68 INFO rally.task.runner [-] Task 640f1903-d0ca-4e8d-b9bd-e28c0d6f5474 | ITER: 4 START
2020-04-13 02:35:39.416 70 INFO rally.task.runner [-] Task 640f1903-d0ca-4e8d-b9bd-e28c0d6f5474 | ITER: 5 START
2020-04-13 02:35:39.416 75 RALLYDEBUG rally.task.runner [-] Starting a worker. times: 100 duration: None concurrency: 1 timeout: 0 cls: method_name: run args: {}
2020-04-13 02:35:39.420 80 RALLYDEBUG rally.task.runner [-] Starting a worker. times: 100 duration: None concurrency: 1 timeout: 0 cls: method_name: run args: {}
2020-04-13 02:35:39.423 71 INFO rally.task.runner [-] Task 640f1903-d0ca-4e8d-b9bd-e28c0d6f5474 | ITER: 6 START
2020-04-13 02:35:39.425 75 INFO rally.task.runner [-] Task 640f1903-d0ca-4e8d-b9bd-e28c0d6f5474 | ITER: 7 START
2020-04-13 02:35:39.428 81 RALLYDEBUG rally.task.runner [-] Starting a worker. times: 100 duration: None concurrency: 1 timeout: 0 cls: method_name: run args: {}
2020-04-13 02:35:39.428 80 INFO rally.task.runner [-] Task 640f1903-d0ca-4e8d-b9bd-e28c0d6f5474 | ITER: 8 START
2020-04-13 02:35:39.430 84 RALLYDEBUG rally.task.runner [-] Starting a worker. times: 100 duration: None concurrency: 1 timeout: 0 cls: method_name: run args: {}
2020-04-13 02:35:39.433 81 INFO rally.task.runner [-] Task 640f1903-d0ca-4e8d-b9bd-e28c0d6f5474 | ITER: 9 START
2020-04-13 02:35:39.433 84 INFO rally.task.runner [-] Task 640f1903-d0ca-4e8d-b9bd-e28c0d6f5474 | ITER: 10 START
2020-04-13 02:35:39.434 87 RALLYDEBUG rally.task.runner [-] Starting a worker. times: 100 duration: None concurrency: 1 timeout: 0 cls: method_name: run args: {}
2020-04-13 02:35:39.435 94 RALLYDEBUG rally.task.runner [-] Starting a worker. times: 100 duration: None concurrency: 1 timeout: 0 cls: method_name: run args: {}
2020-04-13 02:35:39.438 87 INFO rally.task.runner [-] Task 640f1903-d0ca-4e8d-b9bd-e28c0d6f5474 | ITER: 11 START
2020-04-13 02:35:39.439 94 INFO rally.task.runner [-] Task 640f1903-d0ca-4e8d-b9bd-e28c0d6f5474 | ITER: 12 START
2020-04-13 02:35:39.439 95 RALLYDEBUG rally.task.runner [-] Starting a worker. times: 100 duration: None concurrency: 1 timeout: 0 cls: method_name: run args: {}
2020-04-13 02:35:39.443 100 RALLYDEBUG rally.task.runner [-] Starting a worker. times: 100 duration: None concurrency: 1 timeout: 0 cls: method_name: run args: {}
2020-04-13 02:35:39.444 95 INFO rally.task.runner [-] Task 640f1903-d0ca-4e8d-b9bd-e28c0d6f5474 | ITER: 13 START
2020-04-13 02:35:39.445 101 RALLYDEBUG rally.task.runner [-] Starting a worker. times: 100 duration: None concurrency: 1 timeout: 0 cls: method_name: run args: {}
2020-04-13 02:35:39.448 100 INFO rally.task.runner [-] Task 640f1903-d0ca-4e8d-b9bd-e28c0d6f5474 | ITER: 14 START
2020-04-13 02:35:39.448 104 RALLYDEBUG rally.task.runner [-] Starting a worker. times: 100 duration: None concurrency: 1 timeout: 0 cls: method_name: run args: {}
2020-04-13 02:35:39.449 101 INFO rally.task.runner [-] Task 640f1903-d0ca-4e8d-b9bd-e28c0d6f5474 | ITER: 15 START
2020-04-13 02:35:39.451 104 INFO rally.task.runner [-] Task 640f1903-d0ca-4e8d-b9bd-e28c0d6f5474 | ITER: 16 START
2020-04-13 02:35:39.452 107 RALLYDEBUG rally.task.runner [-] Starting a worker. times: 100 duration: None concurrency: 1 timeout: 0 cls: method_name: run args: {}
2020-04-13 02:35:39.455 111 RALLYDEBUG rally.task.runner [-] Starting a worker. times: 100 duration: None concurrency: 1 timeout: 0 cls: method_name: run args: {}
2020-04-13 02:35:39.457 107 INFO rally.task.runner [-] Task 640f1903-d0ca-4e8d-b9bd-e28c0d6f5474 | ITER: 17 START
2020-04-13 02:35:39.457 113 RALLYDEBUG rally.task.runner [-] Starting a worker. times: 100 duration: None concurrency: 1 timeout: 0 cls: method_name: run args: {}
2020-04-13 02:35:39.460 111 INFO rally.task.runner [-] Task 640f1903-d0ca-4e8d-b9bd-e28c0d6f5474 | ITER: 18 START
2020-04-13 02:35:39.460 116 RALLYDEBUG rally.task.runner [-] Starting a worker. times: 100 duration: None concurrency: 1 timeout: 0 cls: method_name: run args: {}
2020-04-13 02:35:39.461 113 INFO rally.task.runner [-] Task 640f1903-d0ca-4e8d-b9bd-e28c0d6f5474 | ITER: 19 START
2020-04-13 02:35:39.463 116 INFO rally.task.runner [-] Task 640f1903-d0ca-4e8d-b9bd-e28c0d6f5474 | ITER: 20 START
2020-04-13 02:35:40.294 65 INFO rally.task.runner [-] Task 640f1903-d0ca-4e8d-b9bd-e28c0d6f5474 | ITER: 3 END: OK
2020-04-13 02:35:40.298 65 INFO rally.task.runner [-] Task 640f1903-d0ca-4e8d-b9bd-e28c0d6f5474 | ITER: 21 START
2020-04-13 02:35:40.658 68 INFO rally.task.runner [-] Task 640f1903-d0ca-4e8d-b9bd-e28c0d6f5474 | ITER: 4 END: OK
2020-04-13 02:35:40.662 68 INFO rally.task.runner [-] Task 640f1903-d0ca-4e8d-b9bd-e28c0d6f5474 | ITER: 22 START
2020-04-13 02:35:40.740 64 INFO rally.task.runner [-] Task 640f1903-d0ca-4e8d-b9bd-e28c0d6f5474 | ITER: 2 END: OK
2020-04-13 02:35:40.744 64 INFO rally.task.runner [-] Task 640f1903-d0ca-4e8d-b9bd-e28c0d6f5474 | ITER: 23 START
2020-04-13 02:35:40.866 94 INFO rally.task.runner [-] Task 640f1903-d0ca-4e8d-b9bd-e28c0d6f5474 | ITER: 12 END: OK
2020-04-13 02:35:40.867 95 INFO rally.task.runner [-] Task 640f1903-d0ca-4e8d-b9bd-e28c0d6f5474 | ITER: 13 END: OK
2020-04-13 02:35:40.870 94 INFO rally.task.runner [-] Task 640f1903-d0ca-4e8d-b9bd-e28c0d6f5474 | ITER: 24 START
2020-04-13 02:35:40.871 95 INFO rally.task.runner [-] Task 640f1903-d0ca-4e8d-b9bd-e28c0d6f5474 | ITER: 25 START
2020-04-13 02:35:41.080 65 INFO rally.task.runner [-] Task 640f1903-d0ca-4e8d-b9bd-e28c0d6f5474 | ITER: 21 END: OK
2020-04-13 02:35:41.083 65 INFO rally.task.runner [-] Task 640f1903-d0ca-4e8d-b9bd-e28c0d6f5474 | ITER: 26 START
2020-04-13 02:35:41.184 116 INFO rally.task.runner [-] Task 640f1903-d0ca-4e8d-b9bd-e28c0d6f5474 | ITER: 20 END: OK
2020-04-13 02:35:41.187 116 INFO rally.task.runner [-] Task 640f1903-d0ca-4e8d-b9bd-e28c0d6f5474 | ITER: 27 START
2020-04-13 02:35:41.765 64 INFO rally.task.runner [-] Task 640f1903-d0ca-4e8d-b9bd-e28c0d6f5474 | ITER: 23 END: OK
2020-04-13 02:35:41.769 64 INFO rally.task.runner [-] Task 640f1903-d0ca-4e8d-b9bd-e28c0d6f5474 | ITER: 28 START
2020-04-13 02:35:41.865 116 INFO rally.task.runner [-] Task 640f1903-d0ca-4e8d-b9bd-e28c0d6f5474 | ITER: 27 END: OK
2020-04-13 02:35:41.868 116 INFO rally.task.runner [-] Task 640f1903-d0ca-4e8d-b9bd-e28c0d6f5474 | ITER: 29 START
2020-04-13 02:35:41.974 70 INFO rally.task.runner [-] Task 640f1903-d0ca-4e8d-b9bd-e28c0d6f5474 | ITER: 5 END: OK
2020-04-13 02:35:41.978 70 INFO rally.task.runner [-] Task 640f1903-d0ca-4e8d-b9bd-e28c0d6f5474 | ITER: 30 START
2020-04-13 02:35:42.076 87 INFO rally.task.runner [-] Task 640f1903-d0ca-4e8d-b9bd-e28c0d6f5474 | ITER: 11 END: OK
2020-04-13 02:35:42.080 87 INFO rally.task.runner [-] Task 640f1903-d0ca-4e8d-b9bd-e28c0d6f5474 | ITER: 31 START
2020-04-13 02:35:42.341 101 INFO rally.task.runner [-] Task 640f1903-d0ca-4e8d-b9bd-e28c0d6f5474 | ITER: 15 END: OK
2020-04-13 02:35:42.345 101 INFO rally.task.runner [-] Task 640f1903-d0ca-4e8d-b9bd-e28c0d6f5474 | ITER: 32 START
2020-04-13 02:35:42.502 84 INFO rally.task.runner [-] Task 640f1903-d0ca-4e8d-b9bd-e28c0d6f5474 | ITER: 10 END: OK
2020-04-13 02:35:42.506 84 INFO rally.task.runner [-] Task 640f1903-d0ca-4e8d-b9bd-e28c0d6f5474 | ITER: 33 START
2020-04-13 02:35:42.639 70 INFO rally.task.runner [-] Task 640f1903-d0ca-4e8d-b9bd-e28c0d6f5474 | ITER: 30 END: OK
2020-04-13 02:35:42.642 70 INFO rally.task.runner [-] Task 640f1903-d0ca-4e8d-b9bd-e28c0d6f5474 | ITER: 34 START
2020-04-13 02:35:42.712 71 INFO rally.task.runner [-] Task 640f1903-d0ca-4e8d-b9bd-e28c0d6f5474 | ITER: 6 END: OK
2020-04-13 02:35:42.714 71 INFO rally.task.runner [-] Task 640f1903-d0ca-4e8d-b9bd-e28c0d6f5474 | ITER: 35 START
2020-04-13 02:35:42.998 111 INFO rally.task.runner [-] Task 640f1903-d0ca-4e8d-b9bd-e28c0d6f5474 | ITER: 18 END: OK
2020-04-13 02:35:43.002 111 INFO rally.task.runner [-] Task 640f1903-d0ca-4e8d-b9bd-e28c0d6f5474 | ITER: 36 START
2020-04-13 02:35:43.173 80 INFO rally.task.runner [-] Task 640f1903-d0ca-4e8d-b9bd-e28c0d6f5474 | ITER: 8 END: OK
2020-04-13 02:35:43.177 80 INFO rally.task.runner [-] Task 640f1903-d0ca-4e8d-b9bd-e28c0d6f5474 | ITER: 37 START
2020-04-13 02:35:43.289 75 INFO rally.task.runner [-] Task 640f1903-d0ca-4e8d-b9bd-e28c0d6f5474 | ITER: 7 END: OK
2020-04-13 02:35:43.293 75 INFO rally.task.runner [-] Task 640f1903-d0ca-4e8d-b9bd-e28c0d6f5474 | ITER: 38 START
2020-04-13 02:35:43.316 65 INFO rally.task.runner [-] Task 640f1903-d0ca-4e8d-b9bd-e28c0d6f5474 | ITER: 26 END: OK
2020-04-13 02:35:43.319 65 INFO rally.task.runner [-] Task 640f1903-d0ca-4e8d-b9bd-e28c0d6f5474 | ITER: 39 START
2020-04-13 02:35:43.585 95 INFO rally.task.runner [-] Task 640f1903-d0ca-4e8d-b9bd-e28c0d6f5474 | ITER: 25 END: OK
2020-04-13 02:35:43.589 95 INFO rally.task.runner [-] Task 640f1903-d0ca-4e8d-b9bd-e28c0d6f5474 | ITER: 40 START
2020-04-13 02:35:43.806 80 INFO rally.task.runner [-] Task 640f1903-d0ca-4e8d-b9bd-e28c0d6f5474 | ITER: 37 END: OK
2020-04-13 02:35:43.810 80 INFO rally.task.runner [-] Task 640f1903-d0ca-4e8d-b9bd-e28c0d6f5474 | ITER: 41 START
2020-04-13 02:35:43.841 100 INFO rally.task.runner [-] Task 640f1903-d0ca-4e8d-b9bd-e28c0d6f5474 | ITER: 14 END: OK
2020-04-13 02:35:43.845 100 INFO rally.task.runner [-] Task 640f1903-d0ca-4e8d-b9bd-e28c0d6f5474 | ITER: 42 START
2020-04-13 02:35:44.069 101 INFO rally.task.runner [-] Task 640f1903-d0ca-4e8d-b9bd-e28c0d6f5474 | ITER: 32 END: OK
2020-04-13 02:35:44.072 101 INFO rally.task.runner [-] Task 640f1903-d0ca-4e8d-b9bd-e28c0d6f5474 | ITER: 43 START
2020-04-13 02:35:44.218 87 INFO rally.task.runner [-] Task 640f1903-d0ca-4e8d-b9bd-e28c0d6f5474 | ITER: 31 END: OK
2020-04-13 02:35:44.221 87 INFO rally.task.runner [-] Task 640f1903-d0ca-4e8d-b9bd-e28c0d6f5474 | ITER: 44 START
2020-04-13 02:35:44.304 71 INFO rally.task.runner [-] Task 640f1903-d0ca-4e8d-b9bd-e28c0d6f5474 | ITER: 35 END: OK
2020-04-13 02:35:44.307 71 INFO rally.task.runner [-] Task 640f1903-d0ca-4e8d-b9bd-e28c0d6f5474 | ITER: 45 START
2020-04-13 02:35:44.384 100 INFO rally.task.runner [-] Task 640f1903-d0ca-4e8d-b9bd-e28c0d6f5474 | ITER: 42 END: OK
2020-04-13 02:35:44.387 100 INFO rally.task.runner [-] Task 640f1903-d0ca-4e8d-b9bd-e28c0d6f5474 | ITER: 46 START
2020-04-13 02:35:44.771 111 INFO rally.task.runner [-] Task 640f1903-d0ca-4e8d-b9bd-e28c0d6f5474 | ITER: 36 END: OK
2020-04-13 02:35:44.775 111 INFO rally.task.runner [-] Task 640f1903-d0ca-4e8d-b9bd-e28c0d6f5474 | ITER: 47 START
2020-04-13 02:35:44.860 64 INFO rally.task.runner [-] Task 640f1903-d0ca-4e8d-b9bd-e28c0d6f5474 | ITER: 28 END: OK
2020-04-13 02:35:44.864 64 INFO rally.task.runner [-] Task 640f1903-d0ca-4e8d-b9bd-e28c0d6f5474 | ITER: 48 START
2020-04-13 02:35:44.949 68 INFO rally.task.runner [-] Task 640f1903-d0ca-4e8d-b9bd-e28c0d6f5474 | ITER: 22 END: OK
2020-04-13 02:35:44.952 68 INFO rally.task.runner [-] Task 640f1903-d0ca-4e8d-b9bd-e28c0d6f5474 | ITER: 49 START
2020-04-13 02:35:45.530 84 INFO rally.task.runner [-] Task 640f1903-d0ca-4e8d-b9bd-e28c0d6f5474 | ITER: 33 END: OK
2020-04-13 02:35:45.534 84 INFO rally.task.runner [-] Task 640f1903-d0ca-4e8d-b9bd-e28c0d6f5474 | ITER: 50 START
2020-04-13 02:35:45.885 104 INFO rally.task.runner [-] Task 640f1903-d0ca-4e8d-b9bd-e28c0d6f5474 | ITER: 16 END: OK
2020-04-13 02:35:45.888 104 INFO rally.task.runner [-] Task 640f1903-d0ca-4e8d-b9bd-e28c0d6f5474 | ITER: 51 START
2020-04-13 02:35:45.896 75 INFO rally.task.runner [-] Task 640f1903-d0ca-4e8d-b9bd-e28c0d6f5474 | ITER: 38 END: OK
2020-04-13 02:35:45.900 75 INFO rally.task.runner [-] Task 640f1903-d0ca-4e8d-b9bd-e28c0d6f5474 | ITER: 52 START
2020-04-13 02:35:45.945 87 INFO rally.task.runner [-] Task 640f1903-d0ca-4e8d-b9bd-e28c0d6f5474 | ITER: 44 END: OK
2020-04-13 02:35:45.949 87 INFO rally.task.runner [-] Task 640f1903-d0ca-4e8d-b9bd-e28c0d6f5474 | ITER: 53 START
2020-04-13 02:35:46.082 101 INFO rally.task.runner [-] Task 640f1903-d0ca-4e8d-b9bd-e28c0d6f5474 | ITER: 43 END: OK
2020-04-13 02:35:46.086 101 INFO rally.task.runner [-] Task 640f1903-d0ca-4e8d-b9bd-e28c0d6f5474 | ITER: 54 START
2020-04-13 02:35:46.094 95 INFO rally.task.runner [-] Task 640f1903-d0ca-4e8d-b9bd-e28c0d6f5474 | ITER: 40 END: OK
2020-04-13 02:35:46.097 95 INFO rally.task.runner [-] Task 640f1903-d0ca-4e8d-b9bd-e28c0d6f5474 | ITER: 55 START
2020-04-13 02:35:46.181 63 INFO rally.task.runner [-] Task 640f1903-d0ca-4e8d-b9bd-e28c0d6f5474 | ITER: 1 END: OK
2020-04-13 02:35:46.186 63 INFO rally.task.runner [-] Task 640f1903-d0ca-4e8d-b9bd-e28c0d6f5474 | ITER: 56 START
2020-04-13 02:35:46.211 71 INFO rally.task.runner [-] Task 640f1903-d0ca-4e8d-b9bd-e28c0d6f5474 | ITER: 45 END: OK
2020-04-13 02:35:46.214 71 INFO rally.task.runner [-] Task 640f1903-d0ca-4e8d-b9bd-e28c0d6f5474 | ITER: 57 START
2020-04-13 02:35:46.945 111 INFO rally.task.runner [-] Task 640f1903-d0ca-4e8d-b9bd-e28c0d6f5474 | ITER: 47 END: OK
2020-04-13 02:35:46.950 111 INFO rally.task.runner [-] Task 640f1903-d0ca-4e8d-b9bd-e28c0d6f5474 | ITER: 58 START
2020-04-13 02:35:46.995 101 INFO rally.task.runner [-] Task 640f1903-d0ca-4e8d-b9bd-e28c0d6f5474 | ITER: 54 END: OK
2020-04-13 02:35:46.999 101 INFO rally.task.runner [-] Task 640f1903-d0ca-4e8d-b9bd-e28c0d6f5474 | ITER: 59 START
2020-04-13 02:35:47.206 84 INFO rally.task.runner [-] Task 640f1903-d0ca-4e8d-b9bd-e28c0d6f5474 | ITER: 50 END: OK
2020-04-13 02:35:47.211 84 INFO rally.task.runner [-] Task 640f1903-d0ca-4e8d-b9bd-e28c0d6f5474 | ITER: 60 START
2020-04-13 02:35:47.235 64 INFO rally.task.runner [-] Task 640f1903-d0ca-4e8d-b9bd-e28c0d6f5474 | ITER: 48 END: OK
2020-04-13 02:35:47.238 64 INFO rally.task.runner [-] Task 640f1903-d0ca-4e8d-b9bd-e28c0d6f5474 | ITER: 61 START
2020-04-13 02:35:47.337 80 INFO rally.task.runner [-] Task 640f1903-d0ca-4e8d-b9bd-e28c0d6f5474 | ITER: 41 END: OK
2020-04-13 02:35:47.341 80 INFO rally.task.runner [-] Task 640f1903-d0ca-4e8d-b9bd-e28c0d6f5474 | ITER: 62 START
2020-04-13 02:35:47.402 71 INFO rally.task.runner [-] Task 640f1903-d0ca-4e8d-b9bd-e28c0d6f5474 | ITER: 57 END: OK
2020-04-13 02:35:47.406 71 INFO rally.task.runner [-] Task 640f1903-d0ca-4e8d-b9bd-e28c0d6f5474 | ITER: 63 START
2020-04-13 02:35:47.624 100 INFO rally.task.runner [-] Task 640f1903-d0ca-4e8d-b9bd-e28c0d6f5474 | ITER: 46 END: OK
2020-04-13 02:35:47.628 100 INFO rally.task.runner [-] Task 640f1903-d0ca-4e8d-b9bd-e28c0d6f5474 | ITER: 64 START
2020-04-13 02:35:47.796 75 INFO rally.task.runner [-] Task 640f1903-d0ca-4e8d-b9bd-e28c0d6f5474 | ITER: 52 END: OK
2020-04-13 02:35:47.800 75 INFO rally.task.runner [-] Task 640f1903-d0ca-4e8d-b9bd-e28c0d6f5474 | ITER: 65 START
2020-04-13 02:35:47.999 84 INFO rally.task.runner [-] Task 640f1903-d0ca-4e8d-b9bd-e28c0d6f5474 | ITER: 60 END: OK
2020-04-13 02:35:48.003 84 INFO rally.task.runner [-] Task 640f1903-d0ca-4e8d-b9bd-e28c0d6f5474 | ITER: 66 START
2020-04-13 02:35:48.054 80 INFO rally.task.runner [-] Task 640f1903-d0ca-4e8d-b9bd-e28c0d6f5474 | ITER: 62 END: OK
2020-04-13 02:35:48.058 80 INFO rally.task.runner [-] Task 640f1903-d0ca-4e8d-b9bd-e28c0d6f5474 | ITER: 67 START
2020-04-13 02:35:48.367 87 INFO rally.task.runner [-] Task 640f1903-d0ca-4e8d-b9bd-e28c0d6f5474 | ITER: 53 END: OK
2020-04-13 02:35:48.371 87 INFO rally.task.runner [-] Task 640f1903-d0ca-4e8d-b9bd-e28c0d6f5474 | ITER: 68 START
2020-04-13 02:35:48.596 68 INFO rally.task.runner [-] Task 640f1903-d0ca-4e8d-b9bd-e28c0d6f5474 | ITER: 49 END: OK
2020-04-13 02:35:48.600 68 INFO rally.task.runner [-] Task 640f1903-d0ca-4e8d-b9bd-e28c0d6f5474 | ITER: 69 START
2020-04-13 02:35:48.730 104 INFO rally.task.runner [-] Task 640f1903-d0ca-4e8d-b9bd-e28c0d6f5474 | ITER: 51 END: OK
2020-04-13 02:35:48.733 104 INFO rally.task.runner [-] Task 640f1903-d0ca-4e8d-b9bd-e28c0d6f5474 | ITER: 70 START
2020-04-13 02:35:48.869 116 INFO rally.task.runner [-] Task 640f1903-d0ca-4e8d-b9bd-e28c0d6f5474 | ITER: 29 END: OK
2020-04-13 02:35:48.872 116 INFO rally.task.runner [-] Task 640f1903-d0ca-4e8d-b9bd-e28c0d6f5474 | ITER: 71 START
2020-04-13 02:35:48.923 63 INFO rally.task.runner [-] Task 640f1903-d0ca-4e8d-b9bd-e28c0d6f5474 | ITER: 56 END: OK
2020-04-13 02:35:48.926 63 INFO rally.task.runner [-] Task 640f1903-d0ca-4e8d-b9bd-e28c0d6f5474 | ITER: 72 START
2020-04-13 02:35:49.013 75 INFO rally.task.runner [-] Task 640f1903-d0ca-4e8d-b9bd-e28c0d6f5474 | ITER: 65 END: OK
2020-04-13 02:35:49.016 75 INFO rally.task.runner [-] Task 640f1903-d0ca-4e8d-b9bd-e28c0d6f5474 | ITER: 73 START
2020-04-13 02:35:49.636 104 INFO rally.task.runner [-] Task 640f1903-d0ca-4e8d-b9bd-e28c0d6f5474 | ITER: 70 END: OK
2020-04-13 02:35:49.640 104 INFO rally.task.runner [-] Task 640f1903-d0ca-4e8d-b9bd-e28c0d6f5474 | ITER: 74 START
2020-04-13 02:35:49.687 71 INFO rally.task.runner [-] Task 640f1903-d0ca-4e8d-b9bd-e28c0d6f5474 | ITER: 63 END: OK
2020-04-13 02:35:49.691 71 INFO rally.task.runner [-] Task 640f1903-d0ca-4e8d-b9bd-e28c0d6f5474 | ITER: 75 START
2020-04-13 02:35:49.775 101 INFO rally.task.runner [-] Task 640f1903-d0ca-4e8d-b9bd-e28c0d6f5474 | ITER: 59 END: OK
2020-04-13 02:35:49.779 101 INFO rally.task.runner [-] Task 640f1903-d0ca-4e8d-b9bd-e28c0d6f5474 | ITER: 76 START
2020-04-13 02:35:49.921 116 INFO rally.task.runner [-] Task 640f1903-d0ca-4e8d-b9bd-e28c0d6f5474 | ITER: 71 END: OK
2020-04-13 02:35:49.924 116 INFO rally.task.runner [-] Task 640f1903-d0ca-4e8d-b9bd-e28c0d6f5474 | ITER: 77 START
2020-04-13 02:35:49.969 100 INFO rally.task.runner [-] Task 640f1903-d0ca-4e8d-b9bd-e28c0d6f5474 | ITER: 64 END: OK
2020-04-13 02:35:49.972 100 INFO rally.task.runner [-] Task 640f1903-d0ca-4e8d-b9bd-e28c0d6f5474 | ITER: 78 START
2020-04-13 02:35:50.147 84 INFO rally.task.runner [-] Task 640f1903-d0ca-4e8d-b9bd-e28c0d6f5474 | ITER: 66 END: OK
2020-04-13 02:35:50.152 84 INFO rally.task.runner [-] Task 640f1903-d0ca-4e8d-b9bd-e28c0d6f5474 | ITER: 79 START
2020-04-13 02:35:50.229 68 INFO rally.task.runner [-] Task 640f1903-d0ca-4e8d-b9bd-e28c0d6f5474 | ITER: 69 END: OK
2020-04-13 02:35:50.232 68 INFO rally.task.runner [-] Task 640f1903-d0ca-4e8d-b9bd-e28c0d6f5474 | ITER: 80 START
2020-04-13 02:35:50.378 104 INFO rally.task.runner [-] Task 640f1903-d0ca-4e8d-b9bd-e28c0d6f5474 | ITER: 74 END: OK
2020-04-13 02:35:50.382 104 INFO rally.task.runner [-] Task 640f1903-d0ca-4e8d-b9bd-e28c0d6f5474 | ITER: 81 START
2020-04-13 02:35:50.480 101 INFO rally.task.runner [-] Task 640f1903-d0ca-4e8d-b9bd-e28c0d6f5474 | ITER: 76 END: OK
2020-04-13 02:35:50.483 101 INFO rally.task.runner [-] Task 640f1903-d0ca-4e8d-b9bd-e28c0d6f5474 | ITER: 82 START
2020-04-13 02:35:50.667 111 INFO rally.task.runner [-] Task 640f1903-d0ca-4e8d-b9bd-e28c0d6f5474 | ITER: 58 END: OK
2020-04-13 02:35:50.670 111 INFO rally.task.runner [-] Task 640f1903-d0ca-4e8d-b9bd-e28c0d6f5474 | ITER: 83 START
2020-04-13 02:35:51.053 100 INFO rally.task.runner [-] Task 640f1903-d0ca-4e8d-b9bd-e28c0d6f5474 | ITER: 78 END: OK
2020-04-13 02:35:51.057 100 INFO rally.task.runner [-] Task 640f1903-d0ca-4e8d-b9bd-e28c0d6f5474 | ITER: 84 START
2020-04-13 02:35:51.193 101 INFO rally.task.runner [-] Task 640f1903-d0ca-4e8d-b9bd-e28c0d6f5474 | ITER: 82 END: OK
2020-04-13 02:35:51.197 101 INFO rally.task.runner [-] Task 640f1903-d0ca-4e8d-b9bd-e28c0d6f5474 | ITER: 85 START
2020-04-13 02:35:51.552 116 INFO rally.task.runner [-] Task 640f1903-d0ca-4e8d-b9bd-e28c0d6f5474 | ITER: 77 END: OK
2020-04-13 02:35:51.556 116 INFO rally.task.runner [-] Task 640f1903-d0ca-4e8d-b9bd-e28c0d6f5474 | ITER: 86 START
2020-04-13 02:35:51.783 68 INFO rally.task.runner [-] Task 640f1903-d0ca-4e8d-b9bd-e28c0d6f5474 | ITER: 80 END: OK
2020-04-13 02:35:51.786 68 INFO rally.task.runner [-] Task 640f1903-d0ca-4e8d-b9bd-e28c0d6f5474 | ITER: 87 START
2020-04-13 02:35:52.099 71 INFO rally.task.runner [-] Task 640f1903-d0ca-4e8d-b9bd-e28c0d6f5474 | ITER: 75 END: OK
2020-04-13 02:35:52.103 71 INFO rally.task.runner [-] Task 640f1903-d0ca-4e8d-b9bd-e28c0d6f5474 | ITER: 88 START
2020-04-13 02:35:52.121 75 INFO rally.task.runner [-] Task 640f1903-d0ca-4e8d-b9bd-e28c0d6f5474 | ITER: 73 END: OK
2020-04-13 02:35:52.125 75 INFO rally.task.runner [-] Task 640f1903-d0ca-4e8d-b9bd-e28c0d6f5474 | ITER: 89 START
2020-04-13 02:35:52.188 111 INFO rally.task.runner [-] Task 640f1903-d0ca-4e8d-b9bd-e28c0d6f5474 | ITER: 83 END: OK
2020-04-13 02:35:52.191 111 INFO rally.task.runner [-] Task 640f1903-d0ca-4e8d-b9bd-e28c0d6f5474 | ITER: 90 START
2020-04-13 02:35:52.300 116 INFO rally.task.runner [-] Task 640f1903-d0ca-4e8d-b9bd-e28c0d6f5474 | ITER: 86 END: OK
2020-04-13 02:35:52.303 116 INFO rally.task.runner [-] Task 640f1903-d0ca-4e8d-b9bd-e28c0d6f5474 | ITER: 91 START
2020-04-13 02:35:52.545 63 INFO rally.task.runner [-] Task 640f1903-d0ca-4e8d-b9bd-e28c0d6f5474 | ITER: 72 END: OK
2020-04-13 02:35:52.548 63 INFO rally.task.runner [-] Task 640f1903-d0ca-4e8d-b9bd-e28c0d6f5474 | ITER: 92 START
2020-04-13 02:35:52.635 101 INFO rally.task.runner [-] Task 640f1903-d0ca-4e8d-b9bd-e28c0d6f5474 | ITER: 85 END: OK
2020-04-13 02:35:52.639 101 INFO rally.task.runner [-] Task 640f1903-d0ca-4e8d-b9bd-e28c0d6f5474 | ITER: 93 START
2020-04-13 02:35:52.770 71 INFO rally.task.runner [-] Task 640f1903-d0ca-4e8d-b9bd-e28c0d6f5474 | ITER: 88 END: OK
2020-04-13 02:35:52.773 71 INFO rally.task.runner [-] Task 640f1903-d0ca-4e8d-b9bd-e28c0d6f5474 | ITER: 94 START
2020-04-13 02:35:53.052 116 INFO rally.task.runner [-] Task 640f1903-d0ca-4e8d-b9bd-e28c0d6f5474 | ITER: 91 END: OK
2020-04-13 02:35:53.055 116 INFO rally.task.runner [-] Task 640f1903-d0ca-4e8d-b9bd-e28c0d6f5474 | ITER: 95 START
2020-04-13 02:35:53.269 68 INFO rally.task.runner [-] Task 640f1903-d0ca-4e8d-b9bd-e28c0d6f5474 | ITER: 87 END: OK
2020-04-13 02:35:53.273 68 INFO rally.task.runner [-] Task 640f1903-d0ca-4e8d-b9bd-e28c0d6f5474 | ITER: 96 START
2020-04-13 02:35:53.289 111 INFO rally.task.runner [-] Task 640f1903-d0ca-4e8d-b9bd-e28c0d6f5474 | ITER: 90 END: OK
2020-04-13 02:35:53.292 111 INFO rally.task.runner [-] Task 640f1903-d0ca-4e8d-b9bd-e28c0d6f5474 | ITER: 97 START
2020-04-13 02:35:53.455 64 INFO rally.task.runner [-] Task 640f1903-d0ca-4e8d-b9bd-e28c0d6f5474 | ITER: 61 END: OK
2020-04-13 02:35:53.459 64 INFO rally.task.runner [-] Task 640f1903-d0ca-4e8d-b9bd-e28c0d6f5474 | ITER: 98 START
2020-04-13 02:35:53.788 104 INFO rally.task.runner [-] Task 640f1903-d0ca-4e8d-b9bd-e28c0d6f5474 | ITER: 81 END: OK
2020-04-13 02:35:53.792 104 INFO rally.task.runner [-] Task 640f1903-d0ca-4e8d-b9bd-e28c0d6f5474 | ITER: 99 START
2020-04-13 02:35:53.799 63 INFO rally.task.runner [-] Task 640f1903-d0ca-4e8d-b9bd-e28c0d6f5474 | ITER: 92 END: OK
2020-04-13 02:35:53.803 63 INFO rally.task.runner [-] Task 640f1903-d0ca-4e8d-b9bd-e28c0d6f5474 | ITER: 100 START
2020-04-13 02:35:53.811 75 INFO rally.task.runner [-] Task 640f1903-d0ca-4e8d-b9bd-e28c0d6f5474 | ITER: 89 END: OK
2020-04-13 02:35:53.921 80 INFO rally.task.runner [-] Task 640f1903-d0ca-4e8d-b9bd-e28c0d6f5474 | ITER: 67 END: OK
2020-04-13 02:35:54.255 101 INFO rally.task.runner [-] Task 640f1903-d0ca-4e8d-b9bd-e28c0d6f5474 | ITER: 93 END: OK
2020-04-13 02:35:54.578 116 INFO rally.task.runner [-] Task 640f1903-d0ca-4e8d-b9bd-e28c0d6f5474 | ITER: 95 END: OK
2020-04-13 02:35:54.888 71 INFO rally.task.runner [-] Task 640f1903-d0ca-4e8d-b9bd-e28c0d6f5474 | ITER: 94 END: OK
2020-04-13 02:35:55.008 81 INFO rally.task.runner [-] Task 640f1903-d0ca-4e8d-b9bd-e28c0d6f5474 | ITER: 9 END: OK
2020-04-13 02:35:55.158 63 INFO rally.task.runner [-] Task 640f1903-d0ca-4e8d-b9bd-e28c0d6f5474 | ITER: 100 END: OK
2020-04-13 02:35:55.277 84 INFO rally.task.runner [-] Task 640f1903-d0ca-4e8d-b9bd-e28c0d6f5474 | ITER: 79 END: OK
2020-04-13 02:35:55.819 68 INFO rally.task.runner [-] Task 640f1903-d0ca-4e8d-b9bd-e28c0d6f5474 | ITER: 96 END: OK
2020-04-13 02:35:56.102 64 INFO rally.task.runner [-] Task 640f1903-d0ca-4e8d-b9bd-e28c0d6f5474 | ITER: 98 END: OK
2020-04-13 02:35:56.113 111 INFO rally.task.runner [-] Task 640f1903-d0ca-4e8d-b9bd-e28c0d6f5474 | ITER: 97 END: OK
2020-04-13 02:35:56.531 107 INFO rally.task.runner [-] Task 640f1903-d0ca-4e8d-b9bd-e28c0d6f5474 | ITER: 17 END: OK
2020-04-13 02:35:56.631 100 INFO rally.task.runner [-] Task 640f1903-d0ca-4e8d-b9bd-e28c0d6f5474 | ITER: 84 END: OK
2020-04-13 02:35:57.683 94 INFO rally.task.runner [-] Task 640f1903-d0ca-4e8d-b9bd-e28c0d6f5474 | ITER: 24 END: OK
2020-04-13 02:35:58.438 104 INFO rally.task.runner [-] Task 640f1903-d0ca-4e8d-b9bd-e28c0d6f5474 | ITER: 99 END: OK
2020-04-13 02:35:58.785 95 INFO rally.task.runner [-] Task 640f1903-d0ca-4e8d-b9bd-e28c0d6f5474 | ITER: 55 END: OK
2020-04-13 02:36:00.298 87 INFO rally.task.runner [-] Task 640f1903-d0ca-4e8d-b9bd-e28c0d6f5474 | ITER: 68 END: OK
2020-04-13 02:36:00.822 65 INFO rally.task.runner [-] Task 640f1903-d0ca-4e8d-b9bd-e28c0d6f5474 | ITER: 39 END: OK
2020-04-13 02:36:02.738 113 INFO rally.task.runner [-] Task 640f1903-d0ca-4e8d-b9bd-e28c0d6f5474 | ITER: 19 END: OK
2020-04-13 02:36:06.741 70 INFO rally.task.runner [-] Task 640f1903-d0ca-4e8d-b9bd-e28c0d6f5474 | ITER: 34 END: OK
2020-04-13 02:36:06.770 15 INFO rally.task.context [-] Task 640f1903-d0ca-4e8d-b9bd-e28c0d6f5474 | Context cleanup@openstack cleanup() started
2020-04-13 02:36:06.776 15 RALLYDEBUG rally_openstack.cleanup.manager [-] Cleaning up neutron vip objects
2020-04-13 02:36:06.988 15 RALLYDEBUG rally_openstack.cleanup.manager [-] Cleaning up neutron health_monitor objects
2020-04-13 02:36:07.110 15 RALLYDEBUG rally_openstack.cleanup.manager [-] Cleaning up neutron pool objects
2020-04-13 02:36:07.239 15 RALLYDEBUG rally_openstack.cleanup.manager [-] Cleaning up neutron loadbalancer objects
2020-04-13 02:36:07.370 15 RALLYDEBUG rally_openstack.cleanup.manager [-] Cleaning up neutron floatingip objects
2020-04-13 02:36:07.699 15 RALLYDEBUG rally_openstack.cleanup.manager [-] Cleaning up neutron trunk objects
2020-04-13 02:36:07.854 15 RALLYDEBUG rally_openstack.cleanup.manager [-] Cleaning up neutron port objects
2020-04-13 02:36:08.019 15 RALLYDEBUG rally_openstack.cleanup.manager [-] Cleaning up neutron subnet objects
2020-04-13 02:36:08.202 15 RALLYDEBUG rally_openstack.cleanup.manager [-] Cleaning up neutron network objects
2020-04-13 02:36:09.151 15 RALLYDEBUG rally_openstack.cleanup.manager [-] Deleting neutron.network object s_rally_7fcd529a_E3iwRWmT (01afb7b9-6208-44b2-a1d3-f5ec05acce21)
2020-04-13 02:36:09.156 15 RALLYDEBUG rally_openstack.cleanup.manager [-] Deleting neutron.network object s_rally_7fcd529a_wGrPsSsc (02f69080-4603-4e18-ae94-669f63853265)
2020-04-13 02:36:09.166 15 RALLYDEBUG rally_openstack.cleanup.manager [-] Deleting neutron.network object s_rally_7fcd529a_YNOanbcP (0447a0ab-66ef-432c-afc8-022d885c95b3)
2020-04-13 02:36:09.176 15 RALLYDEBUG rally_openstack.cleanup.manager [-] Deleting neutron.network object s_rally_7fcd529a_9yJMcRfR (05e822c8-071c-43ac-ac99-2ff9633bc06a)
2020-04-13 02:36:09.189 15 RALLYDEBUG rally_openstack.cleanup.manager [-] Deleting neutron.network object s_rally_7fcd529a_y9m3pxz4 (07700ce5-ad71-4d26-9b37-fbde38048819)
2020-04-13 02:36:09.195 15 RALLYDEBUG rally_openstack.cleanup.manager [-] Deleting neutron.network object s_rally_7fcd529a_phqzQQaS (08df00fc-e793-4f78-af24-9471656e406b)
2020-04-13 02:36:09.230 15 RALLYDEBUG rally_openstack.cleanup.manager [-] Deleting neutron.network object s_rally_7fcd529a_ABjd58ys (0bcf4830-65b2-4362-840c-1f59c7851731)
2020-04-13 02:36:09.236 15 RALLYDEBUG rally_openstack.cleanup.manager [-] Deleting neutron.network object s_rally_7fcd529a_nTAS3doC (0e651610-6ff6-4965-884f-6f8553f5d6f7)
2020-04-13 02:36:09.256 15 RALLYDEBUG rally_openstack.cleanup.manager [-] Deleting neutron.network object s_rally_7fcd529a_W0MFBDA3 (10fbe451-c140-408e-a372-3f26496047cd)
2020-04-13 02:36:09.287 15 RALLYDEBUG rally_openstack.cleanup.manager [-] Deleting neutron.network object s_rally_7fcd529a_NicCHZJ7 (133d60fd-3a54-4445-945b-e52d52edc4ef)
2020-04-13 02:36:09.301 15 RALLYDEBUG rally_openstack.cleanup.manager [-] Deleting neutron.network object s_rally_7fcd529a_7lcu3glI (14922f1f-0e79-4ba7-842f-6330c8e62eaf)
2020-04-13 02:36:09.321 15 RALLYDEBUG rally_openstack.cleanup.manager [-] Deleting neutron.network object s_rally_7fcd529a_3ZUPRbcV (15b7e076-b764-4b14-b915-031050061ce1)
2020-04-13 02:36:09.326 15 RALLYDEBUG rally_openstack.cleanup.manager [-] Deleting neutron.network object s_rally_7fcd529a_VlxpUnVo (16291ac4-50ca-448e-991a-4970672eaead)
2020-04-13 02:36:09.331 15 RALLYDEBUG rally_openstack.cleanup.manager [-] Deleting neutron.network object s_rally_7fcd529a_SrQ7GeAc (174651ae-0bd7-47d6-bd32-5dbf20c33b78)
2020-04-13 02:36:09.355 15 RALLYDEBUG rally_openstack.cleanup.manager [-] Deleting neutron.network object s_rally_7fcd529a_gwjKzWHJ (1a53136b-35d6-4df8-9b19-f5df7f3a5225)
2020-04-13 02:36:09.366 15 RALLYDEBUG rally_openstack.cleanup.manager [-] Deleting neutron.network object s_rally_7fcd529a_BtBJVhlU (1ad6e239-a7b3-44dc-9aee-57df9f7c5835)
2020-04-13 02:36:09.397 15 RALLYDEBUG rally_openstack.cleanup.manager [-] Deleting neutron.network object s_rally_7fcd529a_ElVo78lC (21c5efcf-9aec-4fb4-99b0-94c9c07b8e4b)
2020-04-13 02:36:09.394 15 RALLYDEBUG rally_openstack.cleanup.manager [-] Deleting neutron.network object s_rally_7fcd529a_FXhFnxjy (20407357-f1d5-4b5c-b343-635a22a34aea)
2020-04-13 02:36:09.421 15 RALLYDEBUG rally_openstack.cleanup.manager [-] Deleting neutron.network object s_rally_7fcd529a_LdJ2BW1a (27f6d917-9280-48f0-9c58-73024f86c4bd)
2020-04-13 02:36:09.436 15 RALLYDEBUG rally_openstack.cleanup.manager [-] Deleting neutron.network object s_rally_7fcd529a_awd7OTjU (286bbbc6-09b9-4f0e-bba7-4c450a738500)
2020-04-13 02:36:11.273 15 RALLYDEBUG rally_openstack.cleanup.manager [-] Deleting neutron.network object s_rally_7fcd529a_YbaV5Qx8 (291c6c39-bb98-4cba-b4fc-4dc1811ce632)
2020-04-13 02:36:11.634 15 RALLYDEBUG rally_openstack.cleanup.manager [-] Deleting neutron.network object s_rally_7fcd529a_Fg6ZlWls (2ac2ad15-d08b-4552-b87a-2256a374a6c8)
2020-04-13 02:36:11.704 15 RALLYDEBUG rally_openstack.cleanup.manager [-] Deleting neutron.network object s_rally_7fcd529a_GLuWz8WK (2d964ab2-b360-4b6b-b2b4-e6fe9d3fcae0)
2020-04-13 02:36:11.715 15 RALLYDEBUG rally_openstack.cleanup.manager [-] Deleting neutron.network object s_rally_7fcd529a_nF6FWu2Y (346c2d33-13f8-4825-969d-fbb4dd90b492)
2020-04-13 02:36:11.727 15 RALLYDEBUG rally_openstack.cleanup.manager [-] Deleting neutron.network object s_rally_7fcd529a_fduUgFbu (368acc45-9feb-4775-87bc-a722465c56e8)
2020-04-13 02:36:11.788 15 RALLYDEBUG rally_openstack.cleanup.manager [-] Deleting neutron.network object s_rally_7fcd529a_B3hvVlDx (3c629180-c528-4678-b7ea-efd370e6b6a0)
2020-04-13 02:36:11.894 15 RALLYDEBUG rally_openstack.cleanup.manager [-] Deleting neutron.network object s_rally_7fcd529a_y1qWc7oC (43976b25-2b58-4047-a14a-e7ba459a9bbb)
2020-04-13 02:36:12.304 15 RALLYDEBUG rally_openstack.cleanup.manager [-] Deleting neutron.network object s_rally_7fcd529a_QbRRPw8b (4b6573f4-d333-4c72-a012-bc027bfbe054)
2020-04-13 02:36:12.314 15 RALLYDEBUG rally_openstack.cleanup.manager [-] Deleting neutron.network object s_rally_7fcd529a_1sjWNuU2 (4b984a5c-c662-44bc-91cc-8a1ed95cf3ca)
2020-04-13 02:36:12.596 15 RALLYDEBUG rally_openstack.cleanup.manager [-] Deleting neutron.network object s_rally_7fcd529a_9Zq6jWWl (536126ae-8354-4367-ac09-123fa8ab9ee0)
2020-04-13 02:36:12.599 15 RALLYDEBUG rally_openstack.cleanup.manager [-] Deleting neutron.network object s_rally_7fcd529a_QQ0N8ZNZ (52fbfb86-a1af-41ac-8e47-023903c905ef)
2020-04-13 02:36:12.612 15 RALLYDEBUG rally_openstack.cleanup.manager [-] Deleting neutron.network object s_rally_7fcd529a_0EgFPck3 (54447f25-fd3c-4d1a-ac2a-8e2d65a8e71e)
2020-04-13 02:36:13.207 15 RALLYDEBUG rally_openstack.cleanup.manager [-] Deleting neutron.network object s_rally_7fcd529a_WDinW5Mo (582f8c56-71a7-45f7-b44c-5cb1c1e6e3bd)
2020-04-13 02:36:13.629 15 RALLYDEBUG rally_openstack.cleanup.manager [-] Deleting neutron.network object s_rally_7fcd529a_VfdAFXOZ (5cc705e2-aa11-4e77-bd37-079c09dfa5a8)
2020-04-13 02:36:13.661 15 RALLYDEBUG rally_openstack.cleanup.manager [-] Deleting neutron.network object s_rally_7fcd529a_OHOxDmDk (61076f65-a452-421b-bfdf-ee02a0296b74)
2020-04-13 02:36:13.674 15 RALLYDEBUG rally_openstack.cleanup.manager [-] Deleting neutron.network object s_rally_7fcd529a_zvARehgc (66d05237-379e-48ec-b6e7-f0ca6a17bf78)
2020-04-13 02:36:13.688 15 RALLYDEBUG rally_openstack.cleanup.manager [-] Deleting neutron.network object s_rally_7fcd529a_1vRLrqvr (6c7bbdc1-2f52-47cf-9501-7170e3471a71)
2020-04-13 02:36:13.741 15 RALLYDEBUG rally_openstack.cleanup.manager [-] Deleting neutron.network object s_rally_7fcd529a_VortkiQu (7507d5a1-960f-46fd-a5cb-0739b7ef9dba)
2020-04-13 02:36:13.752 15 RALLYDEBUG rally_openstack.cleanup.manager [-] Deleting neutron.network object s_rally_7fcd529a_E68R0Zil (7b1a97e8-7d8b-4776-8713-2453f7ded956)
2020-04-13 02:36:13.772 15 RALLYDEBUG rally_openstack.cleanup.manager [-] Deleting neutron.network object s_rally_7fcd529a_VcbbBnMD (7df4b6c0-242a-4d5a-aea7-f08f027e8422)
2020-04-13 02:36:13.792 15 RALLYDEBUG rally_openstack.cleanup.manager [-] Deleting neutron.network object s_rally_7fcd529a_GGs03Fw5 (7f661a14-c95e-4610-9b3a-39addb1d0b99)
2020-04-13 02:36:13.921 15 RALLYDEBUG rally_openstack.cleanup.manager [-] Deleting neutron.network object s_rally_7fcd529a_YwcH0x1b (8881bd66-534b-470c-8428-f8a3a511da27)
2020-04-13 02:36:14.032 15 RALLYDEBUG rally_openstack.cleanup.manager [-] Deleting neutron.network object s_rally_7fcd529a_ppDmg46n (8a22e863-fc6c-4ed4-9af2-b707e8d707c9)
2020-04-13 02:36:14.040 15 RALLYDEBUG rally_openstack.cleanup.manager [-] Deleting neutron.network object s_rally_7fcd529a_stgNQUAK (8a722d46-673f-462d-8728-1a2f57c24bc2)
2020-04-13 02:36:14.255 15 RALLYDEBUG rally_openstack.cleanup.manager [-] Deleting neutron.network object s_rally_7fcd529a_ZJAlyTSD (8ad8e7fa-3d9d-4dcc-93b3-cd0e2ae5fb81)
2020-04-13 02:36:14.322 15 RALLYDEBUG rally_openstack.cleanup.manager [-] Deleting neutron.network object s_rally_7fcd529a_jxExsmgI (8b7584f7-0b4c-44b8-98cc-46e2fe326fdf)
2020-04-13 02:36:14.472 15 RALLYDEBUG rally_openstack.cleanup.manager [-] Deleting neutron.network object s_rally_7fcd529a_ci1VT7bo (8ceea20f-5b6d-443a-a2f7-e77498bb3f3d)
2020-04-13 02:36:14.510 15 RALLYDEBUG rally_openstack.cleanup.manager [-] Deleting neutron.network object s_rally_7fcd529a_UMXUxjtf (8f85fa3b-52f1-449d-9af0-52a9b7091a98)
2020-04-13 02:36:14.550 15 RALLYDEBUG rally_openstack.cleanup.manager [-] Deleting neutron.network object s_rally_7fcd529a_GUqQKVqv (90588eab-fae9-45ec-8c9f-274917b3a320)
2020-04-13 02:36:14.636 15 RALLYDEBUG rally_openstack.cleanup.manager [-] Deleting neutron.network object s_rally_7fcd529a_wL9H5iR0 (91f3d85d-35ac-4498-bcc9-481b070c7857)
2020-04-13 02:36:14.962 15 RALLYDEBUG rally_openstack.cleanup.manager [-] Deleting neutron.network object s_rally_7fcd529a_7GhZPYHq (923a4ec6-5acc-45da-a68a-c1403fba683b)
2020-04-13 02:36:15.315 15 RALLYDEBUG rally_openstack.cleanup.manager [-] Deleting neutron.network object s_rally_7fcd529a_XeyVva8i (93a98838-9933-41c3-983a-0fee8354326d)
2020-04-13 02:36:15.330 15 RALLYDEBUG rally_openstack.cleanup.manager [-] Deleting neutron.network object s_rally_7fcd529a_dVvihLSh (974f595b-8375-46fe-8683-9863fb107f1b)
2020-04-13 02:36:15.531 15 RALLYDEBUG rally_openstack.cleanup.manager [-] Deleting neutron.network object s_rally_7fcd529a_TZaYyqBq (9c21d7ec-9fe5-4bf0-9c70-224ca490d925)
2020-04-13 02:36:15.588 15 RALLYDEBUG rally_openstack.cleanup.manager [-] Deleting neutron.network object s_rally_7fcd529a_GAjmMf6s (a0b1c42b-8da5-4679-bf82-435d4ca122c3)
2020-04-13 02:36:15.860 15 RALLYDEBUG rally_openstack.cleanup.manager [-] Deleting neutron.network object s_rally_7fcd529a_vxEUeJG7 (a364f5b3-77ea-4d99-b863-b37bbc88eed6)
2020-04-13 02:36:16.011 15 RALLYDEBUG rally_openstack.cleanup.manager [-] Deleting neutron.network object s_rally_7fcd529a_K2op9OKw (a53c4bc2-cb3f-470f-8175-8b0fc8649f5f)
2020-04-13 02:36:16.034 15 RALLYDEBUG rally_openstack.cleanup.manager [-] Deleting neutron.network object s_rally_7fcd529a_d3zdgypD (a8050362-de80-4187-a978-ff67e3edbd38)
2020-04-13 02:36:16.048 15 RALLYDEBUG rally_openstack.cleanup.manager [-] Deleting neutron.network object s_rally_7fcd529a_xjAys1y3 (a8a3758e-c70a-4beb-9411-31e3b8b212ae)
2020-04-13 02:36:16.127 15 RALLYDEBUG rally_openstack.cleanup.manager [-] Deleting neutron.network object s_rally_7fcd529a_m94nYjpZ (b02aa0a3-fe69-4ac9-850d-234b81bfd461)
2020-04-13 02:36:16.139 15 RALLYDEBUG rally_openstack.cleanup.manager [-] Deleting neutron.network object s_rally_7fcd529a_ok9YoZmV (b1c43e42-ce13-4e33-840b-d4f4bbf8fff5)
2020-04-13 02:36:16.314 15 RALLYDEBUG rally_openstack.cleanup.manager [-] Deleting neutron.network object s_rally_7fcd529a_MjkyKQDW (bb1a552d-f7c2-418d-a39b-b3b5bb1294ec)
2020-04-13 02:36:16.326 15 RALLYDEBUG rally_openstack.cleanup.manager [-] Deleting neutron.network object s_rally_7fcd529a_Qv0oRW1C (bd80083a-d48d-4e83-b9f9-3bdda9c7302b)
2020-04-13 02:36:16.676 15 RALLYDEBUG rally_openstack.cleanup.manager [-] Deleting neutron.network object s_rally_7fcd529a_5n5cD1uZ (c17b4585-250f-404f-a0d7-5cfc96031d3c)
2020-04-13 02:36:16.726 15 RALLYDEBUG rally_openstack.cleanup.manager [-] Deleting neutron.network object s_rally_7fcd529a_WsS0sR3p (c8c92561-345a-48ba-b2c5-a82fcd19219f)
2020-04-13 02:36:16.859 15 RALLYDEBUG rally_openstack.cleanup.manager [-] Deleting neutron.network object s_rally_7fcd529a_mQrhUvCS (ca13b207-55b7-4821-a730-695d85c48c06)
2020-04-13 02:36:16.877 15 RALLYDEBUG rally_openstack.cleanup.manager [-] Deleting neutron.network object s_rally_7fcd529a_HnjtZMEq (cc4e6ec9-6c39-4aeb-87d4-e0d91d8c9cb6)
2020-04-13 02:36:16.978 15 RALLYDEBUG rally_openstack.cleanup.manager [-] Deleting neutron.network object s_rally_7fcd529a_RYd4q5Bq (cd5df74b-4a5b-4d49-8bd7-9b78dbbbe703)
2020-04-13 02:36:16.979 15 RALLYDEBUG rally_openstack.cleanup.manager [-] Deleting neutron.network object s_rally_7fcd529a_7R89s45y (cc716107-58e4-4c6b-979f-b3a551fe144d)
2020-04-13 02:36:17.095 15 RALLYDEBUG rally_openstack.cleanup.manager [-] Deleting neutron.network object s_rally_7fcd529a_rpyUbyAx (ce6d3943-501a-4f91-b2b5-961716eb3887)
2020-04-13 02:36:17.106 15 RALLYDEBUG rally_openstack.cleanup.manager [-] Deleting neutron.network object s_rally_7fcd529a_Kqvhor7D (cfb62fa3-8a52-43f2-9599-4d53b4937a7a)
2020-04-13 02:36:17.433 15 RALLYDEBUG rally_openstack.cleanup.manager [-] Deleting neutron.network object s_rally_7fcd529a_SDwcppYG (d10726a1-be10-4660-b963-3933d4a40cf8)
2020-04-13 02:36:17.803 15 RALLYDEBUG rally_openstack.cleanup.manager [-] Deleting neutron.network object s_rally_7fcd529a_XD0d568w (d1a18e56-c37d-4dcc-9efe-efcac5783841)
2020-04-13 02:36:17.862 15 RALLYDEBUG rally_openstack.cleanup.manager [-] Deleting neutron.network object s_rally_7fcd529a_R42dRzs0 (d2e337b4-299d-45ed-bad8-a90dd2de8e2e)
2020-04-13 02:36:17.902 15 RALLYDEBUG rally_openstack.cleanup.manager [-] Deleting neutron.network object s_rally_7fcd529a_dWmRRp85 (d33b37c1-1c73-4593-bea7-6e810daf6d4a)
2020-04-13 02:36:18.053 15 RALLYDEBUG rally_openstack.cleanup.manager [-] Deleting neutron.network object s_rally_7fcd529a_z0WNxhkl (d4245fee-1d06-4368-88fc-f3409ef2f130)
2020-04-13 02:36:18.065 15 RALLYDEBUG rally_openstack.cleanup.manager [-] Deleting neutron.network object s_rally_7fcd529a_KtDtqZ8Y (d65df293-deb0-40a1-b2b8-73474620cfbf)
2020-04-13 02:36:18.272 15 RALLYDEBUG rally_openstack.cleanup.manager [-] Deleting neutron.network object s_rally_7fcd529a_HAjH8uxh (d9ca21e4-f1b3-4cd3-a73c-13a251c90141)
2020-04-13 02:36:18.498 15 RALLYDEBUG rally_openstack.cleanup.manager [-] Deleting neutron.network object s_rally_7fcd529a_CYbZMmnr (d9e29b78-384e-401a-b640-d74ac6cfbf2e)
2020-04-13 02:36:18.598 15 RALLYDEBUG rally_openstack.cleanup.manager [-] Deleting neutron.network object s_rally_7fcd529a_oMrXdgFl (dc36da53-5d2c-4df1-9fb9-5cc458b9fd67)
2020-04-13 02:36:18.622 15 RALLYDEBUG rally_openstack.cleanup.manager [-] Deleting neutron.network object s_rally_7fcd529a_QUTjS1Pp (e40b01d0-d654-4054-86cd-abf5fbd23f40)
2020-04-13 02:36:18.773 15 RALLYDEBUG rally_openstack.cleanup.manager [-] Deleting neutron.network object s_rally_7fcd529a_sJj18vUu (e6486ddb-ba92-4d33-bd85-0a9f6f669366)
