2020-04-13 02:39:37.733 15 INFO rally.task.engine [-] Running workload: position = 2 config = { "version": 2, "title": "A cropped version of a bigger task.", "description": "Auto-generated task from a single workload (uuid=f299c0dd-cb33-43fb-8987-09353d7f109b)", "subtasks": [ { "title": "NeutronNetworks.create_and_delete_subnets", "description": "Create and delete a given number of subnets.", "scenario": { "NeutronNetworks.create_and_delete_subnets": { "network_create_args": {}, "subnet_create_args": {}, "subnet_cidr_start": "1.1.0.0/30", "subnets_per_network": 2 } }, "contexts": { "users": { "tenants": 1, "users_per_tenant": 1 }, "quotas": { "neutron": { "network": -1, "subnet": -1 } } }, "runner": { "constant": { "times": 40, "concurrency": 20 } }, "hooks": [], "sla": { "failure_rate": { "max": 0 } } } ] }
2020-04-13 02:39:37.754 15 RALLYDEBUG rally_openstack.contexts.keystone.users [-] Creating 1 tenants using 1 threads
2020-04-13 02:39:38.195 15 RALLYDEBUG rally_openstack.contexts.keystone.users [-] Creating 1 users using 1 threads
2020-04-13 02:39:38.900 15 INFO rally.task.context [-] Task 640f1903-d0ca-4e8d-b9bd-e28c0d6f5474 | Context users@openstack setup() finished in 1.15 sec
2020-04-13 02:39:39.277 15 INFO rally.task.context [-] Task 640f1903-d0ca-4e8d-b9bd-e28c0d6f5474 | Context quotas@openstack setup() finished in 0.38 sec
2020-04-13 02:39:39.278 15 INFO rally.task.context [-] Task 640f1903-d0ca-4e8d-b9bd-e28c0d6f5474 | Context cleanup@openstack setup() finished in 0.01 msec
2020-04-13 02:39:39.289 15 RALLYDEBUG rally.task.runner [-] Starting the constant runner (task UUID: 640f1903-d0ca-4e8d-b9bd-e28c0d6f5474). times: 40 concurrency: 20 timeout: 0 max_cpu_used: 88 processes_to_start: 20 concurrency_per_worker: 1 concurrency_overhead: 0
2020-04-13 02:39:39.301 2007 RALLYDEBUG rally.task.runner [-] Starting a worker. times: 40 duration: None concurrency: 1 timeout: 0 cls: method_name: run args: {"network_create_args": {}, "subnet_create_args": {}, "subnet_cidr_start": "1.1.0.0/30", "subnets_per_network": 2}
2020-04-13 02:39:39.303 2008 RALLYDEBUG rally.task.runner [-] Starting a worker. times: 40 duration: None concurrency: 1 timeout: 0 cls: method_name: run args: {"network_create_args": {}, "subnet_create_args": {}, "subnet_cidr_start": "1.1.0.0/30", "subnets_per_network": 2}
2020-04-13 02:39:39.306 2009 RALLYDEBUG rally.task.runner [-] Starting a worker. times: 40 duration: None concurrency: 1 timeout: 0 cls: method_name: run args: {"network_create_args": {}, "subnet_create_args": {}, "subnet_cidr_start": "1.1.0.0/30", "subnets_per_network": 2}
2020-04-13 02:39:39.306 2007 INFO rally.task.runner [-] Task 640f1903-d0ca-4e8d-b9bd-e28c0d6f5474 | ITER: 1 START
2020-04-13 02:39:39.308 2007 WARNING rally_openstack.scenarios.neutron.utils [-] Running this scenario without either the 'network' or 'existing_network' context is deprecated
2020-04-13 02:39:39.308 2008 INFO rally.task.runner [-] Task 640f1903-d0ca-4e8d-b9bd-e28c0d6f5474 | ITER: 2 START
2020-04-13 02:39:39.309 2010 RALLYDEBUG rally.task.runner [-] Starting a worker. times: 40 duration: None concurrency: 1 timeout: 0 cls: method_name: run args: {"network_create_args": {}, "subnet_create_args": {}, "subnet_cidr_start": "1.1.0.0/30", "subnets_per_network": 2}
2020-04-13 02:39:39.310 2008 WARNING rally_openstack.scenarios.neutron.utils [-] Running this scenario without either the 'network' or 'existing_network' context is deprecated
2020-04-13 02:39:39.311 2009 INFO rally.task.runner [-] Task 640f1903-d0ca-4e8d-b9bd-e28c0d6f5474 | ITER: 3 START
2020-04-13 02:39:39.311 2013 RALLYDEBUG rally.task.runner [-] Starting a worker. times: 40 duration: None concurrency: 1 timeout: 0 cls: method_name: run args: {"network_create_args": {}, "subnet_create_args": {}, "subnet_cidr_start": "1.1.0.0/30", "subnets_per_network": 2}
2020-04-13 02:39:39.313 2009 WARNING rally_openstack.scenarios.neutron.utils [-] Running this scenario without either the 'network' or 'existing_network' context is deprecated
2020-04-13 02:39:39.314 2010 INFO rally.task.runner [-] Task 640f1903-d0ca-4e8d-b9bd-e28c0d6f5474 | ITER: 4 START
2020-04-13 02:39:39.314 2016 RALLYDEBUG rally.task.runner [-] Starting a worker. times: 40 duration: None concurrency: 1 timeout: 0 cls: method_name: run args: {"network_create_args": {}, "subnet_create_args": {}, "subnet_cidr_start": "1.1.0.0/30", "subnets_per_network": 2}
2020-04-13 02:39:39.315 2010 WARNING rally_openstack.scenarios.neutron.utils [-] Running this scenario without either the 'network' or 'existing_network' context is deprecated
2020-04-13 02:39:39.316 2013 INFO rally.task.runner [-] Task 640f1903-d0ca-4e8d-b9bd-e28c0d6f5474 | ITER: 5 START
2020-04-13 02:39:39.318 2013 WARNING rally_openstack.scenarios.neutron.utils [-] Running this scenario without either the 'network' or 'existing_network' context is deprecated
2020-04-13 02:39:39.317 2019 RALLYDEBUG rally.task.runner [-] Starting a worker. times: 40 duration: None concurrency: 1 timeout: 0 cls: method_name: run args: {"network_create_args": {}, "subnet_create_args": {}, "subnet_cidr_start": "1.1.0.0/30", "subnets_per_network": 2}
2020-04-13 02:39:39.317 2022 RALLYDEBUG rally.task.runner [-] Starting a worker. times: 40 duration: None concurrency: 1 timeout: 0 cls: method_name: run args: {"network_create_args": {}, "subnet_create_args": {}, "subnet_cidr_start": "1.1.0.0/30", "subnets_per_network": 2}
2020-04-13 02:39:39.319 2016 INFO rally.task.runner [-] Task 640f1903-d0ca-4e8d-b9bd-e28c0d6f5474 | ITER: 6 START
2020-04-13 02:39:39.321 2016 WARNING rally_openstack.scenarios.neutron.utils [-] Running this scenario without either the 'network' or 'existing_network' context is deprecated
2020-04-13 02:39:39.322 2022 INFO rally.task.runner [-] Task 640f1903-d0ca-4e8d-b9bd-e28c0d6f5474 | ITER: 8 START
2020-04-13 02:39:39.323 2022 WARNING rally_openstack.scenarios.neutron.utils [-] Running this scenario without either the 'network' or 'existing_network' context is deprecated
2020-04-13 02:39:39.323 2019 INFO rally.task.runner [-] Task 640f1903-d0ca-4e8d-b9bd-e28c0d6f5474 | ITER: 7 START
2020-04-13 02:39:39.322 2026 RALLYDEBUG rally.task.runner [-] Starting a worker. times: 40 duration: None concurrency: 1 timeout: 0 cls: method_name: run args: {"network_create_args": {}, "subnet_create_args": {}, "subnet_cidr_start": "1.1.0.0/30", "subnets_per_network": 2}
2020-04-13 02:39:39.324 2019 WARNING rally_openstack.scenarios.neutron.utils [-] Running this scenario without either the 'network' or 'existing_network' context is deprecated
2020-04-13 02:39:39.324 2029 RALLYDEBUG rally.task.runner [-] Starting a worker. times: 40 duration: None concurrency: 1 timeout: 0 cls: method_name: run args: {"network_create_args": {}, "subnet_create_args": {}, "subnet_cidr_start": "1.1.0.0/30", "subnets_per_network": 2}
2020-04-13 02:39:39.326 2033 RALLYDEBUG rally.task.runner [-] Starting a worker. times: 40 duration: None concurrency: 1 timeout: 0 cls: method_name: run args: {"network_create_args": {}, "subnet_create_args": {}, "subnet_cidr_start": "1.1.0.0/30", "subnets_per_network": 2}
2020-04-13 02:39:39.328 2026 INFO rally.task.runner [-] Task 640f1903-d0ca-4e8d-b9bd-e28c0d6f5474 | ITER: 9 START
2020-04-13 02:39:39.329 2029 INFO rally.task.runner [-] Task 640f1903-d0ca-4e8d-b9bd-e28c0d6f5474 | ITER: 10 START
2020-04-13 02:39:39.329 2026 WARNING rally_openstack.scenarios.neutron.utils [-] Running this scenario without either the 'network' or 'existing_network' context is deprecated
2020-04-13 02:39:39.330 2029 WARNING rally_openstack.scenarios.neutron.utils [-] Running this scenario without either the 'network' or 'existing_network' context is deprecated
2020-04-13 02:39:39.330 2033 INFO rally.task.runner [-] Task 640f1903-d0ca-4e8d-b9bd-e28c0d6f5474 | ITER: 11 START
2020-04-13 02:39:39.331 2035 RALLYDEBUG rally.task.runner [-] Starting a worker. times: 40 duration: None concurrency: 1 timeout: 0 cls: method_name: run args: {"network_create_args": {}, "subnet_create_args": {}, "subnet_cidr_start": "1.1.0.0/30", "subnets_per_network": 2}
2020-04-13 02:39:39.332 2033 WARNING rally_openstack.scenarios.neutron.utils [-] Running this scenario without either the 'network' or 'existing_network' context is deprecated
2020-04-13 02:39:39.336 2035 INFO rally.task.runner [-] Task 640f1903-d0ca-4e8d-b9bd-e28c0d6f5474 | ITER: 12 START
2020-04-13 02:39:39.335 2040 RALLYDEBUG rally.task.runner [-] Starting a worker. times: 40 duration: None concurrency: 1 timeout: 0 cls: method_name: run args: {"network_create_args": {}, "subnet_create_args": {}, "subnet_cidr_start": "1.1.0.0/30", "subnets_per_network": 2}
2020-04-13 02:39:39.337 2035 WARNING rally_openstack.scenarios.neutron.utils [-] Running this scenario without either the 'network' or 'existing_network' context is deprecated
2020-04-13 02:39:39.337 2042 RALLYDEBUG rally.task.runner [-] Starting a worker. times: 40 duration: None concurrency: 1 timeout: 0 cls: method_name: run args: {"network_create_args": {}, "subnet_create_args": {}, "subnet_cidr_start": "1.1.0.0/30", "subnets_per_network": 2}
2020-04-13 02:39:39.339 2045 RALLYDEBUG rally.task.runner [-] Starting a worker. times: 40 duration: None concurrency: 1 timeout: 0 cls: method_name: run args: {"network_create_args": {}, "subnet_create_args": {}, "subnet_cidr_start": "1.1.0.0/30", "subnets_per_network": 2}
2020-04-13 02:39:39.341 2040 INFO rally.task.runner [-] Task 640f1903-d0ca-4e8d-b9bd-e28c0d6f5474 | ITER: 13 START
2020-04-13 02:39:39.341 2042 INFO rally.task.runner [-] Task 640f1903-d0ca-4e8d-b9bd-e28c0d6f5474 | ITER: 14 START
2020-04-13 02:39:39.341 2046 RALLYDEBUG rally.task.runner [-] Starting a worker. times: 40 duration: None concurrency: 1 timeout: 0 cls: method_name: run args: {"network_create_args": {}, "subnet_create_args": {}, "subnet_cidr_start": "1.1.0.0/30", "subnets_per_network": 2}
2020-04-13 02:39:39.342 2040 WARNING rally_openstack.scenarios.neutron.utils [-] Running this scenario without either the 'network' or 'existing_network' context is deprecated
2020-04-13 02:39:39.342 2042 WARNING rally_openstack.scenarios.neutron.utils [-] Running this scenario without either the 'network' or 'existing_network' context is deprecated
2020-04-13 02:39:39.344 2045 INFO rally.task.runner [-] Task 640f1903-d0ca-4e8d-b9bd-e28c0d6f5474 | ITER: 15 START
2020-04-13 02:39:39.344 2051 RALLYDEBUG rally.task.runner [-] Starting a worker. times: 40 duration: None concurrency: 1 timeout: 0 cls: method_name: run args: {"network_create_args": {}, "subnet_create_args": {}, "subnet_cidr_start": "1.1.0.0/30", "subnets_per_network": 2}
2020-04-13 02:39:39.345 2046 INFO rally.task.runner [-] Task 640f1903-d0ca-4e8d-b9bd-e28c0d6f5474 | ITER: 16 START
2020-04-13 02:39:39.345 2045 WARNING rally_openstack.scenarios.neutron.utils [-] Running this scenario without either the 'network' or 'existing_network' context is deprecated
2020-04-13 02:39:39.346 2046 WARNING rally_openstack.scenarios.neutron.utils [-] Running this scenario without either the 'network' or 'existing_network' context is deprecated
2020-04-13 02:39:39.347 2054 RALLYDEBUG rally.task.runner [-] Starting a worker. times: 40 duration: None concurrency: 1 timeout: 0 cls: method_name: run args: {"network_create_args": {}, "subnet_create_args": {}, "subnet_cidr_start": "1.1.0.0/30", "subnets_per_network": 2}
2020-04-13 02:39:39.350 2051 INFO rally.task.runner [-] Task 640f1903-d0ca-4e8d-b9bd-e28c0d6f5474 | ITER: 17 START
2020-04-13 02:39:39.350 2054 INFO rally.task.runner [-] Task 640f1903-d0ca-4e8d-b9bd-e28c0d6f5474 | ITER: 18 START
2020-04-13 02:39:39.351 2051 WARNING rally_openstack.scenarios.neutron.utils [-] Running this scenario without either the 'network' or 'existing_network' context is deprecated
2020-04-13 02:39:39.352 2054 WARNING rally_openstack.scenarios.neutron.utils [-] Running this scenario without either the 'network' or 'existing_network' context is deprecated
2020-04-13 02:39:39.352 2057 RALLYDEBUG rally.task.runner [-] Starting a worker. times: 40 duration: None concurrency: 1 timeout: 0 cls: method_name: run args: {"network_create_args": {}, "subnet_create_args": {}, "subnet_cidr_start": "1.1.0.0/30", "subnets_per_network": 2}
2020-04-13 02:39:39.353 2062 RALLYDEBUG rally.task.runner [-] Starting a worker. times: 40 duration: None concurrency: 1 timeout: 0 cls: method_name: run args: {"network_create_args": {}, "subnet_create_args": {}, "subnet_cidr_start": "1.1.0.0/30", "subnets_per_network": 2}
2020-04-13 02:39:39.356 2057 INFO rally.task.runner [-] Task 640f1903-d0ca-4e8d-b9bd-e28c0d6f5474 | ITER: 19 START
2020-04-13 02:39:39.357 2062 INFO rally.task.runner [-] Task 640f1903-d0ca-4e8d-b9bd-e28c0d6f5474 | ITER: 20 START
2020-04-13 02:39:39.357 2057 WARNING rally_openstack.scenarios.neutron.utils [-] Running this scenario without either the 'network' or 'existing_network' context is deprecated
2020-04-13 02:39:39.358 2062 WARNING rally_openstack.scenarios.neutron.utils [-] Running this scenario without either the 'network' or 'existing_network' context is deprecated
2020-04-13 02:39:39.974 2029 RALLYDEBUG rally_openstack.wrappers.network [-] CIDR generated: 1.1.4.96/30
2020-04-13 02:39:40.481 2054 RALLYDEBUG rally_openstack.wrappers.network [-] CIDR generated: 1.1.4.100/30
2020-04-13 02:39:40.560 2040 RALLYDEBUG rally_openstack.wrappers.network [-] CIDR generated: 1.1.4.104/30
2020-04-13 02:39:40.664 2026 RALLYDEBUG rally_openstack.wrappers.network [-] CIDR generated: 1.1.4.108/30
2020-04-13 02:39:41.037 2007 RALLYDEBUG rally_openstack.wrappers.network [-] CIDR generated: 1.1.4.112/30
2020-04-13 02:39:41.177 2054 RALLYDEBUG rally_openstack.wrappers.network [-] CIDR generated: 1.1.4.116/30
2020-04-13 02:39:41.563 2035 RALLYDEBUG rally_openstack.wrappers.network [-] CIDR generated: 1.1.4.120/30
2020-04-13 02:39:41.640 2033 RALLYDEBUG rally_openstack.wrappers.network [-] CIDR generated: 1.1.4.124/30
2020-04-13 02:39:41.673 2029 RALLYDEBUG rally_openstack.wrappers.network [-] CIDR generated: 1.1.4.128/30
2020-04-13 02:39:41.936 2022 RALLYDEBUG rally_openstack.wrappers.network [-] CIDR generated: 1.1.4.132/30
2020-04-13 02:39:41.980 2008 RALLYDEBUG rally_openstack.wrappers.network [-] CIDR generated: 1.1.4.136/30
2020-04-13 02:39:42.184 2016 RALLYDEBUG rally_openstack.wrappers.network [-] CIDR generated: 1.1.4.140/30
2020-04-13 02:39:42.190 2040 RALLYDEBUG rally_openstack.wrappers.network [-] CIDR generated: 1.1.4.144/30
2020-04-13 02:39:42.198 2007 RALLYDEBUG rally_openstack.wrappers.network [-] CIDR generated: 1.1.4.148/30
2020-04-13 02:39:42.316 2026 RALLYDEBUG rally_openstack.wrappers.network [-] CIDR generated: 1.1.4.152/30
2020-04-13 02:39:42.625 2010 RALLYDEBUG rally_openstack.wrappers.network [-] CIDR generated: 1.1.4.156/30
2020-04-13 02:39:42.848 2019 RALLYDEBUG rally_openstack.wrappers.network [-] CIDR generated: 1.1.4.160/30
2020-04-13 02:39:42.872 2008 RALLYDEBUG rally_openstack.wrappers.network [-] CIDR generated: 1.1.4.164/30
2020-04-13 02:39:42.902 2033 RALLYDEBUG rally_openstack.wrappers.network [-] CIDR generated: 1.1.4.168/30
2020-04-13 02:39:42.981 2035 RALLYDEBUG rally_openstack.wrappers.network [-] CIDR generated: 1.1.4.172/30
2020-04-13 02:39:43.680 2013 RALLYDEBUG rally_openstack.wrappers.network [-] CIDR generated: 1.1.4.176/30
2020-04-13 02:39:43.799 2016 RALLYDEBUG rally_openstack.wrappers.network [-] CIDR generated: 1.1.4.180/30
2020-04-13 02:39:44.010 2051 RALLYDEBUG rally_openstack.wrappers.network [-] CIDR generated: 1.1.4.184/30
2020-04-13 02:39:44.326 2022 RALLYDEBUG rally_openstack.wrappers.network [-] CIDR generated: 1.1.4.188/30
2020-04-13 02:39:44.724 2009 RALLYDEBUG rally_openstack.wrappers.network [-] CIDR generated: 1.1.4.192/30
2020-04-13 02:39:44.828 2054 INFO rally.task.runner [-] Task 640f1903-d0ca-4e8d-b9bd-e28c0d6f5474 | ITER: 18 END: OK
2020-04-13 02:39:44.831 2054 INFO rally.task.runner [-] Task 640f1903-d0ca-4e8d-b9bd-e28c0d6f5474 | ITER: 21 START
2020-04-13 02:39:44.832 2054 WARNING rally_openstack.scenarios.neutron.utils [-] Running this scenario without either the 'network' or 'existing_network' context is deprecated
2020-04-13 02:39:45.030 2019 RALLYDEBUG rally_openstack.wrappers.network [-] CIDR generated: 1.1.4.196/30
2020-04-13 02:39:45.567 2042 RALLYDEBUG rally_openstack.wrappers.network [-] CIDR generated: 1.1.4.204/30
2020-04-13 02:39:45.567 2013 RALLYDEBUG rally_openstack.wrappers.network [-] CIDR generated: 1.1.4.200/30
2020-04-13 02:39:45.664 2054 RALLYDEBUG rally_openstack.wrappers.network [-] CIDR generated: 1.1.4.208/30
2020-04-13 02:39:45.885 2010 RALLYDEBUG rally_openstack.wrappers.network [-] CIDR generated: 1.1.4.212/30
2020-04-13 02:39:46.434 2054 RALLYDEBUG rally_openstack.wrappers.network [-] CIDR generated: 1.1.4.216/30
2020-04-13 02:39:46.764 2051 RALLYDEBUG rally_openstack.wrappers.network [-] CIDR generated: 1.1.4.220/30
2020-04-13 02:39:46.962 2057 RALLYDEBUG rally_openstack.wrappers.network [-] CIDR generated: 1.1.4.224/30
2020-04-13 02:39:47.597 2046 RALLYDEBUG rally_openstack.wrappers.network [-] CIDR generated: 1.1.4.228/30
2020-04-13 02:39:47.779 2009 RALLYDEBUG rally_openstack.wrappers.network [-] CIDR generated: 1.1.4.232/30
2020-04-13 02:39:48.217 2007 INFO rally.task.runner [-] Task 640f1903-d0ca-4e8d-b9bd-e28c0d6f5474 | ITER: 1 END: OK
2020-04-13 02:39:48.220 2007 INFO rally.task.runner [-] Task 640f1903-d0ca-4e8d-b9bd-e28c0d6f5474 | ITER: 22 START
2020-04-13 02:39:48.221 2007 WARNING rally_openstack.scenarios.neutron.utils [-] Running this scenario without either the 'network' or 'existing_network' context is deprecated
2020-04-13 02:39:48.521 2007 RALLYDEBUG rally_openstack.wrappers.network [-] CIDR generated: 1.1.4.236/30
2020-04-13 02:39:48.717 2029 INFO rally.task.runner [-] Task 640f1903-d0ca-4e8d-b9bd-e28c0d6f5474 | ITER: 10 END: OK
2020-04-13 02:39:48.720 2029 INFO rally.task.runner [-] Task 640f1903-d0ca-4e8d-b9bd-e28c0d6f5474 | ITER: 23 START
2020-04-13 02:39:48.721 2029 WARNING rally_openstack.scenarios.neutron.utils [-] Running this scenario without either the 'network' or 'existing_network' context is deprecated
2020-04-13 02:39:48.735 2054 INFO rally.task.runner [-] Task 640f1903-d0ca-4e8d-b9bd-e28c0d6f5474 | ITER: 21 END: OK
2020-04-13 02:39:48.738 2054 INFO rally.task.runner [-] Task 640f1903-d0ca-4e8d-b9bd-e28c0d6f5474 | ITER: 24 START
2020-04-13 02:39:48.739 2054 WARNING rally_openstack.scenarios.neutron.utils [-] Running this scenario without either the 'network' or 'existing_network' context is deprecated
2020-04-13 02:39:48.917 2062 RALLYDEBUG rally_openstack.wrappers.network [-] CIDR generated: 1.1.4.240/30
2020-04-13 02:39:49.063 2029 RALLYDEBUG rally_openstack.wrappers.network [-] CIDR generated: 1.1.4.244/30
2020-04-13 02:39:49.281 2007 RALLYDEBUG rally_openstack.wrappers.network [-] CIDR generated: 1.1.4.248/30
2020-04-13 02:39:49.309 2016 INFO rally.task.runner [-] Task 640f1903-d0ca-4e8d-b9bd-e28c0d6f5474 | ITER: 6 END: OK
2020-04-13 02:39:49.313 2016 INFO rally.task.runner [-] Task 640f1903-d0ca-4e8d-b9bd-e28c0d6f5474 | ITER: 25 START
2020-04-13 02:39:49.314 2016 WARNING rally_openstack.scenarios.neutron.utils [-] Running this scenario without either the 'network' or 'existing_network' context is deprecated
2020-04-13 02:39:49.329 2008 INFO rally.task.runner [-] Task 640f1903-d0ca-4e8d-b9bd-e28c0d6f5474 | ITER: 2 END: OK
2020-04-13 02:39:49.333 2008 INFO rally.task.runner [-] Task 640f1903-d0ca-4e8d-b9bd-e28c0d6f5474 | ITER: 26 START
2020-04-13 02:39:49.334 2008 WARNING rally_openstack.scenarios.neutron.utils [-] Running this scenario without either the 'network' or 'existing_network' context is deprecated
2020-04-13 02:39:49.521 2042 RALLYDEBUG rally_openstack.wrappers.network [-] CIDR generated: 1.1.4.252/30
2020-04-13 02:39:49.801 2008 RALLYDEBUG rally_openstack.wrappers.network [-] CIDR generated: 1.1.5.0/30
2020-04-13 02:39:50.075 2033 INFO rally.task.runner [-] Task 640f1903-d0ca-4e8d-b9bd-e28c0d6f5474 | ITER: 11 END: OK
2020-04-13 02:39:50.079 2033 INFO rally.task.runner [-] Task 640f1903-d0ca-4e8d-b9bd-e28c0d6f5474 | ITER: 27 START
2020-04-13 02:39:50.080 2033 WARNING rally_openstack.scenarios.neutron.utils [-] Running this scenario without either the 'network' or 'existing_network' context is deprecated
2020-04-13 02:39:50.084 2062 RALLYDEBUG rally_openstack.wrappers.network [-] CIDR generated: 1.1.5.4/30
2020-04-13 02:39:50.107 2029 RALLYDEBUG rally_openstack.wrappers.network [-] CIDR generated: 1.1.5.8/30
2020-04-13 02:39:50.152 2046 RALLYDEBUG rally_openstack.wrappers.network [-] CIDR generated: 1.1.5.12/30
2020-04-13 02:39:50.295 2016 RALLYDEBUG rally_openstack.wrappers.network [-] CIDR generated: 1.1.5.16/30
2020-04-13 02:39:50.984 2054 RALLYDEBUG rally_openstack.wrappers.network [-] CIDR generated: 1.1.5.20/30
2020-04-13 02:39:51.126 2033 RALLYDEBUG rally_openstack.wrappers.network [-] CIDR generated: 1.1.5.24/30
2020-04-13 02:39:51.201 2057 RALLYDEBUG rally_openstack.wrappers.network [-] CIDR generated: 1.1.5.28/30
2020-04-13 02:39:51.516 2016 RALLYDEBUG rally_openstack.wrappers.network [-] CIDR generated: 1.1.5.32/30
2020-04-13 02:39:51.861 2022 INFO rally.task.runner [-] Task 640f1903-d0ca-4e8d-b9bd-e28c0d6f5474 | ITER: 8 END: OK
2020-04-13 02:39:51.865 2022 INFO rally.task.runner [-] Task 640f1903-d0ca-4e8d-b9bd-e28c0d6f5474 | ITER: 28 START
2020-04-13 02:39:51.866 2022 WARNING rally_openstack.scenarios.neutron.utils [-] Running this scenario without either the 'network' or 'existing_network' context is deprecated
2020-04-13 02:39:51.953 2019 INFO rally.task.runner [-] Task 640f1903-d0ca-4e8d-b9bd-e28c0d6f5474 | ITER: 7 END: OK
2020-04-13 02:39:51.956 2026 INFO rally.task.runner [-] Task 640f1903-d0ca-4e8d-b9bd-e28c0d6f5474 | ITER: 9 END: OK
2020-04-13 02:39:51.957 2019 INFO rally.task.runner [-] Task 640f1903-d0ca-4e8d-b9bd-e28c0d6f5474 | ITER: 29 START
2020-04-13 02:39:51.958 2019 WARNING rally_openstack.scenarios.neutron.utils [-] Running this scenario without either the 'network' or 'existing_network' context is deprecated
2020-04-13 02:39:51.960 2026 INFO rally.task.runner [-] Task 640f1903-d0ca-4e8d-b9bd-e28c0d6f5474 | ITER: 30 START
2020-04-13 02:39:51.960 2026 WARNING rally_openstack.scenarios.neutron.utils [-] Running this scenario without either the 'network' or 'existing_network' context is deprecated
2020-04-13 02:39:52.004 2040 INFO rally.task.runner [-] Task 640f1903-d0ca-4e8d-b9bd-e28c0d6f5474 | ITER: 13 END: OK
2020-04-13 02:39:52.008 2040 INFO rally.task.runner [-] Task 640f1903-d0ca-4e8d-b9bd-e28c0d6f5474 | ITER: 31 START
2020-04-13 02:39:52.008 2040 WARNING rally_openstack.scenarios.neutron.utils [-] Running this scenario without either the 'network' or 'existing_network' context is deprecated
2020-04-13 02:39:52.072 2008 RALLYDEBUG rally_openstack.wrappers.network [-] CIDR generated: 1.1.5.36/30
2020-04-13 02:39:52.208 2022 RALLYDEBUG rally_openstack.wrappers.network [-] CIDR generated: 1.1.5.40/30
2020-04-13 02:39:52.299 2026 RALLYDEBUG rally_openstack.wrappers.network [-] CIDR generated: 1.1.5.44/30
2020-04-13 02:39:52.345 2045 RALLYDEBUG rally_openstack.wrappers.network [-] CIDR generated: 1.1.5.48/30
2020-04-13 02:39:52.482 2035 INFO rally.task.runner [-] Task 640f1903-d0ca-4e8d-b9bd-e28c0d6f5474 | ITER: 12 END: OK
2020-04-13 02:39:52.487 2035 INFO rally.task.runner [-] Task 640f1903-d0ca-4e8d-b9bd-e28c0d6f5474 | ITER: 32 START
2020-04-13 02:39:52.495 2035 WARNING rally_openstack.scenarios.neutron.utils [-] Running this scenario without either the 'network' or 'existing_network' context is deprecated
2020-04-13 02:39:52.617 2010 INFO rally.task.runner [-] Task 640f1903-d0ca-4e8d-b9bd-e28c0d6f5474 | ITER: 4 END: OK
2020-04-13 02:39:52.622 2010 INFO rally.task.runner [-] Task 640f1903-d0ca-4e8d-b9bd-e28c0d6f5474 | ITER: 33 START
2020-04-13 02:39:52.623 2010 WARNING rally_openstack.scenarios.neutron.utils [-] Running this scenario without either the 'network' or 'existing_network' context is deprecated
2020-04-13 02:39:52.638 2062 INFO rally.task.runner [-] Task 640f1903-d0ca-4e8d-b9bd-e28c0d6f5474 | ITER: 20 END: OK
2020-04-13 02:39:52.642 2062 INFO rally.task.runner [-] Task 640f1903-d0ca-4e8d-b9bd-e28c0d6f5474 | ITER: 34 START
2020-04-13 02:39:52.642 2062 WARNING rally_openstack.scenarios.neutron.utils [-] Running this scenario without either the 'network' or 'existing_network' context is deprecated
2020-04-13 02:39:52.676 2040 RALLYDEBUG rally_openstack.wrappers.network [-] CIDR generated: 1.1.5.52/30
2020-04-13 02:39:52.900 2022 RALLYDEBUG rally_openstack.wrappers.network [-] CIDR generated: 1.1.5.56/30
2020-04-13 02:39:52.951 2007 INFO rally.task.runner [-] Task 640f1903-d0ca-4e8d-b9bd-e28c0d6f5474 | ITER: 22 END: OK
2020-04-13 02:39:52.955 2007 INFO rally.task.runner [-] Task 640f1903-d0ca-4e8d-b9bd-e28c0d6f5474 | ITER: 35 START
2020-04-13 02:39:52.955 2007 WARNING rally_openstack.scenarios.neutron.utils [-] Running this scenario without either the 'network' or 'existing_network' context is deprecated
2020-04-13 02:39:53.018 2035 RALLYDEBUG rally_openstack.wrappers.network [-] CIDR generated: 1.1.5.60/30
2020-04-13 02:39:53.172 2045 RALLYDEBUG rally_openstack.wrappers.network [-] CIDR generated: 1.1.5.64/30
2020-04-13 02:39:53.274 2007 RALLYDEBUG rally_openstack.wrappers.network [-] CIDR generated: 1.1.5.68/30
2020-04-13 02:39:53.409 2054 RALLYDEBUG rally_openstack.wrappers.network [-] CIDR generated: 1.1.5.72/30
2020-04-13 02:39:53.566 2013 INFO rally.task.runner [-] Task 640f1903-d0ca-4e8d-b9bd-e28c0d6f5474 | ITER: 5 END: OK
2020-04-13 02:39:53.569 2013 INFO rally.task.runner [-] Task 640f1903-d0ca-4e8d-b9bd-e28c0d6f5474 | ITER: 36 START
2020-04-13 02:39:53.570 2013 WARNING rally_openstack.scenarios.neutron.utils [-] Running this scenario without either the 'network' or 'existing_network' context is deprecated
2020-04-13 02:39:53.609 2062 RALLYDEBUG rally_openstack.wrappers.network [-] CIDR generated: 1.1.5.76/30
2020-04-13 02:39:53.658 2051 INFO rally.task.runner [-] Task 640f1903-d0ca-4e8d-b9bd-e28c0d6f5474 | ITER: 17 END: OK
2020-04-13 02:39:53.662 2051 INFO rally.task.runner [-] Task 640f1903-d0ca-4e8d-b9bd-e28c0d6f5474 | ITER: 37 START
2020-04-13 02:39:53.663 2051 WARNING rally_openstack.scenarios.neutron.utils [-] Running this scenario without either the 'network' or 'existing_network' context is deprecated
2020-04-13 02:39:53.772 2026 RALLYDEBUG rally_openstack.wrappers.network [-] CIDR generated: 1.1.5.80/30
2020-04-13 02:39:53.800 2009 INFO rally.task.runner [-] Task 640f1903-d0ca-4e8d-b9bd-e28c0d6f5474 | ITER: 3 END: OK
2020-04-13 02:39:53.804 2009 INFO rally.task.runner [-] Task 640f1903-d0ca-4e8d-b9bd-e28c0d6f5474 | ITER: 38 START
2020-04-13 02:39:53.805 2009 WARNING rally_openstack.scenarios.neutron.utils [-] Running this scenario without either the 'network' or 'existing_network' context is deprecated
2020-04-13 02:39:53.833 2033 RALLYDEBUG rally_openstack.wrappers.network [-] CIDR generated: 1.1.5.84/30
2020-04-13 02:39:54.068 2007 RALLYDEBUG rally_openstack.wrappers.network [-] CIDR generated: 1.1.5.88/30
2020-04-13 02:39:54.085 2040 RALLYDEBUG rally_openstack.wrappers.network [-] CIDR generated: 1.1.5.92/30
2020-04-13 02:39:54.093 2016 INFO rally.task.runner [-] Task 640f1903-d0ca-4e8d-b9bd-e28c0d6f5474 | ITER: 25 END: OK
2020-04-13 02:39:54.096 2016 INFO rally.task.runner [-] Task 640f1903-d0ca-4e8d-b9bd-e28c0d6f5474 | ITER: 39 START
2020-04-13 02:39:54.097 2016 WARNING rally_openstack.scenarios.neutron.utils [-] Running this scenario without either the 'network' or 'existing_network' context is deprecated
2020-04-13 02:39:54.161 2051 RALLYDEBUG rally_openstack.wrappers.network [-] CIDR generated: 1.1.5.96/30
2020-04-13 02:39:54.375 2016 RALLYDEBUG rally_openstack.wrappers.network [-] CIDR generated: 1.1.5.100/30
2020-04-13 02:39:54.458 2010 RALLYDEBUG rally_openstack.wrappers.network [-] CIDR generated: 1.1.5.104/30
2020-04-13 02:39:55.066 2035 RALLYDEBUG rally_openstack.wrappers.network [-] CIDR generated: 1.1.5.108/30
2020-04-13 02:39:55.126 2016 RALLYDEBUG rally_openstack.wrappers.network [-] CIDR generated: 1.1.5.112/30
2020-04-13 02:39:55.335 2029 INFO rally.task.runner [-] Task 640f1903-d0ca-4e8d-b9bd-e28c0d6f5474 | ITER: 23 END: OK
2020-04-13 02:39:55.338 2029 INFO rally.task.runner [-] Task 640f1903-d0ca-4e8d-b9bd-e28c0d6f5474 | ITER: 40 START
2020-04-13 02:39:55.339 2029 WARNING rally_openstack.scenarios.neutron.utils [-] Running this scenario without either the 'network' or 'existing_network' context is deprecated
2020-04-13 02:39:55.399 2009 RALLYDEBUG rally_openstack.wrappers.network [-] CIDR generated: 1.1.5.116/30
2020-04-13 02:39:55.416 2051 RALLYDEBUG rally_openstack.wrappers.network [-] CIDR generated: 1.1.5.120/30
2020-04-13 02:39:55.462 2045 INFO rally.task.runner [-] Task 640f1903-d0ca-4e8d-b9bd-e28c0d6f5474 | ITER: 15 END: OK
2020-04-13 02:39:55.465 2013 RALLYDEBUG rally_openstack.wrappers.network [-] CIDR generated: 1.1.5.124/30
2020-04-13 02:39:55.695 2046 INFO rally.task.runner [-] Task 640f1903-d0ca-4e8d-b9bd-e28c0d6f5474 | ITER: 16 END: OK
2020-04-13 02:39:55.868 2010 RALLYDEBUG rally_openstack.wrappers.network [-] CIDR generated: 1.1.5.128/30
2020-04-13 02:39:55.875 2062 RALLYDEBUG rally_openstack.wrappers.network [-] CIDR generated: 1.1.5.132/30
2020-04-13 02:39:56.215 2009 RALLYDEBUG rally_openstack.wrappers.network [-] CIDR generated: 1.1.5.136/30
2020-04-13 02:39:56.345 2029 RALLYDEBUG rally_openstack.wrappers.network [-] CIDR generated: 1.1.5.140/30
2020-04-13 02:39:56.389 2022 INFO rally.task.runner [-] Task 640f1903-d0ca-4e8d-b9bd-e28c0d6f5474 | ITER: 28 END: OK
2020-04-13 02:39:56.429 2008 INFO rally.task.runner [-] Task 640f1903-d0ca-4e8d-b9bd-e28c0d6f5474 | ITER: 26 END: OK
2020-04-13 02:39:56.477 2040 INFO rally.task.runner [-] Task 640f1903-d0ca-4e8d-b9bd-e28c0d6f5474 | ITER: 31 END: OK
2020-04-13 02:39:56.505 2042 INFO rally.task.runner [-] Task 640f1903-d0ca-4e8d-b9bd-e28c0d6f5474 | ITER: 14 END: OK
2020-04-13 02:39:56.930 2054 INFO rally.task.runner [-] Task 640f1903-d0ca-4e8d-b9bd-e28c0d6f5474 | ITER: 24 END: OK
2020-04-13 02:39:57.037 2029 RALLYDEBUG rally_openstack.wrappers.network [-] CIDR generated: 1.1.5.144/30
2020-04-13 02:39:57.114 2057 INFO rally.task.runner [-] Task 640f1903-d0ca-4e8d-b9bd-e28c0d6f5474 | ITER: 19 END: OK
2020-04-13 02:39:57.276 2013 RALLYDEBUG rally_openstack.wrappers.network [-] CIDR generated: 1.1.5.148/30
2020-04-13 02:39:57.350 2016 INFO rally.task.runner [-] Task 640f1903-d0ca-4e8d-b9bd-e28c0d6f5474 | ITER: 39 END: OK
2020-04-13 02:39:57.478 2007 INFO rally.task.runner [-] Task 640f1903-d0ca-4e8d-b9bd-e28c0d6f5474 | ITER: 35 END: OK
2020-04-13 02:39:57.637 2051 INFO rally.task.runner [-] Task 640f1903-d0ca-4e8d-b9bd-e28c0d6f5474 | ITER: 37 END: OK
2020-04-13 02:39:57.796 2009 INFO rally.task.runner [-] Task 640f1903-d0ca-4e8d-b9bd-e28c0d6f5474 | ITER: 38 END: OK
2020-04-13 02:39:57.798 2033 INFO rally.task.runner [-] Task 640f1903-d0ca-4e8d-b9bd-e28c0d6f5474 | ITER: 27 END: OK
2020-04-13 02:39:58.658 2019 RALLYDEBUG rally_openstack.wrappers.network [-] CIDR generated: 1.1.5.152/30
2020-04-13 02:39:58.817 2035 INFO rally.task.runner [-] Task 640f1903-d0ca-4e8d-b9bd-e28c0d6f5474 | ITER: 32 END: OK
2020-04-13 02:39:58.934 2026 INFO rally.task.runner [-] Task 640f1903-d0ca-4e8d-b9bd-e28c0d6f5474 | ITER: 30 END: OK
2020-04-13 02:39:59.124 2013 INFO rally.task.runner [-] Task 640f1903-d0ca-4e8d-b9bd-e28c0d6f5474 | ITER: 36 END: OK
2020-04-13 02:39:59.196 2029 INFO rally.task.runner [-] Task 640f1903-d0ca-4e8d-b9bd-e28c0d6f5474 | ITER: 40 END: OK
2020-04-13 02:40:00.622 2019 RALLYDEBUG rally_openstack.wrappers.network [-] CIDR generated: 1.1.5.156/30
2020-04-13 02:40:01.723 2010 INFO rally.task.runner [-] Task 640f1903-d0ca-4e8d-b9bd-e28c0d6f5474 | ITER: 33 END: OK
2020-04-13 02:40:01.812 2062 INFO rally.task.runner [-] Task 640f1903-d0ca-4e8d-b9bd-e28c0d6f5474 | ITER: 34 END: OK
2020-04-13 02:40:04.058 2019 INFO rally.task.runner [-] Task 640f1903-d0ca-4e8d-b9bd-e28c0d6f5474 | ITER: 29 END: OK
2020-04-13 02:40:04.084 15 INFO rally.task.context [-] Task 640f1903-d0ca-4e8d-b9bd-e28c0d6f5474 | Context cleanup@openstack cleanup() started
2020-04-13 02:40:04.095 15 RALLYDEBUG rally_openstack.cleanup.manager [-] Cleaning up neutron vip objects
2020-04-13 02:40:04.242 15 RALLYDEBUG rally_openstack.cleanup.manager [-] Cleaning up neutron health_monitor objects
2020-04-13 02:40:04.373 15 RALLYDEBUG rally_openstack.cleanup.manager [-] Cleaning up neutron pool objects
2020-04-13 02:40:04.521 15 RALLYDEBUG rally_openstack.cleanup.manager [-] Cleaning up neutron loadbalancer objects
2020-04-13 02:40:04.655 15 RALLYDEBUG rally_openstack.cleanup.manager [-] Cleaning up neutron floatingip objects
2020-04-13 02:40:04.849 15 RALLYDEBUG rally_openstack.cleanup.manager [-] Cleaning up neutron trunk objects
2020-04-13 02:40:05.016 15 RALLYDEBUG rally_openstack.cleanup.manager [-] Cleaning up neutron port objects
2020-04-13 02:40:05.253 15 RALLYDEBUG rally_openstack.cleanup.manager [-] Cleaning up neutron subnet objects
2020-04-13 02:40:05.443 15 RALLYDEBUG rally_openstack.cleanup.manager [-] Cleaning up neutron network objects
2020-04-13 02:40:05.891 15 RALLYDEBUG rally_openstack.cleanup.manager [-] Deleting neutron.network object s_rally_f299c0dd_GOW6yrEh (0f2f62ac-e3ea-48b5-b2a1-47c0a877097f)
2020-04-13 02:40:05.908 15 RALLYDEBUG rally_openstack.cleanup.manager [-] Deleting neutron.network object s_rally_f299c0dd_PDLBdbJS (119bf5ce-d9e6-413e-8cec-084934f9f09e)
2020-04-13 02:40:05.912 15 RALLYDEBUG rally_openstack.cleanup.manager [-] Deleting neutron.network object s_rally_f299c0dd_HErRhzi9 (149cb89b-7d6c-44f7-ba55-b92722c2b28b)
2020-04-13 02:40:05.926 15 RALLYDEBUG rally_openstack.cleanup.manager [-] Deleting neutron.network object s_rally_f299c0dd_Y6OIplF8 (176feff2-b467-4b0b-b540-94aa810b876e)
2020-04-13 02:40:05.938 15 RALLYDEBUG rally_openstack.cleanup.manager [-] Deleting neutron.network object s_rally_f299c0dd_WTIO6CBU (115cbb67-d1a0-44b5-99b9-1e55f85d376d)
2020-04-13 02:40:05.939 15 RALLYDEBUG rally_openstack.cleanup.manager [-] Deleting neutron.network object s_rally_f299c0dd_15sFCWpI (1b2aea97-dcbb-4e63-ae28-10397dc62bff)
2020-04-13 02:40:05.945 15 RALLYDEBUG rally_openstack.cleanup.manager [-] Deleting neutron.network object s_rally_f299c0dd_FDwSKs4w (1b5d9e8d-4615-430d-840f-251732db702f)
2020-04-13 02:40:05.957 15 RALLYDEBUG rally_openstack.cleanup.manager [-] Deleting neutron.network object s_rally_f299c0dd_0li5Y3Rf (3a0354df-028e-4fe6-98ca-6841f6453b16)
2020-04-13 02:40:05.967 15 RALLYDEBUG rally_openstack.cleanup.manager [-] Deleting neutron.network object s_rally_f299c0dd_TovPCREt (484c17ac-3f3a-4a8c-9498-f9c27c9a7990)
2020-04-13 02:40:06.000 15 RALLYDEBUG rally_openstack.cleanup.manager [-] Deleting neutron.network object s_rally_f299c0dd_VBb8qkHR (48e9c792-6ec1-46df-a49c-b421473497d9)
2020-04-13 02:40:06.000 15 RALLYDEBUG rally_openstack.cleanup.manager [-] Deleting neutron.network object s_rally_f299c0dd_HAtwFixZ (5085c232-7099-4b40-b031-eb392c705d85)
2020-04-13 02:40:06.007 15 RALLYDEBUG rally_openstack.cleanup.manager [-] Deleting neutron.network object s_rally_f299c0dd_qsxPKezQ (5dce0070-9c2f-41c2-82e3-71a11cd3e550)
2020-04-13 02:40:06.011 15 RALLYDEBUG rally_openstack.cleanup.manager [-] Deleting neutron.network object s_rally_f299c0dd_GzCYbkm1 (5e2ba308-0565-4b3a-95de-a380afe7e9bb)
2020-04-13 02:40:06.022 15 RALLYDEBUG rally_openstack.cleanup.manager [-] Deleting neutron.network object s_rally_f299c0dd_GiOyW8Hc (73b639a7-32d5-4c77-822d-d097b404dd17)
2020-04-13 02:40:05.952 15 RALLYDEBUG rally_openstack.cleanup.manager [-] Deleting neutron.network object s_rally_f299c0dd_LnNWO3xX (1d9e0f40-ba54-4bf0-b559-7e79a3fc88a8)
2020-04-13 02:40:06.026 15 RALLYDEBUG rally_openstack.cleanup.manager [-] Deleting neutron.network object s_rally_f299c0dd_DDFzgXcP (7ee57bbd-2ca9-4af0-8143-4f1cae858544)
2020-04-13 02:40:06.029 15 RALLYDEBUG rally_openstack.cleanup.manager [-] Deleting neutron.network object s_rally_f299c0dd_zqnZWY4l (5f95dc6c-9779-473a-ba6e-fda3a21c664b)
2020-04-13 02:40:06.074 15 RALLYDEBUG rally_openstack.cleanup.manager [-] Deleting neutron.network object s_rally_f299c0dd_o73AMHZb (84842f1d-5df5-4589-af8e-855286105e97)
2020-04-13 02:40:06.081 15 RALLYDEBUG rally_openstack.cleanup.manager [-] Deleting neutron.network object s_rally_f299c0dd_SBJ1lIhR (8f39400a-57e1-4293-86f6-1a91b2e83969)
2020-04-13 02:40:06.105 15 RALLYDEBUG rally_openstack.cleanup.manager [-] Deleting neutron.network object s_rally_f299c0dd_sonIldIQ (96e0bd86-cfff-4f77-9f2b-71cd2ac2f53e)
2020-04-13 02:40:08.194 15 RALLYDEBUG rally_openstack.cleanup.manager [-] Deleting neutron.network object s_rally_f299c0dd_IuVgOM3Z (9eaa2d0a-c393-49fd-9fef-972d36943ba4)
2020-04-13 02:40:08.362 15 RALLYDEBUG rally_openstack.cleanup.manager [-] Deleting neutron.network object s_rally_f299c0dd_Toii7ArG (9f20714a-86c0-42d9-8122-bc18392c6c12)
2020-04-13 02:40:08.659 15 RALLYDEBUG rally_openstack.cleanup.manager [-] Deleting neutron.network object s_rally_f299c0dd_CpYjW2yk (a37e0944-5026-44de-8382-ad35b92ee389)
2020-04-13 02:40:08.712 15 RALLYDEBUG rally_openstack.cleanup.manager [-] Deleting neutron.network object s_rally_f299c0dd_oCedd6nb (a6c612d1-7168-4914-abad-d6a027945e5e)
2020-04-13 02:40:08.953 15 RALLYDEBUG rally_openstack.cleanup.manager [-] Deleting neutron.network object s_rally_f299c0dd_KSBc9BzT (ae6cb665-9ef9-4dc8-979c-b03fbbaef0bc)
2020-04-13 02:40:09.039 15 RALLYDEBUG rally_openstack.cleanup.manager [-] Deleting neutron.network object s_rally_f299c0dd_KytkfjwI (aef780be-200b-4713-b84d-2adc2cd7f1cb)
2020-04-13 02:40:09.193 15 RALLYDEBUG rally_openstack.cleanup.manager [-] Deleting neutron.network object s_rally_f299c0dd_3TMcbxbF (b153e257-906b-478d-8ae0-0db22903eda0)
2020-04-13 02:40:09.505 15 RALLYDEBUG rally_openstack.cleanup.manager [-] Deleting neutron.network object s_rally_f299c0dd_RdnaAT8y (b2e6b272-f0e5-4ab6-89be-d388e2580bdc)
2020-04-13 02:40:09.512 15 RALLYDEBUG rally_openstack.cleanup.manager [-] Deleting neutron.network object s_rally_f299c0dd_B51fuHjh (b67c3f07-78d7-46a3-894a-57d531a16865)
2020-04-13 02:40:09.946 15 RALLYDEBUG rally_openstack.cleanup.manager [-] Deleting neutron.network object s_rally_f299c0dd_gRS5Jjmz (bf6a44cc-eab2-4f7a-a579-b4082a735633)
2020-04-13 02:40:10.008 15 RALLYDEBUG rally_openstack.cleanup.manager [-] Deleting neutron.network object s_rally_f299c0dd_keMxvQJ5 (c485dcde-033b-4e29-8409-6fb29c585102)
2020-04-13 02:40:10.023 15 RALLYDEBUG rally_openstack.cleanup.manager [-] Deleting neutron.network object s_rally_f299c0dd_7pHQu46b (d3c0103e-0897-40ab-9970-2c93cb4f3cb1)
2020-04-13 02:40:10.028 15 RALLYDEBUG rally_openstack.cleanup.manager [-] Deleting neutron.network object s_rally_f299c0dd_ITWaAjHf (d54399fd-5053-4e3b-935d-ecbcd1e2d656)
2020-04-13 02:40:10.033 15 RALLYDEBUG rally_openstack.cleanup.manager [-] Deleting neutron.network object s_rally_f299c0dd_ZctDWIgS (d6f455fc-5c25-42a5-8439-c49b0cbd8d03)
2020-04-13 02:40:10.046 15 RALLYDEBUG rally_openstack.cleanup.manager [-] Deleting neutron.network object s_rally_f299c0dd_3zUldiuW (e07a5a61-d8d7-476d-b825-54935169879d)
2020-04-13 02:40:10.551 15 RALLYDEBUG rally_openstack.cleanup.manager [-] Deleting neutron.network object s_rally_f299c0dd_n2b4cXze (e5bf225c-52ec-4e7d-966c-fc09356bc376)
2020-04-13 02:40:10.688 15 RALLYDEBUG rally_openstack.cleanup.manager [-] Deleting neutron.network object s_rally_f299c0dd_inEE6EXF (e9f3cfb8-b19a-4af1-a233-8eae61158f09)
2020-04-13 02:40:11.240 15 RALLYDEBUG rally_openstack.cleanup.manager [-] Deleting neutron.network object s_rally_f299c0dd_gmYjpT49 (ec1d0add-a09a-4977-96f5-d89f1b12ac46)
2020-04-13 02:40:11.280 15 RALLYDEBUG rally_openstack.cleanup.manager [-] Deleting neutron.network object s_rally_f299c0dd_K4oXD24i (f163a454-e8b3-43ec-8acb-118496192231)
2020-04-13 02:40:11.352 15 RALLYDEBUG rally_openstack.cleanup.manager [-] Deleting neutron.network object s_rally_f299c0dd_fSJyreAY (f2ba19f1-9493-4e4a-a3a9-397e5f4aac71)
2020-04-13 02:40:13.917 15 RALLYDEBUG rally_openstack.cleanup.manager [-] Cleaning up neutron router objects
2020-04-13 02:40:14.103 15 RALLYDEBUG rally_openstack.cleanup.manager [-] Cleaning up neutron security_group objects
2020-04-13 02:40:14.288 15 INFO rally.task.context [-] Task 640f1903-d0ca-4e8d-b9bd-e28c0d6f5474 | Context cleanup@openstack cleanup() finished in 10.20 sec
2020-04-13 02:40:14.289 15 INFO rally.task.context [-] Task 640f1903-d0ca-4e8d-b9bd-e28c0d6f5474 | Context quotas@openstack cleanup() started
2020-04-13 02:40:14.314 15 INFO rally.task.context [-] Task 640f1903-d0ca-4e8d-b9bd-e28c0d6f5474 | Context quotas@openstack cleanup() finished in 25.10 msec
2020-04-13 02:40:14.314 15 INFO rally.task.context [-] Task 640f1903-d0ca-4e8d-b9bd-e28c0d6f5474 | Context users@openstack cleanup() started
2020-04-13 02:40:14.453 15 WARNING rally.common.logging [-] `iterate_per_tenants()' is deprecated in v3.0.0: it is openstack specific.. Used at
2020-04-13 02:40:15.486 15 INFO rally.task.context [-] Task 640f1903-d0ca-4e8d-b9bd-e28c0d6f5474 | Context users@openstack cleanup() finished in 1.17 sec
2020-04-13 02:40:16.004 15 INFO rally.task.engine [-] Load duration is: 24.749656
2020-04-13 02:40:16.004 15 INFO rally.task.engine [-] Full runner duration is: 24.795223
2020-04-13 02:40:16.005 15 INFO rally.task.engine [-] Full duration is: 37.734884
2020-04-13 02:40:16.113 15 INFO rally.task.engine [-] Running workload: position = 0 config = { "version": 2, "title": "A cropped version of a bigger task.", "description": "Auto-generated task from a single workload (uuid=cfc7864c-39e0-4ec3-9fe9-3627e3f75ed4)", "subtasks": [ { "title": "NeutronNetworks.create_and_list_routers", "description": "Create and a given number of routers and list all routers.", "scenario": { "NeutronNetworks.create_and_list_routers": { "network_create_args": null, "subnet_create_args": null, "subnet_cidr_start": "1.1.0.0/30", "subnets_per_network": 2, "router_create_args": null } }, "contexts": { "users": { "tenants": 1, "users_per_tenant": 1 }, "quotas": { "neutron": { "network": -1, "subnet": -1, "router": -1 } } }, "runner": { "constant": { "times": 40, "concurrency": 20 } }, "hooks": [], "sla": { "failure_rate": { "max": 0 } } } ] }
2020-04-13 02:40:16.130 15 RALLYDEBUG rally_openstack.contexts.keystone.users [-] Creating 1 tenants using 1 threads
2020-04-13 02:40:16.628 15 RALLYDEBUG rally_openstack.contexts.keystone.users [-] Creating 1 users using 1 threads
2020-04-13 02:40:17.219 15 INFO rally.task.context [-] Task 640f1903-d0ca-4e8d-b9bd-e28c0d6f5474 | Context users@openstack setup() finished in 1.09 sec
2020-04-13 02:40:17.488 15 INFO rally.task.context [-] Task 640f1903-d0ca-4e8d-b9bd-e28c0d6f5474 | Context quotas@openstack setup() finished in 0.27 sec
2020-04-13 02:40:17.488 15 INFO rally.task.context [-] Task 640f1903-d0ca-4e8d-b9bd-e28c0d6f5474 | Context cleanup@openstack setup() finished in 0.02 msec
2020-04-13 02:40:17.498 15 RALLYDEBUG rally.task.runner [-] Starting the constant runner (task UUID: 640f1903-d0ca-4e8d-b9bd-e28c0d6f5474). times: 40 concurrency: 20 timeout: 0 max_cpu_used: 88 processes_to_start: 20 concurrency_per_worker: 1 concurrency_overhead: 0
2020-04-13 02:40:17.507 2371 RALLYDEBUG rally.task.runner [-] Starting a worker. times: 40 duration: None concurrency: 1 timeout: 0 cls: method_name: run args: {"network_create_args": null, "subnet_create_args": null, "subnet_cidr_start": "1.1.0.0/30", "subnets_per_network": 2, "router_create_args": null}
2020-04-13 02:40:17.510 2371 INFO rally.task.runner [-] Task 640f1903-d0ca-4e8d-b9bd-e28c0d6f5474 | ITER: 1 START
2020-04-13 02:40:17.511 2372 RALLYDEBUG rally.task.runner [-] Starting a worker. times: 40 duration: None concurrency: 1 timeout: 0 cls: method_name: run args: {"network_create_args": null, "subnet_create_args": null, "subnet_cidr_start": "1.1.0.0/30", "subnets_per_network": 2, "router_create_args": null}
2020-04-13 02:40:17.513 2373 RALLYDEBUG rally.task.runner [-] Starting a worker. times: 40 duration: None concurrency: 1 timeout: 0 cls: method_name: run args: {"network_create_args": null, "subnet_create_args": null, "subnet_cidr_start": "1.1.0.0/30", "subnets_per_network": 2, "router_create_args": null}
2020-04-13 02:40:17.516 2376 RALLYDEBUG rally.task.runner [-] Starting a worker. times: 40 duration: None concurrency: 1 timeout: 0 cls: method_name: run args: {"network_create_args": null, "subnet_create_args": null, "subnet_cidr_start": "1.1.0.0/30", "subnets_per_network": 2, "router_create_args": null}
2020-04-13 02:40:17.516 2372 INFO rally.task.runner [-] Task 640f1903-d0ca-4e8d-b9bd-e28c0d6f5474 | ITER: 2 START
2020-04-13 02:40:17.518 2373 INFO rally.task.runner [-] Task 640f1903-d0ca-4e8d-b9bd-e28c0d6f5474 | ITER: 3 START
2020-04-13 02:40:17.518 2377 RALLYDEBUG rally.task.runner [-] Starting a worker. times: 40 duration: None concurrency: 1 timeout: 0 cls: method_name: run args: {"network_create_args": null, "subnet_create_args": null, "subnet_cidr_start": "1.1.0.0/30", "subnets_per_network": 2, "router_create_args": null}
2020-04-13 02:40:17.520 2376 INFO rally.task.runner [-] Task 640f1903-d0ca-4e8d-b9bd-e28c0d6f5474 | ITER: 4 START
2020-04-13 02:40:17.520 2380 RALLYDEBUG rally.task.runner [-] Starting a worker. times: 40 duration: None concurrency: 1 timeout: 0 cls: method_name: run args: {"network_create_args": null, "subnet_create_args": null, "subnet_cidr_start": "1.1.0.0/30", "subnets_per_network": 2, "router_create_args": null}
2020-04-13 02:40:17.522 2377 INFO rally.task.runner [-] Task 640f1903-d0ca-4e8d-b9bd-e28c0d6f5474 | ITER: 5 START
2020-04-13 02:40:17.523 2383 RALLYDEBUG rally.task.runner [-] Starting a worker. times: 40 duration: None concurrency: 1 timeout: 0 cls: method_name: run args: {"network_create_args": null, "subnet_create_args": null, "subnet_cidr_start": "1.1.0.0/30", "subnets_per_network": 2, "router_create_args": null}
2020-04-13 02:40:17.526 2380 INFO rally.task.runner [-] Task 640f1903-d0ca-4e8d-b9bd-e28c0d6f5474 | ITER: 6 START
2020-04-13 02:40:17.526 2388 RALLYDEBUG rally.task.runner [-] Starting a worker. times: 40 duration: None concurrency: 1 timeout: 0 cls: method_name: run args: {"network_create_args": null, "subnet_create_args": null, "subnet_cidr_start": "1.1.0.0/30", "subnets_per_network": 2, "router_create_args": null}
2020-04-13 02:40:17.527 2389 RALLYDEBUG rally.task.runner [-] Starting a worker. times: 40 duration: None concurrency: 1 timeout: 0 cls: method_name: run args: {"network_create_args": null, "subnet_create_args": null, "subnet_cidr_start": "1.1.0.0/30", "subnets_per_network": 2, "router_create_args": null}
2020-04-13 02:40:17.528 2383 INFO rally.task.runner [-] Task 640f1903-d0ca-4e8d-b9bd-e28c0d6f5474 | ITER: 7 START
2020-04-13 02:40:17.530 2394 RALLYDEBUG rally.task.runner [-] Starting a worker. times: 40 duration: None concurrency: 1 timeout: 0 cls: method_name: run args: {"network_create_args": null, "subnet_create_args": null, "subnet_cidr_start": "1.1.0.0/30", "subnets_per_network": 2, "router_create_args": null}
2020-04-13 02:40:17.531 2388 INFO rally.task.runner [-] Task 640f1903-d0ca-4e8d-b9bd-e28c0d6f5474 | ITER: 8 START
2020-04-13 02:40:17.532 2389 INFO rally.task.runner [-] Task 640f1903-d0ca-4e8d-b9bd-e28c0d6f5474 | ITER: 9 START
2020-04-13 02:40:17.533 2395 RALLYDEBUG rally.task.runner [-] Starting a worker. times: 40 duration: None concurrency: 1 timeout: 0 cls: method_name: run args: {"network_create_args": null, "subnet_create_args": null, "subnet_cidr_start": "1.1.0.0/30", "subnets_per_network": 2, "router_create_args": null}
2020-04-13 02:40:17.535 2400 RALLYDEBUG rally.task.runner [-] Starting a worker. times: 40 duration: None concurrency: 1 timeout: 0 cls: method_name: run args: {"network_create_args": null, "subnet_create_args": null, "subnet_cidr_start": "1.1.0.0/30", "subnets_per_network": 2, "router_create_args": null}
2020-04-13 02:40:17.536 2394 INFO rally.task.runner [-] Task 640f1903-d0ca-4e8d-b9bd-e28c0d6f5474 | ITER: 10 START
2020-04-13 02:40:17.536 2395 INFO rally.task.runner [-] Task 640f1903-d0ca-4e8d-b9bd-e28c0d6f5474 | ITER: 11 START
2020-04-13 02:40:17.540 2400 INFO rally.task.runner [-] Task 640f1903-d0ca-4e8d-b9bd-e28c0d6f5474 | ITER: 12 START
2020-04-13 02:40:17.541 2405 RALLYDEBUG rally.task.runner [-] Starting a worker. times: 40 duration: None concurrency: 1 timeout: 0 cls: method_name: run args: {"network_create_args": null, "subnet_create_args": null, "subnet_cidr_start": "1.1.0.0/30", "subnets_per_network": 2, "router_create_args": null}
2020-04-13 02:40:17.544 2408 RALLYDEBUG rally.task.runner [-] Starting a worker. times: 40 duration: None concurrency: 1 timeout: 0 cls: method_name: run args: {"network_create_args": null, "subnet_create_args": null, "subnet_cidr_start": "1.1.0.0/30", "subnets_per_network": 2, "router_create_args": null}
2020-04-13 02:40:17.546 2405 INFO rally.task.runner [-] Task 640f1903-d0ca-4e8d-b9bd-e28c0d6f5474 | ITER: 13 START
2020-04-13 02:40:17.548 2408 INFO rally.task.runner [-] Task 640f1903-d0ca-4e8d-b9bd-e28c0d6f5474 | ITER: 14 START
2020-04-13 02:40:17.550 2410 RALLYDEBUG rally.task.runner [-] Starting a worker. times: 40 duration: None concurrency: 1 timeout: 0 cls: method_name: run args: {"network_create_args": null, "subnet_create_args": null, "subnet_cidr_start": "1.1.0.0/30", "subnets_per_network": 2, "router_create_args": null}
2020-04-13 02:40:17.552 2414 RALLYDEBUG rally.task.runner [-] Starting a worker. times: 40 duration: None concurrency: 1 timeout: 0 cls: method_name: run args: {"network_create_args": null, "subnet_create_args": null, "subnet_cidr_start": "1.1.0.0/30", "subnets_per_network": 2, "router_create_args": null}
2020-04-13 02:40:17.555 2410 INFO rally.task.runner [-] Task 640f1903-d0ca-4e8d-b9bd-e28c0d6f5474 | ITER: 15 START
2020-04-13 02:40:17.556 2414 INFO rally.task.runner [-] Task 640f1903-d0ca-4e8d-b9bd-e28c0d6f5474 | ITER: 16 START
