2020-04-13 03:09:24.176 10923 INFO rally.task.runner [-] Task 1555adf2-8b06-4117-91f7-246dacab2a51 | ITER: 4 START
2020-04-13 03:09:25.582 10920 INFO rally.task.runner [-] Task 1555adf2-8b06-4117-91f7-246dacab2a51 | ITER: 1 END: OK
2020-04-13 03:09:25.588 10920 INFO rally.task.runner [-] Task 1555adf2-8b06-4117-91f7-246dacab2a51 | ITER: 5 START
2020-04-13 03:09:25.864 10921 INFO rally.task.runner [-] Task 1555adf2-8b06-4117-91f7-246dacab2a51 | ITER: 2 END: OK
2020-04-13 03:09:25.870 10921 INFO rally.task.runner [-] Task 1555adf2-8b06-4117-91f7-246dacab2a51 | ITER: 6 START
2020-04-13 03:09:26.279 10923 INFO rally.task.runner [-] Task 1555adf2-8b06-4117-91f7-246dacab2a51 | ITER: 4 END: OK
2020-04-13 03:09:26.282 10923 INFO rally.task.runner [-] Task 1555adf2-8b06-4117-91f7-246dacab2a51 | ITER: 7 START
2020-04-13 03:09:26.486 10922 INFO rally.task.runner [-] Task 1555adf2-8b06-4117-91f7-246dacab2a51 | ITER: 3 END: OK
2020-04-13 03:09:26.491 10922 INFO rally.task.runner [-] Task 1555adf2-8b06-4117-91f7-246dacab2a51 | ITER: 8 START
2020-04-13 03:09:27.183 10920 INFO rally.task.runner [-] Task 1555adf2-8b06-4117-91f7-246dacab2a51 | ITER: 5 END: OK
2020-04-13 03:09:27.188 10920 INFO rally.task.runner [-] Task 1555adf2-8b06-4117-91f7-246dacab2a51 | ITER: 9 START
2020-04-13 03:09:27.669 10921 INFO rally.task.runner [-] Task 1555adf2-8b06-4117-91f7-246dacab2a51 | ITER: 6 END: OK
2020-04-13 03:09:27.673 10921 INFO rally.task.runner [-] Task 1555adf2-8b06-4117-91f7-246dacab2a51 | ITER: 10 START
2020-04-13 03:09:27.749 10922 INFO rally.task.runner [-] Task 1555adf2-8b06-4117-91f7-246dacab2a51 | ITER: 8 END: OK
2020-04-13 03:09:28.375 10923 INFO rally.task.runner [-] Task 1555adf2-8b06-4117-91f7-246dacab2a51 | ITER: 7 END: OK
2020-04-13 03:09:29.363 10921 INFO rally.task.runner [-] Task 1555adf2-8b06-4117-91f7-246dacab2a51 | ITER: 10 END: OK
2020-04-13 03:09:29.646 10920 INFO rally.task.runner [-] Task 1555adf2-8b06-4117-91f7-246dacab2a51 | ITER: 9 END: OK
2020-04-13 03:09:29.668 9693 INFO rally.task.context [-] Task 1555adf2-8b06-4117-91f7-246dacab2a51 | Context cleanup@openstack cleanup() started
2020-04-13 03:09:29.671 9693 RALLYDEBUG rally_openstack.cleanup.manager [-] Cleaning up neutron vip objects
2020-04-13 03:09:30.111 9693 RALLYDEBUG rally_openstack.cleanup.manager [-] Cleaning up neutron health_monitor objects
2020-04-13 03:09:30.570 9693 RALLYDEBUG rally_openstack.cleanup.manager [-] Cleaning up neutron pool objects
2020-04-13 03:09:31.070 9693 RALLYDEBUG rally_openstack.cleanup.manager [-] Cleaning up neutron loadbalancer objects
2020-04-13 03:09:31.488 9693 RALLYDEBUG rally_openstack.cleanup.manager [-] Cleaning up neutron floatingip objects
2020-04-13 03:09:32.092 9693 RALLYDEBUG rally_openstack.cleanup.manager [-] Cleaning up neutron trunk objects
2020-04-13 03:09:32.538 9693 RALLYDEBUG rally_openstack.cleanup.manager [-] Cleaning up neutron port objects
2020-04-13 03:09:33.067 9693 RALLYDEBUG rally_openstack.cleanup.manager [-] Cleaning up neutron subnet objects
2020-04-13 03:09:33.651 9693 RALLYDEBUG rally_openstack.cleanup.manager [-] Cleaning up neutron network objects
2020-04-13 03:09:34.202 9693 RALLYDEBUG rally_openstack.cleanup.manager [-] Cleaning up neutron router objects
2020-04-13 03:09:34.825 9693 RALLYDEBUG rally_openstack.cleanup.manager [-] Cleaning up neutron security_group objects
2020-04-13 03:09:35.415 9693 INFO rally.task.context [-] Task 1555adf2-8b06-4117-91f7-246dacab2a51 | Context cleanup@openstack cleanup() finished in 5.75 sec
2020-04-13 03:09:35.416 9693 INFO rally.task.context [-] Task 1555adf2-8b06-4117-91f7-246dacab2a51 | Context quotas@openstack cleanup() started
2020-04-13 03:09:35.464 9693 INFO rally.task.context [-] Task 1555adf2-8b06-4117-91f7-246dacab2a51 | Context quotas@openstack cleanup() finished in 48.34 msec
2020-04-13 03:09:35.465 9693 INFO rally.task.context [-] Task 1555adf2-8b06-4117-91f7-246dacab2a51 | Context users@openstack cleanup() started
2020-04-13 03:09:35.608 9693 WARNING rally.common.logging [-] `iterate_per_tenants()' is deprecated in v3.0.0: it is openstack specific.. Used at
2020-04-13 03:09:38.311 9693 INFO rally.task.context [-] Task 1555adf2-8b06-4117-91f7-246dacab2a51 | Context users@openstack cleanup() finished in 2.85 sec
2020-04-13 03:09:38.363 9693 INFO rally.task.engine [-] Load duration is: 5.47712
2020-04-13 03:09:38.363 9693 INFO rally.task.engine [-] Full runner duration is: 5.520597
2020-04-13 03:09:38.364 9693 INFO rally.task.engine [-] Full duration is: 16.081678
2020-04-13 03:09:38.452 9693 INFO rally.task.engine [-] Running workload: position = 0 config = { "version": 2, "title": "A cropped version of a bigger task.", "description": "Auto-generated task from a single workload (uuid=495e77ea-6c54-4a2d-be7a-7774e4f56442)", "subtasks": [ { "title": "NeutronNetworks.create_and_delete_ports", "description": "Create and delete a port.", "scenario": { "NeutronNetworks.create_and_delete_ports": { "network_create_args": {}, "port_create_args": {}, "ports_per_network": 1 } }, "contexts": { "users": { "tenants": 3, "users_per_tenant": 2 }, "network": { "router": {} }, "quotas": { "neutron": { "network": -1, "port": -1 } } }, "runner": { "constant": { "concurrency": 4, "times": 10 } }, "hooks": [], "sla": { "failure_rate": { "max": 0 } } } ] }
2020-04-13 03:09:38.468 9693 RALLYDEBUG rally_openstack.contexts.keystone.users [-] Creating 3 tenants using 3 threads
2020-04-13 03:09:38.951 9693 RALLYDEBUG rally_openstack.contexts.keystone.users [-] Creating 6 users using 6 threads
2020-04-13 03:09:39.886 9693 INFO rally.task.context [-] Task 1555adf2-8b06-4117-91f7-246dacab2a51 | Context users@openstack setup() finished in 1.42 sec
2020-04-13 03:09:40.249 9693 INFO rally.task.context [-] Task 1555adf2-8b06-4117-91f7-246dacab2a51 | Context quotas@openstack setup() finished in 0.36 sec
2020-04-13 03:09:40.300 9693 WARNING rally.common.logging [-] `iterate_per_tenants()' is deprecated in v3.0.0: it is openstack specific.. Used at
2020-04-13 03:09:40.694 9693 RALLYDEBUG rally_openstack.wrappers.network [-] CIDR generated: 10.2.23.0/24
2020-04-13 03:09:41.276 9693 RALLYDEBUG rally_openstack.wrappers.network [-] CIDR generated: 10.2.24.0/24
2020-04-13 03:09:42.194 9693 RALLYDEBUG rally_openstack.wrappers.network [-] CIDR generated: 10.2.25.0/24
2020-04-13 03:09:42.581 9693 INFO rally.task.context [-] Task 1555adf2-8b06-4117-91f7-246dacab2a51 | Context network@openstack setup() finished in 2.33 sec
2020-04-13 03:09:42.581 9693 INFO rally.task.context [-] Task 1555adf2-8b06-4117-91f7-246dacab2a51 | Context cleanup@openstack setup() finished in 0.02 msec
2020-04-13 03:09:42.588 9693 RALLYDEBUG rally.task.runner [-] Starting the constant runner (task UUID: 1555adf2-8b06-4117-91f7-246dacab2a51). times: 10 concurrency: 4 timeout: 0 max_cpu_used: 88 processes_to_start: 4 concurrency_per_worker: 1 concurrency_overhead: 0
2020-04-13 03:09:42.598 11213 RALLYDEBUG rally.task.runner [-] Starting a worker. times: 10 duration: None concurrency: 1 timeout: 0 cls: method_name: run args: {"network_create_args": {}, "port_create_args": {}, "ports_per_network": 1}
2020-04-13 03:09:42.602 11213 INFO rally.task.runner [-] Task 1555adf2-8b06-4117-91f7-246dacab2a51 | ITER: 1 START
2020-04-13 03:09:42.605 11214 RALLYDEBUG rally.task.runner [-] Starting a worker. times: 10 duration: None concurrency: 1 timeout: 0 cls: method_name: run args: {"network_create_args": {}, "port_create_args": {}, "ports_per_network": 1}
2020-04-13 03:09:42.607 11217 RALLYDEBUG rally.task.runner [-] Starting a worker. times: 10 duration: None concurrency: 1 timeout: 0 cls: method_name: run args: {"network_create_args": {}, "port_create_args": {}, "ports_per_network": 1}
2020-04-13 03:09:42.611 11218 RALLYDEBUG rally.task.runner [-] Starting a worker. times: 10 duration: None concurrency: 1 timeout: 0 cls: method_name: run args: {"network_create_args": {}, "port_create_args": {}, "ports_per_network": 1}
2020-04-13 03:09:42.612 11214 INFO rally.task.runner [-] Task 1555adf2-8b06-4117-91f7-246dacab2a51 | ITER: 2 START
2020-04-13 03:09:42.614 11217 INFO rally.task.runner [-] Task 1555adf2-8b06-4117-91f7-246dacab2a51 | ITER: 3 START
2020-04-13 03:09:42.618 11218 INFO rally.task.runner [-] Task 1555adf2-8b06-4117-91f7-246dacab2a51 | ITER: 4 START
2020-04-13 03:09:44.465 11214 INFO rally.task.runner [-] Task 1555adf2-8b06-4117-91f7-246dacab2a51 | ITER: 2 END: OK
2020-04-13 03:09:44.470 11214 INFO rally.task.runner [-] Task 1555adf2-8b06-4117-91f7-246dacab2a51 | ITER: 5 START
2020-04-13 03:09:44.772 11217 INFO rally.task.runner [-] Task 1555adf2-8b06-4117-91f7-246dacab2a51 | ITER: 3 END: OK
2020-04-13 03:09:44.778 11217 INFO rally.task.runner [-] Task 1555adf2-8b06-4117-91f7-246dacab2a51 | ITER: 6 START
2020-04-13 03:09:45.460 11218 INFO rally.task.runner [-] Task 1555adf2-8b06-4117-91f7-246dacab2a51 | ITER: 4 END: OK
2020-04-13 03:09:45.461 11213 INFO rally.task.runner [-] Task 1555adf2-8b06-4117-91f7-246dacab2a51 | ITER: 1 END: OK
2020-04-13 03:09:45.464 11218 INFO rally.task.runner [-] Task 1555adf2-8b06-4117-91f7-246dacab2a51 | ITER: 8 START
2020-04-13 03:09:45.466 11213 INFO rally.task.runner [-] Task 1555adf2-8b06-4117-91f7-246dacab2a51 | ITER: 7 START
2020-04-13 03:09:46.363 11214 INFO rally.task.runner [-] Task 1555adf2-8b06-4117-91f7-246dacab2a51 | ITER: 5 END: OK
2020-04-13 03:09:46.368 11214 INFO rally.task.runner [-] Task 1555adf2-8b06-4117-91f7-246dacab2a51 | ITER: 9 START
2020-04-13 03:09:46.758 11217 INFO rally.task.runner [-] Task 1555adf2-8b06-4117-91f7-246dacab2a51 | ITER: 6 END: OK
2020-04-13 03:09:46.763 11217 INFO rally.task.runner [-] Task 1555adf2-8b06-4117-91f7-246dacab2a51 | ITER: 10 START
2020-04-13 03:09:47.201 11218 INFO rally.task.runner [-] Task 1555adf2-8b06-4117-91f7-246dacab2a51 | ITER: 8 END: OK
2020-04-13 03:09:47.884 11213 INFO rally.task.runner [-] Task 1555adf2-8b06-4117-91f7-246dacab2a51 | ITER: 7 END: OK
2020-04-13 03:09:48.787 11214 INFO rally.task.runner [-] Task 1555adf2-8b06-4117-91f7-246dacab2a51 | ITER: 9 END: OK
2020-04-13 03:09:48.866 11217 INFO rally.task.runner [-] Task 1555adf2-8b06-4117-91f7-246dacab2a51 | ITER: 10 END: OK
2020-04-13 03:09:48.889 9693 INFO rally.task.context [-] Task 1555adf2-8b06-4117-91f7-246dacab2a51 | Context cleanup@openstack cleanup() started
2020-04-13 03:09:48.896 9693 RALLYDEBUG rally_openstack.cleanup.manager [-] Cleaning up neutron vip objects
2020-04-13 03:09:49.330 9693 RALLYDEBUG rally_openstack.cleanup.manager [-] Cleaning up neutron health_monitor objects
2020-04-13 03:09:49.851 9693 RALLYDEBUG rally_openstack.cleanup.manager [-] Cleaning up neutron pool objects
2020-04-13 03:09:50.288 9693 RALLYDEBUG rally_openstack.cleanup.manager [-] Cleaning up neutron loadbalancer objects
2020-04-13 03:09:50.771 9693 RALLYDEBUG rally_openstack.cleanup.manager [-] Cleaning up neutron floatingip objects
2020-04-13 03:09:51.395 9693 RALLYDEBUG rally_openstack.cleanup.manager [-] Cleaning up neutron trunk objects
2020-04-13 03:09:51.895 9693 RALLYDEBUG rally_openstack.cleanup.manager [-] Cleaning up neutron port objects
2020-04-13 03:09:53.006 9693 RALLYDEBUG rally_openstack.cleanup.manager [-] Cleaning up neutron subnet objects
2020-04-13 03:09:53.651 9693 RALLYDEBUG rally_openstack.cleanup.manager [-] Cleaning up neutron network objects
2020-04-13 03:09:54.404 9693 RALLYDEBUG rally_openstack.cleanup.manager [-] Cleaning up neutron router objects
2020-04-13 03:09:54.992 9693 RALLYDEBUG rally_openstack.cleanup.manager [-] Cleaning up neutron security_group objects
2020-04-13 03:09:55.492 9693 INFO rally.task.context [-] Task 1555adf2-8b06-4117-91f7-246dacab2a51 | Context cleanup@openstack cleanup() finished in 6.60 sec
2020-04-13 03:09:55.492 9693 INFO rally.task.context [-] Task 1555adf2-8b06-4117-91f7-246dacab2a51 | Context network@openstack cleanup() started
2020-04-13 03:10:00.606 9693 INFO rally.task.context [-] Task 1555adf2-8b06-4117-91f7-246dacab2a51 | Context network@openstack cleanup() finished in 5.11 sec
2020-04-13 03:10:00.607 9693 INFO rally.task.context [-] Task 1555adf2-8b06-4117-91f7-246dacab2a51 | Context quotas@openstack cleanup() started
2020-04-13 03:10:00.666 9693 INFO rally.task.context [-] Task 1555adf2-8b06-4117-91f7-246dacab2a51 | Context quotas@openstack cleanup() finished in 58.78 msec
2020-04-13 03:10:00.666 9693 INFO rally.task.context [-] Task 1555adf2-8b06-4117-91f7-246dacab2a51 | Context users@openstack cleanup() started
2020-04-13 03:10:00.809 9693 WARNING rally.common.logging [-] `iterate_per_tenants()' is deprecated in v3.0.0: it is openstack specific.. Used at
2020-04-13 03:10:02.961 9693 INFO rally.task.context [-] Task 1555adf2-8b06-4117-91f7-246dacab2a51 | Context users@openstack cleanup() finished in 2.29 sec
2020-04-13 03:10:04.656 9693 INFO rally.task.engine [-] Load duration is: 6.262375
2020-04-13 03:10:04.656 9693 INFO rally.task.engine [-] Full runner duration is: 6.300315
2020-04-13 03:10:04.657 9693 INFO rally.task.engine [-] Full duration is: 24.494848
2020-04-13 03:10:04.748 9693 INFO rally.task.engine [-] Running workload: position = 0 config = { "version": 2, "title": "A cropped version of a bigger task.", "description": "Auto-generated task from a single workload (uuid=0917ec34-9b40-4a85-8a75-2e4b5f0272e9)", "subtasks": [ { "title": "NeutronNetworks.create_and_delete_routers", "description": "Create and delete a given number of routers.", "scenario": { "NeutronNetworks.create_and_delete_routers": { "network_create_args": {}, "router_create_args": {}, "subnet_cidr_start": "1.1.0.0/30", "subnet_create_args": {}, "subnets_per_network": 1 } }, "contexts": { "users": { "tenants": 3, "users_per_tenant": 2 }, "quotas": { "neutron": { "network": -1, "subnet": -1, "port": -1, "router": -1 } } }, "runner": { "constant": { "concurrency": 4, "times": 10 } }, "hooks": [], "sla": { "failure_rate": { "max": 0 } } } ] }
2020-04-13 03:10:04.771 9693 RALLYDEBUG rally_openstack.contexts.keystone.users [-] Creating 3 tenants using 3 threads
2020-04-13 03:10:05.273 9693 RALLYDEBUG rally_openstack.contexts.keystone.users [-] Creating 6 users using 6 threads
2020-04-13 03:10:06.214 9693 INFO rally.task.context [-] Task 1555adf2-8b06-4117-91f7-246dacab2a51 | Context users@openstack setup() finished in 1.44 sec
2020-04-13 03:10:06.599 9693 INFO rally.task.context [-] Task 1555adf2-8b06-4117-91f7-246dacab2a51 | Context quotas@openstack setup() finished in 0.38 sec
2020-04-13 03:10:06.600 9693 INFO rally.task.context [-] Task 1555adf2-8b06-4117-91f7-246dacab2a51 | Context cleanup@openstack setup() finished in 0.03 msec
2020-04-13 03:10:06.607 9693 RALLYDEBUG rally.task.runner [-] Starting the constant runner (task UUID: 1555adf2-8b06-4117-91f7-246dacab2a51). times: 10 concurrency: 4 timeout: 0 max_cpu_used: 88 processes_to_start: 4 concurrency_per_worker: 1 concurrency_overhead: 0
2020-04-13 03:10:06.618 11506 RALLYDEBUG rally.task.runner [-] Starting a worker. times: 10 duration: None concurrency: 1 timeout: 0 cls: method_name: run args: {"network_create_args": {}, "router_create_args": {}, "subnet_cidr_start": "1.1.0.0/30", "subnet_create_args": {}, "subnets_per_network": 1}
2020-04-13 03:10:06.621 11507 RALLYDEBUG rally.task.runner [-] Starting a worker. times: 10 duration: None concurrency: 1 timeout: 0 cls: method_name: run args: {"network_create_args": {}, "router_create_args": {}, "subnet_cidr_start": "1.1.0.0/30", "subnet_create_args": {}, "subnets_per_network": 1}
2020-04-13 03:10:06.623 11506 INFO rally.task.runner [-] Task 1555adf2-8b06-4117-91f7-246dacab2a51 | ITER: 1 START
2020-04-13 03:10:06.623 11508 RALLYDEBUG rally.task.runner [-] Starting a worker. times: 10 duration: None concurrency: 1 timeout: 0 cls: method_name: run args: {"network_create_args": {}, "router_create_args": {}, "subnet_cidr_start": "1.1.0.0/30", "subnet_create_args": {}, "subnets_per_network": 1}
2020-04-13 03:10:06.626 11509 RALLYDEBUG rally.task.runner [-] Starting a worker. times: 10 duration: None concurrency: 1 timeout: 0 cls: method_name: run args: {"network_create_args": {}, "router_create_args": {}, "subnet_cidr_start": "1.1.0.0/30", "subnet_create_args": {}, "subnets_per_network": 1}
2020-04-13 03:10:06.628 11507 INFO rally.task.runner [-] Task 1555adf2-8b06-4117-91f7-246dacab2a51 | ITER: 2 START
2020-04-13 03:10:06.629 11508 INFO rally.task.runner [-] Task 1555adf2-8b06-4117-91f7-246dacab2a51 | ITER: 3 START
2020-04-13 03:10:06.633 11509 INFO rally.task.runner [-] Task 1555adf2-8b06-4117-91f7-246dacab2a51 | ITER: 4 START
2020-04-13 03:10:07.204 11507 RALLYDEBUG rally_openstack.wrappers.network [-] CIDR generated: 1.1.0.104/30
2020-04-13 03:10:07.769 11508 RALLYDEBUG rally_openstack.wrappers.network [-] CIDR generated: 1.1.0.108/30
2020-04-13 03:10:07.829 11506 RALLYDEBUG rally_openstack.wrappers.network [-] CIDR generated: 1.1.0.112/30
2020-04-13 03:10:08.183 11509 RALLYDEBUG rally_openstack.wrappers.network [-] CIDR generated: 1.1.0.116/30
2020-04-13 03:10:14.045 11507 INFO rally.task.runner [-] Task 1555adf2-8b06-4117-91f7-246dacab2a51 | ITER: 2 END: OK
2020-04-13 03:10:14.051 11507 INFO rally.task.runner [-] Task 1555adf2-8b06-4117-91f7-246dacab2a51 | ITER: 5 START
2020-04-13 03:10:14.635 11507 RALLYDEBUG rally_openstack.wrappers.network [-] CIDR generated: 1.1.0.120/30
2020-04-13 03:10:14.680 11506 INFO rally.task.runner [-] Task 1555adf2-8b06-4117-91f7-246dacab2a51 | ITER: 1 END: OK
2020-04-13 03:10:14.688 11506 INFO rally.task.runner [-] Task 1555adf2-8b06-4117-91f7-246dacab2a51 | ITER: 6 START
2020-04-13 03:10:15.010 11506 RALLYDEBUG rally_openstack.wrappers.network [-] CIDR generated: 1.1.0.124/30
2020-04-13 03:10:20.125 11508 INFO rally.task.runner [-] Task 1555adf2-8b06-4117-91f7-246dacab2a51 | ITER: 3 END: OK
2020-04-13 03:10:20.131 11508 INFO rally.task.runner [-] Task 1555adf2-8b06-4117-91f7-246dacab2a51 | ITER: 7 START
2020-04-13 03:10:20.449 11508 RALLYDEBUG rally_openstack.wrappers.network [-] CIDR generated: 1.1.0.128/30
2020-04-13 03:10:21.196 11509 INFO rally.task.runner [-] Task 1555adf2-8b06-4117-91f7-246dacab2a51 | ITER: 4 END: OK
2020-04-13 03:10:21.200 11509 INFO rally.task.runner [-] Task 1555adf2-8b06-4117-91f7-246dacab2a51 | ITER: 8 START
2020-04-13 03:10:21.495 11509 RALLYDEBUG rally_openstack.wrappers.network [-] CIDR generated: 1.1.0.132/30
2020-04-13 03:10:22.651 11506 INFO rally.task.runner [-] Task 1555adf2-8b06-4117-91f7-246dacab2a51 | ITER: 6 END: OK
2020-04-13 03:10:22.657 11506 INFO rally.task.runner [-] Task 1555adf2-8b06-4117-91f7-246dacab2a51 | ITER: 9 START
2020-04-13 03:10:22.961 11506 RALLYDEBUG rally_openstack.wrappers.network [-] CIDR generated: 1.1.0.136/30
2020-04-13 03:10:25.133 11507 INFO rally.task.runner [-] Task 1555adf2-8b06-4117-91f7-246dacab2a51 | ITER: 5 END: OK
2020-04-13 03:10:25.139 11507 INFO rally.task.runner [-] Task 1555adf2-8b06-4117-91f7-246dacab2a51 | ITER: 10 START
2020-04-13 03:10:25.573 11507 RALLYDEBUG rally_openstack.wrappers.network [-] CIDR generated: 1.1.0.140/30
2020-04-13 03:10:28.419 11508 INFO rally.task.runner [-] Task 1555adf2-8b06-4117-91f7-246dacab2a51 | ITER: 7 END: OK
2020-04-13 03:10:28.552 11509 INFO rally.task.runner [-] Task 1555adf2-8b06-4117-91f7-246dacab2a51 | ITER: 8 END: OK
2020-04-13 03:10:33.596 11506 INFO rally.task.runner [-] Task 1555adf2-8b06-4117-91f7-246dacab2a51 | ITER: 9 END: OK
2020-04-13 03:10:35.695 11507 INFO rally.task.runner [-] Task 1555adf2-8b06-4117-91f7-246dacab2a51 | ITER: 10 END: OK
2020-04-13 03:10:35.724 9693 INFO rally.task.context [-] Task 1555adf2-8b06-4117-91f7-246dacab2a51 | Context cleanup@openstack cleanup() started
2020-04-13 03:10:35.731 9693 RALLYDEBUG rally_openstack.cleanup.manager [-] Cleaning up neutron vip objects
2020-04-13 03:10:36.490 9693 RALLYDEBUG rally_openstack.cleanup.manager [-] Cleaning up neutron health_monitor objects
2020-04-13 03:10:36.931 9693 RALLYDEBUG rally_openstack.cleanup.manager [-] Cleaning up neutron pool objects
2020-04-13 03:10:37.410 9693 RALLYDEBUG rally_openstack.cleanup.manager [-] Cleaning up neutron loadbalancer objects
2020-04-13 03:10:37.830 9693 RALLYDEBUG rally_openstack.cleanup.manager [-] Cleaning up neutron floatingip objects
2020-04-13 03:10:38.795 9693 RALLYDEBUG rally_openstack.cleanup.manager [-] Cleaning up neutron trunk objects
2020-04-13 03:10:39.258 9693 RALLYDEBUG rally_openstack.cleanup.manager [-] Cleaning up neutron port objects
2020-04-13 03:10:40.481 9693 RALLYDEBUG rally_openstack.cleanup.manager [-] Cleaning up neutron subnet objects
2020-04-13 03:10:41.155 9693 RALLYDEBUG rally_openstack.cleanup.manager [-] Deleting neutron.subnet object s_rally_0917ec34_jMZYYKTt (3f497c5c-8c29-4c47-a214-527661df0c27)
2020-04-13 03:10:41.175 9693 RALLYDEBUG rally_openstack.cleanup.manager [-] Deleting neutron.subnet object s_rally_0917ec34_E5DdtrZW (ac90c9d8-e507-4cc5-be08-43422e5de0ea)
2020-04-13 03:10:41.176 9693 RALLYDEBUG rally_openstack.cleanup.manager [-] Deleting neutron.subnet object s_rally_0917ec34_kDwf0ZPC (487cb784-95ed-483f-83e2-2abf7f137582)
2020-04-13 03:10:41.186 9693 RALLYDEBUG rally_openstack.cleanup.manager [-] Deleting neutron.subnet object s_rally_0917ec34_PPspb5Lg (cb834e07-1dfe-4c02-95c4-4a9eca45f77f)
2020-04-13 03:10:41.193 9693 RALLYDEBUG rally_openstack.cleanup.manager [-] Deleting neutron.subnet object s_rally_0917ec34_kCNtI6hJ (119c50f7-0f08-4971-88ef-c5f73d316252)
2020-04-13 03:10:41.198 9693 RALLYDEBUG rally_openstack.cleanup.manager [-] Deleting neutron.subnet object s_rally_0917ec34_5pzC9X62 (44f5bc53-7fc5-4b99-bde8-e19266b966d7)
2020-04-13 03:10:41.231 9693 RALLYDEBUG rally_openstack.cleanup.manager [-] Deleting neutron.subnet object s_rally_0917ec34_l1WaUynp (69bb37c4-2876-4da3-b9a7-5f55514d155f)
2020-04-13 03:10:41.246 9693 RALLYDEBUG rally_openstack.cleanup.manager [-] Deleting neutron.subnet object s_rally_0917ec34_PNtE6H39 (d9630e45-fc16-4c36-9fb3-ff51b330fd0d)
2020-04-13 03:10:41.262 9693 RALLYDEBUG rally_openstack.cleanup.manager [-] Deleting neutron.subnet object s_rally_0917ec34_p2X8uEad (d2563afb-c9bc-4316-9656-6fad6a9942a8)
2020-04-13 03:10:41.266 9693 RALLYDEBUG rally_openstack.cleanup.manager [-] Deleting neutron.subnet object s_rally_0917ec34_BYFfgIgu (d2ea8407-1772-4e41-bcd7-01f8b3a88a8b)
2020-04-13 03:10:47.894 9693 RALLYDEBUG rally_openstack.cleanup.manager [-] Cleaning up neutron network objects
2020-04-13 03:10:49.779 9693 RALLYDEBUG rally_openstack.cleanup.manager [-] Deleting neutron.network object s_rally_0917ec34_b2sKXHjL (b9d4080f-b8a3-497e-82b9-170c90ae20f2)
2020-04-13 03:10:49.781 9693 RALLYDEBUG rally_openstack.cleanup.manager [-] Deleting neutron.network object s_rally_0917ec34_tEnWzhUu (1c7c51f4-11d7-4fe4-b0a6-7d1d18b006d6)
2020-04-13 03:10:49.774 9693 RALLYDEBUG rally_openstack.cleanup.manager [-] Deleting neutron.network object s_rally_0917ec34_HqR6R4SU (9af605bb-f37a-4093-81eb-4fcd7a8799d5)
2020-04-13 03:10:49.782 9693 RALLYDEBUG rally_openstack.cleanup.manager [-] Deleting neutron.network object s_rally_0917ec34_5O5BmOGW (4b7931a1-fde9-4a43-9ab4-4081dec507f1)
2020-04-13 03:10:49.787 9693 RALLYDEBUG rally_openstack.cleanup.manager [-] Deleting neutron.network object s_rally_0917ec34_2T51xDXZ (119b2252-25d8-42c6-bb76-34a58256448d)
2020-04-13 03:10:49.800 9693 RALLYDEBUG rally_openstack.cleanup.manager [-] Deleting neutron.network object s_rally_0917ec34_16ayamgH (b1c1e6a9-c8a5-4425-978d-b70c718950ba)
2020-04-13 03:10:49.814 9693 RALLYDEBUG rally_openstack.cleanup.manager [-] Deleting neutron.network object s_rally_0917ec34_xZ4gB7qf (de5f2dcd-1911-49df-8f59-680f9e916559)
2020-04-13 03:10:49.831 9693 RALLYDEBUG rally_openstack.cleanup.manager [-] Deleting neutron.network object s_rally_0917ec34_D9pU0LiX (f1c6fb4b-672c-418e-aadc-60ea6af376f9)
2020-04-13 03:10:49.843 9693 RALLYDEBUG rally_openstack.cleanup.manager [-] Deleting neutron.network object s_rally_0917ec34_brVcGCNA (0589361e-c36d-48fb-b6da-929531ec11c6)
2020-04-13 03:10:49.859 9693 RALLYDEBUG rally_openstack.cleanup.manager [-] Deleting neutron.network object s_rally_0917ec34_Lc99jpth (c01971e6-fa55-43fa-b5d8-8505f8b9803b)
2020-04-13 03:10:54.234 9693 RALLYDEBUG rally_openstack.cleanup.manager [-] Cleaning up neutron router objects
2020-04-13 03:10:54.830 9693 RALLYDEBUG rally_openstack.cleanup.manager [-] Cleaning up neutron security_group objects
2020-04-13 03:10:55.395 9693 INFO rally.task.context [-] Task 1555adf2-8b06-4117-91f7-246dacab2a51 | Context cleanup@openstack cleanup() finished in 19.67 sec
2020-04-13 03:10:55.396 9693 INFO rally.task.context [-] Task 1555adf2-8b06-4117-91f7-246dacab2a51 | Context quotas@openstack cleanup() started
2020-04-13 03:10:55.462 9693 INFO rally.task.context [-] Task 1555adf2-8b06-4117-91f7-246dacab2a51 | Context quotas@openstack cleanup() finished in 65.93 msec
2020-04-13 03:10:55.463 9693 INFO rally.task.context [-] Task 1555adf2-8b06-4117-91f7-246dacab2a51 | Context users@openstack cleanup() started
2020-04-13 03:10:55.612 9693 WARNING rally.common.logging [-] `iterate_per_tenants()' is deprecated in v3.0.0: it is openstack specific.. Used at
2020-04-13 03:10:57.499 9693 INFO rally.task.context [-] Task 1555adf2-8b06-4117-91f7-246dacab2a51 | Context users@openstack cleanup() finished in 2.04 sec
2020-04-13 03:10:59.078 9693 INFO rally.task.engine [-] Load duration is: 29.070227
2020-04-13 03:10:59.079 9693 INFO rally.task.engine [-] Full runner duration is: 29.116458
2020-04-13 03:10:59.079 9693 INFO rally.task.engine [-] Full duration is: 52.730254
2020-04-13 03:10:59.177 9693 INFO rally.task.engine [-] Running workload: position = 0 config = { "version": 2, "title": "A cropped version of a bigger task.", "description": "Auto-generated task from a single workload (uuid=03eb7b1d-5a30-4cd8-8287-dbdd14db4eed)", "subtasks": [ { "title": "NeutronNetworks.create_and_delete_subnets", "description": "Create and delete a given number of subnets.", "scenario": { "NeutronNetworks.create_and_delete_subnets": { "network_create_args": {}, "subnet_cidr_start": "1.1.0.0/30", "subnet_create_args": {}, "subnets_per_network": 1 } }, "contexts": { "users": { "tenants": 3, "users_per_tenant": 2 }, "quotas": { "neutron": { "network": -1, "subnet": -1 } } }, "runner": { "constant": { "concurrency": 4, "times": 10 } }, "hooks": [], "sla": { "failure_rate": { "max": 0 } } } ] }
2020-04-13 03:10:59.197 9693 RALLYDEBUG rally_openstack.contexts.keystone.users [-] Creating 3 tenants using 3 threads
2020-04-13 03:10:59.713 9693 RALLYDEBUG rally_openstack.contexts.keystone.users [-] Creating 6 users using 6 threads
2020-04-13 03:11:00.664 9693 INFO rally.task.context [-] Task 1555adf2-8b06-4117-91f7-246dacab2a51 | Context users@openstack setup() finished in 1.47 sec
2020-04-13 03:11:01.001 9693 INFO rally.task.context [-] Task 1555adf2-8b06-4117-91f7-246dacab2a51 | Context quotas@openstack setup() finished in 0.34 sec
2020-04-13 03:11:01.002 9693 INFO rally.task.context [-] Task 1555adf2-8b06-4117-91f7-246dacab2a51 | Context cleanup@openstack setup() finished in 0.14 msec
2020-04-13 03:11:01.013 9693 RALLYDEBUG rally.task.runner [-] Starting the constant runner (task UUID: 1555adf2-8b06-4117-91f7-246dacab2a51). times: 10 concurrency: 4 timeout: 0 max_cpu_used: 88 processes_to_start: 4 concurrency_per_worker: 1 concurrency_overhead: 0
2020-04-13 03:11:01.026 11799 RALLYDEBUG rally.task.runner [-] Starting a worker. times: 10 duration: None concurrency: 1 timeout: 0 cls: method_name: run args: {"network_create_args": {}, "subnet_cidr_start": "1.1.0.0/30", "subnet_create_args": {}, "subnets_per_network": 1}
2020-04-13 03:11:01.029 11800 RALLYDEBUG rally.task.runner [-] Starting a worker. times: 10 duration: None concurrency: 1 timeout: 0 cls: method_name: run args: {"network_create_args": {}, "subnet_cidr_start": "1.1.0.0/30", "subnet_create_args": {}, "subnets_per_network": 1}
2020-04-13 03:11:01.033 11799 INFO rally.task.runner [-] Task 1555adf2-8b06-4117-91f7-246dacab2a51 | ITER: 1 START
2020-04-13 03:11:01.032 11801 RALLYDEBUG rally.task.runner [-] Starting a worker. times: 10 duration: None concurrency: 1 timeout: 0 cls: method_name: run args: {"network_create_args": {}, "subnet_cidr_start": "1.1.0.0/30", "subnet_create_args": {}, "subnets_per_network": 1}
2020-04-13 03:11:01.034 11799 WARNING rally_openstack.scenarios.neutron.utils [-] Running this scenario without either the 'network' or 'existing_network' context is deprecated
2020-04-13 03:11:01.036 11800 INFO rally.task.runner [-] Task 1555adf2-8b06-4117-91f7-246dacab2a51 | ITER: 2 START
2020-04-13 03:11:01.035 11802 RALLYDEBUG rally.task.runner [-] Starting a worker. times: 10 duration: None concurrency: 1 timeout: 0 cls: method_name: run args: {"network_create_args": {}, "subnet_cidr_start": "1.1.0.0/30", "subnet_create_args": {}, "subnets_per_network": 1}
2020-04-13 03:11:01.037 11800 WARNING rally_openstack.scenarios.neutron.utils [-] Running this scenario without either the 'network' or 'existing_network' context is deprecated
2020-04-13 03:11:01.039 11801 INFO rally.task.runner [-] Task 1555adf2-8b06-4117-91f7-246dacab2a51 | ITER: 3 START
2020-04-13 03:11:01.040 11801 WARNING rally_openstack.scenarios.neutron.utils [-] Running this scenario without either the 'network' or 'existing_network' context is deprecated
2020-04-13 03:11:01.042 11802 INFO rally.task.runner [-] Task 1555adf2-8b06-4117-91f7-246dacab2a51 | ITER: 4 START
2020-04-13 03:11:01.043 11802 WARNING rally_openstack.scenarios.neutron.utils [-] Running this scenario without either the 'network' or 'existing_network' context is deprecated
2020-04-13 03:11:01.555 11800 RALLYDEBUG rally_openstack.wrappers.network [-] CIDR generated: 1.1.0.144/30
2020-04-13 03:11:02.074 11802 RALLYDEBUG rally_openstack.wrappers.network [-] CIDR generated: 1.1.0.148/30
2020-04-13 03:11:02.629 11799 RALLYDEBUG rally_openstack.wrappers.network [-] CIDR generated: 1.1.0.152/30
2020-04-13 03:11:02.673 11801 RALLYDEBUG rally_openstack.wrappers.network [-] CIDR generated: 1.1.0.156/30
2020-04-13 03:11:03.554 11799 INFO rally.task.runner [-] Task 1555adf2-8b06-4117-91f7-246dacab2a51 | ITER: 1 END: OK
2020-04-13 03:11:03.559 11799 INFO rally.task.runner [-] Task 1555adf2-8b06-4117-91f7-246dacab2a51 | ITER: 5 START
2020-04-13 03:11:03.560 11799 WARNING rally_openstack.scenarios.neutron.utils [-] Running this scenario without either the 'network' or 'existing_network' context is deprecated
2020-04-13 03:11:03.763 11800 INFO rally.task.runner [-] Task 1555adf2-8b06-4117-91f7-246dacab2a51 | ITER: 2 END: OK
2020-04-13 03:11:03.768 11800 INFO rally.task.runner [-] Task 1555adf2-8b06-4117-91f7-246dacab2a51 | ITER: 6 START
2020-04-13 03:11:03.769 11800 WARNING rally_openstack.scenarios.neutron.utils [-] Running this scenario without either the 'network' or 'existing_network' context is deprecated
2020-04-13 03:11:03.912 11802 INFO rally.task.runner [-] Task 1555adf2-8b06-4117-91f7-246dacab2a51 | ITER: 4 END: OK
2020-04-13 03:11:03.916 11802 INFO rally.task.runner [-] Task 1555adf2-8b06-4117-91f7-246dacab2a51 | ITER: 7 START
2020-04-13 03:11:03.917 11802 WARNING rally_openstack.scenarios.neutron.utils [-] Running this scenario without either the 'network' or 'existing_network' context is deprecated
2020-04-13 03:11:03.970 11799 RALLYDEBUG rally_openstack.wrappers.network [-] CIDR generated: 1.1.0.160/30
2020-04-13 03:11:04.073 11800 RALLYDEBUG rally_openstack.wrappers.network [-] CIDR generated: 1.1.0.164/30
2020-04-13 03:11:04.257 11801 INFO rally.task.runner [-] Task 1555adf2-8b06-4117-91f7-246dacab2a51 | ITER: 3 END: OK
2020-04-13 03:11:04.263 11801 INFO rally.task.runner [-] Task 1555adf2-8b06-4117-91f7-246dacab2a51 | ITER: 8 START
2020-04-13 03:11:04.263 11801 WARNING rally_openstack.scenarios.neutron.utils [-] Running this scenario without either the 'network' or 'existing_network' context is deprecated
2020-04-13 03:11:04.443 11802 RALLYDEBUG rally_openstack.wrappers.network [-] CIDR generated: 1.1.0.168/30
2020-04-13 03:11:04.613 11801 RALLYDEBUG rally_openstack.wrappers.network [-] CIDR generated: 1.1.0.172/30
2020-04-13 03:11:05.344 11800 INFO rally.task.runner [-] Task 1555adf2-8b06-4117-91f7-246dacab2a51 | ITER: 6 END: OK
2020-04-13 03:11:05.349 11800 INFO rally.task.runner [-] Task 1555adf2-8b06-4117-91f7-246dacab2a51 | ITER: 9 START
2020-04-13 03:11:05.350 11800 WARNING rally_openstack.scenarios.neutron.utils [-] Running this scenario without either the 'network' or 'existing_network' context is deprecated
2020-04-13 03:11:05.618 11800 RALLYDEBUG rally_openstack.wrappers.network [-] CIDR generated: 1.1.0.176/30
2020-04-13 03:11:05.848 11801 INFO rally.task.runner [-] Task 1555adf2-8b06-4117-91f7-246dacab2a51 | ITER: 8 END: OK
2020-04-13 03:11:05.853 11801 INFO rally.task.runner [-] Task 1555adf2-8b06-4117-91f7-246dacab2a51 | ITER: 10 START
2020-04-13 03:11:05.854 11801 WARNING rally_openstack.scenarios.neutron.utils [-] Running this scenario without either the 'network' or 'existing_network' context is deprecated
2020-04-13 03:11:05.871 11802 INFO rally.task.runner [-] Task 1555adf2-8b06-4117-91f7-246dacab2a51 | ITER: 7 END: OK
2020-04-13 03:11:06.130 11801 RALLYDEBUG rally_openstack.wrappers.network [-] CIDR generated: 1.1.0.180/30
2020-04-13 03:11:06.267 11799 INFO rally.task.runner [-] Task 1555adf2-8b06-4117-91f7-246dacab2a51 | ITER: 5 END: OK
2020-04-13 03:11:07.198 11800 INFO rally.task.runner [-] Task 1555adf2-8b06-4117-91f7-246dacab2a51 | ITER: 9 END: OK
2020-04-13 03:11:07.320 11801 INFO rally.task.runner [-] Task 1555adf2-8b06-4117-91f7-246dacab2a51 | ITER: 10 END: OK
2020-04-13 03:11:07.339 9693 INFO rally.task.context [-] Task 1555adf2-8b06-4117-91f7-246dacab2a51 | Context cleanup@openstack cleanup() started
2020-04-13 03:11:07.344 9693 RALLYDEBUG rally_openstack.cleanup.manager [-] Cleaning up neutron vip objects
2020-04-13 03:11:07.752 9693 RALLYDEBUG rally_openstack.cleanup.manager [-] Cleaning up neutron health_monitor objects
2020-04-13 03:11:08.184 9693 RALLYDEBUG rally_openstack.cleanup.manager [-] Cleaning up neutron pool objects
2020-04-13 03:11:08.581 9693 RALLYDEBUG rally_openstack.cleanup.manager [-] Cleaning up neutron loadbalancer objects
2020-04-13 03:11:08.982 9693 RALLYDEBUG rally_openstack.cleanup.manager [-] Cleaning up neutron floatingip objects
2020-04-13 03:11:10.034 9693 RALLYDEBUG rally_openstack.cleanup.manager [-] Cleaning up neutron trunk objects
2020-04-13 03:11:10.496 9693 RALLYDEBUG rally_openstack.cleanup.manager [-] Cleaning up neutron port objects
2020-04-13 03:11:11.131 9693 RALLYDEBUG rally_openstack.cleanup.manager [-] Cleaning up neutron subnet objects
2020-04-13 03:11:11.657 9693 RALLYDEBUG rally_openstack.cleanup.manager [-] Cleaning up neutron network objects
2020-04-13 03:11:12.399 9693 RALLYDEBUG rally_openstack.cleanup.manager [-] Deleting neutron.network object s_rally_03eb7b1d_ocMrWTAF (2fcf8c1d-67d6-4688-a452-ba27a005b06b)
2020-04-13 03:11:12.412 9693 RALLYDEBUG rally_openstack.cleanup.manager [-] Deleting neutron.network object s_rally_03eb7b1d_YISjM2En (5e169a77-96de-4570-8ea4-046d8030e790)
2020-04-13 03:11:12.407 9693 RALLYDEBUG rally_openstack.cleanup.manager [-] Deleting neutron.network object s_rally_03eb7b1d_AVttPvfQ (3f466604-f89e-4d40-b7b3-4ab7fe0168e0)
2020-04-13 03:11:12.428 9693 RALLYDEBUG rally_openstack.cleanup.manager [-] Deleting neutron.network object s_rally_03eb7b1d_yICVadn1 (9a33cc99-f4d5-4dbc-8b39-a20546d64e1a)
2020-04-13 03:11:12.437 9693 RALLYDEBUG rally_openstack.cleanup.manager [-] Deleting neutron.network object s_rally_03eb7b1d_OoS9KZXZ (a9ef0bbf-96a9-40e2-a408-98c5feb9919d)
2020-04-13 03:11:12.460 9693 RALLYDEBUG rally_openstack.cleanup.manager [-] Deleting neutron.network object s_rally_03eb7b1d_50xuVjK1 (e68a2761-26ef-42fa-bd35-b7949490cf9b)
2020-04-13 03:11:12.465 9693 RALLYDEBUG rally_openstack.cleanup.manager [-] Deleting neutron.network object s_rally_03eb7b1d_a4wwjflu (d7b76337-59b5-4f6c-95da-7a4e90eb307e)
2020-04-13 03:11:12.502 9693 RALLYDEBUG rally_openstack.cleanup.manager [-] Deleting neutron.network object s_rally_03eb7b1d_IB4sYmpK (2d7f98ea-56f7-40ba-a6e9-8487e8f00a4e)
2020-04-13 03:11:12.514 9693 RALLYDEBUG rally_openstack.cleanup.manager [-] Deleting neutron.network object s_rally_03eb7b1d_dvwuRLnM (a3aae0e8-046b-4dff-91aa-b1e0af2cf347)
2020-04-13 03:11:12.528 9693 RALLYDEBUG rally_openstack.cleanup.manager [-] Deleting neutron.network object s_rally_03eb7b1d_P9G08iBd (f09e6917-147e-4743-8929-2b92b8c844ea)
2020-04-13 03:11:18.553 9693 RALLYDEBUG rally_openstack.cleanup.manager [-] Cleaning up neutron router objects
2020-04-13 03:11:19.405 9693 RALLYDEBUG rally_openstack.cleanup.manager [-] Cleaning up neutron security_group objects
2020-04-13 03:11:19.994 9693 INFO rally.task.context [-] Task 1555adf2-8b06-4117-91f7-246dacab2a51 | Context cleanup@openstack cleanup() finished in 12.66 sec
2020-04-13 03:11:19.995 9693 INFO rally.task.context [-] Task 1555adf2-8b06-4117-91f7-246dacab2a51 | Context quotas@openstack cleanup() started
2020-04-13 03:11:20.069 9693 INFO rally.task.context [-] Task 1555adf2-8b06-4117-91f7-246dacab2a51 | Context quotas@openstack cleanup() finished in 74.32 msec
2020-04-13 03:11:20.070 9693 INFO rally.task.context [-] Task 1555adf2-8b06-4117-91f7-246dacab2a51 | Context users@openstack cleanup() started
2020-04-13 03:11:20.233 9693 WARNING rally.common.logging [-] `iterate_per_tenants()' is deprecated in v3.0.0: it is openstack specific.. Used at
2020-04-13 03:11:22.336 9693 INFO rally.task.context [-] Task 1555adf2-8b06-4117-91f7-246dacab2a51 | Context users@openstack cleanup() finished in 2.27 sec
2020-04-13 03:11:23.342 9693 INFO rally.task.engine [-] Load duration is: 6.285593
2020-04-13 03:11:23.343 9693 INFO rally.task.engine [-] Full runner duration is: 6.326285
2020-04-13 03:11:23.343 9693 INFO rally.task.engine [-] Full duration is: 23.141637
2020-04-13 03:11:23.442 9693 INFO rally.task.engine [-] Running workload: position = 0 config = { "version": 2, "title": "A cropped version of a bigger task.", "description": "Auto-generated task from a single workload (uuid=23ee47dc-3354-4fba-b508-69f5cfeeb72d)", "subtasks": [ { "title": "NeutronNetworks.create_and_list_networks", "description": "Create a network and then list all networks.", "scenario": { "NeutronNetworks.create_and_list_networks": { "network_create_args": {} } }, "contexts": { "users": { "tenants": 3, "users_per_tenant": 2 }, "quotas": { "neutron": { "network": -1 } } }, "runner": { "constant": { "concurrency": 4, "times": 10 } }, "hooks": [], "sla": { "failure_rate": { "max": 0 } } } ] }
2020-04-13 03:11:23.470 9693 RALLYDEBUG rally_openstack.contexts.keystone.users [-] Creating 3 tenants using 3 threads
2020-04-13 03:11:23.959 9693 RALLYDEBUG rally_openstack.contexts.keystone.users [-] Creating 6 users using 6 threads
2020-04-13 03:11:24.884 9693 INFO rally.task.context [-] Task 1555adf2-8b06-4117-91f7-246dacab2a51 | Context users@openstack setup() finished in 1.41 sec
2020-04-13 03:11:25.201 9693 INFO rally.task.context [-] Task 1555adf2-8b06-4117-91f7-246dacab2a51 | Context quotas@openstack setup() finished in 0.32 sec
2020-04-13 03:11:25.201 9693 INFO rally.task.context [-] Task 1555adf2-8b06-4117-91f7-246dacab2a51 | Context cleanup@openstack setup() finished in 0.02 msec
2020-04-13 03:11:25.211 9693 RALLYDEBUG rally.task.runner [-] Starting the constant runner (task UUID: 1555adf2-8b06-4117-91f7-246dacab2a51). times: 10 concurrency: 4 timeout: 0 max_cpu_used: 88 processes_to_start: 4 concurrency_per_worker: 1 concurrency_overhead: 0
2020-04-13 03:11:25.224 12092 RALLYDEBUG rally.task.runner [-] Starting a worker. times: 10 duration: None concurrency: 1 timeout: 0 cls: method_name: run args: {"network_create_args": {}}
2020-04-13 03:11:25.225 12093 RALLYDEBUG rally.task.runner [-] Starting a worker. times: 10 duration: None concurrency: 1 timeout: 0 cls: method_name: run args: {"network_create_args": {}}
2020-04-13 03:11:25.228 12094 RALLYDEBUG rally.task.runner [-] Starting a worker. times: 10 duration: None concurrency: 1 timeout: 0 cls: method_name: run args: {"network_create_args": {}}
2020-04-13 03:11:25.229 12092 INFO rally.task.runner [-] Task 1555adf2-8b06-4117-91f7-246dacab2a51 | ITER: 1 START
2020-04-13 03:11:25.231 12095 RALLYDEBUG rally.task.runner [-] Starting a worker. times: 10 duration: None concurrency: 1 timeout: 0 cls: method_name: run args: {"network_create_args": {}}
2020-04-13 03:11:25.231 12093 INFO rally.task.runner [-] Task 1555adf2-8b06-4117-91f7-246dacab2a51 | ITER: 2 START
2020-04-13 03:11:25.234 12094 INFO rally.task.runner [-] Task 1555adf2-8b06-4117-91f7-246dacab2a51 | ITER: 3 START
2020-04-13 03:11:25.237 12095 INFO rally.task.runner [-] Task 1555adf2-8b06-4117-91f7-246dacab2a51 | ITER: 4 START
2020-04-13 03:11:25.938 12095 INFO rally.task.runner [-] Task 1555adf2-8b06-4117-91f7-246dacab2a51 | ITER: 4 END: OK
2020-04-13 03:11:25.943 12095 INFO rally.task.runner [-] Task 1555adf2-8b06-4117-91f7-246dacab2a51 | ITER: 5 START
2020-04-13 03:11:26.512 12092 INFO rally.task.runner [-] Task 1555adf2-8b06-4117-91f7-246dacab2a51 | ITER: 1 END: OK
2020-04-13 03:11:26.517 12092 INFO rally.task.runner [-] Task 1555adf2-8b06-4117-91f7-246dacab2a51 | ITER: 6 START
2020-04-13 03:11:26.667 12095 INFO rally.task.runner [-] Task 1555adf2-8b06-4117-91f7-246dacab2a51 | ITER: 5 END: OK
2020-04-13 03:11:26.672 12095 INFO rally.task.runner [-] Task 1555adf2-8b06-4117-91f7-246dacab2a51 | ITER: 7 START
2020-04-13 03:11:26.804 12094 INFO rally.task.runner [-] Task 1555adf2-8b06-4117-91f7-246dacab2a51 | ITER: 3 END: OK
2020-04-13 03:11:26.810 12094 INFO rally.task.runner [-] Task 1555adf2-8b06-4117-91f7-246dacab2a51 | ITER: 8 START
2020-04-13 03:11:26.989 12092 INFO rally.task.runner [-] Task 1555adf2-8b06-4117-91f7-246dacab2a51 | ITER: 6 END: OK
2020-04-13 03:11:26.994 12092 INFO rally.task.runner [-] Task 1555adf2-8b06-4117-91f7-246dacab2a51 | ITER: 9 START
2020-04-13 03:11:27.067 12093 INFO rally.task.runner [-] Task 1555adf2-8b06-4117-91f7-246dacab2a51 | ITER: 2 END: OK
2020-04-13 03:11:27.071 12093 INFO rally.task.runner [-] Task 1555adf2-8b06-4117-91f7-246dacab2a51 | ITER: 10 START
2020-04-13 03:11:27.234 12095 INFO rally.task.runner [-] Task 1555adf2-8b06-4117-91f7-246dacab2a51 | ITER: 7 END: OK
2020-04-13 03:11:27.382 12094 INFO rally.task.runner [-] Task 1555adf2-8b06-4117-91f7-246dacab2a51 | ITER: 8 END: OK
2020-04-13 03:11:27.450 12092 INFO rally.task.runner [-] Task 1555adf2-8b06-4117-91f7-246dacab2a51 | ITER: 9 END: OK
2020-04-13 03:11:27.503 12093 INFO rally.task.runner [-] Task 1555adf2-8b06-4117-91f7-246dacab2a51 | ITER: 10 END: OK
2020-04-13 03:11:27.529 9693 INFO rally.task.context [-] Task 1555adf2-8b06-4117-91f7-246dacab2a51 | Context cleanup@openstack cleanup() started
2020-04-13 03:11:27.533 9693 RALLYDEBUG rally_openstack.cleanup.manager [-] Cleaning up neutron vip objects
2020-04-13 03:11:28.048 9693 RALLYDEBUG rally_openstack.cleanup.manager [-] Cleaning up neutron health_monitor objects
2020-04-13 03:11:28.485 9693 RALLYDEBUG rally_openstack.cleanup.manager [-] Cleaning up neutron pool objects
2020-04-13 03:11:28.951 9693 RALLYDEBUG rally_openstack.cleanup.manager [-] Cleaning up neutron loadbalancer objects
2020-04-13 03:11:29.404 9693 RALLYDEBUG rally_openstack.cleanup.manager [-] Cleaning up neutron floatingip objects
2020-04-13 03:11:30.038 9693 RALLYDEBUG rally_openstack.cleanup.manager [-] Cleaning up neutron trunk objects
2020-04-13 03:11:30.528 9693 RALLYDEBUG rally_openstack.cleanup.manager [-] Cleaning up neutron port objects
2020-04-13 03:11:31.090 9693 RALLYDEBUG rally_openstack.cleanup.manager [-] Cleaning up neutron subnet objects
2020-04-13 03:11:31.666 9693 RALLYDEBUG rally_openstack.cleanup.manager [-] Cleaning up neutron network objects
2020-04-13 03:11:32.778 9693 RALLYDEBUG rally_openstack.cleanup.manager [-] Deleting neutron.network object s_rally_23ee47dc_jrLqZFZD (13f06e08-d06e-4219-880c-297b0e0e9f27)
2020-04-13 03:11:32.795 9693 RALLYDEBUG rally_openstack.cleanup.manager [-] Deleting neutron.network object s_rally_23ee47dc_5c7VSj9n (9299666c-0973-460c-9331-c5b079a4cdb9)
2020-04-13 03:11:32.801 9693 RALLYDEBUG rally_openstack.cleanup.manager [-] Deleting neutron.network object s_rally_23ee47dc_XorQZggc (b0c82a33-f2f1-4fd0-a046-678e5becd3ac)
2020-04-13 03:11:32.790 9693 RALLYDEBUG rally_openstack.cleanup.manager [-] Deleting neutron.network object s_rally_23ee47dc_pWYyxoZE (6661cc1d-6165-45a7-b554-b2c928a1db0f)
2020-04-13 03:11:32.806 9693 RALLYDEBUG rally_openstack.cleanup.manager [-] Deleting neutron.network object s_rally_23ee47dc_Plew01ma (e938eb33-c451-4ecd-b21a-04d09ad9ad6a)
2020-04-13 03:11:32.811 9693 RALLYDEBUG rally_openstack.cleanup.manager [-] Deleting neutron.network object s_rally_23ee47dc_l1HP768V (24e58901-6670-4364-b1ee-e816100bce6e)
2020-04-13 03:11:32.833 9693 RALLYDEBUG rally_openstack.cleanup.manager [-] Deleting neutron.network object s_rally_23ee47dc_TEdtX4k7 (0ac333ac-8eb2-4230-8278-a5d28c9ed34c)
2020-04-13 03:11:32.854 9693 RALLYDEBUG rally_openstack.cleanup.manager [-] Deleting neutron.network object s_rally_23ee47dc_FJctbTJ5 (bfd56732-4d25-416b-ae62-0dc305951881)
2020-04-13 03:11:32.863 9693 RALLYDEBUG rally_openstack.cleanup.manager [-] Deleting neutron.network object s_rally_23ee47dc_quGKkkJa (d2c68b65-2f38-4e08-9712-84e256d69970)
2020-04-13 03:11:32.873 9693 RALLYDEBUG rally_openstack.cleanup.manager [-] Deleting neutron.network object s_rally_23ee47dc_E9N5E0bO (e7ef82b3-eba1-409a-bb7c-bc99258cedba)
2020-04-13 03:11:36.700 9693 RALLYDEBUG rally_openstack.cleanup.manager [-] Cleaning up neutron router objects
2020-04-13 03:11:37.666 9693 RALLYDEBUG rally_openstack.cleanup.manager [-] Cleaning up neutron security_group objects
2020-04-13 03:11:38.210 9693 INFO rally.task.context [-] Task 1555adf2-8b06-4117-91f7-246dacab2a51 | Context cleanup@openstack cleanup() finished in 10.68 sec
2020-04-13 03:11:38.211 9693 INFO rally.task.context [-] Task 1555adf2-8b06-4117-91f7-246dacab2a51 | Context quotas@openstack cleanup() started
2020-04-13 03:11:38.277 9693 INFO rally.task.context [-] Task 1555adf2-8b06-4117-91f7-246dacab2a51 | Context quotas@openstack cleanup() finished in 66.27 msec
2020-04-13 03:11:38.278 9693 INFO rally.task.context [-] Task 1555adf2-8b06-4117-91f7-246dacab2a51 | Context users@openstack cleanup() started
2020-04-13 03:11:38.431 9693 WARNING rally.common.logging [-] `iterate_per_tenants()' is deprecated in v3.0.0: it is openstack specific.. Used at
2020-04-13 03:11:40.482 9693 INFO rally.task.context [-] Task 1555adf2-8b06-4117-91f7-246dacab2a51 | Context users@openstack cleanup() finished in 2.20 sec
2020-04-13 03:11:41.637 9693 INFO rally.task.engine [-] Load duration is: 2.271353
2020-04-13 03:11:41.638 9693 INFO rally.task.engine [-] Full runner duration is: 2.317763
2020-04-13 03:11:41.638 9693 INFO rally.task.engine [-] Full duration is: 17.015713
2020-04-13 03:11:41.732 9693 INFO rally.task.engine [-] Running workload: position = 0 config = { "version": 2, "title": "A cropped version of a bigger task.", "description": "Auto-generated task from a single workload (uuid=92182c35-fc9b-437b-8135-287297a17fe7)", "subtasks": [ { "title": "NeutronNetworks.create_and_list_ports", "description": "Create and a given number of ports and list all ports.", "scenario": { "NeutronNetworks.create_and_list_ports": { "network_create_args": {}, "port_create_args": {}, "ports_per_network": 1 } }, "contexts": { "users": { "tenants": 3, "users_per_tenant": 2 }, "network": { "router": {} }, "quotas": { "neutron": { "network": -1, "port": -1 } } }, "runner": { "constant": { "concurrency": 4, "times": 10 } }, "hooks": [], "sla": { "failure_rate": { "max": 0 } } } ] }
2020-04-13 03:11:41.763 9693 RALLYDEBUG rally_openstack.contexts.keystone.users [-] Creating 3 tenants using 3 threads
2020-04-13 03:11:42.298 9693 RALLYDEBUG rally_openstack.contexts.keystone.users [-] Creating 6 users using 6 threads
2020-04-13 03:11:43.236 9693 INFO rally.task.context [-] Task 1555adf2-8b06-4117-91f7-246dacab2a51 | Context users@openstack setup() finished in 1.47 sec
2020-04-13 03:11:43.580 9693 INFO rally.task.context [-] Task 1555adf2-8b06-4117-91f7-246dacab2a51 | Context quotas@openstack setup() finished in 0.34 sec
2020-04-13 03:11:43.634 9693 WARNING rally.common.logging [-] `iterate_per_tenants()' is deprecated in v3.0.0: it is openstack specific.. Used at
2020-04-13 03:11:43.998 9693 RALLYDEBUG rally_openstack.wrappers.network [-] CIDR generated: 10.2.46.0/24
2020-04-13 03:11:44.572 9693 RALLYDEBUG rally_openstack.wrappers.network [-] CIDR generated: 10.2.47.0/24
2020-04-13 03:11:45.693 9693 RALLYDEBUG rally_openstack.wrappers.network [-] CIDR generated: 10.2.48.0/24
2020-04-13 03:11:46.137 9693 INFO rally.task.context [-] Task 1555adf2-8b06-4117-91f7-246dacab2a51 | Context network@openstack setup() finished in 2.56 sec
2020-04-13 03:11:46.137 9693 INFO rally.task.context [-] Task 1555adf2-8b06-4117-91f7-246dacab2a51 | Context cleanup@openstack setup() finished in 0.01 msec
2020-04-13 03:11:46.144 9693 RALLYDEBUG rally.task.runner [-] Starting the constant runner (task UUID: 1555adf2-8b06-4117-91f7-246dacab2a51). times: 10 concurrency: 4 timeout: 0 max_cpu_used: 88 processes_to_start: 4 concurrency_per_worker: 1 concurrency_overhead: 0
2020-04-13 03:11:46.153 12385 RALLYDEBUG rally.task.runner [-] Starting a worker. times: 10 duration: None concurrency: 1 timeout: 0 cls: method_name: run args: {"network_create_args": {}, "port_create_args": {}, "ports_per_network": 1}
2020-04-13 03:11:46.156 12386 RALLYDEBUG rally.task.runner [-] Starting a worker. times: 10 duration: None concurrency: 1 timeout: 0 cls: method_name: run args: {"network_create_args": {}, "port_create_args": {}, "ports_per_network": 1}
2020-04-13 03:11:46.158 12387 RALLYDEBUG rally.task.runner [-] Starting a worker. times: 10 duration: None concurrency: 1 timeout: 0 cls: method_name: run args: {"network_create_args": {}, "port_create_args": {}, "ports_per_network": 1}
