2020-04-13 02:45:48.794 1929 INFO rally.task.runner [-] Task 8721bc0b-a487-4e95-8756-c06f0378d98d | ITER: 7 START
2020-04-13 02:45:48.858 1927 INFO rally.task.runner [-] Task 8721bc0b-a487-4e95-8756-c06f0378d98d | ITER: 1 END: OK
2020-04-13 02:45:48.864 1927 INFO rally.task.runner [-] Task 8721bc0b-a487-4e95-8756-c06f0378d98d | ITER: 8 START
2020-04-13 02:45:51.312 1928 INFO rally.task.runner [-] Task 8721bc0b-a487-4e95-8756-c06f0378d98d | ITER: 5 END: OK
2020-04-13 02:45:51.316 1928 INFO rally.task.runner [-] Task 8721bc0b-a487-4e95-8756-c06f0378d98d | ITER: 9 START
2020-04-13 02:45:51.532 1927 INFO rally.task.runner [-] Task 8721bc0b-a487-4e95-8756-c06f0378d98d | ITER: 8 END: OK
2020-04-13 02:45:51.536 1927 INFO rally.task.runner [-] Task 8721bc0b-a487-4e95-8756-c06f0378d98d | ITER: 10 START
2020-04-13 02:45:51.549 1929 INFO rally.task.runner [-] Task 8721bc0b-a487-4e95-8756-c06f0378d98d | ITER: 7 END: OK
2020-04-13 02:45:51.643 1932 INFO rally.task.runner [-] Task 8721bc0b-a487-4e95-8756-c06f0378d98d | ITER: 6 END: OK
2020-04-13 02:45:53.923 1928 INFO rally.task.runner [-] Task 8721bc0b-a487-4e95-8756-c06f0378d98d | ITER: 9 END: OK
2020-04-13 02:45:54.144 1927 INFO rally.task.runner [-] Task 8721bc0b-a487-4e95-8756-c06f0378d98d | ITER: 10 END: OK
2020-04-13 02:45:54.174 1333 INFO rally.task.context [-] Task 8721bc0b-a487-4e95-8756-c06f0378d98d | Context cleanup@openstack cleanup() started
2020-04-13 02:45:54.179 1333 RALLYDEBUG rally_openstack.cleanup.manager [-] Cleaning up cinder backups objects
2020-04-13 02:45:54.699 1333 RALLYDEBUG rally_openstack.cleanup.manager [-] Cleaning up cinder volume_snapshots objects
2020-04-13 02:45:55.153 1333 RALLYDEBUG rally_openstack.cleanup.manager [-] Cleaning up cinder transfers objects
2020-04-13 02:45:55.556 1333 RALLYDEBUG rally_openstack.cleanup.manager [-] Cleaning up cinder volumes objects
2020-04-13 02:45:56.100 1333 RALLYDEBUG rally_openstack.cleanup.manager [-] Deleting cinder.volumes object s_rally_487cf68f_xP9FpYRw (1031f70b-ad5c-472f-bcba-b9f0dc3b4e20)
2020-04-13 02:45:56.110 1333 RALLYDEBUG rally_openstack.cleanup.manager [-] Deleting cinder.volumes object s_rally_487cf68f_PK3IBwpk (ae1a6c5c-d67c-4944-ba82-bc8c2e51fc28)
2020-04-13 02:45:56.120 1333 RALLYDEBUG rally_openstack.cleanup.manager [-] Deleting cinder.volumes object s_rally_487cf68f_srLfEnsi (5555c980-00b5-43b1-8397-537ce2020d0d)
2020-04-13 02:45:56.143 1333 RALLYDEBUG rally_openstack.cleanup.manager [-] Deleting cinder.volumes object s_rally_487cf68f_pPlh2PF5 (7115dab7-0a7d-4325-a681-0e99b7b74c83)
2020-04-13 02:45:56.149 1333 RALLYDEBUG rally_openstack.cleanup.manager [-] Deleting cinder.volumes object s_rally_487cf68f_4Z9YVwL9 (755163b6-6a27-41ce-9dde-286266714063)
2020-04-13 02:45:56.149 1333 RALLYDEBUG rally_openstack.cleanup.manager [-] Deleting cinder.volumes object s_rally_487cf68f_fqwMULEH (451d487c-8071-4f84-958a-08013654577d)
2020-04-13 02:45:56.162 1333 RALLYDEBUG rally_openstack.cleanup.manager [-] Deleting cinder.volumes object s_rally_487cf68f_Umzlcz6p (e7ee5a51-b880-4469-9337-6e61e5592ea2)
2020-04-13 02:45:56.179 1333 RALLYDEBUG rally_openstack.cleanup.manager [-] Deleting cinder.volumes object s_rally_487cf68f_SDB2ZF3k (4e3f1103-316e-451d-a724-8b4dc30a3326)
2020-04-13 02:45:56.180 1333 RALLYDEBUG rally_openstack.cleanup.manager [-] Deleting cinder.volumes object s_rally_487cf68f_jZTqBms5 (03672791-abc3-472f-8957-03e6241e870d)
2020-04-13 02:45:56.174 1333 RALLYDEBUG rally_openstack.cleanup.manager [-] Deleting cinder.volumes object s_rally_487cf68f_kIwjVqBo (cbad80a3-2c40-4b01-afa3-f48f9f4e166e)
2020-04-13 02:45:58.738 1333 INFO rally.task.context [-] Task 8721bc0b-a487-4e95-8756-c06f0378d98d | Context cleanup@openstack cleanup() finished in 4.56 sec
2020-04-13 02:45:58.739 1333 INFO rally.task.context [-] Task 8721bc0b-a487-4e95-8756-c06f0378d98d | Context quotas@openstack cleanup() started
2020-04-13 02:45:58.823 1333 INFO rally.task.context [-] Task 8721bc0b-a487-4e95-8756-c06f0378d98d | Context quotas@openstack cleanup() finished in 84.22 msec
2020-04-13 02:45:58.824 1333 INFO rally.task.context [-] Task 8721bc0b-a487-4e95-8756-c06f0378d98d | Context api_versions@openstack cleanup() started
2020-04-13 02:45:58.824 1333 INFO rally.task.context [-] Task 8721bc0b-a487-4e95-8756-c06f0378d98d | Context api_versions@openstack cleanup() finished in 0.27 msec
2020-04-13 02:45:58.824 1333 INFO rally.task.context [-] Task 8721bc0b-a487-4e95-8756-c06f0378d98d | Context users@openstack cleanup() started
2020-04-13 02:45:58.961 1333 WARNING rally.common.logging [-] `iterate_per_tenants()' is deprecated in v3.0.0: it is openstack specific.. Used at
2020-04-13 02:46:01.227 1333 INFO rally.task.context [-] Task 8721bc0b-a487-4e95-8756-c06f0378d98d | Context users@openstack cleanup() finished in 2.40 sec
2020-04-13 02:46:01.970 1333 INFO rally.task.engine [-] Load duration is: 8.126222
2020-04-13 02:46:01.970 1333 INFO rally.task.engine [-] Full runner duration is: 8.18021
2020-04-13 02:46:01.971 1333 INFO rally.task.engine [-] Full duration is: 17.398659
2020-04-13 02:46:02.057 1333 INFO rally.task.engine [-] Running workload: position = 0 config = { "version": 2, "title": "A cropped version of a bigger task.", "description": "Auto-generated task from a single workload (uuid=f0b79674-ff37-476b-b1cc-ded36e22fee3)", "subtasks": [ { "title": "CinderVolumes.create_and_upload_volume_to_image", "description": "Create and upload a volume to image.", "scenario": { "CinderVolumes.create_and_upload_volume_to_image": { "container_format": "bare", "disk_format": "raw", "do_delete": true, "force": false, "size": 1 } }, "contexts": { "users": { "tenants": 3, "users_per_tenant": 2 }, "quotas": { "cinder": { "gigabytes": -1, "snapshots": -1, "volumes": -1 } }, "api_versions": { "cinder": { "version": 3, "service_type": "volumev3" } } }, "runner": { "constant": { "concurrency": 4, "times": 10 } }, "hooks": [], "sla": { "failure_rate": { "max": 0 } } } ] }
2020-04-13 02:46:02.072 1333 RALLYDEBUG rally_openstack.contexts.keystone.users [-] Creating 3 tenants using 3 threads
2020-04-13 02:46:02.541 1333 RALLYDEBUG rally_openstack.contexts.keystone.users [-] Creating 6 users using 6 threads
2020-04-13 02:46:03.463 1333 INFO rally.task.context [-] Task 8721bc0b-a487-4e95-8756-c06f0378d98d | Context users@openstack setup() finished in 1.39 sec
2020-04-13 02:46:03.608 1333 INFO rally.task.context [-] Task 8721bc0b-a487-4e95-8756-c06f0378d98d | Context api_versions@openstack setup() finished in 0.14 sec
2020-04-13 02:46:04.179 1333 INFO rally.task.context [-] Task 8721bc0b-a487-4e95-8756-c06f0378d98d | Context quotas@openstack setup() finished in 0.57 sec
2020-04-13 02:46:04.180 1333 INFO rally.task.context [-] Task 8721bc0b-a487-4e95-8756-c06f0378d98d | Context cleanup@openstack setup() finished in 0.01 msec
2020-04-13 02:46:04.190 1333 RALLYDEBUG rally.task.runner [-] Starting the constant runner (task UUID: 8721bc0b-a487-4e95-8756-c06f0378d98d). times: 10 concurrency: 4 timeout: 0 max_cpu_used: 88 processes_to_start: 4 concurrency_per_worker: 1 concurrency_overhead: 0
2020-04-13 02:46:04.199 2080 RALLYDEBUG rally.task.runner [-] Starting a worker. times: 10 duration: None concurrency: 1 timeout: 0 cls: method_name: run args: {"container_format": "bare", "disk_format": "raw", "do_delete": true, "force": false, "size": 1}
2020-04-13 02:46:04.203 2081 RALLYDEBUG rally.task.runner [-] Starting a worker. times: 10 duration: None concurrency: 1 timeout: 0 cls: method_name: run args: {"container_format": "bare", "disk_format": "raw", "do_delete": true, "force": false, "size": 1}
2020-04-13 02:46:04.206 2080 INFO rally.task.runner [-] Task 8721bc0b-a487-4e95-8756-c06f0378d98d | ITER: 1 START
2020-04-13 02:46:04.205 2082 RALLYDEBUG rally.task.runner [-] Starting a worker. times: 10 duration: None concurrency: 1 timeout: 0 cls: method_name: run args: {"container_format": "bare", "disk_format": "raw", "do_delete": true, "force": false, "size": 1}
2020-04-13 02:46:04.208 2083 RALLYDEBUG rally.task.runner [-] Starting a worker. times: 10 duration: None concurrency: 1 timeout: 0 cls: method_name: run args: {"container_format": "bare", "disk_format": "raw", "do_delete": true, "force": false, "size": 1}
2020-04-13 02:46:04.211 2081 INFO rally.task.runner [-] Task 8721bc0b-a487-4e95-8756-c06f0378d98d | ITER: 2 START
2020-04-13 02:46:04.212 2082 INFO rally.task.runner [-] Task 8721bc0b-a487-4e95-8756-c06f0378d98d | ITER: 3 START
2020-04-13 02:46:04.215 2083 INFO rally.task.runner [-] Task 8721bc0b-a487-4e95-8756-c06f0378d98d | ITER: 4 START
2020-04-13 02:46:07.116 2080 RALLYDEBUG rally.task.utils [-] Waiting for resource s_rally_f0b79674_FXUSvfin. Status changed: AVAILABLE => UPLOADING in 0.07526779174804688
2020-04-13 02:46:07.198 2081 RALLYDEBUG rally.task.utils [-] Waiting for resource s_rally_f0b79674_9KJG3JJf. Status changed: AVAILABLE => UPLOADING in 0.07909250259399414
2020-04-13 02:46:07.351 2082 RALLYDEBUG rally.task.utils [-] Waiting for resource s_rally_f0b79674_aKI276Pl. Status changed: AVAILABLE => UPLOADING in 0.2693521976470947
2020-04-13 02:46:07.399 2083 RALLYDEBUG rally.task.utils [-] Waiting for resource s_rally_f0b79674_bnt0hnUR. Status changed: AVAILABLE => UPLOADING in 0.07932925224304199
2020-04-13 02:46:23.752 2080 RALLYDEBUG rally.task.utils [-] Waiting for resource s_rally_f0b79674_FXUSvfin. Status changed: UPLOADING => AVAILABLE in 16.635316133499146
2020-04-13 02:46:23.962 2081 RALLYDEBUG rally.task.utils [-] Waiting for resource s_rally_f0b79674_9KJG3JJf. Status changed: UPLOADING => AVAILABLE in 16.763957738876343
2020-04-13 02:46:23.973 2082 RALLYDEBUG rally.task.utils [-] Waiting for resource s_rally_f0b79674_aKI276Pl. Status changed: UPLOADING => AVAILABLE in 16.621940851211548
2020-04-13 02:46:24.003 2080 RALLYDEBUG rally.task.utils [-] Waiting for resource s_rally_f0b79674_FXUSvfin. Status changed: AVAILABLE => DELETING in 0.07749152183532715
2020-04-13 02:46:24.011 2083 RALLYDEBUG rally.task.utils [-] Waiting for resource s_rally_f0b79674_bnt0hnUR. Status changed: UPLOADING => AVAILABLE in 16.612223863601685
2020-04-13 02:46:24.190 2081 RALLYDEBUG rally.task.utils [-] Waiting for resource s_rally_f0b79674_9KJG3JJf. Status changed: AVAILABLE => DELETING in 0.07733774185180664
2020-04-13 02:46:24.210 2082 RALLYDEBUG rally.task.utils [-] Waiting for resource s_rally_f0b79674_aKI276Pl. Status changed: AVAILABLE => DELETING in 0.07080817222595215
2020-04-13 02:46:24.253 2083 RALLYDEBUG rally.task.utils [-] Waiting for resource s_rally_f0b79674_bnt0hnUR. Status changed: AVAILABLE => DELETING in 0.07913732528686523
2020-04-13 02:46:26.374 2080 INFO rally.task.runner [-] Task 8721bc0b-a487-4e95-8756-c06f0378d98d | ITER: 1 END: OK
2020-04-13 02:46:26.380 2080 INFO rally.task.runner [-] Task 8721bc0b-a487-4e95-8756-c06f0378d98d | ITER: 5 START
2020-04-13 02:46:26.541 2081 INFO rally.task.runner [-] Task 8721bc0b-a487-4e95-8756-c06f0378d98d | ITER: 2 END: OK
2020-04-13 02:46:26.546 2081 INFO rally.task.runner [-] Task 8721bc0b-a487-4e95-8756-c06f0378d98d | ITER: 6 START
2020-04-13 02:46:26.588 2082 INFO rally.task.runner [-] Task 8721bc0b-a487-4e95-8756-c06f0378d98d | ITER: 3 END: OK
2020-04-13 02:46:26.594 2082 INFO rally.task.runner [-] Task 8721bc0b-a487-4e95-8756-c06f0378d98d | ITER: 7 START
2020-04-13 02:46:26.607 2083 INFO rally.task.runner [-] Task 8721bc0b-a487-4e95-8756-c06f0378d98d | ITER: 4 END: OK
2020-04-13 02:46:26.613 2083 INFO rally.task.runner [-] Task 8721bc0b-a487-4e95-8756-c06f0378d98d | ITER: 8 START
2020-04-13 02:46:29.303 2080 RALLYDEBUG rally.task.utils [-] Waiting for resource s_rally_f0b79674_zfk7ZAY6. Status changed: AVAILABLE => UPLOADING in 0.07111978530883789
2020-04-13 02:46:29.499 2083 RALLYDEBUG rally.task.utils [-] Waiting for resource s_rally_f0b79674_3TLrHw2p. Status changed: AVAILABLE => UPLOADING in 0.07412028312683105
2020-04-13 02:46:29.543 2082 RALLYDEBUG rally.task.utils [-] Waiting for resource s_rally_f0b79674_dtJNX1lG. Status changed: AVAILABLE => UPLOADING in 0.07364630699157715
2020-04-13 02:46:29.558 2081 RALLYDEBUG rally.task.utils [-] Waiting for resource s_rally_f0b79674_KeYvptbQ. Status changed: AVAILABLE => UPLOADING in 0.08943724632263184
2020-04-13 02:46:45.974 2080 RALLYDEBUG rally.task.utils [-] Waiting for resource s_rally_f0b79674_zfk7ZAY6. Status changed: UPLOADING => AVAILABLE in 16.671064853668213
2020-04-13 02:46:46.161 2083 RALLYDEBUG rally.task.utils [-] Waiting for resource s_rally_f0b79674_3TLrHw2p. Status changed: UPLOADING => AVAILABLE in 16.661253213882446
2020-04-13 02:46:46.168 2081 RALLYDEBUG rally.task.utils [-] Waiting for resource s_rally_f0b79674_KeYvptbQ. Status changed: UPLOADING => AVAILABLE in 16.610810041427612
2020-04-13 02:46:46.200 2082 RALLYDEBUG rally.task.utils [-] Waiting for resource s_rally_f0b79674_dtJNX1lG. Status changed: UPLOADING => AVAILABLE in 16.657392740249634
2020-04-13 02:46:46.212 2080 RALLYDEBUG rally.task.utils [-] Waiting for resource s_rally_f0b79674_zfk7ZAY6. Status changed: AVAILABLE => DELETING in 0.07256102561950684
2020-04-13 02:46:46.386 2083 RALLYDEBUG rally.task.utils [-] Waiting for resource s_rally_f0b79674_3TLrHw2p. Status changed: AVAILABLE => DELETING in 0.07010221481323242
2020-04-13 02:46:46.399 2081 RALLYDEBUG rally.task.utils [-] Waiting for resource s_rally_f0b79674_KeYvptbQ. Status changed: AVAILABLE => DELETING in 0.0738825798034668
2020-04-13 02:46:46.438 2082 RALLYDEBUG rally.task.utils [-] Waiting for resource s_rally_f0b79674_dtJNX1lG. Status changed: AVAILABLE => DELETING in 0.07587575912475586
2020-04-13 02:46:48.576 2080 INFO rally.task.runner [-] Task 8721bc0b-a487-4e95-8756-c06f0378d98d | ITER: 5 END: OK
2020-04-13 02:46:48.582 2080 INFO rally.task.runner [-] Task 8721bc0b-a487-4e95-8756-c06f0378d98d | ITER: 9 START
2020-04-13 02:46:48.746 2083 INFO rally.task.runner [-] Task 8721bc0b-a487-4e95-8756-c06f0378d98d | ITER: 8 END: OK
2020-04-13 02:46:48.752 2083 INFO rally.task.runner [-] Task 8721bc0b-a487-4e95-8756-c06f0378d98d | ITER: 10 START
2020-04-13 02:46:48.759 2081 INFO rally.task.runner [-] Task 8721bc0b-a487-4e95-8756-c06f0378d98d | ITER: 6 END: OK
2020-04-13 02:46:48.799 2082 INFO rally.task.runner [-] Task 8721bc0b-a487-4e95-8756-c06f0378d98d | ITER: 7 END: OK
2020-04-13 02:46:51.493 2080 RALLYDEBUG rally.task.utils [-] Waiting for resource s_rally_f0b79674_jewC6tN8. Status changed: AVAILABLE => UPLOADING in 0.08777546882629395
2020-04-13 02:46:51.773 2083 RALLYDEBUG rally.task.utils [-] Waiting for resource s_rally_f0b79674_67f2ZDvR. Status changed: AVAILABLE => UPLOADING in 0.07891058921813965
2020-04-13 02:47:01.875 2080 RALLYDEBUG rally.task.utils [-] Waiting for resource s_rally_f0b79674_jewC6tN8. Status changed: UPLOADING => AVAILABLE in 10.38165831565857
2020-04-13 02:47:02.105 2080 RALLYDEBUG rally.task.utils [-] Waiting for resource s_rally_f0b79674_jewC6tN8. Status changed: AVAILABLE => DELETING in 0.08094263076782227
2020-04-13 02:47:02.181 2083 RALLYDEBUG rally.task.utils [-] Waiting for resource s_rally_f0b79674_67f2ZDvR. Status changed: UPLOADING => AVAILABLE in 10.408141613006592
2020-04-13 02:47:02.412 2083 RALLYDEBUG rally.task.utils [-] Waiting for resource s_rally_f0b79674_67f2ZDvR. Status changed: AVAILABLE => DELETING in 0.07623124122619629
2020-04-13 02:47:04.479 2080 INFO rally.task.runner [-] Task 8721bc0b-a487-4e95-8756-c06f0378d98d | ITER: 9 END: OK
2020-04-13 02:47:04.785 2083 INFO rally.task.runner [-] Task 8721bc0b-a487-4e95-8756-c06f0378d98d | ITER: 10 END: OK
2020-04-13 02:47:04.810 1333 INFO rally.task.context [-] Task 8721bc0b-a487-4e95-8756-c06f0378d98d | Context cleanup@openstack cleanup() started
2020-04-13 02:47:04.817 1333 RALLYDEBUG rally_openstack.cleanup.manager [-] Cleaning up cinder backups objects
2020-04-13 02:47:05.301 1333 RALLYDEBUG rally_openstack.cleanup.manager [-] Cleaning up cinder volume_snapshots objects
2020-04-13 02:47:05.775 1333 RALLYDEBUG rally_openstack.cleanup.manager [-] Cleaning up cinder transfers objects
2020-04-13 02:47:06.209 1333 RALLYDEBUG rally_openstack.cleanup.manager [-] Cleaning up cinder volumes objects
2020-04-13 02:47:06.738 1333 RALLYDEBUG rally_openstack.cleanup.manager [-] Cleaning up glance images objects
2020-04-13 02:47:07.488 1333 INFO rally.task.context [-] Task 8721bc0b-a487-4e95-8756-c06f0378d98d | Context cleanup@openstack cleanup() finished in 2.68 sec
2020-04-13 02:47:07.488 1333 INFO rally.task.context [-] Task 8721bc0b-a487-4e95-8756-c06f0378d98d | Context quotas@openstack cleanup() started
2020-04-13 02:47:07.574 1333 INFO rally.task.context [-] Task 8721bc0b-a487-4e95-8756-c06f0378d98d | Context quotas@openstack cleanup() finished in 85.53 msec
2020-04-13 02:47:07.574 1333 INFO rally.task.context [-] Task 8721bc0b-a487-4e95-8756-c06f0378d98d | Context api_versions@openstack cleanup() started
2020-04-13 02:47:07.575 1333 INFO rally.task.context [-] Task 8721bc0b-a487-4e95-8756-c06f0378d98d | Context api_versions@openstack cleanup() finished in 0.34 msec
2020-04-13 02:47:07.575 1333 INFO rally.task.context [-] Task 8721bc0b-a487-4e95-8756-c06f0378d98d | Context users@openstack cleanup() started
2020-04-13 02:47:07.710 1333 WARNING rally.common.logging [-] `iterate_per_tenants()' is deprecated in v3.0.0: it is openstack specific.. Used at
2020-04-13 02:47:10.936 1333 INFO rally.task.context [-] Task 8721bc0b-a487-4e95-8756-c06f0378d98d | Context users@openstack cleanup() finished in 3.36 sec
2020-04-13 02:47:12.399 1333 INFO rally.task.engine [-] Load duration is: 60.472799
2020-04-13 02:47:12.399 1333 INFO rally.task.engine [-] Full runner duration is: 60.619796
2020-04-13 02:47:12.399 1333 INFO rally.task.engine [-] Full duration is: 68.866126
2020-04-13 02:47:12.489 1333 INFO rally.task.engine [-] Running workload: position = 0 config = { "version": 2, "title": "A cropped version of a bigger task.", "description": "Auto-generated task from a single workload (uuid=a153bdcf-8c37-437e-adc1-65b4f94b1990)", "subtasks": [ { "title": "CinderVolumes.create_nested_snapshots_and_attach_volume", "description": "Create a volume from snapshot and attach/detach the volume", "scenario": { "CinderVolumes.create_nested_snapshots_and_attach_volume": { "flavor": { "name": "rally_full_cntt-flavor_044c9470-22d6-4136-99e6-972dd7ba6ded" }, "image": { "name": "rally_full_cntt-img_044c9470-22d6-4136-99e6-972dd7ba6ded" }, "nested_level": 1, "size": { "max": 1, "min": 1 }, "create_vm_params": { "nics": [ { "net-id": "d5c82f55-cd77-41d0-b8f0-9f2abb7d4008" } ] } } }, "contexts": { "users": { "tenants": 3, "users_per_tenant": 2 }, "quotas": { "cinder": { "gigabytes": -1, "snapshots": -1, "volumes": -1 } }, "api_versions": { "cinder": { "version": 3, "service_type": "volumev3" } } }, "runner": { "constant": { "concurrency": 4, "times": 10 } }, "hooks": [], "sla": { "failure_rate": { "max": 0 } } } ] }
2020-04-13 02:47:12.510 1333 RALLYDEBUG rally_openstack.contexts.keystone.users [-] Creating 3 tenants using 3 threads
2020-04-13 02:47:13.075 1333 RALLYDEBUG rally_openstack.contexts.keystone.users [-] Creating 6 users using 6 threads
2020-04-13 02:47:13.976 1333 INFO rally.task.context [-] Task 8721bc0b-a487-4e95-8756-c06f0378d98d | Context users@openstack setup() finished in 1.47 sec
2020-04-13 02:47:14.104 1333 INFO rally.task.context [-] Task 8721bc0b-a487-4e95-8756-c06f0378d98d | Context api_versions@openstack setup() finished in 0.13 sec
2020-04-13 02:47:14.641 1333 INFO rally.task.context [-] Task 8721bc0b-a487-4e95-8756-c06f0378d98d | Context quotas@openstack setup() finished in 0.54 sec
2020-04-13 02:47:14.642 1333 INFO rally.task.context [-] Task 8721bc0b-a487-4e95-8756-c06f0378d98d | Context cleanup@openstack setup() finished in 0.02 msec
2020-04-13 02:47:15.104 1333 RALLYDEBUG rally.task.runner [-] Starting the constant runner (task UUID: 8721bc0b-a487-4e95-8756-c06f0378d98d). times: 10 concurrency: 4 timeout: 0 max_cpu_used: 88 processes_to_start: 4 concurrency_per_worker: 1 concurrency_overhead: 0
2020-04-13 02:47:15.116 2253 RALLYDEBUG rally.task.runner [-] Starting a worker. times: 10 duration: None concurrency: 1 timeout: 0 cls: method_name: run args: {"flavor": "9aa73c23-88f1-4dc3-bf55-62ae88433dc3", "image": "2a496ff0-46a2-42f3-b37f-80386448dd5b", "nested_level": 1, "size": {"max": 1, "min": 1}, "create_vm_params": {"nics": [{"net-id": "d5c82f55-cd77-41d0-b8f0-9f2abb7d4008"}]}}
2020-04-13 02:47:15.119 2254 RALLYDEBUG rally.task.runner [-] Starting a worker. times: 10 duration: None concurrency: 1 timeout: 0 cls: method_name: run args: {"flavor": "9aa73c23-88f1-4dc3-bf55-62ae88433dc3", "image": "2a496ff0-46a2-42f3-b37f-80386448dd5b", "nested_level": 1, "size": {"max": 1, "min": 1}, "create_vm_params": {"nics": [{"net-id": "d5c82f55-cd77-41d0-b8f0-9f2abb7d4008"}]}}
2020-04-13 02:47:15.122 2255 RALLYDEBUG rally.task.runner [-] Starting a worker. times: 10 duration: None concurrency: 1 timeout: 0 cls: method_name: run args: {"flavor": "9aa73c23-88f1-4dc3-bf55-62ae88433dc3", "image": "2a496ff0-46a2-42f3-b37f-80386448dd5b", "nested_level": 1, "size": {"max": 1, "min": 1}, "create_vm_params": {"nics": [{"net-id": "d5c82f55-cd77-41d0-b8f0-9f2abb7d4008"}]}}
2020-04-13 02:47:15.123 2253 INFO rally.task.runner [-] Task 8721bc0b-a487-4e95-8756-c06f0378d98d | ITER: 1 START
2020-04-13 02:47:15.123 2256 RALLYDEBUG rally.task.runner [-] Starting a worker. times: 10 duration: None concurrency: 1 timeout: 0 cls: method_name: run args: {"flavor": "9aa73c23-88f1-4dc3-bf55-62ae88433dc3", "image": "2a496ff0-46a2-42f3-b37f-80386448dd5b", "nested_level": 1, "size": {"max": 1, "min": 1}, "create_vm_params": {"nics": [{"net-id": "d5c82f55-cd77-41d0-b8f0-9f2abb7d4008"}]}}
2020-04-13 02:47:15.126 2254 INFO rally.task.runner [-] Task 8721bc0b-a487-4e95-8756-c06f0378d98d | ITER: 2 START
2020-04-13 02:47:15.129 2256 INFO rally.task.runner [-] Task 8721bc0b-a487-4e95-8756-c06f0378d98d | ITER: 4 START
2020-04-13 02:47:15.129 2255 INFO rally.task.runner [-] Task 8721bc0b-a487-4e95-8756-c06f0378d98d | ITER: 3 START
2020-04-13 02:47:27.958 2254 RALLYDEBUG rally.task.utils [-] Waiting for resource s_rally_a153bdcf_K2jCSCuj. Status changed: BUILD => ACTIVE in 10.069760799407959
2020-04-13 02:47:29.432 2256 RALLYDEBUG rally.task.utils [-] Waiting for resource s_rally_a153bdcf_83EqA33f. Status changed: BUILD => ACTIVE in 12.003665924072266
2020-04-13 02:47:31.554 2255 RALLYDEBUG rally.task.utils [-] Waiting for resource s_rally_a153bdcf_eiC7nxgE. Status changed: BUILD => ACTIVE in 13.450088262557983
2020-04-13 02:47:32.584 2253 RALLYDEBUG rally.task.utils [-] Waiting for resource s_rally_a153bdcf_nF1lEFXr. Status changed: BUILD => ACTIVE in 14.995640993118286
2020-04-13 02:47:33.302 2254 RALLYDEBUG rally.task.utils [-] Waiting for resource s_rally_a153bdcf_dWFTx0RA. Status changed: AVAILABLE => RESERVED in 0.21312785148620605
2020-04-13 02:47:34.833 2256 RALLYDEBUG rally.task.utils [-] Waiting for resource s_rally_a153bdcf_yvo27bmb. Status changed: AVAILABLE => RESERVED in 0.21497201919555664
2020-04-13 02:47:35.530 2254 RALLYDEBUG rally.task.utils [-] Waiting for resource s_rally_a153bdcf_dWFTx0RA. Status changed: RESERVED => IN-USE in 2.2283084392547607
2020-04-13 02:47:36.041 2254 RALLYDEBUG rally.task.utils [-] Waiting for resource s_rally_a153bdcf_dWFTx0RA. Status changed: AVAILABLE => DETACHING in 0.23937606811523438
2020-04-13 02:47:36.984 2255 RALLYDEBUG rally.task.utils [-] Waiting for resource s_rally_a153bdcf_yerWOYiz. Status changed: AVAILABLE => RESERVED in 0.1832265853881836
2020-04-13 02:47:37.065 2256 RALLYDEBUG rally.task.utils [-] Waiting for resource s_rally_a153bdcf_yvo27bmb. Status changed: RESERVED => IN-USE in 2.2322959899902344
2020-04-13 02:47:37.536 2256 RALLYDEBUG rally.task.utils [-] Waiting for resource s_rally_a153bdcf_yvo27bmb. Status changed: AVAILABLE => DETACHING in 0.21030449867248535
2020-04-13 02:47:38.025 2253 RALLYDEBUG rally.task.utils [-] Waiting for resource s_rally_a153bdcf_qlx2zJxe. Status changed: AVAILABLE => RESERVED in 0.22288799285888672
2020-04-13 02:47:38.279 2254 RALLYDEBUG rally.task.utils [-] Waiting for resource s_rally_a153bdcf_dWFTx0RA. Status changed: DETACHING => AVAILABLE in 2.237945318222046
2020-04-13 02:47:38.420 2254 RALLYDEBUG rally.task.utils [-] Waiting for resource s_rally_a153bdcf_mpfKDlcB. Status changed: AVAILABLE => DELETING in 0.04010796546936035
2020-04-13 02:47:39.186 2255 RALLYDEBUG rally.task.utils [-] Waiting for resource s_rally_a153bdcf_yerWOYiz. Status changed: RESERVED => IN-USE in 2.201483726501465
2020-04-13 02:47:39.589 2255 RALLYDEBUG rally.task.utils [-] Waiting for resource s_rally_a153bdcf_yerWOYiz. Status changed: AVAILABLE => DETACHING in 0.17996978759765625
2020-04-13 02:47:39.745 2256 RALLYDEBUG rally.task.utils [-] Waiting for resource s_rally_a153bdcf_yvo27bmb. Status changed: DETACHING => AVAILABLE in 2.208824634552002
2020-04-13 02:47:39.941 2256 RALLYDEBUG rally.task.utils [-] Waiting for resource s_rally_a153bdcf_3k1FFvL0. Status changed: AVAILABLE => DELETING in 0.03783893585205078
2020-04-13 02:47:40.234 2253 RALLYDEBUG rally.task.utils [-] Waiting for resource s_rally_a153bdcf_qlx2zJxe. Status changed: RESERVED => IN-USE in 2.208153486251831
2020-04-13 02:47:40.629 2254 RALLYDEBUG rally.task.utils [-] Waiting for resource s_rally_a153bdcf_dWFTx0RA. Status changed: AVAILABLE => DELETING in 0.08096122741699219
2020-04-13 02:47:40.647 2253 RALLYDEBUG rally.task.utils [-] Waiting for resource s_rally_a153bdcf_qlx2zJxe. Status changed: AVAILABLE => DETACHING in 0.19484472274780273
2020-04-13 02:47:41.797 2255 RALLYDEBUG rally.task.utils [-] Waiting for resource s_rally_a153bdcf_yerWOYiz. Status changed: DETACHING => AVAILABLE in 2.208604097366333
2020-04-13 02:47:41.939 2255 RALLYDEBUG rally.task.utils [-] Waiting for resource s_rally_a153bdcf_By6cDDcH. Status changed: AVAILABLE => DELETING in 0.048135995864868164
2020-04-13 02:47:42.129 2256 RALLYDEBUG rally.task.utils [-] Waiting for resource s_rally_a153bdcf_yvo27bmb. Status changed: AVAILABLE => DELETING in 0.0680239200592041
2020-04-13 02:47:42.856 2253 RALLYDEBUG rally.task.utils [-] Waiting for resource s_rally_a153bdcf_qlx2zJxe. Status changed: DETACHING => AVAILABLE in 2.2080495357513428
2020-04-13 02:47:42.971 2253 RALLYDEBUG rally.task.utils [-] Waiting for resource s_rally_a153bdcf_aG2g7V4u. Status changed: AVAILABLE => DELETING in 0.03429603576660156
2020-04-13 02:47:44.126 2255 RALLYDEBUG rally.task.utils [-] Waiting for resource s_rally_a153bdcf_yerWOYiz. Status changed: AVAILABLE => DELETING in 0.06150960922241211
2020-04-13 02:47:45.168 2253 RALLYDEBUG rally.task.utils [-] Waiting for resource s_rally_a153bdcf_qlx2zJxe. Status changed: AVAILABLE => DELETING in 0.0896155834197998
2020-04-13 02:47:46.767 2256 INFO rally.task.runner [-] Task 8721bc0b-a487-4e95-8756-c06f0378d98d | ITER: 4 END: OK
2020-04-13 02:47:46.774 2256 INFO rally.task.runner [-] Task 8721bc0b-a487-4e95-8756-c06f0378d98d | ITER: 5 START
2020-04-13 02:47:47.404 2254 INFO rally.task.runner [-] Task 8721bc0b-a487-4e95-8756-c06f0378d98d | ITER: 2 END: OK
2020-04-13 02:47:47.411 2254 INFO rally.task.runner [-] Task 8721bc0b-a487-4e95-8756-c06f0378d98d | ITER: 6 START
2020-04-13 02:47:48.713 2255 INFO rally.task.runner [-] Task 8721bc0b-a487-4e95-8756-c06f0378d98d | ITER: 3 END: OK
2020-04-13 02:47:48.718 2255 INFO rally.task.runner [-] Task 8721bc0b-a487-4e95-8756-c06f0378d98d | ITER: 7 START
2020-04-13 02:47:49.754 2253 INFO rally.task.runner [-] Task 8721bc0b-a487-4e95-8756-c06f0378d98d | ITER: 1 END: OK
2020-04-13 02:47:49.759 2253 INFO rally.task.runner [-] Task 8721bc0b-a487-4e95-8756-c06f0378d98d | ITER: 8 START
2020-04-13 02:47:58.959 2256 RALLYDEBUG rally.task.utils [-] Waiting for resource s_rally_a153bdcf_6f1wVIR0. Status changed: BUILD => ACTIVE in 9.999396085739136
2020-04-13 02:48:00.219 2255 RALLYDEBUG rally.task.utils [-] Waiting for resource s_rally_a153bdcf_KN6t5fCU. Status changed: BUILD => ACTIVE in 8.925599813461304
2020-04-13 02:48:02.565 2254 RALLYDEBUG rally.task.utils [-] Waiting for resource s_rally_a153bdcf_kNJbbuuE. Status changed: BUILD => ACTIVE in 12.363125562667847
2020-04-13 02:48:04.336 2256 RALLYDEBUG rally.task.utils [-] Waiting for resource s_rally_a153bdcf_6F4kOxJ0. Status changed: AVAILABLE => RESERVED in 0.2424485683441162
2020-04-13 02:48:05.676 2255 RALLYDEBUG rally.task.utils [-] Waiting for resource s_rally_a153bdcf_Y1ervd7c. Status changed: AVAILABLE => RESERVED in 0.22130632400512695
2020-04-13 02:48:06.551 2256 RALLYDEBUG rally.task.utils [-] Waiting for resource s_rally_a153bdcf_6F4kOxJ0. Status changed: RESERVED => IN-USE in 2.2150650024414062
2020-04-13 02:48:06.988 2256 RALLYDEBUG rally.task.utils [-] Waiting for resource s_rally_a153bdcf_6F4kOxJ0. Status changed: AVAILABLE => DETACHING in 0.1961052417755127
2020-04-13 02:48:07.420 2253 RALLYDEBUG rally.task.utils [-] Waiting for resource s_rally_a153bdcf_js7B665C. Status changed: BUILD => ACTIVE in 15.30887508392334
2020-04-13 02:48:07.865 2255 RALLYDEBUG rally.task.utils [-] Waiting for resource s_rally_a153bdcf_Y1ervd7c. Status changed: RESERVED => IN-USE in 2.189298391342163
2020-04-13 02:48:08.196 2254 RALLYDEBUG rally.task.utils [-] Waiting for resource s_rally_a153bdcf_ikQnI8gI. Status changed: AVAILABLE => RESERVED in 0.19331860542297363
2020-04-13 02:48:08.295 2255 RALLYDEBUG rally.task.utils [-] Waiting for resource s_rally_a153bdcf_Y1ervd7c. Status changed: AVAILABLE => DETACHING in 0.1971449851989746
2020-04-13 02:48:09.192 2256 RALLYDEBUG rally.task.utils [-] Waiting for resource s_rally_a153bdcf_6F4kOxJ0. Status changed: DETACHING => AVAILABLE in 2.204268217086792
2020-04-13 02:48:09.317 2256 RALLYDEBUG rally.task.utils [-] Waiting for resource s_rally_a153bdcf_t5YGEr3o. Status changed: AVAILABLE => DELETING in 0.03952431678771973
2020-04-13 02:48:10.394 2254 RALLYDEBUG rally.task.utils [-] Waiting for resource s_rally_a153bdcf_ikQnI8gI. Status changed: RESERVED => IN-USE in 2.1982882022857666
2020-04-13 02:48:10.494 2255 RALLYDEBUG rally.task.utils [-] Waiting for resource s_rally_a153bdcf_Y1ervd7c. Status changed: DETACHING => AVAILABLE in 2.1994082927703857
2020-04-13 02:48:10.621 2255 RALLYDEBUG rally.task.utils [-] Waiting for resource s_rally_a153bdcf_2cCmPqoA. Status changed: AVAILABLE => DELETING in 0.03959846496582031
2020-04-13 02:48:10.804 2254 RALLYDEBUG rally.task.utils [-] Waiting for resource s_rally_a153bdcf_ikQnI8gI. Status changed: AVAILABLE => DETACHING in 0.17661023139953613
2020-04-13 02:48:11.555 2256 RALLYDEBUG rally.task.utils [-] Waiting for resource s_rally_a153bdcf_6F4kOxJ0. Status changed: AVAILABLE => DELETING in 0.11732196807861328
2020-04-13 02:48:12.803 2255 RALLYDEBUG rally.task.utils [-] Waiting for resource s_rally_a153bdcf_Y1ervd7c. Status changed: AVAILABLE => DELETING in 0.06891131401062012
2020-04-13 02:48:12.816 2253 RALLYDEBUG rally.task.utils [-] Waiting for resource s_rally_a153bdcf_yyhvYDrB. Status changed: AVAILABLE => RESERVED in 0.23264074325561523
2020-04-13 02:48:12.996 2254 RALLYDEBUG rally.task.utils [-] Waiting for resource s_rally_a153bdcf_ikQnI8gI. Status changed: DETACHING => AVAILABLE in 2.1924712657928467
2020-04-13 02:48:13.105 2254 RALLYDEBUG rally.task.utils [-] Waiting for resource s_rally_a153bdcf_kaJSXbj6. Status changed: AVAILABLE => DELETING in 0.03328967094421387
2020-04-13 02:48:15.038 2253 RALLYDEBUG rally.task.utils [-] Waiting for resource s_rally_a153bdcf_yyhvYDrB. Status changed: RESERVED => IN-USE in 2.2223517894744873
2020-04-13 02:48:15.303 2254 RALLYDEBUG rally.task.utils [-] Waiting for resource s_rally_a153bdcf_ikQnI8gI. Status changed: AVAILABLE => DELETING in 0.06742119789123535
2020-04-13 02:48:15.462 2253 RALLYDEBUG rally.task.utils [-] Waiting for resource s_rally_a153bdcf_yyhvYDrB. Status changed: AVAILABLE => DETACHING in 0.18654251098632812
2020-04-13 02:48:17.667 2253 RALLYDEBUG rally.task.utils [-] Waiting for resource s_rally_a153bdcf_yyhvYDrB. Status changed: DETACHING => AVAILABLE in 2.204319477081299
2020-04-13 02:48:17.786 2253 RALLYDEBUG rally.task.utils [-] Waiting for resource s_rally_a153bdcf_HxhpTtBr. Status changed: AVAILABLE => DELETING in 0.03237628936767578
2020-04-13 02:48:18.939 2256 INFO rally.task.runner [-] Task 8721bc0b-a487-4e95-8756-c06f0378d98d | ITER: 5 END: OK
2020-04-13 02:48:18.943 2256 INFO rally.task.runner [-] Task 8721bc0b-a487-4e95-8756-c06f0378d98d | ITER: 9 START
2020-04-13 02:48:20.111 2253 RALLYDEBUG rally.task.utils [-] Waiting for resource s_rally_a153bdcf_yyhvYDrB. Status changed: AVAILABLE => DELETING in 0.2094252109527588
2020-04-13 02:48:20.292 2255 INFO rally.task.runner [-] Task 8721bc0b-a487-4e95-8756-c06f0378d98d | ITER: 7 END: OK
2020-04-13 02:48:20.297 2255 INFO rally.task.runner [-] Task 8721bc0b-a487-4e95-8756-c06f0378d98d | ITER: 10 START
2020-04-13 02:48:22.061 2254 INFO rally.task.runner [-] Task 8721bc0b-a487-4e95-8756-c06f0378d98d | ITER: 6 END: OK
2020-04-13 02:48:24.780 2253 INFO rally.task.runner [-] Task 8721bc0b-a487-4e95-8756-c06f0378d98d | ITER: 8 END: OK
2020-04-13 02:48:30.736 2256 RALLYDEBUG rally.task.utils [-] Waiting for resource s_rally_a153bdcf_FigQ12mE. Status changed: BUILD => ACTIVE in 9.377991676330566
2020-04-13 02:48:32.789 2255 RALLYDEBUG rally.task.utils [-] Waiting for resource s_rally_a153bdcf_5OBBR6BU. Status changed: BUILD => ACTIVE in 10.554038524627686
2020-04-13 02:48:36.143 2256 RALLYDEBUG rally.task.utils [-] Waiting for resource s_rally_a153bdcf_PpSIojDT. Status changed: AVAILABLE => RESERVED in 0.2020277976989746
2020-04-13 02:48:38.115 2255 RALLYDEBUG rally.task.utils [-] Waiting for resource s_rally_a153bdcf_5r0jpQWE. Status changed: AVAILABLE => RESERVED in 0.2355360984802246
2020-04-13 02:48:38.349 2256 RALLYDEBUG rally.task.utils [-] Waiting for resource s_rally_a153bdcf_PpSIojDT. Status changed: RESERVED => IN-USE in 2.2059326171875
2020-04-13 02:48:38.782 2256 RALLYDEBUG rally.task.utils [-] Waiting for resource s_rally_a153bdcf_PpSIojDT. Status changed: AVAILABLE => DETACHING in 0.21178865432739258
2020-04-13 02:48:40.318 2255 RALLYDEBUG rally.task.utils [-] Waiting for resource s_rally_a153bdcf_5r0jpQWE. Status changed: RESERVED => IN-USE in 2.20302152633667
2020-04-13 02:48:40.765 2255 RALLYDEBUG rally.task.utils [-] Waiting for resource s_rally_a153bdcf_5r0jpQWE. Status changed: AVAILABLE => DETACHING in 0.20755314826965332
2020-04-13 02:48:40.978 2256 RALLYDEBUG rally.task.utils [-] Waiting for resource s_rally_a153bdcf_PpSIojDT. Status changed: DETACHING => AVAILABLE in 2.1960692405700684
2020-04-13 02:48:41.103 2256 RALLYDEBUG rally.task.utils [-] Waiting for resource s_rally_a153bdcf_EVpyEIid. Status changed: AVAILABLE => DELETING in 0.04685854911804199
2020-04-13 02:48:42.955 2255 RALLYDEBUG rally.task.utils [-] Waiting for resource s_rally_a153bdcf_5r0jpQWE. Status changed: DETACHING => AVAILABLE in 2.1895060539245605
2020-04-13 02:48:43.068 2255 RALLYDEBUG rally.task.utils [-] Waiting for resource s_rally_a153bdcf_ZDYK1KxR. Status changed: AVAILABLE => DELETING in 0.04578900337219238
2020-04-13 02:48:43.287 2256 RALLYDEBUG rally.task.utils [-] Waiting for resource s_rally_a153bdcf_PpSIojDT. Status changed: AVAILABLE => DELETING in 0.062085628509521484
2020-04-13 02:48:45.270 2255 RALLYDEBUG rally.task.utils [-] Waiting for resource s_rally_a153bdcf_5r0jpQWE. Status changed: AVAILABLE => DELETING in 0.08175468444824219
2020-04-13 02:48:47.932 2256 INFO rally.task.runner [-] Task 8721bc0b-a487-4e95-8756-c06f0378d98d | ITER: 9 END: OK
2020-04-13 02:48:51.187 2255 INFO rally.task.runner [-] Task 8721bc0b-a487-4e95-8756-c06f0378d98d | ITER: 10 END: OK
2020-04-13 02:48:51.214 1333 INFO rally.task.context [-] Task 8721bc0b-a487-4e95-8756-c06f0378d98d | Context cleanup@openstack cleanup() started
2020-04-13 02:48:51.221 1333 RALLYDEBUG rally_openstack.cleanup.manager [-] Cleaning up nova servers objects
2020-04-13 02:48:51.957 1333 RALLYDEBUG rally_openstack.cleanup.manager [-] Cleaning up nova server_groups objects
2020-04-13 02:48:52.390 1333 RALLYDEBUG rally_openstack.cleanup.manager [-] Cleaning up nova keypairs objects
2020-04-13 02:48:53.483 1333 RALLYDEBUG rally_openstack.cleanup.manager [-] Cleaning up cinder backups objects
2020-04-13 02:48:53.963 1333 RALLYDEBUG rally_openstack.cleanup.manager [-] Cleaning up cinder volume_snapshots objects
2020-04-13 02:48:54.408 1333 RALLYDEBUG rally_openstack.cleanup.manager [-] Cleaning up cinder transfers objects
2020-04-13 02:48:55.050 1333 RALLYDEBUG rally_openstack.cleanup.manager [-] Cleaning up cinder volumes objects
2020-04-13 02:48:55.718 1333 INFO rally.task.context [-] Task 8721bc0b-a487-4e95-8756-c06f0378d98d | Context cleanup@openstack cleanup() finished in 4.50 sec
2020-04-13 02:48:55.719 1333 INFO rally.task.context [-] Task 8721bc0b-a487-4e95-8756-c06f0378d98d | Context quotas@openstack cleanup() started
2020-04-13 02:48:55.935 1333 INFO rally.task.context [-] Task 8721bc0b-a487-4e95-8756-c06f0378d98d | Context quotas@openstack cleanup() finished in 0.22 sec
2020-04-13 02:48:55.935 1333 INFO rally.task.context [-] Task 8721bc0b-a487-4e95-8756-c06f0378d98d | Context api_versions@openstack cleanup() started
2020-04-13 02:48:55.936 1333 INFO rally.task.context [-] Task 8721bc0b-a487-4e95-8756-c06f0378d98d | Context api_versions@openstack cleanup() finished in 0.27 msec
2020-04-13 02:48:55.936 1333 INFO rally.task.context [-] Task 8721bc0b-a487-4e95-8756-c06f0378d98d | Context users@openstack cleanup() started
2020-04-13 02:48:56.135 1333 WARNING rally.common.logging [-] `iterate_per_tenants()' is deprecated in v3.0.0: it is openstack specific.. Used at
2020-04-13 02:48:58.609 1333 INFO rally.task.context [-] Task 8721bc0b-a487-4e95-8756-c06f0378d98d | Context users@openstack cleanup() finished in 2.67 sec
2020-04-13 02:48:59.005 1333 INFO rally.task.engine [-] Load duration is: 95.058707
2020-04-13 02:48:59.006 1333 INFO rally.task.engine [-] Full runner duration is: 96.110333
2020-04-13 02:48:59.006 1333 INFO rally.task.engine [-] Full duration is: 106.10269
2020-04-13 02:48:59.105 1333 INFO rally.task.engine [-] Running workload: position = 0 config = { "version": 2, "title": "A cropped version of a bigger task.", "description": "Auto-generated task from a single workload (uuid=8a1247bc-c3a7-4e74-b36c-f2351289b719)", "subtasks": [ { "title": "CinderVolumes.create_snapshot_and_attach_volume", "description": "Create vm, volume, snapshot and attach/detach volume.", "scenario": { "CinderVolumes.create_snapshot_and_attach_volume": { "flavor": { "name": "rally_full_cntt-flavor_044c9470-22d6-4136-99e6-972dd7ba6ded" }, "image": { "name": "rally_full_cntt-img_044c9470-22d6-4136-99e6-972dd7ba6ded" }, "size": { "min": 1, "max": 1 }, "create_vm_params": { "nics": [ { "net-id": "d5c82f55-cd77-41d0-b8f0-9f2abb7d4008" } ] } } }, "contexts": { "users": { "tenants": 3, "users_per_tenant": 2 }, "quotas": { "cinder": { "gigabytes": -1, "snapshots": -1, "volumes": -1 } }, "api_versions": { "cinder": { "version": 3, "service_type": "volumev3" } } }, "runner": { "constant": { "concurrency": 4, "times": 10 } }, "hooks": [], "sla": { "failure_rate": { "max": 0 } } } ] }
2020-04-13 02:48:59.129 1333 RALLYDEBUG rally_openstack.contexts.keystone.users [-] Creating 3 tenants using 3 threads
2020-04-13 02:48:59.638 1333 RALLYDEBUG rally_openstack.contexts.keystone.users [-] Creating 6 users using 6 threads
2020-04-13 02:49:00.759 1333 INFO rally.task.context [-] Task 8721bc0b-a487-4e95-8756-c06f0378d98d | Context users@openstack setup() finished in 1.63 sec
2020-04-13 02:49:00.906 1333 INFO rally.task.context [-] Task 8721bc0b-a487-4e95-8756-c06f0378d98d | Context api_versions@openstack setup() finished in 0.15 sec
2020-04-13 02:49:01.511 1333 INFO rally.task.context [-] Task 8721bc0b-a487-4e95-8756-c06f0378d98d | Context quotas@openstack setup() finished in 0.60 sec
2020-04-13 02:49:01.512 1333 INFO rally.task.context [-] Task 8721bc0b-a487-4e95-8756-c06f0378d98d | Context cleanup@openstack setup() finished in 0.10 msec
2020-04-13 02:49:02.022 1333 RALLYDEBUG rally.task.runner [-] Starting the constant runner (task UUID: 8721bc0b-a487-4e95-8756-c06f0378d98d). times: 10 concurrency: 4 timeout: 0 max_cpu_used: 88 processes_to_start: 4 concurrency_per_worker: 1 concurrency_overhead: 0
2020-04-13 02:49:02.036 2466 RALLYDEBUG rally.task.runner [-] Starting a worker. times: 10 duration: None concurrency: 1 timeout: 0 cls: method_name: run args: {"flavor": "9aa73c23-88f1-4dc3-bf55-62ae88433dc3", "image": "2a496ff0-46a2-42f3-b37f-80386448dd5b", "size": {"min": 1, "max": 1}, "create_vm_params": {"nics": [{"net-id": "d5c82f55-cd77-41d0-b8f0-9f2abb7d4008"}]}}
2020-04-13 02:49:02.039 2467 RALLYDEBUG rally.task.runner [-] Starting a worker. times: 10 duration: None concurrency: 1 timeout: 0 cls: method_name: run args: {"flavor": "9aa73c23-88f1-4dc3-bf55-62ae88433dc3", "image": "2a496ff0-46a2-42f3-b37f-80386448dd5b", "size": {"min": 1, "max": 1}, "create_vm_params": {"nics": [{"net-id": "d5c82f55-cd77-41d0-b8f0-9f2abb7d4008"}]}}
2020-04-13 02:49:02.041 2468 RALLYDEBUG rally.task.runner [-] Starting a worker. times: 10 duration: None concurrency: 1 timeout: 0 cls: method_name: run args: {"flavor": "9aa73c23-88f1-4dc3-bf55-62ae88433dc3", "image": "2a496ff0-46a2-42f3-b37f-80386448dd5b", "size": {"min": 1, "max": 1}, "create_vm_params": {"nics": [{"net-id": "d5c82f55-cd77-41d0-b8f0-9f2abb7d4008"}]}}
2020-04-13 02:49:02.043 2466 INFO rally.task.runner [-] Task 8721bc0b-a487-4e95-8756-c06f0378d98d | ITER: 1 START
2020-04-13 02:49:02.043 2469 RALLYDEBUG rally.task.runner [-] Starting a worker. times: 10 duration: None concurrency: 1 timeout: 0 cls: method_name: run args: {"flavor": "9aa73c23-88f1-4dc3-bf55-62ae88433dc3", "image": "2a496ff0-46a2-42f3-b37f-80386448dd5b", "size": {"min": 1, "max": 1}, "create_vm_params": {"nics": [{"net-id": "d5c82f55-cd77-41d0-b8f0-9f2abb7d4008"}]}}
2020-04-13 02:49:02.044 2467 INFO rally.task.runner [-] Task 8721bc0b-a487-4e95-8756-c06f0378d98d | ITER: 2 START
2020-04-13 02:49:02.047 2468 INFO rally.task.runner [-] Task 8721bc0b-a487-4e95-8756-c06f0378d98d | ITER: 3 START
2020-04-13 02:49:02.049 2469 INFO rally.task.runner [-] Task 8721bc0b-a487-4e95-8756-c06f0378d98d | ITER: 4 START
2020-04-13 02:49:22.604 2468 RALLYDEBUG rally.task.utils [-] Waiting for resource s_rally_8a1247bc_OayNBShE. Status changed: BUILD => ACTIVE in 13.001336574554443
2020-04-13 02:49:23.190 2468 RALLYDEBUG rally.task.utils [-] Waiting for resource s_rally_8a1247bc_DbFPYQDn. Status changed: AVAILABLE => RESERVED in 0.20099759101867676
2020-04-13 02:49:25.398 2468 RALLYDEBUG rally.task.utils [-] Waiting for resource s_rally_8a1247bc_DbFPYQDn. Status changed: RESERVED => IN-USE in 2.207880973815918
2020-04-13 02:49:25.863 2468 RALLYDEBUG rally.task.utils [-] Waiting for resource s_rally_8a1247bc_DbFPYQDn. Status changed: AVAILABLE => DETACHING in 0.2082042694091797
2020-04-13 02:49:26.485 2467 RALLYDEBUG rally.task.utils [-] Waiting for resource s_rally_8a1247bc_cvReTPK7. Status changed: BUILD => ACTIVE in 17.036197662353516
2020-04-13 02:49:26.664 2466 RALLYDEBUG rally.task.utils [-] Waiting for resource s_rally_8a1247bc_HfOZiOE4. Status changed: BUILD => ACTIVE in 16.615485191345215
2020-04-13 02:49:27.087 2467 RALLYDEBUG rally.task.utils [-] Waiting for resource s_rally_8a1247bc_QLcAwhc2. Status changed: AVAILABLE => RESERVED in 0.1862049102783203
2020-04-13 02:49:27.294 2466 RALLYDEBUG rally.task.utils [-] Waiting for resource s_rally_8a1247bc_oxZo5wSp. Status changed: AVAILABLE => RESERVED in 0.2165052890777588
2020-04-13 02:49:27.883 2469 RALLYDEBUG rally.task.utils [-] Waiting for resource s_rally_8a1247bc_H5NttS06. Status changed: BUILD => ACTIVE in 17.011364459991455
2020-04-13 02:49:28.060 2468 RALLYDEBUG rally.task.utils [-] Waiting for resource s_rally_8a1247bc_DbFPYQDn. Status changed: DETACHING => AVAILABLE in 2.1974141597747803
2020-04-13 02:49:28.190 2468 RALLYDEBUG rally.task.utils [-] Waiting for resource s_rally_8a1247bc_F0Hj3TBY. Status changed: AVAILABLE => DELETING in 0.040036678314208984
2020-04-13 02:49:28.543 2469 RALLYDEBUG rally.task.utils [-] Waiting for resource s_rally_8a1247bc_Nkpt5ie2. Status changed: AVAILABLE => RESERVED in 0.22070717811584473
2020-04-13 02:49:29.322 2467 RALLYDEBUG rally.task.utils [-] Waiting for resource s_rally_8a1247bc_QLcAwhc2. Status changed: RESERVED => IN-USE in 2.234147071838379
2020-04-13 02:49:29.504 2466 RALLYDEBUG rally.task.utils [-] Waiting for resource s_rally_8a1247bc_oxZo5wSp. Status changed: RESERVED => IN-USE in 2.2103679180145264
2020-04-13 02:49:29.761 2467 RALLYDEBUG rally.task.utils [-] Waiting for resource s_rally_8a1247bc_QLcAwhc2. Status changed: AVAILABLE => DETACHING in 0.20874571800231934
2020-04-13 02:49:29.933 2466 RALLYDEBUG rally.task.utils [-] Waiting for resource s_rally_8a1247bc_oxZo5wSp. Status changed: AVAILABLE => DETACHING in 0.17988896369934082
2020-04-13 02:49:30.375 2468 RALLYDEBUG rally.task.utils [-] Waiting for resource s_rally_8a1247bc_DbFPYQDn. Status changed: AVAILABLE => DELETING in 0.06826949119567871
2020-04-13 02:49:30.754 2469 RALLYDEBUG rally.task.utils [-] Waiting for resource s_rally_8a1247bc_Nkpt5ie2. Status changed: RESERVED => IN-USE in 2.2109720706939697
2020-04-13 02:49:31.160 2469 RALLYDEBUG rally.task.utils [-] Waiting for resource s_rally_8a1247bc_Nkpt5ie2. Status changed: AVAILABLE => DETACHING in 0.19144892692565918
2020-04-13 02:49:31.982 2467 RALLYDEBUG rally.task.utils [-] Waiting for resource s_rally_8a1247bc_QLcAwhc2. Status changed: DETACHING => AVAILABLE in 2.2209746837615967
2020-04-13 02:49:32.120 2467 RALLYDEBUG rally.task.utils [-] Waiting for resource s_rally_8a1247bc_Lg8YZhji. Status changed: AVAILABLE => DELETING in 0.049280405044555664
2020-04-13 02:49:32.138 2466 RALLYDEBUG rally.task.utils [-] Waiting for resource s_rally_8a1247bc_oxZo5wSp. Status changed: DETACHING => AVAILABLE in 2.205300807952881
2020-04-13 02:49:32.267 2466 RALLYDEBUG rally.task.utils [-] Waiting for resource s_rally_8a1247bc_38j7Ze1f. Status changed: AVAILABLE => DELETING in 0.04043889045715332
2020-04-13 02:49:33.358 2469 RALLYDEBUG rally.task.utils [-] Waiting for resource s_rally_8a1247bc_Nkpt5ie2. Status changed: DETACHING => AVAILABLE in 2.197611093521118
2020-04-13 02:49:33.478 2469 RALLYDEBUG rally.task.utils [-] Waiting for resource s_rally_8a1247bc_tZh39lvJ. Status changed: AVAILABLE => DELETING in 0.0408785343170166
2020-04-13 02:49:34.314 2467 RALLYDEBUG rally.task.utils [-] Waiting for resource s_rally_8a1247bc_QLcAwhc2. Status changed: AVAILABLE => DELETING in 0.07693624496459961
2020-04-13 02:49:34.639 2466 RALLYDEBUG rally.task.utils [-] Waiting for resource s_rally_8a1247bc_oxZo5wSp. Status changed: AVAILABLE => DELETING in 0.07710075378417969
2020-04-13 02:49:35.010 2468 INFO rally.task.runner [-] Task 8721bc0b-a487-4e95-8756-c06f0378d98d | ITER: 3 END: OK
2020-04-13 02:49:35.018 2468 INFO rally.task.runner [-] Task 8721bc0b-a487-4e95-8756-c06f0378d98d | ITER: 5 START
2020-04-13 02:49:35.672 2469 RALLYDEBUG rally.task.utils [-] Waiting for resource s_rally_8a1247bc_Nkpt5ie2. Status changed: AVAILABLE => DELETING in 0.06651496887207031
2020-04-13 02:49:40.021 2466 INFO rally.task.runner [-] Task 8721bc0b-a487-4e95-8756-c06f0378d98d | ITER: 1 END: OK
2020-04-13 02:49:40.027 2466 INFO rally.task.runner [-] Task 8721bc0b-a487-4e95-8756-c06f0378d98d | ITER: 6 START
2020-04-13 02:49:40.149 2467 INFO rally.task.runner [-] Task 8721bc0b-a487-4e95-8756-c06f0378d98d | ITER: 2 END: OK
2020-04-13 02:49:40.155 2467 INFO rally.task.runner [-] Task 8721bc0b-a487-4e95-8756-c06f0378d98d | ITER: 7 START
2020-04-13 02:49:40.237 2469 INFO rally.task.runner [-] Task 8721bc0b-a487-4e95-8756-c06f0378d98d | ITER: 4 END: OK
2020-04-13 02:49:40.243 2469 INFO rally.task.runner [-] Task 8721bc0b-a487-4e95-8756-c06f0378d98d | ITER: 8 START
2020-04-13 02:49:50.797 2468 RALLYDEBUG rally.task.utils [-] Waiting for resource s_rally_8a1247bc_JY43ffol. Status changed: BUILD => ACTIVE in 9.243687629699707
2020-04-13 02:49:51.506 2468 RALLYDEBUG rally.task.utils [-] Waiting for resource s_rally_8a1247bc_VL1UfEB2. Status changed: AVAILABLE => RESERVED in 0.29935741424560547
2020-04-13 02:49:53.717 2468 RALLYDEBUG rally.task.utils [-] Waiting for resource s_rally_8a1247bc_VL1UfEB2. Status changed: RESERVED => IN-USE in 2.210826873779297
2020-04-13 02:49:54.083 2467 RALLYDEBUG rally.task.utils [-] Waiting for resource s_rally_8a1247bc_h5DDwpzD. Status changed: BUILD => ACTIVE in 7.259140253067017
2020-04-13 02:49:54.155 2468 RALLYDEBUG rally.task.utils [-] Waiting for resource s_rally_8a1247bc_VL1UfEB2. Status changed: AVAILABLE => DETACHING in 0.21767711639404297
2020-04-13 02:49:54.753 2467 RALLYDEBUG rally.task.utils [-] Waiting for resource s_rally_8a1247bc_3cxm66ZH. Status changed: AVAILABLE => RESERVED in 0.2812628746032715
2020-04-13 02:49:56.196 2466 RALLYDEBUG rally.task.utils [-] Waiting for resource s_rally_8a1247bc_rm2RasUp. Status changed: BUILD => ACTIVE in 8.982461214065552
2020-04-13 02:49:56.376 2468 RALLYDEBUG rally.task.utils [-] Waiting for resource s_rally_8a1247bc_VL1UfEB2. Status changed: DETACHING => AVAILABLE in 2.2204368114471436
2020-04-13 02:49:56.500 2468 RALLYDEBUG rally.task.utils [-] Waiting for resource s_rally_8a1247bc_4soIwMt2. Status changed: AVAILABLE => DELETING in 0.036983489990234375
2020-04-13 02:49:56.861 2466 RALLYDEBUG rally.task.utils [-] Waiting for resource s_rally_8a1247bc_drW62ZsW. Status changed: AVAILABLE => RESERVED in 0.18491530418395996
2020-04-13 02:49:56.943 2467 RALLYDEBUG rally.task.utils [-] Waiting for resource s_rally_8a1247bc_3cxm66ZH. Status changed: RESERVED => IN-USE in 2.1897518634796143
2020-04-13 02:49:57.016 2469 RALLYDEBUG rally.task.utils [-] Waiting for resource s_rally_8a1247bc_qzbsHGiK. Status changed: BUILD => ACTIVE in 10.14202618598938
