2020-04-13 02:40:36.864 969 INFO rally.task.runner [-] Task 4bea0479-fb46-4f8d-af8e-dcd5c3329375 | ITER: 6 END: OK
2020-04-13 02:40:36.868 969 INFO rally.task.runner [-] Task 4bea0479-fb46-4f8d-af8e-dcd5c3329375 | ITER: 10 START
2020-04-13 02:40:36.876 970 INFO rally.task.runner [-] Task 4bea0479-fb46-4f8d-af8e-dcd5c3329375 | ITER: 5 END: OK
2020-04-13 02:40:36.920 968 RALLYDEBUG rally.task.utils [-] Waiting for resource s_rally_03e6f34c_ekKfngyh. Status changed: QUEUED => ACTIVE in 0.026210784912109375
2020-04-13 02:40:36.996 968 INFO rally.task.runner [-] Task 4bea0479-fb46-4f8d-af8e-dcd5c3329375 | ITER: 8 END: OK
2020-04-13 02:40:39.197 971 RALLYDEBUG rally.task.utils [-] Waiting for resource '9a0b4816-7778-48b3-9fea-aa7e18275107'. Status changed: NONE => QUEUED in 0.050306081771850586
2020-04-13 02:40:39.213 969 RALLYDEBUG rally.task.utils [-] Waiting for resource 'c1c6a072-eb43-406f-8513-f0623e70c369'. Status changed: NONE => QUEUED in 0.04621601104736328
2020-04-13 02:40:39.635 971 RALLYDEBUG rally.task.utils [-] Waiting for resource s_rally_03e6f34c_bELMvkuY. Status changed: QUEUED => ACTIVE in 0.02846050262451172
2020-04-13 02:40:39.648 969 RALLYDEBUG rally.task.utils [-] Waiting for resource s_rally_03e6f34c_ivgrrYyH. Status changed: QUEUED => ACTIVE in 0.02666187286376953
2020-04-13 02:40:39.705 971 INFO rally.task.runner [-] Task 4bea0479-fb46-4f8d-af8e-dcd5c3329375 | ITER: 9 END: OK
2020-04-13 02:40:39.719 969 INFO rally.task.runner [-] Task 4bea0479-fb46-4f8d-af8e-dcd5c3329375 | ITER: 10 END: OK
2020-04-13 02:40:39.748 501 INFO rally.task.context [-] Task 4bea0479-fb46-4f8d-af8e-dcd5c3329375 | Context cleanup@openstack cleanup() started
2020-04-13 02:40:39.752 501 RALLYDEBUG rally_openstack.cleanup.manager [-] Cleaning up glance images objects
2020-04-13 02:40:40.451 501 RALLYDEBUG rally_openstack.cleanup.manager [-] Deleting glance.images object s_rally_03e6f34c_bELMvkuY (9a0b4816-7778-48b3-9fea-aa7e18275107)
2020-04-13 02:40:40.456 501 RALLYDEBUG rally_openstack.cleanup.manager [-] Deleting glance.images object s_rally_03e6f34c_6jDHesSg (12f45c6c-26f1-4a79-8027-021e92d76a90)
2020-04-13 02:40:40.472 501 RALLYDEBUG rally_openstack.cleanup.manager [-] Deleting glance.images object s_rally_03e6f34c_1seHvtSQ (cbc043bb-3054-43ab-93de-a9e3a35881a5)
2020-04-13 02:40:40.472 501 RALLYDEBUG rally_openstack.cleanup.manager [-] Deleting glance.images object s_rally_03e6f34c_zaLu7qjy (d1ded152-7826-46b6-b712-03fff78cba11)
2020-04-13 02:40:40.476 501 RALLYDEBUG rally_openstack.cleanup.manager [-] Deleting glance.images object s_rally_03e6f34c_Fxa2F6KM (f7348231-a729-4287-b87b-8ab8a4ad9f96)
2020-04-13 02:40:40.490 501 RALLYDEBUG rally_openstack.cleanup.manager [-] Deleting glance.images object s_rally_03e6f34c_ekKfngyh (70c8c02f-4a53-43ac-bae8-1145b5e690ac)
2020-04-13 02:40:40.512 501 RALLYDEBUG rally_openstack.cleanup.manager [-] Deleting glance.images object s_rally_03e6f34c_ivgrrYyH (c1c6a072-eb43-406f-8513-f0623e70c369)
2020-04-13 02:40:40.517 501 RALLYDEBUG rally_openstack.cleanup.manager [-] Deleting glance.images object s_rally_03e6f34c_sxIUx0v8 (2bb0e581-d56e-4a29-9069-f1c3276a43b5)
2020-04-13 02:40:40.547 501 RALLYDEBUG rally_openstack.cleanup.manager [-] Deleting glance.images object s_rally_03e6f34c_WD7NwFto (3e7d6f9c-f299-447b-8378-9aededbbea7f)
2020-04-13 02:40:40.568 501 RALLYDEBUG rally_openstack.cleanup.manager [-] Deleting glance.images object s_rally_03e6f34c_GMvh4IFA (20220c4d-f0f4-406b-bcd4-7d5899e50e41)
2020-04-13 02:40:41.021 501 DEBUG glanceclient.common.http [-] Request returned failure status 404. _handle_response /usr/lib/python3.7/site-packages/glanceclient/common/http.py:125
2020-04-13 02:40:41.044 501 DEBUG glanceclient.common.http [-] Request returned failure status 404. _handle_response /usr/lib/python3.7/site-packages/glanceclient/common/http.py:125
2020-04-13 02:40:41.110 501 DEBUG glanceclient.common.http [-] Request returned failure status 404. _handle_response /usr/lib/python3.7/site-packages/glanceclient/common/http.py:125
2020-04-13 02:40:41.138 501 DEBUG glanceclient.common.http [-] Request returned failure status 404. _handle_response /usr/lib/python3.7/site-packages/glanceclient/common/http.py:125
2020-04-13 02:40:41.157 501 DEBUG glanceclient.common.http [-] Request returned failure status 404. _handle_response /usr/lib/python3.7/site-packages/glanceclient/common/http.py:125
2020-04-13 02:40:41.168 501 DEBUG glanceclient.common.http [-] Request returned failure status 404. _handle_response /usr/lib/python3.7/site-packages/glanceclient/common/http.py:125
2020-04-13 02:40:41.180 501 DEBUG glanceclient.common.http [-] Request returned failure status 404. _handle_response /usr/lib/python3.7/site-packages/glanceclient/common/http.py:125
2020-04-13 02:40:41.184 501 DEBUG glanceclient.common.http [-] Request returned failure status 404. _handle_response /usr/lib/python3.7/site-packages/glanceclient/common/http.py:125
2020-04-13 02:40:41.208 501 DEBUG glanceclient.common.http [-] Request returned failure status 404. _handle_response /usr/lib/python3.7/site-packages/glanceclient/common/http.py:125
2020-04-13 02:40:41.215 501 DEBUG glanceclient.common.http [-] Request returned failure status 404. _handle_response /usr/lib/python3.7/site-packages/glanceclient/common/http.py:125
2020-04-13 02:40:41.228 501 DEBUG glanceclient.common.http [-] Request returned failure status 404. _handle_response /usr/lib/python3.7/site-packages/glanceclient/common/http.py:125
2020-04-13 02:40:41.229 501 DEBUG glanceclient.common.http [-] Request returned failure status 404. _handle_response /usr/lib/python3.7/site-packages/glanceclient/common/http.py:125
2020-04-13 02:40:41.230 501 DEBUG glanceclient.common.http [-] Request returned failure status 404. _handle_response /usr/lib/python3.7/site-packages/glanceclient/common/http.py:125
2020-04-13 02:40:41.242 501 DEBUG glanceclient.common.http [-] Request returned failure status 404. _handle_response /usr/lib/python3.7/site-packages/glanceclient/common/http.py:125
2020-04-13 02:40:41.244 501 DEBUG glanceclient.common.http [-] Request returned failure status 404. _handle_response /usr/lib/python3.7/site-packages/glanceclient/common/http.py:125
2020-04-13 02:40:41.270 501 DEBUG glanceclient.common.http [-] Request returned failure status 404. _handle_response /usr/lib/python3.7/site-packages/glanceclient/common/http.py:125
2020-04-13 02:40:41.271 501 DEBUG glanceclient.common.http [-] Request returned failure status 404. _handle_response /usr/lib/python3.7/site-packages/glanceclient/common/http.py:125
2020-04-13 02:40:41.272 501 DEBUG glanceclient.common.http [-] Request returned failure status 404. _handle_response /usr/lib/python3.7/site-packages/glanceclient/common/http.py:125
2020-04-13 02:40:41.292 501 DEBUG glanceclient.common.http [-] Request returned failure status 404. _handle_response /usr/lib/python3.7/site-packages/glanceclient/common/http.py:125
2020-04-13 02:40:41.317 501 DEBUG glanceclient.common.http [-] Request returned failure status 404. _handle_response /usr/lib/python3.7/site-packages/glanceclient/common/http.py:125
2020-04-13 02:40:42.320 501 INFO rally.task.context [-] Task 4bea0479-fb46-4f8d-af8e-dcd5c3329375 | Context cleanup@openstack cleanup() finished in 2.57 sec
2020-04-13 02:40:42.321 501 INFO rally.task.context [-] Task 4bea0479-fb46-4f8d-af8e-dcd5c3329375 | Context users@openstack cleanup() started
2020-04-13 02:40:42.465 501 WARNING rally.common.logging [-] `iterate_per_tenants()' is deprecated in v3.0.0: it is openstack specific.. Used at
2020-04-13 02:40:46.384 501 INFO rally.task.context [-] Task 4bea0479-fb46-4f8d-af8e-dcd5c3329375 | Context users@openstack cleanup() finished in 4.06 sec
2020-04-13 02:40:47.413 501 INFO rally.task.engine [-] Load duration is: 8.816036
2020-04-13 02:40:47.414 501 INFO rally.task.engine [-] Full runner duration is: 9.049859
2020-04-13 02:40:47.414 501 INFO rally.task.engine [-] Full duration is: 17.093277
2020-04-13 02:40:47.515 501 INFO rally.task.engine [-] Running workload: position = 0 config = { "version": 2, "title": "A cropped version of a bigger task.", "description": "Auto-generated task from a single workload (uuid=8d9e5070-03c8-4de5-8c64-ca4231b5d195)", "subtasks": [ { "title": "GlanceImages.create_and_download_image", "description": "Create an image, then download data of the image.", "scenario": { "GlanceImages.create_and_download_image": { "container_format": "bare", "disk_format": "qcow2", "image_location": "/home/opnfv/functest/images/cirros-0.4.0-x86_64-disk.img" } }, "contexts": { "users": { "tenants": 3, "users_per_tenant": 2 } }, "runner": { "constant": { "concurrency": 4, "times": 10 } }, "hooks": [], "sla": { "failure_rate": { "max": 0 } } } ] }
2020-04-13 02:40:47.534 501 RALLYDEBUG rally_openstack.contexts.keystone.users [-] Creating 3 tenants using 3 threads
2020-04-13 02:40:48.037 501 RALLYDEBUG rally_openstack.contexts.keystone.users [-] Creating 6 users using 6 threads
2020-04-13 02:40:49.091 501 INFO rally.task.context [-] Task 4bea0479-fb46-4f8d-af8e-dcd5c3329375 | Context users@openstack setup() finished in 1.56 sec
2020-04-13 02:40:49.091 501 INFO rally.task.context [-] Task 4bea0479-fb46-4f8d-af8e-dcd5c3329375 | Context cleanup@openstack setup() finished in 0.01 msec
2020-04-13 02:40:49.097 501 RALLYDEBUG rally.task.runner [-] Starting the constant runner (task UUID: 4bea0479-fb46-4f8d-af8e-dcd5c3329375). times: 10 concurrency: 4 timeout: 0 max_cpu_used: 88 processes_to_start: 4 concurrency_per_worker: 1 concurrency_overhead: 0
2020-04-13 02:40:49.107 1061 RALLYDEBUG rally.task.runner [-] Starting a worker. times: 10 duration: None concurrency: 1 timeout: 0 cls: method_name: run args: {"container_format": "bare", "disk_format": "qcow2", "image_location": "/home/opnfv/functest/images/cirros-0.4.0-x86_64-disk.img"}
2020-04-13 02:40:49.111 1062 RALLYDEBUG rally.task.runner [-] Starting a worker. times: 10 duration: None concurrency: 1 timeout: 0 cls: method_name: run args: {"container_format": "bare", "disk_format": "qcow2", "image_location": "/home/opnfv/functest/images/cirros-0.4.0-x86_64-disk.img"}
2020-04-13 02:40:49.111 1063 RALLYDEBUG rally.task.runner [-] Starting a worker. times: 10 duration: None concurrency: 1 timeout: 0 cls: method_name: run args: {"container_format": "bare", "disk_format": "qcow2", "image_location": "/home/opnfv/functest/images/cirros-0.4.0-x86_64-disk.img"}
2020-04-13 02:40:49.112 1061 INFO rally.task.runner [-] Task 4bea0479-fb46-4f8d-af8e-dcd5c3329375 | ITER: 1 START
2020-04-13 02:40:49.116 1063 INFO rally.task.runner [-] Task 4bea0479-fb46-4f8d-af8e-dcd5c3329375 | ITER: 3 START
2020-04-13 02:40:49.115 1065 RALLYDEBUG rally.task.runner [-] Starting a worker. times: 10 duration: None concurrency: 1 timeout: 0 cls: method_name: run args: {"container_format": "bare", "disk_format": "qcow2", "image_location": "/home/opnfv/functest/images/cirros-0.4.0-x86_64-disk.img"}
2020-04-13 02:40:49.117 1062 INFO rally.task.runner [-] Task 4bea0479-fb46-4f8d-af8e-dcd5c3329375 | ITER: 2 START
2020-04-13 02:40:49.122 1065 INFO rally.task.runner [-] Task 4bea0479-fb46-4f8d-af8e-dcd5c3329375 | ITER: 4 START
2020-04-13 02:40:51.590 1062 RALLYDEBUG rally.task.utils [-] Waiting for resource 'cf568229-9884-4002-975e-a6224428a1a2'. Status changed: NONE => QUEUED in 0.049326181411743164
2020-04-13 02:40:51.601 1065 RALLYDEBUG rally.task.utils [-] Waiting for resource '0f14d979-a18f-4e00-93ad-27ea60aca092'. Status changed: NONE => QUEUED in 0.05433487892150879
2020-04-13 02:40:51.604 1063 RALLYDEBUG rally.task.utils [-] Waiting for resource '337a44a7-8a1a-4e8e-9300-afe3237d1332'. Status changed: NONE => QUEUED in 0.038886308670043945
2020-04-13 02:40:51.608 1061 RALLYDEBUG rally.task.utils [-] Waiting for resource 'b00ebea1-d5b6-44da-bc35-ea191a3e7bda'. Status changed: NONE => QUEUED in 0.03983616828918457
2020-04-13 02:40:52.149 1062 RALLYDEBUG rally.task.utils [-] Waiting for resource s_rally_8d9e5070_PGBUYnCu. Status changed: QUEUED => ACTIVE in 0.024578332901000977
2020-04-13 02:40:52.150 1065 RALLYDEBUG rally.task.utils [-] Waiting for resource s_rally_8d9e5070_yePG1Qr3. Status changed: QUEUED => ACTIVE in 0.027965307235717773
2020-04-13 02:40:52.150 1063 RALLYDEBUG rally.task.utils [-] Waiting for resource s_rally_8d9e5070_N3iCI4Ki. Status changed: QUEUED => ACTIVE in 0.0286102294921875
2020-04-13 02:40:52.214 1061 RALLYDEBUG rally.task.utils [-] Waiting for resource s_rally_8d9e5070_lqIUsgpF. Status changed: QUEUED => ACTIVE in 0.027397871017456055
2020-04-13 02:40:52.334 1065 INFO rally.task.runner [-] Task 4bea0479-fb46-4f8d-af8e-dcd5c3329375 | ITER: 4 END: OK
2020-04-13 02:40:52.339 1065 INFO rally.task.runner [-] Task 4bea0479-fb46-4f8d-af8e-dcd5c3329375 | ITER: 5 START
2020-04-13 02:40:52.340 1062 INFO rally.task.runner [-] Task 4bea0479-fb46-4f8d-af8e-dcd5c3329375 | ITER: 2 END: OK
2020-04-13 02:40:52.346 1062 INFO rally.task.runner [-] Task 4bea0479-fb46-4f8d-af8e-dcd5c3329375 | ITER: 6 START
2020-04-13 02:40:52.352 1063 INFO rally.task.runner [-] Task 4bea0479-fb46-4f8d-af8e-dcd5c3329375 | ITER: 3 END: OK
2020-04-13 02:40:52.356 1063 INFO rally.task.runner [-] Task 4bea0479-fb46-4f8d-af8e-dcd5c3329375 | ITER: 7 START
2020-04-13 02:40:52.404 1061 INFO rally.task.runner [-] Task 4bea0479-fb46-4f8d-af8e-dcd5c3329375 | ITER: 1 END: OK
2020-04-13 02:40:52.408 1061 INFO rally.task.runner [-] Task 4bea0479-fb46-4f8d-af8e-dcd5c3329375 | ITER: 8 START
2020-04-13 02:40:54.669 1063 RALLYDEBUG rally.task.utils [-] Waiting for resource 'fb547d40-6e76-4f83-899d-0b7266387b7a'. Status changed: NONE => QUEUED in 0.0408329963684082
2020-04-13 02:40:54.724 1061 RALLYDEBUG rally.task.utils [-] Waiting for resource 'bfa8c8e9-ea24-4bfb-a9d1-1bdc4e0d2aaa'. Status changed: NONE => QUEUED in 0.036687374114990234
2020-04-13 02:40:54.766 1065 RALLYDEBUG rally.task.utils [-] Waiting for resource 'dabc4ae7-8fdb-4e3c-98f4-5f791ada61f6'. Status changed: NONE => QUEUED in 0.05074501037597656
2020-04-13 02:40:54.771 1062 RALLYDEBUG rally.task.utils [-] Waiting for resource '6da63d41-9ce5-495a-bb2e-6b25faf3b7bd'. Status changed: NONE => QUEUED in 0.048345088958740234
2020-04-13 02:40:55.137 1063 RALLYDEBUG rally.task.utils [-] Waiting for resource s_rally_8d9e5070_U82eUJR3. Status changed: QUEUED => ACTIVE in 0.0255124568939209
2020-04-13 02:40:55.200 1061 RALLYDEBUG rally.task.utils [-] Waiting for resource s_rally_8d9e5070_jj566rTm. Status changed: QUEUED => ACTIVE in 0.02336859703063965
2020-04-13 02:40:55.223 1065 RALLYDEBUG rally.task.utils [-] Waiting for resource s_rally_8d9e5070_niqFQBvP. Status changed: QUEUED => ACTIVE in 0.026381254196166992
2020-04-13 02:40:55.234 1062 RALLYDEBUG rally.task.utils [-] Waiting for resource s_rally_8d9e5070_WKqjupiG. Status changed: QUEUED => ACTIVE in 0.03161215782165527
2020-04-13 02:40:55.332 1063 INFO rally.task.runner [-] Task 4bea0479-fb46-4f8d-af8e-dcd5c3329375 | ITER: 7 END: OK
2020-04-13 02:40:55.336 1063 INFO rally.task.runner [-] Task 4bea0479-fb46-4f8d-af8e-dcd5c3329375 | ITER: 9 START
2020-04-13 02:40:55.392 1061 INFO rally.task.runner [-] Task 4bea0479-fb46-4f8d-af8e-dcd5c3329375 | ITER: 8 END: OK
2020-04-13 02:40:55.396 1061 INFO rally.task.runner [-] Task 4bea0479-fb46-4f8d-af8e-dcd5c3329375 | ITER: 10 START
2020-04-13 02:40:55.412 1065 INFO rally.task.runner [-] Task 4bea0479-fb46-4f8d-af8e-dcd5c3329375 | ITER: 5 END: OK
2020-04-13 02:40:55.421 1062 INFO rally.task.runner [-] Task 4bea0479-fb46-4f8d-af8e-dcd5c3329375 | ITER: 6 END: OK
2020-04-13 02:40:57.676 1063 RALLYDEBUG rally.task.utils [-] Waiting for resource 'd8c2dc5c-169a-4144-92b8-eef6214ba6cd'. Status changed: NONE => QUEUED in 0.04431629180908203
2020-04-13 02:40:57.734 1061 RALLYDEBUG rally.task.utils [-] Waiting for resource '1bebfec9-6255-4308-9449-9b9481dd680c'. Status changed: NONE => QUEUED in 0.044759511947631836
2020-04-13 02:40:58.079 1063 RALLYDEBUG rally.task.utils [-] Waiting for resource s_rally_8d9e5070_M1dlx0za. Status changed: QUEUED => ACTIVE in 0.026436805725097656
2020-04-13 02:40:58.139 1061 RALLYDEBUG rally.task.utils [-] Waiting for resource s_rally_8d9e5070_XfjyUEGW. Status changed: QUEUED => ACTIVE in 0.02856731414794922
2020-04-13 02:40:58.252 1063 INFO rally.task.runner [-] Task 4bea0479-fb46-4f8d-af8e-dcd5c3329375 | ITER: 9 END: OK
2020-04-13 02:40:58.328 1061 INFO rally.task.runner [-] Task 4bea0479-fb46-4f8d-af8e-dcd5c3329375 | ITER: 10 END: OK
2020-04-13 02:40:58.358 501 INFO rally.task.context [-] Task 4bea0479-fb46-4f8d-af8e-dcd5c3329375 | Context cleanup@openstack cleanup() started
2020-04-13 02:40:58.363 501 RALLYDEBUG rally_openstack.cleanup.manager [-] Cleaning up glance images objects
2020-04-13 02:40:59.205 501 RALLYDEBUG rally_openstack.cleanup.manager [-] Deleting glance.images object s_rally_8d9e5070_XfjyUEGW (1bebfec9-6255-4308-9449-9b9481dd680c)
2020-04-13 02:40:59.210 501 RALLYDEBUG rally_openstack.cleanup.manager [-] Deleting glance.images object s_rally_8d9e5070_PGBUYnCu (cf568229-9884-4002-975e-a6224428a1a2)
2020-04-13 02:40:59.219 501 RALLYDEBUG rally_openstack.cleanup.manager [-] Deleting glance.images object s_rally_8d9e5070_U82eUJR3 (fb547d40-6e76-4f83-899d-0b7266387b7a)
2020-04-13 02:40:59.235 501 RALLYDEBUG rally_openstack.cleanup.manager [-] Deleting glance.images object s_rally_8d9e5070_lqIUsgpF (b00ebea1-d5b6-44da-bc35-ea191a3e7bda)
2020-04-13 02:40:59.269 501 RALLYDEBUG rally_openstack.cleanup.manager [-] Deleting glance.images object s_rally_8d9e5070_niqFQBvP (dabc4ae7-8fdb-4e3c-98f4-5f791ada61f6)
2020-04-13 02:40:59.270 501 RALLYDEBUG rally_openstack.cleanup.manager [-] Deleting glance.images object s_rally_8d9e5070_N3iCI4Ki (337a44a7-8a1a-4e8e-9300-afe3237d1332)
2020-04-13 02:40:59.281 501 RALLYDEBUG rally_openstack.cleanup.manager [-] Deleting glance.images object s_rally_8d9e5070_WKqjupiG (6da63d41-9ce5-495a-bb2e-6b25faf3b7bd)
2020-04-13 02:40:59.286 501 RALLYDEBUG rally_openstack.cleanup.manager [-] Deleting glance.images object s_rally_8d9e5070_yePG1Qr3 (0f14d979-a18f-4e00-93ad-27ea60aca092)
2020-04-13 02:40:59.264 501 RALLYDEBUG rally_openstack.cleanup.manager [-] Deleting glance.images object s_rally_8d9e5070_M1dlx0za (d8c2dc5c-169a-4144-92b8-eef6214ba6cd)
2020-04-13 02:40:59.296 501 RALLYDEBUG rally_openstack.cleanup.manager [-] Deleting glance.images object s_rally_8d9e5070_jj566rTm (bfa8c8e9-ea24-4bfb-a9d1-1bdc4e0d2aaa)
2020-04-13 02:40:59.735 501 DEBUG glanceclient.common.http [-] Request returned failure status 404. _handle_response /usr/lib/python3.7/site-packages/glanceclient/common/http.py:125
2020-04-13 02:40:59.756 501 DEBUG glanceclient.common.http [-] Request returned failure status 404. _handle_response /usr/lib/python3.7/site-packages/glanceclient/common/http.py:125
2020-04-13 02:40:59.763 501 DEBUG glanceclient.common.http [-] Request returned failure status 404. _handle_response /usr/lib/python3.7/site-packages/glanceclient/common/http.py:125
2020-04-13 02:40:59.776 501 DEBUG glanceclient.common.http [-] Request returned failure status 404. _handle_response /usr/lib/python3.7/site-packages/glanceclient/common/http.py:125
2020-04-13 02:40:59.785 501 DEBUG glanceclient.common.http [-] Request returned failure status 404. _handle_response /usr/lib/python3.7/site-packages/glanceclient/common/http.py:125
2020-04-13 02:40:59.803 501 DEBUG glanceclient.common.http [-] Request returned failure status 404. _handle_response /usr/lib/python3.7/site-packages/glanceclient/common/http.py:125
2020-04-13 02:40:59.862 501 DEBUG glanceclient.common.http [-] Request returned failure status 404. _handle_response /usr/lib/python3.7/site-packages/glanceclient/common/http.py:125
2020-04-13 02:40:59.878 501 DEBUG glanceclient.common.http [-] Request returned failure status 404. _handle_response /usr/lib/python3.7/site-packages/glanceclient/common/http.py:125
2020-04-13 02:40:59.895 501 DEBUG glanceclient.common.http [-] Request returned failure status 404. _handle_response /usr/lib/python3.7/site-packages/glanceclient/common/http.py:125
2020-04-13 02:40:59.907 501 DEBUG glanceclient.common.http [-] Request returned failure status 404. _handle_response /usr/lib/python3.7/site-packages/glanceclient/common/http.py:125
2020-04-13 02:40:59.915 501 DEBUG glanceclient.common.http [-] Request returned failure status 404. _handle_response /usr/lib/python3.7/site-packages/glanceclient/common/http.py:125
2020-04-13 02:40:59.917 501 DEBUG glanceclient.common.http [-] Request returned failure status 404. _handle_response /usr/lib/python3.7/site-packages/glanceclient/common/http.py:125
2020-04-13 02:40:59.920 501 DEBUG glanceclient.common.http [-] Request returned failure status 404. _handle_response /usr/lib/python3.7/site-packages/glanceclient/common/http.py:125
2020-04-13 02:40:59.927 501 DEBUG glanceclient.common.http [-] Request returned failure status 404. _handle_response /usr/lib/python3.7/site-packages/glanceclient/common/http.py:125
2020-04-13 02:40:59.928 501 DEBUG glanceclient.common.http [-] Request returned failure status 404. _handle_response /usr/lib/python3.7/site-packages/glanceclient/common/http.py:125
2020-04-13 02:40:59.929 501 DEBUG glanceclient.common.http [-] Request returned failure status 404. _handle_response /usr/lib/python3.7/site-packages/glanceclient/common/http.py:125
2020-04-13 02:40:59.938 501 DEBUG glanceclient.common.http [-] Request returned failure status 404. _handle_response /usr/lib/python3.7/site-packages/glanceclient/common/http.py:125
2020-04-13 02:40:59.946 501 DEBUG glanceclient.common.http [-] Request returned failure status 404. _handle_response /usr/lib/python3.7/site-packages/glanceclient/common/http.py:125
2020-04-13 02:40:59.955 501 DEBUG glanceclient.common.http [-] Request returned failure status 404. _handle_response /usr/lib/python3.7/site-packages/glanceclient/common/http.py:125
2020-04-13 02:40:59.960 501 DEBUG glanceclient.common.http [-] Request returned failure status 404. _handle_response /usr/lib/python3.7/site-packages/glanceclient/common/http.py:125
2020-04-13 02:41:00.964 501 INFO rally.task.context [-] Task 4bea0479-fb46-4f8d-af8e-dcd5c3329375 | Context cleanup@openstack cleanup() finished in 2.61 sec
2020-04-13 02:41:00.964 501 INFO rally.task.context [-] Task 4bea0479-fb46-4f8d-af8e-dcd5c3329375 | Context users@openstack cleanup() started
2020-04-13 02:41:01.157 501 WARNING rally.common.logging [-] `iterate_per_tenants()' is deprecated in v3.0.0: it is openstack specific.. Used at
2020-04-13 02:41:03.860 501 INFO rally.task.context [-] Task 4bea0479-fb46-4f8d-af8e-dcd5c3329375 | Context users@openstack cleanup() finished in 2.90 sec
2020-04-13 02:41:05.674 501 INFO rally.task.engine [-] Load duration is: 9.025061
2020-04-13 02:41:05.675 501 INFO rally.task.engine [-] Full runner duration is: 9.261255
2020-04-13 02:41:05.675 501 INFO rally.task.engine [-] Full duration is: 16.327361
2020-04-13 02:41:05.761 501 INFO rally.task.engine [-] Running workload: position = 0 config = { "version": 2, "title": "A cropped version of a bigger task.", "description": "Auto-generated task from a single workload (uuid=e5d46cd2-2a38-45f7-a428-38beff249b9a)", "subtasks": [ { "title": "GlanceImages.create_and_get_image", "description": "Create and get detailed information of an image.", "scenario": { "GlanceImages.create_and_get_image": { "container_format": "bare", "disk_format": "qcow2", "image_location": "/home/opnfv/functest/images/cirros-0.4.0-x86_64-disk.img" } }, "contexts": { "users": { "tenants": 3, "users_per_tenant": 2 } }, "runner": { "constant": { "concurrency": 4, "times": 10 } }, "hooks": [], "sla": { "failure_rate": { "max": 0 } } } ] }
2020-04-13 02:41:05.778 501 RALLYDEBUG rally_openstack.contexts.keystone.users [-] Creating 3 tenants using 3 threads
2020-04-13 02:41:06.246 501 RALLYDEBUG rally_openstack.contexts.keystone.users [-] Creating 6 users using 6 threads
2020-04-13 02:41:07.306 501 INFO rally.task.context [-] Task 4bea0479-fb46-4f8d-af8e-dcd5c3329375 | Context users@openstack setup() finished in 1.53 sec
2020-04-13 02:41:07.307 501 INFO rally.task.context [-] Task 4bea0479-fb46-4f8d-af8e-dcd5c3329375 | Context cleanup@openstack setup() finished in 0.00 msec
2020-04-13 02:41:07.319 501 RALLYDEBUG rally.task.runner [-] Starting the constant runner (task UUID: 4bea0479-fb46-4f8d-af8e-dcd5c3329375). times: 10 concurrency: 4 timeout: 0 max_cpu_used: 88 processes_to_start: 4 concurrency_per_worker: 1 concurrency_overhead: 0
2020-04-13 02:41:07.331 1154 RALLYDEBUG rally.task.runner [-] Starting a worker. times: 10 duration: None concurrency: 1 timeout: 0 cls: method_name: run args: {"container_format": "bare", "disk_format": "qcow2", "image_location": "/home/opnfv/functest/images/cirros-0.4.0-x86_64-disk.img"}
2020-04-13 02:41:07.334 1155 RALLYDEBUG rally.task.runner [-] Starting a worker. times: 10 duration: None concurrency: 1 timeout: 0 cls: method_name: run args: {"container_format": "bare", "disk_format": "qcow2", "image_location": "/home/opnfv/functest/images/cirros-0.4.0-x86_64-disk.img"}
2020-04-13 02:41:07.337 1154 INFO rally.task.runner [-] Task 4bea0479-fb46-4f8d-af8e-dcd5c3329375 | ITER: 1 START
2020-04-13 02:41:07.336 1156 RALLYDEBUG rally.task.runner [-] Starting a worker. times: 10 duration: None concurrency: 1 timeout: 0 cls: method_name: run args: {"container_format": "bare", "disk_format": "qcow2", "image_location": "/home/opnfv/functest/images/cirros-0.4.0-x86_64-disk.img"}
2020-04-13 02:41:07.339 1157 RALLYDEBUG rally.task.runner [-] Starting a worker. times: 10 duration: None concurrency: 1 timeout: 0 cls: method_name: run args: {"container_format": "bare", "disk_format": "qcow2", "image_location": "/home/opnfv/functest/images/cirros-0.4.0-x86_64-disk.img"}
2020-04-13 02:41:07.341 1155 INFO rally.task.runner [-] Task 4bea0479-fb46-4f8d-af8e-dcd5c3329375 | ITER: 2 START
2020-04-13 02:41:07.341 1156 INFO rally.task.runner [-] Task 4bea0479-fb46-4f8d-af8e-dcd5c3329375 | ITER: 3 START
2020-04-13 02:41:07.346 1157 INFO rally.task.runner [-] Task 4bea0479-fb46-4f8d-af8e-dcd5c3329375 | ITER: 4 START
2020-04-13 02:41:09.808 1156 RALLYDEBUG rally.task.utils [-] Waiting for resource '40a21431-5459-44fa-b530-d60130ca2d1e'. Status changed: NONE => QUEUED in 0.0441892147064209
2020-04-13 02:41:09.815 1154 RALLYDEBUG rally.task.utils [-] Waiting for resource '75e7df57-0c18-4acc-bf25-e7888e52d33f'. Status changed: NONE => QUEUED in 0.047261953353881836
2020-04-13 02:41:09.816 1155 RALLYDEBUG rally.task.utils [-] Waiting for resource 'b6ce1e65-2da6-4227-9994-67f87b8af12e'. Status changed: NONE => QUEUED in 0.043671607971191406
2020-04-13 02:41:09.838 1157 RALLYDEBUG rally.task.utils [-] Waiting for resource '5aacc100-6496-4dcf-9407-c1677d92eb9f'. Status changed: NONE => QUEUED in 0.0444188117980957
2020-04-13 02:41:10.422 1157 RALLYDEBUG rally.task.utils [-] Waiting for resource s_rally_e5d46cd2_0QZjPg2B. Status changed: QUEUED => ACTIVE in 0.03419208526611328
2020-04-13 02:41:10.422 1155 RALLYDEBUG rally.task.utils [-] Waiting for resource s_rally_e5d46cd2_k7DJwdqB. Status changed: QUEUED => ACTIVE in 0.023978710174560547
2020-04-13 02:41:10.432 1154 RALLYDEBUG rally.task.utils [-] Waiting for resource s_rally_e5d46cd2_XdDgkr6j. Status changed: QUEUED => ACTIVE in 0.02799844741821289
2020-04-13 02:41:10.446 1156 RALLYDEBUG rally.task.utils [-] Waiting for resource s_rally_e5d46cd2_7NKfwUQy. Status changed: QUEUED => ACTIVE in 0.02868938446044922
2020-04-13 02:41:10.446 1157 INFO rally.task.runner [-] Task 4bea0479-fb46-4f8d-af8e-dcd5c3329375 | ITER: 4 END: OK
2020-04-13 02:41:10.447 1155 INFO rally.task.runner [-] Task 4bea0479-fb46-4f8d-af8e-dcd5c3329375 | ITER: 2 END: OK
2020-04-13 02:41:10.450 1157 INFO rally.task.runner [-] Task 4bea0479-fb46-4f8d-af8e-dcd5c3329375 | ITER: 5 START
2020-04-13 02:41:10.452 1155 INFO rally.task.runner [-] Task 4bea0479-fb46-4f8d-af8e-dcd5c3329375 | ITER: 6 START
2020-04-13 02:41:10.457 1154 INFO rally.task.runner [-] Task 4bea0479-fb46-4f8d-af8e-dcd5c3329375 | ITER: 1 END: OK
2020-04-13 02:41:10.462 1154 INFO rally.task.runner [-] Task 4bea0479-fb46-4f8d-af8e-dcd5c3329375 | ITER: 7 START
2020-04-13 02:41:10.478 1156 INFO rally.task.runner [-] Task 4bea0479-fb46-4f8d-af8e-dcd5c3329375 | ITER: 3 END: OK
2020-04-13 02:41:10.483 1156 INFO rally.task.runner [-] Task 4bea0479-fb46-4f8d-af8e-dcd5c3329375 | ITER: 8 START
2020-04-13 02:41:12.783 1154 RALLYDEBUG rally.task.utils [-] Waiting for resource '086f1af9-a315-430c-80c4-847e3e8529cd'. Status changed: NONE => QUEUED in 0.04016518592834473
2020-04-13 02:41:12.817 1156 RALLYDEBUG rally.task.utils [-] Waiting for resource '4d414d98-6a69-4edc-9b9d-94acbd37b996'. Status changed: NONE => QUEUED in 0.04230356216430664
2020-04-13 02:41:12.958 1155 RALLYDEBUG rally.task.utils [-] Waiting for resource 'da7adace-7d8f-404f-ac04-d08798e4465f'. Status changed: NONE => QUEUED in 0.04498863220214844
2020-04-13 02:41:12.963 1157 RALLYDEBUG rally.task.utils [-] Waiting for resource '0be07c46-31bf-4fb2-8533-7d9fcba7eceb'. Status changed: NONE => QUEUED in 0.14712309837341309
2020-04-13 02:41:13.197 1154 RALLYDEBUG rally.task.utils [-] Waiting for resource s_rally_e5d46cd2_n2EJPHdA. Status changed: QUEUED => ACTIVE in 0.023746728897094727
2020-04-13 02:41:13.220 1154 INFO rally.task.runner [-] Task 4bea0479-fb46-4f8d-af8e-dcd5c3329375 | ITER: 7 END: OK
2020-04-13 02:41:13.224 1156 RALLYDEBUG rally.task.utils [-] Waiting for resource s_rally_e5d46cd2_zz5Y9YsM. Status changed: QUEUED => ACTIVE in 0.02518773078918457
2020-04-13 02:41:13.223 1154 INFO rally.task.runner [-] Task 4bea0479-fb46-4f8d-af8e-dcd5c3329375 | ITER: 9 START
2020-04-13 02:41:13.250 1156 INFO rally.task.runner [-] Task 4bea0479-fb46-4f8d-af8e-dcd5c3329375 | ITER: 8 END: OK
2020-04-13 02:41:13.254 1156 INFO rally.task.runner [-] Task 4bea0479-fb46-4f8d-af8e-dcd5c3329375 | ITER: 10 START
2020-04-13 02:41:13.392 1155 RALLYDEBUG rally.task.utils [-] Waiting for resource s_rally_e5d46cd2_fha4HufV. Status changed: QUEUED => ACTIVE in 0.025023937225341797
2020-04-13 02:41:13.401 1157 RALLYDEBUG rally.task.utils [-] Waiting for resource s_rally_e5d46cd2_7iz5g2XN. Status changed: QUEUED => ACTIVE in 0.02172994613647461
2020-04-13 02:41:13.417 1155 INFO rally.task.runner [-] Task 4bea0479-fb46-4f8d-af8e-dcd5c3329375 | ITER: 6 END: OK
2020-04-13 02:41:13.426 1157 INFO rally.task.runner [-] Task 4bea0479-fb46-4f8d-af8e-dcd5c3329375 | ITER: 5 END: OK
2020-04-13 02:41:15.598 1156 RALLYDEBUG rally.task.utils [-] Waiting for resource '45c8ee8f-21f4-4443-8b82-f699972e8cd9'. Status changed: NONE => QUEUED in 0.04755544662475586
2020-04-13 02:41:15.666 1154 RALLYDEBUG rally.task.utils [-] Waiting for resource '729109a7-443d-4a1a-a8e5-501809e6c5b4'. Status changed: NONE => QUEUED in 0.04411792755126953
2020-04-13 02:41:16.006 1156 RALLYDEBUG rally.task.utils [-] Waiting for resource s_rally_e5d46cd2_jeP1XaC7. Status changed: QUEUED => ACTIVE in 0.028134822845458984
2020-04-13 02:41:16.034 1156 INFO rally.task.runner [-] Task 4bea0479-fb46-4f8d-af8e-dcd5c3329375 | ITER: 10 END: OK
2020-04-13 02:41:16.107 1154 RALLYDEBUG rally.task.utils [-] Waiting for resource s_rally_e5d46cd2_bqhRo9zX. Status changed: QUEUED => ACTIVE in 0.028878211975097656
2020-04-13 02:41:16.131 1154 INFO rally.task.runner [-] Task 4bea0479-fb46-4f8d-af8e-dcd5c3329375 | ITER: 9 END: OK
2020-04-13 02:41:16.161 501 INFO rally.task.context [-] Task 4bea0479-fb46-4f8d-af8e-dcd5c3329375 | Context cleanup@openstack cleanup() started
2020-04-13 02:41:16.166 501 RALLYDEBUG rally_openstack.cleanup.manager [-] Cleaning up glance images objects
2020-04-13 02:41:16.853 501 RALLYDEBUG rally_openstack.cleanup.manager [-] Deleting glance.images object s_rally_e5d46cd2_fha4HufV (da7adace-7d8f-404f-ac04-d08798e4465f)
2020-04-13 02:41:16.864 501 RALLYDEBUG rally_openstack.cleanup.manager [-] Deleting glance.images object s_rally_e5d46cd2_7iz5g2XN (0be07c46-31bf-4fb2-8533-7d9fcba7eceb)
2020-04-13 02:41:16.877 501 RALLYDEBUG rally_openstack.cleanup.manager [-] Deleting glance.images object s_rally_e5d46cd2_bqhRo9zX (729109a7-443d-4a1a-a8e5-501809e6c5b4)
2020-04-13 02:41:16.885 501 RALLYDEBUG rally_openstack.cleanup.manager [-] Deleting glance.images object s_rally_e5d46cd2_k7DJwdqB (b6ce1e65-2da6-4227-9994-67f87b8af12e)
2020-04-13 02:41:16.899 501 RALLYDEBUG rally_openstack.cleanup.manager [-] Deleting glance.images object s_rally_e5d46cd2_0QZjPg2B (5aacc100-6496-4dcf-9407-c1677d92eb9f)
2020-04-13 02:41:16.904 501 RALLYDEBUG rally_openstack.cleanup.manager [-] Deleting glance.images object s_rally_e5d46cd2_jeP1XaC7 (45c8ee8f-21f4-4443-8b82-f699972e8cd9)
2020-04-13 02:41:16.910 501 RALLYDEBUG rally_openstack.cleanup.manager [-] Deleting glance.images object s_rally_e5d46cd2_n2EJPHdA (086f1af9-a315-430c-80c4-847e3e8529cd)
2020-04-13 02:41:16.938 501 RALLYDEBUG rally_openstack.cleanup.manager [-] Deleting glance.images object s_rally_e5d46cd2_XdDgkr6j (75e7df57-0c18-4acc-bf25-e7888e52d33f)
2020-04-13 02:41:16.954 501 RALLYDEBUG rally_openstack.cleanup.manager [-] Deleting glance.images object s_rally_e5d46cd2_7NKfwUQy (40a21431-5459-44fa-b530-d60130ca2d1e)
2020-04-13 02:41:16.972 501 RALLYDEBUG rally_openstack.cleanup.manager [-] Deleting glance.images object s_rally_e5d46cd2_zz5Y9YsM (4d414d98-6a69-4edc-9b9d-94acbd37b996)
2020-04-13 02:41:17.393 501 DEBUG glanceclient.common.http [-] Request returned failure status 404. _handle_response /usr/lib/python3.7/site-packages/glanceclient/common/http.py:125
2020-04-13 02:41:17.416 501 DEBUG glanceclient.common.http [-] Request returned failure status 404. _handle_response /usr/lib/python3.7/site-packages/glanceclient/common/http.py:125
2020-04-13 02:41:17.448 501 DEBUG glanceclient.common.http [-] Request returned failure status 404. _handle_response /usr/lib/python3.7/site-packages/glanceclient/common/http.py:125
2020-04-13 02:41:17.474 501 DEBUG glanceclient.common.http [-] Request returned failure status 404. _handle_response /usr/lib/python3.7/site-packages/glanceclient/common/http.py:125
2020-04-13 02:41:17.502 501 DEBUG glanceclient.common.http [-] Request returned failure status 404. _handle_response /usr/lib/python3.7/site-packages/glanceclient/common/http.py:125
2020-04-13 02:41:17.504 501 DEBUG glanceclient.common.http [-] Request returned failure status 404. _handle_response /usr/lib/python3.7/site-packages/glanceclient/common/http.py:125
2020-04-13 02:41:17.517 501 DEBUG glanceclient.common.http [-] Request returned failure status 404. _handle_response /usr/lib/python3.7/site-packages/glanceclient/common/http.py:125
2020-04-13 02:41:17.525 501 DEBUG glanceclient.common.http [-] Request returned failure status 404. _handle_response /usr/lib/python3.7/site-packages/glanceclient/common/http.py:125
2020-04-13 02:41:17.534 501 DEBUG glanceclient.common.http [-] Request returned failure status 404. _handle_response /usr/lib/python3.7/site-packages/glanceclient/common/http.py:125
2020-04-13 02:41:17.550 501 DEBUG glanceclient.common.http [-] Request returned failure status 404. _handle_response /usr/lib/python3.7/site-packages/glanceclient/common/http.py:125
2020-04-13 02:41:17.552 501 DEBUG glanceclient.common.http [-] Request returned failure status 404. _handle_response /usr/lib/python3.7/site-packages/glanceclient/common/http.py:125
2020-04-13 02:41:17.557 501 DEBUG glanceclient.common.http [-] Request returned failure status 404. _handle_response /usr/lib/python3.7/site-packages/glanceclient/common/http.py:125
2020-04-13 02:41:17.564 501 DEBUG glanceclient.common.http [-] Request returned failure status 404. _handle_response /usr/lib/python3.7/site-packages/glanceclient/common/http.py:125
2020-04-13 02:41:17.566 501 DEBUG glanceclient.common.http [-] Request returned failure status 404. _handle_response /usr/lib/python3.7/site-packages/glanceclient/common/http.py:125
2020-04-13 02:41:17.568 501 DEBUG glanceclient.common.http [-] Request returned failure status 404. _handle_response /usr/lib/python3.7/site-packages/glanceclient/common/http.py:125
2020-04-13 02:41:17.569 501 DEBUG glanceclient.common.http [-] Request returned failure status 404. _handle_response /usr/lib/python3.7/site-packages/glanceclient/common/http.py:125
2020-04-13 02:41:17.571 501 DEBUG glanceclient.common.http [-] Request returned failure status 404. _handle_response /usr/lib/python3.7/site-packages/glanceclient/common/http.py:125
2020-04-13 02:41:17.586 501 DEBUG glanceclient.common.http [-] Request returned failure status 404. _handle_response /usr/lib/python3.7/site-packages/glanceclient/common/http.py:125
2020-04-13 02:41:17.588 501 DEBUG glanceclient.common.http [-] Request returned failure status 404. _handle_response /usr/lib/python3.7/site-packages/glanceclient/common/http.py:125
2020-04-13 02:41:17.601 501 DEBUG glanceclient.common.http [-] Request returned failure status 404. _handle_response /usr/lib/python3.7/site-packages/glanceclient/common/http.py:125
2020-04-13 02:41:18.605 501 INFO rally.task.context [-] Task 4bea0479-fb46-4f8d-af8e-dcd5c3329375 | Context cleanup@openstack cleanup() finished in 2.44 sec
2020-04-13 02:41:18.605 501 INFO rally.task.context [-] Task 4bea0479-fb46-4f8d-af8e-dcd5c3329375 | Context users@openstack cleanup() started
2020-04-13 02:41:18.742 501 WARNING rally.common.logging [-] `iterate_per_tenants()' is deprecated in v3.0.0: it is openstack specific.. Used at
2020-04-13 02:41:22.039 501 INFO rally.task.context [-] Task 4bea0479-fb46-4f8d-af8e-dcd5c3329375 | Context users@openstack cleanup() finished in 3.43 sec
2020-04-13 02:41:23.899 501 INFO rally.task.engine [-] Load duration is: 8.608046
2020-04-13 02:41:23.901 501 INFO rally.task.engine [-] Full runner duration is: 8.842243
2020-04-13 02:41:23.902 501 INFO rally.task.engine [-] Full duration is: 16.262656
2020-04-13 02:41:23.996 501 INFO rally.task.engine [-] Running workload: position = 0 config = { "version": 2, "title": "A cropped version of a bigger task.", "description": "Auto-generated task from a single workload (uuid=64f55dd6-5359-4da4-bb11-076a72ff2642)", "subtasks": [ { "title": "GlanceImages.create_and_update_image", "description": "Create an image then update it.", "scenario": { "GlanceImages.create_and_update_image": { "container_format": "bare", "disk_format": "qcow2", "image_location": "/home/opnfv/functest/images/cirros-0.4.0-x86_64-disk.img" } }, "contexts": { "users": { "tenants": 3, "users_per_tenant": 2 } }, "runner": { "constant": { "concurrency": 4, "times": 10 } }, "hooks": [], "sla": { "failure_rate": { "max": 0 } } } ] }
2020-04-13 02:41:24.016 501 RALLYDEBUG rally_openstack.contexts.keystone.users [-] Creating 3 tenants using 3 threads
2020-04-13 02:41:24.493 501 RALLYDEBUG rally_openstack.contexts.keystone.users [-] Creating 6 users using 6 threads
2020-04-13 02:41:25.443 501 INFO rally.task.context [-] Task 4bea0479-fb46-4f8d-af8e-dcd5c3329375 | Context users@openstack setup() finished in 1.43 sec
2020-04-13 02:41:25.444 501 INFO rally.task.context [-] Task 4bea0479-fb46-4f8d-af8e-dcd5c3329375 | Context cleanup@openstack setup() finished in 0.00 msec
2020-04-13 02:41:25.455 501 RALLYDEBUG rally.task.runner [-] Starting the constant runner (task UUID: 4bea0479-fb46-4f8d-af8e-dcd5c3329375). times: 10 concurrency: 4 timeout: 0 max_cpu_used: 88 processes_to_start: 4 concurrency_per_worker: 1 concurrency_overhead: 0
2020-04-13 02:41:25.468 1247 RALLYDEBUG rally.task.runner [-] Starting a worker. times: 10 duration: None concurrency: 1 timeout: 0 cls: method_name: run args: {"container_format": "bare", "disk_format": "qcow2", "image_location": "/home/opnfv/functest/images/cirros-0.4.0-x86_64-disk.img"}
2020-04-13 02:41:25.471 1248 RALLYDEBUG rally.task.runner [-] Starting a worker. times: 10 duration: None concurrency: 1 timeout: 0 cls: method_name: run args: {"container_format": "bare", "disk_format": "qcow2", "image_location": "/home/opnfv/functest/images/cirros-0.4.0-x86_64-disk.img"}
2020-04-13 02:41:25.473 1249 RALLYDEBUG rally.task.runner [-] Starting a worker. times: 10 duration: None concurrency: 1 timeout: 0 cls: method_name: run args: {"container_format": "bare", "disk_format": "qcow2", "image_location": "/home/opnfv/functest/images/cirros-0.4.0-x86_64-disk.img"}
2020-04-13 02:41:25.474 1247 INFO rally.task.runner [-] Task 4bea0479-fb46-4f8d-af8e-dcd5c3329375 | ITER: 1 START
2020-04-13 02:41:25.476 1250 RALLYDEBUG rally.task.runner [-] Starting a worker. times: 10 duration: None concurrency: 1 timeout: 0 cls: method_name: run args: {"container_format": "bare", "disk_format": "qcow2", "image_location": "/home/opnfv/functest/images/cirros-0.4.0-x86_64-disk.img"}
2020-04-13 02:41:25.477 1248 INFO rally.task.runner [-] Task 4bea0479-fb46-4f8d-af8e-dcd5c3329375 | ITER: 2 START
2020-04-13 02:41:25.478 1249 INFO rally.task.runner [-] Task 4bea0479-fb46-4f8d-af8e-dcd5c3329375 | ITER: 3 START
2020-04-13 02:41:25.482 1250 INFO rally.task.runner [-] Task 4bea0479-fb46-4f8d-af8e-dcd5c3329375 | ITER: 4 START
2020-04-13 02:41:27.927 1248 RALLYDEBUG rally.task.utils [-] Waiting for resource '86786307-02cf-4b74-b049-1439d0b69502'. Status changed: NONE => QUEUED in 0.04721879959106445
2020-04-13 02:41:27.943 1247 RALLYDEBUG rally.task.utils [-] Waiting for resource '17106083-5599-44c9-a847-bcb9070bf808'. Status changed: NONE => QUEUED in 0.045345306396484375
2020-04-13 02:41:27.949 1250 RALLYDEBUG rally.task.utils [-] Waiting for resource '5aa6b80a-ab8d-411a-984c-a5b5187f2cf9'. Status changed: NONE => QUEUED in 0.04615139961242676
2020-04-13 02:41:28.062 1249 RALLYDEBUG rally.task.utils [-] Waiting for resource '2763c671-c71a-40fd-a63d-b08b75156020'. Status changed: NONE => QUEUED in 0.040894269943237305
2020-04-13 02:41:28.555 1248 RALLYDEBUG rally.task.utils [-] Waiting for resource s_rally_64f55dd6_D95OhO2H. Status changed: QUEUED => ACTIVE in 0.028551340103149414
2020-04-13 02:41:28.559 1249 RALLYDEBUG rally.task.utils [-] Waiting for resource s_rally_64f55dd6_8HQUDlCo. Status changed: QUEUED => ACTIVE in 0.028204917907714844
2020-04-13 02:41:28.567 1250 RALLYDEBUG rally.task.utils [-] Waiting for resource s_rally_64f55dd6_wps4YWPc. Status changed: QUEUED => ACTIVE in 0.02667093276977539
2020-04-13 02:41:28.568 1247 RALLYDEBUG rally.task.utils [-] Waiting for resource s_rally_64f55dd6_89bAh8DX. Status changed: QUEUED => ACTIVE in 0.02458667755126953
2020-04-13 02:41:28.717 1248 INFO rally.task.runner [-] Task 4bea0479-fb46-4f8d-af8e-dcd5c3329375 | ITER: 2 END: OK
2020-04-13 02:41:28.721 1248 INFO rally.task.runner [-] Task 4bea0479-fb46-4f8d-af8e-dcd5c3329375 | ITER: 5 START
2020-04-13 02:41:28.724 1250 INFO rally.task.runner [-] Task 4bea0479-fb46-4f8d-af8e-dcd5c3329375 | ITER: 4 END: OK
2020-04-13 02:41:28.729 1249 INFO rally.task.runner [-] Task 4bea0479-fb46-4f8d-af8e-dcd5c3329375 | ITER: 3 END: OK
2020-04-13 02:41:28.729 1250 INFO rally.task.runner [-] Task 4bea0479-fb46-4f8d-af8e-dcd5c3329375 | ITER: 6 START
2020-04-13 02:41:28.733 1249 INFO rally.task.runner [-] Task 4bea0479-fb46-4f8d-af8e-dcd5c3329375 | ITER: 7 START
2020-04-13 02:41:28.750 1247 INFO rally.task.runner [-] Task 4bea0479-fb46-4f8d-af8e-dcd5c3329375 | ITER: 1 END: OK
2020-04-13 02:41:28.754 1247 INFO rally.task.runner [-] Task 4bea0479-fb46-4f8d-af8e-dcd5c3329375 | ITER: 8 START
2020-04-13 02:41:31.073 1249 RALLYDEBUG rally.task.utils [-] Waiting for resource '43f01fe5-d0fd-4b9b-b604-d2edf5dd5d3b'. Status changed: NONE => QUEUED in 0.043689727783203125
2020-04-13 02:41:31.089 1247 RALLYDEBUG rally.task.utils [-] Waiting for resource '603179f8-28f4-4696-ac7c-6becfe8039b9'. Status changed: NONE => QUEUED in 0.05037879943847656
2020-04-13 02:41:31.165 1248 RALLYDEBUG rally.task.utils [-] Waiting for resource '13da46ba-e1df-475b-be17-860ef126437d'. Status changed: NONE => QUEUED in 0.044345855712890625
2020-04-13 02:41:31.170 1250 RALLYDEBUG rally.task.utils [-] Waiting for resource '1519afc5-8c8c-420a-bafe-ab6a28191e3c'. Status changed: NONE => QUEUED in 0.046628475189208984
2020-04-13 02:41:31.561 1247 RALLYDEBUG rally.task.utils [-] Waiting for resource s_rally_64f55dd6_Jhbbkqkf. Status changed: QUEUED => ACTIVE in 0.026174545288085938
2020-04-13 02:41:31.597 1249 RALLYDEBUG rally.task.utils [-] Waiting for resource s_rally_64f55dd6_e7OZdz1L. Status changed: QUEUED => ACTIVE in 0.028570175170898438
2020-04-13 02:41:31.600 1248 RALLYDEBUG rally.task.utils [-] Waiting for resource s_rally_64f55dd6_E3dSZspP. Status changed: QUEUED => ACTIVE in 0.02623581886291504
2020-04-13 02:41:31.615 1250 RALLYDEBUG rally.task.utils [-] Waiting for resource s_rally_64f55dd6_AQq7B1RA. Status changed: QUEUED => ACTIVE in 0.02744269371032715
2020-04-13 02:41:31.750 1247 INFO rally.task.runner [-] Task 4bea0479-fb46-4f8d-af8e-dcd5c3329375 | ITER: 8 END: OK
2020-04-13 02:41:31.754 1248 INFO rally.task.runner [-] Task 4bea0479-fb46-4f8d-af8e-dcd5c3329375 | ITER: 5 END: OK
2020-04-13 02:41:31.754 1247 INFO rally.task.runner [-] Task 4bea0479-fb46-4f8d-af8e-dcd5c3329375 | ITER: 9 START
2020-04-13 02:41:31.757 1249 INFO rally.task.runner [-] Task 4bea0479-fb46-4f8d-af8e-dcd5c3329375 | ITER: 7 END: OK
2020-04-13 02:41:31.758 1248 INFO rally.task.runner [-] Task 4bea0479-fb46-4f8d-af8e-dcd5c3329375 | ITER: 10 START
2020-04-13 02:41:31.776 1250 INFO rally.task.runner [-] Task 4bea0479-fb46-4f8d-af8e-dcd5c3329375 | ITER: 6 END: OK
2020-04-13 02:41:34.082 1248 RALLYDEBUG rally.task.utils [-] Waiting for resource '280e678d-837e-4443-b4fc-09d8a7ef0d0f'. Status changed: NONE => QUEUED in 0.04516768455505371
2020-04-13 02:41:34.148 1247 RALLYDEBUG rally.task.utils [-] Waiting for resource '8d2d85f0-1999-459f-8654-9dce7d27b3a3'. Status changed: NONE => QUEUED in 0.0366215705871582
2020-04-13 02:41:34.516 1248 RALLYDEBUG rally.task.utils [-] Waiting for resource s_rally_64f55dd6_yvB1cBKl. Status changed: QUEUED => ACTIVE in 0.0273895263671875
2020-04-13 02:41:34.542 1247 RALLYDEBUG rally.task.utils [-] Waiting for resource s_rally_64f55dd6_81fGHDj1. Status changed: QUEUED => ACTIVE in 0.026655912399291992
2020-04-13 02:41:34.675 1248 INFO rally.task.runner [-] Task 4bea0479-fb46-4f8d-af8e-dcd5c3329375 | ITER: 10 END: OK
2020-04-13 02:41:34.706 1247 INFO rally.task.runner [-] Task 4bea0479-fb46-4f8d-af8e-dcd5c3329375 | ITER: 9 END: OK
2020-04-13 02:41:34.731 501 INFO rally.task.context [-] Task 4bea0479-fb46-4f8d-af8e-dcd5c3329375 | Context cleanup@openstack cleanup() started
2020-04-13 02:41:34.734 501 RALLYDEBUG rally_openstack.cleanup.manager [-] Cleaning up glance images objects
2020-04-13 02:41:35.462 501 RALLYDEBUG rally_openstack.cleanup.manager [-] Deleting glance.images object s_rally_64f55dd6_RX8t2O9N (603179f8-28f4-4696-ac7c-6becfe8039b9)
2020-04-13 02:41:35.469 501 RALLYDEBUG rally_openstack.cleanup.manager [-] Deleting glance.images object s_rally_64f55dd6_HmNSZKKK (1519afc5-8c8c-420a-bafe-ab6a28191e3c)
2020-04-13 02:41:35.473 501 RALLYDEBUG rally_openstack.cleanup.manager [-] Deleting glance.images object s_rally_64f55dd6_Liz81Q1X (5aa6b80a-ab8d-411a-984c-a5b5187f2cf9)
2020-04-13 02:41:35.489 501 RALLYDEBUG rally_openstack.cleanup.manager [-] Deleting glance.images object s_rally_64f55dd6_jPgEyu6r (13da46ba-e1df-475b-be17-860ef126437d)
2020-04-13 02:41:35.489 501 RALLYDEBUG rally_openstack.cleanup.manager [-] Deleting glance.images object s_rally_64f55dd6_jN5oDk1S (280e678d-837e-4443-b4fc-09d8a7ef0d0f)
2020-04-13 02:41:35.496 501 RALLYDEBUG rally_openstack.cleanup.manager [-] Deleting glance.images object s_rally_64f55dd6_GFLzJTi2 (86786307-02cf-4b74-b049-1439d0b69502)
2020-04-13 02:41:35.501 501 RALLYDEBUG rally_openstack.cleanup.manager [-] Deleting glance.images object s_rally_64f55dd6_wL38Zhwa (17106083-5599-44c9-a847-bcb9070bf808)
2020-04-13 02:41:35.519 501 RALLYDEBUG rally_openstack.cleanup.manager [-] Deleting glance.images object s_rally_64f55dd6_Ub3hDw4V (8d2d85f0-1999-459f-8654-9dce7d27b3a3)
2020-04-13 02:41:35.528 501 RALLYDEBUG rally_openstack.cleanup.manager [-] Deleting glance.images object s_rally_64f55dd6_7POD4qlU (43f01fe5-d0fd-4b9b-b604-d2edf5dd5d3b)
2020-04-13 02:41:35.556 501 RALLYDEBUG rally_openstack.cleanup.manager [-] Deleting glance.images object s_rally_64f55dd6_PRVqEuY1 (2763c671-c71a-40fd-a63d-b08b75156020)
2020-04-13 02:41:35.994 501 DEBUG glanceclient.common.http [-] Request returned failure status 404. _handle_response /usr/lib/python3.7/site-packages/glanceclient/common/http.py:125
2020-04-13 02:41:36.021 501 DEBUG glanceclient.common.http [-] Request returned failure status 404. _handle_response /usr/lib/python3.7/site-packages/glanceclient/common/http.py:125
2020-04-13 02:41:36.039 501 DEBUG glanceclient.common.http [-] Request returned failure status 404. _handle_response /usr/lib/python3.7/site-packages/glanceclient/common/http.py:125
2020-04-13 02:41:36.049 501 DEBUG glanceclient.common.http [-] Request returned failure status 404. _handle_response /usr/lib/python3.7/site-packages/glanceclient/common/http.py:125
2020-04-13 02:41:36.056 501 DEBUG glanceclient.common.http [-] Request returned failure status 404. _handle_response /usr/lib/python3.7/site-packages/glanceclient/common/http.py:125
2020-04-13 02:41:36.058 501 DEBUG glanceclient.common.http [-] Request returned failure status 404. _handle_response /usr/lib/python3.7/site-packages/glanceclient/common/http.py:125
2020-04-13 02:41:36.072 501 DEBUG glanceclient.common.http [-] Request returned failure status 404. _handle_response /usr/lib/python3.7/site-packages/glanceclient/common/http.py:125
2020-04-13 02:41:36.088 501 DEBUG glanceclient.common.http [-] Request returned failure status 404. _handle_response /usr/lib/python3.7/site-packages/glanceclient/common/http.py:125
2020-04-13 02:41:36.101 501 DEBUG glanceclient.common.http [-] Request returned failure status 404. _handle_response /usr/lib/python3.7/site-packages/glanceclient/common/http.py:125
