2020-04-13 03:45:50.423 16633 INFO rally.task.runner [-] Task 54ca9db5-9f0d-4f62-872e-be11d4cd768c | ITER: 4 START
2020-04-13 03:45:55.325 16630 RALLYDEBUG rally.task.utils [-] Waiting for resource s_rally_a5783478_vg3QmDvQ. Status changed: DOWNLOADING => AVAILABLE in 2.231173515319824
2020-04-13 03:45:55.348 16627 RALLYDEBUG rally.task.utils [-] Waiting for resource s_rally_a5783478_ql6Hqcm6. Status changed: DOWNLOADING => AVAILABLE in 2.222836494445801
2020-04-13 03:45:55.423 16633 RALLYDEBUG rally.task.utils [-] Waiting for resource s_rally_a5783478_GUWWG5L4. Status changed: DOWNLOADING => AVAILABLE in 2.2597110271453857
2020-04-13 03:45:55.552 16626 RALLYDEBUG rally.task.utils [-] Waiting for resource s_rally_a5783478_WAUZIxOj. Status changed: DOWNLOADING => AVAILABLE in 2.4036967754364014
2020-04-13 03:46:06.648 16630 RALLYDEBUG rally.task.utils [-] Waiting for resource s_rally_a5783478_PZ8aC6k7. Status changed: BUILD => ACTIVE in 9.286511421203613
2020-04-13 03:46:07.053 16627 RALLYDEBUG rally.task.utils [-] Waiting for resource s_rally_a5783478_JBaYtXqd. Status changed: BUILD => ACTIVE in 9.385953426361084
2020-04-13 03:46:08.846 16633 RALLYDEBUG rally.task.utils [-] Waiting for resource s_rally_a5783478_APDdKuiN. Status changed: BUILD => ACTIVE in 11.434932470321655
2020-04-13 03:46:09.168 16630 INFO rally.task.runner [-] Task 54ca9db5-9f0d-4f62-872e-be11d4cd768c | ITER: 3 END: OK
2020-04-13 03:46:09.174 16630 INFO rally.task.runner [-] Task 54ca9db5-9f0d-4f62-872e-be11d4cd768c | ITER: 5 START
2020-04-13 03:46:09.604 16627 INFO rally.task.runner [-] Task 54ca9db5-9f0d-4f62-872e-be11d4cd768c | ITER: 2 END: OK
2020-04-13 03:46:09.609 16627 INFO rally.task.runner [-] Task 54ca9db5-9f0d-4f62-872e-be11d4cd768c | ITER: 6 START
2020-04-13 03:46:09.694 16626 RALLYDEBUG rally.task.utils [-] Waiting for resource s_rally_a5783478_H0EK4kwu. Status changed: BUILD => ACTIVE in 12.165221929550171
2020-04-13 03:46:11.419 16633 INFO rally.task.runner [-] Task 54ca9db5-9f0d-4f62-872e-be11d4cd768c | ITER: 4 END: OK
2020-04-13 03:46:11.425 16633 INFO rally.task.runner [-] Task 54ca9db5-9f0d-4f62-872e-be11d4cd768c | ITER: 7 START
2020-04-13 03:46:12.189 16626 INFO rally.task.runner [-] Task 54ca9db5-9f0d-4f62-872e-be11d4cd768c | ITER: 1 END: OK
2020-04-13 03:46:12.195 16626 INFO rally.task.runner [-] Task 54ca9db5-9f0d-4f62-872e-be11d4cd768c | ITER: 8 START
2020-04-13 03:46:13.939 16630 RALLYDEBUG rally.task.utils [-] Waiting for resource s_rally_a5783478_Jc089S4N. Status changed: DOWNLOADING => AVAILABLE in 2.2185120582580566
2020-04-13 03:46:14.402 16627 RALLYDEBUG rally.task.utils [-] Waiting for resource s_rally_a5783478_fNEXbqIB. Status changed: DOWNLOADING => AVAILABLE in 2.2301008701324463
2020-04-13 03:46:16.317 16633 RALLYDEBUG rally.task.utils [-] Waiting for resource s_rally_a5783478_nRS96ir3. Status changed: DOWNLOADING => AVAILABLE in 2.391249418258667
2020-04-13 03:46:17.085 16626 RALLYDEBUG rally.task.utils [-] Waiting for resource s_rally_a5783478_2JEaAPaD. Status changed: DOWNLOADING => AVAILABLE in 2.2344136238098145
2020-04-13 03:46:22.883 16630 RALLYDEBUG rally.task.utils [-] Waiting for resource s_rally_a5783478_wIpwERKc. Status changed: BUILD => ACTIVE in 6.778622627258301
2020-04-13 03:46:25.424 16630 INFO rally.task.runner [-] Task 54ca9db5-9f0d-4f62-872e-be11d4cd768c | ITER: 5 END: OK
2020-04-13 03:46:25.430 16630 INFO rally.task.runner [-] Task 54ca9db5-9f0d-4f62-872e-be11d4cd768c | ITER: 9 START
2020-04-13 03:46:26.099 16627 RALLYDEBUG rally.task.utils [-] Waiting for resource s_rally_a5783478_zQvNMKus. Status changed: BUILD => ACTIVE in 9.737260341644287
2020-04-13 03:46:29.058 16627 INFO rally.task.runner [-] Task 54ca9db5-9f0d-4f62-872e-be11d4cd768c | ITER: 6 END: OK
2020-04-13 03:46:29.064 16627 INFO rally.task.runner [-] Task 54ca9db5-9f0d-4f62-872e-be11d4cd768c | ITER: 10 START
2020-04-13 03:46:30.248 16630 RALLYDEBUG rally.task.utils [-] Waiting for resource s_rally_a5783478_sJFBJDz1. Status changed: DOWNLOADING => AVAILABLE in 2.2385754585266113
2020-04-13 03:46:30.824 16626 RALLYDEBUG rally.task.utils [-] Waiting for resource s_rally_a5783478_R6DA3oXp. Status changed: BUILD => ACTIVE in 11.236707925796509
2020-04-13 03:46:31.837 16633 RALLYDEBUG rally.task.utils [-] Waiting for resource s_rally_a5783478_d9jfNpko. Status changed: BUILD => ACTIVE in 13.407068967819214
2020-04-13 03:46:33.321 16626 INFO rally.task.runner [-] Task 54ca9db5-9f0d-4f62-872e-be11d4cd768c | ITER: 8 END: OK
2020-04-13 03:46:33.956 16627 RALLYDEBUG rally.task.utils [-] Waiting for resource s_rally_a5783478_CYXZyGX4. Status changed: DOWNLOADING => AVAILABLE in 2.2361197471618652
2020-04-13 03:46:36.646 16633 INFO rally.task.runner [-] Task 54ca9db5-9f0d-4f62-872e-be11d4cd768c | ITER: 7 END: OK
2020-04-13 03:46:41.803 16630 RALLYDEBUG rally.task.utils [-] Waiting for resource s_rally_a5783478_EU4YV71h. Status changed: BUILD => ACTIVE in 9.021325826644897
2020-04-13 03:46:43.071 16627 RALLYDEBUG rally.task.utils [-] Waiting for resource s_rally_a5783478_DRPds7yS. Status changed: BUILD => ACTIVE in 6.936623573303223
2020-04-13 03:46:44.294 16630 INFO rally.task.runner [-] Task 54ca9db5-9f0d-4f62-872e-be11d4cd768c | ITER: 9 END: OK
2020-04-13 03:46:45.557 16627 INFO rally.task.runner [-] Task 54ca9db5-9f0d-4f62-872e-be11d4cd768c | ITER: 10 END: OK
2020-04-13 03:46:45.589 14489 INFO rally.task.context [-] Task 54ca9db5-9f0d-4f62-872e-be11d4cd768c | Context cleanup@openstack cleanup() started
2020-04-13 03:46:45.596 14489 RALLYDEBUG rally_openstack.cleanup.manager [-] Cleaning up nova servers objects
2020-04-13 03:46:46.323 14489 RALLYDEBUG rally_openstack.cleanup.manager [-] Cleaning up nova server_groups objects
2020-04-13 03:46:46.813 14489 RALLYDEBUG rally_openstack.cleanup.manager [-] Cleaning up nova keypairs objects
2020-04-13 03:46:47.773 14489 RALLYDEBUG rally_openstack.cleanup.manager [-] Cleaning up cinder backups objects
2020-04-13 03:46:48.288 14489 RALLYDEBUG rally_openstack.cleanup.manager [-] Cleaning up cinder volume_snapshots objects
2020-04-13 03:46:48.765 14489 RALLYDEBUG rally_openstack.cleanup.manager [-] Cleaning up cinder transfers objects
2020-04-13 03:46:49.201 14489 RALLYDEBUG rally_openstack.cleanup.manager [-] Cleaning up cinder volumes objects
2020-04-13 03:46:49.789 14489 RALLYDEBUG rally_openstack.cleanup.manager [-] Deleting cinder.volumes object s_rally_a5783478_2JEaAPaD (2b867d18-2ccd-42e9-9bca-64ba51357ccb)
2020-04-13 03:46:49.819 14489 RALLYDEBUG rally_openstack.cleanup.manager [-] Deleting cinder.volumes object s_rally_a5783478_CYXZyGX4 (06eeb3a7-1d6b-4db2-893d-0e62678c46fb)
2020-04-13 03:46:49.803 14489 RALLYDEBUG rally_openstack.cleanup.manager [-] Deleting cinder.volumes object s_rally_a5783478_GUWWG5L4 (bd6129fc-e069-4a40-9228-3b2b042eb16e)
2020-04-13 03:46:49.820 14489 RALLYDEBUG rally_openstack.cleanup.manager [-] Deleting cinder.volumes object s_rally_a5783478_nRS96ir3 (43f3215d-5d6c-4c97-aed7-244b2492d8df)
2020-04-13 03:46:49.820 14489 RALLYDEBUG rally_openstack.cleanup.manager [-] Deleting cinder.volumes object s_rally_a5783478_vg3QmDvQ (2d6aef9d-069d-4272-af1a-d44674934d4d)
2020-04-13 03:46:49.825 14489 RALLYDEBUG rally_openstack.cleanup.manager [-] Deleting cinder.volumes object s_rally_a5783478_WAUZIxOj (0945a598-d6b7-4110-81ba-15276572cd4e)
2020-04-13 03:46:49.836 14489 RALLYDEBUG rally_openstack.cleanup.manager [-] Deleting cinder.volumes object s_rally_a5783478_sJFBJDz1 (27f81fd9-5e89-484e-a601-c86158c8a843)
2020-04-13 03:46:49.851 14489 RALLYDEBUG rally_openstack.cleanup.manager [-] Deleting cinder.volumes object s_rally_a5783478_ql6Hqcm6 (76e1c241-cf0d-40d8-a905-b474dffbddb7)
2020-04-13 03:46:49.842 14489 RALLYDEBUG rally_openstack.cleanup.manager [-] Deleting cinder.volumes object s_rally_a5783478_Jc089S4N (6bbd99c5-1ab8-48a7-a18b-15bdc8749da0)
2020-04-13 03:46:49.847 14489 RALLYDEBUG rally_openstack.cleanup.manager [-] Deleting cinder.volumes object s_rally_a5783478_fNEXbqIB (54183400-c655-4ed3-abb7-413fe31e4419)
2020-04-13 03:46:52.434 14489 INFO rally.task.context [-] Task 54ca9db5-9f0d-4f62-872e-be11d4cd768c | Context cleanup@openstack cleanup() finished in 6.84 sec
2020-04-13 03:46:52.434 14489 INFO rally.task.context [-] Task 54ca9db5-9f0d-4f62-872e-be11d4cd768c | Context network@openstack cleanup() started
2020-04-13 03:47:14.145 14489 INFO rally.task.context [-] Task 54ca9db5-9f0d-4f62-872e-be11d4cd768c | Context network@openstack cleanup() finished in 21.71 sec
2020-04-13 03:47:14.145 14489 INFO rally.task.context [-] Task 54ca9db5-9f0d-4f62-872e-be11d4cd768c | Context quotas@openstack cleanup() started
2020-04-13 03:47:14.366 14489 INFO rally.task.context [-] Task 54ca9db5-9f0d-4f62-872e-be11d4cd768c | Context quotas@openstack cleanup() finished in 0.22 sec
2020-04-13 03:47:14.367 14489 INFO rally.task.context [-] Task 54ca9db5-9f0d-4f62-872e-be11d4cd768c | Context api_versions@openstack cleanup() started
2020-04-13 03:47:14.367 14489 INFO rally.task.context [-] Task 54ca9db5-9f0d-4f62-872e-be11d4cd768c | Context api_versions@openstack cleanup() finished in 0.40 msec
2020-04-13 03:47:14.368 14489 INFO rally.task.context [-] Task 54ca9db5-9f0d-4f62-872e-be11d4cd768c | Context users@openstack cleanup() started
2020-04-13 03:47:14.523 14489 WARNING rally.common.logging [-] `iterate_per_tenants()' is deprecated in v3.0.0: it is openstack specific.. Used at
2020-04-13 03:47:16.487 14489 INFO rally.task.context [-] Task 54ca9db5-9f0d-4f62-872e-be11d4cd768c | Context users@openstack cleanup() finished in 2.12 sec
2020-04-13 03:47:17.445 14489 INFO rally.task.engine [-] Load duration is: 54.148172
2020-04-13 03:47:17.446 14489 INFO rally.task.engine [-] Full runner duration is: 55.205024
2020-04-13 03:47:17.446 14489 INFO rally.task.engine [-] Full duration is: 103.55425
2020-04-13 03:47:17.541 14489 INFO rally.task.engine [-] Running workload: position = 0 config = { "version": 2, "title": "A cropped version of a bigger task.", "description": "Auto-generated task from a single workload (uuid=1c96c8ce-5c79-474f-9c81-392bc3a9748b)", "subtasks": [ { "title": "NovaServers.pause_and_unpause_server", "description": "Create a server, pause, unpause and then delete it", "scenario": { "NovaServers.pause_and_unpause_server": { "flavor": { "name": "rally_full_cntt-flavor_044c9470-22d6-4136-99e6-972dd7ba6ded" }, "image": { "name": "rally_full_cntt-img_044c9470-22d6-4136-99e6-972dd7ba6ded" }, "force_delete": false, "nics": [ { "net-id": "d5c82f55-cd77-41d0-b8f0-9f2abb7d4008" } ] } }, "contexts": { "users": { "tenants": 3, "users_per_tenant": 2 }, "network": { "networks_per_tenant": 1, "start_cidr": "100.1.0.0/25" }, "quotas": { "neutron": { "network": -1, "port": -1, "subnet": -1 }, "nova": { "cores": -1, "floating_ips": -1, "instances": -1, "ram": -1, "security_group_rules": -1, "security_groups": -1 } } }, "runner": { "constant": { "concurrency": 4, "times": 10 } }, "hooks": [], "sla": { "failure_rate": { "max": 0 } } } ] }
2020-04-13 03:47:17.566 14489 RALLYDEBUG rally_openstack.contexts.keystone.users [-] Creating 3 tenants using 3 threads
2020-04-13 03:47:18.057 14489 RALLYDEBUG rally_openstack.contexts.keystone.users [-] Creating 6 users using 6 threads
2020-04-13 03:47:19.045 14489 INFO rally.task.context [-] Task 54ca9db5-9f0d-4f62-872e-be11d4cd768c | Context users@openstack setup() finished in 1.48 sec
2020-04-13 03:47:20.216 14489 INFO rally.task.context [-] Task 54ca9db5-9f0d-4f62-872e-be11d4cd768c | Context quotas@openstack setup() finished in 1.17 sec
2020-04-13 03:47:20.281 14489 WARNING rally.common.logging [-] `iterate_per_tenants()' is deprecated in v3.0.0: it is openstack specific.. Used at
2020-04-13 03:47:22.363 14489 RALLYDEBUG rally_openstack.wrappers.network [-] CIDR generated: 100.1.10.128/25
2020-04-13 03:47:27.214 14489 RALLYDEBUG rally_openstack.wrappers.network [-] CIDR generated: 100.1.11.0/25
2020-04-13 03:47:31.298 14489 RALLYDEBUG rally_openstack.wrappers.network [-] CIDR generated: 100.1.11.128/25
2020-04-13 03:47:34.044 14489 INFO rally.task.context [-] Task 54ca9db5-9f0d-4f62-872e-be11d4cd768c | Context network@openstack setup() finished in 13.83 sec
2020-04-13 03:47:34.045 14489 INFO rally.task.context [-] Task 54ca9db5-9f0d-4f62-872e-be11d4cd768c | Context cleanup@openstack setup() finished in 0.03 msec
2020-04-13 03:47:34.437 14489 RALLYDEBUG rally.task.runner [-] Starting the constant runner (task UUID: 54ca9db5-9f0d-4f62-872e-be11d4cd768c). times: 10 concurrency: 4 timeout: 0 max_cpu_used: 88 processes_to_start: 4 concurrency_per_worker: 1 concurrency_overhead: 0
2020-04-13 03:47:34.449 16839 RALLYDEBUG rally.task.runner [-] Starting a worker. times: 10 duration: None concurrency: 1 timeout: 0 cls: method_name: run args: {"flavor": "9aa73c23-88f1-4dc3-bf55-62ae88433dc3", "image": "2a496ff0-46a2-42f3-b37f-80386448dd5b", "force_delete": false, "nics": [{"net-id": "d5c82f55-cd77-41d0-b8f0-9f2abb7d4008"}]}
2020-04-13 03:47:34.452 16840 RALLYDEBUG rally.task.runner [-] Starting a worker. times: 10 duration: None concurrency: 1 timeout: 0 cls: method_name: run args: {"flavor": "9aa73c23-88f1-4dc3-bf55-62ae88433dc3", "image": "2a496ff0-46a2-42f3-b37f-80386448dd5b", "force_delete": false, "nics": [{"net-id": "d5c82f55-cd77-41d0-b8f0-9f2abb7d4008"}]}
2020-04-13 03:47:34.454 16841 RALLYDEBUG rally.task.runner [-] Starting a worker. times: 10 duration: None concurrency: 1 timeout: 0 cls: method_name: run args: {"flavor": "9aa73c23-88f1-4dc3-bf55-62ae88433dc3", "image": "2a496ff0-46a2-42f3-b37f-80386448dd5b", "force_delete": false, "nics": [{"net-id": "d5c82f55-cd77-41d0-b8f0-9f2abb7d4008"}]}
2020-04-13 03:47:34.457 16839 INFO rally.task.runner [-] Task 54ca9db5-9f0d-4f62-872e-be11d4cd768c | ITER: 1 START
2020-04-13 03:47:34.457 16842 RALLYDEBUG rally.task.runner [-] Starting a worker. times: 10 duration: None concurrency: 1 timeout: 0 cls: method_name: run args: {"flavor": "9aa73c23-88f1-4dc3-bf55-62ae88433dc3", "image": "2a496ff0-46a2-42f3-b37f-80386448dd5b", "force_delete": false, "nics": [{"net-id": "d5c82f55-cd77-41d0-b8f0-9f2abb7d4008"}]}
2020-04-13 03:47:34.461 16840 INFO rally.task.runner [-] Task 54ca9db5-9f0d-4f62-872e-be11d4cd768c | ITER: 2 START
2020-04-13 03:47:34.462 16841 INFO rally.task.runner [-] Task 54ca9db5-9f0d-4f62-872e-be11d4cd768c | ITER: 3 START
2020-04-13 03:47:34.465 16842 INFO rally.task.runner [-] Task 54ca9db5-9f0d-4f62-872e-be11d4cd768c | ITER: 4 START
2020-04-13 03:47:46.133 16839 RALLYDEBUG rally.task.utils [-] Waiting for resource s_rally_1c96c8ce_tZGh0r9G. Status changed: BUILD => ACTIVE in 9.685248374938965
2020-04-13 03:47:46.963 16840 RALLYDEBUG rally.task.utils [-] Waiting for resource s_rally_1c96c8ce_mXBZg4iI. Status changed: BUILD => ACTIVE in 9.102695941925049
2020-04-13 03:47:48.070 16841 RALLYDEBUG rally.task.utils [-] Waiting for resource s_rally_1c96c8ce_ZQ4Ppl3W. Status changed: BUILD => ACTIVE in 11.37954592704773
2020-04-13 03:47:48.373 16842 RALLYDEBUG rally.task.utils [-] Waiting for resource s_rally_1c96c8ce_KNp6RO1J. Status changed: BUILD => ACTIVE in 11.565245389938354
2020-04-13 03:47:48.498 16839 RALLYDEBUG rally.task.utils [-] Waiting for resource s_rally_1c96c8ce_tZGh0r9G. Status changed: ACTIVE => PAUSED in 0.23639273643493652
2020-04-13 03:47:49.750 16840 RALLYDEBUG rally.task.utils [-] Waiting for resource s_rally_1c96c8ce_mXBZg4iI. Status changed: ACTIVE => PAUSED in 0.661139726638794
2020-04-13 03:47:50.607 16841 RALLYDEBUG rally.task.utils [-] Waiting for resource s_rally_1c96c8ce_ZQ4Ppl3W. Status changed: ACTIVE => PAUSED in 0.20020723342895508
2020-04-13 03:47:50.720 16842 RALLYDEBUG rally.task.utils [-] Waiting for resource s_rally_1c96c8ce_KNp6RO1J. Status changed: ACTIVE => PAUSED in 0.23081326484680176
2020-04-13 03:47:53.369 16839 INFO rally.task.runner [-] Task 54ca9db5-9f0d-4f62-872e-be11d4cd768c | ITER: 1 END: OK
2020-04-13 03:47:53.375 16839 INFO rally.task.runner [-] Task 54ca9db5-9f0d-4f62-872e-be11d4cd768c | ITER: 5 START
2020-04-13 03:47:56.098 16842 INFO rally.task.runner [-] Task 54ca9db5-9f0d-4f62-872e-be11d4cd768c | ITER: 4 END: OK
2020-04-13 03:47:56.103 16842 INFO rally.task.runner [-] Task 54ca9db5-9f0d-4f62-872e-be11d4cd768c | ITER: 6 START
2020-04-13 03:47:56.803 16840 INFO rally.task.runner [-] Task 54ca9db5-9f0d-4f62-872e-be11d4cd768c | ITER: 2 END: OK
2020-04-13 03:47:56.807 16840 INFO rally.task.runner [-] Task 54ca9db5-9f0d-4f62-872e-be11d4cd768c | ITER: 7 START
2020-04-13 03:47:58.171 16841 INFO rally.task.runner [-] Task 54ca9db5-9f0d-4f62-872e-be11d4cd768c | ITER: 3 END: OK
2020-04-13 03:47:58.180 16841 INFO rally.task.runner [-] Task 54ca9db5-9f0d-4f62-872e-be11d4cd768c | ITER: 8 START
2020-04-13 03:48:03.145 16839 RALLYDEBUG rally.task.utils [-] Waiting for resource s_rally_1c96c8ce_zV0eln9t. Status changed: BUILD => ACTIVE in 7.885541200637817
2020-04-13 03:48:05.498 16839 RALLYDEBUG rally.task.utils [-] Waiting for resource s_rally_1c96c8ce_zV0eln9t. Status changed: ACTIVE => PAUSED in 0.21000003814697266
2020-04-13 03:48:07.658 16841 RALLYDEBUG rally.task.utils [-] Waiting for resource s_rally_1c96c8ce_4MHjzeNx. Status changed: BUILD => ACTIVE in 7.520016670227051
2020-04-13 03:48:08.162 16840 RALLYDEBUG rally.task.utils [-] Waiting for resource s_rally_1c96c8ce_elNT1ocy. Status changed: BUILD => ACTIVE in 9.05293869972229
2020-04-13 03:48:09.817 16842 RALLYDEBUG rally.task.utils [-] Waiting for resource s_rally_1c96c8ce_4CEvKYdZ. Status changed: BUILD => ACTIVE in 11.753656387329102
2020-04-13 03:48:10.048 16841 RALLYDEBUG rally.task.utils [-] Waiting for resource s_rally_1c96c8ce_4MHjzeNx. Status changed: ACTIVE => PAUSED in 0.2601640224456787
2020-04-13 03:48:10.294 16839 INFO rally.task.runner [-] Task 54ca9db5-9f0d-4f62-872e-be11d4cd768c | ITER: 5 END: OK
2020-04-13 03:48:10.302 16839 INFO rally.task.runner [-] Task 54ca9db5-9f0d-4f62-872e-be11d4cd768c | ITER: 9 START
2020-04-13 03:48:10.498 16840 RALLYDEBUG rally.task.utils [-] Waiting for resource s_rally_1c96c8ce_elNT1ocy. Status changed: ACTIVE => PAUSED in 0.21498537063598633
2020-04-13 03:48:12.155 16842 RALLYDEBUG rally.task.utils [-] Waiting for resource s_rally_1c96c8ce_4CEvKYdZ. Status changed: ACTIVE => PAUSED in 0.21243762969970703
2020-04-13 03:48:16.918 16842 INFO rally.task.runner [-] Task 54ca9db5-9f0d-4f62-872e-be11d4cd768c | ITER: 6 END: OK
2020-04-13 03:48:16.924 16842 INFO rally.task.runner [-] Task 54ca9db5-9f0d-4f62-872e-be11d4cd768c | ITER: 10 START
2020-04-13 03:48:17.478 16840 INFO rally.task.runner [-] Task 54ca9db5-9f0d-4f62-872e-be11d4cd768c | ITER: 7 END: OK
2020-04-13 03:48:17.479 16841 INFO rally.task.runner [-] Task 54ca9db5-9f0d-4f62-872e-be11d4cd768c | ITER: 8 END: OK
2020-04-13 03:48:21.076 16839 RALLYDEBUG rally.task.utils [-] Waiting for resource s_rally_1c96c8ce_XAQa4ifF. Status changed: BUILD => ACTIVE in 8.9863440990448
2020-04-13 03:48:23.817 16839 RALLYDEBUG rally.task.utils [-] Waiting for resource s_rally_1c96c8ce_XAQa4ifF. Status changed: ACTIVE => PAUSED in 0.6170377731323242
2020-04-13 03:48:26.228 16842 RALLYDEBUG rally.task.utils [-] Waiting for resource s_rally_1c96c8ce_XysWrS5L. Status changed: BUILD => ACTIVE in 6.908618688583374
2020-04-13 03:48:28.617 16839 INFO rally.task.runner [-] Task 54ca9db5-9f0d-4f62-872e-be11d4cd768c | ITER: 9 END: OK
2020-04-13 03:48:28.653 16842 RALLYDEBUG rally.task.utils [-] Waiting for resource s_rally_1c96c8ce_XysWrS5L. Status changed: ACTIVE => PAUSED in 0.29972362518310547
2020-04-13 03:48:33.517 16842 INFO rally.task.runner [-] Task 54ca9db5-9f0d-4f62-872e-be11d4cd768c | ITER: 10 END: OK
2020-04-13 03:48:33.550 14489 INFO rally.task.context [-] Task 54ca9db5-9f0d-4f62-872e-be11d4cd768c | Context cleanup@openstack cleanup() started
2020-04-13 03:48:33.557 14489 RALLYDEBUG rally_openstack.cleanup.manager [-] Cleaning up nova servers objects
2020-04-13 03:48:34.309 14489 RALLYDEBUG rally_openstack.cleanup.manager [-] Cleaning up nova server_groups objects
2020-04-13 03:48:34.752 14489 RALLYDEBUG rally_openstack.cleanup.manager [-] Cleaning up nova keypairs objects
2020-04-13 03:48:35.751 14489 INFO rally.task.context [-] Task 54ca9db5-9f0d-4f62-872e-be11d4cd768c | Context cleanup@openstack cleanup() finished in 2.20 sec
2020-04-13 03:48:35.752 14489 INFO rally.task.context [-] Task 54ca9db5-9f0d-4f62-872e-be11d4cd768c | Context network@openstack cleanup() started
2020-04-13 03:48:54.669 14489 INFO rally.task.context [-] Task 54ca9db5-9f0d-4f62-872e-be11d4cd768c | Context network@openstack cleanup() finished in 18.92 sec
2020-04-13 03:48:54.670 14489 INFO rally.task.context [-] Task 54ca9db5-9f0d-4f62-872e-be11d4cd768c | Context quotas@openstack cleanup() started
2020-04-13 03:48:54.818 14489 INFO rally.task.context [-] Task 54ca9db5-9f0d-4f62-872e-be11d4cd768c | Context quotas@openstack cleanup() finished in 0.15 sec
2020-04-13 03:48:54.818 14489 INFO rally.task.context [-] Task 54ca9db5-9f0d-4f62-872e-be11d4cd768c | Context users@openstack cleanup() started
2020-04-13 03:48:54.966 14489 WARNING rally.common.logging [-] `iterate_per_tenants()' is deprecated in v3.0.0: it is openstack specific.. Used at
2020-04-13 03:48:56.978 14489 INFO rally.task.context [-] Task 54ca9db5-9f0d-4f62-872e-be11d4cd768c | Context users@openstack cleanup() finished in 2.16 sec
2020-04-13 03:48:58.030 14489 INFO rally.task.engine [-] Load duration is: 54.057975
2020-04-13 03:48:58.031 14489 INFO rally.task.engine [-] Full runner duration is: 59.112312
2020-04-13 03:48:58.031 14489 INFO rally.task.engine [-] Full duration is: 99.416048
2020-04-13 03:48:58.129 14489 INFO rally.task.engine [-] Running workload: position = 0 config = { "version": 2, "title": "A cropped version of a bigger task.", "description": "Auto-generated task from a single workload (uuid=a5df47a5-3d9c-4d4a-9f5f-b900cb13ca13)", "subtasks": [ { "title": "NovaServers.boot_and_migrate_server", "description": "Migrate a server.", "scenario": { "NovaServers.boot_and_migrate_server": { "flavor": { "name": "rally_full_cntt-flavor_044c9470-22d6-4136-99e6-972dd7ba6ded" }, "image": { "name": "rally_full_cntt-img_044c9470-22d6-4136-99e6-972dd7ba6ded" }, "nics": [ { "net-id": "d5c82f55-cd77-41d0-b8f0-9f2abb7d4008" } ] } }, "contexts": { "users": { "tenants": 3, "users_per_tenant": 2 } }, "runner": { "constant": { "concurrency": 4, "times": 10 } }, "hooks": [], "sla": { "failure_rate": { "max": 0 } } } ] }
2020-04-13 03:48:58.148 14489 RALLYDEBUG rally_openstack.contexts.keystone.users [-] Creating 3 tenants using 3 threads
2020-04-13 03:48:58.724 14489 RALLYDEBUG rally_openstack.contexts.keystone.users [-] Creating 6 users using 6 threads
2020-04-13 03:48:59.642 14489 INFO rally.task.context [-] Task 54ca9db5-9f0d-4f62-872e-be11d4cd768c | Context users@openstack setup() finished in 1.49 sec
2020-04-13 03:48:59.643 14489 INFO rally.task.context [-] Task 54ca9db5-9f0d-4f62-872e-be11d4cd768c | Context cleanup@openstack setup() finished in 0.01 msec
2020-04-13 03:49:00.241 14489 RALLYDEBUG rally.task.runner [-] Starting the constant runner (task UUID: 54ca9db5-9f0d-4f62-872e-be11d4cd768c). times: 10 concurrency: 4 timeout: 0 max_cpu_used: 88 processes_to_start: 4 concurrency_per_worker: 1 concurrency_overhead: 0
2020-04-13 03:49:00.256 16972 RALLYDEBUG rally.task.runner [-] Starting a worker. times: 10 duration: None concurrency: 1 timeout: 0 cls: method_name: run args: {"flavor": "9aa73c23-88f1-4dc3-bf55-62ae88433dc3", "image": "2a496ff0-46a2-42f3-b37f-80386448dd5b", "nics": [{"net-id": "d5c82f55-cd77-41d0-b8f0-9f2abb7d4008"}]}
2020-04-13 03:49:00.258 16973 RALLYDEBUG rally.task.runner [-] Starting a worker. times: 10 duration: None concurrency: 1 timeout: 0 cls: method_name: run args: {"flavor": "9aa73c23-88f1-4dc3-bf55-62ae88433dc3", "image": "2a496ff0-46a2-42f3-b37f-80386448dd5b", "nics": [{"net-id": "d5c82f55-cd77-41d0-b8f0-9f2abb7d4008"}]}
2020-04-13 03:49:00.261 16974 RALLYDEBUG rally.task.runner [-] Starting a worker. times: 10 duration: None concurrency: 1 timeout: 0 cls: method_name: run args: {"flavor": "9aa73c23-88f1-4dc3-bf55-62ae88433dc3", "image": "2a496ff0-46a2-42f3-b37f-80386448dd5b", "nics": [{"net-id": "d5c82f55-cd77-41d0-b8f0-9f2abb7d4008"}]}
2020-04-13 03:49:00.264 16972 INFO rally.task.runner [-] Task 54ca9db5-9f0d-4f62-872e-be11d4cd768c | ITER: 1 START
2020-04-13 03:49:00.264 16975 RALLYDEBUG rally.task.runner [-] Starting a worker. times: 10 duration: None concurrency: 1 timeout: 0 cls: method_name: run args: {"flavor": "9aa73c23-88f1-4dc3-bf55-62ae88433dc3", "image": "2a496ff0-46a2-42f3-b37f-80386448dd5b", "nics": [{"net-id": "d5c82f55-cd77-41d0-b8f0-9f2abb7d4008"}]}
2020-04-13 03:49:00.265 16973 INFO rally.task.runner [-] Task 54ca9db5-9f0d-4f62-872e-be11d4cd768c | ITER: 2 START
2020-04-13 03:49:00.268 16974 INFO rally.task.runner [-] Task 54ca9db5-9f0d-4f62-872e-be11d4cd768c | ITER: 3 START
2020-04-13 03:49:00.271 16975 INFO rally.task.runner [-] Task 54ca9db5-9f0d-4f62-872e-be11d4cd768c | ITER: 4 START
2020-04-13 03:49:11.867 16972 RALLYDEBUG rally.task.utils [-] Waiting for resource s_rally_a5df47a5_NKkcqx2P. Status changed: BUILD => ACTIVE in 9.178950071334839
2020-04-13 03:49:12.185 16975 RALLYDEBUG rally.task.utils [-] Waiting for resource s_rally_a5df47a5_yhGC92T6. Status changed: BUILD => ACTIVE in 9.901044845581055
2020-04-13 03:49:13.604 16972 RALLYDEBUG rally.task.utils [-] Waiting for resource s_rally_a5df47a5_NKkcqx2P. Status changed: ACTIVE => RESIZE in 0.26538634300231934
2020-04-13 03:49:13.828 16975 RALLYDEBUG rally.task.utils [-] Waiting for resource s_rally_a5df47a5_yhGC92T6. Status changed: ACTIVE => RESIZE in 0.20700621604919434
2020-04-13 03:49:14.531 16974 RALLYDEBUG rally.task.utils [-] Waiting for resource s_rally_a5df47a5_1PNNiXwx. Status changed: BUILD => ACTIVE in 12.243908882141113
2020-04-13 03:49:14.583 16973 RALLYDEBUG rally.task.utils [-] Waiting for resource s_rally_a5df47a5_qeALQA95. Status changed: BUILD => ACTIVE in 11.898539543151855
2020-04-13 03:49:16.045 16974 RALLYDEBUG rally.task.utils [-] Waiting for resource s_rally_a5df47a5_1PNNiXwx. Status changed: ACTIVE => RESIZE in 0.19449615478515625
2020-04-13 03:49:16.160 16973 RALLYDEBUG rally.task.utils [-] Waiting for resource s_rally_a5df47a5_qeALQA95. Status changed: ACTIVE => RESIZE in 0.21648645401000977
2020-04-13 03:49:22.863 16972 RALLYDEBUG rally.task.utils [-] Waiting for resource s_rally_a5df47a5_NKkcqx2P. Status changed: RESIZE => VERIFY_RESIZE in 9.258648872375488
2020-04-13 03:49:23.326 16972 RALLYDEBUG rally.task.utils [-] Waiting for resource s_rally_a5df47a5_NKkcqx2P. Status changed: ACTIVE => VERIFY_RESIZE in 0.199371337890625
2020-04-13 03:49:24.998 16975 RALLYDEBUG rally.task.utils [-] Waiting for resource s_rally_a5df47a5_yhGC92T6. Status changed: RESIZE => VERIFY_RESIZE in 11.170093536376953
2020-04-13 03:49:25.566 16972 RALLYDEBUG rally.task.utils [-] Waiting for resource s_rally_a5df47a5_NKkcqx2P. Status changed: VERIFY_RESIZE => ACTIVE in 2.2398290634155273
2020-04-13 03:49:26.166 16975 RALLYDEBUG rally.task.utils [-] Waiting for resource s_rally_a5df47a5_yhGC92T6. Status changed: ACTIVE => VERIFY_RESIZE in 0.860464334487915
2020-04-13 03:49:27.302 16973 RALLYDEBUG rally.task.utils [-] Waiting for resource s_rally_a5df47a5_qeALQA95. Status changed: RESIZE => VERIFY_RESIZE in 11.141647100448608
2020-04-13 03:49:27.360 16974 RALLYDEBUG rally.task.utils [-] Waiting for resource s_rally_a5df47a5_1PNNiXwx. Status changed: RESIZE => VERIFY_RESIZE in 11.314790487289429
2020-04-13 03:49:27.919 16973 RALLYDEBUG rally.task.utils [-] Waiting for resource s_rally_a5df47a5_qeALQA95. Status changed: ACTIVE => VERIFY_RESIZE in 0.1790790557861328
2020-04-13 03:49:28.009 16974 RALLYDEBUG rally.task.utils [-] Waiting for resource s_rally_a5df47a5_1PNNiXwx. Status changed: ACTIVE => VERIFY_RESIZE in 0.2582433223724365
2020-04-13 03:49:28.015 16972 INFO rally.task.runner [-] Task 54ca9db5-9f0d-4f62-872e-be11d4cd768c | ITER: 1 END: OK
2020-04-13 03:49:28.022 16972 INFO rally.task.runner [-] Task 54ca9db5-9f0d-4f62-872e-be11d4cd768c | ITER: 5 START
2020-04-13 03:49:28.408 16975 RALLYDEBUG rally.task.utils [-] Waiting for resource s_rally_a5df47a5_yhGC92T6. Status changed: VERIFY_RESIZE => ACTIVE in 2.2416579723358154
2020-04-13 03:49:30.140 16973 RALLYDEBUG rally.task.utils [-] Waiting for resource s_rally_a5df47a5_qeALQA95. Status changed: VERIFY_RESIZE => ACTIVE in 2.2205278873443604
2020-04-13 03:49:30.980 16975 INFO rally.task.runner [-] Task 54ca9db5-9f0d-4f62-872e-be11d4cd768c | ITER: 4 END: OK
2020-04-13 03:49:30.987 16975 INFO rally.task.runner [-] Task 54ca9db5-9f0d-4f62-872e-be11d4cd768c | ITER: 6 START
2020-04-13 03:49:32.612 16973 INFO rally.task.runner [-] Task 54ca9db5-9f0d-4f62-872e-be11d4cd768c | ITER: 2 END: OK
2020-04-13 03:49:32.618 16973 INFO rally.task.runner [-] Task 54ca9db5-9f0d-4f62-872e-be11d4cd768c | ITER: 7 START
2020-04-13 03:49:33.028 16974 RALLYDEBUG rally.task.utils [-] Waiting for resource s_rally_a5df47a5_1PNNiXwx. Status changed: VERIFY_RESIZE => ACTIVE in 5.019066572189331
2020-04-13 03:49:35.489 16974 INFO rally.task.runner [-] Task 54ca9db5-9f0d-4f62-872e-be11d4cd768c | ITER: 3 END: OK
2020-04-13 03:49:35.496 16974 INFO rally.task.runner [-] Task 54ca9db5-9f0d-4f62-872e-be11d4cd768c | ITER: 8 START
2020-04-13 03:49:39.550 16972 RALLYDEBUG rally.task.utils [-] Waiting for resource s_rally_a5df47a5_o0GCcnhw. Status changed: BUILD => ACTIVE in 9.19351315498352
2020-04-13 03:49:41.462 16972 RALLYDEBUG rally.task.utils [-] Waiting for resource s_rally_a5df47a5_o0GCcnhw. Status changed: ACTIVE => RESIZE in 0.2203991413116455
2020-04-13 03:49:42.569 16975 RALLYDEBUG rally.task.utils [-] Waiting for resource s_rally_a5df47a5_uMzRBpq2. Status changed: BUILD => ACTIVE in 9.632431745529175
2020-04-13 03:49:44.427 16974 RALLYDEBUG rally.task.utils [-] Waiting for resource s_rally_a5df47a5_CaLftuGR. Status changed: BUILD => ACTIVE in 6.9833972454071045
2020-04-13 03:49:44.551 16973 RALLYDEBUG rally.task.utils [-] Waiting for resource s_rally_a5df47a5_goavYKtO. Status changed: BUILD => ACTIVE in 9.77672004699707
2020-04-13 03:49:44.606 16975 RALLYDEBUG rally.task.utils [-] Waiting for resource s_rally_a5df47a5_uMzRBpq2. Status changed: ACTIVE => RESIZE in 0.2651023864746094
2020-04-13 03:49:45.993 16974 RALLYDEBUG rally.task.utils [-] Waiting for resource s_rally_a5df47a5_CaLftuGR. Status changed: ACTIVE => RESIZE in 0.19137930870056152
2020-04-13 03:49:46.064 16973 RALLYDEBUG rally.task.utils [-] Waiting for resource s_rally_a5df47a5_goavYKtO. Status changed: ACTIVE => RESIZE in 0.22861671447753906
2020-04-13 03:49:50.316 16972 RALLYDEBUG rally.task.utils [-] Waiting for resource s_rally_a5df47a5_o0GCcnhw. Status changed: RESIZE => VERIFY_RESIZE in 8.85487675666809
2020-04-13 03:49:50.809 16972 RALLYDEBUG rally.task.utils [-] Waiting for resource s_rally_a5df47a5_o0GCcnhw. Status changed: ACTIVE => VERIFY_RESIZE in 0.1935570240020752
2020-04-13 03:49:51.305 16975 RALLYDEBUG rally.task.utils [-] Waiting for resource s_rally_a5df47a5_uMzRBpq2. Status changed: RESIZE => VERIFY_RESIZE in 6.698147296905518
2020-04-13 03:49:51.869 16975 RALLYDEBUG rally.task.utils [-] Waiting for resource s_rally_a5df47a5_uMzRBpq2. Status changed: ACTIVE => VERIFY_RESIZE in 0.27395033836364746
2020-04-13 03:49:54.923 16974 RALLYDEBUG rally.task.utils [-] Waiting for resource s_rally_a5df47a5_CaLftuGR. Status changed: RESIZE => VERIFY_RESIZE in 8.930058240890503
2020-04-13 03:49:55.205 16972 RALLYDEBUG rally.task.utils [-] Waiting for resource s_rally_a5df47a5_o0GCcnhw. Status changed: VERIFY_RESIZE => ACTIVE in 4.395914077758789
2020-04-13 03:49:55.495 16973 RALLYDEBUG rally.task.utils [-] Waiting for resource s_rally_a5df47a5_goavYKtO. Status changed: RESIZE => VERIFY_RESIZE in 9.43088674545288
2020-04-13 03:49:55.856 16974 RALLYDEBUG rally.task.utils [-] Waiting for resource s_rally_a5df47a5_CaLftuGR. Status changed: ACTIVE => VERIFY_RESIZE in 0.6511921882629395
2020-04-13 03:49:55.995 16973 RALLYDEBUG rally.task.utils [-] Waiting for resource s_rally_a5df47a5_goavYKtO. Status changed: ACTIVE => VERIFY_RESIZE in 0.19664335250854492
2020-04-13 03:49:56.325 16975 RALLYDEBUG rally.task.utils [-] Waiting for resource s_rally_a5df47a5_uMzRBpq2. Status changed: VERIFY_RESIZE => ACTIVE in 4.455742597579956
2020-04-13 03:49:57.679 16972 INFO rally.task.runner [-] Task 54ca9db5-9f0d-4f62-872e-be11d4cd768c | ITER: 5 END: OK
2020-04-13 03:49:57.683 16972 INFO rally.task.runner [-] Task 54ca9db5-9f0d-4f62-872e-be11d4cd768c | ITER: 9 START
2020-04-13 03:49:58.142 16974 RALLYDEBUG rally.task.utils [-] Waiting for resource s_rally_a5df47a5_CaLftuGR. Status changed: VERIFY_RESIZE => ACTIVE in 2.2854413986206055
2020-04-13 03:49:58.826 16975 INFO rally.task.runner [-] Task 54ca9db5-9f0d-4f62-872e-be11d4cd768c | ITER: 6 END: OK
2020-04-13 03:49:58.831 16975 INFO rally.task.runner [-] Task 54ca9db5-9f0d-4f62-872e-be11d4cd768c | ITER: 10 START
2020-04-13 03:50:00.595 16973 RALLYDEBUG rally.task.utils [-] Waiting for resource s_rally_a5df47a5_goavYKtO. Status changed: VERIFY_RESIZE => ACTIVE in 4.5998547077178955
2020-04-13 03:50:02.762 16974 INFO rally.task.runner [-] Task 54ca9db5-9f0d-4f62-872e-be11d4cd768c | ITER: 8 END: OK
2020-04-13 03:50:03.083 16973 INFO rally.task.runner [-] Task 54ca9db5-9f0d-4f62-872e-be11d4cd768c | ITER: 7 END: OK
2020-04-13 03:50:06.305 16972 RALLYDEBUG rally.task.utils [-] Waiting for resource s_rally_a5df47a5_0gPsum6E. Status changed: BUILD => ACTIVE in 6.798379421234131
2020-04-13 03:50:07.716 16972 RALLYDEBUG rally.task.utils [-] Waiting for resource s_rally_a5df47a5_0gPsum6E. Status changed: ACTIVE => RESIZE in 0.19888591766357422
2020-04-13 03:50:08.410 16975 RALLYDEBUG rally.task.utils [-] Waiting for resource s_rally_a5df47a5_L4LGvUMU. Status changed: BUILD => ACTIVE in 6.795421600341797
2020-04-13 03:50:10.292 16975 RALLYDEBUG rally.task.utils [-] Waiting for resource s_rally_a5df47a5_L4LGvUMU. Status changed: ACTIVE => RESIZE in 0.6163358688354492
2020-04-13 03:50:14.806 16972 RALLYDEBUG rally.task.utils [-] Waiting for resource s_rally_a5df47a5_0gPsum6E. Status changed: RESIZE => VERIFY_RESIZE in 7.090732574462891
2020-04-13 03:50:15.417 16972 RALLYDEBUG rally.task.utils [-] Waiting for resource s_rally_a5df47a5_0gPsum6E. Status changed: ACTIVE => VERIFY_RESIZE in 0.2222306728363037
2020-04-13 03:50:17.137 16975 RALLYDEBUG rally.task.utils [-] Waiting for resource s_rally_a5df47a5_L4LGvUMU. Status changed: RESIZE => VERIFY_RESIZE in 6.845663070678711
2020-04-13 03:50:17.649 16975 RALLYDEBUG rally.task.utils [-] Waiting for resource s_rally_a5df47a5_L4LGvUMU. Status changed: ACTIVE => VERIFY_RESIZE in 0.20985746383666992
2020-04-13 03:50:17.702 16972 RALLYDEBUG rally.task.utils [-] Waiting for resource s_rally_a5df47a5_0gPsum6E. Status changed: VERIFY_RESIZE => ACTIVE in 2.284452199935913
2020-04-13 03:50:19.856 16975 RALLYDEBUG rally.task.utils [-] Waiting for resource s_rally_a5df47a5_L4LGvUMU. Status changed: VERIFY_RESIZE => ACTIVE in 2.207365036010742
2020-04-13 03:50:20.404 16972 INFO rally.task.runner [-] Task 54ca9db5-9f0d-4f62-872e-be11d4cd768c | ITER: 9 END: OK
2020-04-13 03:50:22.343 16975 INFO rally.task.runner [-] Task 54ca9db5-9f0d-4f62-872e-be11d4cd768c | ITER: 10 END: OK
2020-04-13 03:50:22.371 14489 INFO rally.task.context [-] Task 54ca9db5-9f0d-4f62-872e-be11d4cd768c | Context cleanup@openstack cleanup() started
2020-04-13 03:50:22.379 14489 RALLYDEBUG rally_openstack.cleanup.manager [-] Cleaning up nova servers objects
2020-04-13 03:50:23.055 14489 RALLYDEBUG rally_openstack.cleanup.manager [-] Cleaning up nova server_groups objects
2020-04-13 03:50:23.559 14489 RALLYDEBUG rally_openstack.cleanup.manager [-] Cleaning up nova keypairs objects
2020-04-13 03:50:24.611 14489 INFO rally.task.context [-] Task 54ca9db5-9f0d-4f62-872e-be11d4cd768c | Context cleanup@openstack cleanup() finished in 2.24 sec
2020-04-13 03:50:24.612 14489 INFO rally.task.context [-] Task 54ca9db5-9f0d-4f62-872e-be11d4cd768c | Context users@openstack cleanup() started
2020-04-13 03:50:24.748 14489 WARNING rally.common.logging [-] `iterate_per_tenants()' is deprecated in v3.0.0: it is openstack specific.. Used at
2020-04-13 03:50:26.921 14489 INFO rally.task.context [-] Task 54ca9db5-9f0d-4f62-872e-be11d4cd768c | Context users@openstack cleanup() finished in 2.31 sec
2020-04-13 03:50:28.587 14489 INFO rally.task.engine [-] Load duration is: 81.078008
2020-04-13 03:50:28.588 14489 INFO rally.task.engine [-] Full runner duration is: 82.130649
2020-04-13 03:50:28.588 14489 INFO rally.task.engine [-] Full duration is: 88.775266
2020-04-13 03:50:28.684 14489 INFO rally.task.engine [-] Running workload: position = 0 config = { "version": 2, "title": "A cropped version of a bigger task.", "description": "Auto-generated task from a single workload (uuid=1cf122ee-3299-4a5f-b7c9-65ccfec51f9e)", "subtasks": [ { "title": "NovaServers.boot_server_and_list_interfaces", "description": "Boot a server and list interfaces attached to it.", "scenario": { "NovaServers.boot_server_and_list_interfaces": { "flavor": { "name": "rally_full_cntt-flavor_044c9470-22d6-4136-99e6-972dd7ba6ded" }, "image": { "name": "rally_full_cntt-img_044c9470-22d6-4136-99e6-972dd7ba6ded" }, "auto_assign_nic": true } }, "contexts": { "users": { "tenants": 3, "users_per_tenant": 2 }, "network": {} }, "runner": { "constant": { "concurrency": 4, "times": 10 } }, "hooks": [], "sla": { "failure_rate": { "max": 0 } } } ] }
2020-04-13 03:50:28.709 14489 RALLYDEBUG rally_openstack.contexts.keystone.users [-] Creating 3 tenants using 3 threads
2020-04-13 03:50:29.260 14489 RALLYDEBUG rally_openstack.contexts.keystone.users [-] Creating 6 users using 6 threads
2020-04-13 03:50:30.246 14489 INFO rally.task.context [-] Task 54ca9db5-9f0d-4f62-872e-be11d4cd768c | Context users@openstack setup() finished in 1.54 sec
2020-04-13 03:50:30.304 14489 WARNING rally.common.logging [-] `iterate_per_tenants()' is deprecated in v3.0.0: it is openstack specific.. Used at
2020-04-13 03:50:32.473 14489 RALLYDEBUG rally_openstack.wrappers.network [-] CIDR generated: 10.2.24.0/24
2020-04-13 03:50:36.592 14489 RALLYDEBUG rally_openstack.wrappers.network [-] CIDR generated: 10.2.25.0/24
2020-04-13 03:50:41.261 14489 RALLYDEBUG rally_openstack.wrappers.network [-] CIDR generated: 10.2.26.0/24
2020-04-13 03:50:43.918 14489 INFO rally.task.context [-] Task 54ca9db5-9f0d-4f62-872e-be11d4cd768c | Context network@openstack setup() finished in 13.67 sec
2020-04-13 03:50:43.919 14489 INFO rally.task.context [-] Task 54ca9db5-9f0d-4f62-872e-be11d4cd768c | Context cleanup@openstack setup() finished in 0.00 msec
2020-04-13 03:50:44.497 14489 RALLYDEBUG rally.task.runner [-] Starting the constant runner (task UUID: 54ca9db5-9f0d-4f62-872e-be11d4cd768c). times: 10 concurrency: 4 timeout: 0 max_cpu_used: 88 processes_to_start: 4 concurrency_per_worker: 1 concurrency_overhead: 0
2020-04-13 03:50:44.510 17105 RALLYDEBUG rally.task.runner [-] Starting a worker. times: 10 duration: None concurrency: 1 timeout: 0 cls: method_name: run args: {"flavor": "9aa73c23-88f1-4dc3-bf55-62ae88433dc3", "image": "2a496ff0-46a2-42f3-b37f-80386448dd5b", "auto_assign_nic": true}
2020-04-13 03:50:44.512 17106 RALLYDEBUG rally.task.runner [-] Starting a worker. times: 10 duration: None concurrency: 1 timeout: 0 cls: method_name: run args: {"flavor": "9aa73c23-88f1-4dc3-bf55-62ae88433dc3", "image": "2a496ff0-46a2-42f3-b37f-80386448dd5b", "auto_assign_nic": true}
2020-04-13 03:50:44.515 17107 RALLYDEBUG rally.task.runner [-] Starting a worker. times: 10 duration: None concurrency: 1 timeout: 0 cls: method_name: run args: {"flavor": "9aa73c23-88f1-4dc3-bf55-62ae88433dc3", "image": "2a496ff0-46a2-42f3-b37f-80386448dd5b", "auto_assign_nic": true}
2020-04-13 03:50:44.518 17105 INFO rally.task.runner [-] Task 54ca9db5-9f0d-4f62-872e-be11d4cd768c | ITER: 1 START
2020-04-13 03:50:44.518 17108 RALLYDEBUG rally.task.runner [-] Starting a worker. times: 10 duration: None concurrency: 1 timeout: 0 cls: method_name: run args: {"flavor": "9aa73c23-88f1-4dc3-bf55-62ae88433dc3", "image": "2a496ff0-46a2-42f3-b37f-80386448dd5b", "auto_assign_nic": true}
2020-04-13 03:50:44.519 17106 INFO rally.task.runner [-] Task 54ca9db5-9f0d-4f62-872e-be11d4cd768c | ITER: 2 START
2020-04-13 03:50:44.522 17107 INFO rally.task.runner [-] Task 54ca9db5-9f0d-4f62-872e-be11d4cd768c | ITER: 3 START
2020-04-13 03:50:44.524 17108 INFO rally.task.runner [-] Task 54ca9db5-9f0d-4f62-872e-be11d4cd768c | ITER: 4 START
2020-04-13 03:50:55.683 17105 RALLYDEBUG rally.task.utils [-] Waiting for resource s_rally_1cf122ee_BZyRnSVl. Status changed: BUILD => ACTIVE in 9.043878555297852
2020-04-13 03:50:55.835 17105 INFO rally.task.runner [-] Task 54ca9db5-9f0d-4f62-872e-be11d4cd768c | ITER: 1 END: OK
2020-04-13 03:50:55.840 17105 INFO rally.task.runner [-] Task 54ca9db5-9f0d-4f62-872e-be11d4cd768c | ITER: 5 START
2020-04-13 03:50:56.666 17108 RALLYDEBUG rally.task.utils [-] Waiting for resource s_rally_1cf122ee_mPX4PKEs. Status changed: BUILD => ACTIVE in 10.06837272644043
2020-04-13 03:50:56.816 17108 INFO rally.task.runner [-] Task 54ca9db5-9f0d-4f62-872e-be11d4cd768c | ITER: 4 END: OK
2020-04-13 03:50:56.822 17108 INFO rally.task.runner [-] Task 54ca9db5-9f0d-4f62-872e-be11d4cd768c | ITER: 6 START
2020-04-13 03:50:57.979 17107 RALLYDEBUG rally.task.utils [-] Waiting for resource s_rally_1cf122ee_ydqJza9w. Status changed: BUILD => ACTIVE in 11.408052444458008
2020-04-13 03:50:58.123 17107 INFO rally.task.runner [-] Task 54ca9db5-9f0d-4f62-872e-be11d4cd768c | ITER: 3 END: OK
2020-04-13 03:50:58.128 17107 INFO rally.task.runner [-] Task 54ca9db5-9f0d-4f62-872e-be11d4cd768c | ITER: 7 START
2020-04-13 03:50:58.567 17106 RALLYDEBUG rally.task.utils [-] Waiting for resource s_rally_1cf122ee_22uSBXpy. Status changed: BUILD => ACTIVE in 11.573879957199097
2020-04-13 03:50:58.735 17106 INFO rally.task.runner [-] Task 54ca9db5-9f0d-4f62-872e-be11d4cd768c | ITER: 2 END: OK
2020-04-13 03:50:58.739 17106 INFO rally.task.runner [-] Task 54ca9db5-9f0d-4f62-872e-be11d4cd768c | ITER: 8 START
2020-04-13 03:51:05.187 17105 RALLYDEBUG rally.task.utils [-] Waiting for resource s_rally_1cf122ee_md59PXl0. Status changed: BUILD => ACTIVE in 7.040448904037476
2020-04-13 03:51:05.367 17105 INFO rally.task.runner [-] Task 54ca9db5-9f0d-4f62-872e-be11d4cd768c | ITER: 5 END: OK
2020-04-13 03:51:05.371 17105 INFO rally.task.runner [-] Task 54ca9db5-9f0d-4f62-872e-be11d4cd768c | ITER: 9 START
2020-04-13 03:51:07.720 17108 RALLYDEBUG rally.task.utils [-] Waiting for resource s_rally_1cf122ee_Wic1QVb3. Status changed: BUILD => ACTIVE in 9.044895648956299
2020-04-13 03:51:07.861 17108 INFO rally.task.runner [-] Task 54ca9db5-9f0d-4f62-872e-be11d4cd768c | ITER: 6 END: OK
2020-04-13 03:51:07.866 17108 INFO rally.task.runner [-] Task 54ca9db5-9f0d-4f62-872e-be11d4cd768c | ITER: 10 START
2020-04-13 03:51:10.351 17106 RALLYDEBUG rally.task.utils [-] Waiting for resource s_rally_1cf122ee_EFPcvkin. Status changed: BUILD => ACTIVE in 9.32574987411499
2020-04-13 03:51:10.507 17106 INFO rally.task.runner [-] Task 54ca9db5-9f0d-4f62-872e-be11d4cd768c | ITER: 8 END: OK
2020-04-13 03:51:12.005 17107 RALLYDEBUG rally.task.utils [-] Waiting for resource s_rally_1cf122ee_cm3GtRxP. Status changed: BUILD => ACTIVE in 11.222585916519165
2020-04-13 03:51:12.170 17107 INFO rally.task.runner [-] Task 54ca9db5-9f0d-4f62-872e-be11d4cd768c | ITER: 7 END: OK
2020-04-13 03:51:14.288 17105 RALLYDEBUG rally.task.utils [-] Waiting for resource s_rally_1cf122ee_lenIGzrh. Status changed: BUILD => ACTIVE in 6.841263294219971
2020-04-13 03:51:14.471 17105 INFO rally.task.runner [-] Task 54ca9db5-9f0d-4f62-872e-be11d4cd768c | ITER: 9 END: OK
2020-04-13 03:51:17.142 17108 RALLYDEBUG rally.task.utils [-] Waiting for resource s_rally_1cf122ee_MvphlEgt. Status changed: BUILD => ACTIVE in 6.851966381072998
2020-04-13 03:51:17.313 17108 INFO rally.task.runner [-] Task 54ca9db5-9f0d-4f62-872e-be11d4cd768c | ITER: 10 END: OK
2020-04-13 03:51:17.345 14489 INFO rally.task.context [-] Task 54ca9db5-9f0d-4f62-872e-be11d4cd768c | Context cleanup@openstack cleanup() started
2020-04-13 03:51:17.352 14489 RALLYDEBUG rally_openstack.cleanup.manager [-] Cleaning up nova servers objects
2020-04-13 03:51:19.264 14489 RALLYDEBUG rally_openstack.cleanup.manager [-] Deleting nova.servers object s_rally_1cf122ee_BZyRnSVl (f8c10c85-306a-4d59-8f9e-afb602965c0e)
2020-04-13 03:51:19.265 14489 RALLYDEBUG rally_openstack.cleanup.manager [-] Deleting nova.servers object s_rally_1cf122ee_MvphlEgt (8db6b950-c10c-468a-bdb0-3a45bb550a46)
2020-04-13 03:51:19.266 14489 RALLYDEBUG rally_openstack.cleanup.manager [-] Deleting nova.servers object s_rally_1cf122ee_Wic1QVb3 (b65447b9-fc9b-4f72-a149-d0abb5ce7b8e)
2020-04-13 03:51:19.267 14489 RALLYDEBUG rally_openstack.cleanup.manager [-] Deleting nova.servers object s_rally_1cf122ee_mPX4PKEs (8c90a4d2-1193-424b-8b5e-45d78681d504)
2020-04-13 03:51:19.268 14489 RALLYDEBUG rally_openstack.cleanup.manager [-] Deleting nova.servers object s_rally_1cf122ee_ydqJza9w (09bcb4c5-8913-467e-86c0-7e9372973a0c)
2020-04-13 03:51:19.269 14489 RALLYDEBUG rally_openstack.cleanup.manager [-] Deleting nova.servers object s_rally_1cf122ee_lenIGzrh (604e6c69-7f25-4298-8576-6730fe71b09a)
2020-04-13 03:51:19.270 14489 RALLYDEBUG rally_openstack.cleanup.manager [-] Deleting nova.servers object s_rally_1cf122ee_cm3GtRxP (3ef8e087-7dc0-40e2-94a4-6cc7d13ba7d4)
2020-04-13 03:51:19.272 14489 RALLYDEBUG rally_openstack.cleanup.manager [-] Deleting nova.servers object s_rally_1cf122ee_22uSBXpy (efbfb9cf-3d99-45b1-84c9-79769b8adc46)
2020-04-13 03:51:19.273 14489 RALLYDEBUG rally_openstack.cleanup.manager [-] Deleting nova.servers object s_rally_1cf122ee_EFPcvkin (c3ec8455-5905-44c1-a530-7f5ccf7b757b)
2020-04-13 03:51:19.279 14489 RALLYDEBUG rally_openstack.cleanup.manager [-] Deleting nova.servers object s_rally_1cf122ee_md59PXl0 (236357be-9764-4011-a93c-50921ca92054)
2020-04-13 03:51:27.424 14489 RALLYDEBUG rally_openstack.cleanup.manager [-] Cleaning up nova server_groups objects
2020-04-13 03:51:27.909 14489 RALLYDEBUG rally_openstack.cleanup.manager [-] Cleaning up nova keypairs objects
2020-04-13 03:51:28.975 14489 INFO rally.task.context [-] Task 54ca9db5-9f0d-4f62-872e-be11d4cd768c | Context cleanup@openstack cleanup() finished in 11.63 sec
2020-04-13 03:51:28.976 14489 INFO rally.task.context [-] Task 54ca9db5-9f0d-4f62-872e-be11d4cd768c | Context network@openstack cleanup() started
2020-04-13 03:51:49.016 14489 INFO rally.task.context [-] Task 54ca9db5-9f0d-4f62-872e-be11d4cd768c | Context network@openstack cleanup() finished in 20.04 sec
2020-04-13 03:51:49.017 14489 INFO rally.task.context [-] Task 54ca9db5-9f0d-4f62-872e-be11d4cd768c | Context users@openstack cleanup() started
2020-04-13 03:51:49.145 14489 WARNING rally.common.logging [-] `iterate_per_tenants()' is deprecated in v3.0.0: it is openstack specific.. Used at
2020-04-13 03:51:51.118 14489 INFO rally.task.context [-] Task 54ca9db5-9f0d-4f62-872e-be11d4cd768c | Context users@openstack cleanup() finished in 2.10 sec
2020-04-13 03:51:51.256 14489 INFO rally.task.engine [-] Load duration is: 31.794459
2020-04-13 03:51:51.257 14489 INFO rally.task.engine [-] Full runner duration is: 32.848569
2020-04-13 03:51:51.257 14489 INFO rally.task.engine [-] Full duration is: 82.411962
2020-04-13 03:51:51.348 14489 INFO rally.task.engine [-] Running workload: position = 0 config = { "version": 2, "title": "A cropped version of a bigger task.", "description": "Auto-generated task from a single workload (uuid=a28c0769-379e-451d-917f-902dbdef7e9d)", "subtasks": [ { "title": "NovaServers.boot_and_get_console_url", "description": "Retrieve a console url of a server.", "scenario": { "NovaServers.boot_and_get_console_url": { "flavor": { "name": "rally_full_cntt-flavor_044c9470-22d6-4136-99e6-972dd7ba6ded" }, "image": { "name": "rally_full_cntt-img_044c9470-22d6-4136-99e6-972dd7ba6ded" }, "console_type": "novnc", "auto_assign_nic": true } }, "contexts": { "users": { "tenants": 3, "users_per_tenant": 2 }, "network": {} }, "runner": { "constant": { "concurrency": 4, "times": 10 } }, "hooks": [], "sla": { "failure_rate": { "max": 0 } } } ] }
2020-04-13 03:51:51.372 14489 RALLYDEBUG rally_openstack.contexts.keystone.users [-] Creating 3 tenants using 3 threads
2020-04-13 03:51:51.919 14489 RALLYDEBUG rally_openstack.contexts.keystone.users [-] Creating 6 users using 6 threads
2020-04-13 03:51:52.833 14489 INFO rally.task.context [-] Task 54ca9db5-9f0d-4f62-872e-be11d4cd768c | Context users@openstack setup() finished in 1.46 sec
2020-04-13 03:51:52.891 14489 WARNING rally.common.logging [-] `iterate_per_tenants()' is deprecated in v3.0.0: it is openstack specific.. Used at
2020-04-13 03:51:55.061 14489 RALLYDEBUG rally_openstack.wrappers.network [-] CIDR generated: 10.2.27.0/24
2020-04-13 03:51:59.600 14489 RALLYDEBUG rally_openstack.wrappers.network [-] CIDR generated: 10.2.28.0/24
2020-04-13 03:52:04.187 14489 RALLYDEBUG rally_openstack.wrappers.network [-] CIDR generated: 10.2.29.0/24
2020-04-13 03:52:07.369 14489 INFO rally.task.context [-] Task 54ca9db5-9f0d-4f62-872e-be11d4cd768c | Context network@openstack setup() finished in 14.54 sec
2020-04-13 03:52:07.370 14489 INFO rally.task.context [-] Task 54ca9db5-9f0d-4f62-872e-be11d4cd768c | Context cleanup@openstack setup() finished in 0.13 msec
2020-04-13 03:52:07.891 14489 RALLYDEBUG rally.task.runner [-] Starting the constant runner (task UUID: 54ca9db5-9f0d-4f62-872e-be11d4cd768c). times: 10 concurrency: 4 timeout: 0 max_cpu_used: 88 processes_to_start: 4 concurrency_per_worker: 1 concurrency_overhead: 0
2020-04-13 03:52:07.905 17238 RALLYDEBUG rally.task.runner [-] Starting a worker. times: 10 duration: None concurrency: 1 timeout: 0 cls: method_name: run args: {"flavor": "9aa73c23-88f1-4dc3-bf55-62ae88433dc3", "image": "2a496ff0-46a2-42f3-b37f-80386448dd5b", "console_type": "novnc", "auto_assign_nic": true}
