2020-04-13 03:27:17.175 14489 INFO rally.task.context [-] Task 54ca9db5-9f0d-4f62-872e-be11d4cd768c | Context cleanup@openstack cleanup() finished in 10.91 sec
2020-04-13 03:27:17.176 14489 INFO rally.task.context [-] Task 54ca9db5-9f0d-4f62-872e-be11d4cd768c | Context network@openstack cleanup() started
2020-04-13 03:27:38.134 14489 INFO rally.task.context [-] Task 54ca9db5-9f0d-4f62-872e-be11d4cd768c | Context network@openstack cleanup() finished in 20.96 sec
2020-04-13 03:27:38.135 14489 INFO rally.task.context [-] Task 54ca9db5-9f0d-4f62-872e-be11d4cd768c | Context quotas@openstack cleanup() started
2020-04-13 03:27:38.285 14489 INFO rally.task.context [-] Task 54ca9db5-9f0d-4f62-872e-be11d4cd768c | Context quotas@openstack cleanup() finished in 0.15 sec
2020-04-13 03:27:38.286 14489 INFO rally.task.context [-] Task 54ca9db5-9f0d-4f62-872e-be11d4cd768c | Context users@openstack cleanup() started
2020-04-13 03:27:38.431 14489 WARNING rally.common.logging [-] `iterate_per_tenants()' is deprecated in v3.0.0: it is openstack specific.. Used at
2020-04-13 03:27:40.781 14489 INFO rally.task.context [-] Task 54ca9db5-9f0d-4f62-872e-be11d4cd768c | Context users@openstack cleanup() finished in 2.50 sec
2020-04-13 03:27:42.126 14489 INFO rally.task.engine [-] Load duration is: 34.670531
2020-04-13 03:27:42.126 14489 INFO rally.task.engine [-] Full runner duration is: 35.719815
2020-04-13 03:27:42.127 14489 INFO rally.task.engine [-] Full duration is: 87.119229
2020-04-13 03:27:42.225 14489 INFO rally.task.engine [-] Running workload: position = 0 config = { "version": 2, "title": "A cropped version of a bigger task.", "description": "Auto-generated task from a single workload (uuid=1096a566-a6ce-40b0-b9e2-c1d45ed247a2)", "subtasks": [ { "title": "NovaServers.boot_and_rebuild_server", "description": "Rebuild a server.", "scenario": { "NovaServers.boot_and_rebuild_server": { "flavor": { "name": "rally_full_cntt-flavor_044c9470-22d6-4136-99e6-972dd7ba6ded" }, "from_image": { "name": "rally_full_cntt-img_044c9470-22d6-4136-99e6-972dd7ba6ded" }, "to_image": { "name": "rally_full_cntt-img_044c9470-22d6-4136-99e6-972dd7ba6ded" }, "nics": [ { "net-id": "d5c82f55-cd77-41d0-b8f0-9f2abb7d4008" } ] } }, "contexts": { "users": { "tenants": 3, "users_per_tenant": 2 }, "network": { "networks_per_tenant": 1, "start_cidr": "100.1.0.0/25" }, "quotas": { "neutron": { "network": -1, "port": -1, "subnet": -1 }, "nova": { "cores": -1, "floating_ips": -1, "instances": -1, "ram": -1, "security_group_rules": -1, "security_groups": -1 } } }, "runner": { "constant": { "concurrency": 4, "times": 10 } }, "hooks": [], "sla": { "failure_rate": { "max": 0 } } } ] }
2020-04-13 03:27:42.248 14489 RALLYDEBUG rally_openstack.contexts.keystone.users [-] Creating 3 tenants using 3 threads
2020-04-13 03:27:42.736 14489 RALLYDEBUG rally_openstack.contexts.keystone.users [-] Creating 6 users using 6 threads
2020-04-13 03:27:43.747 14489 INFO rally.task.context [-] Task 54ca9db5-9f0d-4f62-872e-be11d4cd768c | Context users@openstack setup() finished in 1.50 sec
2020-04-13 03:27:44.886 14489 INFO rally.task.context [-] Task 54ca9db5-9f0d-4f62-872e-be11d4cd768c | Context quotas@openstack setup() finished in 1.14 sec
2020-04-13 03:27:44.957 14489 WARNING rally.common.logging [-] `iterate_per_tenants()' is deprecated in v3.0.0: it is openstack specific.. Used at
2020-04-13 03:27:47.133 14489 RALLYDEBUG rally_openstack.wrappers.network [-] CIDR generated: 100.1.3.0/25
2020-04-13 03:27:51.837 14489 RALLYDEBUG rally_openstack.wrappers.network [-] CIDR generated: 100.1.3.128/25
2020-04-13 03:27:56.416 14489 RALLYDEBUG rally_openstack.wrappers.network [-] CIDR generated: 100.1.4.0/25
2020-04-13 03:27:58.992 14489 INFO rally.task.context [-] Task 54ca9db5-9f0d-4f62-872e-be11d4cd768c | Context network@openstack setup() finished in 14.11 sec
2020-04-13 03:27:58.992 14489 INFO rally.task.context [-] Task 54ca9db5-9f0d-4f62-872e-be11d4cd768c | Context cleanup@openstack setup() finished in 0.10 msec
2020-04-13 03:27:59.388 14489 RALLYDEBUG rally.task.runner [-] Starting the constant runner (task UUID: 54ca9db5-9f0d-4f62-872e-be11d4cd768c). times: 10 concurrency: 4 timeout: 0 max_cpu_used: 88 processes_to_start: 4 concurrency_per_worker: 1 concurrency_overhead: 0
2020-04-13 03:27:59.403 15076 RALLYDEBUG rally.task.runner [-] Starting a worker. times: 10 duration: None concurrency: 1 timeout: 0 cls: method_name: run args: {"flavor": "9aa73c23-88f1-4dc3-bf55-62ae88433dc3", "from_image": "2a496ff0-46a2-42f3-b37f-80386448dd5b", "to_image": "2a496ff0-46a2-42f3-b37f-80386448dd5b", "nics": [{"net-id": "d5c82f55-cd77-41d0-b8f0-9f2abb7d4008"}]}
2020-04-13 03:27:59.406 15077 RALLYDEBUG rally.task.runner [-] Starting a worker. times: 10 duration: None concurrency: 1 timeout: 0 cls: method_name: run args: {"flavor": "9aa73c23-88f1-4dc3-bf55-62ae88433dc3", "from_image": "2a496ff0-46a2-42f3-b37f-80386448dd5b", "to_image": "2a496ff0-46a2-42f3-b37f-80386448dd5b", "nics": [{"net-id": "d5c82f55-cd77-41d0-b8f0-9f2abb7d4008"}]}
2020-04-13 03:27:59.409 15078 RALLYDEBUG rally.task.runner [-] Starting a worker. times: 10 duration: None concurrency: 1 timeout: 0 cls: method_name: run args: {"flavor": "9aa73c23-88f1-4dc3-bf55-62ae88433dc3", "from_image": "2a496ff0-46a2-42f3-b37f-80386448dd5b", "to_image": "2a496ff0-46a2-42f3-b37f-80386448dd5b", "nics": [{"net-id": "d5c82f55-cd77-41d0-b8f0-9f2abb7d4008"}]}
2020-04-13 03:27:59.411 15076 INFO rally.task.runner [-] Task 54ca9db5-9f0d-4f62-872e-be11d4cd768c | ITER: 1 START
2020-04-13 03:27:59.412 15079 RALLYDEBUG rally.task.runner [-] Starting a worker. times: 10 duration: None concurrency: 1 timeout: 0 cls: method_name: run args: {"flavor": "9aa73c23-88f1-4dc3-bf55-62ae88433dc3", "from_image": "2a496ff0-46a2-42f3-b37f-80386448dd5b", "to_image": "2a496ff0-46a2-42f3-b37f-80386448dd5b", "nics": [{"net-id": "d5c82f55-cd77-41d0-b8f0-9f2abb7d4008"}]}
2020-04-13 03:27:59.413 15077 INFO rally.task.runner [-] Task 54ca9db5-9f0d-4f62-872e-be11d4cd768c | ITER: 2 START
2020-04-13 03:27:59.416 15078 INFO rally.task.runner [-] Task 54ca9db5-9f0d-4f62-872e-be11d4cd768c | ITER: 3 START
2020-04-13 03:27:59.419 15079 INFO rally.task.runner [-] Task 54ca9db5-9f0d-4f62-872e-be11d4cd768c | ITER: 4 START
2020-04-13 03:28:11.239 15076 RALLYDEBUG rally.task.utils [-] Waiting for resource s_rally_1096a566_7izhXqAL. Status changed: BUILD => ACTIVE in 9.836431503295898
2020-04-13 03:28:12.516 15077 RALLYDEBUG rally.task.utils [-] Waiting for resource s_rally_1096a566_qn23YaBH. Status changed: BUILD => ACTIVE in 11.189875841140747
2020-04-13 03:28:12.799 15076 RALLYDEBUG rally.task.utils [-] Waiting for resource s_rally_1096a566_7izhXqAL. Status changed: ACTIVE => REBUILD in 0.21657037734985352
2020-04-13 03:28:13.499 15078 RALLYDEBUG rally.task.utils [-] Waiting for resource s_rally_1096a566_ifI0P3PF. Status changed: BUILD => ACTIVE in 12.099170207977295
2020-04-13 03:28:14.215 15077 RALLYDEBUG rally.task.utils [-] Waiting for resource s_rally_1096a566_qn23YaBH. Status changed: ACTIVE => REBUILD in 0.23624539375305176
2020-04-13 03:28:15.133 15078 RALLYDEBUG rally.task.utils [-] Waiting for resource s_rally_1096a566_ifI0P3PF. Status changed: ACTIVE => REBUILD in 0.25126171112060547
2020-04-13 03:28:15.435 15079 RALLYDEBUG rally.task.utils [-] Waiting for resource s_rally_1096a566_P7Te3PxS. Status changed: BUILD => ACTIVE in 13.47870683670044
2020-04-13 03:28:16.988 15079 RALLYDEBUG rally.task.utils [-] Waiting for resource s_rally_1096a566_P7Te3PxS. Status changed: ACTIVE => REBUILD in 0.21156883239746094
2020-04-13 03:28:17.645 15076 RALLYDEBUG rally.task.utils [-] Waiting for resource s_rally_1096a566_7izhXqAL. Status changed: REBUILD => ACTIVE in 4.846106052398682
2020-04-13 03:28:20.087 15078 RALLYDEBUG rally.task.utils [-] Waiting for resource s_rally_1096a566_ifI0P3PF. Status changed: REBUILD => ACTIVE in 4.9533631801605225
2020-04-13 03:28:21.507 15077 RALLYDEBUG rally.task.utils [-] Waiting for resource s_rally_1096a566_qn23YaBH. Status changed: REBUILD => ACTIVE in 7.292000770568848
2020-04-13 03:28:22.597 15079 RALLYDEBUG rally.task.utils [-] Waiting for resource s_rally_1096a566_P7Te3PxS. Status changed: REBUILD => ACTIVE in 5.608335256576538
2020-04-13 03:28:22.602 15076 INFO rally.task.runner [-] Task 54ca9db5-9f0d-4f62-872e-be11d4cd768c | ITER: 1 END: OK
2020-04-13 03:28:22.607 15076 INFO rally.task.runner [-] Task 54ca9db5-9f0d-4f62-872e-be11d4cd768c | ITER: 5 START
2020-04-13 03:28:22.789 15078 INFO rally.task.runner [-] Task 54ca9db5-9f0d-4f62-872e-be11d4cd768c | ITER: 3 END: OK
2020-04-13 03:28:22.794 15078 INFO rally.task.runner [-] Task 54ca9db5-9f0d-4f62-872e-be11d4cd768c | ITER: 6 START
2020-04-13 03:28:24.126 15077 INFO rally.task.runner [-] Task 54ca9db5-9f0d-4f62-872e-be11d4cd768c | ITER: 2 END: OK
2020-04-13 03:28:24.134 15077 INFO rally.task.runner [-] Task 54ca9db5-9f0d-4f62-872e-be11d4cd768c | ITER: 7 START
2020-04-13 03:28:25.178 15079 INFO rally.task.runner [-] Task 54ca9db5-9f0d-4f62-872e-be11d4cd768c | ITER: 4 END: OK
2020-04-13 03:28:25.186 15079 INFO rally.task.runner [-] Task 54ca9db5-9f0d-4f62-872e-be11d4cd768c | ITER: 8 START
2020-04-13 03:28:31.528 15076 RALLYDEBUG rally.task.utils [-] Waiting for resource s_rally_1096a566_C4Dcq5QJ. Status changed: BUILD => ACTIVE in 6.898625373840332
2020-04-13 03:28:33.100 15076 RALLYDEBUG rally.task.utils [-] Waiting for resource s_rally_1096a566_C4Dcq5QJ. Status changed: ACTIVE => REBUILD in 0.20939183235168457
2020-04-13 03:28:33.793 15078 RALLYDEBUG rally.task.utils [-] Waiting for resource s_rally_1096a566_LPwIRN2e. Status changed: BUILD => ACTIVE in 9.10978364944458
2020-04-13 03:28:35.046 15079 RALLYDEBUG rally.task.utils [-] Waiting for resource s_rally_1096a566_qXvoX6sj. Status changed: BUILD => ACTIVE in 7.455435037612915
2020-04-13 03:28:35.365 15078 RALLYDEBUG rally.task.utils [-] Waiting for resource s_rally_1096a566_LPwIRN2e. Status changed: ACTIVE => REBUILD in 0.23375940322875977
2020-04-13 03:28:35.604 15077 RALLYDEBUG rally.task.utils [-] Waiting for resource s_rally_1096a566_tRzHQShF. Status changed: BUILD => ACTIVE in 9.492015361785889
2020-04-13 03:28:36.737 15079 RALLYDEBUG rally.task.utils [-] Waiting for resource s_rally_1096a566_qXvoX6sj. Status changed: ACTIVE => REBUILD in 0.32326197624206543
2020-04-13 03:28:36.759 15076 RALLYDEBUG rally.task.utils [-] Waiting for resource s_rally_1096a566_C4Dcq5QJ. Status changed: REBUILD => ACTIVE in 3.6592977046966553
2020-04-13 03:28:37.543 15077 RALLYDEBUG rally.task.utils [-] Waiting for resource s_rally_1096a566_tRzHQShF. Status changed: ACTIVE => REBUILD in 0.5791041851043701
2020-04-13 03:28:39.031 15078 RALLYDEBUG rally.task.utils [-] Waiting for resource s_rally_1096a566_LPwIRN2e. Status changed: REBUILD => ACTIVE in 3.665452003479004
2020-04-13 03:28:39.272 15076 INFO rally.task.runner [-] Task 54ca9db5-9f0d-4f62-872e-be11d4cd768c | ITER: 5 END: OK
2020-04-13 03:28:39.278 15076 INFO rally.task.runner [-] Task 54ca9db5-9f0d-4f62-872e-be11d4cd768c | ITER: 9 START
2020-04-13 03:28:41.510 15078 INFO rally.task.runner [-] Task 54ca9db5-9f0d-4f62-872e-be11d4cd768c | ITER: 6 END: OK
2020-04-13 03:28:41.517 15078 INFO rally.task.runner [-] Task 54ca9db5-9f0d-4f62-872e-be11d4cd768c | ITER: 10 START
2020-04-13 03:28:41.606 15079 RALLYDEBUG rally.task.utils [-] Waiting for resource s_rally_1096a566_qXvoX6sj. Status changed: REBUILD => ACTIVE in 4.868752717971802
2020-04-13 03:28:43.636 15077 RALLYDEBUG rally.task.utils [-] Waiting for resource s_rally_1096a566_tRzHQShF. Status changed: REBUILD => ACTIVE in 6.0931055545806885
2020-04-13 03:28:44.097 15079 INFO rally.task.runner [-] Task 54ca9db5-9f0d-4f62-872e-be11d4cd768c | ITER: 8 END: OK
2020-04-13 03:28:47.960 15076 RALLYDEBUG rally.task.utils [-] Waiting for resource s_rally_1096a566_Om7gojcO. Status changed: BUILD => ACTIVE in 6.8825860023498535
2020-04-13 03:28:48.287 15077 INFO rally.task.runner [-] Task 54ca9db5-9f0d-4f62-872e-be11d4cd768c | ITER: 7 END: OK
2020-04-13 03:28:49.499 15076 RALLYDEBUG rally.task.utils [-] Waiting for resource s_rally_1096a566_Om7gojcO. Status changed: ACTIVE => REBUILD in 0.19647789001464844
2020-04-13 03:28:52.848 15078 RALLYDEBUG rally.task.utils [-] Waiting for resource s_rally_1096a566_tyWCOxEG. Status changed: BUILD => ACTIVE in 9.008262634277344
2020-04-13 03:28:53.203 15076 RALLYDEBUG rally.task.utils [-] Waiting for resource s_rally_1096a566_Om7gojcO. Status changed: REBUILD => ACTIVE in 3.7032318115234375
2020-04-13 03:28:54.400 15078 RALLYDEBUG rally.task.utils [-] Waiting for resource s_rally_1096a566_tyWCOxEG. Status changed: ACTIVE => REBUILD in 0.2164463996887207
2020-04-13 03:28:55.804 15076 INFO rally.task.runner [-] Task 54ca9db5-9f0d-4f62-872e-be11d4cd768c | ITER: 9 END: OK
2020-04-13 03:28:59.647 15078 RALLYDEBUG rally.task.utils [-] Waiting for resource s_rally_1096a566_tyWCOxEG. Status changed: REBUILD => ACTIVE in 5.2464094161987305
2020-04-13 03:29:02.149 15078 INFO rally.task.runner [-] Task 54ca9db5-9f0d-4f62-872e-be11d4cd768c | ITER: 10 END: OK
2020-04-13 03:29:02.172 14489 INFO rally.task.context [-] Task 54ca9db5-9f0d-4f62-872e-be11d4cd768c | Context cleanup@openstack cleanup() started
2020-04-13 03:29:02.180 14489 RALLYDEBUG rally_openstack.cleanup.manager [-] Cleaning up nova servers objects
2020-04-13 03:29:02.884 14489 RALLYDEBUG rally_openstack.cleanup.manager [-] Cleaning up nova server_groups objects
2020-04-13 03:29:03.374 14489 RALLYDEBUG rally_openstack.cleanup.manager [-] Cleaning up nova keypairs objects
2020-04-13 03:29:04.436 14489 INFO rally.task.context [-] Task 54ca9db5-9f0d-4f62-872e-be11d4cd768c | Context cleanup@openstack cleanup() finished in 2.26 sec
2020-04-13 03:29:04.437 14489 INFO rally.task.context [-] Task 54ca9db5-9f0d-4f62-872e-be11d4cd768c | Context network@openstack cleanup() started
2020-04-13 03:29:25.522 14489 INFO rally.task.context [-] Task 54ca9db5-9f0d-4f62-872e-be11d4cd768c | Context network@openstack cleanup() finished in 21.09 sec
2020-04-13 03:29:25.523 14489 INFO rally.task.context [-] Task 54ca9db5-9f0d-4f62-872e-be11d4cd768c | Context quotas@openstack cleanup() started
2020-04-13 03:29:25.669 14489 INFO rally.task.context [-] Task 54ca9db5-9f0d-4f62-872e-be11d4cd768c | Context quotas@openstack cleanup() finished in 0.15 sec
2020-04-13 03:29:25.670 14489 INFO rally.task.context [-] Task 54ca9db5-9f0d-4f62-872e-be11d4cd768c | Context users@openstack cleanup() started
2020-04-13 03:29:25.831 14489 WARNING rally.common.logging [-] `iterate_per_tenants()' is deprecated in v3.0.0: it is openstack specific.. Used at
2020-04-13 03:29:27.854 14489 INFO rally.task.context [-] Task 54ca9db5-9f0d-4f62-872e-be11d4cd768c | Context users@openstack cleanup() finished in 2.18 sec
2020-04-13 03:29:28.781 14489 INFO rally.task.engine [-] Load duration is: 60.737081
2020-04-13 03:29:28.782 14489 INFO rally.task.engine [-] Full runner duration is: 62.784
2020-04-13 03:29:28.782 14489 INFO rally.task.engine [-] Full duration is: 105.608696
2020-04-13 03:29:28.877 14489 INFO rally.task.engine [-] Running workload: position = 0 config = { "version": 2, "title": "A cropped version of a bigger task.", "description": "Auto-generated task from a single workload (uuid=7cf4f9d6-c1b6-4792-bd9f-340571ac1a89)", "subtasks": [ { "title": "NovaServers.snapshot_server", "description": "Boot a server, make its snapshot and delete both.", "scenario": { "NovaServers.snapshot_server": { "flavor": { "name": "rally_full_cntt-flavor_044c9470-22d6-4136-99e6-972dd7ba6ded" }, "image": { "name": "rally_full_cntt-img_044c9470-22d6-4136-99e6-972dd7ba6ded" }, "nics": [ { "net-id": "d5c82f55-cd77-41d0-b8f0-9f2abb7d4008" } ] } }, "contexts": { "users": { "tenants": 3, "users_per_tenant": 2 }, "network": { "networks_per_tenant": 1, "start_cidr": "100.1.0.0/25" }, "quotas": { "neutron": { "network": -1, "port": -1, "subnet": -1 }, "nova": { "cores": -1, "floating_ips": -1, "instances": -1, "ram": -1, "security_group_rules": -1, "security_groups": -1 } } }, "runner": { "constant": { "concurrency": 4, "times": 10 } }, "hooks": [], "sla": { "failure_rate": { "max": 0 } } } ] }
2020-04-13 03:29:28.900 14489 RALLYDEBUG rally_openstack.contexts.keystone.users [-] Creating 3 tenants using 3 threads
2020-04-13 03:29:29.404 14489 RALLYDEBUG rally_openstack.contexts.keystone.users [-] Creating 6 users using 6 threads
2020-04-13 03:29:30.335 14489 INFO rally.task.context [-] Task 54ca9db5-9f0d-4f62-872e-be11d4cd768c | Context users@openstack setup() finished in 1.43 sec
2020-04-13 03:29:31.595 14489 INFO rally.task.context [-] Task 54ca9db5-9f0d-4f62-872e-be11d4cd768c | Context quotas@openstack setup() finished in 1.26 sec
2020-04-13 03:29:31.646 14489 WARNING rally.common.logging [-] `iterate_per_tenants()' is deprecated in v3.0.0: it is openstack specific.. Used at
2020-04-13 03:29:33.510 14489 RALLYDEBUG rally_openstack.wrappers.network [-] CIDR generated: 100.1.4.128/25
2020-04-13 03:29:37.731 14489 RALLYDEBUG rally_openstack.wrappers.network [-] CIDR generated: 100.1.5.0/25
2020-04-13 03:29:42.927 14489 RALLYDEBUG rally_openstack.wrappers.network [-] CIDR generated: 100.1.5.128/25
2020-04-13 03:29:45.845 14489 INFO rally.task.context [-] Task 54ca9db5-9f0d-4f62-872e-be11d4cd768c | Context network@openstack setup() finished in 14.25 sec
2020-04-13 03:29:45.846 14489 INFO rally.task.context [-] Task 54ca9db5-9f0d-4f62-872e-be11d4cd768c | Context cleanup@openstack setup() finished in 0.14 msec
2020-04-13 03:29:46.296 14489 RALLYDEBUG rally.task.runner [-] Starting the constant runner (task UUID: 54ca9db5-9f0d-4f62-872e-be11d4cd768c). times: 10 concurrency: 4 timeout: 0 max_cpu_used: 88 processes_to_start: 4 concurrency_per_worker: 1 concurrency_overhead: 0
2020-04-13 03:29:46.310 15209 RALLYDEBUG rally.task.runner [-] Starting a worker. times: 10 duration: None concurrency: 1 timeout: 0 cls: method_name: run args: {"flavor": "9aa73c23-88f1-4dc3-bf55-62ae88433dc3", "image": "2a496ff0-46a2-42f3-b37f-80386448dd5b", "nics": [{"net-id": "d5c82f55-cd77-41d0-b8f0-9f2abb7d4008"}]}
2020-04-13 03:29:46.314 15210 RALLYDEBUG rally.task.runner [-] Starting a worker. times: 10 duration: None concurrency: 1 timeout: 0 cls: method_name: run args: {"flavor": "9aa73c23-88f1-4dc3-bf55-62ae88433dc3", "image": "2a496ff0-46a2-42f3-b37f-80386448dd5b", "nics": [{"net-id": "d5c82f55-cd77-41d0-b8f0-9f2abb7d4008"}]}
2020-04-13 03:29:46.316 15209 INFO rally.task.runner [-] Task 54ca9db5-9f0d-4f62-872e-be11d4cd768c | ITER: 1 START
2020-04-13 03:29:46.319 15211 RALLYDEBUG rally.task.runner [-] Starting a worker. times: 10 duration: None concurrency: 1 timeout: 0 cls: method_name: run args: {"flavor": "9aa73c23-88f1-4dc3-bf55-62ae88433dc3", "image": "2a496ff0-46a2-42f3-b37f-80386448dd5b", "nics": [{"net-id": "d5c82f55-cd77-41d0-b8f0-9f2abb7d4008"}]}
2020-04-13 03:29:46.322 15210 INFO rally.task.runner [-] Task 54ca9db5-9f0d-4f62-872e-be11d4cd768c | ITER: 2 START
2020-04-13 03:29:46.323 15214 RALLYDEBUG rally.task.runner [-] Starting a worker. times: 10 duration: None concurrency: 1 timeout: 0 cls: method_name: run args: {"flavor": "9aa73c23-88f1-4dc3-bf55-62ae88433dc3", "image": "2a496ff0-46a2-42f3-b37f-80386448dd5b", "nics": [{"net-id": "d5c82f55-cd77-41d0-b8f0-9f2abb7d4008"}]}
2020-04-13 03:29:46.326 15211 INFO rally.task.runner [-] Task 54ca9db5-9f0d-4f62-872e-be11d4cd768c | ITER: 3 START
2020-04-13 03:29:46.330 15214 INFO rally.task.runner [-] Task 54ca9db5-9f0d-4f62-872e-be11d4cd768c | ITER: 4 START
2020-04-13 03:29:57.552 15214 RALLYDEBUG rally.task.utils [-] Waiting for resource s_rally_7cf4f9d6_zKTW2gHt. Status changed: BUILD => ACTIVE in 9.21893048286438
2020-04-13 03:30:00.040 15209 RALLYDEBUG rally.task.utils [-] Waiting for resource s_rally_7cf4f9d6_8lzbttQy. Status changed: BUILD => ACTIVE in 11.208229780197144
2020-04-13 03:30:00.472 15210 RALLYDEBUG rally.task.utils [-] Waiting for resource s_rally_7cf4f9d6_nzhdvHnG. Status changed: BUILD => ACTIVE in 12.230612993240356
2020-04-13 03:30:01.716 15211 RALLYDEBUG rally.task.utils [-] Waiting for resource s_rally_7cf4f9d6_AnnfeuXD. Status changed: BUILD => ACTIVE in 13.443773746490479
2020-04-13 03:30:04.044 15214 RALLYDEBUG rally.task.utils [-] Waiting for resource s_rally_7cf4f9d6_zKTW2gHt. Status changed: QUEUED => SAVING in 6.133648872375488
2020-04-13 03:30:08.569 15209 RALLYDEBUG rally.task.utils [-] Waiting for resource s_rally_7cf4f9d6_8lzbttQy. Status changed: QUEUED => SAVING in 8.163378715515137
2020-04-13 03:30:09.017 15210 RALLYDEBUG rally.task.utils [-] Waiting for resource s_rally_7cf4f9d6_nzhdvHnG. Status changed: QUEUED => SAVING in 8.167464017868042
2020-04-13 03:30:10.248 15211 RALLYDEBUG rally.task.utils [-] Waiting for resource s_rally_7cf4f9d6_AnnfeuXD. Status changed: QUEUED => SAVING in 8.173976421356201
2020-04-13 03:30:14.232 15214 RALLYDEBUG rally.task.utils [-] Waiting for resource s_rally_7cf4f9d6_zKTW2gHt. Status changed: SAVING => ACTIVE in 10.187498092651367
2020-04-13 03:30:20.432 15211 RALLYDEBUG rally.task.utils [-] Waiting for resource s_rally_7cf4f9d6_AnnfeuXD. Status changed: SAVING => ACTIVE in 10.183823823928833
2020-04-13 03:30:20.648 15211 RALLYDEBUG rally.task.utils [-] Waiting for resource s_rally_7cf4f9d6_AnnfeuXD. Status changed: NONE => IMAGE_UPLOADING in 0.2155132293701172
2020-04-13 03:30:20.801 15209 RALLYDEBUG rally.task.utils [-] Waiting for resource s_rally_7cf4f9d6_8lzbttQy. Status changed: SAVING => ACTIVE in 12.23165512084961
2020-04-13 03:30:21.246 15210 RALLYDEBUG rally.task.utils [-] Waiting for resource s_rally_7cf4f9d6_nzhdvHnG. Status changed: SAVING => ACTIVE in 12.228489875793457
2020-04-13 03:30:23.126 15211 RALLYDEBUG rally.task.utils [-] Waiting for resource s_rally_7cf4f9d6_AnnfeuXD. Status changed: IMAGE_UPLOADING => NONE in 2.4773452281951904
2020-04-13 03:30:42.170 15214 RALLYDEBUG rally.task.utils [-] Waiting for resource s_rally_7cf4f9d6_jtwdKm4J. Status changed: BUILD => ACTIVE in 18.302671909332275
2020-04-13 03:30:44.852 15214 WARNING /usr/lib/python3.7/site-packages/rally_openstack/scenarios/nova/utils.py [-] Method '_delete_image' of NovaScenario class is deprecated since Rally 0.10.0. Use GlanceUtils instead.
2020-04-13 03:30:45.473 15214 DEBUG glanceclient.common.http [-] Request returned failure status 404. _handle_response /usr/lib/python3.7/site-packages/glanceclient/common/http.py:125
2020-04-13 03:30:45.477 15214 INFO rally.task.runner [-] Task 54ca9db5-9f0d-4f62-872e-be11d4cd768c | ITER: 4 END: OK
2020-04-13 03:30:45.484 15214 INFO rally.task.runner [-] Task 54ca9db5-9f0d-4f62-872e-be11d4cd768c | ITER: 5 START
2020-04-13 03:30:48.746 15209 RALLYDEBUG rally.task.utils [-] Waiting for resource s_rally_7cf4f9d6_1MtfAMss. Status changed: BUILD => ACTIVE in 23.001354694366455
2020-04-13 03:30:53.507 15209 WARNING /usr/lib/python3.7/site-packages/rally_openstack/scenarios/nova/utils.py [-] Method '_delete_image' of NovaScenario class is deprecated since Rally 0.10.0. Use GlanceUtils instead.
2020-04-13 03:30:53.538 15210 RALLYDEBUG rally.task.utils [-] Waiting for resource s_rally_7cf4f9d6_DHIhQqR3. Status changed: BUILD => ACTIVE in 25.256585359573364
2020-04-13 03:30:54.123 15209 DEBUG glanceclient.common.http [-] Request returned failure status 404. _handle_response /usr/lib/python3.7/site-packages/glanceclient/common/http.py:125
2020-04-13 03:30:54.127 15209 INFO rally.task.runner [-] Task 54ca9db5-9f0d-4f62-872e-be11d4cd768c | ITER: 1 END: OK
2020-04-13 03:30:54.132 15209 INFO rally.task.runner [-] Task 54ca9db5-9f0d-4f62-872e-be11d4cd768c | ITER: 6 START
2020-04-13 03:30:55.869 15211 RALLYDEBUG rally.task.utils [-] Waiting for resource s_rally_7cf4f9d6_h2iUJoNH. Status changed: BUILD => ACTIVE in 24.913687705993652
2020-04-13 03:30:57.857 15214 RALLYDEBUG rally.task.utils [-] Waiting for resource s_rally_7cf4f9d6_ryzzbEMe. Status changed: BUILD => ACTIVE in 9.52076530456543
2020-04-13 03:30:58.553 15210 WARNING /usr/lib/python3.7/site-packages/rally_openstack/scenarios/nova/utils.py [-] Method '_delete_image' of NovaScenario class is deprecated since Rally 0.10.0. Use GlanceUtils instead.
2020-04-13 03:30:59.164 15210 DEBUG glanceclient.common.http [-] Request returned failure status 404. _handle_response /usr/lib/python3.7/site-packages/glanceclient/common/http.py:125
2020-04-13 03:30:59.168 15210 INFO rally.task.runner [-] Task 54ca9db5-9f0d-4f62-872e-be11d4cd768c | ITER: 2 END: OK
2020-04-13 03:30:59.174 15210 INFO rally.task.runner [-] Task 54ca9db5-9f0d-4f62-872e-be11d4cd768c | ITER: 7 START
2020-04-13 03:31:00.588 15211 WARNING /usr/lib/python3.7/site-packages/rally_openstack/scenarios/nova/utils.py [-] Method '_delete_image' of NovaScenario class is deprecated since Rally 0.10.0. Use GlanceUtils instead.
2020-04-13 03:31:01.182 15211 DEBUG glanceclient.common.http [-] Request returned failure status 404. _handle_response /usr/lib/python3.7/site-packages/glanceclient/common/http.py:125
2020-04-13 03:31:01.187 15211 INFO rally.task.runner [-] Task 54ca9db5-9f0d-4f62-872e-be11d4cd768c | ITER: 3 END: OK
2020-04-13 03:31:01.194 15211 INFO rally.task.runner [-] Task 54ca9db5-9f0d-4f62-872e-be11d4cd768c | ITER: 8 START
2020-04-13 03:31:04.363 15214 RALLYDEBUG rally.task.utils [-] Waiting for resource s_rally_7cf4f9d6_ryzzbEMe. Status changed: QUEUED => SAVING in 6.137705564498901
2020-04-13 03:31:05.251 15209 RALLYDEBUG rally.task.utils [-] Waiting for resource s_rally_7cf4f9d6_XhQqhwlQ. Status changed: BUILD => ACTIVE in 9.17398476600647
2020-04-13 03:31:09.694 15209 RALLYDEBUG rally.task.utils [-] Waiting for resource s_rally_7cf4f9d6_XhQqhwlQ. Status changed: QUEUED => SAVING in 4.0924131870269775
2020-04-13 03:31:10.456 15214 RALLYDEBUG rally.task.utils [-] Waiting for resource s_rally_7cf4f9d6_ryzzbEMe. Status changed: SAVING => ACTIVE in 6.093120336532593
2020-04-13 03:31:10.481 15210 RALLYDEBUG rally.task.utils [-] Waiting for resource s_rally_7cf4f9d6_JIldmKwj. Status changed: BUILD => ACTIVE in 9.058035373687744
2020-04-13 03:31:12.571 15211 RALLYDEBUG rally.task.utils [-] Waiting for resource s_rally_7cf4f9d6_XdRtaE12. Status changed: BUILD => ACTIVE in 9.037273645401001
2020-04-13 03:31:17.016 15210 RALLYDEBUG rally.task.utils [-] Waiting for resource s_rally_7cf4f9d6_JIldmKwj. Status changed: QUEUED => SAVING in 6.1347973346710205
2020-04-13 03:31:19.065 15211 RALLYDEBUG rally.task.utils [-] Waiting for resource s_rally_7cf4f9d6_XdRtaE12. Status changed: QUEUED => SAVING in 6.132785320281982
2020-04-13 03:31:25.969 15209 RALLYDEBUG rally.task.utils [-] Waiting for resource s_rally_7cf4f9d6_XhQqhwlQ. Status changed: SAVING => ACTIVE in 16.275818347930908
2020-04-13 03:31:31.252 15210 RALLYDEBUG rally.task.utils [-] Waiting for resource s_rally_7cf4f9d6_JIldmKwj. Status changed: SAVING => ACTIVE in 14.235394477844238
2020-04-13 03:31:33.198 15214 RALLYDEBUG rally.task.utils [-] Waiting for resource s_rally_7cf4f9d6_mLL5Flrw. Status changed: BUILD => ACTIVE in 18.199668645858765
2020-04-13 03:31:33.299 15211 RALLYDEBUG rally.task.utils [-] Waiting for resource s_rally_7cf4f9d6_XdRtaE12. Status changed: SAVING => ACTIVE in 14.234369039535522
2020-04-13 03:31:40.058 15214 WARNING /usr/lib/python3.7/site-packages/rally_openstack/scenarios/nova/utils.py [-] Method '_delete_image' of NovaScenario class is deprecated since Rally 0.10.0. Use GlanceUtils instead.
2020-04-13 03:31:41.691 15214 DEBUG glanceclient.common.http [-] Request returned failure status 404. _handle_response /usr/lib/python3.7/site-packages/glanceclient/common/http.py:125
2020-04-13 03:31:41.693 15214 INFO rally.task.runner [-] Task 54ca9db5-9f0d-4f62-872e-be11d4cd768c | ITER: 5 END: OK
2020-04-13 03:31:41.698 15214 INFO rally.task.runner [-] Task 54ca9db5-9f0d-4f62-872e-be11d4cd768c | ITER: 9 START
2020-04-13 03:31:50.046 15209 RALLYDEBUG rally.task.utils [-] Waiting for resource s_rally_7cf4f9d6_dDWtfFc8. Status changed: BUILD => ACTIVE in 16.56365966796875
2020-04-13 03:31:52.713 15209 WARNING /usr/lib/python3.7/site-packages/rally_openstack/scenarios/nova/utils.py [-] Method '_delete_image' of NovaScenario class is deprecated since Rally 0.10.0. Use GlanceUtils instead.
2020-04-13 03:31:53.328 15209 DEBUG glanceclient.common.http [-] Request returned failure status 404. _handle_response /usr/lib/python3.7/site-packages/glanceclient/common/http.py:125
2020-04-13 03:31:53.330 15209 INFO rally.task.runner [-] Task 54ca9db5-9f0d-4f62-872e-be11d4cd768c | ITER: 6 END: OK
2020-04-13 03:31:53.337 15209 INFO rally.task.runner [-] Task 54ca9db5-9f0d-4f62-872e-be11d4cd768c | ITER: 10 START
2020-04-13 03:32:02.027 15209 RALLYDEBUG rally.task.utils [-] Waiting for resource s_rally_7cf4f9d6_sJD6peqm. Status changed: BUILD => ACTIVE in 6.879687070846558
2020-04-13 03:32:02.985 15210 RALLYDEBUG rally.task.utils [-] Waiting for resource s_rally_7cf4f9d6_YzmfUPaK. Status changed: BUILD => ACTIVE in 26.991089344024658
2020-04-13 03:32:04.910 15211 RALLYDEBUG rally.task.utils [-] Waiting for resource s_rally_7cf4f9d6_9oqUXS06. Status changed: BUILD => ACTIVE in 25.142781734466553
2020-04-13 03:32:06.051 15210 WARNING /usr/lib/python3.7/site-packages/rally_openstack/scenarios/nova/utils.py [-] Method '_delete_image' of NovaScenario class is deprecated since Rally 0.10.0. Use GlanceUtils instead.
2020-04-13 03:32:06.425 15214 RALLYDEBUG rally.task.utils [-] Waiting for resource s_rally_7cf4f9d6_NA1HdpIw. Status changed: BUILD => ACTIVE in 22.623337984085083
2020-04-13 03:32:06.685 15210 DEBUG glanceclient.common.http [-] Request returned failure status 404. _handle_response /usr/lib/python3.7/site-packages/glanceclient/common/http.py:125
2020-04-13 03:32:06.686 15210 INFO rally.task.runner [-] Task 54ca9db5-9f0d-4f62-872e-be11d4cd768c | ITER: 7 END: OK
2020-04-13 03:32:07.511 15211 WARNING /usr/lib/python3.7/site-packages/rally_openstack/scenarios/nova/utils.py [-] Method '_delete_image' of NovaScenario class is deprecated since Rally 0.10.0. Use GlanceUtils instead.
2020-04-13 03:32:08.204 15211 DEBUG glanceclient.common.http [-] Request returned failure status 404. _handle_response /usr/lib/python3.7/site-packages/glanceclient/common/http.py:125
2020-04-13 03:32:08.206 15211 INFO rally.task.runner [-] Task 54ca9db5-9f0d-4f62-872e-be11d4cd768c | ITER: 8 END: OK
2020-04-13 03:32:08.608 15209 RALLYDEBUG rally.task.utils [-] Waiting for resource s_rally_7cf4f9d6_sJD6peqm. Status changed: QUEUED => SAVING in 6.2467567920684814
2020-04-13 03:32:12.908 15214 RALLYDEBUG rally.task.utils [-] Waiting for resource s_rally_7cf4f9d6_NA1HdpIw. Status changed: QUEUED => SAVING in 6.130511522293091
2020-04-13 03:32:14.705 15209 RALLYDEBUG rally.task.utils [-] Waiting for resource s_rally_7cf4f9d6_sJD6peqm. Status changed: SAVING => ACTIVE in 6.097272872924805
2020-04-13 03:32:19.008 15214 RALLYDEBUG rally.task.utils [-] Waiting for resource s_rally_7cf4f9d6_NA1HdpIw. Status changed: SAVING => ACTIVE in 6.100383281707764
2020-04-13 03:32:33.686 15209 RALLYDEBUG rally.task.utils [-] Waiting for resource s_rally_7cf4f9d6_FR472CcZ. Status changed: BUILD => ACTIVE in 13.891794443130493
2020-04-13 03:32:36.345 15209 WARNING /usr/lib/python3.7/site-packages/rally_openstack/scenarios/nova/utils.py [-] Method '_delete_image' of NovaScenario class is deprecated since Rally 0.10.0. Use GlanceUtils instead.
2020-04-13 03:32:36.970 15209 DEBUG glanceclient.common.http [-] Request returned failure status 404. _handle_response /usr/lib/python3.7/site-packages/glanceclient/common/http.py:125
2020-04-13 03:32:36.972 15209 INFO rally.task.runner [-] Task 54ca9db5-9f0d-4f62-872e-be11d4cd768c | ITER: 10 END: OK
2020-04-13 03:32:42.832 15214 RALLYDEBUG rally.task.utils [-] Waiting for resource s_rally_7cf4f9d6_zHYyvWXo. Status changed: BUILD => ACTIVE in 19.387415409088135
2020-04-13 03:32:45.279 15214 WARNING /usr/lib/python3.7/site-packages/rally_openstack/scenarios/nova/utils.py [-] Method '_delete_image' of NovaScenario class is deprecated since Rally 0.10.0. Use GlanceUtils instead.
2020-04-13 03:32:45.910 15214 DEBUG glanceclient.common.http [-] Request returned failure status 404. _handle_response /usr/lib/python3.7/site-packages/glanceclient/common/http.py:125
2020-04-13 03:32:45.912 15214 INFO rally.task.runner [-] Task 54ca9db5-9f0d-4f62-872e-be11d4cd768c | ITER: 9 END: OK
2020-04-13 03:32:45.944 14489 INFO rally.task.context [-] Task 54ca9db5-9f0d-4f62-872e-be11d4cd768c | Context cleanup@openstack cleanup() started
2020-04-13 03:32:45.951 14489 RALLYDEBUG rally_openstack.cleanup.manager [-] Cleaning up nova servers objects
2020-04-13 03:32:46.626 14489 RALLYDEBUG rally_openstack.cleanup.manager [-] Cleaning up nova server_groups objects
2020-04-13 03:32:47.103 14489 RALLYDEBUG rally_openstack.cleanup.manager [-] Cleaning up nova keypairs objects
2020-04-13 03:32:48.050 14489 RALLYDEBUG rally_openstack.cleanup.manager [-] Cleaning up glance images objects
2020-04-13 03:32:48.843 14489 INFO rally.task.context [-] Task 54ca9db5-9f0d-4f62-872e-be11d4cd768c | Context cleanup@openstack cleanup() finished in 2.90 sec
2020-04-13 03:32:48.844 14489 INFO rally.task.context [-] Task 54ca9db5-9f0d-4f62-872e-be11d4cd768c | Context network@openstack cleanup() started
2020-04-13 03:33:09.488 14489 INFO rally.task.context [-] Task 54ca9db5-9f0d-4f62-872e-be11d4cd768c | Context network@openstack cleanup() finished in 20.64 sec
2020-04-13 03:33:09.489 14489 INFO rally.task.context [-] Task 54ca9db5-9f0d-4f62-872e-be11d4cd768c | Context quotas@openstack cleanup() started
2020-04-13 03:33:09.626 14489 INFO rally.task.context [-] Task 54ca9db5-9f0d-4f62-872e-be11d4cd768c | Context quotas@openstack cleanup() finished in 0.14 sec
2020-04-13 03:33:09.627 14489 INFO rally.task.context [-] Task 54ca9db5-9f0d-4f62-872e-be11d4cd768c | Context users@openstack cleanup() started
2020-04-13 03:33:09.809 14489 WARNING rally.common.logging [-] `iterate_per_tenants()' is deprecated in v3.0.0: it is openstack specific.. Used at
2020-04-13 03:33:11.803 14489 INFO rally.task.context [-] Task 54ca9db5-9f0d-4f62-872e-be11d4cd768c | Context users@openstack cleanup() finished in 2.18 sec
2020-04-13 03:33:12.202 14489 INFO rally.task.engine [-] Load duration is: 177.594398
2020-04-13 03:33:12.203 14489 INFO rally.task.engine [-] Full runner duration is: 179.648471
2020-04-13 03:33:12.203 14489 INFO rally.task.engine [-] Full duration is: 222.906547
2020-04-13 03:33:12.304 14489 INFO rally.task.engine [-] Running workload: position = 0 config = { "version": 2, "title": "A cropped version of a bigger task.", "description": "Auto-generated task from a single workload (uuid=38eb552a-61ec-4929-a37c-4f74610bc714)", "subtasks": [ { "title": "NovaServers.boot_server_from_volume", "description": "Boot a server from volume.", "scenario": { "NovaServers.boot_server_from_volume": { "flavor": { "name": "rally_full_cntt-flavor_044c9470-22d6-4136-99e6-972dd7ba6ded" }, "image": { "name": "rally_full_cntt-img_044c9470-22d6-4136-99e6-972dd7ba6ded" }, "volume_size": 1, "nics": [ { "net-id": "d5c82f55-cd77-41d0-b8f0-9f2abb7d4008" } ] } }, "contexts": { "users": { "tenants": 3, "users_per_tenant": 2 }, "api_versions": { "cinder": { "version": 3, "service_type": "volumev3" } } }, "runner": { "constant": { "concurrency": 4, "times": 10 } }, "hooks": [], "sla": { "failure_rate": { "max": 0 } } } ] }
2020-04-13 03:33:12.332 14489 RALLYDEBUG rally_openstack.contexts.keystone.users [-] Creating 3 tenants using 3 threads
2020-04-13 03:33:12.797 14489 RALLYDEBUG rally_openstack.contexts.keystone.users [-] Creating 6 users using 6 threads
2020-04-13 03:33:13.735 14489 INFO rally.task.context [-] Task 54ca9db5-9f0d-4f62-872e-be11d4cd768c | Context users@openstack setup() finished in 1.40 sec
2020-04-13 03:33:13.862 14489 INFO rally.task.context [-] Task 54ca9db5-9f0d-4f62-872e-be11d4cd768c | Context api_versions@openstack setup() finished in 0.13 sec
2020-04-13 03:33:13.863 14489 INFO rally.task.context [-] Task 54ca9db5-9f0d-4f62-872e-be11d4cd768c | Context cleanup@openstack setup() finished in 0.03 msec
2020-04-13 03:33:14.344 14489 RALLYDEBUG rally.task.runner [-] Starting the constant runner (task UUID: 54ca9db5-9f0d-4f62-872e-be11d4cd768c). times: 10 concurrency: 4 timeout: 0 max_cpu_used: 88 processes_to_start: 4 concurrency_per_worker: 1 concurrency_overhead: 0
2020-04-13 03:33:14.357 15362 RALLYDEBUG rally.task.runner [-] Starting a worker. times: 10 duration: None concurrency: 1 timeout: 0 cls: method_name: run args: {"flavor": "9aa73c23-88f1-4dc3-bf55-62ae88433dc3", "image": "2a496ff0-46a2-42f3-b37f-80386448dd5b", "volume_size": 1, "nics": [{"net-id": "d5c82f55-cd77-41d0-b8f0-9f2abb7d4008"}]}
2020-04-13 03:33:14.360 15363 RALLYDEBUG rally.task.runner [-] Starting a worker. times: 10 duration: None concurrency: 1 timeout: 0 cls: method_name: run args: {"flavor": "9aa73c23-88f1-4dc3-bf55-62ae88433dc3", "image": "2a496ff0-46a2-42f3-b37f-80386448dd5b", "volume_size": 1, "nics": [{"net-id": "d5c82f55-cd77-41d0-b8f0-9f2abb7d4008"}]}
2020-04-13 03:33:14.364 15362 INFO rally.task.runner [-] Task 54ca9db5-9f0d-4f62-872e-be11d4cd768c | ITER: 1 START
2020-04-13 03:33:14.364 15364 RALLYDEBUG rally.task.runner [-] Starting a worker. times: 10 duration: None concurrency: 1 timeout: 0 cls: method_name: run args: {"flavor": "9aa73c23-88f1-4dc3-bf55-62ae88433dc3", "image": "2a496ff0-46a2-42f3-b37f-80386448dd5b", "volume_size": 1, "nics": [{"net-id": "d5c82f55-cd77-41d0-b8f0-9f2abb7d4008"}]}
2020-04-13 03:33:14.366 15363 INFO rally.task.runner [-] Task 54ca9db5-9f0d-4f62-872e-be11d4cd768c | ITER: 2 START
2020-04-13 03:33:14.370 15364 INFO rally.task.runner [-] Task 54ca9db5-9f0d-4f62-872e-be11d4cd768c | ITER: 3 START
2020-04-13 03:33:14.372 15369 RALLYDEBUG rally.task.runner [-] Starting a worker. times: 10 duration: None concurrency: 1 timeout: 0 cls: method_name: run args: {"flavor": "9aa73c23-88f1-4dc3-bf55-62ae88433dc3", "image": "2a496ff0-46a2-42f3-b37f-80386448dd5b", "volume_size": 1, "nics": [{"net-id": "d5c82f55-cd77-41d0-b8f0-9f2abb7d4008"}]}
2020-04-13 03:33:14.379 15369 INFO rally.task.runner [-] Task 54ca9db5-9f0d-4f62-872e-be11d4cd768c | ITER: 4 START
2020-04-13 03:33:19.348 15364 RALLYDEBUG rally.task.utils [-] Waiting for resource s_rally_38eb552a_eZWwiUAP. Status changed: DOWNLOADING => AVAILABLE in 2.243492841720581
2020-04-13 03:33:19.365 15363 RALLYDEBUG rally.task.utils [-] Waiting for resource s_rally_38eb552a_4cbF59dw. Status changed: DOWNLOADING => AVAILABLE in 2.2340176105499268
2020-04-13 03:33:19.412 15369 RALLYDEBUG rally.task.utils [-] Waiting for resource s_rally_38eb552a_xZJYDZf3. Status changed: DOWNLOADING => AVAILABLE in 2.2360966205596924
2020-04-13 03:33:19.417 15362 RALLYDEBUG rally.task.utils [-] Waiting for resource s_rally_38eb552a_QSxIfcfE. Status changed: DOWNLOADING => AVAILABLE in 2.249998092651367
2020-04-13 03:33:30.762 15369 RALLYDEBUG rally.task.utils [-] Waiting for resource s_rally_38eb552a_UEitbFrb. Status changed: BUILD => ACTIVE in 9.308176755905151
2020-04-13 03:33:30.763 15369 INFO rally.task.runner [-] Task 54ca9db5-9f0d-4f62-872e-be11d4cd768c | ITER: 4 END: OK
2020-04-13 03:33:30.767 15369 INFO rally.task.runner [-] Task 54ca9db5-9f0d-4f62-872e-be11d4cd768c | ITER: 5 START
2020-04-13 03:33:33.218 15362 RALLYDEBUG rally.task.utils [-] Waiting for resource s_rally_38eb552a_M2jbrSyV. Status changed: BUILD => ACTIVE in 11.467344999313354
2020-04-13 03:33:33.219 15362 INFO rally.task.runner [-] Task 54ca9db5-9f0d-4f62-872e-be11d4cd768c | ITER: 1 END: OK
2020-04-13 03:33:33.224 15362 INFO rally.task.runner [-] Task 54ca9db5-9f0d-4f62-872e-be11d4cd768c | ITER: 6 START
2020-04-13 03:33:35.045 15364 RALLYDEBUG rally.task.utils [-] Waiting for resource s_rally_38eb552a_FtwzGbCS. Status changed: BUILD => ACTIVE in 13.533384561538696
2020-04-13 03:33:35.046 15364 INFO rally.task.runner [-] Task 54ca9db5-9f0d-4f62-872e-be11d4cd768c | ITER: 3 END: OK
2020-04-13 03:33:35.050 15364 INFO rally.task.runner [-] Task 54ca9db5-9f0d-4f62-872e-be11d4cd768c | ITER: 7 START
2020-04-13 03:33:35.245 15363 RALLYDEBUG rally.task.utils [-] Waiting for resource s_rally_38eb552a_tJFZfmBn. Status changed: BUILD => ACTIVE in 13.476743221282959
2020-04-13 03:33:35.246 15363 INFO rally.task.runner [-] Task 54ca9db5-9f0d-4f62-872e-be11d4cd768c | ITER: 2 END: OK
2020-04-13 03:33:35.250 15363 INFO rally.task.runner [-] Task 54ca9db5-9f0d-4f62-872e-be11d4cd768c | ITER: 8 START
2020-04-13 03:33:35.685 15369 RALLYDEBUG rally.task.utils [-] Waiting for resource s_rally_38eb552a_HY3g1f2R. Status changed: DOWNLOADING => AVAILABLE in 2.220447301864624
2020-04-13 03:33:37.991 15362 RALLYDEBUG rally.task.utils [-] Waiting for resource s_rally_38eb552a_MAYs4FJN. Status changed: DOWNLOADING => AVAILABLE in 2.2389469146728516
2020-04-13 03:33:39.876 15364 RALLYDEBUG rally.task.utils [-] Waiting for resource s_rally_38eb552a_ezyUs1T3. Status changed: DOWNLOADING => AVAILABLE in 2.2169692516326904
2020-04-13 03:33:40.079 15363 RALLYDEBUG rally.task.utils [-] Waiting for resource s_rally_38eb552a_r9YWSHkv. Status changed: DOWNLOADING => AVAILABLE in 2.230980634689331
2020-04-13 03:33:47.121 15369 RALLYDEBUG rally.task.utils [-] Waiting for resource s_rally_38eb552a_rT3kRLVP. Status changed: BUILD => ACTIVE in 9.290011882781982
2020-04-13 03:33:47.123 15369 INFO rally.task.runner [-] Task 54ca9db5-9f0d-4f62-872e-be11d4cd768c | ITER: 5 END: OK
2020-04-13 03:33:47.129 15369 INFO rally.task.runner [-] Task 54ca9db5-9f0d-4f62-872e-be11d4cd768c | ITER: 9 START
2020-04-13 03:33:48.349 15362 RALLYDEBUG rally.task.utils [-] Waiting for resource s_rally_38eb552a_Hf02k4IR. Status changed: BUILD => ACTIVE in 7.7164764404296875
2020-04-13 03:33:48.350 15362 INFO rally.task.runner [-] Task 54ca9db5-9f0d-4f62-872e-be11d4cd768c | ITER: 6 END: OK
2020-04-13 03:33:48.355 15362 INFO rally.task.runner [-] Task 54ca9db5-9f0d-4f62-872e-be11d4cd768c | ITER: 10 START
2020-04-13 03:33:51.090 15364 RALLYDEBUG rally.task.utils [-] Waiting for resource s_rally_38eb552a_00ob8Wrw. Status changed: BUILD => ACTIVE in 9.014085531234741
2020-04-13 03:33:51.091 15364 INFO rally.task.runner [-] Task 54ca9db5-9f0d-4f62-872e-be11d4cd768c | ITER: 7 END: OK
2020-04-13 03:33:51.900 15369 RALLYDEBUG rally.task.utils [-] Waiting for resource s_rally_38eb552a_kKkXO7J5. Status changed: DOWNLOADING => AVAILABLE in 2.229924201965332
2020-04-13 03:33:53.112 15362 RALLYDEBUG rally.task.utils [-] Waiting for resource s_rally_38eb552a_BBFSL7pU. Status changed: DOWNLOADING => AVAILABLE in 2.23911190032959
2020-04-13 03:33:53.434 15363 RALLYDEBUG rally.task.utils [-] Waiting for resource s_rally_38eb552a_6GTUywfg. Status changed: BUILD => ACTIVE in 11.213318586349487
2020-04-13 03:33:53.434 15363 INFO rally.task.runner [-] Task 54ca9db5-9f0d-4f62-872e-be11d4cd768c | ITER: 8 END: OK
2020-04-13 03:34:01.403 15369 RALLYDEBUG rally.task.utils [-] Waiting for resource s_rally_38eb552a_hegb70ko. Status changed: BUILD => ACTIVE in 6.999366044998169
2020-04-13 03:34:01.403 15369 INFO rally.task.runner [-] Task 54ca9db5-9f0d-4f62-872e-be11d4cd768c | ITER: 9 END: OK
2020-04-13 03:34:02.459 15362 RALLYDEBUG rally.task.utils [-] Waiting for resource s_rally_38eb552a_cseDDgyL. Status changed: BUILD => ACTIVE in 6.818500995635986
2020-04-13 03:34:02.460 15362 INFO rally.task.runner [-] Task 54ca9db5-9f0d-4f62-872e-be11d4cd768c | ITER: 10 END: OK
2020-04-13 03:34:02.491 14489 INFO rally.task.context [-] Task 54ca9db5-9f0d-4f62-872e-be11d4cd768c | Context cleanup@openstack cleanup() started
2020-04-13 03:34:02.498 14489 RALLYDEBUG rally_openstack.cleanup.manager [-] Cleaning up nova servers objects
2020-04-13 03:34:04.381 14489 RALLYDEBUG rally_openstack.cleanup.manager [-] Deleting nova.servers object s_rally_38eb552a_cseDDgyL (a3028c18-e39a-4a04-8868-4108f213e712)
2020-04-13 03:34:04.392 14489 RALLYDEBUG rally_openstack.cleanup.manager [-] Deleting nova.servers object s_rally_38eb552a_6GTUywfg (a549f344-288a-4ec9-8ef8-cdd637f2ef9f)
2020-04-13 03:34:04.408 14489 RALLYDEBUG rally_openstack.cleanup.manager [-] Deleting nova.servers object s_rally_38eb552a_00ob8Wrw (4568bf65-3150-455e-aefc-029c39c0ec6d)
2020-04-13 03:34:04.414 14489 RALLYDEBUG rally_openstack.cleanup.manager [-] Deleting nova.servers object s_rally_38eb552a_Hf02k4IR (ab6e6271-16a0-4397-a4f1-4a1bcd050846)
2020-04-13 03:34:04.398 14489 RALLYDEBUG rally_openstack.cleanup.manager [-] Deleting nova.servers object s_rally_38eb552a_FtwzGbCS (f4e36497-6345-43eb-898d-016cfbb7c910)
2020-04-13 03:34:04.416 14489 RALLYDEBUG rally_openstack.cleanup.manager [-] Deleting nova.servers object s_rally_38eb552a_hegb70ko (31f18f49-e2ff-4fc8-a0cc-fe08a84b6641)
2020-04-13 03:34:04.439 14489 RALLYDEBUG rally_openstack.cleanup.manager [-] Deleting nova.servers object s_rally_38eb552a_tJFZfmBn (fa0cb090-0a8d-4626-af6d-26f8f077fa4c)
2020-04-13 03:34:04.439 14489 RALLYDEBUG rally_openstack.cleanup.manager [-] Deleting nova.servers object s_rally_38eb552a_rT3kRLVP (6ce61d3b-d4de-492b-8900-3da51ef5e79a)
2020-04-13 03:34:04.463 14489 RALLYDEBUG rally_openstack.cleanup.manager [-] Deleting nova.servers object s_rally_38eb552a_M2jbrSyV (53bc2590-d4d0-4499-94f5-4a380940c100)
2020-04-13 03:34:04.435 14489 RALLYDEBUG rally_openstack.cleanup.manager [-] Deleting nova.servers object s_rally_38eb552a_UEitbFrb (d94fd0f4-edc7-419c-8c36-580ff08323a2)
2020-04-13 03:34:12.158 14489 RALLYDEBUG rally_openstack.cleanup.manager [-] Cleaning up nova server_groups objects
2020-04-13 03:34:12.612 14489 RALLYDEBUG rally_openstack.cleanup.manager [-] Cleaning up nova keypairs objects
2020-04-13 03:34:13.546 14489 RALLYDEBUG rally_openstack.cleanup.manager [-] Cleaning up cinder backups objects
2020-04-13 03:34:14.057 14489 RALLYDEBUG rally_openstack.cleanup.manager [-] Cleaning up cinder volume_snapshots objects
2020-04-13 03:34:14.531 14489 RALLYDEBUG rally_openstack.cleanup.manager [-] Cleaning up cinder transfers objects
2020-04-13 03:34:15.014 14489 RALLYDEBUG rally_openstack.cleanup.manager [-] Cleaning up cinder volumes objects
2020-04-13 03:34:15.673 14489 RALLYDEBUG rally_openstack.cleanup.manager [-] Deleting cinder.volumes object s_rally_38eb552a_BBFSL7pU (d65e354c-3789-41d1-a55c-92fb9c3cf9e7)
2020-04-13 03:34:15.692 14489 RALLYDEBUG rally_openstack.cleanup.manager [-] Deleting cinder.volumes object s_rally_38eb552a_r9YWSHkv (6038c1a1-6bf6-4dd0-91ce-af131781c2ab)
2020-04-13 03:34:15.699 14489 RALLYDEBUG rally_openstack.cleanup.manager [-] Deleting cinder.volumes object s_rally_38eb552a_kKkXO7J5 (b8ed9268-82e7-4753-873c-155a1146ed0e)
2020-04-13 03:34:15.710 14489 RALLYDEBUG rally_openstack.cleanup.manager [-] Deleting cinder.volumes object s_rally_38eb552a_MAYs4FJN (a8ab0645-10a5-445f-a099-5ad46d030e69)
2020-04-13 03:34:15.691 14489 RALLYDEBUG rally_openstack.cleanup.manager [-] Deleting cinder.volumes object s_rally_38eb552a_eZWwiUAP (880461fa-769c-4fd1-8419-b188a8b44f17)
2020-04-13 03:34:15.705 14489 RALLYDEBUG rally_openstack.cleanup.manager [-] Deleting cinder.volumes object s_rally_38eb552a_ezyUs1T3 (69e6dd87-a3f6-4668-9c3b-1b46aab52792)
2020-04-13 03:34:15.736 14489 RALLYDEBUG rally_openstack.cleanup.manager [-] Deleting cinder.volumes object s_rally_38eb552a_QSxIfcfE (3fa470d9-69ab-41c1-974e-8b3d03e3ccbc)
2020-04-13 03:34:15.726 14489 RALLYDEBUG rally_openstack.cleanup.manager [-] Deleting cinder.volumes object s_rally_38eb552a_4cbF59dw (92cee82c-e172-4b1e-998c-34c0ed12be96)
2020-04-13 03:34:15.731 14489 RALLYDEBUG rally_openstack.cleanup.manager [-] Deleting cinder.volumes object s_rally_38eb552a_xZJYDZf3 (738bd061-b7fd-44bb-9988-47f0a932cec8)
2020-04-13 03:34:15.720 14489 RALLYDEBUG rally_openstack.cleanup.manager [-] Deleting cinder.volumes object s_rally_38eb552a_HY3g1f2R (ae38e69f-57ab-454b-bb28-cc01fa8989c5)
2020-04-13 03:34:19.388 14489 INFO rally.task.context [-] Task 54ca9db5-9f0d-4f62-872e-be11d4cd768c | Context cleanup@openstack cleanup() finished in 16.90 sec
2020-04-13 03:34:19.389 14489 INFO rally.task.context [-] Task 54ca9db5-9f0d-4f62-872e-be11d4cd768c | Context api_versions@openstack cleanup() started
2020-04-13 03:34:19.390 14489 INFO rally.task.context [-] Task 54ca9db5-9f0d-4f62-872e-be11d4cd768c | Context api_versions@openstack cleanup() finished in 0.43 msec
2020-04-13 03:34:19.390 14489 INFO rally.task.context [-] Task 54ca9db5-9f0d-4f62-872e-be11d4cd768c | Context users@openstack cleanup() started
2020-04-13 03:34:19.528 14489 WARNING rally.common.logging [-] `iterate_per_tenants()' is deprecated in v3.0.0: it is openstack specific.. Used at
2020-04-13 03:34:22.003 14489 INFO rally.task.context [-] Task 54ca9db5-9f0d-4f62-872e-be11d4cd768c | Context users@openstack cleanup() finished in 2.61 sec
2020-04-13 03:34:22.716 14489 INFO rally.task.engine [-] Load duration is: 47.091121
2020-04-13 03:34:22.717 14489 INFO rally.task.engine [-] Full runner duration is: 48.147008
2020-04-13 03:34:22.717 14489 INFO rally.task.engine [-] Full duration is: 69.674608
2020-04-13 03:34:22.823 14489 INFO rally.task.engine [-] Running workload: position = 0 config = { "version": 2, "title": "A cropped version of a bigger task.", "description": "Auto-generated task from a single workload (uuid=d710e7e3-bd85-4323-b648-8a758b8ea034)", "subtasks": [ { "title": "NovaServers.boot_server", "description": "Boot a server.", "scenario": { "NovaServers.boot_server": { "flavor": { "name": "rally_full_cntt-flavor_044c9470-22d6-4136-99e6-972dd7ba6ded" }, "image": { "name": "rally_full_cntt-img_044c9470-22d6-4136-99e6-972dd7ba6ded" }, "nics": [ { "net-id": "d5c82f55-cd77-41d0-b8f0-9f2abb7d4008" } ] } }, "contexts": { "users": { "tenants": 3, "users_per_tenant": 2 } }, "runner": { "constant": { "concurrency": 4, "times": 10 } }, "hooks": [], "sla": { "failure_rate": { "max": 0 } } } ] }
2020-04-13 03:34:22.845 14489 RALLYDEBUG rally_openstack.contexts.keystone.users [-] Creating 3 tenants using 3 threads
2020-04-13 03:34:23.384 14489 RALLYDEBUG rally_openstack.contexts.keystone.users [-] Creating 6 users using 6 threads
