2020-04-13 03:40:11.541 16069 RALLYDEBUG rally.task.runner [-] Starting a worker. times: 10 duration: None concurrency: 1 timeout: 0 cls: method_name: run args: {"flavor": "9aa73c23-88f1-4dc3-bf55-62ae88433dc3", "image": "2a496ff0-46a2-42f3-b37f-80386448dd5b", "size": 10, "block_migration": false, "boot_server_kwargs": {"nics": [{"net-id": "d5c82f55-cd77-41d0-b8f0-9f2abb7d4008"}]}}
2020-04-13 03:40:11.544 16070 RALLYDEBUG rally.task.runner [-] Starting a worker. times: 10 duration: None concurrency: 1 timeout: 0 cls: method_name: run args: {"flavor": "9aa73c23-88f1-4dc3-bf55-62ae88433dc3", "image": "2a496ff0-46a2-42f3-b37f-80386448dd5b", "size": 10, "block_migration": false, "boot_server_kwargs": {"nics": [{"net-id": "d5c82f55-cd77-41d0-b8f0-9f2abb7d4008"}]}}
2020-04-13 03:40:11.546 16068 INFO rally.task.runner [-] Task 54ca9db5-9f0d-4f62-872e-be11d4cd768c | ITER: 2 START
2020-04-13 03:40:11.549 16069 INFO rally.task.runner [-] Task 54ca9db5-9f0d-4f62-872e-be11d4cd768c | ITER: 3 START
2020-04-13 03:40:11.550 16070 INFO rally.task.runner [-] Task 54ca9db5-9f0d-4f62-872e-be11d4cd768c | ITER: 4 START
2020-04-13 03:40:20.382 16067 RALLYDEBUG rally.task.utils [-] Waiting for resource s_rally_2eda1f99_Pl0NhtP8. Status changed: BUILD => ACTIVE in 6.840400457382202
2020-04-13 03:40:21.828 16069 RALLYDEBUG rally.task.utils [-] Waiting for resource s_rally_2eda1f99_tDBgys65. Status changed: BUILD => ACTIVE in 7.5039777755737305
2020-04-13 03:40:23.320 16070 RALLYDEBUG rally.task.utils [-] Waiting for resource s_rally_2eda1f99_xcudwO2h. Status changed: BUILD => ACTIVE in 9.705724716186523
2020-04-13 03:40:23.556 16067 RALLYDEBUG rally.task.utils [-] Waiting for resource s_rally_2eda1f99_px6uNf31. Status changed: AVAILABLE => RESERVED in 0.2628169059753418
2020-04-13 03:40:24.583 16068 RALLYDEBUG rally.task.utils [-] Waiting for resource s_rally_2eda1f99_HvX8Av1D. Status changed: BUILD => ACTIVE in 9.856049537658691
2020-04-13 03:40:24.852 16069 RALLYDEBUG rally.task.utils [-] Waiting for resource s_rally_2eda1f99_h1AbIGfV. Status changed: AVAILABLE => RESERVED in 0.22812318801879883
2020-04-13 03:40:25.756 16067 RALLYDEBUG rally.task.utils [-] Waiting for resource s_rally_2eda1f99_px6uNf31. Status changed: RESERVED => IN-USE in 2.1995649337768555
2020-04-13 03:40:26.541 16070 RALLYDEBUG rally.task.utils [-] Waiting for resource s_rally_2eda1f99_jnlOeirp. Status changed: AVAILABLE => RESERVED in 0.2096865177154541
2020-04-13 03:40:27.080 16069 RALLYDEBUG rally.task.utils [-] Waiting for resource s_rally_2eda1f99_h1AbIGfV. Status changed: RESERVED => IN-USE in 2.228031635284424
2020-04-13 03:40:27.593 16068 RALLYDEBUG rally.task.utils [-] Waiting for resource s_rally_2eda1f99_UadqvM2F. Status changed: AVAILABLE => RESERVED in 0.19482898712158203
2020-04-13 03:40:28.115 16067 RALLYDEBUG rally.task.utils [-] Waiting for resource s_rally_2eda1f99_Pl0NhtP8. Status changed: ACTIVE => MIGRATING in 0.21059083938598633
2020-04-13 03:40:28.758 16070 RALLYDEBUG rally.task.utils [-] Waiting for resource s_rally_2eda1f99_jnlOeirp. Status changed: RESERVED => IN-USE in 2.217724084854126
2020-04-13 03:40:29.028 16069 RALLYDEBUG rally.task.utils [-] Waiting for resource s_rally_2eda1f99_tDBgys65. Status changed: ACTIVE => MIGRATING in 0.21093511581420898
2020-04-13 03:40:29.803 16068 RALLYDEBUG rally.task.utils [-] Waiting for resource s_rally_2eda1f99_UadqvM2F. Status changed: RESERVED => IN-USE in 2.2098772525787354
2020-04-13 03:40:30.629 16070 RALLYDEBUG rally.task.utils [-] Waiting for resource s_rally_2eda1f99_xcudwO2h. Status changed: ACTIVE => MIGRATING in 0.20267653465270996
2020-04-13 03:40:31.752 16068 RALLYDEBUG rally.task.utils [-] Waiting for resource s_rally_2eda1f99_HvX8Av1D. Status changed: ACTIVE => MIGRATING in 0.23488736152648926
2020-04-13 03:40:37.715 16067 RALLYDEBUG rally.task.utils [-] Waiting for resource s_rally_2eda1f99_Pl0NhtP8. Status changed: MIGRATING => ACTIVE in 9.599220514297485
2020-04-13 03:40:37.984 16069 RALLYDEBUG rally.task.utils [-] Waiting for resource s_rally_2eda1f99_tDBgys65. Status changed: MIGRATING => ACTIVE in 8.956315279006958
2020-04-13 03:40:38.294 16067 RALLYDEBUG rally.task.utils [-] Waiting for resource s_rally_2eda1f99_px6uNf31. Status changed: AVAILABLE => DETACHING in 0.19850873947143555
2020-04-13 03:40:38.665 16069 RALLYDEBUG rally.task.utils [-] Waiting for resource s_rally_2eda1f99_h1AbIGfV. Status changed: AVAILABLE => DETACHING in 0.23185205459594727
2020-04-13 03:40:40.498 16067 RALLYDEBUG rally.task.utils [-] Waiting for resource s_rally_2eda1f99_px6uNf31. Status changed: DETACHING => AVAILABLE in 2.203933000564575
2020-04-13 03:40:40.650 16067 RALLYDEBUG rally.task.utils [-] Waiting for resource s_rally_2eda1f99_px6uNf31. Status changed: AVAILABLE => DELETING in 0.0747370719909668
2020-04-13 03:40:40.868 16069 RALLYDEBUG rally.task.utils [-] Waiting for resource s_rally_2eda1f99_h1AbIGfV. Status changed: DETACHING => AVAILABLE in 2.202335834503174
2020-04-13 03:40:41.013 16069 RALLYDEBUG rally.task.utils [-] Waiting for resource s_rally_2eda1f99_h1AbIGfV. Status changed: AVAILABLE => DELETING in 0.07407951354980469
2020-04-13 03:40:45.130 16067 INFO rally.task.runner [-] Task 54ca9db5-9f0d-4f62-872e-be11d4cd768c | ITER: 1 END: OK
2020-04-13 03:40:45.136 16067 INFO rally.task.runner [-] Task 54ca9db5-9f0d-4f62-872e-be11d4cd768c | ITER: 5 START
2020-04-13 03:40:45.587 16069 INFO rally.task.runner [-] Task 54ca9db5-9f0d-4f62-872e-be11d4cd768c | ITER: 3 END: OK
2020-04-13 03:40:45.593 16069 INFO rally.task.runner [-] Task 54ca9db5-9f0d-4f62-872e-be11d4cd768c | ITER: 6 START
2020-04-13 03:40:51.602 16070 RALLYDEBUG rally.task.utils [-] Waiting for resource s_rally_2eda1f99_xcudwO2h. Status changed: MIGRATING => ACTIVE in 20.972859382629395
2020-04-13 03:40:51.701 16068 RALLYDEBUG rally.task.utils [-] Waiting for resource s_rally_2eda1f99_HvX8Av1D. Status changed: MIGRATING => ACTIVE in 19.948946237564087
2020-04-13 03:40:52.222 16070 RALLYDEBUG rally.task.utils [-] Waiting for resource s_rally_2eda1f99_jnlOeirp. Status changed: AVAILABLE => DETACHING in 0.20209884643554688
2020-04-13 03:40:52.361 16068 RALLYDEBUG rally.task.utils [-] Waiting for resource s_rally_2eda1f99_UadqvM2F. Status changed: AVAILABLE => DETACHING in 0.20231246948242188
2020-04-13 03:40:54.256 16067 RALLYDEBUG rally.task.utils [-] Waiting for resource s_rally_2eda1f99_VSpAac5Q. Status changed: BUILD => ACTIVE in 6.831497430801392
2020-04-13 03:40:54.424 16070 RALLYDEBUG rally.task.utils [-] Waiting for resource s_rally_2eda1f99_jnlOeirp. Status changed: DETACHING => AVAILABLE in 2.201892614364624
2020-04-13 03:40:54.549 16068 RALLYDEBUG rally.task.utils [-] Waiting for resource s_rally_2eda1f99_UadqvM2F. Status changed: DETACHING => AVAILABLE in 2.188124418258667
2020-04-13 03:40:54.588 16070 RALLYDEBUG rally.task.utils [-] Waiting for resource s_rally_2eda1f99_jnlOeirp. Status changed: AVAILABLE => DELETING in 0.07387256622314453
2020-04-13 03:40:54.707 16068 RALLYDEBUG rally.task.utils [-] Waiting for resource s_rally_2eda1f99_UadqvM2F. Status changed: AVAILABLE => DELETING in 0.0777742862701416
2020-04-13 03:40:57.132 16069 RALLYDEBUG rally.task.utils [-] Waiting for resource s_rally_2eda1f99_B8BcRXlq. Status changed: BUILD => ACTIVE in 9.03804087638855
2020-04-13 03:40:57.315 16067 RALLYDEBUG rally.task.utils [-] Waiting for resource s_rally_2eda1f99_NBn1Jssu. Status changed: AVAILABLE => RESERVED in 0.20583128929138184
2020-04-13 03:40:59.094 16070 INFO rally.task.runner [-] Task 54ca9db5-9f0d-4f62-872e-be11d4cd768c | ITER: 4 END: OK
2020-04-13 03:40:59.101 16070 INFO rally.task.runner [-] Task 54ca9db5-9f0d-4f62-872e-be11d4cd768c | ITER: 7 START
2020-04-13 03:40:59.549 16067 RALLYDEBUG rally.task.utils [-] Waiting for resource s_rally_2eda1f99_NBn1Jssu. Status changed: RESERVED => IN-USE in 2.233319044113159
2020-04-13 03:40:59.777 16068 INFO rally.task.runner [-] Task 54ca9db5-9f0d-4f62-872e-be11d4cd768c | ITER: 2 END: OK
2020-04-13 03:40:59.784 16068 INFO rally.task.runner [-] Task 54ca9db5-9f0d-4f62-872e-be11d4cd768c | ITER: 8 START
2020-04-13 03:41:00.228 16069 RALLYDEBUG rally.task.utils [-] Waiting for resource s_rally_2eda1f99_9zHudEHP. Status changed: AVAILABLE => RESERVED in 0.20494461059570312
2020-04-13 03:41:01.440 16067 RALLYDEBUG rally.task.utils [-] Waiting for resource s_rally_2eda1f99_VSpAac5Q. Status changed: ACTIVE => MIGRATING in 0.21222162246704102
2020-04-13 03:41:02.415 16069 RALLYDEBUG rally.task.utils [-] Waiting for resource s_rally_2eda1f99_9zHudEHP. Status changed: RESERVED => IN-USE in 2.1867661476135254
2020-04-13 03:41:04.288 16069 RALLYDEBUG rally.task.utils [-] Waiting for resource s_rally_2eda1f99_B8BcRXlq. Status changed: ACTIVE => MIGRATING in 0.2181260585784912
2020-04-13 03:41:08.120 16070 RALLYDEBUG rally.task.utils [-] Waiting for resource s_rally_2eda1f99_YF6iJdMH. Status changed: BUILD => ACTIVE in 6.9490966796875
2020-04-13 03:41:09.723 16068 RALLYDEBUG rally.task.utils [-] Waiting for resource s_rally_2eda1f99_RkGg3apU. Status changed: BUILD => ACTIVE in 7.5979650020599365
2020-04-13 03:41:11.162 16070 RALLYDEBUG rally.task.utils [-] Waiting for resource s_rally_2eda1f99_K7yTU2aK. Status changed: AVAILABLE => RESERVED in 0.19318866729736328
2020-04-13 03:41:12.697 16068 RALLYDEBUG rally.task.utils [-] Waiting for resource s_rally_2eda1f99_A0Sx7RQb. Status changed: AVAILABLE => RESERVED in 0.17827081680297852
2020-04-13 03:41:13.365 16070 RALLYDEBUG rally.task.utils [-] Waiting for resource s_rally_2eda1f99_K7yTU2aK. Status changed: RESERVED => IN-USE in 2.2025482654571533
2020-04-13 03:41:14.732 16067 RALLYDEBUG rally.task.utils [-] Waiting for resource s_rally_2eda1f99_VSpAac5Q. Status changed: MIGRATING => ACTIVE in 13.292399883270264
2020-04-13 03:41:14.891 16068 RALLYDEBUG rally.task.utils [-] Waiting for resource s_rally_2eda1f99_A0Sx7RQb. Status changed: RESERVED => IN-USE in 2.1940102577209473
2020-04-13 03:41:15.346 16067 RALLYDEBUG rally.task.utils [-] Waiting for resource s_rally_2eda1f99_NBn1Jssu. Status changed: AVAILABLE => DETACHING in 0.18123221397399902
2020-04-13 03:41:15.649 16070 RALLYDEBUG rally.task.utils [-] Waiting for resource s_rally_2eda1f99_YF6iJdMH. Status changed: ACTIVE => MIGRATING in 0.21400237083435059
2020-04-13 03:41:16.710 16068 RALLYDEBUG rally.task.utils [-] Waiting for resource s_rally_2eda1f99_RkGg3apU. Status changed: ACTIVE => MIGRATING in 0.24430513381958008
2020-04-13 03:41:17.546 16067 RALLYDEBUG rally.task.utils [-] Waiting for resource s_rally_2eda1f99_NBn1Jssu. Status changed: DETACHING => AVAILABLE in 2.1997532844543457
2020-04-13 03:41:17.709 16067 RALLYDEBUG rally.task.utils [-] Waiting for resource s_rally_2eda1f99_NBn1Jssu. Status changed: AVAILABLE => DELETING in 0.08159327507019043
2020-04-13 03:41:24.351 16069 RALLYDEBUG rally.task.utils [-] Waiting for resource s_rally_2eda1f99_B8BcRXlq. Status changed: MIGRATING => ACTIVE in 20.063246488571167
2020-04-13 03:41:24.385 16067 INFO rally.task.runner [-] Task 54ca9db5-9f0d-4f62-872e-be11d4cd768c | ITER: 5 END: OK
2020-04-13 03:41:24.390 16067 INFO rally.task.runner [-] Task 54ca9db5-9f0d-4f62-872e-be11d4cd768c | ITER: 9 START
2020-04-13 03:41:25.074 16069 RALLYDEBUG rally.task.utils [-] Waiting for resource s_rally_2eda1f99_9zHudEHP. Status changed: AVAILABLE => DETACHING in 0.2129981517791748
2020-04-13 03:41:26.829 16070 RALLYDEBUG rally.task.utils [-] Waiting for resource s_rally_2eda1f99_YF6iJdMH. Status changed: MIGRATING => ACTIVE in 11.180596590042114
2020-04-13 03:41:27.305 16069 RALLYDEBUG rally.task.utils [-] Waiting for resource s_rally_2eda1f99_9zHudEHP. Status changed: DETACHING => AVAILABLE in 2.2305681705474854
2020-04-13 03:41:27.472 16069 RALLYDEBUG rally.task.utils [-] Waiting for resource s_rally_2eda1f99_9zHudEHP. Status changed: AVAILABLE => DELETING in 0.0764162540435791
2020-04-13 03:41:27.509 16070 RALLYDEBUG rally.task.utils [-] Waiting for resource s_rally_2eda1f99_K7yTU2aK. Status changed: AVAILABLE => DETACHING in 0.21726393699645996
2020-04-13 03:41:29.697 16070 RALLYDEBUG rally.task.utils [-] Waiting for resource s_rally_2eda1f99_K7yTU2aK. Status changed: DETACHING => AVAILABLE in 2.1879591941833496
2020-04-13 03:41:29.844 16070 RALLYDEBUG rally.task.utils [-] Waiting for resource s_rally_2eda1f99_K7yTU2aK. Status changed: AVAILABLE => DELETING in 0.0739140510559082
2020-04-13 03:41:31.939 16069 INFO rally.task.runner [-] Task 54ca9db5-9f0d-4f62-872e-be11d4cd768c | ITER: 6 END: OK
2020-04-13 03:41:31.945 16069 INFO rally.task.runner [-] Task 54ca9db5-9f0d-4f62-872e-be11d4cd768c | ITER: 10 START
2020-04-13 03:41:33.992 16067 RALLYDEBUG rally.task.utils [-] Waiting for resource s_rally_2eda1f99_V1lYJbls. Status changed: BUILD => ACTIVE in 7.2175071239471436
2020-04-13 03:41:34.426 16070 INFO rally.task.runner [-] Task 54ca9db5-9f0d-4f62-872e-be11d4cd768c | ITER: 7 END: OK
2020-04-13 03:41:37.024 16067 RALLYDEBUG rally.task.utils [-] Waiting for resource s_rally_2eda1f99_7rCmyUGq. Status changed: AVAILABLE => RESERVED in 0.19679903984069824
2020-04-13 03:41:39.215 16067 RALLYDEBUG rally.task.utils [-] Waiting for resource s_rally_2eda1f99_7rCmyUGq. Status changed: RESERVED => IN-USE in 2.191164493560791
2020-04-13 03:41:39.618 16068 RALLYDEBUG rally.task.utils [-] Waiting for resource s_rally_2eda1f99_RkGg3apU. Status changed: MIGRATING => ACTIVE in 22.907830238342285
2020-04-13 03:41:40.308 16068 RALLYDEBUG rally.task.utils [-] Waiting for resource s_rally_2eda1f99_A0Sx7RQb. Status changed: AVAILABLE => DETACHING in 0.20004844665527344
2020-04-13 03:41:41.213 16067 RALLYDEBUG rally.task.utils [-] Waiting for resource s_rally_2eda1f99_V1lYJbls. Status changed: ACTIVE => MIGRATING in 0.2054741382598877
2020-04-13 03:41:41.213 16069 RALLYDEBUG rally.task.utils [-] Waiting for resource s_rally_2eda1f99_RxzmREZi. Status changed: BUILD => ACTIVE in 7.331181764602661
2020-04-13 03:41:42.499 16068 RALLYDEBUG rally.task.utils [-] Waiting for resource s_rally_2eda1f99_A0Sx7RQb. Status changed: DETACHING => AVAILABLE in 2.190850019454956
2020-04-13 03:41:42.647 16068 RALLYDEBUG rally.task.utils [-] Waiting for resource s_rally_2eda1f99_A0Sx7RQb. Status changed: AVAILABLE => DELETING in 0.07461237907409668
2020-04-13 03:41:44.329 16069 RALLYDEBUG rally.task.utils [-] Waiting for resource s_rally_2eda1f99_QamJ4xIr. Status changed: AVAILABLE => RESERVED in 0.19447565078735352
2020-04-13 03:41:46.544 16069 RALLYDEBUG rally.task.utils [-] Waiting for resource s_rally_2eda1f99_QamJ4xIr. Status changed: RESERVED => IN-USE in 2.215043544769287
2020-04-13 03:41:47.510 16068 INFO rally.task.runner [-] Task 54ca9db5-9f0d-4f62-872e-be11d4cd768c | ITER: 8 END: OK
2020-04-13 03:41:48.440 16069 RALLYDEBUG rally.task.utils [-] Waiting for resource s_rally_2eda1f99_RxzmREZi. Status changed: ACTIVE => MIGRATING in 0.1799015998840332
2020-04-13 03:41:50.252 16067 RALLYDEBUG rally.task.utils [-] Waiting for resource s_rally_2eda1f99_V1lYJbls. Status changed: MIGRATING => ACTIVE in 9.038275003433228
2020-04-13 03:41:50.942 16067 RALLYDEBUG rally.task.utils [-] Waiting for resource s_rally_2eda1f99_7rCmyUGq. Status changed: AVAILABLE => DETACHING in 0.20484566688537598
2020-04-13 03:41:53.126 16067 RALLYDEBUG rally.task.utils [-] Waiting for resource s_rally_2eda1f99_7rCmyUGq. Status changed: DETACHING => AVAILABLE in 2.1840076446533203
2020-04-13 03:41:53.288 16067 RALLYDEBUG rally.task.utils [-] Waiting for resource s_rally_2eda1f99_7rCmyUGq. Status changed: AVAILABLE => DELETING in 0.07784748077392578
2020-04-13 03:41:57.324 16069 RALLYDEBUG rally.task.utils [-] Waiting for resource s_rally_2eda1f99_RxzmREZi. Status changed: MIGRATING => ACTIVE in 8.884125709533691
2020-04-13 03:41:57.940 16069 RALLYDEBUG rally.task.utils [-] Waiting for resource s_rally_2eda1f99_QamJ4xIr. Status changed: AVAILABLE => DETACHING in 0.18425559997558594
2020-04-13 03:41:59.935 16067 INFO rally.task.runner [-] Task 54ca9db5-9f0d-4f62-872e-be11d4cd768c | ITER: 9 END: OK
2020-04-13 03:42:00.175 16069 RALLYDEBUG rally.task.utils [-] Waiting for resource s_rally_2eda1f99_QamJ4xIr. Status changed: DETACHING => AVAILABLE in 2.234630584716797
2020-04-13 03:42:00.335 16069 RALLYDEBUG rally.task.utils [-] Waiting for resource s_rally_2eda1f99_QamJ4xIr. Status changed: AVAILABLE => DELETING in 0.07261276245117188
2020-04-13 03:42:04.864 16069 INFO rally.task.runner [-] Task 54ca9db5-9f0d-4f62-872e-be11d4cd768c | ITER: 10 END: OK
2020-04-13 03:42:04.893 14489 INFO rally.task.context [-] Task 54ca9db5-9f0d-4f62-872e-be11d4cd768c | Context cleanup@openstack cleanup() started
2020-04-13 03:42:04.900 14489 RALLYDEBUG rally_openstack.cleanup.manager [-] Cleaning up nova servers objects
2020-04-13 03:42:05.598 14489 RALLYDEBUG rally_openstack.cleanup.manager [-] Cleaning up nova server_groups objects
2020-04-13 03:42:06.007 14489 RALLYDEBUG rally_openstack.cleanup.manager [-] Cleaning up nova keypairs objects
2020-04-13 03:42:06.981 14489 RALLYDEBUG rally_openstack.cleanup.manager [-] Cleaning up cinder backups objects
2020-04-13 03:42:07.496 14489 RALLYDEBUG rally_openstack.cleanup.manager [-] Cleaning up cinder volume_snapshots objects
2020-04-13 03:42:07.964 14489 RALLYDEBUG rally_openstack.cleanup.manager [-] Cleaning up cinder transfers objects
2020-04-13 03:42:08.410 14489 RALLYDEBUG rally_openstack.cleanup.manager [-] Cleaning up cinder volumes objects
2020-04-13 03:42:08.977 14489 INFO rally.task.context [-] Task 54ca9db5-9f0d-4f62-872e-be11d4cd768c | Context cleanup@openstack cleanup() finished in 4.08 sec
2020-04-13 03:42:08.977 14489 INFO rally.task.context [-] Task 54ca9db5-9f0d-4f62-872e-be11d4cd768c | Context api_versions@openstack cleanup() started
2020-04-13 03:42:08.978 14489 INFO rally.task.context [-] Task 54ca9db5-9f0d-4f62-872e-be11d4cd768c | Context api_versions@openstack cleanup() finished in 0.36 msec
2020-04-13 03:42:08.978 14489 INFO rally.task.context [-] Task 54ca9db5-9f0d-4f62-872e-be11d4cd768c | Context users@openstack cleanup() started
2020-04-13 03:42:09.115 14489 WARNING rally.common.logging [-] `iterate_per_tenants()' is deprecated in v3.0.0: it is openstack specific.. Used at
2020-04-13 03:42:11.110 14489 INFO rally.task.context [-] Task 54ca9db5-9f0d-4f62-872e-be11d4cd768c | Context users@openstack cleanup() finished in 2.13 sec
2020-04-13 03:42:11.597 14489 INFO rally.task.engine [-] Load duration is: 112.317894
2020-04-13 03:42:11.597 14489 INFO rally.task.engine [-] Full runner duration is: 113.372804
2020-04-13 03:42:11.598 14489 INFO rally.task.engine [-] Full duration is: 122.094614
2020-04-13 03:42:11.697 14489 INFO rally.task.engine [-] Running workload: position = 0 config = { "version": 2, "title": "A cropped version of a bigger task.", "description": "Auto-generated task from a single workload (uuid=51c473d1-b1c2-4faf-8154-efc077c2275f)", "subtasks": [ { "title": "NovaServers.boot_server_from_volume_and_live_migrate", "description": "Boot a server from volume and then migrate it.", "scenario": { "NovaServers.boot_server_from_volume_and_live_migrate": { "flavor": { "name": "rally_full_cntt-flavor_044c9470-22d6-4136-99e6-972dd7ba6ded" }, "image": { "name": "rally_full_cntt-img_044c9470-22d6-4136-99e6-972dd7ba6ded" }, "block_migration": false, "volume_size": 1, "force_delete": false, "nics": [ { "net-id": "d5c82f55-cd77-41d0-b8f0-9f2abb7d4008" } ] } }, "contexts": { "users": { "tenants": 3, "users_per_tenant": 2 }, "api_versions": { "cinder": { "version": 3, "service_type": "volumev3" } } }, "runner": { "constant": { "concurrency": 4, "times": 10 } }, "hooks": [], "sla": { "failure_rate": { "max": 0 } } } ] }
2020-04-13 03:42:11.720 14489 RALLYDEBUG rally_openstack.contexts.keystone.users [-] Creating 3 tenants using 3 threads
2020-04-13 03:42:12.217 14489 RALLYDEBUG rally_openstack.contexts.keystone.users [-] Creating 6 users using 6 threads
2020-04-13 03:42:13.104 14489 INFO rally.task.context [-] Task 54ca9db5-9f0d-4f62-872e-be11d4cd768c | Context users@openstack setup() finished in 1.38 sec
2020-04-13 03:42:13.238 14489 INFO rally.task.context [-] Task 54ca9db5-9f0d-4f62-872e-be11d4cd768c | Context api_versions@openstack setup() finished in 0.13 sec
2020-04-13 03:42:13.239 14489 INFO rally.task.context [-] Task 54ca9db5-9f0d-4f62-872e-be11d4cd768c | Context cleanup@openstack setup() finished in 0.13 msec
2020-04-13 03:42:13.803 14489 RALLYDEBUG rally.task.runner [-] Starting the constant runner (task UUID: 54ca9db5-9f0d-4f62-872e-be11d4cd768c). times: 10 concurrency: 4 timeout: 0 max_cpu_used: 88 processes_to_start: 4 concurrency_per_worker: 1 concurrency_overhead: 0
2020-04-13 03:42:13.815 16280 RALLYDEBUG rally.task.runner [-] Starting a worker. times: 10 duration: None concurrency: 1 timeout: 0 cls: method_name: run args: {"flavor": "9aa73c23-88f1-4dc3-bf55-62ae88433dc3", "image": "2a496ff0-46a2-42f3-b37f-80386448dd5b", "block_migration": false, "volume_size": 1, "force_delete": false, "nics": [{"net-id": "d5c82f55-cd77-41d0-b8f0-9f2abb7d4008"}]}
2020-04-13 03:42:13.818 16281 RALLYDEBUG rally.task.runner [-] Starting a worker. times: 10 duration: None concurrency: 1 timeout: 0 cls: method_name: run args: {"flavor": "9aa73c23-88f1-4dc3-bf55-62ae88433dc3", "image": "2a496ff0-46a2-42f3-b37f-80386448dd5b", "block_migration": false, "volume_size": 1, "force_delete": false, "nics": [{"net-id": "d5c82f55-cd77-41d0-b8f0-9f2abb7d4008"}]}
2020-04-13 03:42:13.820 16280 INFO rally.task.runner [-] Task 54ca9db5-9f0d-4f62-872e-be11d4cd768c | ITER: 1 START
2020-04-13 03:42:13.822 16282 RALLYDEBUG rally.task.runner [-] Starting a worker. times: 10 duration: None concurrency: 1 timeout: 0 cls: method_name: run args: {"flavor": "9aa73c23-88f1-4dc3-bf55-62ae88433dc3", "image": "2a496ff0-46a2-42f3-b37f-80386448dd5b", "block_migration": false, "volume_size": 1, "force_delete": false, "nics": [{"net-id": "d5c82f55-cd77-41d0-b8f0-9f2abb7d4008"}]}
2020-04-13 03:42:13.824 16281 INFO rally.task.runner [-] Task 54ca9db5-9f0d-4f62-872e-be11d4cd768c | ITER: 2 START
2020-04-13 03:42:13.825 16284 RALLYDEBUG rally.task.runner [-] Starting a worker. times: 10 duration: None concurrency: 1 timeout: 0 cls: method_name: run args: {"flavor": "9aa73c23-88f1-4dc3-bf55-62ae88433dc3", "image": "2a496ff0-46a2-42f3-b37f-80386448dd5b", "block_migration": false, "volume_size": 1, "force_delete": false, "nics": [{"net-id": "d5c82f55-cd77-41d0-b8f0-9f2abb7d4008"}]}
2020-04-13 03:42:13.829 16282 INFO rally.task.runner [-] Task 54ca9db5-9f0d-4f62-872e-be11d4cd768c | ITER: 3 START
2020-04-13 03:42:13.832 16284 INFO rally.task.runner [-] Task 54ca9db5-9f0d-4f62-872e-be11d4cd768c | ITER: 4 START
2020-04-13 03:42:18.663 16280 RALLYDEBUG rally.task.utils [-] Waiting for resource s_rally_51c473d1_628A5Nbs. Status changed: DOWNLOADING => AVAILABLE in 2.227527379989624
2020-04-13 03:42:18.665 16284 RALLYDEBUG rally.task.utils [-] Waiting for resource s_rally_51c473d1_aHgkpiMt. Status changed: DOWNLOADING => AVAILABLE in 2.2479052543640137
2020-04-13 03:42:18.711 16281 RALLYDEBUG rally.task.utils [-] Waiting for resource s_rally_51c473d1_HAHbio4C. Status changed: DOWNLOADING => AVAILABLE in 2.230067491531372
2020-04-13 03:42:19.630 16282 RALLYDEBUG rally.task.utils [-] Waiting for resource s_rally_51c473d1_TOkkW9H9. Status changed: DOWNLOADING => AVAILABLE in 2.2107930183410645
2020-04-13 03:42:29.174 16284 RALLYDEBUG rally.task.utils [-] Waiting for resource s_rally_51c473d1_lA9KPrDW. Status changed: BUILD => ACTIVE in 7.496862888336182
2020-04-13 03:42:29.893 16281 RALLYDEBUG rally.task.utils [-] Waiting for resource s_rally_51c473d1_W7QPxCZJ. Status changed: BUILD => ACTIVE in 8.983611583709717
2020-04-13 03:42:31.159 16284 RALLYDEBUG rally.task.utils [-] Waiting for resource s_rally_51c473d1_lA9KPrDW. Status changed: ACTIVE => MIGRATING in 0.27888035774230957
2020-04-13 03:42:31.464 16282 RALLYDEBUG rally.task.utils [-] Waiting for resource s_rally_51c473d1_9VInw6wt. Status changed: BUILD => ACTIVE in 9.787249088287354
2020-04-13 03:42:31.818 16281 RALLYDEBUG rally.task.utils [-] Waiting for resource s_rally_51c473d1_W7QPxCZJ. Status changed: ACTIVE => MIGRATING in 0.2184751033782959
2020-04-13 03:42:33.546 16280 RALLYDEBUG rally.task.utils [-] Waiting for resource s_rally_51c473d1_n6keKzej. Status changed: BUILD => ACTIVE in 11.853809356689453
2020-04-13 03:42:34.042 16282 RALLYDEBUG rally.task.utils [-] Waiting for resource s_rally_51c473d1_9VInw6wt. Status changed: ACTIVE => MIGRATING in 0.6577472686767578
2020-04-13 03:42:35.789 16280 RALLYDEBUG rally.task.utils [-] Waiting for resource s_rally_51c473d1_n6keKzej. Status changed: ACTIVE => MIGRATING in 0.25115084648132324
2020-04-13 03:42:42.554 16284 RALLYDEBUG rally.task.utils [-] Waiting for resource s_rally_51c473d1_lA9KPrDW. Status changed: MIGRATING => ACTIVE in 11.394821166992188
2020-04-13 03:42:43.607 16282 RALLYDEBUG rally.task.utils [-] Waiting for resource s_rally_51c473d1_9VInw6wt. Status changed: MIGRATING => ACTIVE in 9.564750671386719
2020-04-13 03:42:45.319 16284 INFO rally.task.runner [-] Task 54ca9db5-9f0d-4f62-872e-be11d4cd768c | ITER: 4 END: OK
2020-04-13 03:42:45.327 16284 INFO rally.task.runner [-] Task 54ca9db5-9f0d-4f62-872e-be11d4cd768c | ITER: 5 START
2020-04-13 03:42:46.340 16282 INFO rally.task.runner [-] Task 54ca9db5-9f0d-4f62-872e-be11d4cd768c | ITER: 3 END: OK
2020-04-13 03:42:46.347 16282 INFO rally.task.runner [-] Task 54ca9db5-9f0d-4f62-872e-be11d4cd768c | ITER: 6 START
2020-04-13 03:42:50.088 16284 RALLYDEBUG rally.task.utils [-] Waiting for resource s_rally_51c473d1_harU15Gt. Status changed: DOWNLOADING => AVAILABLE in 2.2330119609832764
2020-04-13 03:42:51.168 16282 RALLYDEBUG rally.task.utils [-] Waiting for resource s_rally_51c473d1_FywRwfWv. Status changed: DOWNLOADING => AVAILABLE in 2.2297260761260986
2020-04-13 03:42:54.888 16281 RALLYDEBUG rally.task.utils [-] Waiting for resource s_rally_51c473d1_W7QPxCZJ. Status changed: MIGRATING => ACTIVE in 23.07030153274536
2020-04-13 03:42:55.921 16280 RALLYDEBUG rally.task.utils [-] Waiting for resource s_rally_51c473d1_n6keKzej. Status changed: MIGRATING => ACTIVE in 20.131569385528564
2020-04-13 03:42:57.650 16281 INFO rally.task.runner [-] Task 54ca9db5-9f0d-4f62-872e-be11d4cd768c | ITER: 2 END: OK
2020-04-13 03:42:57.657 16281 INFO rally.task.runner [-] Task 54ca9db5-9f0d-4f62-872e-be11d4cd768c | ITER: 7 START
2020-04-13 03:42:59.208 16284 RALLYDEBUG rally.task.utils [-] Waiting for resource s_rally_51c473d1_HZmtMAuK. Status changed: BUILD => ACTIVE in 7.193172216415405
2020-04-13 03:43:00.450 16282 RALLYDEBUG rally.task.utils [-] Waiting for resource s_rally_51c473d1_DxTdPKhf. Status changed: BUILD => ACTIVE in 6.819701910018921
2020-04-13 03:43:00.852 16280 INFO rally.task.runner [-] Task 54ca9db5-9f0d-4f62-872e-be11d4cd768c | ITER: 1 END: OK
2020-04-13 03:43:00.858 16280 INFO rally.task.runner [-] Task 54ca9db5-9f0d-4f62-872e-be11d4cd768c | ITER: 8 START
2020-04-13 03:43:01.216 16284 RALLYDEBUG rally.task.utils [-] Waiting for resource s_rally_51c473d1_HZmtMAuK. Status changed: ACTIVE => MIGRATING in 0.2020878791809082
2020-04-13 03:43:02.414 16281 RALLYDEBUG rally.task.utils [-] Waiting for resource s_rally_51c473d1_nK20vhAa. Status changed: DOWNLOADING => AVAILABLE in 2.2186198234558105
2020-04-13 03:43:02.782 16282 RALLYDEBUG rally.task.utils [-] Waiting for resource s_rally_51c473d1_DxTdPKhf. Status changed: ACTIVE => MIGRATING in 0.26363301277160645
2020-04-13 03:43:05.650 16280 RALLYDEBUG rally.task.utils [-] Waiting for resource s_rally_51c473d1_7f1atfGV. Status changed: DOWNLOADING => AVAILABLE in 2.238520383834839
2020-04-13 03:43:10.270 16284 RALLYDEBUG rally.task.utils [-] Waiting for resource s_rally_51c473d1_HZmtMAuK. Status changed: MIGRATING => ACTIVE in 9.054670572280884
2020-04-13 03:43:11.846 16281 RALLYDEBUG rally.task.utils [-] Waiting for resource s_rally_51c473d1_A5SI9dfe. Status changed: BUILD => ACTIVE in 6.973915338516235
2020-04-13 03:43:12.954 16284 INFO rally.task.runner [-] Task 54ca9db5-9f0d-4f62-872e-be11d4cd768c | ITER: 5 END: OK
2020-04-13 03:43:12.960 16284 INFO rally.task.runner [-] Task 54ca9db5-9f0d-4f62-872e-be11d4cd768c | ITER: 9 START
2020-04-13 03:43:13.881 16282 RALLYDEBUG rally.task.utils [-] Waiting for resource s_rally_51c473d1_DxTdPKhf. Status changed: MIGRATING => ACTIVE in 11.098714828491211
2020-04-13 03:43:13.917 16281 RALLYDEBUG rally.task.utils [-] Waiting for resource s_rally_51c473d1_A5SI9dfe. Status changed: ACTIVE => MIGRATING in 0.21151161193847656
2020-04-13 03:43:16.870 16280 RALLYDEBUG rally.task.utils [-] Waiting for resource s_rally_51c473d1_mPQK25HN. Status changed: BUILD => ACTIVE in 9.150826692581177
2020-04-13 03:43:17.803 16284 RALLYDEBUG rally.task.utils [-] Waiting for resource s_rally_51c473d1_Q1V006IP. Status changed: DOWNLOADING => AVAILABLE in 2.235851526260376
2020-04-13 03:43:18.650 16282 INFO rally.task.runner [-] Task 54ca9db5-9f0d-4f62-872e-be11d4cd768c | ITER: 6 END: OK
2020-04-13 03:43:18.656 16282 INFO rally.task.runner [-] Task 54ca9db5-9f0d-4f62-872e-be11d4cd768c | ITER: 10 START
2020-04-13 03:43:19.184 16280 RALLYDEBUG rally.task.utils [-] Waiting for resource s_rally_51c473d1_mPQK25HN. Status changed: ACTIVE => MIGRATING in 0.2052140235900879
2020-04-13 03:43:22.798 16281 RALLYDEBUG rally.task.utils [-] Waiting for resource s_rally_51c473d1_A5SI9dfe. Status changed: MIGRATING => ACTIVE in 8.881126642227173
2020-04-13 03:43:23.571 16282 RALLYDEBUG rally.task.utils [-] Waiting for resource s_rally_51c473d1_CZ7mljfh. Status changed: DOWNLOADING => AVAILABLE in 2.373823404312134
2020-04-13 03:43:25.490 16281 INFO rally.task.runner [-] Task 54ca9db5-9f0d-4f62-872e-be11d4cd768c | ITER: 7 END: OK
2020-04-13 03:43:27.064 16284 RALLYDEBUG rally.task.utils [-] Waiting for resource s_rally_51c473d1_wSluyikS. Status changed: BUILD => ACTIVE in 6.826123476028442
2020-04-13 03:43:29.641 16284 RALLYDEBUG rally.task.utils [-] Waiting for resource s_rally_51c473d1_wSluyikS. Status changed: ACTIVE => MIGRATING in 0.21442580223083496
2020-04-13 03:43:30.687 16280 RALLYDEBUG rally.task.utils [-] Waiting for resource s_rally_51c473d1_mPQK25HN. Status changed: MIGRATING => ACTIVE in 11.503650426864624
2020-04-13 03:43:32.782 16282 RALLYDEBUG rally.task.utils [-] Waiting for resource s_rally_51c473d1_Z6K0JWAn. Status changed: BUILD => ACTIVE in 6.789039373397827
2020-04-13 03:43:33.352 16280 INFO rally.task.runner [-] Task 54ca9db5-9f0d-4f62-872e-be11d4cd768c | ITER: 8 END: OK
2020-04-13 03:43:34.700 16282 RALLYDEBUG rally.task.utils [-] Waiting for resource s_rally_51c473d1_Z6K0JWAn. Status changed: ACTIVE => MIGRATING in 0.25172877311706543
2020-04-13 03:43:41.100 16284 RALLYDEBUG rally.task.utils [-] Waiting for resource s_rally_51c473d1_wSluyikS. Status changed: MIGRATING => ACTIVE in 11.459279298782349
2020-04-13 03:43:46.322 16284 INFO rally.task.runner [-] Task 54ca9db5-9f0d-4f62-872e-be11d4cd768c | ITER: 9 END: OK
2020-04-13 03:43:52.430 16282 RALLYDEBUG rally.task.utils [-] Waiting for resource s_rally_51c473d1_Z6K0JWAn. Status changed: MIGRATING => ACTIVE in 17.73064947128296
2020-04-13 03:43:55.442 16282 INFO rally.task.runner [-] Task 54ca9db5-9f0d-4f62-872e-be11d4cd768c | ITER: 10 END: OK
2020-04-13 03:43:55.470 14489 INFO rally.task.context [-] Task 54ca9db5-9f0d-4f62-872e-be11d4cd768c | Context cleanup@openstack cleanup() started
2020-04-13 03:43:55.477 14489 RALLYDEBUG rally_openstack.cleanup.manager [-] Cleaning up nova servers objects
2020-04-13 03:43:56.240 14489 RALLYDEBUG rally_openstack.cleanup.manager [-] Cleaning up nova server_groups objects
2020-04-13 03:43:56.718 14489 RALLYDEBUG rally_openstack.cleanup.manager [-] Cleaning up nova keypairs objects
2020-04-13 03:43:57.715 14489 RALLYDEBUG rally_openstack.cleanup.manager [-] Cleaning up cinder backups objects
2020-04-13 03:43:58.260 14489 RALLYDEBUG rally_openstack.cleanup.manager [-] Cleaning up cinder volume_snapshots objects
2020-04-13 03:43:58.780 14489 RALLYDEBUG rally_openstack.cleanup.manager [-] Cleaning up cinder transfers objects
2020-04-13 03:43:59.258 14489 RALLYDEBUG rally_openstack.cleanup.manager [-] Cleaning up cinder volumes objects
2020-04-13 03:43:59.883 14489 RALLYDEBUG rally_openstack.cleanup.manager [-] Deleting cinder.volumes object s_rally_51c473d1_TOkkW9H9 (f34d5259-2a3a-42b2-99cc-ea6502200521)
2020-04-13 03:43:59.916 14489 RALLYDEBUG rally_openstack.cleanup.manager [-] Deleting cinder.volumes object s_rally_51c473d1_CZ7mljfh (ca8fba80-92b0-4999-96a8-70df30e33ed7)
2020-04-13 03:43:59.900 14489 RALLYDEBUG rally_openstack.cleanup.manager [-] Deleting cinder.volumes object s_rally_51c473d1_Q1V006IP (d97e0677-a314-454e-9c77-b0459e138cdd)
2020-04-13 03:43:59.939 14489 RALLYDEBUG rally_openstack.cleanup.manager [-] Deleting cinder.volumes object s_rally_51c473d1_7f1atfGV (1c122fc0-fcc6-4fae-ad8c-5702f47a81f7)
2020-04-13 03:43:59.927 14489 RALLYDEBUG rally_openstack.cleanup.manager [-] Deleting cinder.volumes object s_rally_51c473d1_FywRwfWv (1cf8e994-10d9-44e2-869b-33186ca429d8)
2020-04-13 03:43:59.938 14489 RALLYDEBUG rally_openstack.cleanup.manager [-] Deleting cinder.volumes object s_rally_51c473d1_aHgkpiMt (2fced279-5205-43be-8d42-6d66a8f40ec6)
2020-04-13 03:43:59.940 14489 RALLYDEBUG rally_openstack.cleanup.manager [-] Deleting cinder.volumes object s_rally_51c473d1_HAHbio4C (8a92f4af-917b-41c4-8fbc-3423fb2fd494)
2020-04-13 03:43:59.941 14489 RALLYDEBUG rally_openstack.cleanup.manager [-] Deleting cinder.volumes object s_rally_51c473d1_nK20vhAa (73e5637f-dc56-42f3-b583-7ea5fa4608fc)
2020-04-13 03:43:59.941 14489 RALLYDEBUG rally_openstack.cleanup.manager [-] Deleting cinder.volumes object s_rally_51c473d1_harU15Gt (e4fc8c54-182d-424c-aca1-493b16561e89)
2020-04-13 03:43:59.941 14489 RALLYDEBUG rally_openstack.cleanup.manager [-] Deleting cinder.volumes object s_rally_51c473d1_628A5Nbs (0b092c49-21e9-4cd0-8401-800238fe186b)
2020-04-13 03:44:03.572 14489 INFO rally.task.context [-] Task 54ca9db5-9f0d-4f62-872e-be11d4cd768c | Context cleanup@openstack cleanup() finished in 8.10 sec
2020-04-13 03:44:03.573 14489 INFO rally.task.context [-] Task 54ca9db5-9f0d-4f62-872e-be11d4cd768c | Context api_versions@openstack cleanup() started
2020-04-13 03:44:03.573 14489 INFO rally.task.context [-] Task 54ca9db5-9f0d-4f62-872e-be11d4cd768c | Context api_versions@openstack cleanup() finished in 0.40 msec
2020-04-13 03:44:03.574 14489 INFO rally.task.context [-] Task 54ca9db5-9f0d-4f62-872e-be11d4cd768c | Context users@openstack cleanup() started
2020-04-13 03:44:03.720 14489 WARNING rally.common.logging [-] `iterate_per_tenants()' is deprecated in v3.0.0: it is openstack specific.. Used at
2020-04-13 03:44:05.719 14489 INFO rally.task.context [-] Task 54ca9db5-9f0d-4f62-872e-be11d4cd768c | Context users@openstack cleanup() finished in 2.14 sec
2020-04-13 03:44:06.263 14489 INFO rally.task.engine [-] Load duration is: 100.617564
2020-04-13 03:44:06.264 14489 INFO rally.task.engine [-] Full runner duration is: 101.666872
2020-04-13 03:44:06.264 14489 INFO rally.task.engine [-] Full duration is: 114.001829
2020-04-13 03:44:06.363 14489 INFO rally.task.engine [-] Running workload: position = 0 config = { "version": 2, "title": "A cropped version of a bigger task.", "description": "Auto-generated task from a single workload (uuid=98f8f6c3-87d1-4c13-b305-74992e1fc7d9)", "subtasks": [ { "title": "NovaKeypair.boot_and_delete_server_with_keypair", "description": "Boot and delete server with keypair.", "scenario": { "NovaKeypair.boot_and_delete_server_with_keypair": { "flavor": { "name": "rally_full_cntt-flavor_044c9470-22d6-4136-99e6-972dd7ba6ded" }, "image": { "name": "rally_full_cntt-img_044c9470-22d6-4136-99e6-972dd7ba6ded" }, "boot_server_kwargs": { "nics": [ { "net-id": "d5c82f55-cd77-41d0-b8f0-9f2abb7d4008" } ] } } }, "contexts": { "users": { "tenants": 3, "users_per_tenant": 2 }, "network": { "networks_per_tenant": 1, "start_cidr": "100.1.0.0/25" }, "quotas": { "neutron": { "network": -1, "port": -1, "subnet": -1 }, "nova": { "cores": -1, "floating_ips": -1, "instances": -1, "key_pairs": -1, "ram": -1, "security_group_rules": -1, "security_groups": -1 } } }, "runner": { "constant": { "concurrency": 4, "times": 10 } }, "hooks": [], "sla": { "failure_rate": { "max": 0 } } } ] }
2020-04-13 03:44:06.384 14489 RALLYDEBUG rally_openstack.contexts.keystone.users [-] Creating 3 tenants using 3 threads
2020-04-13 03:44:06.873 14489 RALLYDEBUG rally_openstack.contexts.keystone.users [-] Creating 6 users using 6 threads
2020-04-13 03:44:07.789 14489 INFO rally.task.context [-] Task 54ca9db5-9f0d-4f62-872e-be11d4cd768c | Context users@openstack setup() finished in 1.41 sec
2020-04-13 03:44:08.956 14489 INFO rally.task.context [-] Task 54ca9db5-9f0d-4f62-872e-be11d4cd768c | Context quotas@openstack setup() finished in 1.17 sec
2020-04-13 03:44:09.010 14489 WARNING rally.common.logging [-] `iterate_per_tenants()' is deprecated in v3.0.0: it is openstack specific.. Used at
2020-04-13 03:44:11.020 14489 RALLYDEBUG rally_openstack.wrappers.network [-] CIDR generated: 100.1.7.128/25
2020-04-13 03:44:15.810 14489 RALLYDEBUG rally_openstack.wrappers.network [-] CIDR generated: 100.1.8.0/25
2020-04-13 03:44:20.729 14489 RALLYDEBUG rally_openstack.wrappers.network [-] CIDR generated: 100.1.8.128/25
2020-04-13 03:44:23.180 14489 INFO rally.task.context [-] Task 54ca9db5-9f0d-4f62-872e-be11d4cd768c | Context network@openstack setup() finished in 14.22 sec
2020-04-13 03:44:23.181 14489 INFO rally.task.context [-] Task 54ca9db5-9f0d-4f62-872e-be11d4cd768c | Context cleanup@openstack setup() finished in 0.13 msec
2020-04-13 03:44:23.561 14489 RALLYDEBUG rally.task.runner [-] Starting the constant runner (task UUID: 54ca9db5-9f0d-4f62-872e-be11d4cd768c). times: 10 concurrency: 4 timeout: 0 max_cpu_used: 88 processes_to_start: 4 concurrency_per_worker: 1 concurrency_overhead: 0
2020-04-13 03:44:23.576 16493 RALLYDEBUG rally.task.runner [-] Starting a worker. times: 10 duration: None concurrency: 1 timeout: 0 cls: method_name: run args: {"flavor": "9aa73c23-88f1-4dc3-bf55-62ae88433dc3", "image": "2a496ff0-46a2-42f3-b37f-80386448dd5b", "boot_server_kwargs": {"nics": [{"net-id": "d5c82f55-cd77-41d0-b8f0-9f2abb7d4008"}]}}
2020-04-13 03:44:23.579 16494 RALLYDEBUG rally.task.runner [-] Starting a worker. times: 10 duration: None concurrency: 1 timeout: 0 cls: method_name: run args: {"flavor": "9aa73c23-88f1-4dc3-bf55-62ae88433dc3", "image": "2a496ff0-46a2-42f3-b37f-80386448dd5b", "boot_server_kwargs": {"nics": [{"net-id": "d5c82f55-cd77-41d0-b8f0-9f2abb7d4008"}]}}
2020-04-13 03:44:23.582 16495 RALLYDEBUG rally.task.runner [-] Starting a worker. times: 10 duration: None concurrency: 1 timeout: 0 cls: method_name: run args: {"flavor": "9aa73c23-88f1-4dc3-bf55-62ae88433dc3", "image": "2a496ff0-46a2-42f3-b37f-80386448dd5b", "boot_server_kwargs": {"nics": [{"net-id": "d5c82f55-cd77-41d0-b8f0-9f2abb7d4008"}]}}
2020-04-13 03:44:23.584 16493 INFO rally.task.runner [-] Task 54ca9db5-9f0d-4f62-872e-be11d4cd768c | ITER: 1 START
2020-04-13 03:44:23.585 16496 RALLYDEBUG rally.task.runner [-] Starting a worker. times: 10 duration: None concurrency: 1 timeout: 0 cls: method_name: run args: {"flavor": "9aa73c23-88f1-4dc3-bf55-62ae88433dc3", "image": "2a496ff0-46a2-42f3-b37f-80386448dd5b", "boot_server_kwargs": {"nics": [{"net-id": "d5c82f55-cd77-41d0-b8f0-9f2abb7d4008"}]}}
2020-04-13 03:44:23.586 16494 INFO rally.task.runner [-] Task 54ca9db5-9f0d-4f62-872e-be11d4cd768c | ITER: 2 START
2020-04-13 03:44:23.589 16495 INFO rally.task.runner [-] Task 54ca9db5-9f0d-4f62-872e-be11d4cd768c | ITER: 3 START
2020-04-13 03:44:23.592 16496 INFO rally.task.runner [-] Task 54ca9db5-9f0d-4f62-872e-be11d4cd768c | ITER: 4 START
2020-04-13 03:44:32.615 16495 RALLYDEBUG rally.task.utils [-] Waiting for resource s_rally_98f8f6c3_urSrOHQs. Status changed: BUILD => ACTIVE in 6.858818054199219
2020-04-13 03:44:35.908 16493 RALLYDEBUG rally.task.utils [-] Waiting for resource s_rally_98f8f6c3_SX3c3ee7. Status changed: BUILD => ACTIVE in 9.703622579574585
2020-04-13 03:44:36.170 16494 RALLYDEBUG rally.task.utils [-] Waiting for resource s_rally_98f8f6c3_663C7oWk. Status changed: BUILD => ACTIVE in 9.614094734191895
2020-04-13 03:44:37.267 16495 INFO rally.task.runner [-] Task 54ca9db5-9f0d-4f62-872e-be11d4cd768c | ITER: 3 END: OK
2020-04-13 03:44:37.273 16495 INFO rally.task.runner [-] Task 54ca9db5-9f0d-4f62-872e-be11d4cd768c | ITER: 5 START
2020-04-13 03:44:37.355 16496 RALLYDEBUG rally.task.utils [-] Waiting for resource s_rally_98f8f6c3_BdchVsx3. Status changed: BUILD => ACTIVE in 11.554864406585693
2020-04-13 03:44:38.434 16493 INFO rally.task.runner [-] Task 54ca9db5-9f0d-4f62-872e-be11d4cd768c | ITER: 1 END: OK
2020-04-13 03:44:38.440 16493 INFO rally.task.runner [-] Task 54ca9db5-9f0d-4f62-872e-be11d4cd768c | ITER: 6 START
2020-04-13 03:44:38.768 16494 INFO rally.task.runner [-] Task 54ca9db5-9f0d-4f62-872e-be11d4cd768c | ITER: 2 END: OK
2020-04-13 03:44:38.774 16494 INFO rally.task.runner [-] Task 54ca9db5-9f0d-4f62-872e-be11d4cd768c | ITER: 7 START
2020-04-13 03:44:39.833 16496 INFO rally.task.runner [-] Task 54ca9db5-9f0d-4f62-872e-be11d4cd768c | ITER: 4 END: OK
2020-04-13 03:44:39.838 16496 INFO rally.task.runner [-] Task 54ca9db5-9f0d-4f62-872e-be11d4cd768c | ITER: 8 START
2020-04-13 03:44:47.067 16495 RALLYDEBUG rally.task.utils [-] Waiting for resource s_rally_98f8f6c3_H3wMGH8Y. Status changed: BUILD => ACTIVE in 7.305870771408081
2020-04-13 03:44:47.720 16493 RALLYDEBUG rally.task.utils [-] Waiting for resource s_rally_98f8f6c3_vWVtgS1Q. Status changed: BUILD => ACTIVE in 7.161853790283203
2020-04-13 03:44:48.036 16494 RALLYDEBUG rally.task.utils [-] Waiting for resource s_rally_98f8f6c3_Pf4Q2afo. Status changed: BUILD => ACTIVE in 6.897630214691162
2020-04-13 03:44:49.673 16495 INFO rally.task.runner [-] Task 54ca9db5-9f0d-4f62-872e-be11d4cd768c | ITER: 5 END: OK
2020-04-13 03:44:49.681 16495 INFO rally.task.runner [-] Task 54ca9db5-9f0d-4f62-872e-be11d4cd768c | ITER: 9 START
2020-04-13 03:44:50.299 16493 INFO rally.task.runner [-] Task 54ca9db5-9f0d-4f62-872e-be11d4cd768c | ITER: 6 END: OK
2020-04-13 03:44:50.304 16493 INFO rally.task.runner [-] Task 54ca9db5-9f0d-4f62-872e-be11d4cd768c | ITER: 10 START
2020-04-13 03:44:50.585 16494 INFO rally.task.runner [-] Task 54ca9db5-9f0d-4f62-872e-be11d4cd768c | ITER: 7 END: OK
2020-04-13 03:44:50.958 16496 RALLYDEBUG rally.task.utils [-] Waiting for resource s_rally_98f8f6c3_vwQgB5zu. Status changed: BUILD => ACTIVE in 9.047638654708862
2020-04-13 03:44:53.490 16496 INFO rally.task.runner [-] Task 54ca9db5-9f0d-4f62-872e-be11d4cd768c | ITER: 8 END: OK
2020-04-13 03:44:59.195 16495 RALLYDEBUG rally.task.utils [-] Waiting for resource s_rally_98f8f6c3_Qx0mYJPX. Status changed: BUILD => ACTIVE in 7.243334054946899
2020-04-13 03:44:59.900 16493 RALLYDEBUG rally.task.utils [-] Waiting for resource s_rally_98f8f6c3_UUM0FGYJ. Status changed: BUILD => ACTIVE in 7.181694030761719
2020-04-13 03:45:01.737 16495 INFO rally.task.runner [-] Task 54ca9db5-9f0d-4f62-872e-be11d4cd768c | ITER: 9 END: OK
2020-04-13 03:45:02.364 16493 INFO rally.task.runner [-] Task 54ca9db5-9f0d-4f62-872e-be11d4cd768c | ITER: 10 END: OK
2020-04-13 03:45:02.395 14489 INFO rally.task.context [-] Task 54ca9db5-9f0d-4f62-872e-be11d4cd768c | Context cleanup@openstack cleanup() started
2020-04-13 03:45:02.403 14489 RALLYDEBUG rally_openstack.cleanup.manager [-] Cleaning up nova servers objects
2020-04-13 03:45:03.103 14489 RALLYDEBUG rally_openstack.cleanup.manager [-] Cleaning up nova server_groups objects
2020-04-13 03:45:03.613 14489 RALLYDEBUG rally_openstack.cleanup.manager [-] Cleaning up nova keypairs objects
2020-04-13 03:45:04.719 14489 INFO rally.task.context [-] Task 54ca9db5-9f0d-4f62-872e-be11d4cd768c | Context cleanup@openstack cleanup() finished in 2.32 sec
2020-04-13 03:45:04.720 14489 INFO rally.task.context [-] Task 54ca9db5-9f0d-4f62-872e-be11d4cd768c | Context network@openstack cleanup() started
2020-04-13 03:45:28.477 14489 INFO rally.task.context [-] Task 54ca9db5-9f0d-4f62-872e-be11d4cd768c | Context network@openstack cleanup() finished in 23.76 sec
2020-04-13 03:45:28.478 14489 INFO rally.task.context [-] Task 54ca9db5-9f0d-4f62-872e-be11d4cd768c | Context quotas@openstack cleanup() started
2020-04-13 03:45:28.610 14489 INFO rally.task.context [-] Task 54ca9db5-9f0d-4f62-872e-be11d4cd768c | Context quotas@openstack cleanup() finished in 0.13 sec
2020-04-13 03:45:28.610 14489 INFO rally.task.context [-] Task 54ca9db5-9f0d-4f62-872e-be11d4cd768c | Context users@openstack cleanup() started
2020-04-13 03:45:28.752 14489 WARNING rally.common.logging [-] `iterate_per_tenants()' is deprecated in v3.0.0: it is openstack specific.. Used at
2020-04-13 03:45:30.804 14489 INFO rally.task.context [-] Task 54ca9db5-9f0d-4f62-872e-be11d4cd768c | Context users@openstack cleanup() finished in 2.19 sec
2020-04-13 03:45:32.815 14489 INFO rally.task.engine [-] Load duration is: 37.778915
2020-04-13 03:45:32.816 14489 INFO rally.task.engine [-] Full runner duration is: 38.834093
2020-04-13 03:45:32.816 14489 INFO rally.task.engine [-] Full duration is: 84.422794
2020-04-13 03:45:32.914 14489 INFO rally.task.engine [-] Running workload: position = 0 config = { "version": 2, "title": "A cropped version of a bigger task.", "description": "Auto-generated task from a single workload (uuid=a5783478-784e-456a-be85-34a19b3b80a8)", "subtasks": [ { "title": "NovaServers.boot_server_from_volume_and_delete", "description": "Boot a server from volume and then delete it.", "scenario": { "NovaServers.boot_server_from_volume_and_delete": { "flavor": { "name": "rally_full_cntt-flavor_044c9470-22d6-4136-99e6-972dd7ba6ded" }, "image": { "name": "rally_full_cntt-img_044c9470-22d6-4136-99e6-972dd7ba6ded" }, "volume_size": 1, "nics": [ { "net-id": "d5c82f55-cd77-41d0-b8f0-9f2abb7d4008" } ] } }, "contexts": { "users": { "tenants": 3, "users_per_tenant": 2 }, "network": { "networks_per_tenant": 1, "start_cidr": "100.1.0.0/25" }, "quotas": { "cinder": { "gigabytes": -1, "snapshots": -1, "volumes": -1 }, "neutron": { "network": -1, "port": -1, "subnet": -1 }, "nova": { "cores": -1, "floating_ips": -1, "instances": -1, "ram": -1, "security_group_rules": -1, "security_groups": -1 } }, "api_versions": { "cinder": { "version": 3, "service_type": "volumev3" } } }, "runner": { "constant": { "concurrency": 4, "times": 10 } }, "hooks": [], "sla": { "failure_rate": { "max": 0 } } } ] }
2020-04-13 03:45:32.936 14489 RALLYDEBUG rally_openstack.contexts.keystone.users [-] Creating 3 tenants using 3 threads
2020-04-13 03:45:33.462 14489 RALLYDEBUG rally_openstack.contexts.keystone.users [-] Creating 6 users using 6 threads
2020-04-13 03:45:34.527 14489 INFO rally.task.context [-] Task 54ca9db5-9f0d-4f62-872e-be11d4cd768c | Context users@openstack setup() finished in 1.59 sec
2020-04-13 03:45:34.692 14489 INFO rally.task.context [-] Task 54ca9db5-9f0d-4f62-872e-be11d4cd768c | Context api_versions@openstack setup() finished in 0.16 sec
2020-04-13 03:45:36.097 14489 INFO rally.task.context [-] Task 54ca9db5-9f0d-4f62-872e-be11d4cd768c | Context quotas@openstack setup() finished in 1.40 sec
2020-04-13 03:45:36.161 14489 WARNING rally.common.logging [-] `iterate_per_tenants()' is deprecated in v3.0.0: it is openstack specific.. Used at
2020-04-13 03:45:38.176 14489 RALLYDEBUG rally_openstack.wrappers.network [-] CIDR generated: 100.1.9.0/25
2020-04-13 03:45:42.557 14489 RALLYDEBUG rally_openstack.wrappers.network [-] CIDR generated: 100.1.9.128/25
2020-04-13 03:45:46.769 14489 RALLYDEBUG rally_openstack.wrappers.network [-] CIDR generated: 100.1.10.0/25
2020-04-13 03:45:49.957 14489 INFO rally.task.context [-] Task 54ca9db5-9f0d-4f62-872e-be11d4cd768c | Context network@openstack setup() finished in 13.86 sec
2020-04-13 03:45:49.957 14489 INFO rally.task.context [-] Task 54ca9db5-9f0d-4f62-872e-be11d4cd768c | Context cleanup@openstack setup() finished in 0.01 msec
2020-04-13 03:45:50.384 14489 RALLYDEBUG rally.task.runner [-] Starting the constant runner (task UUID: 54ca9db5-9f0d-4f62-872e-be11d4cd768c). times: 10 concurrency: 4 timeout: 0 max_cpu_used: 88 processes_to_start: 4 concurrency_per_worker: 1 concurrency_overhead: 0
2020-04-13 03:45:50.397 16626 RALLYDEBUG rally.task.runner [-] Starting a worker. times: 10 duration: None concurrency: 1 timeout: 0 cls: method_name: run args: {"flavor": "9aa73c23-88f1-4dc3-bf55-62ae88433dc3", "image": "2a496ff0-46a2-42f3-b37f-80386448dd5b", "volume_size": 1, "nics": [{"net-id": "d5c82f55-cd77-41d0-b8f0-9f2abb7d4008"}]}
2020-04-13 03:45:50.401 16627 RALLYDEBUG rally.task.runner [-] Starting a worker. times: 10 duration: None concurrency: 1 timeout: 0 cls: method_name: run args: {"flavor": "9aa73c23-88f1-4dc3-bf55-62ae88433dc3", "image": "2a496ff0-46a2-42f3-b37f-80386448dd5b", "volume_size": 1, "nics": [{"net-id": "d5c82f55-cd77-41d0-b8f0-9f2abb7d4008"}]}
2020-04-13 03:45:50.404 16626 INFO rally.task.runner [-] Task 54ca9db5-9f0d-4f62-872e-be11d4cd768c | ITER: 1 START
2020-04-13 03:45:50.409 16627 INFO rally.task.runner [-] Task 54ca9db5-9f0d-4f62-872e-be11d4cd768c | ITER: 2 START
2020-04-13 03:45:50.412 16630 RALLYDEBUG rally.task.runner [-] Starting a worker. times: 10 duration: None concurrency: 1 timeout: 0 cls: method_name: run args: {"flavor": "9aa73c23-88f1-4dc3-bf55-62ae88433dc3", "image": "2a496ff0-46a2-42f3-b37f-80386448dd5b", "volume_size": 1, "nics": [{"net-id": "d5c82f55-cd77-41d0-b8f0-9f2abb7d4008"}]}
2020-04-13 03:45:50.415 16633 RALLYDEBUG rally.task.runner [-] Starting a worker. times: 10 duration: None concurrency: 1 timeout: 0 cls: method_name: run args: {"flavor": "9aa73c23-88f1-4dc3-bf55-62ae88433dc3", "image": "2a496ff0-46a2-42f3-b37f-80386448dd5b", "volume_size": 1, "nics": [{"net-id": "d5c82f55-cd77-41d0-b8f0-9f2abb7d4008"}]}
2020-04-13 03:45:50.421 16630 INFO rally.task.runner [-] Task 54ca9db5-9f0d-4f62-872e-be11d4cd768c | ITER: 3 START
