2020-04-13 03:01:22.594 6979 RALLYDEBUG rally.task.utils [-] Waiting for resource . Status changed: CREATE_IN_PROGRESS => CREATE_COMPLETE in 1.1588194370269775
2020-04-13 03:01:22.616 6976 RALLYDEBUG rally.task.utils [-] Waiting for resource . Status changed: CREATE_IN_PROGRESS => CREATE_COMPLETE in 1.1536118984222412
2020-04-13 03:01:23.674 6978 RALLYDEBUG rally.task.utils [-] Waiting for resource . Status changed: CREATE_COMPLETE => UPDATE_IN_PROGRESS in 0.08603954315185547
2020-04-13 03:01:23.707 6977 RALLYDEBUG rally.task.utils [-] Waiting for resource . Status changed: CREATE_COMPLETE => UPDATE_IN_PROGRESS in 0.08567047119140625
2020-04-13 03:01:24.785 6979 RALLYDEBUG rally.task.utils [-] Waiting for resource . Status changed: CREATE_COMPLETE => UPDATE_IN_PROGRESS in 0.07376408576965332
2020-04-13 03:01:24.824 6976 RALLYDEBUG rally.task.utils [-] Waiting for resource . Status changed: CREATE_COMPLETE => UPDATE_IN_PROGRESS in 0.07637786865234375
2020-04-13 03:01:25.855 6978 RALLYDEBUG rally.task.utils [-] Waiting for resource . Status changed: UPDATE_IN_PROGRESS => UPDATE_COMPLETE in 2.1807146072387695
2020-04-13 03:01:25.877 6977 RALLYDEBUG rally.task.utils [-] Waiting for resource . Status changed: UPDATE_IN_PROGRESS => UPDATE_COMPLETE in 2.1691551208496094
2020-04-13 03:01:26.005 6978 RALLYDEBUG rally.task.utils [-] Waiting for resource . Status changed: CREATE_COMPLETE => DELETE_IN_PROGRESS in 0.07724881172180176
2020-04-13 03:01:26.037 6977 RALLYDEBUG rally.task.utils [-] Waiting for resource . Status changed: CREATE_COMPLETE => DELETE_IN_PROGRESS in 0.06816864013671875
2020-04-13 03:01:26.968 6979 RALLYDEBUG rally.task.utils [-] Waiting for resource . Status changed: UPDATE_IN_PROGRESS => UPDATE_COMPLETE in 2.182743549346924
2020-04-13 03:01:26.986 6976 RALLYDEBUG rally.task.utils [-] Waiting for resource . Status changed: UPDATE_IN_PROGRESS => UPDATE_COMPLETE in 2.162837505340576
2020-04-13 03:01:27.101 6979 RALLYDEBUG rally.task.utils [-] Waiting for resource . Status changed: CREATE_COMPLETE => DELETE_IN_PROGRESS in 0.06517982482910156
2020-04-13 03:01:27.134 6976 RALLYDEBUG rally.task.utils [-] Waiting for resource . Status changed: CREATE_COMPLETE => DELETE_IN_PROGRESS in 0.0657966136932373
2020-04-13 03:01:29.248 6978 INFO rally.task.runner [-] Task 22777085-68c6-4e80-a742-93cfb69b7998 | ITER: 5 END: OK
2020-04-13 03:01:29.254 6978 INFO rally.task.runner [-] Task 22777085-68c6-4e80-a742-93cfb69b7998 | ITER: 9 START
2020-04-13 03:01:29.271 6977 INFO rally.task.runner [-] Task 22777085-68c6-4e80-a742-93cfb69b7998 | ITER: 6 END: OK
2020-04-13 03:01:29.278 6977 INFO rally.task.runner [-] Task 22777085-68c6-4e80-a742-93cfb69b7998 | ITER: 10 START
2020-04-13 03:01:30.335 6979 INFO rally.task.runner [-] Task 22777085-68c6-4e80-a742-93cfb69b7998 | ITER: 7 END: OK
2020-04-13 03:01:30.360 6976 INFO rally.task.runner [-] Task 22777085-68c6-4e80-a742-93cfb69b7998 | ITER: 8 END: OK
2020-04-13 03:01:33.156 6978 RALLYDEBUG rally.task.utils [-] Waiting for resource . Status changed: CREATE_IN_PROGRESS => CREATE_COMPLETE in 1.179978609085083
2020-04-13 03:01:33.219 6977 RALLYDEBUG rally.task.utils [-] Waiting for resource . Status changed: CREATE_IN_PROGRESS => CREATE_COMPLETE in 1.1766078472137451
2020-04-13 03:01:35.365 6978 RALLYDEBUG rally.task.utils [-] Waiting for resource . Status changed: CREATE_COMPLETE => UPDATE_IN_PROGRESS in 0.09056568145751953
2020-04-13 03:01:35.421 6977 RALLYDEBUG rally.task.utils [-] Waiting for resource . Status changed: CREATE_COMPLETE => UPDATE_IN_PROGRESS in 0.07875609397888184
2020-04-13 03:01:37.540 6978 RALLYDEBUG rally.task.utils [-] Waiting for resource . Status changed: UPDATE_IN_PROGRESS => UPDATE_COMPLETE in 2.1741538047790527
2020-04-13 03:01:37.589 6977 RALLYDEBUG rally.task.utils [-] Waiting for resource . Status changed: UPDATE_IN_PROGRESS => UPDATE_COMPLETE in 2.1678895950317383
2020-04-13 03:01:37.684 6978 RALLYDEBUG rally.task.utils [-] Waiting for resource . Status changed: CREATE_COMPLETE => DELETE_IN_PROGRESS in 0.06735086441040039
2020-04-13 03:01:37.736 6977 RALLYDEBUG rally.task.utils [-] Waiting for resource . Status changed: CREATE_COMPLETE => DELETE_IN_PROGRESS in 0.06441235542297363
2020-04-13 03:01:40.899 6978 INFO rally.task.runner [-] Task 22777085-68c6-4e80-a742-93cfb69b7998 | ITER: 9 END: OK
2020-04-13 03:01:40.963 6977 INFO rally.task.runner [-] Task 22777085-68c6-4e80-a742-93cfb69b7998 | ITER: 10 END: OK
2020-04-13 03:01:40.985 5253 INFO rally.task.context [-] Task 22777085-68c6-4e80-a742-93cfb69b7998 | Context cleanup@openstack cleanup() started
2020-04-13 03:01:40.992 5253 RALLYDEBUG rally_openstack.cleanup.manager [-] Cleaning up heat stacks objects
2020-04-13 03:01:41.775 5253 RALLYDEBUG rally_openstack.cleanup.manager [-] Deleting heat.stacks object s_rally_3608e197_OKAV4wN1 (9fa22fa6-f06a-411c-bead-b18fceff8bc1)
2020-04-13 03:01:42.258 5253 ERROR rally_openstack.cleanup.manager [-] Resource deletion failed, max retries exceeded for heat.stacks: 9fa22fa6-f06a-411c-bead-b18fceff8bc1.: heatclient.exc.HTTPNotFound: ERROR: The Stack (s_rally_3608e197_OKAV4wN1) could not be found.
2020-04-13 03:01:42.258 5253 ERROR rally_openstack.cleanup.manager
Traceback (most recent call last):
2020-04-13 03:01:42.258 5253 ERROR rally_openstack.cleanup.manager
File "/usr/lib/python3.7/site-packages/rally_openstack/cleanup/manager.py", line 85, in _delete_single_resource
2020-04-13 03:01:42.258 5253 ERROR rally_openstack.cleanup.manager rutils.retry(resource._max_attempts, resource.delete)
2020-04-13 03:01:42.258 5253 ERROR rally_openstack.cleanup.manager
File "/usr/lib/python3.7/site-packages/rally/common/utils.py", line 211, in retry
2020-04-13 03:01:42.258 5253 ERROR rally_openstack.cleanup.manager return func(*args, **kwargs)
2020-04-13 03:01:42.258 5253 ERROR rally_openstack.cleanup.manager
File "/usr/lib/python3.7/site-packages/rally_openstack/cleanup/base.py", line 129, in delete
2020-04-13 03:01:42.258 5253 ERROR rally_openstack.cleanup.manager self._manager().delete(self.id())
2020-04-13 03:01:42.258 5253 ERROR rally_openstack.cleanup.manager
File "/usr/lib/python3.7/site-packages/heatclient/v1/stacks.py", line 210, in delete
2020-04-13 03:01:42.258 5253 ERROR rally_openstack.cleanup.manager self._delete("/stacks/%s" % stack_id)
2020-04-13 03:01:42.258 5253 ERROR rally_openstack.cleanup.manager
File "/usr/lib/python3.7/site-packages/heatclient/common/base.py", line 207, in _delete
2020-04-13 03:01:42.258 5253 ERROR rally_openstack.cleanup.manager return self.client.delete(url)
2020-04-13 03:01:42.258 5253 ERROR rally_openstack.cleanup.manager
File "/usr/lib/python3.7/site-packages/keystoneauth1/adapter.py", line 401, in delete
2020-04-13 03:01:42.258 5253 ERROR rally_openstack.cleanup.manager return self.request(url, 'DELETE', **kwargs)
2020-04-13 03:01:42.258 5253 ERROR rally_openstack.cleanup.manager
File "/usr/lib/python3.7/site-packages/heatclient/common/http.py", line 323, in request
2020-04-13 03:01:42.258 5253 ERROR rally_openstack.cleanup.manager raise exc.from_response(resp)
2020-04-13 03:01:42.258 5253 ERROR rally_openstack.cleanup.manager heatclient.exc.HTTPNotFound: ERROR: The Stack (s_rally_3608e197_OKAV4wN1) could not be found.
2020-04-13 03:01:42.258 5253 ERROR rally_openstack.cleanup.manager
2020-04-13 03:01:42.265 5253 INFO rally.task.context [-] Task 22777085-68c6-4e80-a742-93cfb69b7998 | Context cleanup@openstack cleanup() finished in 1.28 sec
2020-04-13 03:01:42.266 5253 INFO rally.task.context [-] Task 22777085-68c6-4e80-a742-93cfb69b7998 | Context roles@openstack cleanup() started
2020-04-13 03:01:42.267 5253 RALLYDEBUG rally_openstack.contexts.keystone.roles [-] Removing assigned role ae1393230f8e4b248a273fec57604d12 from all users
2020-04-13 03:01:42.811 5253 INFO rally.task.context [-] Task 22777085-68c6-4e80-a742-93cfb69b7998 | Context roles@openstack cleanup() finished in 0.54 sec
2020-04-13 03:01:42.811 5253 INFO rally.task.context [-] Task 22777085-68c6-4e80-a742-93cfb69b7998 | Context users@openstack cleanup() started
2020-04-13 03:01:43.113 5253 WARNING rally.common.logging [-] `iterate_per_tenants()' is deprecated in v3.0.0: it is openstack specific.. Used at
2020-04-13 03:01:45.884 5253 INFO rally.task.context [-] Task 22777085-68c6-4e80-a742-93cfb69b7998 | Context users@openstack cleanup() finished in 3.07 sec
2020-04-13 03:01:46.574 5253 INFO rally.task.engine [-] Load duration is: 31.098079
2020-04-13 03:01:46.575 5253 INFO rally.task.engine [-] Full runner duration is: 35.138921
2020-04-13 03:01:46.575 5253 INFO rally.task.engine [-] Full duration is: 43.597344
2020-04-13 03:01:46.637 5253 INFO rally.task.engine [-] Running workload: position = 3 config = { "version": 2, "title": "A cropped version of a bigger task.", "description": "Auto-generated task from a single workload (uuid=3d12d501-93f9-4314-bfda-a74615654795)", "subtasks": [ { "title": "HeatStacks.create_update_delete_stack", "description": "Create, update and then delete a stack.", "scenario": { "HeatStacks.create_update_delete_stack": { "template_path": "/usr/lib/python3.7/site-packages/functest/opnfv_tests/openstack/rally/scenario/templates/autoscaling_policy.yaml.template", "updated_template_path": "/usr/lib/python3.7/site-packages/functest/opnfv_tests/openstack/rally/scenario/templates/updated_autoscaling_policy_inplace.yaml.template" } }, "contexts": { "users": { "tenants": 3, "users_per_tenant": 2 }, "roles": [ "heat_stack_owner" ] }, "runner": { "constant": { "concurrency": 4, "times": 10 } }, "hooks": [], "sla": { "failure_rate": { "max": 0 } } } ] }
2020-04-13 03:01:46.662 5253 RALLYDEBUG rally_openstack.contexts.keystone.users [-] Creating 3 tenants using 3 threads
2020-04-13 03:01:47.115 5253 RALLYDEBUG rally_openstack.contexts.keystone.users [-] Creating 6 users using 6 threads
2020-04-13 03:01:48.190 5253 INFO rally.task.context [-] Task 22777085-68c6-4e80-a742-93cfb69b7998 | Context users@openstack setup() finished in 1.53 sec
2020-04-13 03:01:48.428 5253 RALLYDEBUG rally_openstack.contexts.keystone.roles [-] Adding role heat_stack_owner having ID ae1393230f8e4b248a273fec57604d12 to all users using 30 threads
2020-04-13 03:01:50.251 5253 INFO rally.task.context [-] Task 22777085-68c6-4e80-a742-93cfb69b7998 | Context roles@openstack setup() finished in 2.06 sec
2020-04-13 03:01:50.252 5253 INFO rally.task.context [-] Task 22777085-68c6-4e80-a742-93cfb69b7998 | Context cleanup@openstack setup() finished in 0.13 msec
2020-04-13 03:01:50.262 5253 RALLYDEBUG rally.task.runner [-] Starting the constant runner (task UUID: 22777085-68c6-4e80-a742-93cfb69b7998). times: 10 concurrency: 4 timeout: 0 max_cpu_used: 88 processes_to_start: 4 concurrency_per_worker: 1 concurrency_overhead: 0
2020-04-13 03:01:50.275 7129 RALLYDEBUG rally.task.runner [-] Starting a worker. times: 10 duration: None concurrency: 1 timeout: 0 cls: method_name: run args: {"template_path": "heat_template_version: 2013-05-23\n\nresources:\n test_group:\n type: OS::Heat::AutoScalingGroup\n properties:\n desired_capacity: 0\n max_size: 0\n min_size: 0\n resource:\n type: OS::Heat::RandomString\n test_policy:\n type: OS::Heat::ScalingPolicy\n properties:\n adjustment_type: change_in_capacity\n auto_scaling_group_id: { get_resource: test_group }\n scaling_adjustment: 1", "updated_template_path": "heat_template_version: 2013-05-23\n\ndescription: >\n Test template for create-update-delete-stack scenario in rally.\n The template updates resource parameters without resource re-creation(replacement)\n in the stack defined by autoscaling_policy.yaml.template. It allows to measure\n performance of \"pure\" resource update operation only.\n\nresources:\n test_group:\n type: OS::Heat::AutoScalingGroup\n properties:\n desired_capacity: 0\n max_size: 0\n min_size: 0\n resource:\n type: OS::Heat::RandomString\n test_policy:\n type: OS::Heat::ScalingPolicy\n properties:\n adjustment_type: change_in_capacity\n auto_scaling_group_id: { get_resource: test_group }\n scaling_adjustment: -1"}
2020-04-13 03:01:50.278 7130 RALLYDEBUG rally.task.runner [-] Starting a worker. times: 10 duration: None concurrency: 1 timeout: 0 cls: method_name: run args: {"template_path": "heat_template_version: 2013-05-23\n\nresources:\n test_group:\n type: OS::Heat::AutoScalingGroup\n properties:\n desired_capacity: 0\n max_size: 0\n min_size: 0\n resource:\n type: OS::Heat::RandomString\n test_policy:\n type: OS::Heat::ScalingPolicy\n properties:\n adjustment_type: change_in_capacity\n auto_scaling_group_id: { get_resource: test_group }\n scaling_adjustment: 1", "updated_template_path": "heat_template_version: 2013-05-23\n\ndescription: >\n Test template for create-update-delete-stack scenario in rally.\n The template updates resource parameters without resource re-creation(replacement)\n in the stack defined by autoscaling_policy.yaml.template. It allows to measure\n performance of \"pure\" resource update operation only.\n\nresources:\n test_group:\n type: OS::Heat::AutoScalingGroup\n properties:\n desired_capacity: 0\n max_size: 0\n min_size: 0\n resource:\n type: OS::Heat::RandomString\n test_policy:\n type: OS::Heat::ScalingPolicy\n properties:\n adjustment_type: change_in_capacity\n auto_scaling_group_id: { get_resource: test_group }\n scaling_adjustment: -1"}
2020-04-13 03:01:50.282 7131 RALLYDEBUG rally.task.runner [-] Starting a worker. times: 10 duration: None concurrency: 1 timeout: 0 cls: method_name: run args: {"template_path": "heat_template_version: 2013-05-23\n\nresources:\n test_group:\n type: OS::Heat::AutoScalingGroup\n properties:\n desired_capacity: 0\n max_size: 0\n min_size: 0\n resource:\n type: OS::Heat::RandomString\n test_policy:\n type: OS::Heat::ScalingPolicy\n properties:\n adjustment_type: change_in_capacity\n auto_scaling_group_id: { get_resource: test_group }\n scaling_adjustment: 1", "updated_template_path": "heat_template_version: 2013-05-23\n\ndescription: >\n Test template for create-update-delete-stack scenario in rally.\n The template updates resource parameters without resource re-creation(replacement)\n in the stack defined by autoscaling_policy.yaml.template. It allows to measure\n performance of \"pure\" resource update operation only.\n\nresources:\n test_group:\n type: OS::Heat::AutoScalingGroup\n properties:\n desired_capacity: 0\n max_size: 0\n min_size: 0\n resource:\n type: OS::Heat::RandomString\n test_policy:\n type: OS::Heat::ScalingPolicy\n properties:\n adjustment_type: change_in_capacity\n auto_scaling_group_id: { get_resource: test_group }\n scaling_adjustment: -1"}
2020-04-13 03:01:50.282 7129 INFO rally.task.runner [-] Task 22777085-68c6-4e80-a742-93cfb69b7998 | ITER: 1 START
2020-04-13 03:01:50.284 7132 RALLYDEBUG rally.task.runner [-] Starting a worker. times: 10 duration: None concurrency: 1 timeout: 0 cls: method_name: run args: {"template_path": "heat_template_version: 2013-05-23\n\nresources:\n test_group:\n type: OS::Heat::AutoScalingGroup\n properties:\n desired_capacity: 0\n max_size: 0\n min_size: 0\n resource:\n type: OS::Heat::RandomString\n test_policy:\n type: OS::Heat::ScalingPolicy\n properties:\n adjustment_type: change_in_capacity\n auto_scaling_group_id: { get_resource: test_group }\n scaling_adjustment: 1", "updated_template_path": "heat_template_version: 2013-05-23\n\ndescription: >\n Test template for create-update-delete-stack scenario in rally.\n The template updates resource parameters without resource re-creation(replacement)\n in the stack defined by autoscaling_policy.yaml.template. It allows to measure\n performance of \"pure\" resource update operation only.\n\nresources:\n test_group:\n type: OS::Heat::AutoScalingGroup\n properties:\n desired_capacity: 0\n max_size: 0\n min_size: 0\n resource:\n type: OS::Heat::RandomString\n test_policy:\n type: OS::Heat::ScalingPolicy\n properties:\n adjustment_type: change_in_capacity\n auto_scaling_group_id: { get_resource: test_group }\n scaling_adjustment: -1"}
2020-04-13 03:01:50.285 7130 INFO rally.task.runner [-] Task 22777085-68c6-4e80-a742-93cfb69b7998 | ITER: 2 START
2020-04-13 03:01:50.288 7131 INFO rally.task.runner [-] Task 22777085-68c6-4e80-a742-93cfb69b7998 | ITER: 3 START
2020-04-13 03:01:50.291 7132 INFO rally.task.runner [-] Task 22777085-68c6-4e80-a742-93cfb69b7998 | ITER: 4 START
2020-04-13 03:01:53.131 7132 RALLYDEBUG rally.task.utils [-] Waiting for resource . Status changed: CREATE_IN_PROGRESS => CREATE_COMPLETE in 0.08729076385498047
2020-04-13 03:01:53.134 7130 RALLYDEBUG rally.task.utils [-] Waiting for resource . Status changed: CREATE_IN_PROGRESS => CREATE_COMPLETE in 0.09145593643188477
2020-04-13 03:01:53.150 7129 RALLYDEBUG rally.task.utils [-] Waiting for resource . Status changed: CREATE_IN_PROGRESS => CREATE_COMPLETE in 0.08594274520874023
2020-04-13 03:01:53.306 7131 RALLYDEBUG rally.task.utils [-] Waiting for resource . Status changed: CREATE_IN_PROGRESS => CREATE_COMPLETE in 0.08096694946289062
2020-04-13 03:01:55.345 7132 RALLYDEBUG rally.task.utils [-] Waiting for resource . Status changed: CREATE_COMPLETE => UPDATE_COMPLETE in 0.08311653137207031
2020-04-13 03:01:55.385 7130 RALLYDEBUG rally.task.utils [-] Waiting for resource . Status changed: CREATE_COMPLETE => UPDATE_COMPLETE in 0.09075593948364258
2020-04-13 03:01:55.386 7129 RALLYDEBUG rally.task.utils [-] Waiting for resource . Status changed: CREATE_COMPLETE => UPDATE_COMPLETE in 0.08370590209960938
2020-04-13 03:01:55.487 7132 RALLYDEBUG rally.task.utils [-] Waiting for resource . Status changed: CREATE_COMPLETE => DELETE_IN_PROGRESS in 0.07208704948425293
2020-04-13 03:01:55.531 7129 RALLYDEBUG rally.task.utils [-] Waiting for resource . Status changed: CREATE_COMPLETE => DELETE_IN_PROGRESS in 0.06917166709899902
2020-04-13 03:01:55.539 7131 RALLYDEBUG rally.task.utils [-] Waiting for resource . Status changed: CREATE_COMPLETE => UPDATE_COMPLETE in 0.08841967582702637
2020-04-13 03:01:55.546 7130 RALLYDEBUG rally.task.utils [-] Waiting for resource . Status changed: CREATE_COMPLETE => DELETE_IN_PROGRESS in 0.0674128532409668
2020-04-13 03:01:55.679 7131 RALLYDEBUG rally.task.utils [-] Waiting for resource . Status changed: CREATE_COMPLETE => DELETE_IN_PROGRESS in 0.06366372108459473
2020-04-13 03:01:57.632 7132 INFO rally.task.runner [-] Task 22777085-68c6-4e80-a742-93cfb69b7998 | ITER: 4 END: OK
2020-04-13 03:01:57.637 7132 INFO rally.task.runner [-] Task 22777085-68c6-4e80-a742-93cfb69b7998 | ITER: 5 START
2020-04-13 03:01:57.678 7129 INFO rally.task.runner [-] Task 22777085-68c6-4e80-a742-93cfb69b7998 | ITER: 1 END: OK
2020-04-13 03:01:57.682 7129 INFO rally.task.runner [-] Task 22777085-68c6-4e80-a742-93cfb69b7998 | ITER: 6 START
2020-04-13 03:01:57.691 7130 INFO rally.task.runner [-] Task 22777085-68c6-4e80-a742-93cfb69b7998 | ITER: 2 END: OK
2020-04-13 03:01:57.695 7130 INFO rally.task.runner [-] Task 22777085-68c6-4e80-a742-93cfb69b7998 | ITER: 7 START
2020-04-13 03:01:57.822 7131 INFO rally.task.runner [-] Task 22777085-68c6-4e80-a742-93cfb69b7998 | ITER: 3 END: OK
2020-04-13 03:01:57.827 7131 INFO rally.task.runner [-] Task 22777085-68c6-4e80-a742-93cfb69b7998 | ITER: 8 START
2020-04-13 03:02:00.574 7132 RALLYDEBUG rally.task.utils [-] Waiting for resource . Status changed: CREATE_IN_PROGRESS => CREATE_COMPLETE in 0.08965516090393066
2020-04-13 03:02:00.575 7129 RALLYDEBUG rally.task.utils [-] Waiting for resource . Status changed: CREATE_IN_PROGRESS => CREATE_COMPLETE in 0.07848262786865234
2020-04-13 03:02:00.580 7130 RALLYDEBUG rally.task.utils [-] Waiting for resource . Status changed: CREATE_IN_PROGRESS => CREATE_COMPLETE in 0.08238434791564941
2020-04-13 03:02:00.637 7131 RALLYDEBUG rally.task.utils [-] Waiting for resource . Status changed: CREATE_IN_PROGRESS => CREATE_COMPLETE in 0.07707762718200684
2020-04-13 03:02:02.793 7132 RALLYDEBUG rally.task.utils [-] Waiting for resource . Status changed: CREATE_COMPLETE => UPDATE_COMPLETE in 0.08012795448303223
2020-04-13 03:02:02.804 7129 RALLYDEBUG rally.task.utils [-] Waiting for resource . Status changed: CREATE_COMPLETE => UPDATE_COMPLETE in 0.08168959617614746
2020-04-13 03:02:02.808 7130 RALLYDEBUG rally.task.utils [-] Waiting for resource . Status changed: CREATE_COMPLETE => UPDATE_COMPLETE in 0.07682180404663086
2020-04-13 03:02:02.871 7131 RALLYDEBUG rally.task.utils [-] Waiting for resource . Status changed: CREATE_COMPLETE => UPDATE_COMPLETE in 0.08301830291748047
2020-04-13 03:02:02.956 7132 RALLYDEBUG rally.task.utils [-] Waiting for resource . Status changed: CREATE_COMPLETE => DELETE_IN_PROGRESS in 0.07390403747558594
2020-04-13 03:02:02.969 7129 RALLYDEBUG rally.task.utils [-] Waiting for resource . Status changed: CREATE_COMPLETE => DELETE_IN_PROGRESS in 0.07141613960266113
2020-04-13 03:02:02.992 7130 RALLYDEBUG rally.task.utils [-] Waiting for resource . Status changed: CREATE_COMPLETE => DELETE_IN_PROGRESS in 0.07703018188476562
2020-04-13 03:02:03.039 7131 RALLYDEBUG rally.task.utils [-] Waiting for resource . Status changed: CREATE_COMPLETE => DELETE_IN_PROGRESS in 0.06510639190673828
2020-04-13 03:02:05.106 7132 INFO rally.task.runner [-] Task 22777085-68c6-4e80-a742-93cfb69b7998 | ITER: 5 END: OK
2020-04-13 03:02:05.110 7132 INFO rally.task.runner [-] Task 22777085-68c6-4e80-a742-93cfb69b7998 | ITER: 9 START
2020-04-13 03:02:05.118 7129 INFO rally.task.runner [-] Task 22777085-68c6-4e80-a742-93cfb69b7998 | ITER: 6 END: OK
2020-04-13 03:02:05.121 7129 INFO rally.task.runner [-] Task 22777085-68c6-4e80-a742-93cfb69b7998 | ITER: 10 START
2020-04-13 03:02:05.135 7130 INFO rally.task.runner [-] Task 22777085-68c6-4e80-a742-93cfb69b7998 | ITER: 7 END: OK
2020-04-13 03:02:05.192 7131 INFO rally.task.runner [-] Task 22777085-68c6-4e80-a742-93cfb69b7998 | ITER: 8 END: OK
2020-04-13 03:02:07.954 7129 RALLYDEBUG rally.task.utils [-] Waiting for resource . Status changed: CREATE_IN_PROGRESS => CREATE_COMPLETE in 0.07633161544799805
2020-04-13 03:02:08.010 7132 RALLYDEBUG rally.task.utils [-] Waiting for resource . Status changed: CREATE_IN_PROGRESS => CREATE_COMPLETE in 0.08262109756469727
2020-04-13 03:02:10.161 7129 RALLYDEBUG rally.task.utils [-] Waiting for resource . Status changed: CREATE_COMPLETE => UPDATE_COMPLETE in 0.08771324157714844
2020-04-13 03:02:10.241 7132 RALLYDEBUG rally.task.utils [-] Waiting for resource . Status changed: CREATE_COMPLETE => UPDATE_COMPLETE in 0.0823659896850586
2020-04-13 03:02:10.296 7129 RALLYDEBUG rally.task.utils [-] Waiting for resource . Status changed: CREATE_COMPLETE => DELETE_IN_PROGRESS in 0.0641944408416748
2020-04-13 03:02:10.383 7132 RALLYDEBUG rally.task.utils [-] Waiting for resource . Status changed: CREATE_COMPLETE => DELETE_IN_PROGRESS in 0.0666499137878418
2020-04-13 03:02:12.464 7129 INFO rally.task.runner [-] Task 22777085-68c6-4e80-a742-93cfb69b7998 | ITER: 10 END: OK
2020-04-13 03:02:12.546 7132 INFO rally.task.runner [-] Task 22777085-68c6-4e80-a742-93cfb69b7998 | ITER: 9 END: OK
2020-04-13 03:02:12.575 5253 INFO rally.task.context [-] Task 22777085-68c6-4e80-a742-93cfb69b7998 | Context cleanup@openstack cleanup() started
2020-04-13 03:02:12.581 5253 RALLYDEBUG rally_openstack.cleanup.manager [-] Cleaning up heat stacks objects
2020-04-13 03:02:13.362 5253 INFO rally.task.context [-] Task 22777085-68c6-4e80-a742-93cfb69b7998 | Context cleanup@openstack cleanup() finished in 0.79 sec
2020-04-13 03:02:13.362 5253 INFO rally.task.context [-] Task 22777085-68c6-4e80-a742-93cfb69b7998 | Context roles@openstack cleanup() started
2020-04-13 03:02:13.363 5253 RALLYDEBUG rally_openstack.contexts.keystone.roles [-] Removing assigned role ae1393230f8e4b248a273fec57604d12 from all users
2020-04-13 03:02:13.997 5253 INFO rally.task.context [-] Task 22777085-68c6-4e80-a742-93cfb69b7998 | Context roles@openstack cleanup() finished in 0.63 sec
2020-04-13 03:02:13.997 5253 INFO rally.task.context [-] Task 22777085-68c6-4e80-a742-93cfb69b7998 | Context users@openstack cleanup() started
2020-04-13 03:02:14.315 5253 WARNING rally.common.logging [-] `iterate_per_tenants()' is deprecated in v3.0.0: it is openstack specific.. Used at
2020-04-13 03:02:17.100 5253 INFO rally.task.context [-] Task 22777085-68c6-4e80-a742-93cfb69b7998 | Context users@openstack cleanup() finished in 3.10 sec
2020-04-13 03:02:18.862 5253 INFO rally.task.engine [-] Load duration is: 18.262159
2020-04-13 03:02:18.863 5253 INFO rally.task.engine [-] Full runner duration is: 22.312486
2020-04-13 03:02:18.863 5253 INFO rally.task.engine [-] Full duration is: 30.439865
2020-04-13 03:02:18.918 5253 INFO rally.task.engine [-] Running workload: position = 4 config = { "version": 2, "title": "A cropped version of a bigger task.", "description": "Auto-generated task from a single workload (uuid=896e83ae-7512-43ab-b1d4-dd5954597f38)", "subtasks": [ { "title": "HeatStacks.create_update_delete_stack", "description": "Create, update and then delete a stack.", "scenario": { "HeatStacks.create_update_delete_stack": { "template_path": "/usr/lib/python3.7/site-packages/functest/opnfv_tests/openstack/rally/scenario/templates/resource_group.yaml.template", "updated_template_path": "/usr/lib/python3.7/site-packages/functest/opnfv_tests/openstack/rally/scenario/templates/updated_resource_group_reduce.yaml.template" } }, "contexts": { "users": { "tenants": 3, "users_per_tenant": 2 }, "roles": [ "heat_stack_owner" ] }, "runner": { "constant": { "concurrency": 4, "times": 10 } }, "hooks": [], "sla": { "failure_rate": { "max": 0 } } } ] }
2020-04-13 03:02:18.941 5253 RALLYDEBUG rally_openstack.contexts.keystone.users [-] Creating 3 tenants using 3 threads
2020-04-13 03:02:19.419 5253 RALLYDEBUG rally_openstack.contexts.keystone.users [-] Creating 6 users using 6 threads
2020-04-13 03:02:20.357 5253 INFO rally.task.context [-] Task 22777085-68c6-4e80-a742-93cfb69b7998 | Context users@openstack setup() finished in 1.42 sec
2020-04-13 03:02:20.558 5253 RALLYDEBUG rally_openstack.contexts.keystone.roles [-] Adding role heat_stack_owner having ID ae1393230f8e4b248a273fec57604d12 to all users using 30 threads
2020-04-13 03:02:22.290 5253 INFO rally.task.context [-] Task 22777085-68c6-4e80-a742-93cfb69b7998 | Context roles@openstack setup() finished in 1.93 sec
2020-04-13 03:02:22.291 5253 INFO rally.task.context [-] Task 22777085-68c6-4e80-a742-93cfb69b7998 | Context cleanup@openstack setup() finished in 0.01 msec
2020-04-13 03:02:22.303 5253 RALLYDEBUG rally.task.runner [-] Starting the constant runner (task UUID: 22777085-68c6-4e80-a742-93cfb69b7998). times: 10 concurrency: 4 timeout: 0 max_cpu_used: 88 processes_to_start: 4 concurrency_per_worker: 1 concurrency_overhead: 0
2020-04-13 03:02:22.316 7282 RALLYDEBUG rally.task.runner [-] Starting a worker. times: 10 duration: None concurrency: 1 timeout: 0 cls: method_name: run args: {"template_path": "heat_template_version: 2014-10-16\n\ndescription: Test template for rally create-update-delete scenario\n\nresources:\n test_group:\n type: OS::Heat::ResourceGroup\n properties:\n count: 2\n resource_def:\n type: OS::Heat::RandomString\n properties:\n length: 20", "updated_template_path": "heat_template_version: 2014-10-16\n\ndescription: >\n Test template for create-update-delete-stack scenario in rally.\n The template updates one resource from the stack defined by resource_group.yaml.template\n and deletes children resources from that resource.\n\nresources:\n test_group:\n type: OS::Heat::ResourceGroup\n properties:\n count: 1\n resource_def:\n type: OS::Heat::RandomString\n properties:\n length: 20"}
2020-04-13 03:02:22.319 7283 RALLYDEBUG rally.task.runner [-] Starting a worker. times: 10 duration: None concurrency: 1 timeout: 0 cls: method_name: run args: {"template_path": "heat_template_version: 2014-10-16\n\ndescription: Test template for rally create-update-delete scenario\n\nresources:\n test_group:\n type: OS::Heat::ResourceGroup\n properties:\n count: 2\n resource_def:\n type: OS::Heat::RandomString\n properties:\n length: 20", "updated_template_path": "heat_template_version: 2014-10-16\n\ndescription: >\n Test template for create-update-delete-stack scenario in rally.\n The template updates one resource from the stack defined by resource_group.yaml.template\n and deletes children resources from that resource.\n\nresources:\n test_group:\n type: OS::Heat::ResourceGroup\n properties:\n count: 1\n resource_def:\n type: OS::Heat::RandomString\n properties:\n length: 20"}
2020-04-13 03:02:22.323 7282 INFO rally.task.runner [-] Task 22777085-68c6-4e80-a742-93cfb69b7998 | ITER: 1 START
2020-04-13 03:02:22.326 7283 INFO rally.task.runner [-] Task 22777085-68c6-4e80-a742-93cfb69b7998 | ITER: 2 START
2020-04-13 03:02:22.326 7284 RALLYDEBUG rally.task.runner [-] Starting a worker. times: 10 duration: None concurrency: 1 timeout: 0 cls: method_name: run args: {"template_path": "heat_template_version: 2014-10-16\n\ndescription: Test template for rally create-update-delete scenario\n\nresources:\n test_group:\n type: OS::Heat::ResourceGroup\n properties:\n count: 2\n resource_def:\n type: OS::Heat::RandomString\n properties:\n length: 20", "updated_template_path": "heat_template_version: 2014-10-16\n\ndescription: >\n Test template for create-update-delete-stack scenario in rally.\n The template updates one resource from the stack defined by resource_group.yaml.template\n and deletes children resources from that resource.\n\nresources:\n test_group:\n type: OS::Heat::ResourceGroup\n properties:\n count: 1\n resource_def:\n type: OS::Heat::RandomString\n properties:\n length: 20"}
2020-04-13 03:02:22.331 7288 RALLYDEBUG rally.task.runner [-] Starting a worker. times: 10 duration: None concurrency: 1 timeout: 0 cls: method_name: run args: {"template_path": "heat_template_version: 2014-10-16\n\ndescription: Test template for rally create-update-delete scenario\n\nresources:\n test_group:\n type: OS::Heat::ResourceGroup\n properties:\n count: 2\n resource_def:\n type: OS::Heat::RandomString\n properties:\n length: 20", "updated_template_path": "heat_template_version: 2014-10-16\n\ndescription: >\n Test template for create-update-delete-stack scenario in rally.\n The template updates one resource from the stack defined by resource_group.yaml.template\n and deletes children resources from that resource.\n\nresources:\n test_group:\n type: OS::Heat::ResourceGroup\n properties:\n count: 1\n resource_def:\n type: OS::Heat::RandomString\n properties:\n length: 20"}
2020-04-13 03:02:22.334 7284 INFO rally.task.runner [-] Task 22777085-68c6-4e80-a742-93cfb69b7998 | ITER: 3 START
2020-04-13 03:02:22.339 7288 INFO rally.task.runner [-] Task 22777085-68c6-4e80-a742-93cfb69b7998 | ITER: 4 START
2020-04-13 03:02:26.263 7282 RALLYDEBUG rally.task.utils [-] Waiting for resource . Status changed: CREATE_IN_PROGRESS => CREATE_COMPLETE in 1.168609380722046
2020-04-13 03:02:26.271 7284 RALLYDEBUG rally.task.utils [-] Waiting for resource . Status changed: CREATE_IN_PROGRESS => CREATE_COMPLETE in 1.1825335025787354
2020-04-13 03:02:26.281 7283 RALLYDEBUG rally.task.utils [-] Waiting for resource . Status changed: CREATE_IN_PROGRESS => CREATE_COMPLETE in 1.180323600769043
2020-04-13 03:02:26.293 7288 RALLYDEBUG rally.task.utils [-] Waiting for resource . Status changed: CREATE_IN_PROGRESS => CREATE_COMPLETE in 1.16644287109375
2020-04-13 03:02:28.494 7282 RALLYDEBUG rally.task.utils [-] Waiting for resource . Status changed: CREATE_COMPLETE => UPDATE_IN_PROGRESS in 0.07927227020263672
2020-04-13 03:02:28.508 7284 RALLYDEBUG rally.task.utils [-] Waiting for resource . Status changed: CREATE_COMPLETE => UPDATE_IN_PROGRESS in 0.08455443382263184
2020-04-13 03:02:28.513 7283 RALLYDEBUG rally.task.utils [-] Waiting for resource . Status changed: CREATE_COMPLETE => UPDATE_IN_PROGRESS in 0.08341288566589355
2020-04-13 03:02:28.524 7288 RALLYDEBUG rally.task.utils [-] Waiting for resource . Status changed: CREATE_COMPLETE => UPDATE_IN_PROGRESS in 0.07611823081970215
2020-04-13 03:02:29.576 7282 RALLYDEBUG rally.task.utils [-] Waiting for resource . Status changed: UPDATE_IN_PROGRESS => UPDATE_COMPLETE in 1.081151008605957
2020-04-13 03:02:29.586 7284 RALLYDEBUG rally.task.utils [-] Waiting for resource . Status changed: UPDATE_IN_PROGRESS => UPDATE_COMPLETE in 1.0778372287750244
2020-04-13 03:02:29.595 7283 RALLYDEBUG rally.task.utils [-] Waiting for resource . Status changed: UPDATE_IN_PROGRESS => UPDATE_COMPLETE in 1.0822765827178955
2020-04-13 03:02:29.604 7288 RALLYDEBUG rally.task.utils [-] Waiting for resource . Status changed: UPDATE_IN_PROGRESS => UPDATE_COMPLETE in 1.079768180847168
2020-04-13 03:02:29.708 7282 RALLYDEBUG rally.task.utils [-] Waiting for resource . Status changed: CREATE_COMPLETE => DELETE_IN_PROGRESS in 0.06394743919372559
2020-04-13 03:02:29.731 7284 RALLYDEBUG rally.task.utils [-] Waiting for resource . Status changed: CREATE_COMPLETE => DELETE_IN_PROGRESS in 0.06199193000793457
2020-04-13 03:02:29.760 7283 RALLYDEBUG rally.task.utils [-] Waiting for resource . Status changed: CREATE_COMPLETE => DELETE_IN_PROGRESS in 0.07396864891052246
2020-04-13 03:02:29.766 7288 RALLYDEBUG rally.task.utils [-] Waiting for resource . Status changed: CREATE_COMPLETE => DELETE_IN_PROGRESS in 0.0707554817199707
2020-04-13 03:02:31.863 7282 INFO rally.task.runner [-] Task 22777085-68c6-4e80-a742-93cfb69b7998 | ITER: 1 END: OK
2020-04-13 03:02:31.867 7282 INFO rally.task.runner [-] Task 22777085-68c6-4e80-a742-93cfb69b7998 | ITER: 5 START
2020-04-13 03:02:31.895 7284 INFO rally.task.runner [-] Task 22777085-68c6-4e80-a742-93cfb69b7998 | ITER: 3 END: OK
2020-04-13 03:02:31.896 7283 INFO rally.task.runner [-] Task 22777085-68c6-4e80-a742-93cfb69b7998 | ITER: 2 END: OK
2020-04-13 03:02:31.900 7284 INFO rally.task.runner [-] Task 22777085-68c6-4e80-a742-93cfb69b7998 | ITER: 6 START
2020-04-13 03:02:31.902 7283 INFO rally.task.runner [-] Task 22777085-68c6-4e80-a742-93cfb69b7998 | ITER: 7 START
2020-04-13 03:02:32.022 7288 INFO rally.task.runner [-] Task 22777085-68c6-4e80-a742-93cfb69b7998 | ITER: 4 END: OK
2020-04-13 03:02:32.026 7288 INFO rally.task.runner [-] Task 22777085-68c6-4e80-a742-93cfb69b7998 | ITER: 8 START
2020-04-13 03:02:35.804 7283 RALLYDEBUG rally.task.utils [-] Waiting for resource . Status changed: CREATE_IN_PROGRESS => CREATE_COMPLETE in 1.1589713096618652
2020-04-13 03:02:35.810 7282 RALLYDEBUG rally.task.utils [-] Waiting for resource . Status changed: CREATE_IN_PROGRESS => CREATE_COMPLETE in 1.1650216579437256
2020-04-13 03:02:35.822 7284 RALLYDEBUG rally.task.utils [-] Waiting for resource . Status changed: CREATE_IN_PROGRESS => CREATE_COMPLETE in 1.1697874069213867
2020-04-13 03:02:35.942 7288 RALLYDEBUG rally.task.utils [-] Waiting for resource . Status changed: CREATE_IN_PROGRESS => CREATE_COMPLETE in 1.1576902866363525
2020-04-13 03:02:38.022 7283 RALLYDEBUG rally.task.utils [-] Waiting for resource . Status changed: CREATE_COMPLETE => UPDATE_IN_PROGRESS in 0.0850372314453125
2020-04-13 03:02:38.034 7282 RALLYDEBUG rally.task.utils [-] Waiting for resource . Status changed: CREATE_COMPLETE => UPDATE_IN_PROGRESS in 0.0802774429321289
2020-04-13 03:02:38.043 7284 RALLYDEBUG rally.task.utils [-] Waiting for resource . Status changed: CREATE_COMPLETE => UPDATE_IN_PROGRESS in 0.07317829132080078
2020-04-13 03:02:38.194 7288 RALLYDEBUG rally.task.utils [-] Waiting for resource . Status changed: CREATE_COMPLETE => UPDATE_IN_PROGRESS in 0.08535265922546387
2020-04-13 03:02:39.101 7283 RALLYDEBUG rally.task.utils [-] Waiting for resource . Status changed: UPDATE_IN_PROGRESS => UPDATE_COMPLETE in 1.079071044921875
2020-04-13 03:02:39.115 7282 RALLYDEBUG rally.task.utils [-] Waiting for resource . Status changed: UPDATE_IN_PROGRESS => UPDATE_COMPLETE in 1.080862045288086
2020-04-13 03:02:39.128 7284 RALLYDEBUG rally.task.utils [-] Waiting for resource . Status changed: UPDATE_IN_PROGRESS => UPDATE_COMPLETE in 1.0842435359954834
2020-04-13 03:02:39.246 7283 RALLYDEBUG rally.task.utils [-] Waiting for resource . Status changed: CREATE_COMPLETE => DELETE_IN_PROGRESS in 0.07191753387451172
2020-04-13 03:02:39.273 7288 RALLYDEBUG rally.task.utils [-] Waiting for resource . Status changed: UPDATE_IN_PROGRESS => UPDATE_COMPLETE in 1.079026460647583
2020-04-13 03:02:39.274 7282 RALLYDEBUG rally.task.utils [-] Waiting for resource . Status changed: CREATE_COMPLETE => DELETE_IN_PROGRESS in 0.06511235237121582
2020-04-13 03:02:39.301 7284 RALLYDEBUG rally.task.utils [-] Waiting for resource . Status changed: CREATE_COMPLETE => DELETE_IN_PROGRESS in 0.06721258163452148
2020-04-13 03:02:39.422 7288 RALLYDEBUG rally.task.utils [-] Waiting for resource . Status changed: CREATE_COMPLETE => DELETE_IN_PROGRESS in 0.06471443176269531
2020-04-13 03:02:41.383 7283 INFO rally.task.runner [-] Task 22777085-68c6-4e80-a742-93cfb69b7998 | ITER: 7 END: OK
2020-04-13 03:02:41.388 7283 INFO rally.task.runner [-] Task 22777085-68c6-4e80-a742-93cfb69b7998 | ITER: 9 START
2020-04-13 03:02:41.415 7282 INFO rally.task.runner [-] Task 22777085-68c6-4e80-a742-93cfb69b7998 | ITER: 5 END: OK
2020-04-13 03:02:41.419 7282 INFO rally.task.runner [-] Task 22777085-68c6-4e80-a742-93cfb69b7998 | ITER: 10 START
2020-04-13 03:02:41.438 7284 INFO rally.task.runner [-] Task 22777085-68c6-4e80-a742-93cfb69b7998 | ITER: 6 END: OK
2020-04-13 03:02:41.564 7288 INFO rally.task.runner [-] Task 22777085-68c6-4e80-a742-93cfb69b7998 | ITER: 8 END: OK
2020-04-13 03:02:45.304 7283 RALLYDEBUG rally.task.utils [-] Waiting for resource . Status changed: CREATE_IN_PROGRESS => CREATE_COMPLETE in 1.1765735149383545
2020-04-13 03:02:45.363 7282 RALLYDEBUG rally.task.utils [-] Waiting for resource . Status changed: CREATE_IN_PROGRESS => CREATE_COMPLETE in 1.1681387424468994
2020-04-13 03:02:47.505 7283 RALLYDEBUG rally.task.utils [-] Waiting for resource . Status changed: CREATE_COMPLETE => UPDATE_IN_PROGRESS in 0.07907915115356445
2020-04-13 03:02:47.563 7282 RALLYDEBUG rally.task.utils [-] Waiting for resource . Status changed: CREATE_COMPLETE => UPDATE_IN_PROGRESS in 0.07320117950439453
2020-04-13 03:02:48.592 7283 RALLYDEBUG rally.task.utils [-] Waiting for resource . Status changed: UPDATE_IN_PROGRESS => UPDATE_COMPLETE in 1.0872952938079834
2020-04-13 03:02:48.652 7282 RALLYDEBUG rally.task.utils [-] Waiting for resource . Status changed: UPDATE_IN_PROGRESS => UPDATE_COMPLETE in 1.0884387493133545
2020-04-13 03:02:48.734 7283 RALLYDEBUG rally.task.utils [-] Waiting for resource . Status changed: CREATE_COMPLETE => DELETE_IN_PROGRESS in 0.07049560546875
2020-04-13 03:02:48.784 7282 RALLYDEBUG rally.task.utils [-] Waiting for resource . Status changed: CREATE_COMPLETE => DELETE_IN_PROGRESS in 0.0657503604888916
2020-04-13 03:02:50.888 7283 INFO rally.task.runner [-] Task 22777085-68c6-4e80-a742-93cfb69b7998 | ITER: 9 END: OK
2020-04-13 03:02:50.938 7282 INFO rally.task.runner [-] Task 22777085-68c6-4e80-a742-93cfb69b7998 | ITER: 10 END: OK
2020-04-13 03:02:50.963 5253 INFO rally.task.context [-] Task 22777085-68c6-4e80-a742-93cfb69b7998 | Context cleanup@openstack cleanup() started
2020-04-13 03:02:50.969 5253 RALLYDEBUG rally_openstack.cleanup.manager [-] Cleaning up heat stacks objects
2020-04-13 03:02:51.775 5253 INFO rally.task.context [-] Task 22777085-68c6-4e80-a742-93cfb69b7998 | Context cleanup@openstack cleanup() finished in 0.81 sec
2020-04-13 03:02:51.775 5253 INFO rally.task.context [-] Task 22777085-68c6-4e80-a742-93cfb69b7998 | Context roles@openstack cleanup() started
2020-04-13 03:02:51.776 5253 RALLYDEBUG rally_openstack.contexts.keystone.roles [-] Removing assigned role ae1393230f8e4b248a273fec57604d12 from all users
2020-04-13 03:02:52.351 5253 INFO rally.task.context [-] Task 22777085-68c6-4e80-a742-93cfb69b7998 | Context roles@openstack cleanup() finished in 0.58 sec
2020-04-13 03:02:52.352 5253 INFO rally.task.context [-] Task 22777085-68c6-4e80-a742-93cfb69b7998 | Context users@openstack cleanup() started
2020-04-13 03:02:52.717 5253 WARNING rally.common.logging [-] `iterate_per_tenants()' is deprecated in v3.0.0: it is openstack specific.. Used at
2020-04-13 03:02:55.315 5253 INFO rally.task.context [-] Task 22777085-68c6-4e80-a742-93cfb69b7998 | Context users@openstack cleanup() finished in 2.96 sec
2020-04-13 03:02:57.196 5253 INFO rally.task.engine [-] Load duration is: 24.613315
2020-04-13 03:02:57.196 5253 INFO rally.task.engine [-] Full runner duration is: 28.659982
2020-04-13 03:02:57.197 5253 INFO rally.task.engine [-] Full duration is: 36.377051
2020-04-13 03:02:57.262 5253 INFO rally.task.engine [-] Running workload: position = 5 config = { "version": 2, "title": "A cropped version of a bigger task.", "description": "Auto-generated task from a single workload (uuid=bf256a06-a36a-4a0e-8284-8e43426e531d)", "subtasks": [ { "title": "HeatStacks.create_update_delete_stack", "description": "Create, update and then delete a stack.", "scenario": { "HeatStacks.create_update_delete_stack": { "template_path": "/usr/lib/python3.7/site-packages/functest/opnfv_tests/openstack/rally/scenario/templates/random_strings.yaml.template", "updated_template_path": "/usr/lib/python3.7/site-packages/functest/opnfv_tests/openstack/rally/scenario/templates/updated_random_strings_replace.yaml.template" } }, "contexts": { "users": { "tenants": 3, "users_per_tenant": 2 }, "roles": [ "heat_stack_owner" ] }, "runner": { "constant": { "concurrency": 4, "times": 10 } }, "hooks": [], "sla": { "failure_rate": { "max": 0 } } } ] }
2020-04-13 03:02:57.286 5253 RALLYDEBUG rally_openstack.contexts.keystone.users [-] Creating 3 tenants using 3 threads
2020-04-13 03:02:57.853 5253 RALLYDEBUG rally_openstack.contexts.keystone.users [-] Creating 6 users using 6 threads
2020-04-13 03:02:58.814 5253 INFO rally.task.context [-] Task 22777085-68c6-4e80-a742-93cfb69b7998 | Context users@openstack setup() finished in 1.53 sec
2020-04-13 03:02:59.098 5253 RALLYDEBUG rally_openstack.contexts.keystone.roles [-] Adding role heat_stack_owner having ID ae1393230f8e4b248a273fec57604d12 to all users using 30 threads
2020-04-13 03:03:00.986 5253 INFO rally.task.context [-] Task 22777085-68c6-4e80-a742-93cfb69b7998 | Context roles@openstack setup() finished in 2.17 sec
2020-04-13 03:03:00.987 5253 INFO rally.task.context [-] Task 22777085-68c6-4e80-a742-93cfb69b7998 | Context cleanup@openstack setup() finished in 0.02 msec
2020-04-13 03:03:00.999 5253 RALLYDEBUG rally.task.runner [-] Starting the constant runner (task UUID: 22777085-68c6-4e80-a742-93cfb69b7998). times: 10 concurrency: 4 timeout: 0 max_cpu_used: 88 processes_to_start: 4 concurrency_per_worker: 1 concurrency_overhead: 0
2020-04-13 03:03:01.013 7435 RALLYDEBUG rally.task.runner [-] Starting a worker. times: 10 duration: None concurrency: 1 timeout: 0 cls: method_name: run args: {"template_path": "heat_template_version: 2014-10-16\n\ndescription: Test template for rally create-update-delete scenario\n\nresources:\n test_string_one:\n type: OS::Heat::RandomString\n properties:\n length: 20\n test_string_two:\n type: OS::Heat::RandomString\n properties:\n length: 20", "updated_template_path": "heat_template_version: 2014-10-16\n\ndescription: >\n Test template for create-update-delete-stack scenario in rally.\n The template deletes one resource from the stack defined by\n random_strings.yaml.template and re-creates it with the updated parameters\n (so-called update-replace). That happens because some parameters cannot be\n changed without resource re-creation. The template allows to measure performance\n of update-replace operation.\n\nresources:\n test_string_one:\n type: OS::Heat::RandomString\n properties:\n length: 20\n test_string_two:\n type: OS::Heat::RandomString\n properties:\n length: 40"}
2020-04-13 03:03:01.015 7436 RALLYDEBUG rally.task.runner [-] Starting a worker. times: 10 duration: None concurrency: 1 timeout: 0 cls: method_name: run args: {"template_path": "heat_template_version: 2014-10-16\n\ndescription: Test template for rally create-update-delete scenario\n\nresources:\n test_string_one:\n type: OS::Heat::RandomString\n properties:\n length: 20\n test_string_two:\n type: OS::Heat::RandomString\n properties:\n length: 20", "updated_template_path": "heat_template_version: 2014-10-16\n\ndescription: >\n Test template for create-update-delete-stack scenario in rally.\n The template deletes one resource from the stack defined by\n random_strings.yaml.template and re-creates it with the updated parameters\n (so-called update-replace). That happens because some parameters cannot be\n changed without resource re-creation. The template allows to measure performance\n of update-replace operation.\n\nresources:\n test_string_one:\n type: OS::Heat::RandomString\n properties:\n length: 20\n test_string_two:\n type: OS::Heat::RandomString\n properties:\n length: 40"}
2020-04-13 03:03:01.018 7435 INFO rally.task.runner [-] Task 22777085-68c6-4e80-a742-93cfb69b7998 | ITER: 1 START
2020-04-13 03:03:01.018 7437 RALLYDEBUG rally.task.runner [-] Starting a worker. times: 10 duration: None concurrency: 1 timeout: 0 cls: method_name: run args: {"template_path": "heat_template_version: 2014-10-16\n\ndescription: Test template for rally create-update-delete scenario\n\nresources:\n test_string_one:\n type: OS::Heat::RandomString\n properties:\n length: 20\n test_string_two:\n type: OS::Heat::RandomString\n properties:\n length: 20", "updated_template_path": "heat_template_version: 2014-10-16\n\ndescription: >\n Test template for create-update-delete-stack scenario in rally.\n The template deletes one resource from the stack defined by\n random_strings.yaml.template and re-creates it with the updated parameters\n (so-called update-replace). That happens because some parameters cannot be\n changed without resource re-creation. The template allows to measure performance\n of update-replace operation.\n\nresources:\n test_string_one:\n type: OS::Heat::RandomString\n properties:\n length: 20\n test_string_two:\n type: OS::Heat::RandomString\n properties:\n length: 40"}
2020-04-13 03:03:01.022 7436 INFO rally.task.runner [-] Task 22777085-68c6-4e80-a742-93cfb69b7998 | ITER: 2 START
2020-04-13 03:03:01.021 7438 RALLYDEBUG rally.task.runner [-] Starting a worker. times: 10 duration: None concurrency: 1 timeout: 0 cls: method_name: run args: {"template_path": "heat_template_version: 2014-10-16\n\ndescription: Test template for rally create-update-delete scenario\n\nresources:\n test_string_one:\n type: OS::Heat::RandomString\n properties:\n length: 20\n test_string_two:\n type: OS::Heat::RandomString\n properties:\n length: 20", "updated_template_path": "heat_template_version: 2014-10-16\n\ndescription: >\n Test template for create-update-delete-stack scenario in rally.\n The template deletes one resource from the stack defined by\n random_strings.yaml.template and re-creates it with the updated parameters\n (so-called update-replace). That happens because some parameters cannot be\n changed without resource re-creation. The template allows to measure performance\n of update-replace operation.\n\nresources:\n test_string_one:\n type: OS::Heat::RandomString\n properties:\n length: 20\n test_string_two:\n type: OS::Heat::RandomString\n properties:\n length: 40"}
2020-04-13 03:03:01.026 7437 INFO rally.task.runner [-] Task 22777085-68c6-4e80-a742-93cfb69b7998 | ITER: 3 START
2020-04-13 03:03:01.028 7438 INFO rally.task.runner [-] Task 22777085-68c6-4e80-a742-93cfb69b7998 | ITER: 4 START
2020-04-13 03:03:03.885 7435 RALLYDEBUG rally.task.utils [-] Waiting for resource . Status changed: CREATE_IN_PROGRESS => CREATE_COMPLETE in 0.09003973007202148
2020-04-13 03:03:03.887 7438 RALLYDEBUG rally.task.utils [-] Waiting for resource . Status changed: CREATE_IN_PROGRESS => CREATE_COMPLETE in 0.0804140567779541
2020-04-13 03:03:03.889 7437 RALLYDEBUG rally.task.utils [-] Waiting for resource . Status changed: CREATE_IN_PROGRESS => CREATE_COMPLETE in 0.0916738510131836
2020-04-13 03:03:03.912 7436 RALLYDEBUG rally.task.utils [-] Waiting for resource . Status changed: CREATE_IN_PROGRESS => CREATE_COMPLETE in 0.07707071304321289
2020-04-13 03:03:06.108 7438 RALLYDEBUG rally.task.utils [-] Waiting for resource . Status changed: CREATE_COMPLETE => UPDATE_COMPLETE in 0.08836102485656738
2020-04-13 03:03:06.126 7437 RALLYDEBUG rally.task.utils [-] Waiting for resource . Status changed: CREATE_COMPLETE => UPDATE_COMPLETE in 0.08330059051513672
2020-04-13 03:03:06.131 7435 RALLYDEBUG rally.task.utils [-] Waiting for resource . Status changed: CREATE_COMPLETE => UPDATE_COMPLETE in 0.07880377769470215
2020-04-13 03:03:06.143 7436 RALLYDEBUG rally.task.utils [-] Waiting for resource . Status changed: CREATE_COMPLETE => UPDATE_COMPLETE in 0.08375048637390137
2020-04-13 03:03:06.257 7438 RALLYDEBUG rally.task.utils [-] Waiting for resource . Status changed: CREATE_COMPLETE => DELETE_IN_PROGRESS in 0.07241320610046387
2020-04-13 03:03:06.281 7437 RALLYDEBUG rally.task.utils [-] Waiting for resource . Status changed: CREATE_COMPLETE => DELETE_IN_PROGRESS in 0.0702216625213623
2020-04-13 03:03:06.292 7435 RALLYDEBUG rally.task.utils [-] Waiting for resource . Status changed: CREATE_COMPLETE => DELETE_IN_PROGRESS in 0.06592440605163574
2020-04-13 03:03:06.308 7436 RALLYDEBUG rally.task.utils [-] Waiting for resource . Status changed: CREATE_COMPLETE => DELETE_IN_PROGRESS in 0.06235218048095703
2020-04-13 03:03:08.415 7438 INFO rally.task.runner [-] Task 22777085-68c6-4e80-a742-93cfb69b7998 | ITER: 4 END: OK
2020-04-13 03:03:08.421 7438 INFO rally.task.runner [-] Task 22777085-68c6-4e80-a742-93cfb69b7998 | ITER: 5 START
2020-04-13 03:03:08.427 7437 INFO rally.task.runner [-] Task 22777085-68c6-4e80-a742-93cfb69b7998 | ITER: 3 END: OK
2020-04-13 03:03:08.432 7437 INFO rally.task.runner [-] Task 22777085-68c6-4e80-a742-93cfb69b7998 | ITER: 6 START
2020-04-13 03:03:08.454 7435 INFO rally.task.runner [-] Task 22777085-68c6-4e80-a742-93cfb69b7998 | ITER: 1 END: OK
