2020-04-13 03:06:04.725 9112 INFO rally.task.runner [-] Task 9825863a-82e0-4736-94f6-fb14f01fd7eb | ITER: 4 START
2020-04-13 03:06:05.312 9110 INFO rally.task.runner [-] Task 9825863a-82e0-4736-94f6-fb14f01fd7eb | ITER: 2 END: OK
2020-04-13 03:06:05.316 9110 INFO rally.task.runner [-] Task 9825863a-82e0-4736-94f6-fb14f01fd7eb | ITER: 5 START
2020-04-13 03:06:05.342 9112 INFO rally.task.runner [-] Task 9825863a-82e0-4736-94f6-fb14f01fd7eb | ITER: 4 END: OK
2020-04-13 03:06:05.343 9109 INFO rally.task.runner [-] Task 9825863a-82e0-4736-94f6-fb14f01fd7eb | ITER: 1 END: OK
2020-04-13 03:06:05.345 9112 INFO rally.task.runner [-] Task 9825863a-82e0-4736-94f6-fb14f01fd7eb | ITER: 6 START
2020-04-13 03:06:05.346 9109 INFO rally.task.runner [-] Task 9825863a-82e0-4736-94f6-fb14f01fd7eb | ITER: 7 START
2020-04-13 03:06:05.367 9111 INFO rally.task.runner [-] Task 9825863a-82e0-4736-94f6-fb14f01fd7eb | ITER: 3 END: OK
2020-04-13 03:06:05.371 9111 INFO rally.task.runner [-] Task 9825863a-82e0-4736-94f6-fb14f01fd7eb | ITER: 8 START
2020-04-13 03:06:05.814 9110 INFO rally.task.runner [-] Task 9825863a-82e0-4736-94f6-fb14f01fd7eb | ITER: 5 END: OK
2020-04-13 03:06:05.817 9110 INFO rally.task.runner [-] Task 9825863a-82e0-4736-94f6-fb14f01fd7eb | ITER: 9 START
2020-04-13 03:06:05.848 9112 INFO rally.task.runner [-] Task 9825863a-82e0-4736-94f6-fb14f01fd7eb | ITER: 6 END: OK
2020-04-13 03:06:05.851 9112 INFO rally.task.runner [-] Task 9825863a-82e0-4736-94f6-fb14f01fd7eb | ITER: 10 START
2020-04-13 03:06:05.859 9109 INFO rally.task.runner [-] Task 9825863a-82e0-4736-94f6-fb14f01fd7eb | ITER: 7 END: OK
2020-04-13 03:06:05.893 9111 INFO rally.task.runner [-] Task 9825863a-82e0-4736-94f6-fb14f01fd7eb | ITER: 8 END: OK
2020-04-13 03:06:06.345 9112 INFO rally.task.runner [-] Task 9825863a-82e0-4736-94f6-fb14f01fd7eb | ITER: 10 END: OK
2020-04-13 03:06:06.356 9110 INFO rally.task.runner [-] Task 9825863a-82e0-4736-94f6-fb14f01fd7eb | ITER: 9 END: OK
2020-04-13 03:06:06.382 7990 INFO rally.task.context [-] Task 9825863a-82e0-4736-94f6-fb14f01fd7eb | Context admin_cleanup@openstack cleanup() started
2020-04-13 03:06:06.386 7990 RALLYDEBUG rally_openstack.cleanup.manager [-] Cleaning up keystone user objects
2020-04-13 03:06:06.635 7990 RALLYDEBUG rally_openstack.cleanup.manager [-] Deleting keystone.user object s_rally_12281125_NHNaK9mo (209cb015c6b74e6aaafdc5419311bb26)
2020-04-13 03:06:06.646 7990 RALLYDEBUG rally_openstack.cleanup.manager [-] Deleting keystone.user object s_rally_12281125_3N3AS6wm (3cc6ed98c48640c6b0cbcf4c12ed3243)
2020-04-13 03:06:06.653 7990 RALLYDEBUG rally_openstack.cleanup.manager [-] Deleting keystone.user object s_rally_12281125_Jegl84jr (3edc426d51c245e7be08a6d79aadc7c9)
2020-04-13 03:06:06.667 7990 RALLYDEBUG rally_openstack.cleanup.manager [-] Deleting keystone.user object s_rally_12281125_fzk04KEI (4aebe3f714d34216bab8e7f5d2171579)
2020-04-13 03:06:06.690 7990 RALLYDEBUG rally_openstack.cleanup.manager [-] Deleting keystone.user object s_rally_12281125_a1EIh7Ii (55a0ad388e5640029f3271881e8c4afc)
2020-04-13 03:06:06.699 7990 RALLYDEBUG rally_openstack.cleanup.manager [-] Deleting keystone.user object s_rally_12281125_lK7WWYCU (ad899978c9024689804c683c2191fe21)
2020-04-13 03:06:06.704 7990 RALLYDEBUG rally_openstack.cleanup.manager [-] Deleting keystone.user object s_rally_12281125_qLTNoKlD (bdb4516e786c4f958c4a49800ebbfcb1)
2020-04-13 03:06:06.711 7990 RALLYDEBUG rally_openstack.cleanup.manager [-] Deleting keystone.user object s_rally_12281125_7UzrU8h0 (511c79ede242438eb51fde2dec442928)
2020-04-13 03:06:06.721 7990 RALLYDEBUG rally_openstack.cleanup.manager [-] Deleting keystone.user object s_rally_12281125_ohp5AwTy (c1711804033f417da03d47764867fdd0)
2020-04-13 03:06:06.842 7990 RALLYDEBUG rally_openstack.cleanup.manager [-] Deleting keystone.user object s_rally_12281125_UdkQ0TfT (e025aa82f92f4b5280913697bae8467b)
2020-04-13 03:06:08.707 7990 RALLYDEBUG rally_openstack.cleanup.manager [-] Cleaning up keystone project objects
2020-04-13 03:06:09.261 7990 RALLYDEBUG rally_openstack.cleanup.manager [-] Cleaning up keystone service objects
2020-04-13 03:06:09.552 7990 RALLYDEBUG rally_openstack.cleanup.manager [-] Cleaning up keystone role objects
2020-04-13 03:06:09.849 7990 INFO rally.task.context [-] Task 9825863a-82e0-4736-94f6-fb14f01fd7eb | Context admin_cleanup@openstack cleanup() finished in 3.47 sec
2020-04-13 03:06:09.850 7990 INFO rally.task.context [-] Task 9825863a-82e0-4736-94f6-fb14f01fd7eb | Context users@openstack cleanup() started
2020-04-13 03:06:10.065 7990 WARNING rally.common.logging [-] `iterate_per_tenants()' is deprecated in v3.0.0: it is openstack specific.. Used at
2020-04-13 03:06:11.124 7990 INFO rally.task.context [-] Task 9825863a-82e0-4736-94f6-fb14f01fd7eb | Context users@openstack cleanup() finished in 1.27 sec
2020-04-13 03:06:11.611 7990 INFO rally.task.engine [-] Load duration is: 1.296813
2020-04-13 03:06:11.611 7990 INFO rally.task.engine [-] Full runner duration is: 1.679332
2020-04-13 03:06:11.612 7990 INFO rally.task.engine [-] Full duration is: 7.56914
2020-04-13 03:06:11.699 7990 INFO rally.task.engine [-] Running workload: position = 0 config = { "version": 2, "title": "A cropped version of a bigger task.", "description": "Auto-generated task from a single workload (uuid=f6fe58e4-d156-47bf-9242-1e5dc0512c68)", "subtasks": [ { "title": "KeystoneBasic.create_tenant", "description": "Create a keystone tenant with random name.", "scenario": { "KeystoneBasic.create_tenant": {} }, "contexts": {}, "runner": { "constant": { "concurrency": 4, "times": 10 } }, "hooks": [], "sla": { "failure_rate": { "max": 0 } } } ] }
2020-04-13 03:06:11.716 7990 RALLYDEBUG rally_openstack.contexts.keystone.users [-] Creating 1 tenants using 1 threads
2020-04-13 03:06:12.135 7990 RALLYDEBUG rally_openstack.contexts.keystone.users [-] Creating 1 users using 1 threads
2020-04-13 03:06:12.822 7990 INFO rally.task.context [-] Task 9825863a-82e0-4736-94f6-fb14f01fd7eb | Context users@openstack setup() finished in 1.11 sec
2020-04-13 03:06:12.823 7990 INFO rally.task.context [-] Task 9825863a-82e0-4736-94f6-fb14f01fd7eb | Context admin_cleanup@openstack setup() finished in 0.00 msec
2020-04-13 03:06:12.834 7990 RALLYDEBUG rally.task.runner [-] Starting the constant runner (task UUID: 9825863a-82e0-4736-94f6-fb14f01fd7eb). times: 10 concurrency: 4 timeout: 0 max_cpu_used: 88 processes_to_start: 4 concurrency_per_worker: 1 concurrency_overhead: 0
2020-04-13 03:06:12.845 9255 RALLYDEBUG rally.task.runner [-] Starting a worker. times: 10 duration: None concurrency: 1 timeout: 0 cls: method_name: run args: {}
2020-04-13 03:06:12.847 9256 RALLYDEBUG rally.task.runner [-] Starting a worker. times: 10 duration: None concurrency: 1 timeout: 0 cls: method_name: run args: {}
2020-04-13 03:06:12.850 9255 INFO rally.task.runner [-] Task 9825863a-82e0-4736-94f6-fb14f01fd7eb | ITER: 1 START
2020-04-13 03:06:12.850 9257 RALLYDEBUG rally.task.runner [-] Starting a worker. times: 10 duration: None concurrency: 1 timeout: 0 cls: method_name: run args: {}
2020-04-13 03:06:12.852 9256 INFO rally.task.runner [-] Task 9825863a-82e0-4736-94f6-fb14f01fd7eb | ITER: 2 START
2020-04-13 03:06:12.852 9258 RALLYDEBUG rally.task.runner [-] Starting a worker. times: 10 duration: None concurrency: 1 timeout: 0 cls: method_name: run args: {}
2020-04-13 03:06:12.854 9257 INFO rally.task.runner [-] Task 9825863a-82e0-4736-94f6-fb14f01fd7eb | ITER: 3 START
2020-04-13 03:06:12.856 9258 INFO rally.task.runner [-] Task 9825863a-82e0-4736-94f6-fb14f01fd7eb | ITER: 4 START
2020-04-13 03:06:13.401 9257 INFO rally.task.runner [-] Task 9825863a-82e0-4736-94f6-fb14f01fd7eb | ITER: 3 END: OK
2020-04-13 03:06:13.405 9257 INFO rally.task.runner [-] Task 9825863a-82e0-4736-94f6-fb14f01fd7eb | ITER: 5 START
2020-04-13 03:06:13.416 9255 INFO rally.task.runner [-] Task 9825863a-82e0-4736-94f6-fb14f01fd7eb | ITER: 1 END: OK
2020-04-13 03:06:13.419 9255 INFO rally.task.runner [-] Task 9825863a-82e0-4736-94f6-fb14f01fd7eb | ITER: 6 START
2020-04-13 03:06:13.421 9258 INFO rally.task.runner [-] Task 9825863a-82e0-4736-94f6-fb14f01fd7eb | ITER: 4 END: OK
2020-04-13 03:06:13.424 9258 INFO rally.task.runner [-] Task 9825863a-82e0-4736-94f6-fb14f01fd7eb | ITER: 7 START
2020-04-13 03:06:13.520 9256 INFO rally.task.runner [-] Task 9825863a-82e0-4736-94f6-fb14f01fd7eb | ITER: 2 END: OK
2020-04-13 03:06:13.523 9256 INFO rally.task.runner [-] Task 9825863a-82e0-4736-94f6-fb14f01fd7eb | ITER: 8 START
2020-04-13 03:06:14.013 9258 INFO rally.task.runner [-] Task 9825863a-82e0-4736-94f6-fb14f01fd7eb | ITER: 7 END: OK
2020-04-13 03:06:14.016 9257 INFO rally.task.runner [-] Task 9825863a-82e0-4736-94f6-fb14f01fd7eb | ITER: 5 END: OK
2020-04-13 03:06:14.016 9258 INFO rally.task.runner [-] Task 9825863a-82e0-4736-94f6-fb14f01fd7eb | ITER: 9 START
2020-04-13 03:06:14.019 9257 INFO rally.task.runner [-] Task 9825863a-82e0-4736-94f6-fb14f01fd7eb | ITER: 10 START
2020-04-13 03:06:14.048 9256 INFO rally.task.runner [-] Task 9825863a-82e0-4736-94f6-fb14f01fd7eb | ITER: 8 END: OK
2020-04-13 03:06:14.098 9255 INFO rally.task.runner [-] Task 9825863a-82e0-4736-94f6-fb14f01fd7eb | ITER: 6 END: OK
2020-04-13 03:06:14.641 9257 INFO rally.task.runner [-] Task 9825863a-82e0-4736-94f6-fb14f01fd7eb | ITER: 10 END: OK
2020-04-13 03:06:14.665 9258 INFO rally.task.runner [-] Task 9825863a-82e0-4736-94f6-fb14f01fd7eb | ITER: 9 END: OK
2020-04-13 03:06:14.685 7990 INFO rally.task.context [-] Task 9825863a-82e0-4736-94f6-fb14f01fd7eb | Context admin_cleanup@openstack cleanup() started
2020-04-13 03:06:14.689 7990 RALLYDEBUG rally_openstack.cleanup.manager [-] Cleaning up keystone user objects
2020-04-13 03:06:15.152 7990 RALLYDEBUG rally_openstack.cleanup.manager [-] Cleaning up keystone project objects
2020-04-13 03:06:15.404 7990 RALLYDEBUG rally_openstack.cleanup.manager [-] Deleting keystone.project object s_rally_f6fe58e4_9Xohmj4u (21a64d6f111e4206ab3fbff30ef514cc)
2020-04-13 03:06:15.457 7990 RALLYDEBUG rally_openstack.cleanup.manager [-] Deleting keystone.project object s_rally_f6fe58e4_htnbFd13 (5a99308ef7764c30bab9d2f1fed50554)
2020-04-13 03:06:15.464 7990 RALLYDEBUG rally_openstack.cleanup.manager [-] Deleting keystone.project object s_rally_f6fe58e4_UFnBN20j (24e99573d45b4338b8f2f803c0650bb5)
2020-04-13 03:06:15.472 7990 RALLYDEBUG rally_openstack.cleanup.manager [-] Deleting keystone.project object s_rally_f6fe58e4_fVtE8xGx (53e6eb690983430fa062b218cbf48bc7)
2020-04-13 03:06:15.477 7990 RALLYDEBUG rally_openstack.cleanup.manager [-] Deleting keystone.project object s_rally_f6fe58e4_iG3sS3G6 (65bb2103ef8b4316a4fbef584121a394)
2020-04-13 03:06:15.494 7990 RALLYDEBUG rally_openstack.cleanup.manager [-] Deleting keystone.project object s_rally_f6fe58e4_ILBP8deh (3f2b4cdaf7cc47d184c92509962ddccc)
2020-04-13 03:06:15.510 7990 RALLYDEBUG rally_openstack.cleanup.manager [-] Deleting keystone.project object s_rally_f6fe58e4_nN2TnttE (7301d5c94b86450795700d8e26a85084)
2020-04-13 03:06:15.542 7990 RALLYDEBUG rally_openstack.cleanup.manager [-] Deleting keystone.project object s_rally_f6fe58e4_pNe8xhOA (9f5fa183f5e64195b3b7bf97642479a9)
2020-04-13 03:06:15.589 7990 RALLYDEBUG rally_openstack.cleanup.manager [-] Deleting keystone.project object s_rally_f6fe58e4_3rEYuxjy (b0b3b10d455f4282a411e494b7eaa558)
2020-04-13 03:06:15.558 7990 RALLYDEBUG rally_openstack.cleanup.manager [-] Deleting keystone.project object s_rally_f6fe58e4_waUIEsP6 (b0d5db9d5860454b97f379c4412dd478)
2020-04-13 03:06:17.509 7990 RALLYDEBUG rally_openstack.cleanup.manager [-] Cleaning up keystone service objects
2020-04-13 03:06:17.943 7990 RALLYDEBUG rally_openstack.cleanup.manager [-] Cleaning up keystone role objects
2020-04-13 03:06:18.200 7990 INFO rally.task.context [-] Task 9825863a-82e0-4736-94f6-fb14f01fd7eb | Context admin_cleanup@openstack cleanup() finished in 3.52 sec
2020-04-13 03:06:18.201 7990 INFO rally.task.context [-] Task 9825863a-82e0-4736-94f6-fb14f01fd7eb | Context users@openstack cleanup() started
2020-04-13 03:06:18.395 7990 WARNING rally.common.logging [-] `iterate_per_tenants()' is deprecated in v3.0.0: it is openstack specific.. Used at
2020-04-13 03:06:19.521 7990 INFO rally.task.context [-] Task 9825863a-82e0-4736-94f6-fb14f01fd7eb | Context users@openstack cleanup() finished in 1.32 sec
2020-04-13 03:06:19.965 7990 INFO rally.task.engine [-] Load duration is: 1.478702
2020-04-13 03:06:19.966 7990 INFO rally.task.engine [-] Full runner duration is: 1.851012
2020-04-13 03:06:19.966 7990 INFO rally.task.engine [-] Full duration is: 7.806008
2020-04-13 03:06:20.059 7990 INFO rally.task.engine [-] Running workload: position = 0 config = { "version": 2, "title": "A cropped version of a bigger task.", "description": "Auto-generated task from a single workload (uuid=f7bd228e-2e09-4f49-a6f3-0834c79254b0)", "subtasks": [ { "title": "KeystoneBasic.create_and_list_users", "description": "Create a keystone user with random name and list all users.", "scenario": { "KeystoneBasic.create_and_list_users": {} }, "contexts": {}, "runner": { "constant": { "concurrency": 4, "times": 10 } }, "hooks": [], "sla": { "failure_rate": { "max": 0 } } } ] }
2020-04-13 03:06:20.080 7990 RALLYDEBUG rally_openstack.contexts.keystone.users [-] Creating 1 tenants using 1 threads
2020-04-13 03:06:20.499 7990 RALLYDEBUG rally_openstack.contexts.keystone.users [-] Creating 1 users using 1 threads
2020-04-13 03:06:21.136 7990 INFO rally.task.context [-] Task 9825863a-82e0-4736-94f6-fb14f01fd7eb | Context users@openstack setup() finished in 1.06 sec
2020-04-13 03:06:21.136 7990 INFO rally.task.context [-] Task 9825863a-82e0-4736-94f6-fb14f01fd7eb | Context admin_cleanup@openstack setup() finished in 0.02 msec
2020-04-13 03:06:21.148 7990 RALLYDEBUG rally.task.runner [-] Starting the constant runner (task UUID: 9825863a-82e0-4736-94f6-fb14f01fd7eb). times: 10 concurrency: 4 timeout: 0 max_cpu_used: 88 processes_to_start: 4 concurrency_per_worker: 1 concurrency_overhead: 0
2020-04-13 03:06:21.159 9401 RALLYDEBUG rally.task.runner [-] Starting a worker. times: 10 duration: None concurrency: 1 timeout: 0 cls: method_name: run args: {}
2020-04-13 03:06:21.162 9402 RALLYDEBUG rally.task.runner [-] Starting a worker. times: 10 duration: None concurrency: 1 timeout: 0 cls: method_name: run args: {}
2020-04-13 03:06:21.164 9401 INFO rally.task.runner [-] Task 9825863a-82e0-4736-94f6-fb14f01fd7eb | ITER: 1 START
2020-04-13 03:06:21.165 9403 RALLYDEBUG rally.task.runner [-] Starting a worker. times: 10 duration: None concurrency: 1 timeout: 0 cls: method_name: run args: {}
2020-04-13 03:06:21.167 9402 INFO rally.task.runner [-] Task 9825863a-82e0-4736-94f6-fb14f01fd7eb | ITER: 2 START
2020-04-13 03:06:21.167 9405 RALLYDEBUG rally.task.runner [-] Starting a worker. times: 10 duration: None concurrency: 1 timeout: 0 cls: method_name: run args: {}
2020-04-13 03:06:21.170 9403 INFO rally.task.runner [-] Task 9825863a-82e0-4736-94f6-fb14f01fd7eb | ITER: 3 START
2020-04-13 03:06:21.173 9405 INFO rally.task.runner [-] Task 9825863a-82e0-4736-94f6-fb14f01fd7eb | ITER: 4 START
2020-04-13 03:06:21.823 9402 INFO rally.task.runner [-] Task 9825863a-82e0-4736-94f6-fb14f01fd7eb | ITER: 2 END: OK
2020-04-13 03:06:21.828 9402 INFO rally.task.runner [-] Task 9825863a-82e0-4736-94f6-fb14f01fd7eb | ITER: 5 START
2020-04-13 03:06:21.848 9405 INFO rally.task.runner [-] Task 9825863a-82e0-4736-94f6-fb14f01fd7eb | ITER: 4 END: OK
2020-04-13 03:06:21.851 9405 INFO rally.task.runner [-] Task 9825863a-82e0-4736-94f6-fb14f01fd7eb | ITER: 6 START
2020-04-13 03:06:21.853 9403 INFO rally.task.runner [-] Task 9825863a-82e0-4736-94f6-fb14f01fd7eb | ITER: 3 END: OK
2020-04-13 03:06:21.854 9401 INFO rally.task.runner [-] Task 9825863a-82e0-4736-94f6-fb14f01fd7eb | ITER: 1 END: OK
2020-04-13 03:06:21.857 9401 INFO rally.task.runner [-] Task 9825863a-82e0-4736-94f6-fb14f01fd7eb | ITER: 7 START
2020-04-13 03:06:21.857 9403 INFO rally.task.runner [-] Task 9825863a-82e0-4736-94f6-fb14f01fd7eb | ITER: 8 START
2020-04-13 03:06:22.420 9401 INFO rally.task.runner [-] Task 9825863a-82e0-4736-94f6-fb14f01fd7eb | ITER: 7 END: OK
2020-04-13 03:06:22.424 9401 INFO rally.task.runner [-] Task 9825863a-82e0-4736-94f6-fb14f01fd7eb | ITER: 9 START
2020-04-13 03:06:22.429 9403 INFO rally.task.runner [-] Task 9825863a-82e0-4736-94f6-fb14f01fd7eb | ITER: 8 END: OK
2020-04-13 03:06:22.432 9403 INFO rally.task.runner [-] Task 9825863a-82e0-4736-94f6-fb14f01fd7eb | ITER: 10 START
2020-04-13 03:06:22.437 9405 INFO rally.task.runner [-] Task 9825863a-82e0-4736-94f6-fb14f01fd7eb | ITER: 6 END: OK
2020-04-13 03:06:22.508 9402 INFO rally.task.runner [-] Task 9825863a-82e0-4736-94f6-fb14f01fd7eb | ITER: 5 END: OK
2020-04-13 03:06:23.039 9401 INFO rally.task.runner [-] Task 9825863a-82e0-4736-94f6-fb14f01fd7eb | ITER: 9 END: OK
2020-04-13 03:06:23.056 9403 INFO rally.task.runner [-] Task 9825863a-82e0-4736-94f6-fb14f01fd7eb | ITER: 10 END: OK
2020-04-13 03:06:23.082 7990 INFO rally.task.context [-] Task 9825863a-82e0-4736-94f6-fb14f01fd7eb | Context admin_cleanup@openstack cleanup() started
2020-04-13 03:06:23.087 7990 RALLYDEBUG rally_openstack.cleanup.manager [-] Cleaning up keystone user objects
2020-04-13 03:06:23.343 7990 RALLYDEBUG rally_openstack.cleanup.manager [-] Deleting keystone.user object s_rally_f7bd228e_zc6nTlAG (01dd425e1e63444a97aef5a98437c871)
2020-04-13 03:06:23.355 7990 RALLYDEBUG rally_openstack.cleanup.manager [-] Deleting keystone.user object s_rally_f7bd228e_172m5uTN (4d17213217d84c48908f3c316cbb0959)
2020-04-13 03:06:23.360 7990 RALLYDEBUG rally_openstack.cleanup.manager [-] Deleting keystone.user object s_rally_f7bd228e_6aucrrym (8355cb06cfef4c39b94686737bbeb266)
2020-04-13 03:06:23.425 7990 RALLYDEBUG rally_openstack.cleanup.manager [-] Deleting keystone.user object s_rally_f7bd228e_EXF3w42F (ca8ed12abd7a4b62a83cf3559f475831)
2020-04-13 03:06:23.432 7990 RALLYDEBUG rally_openstack.cleanup.manager [-] Deleting keystone.user object s_rally_f7bd228e_Edo9A0QC (e794165185a14f6985e879d828129c49)
2020-04-13 03:06:23.446 7990 RALLYDEBUG rally_openstack.cleanup.manager [-] Deleting keystone.user object s_rally_f7bd228e_XtmQZqOW (a497c700eebd479f9c3ea6d7b071b812)
2020-04-13 03:06:23.477 7990 RALLYDEBUG rally_openstack.cleanup.manager [-] Deleting keystone.user object s_rally_f7bd228e_hASz5Dzj (ea6e357609aa4867bd15ba37bbdbc051)
2020-04-13 03:06:23.501 7990 RALLYDEBUG rally_openstack.cleanup.manager [-] Deleting keystone.user object s_rally_f7bd228e_GBHrA9Qp (d5423d4cd88d4ae9833a8be8674a3d97)
2020-04-13 03:06:23.518 7990 RALLYDEBUG rally_openstack.cleanup.manager [-] Deleting keystone.user object s_rally_f7bd228e_B5PbDmkM (8a1ead76e04d4f56bc58baca763ef86a)
2020-04-13 03:06:23.382 7990 RALLYDEBUG rally_openstack.cleanup.manager [-] Deleting keystone.user object s_rally_f7bd228e_eKLhezvQ (9e3c5964f7b7495fb3707d54edcc4691)
2020-04-13 03:06:25.303 7990 RALLYDEBUG rally_openstack.cleanup.manager [-] Cleaning up keystone project objects
2020-04-13 03:06:26.007 7990 RALLYDEBUG rally_openstack.cleanup.manager [-] Cleaning up keystone service objects
2020-04-13 03:06:26.322 7990 RALLYDEBUG rally_openstack.cleanup.manager [-] Cleaning up keystone role objects
2020-04-13 03:06:26.629 7990 INFO rally.task.context [-] Task 9825863a-82e0-4736-94f6-fb14f01fd7eb | Context admin_cleanup@openstack cleanup() finished in 3.55 sec
2020-04-13 03:06:26.629 7990 INFO rally.task.context [-] Task 9825863a-82e0-4736-94f6-fb14f01fd7eb | Context users@openstack cleanup() started
2020-04-13 03:06:26.830 7990 WARNING rally.common.logging [-] `iterate_per_tenants()' is deprecated in v3.0.0: it is openstack specific.. Used at
2020-04-13 03:06:28.493 7990 INFO rally.task.context [-] Task 9825863a-82e0-4736-94f6-fb14f01fd7eb | Context users@openstack cleanup() finished in 1.86 sec
2020-04-13 03:06:30.149 7990 INFO rally.task.engine [-] Load duration is: 1.574345
2020-04-13 03:06:30.149 7990 INFO rally.task.engine [-] Full runner duration is: 1.93484
2020-04-13 03:06:30.150 7990 INFO rally.task.engine [-] Full duration is: 8.414933
2020-04-13 03:06:30.229 7990 INFO rally.task.engine [-] Running workload: position = 0 config = { "version": 2, "title": "A cropped version of a bigger task.", "description": "Auto-generated task from a single workload (uuid=b0cc56a8-7cfc-40b5-a18f-4dd29c161728)", "subtasks": [ { "title": "KeystoneBasic.create_tenant_with_users", "description": "Create a keystone tenant and several users belonging to it.", "scenario": { "KeystoneBasic.create_tenant_with_users": { "users_per_tenant": 10 } }, "contexts": {}, "runner": { "constant": { "concurrency": 4, "times": 10 } }, "hooks": [], "sla": { "failure_rate": { "max": 0 } } } ] }
2020-04-13 03:06:30.247 7990 RALLYDEBUG rally_openstack.contexts.keystone.users [-] Creating 1 tenants using 1 threads
2020-04-13 03:06:30.675 7990 RALLYDEBUG rally_openstack.contexts.keystone.users [-] Creating 1 users using 1 threads
2020-04-13 03:06:31.341 7990 INFO rally.task.context [-] Task 9825863a-82e0-4736-94f6-fb14f01fd7eb | Context users@openstack setup() finished in 1.09 sec
2020-04-13 03:06:31.341 7990 INFO rally.task.context [-] Task 9825863a-82e0-4736-94f6-fb14f01fd7eb | Context admin_cleanup@openstack setup() finished in 0.00 msec
2020-04-13 03:06:31.351 7990 RALLYDEBUG rally.task.runner [-] Starting the constant runner (task UUID: 9825863a-82e0-4736-94f6-fb14f01fd7eb). times: 10 concurrency: 4 timeout: 0 max_cpu_used: 88 processes_to_start: 4 concurrency_per_worker: 1 concurrency_overhead: 0
2020-04-13 03:06:31.363 9547 RALLYDEBUG rally.task.runner [-] Starting a worker. times: 10 duration: None concurrency: 1 timeout: 0 cls: method_name: run args: {"users_per_tenant": 10}
2020-04-13 03:06:31.367 9548 RALLYDEBUG rally.task.runner [-] Starting a worker. times: 10 duration: None concurrency: 1 timeout: 0 cls: method_name: run args: {"users_per_tenant": 10}
2020-04-13 03:06:31.368 9547 INFO rally.task.runner [-] Task 9825863a-82e0-4736-94f6-fb14f01fd7eb | ITER: 1 START
2020-04-13 03:06:31.369 9549 RALLYDEBUG rally.task.runner [-] Starting a worker. times: 10 duration: None concurrency: 1 timeout: 0 cls: method_name: run args: {"users_per_tenant": 10}
2020-04-13 03:06:31.372 9548 INFO rally.task.runner [-] Task 9825863a-82e0-4736-94f6-fb14f01fd7eb | ITER: 2 START
2020-04-13 03:06:31.372 9552 RALLYDEBUG rally.task.runner [-] Starting a worker. times: 10 duration: None concurrency: 1 timeout: 0 cls: method_name: run args: {"users_per_tenant": 10}
2020-04-13 03:06:31.375 9549 INFO rally.task.runner [-] Task 9825863a-82e0-4736-94f6-fb14f01fd7eb | ITER: 3 START
2020-04-13 03:06:31.378 9552 INFO rally.task.runner [-] Task 9825863a-82e0-4736-94f6-fb14f01fd7eb | ITER: 4 START
2020-04-13 03:06:36.689 9548 INFO rally.task.runner [-] Task 9825863a-82e0-4736-94f6-fb14f01fd7eb | ITER: 2 END: OK
2020-04-13 03:06:36.692 9548 INFO rally.task.runner [-] Task 9825863a-82e0-4736-94f6-fb14f01fd7eb | ITER: 5 START
2020-04-13 03:06:36.699 9549 INFO rally.task.runner [-] Task 9825863a-82e0-4736-94f6-fb14f01fd7eb | ITER: 3 END: OK
2020-04-13 03:06:36.703 9549 INFO rally.task.runner [-] Task 9825863a-82e0-4736-94f6-fb14f01fd7eb | ITER: 6 START
2020-04-13 03:06:36.723 9547 INFO rally.task.runner [-] Task 9825863a-82e0-4736-94f6-fb14f01fd7eb | ITER: 1 END: OK
2020-04-13 03:06:36.727 9547 INFO rally.task.runner [-] Task 9825863a-82e0-4736-94f6-fb14f01fd7eb | ITER: 7 START
2020-04-13 03:06:36.829 9552 INFO rally.task.runner [-] Task 9825863a-82e0-4736-94f6-fb14f01fd7eb | ITER: 4 END: OK
2020-04-13 03:06:36.833 9552 INFO rally.task.runner [-] Task 9825863a-82e0-4736-94f6-fb14f01fd7eb | ITER: 8 START
2020-04-13 03:06:42.229 9549 INFO rally.task.runner [-] Task 9825863a-82e0-4736-94f6-fb14f01fd7eb | ITER: 6 END: OK
2020-04-13 03:06:42.232 9549 INFO rally.task.runner [-] Task 9825863a-82e0-4736-94f6-fb14f01fd7eb | ITER: 9 START
2020-04-13 03:06:42.304 9548 INFO rally.task.runner [-] Task 9825863a-82e0-4736-94f6-fb14f01fd7eb | ITER: 5 END: OK
2020-04-13 03:06:42.307 9548 INFO rally.task.runner [-] Task 9825863a-82e0-4736-94f6-fb14f01fd7eb | ITER: 10 START
2020-04-13 03:06:42.382 9552 INFO rally.task.runner [-] Task 9825863a-82e0-4736-94f6-fb14f01fd7eb | ITER: 8 END: OK
2020-04-13 03:06:42.544 9547 INFO rally.task.runner [-] Task 9825863a-82e0-4736-94f6-fb14f01fd7eb | ITER: 7 END: OK
2020-04-13 03:06:47.351 9549 INFO rally.task.runner [-] Task 9825863a-82e0-4736-94f6-fb14f01fd7eb | ITER: 9 END: OK
2020-04-13 03:06:47.455 9548 INFO rally.task.runner [-] Task 9825863a-82e0-4736-94f6-fb14f01fd7eb | ITER: 10 END: OK
2020-04-13 03:06:47.484 7990 INFO rally.task.context [-] Task 9825863a-82e0-4736-94f6-fb14f01fd7eb | Context admin_cleanup@openstack cleanup() started
2020-04-13 03:06:47.492 7990 RALLYDEBUG rally_openstack.cleanup.manager [-] Cleaning up keystone user objects
2020-04-13 03:06:47.784 7990 RALLYDEBUG rally_openstack.cleanup.manager [-] Deleting keystone.user object s_rally_b0cc56a8_X4GlJEwR (022ce51965ae420dae8e16f4b87677bb)
2020-04-13 03:06:47.825 7990 RALLYDEBUG rally_openstack.cleanup.manager [-] Deleting keystone.user object s_rally_b0cc56a8_X4cXbw3k (05d8cf5045cb45b290c365cebd2c32c1)
2020-04-13 03:06:47.830 7990 RALLYDEBUG rally_openstack.cleanup.manager [-] Deleting keystone.user object s_rally_b0cc56a8_alUpLM41 (0639b0981d2b44e98d01857408b9b239)
2020-04-13 03:06:47.841 7990 RALLYDEBUG rally_openstack.cleanup.manager [-] Deleting keystone.user object s_rally_b0cc56a8_YSMGACm9 (111b9606d0804124a7215b5ef8ef64e8)
2020-04-13 03:06:47.853 7990 RALLYDEBUG rally_openstack.cleanup.manager [-] Deleting keystone.user object s_rally_b0cc56a8_ON2NMwpd (16a94a69cea14c028af954bd40d6ef2f)
2020-04-13 03:06:47.903 7990 RALLYDEBUG rally_openstack.cleanup.manager [-] Deleting keystone.user object s_rally_b0cc56a8_0tceI2Mn (1acd6d1019d74fb59ccfb9430a6bc9cd)
2020-04-13 03:06:47.906 7990 RALLYDEBUG rally_openstack.cleanup.manager [-] Deleting keystone.user object s_rally_b0cc56a8_yRdRMA1x (2580db45f680462ebd7ddacc0766e587)
2020-04-13 03:06:47.909 7990 RALLYDEBUG rally_openstack.cleanup.manager [-] Deleting keystone.user object s_rally_b0cc56a8_irymR4O2 (1cb77eec7f7342b088f00df328c4e0ed)
2020-04-13 03:06:47.910 7990 RALLYDEBUG rally_openstack.cleanup.manager [-] Deleting keystone.user object s_rally_b0cc56a8_OkaYK27i (21d71762416d4c04911077736e5ceb8c)
2020-04-13 03:06:47.819 7990 RALLYDEBUG rally_openstack.cleanup.manager [-] Deleting keystone.user object s_rally_b0cc56a8_mzsmOiDe (137884befde446899041c700a13e26aa)
2020-04-13 03:06:47.886 7990 RALLYDEBUG rally_openstack.cleanup.manager [-] Deleting keystone.user object s_rally_b0cc56a8_2nWbb7Gh (27b3a092edf541a4ad6e4f2c8c8132aa)
2020-04-13 03:06:47.926 7990 RALLYDEBUG rally_openstack.cleanup.manager [-] Deleting keystone.user object s_rally_b0cc56a8_PAgXpavV (3130fc01e5da4028a9ab105339184362)
2020-04-13 03:06:47.927 7990 RALLYDEBUG rally_openstack.cleanup.manager [-] Deleting keystone.user object s_rally_b0cc56a8_7W3yUMzp (3112992be47c430ebbb930007e9860ce)
2020-04-13 03:06:47.932 7990 RALLYDEBUG rally_openstack.cleanup.manager [-] Deleting keystone.user object s_rally_b0cc56a8_LnCkYlSc (1c16e032e5fd4630ae90c28a668e6507)
2020-04-13 03:06:47.933 7990 RALLYDEBUG rally_openstack.cleanup.manager [-] Deleting keystone.user object s_rally_b0cc56a8_yZrcUmer (11ae8f99258040188327599cf62d803e)
2020-04-13 03:06:47.933 7990 RALLYDEBUG rally_openstack.cleanup.manager [-] Deleting keystone.user object s_rally_b0cc56a8_3psaawNG (27d7fe256837409786e271d8a5a392b0)
2020-04-13 03:06:47.933 7990 RALLYDEBUG rally_openstack.cleanup.manager [-] Deleting keystone.user object s_rally_b0cc56a8_2C6vrlkb (2cdffd61a68544a48c1a94d897ed1819)
2020-04-13 03:06:47.934 7990 RALLYDEBUG rally_openstack.cleanup.manager [-] Deleting keystone.user object s_rally_b0cc56a8_cUODC7vb (2e4359cf2b104f179031d925b495360b)
2020-04-13 03:06:47.939 7990 RALLYDEBUG rally_openstack.cleanup.manager [-] Deleting keystone.user object s_rally_b0cc56a8_zm7iNg52 (13cae4f2a81d46ef91e2fcaf19b21205)
2020-04-13 03:06:47.948 7990 RALLYDEBUG rally_openstack.cleanup.manager [-] Deleting keystone.user object s_rally_b0cc56a8_g7ftwJUA (0b79a9696a8a476c8c058dda7a246df6)
2020-04-13 03:06:49.952 7990 RALLYDEBUG rally_openstack.cleanup.manager [-] Deleting keystone.user object s_rally_b0cc56a8_uOH1aei7 (34c658e912fc47c7a78ce2113070ec08)
2020-04-13 03:06:50.081 7990 RALLYDEBUG rally_openstack.cleanup.manager [-] Deleting keystone.user object s_rally_b0cc56a8_I0VuPggs (35a0e85600e0489faca8e05fe6ce832e)
2020-04-13 03:06:50.103 7990 RALLYDEBUG rally_openstack.cleanup.manager [-] Deleting keystone.user object s_rally_b0cc56a8_2F9pCaOc (37d82080990a4865bb1c0cd799d11be7)
2020-04-13 03:06:50.116 7990 RALLYDEBUG rally_openstack.cleanup.manager [-] Deleting keystone.user object s_rally_b0cc56a8_QpIfbWul (3a0bb9eb5dca4bb1a550f7a08d02d61e)
2020-04-13 03:06:50.132 7990 RALLYDEBUG rally_openstack.cleanup.manager [-] Deleting keystone.user object s_rally_b0cc56a8_NjTB1w99 (386c8e7ed71e4ff3bad63414ac7fef98)
2020-04-13 03:06:50.150 7990 RALLYDEBUG rally_openstack.cleanup.manager [-] Deleting keystone.user object s_rally_b0cc56a8_VyZ7TiQ5 (3eaab8d9eb6a424baca690854974f4fe)
2020-04-13 03:06:50.158 7990 RALLYDEBUG rally_openstack.cleanup.manager [-] Deleting keystone.user object s_rally_b0cc56a8_u13rnrFS (4a322a77cff84ada885b8314bb57a170)
2020-04-13 03:06:50.169 7990 RALLYDEBUG rally_openstack.cleanup.manager [-] Deleting keystone.user object s_rally_b0cc56a8_7A59l3Ar (3c8853e112ad451dafbd275bd6ae0201)
2020-04-13 03:06:50.203 7990 RALLYDEBUG rally_openstack.cleanup.manager [-] Deleting keystone.user object s_rally_b0cc56a8_T0zcX3tj (4a9fc500c8674c49953e170f86ea5a07)
2020-04-13 03:06:50.245 7990 RALLYDEBUG rally_openstack.cleanup.manager [-] Deleting keystone.user object s_rally_b0cc56a8_V3PVyJ20 (4b9358ec2d454bf5adfaf5045ec2a1b5)
2020-04-13 03:06:50.334 7990 RALLYDEBUG rally_openstack.cleanup.manager [-] Deleting keystone.user object s_rally_b0cc56a8_W2iwsQPY (4c8d7ccecefd43baae528608799a41bd)
2020-04-13 03:06:50.361 7990 RALLYDEBUG rally_openstack.cleanup.manager [-] Deleting keystone.user object s_rally_b0cc56a8_xgFQnIS6 (52dd38dc06e84f41b663f53d9d2e26b9)
2020-04-13 03:06:50.384 7990 RALLYDEBUG rally_openstack.cleanup.manager [-] Deleting keystone.user object s_rally_b0cc56a8_SSKLnHai (4d954fe9380b4bf782ee190c41cf9ea9)
2020-04-13 03:06:50.398 7990 RALLYDEBUG rally_openstack.cleanup.manager [-] Deleting keystone.user object s_rally_b0cc56a8_cA3Xks2e (55ed643db9c342929cef7cacc102698f)
2020-04-13 03:06:50.398 7990 RALLYDEBUG rally_openstack.cleanup.manager [-] Deleting keystone.user object s_rally_b0cc56a8_3aq60ExJ (4db73adfd981432faa6ec654622ddbe2)
2020-04-13 03:06:50.406 7990 RALLYDEBUG rally_openstack.cleanup.manager [-] Deleting keystone.user object s_rally_b0cc56a8_5f1W5wVa (58aefb5f380d457ebc25f58ae6e476bb)
2020-04-13 03:06:50.430 7990 RALLYDEBUG rally_openstack.cleanup.manager [-] Deleting keystone.user object s_rally_b0cc56a8_EIIhg8JR (5d3b5f815e0046ab885ecf4de33539ca)
2020-04-13 03:06:50.447 7990 RALLYDEBUG rally_openstack.cleanup.manager [-] Deleting keystone.user object s_rally_b0cc56a8_xG5dftvJ (5e458b451f744c57b1cb40d9ecda9585)
2020-04-13 03:06:50.524 7990 RALLYDEBUG rally_openstack.cleanup.manager [-] Deleting keystone.user object s_rally_b0cc56a8_ClFEGFgJ (5f6c767812d0438bbb1d4c51b9410b35)
2020-04-13 03:06:50.541 7990 RALLYDEBUG rally_openstack.cleanup.manager [-] Deleting keystone.user object s_rally_b0cc56a8_gapT71cL (61e65e27117d4a0389e02312843a586c)
2020-04-13 03:06:51.629 7990 RALLYDEBUG rally_openstack.cleanup.manager [-] Deleting keystone.user object s_rally_b0cc56a8_BVz3vv92 (62bda418f2534256be121c6635e156ac)
2020-04-13 03:06:51.826 7990 RALLYDEBUG rally_openstack.cleanup.manager [-] Deleting keystone.user object s_rally_b0cc56a8_JcXy0shr (64f6f9034b0548a2b2ecf3378cfe9a20)
2020-04-13 03:06:52.014 7990 RALLYDEBUG rally_openstack.cleanup.manager [-] Deleting keystone.user object s_rally_b0cc56a8_FTfa4CJu (657fe4b72f8d474891e553afe70021ff)
2020-04-13 03:06:52.035 7990 RALLYDEBUG rally_openstack.cleanup.manager [-] Deleting keystone.user object s_rally_b0cc56a8_U5Y43xph (6621c6171c6740c9b6bc9e53d99e5754)
2020-04-13 03:06:52.047 7990 RALLYDEBUG rally_openstack.cleanup.manager [-] Deleting keystone.user object s_rally_b0cc56a8_8jqqIO3v (66dfdf263e4540a997fb9e72a881da4a)
2020-04-13 03:06:52.147 7990 RALLYDEBUG rally_openstack.cleanup.manager [-] Deleting keystone.user object s_rally_b0cc56a8_y2QUB9rr (6810045604a84eda8cafb4ee0349ec0a)
2020-04-13 03:06:52.173 7990 RALLYDEBUG rally_openstack.cleanup.manager [-] Deleting keystone.user object s_rally_b0cc56a8_EaIneKml (69c9cb61e6a44c72bef695d9babdd91d)
2020-04-13 03:06:52.183 7990 RALLYDEBUG rally_openstack.cleanup.manager [-] Deleting keystone.user object s_rally_b0cc56a8_dtMcH2mF (6e55444bf40e4883a11af95f3bab0915)
2020-04-13 03:06:52.214 7990 RALLYDEBUG rally_openstack.cleanup.manager [-] Deleting keystone.user object s_rally_b0cc56a8_cog0gXot (6f2a1a63270945f29e745c5e18a6ed5e)
2020-04-13 03:06:52.307 7990 RALLYDEBUG rally_openstack.cleanup.manager [-] Deleting keystone.user object s_rally_b0cc56a8_jv2mTyu1 (72498ce86c1645cc9e0de6f0ade75ca1)
2020-04-13 03:06:52.316 7990 RALLYDEBUG rally_openstack.cleanup.manager [-] Deleting keystone.user object s_rally_b0cc56a8_LoDG3Tuz (733d57c991b841dc90d5c8753f875341)
2020-04-13 03:06:52.393 7990 RALLYDEBUG rally_openstack.cleanup.manager [-] Deleting keystone.user object s_rally_b0cc56a8_anlb362q (79670979241b4c4f9d3acebeecb689e8)
2020-04-13 03:06:52.412 7990 RALLYDEBUG rally_openstack.cleanup.manager [-] Deleting keystone.user object s_rally_b0cc56a8_s76ybGyl (7a1f1ea2db984f58a6715dde357ac840)
2020-04-13 03:06:52.457 7990 RALLYDEBUG rally_openstack.cleanup.manager [-] Deleting keystone.user object s_rally_b0cc56a8_7rR7IKc4 (7d35dbcb1e0e4e9194158b9f5d5308c1)
2020-04-13 03:06:52.462 7990 RALLYDEBUG rally_openstack.cleanup.manager [-] Deleting keystone.user object s_rally_b0cc56a8_Wockjrzk (7ec079f7b0f243eea66d2cc1aa7b2ac8)
2020-04-13 03:06:52.483 7990 RALLYDEBUG rally_openstack.cleanup.manager [-] Deleting keystone.user object s_rally_b0cc56a8_3HM1RSR7 (86bc055d419f4dd39d79d29f8870b7e9)
2020-04-13 03:06:52.494 7990 RALLYDEBUG rally_openstack.cleanup.manager [-] Deleting keystone.user object s_rally_b0cc56a8_5eZw0v0Z (87238e146d3046d29428f96aef1b0d8f)
2020-04-13 03:06:52.500 7990 RALLYDEBUG rally_openstack.cleanup.manager [-] Deleting keystone.user object s_rally_b0cc56a8_Qj3WUYZP (8e5fb12481254717a36a54a9dbec268a)
2020-04-13 03:06:52.511 7990 RALLYDEBUG rally_openstack.cleanup.manager [-] Deleting keystone.user object s_rally_b0cc56a8_dSAQHwcr (80f7ff4cab964ec8899381f555c6aebe)
2020-04-13 03:06:52.625 7990 RALLYDEBUG rally_openstack.cleanup.manager [-] Deleting keystone.user object s_rally_b0cc56a8_yh3pBI7l (8f7f4f06048e49a6b1dd7bdfde39a17d)
2020-04-13 03:06:53.218 7990 RALLYDEBUG rally_openstack.cleanup.manager [-] Deleting keystone.user object s_rally_b0cc56a8_STwNB5WV (908ab95b3fb54efb8bab78a8a9ae8f9a)
2020-04-13 03:06:53.230 7990 RALLYDEBUG rally_openstack.cleanup.manager [-] Deleting keystone.user object s_rally_b0cc56a8_rfqEbqu3 (973cc2644c0d40c2851b0bf709223672)
2020-04-13 03:06:53.588 7990 RALLYDEBUG rally_openstack.cleanup.manager [-] Deleting keystone.user object s_rally_b0cc56a8_1dvGB6pe (9a8526ca89fc4817b7bda80484cb4f9b)
2020-04-13 03:06:53.596 7990 RALLYDEBUG rally_openstack.cleanup.manager [-] Deleting keystone.user object s_rally_b0cc56a8_RhlPPoiT (9b7ed05e47c54d9bb019164c65e5837d)
2020-04-13 03:06:53.602 7990 RALLYDEBUG rally_openstack.cleanup.manager [-] Deleting keystone.user object s_rally_b0cc56a8_LSHxVImg (9bb9ff1fa4b042d8912f3b15d6546bf5)
2020-04-13 03:06:53.811 7990 RALLYDEBUG rally_openstack.cleanup.manager [-] Deleting keystone.user object s_rally_b0cc56a8_isYiSqQD (9ec203cc50ef44749ee1a84d3c5bbf60)
2020-04-13 03:06:53.891 7990 RALLYDEBUG rally_openstack.cleanup.manager [-] Deleting keystone.user object s_rally_b0cc56a8_sjEA33Ec (a0a00180c2744c9bb0cf7855cc8e0eb0)
2020-04-13 03:06:54.003 7990 RALLYDEBUG rally_openstack.cleanup.manager [-] Deleting keystone.user object s_rally_b0cc56a8_VaLW5tff (a14c1814137f4826bd352e098d941327)
2020-04-13 03:06:54.070 7990 RALLYDEBUG rally_openstack.cleanup.manager [-] Deleting keystone.user object s_rally_b0cc56a8_ak9scXdt (a953f1ae415a478db5eedc89aa6a19f4)
2020-04-13 03:06:54.134 7990 RALLYDEBUG rally_openstack.cleanup.manager [-] Deleting keystone.user object s_rally_b0cc56a8_qMLRHHAL (ae86a9bd1a5f4f92961154492ea454db)
2020-04-13 03:06:54.135 7990 RALLYDEBUG rally_openstack.cleanup.manager [-] Deleting keystone.user object s_rally_b0cc56a8_OXY2xaNy (ab9fced6781e45e18fc2b6874ef718db)
2020-04-13 03:06:54.235 7990 RALLYDEBUG rally_openstack.cleanup.manager [-] Deleting keystone.user object s_rally_b0cc56a8_h2f6uxW4 (b339b7fd5bdf4571b5bcc42505de557c)
2020-04-13 03:06:54.260 7990 RALLYDEBUG rally_openstack.cleanup.manager [-] Deleting keystone.user object s_rally_b0cc56a8_Si3ewla5 (bb4da9c1c873467d866a677d8a974ae3)
2020-04-13 03:06:54.272 7990 RALLYDEBUG rally_openstack.cleanup.manager [-] Deleting keystone.user object s_rally_b0cc56a8_4Oxou9PU (bcff4f82be8942c6af1e6efe3ff85258)
2020-04-13 03:06:54.354 7990 RALLYDEBUG rally_openstack.cleanup.manager [-] Deleting keystone.user object s_rally_b0cc56a8_nvuG7JU2 (c18f63f12db0467cb5290170866c3fac)
2020-04-13 03:06:54.375 7990 RALLYDEBUG rally_openstack.cleanup.manager [-] Deleting keystone.user object s_rally_b0cc56a8_o2TvxXNV (c1c8069cceed487a8a8672b3845726a7)
2020-04-13 03:06:54.386 7990 RALLYDEBUG rally_openstack.cleanup.manager [-] Deleting keystone.user object s_rally_b0cc56a8_jrc2A7J1 (c77623757e8f46aba08bf291a0b97414)
2020-04-13 03:06:54.446 7990 RALLYDEBUG rally_openstack.cleanup.manager [-] Deleting keystone.user object s_rally_b0cc56a8_m9yhahy1 (c965d60e830e4f22a2d8659a9fcfe041)
2020-04-13 03:06:54.489 7990 RALLYDEBUG rally_openstack.cleanup.manager [-] Deleting keystone.user object s_rally_b0cc56a8_dpJ8qyFp (cd655c22b7c24ca68674d978667d5f8f)
2020-04-13 03:06:54.521 7990 RALLYDEBUG rally_openstack.cleanup.manager [-] Deleting keystone.user object s_rally_b0cc56a8_GjJlUT8B (cd8e5a12514a41d6a4bfb5d086a09e99)
2020-04-13 03:06:54.763 7990 RALLYDEBUG rally_openstack.cleanup.manager [-] Deleting keystone.user object s_rally_b0cc56a8_FSWt1Tt5 (d01c1bef775e4733bef0de0e945a01cd)
2020-04-13 03:06:54.786 7990 RALLYDEBUG rally_openstack.cleanup.manager [-] Deleting keystone.user object s_rally_b0cc56a8_20XaFwjL (d1d4e33d96db4fcd84e35c127b463bf1)
2020-04-13 03:06:55.043 7990 RALLYDEBUG rally_openstack.cleanup.manager [-] Deleting keystone.user object s_rally_b0cc56a8_39pPJ79o (d48c6f27b6264e94a4326601d6b3e56a)
2020-04-13 03:06:55.047 7990 RALLYDEBUG rally_openstack.cleanup.manager [-] Deleting keystone.user object s_rally_b0cc56a8_PgU2V7Li (d5af9494aa134009a7c58050d8805e74)
2020-04-13 03:06:55.149 7990 RALLYDEBUG rally_openstack.cleanup.manager [-] Deleting keystone.user object s_rally_b0cc56a8_Z8x90d4J (d63858d5dd6948a880dcb43a6678eb6b)
2020-04-13 03:06:55.329 7990 RALLYDEBUG rally_openstack.cleanup.manager [-] Deleting keystone.user object s_rally_b0cc56a8_s4nQ7Mcq (d718ffb358334cd7b2e677fe79db8981)
2020-04-13 03:06:55.370 7990 RALLYDEBUG rally_openstack.cleanup.manager [-] Deleting keystone.user object s_rally_b0cc56a8_yz3afQW9 (d8e3af191d644c538014889bd5c9f6e1)
2020-04-13 03:06:55.546 7990 RALLYDEBUG rally_openstack.cleanup.manager [-] Deleting keystone.user object s_rally_b0cc56a8_ZF1ttrgH (d8f01e7c27694e70b7647cdd7086150a)
2020-04-13 03:06:55.725 7990 RALLYDEBUG rally_openstack.cleanup.manager [-] Deleting keystone.user object s_rally_b0cc56a8_9P7oVXId (de4b9c71bbf247cb8d5828c8b3000b24)
2020-04-13 03:06:55.827 7990 RALLYDEBUG rally_openstack.cleanup.manager [-] Deleting keystone.user object s_rally_b0cc56a8_QTSXLh5e (de99b176c47f4ce2b14119421fa09a8e)
2020-04-13 03:06:55.868 7990 RALLYDEBUG rally_openstack.cleanup.manager [-] Deleting keystone.user object s_rally_b0cc56a8_FjXfUPJI (e2ac26f7415348ec84572e05af6d398d)
2020-04-13 03:06:55.875 7990 RALLYDEBUG rally_openstack.cleanup.manager [-] Deleting keystone.user object s_rally_b0cc56a8_VfBzDl9b (e394cc02a8954f7aa258cf9b8fd9af31)
2020-04-13 03:06:55.881 7990 RALLYDEBUG rally_openstack.cleanup.manager [-] Deleting keystone.user object s_rally_b0cc56a8_ItUGQ8jI (e0863a8dc74e46bcb051cfe74c3b63d9)
2020-04-13 03:06:55.889 7990 RALLYDEBUG rally_openstack.cleanup.manager [-] Deleting keystone.user object s_rally_b0cc56a8_WMvlpzPF (e96738f39f9b45839cae7e6b3a1d5529)
2020-04-13 03:06:56.055 7990 RALLYDEBUG rally_openstack.cleanup.manager [-] Deleting keystone.user object s_rally_b0cc56a8_DTWOUqBK (ee3e3b79c67a4d119704a40bd0461de5)
2020-04-13 03:06:56.105 7990 RALLYDEBUG rally_openstack.cleanup.manager [-] Deleting keystone.user object s_rally_b0cc56a8_LKgLikmI (f0670914731a440aaa57482bbd0f59bd)
2020-04-13 03:06:56.125 7990 RALLYDEBUG rally_openstack.cleanup.manager [-] Deleting keystone.user object s_rally_b0cc56a8_ORBFWQZD (f19f9fa1a26e4f44a863b88799b3a045)
2020-04-13 03:06:56.131 7990 RALLYDEBUG rally_openstack.cleanup.manager [-] Deleting keystone.user object s_rally_b0cc56a8_s7eOjRyh (f25738af19ad4f85a4e99be73551d239)
2020-04-13 03:06:56.143 7990 RALLYDEBUG rally_openstack.cleanup.manager [-] Deleting keystone.user object s_rally_b0cc56a8_tQ2SlZ7E (f920e58f7eb84296ac65663964dc4eb3)
2020-04-13 03:06:56.231 7990 RALLYDEBUG rally_openstack.cleanup.manager [-] Deleting keystone.user object s_rally_b0cc56a8_G5AdU0Kn (fe45760afcb144129be1fdfc6f5914ce)
2020-04-13 03:06:57.853 7990 RALLYDEBUG rally_openstack.cleanup.manager [-] Cleaning up keystone project objects
2020-04-13 03:06:58.256 7990 RALLYDEBUG rally_openstack.cleanup.manager [-] Deleting keystone.project object s_rally_b0cc56a8_FGZkygQF (165da6a1fe46489e9ba78d175f3b0733)
2020-04-13 03:06:58.289 7990 RALLYDEBUG rally_openstack.cleanup.manager [-] Deleting keystone.project object s_rally_b0cc56a8_4YI6lak5 (50f511cc52a44e789886024a507ba347)
2020-04-13 03:06:58.304 7990 RALLYDEBUG rally_openstack.cleanup.manager [-] Deleting keystone.project object s_rally_b0cc56a8_0ZfEsjNV (139042677ecd41fb90f525ff6be0c88e)
2020-04-13 03:06:58.330 7990 RALLYDEBUG rally_openstack.cleanup.manager [-] Deleting keystone.project object s_rally_b0cc56a8_fIC6gN6W (3d47f14b5faa46119ed9331879cee118)
2020-04-13 03:06:58.364 7990 RALLYDEBUG rally_openstack.cleanup.manager [-] Deleting keystone.project object s_rally_b0cc56a8_chdsHMMi (51cc3601ed494b7fa2f4095c664cf76f)
2020-04-13 03:06:58.392 7990 RALLYDEBUG rally_openstack.cleanup.manager [-] Deleting keystone.project object s_rally_b0cc56a8_zOYkLpjR (95124ebad3ca41db8ede2c0856bb2f90)
2020-04-13 03:06:58.438 7990 RALLYDEBUG rally_openstack.cleanup.manager [-] Deleting keystone.project object s_rally_b0cc56a8_Q6pEICUe (95e1ed4b2a9c405da29fa5bbfe032e65)
2020-04-13 03:06:58.475 7990 RALLYDEBUG rally_openstack.cleanup.manager [-] Deleting keystone.project object s_rally_b0cc56a8_ZSd5QKPz (65beb9cc966f4d089088014e896fd618)
2020-04-13 03:06:58.480 7990 RALLYDEBUG rally_openstack.cleanup.manager [-] Deleting keystone.project object s_rally_b0cc56a8_HCy6h4BV (e8ffee872dfa42b7a03819c903aaee3f)
2020-04-13 03:06:58.554 7990 RALLYDEBUG rally_openstack.cleanup.manager [-] Deleting keystone.project object s_rally_b0cc56a8_eueensJG (d6026d49ce324d9685f044f5372b5e0c)
2020-04-13 03:07:00.285 7990 RALLYDEBUG rally_openstack.cleanup.manager [-] Cleaning up keystone service objects
2020-04-13 03:07:00.716 7990 RALLYDEBUG rally_openstack.cleanup.manager [-] Cleaning up keystone role objects
2020-04-13 03:07:00.991 7990 INFO rally.task.context [-] Task 9825863a-82e0-4736-94f6-fb14f01fd7eb | Context admin_cleanup@openstack cleanup() finished in 13.51 sec
2020-04-13 03:07:00.991 7990 INFO rally.task.context [-] Task 9825863a-82e0-4736-94f6-fb14f01fd7eb | Context users@openstack cleanup() started
2020-04-13 03:07:01.173 7990 WARNING rally.common.logging [-] `iterate_per_tenants()' is deprecated in v3.0.0: it is openstack specific.. Used at
2020-04-13 03:07:02.315 7990 INFO rally.task.context [-] Task 9825863a-82e0-4736-94f6-fb14f01fd7eb | Context users@openstack cleanup() finished in 1.32 sec
2020-04-13 03:07:03.066 7990 INFO rally.task.engine [-] Load duration is: 15.763539
2020-04-13 03:07:03.067 7990 INFO rally.task.engine [-] Full runner duration is: 16.132897
2020-04-13 03:07:03.067 7990 INFO rally.task.engine [-] Full duration is: 32.069605
2020-04-13 03:07:03.150 7990 INFO rally.task.engine [-] Task 9825863a-82e0-4736-94f6-fb14f01fd7eb | Completed: Running task.
2020-04-13 03:07:04.671 9689 RALLYDEBUG rally.api [-] INFO logs from urllib3 and requests module are hide.
2020-04-13 03:07:04.672 9689 RALLYDEBUG rally.api [-] urllib3 insecure warnings are hidden.
2020-04-13 03:07:04.672 9689 RALLYDEBUG rally.api [-] ERROR log from boto module is hide.
2020-04-13 03:07:06.037 9690 RALLYDEBUG rally.api [-] INFO logs from urllib3 and requests module are hide.
2020-04-13 03:07:06.037 9690 RALLYDEBUG rally.api [-] urllib3 insecure warnings are hidden.
2020-04-13 03:07:06.038 9690 RALLYDEBUG rally.api [-] ERROR log from boto module is hide.
2020-04-13 03:07:07.463 9691 RALLYDEBUG rally.api [-] INFO logs from urllib3 and requests module are hide.
2020-04-13 03:07:07.463 9691 RALLYDEBUG rally.api [-] urllib3 insecure warnings are hidden.
2020-04-13 03:07:07.464 9691 RALLYDEBUG rally.api [-] ERROR log from boto module is hide.
2020-04-13 03:07:09.253 9691 INFO rally.api [-] Building 'json' report for the following task(s): '9825863a-82e0-4736-94f6-fb14f01fd7eb'.
2020-04-13 03:07:09.284 9691 INFO rally.api [-] The report has been successfully built.
2020-04-13 03:07:10.713 9693 RALLYDEBUG rally.api [-] INFO logs from urllib3 and requests module are hide.
2020-04-13 03:07:10.713 9693 RALLYDEBUG rally.api [-] urllib3 insecure warnings are hidden.
2020-04-13 03:07:10.713 9693 RALLYDEBUG rally.api [-] ERROR log from boto module is hide.
2020-04-13 03:07:12.738 9693 INFO rally.task.engine [-] Task 1555adf2-8b06-4117-91f7-246dacab2a51 | Starting: Task validation.
2020-04-13 03:07:12.753 9693 INFO rally.task.engine [-] Task 1555adf2-8b06-4117-91f7-246dacab2a51 | Starting: Task validation of syntax.
2020-04-13 03:07:13.013 9693 INFO rally.task.engine [-] Task 1555adf2-8b06-4117-91f7-246dacab2a51 | Completed: Task validation of syntax.
2020-04-13 03:07:13.013 9693 INFO rally.task.engine [-] Task 1555adf2-8b06-4117-91f7-246dacab2a51 | Starting: Task validation of required platforms.
2020-04-13 03:07:13.126 9693 INFO rally.task.engine [-] Task 1555adf2-8b06-4117-91f7-246dacab2a51 | Completed: Task validation of required platforms.
2020-04-13 03:07:13.126 9693 INFO rally.task.engine [-] Task 1555adf2-8b06-4117-91f7-246dacab2a51 | Starting: Task validation of semantic.
2020-04-13 03:07:13.126 9693 INFO rally.task.engine [-] Check health of the environment '7668f194-046b-4114-9f2e-351476141398'.
2020-04-13 03:07:13.688 9693 INFO rally.task.engine [-] Platform existing@openstack (available: True): OK!
2020-04-13 03:07:13.698 9693 RALLYDEBUG rally_openstack.contexts.keystone.users [-] Creating 1 tenants using 1 threads
2020-04-13 03:07:14.031 9693 RALLYDEBUG rally_openstack.contexts.keystone.users [-] Creating 1 users using 1 threads
2020-04-13 03:07:14.626 9693 INFO rally.task.context [-] Task 1555adf2-8b06-4117-91f7-246dacab2a51 | Context users@openstack setup() finished in 0.93 sec
2020-04-13 03:07:15.600 9693 INFO rally.task.context [-] Task 1555adf2-8b06-4117-91f7-246dacab2a51 | Context users@openstack cleanup() started
2020-04-13 03:07:15.793 9693 WARNING rally.common.logging [-] `iterate_per_tenants()' is deprecated in v3.0.0: it is openstack specific.. Used at
2020-04-13 03:07:16.931 9693 INFO rally.task.context [-] Task 1555adf2-8b06-4117-91f7-246dacab2a51 | Context users@openstack cleanup() finished in 1.33 sec
2020-04-13 03:07:16.932 9693 INFO rally.task.engine [-] Task 1555adf2-8b06-4117-91f7-246dacab2a51 | Completed: Task validation of semantic.
2020-04-13 03:07:16.932 9693 INFO rally.task.engine [-] Task 1555adf2-8b06-4117-91f7-246dacab2a51 | Completed: Task validation.
2020-04-13 03:07:16.933 9693 INFO rally.api [-] Task 1555adf2-8b06-4117-91f7-246dacab2a51 input file is valid.
2020-04-13 03:07:16.933 9693 INFO rally.api [-] Run Task 1555adf2-8b06-4117-91f7-246dacab2a51 against Deployment 7668f194-046b-4114-9f2e-351476141398
2020-04-13 03:07:16.934 9693 INFO rally.task.engine [-] Task 1555adf2-8b06-4117-91f7-246dacab2a51 | Starting: Running task.
2020-04-13 03:07:16.991 9693 INFO rally.task.engine [-] Running workload: position = 0 config = { "version": 2, "title": "A cropped version of a bigger task.", "description": "Auto-generated task from a single workload (uuid=bdfa76f0-d861-439d-8da5-919972908806)", "subtasks": [ { "title": "NeutronNetworks.create_and_update_networks", "description": "Create and update a network.", "scenario": { "NeutronNetworks.create_and_update_networks": { "network_create_args": {}, "network_update_args": { "admin_state_up": false } } }, "contexts": { "users": { "tenants": 3, "users_per_tenant": 2 }, "quotas": { "neutron": { "network": -1 } } }, "runner": { "constant": { "concurrency": 4, "times": 10 } }, "hooks": [], "sla": { "failure_rate": { "max": 0 } } } ] }
2020-04-13 03:07:17.011 9693 RALLYDEBUG rally_openstack.contexts.keystone.users [-] Creating 3 tenants using 3 threads
2020-04-13 03:07:17.470 9693 RALLYDEBUG rally_openstack.contexts.keystone.users [-] Creating 6 users using 6 threads
2020-04-13 03:07:18.420 9693 INFO rally.task.context [-] Task 1555adf2-8b06-4117-91f7-246dacab2a51 | Context users@openstack setup() finished in 1.41 sec
2020-04-13 03:07:18.779 9693 INFO rally.task.context [-] Task 1555adf2-8b06-4117-91f7-246dacab2a51 | Context quotas@openstack setup() finished in 0.36 sec
2020-04-13 03:07:18.780 9693 INFO rally.task.context [-] Task 1555adf2-8b06-4117-91f7-246dacab2a51 | Context cleanup@openstack setup() finished in 0.00 msec
