2020-04-13 03:07:18.790 9693 RALLYDEBUG rally.task.runner [-] Starting the constant runner (task UUID: 1555adf2-8b06-4117-91f7-246dacab2a51). times: 10 concurrency: 4 timeout: 0 max_cpu_used: 88 processes_to_start: 4 concurrency_per_worker: 1 concurrency_overhead: 0
2020-04-13 03:07:18.803 9748 RALLYDEBUG rally.task.runner [-] Starting a worker. times: 10 duration: None concurrency: 1 timeout: 0 cls: method_name: run args: {"network_create_args": {}, "network_update_args": {"admin_state_up": false}}
2020-04-13 03:07:18.806 9749 RALLYDEBUG rally.task.runner [-] Starting a worker. times: 10 duration: None concurrency: 1 timeout: 0 cls: method_name: run args: {"network_create_args": {}, "network_update_args": {"admin_state_up": false}}
2020-04-13 03:07:18.808 9750 RALLYDEBUG rally.task.runner [-] Starting a worker. times: 10 duration: None concurrency: 1 timeout: 0 cls: method_name: run args: {"network_create_args": {}, "network_update_args": {"admin_state_up": false}}
2020-04-13 03:07:18.810 9748 INFO rally.task.runner [-] Task 1555adf2-8b06-4117-91f7-246dacab2a51 | ITER: 1 START
2020-04-13 03:07:18.811 9751 RALLYDEBUG rally.task.runner [-] Starting a worker. times: 10 duration: None concurrency: 1 timeout: 0 cls: method_name: run args: {"network_create_args": {}, "network_update_args": {"admin_state_up": false}}
2020-04-13 03:07:18.812 9749 INFO rally.task.runner [-] Task 1555adf2-8b06-4117-91f7-246dacab2a51 | ITER: 2 START
2020-04-13 03:07:18.814 9750 INFO rally.task.runner [-] Task 1555adf2-8b06-4117-91f7-246dacab2a51 | ITER: 3 START
2020-04-13 03:07:18.817 9751 INFO rally.task.runner [-] Task 1555adf2-8b06-4117-91f7-246dacab2a51 | ITER: 4 START
2020-04-13 03:07:20.203 9748 INFO rally.task.runner [-] Task 1555adf2-8b06-4117-91f7-246dacab2a51 | ITER: 1 END: OK
2020-04-13 03:07:20.207 9748 INFO rally.task.runner [-] Task 1555adf2-8b06-4117-91f7-246dacab2a51 | ITER: 5 START
2020-04-13 03:07:20.767 9750 INFO rally.task.runner [-] Task 1555adf2-8b06-4117-91f7-246dacab2a51 | ITER: 3 END: OK
2020-04-13 03:07:20.772 9750 INFO rally.task.runner [-] Task 1555adf2-8b06-4117-91f7-246dacab2a51 | ITER: 6 START
2020-04-13 03:07:20.891 9748 INFO rally.task.runner [-] Task 1555adf2-8b06-4117-91f7-246dacab2a51 | ITER: 5 END: OK
2020-04-13 03:07:20.895 9748 INFO rally.task.runner [-] Task 1555adf2-8b06-4117-91f7-246dacab2a51 | ITER: 7 START
2020-04-13 03:07:21.605 9748 INFO rally.task.runner [-] Task 1555adf2-8b06-4117-91f7-246dacab2a51 | ITER: 7 END: OK
2020-04-13 03:07:21.610 9748 INFO rally.task.runner [-] Task 1555adf2-8b06-4117-91f7-246dacab2a51 | ITER: 8 START
2020-04-13 03:07:22.030 9749 INFO rally.task.runner [-] Task 1555adf2-8b06-4117-91f7-246dacab2a51 | ITER: 2 END: OK
2020-04-13 03:07:22.035 9749 INFO rally.task.runner [-] Task 1555adf2-8b06-4117-91f7-246dacab2a51 | ITER: 9 START
2020-04-13 03:07:22.201 9750 INFO rally.task.runner [-] Task 1555adf2-8b06-4117-91f7-246dacab2a51 | ITER: 6 END: OK
2020-04-13 03:07:22.205 9750 INFO rally.task.runner [-] Task 1555adf2-8b06-4117-91f7-246dacab2a51 | ITER: 10 START
2020-04-13 03:07:22.364 9748 INFO rally.task.runner [-] Task 1555adf2-8b06-4117-91f7-246dacab2a51 | ITER: 8 END: OK
2020-04-13 03:07:22.901 9751 INFO rally.task.runner [-] Task 1555adf2-8b06-4117-91f7-246dacab2a51 | ITER: 4 END: OK
2020-04-13 03:07:23.253 9749 INFO rally.task.runner [-] Task 1555adf2-8b06-4117-91f7-246dacab2a51 | ITER: 9 END: OK
2020-04-13 03:07:23.708 9750 INFO rally.task.runner [-] Task 1555adf2-8b06-4117-91f7-246dacab2a51 | ITER: 10 END: OK
2020-04-13 03:07:23.731 9693 INFO rally.task.context [-] Task 1555adf2-8b06-4117-91f7-246dacab2a51 | Context cleanup@openstack cleanup() started
2020-04-13 03:07:23.735 9693 RALLYDEBUG rally_openstack.cleanup.manager [-] Cleaning up neutron vip objects
2020-04-13 03:07:24.174 9693 RALLYDEBUG rally_openstack.cleanup.manager [-] Cleaning up neutron health_monitor objects
2020-04-13 03:07:24.609 9693 RALLYDEBUG rally_openstack.cleanup.manager [-] Cleaning up neutron pool objects
2020-04-13 03:07:25.006 9693 RALLYDEBUG rally_openstack.cleanup.manager [-] Cleaning up neutron loadbalancer objects
2020-04-13 03:07:25.441 9693 RALLYDEBUG rally_openstack.cleanup.manager [-] Cleaning up neutron floatingip objects
2020-04-13 03:07:26.033 9693 RALLYDEBUG rally_openstack.cleanup.manager [-] Cleaning up neutron trunk objects
2020-04-13 03:07:26.537 9693 RALLYDEBUG rally_openstack.cleanup.manager [-] Cleaning up neutron port objects
2020-04-13 03:07:27.109 9693 RALLYDEBUG rally_openstack.cleanup.manager [-] Cleaning up neutron subnet objects
2020-04-13 03:07:28.048 9693 RALLYDEBUG rally_openstack.cleanup.manager [-] Cleaning up neutron network objects
2020-04-13 03:07:28.772 9693 RALLYDEBUG rally_openstack.cleanup.manager [-] Deleting neutron.network object s_rally_bdfa76f0_jycr7HGf (0f6871d4-4720-493f-828b-ff6eac997e77)
2020-04-13 03:07:28.777 9693 RALLYDEBUG rally_openstack.cleanup.manager [-] Deleting neutron.network object s_rally_bdfa76f0_d3E2Zp2O (c6054703-90fb-4936-b296-596a8adf51f6)
2020-04-13 03:07:28.787 9693 RALLYDEBUG rally_openstack.cleanup.manager [-] Deleting neutron.network object s_rally_bdfa76f0_Q5WhDp92 (20ccf9fa-42ae-422d-8ccf-52ecd3a25c24)
2020-04-13 03:07:28.792 9693 RALLYDEBUG rally_openstack.cleanup.manager [-] Deleting neutron.network object s_rally_bdfa76f0_izrTxDUv (3f2275c8-c563-4ec5-b2a9-181a51a37622)
2020-04-13 03:07:28.804 9693 RALLYDEBUG rally_openstack.cleanup.manager [-] Deleting neutron.network object s_rally_bdfa76f0_hdvbLsw5 (badfbbfb-3fe5-40d1-82a5-6e53e117ad72)
2020-04-13 03:07:28.827 9693 RALLYDEBUG rally_openstack.cleanup.manager [-] Deleting neutron.network object s_rally_bdfa76f0_erbFpcJs (22b4f2aa-0f2b-4340-892d-ab55f9e3f743)
2020-04-13 03:07:28.859 9693 RALLYDEBUG rally_openstack.cleanup.manager [-] Deleting neutron.network object s_rally_bdfa76f0_7di4whEe (61aa999d-ff0d-4a3e-8ccc-2f7b91a8169e)
2020-04-13 03:07:28.882 9693 RALLYDEBUG rally_openstack.cleanup.manager [-] Deleting neutron.network object s_rally_bdfa76f0_AmmmSOCI (835657f5-2abf-4407-9ed2-479a2d048f68)
2020-04-13 03:07:28.889 9693 RALLYDEBUG rally_openstack.cleanup.manager [-] Deleting neutron.network object s_rally_bdfa76f0_k5G276Ak (8898ed91-7e46-4856-8f4b-547e6afd22bd)
2020-04-13 03:07:28.908 9693 RALLYDEBUG rally_openstack.cleanup.manager [-] Deleting neutron.network object s_rally_bdfa76f0_hRfb5of9 (ecc711b6-00d8-4527-afb5-27c36ab3dd17)
2020-04-13 03:07:33.363 9693 RALLYDEBUG rally_openstack.cleanup.manager [-] Cleaning up neutron router objects
2020-04-13 03:07:33.900 9693 RALLYDEBUG rally_openstack.cleanup.manager [-] Cleaning up neutron security_group objects
2020-04-13 03:07:34.480 9693 INFO rally.task.context [-] Task 1555adf2-8b06-4117-91f7-246dacab2a51 | Context cleanup@openstack cleanup() finished in 10.75 sec
2020-04-13 03:07:34.481 9693 INFO rally.task.context [-] Task 1555adf2-8b06-4117-91f7-246dacab2a51 | Context quotas@openstack cleanup() started
2020-04-13 03:07:34.538 9693 INFO rally.task.context [-] Task 1555adf2-8b06-4117-91f7-246dacab2a51 | Context quotas@openstack cleanup() finished in 57.20 msec
2020-04-13 03:07:34.538 9693 INFO rally.task.context [-] Task 1555adf2-8b06-4117-91f7-246dacab2a51 | Context users@openstack cleanup() started
2020-04-13 03:07:34.684 9693 WARNING rally.common.logging [-] `iterate_per_tenants()' is deprecated in v3.0.0: it is openstack specific.. Used at
2020-04-13 03:07:36.950 9693 INFO rally.task.context [-] Task 1555adf2-8b06-4117-91f7-246dacab2a51 | Context users@openstack cleanup() finished in 2.41 sec
2020-04-13 03:07:37.148 9693 INFO rally.task.engine [-] Load duration is: 4.897025
2020-04-13 03:07:37.149 9693 INFO rally.task.engine [-] Full runner duration is: 4.94111
2020-04-13 03:07:37.149 9693 INFO rally.task.engine [-] Full duration is: 19.941201
2020-04-13 03:07:37.253 9693 INFO rally.task.engine [-] Running workload: position = 0 config = { "version": 2, "title": "A cropped version of a bigger task.", "description": "Auto-generated task from a single workload (uuid=9318325f-81be-4652-b0d0-fdc8046eef72)", "subtasks": [ { "title": "NeutronNetworks.create_and_update_ports", "description": "Create and update a given number of ports.", "scenario": { "NeutronNetworks.create_and_update_ports": { "network_create_args": {}, "port_create_args": {}, "port_update_args": { "admin_state_up": false, "device_id": "dummy_id", "device_owner": "dummy_owner" }, "ports_per_network": 1 } }, "contexts": { "users": { "tenants": 3, "users_per_tenant": 2 }, "network": { "router": {} }, "quotas": { "neutron": { "network": -1, "port": -1 } } }, "runner": { "constant": { "concurrency": 4, "times": 10 } }, "hooks": [], "sla": { "failure_rate": { "max": 0 } } } ] }
2020-04-13 03:07:37.275 9693 RALLYDEBUG rally_openstack.contexts.keystone.users [-] Creating 3 tenants using 3 threads
2020-04-13 03:07:37.751 9693 RALLYDEBUG rally_openstack.contexts.keystone.users [-] Creating 6 users using 6 threads
2020-04-13 03:07:38.658 9693 INFO rally.task.context [-] Task 1555adf2-8b06-4117-91f7-246dacab2a51 | Context users@openstack setup() finished in 1.38 sec
2020-04-13 03:07:38.996 9693 INFO rally.task.context [-] Task 1555adf2-8b06-4117-91f7-246dacab2a51 | Context quotas@openstack setup() finished in 0.34 sec
2020-04-13 03:07:39.059 9693 WARNING rally.common.logging [-] `iterate_per_tenants()' is deprecated in v3.0.0: it is openstack specific.. Used at
2020-04-13 03:07:39.503 9693 RALLYDEBUG rally_openstack.wrappers.network [-] CIDR generated: 10.2.0.0/24
2020-04-13 03:07:40.677 9693 RALLYDEBUG rally_openstack.wrappers.network [-] CIDR generated: 10.2.1.0/24
2020-04-13 03:07:41.297 9693 RALLYDEBUG rally_openstack.wrappers.network [-] CIDR generated: 10.2.2.0/24
2020-04-13 03:07:41.699 9693 INFO rally.task.context [-] Task 1555adf2-8b06-4117-91f7-246dacab2a51 | Context network@openstack setup() finished in 2.70 sec
2020-04-13 03:07:41.700 9693 INFO rally.task.context [-] Task 1555adf2-8b06-4117-91f7-246dacab2a51 | Context cleanup@openstack setup() finished in 0.01 msec
2020-04-13 03:07:41.712 9693 RALLYDEBUG rally.task.runner [-] Starting the constant runner (task UUID: 1555adf2-8b06-4117-91f7-246dacab2a51). times: 10 concurrency: 4 timeout: 0 max_cpu_used: 88 processes_to_start: 4 concurrency_per_worker: 1 concurrency_overhead: 0
2020-04-13 03:07:41.724 10041 RALLYDEBUG rally.task.runner [-] Starting a worker. times: 10 duration: None concurrency: 1 timeout: 0 cls: method_name: run args: {"network_create_args": {}, "port_create_args": {}, "port_update_args": {"admin_state_up": false, "device_id": "dummy_id", "device_owner": "dummy_owner"}, "ports_per_network": 1}
2020-04-13 03:07:41.728 10042 RALLYDEBUG rally.task.runner [-] Starting a worker. times: 10 duration: None concurrency: 1 timeout: 0 cls: method_name: run args: {"network_create_args": {}, "port_create_args": {}, "port_update_args": {"admin_state_up": false, "device_id": "dummy_id", "device_owner": "dummy_owner"}, "ports_per_network": 1}
2020-04-13 03:07:41.730 10043 RALLYDEBUG rally.task.runner [-] Starting a worker. times: 10 duration: None concurrency: 1 timeout: 0 cls: method_name: run args: {"network_create_args": {}, "port_create_args": {}, "port_update_args": {"admin_state_up": false, "device_id": "dummy_id", "device_owner": "dummy_owner"}, "ports_per_network": 1}
2020-04-13 03:07:41.731 10041 INFO rally.task.runner [-] Task 1555adf2-8b06-4117-91f7-246dacab2a51 | ITER: 1 START
2020-04-13 03:07:41.735 10042 INFO rally.task.runner [-] Task 1555adf2-8b06-4117-91f7-246dacab2a51 | ITER: 2 START
2020-04-13 03:07:41.734 10045 RALLYDEBUG rally.task.runner [-] Starting a worker. times: 10 duration: None concurrency: 1 timeout: 0 cls: method_name: run args: {"network_create_args": {}, "port_create_args": {}, "port_update_args": {"admin_state_up": false, "device_id": "dummy_id", "device_owner": "dummy_owner"}, "ports_per_network": 1}
2020-04-13 03:07:41.737 10043 INFO rally.task.runner [-] Task 1555adf2-8b06-4117-91f7-246dacab2a51 | ITER: 3 START
2020-04-13 03:07:41.742 10045 INFO rally.task.runner [-] Task 1555adf2-8b06-4117-91f7-246dacab2a51 | ITER: 4 START
2020-04-13 03:07:43.216 10042 INFO rally.task.runner [-] Task 1555adf2-8b06-4117-91f7-246dacab2a51 | ITER: 2 END: OK
2020-04-13 03:07:43.221 10042 INFO rally.task.runner [-] Task 1555adf2-8b06-4117-91f7-246dacab2a51 | ITER: 5 START
2020-04-13 03:07:43.504 10045 INFO rally.task.runner [-] Task 1555adf2-8b06-4117-91f7-246dacab2a51 | ITER: 4 END: OK
2020-04-13 03:07:43.509 10045 INFO rally.task.runner [-] Task 1555adf2-8b06-4117-91f7-246dacab2a51 | ITER: 6 START
2020-04-13 03:07:44.240 10043 INFO rally.task.runner [-] Task 1555adf2-8b06-4117-91f7-246dacab2a51 | ITER: 3 END: OK
2020-04-13 03:07:44.243 10041 INFO rally.task.runner [-] Task 1555adf2-8b06-4117-91f7-246dacab2a51 | ITER: 1 END: OK
2020-04-13 03:07:44.246 10043 INFO rally.task.runner [-] Task 1555adf2-8b06-4117-91f7-246dacab2a51 | ITER: 7 START
2020-04-13 03:07:44.250 10041 INFO rally.task.runner [-] Task 1555adf2-8b06-4117-91f7-246dacab2a51 | ITER: 8 START
2020-04-13 03:07:45.167 10042 INFO rally.task.runner [-] Task 1555adf2-8b06-4117-91f7-246dacab2a51 | ITER: 5 END: OK
2020-04-13 03:07:45.173 10042 INFO rally.task.runner [-] Task 1555adf2-8b06-4117-91f7-246dacab2a51 | ITER: 9 START
2020-04-13 03:07:45.481 10045 INFO rally.task.runner [-] Task 1555adf2-8b06-4117-91f7-246dacab2a51 | ITER: 6 END: OK
2020-04-13 03:07:45.487 10045 INFO rally.task.runner [-] Task 1555adf2-8b06-4117-91f7-246dacab2a51 | ITER: 10 START
2020-04-13 03:07:46.009 10041 INFO rally.task.runner [-] Task 1555adf2-8b06-4117-91f7-246dacab2a51 | ITER: 8 END: OK
2020-04-13 03:07:46.056 10043 INFO rally.task.runner [-] Task 1555adf2-8b06-4117-91f7-246dacab2a51 | ITER: 7 END: OK
2020-04-13 03:07:46.598 10042 INFO rally.task.runner [-] Task 1555adf2-8b06-4117-91f7-246dacab2a51 | ITER: 9 END: OK
2020-04-13 03:07:46.855 10045 INFO rally.task.runner [-] Task 1555adf2-8b06-4117-91f7-246dacab2a51 | ITER: 10 END: OK
2020-04-13 03:07:46.880 9693 INFO rally.task.context [-] Task 1555adf2-8b06-4117-91f7-246dacab2a51 | Context cleanup@openstack cleanup() started
2020-04-13 03:07:46.883 9693 RALLYDEBUG rally_openstack.cleanup.manager [-] Cleaning up neutron vip objects
2020-04-13 03:07:47.411 9693 RALLYDEBUG rally_openstack.cleanup.manager [-] Cleaning up neutron health_monitor objects
2020-04-13 03:07:47.863 9693 RALLYDEBUG rally_openstack.cleanup.manager [-] Cleaning up neutron pool objects
2020-04-13 03:07:48.317 9693 RALLYDEBUG rally_openstack.cleanup.manager [-] Cleaning up neutron loadbalancer objects
2020-04-13 03:07:48.714 9693 RALLYDEBUG rally_openstack.cleanup.manager [-] Cleaning up neutron floatingip objects
2020-04-13 03:07:49.333 9693 RALLYDEBUG rally_openstack.cleanup.manager [-] Cleaning up neutron trunk objects
2020-04-13 03:07:49.827 9693 RALLYDEBUG rally_openstack.cleanup.manager [-] Cleaning up neutron port objects
2020-04-13 03:07:50.875 9693 RALLYDEBUG rally_openstack.cleanup.manager [-] Deleting neutron.port object s_rally_9318325f_X6xs6jtu (4d5196f0-6be3-4a90-9d2a-75ff3494c5e5)
2020-04-13 03:07:50.876 9693 RALLYDEBUG rally_openstack.cleanup.manager [-] Deleting neutron.port object s_rally_9318325f_eknEsMZ0 (3b03def4-5f5c-4ea7-a121-779368587501)
2020-04-13 03:07:50.893 9693 RALLYDEBUG rally_openstack.cleanup.manager [-] Deleting neutron.port object s_rally_9318325f_r1juJ5rO (e31d54ac-9344-46f5-89c8-e99348835ece)
2020-04-13 03:07:50.903 9693 RALLYDEBUG rally_openstack.cleanup.manager [-] Deleting neutron.port object s_rally_9318325f_DP0lS1oH (f7712fbf-9ee7-4223-b9e0-42f24466830b)
2020-04-13 03:07:50.909 9693 RALLYDEBUG rally_openstack.cleanup.manager [-] Deleting neutron.port object s_rally_9318325f_OGCcnkXn (13cbff6e-e077-4efb-aa04-c1b478dfb6f7)
2020-04-13 03:07:50.924 9693 RALLYDEBUG rally_openstack.cleanup.manager [-] Deleting neutron.port object s_rally_9318325f_h8p1q1l3 (8937a72d-e508-4ef0-9bc5-cc745ec92188)
2020-04-13 03:07:50.928 9693 RALLYDEBUG rally_openstack.cleanup.manager [-] Deleting neutron.port object s_rally_9318325f_o8lfM14i (57c2e847-629f-4212-8088-6e269c22c63e)
2020-04-13 03:07:50.953 9693 RALLYDEBUG rally_openstack.cleanup.manager [-] Deleting neutron.port object s_rally_9318325f_LfxKRubq (e440d129-8bca-48de-9972-50a01bb50f78)
2020-04-13 03:07:50.968 9693 RALLYDEBUG rally_openstack.cleanup.manager [-] Deleting neutron.port object s_rally_9318325f_mS4NV4VD (f17f160f-b35c-4b8a-8fe8-755271fb2890)
2020-04-13 03:07:51.011 9693 RALLYDEBUG rally_openstack.cleanup.manager [-] Deleting neutron.port object s_rally_9318325f_wMZNV14G (829136f2-a2a9-4d74-858e-0afc4c2d26e0)
2020-04-13 03:07:54.110 9693 RALLYDEBUG rally_openstack.cleanup.manager [-] Cleaning up neutron subnet objects
2020-04-13 03:07:55.186 9693 RALLYDEBUG rally_openstack.cleanup.manager [-] Cleaning up neutron network objects
2020-04-13 03:07:55.984 9693 RALLYDEBUG rally_openstack.cleanup.manager [-] Cleaning up neutron router objects
2020-04-13 03:07:56.616 9693 RALLYDEBUG rally_openstack.cleanup.manager [-] Cleaning up neutron security_group objects
2020-04-13 03:07:57.265 9693 INFO rally.task.context [-] Task 1555adf2-8b06-4117-91f7-246dacab2a51 | Context cleanup@openstack cleanup() finished in 10.39 sec
2020-04-13 03:07:57.266 9693 INFO rally.task.context [-] Task 1555adf2-8b06-4117-91f7-246dacab2a51 | Context network@openstack cleanup() started
2020-04-13 03:08:03.062 9693 INFO rally.task.context [-] Task 1555adf2-8b06-4117-91f7-246dacab2a51 | Context network@openstack cleanup() finished in 5.80 sec
2020-04-13 03:08:03.063 9693 INFO rally.task.context [-] Task 1555adf2-8b06-4117-91f7-246dacab2a51 | Context quotas@openstack cleanup() started
2020-04-13 03:08:03.124 9693 INFO rally.task.context [-] Task 1555adf2-8b06-4117-91f7-246dacab2a51 | Context quotas@openstack cleanup() finished in 61.10 msec
2020-04-13 03:08:03.124 9693 INFO rally.task.context [-] Task 1555adf2-8b06-4117-91f7-246dacab2a51 | Context users@openstack cleanup() started
2020-04-13 03:08:03.274 9693 WARNING rally.common.logging [-] `iterate_per_tenants()' is deprecated in v3.0.0: it is openstack specific.. Used at
2020-04-13 03:08:05.162 9693 INFO rally.task.context [-] Task 1555adf2-8b06-4117-91f7-246dacab2a51 | Context users@openstack cleanup() finished in 2.04 sec
2020-04-13 03:08:05.443 9693 INFO rally.task.engine [-] Load duration is: 5.122495
2020-04-13 03:08:05.443 9693 INFO rally.task.engine [-] Full runner duration is: 5.168629
2020-04-13 03:08:05.444 9693 INFO rally.task.engine [-] Full duration is: 27.889318
2020-04-13 03:08:05.533 9693 INFO rally.task.engine [-] Running workload: position = 0 config = { "version": 2, "title": "A cropped version of a bigger task.", "description": "Auto-generated task from a single workload (uuid=1bab2c0f-a644-4fee-92cf-0dc74d48b45e)", "subtasks": [ { "title": "NeutronNetworks.create_and_update_routers", "description": "Create and update a given number of routers.", "scenario": { "NeutronNetworks.create_and_update_routers": { "network_create_args": {}, "router_create_args": {}, "router_update_args": { "admin_state_up": false }, "subnet_cidr_start": "1.1.0.0/30", "subnet_create_args": {}, "subnets_per_network": 1 } }, "contexts": { "users": { "tenants": 3, "users_per_tenant": 2 }, "quotas": { "neutron": { "network": -1, "subnet": -1, "port": -1, "router": -1 } } }, "runner": { "constant": { "concurrency": 4, "times": 10 } }, "hooks": [], "sla": { "failure_rate": { "max": 0 } } } ] }
2020-04-13 03:08:05.557 9693 RALLYDEBUG rally_openstack.contexts.keystone.users [-] Creating 3 tenants using 3 threads
2020-04-13 03:08:06.076 9693 RALLYDEBUG rally_openstack.contexts.keystone.users [-] Creating 6 users using 6 threads
2020-04-13 03:08:07.043 9693 INFO rally.task.context [-] Task 1555adf2-8b06-4117-91f7-246dacab2a51 | Context users@openstack setup() finished in 1.49 sec
2020-04-13 03:08:07.430 9693 INFO rally.task.context [-] Task 1555adf2-8b06-4117-91f7-246dacab2a51 | Context quotas@openstack setup() finished in 0.39 sec
2020-04-13 03:08:07.431 9693 INFO rally.task.context [-] Task 1555adf2-8b06-4117-91f7-246dacab2a51 | Context cleanup@openstack setup() finished in 0.12 msec
2020-04-13 03:08:07.441 9693 RALLYDEBUG rally.task.runner [-] Starting the constant runner (task UUID: 1555adf2-8b06-4117-91f7-246dacab2a51). times: 10 concurrency: 4 timeout: 0 max_cpu_used: 88 processes_to_start: 4 concurrency_per_worker: 1 concurrency_overhead: 0
2020-04-13 03:08:07.453 10334 RALLYDEBUG rally.task.runner [-] Starting a worker. times: 10 duration: None concurrency: 1 timeout: 0 cls: method_name: run args: {"network_create_args": {}, "router_create_args": {}, "router_update_args": {"admin_state_up": false}, "subnet_cidr_start": "1.1.0.0/30", "subnet_create_args": {}, "subnets_per_network": 1}
2020-04-13 03:08:07.457 10335 RALLYDEBUG rally.task.runner [-] Starting a worker. times: 10 duration: None concurrency: 1 timeout: 0 cls: method_name: run args: {"network_create_args": {}, "router_create_args": {}, "router_update_args": {"admin_state_up": false}, "subnet_cidr_start": "1.1.0.0/30", "subnet_create_args": {}, "subnets_per_network": 1}
2020-04-13 03:08:07.460 10336 RALLYDEBUG rally.task.runner [-] Starting a worker. times: 10 duration: None concurrency: 1 timeout: 0 cls: method_name: run args: {"network_create_args": {}, "router_create_args": {}, "router_update_args": {"admin_state_up": false}, "subnet_cidr_start": "1.1.0.0/30", "subnet_create_args": {}, "subnets_per_network": 1}
2020-04-13 03:08:07.460 10334 INFO rally.task.runner [-] Task 1555adf2-8b06-4117-91f7-246dacab2a51 | ITER: 1 START
2020-04-13 03:08:07.462 10335 INFO rally.task.runner [-] Task 1555adf2-8b06-4117-91f7-246dacab2a51 | ITER: 2 START
2020-04-13 03:08:07.463 10337 RALLYDEBUG rally.task.runner [-] Starting a worker. times: 10 duration: None concurrency: 1 timeout: 0 cls: method_name: run args: {"network_create_args": {}, "router_create_args": {}, "router_update_args": {"admin_state_up": false}, "subnet_cidr_start": "1.1.0.0/30", "subnet_create_args": {}, "subnets_per_network": 1}
2020-04-13 03:08:07.467 10336 INFO rally.task.runner [-] Task 1555adf2-8b06-4117-91f7-246dacab2a51 | ITER: 3 START
2020-04-13 03:08:07.469 10337 INFO rally.task.runner [-] Task 1555adf2-8b06-4117-91f7-246dacab2a51 | ITER: 4 START
2020-04-13 03:08:08.353 10334 RALLYDEBUG rally_openstack.wrappers.network [-] CIDR generated: 1.1.0.12/30
2020-04-13 03:08:08.623 10336 RALLYDEBUG rally_openstack.wrappers.network [-] CIDR generated: 1.1.0.16/30
2020-04-13 03:08:09.231 10337 RALLYDEBUG rally_openstack.wrappers.network [-] CIDR generated: 1.1.0.20/30
2020-04-13 03:08:09.353 10335 RALLYDEBUG rally_openstack.wrappers.network [-] CIDR generated: 1.1.0.24/30
2020-04-13 03:08:12.340 10334 INFO rally.task.runner [-] Task 1555adf2-8b06-4117-91f7-246dacab2a51 | ITER: 1 END: OK
2020-04-13 03:08:12.345 10334 INFO rally.task.runner [-] Task 1555adf2-8b06-4117-91f7-246dacab2a51 | ITER: 5 START
2020-04-13 03:08:12.636 10335 INFO rally.task.runner [-] Task 1555adf2-8b06-4117-91f7-246dacab2a51 | ITER: 2 END: OK
2020-04-13 03:08:12.641 10335 INFO rally.task.runner [-] Task 1555adf2-8b06-4117-91f7-246dacab2a51 | ITER: 6 START
2020-04-13 03:08:12.883 10336 INFO rally.task.runner [-] Task 1555adf2-8b06-4117-91f7-246dacab2a51 | ITER: 3 END: OK
2020-04-13 03:08:12.890 10336 INFO rally.task.runner [-] Task 1555adf2-8b06-4117-91f7-246dacab2a51 | ITER: 7 START
2020-04-13 03:08:13.063 10334 RALLYDEBUG rally_openstack.wrappers.network [-] CIDR generated: 1.1.0.28/30
2020-04-13 03:08:13.169 10336 RALLYDEBUG rally_openstack.wrappers.network [-] CIDR generated: 1.1.0.32/30
2020-04-13 03:08:13.716 10337 INFO rally.task.runner [-] Task 1555adf2-8b06-4117-91f7-246dacab2a51 | ITER: 4 END: OK
2020-04-13 03:08:13.722 10337 INFO rally.task.runner [-] Task 1555adf2-8b06-4117-91f7-246dacab2a51 | ITER: 8 START
2020-04-13 03:08:14.050 10337 RALLYDEBUG rally_openstack.wrappers.network [-] CIDR generated: 1.1.0.36/30
2020-04-13 03:08:15.112 10335 RALLYDEBUG rally_openstack.wrappers.network [-] CIDR generated: 1.1.0.40/30
2020-04-13 03:08:16.995 10334 INFO rally.task.runner [-] Task 1555adf2-8b06-4117-91f7-246dacab2a51 | ITER: 5 END: OK
2020-04-13 03:08:17.001 10334 INFO rally.task.runner [-] Task 1555adf2-8b06-4117-91f7-246dacab2a51 | ITER: 9 START
2020-04-13 03:08:17.488 10334 RALLYDEBUG rally_openstack.wrappers.network [-] CIDR generated: 1.1.0.44/30
2020-04-13 03:08:17.983 10336 INFO rally.task.runner [-] Task 1555adf2-8b06-4117-91f7-246dacab2a51 | ITER: 7 END: OK
2020-04-13 03:08:17.988 10336 INFO rally.task.runner [-] Task 1555adf2-8b06-4117-91f7-246dacab2a51 | ITER: 10 START
2020-04-13 03:08:18.312 10336 RALLYDEBUG rally_openstack.wrappers.network [-] CIDR generated: 1.1.0.48/30
2020-04-13 03:08:18.366 10337 INFO rally.task.runner [-] Task 1555adf2-8b06-4117-91f7-246dacab2a51 | ITER: 8 END: OK
2020-04-13 03:08:19.243 10335 INFO rally.task.runner [-] Task 1555adf2-8b06-4117-91f7-246dacab2a51 | ITER: 6 END: OK
2020-04-13 03:08:21.566 10334 INFO rally.task.runner [-] Task 1555adf2-8b06-4117-91f7-246dacab2a51 | ITER: 9 END: OK
2020-04-13 03:08:22.115 10336 INFO rally.task.runner [-] Task 1555adf2-8b06-4117-91f7-246dacab2a51 | ITER: 10 END: OK
2020-04-13 03:08:22.143 9693 INFO rally.task.context [-] Task 1555adf2-8b06-4117-91f7-246dacab2a51 | Context cleanup@openstack cleanup() started
2020-04-13 03:08:22.147 9693 RALLYDEBUG rally_openstack.cleanup.manager [-] Cleaning up neutron vip objects
2020-04-13 03:08:22.680 9693 RALLYDEBUG rally_openstack.cleanup.manager [-] Cleaning up neutron health_monitor objects
2020-04-13 03:08:23.110 9693 RALLYDEBUG rally_openstack.cleanup.manager [-] Cleaning up neutron pool objects
2020-04-13 03:08:23.601 9693 RALLYDEBUG rally_openstack.cleanup.manager [-] Cleaning up neutron loadbalancer objects
2020-04-13 03:08:24.049 9693 RALLYDEBUG rally_openstack.cleanup.manager [-] Cleaning up neutron floatingip objects
2020-04-13 03:08:25.120 9693 RALLYDEBUG rally_openstack.cleanup.manager [-] Cleaning up neutron trunk objects
2020-04-13 03:08:25.592 9693 RALLYDEBUG rally_openstack.cleanup.manager [-] Cleaning up neutron port objects
2020-04-13 03:08:27.794 9693 RALLYDEBUG rally_openstack.cleanup.manager [-] Deleting neutron.port object s_rally_1bab2c0f_1YjKoMpk (561c39a8-8ef0-428a-a554-b355203fdf83)
2020-04-13 03:08:27.823 9693 RALLYDEBUG rally_openstack.cleanup.manager [-] Deleting neutron.port object s_rally_1bab2c0f_BH4auXOv (c2fc26c3-23ba-4773-a551-25fd2b6157fc)
2020-04-13 03:08:27.840 9693 RALLYDEBUG rally_openstack.cleanup.manager [-] Deleting neutron.port object s_rally_1bab2c0f_t2nQ2SJE (1a017391-2b3e-43ec-9d08-ea5cc4992e24)
2020-04-13 03:08:27.849 9693 RALLYDEBUG rally_openstack.cleanup.manager [-] Deleting neutron.port object s_rally_1bab2c0f_IPPpuRuS (85a4438e-7df8-4557-b1ac-b4835e09b02d)
2020-04-13 03:08:27.850 9693 RALLYDEBUG rally_openstack.cleanup.manager [-] Deleting neutron.port object s_rally_1bab2c0f_ti2w0dSc (5f00d405-75e7-4ec1-bb9c-64f146becf12)
2020-04-13 03:08:27.871 9693 RALLYDEBUG rally_openstack.cleanup.manager [-] Deleting neutron.port object s_rally_1bab2c0f_CddI6MER (7ecd162a-2f11-445b-ae21-1657066a6530)
2020-04-13 03:08:27.876 9693 RALLYDEBUG rally_openstack.cleanup.manager [-] Deleting neutron.port object s_rally_1bab2c0f_Lz8uhQ9J (80a047d5-53dd-4367-b660-d9203aacb509)
2020-04-13 03:08:27.891 9693 RALLYDEBUG rally_openstack.cleanup.manager [-] Deleting neutron.port object s_rally_1bab2c0f_Y1pSpwVO (e71bd42f-5ac4-4db1-8798-eb63b628b896)
2020-04-13 03:08:27.899 9693 RALLYDEBUG rally_openstack.cleanup.manager [-] Deleting neutron.port object s_rally_1bab2c0f_pTYQceNm (d23f0d1c-b288-43f5-bdfa-3c453695ea68)
2020-04-13 03:08:27.919 9693 RALLYDEBUG rally_openstack.cleanup.manager [-] Deleting neutron.port object s_rally_1bab2c0f_tnRvpPsl (a9a9d829-21b0-421f-bee5-0005eab2b714)
2020-04-13 03:08:37.382 9693 RALLYDEBUG rally_openstack.cleanup.manager [-] Cleaning up neutron subnet objects
2020-04-13 03:08:38.018 9693 RALLYDEBUG rally_openstack.cleanup.manager [-] Deleting neutron.subnet object s_rally_1bab2c0f_QoiK8F38 (32f95f94-fc21-43d9-9567-d9aebfd13c2b)
2020-04-13 03:08:38.035 9693 RALLYDEBUG rally_openstack.cleanup.manager [-] Deleting neutron.subnet object s_rally_1bab2c0f_o5u7PIGr (a20bdaa4-2ae0-4688-b82a-03edef063e94)
2020-04-13 03:08:38.030 9693 RALLYDEBUG rally_openstack.cleanup.manager [-] Deleting neutron.subnet object s_rally_1bab2c0f_oEjnyzMC (856802e6-d82d-4755-a518-0ea17d2d3317)
2020-04-13 03:08:38.046 9693 RALLYDEBUG rally_openstack.cleanup.manager [-] Deleting neutron.subnet object s_rally_1bab2c0f_GFSj0bDC (2a562a60-61ed-4e35-9527-4776feb6d843)
2020-04-13 03:08:38.066 9693 RALLYDEBUG rally_openstack.cleanup.manager [-] Deleting neutron.subnet object s_rally_1bab2c0f_kzU02q8a (48af4253-585b-4f91-bfba-31aa221c76db)
2020-04-13 03:08:38.086 9693 RALLYDEBUG rally_openstack.cleanup.manager [-] Deleting neutron.subnet object s_rally_1bab2c0f_G9Ks32lv (5b8dee45-1ea3-4acf-8977-9c45274d0bcf)
2020-04-13 03:08:38.092 9693 RALLYDEBUG rally_openstack.cleanup.manager [-] Deleting neutron.subnet object s_rally_1bab2c0f_YEQBnT62 (6a3eb30d-7b36-436f-930b-daab1c9955f4)
2020-04-13 03:08:38.104 9693 RALLYDEBUG rally_openstack.cleanup.manager [-] Deleting neutron.subnet object s_rally_1bab2c0f_GHsTb0Rf (8ef70a3d-3b7f-494e-9363-e370d43e0760)
2020-04-13 03:08:38.109 9693 RALLYDEBUG rally_openstack.cleanup.manager [-] Deleting neutron.subnet object s_rally_1bab2c0f_2M3mpNlZ (a42be7bc-d8dd-450f-94ec-fbbd922eeecd)
2020-04-13 03:08:38.122 9693 RALLYDEBUG rally_openstack.cleanup.manager [-] Deleting neutron.subnet object s_rally_1bab2c0f_AiFeyAJk (cd757ba9-31b9-4c7c-8661-ce47adb0828e)
2020-04-13 03:08:44.216 9693 RALLYDEBUG rally_openstack.cleanup.manager [-] Cleaning up neutron network objects
2020-04-13 03:08:44.900 9693 RALLYDEBUG rally_openstack.cleanup.manager [-] Deleting neutron.network object s_rally_1bab2c0f_ZxqcZJbv (1b725d31-b98d-4357-ac47-ec4ca1649cac)
2020-04-13 03:08:44.910 9693 RALLYDEBUG rally_openstack.cleanup.manager [-] Deleting neutron.network object s_rally_1bab2c0f_qsVOa1AI (72105f87-3f7a-4d51-8dbb-2f6d2f1bc97d)
2020-04-13 03:08:44.905 9693 RALLYDEBUG rally_openstack.cleanup.manager [-] Deleting neutron.network object s_rally_1bab2c0f_h9oSMeSl (4e27e526-1780-480f-8bbf-58bef015f622)
2020-04-13 03:08:44.922 9693 RALLYDEBUG rally_openstack.cleanup.manager [-] Deleting neutron.network object s_rally_1bab2c0f_3xndjGqH (3c149d72-c83f-4896-9cdf-487aaf57f100)
2020-04-13 03:08:44.933 9693 RALLYDEBUG rally_openstack.cleanup.manager [-] Deleting neutron.network object s_rally_1bab2c0f_q2nmF6tl (4939c5eb-abce-488b-a62d-7c2b085980aa)
2020-04-13 03:08:44.950 9693 RALLYDEBUG rally_openstack.cleanup.manager [-] Deleting neutron.network object s_rally_1bab2c0f_Wr5KCfEO (8685c35d-2e4b-40aa-aefa-0ad06eaee6ec)
2020-04-13 03:08:44.973 9693 RALLYDEBUG rally_openstack.cleanup.manager [-] Deleting neutron.network object s_rally_1bab2c0f_bzq75tMX (97816d52-b32f-48b9-a602-0d8ed1bec6f9)
2020-04-13 03:08:44.990 9693 RALLYDEBUG rally_openstack.cleanup.manager [-] Deleting neutron.network object s_rally_1bab2c0f_EUa8i7WX (b3a0ab2b-b331-44e0-8cd4-d1c9770a5d6a)
2020-04-13 03:08:44.995 9693 RALLYDEBUG rally_openstack.cleanup.manager [-] Deleting neutron.network object s_rally_1bab2c0f_6xfYCfSy (d6443411-5499-415a-9938-604bd977d230)
2020-04-13 03:08:45.019 9693 RALLYDEBUG rally_openstack.cleanup.manager [-] Deleting neutron.network object s_rally_1bab2c0f_YCK94cP6 (e5772680-29fe-4b5a-895d-7e2f339148ad)
2020-04-13 03:08:48.128 9693 RALLYDEBUG rally_openstack.cleanup.manager [-] Cleaning up neutron router objects
2020-04-13 03:08:49.471 9693 RALLYDEBUG rally_openstack.cleanup.manager [-] Deleting neutron.router object s_rally_1bab2c0f_1YjKoMpk (cb07ef94-7e3c-44a1-80a8-699e7d6590aa)
2020-04-13 03:08:49.480 9693 RALLYDEBUG rally_openstack.cleanup.manager [-] Deleting neutron.router object s_rally_1bab2c0f_BH4auXOv (1e2e2ee4-8044-47b2-9ed3-b8884639f9e1)
2020-04-13 03:08:49.486 9693 RALLYDEBUG rally_openstack.cleanup.manager [-] Deleting neutron.router object s_rally_1bab2c0f_IPPpuRuS (4e269af8-3fda-4ff9-ab07-f6beac67704c)
2020-04-13 03:08:49.497 9693 RALLYDEBUG rally_openstack.cleanup.manager [-] Deleting neutron.router object s_rally_1bab2c0f_Y1pSpwVO (01a57456-7cb0-4211-881c-67c032981dbf)
2020-04-13 03:08:49.503 9693 RALLYDEBUG rally_openstack.cleanup.manager [-] Deleting neutron.router object s_rally_1bab2c0f_tnRvpPsl (14db9b0f-0919-4ce9-8ad5-520c051affe3)
2020-04-13 03:08:49.512 9693 RALLYDEBUG rally_openstack.cleanup.manager [-] Deleting neutron.router object s_rally_1bab2c0f_Lz8uhQ9J (2bf84696-799d-4c72-892d-535e737b8693)
2020-04-13 03:08:49.523 9693 RALLYDEBUG rally_openstack.cleanup.manager [-] Deleting neutron.router object s_rally_1bab2c0f_t2nQ2SJE (45f4af11-69f8-45c9-8242-ad8baeee2b4f)
2020-04-13 03:08:49.531 9693 RALLYDEBUG rally_openstack.cleanup.manager [-] Deleting neutron.router object s_rally_1bab2c0f_CddI6MER (70adbbf6-badf-40b1-93f6-ec308a7f6f13)
2020-04-13 03:08:49.547 9693 RALLYDEBUG rally_openstack.cleanup.manager [-] Deleting neutron.router object s_rally_1bab2c0f_ti2w0dSc (c49ad450-6920-415c-81ca-d9ebec5ffa16)
2020-04-13 03:08:49.547 9693 RALLYDEBUG rally_openstack.cleanup.manager [-] Deleting neutron.router object s_rally_1bab2c0f_pTYQceNm (bfae367d-ccff-4475-b2da-15ebf355b0f1)
2020-04-13 03:08:52.272 9693 RALLYDEBUG rally_openstack.cleanup.manager [-] Cleaning up neutron security_group objects
2020-04-13 03:08:52.865 9693 INFO rally.task.context [-] Task 1555adf2-8b06-4117-91f7-246dacab2a51 | Context cleanup@openstack cleanup() finished in 30.72 sec
2020-04-13 03:08:52.866 9693 INFO rally.task.context [-] Task 1555adf2-8b06-4117-91f7-246dacab2a51 | Context quotas@openstack cleanup() started
2020-04-13 03:08:52.938 9693 INFO rally.task.context [-] Task 1555adf2-8b06-4117-91f7-246dacab2a51 | Context quotas@openstack cleanup() finished in 72.69 msec
2020-04-13 03:08:52.939 9693 INFO rally.task.context [-] Task 1555adf2-8b06-4117-91f7-246dacab2a51 | Context users@openstack cleanup() started
2020-04-13 03:08:53.089 9693 WARNING rally.common.logging [-] `iterate_per_tenants()' is deprecated in v3.0.0: it is openstack specific.. Used at
2020-04-13 03:08:55.029 9693 INFO rally.task.context [-] Task 1555adf2-8b06-4117-91f7-246dacab2a51 | Context users@openstack cleanup() finished in 2.09 sec
2020-04-13 03:08:55.833 9693 INFO rally.task.engine [-] Load duration is: 14.653224
2020-04-13 03:08:55.834 9693 INFO rally.task.engine [-] Full runner duration is: 14.70161
2020-04-13 03:08:55.834 9693 INFO rally.task.engine [-] Full duration is: 49.474952
2020-04-13 03:08:55.924 9693 INFO rally.task.engine [-] Running workload: position = 0 config = { "version": 2, "title": "A cropped version of a bigger task.", "description": "Auto-generated task from a single workload (uuid=37a22f31-86a2-4ab7-932c-f1eb37aa0237)", "subtasks": [ { "title": "NeutronNetworks.create_and_update_subnets", "description": "Create and update a subnet.", "scenario": { "NeutronNetworks.create_and_update_subnets": { "network_create_args": {}, "subnet_cidr_start": "1.4.0.0/16", "subnet_create_args": {}, "subnet_update_args": { "enable_dhcp": false }, "subnets_per_network": 1 } }, "contexts": { "users": { "tenants": 3, "users_per_tenant": 2 }, "quotas": { "neutron": { "network": -1, "subnet": -1 } } }, "runner": { "constant": { "concurrency": 4, "times": 10 } }, "hooks": [], "sla": { "failure_rate": { "max": 0 } } } ] }
2020-04-13 03:08:55.949 9693 RALLYDEBUG rally_openstack.contexts.keystone.users [-] Creating 3 tenants using 3 threads
2020-04-13 03:08:56.469 9693 RALLYDEBUG rally_openstack.contexts.keystone.users [-] Creating 6 users using 6 threads
2020-04-13 03:08:57.447 9693 INFO rally.task.context [-] Task 1555adf2-8b06-4117-91f7-246dacab2a51 | Context users@openstack setup() finished in 1.50 sec
2020-04-13 03:08:57.808 9693 INFO rally.task.context [-] Task 1555adf2-8b06-4117-91f7-246dacab2a51 | Context quotas@openstack setup() finished in 0.36 sec
2020-04-13 03:08:57.808 9693 INFO rally.task.context [-] Task 1555adf2-8b06-4117-91f7-246dacab2a51 | Context cleanup@openstack setup() finished in 0.05 msec
2020-04-13 03:08:57.819 9693 RALLYDEBUG rally.task.runner [-] Starting the constant runner (task UUID: 1555adf2-8b06-4117-91f7-246dacab2a51). times: 10 concurrency: 4 timeout: 0 max_cpu_used: 88 processes_to_start: 4 concurrency_per_worker: 1 concurrency_overhead: 0
2020-04-13 03:08:57.831 10627 RALLYDEBUG rally.task.runner [-] Starting a worker. times: 10 duration: None concurrency: 1 timeout: 0 cls: method_name: run args: {"network_create_args": {}, "subnet_cidr_start": "1.4.0.0/16", "subnet_create_args": {}, "subnet_update_args": {"enable_dhcp": false}, "subnets_per_network": 1}
2020-04-13 03:08:57.833 10628 RALLYDEBUG rally.task.runner [-] Starting a worker. times: 10 duration: None concurrency: 1 timeout: 0 cls: method_name: run args: {"network_create_args": {}, "subnet_cidr_start": "1.4.0.0/16", "subnet_create_args": {}, "subnet_update_args": {"enable_dhcp": false}, "subnets_per_network": 1}
2020-04-13 03:08:57.836 10629 RALLYDEBUG rally.task.runner [-] Starting a worker. times: 10 duration: None concurrency: 1 timeout: 0 cls: method_name: run args: {"network_create_args": {}, "subnet_cidr_start": "1.4.0.0/16", "subnet_create_args": {}, "subnet_update_args": {"enable_dhcp": false}, "subnets_per_network": 1}
2020-04-13 03:08:57.838 10627 INFO rally.task.runner [-] Task 1555adf2-8b06-4117-91f7-246dacab2a51 | ITER: 1 START
2020-04-13 03:08:57.838 10630 RALLYDEBUG rally.task.runner [-] Starting a worker. times: 10 duration: None concurrency: 1 timeout: 0 cls: method_name: run args: {"network_create_args": {}, "subnet_cidr_start": "1.4.0.0/16", "subnet_create_args": {}, "subnet_update_args": {"enable_dhcp": false}, "subnets_per_network": 1}
2020-04-13 03:08:57.840 10628 INFO rally.task.runner [-] Task 1555adf2-8b06-4117-91f7-246dacab2a51 | ITER: 2 START
2020-04-13 03:08:57.842 10629 INFO rally.task.runner [-] Task 1555adf2-8b06-4117-91f7-246dacab2a51 | ITER: 3 START
2020-04-13 03:08:57.845 10630 INFO rally.task.runner [-] Task 1555adf2-8b06-4117-91f7-246dacab2a51 | ITER: 4 START
2020-04-13 03:08:58.353 10627 RALLYDEBUG rally_openstack.wrappers.network [-] CIDR generated: 1.17.0.0/16
2020-04-13 03:08:59.269 10630 RALLYDEBUG rally_openstack.wrappers.network [-] CIDR generated: 1.18.0.0/16
2020-04-13 03:08:59.379 10628 RALLYDEBUG rally_openstack.wrappers.network [-] CIDR generated: 1.19.0.0/16
2020-04-13 03:08:59.609 10627 INFO rally.task.runner [-] Task 1555adf2-8b06-4117-91f7-246dacab2a51 | ITER: 1 END: OK
2020-04-13 03:08:59.615 10627 INFO rally.task.runner [-] Task 1555adf2-8b06-4117-91f7-246dacab2a51 | ITER: 5 START
2020-04-13 03:08:59.699 10629 RALLYDEBUG rally_openstack.wrappers.network [-] CIDR generated: 1.20.0.0/16
2020-04-13 03:09:00.107 10627 RALLYDEBUG rally_openstack.wrappers.network [-] CIDR generated: 1.21.0.0/16
2020-04-13 03:09:00.382 10630 INFO rally.task.runner [-] Task 1555adf2-8b06-4117-91f7-246dacab2a51 | ITER: 4 END: OK
2020-04-13 03:09:00.387 10630 INFO rally.task.runner [-] Task 1555adf2-8b06-4117-91f7-246dacab2a51 | ITER: 6 START
2020-04-13 03:09:00.816 10630 RALLYDEBUG rally_openstack.wrappers.network [-] CIDR generated: 1.22.0.0/16
2020-04-13 03:09:01.082 10628 INFO rally.task.runner [-] Task 1555adf2-8b06-4117-91f7-246dacab2a51 | ITER: 2 END: OK
2020-04-13 03:09:01.087 10628 INFO rally.task.runner [-] Task 1555adf2-8b06-4117-91f7-246dacab2a51 | ITER: 7 START
2020-04-13 03:09:01.313 10629 INFO rally.task.runner [-] Task 1555adf2-8b06-4117-91f7-246dacab2a51 | ITER: 3 END: OK
2020-04-13 03:09:01.318 10629 INFO rally.task.runner [-] Task 1555adf2-8b06-4117-91f7-246dacab2a51 | ITER: 8 START
2020-04-13 03:09:01.406 10628 RALLYDEBUG rally_openstack.wrappers.network [-] CIDR generated: 1.23.0.0/16
2020-04-13 03:09:01.928 10627 INFO rally.task.runner [-] Task 1555adf2-8b06-4117-91f7-246dacab2a51 | ITER: 5 END: OK
2020-04-13 03:09:01.933 10627 INFO rally.task.runner [-] Task 1555adf2-8b06-4117-91f7-246dacab2a51 | ITER: 9 START
2020-04-13 03:09:02.135 10629 RALLYDEBUG rally_openstack.wrappers.network [-] CIDR generated: 1.24.0.0/16
2020-04-13 03:09:02.256 10627 RALLYDEBUG rally_openstack.wrappers.network [-] CIDR generated: 1.25.0.0/16
2020-04-13 03:09:02.549 10630 INFO rally.task.runner [-] Task 1555adf2-8b06-4117-91f7-246dacab2a51 | ITER: 6 END: OK
2020-04-13 03:09:02.554 10630 INFO rally.task.runner [-] Task 1555adf2-8b06-4117-91f7-246dacab2a51 | ITER: 10 START
2020-04-13 03:09:02.866 10630 RALLYDEBUG rally_openstack.wrappers.network [-] CIDR generated: 1.26.0.0/16
2020-04-13 03:09:03.195 10628 INFO rally.task.runner [-] Task 1555adf2-8b06-4117-91f7-246dacab2a51 | ITER: 7 END: OK
2020-04-13 03:09:03.214 10629 INFO rally.task.runner [-] Task 1555adf2-8b06-4117-91f7-246dacab2a51 | ITER: 8 END: OK
2020-04-13 03:09:03.866 10627 INFO rally.task.runner [-] Task 1555adf2-8b06-4117-91f7-246dacab2a51 | ITER: 9 END: OK
2020-04-13 03:09:04.340 10630 INFO rally.task.runner [-] Task 1555adf2-8b06-4117-91f7-246dacab2a51 | ITER: 10 END: OK
2020-04-13 03:09:04.363 9693 INFO rally.task.context [-] Task 1555adf2-8b06-4117-91f7-246dacab2a51 | Context cleanup@openstack cleanup() started
2020-04-13 03:09:04.367 9693 RALLYDEBUG rally_openstack.cleanup.manager [-] Cleaning up neutron vip objects
2020-04-13 03:09:04.771 9693 RALLYDEBUG rally_openstack.cleanup.manager [-] Cleaning up neutron health_monitor objects
2020-04-13 03:09:05.180 9693 RALLYDEBUG rally_openstack.cleanup.manager [-] Cleaning up neutron pool objects
2020-04-13 03:09:05.638 9693 RALLYDEBUG rally_openstack.cleanup.manager [-] Cleaning up neutron loadbalancer objects
2020-04-13 03:09:06.058 9693 RALLYDEBUG rally_openstack.cleanup.manager [-] Cleaning up neutron floatingip objects
2020-04-13 03:09:06.711 9693 RALLYDEBUG rally_openstack.cleanup.manager [-] Cleaning up neutron trunk objects
2020-04-13 03:09:07.306 9693 RALLYDEBUG rally_openstack.cleanup.manager [-] Cleaning up neutron port objects
2020-04-13 03:09:08.107 9693 RALLYDEBUG rally_openstack.cleanup.manager [-] Cleaning up neutron subnet objects
2020-04-13 03:09:09.114 9693 RALLYDEBUG rally_openstack.cleanup.manager [-] Deleting neutron.subnet object s_rally_37a22f31_c22aOP8e (2b7c29e7-0259-4171-b12b-ac96c1dc9bc5)
2020-04-13 03:09:09.130 9693 RALLYDEBUG rally_openstack.cleanup.manager [-] Deleting neutron.subnet object s_rally_37a22f31_4HllO8SR (79cfaf1c-0eb7-4983-b93a-ba4ed777d95b)
2020-04-13 03:09:09.131 9693 RALLYDEBUG rally_openstack.cleanup.manager [-] Deleting neutron.subnet object s_rally_37a22f31_Ctl732V9 (fc5b46b3-5412-4c96-891c-c945721b2523)
2020-04-13 03:09:09.136 9693 RALLYDEBUG rally_openstack.cleanup.manager [-] Deleting neutron.subnet object s_rally_37a22f31_o9OL9KPH (d61f323e-8355-4840-b1b4-595da4632def)
2020-04-13 03:09:09.158 9693 RALLYDEBUG rally_openstack.cleanup.manager [-] Deleting neutron.subnet object s_rally_37a22f31_DuoJL4js (f732908d-37f0-41dd-b281-e3672884e466)
2020-04-13 03:09:09.172 9693 RALLYDEBUG rally_openstack.cleanup.manager [-] Deleting neutron.subnet object s_rally_37a22f31_jqWA2z1a (53482512-dbb2-49cc-88c4-73e2c34f2d4a)
2020-04-13 03:09:09.179 9693 RALLYDEBUG rally_openstack.cleanup.manager [-] Deleting neutron.subnet object s_rally_37a22f31_8GAgXYUY (57cba906-f443-4b37-997c-bfce94d2a7ce)
2020-04-13 03:09:09.207 9693 RALLYDEBUG rally_openstack.cleanup.manager [-] Deleting neutron.subnet object s_rally_37a22f31_5jJgJCuV (daa54710-a115-438a-bbd4-c90b47a1a58b)
2020-04-13 03:09:09.226 9693 RALLYDEBUG rally_openstack.cleanup.manager [-] Deleting neutron.subnet object s_rally_37a22f31_cDuP0yWm (6826bf5d-5a56-478b-b7a4-a71020f9f9ba)
2020-04-13 03:09:09.214 9693 RALLYDEBUG rally_openstack.cleanup.manager [-] Deleting neutron.subnet object s_rally_37a22f31_epkewqLi (ee65bddc-1c0d-4412-951a-08a93d60bad3)
2020-04-13 03:09:12.404 9693 RALLYDEBUG rally_openstack.cleanup.manager [-] Cleaning up neutron network objects
2020-04-13 03:09:13.132 9693 RALLYDEBUG rally_openstack.cleanup.manager [-] Deleting neutron.network object s_rally_37a22f31_j2E9dUDe (19cfbada-fefa-4fbc-9323-65f31c2feaee)
2020-04-13 03:09:13.148 9693 RALLYDEBUG rally_openstack.cleanup.manager [-] Deleting neutron.network object s_rally_37a22f31_nWgZqkco (535bd829-fc3a-487e-beaa-d09a88674cce)
2020-04-13 03:09:13.143 9693 RALLYDEBUG rally_openstack.cleanup.manager [-] Deleting neutron.network object s_rally_37a22f31_plYTEBTE (4a60ccde-3a1d-4d4e-941c-078f91d142c5)
2020-04-13 03:09:13.165 9693 RALLYDEBUG rally_openstack.cleanup.manager [-] Deleting neutron.network object s_rally_37a22f31_YxSaKg9k (fa677d93-a576-40c3-af4f-cb6ec131424a)
2020-04-13 03:09:13.173 9693 RALLYDEBUG rally_openstack.cleanup.manager [-] Deleting neutron.network object s_rally_37a22f31_mel0fkC3 (097d29da-96b8-432b-ad4d-c8d48c38437b)
2020-04-13 03:09:13.160 9693 RALLYDEBUG rally_openstack.cleanup.manager [-] Deleting neutron.network object s_rally_37a22f31_pUI4mpqd (d2c28a45-b92f-4862-badb-2ed07ae52da2)
2020-04-13 03:09:13.191 9693 RALLYDEBUG rally_openstack.cleanup.manager [-] Deleting neutron.network object s_rally_37a22f31_nTvetVaL (1a08a009-492f-434c-b819-638a3601e5bb)
2020-04-13 03:09:13.201 9693 RALLYDEBUG rally_openstack.cleanup.manager [-] Deleting neutron.network object s_rally_37a22f31_jnFGME1m (24331f4a-88fb-4fe3-9aad-a9734a35d203)
2020-04-13 03:09:13.215 9693 RALLYDEBUG rally_openstack.cleanup.manager [-] Deleting neutron.network object s_rally_37a22f31_7urNOKTl (2ca3e0a8-b82c-4d32-806b-b1b3cefe8167)
2020-04-13 03:09:13.220 9693 RALLYDEBUG rally_openstack.cleanup.manager [-] Deleting neutron.network object s_rally_37a22f31_1jSOFvHL (3b7bb485-e904-4dfd-9e79-6c9531ede927)
2020-04-13 03:09:16.477 9693 RALLYDEBUG rally_openstack.cleanup.manager [-] Cleaning up neutron router objects
2020-04-13 03:09:17.802 9693 RALLYDEBUG rally_openstack.cleanup.manager [-] Cleaning up neutron security_group objects
2020-04-13 03:09:18.401 9693 INFO rally.task.context [-] Task 1555adf2-8b06-4117-91f7-246dacab2a51 | Context cleanup@openstack cleanup() finished in 14.04 sec
2020-04-13 03:09:18.402 9693 INFO rally.task.context [-] Task 1555adf2-8b06-4117-91f7-246dacab2a51 | Context quotas@openstack cleanup() started
2020-04-13 03:09:18.467 9693 INFO rally.task.context [-] Task 1555adf2-8b06-4117-91f7-246dacab2a51 | Context quotas@openstack cleanup() finished in 64.83 msec
2020-04-13 03:09:18.468 9693 INFO rally.task.context [-] Task 1555adf2-8b06-4117-91f7-246dacab2a51 | Context users@openstack cleanup() started
2020-04-13 03:09:18.614 9693 WARNING rally.common.logging [-] `iterate_per_tenants()' is deprecated in v3.0.0: it is openstack specific.. Used at
2020-04-13 03:09:20.525 9693 INFO rally.task.context [-] Task 1555adf2-8b06-4117-91f7-246dacab2a51 | Context users@openstack cleanup() finished in 2.06 sec
2020-04-13 03:09:22.103 9693 INFO rally.task.engine [-] Load duration is: 6.500802
2020-04-13 03:09:22.103 9693 INFO rally.task.engine [-] Full runner duration is: 6.543751
2020-04-13 03:09:22.104 9693 INFO rally.task.engine [-] Full duration is: 24.579577
2020-04-13 03:09:22.210 9693 INFO rally.task.engine [-] Running workload: position = 0 config = { "version": 2, "title": "A cropped version of a bigger task.", "description": "Auto-generated task from a single workload (uuid=4e3d5084-7126-49d0-9a5e-0fa9f5bd59ad)", "subtasks": [ { "title": "NeutronNetworks.create_and_delete_networks", "description": "Create and delete a network.", "scenario": { "NeutronNetworks.create_and_delete_networks": { "network_create_args": {} } }, "contexts": { "users": { "tenants": 3, "users_per_tenant": 2 }, "quotas": { "neutron": { "network": -1 } } }, "runner": { "constant": { "concurrency": 4, "times": 10 } }, "hooks": [], "sla": { "failure_rate": { "max": 0 } } } ] }
2020-04-13 03:09:22.231 9693 RALLYDEBUG rally_openstack.contexts.keystone.users [-] Creating 3 tenants using 3 threads
2020-04-13 03:09:22.764 9693 RALLYDEBUG rally_openstack.contexts.keystone.users [-] Creating 6 users using 6 threads
2020-04-13 03:09:23.826 9693 INFO rally.task.context [-] Task 1555adf2-8b06-4117-91f7-246dacab2a51 | Context users@openstack setup() finished in 1.59 sec
2020-04-13 03:09:24.138 9693 INFO rally.task.context [-] Task 1555adf2-8b06-4117-91f7-246dacab2a51 | Context quotas@openstack setup() finished in 0.31 sec
2020-04-13 03:09:24.139 9693 INFO rally.task.context [-] Task 1555adf2-8b06-4117-91f7-246dacab2a51 | Context cleanup@openstack setup() finished in 0.10 msec
2020-04-13 03:09:24.148 9693 RALLYDEBUG rally.task.runner [-] Starting the constant runner (task UUID: 1555adf2-8b06-4117-91f7-246dacab2a51). times: 10 concurrency: 4 timeout: 0 max_cpu_used: 88 processes_to_start: 4 concurrency_per_worker: 1 concurrency_overhead: 0
2020-04-13 03:09:24.160 10920 RALLYDEBUG rally.task.runner [-] Starting a worker. times: 10 duration: None concurrency: 1 timeout: 0 cls: method_name: run args: {"network_create_args": {}}
2020-04-13 03:09:24.163 10921 RALLYDEBUG rally.task.runner [-] Starting a worker. times: 10 duration: None concurrency: 1 timeout: 0 cls: method_name: run args: {"network_create_args": {}}
2020-04-13 03:09:24.167 10920 INFO rally.task.runner [-] Task 1555adf2-8b06-4117-91f7-246dacab2a51 | ITER: 1 START
2020-04-13 03:09:24.167 10922 RALLYDEBUG rally.task.runner [-] Starting a worker. times: 10 duration: None concurrency: 1 timeout: 0 cls: method_name: run args: {"network_create_args": {}}
2020-04-13 03:09:24.170 10921 INFO rally.task.runner [-] Task 1555adf2-8b06-4117-91f7-246dacab2a51 | ITER: 2 START
2020-04-13 03:09:24.170 10923 RALLYDEBUG rally.task.runner [-] Starting a worker. times: 10 duration: None concurrency: 1 timeout: 0 cls: method_name: run args: {"network_create_args": {}}
2020-04-13 03:09:24.172 10922 INFO rally.task.runner [-] Task 1555adf2-8b06-4117-91f7-246dacab2a51 | ITER: 3 START
