2020-04-13 02:59:31.750 5253 WARNING rally.common.logging [-] `iterate_per_tenants()' is deprecated in v3.0.0: it is openstack specific.. Used at
2020-04-13 02:59:34.557 5253 INFO rally.task.context [-] Task 22777085-68c6-4e80-a742-93cfb69b7998 | Context users@openstack cleanup() finished in 3.09 sec
2020-04-13 02:59:35.254 5253 INFO rally.task.engine [-] Load duration is: 61.613786
2020-04-13 02:59:35.255 5253 INFO rally.task.engine [-] Full runner duration is: 63.667257
2020-04-13 02:59:35.255 5253 INFO rally.task.engine [-] Full duration is: 71.679353
2020-04-13 02:59:35.346 5253 INFO rally.task.engine [-] Running workload: position = 0 config = { "version": 2, "title": "A cropped version of a bigger task.", "description": "Auto-generated task from a single workload (uuid=4027cbcb-d73d-4ac4-b1ab-9114b495e032)", "subtasks": [ { "title": "HeatStacks.create_and_list_stack", "description": "Create a stack and then list all stacks.", "scenario": { "HeatStacks.create_and_list_stack": { "template_path": "/usr/lib/python3.7/site-packages/functest/opnfv_tests/openstack/rally/scenario/templates/default.yaml.template" } }, "contexts": { "users": { "tenants": 3, "users_per_tenant": 2 }, "roles": [ "heat_stack_owner" ] }, "runner": { "constant": { "concurrency": 4, "times": 10 } }, "hooks": [], "sla": { "failure_rate": { "max": 0 } } } ] }
2020-04-13 02:59:35.365 5253 RALLYDEBUG rally_openstack.contexts.keystone.users [-] Creating 3 tenants using 3 threads
2020-04-13 02:59:35.851 5253 RALLYDEBUG rally_openstack.contexts.keystone.users [-] Creating 6 users using 6 threads
2020-04-13 02:59:36.737 5253 INFO rally.task.context [-] Task 22777085-68c6-4e80-a742-93cfb69b7998 | Context users@openstack setup() finished in 1.37 sec
2020-04-13 02:59:36.931 5253 RALLYDEBUG rally_openstack.contexts.keystone.roles [-] Adding role heat_stack_owner having ID ae1393230f8e4b248a273fec57604d12 to all users using 30 threads
2020-04-13 02:59:38.750 5253 INFO rally.task.context [-] Task 22777085-68c6-4e80-a742-93cfb69b7998 | Context roles@openstack setup() finished in 2.01 sec
2020-04-13 02:59:38.751 5253 INFO rally.task.context [-] Task 22777085-68c6-4e80-a742-93cfb69b7998 | Context cleanup@openstack setup() finished in 0.03 msec
2020-04-13 02:59:38.763 5253 RALLYDEBUG rally.task.runner [-] Starting the constant runner (task UUID: 22777085-68c6-4e80-a742-93cfb69b7998). times: 10 concurrency: 4 timeout: 0 max_cpu_used: 88 processes_to_start: 4 concurrency_per_worker: 1 concurrency_overhead: 0
2020-04-13 02:59:38.774 6517 RALLYDEBUG rally.task.runner [-] Starting a worker. times: 10 duration: None concurrency: 1 timeout: 0 cls: method_name: run args: {"template_path": "heat_template_version: 2014-10-16"}
2020-04-13 02:59:38.777 6518 RALLYDEBUG rally.task.runner [-] Starting a worker. times: 10 duration: None concurrency: 1 timeout: 0 cls: method_name: run args: {"template_path": "heat_template_version: 2014-10-16"}
2020-04-13 02:59:38.780 6517 INFO rally.task.runner [-] Task 22777085-68c6-4e80-a742-93cfb69b7998 | ITER: 1 START
2020-04-13 02:59:38.780 6519 RALLYDEBUG rally.task.runner [-] Starting a worker. times: 10 duration: None concurrency: 1 timeout: 0 cls: method_name: run args: {"template_path": "heat_template_version: 2014-10-16"}
2020-04-13 02:59:38.782 6520 RALLYDEBUG rally.task.runner [-] Starting a worker. times: 10 duration: None concurrency: 1 timeout: 0 cls: method_name: run args: {"template_path": "heat_template_version: 2014-10-16"}
2020-04-13 02:59:38.784 6518 INFO rally.task.runner [-] Task 22777085-68c6-4e80-a742-93cfb69b7998 | ITER: 2 START
2020-04-13 02:59:38.786 6519 INFO rally.task.runner [-] Task 22777085-68c6-4e80-a742-93cfb69b7998 | ITER: 3 START
2020-04-13 02:59:38.789 6520 INFO rally.task.runner [-] Task 22777085-68c6-4e80-a742-93cfb69b7998 | ITER: 4 START
2020-04-13 02:59:41.640 6520 RALLYDEBUG rally.task.utils [-] Waiting for resource . Status changed: CREATE_IN_PROGRESS => CREATE_COMPLETE in 0.06785130500793457
2020-04-13 02:59:41.640 6517 RALLYDEBUG rally.task.utils [-] Waiting for resource . Status changed: CREATE_IN_PROGRESS => CREATE_COMPLETE in 0.08639359474182129
2020-04-13 02:59:41.645 6518 RALLYDEBUG rally.task.utils [-] Waiting for resource . Status changed: CREATE_IN_PROGRESS => CREATE_COMPLETE in 0.08555436134338379
2020-04-13 02:59:41.669 6519 RALLYDEBUG rally.task.utils [-] Waiting for resource . Status changed: CREATE_IN_PROGRESS => CREATE_COMPLETE in 0.07560968399047852
2020-04-13 02:59:41.684 6517 INFO rally.task.runner [-] Task 22777085-68c6-4e80-a742-93cfb69b7998 | ITER: 1 END: OK
2020-04-13 02:59:41.685 6520 INFO rally.task.runner [-] Task 22777085-68c6-4e80-a742-93cfb69b7998 | ITER: 4 END: OK
2020-04-13 02:59:41.688 6520 INFO rally.task.runner [-] Task 22777085-68c6-4e80-a742-93cfb69b7998 | ITER: 6 START
2020-04-13 02:59:41.689 6517 INFO rally.task.runner [-] Task 22777085-68c6-4e80-a742-93cfb69b7998 | ITER: 5 START
2020-04-13 02:59:41.689 6518 INFO rally.task.runner [-] Task 22777085-68c6-4e80-a742-93cfb69b7998 | ITER: 2 END: OK
2020-04-13 02:59:41.694 6518 INFO rally.task.runner [-] Task 22777085-68c6-4e80-a742-93cfb69b7998 | ITER: 7 START
2020-04-13 02:59:41.704 6519 INFO rally.task.runner [-] Task 22777085-68c6-4e80-a742-93cfb69b7998 | ITER: 3 END: OK
2020-04-13 02:59:41.709 6519 INFO rally.task.runner [-] Task 22777085-68c6-4e80-a742-93cfb69b7998 | ITER: 8 START
2020-04-13 02:59:44.506 6517 RALLYDEBUG rally.task.utils [-] Waiting for resource . Status changed: CREATE_IN_PROGRESS => CREATE_COMPLETE in 0.08003854751586914
2020-04-13 02:59:44.532 6519 RALLYDEBUG rally.task.utils [-] Waiting for resource . Status changed: CREATE_IN_PROGRESS => CREATE_COMPLETE in 0.07403349876403809
2020-04-13 02:59:44.555 6517 INFO rally.task.runner [-] Task 22777085-68c6-4e80-a742-93cfb69b7998 | ITER: 5 END: OK
2020-04-13 02:59:44.560 6517 INFO rally.task.runner [-] Task 22777085-68c6-4e80-a742-93cfb69b7998 | ITER: 9 START
2020-04-13 02:59:44.577 6519 INFO rally.task.runner [-] Task 22777085-68c6-4e80-a742-93cfb69b7998 | ITER: 8 END: OK
2020-04-13 02:59:44.581 6519 INFO rally.task.runner [-] Task 22777085-68c6-4e80-a742-93cfb69b7998 | ITER: 10 START
2020-04-13 02:59:44.647 6518 INFO rally.task.runner [-] Task 22777085-68c6-4e80-a742-93cfb69b7998 | ITER: 7 END: OK
2020-04-13 02:59:44.707 6520 INFO rally.task.runner [-] Task 22777085-68c6-4e80-a742-93cfb69b7998 | ITER: 6 END: OK
2020-04-13 02:59:47.408 6517 INFO rally.task.runner [-] Task 22777085-68c6-4e80-a742-93cfb69b7998 | ITER: 9 END: OK
2020-04-13 02:59:47.409 6519 INFO rally.task.runner [-] Task 22777085-68c6-4e80-a742-93cfb69b7998 | ITER: 10 END: OK
2020-04-13 02:59:47.430 5253 INFO rally.task.context [-] Task 22777085-68c6-4e80-a742-93cfb69b7998 | Context cleanup@openstack cleanup() started
2020-04-13 02:59:47.436 5253 RALLYDEBUG rally_openstack.cleanup.manager [-] Cleaning up heat stacks objects
2020-04-13 02:59:48.292 5253 RALLYDEBUG rally_openstack.cleanup.manager [-] Deleting heat.stacks object s_rally_4027cbcb_4G2L2pQ1 (fb6cc676-5846-4e89-9547-078be181c0d5)
2020-04-13 02:59:48.299 5253 RALLYDEBUG rally_openstack.cleanup.manager [-] Deleting heat.stacks object s_rally_4027cbcb_bwNFBKpp (58e40b2e-1ceb-41c7-bd2e-7b785adebb0d)
2020-04-13 02:59:48.299 5253 RALLYDEBUG rally_openstack.cleanup.manager [-] Deleting heat.stacks object s_rally_4027cbcb_GYE7KKUl (64fa770e-c630-438c-8edb-90bb6ee21a5e)
2020-04-13 02:59:48.300 5253 RALLYDEBUG rally_openstack.cleanup.manager [-] Deleting heat.stacks object s_rally_4027cbcb_auU3pApL (7d696001-9063-4d19-a7d1-0e3a2c5f35bc)
2020-04-13 02:59:48.302 5253 RALLYDEBUG rally_openstack.cleanup.manager [-] Deleting heat.stacks object s_rally_4027cbcb_ZmWLZ6Mm (fc529f67-5b61-42f2-b39b-1483fde83c0d)
2020-04-13 02:59:48.303 5253 RALLYDEBUG rally_openstack.cleanup.manager [-] Deleting heat.stacks object s_rally_4027cbcb_lS8lo5p0 (1d85cffb-7c24-4430-9d87-f32d33f0364d)
2020-04-13 02:59:48.304 5253 RALLYDEBUG rally_openstack.cleanup.manager [-] Deleting heat.stacks object s_rally_4027cbcb_GZUpiPMg (da98516b-b7af-4748-9605-347016e4064a)
2020-04-13 02:59:48.330 5253 RALLYDEBUG rally_openstack.cleanup.manager [-] Deleting heat.stacks object s_rally_4027cbcb_fd86XBNZ (2df561d9-ffff-4dd0-8b22-3a1237e751d5)
2020-04-13 02:59:48.342 5253 RALLYDEBUG rally_openstack.cleanup.manager [-] Deleting heat.stacks object s_rally_4027cbcb_SM8W4Nky (c6929569-c031-48df-98ae-82404cd22b1a)
2020-04-13 02:59:48.353 5253 RALLYDEBUG rally_openstack.cleanup.manager [-] Deleting heat.stacks object s_rally_4027cbcb_K8zE6UBA (7fc49f9c-a593-4418-b18b-f6e2f0a45ba5)
2020-04-13 02:59:50.862 5253 INFO rally.task.context [-] Task 22777085-68c6-4e80-a742-93cfb69b7998 | Context cleanup@openstack cleanup() finished in 3.43 sec
2020-04-13 02:59:50.863 5253 INFO rally.task.context [-] Task 22777085-68c6-4e80-a742-93cfb69b7998 | Context roles@openstack cleanup() started
2020-04-13 02:59:50.863 5253 RALLYDEBUG rally_openstack.contexts.keystone.roles [-] Removing assigned role ae1393230f8e4b248a273fec57604d12 from all users
2020-04-13 02:59:51.452 5253 INFO rally.task.context [-] Task 22777085-68c6-4e80-a742-93cfb69b7998 | Context roles@openstack cleanup() finished in 0.59 sec
2020-04-13 02:59:51.453 5253 INFO rally.task.context [-] Task 22777085-68c6-4e80-a742-93cfb69b7998 | Context users@openstack cleanup() started
2020-04-13 02:59:51.718 5253 WARNING rally.common.logging [-] `iterate_per_tenants()' is deprecated in v3.0.0: it is openstack specific.. Used at
2020-04-13 02:59:54.172 5253 INFO rally.task.context [-] Task 22777085-68c6-4e80-a742-93cfb69b7998 | Context users@openstack cleanup() finished in 2.72 sec
2020-04-13 02:59:55.525 5253 INFO rally.task.engine [-] Load duration is: 6.627069
2020-04-13 02:59:55.526 5253 INFO rally.task.engine [-] Full runner duration is: 8.667762
2020-04-13 02:59:55.526 5253 INFO rally.task.engine [-] Full duration is: 18.808227
2020-04-13 02:59:55.621 5253 INFO rally.task.engine [-] Running workload: position = 0 config = { "version": 2, "title": "A cropped version of a bigger task.", "description": "Auto-generated task from a single workload (uuid=e9440a5f-038f-443d-b63b-2369bf448770)", "subtasks": [ { "title": "HeatStacks.create_update_delete_stack", "description": "Create, update and then delete a stack.", "scenario": { "HeatStacks.create_update_delete_stack": { "template_path": "/usr/lib/python3.7/site-packages/functest/opnfv_tests/openstack/rally/scenario/templates/random_strings.yaml.template", "updated_template_path": "/usr/lib/python3.7/site-packages/functest/opnfv_tests/openstack/rally/scenario/templates/updated_random_strings_add.yaml.template" } }, "contexts": { "users": { "tenants": 3, "users_per_tenant": 2 }, "roles": [ "heat_stack_owner" ] }, "runner": { "constant": { "concurrency": 4, "times": 10 } }, "hooks": [], "sla": { "failure_rate": { "max": 0 } } } ] }
2020-04-13 02:59:55.645 5253 RALLYDEBUG rally_openstack.contexts.keystone.users [-] Creating 3 tenants using 3 threads
2020-04-13 02:59:56.253 5253 RALLYDEBUG rally_openstack.contexts.keystone.users [-] Creating 6 users using 6 threads
2020-04-13 02:59:57.274 5253 INFO rally.task.context [-] Task 22777085-68c6-4e80-a742-93cfb69b7998 | Context users@openstack setup() finished in 1.63 sec
2020-04-13 02:59:57.566 5253 RALLYDEBUG rally_openstack.contexts.keystone.roles [-] Adding role heat_stack_owner having ID ae1393230f8e4b248a273fec57604d12 to all users using 30 threads
2020-04-13 02:59:59.474 5253 INFO rally.task.context [-] Task 22777085-68c6-4e80-a742-93cfb69b7998 | Context roles@openstack setup() finished in 2.20 sec
2020-04-13 02:59:59.474 5253 INFO rally.task.context [-] Task 22777085-68c6-4e80-a742-93cfb69b7998 | Context cleanup@openstack setup() finished in 0.00 msec
2020-04-13 02:59:59.485 5253 RALLYDEBUG rally.task.runner [-] Starting the constant runner (task UUID: 22777085-68c6-4e80-a742-93cfb69b7998). times: 10 concurrency: 4 timeout: 0 max_cpu_used: 88 processes_to_start: 4 concurrency_per_worker: 1 concurrency_overhead: 0
2020-04-13 02:59:59.496 6670 RALLYDEBUG rally.task.runner [-] Starting a worker. times: 10 duration: None concurrency: 1 timeout: 0 cls: method_name: run args: {"template_path": "heat_template_version: 2014-10-16\n\ndescription: Test template for rally create-update-delete scenario\n\nresources:\n test_string_one:\n type: OS::Heat::RandomString\n properties:\n length: 20\n test_string_two:\n type: OS::Heat::RandomString\n properties:\n length: 20", "updated_template_path": "heat_template_version: 2014-10-16\n\ndescription: >\n Test template for create-update-delete-stack scenario in rally.\n The template updates the stack defined by random_strings.yaml.template with additional resource.\n\nresources:\n test_string_one:\n type: OS::Heat::RandomString\n properties:\n length: 20\n test_string_two:\n type: OS::Heat::RandomString\n properties:\n length: 20\n test_string_three:\n type: OS::Heat::RandomString\n properties:\n length: 20"}
2020-04-13 02:59:59.498 6671 RALLYDEBUG rally.task.runner [-] Starting a worker. times: 10 duration: None concurrency: 1 timeout: 0 cls: method_name: run args: {"template_path": "heat_template_version: 2014-10-16\n\ndescription: Test template for rally create-update-delete scenario\n\nresources:\n test_string_one:\n type: OS::Heat::RandomString\n properties:\n length: 20\n test_string_two:\n type: OS::Heat::RandomString\n properties:\n length: 20", "updated_template_path": "heat_template_version: 2014-10-16\n\ndescription: >\n Test template for create-update-delete-stack scenario in rally.\n The template updates the stack defined by random_strings.yaml.template with additional resource.\n\nresources:\n test_string_one:\n type: OS::Heat::RandomString\n properties:\n length: 20\n test_string_two:\n type: OS::Heat::RandomString\n properties:\n length: 20\n test_string_three:\n type: OS::Heat::RandomString\n properties:\n length: 20"}
2020-04-13 02:59:59.502 6670 INFO rally.task.runner [-] Task 22777085-68c6-4e80-a742-93cfb69b7998 | ITER: 1 START
2020-04-13 02:59:59.502 6672 RALLYDEBUG rally.task.runner [-] Starting a worker. times: 10 duration: None concurrency: 1 timeout: 0 cls: method_name: run args: {"template_path": "heat_template_version: 2014-10-16\n\ndescription: Test template for rally create-update-delete scenario\n\nresources:\n test_string_one:\n type: OS::Heat::RandomString\n properties:\n length: 20\n test_string_two:\n type: OS::Heat::RandomString\n properties:\n length: 20", "updated_template_path": "heat_template_version: 2014-10-16\n\ndescription: >\n Test template for create-update-delete-stack scenario in rally.\n The template updates the stack defined by random_strings.yaml.template with additional resource.\n\nresources:\n test_string_one:\n type: OS::Heat::RandomString\n properties:\n length: 20\n test_string_two:\n type: OS::Heat::RandomString\n properties:\n length: 20\n test_string_three:\n type: OS::Heat::RandomString\n properties:\n length: 20"}
2020-04-13 02:59:59.504 6671 INFO rally.task.runner [-] Task 22777085-68c6-4e80-a742-93cfb69b7998 | ITER: 2 START
2020-04-13 02:59:59.504 6673 RALLYDEBUG rally.task.runner [-] Starting a worker. times: 10 duration: None concurrency: 1 timeout: 0 cls: method_name: run args: {"template_path": "heat_template_version: 2014-10-16\n\ndescription: Test template for rally create-update-delete scenario\n\nresources:\n test_string_one:\n type: OS::Heat::RandomString\n properties:\n length: 20\n test_string_two:\n type: OS::Heat::RandomString\n properties:\n length: 20", "updated_template_path": "heat_template_version: 2014-10-16\n\ndescription: >\n Test template for create-update-delete-stack scenario in rally.\n The template updates the stack defined by random_strings.yaml.template with additional resource.\n\nresources:\n test_string_one:\n type: OS::Heat::RandomString\n properties:\n length: 20\n test_string_two:\n type: OS::Heat::RandomString\n properties:\n length: 20\n test_string_three:\n type: OS::Heat::RandomString\n properties:\n length: 20"}
2020-04-13 02:59:59.509 6672 INFO rally.task.runner [-] Task 22777085-68c6-4e80-a742-93cfb69b7998 | ITER: 3 START
2020-04-13 02:59:59.510 6673 INFO rally.task.runner [-] Task 22777085-68c6-4e80-a742-93cfb69b7998 | ITER: 4 START
2020-04-13 03:00:02.343 6670 RALLYDEBUG rally.task.utils [-] Waiting for resource . Status changed: CREATE_IN_PROGRESS => CREATE_COMPLETE in 0.08249902725219727
2020-04-13 03:00:02.353 6671 RALLYDEBUG rally.task.utils [-] Waiting for resource . Status changed: CREATE_IN_PROGRESS => CREATE_COMPLETE in 0.08295035362243652
2020-04-13 03:00:02.366 6673 RALLYDEBUG rally.task.utils [-] Waiting for resource . Status changed: CREATE_IN_PROGRESS => CREATE_COMPLETE in 0.08537507057189941
2020-04-13 03:00:02.366 6672 RALLYDEBUG rally.task.utils [-] Waiting for resource . Status changed: CREATE_IN_PROGRESS => CREATE_COMPLETE in 0.08514690399169922
2020-04-13 03:00:04.586 6670 RALLYDEBUG rally.task.utils [-] Waiting for resource . Status changed: CREATE_COMPLETE => UPDATE_IN_PROGRESS in 0.09604191780090332
2020-04-13 03:00:04.594 6671 RALLYDEBUG rally.task.utils [-] Waiting for resource . Status changed: CREATE_COMPLETE => UPDATE_IN_PROGRESS in 0.09172224998474121
2020-04-13 03:00:04.598 6673 RALLYDEBUG rally.task.utils [-] Waiting for resource . Status changed: CREATE_COMPLETE => UPDATE_IN_PROGRESS in 0.08456921577453613
2020-04-13 03:00:04.607 6672 RALLYDEBUG rally.task.utils [-] Waiting for resource . Status changed: CREATE_COMPLETE => UPDATE_IN_PROGRESS in 0.08799004554748535
2020-04-13 03:00:05.673 6670 RALLYDEBUG rally.task.utils [-] Waiting for resource . Status changed: UPDATE_IN_PROGRESS => UPDATE_COMPLETE in 1.0872440338134766
2020-04-13 03:00:05.680 6673 RALLYDEBUG rally.task.utils [-] Waiting for resource . Status changed: UPDATE_IN_PROGRESS => UPDATE_COMPLETE in 1.0813512802124023
2020-04-13 03:00:05.682 6671 RALLYDEBUG rally.task.utils [-] Waiting for resource . Status changed: UPDATE_IN_PROGRESS => UPDATE_COMPLETE in 1.0889506340026855
2020-04-13 03:00:05.684 6672 RALLYDEBUG rally.task.utils [-] Waiting for resource . Status changed: UPDATE_IN_PROGRESS => UPDATE_COMPLETE in 1.0772480964660645
2020-04-13 03:00:05.841 6671 RALLYDEBUG rally.task.utils [-] Waiting for resource . Status changed: CREATE_COMPLETE => DELETE_IN_PROGRESS in 0.06477713584899902
2020-04-13 03:00:05.845 6672 RALLYDEBUG rally.task.utils [-] Waiting for resource . Status changed: CREATE_COMPLETE => DELETE_IN_PROGRESS in 0.061879873275756836
2020-04-13 03:00:05.859 6670 RALLYDEBUG rally.task.utils [-] Waiting for resource . Status changed: CREATE_COMPLETE => DELETE_IN_PROGRESS in 0.06834197044372559
2020-04-13 03:00:05.862 6673 RALLYDEBUG rally.task.utils [-] Waiting for resource . Status changed: CREATE_COMPLETE => DELETE_IN_PROGRESS in 0.07067990303039551
2020-04-13 03:00:09.064 6671 INFO rally.task.runner [-] Task 22777085-68c6-4e80-a742-93cfb69b7998 | ITER: 2 END: OK
2020-04-13 03:00:09.068 6672 INFO rally.task.runner [-] Task 22777085-68c6-4e80-a742-93cfb69b7998 | ITER: 3 END: OK
2020-04-13 03:00:09.069 6671 INFO rally.task.runner [-] Task 22777085-68c6-4e80-a742-93cfb69b7998 | ITER: 5 START
2020-04-13 03:00:09.073 6672 INFO rally.task.runner [-] Task 22777085-68c6-4e80-a742-93cfb69b7998 | ITER: 6 START
2020-04-13 03:00:09.074 6673 INFO rally.task.runner [-] Task 22777085-68c6-4e80-a742-93cfb69b7998 | ITER: 4 END: OK
2020-04-13 03:00:09.075 6670 INFO rally.task.runner [-] Task 22777085-68c6-4e80-a742-93cfb69b7998 | ITER: 1 END: OK
2020-04-13 03:00:09.079 6673 INFO rally.task.runner [-] Task 22777085-68c6-4e80-a742-93cfb69b7998 | ITER: 7 START
2020-04-13 03:00:09.080 6670 INFO rally.task.runner [-] Task 22777085-68c6-4e80-a742-93cfb69b7998 | ITER: 8 START
2020-04-13 03:00:11.924 6671 RALLYDEBUG rally.task.utils [-] Waiting for resource . Status changed: CREATE_IN_PROGRESS => CREATE_COMPLETE in 0.0834197998046875
2020-04-13 03:00:11.943 6670 RALLYDEBUG rally.task.utils [-] Waiting for resource . Status changed: CREATE_IN_PROGRESS => CREATE_COMPLETE in 0.08184385299682617
2020-04-13 03:00:12.002 6673 RALLYDEBUG rally.task.utils [-] Waiting for resource . Status changed: CREATE_IN_PROGRESS => CREATE_COMPLETE in 0.07630348205566406
2020-04-13 03:00:12.018 6672 RALLYDEBUG rally.task.utils [-] Waiting for resource . Status changed: CREATE_IN_PROGRESS => CREATE_COMPLETE in 0.08382081985473633
2020-04-13 03:00:14.234 6671 RALLYDEBUG rally.task.utils [-] Waiting for resource . Status changed: CREATE_COMPLETE => UPDATE_IN_PROGRESS in 0.18228626251220703
2020-04-13 03:00:14.243 6673 RALLYDEBUG rally.task.utils [-] Waiting for resource . Status changed: CREATE_COMPLETE => UPDATE_IN_PROGRESS in 0.08244085311889648
2020-04-13 03:00:14.249 6672 RALLYDEBUG rally.task.utils [-] Waiting for resource . Status changed: CREATE_COMPLETE => UPDATE_IN_PROGRESS in 0.08904027938842773
2020-04-13 03:00:14.257 6670 RALLYDEBUG rally.task.utils [-] Waiting for resource . Status changed: CREATE_COMPLETE => UPDATE_IN_PROGRESS in 0.1709764003753662
2020-04-13 03:00:15.318 6671 RALLYDEBUG rally.task.utils [-] Waiting for resource . Status changed: UPDATE_IN_PROGRESS => UPDATE_COMPLETE in 1.0840342044830322
2020-04-13 03:00:15.328 6673 RALLYDEBUG rally.task.utils [-] Waiting for resource . Status changed: UPDATE_IN_PROGRESS => UPDATE_COMPLETE in 1.0849878787994385
2020-04-13 03:00:15.334 6672 RALLYDEBUG rally.task.utils [-] Waiting for resource . Status changed: UPDATE_IN_PROGRESS => UPDATE_COMPLETE in 1.0850331783294678
2020-04-13 03:00:15.336 6670 RALLYDEBUG rally.task.utils [-] Waiting for resource . Status changed: UPDATE_IN_PROGRESS => UPDATE_COMPLETE in 1.079146146774292
2020-04-13 03:00:15.464 6671 RALLYDEBUG rally.task.utils [-] Waiting for resource . Status changed: CREATE_COMPLETE => DELETE_IN_PROGRESS in 0.06868720054626465
2020-04-13 03:00:15.496 6673 RALLYDEBUG rally.task.utils [-] Waiting for resource . Status changed: CREATE_COMPLETE => DELETE_IN_PROGRESS in 0.06663012504577637
2020-04-13 03:00:15.507 6672 RALLYDEBUG rally.task.utils [-] Waiting for resource . Status changed: CREATE_COMPLETE => DELETE_IN_PROGRESS in 0.07004189491271973
2020-04-13 03:00:15.511 6670 RALLYDEBUG rally.task.utils [-] Waiting for resource . Status changed: CREATE_COMPLETE => DELETE_IN_PROGRESS in 0.06739664077758789
2020-04-13 03:00:18.689 6671 INFO rally.task.runner [-] Task 22777085-68c6-4e80-a742-93cfb69b7998 | ITER: 5 END: OK
2020-04-13 03:00:18.694 6671 INFO rally.task.runner [-] Task 22777085-68c6-4e80-a742-93cfb69b7998 | ITER: 9 START
2020-04-13 03:00:18.711 6673 INFO rally.task.runner [-] Task 22777085-68c6-4e80-a742-93cfb69b7998 | ITER: 7 END: OK
2020-04-13 03:00:18.715 6673 INFO rally.task.runner [-] Task 22777085-68c6-4e80-a742-93cfb69b7998 | ITER: 10 START
2020-04-13 03:00:18.721 6672 INFO rally.task.runner [-] Task 22777085-68c6-4e80-a742-93cfb69b7998 | ITER: 6 END: OK
2020-04-13 03:00:18.728 6670 INFO rally.task.runner [-] Task 22777085-68c6-4e80-a742-93cfb69b7998 | ITER: 8 END: OK
2020-04-13 03:00:21.599 6671 RALLYDEBUG rally.task.utils [-] Waiting for resource . Status changed: CREATE_IN_PROGRESS => CREATE_COMPLETE in 0.09119415283203125
2020-04-13 03:00:21.601 6673 RALLYDEBUG rally.task.utils [-] Waiting for resource . Status changed: CREATE_IN_PROGRESS => CREATE_COMPLETE in 0.08031225204467773
2020-04-13 03:00:23.814 6671 RALLYDEBUG rally.task.utils [-] Waiting for resource . Status changed: CREATE_COMPLETE => UPDATE_IN_PROGRESS in 0.08272981643676758
2020-04-13 03:00:23.829 6673 RALLYDEBUG rally.task.utils [-] Waiting for resource . Status changed: CREATE_COMPLETE => UPDATE_IN_PROGRESS in 0.08918428421020508
2020-04-13 03:00:24.898 6671 RALLYDEBUG rally.task.utils [-] Waiting for resource . Status changed: UPDATE_IN_PROGRESS => UPDATE_COMPLETE in 1.084031581878662
2020-04-13 03:00:24.918 6673 RALLYDEBUG rally.task.utils [-] Waiting for resource . Status changed: UPDATE_IN_PROGRESS => UPDATE_COMPLETE in 1.0891454219818115
2020-04-13 03:00:25.038 6671 RALLYDEBUG rally.task.utils [-] Waiting for resource . Status changed: CREATE_COMPLETE => DELETE_IN_PROGRESS in 0.06824064254760742
2020-04-13 03:00:25.075 6673 RALLYDEBUG rally.task.utils [-] Waiting for resource . Status changed: CREATE_COMPLETE => DELETE_IN_PROGRESS in 0.07045531272888184
2020-04-13 03:00:27.189 6671 INFO rally.task.runner [-] Task 22777085-68c6-4e80-a742-93cfb69b7998 | ITER: 9 END: OK
2020-04-13 03:00:28.300 6673 INFO rally.task.runner [-] Task 22777085-68c6-4e80-a742-93cfb69b7998 | ITER: 10 END: OK
2020-04-13 03:00:28.327 5253 INFO rally.task.context [-] Task 22777085-68c6-4e80-a742-93cfb69b7998 | Context cleanup@openstack cleanup() started
2020-04-13 03:00:28.334 5253 RALLYDEBUG rally_openstack.cleanup.manager [-] Cleaning up heat stacks objects
2020-04-13 03:00:29.230 5253 INFO rally.task.context [-] Task 22777085-68c6-4e80-a742-93cfb69b7998 | Context cleanup@openstack cleanup() finished in 0.90 sec
2020-04-13 03:00:29.231 5253 INFO rally.task.context [-] Task 22777085-68c6-4e80-a742-93cfb69b7998 | Context roles@openstack cleanup() started
2020-04-13 03:00:29.231 5253 RALLYDEBUG rally_openstack.contexts.keystone.roles [-] Removing assigned role ae1393230f8e4b248a273fec57604d12 from all users
2020-04-13 03:00:29.752 5253 INFO rally.task.context [-] Task 22777085-68c6-4e80-a742-93cfb69b7998 | Context roles@openstack cleanup() finished in 0.52 sec
2020-04-13 03:00:29.753 5253 INFO rally.task.context [-] Task 22777085-68c6-4e80-a742-93cfb69b7998 | Context users@openstack cleanup() started
2020-04-13 03:00:30.030 5253 WARNING rally.common.logging [-] `iterate_per_tenants()' is deprecated in v3.0.0: it is openstack specific.. Used at
2020-04-13 03:00:32.518 5253 INFO rally.task.context [-] Task 22777085-68c6-4e80-a742-93cfb69b7998 | Context users@openstack cleanup() finished in 2.76 sec
2020-04-13 03:00:33.919 5253 INFO rally.task.engine [-] Load duration is: 24.796831
2020-04-13 03:00:33.920 5253 INFO rally.task.engine [-] Full runner duration is: 28.841566
2020-04-13 03:00:33.920 5253 INFO rally.task.engine [-] Full duration is: 36.875489
2020-04-13 03:00:33.982 5253 INFO rally.task.engine [-] Running workload: position = 1 config = { "version": 2, "title": "A cropped version of a bigger task.", "description": "Auto-generated task from a single workload (uuid=2a2bd17c-47e7-475d-aaf9-272a12f396be)", "subtasks": [ { "title": "HeatStacks.create_update_delete_stack", "description": "Create, update and then delete a stack.", "scenario": { "HeatStacks.create_update_delete_stack": { "template_path": "/usr/lib/python3.7/site-packages/functest/opnfv_tests/openstack/rally/scenario/templates/random_strings.yaml.template", "updated_template_path": "/usr/lib/python3.7/site-packages/functest/opnfv_tests/openstack/rally/scenario/templates/updated_random_strings_delete.yaml.template" } }, "contexts": { "users": { "tenants": 3, "users_per_tenant": 2 }, "roles": [ "heat_stack_owner" ] }, "runner": { "constant": { "concurrency": 4, "times": 10 } }, "hooks": [], "sla": { "failure_rate": { "max": 0 } } } ] }
2020-04-13 03:00:34.006 5253 RALLYDEBUG rally_openstack.contexts.keystone.users [-] Creating 3 tenants using 3 threads
2020-04-13 03:00:34.470 5253 RALLYDEBUG rally_openstack.contexts.keystone.users [-] Creating 6 users using 6 threads
2020-04-13 03:00:35.376 5253 INFO rally.task.context [-] Task 22777085-68c6-4e80-a742-93cfb69b7998 | Context users@openstack setup() finished in 1.37 sec
2020-04-13 03:00:35.649 5253 RALLYDEBUG rally_openstack.contexts.keystone.roles [-] Adding role heat_stack_owner having ID ae1393230f8e4b248a273fec57604d12 to all users using 30 threads
2020-04-13 03:00:37.572 5253 INFO rally.task.context [-] Task 22777085-68c6-4e80-a742-93cfb69b7998 | Context roles@openstack setup() finished in 2.19 sec
2020-04-13 03:00:37.572 5253 INFO rally.task.context [-] Task 22777085-68c6-4e80-a742-93cfb69b7998 | Context cleanup@openstack setup() finished in 0.01 msec
2020-04-13 03:00:37.584 5253 RALLYDEBUG rally.task.runner [-] Starting the constant runner (task UUID: 22777085-68c6-4e80-a742-93cfb69b7998). times: 10 concurrency: 4 timeout: 0 max_cpu_used: 88 processes_to_start: 4 concurrency_per_worker: 1 concurrency_overhead: 0
2020-04-13 03:00:37.596 6823 RALLYDEBUG rally.task.runner [-] Starting a worker. times: 10 duration: None concurrency: 1 timeout: 0 cls: method_name: run args: {"template_path": "heat_template_version: 2014-10-16\n\ndescription: Test template for rally create-update-delete scenario\n\nresources:\n test_string_one:\n type: OS::Heat::RandomString\n properties:\n length: 20\n test_string_two:\n type: OS::Heat::RandomString\n properties:\n length: 20", "updated_template_path": "heat_template_version: 2014-10-16\n\ndescription: >\n Test template for create-update-delete-stack scenario in rally.\n The template deletes one resource from the stack defined by random_strings.yaml.template.\n\nresources:\n test_string_one:\n type: OS::Heat::RandomString\n properties:\n length: 20"}
2020-04-13 03:00:37.598 6824 RALLYDEBUG rally.task.runner [-] Starting a worker. times: 10 duration: None concurrency: 1 timeout: 0 cls: method_name: run args: {"template_path": "heat_template_version: 2014-10-16\n\ndescription: Test template for rally create-update-delete scenario\n\nresources:\n test_string_one:\n type: OS::Heat::RandomString\n properties:\n length: 20\n test_string_two:\n type: OS::Heat::RandomString\n properties:\n length: 20", "updated_template_path": "heat_template_version: 2014-10-16\n\ndescription: >\n Test template for create-update-delete-stack scenario in rally.\n The template deletes one resource from the stack defined by random_strings.yaml.template.\n\nresources:\n test_string_one:\n type: OS::Heat::RandomString\n properties:\n length: 20"}
2020-04-13 03:00:37.599 6825 RALLYDEBUG rally.task.runner [-] Starting a worker. times: 10 duration: None concurrency: 1 timeout: 0 cls: method_name: run args: {"template_path": "heat_template_version: 2014-10-16\n\ndescription: Test template for rally create-update-delete scenario\n\nresources:\n test_string_one:\n type: OS::Heat::RandomString\n properties:\n length: 20\n test_string_two:\n type: OS::Heat::RandomString\n properties:\n length: 20", "updated_template_path": "heat_template_version: 2014-10-16\n\ndescription: >\n Test template for create-update-delete-stack scenario in rally.\n The template deletes one resource from the stack defined by random_strings.yaml.template.\n\nresources:\n test_string_one:\n type: OS::Heat::RandomString\n properties:\n length: 20"}
2020-04-13 03:00:37.603 6823 INFO rally.task.runner [-] Task 22777085-68c6-4e80-a742-93cfb69b7998 | ITER: 1 START
2020-04-13 03:00:37.604 6826 RALLYDEBUG rally.task.runner [-] Starting a worker. times: 10 duration: None concurrency: 1 timeout: 0 cls: method_name: run args: {"template_path": "heat_template_version: 2014-10-16\n\ndescription: Test template for rally create-update-delete scenario\n\nresources:\n test_string_one:\n type: OS::Heat::RandomString\n properties:\n length: 20\n test_string_two:\n type: OS::Heat::RandomString\n properties:\n length: 20", "updated_template_path": "heat_template_version: 2014-10-16\n\ndescription: >\n Test template for create-update-delete-stack scenario in rally.\n The template deletes one resource from the stack defined by random_strings.yaml.template.\n\nresources:\n test_string_one:\n type: OS::Heat::RandomString\n properties:\n length: 20"}
2020-04-13 03:00:37.605 6825 INFO rally.task.runner [-] Task 22777085-68c6-4e80-a742-93cfb69b7998 | ITER: 3 START
2020-04-13 03:00:37.605 6824 INFO rally.task.runner [-] Task 22777085-68c6-4e80-a742-93cfb69b7998 | ITER: 2 START
2020-04-13 03:00:37.611 6826 INFO rally.task.runner [-] Task 22777085-68c6-4e80-a742-93cfb69b7998 | ITER: 4 START
2020-04-13 03:00:40.442 6824 RALLYDEBUG rally.task.utils [-] Waiting for resource . Status changed: CREATE_IN_PROGRESS => CREATE_COMPLETE in 0.08432388305664062
2020-04-13 03:00:40.456 6826 RALLYDEBUG rally.task.utils [-] Waiting for resource . Status changed: CREATE_IN_PROGRESS => CREATE_COMPLETE in 0.0792534351348877
2020-04-13 03:00:40.471 6823 RALLYDEBUG rally.task.utils [-] Waiting for resource . Status changed: CREATE_IN_PROGRESS => CREATE_COMPLETE in 0.07991862297058105
2020-04-13 03:00:40.521 6825 RALLYDEBUG rally.task.utils [-] Waiting for resource . Status changed: CREATE_IN_PROGRESS => CREATE_COMPLETE in 0.08022594451904297
2020-04-13 03:00:42.654 6824 RALLYDEBUG rally.task.utils [-] Waiting for resource . Status changed: CREATE_COMPLETE => UPDATE_COMPLETE in 0.08438324928283691
2020-04-13 03:00:42.676 6826 RALLYDEBUG rally.task.utils [-] Waiting for resource . Status changed: CREATE_COMPLETE => UPDATE_COMPLETE in 0.08285903930664062
2020-04-13 03:00:42.686 6823 RALLYDEBUG rally.task.utils [-] Waiting for resource . Status changed: CREATE_COMPLETE => UPDATE_COMPLETE in 0.07713794708251953
2020-04-13 03:00:42.756 6825 RALLYDEBUG rally.task.utils [-] Waiting for resource . Status changed: CREATE_COMPLETE => UPDATE_COMPLETE in 0.08115553855895996
2020-04-13 03:00:42.796 6824 RALLYDEBUG rally.task.utils [-] Waiting for resource . Status changed: CREATE_COMPLETE => DELETE_IN_PROGRESS in 0.0720663070678711
2020-04-13 03:00:42.838 6826 RALLYDEBUG rally.task.utils [-] Waiting for resource . Status changed: CREATE_COMPLETE => DELETE_IN_PROGRESS in 0.07488894462585449
2020-04-13 03:00:42.845 6823 RALLYDEBUG rally.task.utils [-] Waiting for resource . Status changed: CREATE_COMPLETE => DELETE_IN_PROGRESS in 0.06499314308166504
2020-04-13 03:00:42.913 6825 RALLYDEBUG rally.task.utils [-] Waiting for resource . Status changed: CREATE_COMPLETE => DELETE_IN_PROGRESS in 0.06412124633789062
2020-04-13 03:00:43.874 6824 INFO rally.task.runner [-] Task 22777085-68c6-4e80-a742-93cfb69b7998 | ITER: 2 END: OK
2020-04-13 03:00:43.880 6824 INFO rally.task.runner [-] Task 22777085-68c6-4e80-a742-93cfb69b7998 | ITER: 5 START
2020-04-13 03:00:43.910 6826 INFO rally.task.runner [-] Task 22777085-68c6-4e80-a742-93cfb69b7998 | ITER: 4 END: OK
2020-04-13 03:00:43.915 6826 INFO rally.task.runner [-] Task 22777085-68c6-4e80-a742-93cfb69b7998 | ITER: 6 START
2020-04-13 03:00:43.920 6823 INFO rally.task.runner [-] Task 22777085-68c6-4e80-a742-93cfb69b7998 | ITER: 1 END: OK
2020-04-13 03:00:43.925 6823 INFO rally.task.runner [-] Task 22777085-68c6-4e80-a742-93cfb69b7998 | ITER: 7 START
2020-04-13 03:00:43.992 6825 INFO rally.task.runner [-] Task 22777085-68c6-4e80-a742-93cfb69b7998 | ITER: 3 END: OK
2020-04-13 03:00:43.997 6825 INFO rally.task.runner [-] Task 22777085-68c6-4e80-a742-93cfb69b7998 | ITER: 8 START
2020-04-13 03:00:46.773 6824 RALLYDEBUG rally.task.utils [-] Waiting for resource . Status changed: CREATE_IN_PROGRESS => CREATE_COMPLETE in 0.08774447441101074
2020-04-13 03:00:46.793 6823 RALLYDEBUG rally.task.utils [-] Waiting for resource . Status changed: CREATE_IN_PROGRESS => CREATE_COMPLETE in 0.08245635032653809
2020-04-13 03:00:46.798 6826 RALLYDEBUG rally.task.utils [-] Waiting for resource . Status changed: CREATE_IN_PROGRESS => CREATE_COMPLETE in 0.08869147300720215
2020-04-13 03:00:46.818 6825 RALLYDEBUG rally.task.utils [-] Waiting for resource . Status changed: CREATE_IN_PROGRESS => CREATE_COMPLETE in 0.07502198219299316
2020-04-13 03:00:48.980 6824 RALLYDEBUG rally.task.utils [-] Waiting for resource . Status changed: CREATE_COMPLETE => UPDATE_COMPLETE in 0.09498190879821777
2020-04-13 03:00:49.011 6826 RALLYDEBUG rally.task.utils [-] Waiting for resource . Status changed: CREATE_COMPLETE => UPDATE_COMPLETE in 0.08613252639770508
2020-04-13 03:00:49.022 6823 RALLYDEBUG rally.task.utils [-] Waiting for resource . Status changed: CREATE_COMPLETE => UPDATE_COMPLETE in 0.07978034019470215
2020-04-13 03:00:49.030 6825 RALLYDEBUG rally.task.utils [-] Waiting for resource . Status changed: CREATE_COMPLETE => UPDATE_COMPLETE in 0.08001232147216797
2020-04-13 03:00:49.112 6824 RALLYDEBUG rally.task.utils [-] Waiting for resource . Status changed: CREATE_COMPLETE => DELETE_IN_PROGRESS in 0.06525588035583496
2020-04-13 03:00:49.168 6826 RALLYDEBUG rally.task.utils [-] Waiting for resource . Status changed: CREATE_COMPLETE => DELETE_IN_PROGRESS in 0.06719398498535156
2020-04-13 03:00:49.182 6823 RALLYDEBUG rally.task.utils [-] Waiting for resource . Status changed: CREATE_COMPLETE => DELETE_IN_PROGRESS in 0.06590843200683594
2020-04-13 03:00:49.196 6825 RALLYDEBUG rally.task.utils [-] Waiting for resource . Status changed: CREATE_COMPLETE => DELETE_IN_PROGRESS in 0.06340646743774414
2020-04-13 03:00:50.189 6824 INFO rally.task.runner [-] Task 22777085-68c6-4e80-a742-93cfb69b7998 | ITER: 5 END: OK
2020-04-13 03:00:50.194 6824 INFO rally.task.runner [-] Task 22777085-68c6-4e80-a742-93cfb69b7998 | ITER: 9 START
2020-04-13 03:00:50.244 6826 INFO rally.task.runner [-] Task 22777085-68c6-4e80-a742-93cfb69b7998 | ITER: 6 END: OK
2020-04-13 03:00:50.249 6826 INFO rally.task.runner [-] Task 22777085-68c6-4e80-a742-93cfb69b7998 | ITER: 10 START
2020-04-13 03:00:50.263 6823 INFO rally.task.runner [-] Task 22777085-68c6-4e80-a742-93cfb69b7998 | ITER: 7 END: OK
2020-04-13 03:00:50.275 6825 INFO rally.task.runner [-] Task 22777085-68c6-4e80-a742-93cfb69b7998 | ITER: 8 END: OK
2020-04-13 03:00:53.085 6826 RALLYDEBUG rally.task.utils [-] Waiting for resource . Status changed: CREATE_IN_PROGRESS => CREATE_COMPLETE in 0.09059739112854004
2020-04-13 03:00:53.147 6824 RALLYDEBUG rally.task.utils [-] Waiting for resource . Status changed: CREATE_IN_PROGRESS => CREATE_COMPLETE in 0.0845944881439209
2020-04-13 03:00:55.289 6826 RALLYDEBUG rally.task.utils [-] Waiting for resource . Status changed: CREATE_COMPLETE => UPDATE_COMPLETE in 0.08363747596740723
2020-04-13 03:00:55.361 6824 RALLYDEBUG rally.task.utils [-] Waiting for resource . Status changed: CREATE_COMPLETE => UPDATE_COMPLETE in 0.08579874038696289
2020-04-13 03:00:55.430 6826 RALLYDEBUG rally.task.utils [-] Waiting for resource . Status changed: CREATE_COMPLETE => DELETE_IN_PROGRESS in 0.07212543487548828
2020-04-13 03:00:55.514 6824 RALLYDEBUG rally.task.utils [-] Waiting for resource . Status changed: CREATE_COMPLETE => DELETE_IN_PROGRESS in 0.06870079040527344
2020-04-13 03:00:56.503 6826 INFO rally.task.runner [-] Task 22777085-68c6-4e80-a742-93cfb69b7998 | ITER: 10 END: OK
2020-04-13 03:00:56.584 6824 INFO rally.task.runner [-] Task 22777085-68c6-4e80-a742-93cfb69b7998 | ITER: 9 END: OK
2020-04-13 03:00:56.608 5253 INFO rally.task.context [-] Task 22777085-68c6-4e80-a742-93cfb69b7998 | Context cleanup@openstack cleanup() started
2020-04-13 03:00:56.612 5253 RALLYDEBUG rally_openstack.cleanup.manager [-] Cleaning up heat stacks objects
2020-04-13 03:00:57.488 5253 INFO rally.task.context [-] Task 22777085-68c6-4e80-a742-93cfb69b7998 | Context cleanup@openstack cleanup() finished in 0.88 sec
2020-04-13 03:00:57.489 5253 INFO rally.task.context [-] Task 22777085-68c6-4e80-a742-93cfb69b7998 | Context roles@openstack cleanup() started
2020-04-13 03:00:57.489 5253 RALLYDEBUG rally_openstack.contexts.keystone.roles [-] Removing assigned role ae1393230f8e4b248a273fec57604d12 from all users
2020-04-13 03:00:58.057 5253 INFO rally.task.context [-] Task 22777085-68c6-4e80-a742-93cfb69b7998 | Context roles@openstack cleanup() finished in 0.57 sec
2020-04-13 03:00:58.058 5253 INFO rally.task.context [-] Task 22777085-68c6-4e80-a742-93cfb69b7998 | Context users@openstack cleanup() started
2020-04-13 03:00:58.382 5253 WARNING rally.common.logging [-] `iterate_per_tenants()' is deprecated in v3.0.0: it is openstack specific.. Used at
2020-04-13 03:01:00.974 5253 INFO rally.task.context [-] Task 22777085-68c6-4e80-a742-93cfb69b7998 | Context users@openstack cleanup() finished in 2.92 sec
2020-04-13 03:01:02.205 5253 INFO rally.task.engine [-] Load duration is: 14.980302
2020-04-13 03:01:02.206 5253 INFO rally.task.engine [-] Full runner duration is: 19.024001
2020-04-13 03:01:02.206 5253 INFO rally.task.engine [-] Full duration is: 26.970123
2020-04-13 03:01:02.266 5253 INFO rally.task.engine [-] Running workload: position = 2 config = { "version": 2, "title": "A cropped version of a bigger task.", "description": "Auto-generated task from a single workload (uuid=3608e197-8026-4136-93e5-9f3ecb345b37)", "subtasks": [ { "title": "HeatStacks.create_update_delete_stack", "description": "Create, update and then delete a stack.", "scenario": { "HeatStacks.create_update_delete_stack": { "template_path": "/usr/lib/python3.7/site-packages/functest/opnfv_tests/openstack/rally/scenario/templates/resource_group.yaml.template", "updated_template_path": "/usr/lib/python3.7/site-packages/functest/opnfv_tests/openstack/rally/scenario/templates/updated_resource_group_increase.yaml.template" } }, "contexts": { "users": { "tenants": 3, "users_per_tenant": 2 }, "roles": [ "heat_stack_owner" ] }, "runner": { "constant": { "concurrency": 4, "times": 10 } }, "hooks": [], "sla": { "failure_rate": { "max": 0 } } } ] }
2020-04-13 03:01:02.289 5253 RALLYDEBUG rally_openstack.contexts.keystone.users [-] Creating 3 tenants using 3 threads
2020-04-13 03:01:02.797 5253 RALLYDEBUG rally_openstack.contexts.keystone.users [-] Creating 6 users using 6 threads
2020-04-13 03:01:03.723 5253 INFO rally.task.context [-] Task 22777085-68c6-4e80-a742-93cfb69b7998 | Context users@openstack setup() finished in 1.43 sec
2020-04-13 03:01:03.912 5253 RALLYDEBUG rally_openstack.contexts.keystone.roles [-] Adding role heat_stack_owner having ID ae1393230f8e4b248a273fec57604d12 to all users using 30 threads
2020-04-13 03:01:05.836 5253 INFO rally.task.context [-] Task 22777085-68c6-4e80-a742-93cfb69b7998 | Context roles@openstack setup() finished in 2.11 sec
2020-04-13 03:01:05.836 5253 INFO rally.task.context [-] Task 22777085-68c6-4e80-a742-93cfb69b7998 | Context cleanup@openstack setup() finished in 0.00 msec
2020-04-13 03:01:05.846 5253 RALLYDEBUG rally.task.runner [-] Starting the constant runner (task UUID: 22777085-68c6-4e80-a742-93cfb69b7998). times: 10 concurrency: 4 timeout: 0 max_cpu_used: 88 processes_to_start: 4 concurrency_per_worker: 1 concurrency_overhead: 0
2020-04-13 03:01:05.856 6976 RALLYDEBUG rally.task.runner [-] Starting a worker. times: 10 duration: None concurrency: 1 timeout: 0 cls: method_name: run args: {"template_path": "heat_template_version: 2014-10-16\n\ndescription: Test template for rally create-update-delete scenario\n\nresources:\n test_group:\n type: OS::Heat::ResourceGroup\n properties:\n count: 2\n resource_def:\n type: OS::Heat::RandomString\n properties:\n length: 20", "updated_template_path": "heat_template_version: 2014-10-16\n\ndescription: >\n Test template for create-update-delete-stack scenario in rally.\n The template updates one resource from the stack defined by resource_group.yaml.template\n and adds children resources to that resource.\n\nresources:\n test_group:\n type: OS::Heat::ResourceGroup\n properties:\n count: 3\n resource_def:\n type: OS::Heat::RandomString\n properties:\n length: 20"}
2020-04-13 03:01:05.859 6977 RALLYDEBUG rally.task.runner [-] Starting a worker. times: 10 duration: None concurrency: 1 timeout: 0 cls: method_name: run args: {"template_path": "heat_template_version: 2014-10-16\n\ndescription: Test template for rally create-update-delete scenario\n\nresources:\n test_group:\n type: OS::Heat::ResourceGroup\n properties:\n count: 2\n resource_def:\n type: OS::Heat::RandomString\n properties:\n length: 20", "updated_template_path": "heat_template_version: 2014-10-16\n\ndescription: >\n Test template for create-update-delete-stack scenario in rally.\n The template updates one resource from the stack defined by resource_group.yaml.template\n and adds children resources to that resource.\n\nresources:\n test_group:\n type: OS::Heat::ResourceGroup\n properties:\n count: 3\n resource_def:\n type: OS::Heat::RandomString\n properties:\n length: 20"}
2020-04-13 03:01:05.862 6978 RALLYDEBUG rally.task.runner [-] Starting a worker. times: 10 duration: None concurrency: 1 timeout: 0 cls: method_name: run args: {"template_path": "heat_template_version: 2014-10-16\n\ndescription: Test template for rally create-update-delete scenario\n\nresources:\n test_group:\n type: OS::Heat::ResourceGroup\n properties:\n count: 2\n resource_def:\n type: OS::Heat::RandomString\n properties:\n length: 20", "updated_template_path": "heat_template_version: 2014-10-16\n\ndescription: >\n Test template for create-update-delete-stack scenario in rally.\n The template updates one resource from the stack defined by resource_group.yaml.template\n and adds children resources to that resource.\n\nresources:\n test_group:\n type: OS::Heat::ResourceGroup\n properties:\n count: 3\n resource_def:\n type: OS::Heat::RandomString\n properties:\n length: 20"}
2020-04-13 03:01:05.863 6976 INFO rally.task.runner [-] Task 22777085-68c6-4e80-a742-93cfb69b7998 | ITER: 1 START
2020-04-13 03:01:05.864 6979 RALLYDEBUG rally.task.runner [-] Starting a worker. times: 10 duration: None concurrency: 1 timeout: 0 cls: method_name: run args: {"template_path": "heat_template_version: 2014-10-16\n\ndescription: Test template for rally create-update-delete scenario\n\nresources:\n test_group:\n type: OS::Heat::ResourceGroup\n properties:\n count: 2\n resource_def:\n type: OS::Heat::RandomString\n properties:\n length: 20", "updated_template_path": "heat_template_version: 2014-10-16\n\ndescription: >\n Test template for create-update-delete-stack scenario in rally.\n The template updates one resource from the stack defined by resource_group.yaml.template\n and adds children resources to that resource.\n\nresources:\n test_group:\n type: OS::Heat::ResourceGroup\n properties:\n count: 3\n resource_def:\n type: OS::Heat::RandomString\n properties:\n length: 20"}
2020-04-13 03:01:05.866 6977 INFO rally.task.runner [-] Task 22777085-68c6-4e80-a742-93cfb69b7998 | ITER: 2 START
2020-04-13 03:01:05.868 6978 INFO rally.task.runner [-] Task 22777085-68c6-4e80-a742-93cfb69b7998 | ITER: 3 START
2020-04-13 03:01:05.870 6979 INFO rally.task.runner [-] Task 22777085-68c6-4e80-a742-93cfb69b7998 | ITER: 4 START
2020-04-13 03:01:09.774 6978 RALLYDEBUG rally.task.utils [-] Waiting for resource . Status changed: CREATE_IN_PROGRESS => CREATE_COMPLETE in 1.1614251136779785
2020-04-13 03:01:09.798 6976 RALLYDEBUG rally.task.utils [-] Waiting for resource . Status changed: CREATE_IN_PROGRESS => CREATE_COMPLETE in 1.1598269939422607
2020-04-13 03:01:09.819 6977 RALLYDEBUG rally.task.utils [-] Waiting for resource . Status changed: CREATE_IN_PROGRESS => CREATE_COMPLETE in 1.1576063632965088
2020-04-13 03:01:09.828 6979 RALLYDEBUG rally.task.utils [-] Waiting for resource . Status changed: CREATE_IN_PROGRESS => CREATE_COMPLETE in 1.161550521850586
2020-04-13 03:01:11.982 6978 RALLYDEBUG rally.task.utils [-] Waiting for resource . Status changed: CREATE_COMPLETE => UPDATE_IN_PROGRESS in 0.08525753021240234
2020-04-13 03:01:12.012 6976 RALLYDEBUG rally.task.utils [-] Waiting for resource . Status changed: CREATE_COMPLETE => UPDATE_IN_PROGRESS in 0.08765268325805664
2020-04-13 03:01:12.039 6977 RALLYDEBUG rally.task.utils [-] Waiting for resource . Status changed: CREATE_COMPLETE => UPDATE_IN_PROGRESS in 0.0870211124420166
2020-04-13 03:01:12.046 6979 RALLYDEBUG rally.task.utils [-] Waiting for resource . Status changed: CREATE_COMPLETE => UPDATE_IN_PROGRESS in 0.08687472343444824
2020-04-13 03:01:14.155 6978 RALLYDEBUG rally.task.utils [-] Waiting for resource . Status changed: UPDATE_IN_PROGRESS => UPDATE_COMPLETE in 2.172933578491211
2020-04-13 03:01:14.215 6977 RALLYDEBUG rally.task.utils [-] Waiting for resource . Status changed: UPDATE_IN_PROGRESS => UPDATE_COMPLETE in 2.1765494346618652
2020-04-13 03:01:14.228 6979 RALLYDEBUG rally.task.utils [-] Waiting for resource . Status changed: UPDATE_IN_PROGRESS => UPDATE_COMPLETE in 2.181689500808716
2020-04-13 03:01:14.245 6976 RALLYDEBUG rally.task.utils [-] Waiting for resource . Status changed: UPDATE_IN_PROGRESS => UPDATE_COMPLETE in 2.233022451400757
2020-04-13 03:01:14.286 6978 RALLYDEBUG rally.task.utils [-] Waiting for resource . Status changed: CREATE_COMPLETE => DELETE_IN_PROGRESS in 0.06195330619812012
2020-04-13 03:01:14.356 6977 RALLYDEBUG rally.task.utils [-] Waiting for resource . Status changed: CREATE_COMPLETE => DELETE_IN_PROGRESS in 0.07222199440002441
2020-04-13 03:01:14.405 6976 RALLYDEBUG rally.task.utils [-] Waiting for resource . Status changed: CREATE_COMPLETE => DELETE_IN_PROGRESS in 0.06865620613098145
2020-04-13 03:01:14.405 6979 RALLYDEBUG rally.task.utils [-] Waiting for resource . Status changed: CREATE_COMPLETE => DELETE_IN_PROGRESS in 0.06951165199279785
2020-04-13 03:01:17.528 6978 INFO rally.task.runner [-] Task 22777085-68c6-4e80-a742-93cfb69b7998 | ITER: 3 END: OK
2020-04-13 03:01:17.533 6978 INFO rally.task.runner [-] Task 22777085-68c6-4e80-a742-93cfb69b7998 | ITER: 5 START
2020-04-13 03:01:17.580 6977 INFO rally.task.runner [-] Task 22777085-68c6-4e80-a742-93cfb69b7998 | ITER: 2 END: OK
2020-04-13 03:01:17.585 6977 INFO rally.task.runner [-] Task 22777085-68c6-4e80-a742-93cfb69b7998 | ITER: 6 START
2020-04-13 03:01:18.691 6979 INFO rally.task.runner [-] Task 22777085-68c6-4e80-a742-93cfb69b7998 | ITER: 4 END: OK
2020-04-13 03:01:18.696 6979 INFO rally.task.runner [-] Task 22777085-68c6-4e80-a742-93cfb69b7998 | ITER: 7 START
2020-04-13 03:01:18.704 6976 INFO rally.task.runner [-] Task 22777085-68c6-4e80-a742-93cfb69b7998 | ITER: 1 END: OK
2020-04-13 03:01:18.708 6976 INFO rally.task.runner [-] Task 22777085-68c6-4e80-a742-93cfb69b7998 | ITER: 8 START
2020-04-13 03:01:21.477 6978 RALLYDEBUG rally.task.utils [-] Waiting for resource . Status changed: CREATE_IN_PROGRESS => CREATE_COMPLETE in 1.1717860698699951
2020-04-13 03:01:21.499 6977 RALLYDEBUG rally.task.utils [-] Waiting for resource . Status changed: CREATE_IN_PROGRESS => CREATE_COMPLETE in 1.1626687049865723
