2020-04-13 02:55:00.484 4037 INFO rally.task.runner [-] Task 8721bc0b-a487-4e95-8756-c06f0378d98d | ITER: 7 END: OK
2020-04-13 02:55:00.488 4037 INFO rally.task.runner [-] Task 8721bc0b-a487-4e95-8756-c06f0378d98d | ITER: 10 START
2020-04-13 02:55:00.498 4036 INFO rally.task.runner [-] Task 8721bc0b-a487-4e95-8756-c06f0378d98d | ITER: 5 END: OK
2020-04-13 02:55:00.626 4039 INFO rally.task.runner [-] Task 8721bc0b-a487-4e95-8756-c06f0378d98d | ITER: 8 END: OK
2020-04-13 02:55:00.641 4038 INFO rally.task.runner [-] Task 8721bc0b-a487-4e95-8756-c06f0378d98d | ITER: 9 END: OK
2020-04-13 02:55:00.655 4037 INFO rally.task.runner [-] Task 8721bc0b-a487-4e95-8756-c06f0378d98d | ITER: 10 END: OK
2020-04-13 02:55:00.674 1333 INFO rally.task.context [-] Task 8721bc0b-a487-4e95-8756-c06f0378d98d | Context admin_cleanup@openstack cleanup() started
2020-04-13 02:55:00.678 1333 RALLYDEBUG rally_openstack.cleanup.manager [-] Cleaning up cinder volume_types objects
2020-04-13 02:55:00.846 1333 RALLYDEBUG rally_openstack.cleanup.manager [-] Cleaning up cinder image_volumes_cache objects
2020-04-13 02:55:01.159 1333 RALLYDEBUG rally_openstack.cleanup.manager [-] Cleaning up cinder quotas objects
2020-04-13 02:55:01.489 1333 RALLYDEBUG rally_openstack.cleanup.manager [-] Cleaning up cinder qos_specs objects
2020-04-13 02:55:01.643 1333 RALLYDEBUG rally_openstack.cleanup.manager [-] Deleting cinder.qos_specs object s_rally_bbfd03e3_XbPgAVkt (d697088a-344a-4887-a7db-947ad3fb154e)
2020-04-13 02:55:01.662 1333 RALLYDEBUG rally_openstack.cleanup.manager [-] Deleting cinder.qos_specs object s_rally_bbfd03e3_bpg9Nne7 (626f37b5-ea34-43a9-b0a2-3796dd819cbb)
2020-04-13 02:55:01.662 1333 RALLYDEBUG rally_openstack.cleanup.manager [-] Deleting cinder.qos_specs object s_rally_bbfd03e3_0trJmves (64fa7237-44c2-4fa1-b4c3-d53ecb6a64b4)
2020-04-13 02:55:01.678 1333 RALLYDEBUG rally_openstack.cleanup.manager [-] Deleting cinder.qos_specs object s_rally_bbfd03e3_nwddM6i8 (be0ac361-11e2-4f7f-ba27-05e18b0b60bd)
2020-04-13 02:55:01.696 1333 RALLYDEBUG rally_openstack.cleanup.manager [-] Deleting cinder.qos_specs object s_rally_bbfd03e3_EdZZ1Hx0 (a7847230-4bfd-48db-91a7-fbb7c7697075)
2020-04-13 02:55:01.707 1333 RALLYDEBUG rally_openstack.cleanup.manager [-] Deleting cinder.qos_specs object s_rally_bbfd03e3_wP4juRLe (9aac505b-b0bc-41e6-bd07-8c68c262a200)
2020-04-13 02:55:01.716 1333 RALLYDEBUG rally_openstack.cleanup.manager [-] Deleting cinder.qos_specs object s_rally_bbfd03e3_uCotiwOs (73657a1c-b3c6-4884-be66-b2e63cd8fd82)
2020-04-13 02:55:01.743 1333 RALLYDEBUG rally_openstack.cleanup.manager [-] Deleting cinder.qos_specs object s_rally_bbfd03e3_8u1zjedg (64b64e66-7e1c-48ef-9235-438c3f4e4ec5)
2020-04-13 02:55:01.757 1333 RALLYDEBUG rally_openstack.cleanup.manager [-] Deleting cinder.qos_specs object s_rally_bbfd03e3_TN3tI07s (0c098f45-8914-4ef9-801f-74d5db729ea9)
2020-04-13 02:55:01.765 1333 RALLYDEBUG rally_openstack.cleanup.manager [-] Deleting cinder.qos_specs object s_rally_bbfd03e3_O2xXkxhW (5dc16f96-2645-4cb6-8164-0af5768b7425)
2020-04-13 02:55:03.144 1333 INFO rally.task.context [-] Task 8721bc0b-a487-4e95-8756-c06f0378d98d | Context admin_cleanup@openstack cleanup() finished in 2.47 sec
2020-04-13 02:55:03.144 1333 INFO rally.task.context [-] Task 8721bc0b-a487-4e95-8756-c06f0378d98d | Context api_versions@openstack cleanup() started
2020-04-13 02:55:03.145 1333 INFO rally.task.context [-] Task 8721bc0b-a487-4e95-8756-c06f0378d98d | Context api_versions@openstack cleanup() finished in 0.41 msec
2020-04-13 02:55:03.145 1333 INFO rally.task.context [-] Task 8721bc0b-a487-4e95-8756-c06f0378d98d | Context users@openstack cleanup() started
2020-04-13 02:55:03.344 1333 WARNING rally.common.logging [-] `iterate_per_tenants()' is deprecated in v3.0.0: it is openstack specific.. Used at
2020-04-13 02:55:06.288 1333 INFO rally.task.context [-] Task 8721bc0b-a487-4e95-8756-c06f0378d98d | Context users@openstack cleanup() finished in 3.14 sec
2020-04-13 02:55:06.448 1333 INFO rally.task.engine [-] Load duration is: 0.583309
2020-04-13 02:55:06.449 1333 INFO rally.task.engine [-] Full runner duration is: 0.624562
2020-04-13 02:55:06.449 1333 INFO rally.task.engine [-] Full duration is: 7.92298
2020-04-13 02:55:06.539 1333 INFO rally.task.engine [-] Running workload: position = 0 config = { "version": 2, "title": "A cropped version of a bigger task.", "description": "Auto-generated task from a single workload (uuid=0155b2af-f47a-4443-bf5f-26661ce55cfd)", "subtasks": [ { "title": "CinderQos.create_and_list_qos", "description": "Create a qos, then list all qos.", "scenario": { "CinderQos.create_and_list_qos": { "consumer": "both", "write_iops_sec": "10", "read_iops_sec": "1000" } }, "contexts": { "users": { "tenants": 3, "users_per_tenant": 2 }, "api_versions": { "cinder": { "version": 3, "service_type": "volumev3" } } }, "runner": { "constant": { "concurrency": 4, "times": 10 } }, "hooks": [], "sla": { "failure_rate": { "max": 0 } } } ] }
2020-04-13 02:55:06.565 1333 RALLYDEBUG rally_openstack.contexts.keystone.users [-] Creating 3 tenants using 3 threads
2020-04-13 02:55:07.085 1333 RALLYDEBUG rally_openstack.contexts.keystone.users [-] Creating 6 users using 6 threads
2020-04-13 02:55:07.987 1333 INFO rally.task.context [-] Task 8721bc0b-a487-4e95-8756-c06f0378d98d | Context users@openstack setup() finished in 1.42 sec
2020-04-13 02:55:08.117 1333 INFO rally.task.context [-] Task 8721bc0b-a487-4e95-8756-c06f0378d98d | Context api_versions@openstack setup() finished in 0.13 sec
2020-04-13 02:55:08.117 1333 INFO rally.task.context [-] Task 8721bc0b-a487-4e95-8756-c06f0378d98d | Context admin_cleanup@openstack setup() finished in 0.01 msec
2020-04-13 02:55:08.127 1333 RALLYDEBUG rally.task.runner [-] Starting the constant runner (task UUID: 8721bc0b-a487-4e95-8756-c06f0378d98d). times: 10 concurrency: 4 timeout: 0 max_cpu_used: 88 processes_to_start: 4 concurrency_per_worker: 1 concurrency_overhead: 0
2020-04-13 02:55:08.138 4189 RALLYDEBUG rally.task.runner [-] Starting a worker. times: 10 duration: None concurrency: 1 timeout: 0 cls: method_name: run args: {"consumer": "both", "write_iops_sec": "10", "read_iops_sec": "1000"}
2020-04-13 02:55:08.141 4190 RALLYDEBUG rally.task.runner [-] Starting a worker. times: 10 duration: None concurrency: 1 timeout: 0 cls: method_name: run args: {"consumer": "both", "write_iops_sec": "10", "read_iops_sec": "1000"}
2020-04-13 02:55:08.143 4191 RALLYDEBUG rally.task.runner [-] Starting a worker. times: 10 duration: None concurrency: 1 timeout: 0 cls: method_name: run args: {"consumer": "both", "write_iops_sec": "10", "read_iops_sec": "1000"}
2020-04-13 02:55:08.146 4189 INFO rally.task.runner [-] Task 8721bc0b-a487-4e95-8756-c06f0378d98d | ITER: 1 START
2020-04-13 02:55:08.146 4192 RALLYDEBUG rally.task.runner [-] Starting a worker. times: 10 duration: None concurrency: 1 timeout: 0 cls: method_name: run args: {"consumer": "both", "write_iops_sec": "10", "read_iops_sec": "1000"}
2020-04-13 02:55:08.148 4190 INFO rally.task.runner [-] Task 8721bc0b-a487-4e95-8756-c06f0378d98d | ITER: 2 START
2020-04-13 02:55:08.150 4191 INFO rally.task.runner [-] Task 8721bc0b-a487-4e95-8756-c06f0378d98d | ITER: 3 START
2020-04-13 02:55:08.153 4192 INFO rally.task.runner [-] Task 8721bc0b-a487-4e95-8756-c06f0378d98d | ITER: 4 START
2020-04-13 02:55:08.375 4189 INFO rally.task.runner [-] Task 8721bc0b-a487-4e95-8756-c06f0378d98d | ITER: 1 END: OK
2020-04-13 02:55:08.380 4189 INFO rally.task.runner [-] Task 8721bc0b-a487-4e95-8756-c06f0378d98d | ITER: 5 START
2020-04-13 02:55:08.387 4192 INFO rally.task.runner [-] Task 8721bc0b-a487-4e95-8756-c06f0378d98d | ITER: 4 END: OK
2020-04-13 02:55:08.392 4192 INFO rally.task.runner [-] Task 8721bc0b-a487-4e95-8756-c06f0378d98d | ITER: 6 START
2020-04-13 02:55:08.397 4191 INFO rally.task.runner [-] Task 8721bc0b-a487-4e95-8756-c06f0378d98d | ITER: 3 END: OK
2020-04-13 02:55:08.398 4190 INFO rally.task.runner [-] Task 8721bc0b-a487-4e95-8756-c06f0378d98d | ITER: 2 END: OK
2020-04-13 02:55:08.403 4191 INFO rally.task.runner [-] Task 8721bc0b-a487-4e95-8756-c06f0378d98d | ITER: 7 START
2020-04-13 02:55:08.403 4190 INFO rally.task.runner [-] Task 8721bc0b-a487-4e95-8756-c06f0378d98d | ITER: 8 START
2020-04-13 02:55:08.569 4192 INFO rally.task.runner [-] Task 8721bc0b-a487-4e95-8756-c06f0378d98d | ITER: 6 END: OK
2020-04-13 02:55:08.574 4192 INFO rally.task.runner [-] Task 8721bc0b-a487-4e95-8756-c06f0378d98d | ITER: 9 START
2020-04-13 02:55:08.577 4189 INFO rally.task.runner [-] Task 8721bc0b-a487-4e95-8756-c06f0378d98d | ITER: 5 END: OK
2020-04-13 02:55:08.581 4189 INFO rally.task.runner [-] Task 8721bc0b-a487-4e95-8756-c06f0378d98d | ITER: 10 START
2020-04-13 02:55:08.583 4190 INFO rally.task.runner [-] Task 8721bc0b-a487-4e95-8756-c06f0378d98d | ITER: 8 END: OK
2020-04-13 02:55:08.590 4191 INFO rally.task.runner [-] Task 8721bc0b-a487-4e95-8756-c06f0378d98d | ITER: 7 END: OK
2020-04-13 02:55:08.758 4192 INFO rally.task.runner [-] Task 8721bc0b-a487-4e95-8756-c06f0378d98d | ITER: 9 END: OK
2020-04-13 02:55:08.767 4189 INFO rally.task.runner [-] Task 8721bc0b-a487-4e95-8756-c06f0378d98d | ITER: 10 END: OK
2020-04-13 02:55:08.792 1333 INFO rally.task.context [-] Task 8721bc0b-a487-4e95-8756-c06f0378d98d | Context admin_cleanup@openstack cleanup() started
2020-04-13 02:55:08.797 1333 RALLYDEBUG rally_openstack.cleanup.manager [-] Cleaning up cinder volume_types objects
2020-04-13 02:55:08.960 1333 RALLYDEBUG rally_openstack.cleanup.manager [-] Cleaning up cinder image_volumes_cache objects
2020-04-13 02:55:09.280 1333 RALLYDEBUG rally_openstack.cleanup.manager [-] Cleaning up cinder quotas objects
2020-04-13 02:55:09.622 1333 RALLYDEBUG rally_openstack.cleanup.manager [-] Cleaning up cinder qos_specs objects
2020-04-13 02:55:09.787 1333 RALLYDEBUG rally_openstack.cleanup.manager [-] Deleting cinder.qos_specs object s_rally_0155b2af_zb2nEO0o (bcd817b5-97e3-4d81-8e39-44c12bd0aff5)
2020-04-13 02:55:09.787 1333 RALLYDEBUG rally_openstack.cleanup.manager [-] Deleting cinder.qos_specs object s_rally_0155b2af_6J1UXN2f (ee8735de-79d9-4a47-9517-26f4725c0cd4)
2020-04-13 02:55:09.787 1333 RALLYDEBUG rally_openstack.cleanup.manager [-] Deleting cinder.qos_specs object s_rally_0155b2af_cTbMREEV (d4ae5b12-b29a-4908-9322-090d8f4f376f)
2020-04-13 02:55:09.804 1333 RALLYDEBUG rally_openstack.cleanup.manager [-] Deleting cinder.qos_specs object s_rally_0155b2af_cSmlwgrv (4ae045f2-06dc-4724-908e-437002a64e84)
2020-04-13 02:55:09.801 1333 RALLYDEBUG rally_openstack.cleanup.manager [-] Deleting cinder.qos_specs object s_rally_0155b2af_5O7ng7eG (787c2b33-de86-4c1e-b7a7-8f40265ad83b)
2020-04-13 02:55:09.835 1333 RALLYDEBUG rally_openstack.cleanup.manager [-] Deleting cinder.qos_specs object s_rally_0155b2af_9yhcCNk8 (b7f7f7bf-dc5b-49c9-bd45-36243edf5e0a)
2020-04-13 02:55:09.829 1333 RALLYDEBUG rally_openstack.cleanup.manager [-] Deleting cinder.qos_specs object s_rally_0155b2af_nl0hnNI1 (13e48aac-51f8-499e-9006-3a29c4c8f919)
2020-04-13 02:55:09.850 1333 RALLYDEBUG rally_openstack.cleanup.manager [-] Deleting cinder.qos_specs object s_rally_0155b2af_7zPybtty (9b8ee4dd-a507-459f-9a24-b3f7ec5c7094)
2020-04-13 02:55:09.872 1333 RALLYDEBUG rally_openstack.cleanup.manager [-] Deleting cinder.qos_specs object s_rally_0155b2af_PkF2q9zY (017fc3bc-663a-46dd-b368-1063c93211d1)
2020-04-13 02:55:09.873 1333 RALLYDEBUG rally_openstack.cleanup.manager [-] Deleting cinder.qos_specs object s_rally_0155b2af_dpbzDlfO (1101a534-3bb0-41a0-9ec4-dad8199aae55)
2020-04-13 02:55:11.258 1333 INFO rally.task.context [-] Task 8721bc0b-a487-4e95-8756-c06f0378d98d | Context admin_cleanup@openstack cleanup() finished in 2.47 sec
2020-04-13 02:55:11.258 1333 INFO rally.task.context [-] Task 8721bc0b-a487-4e95-8756-c06f0378d98d | Context api_versions@openstack cleanup() started
2020-04-13 02:55:11.259 1333 INFO rally.task.context [-] Task 8721bc0b-a487-4e95-8756-c06f0378d98d | Context api_versions@openstack cleanup() finished in 0.40 msec
2020-04-13 02:55:11.259 1333 INFO rally.task.context [-] Task 8721bc0b-a487-4e95-8756-c06f0378d98d | Context users@openstack cleanup() started
2020-04-13 02:55:11.449 1333 WARNING rally.common.logging [-] `iterate_per_tenants()' is deprecated in v3.0.0: it is openstack specific.. Used at
2020-04-13 02:55:13.907 1333 INFO rally.task.context [-] Task 8721bc0b-a487-4e95-8756-c06f0378d98d | Context users@openstack cleanup() finished in 2.65 sec
2020-04-13 02:55:14.635 1333 INFO rally.task.engine [-] Load duration is: 0.616681
2020-04-13 02:55:14.635 1333 INFO rally.task.engine [-] Full runner duration is: 0.665865
2020-04-13 02:55:14.636 1333 INFO rally.task.engine [-] Full duration is: 7.346052
2020-04-13 02:55:14.723 1333 INFO rally.task.engine [-] Running workload: position = 0 config = { "version": 2, "title": "A cropped version of a bigger task.", "description": "Auto-generated task from a single workload (uuid=2af949bf-57ac-4271-afd4-72a1bde221f9)", "subtasks": [ { "title": "CinderQos.create_and_set_qos", "description": "Create a qos, then Add/Update keys in qos specs.", "scenario": { "CinderQos.create_and_set_qos": { "consumer": "back-end", "write_iops_sec": "10", "read_iops_sec": "1000", "set_consumer": "both", "set_write_iops_sec": "11", "set_read_iops_sec": "1001" } }, "contexts": { "users": { "tenants": 3, "users_per_tenant": 2 }, "api_versions": { "cinder": { "version": 3, "service_type": "volumev3" } } }, "runner": { "constant": { "concurrency": 4, "times": 10 } }, "hooks": [], "sla": { "failure_rate": { "max": 0 } } } ] }
2020-04-13 02:55:14.743 1333 RALLYDEBUG rally_openstack.contexts.keystone.users [-] Creating 3 tenants using 3 threads
2020-04-13 02:55:15.205 1333 RALLYDEBUG rally_openstack.contexts.keystone.users [-] Creating 6 users using 6 threads
2020-04-13 02:55:16.171 1333 INFO rally.task.context [-] Task 8721bc0b-a487-4e95-8756-c06f0378d98d | Context users@openstack setup() finished in 1.43 sec
2020-04-13 02:55:16.311 1333 INFO rally.task.context [-] Task 8721bc0b-a487-4e95-8756-c06f0378d98d | Context api_versions@openstack setup() finished in 0.14 sec
2020-04-13 02:55:16.311 1333 INFO rally.task.context [-] Task 8721bc0b-a487-4e95-8756-c06f0378d98d | Context admin_cleanup@openstack setup() finished in 0.01 msec
2020-04-13 02:55:16.320 1333 RALLYDEBUG rally.task.runner [-] Starting the constant runner (task UUID: 8721bc0b-a487-4e95-8756-c06f0378d98d). times: 10 concurrency: 4 timeout: 0 max_cpu_used: 88 processes_to_start: 4 concurrency_per_worker: 1 concurrency_overhead: 0
2020-04-13 02:55:16.332 4342 RALLYDEBUG rally.task.runner [-] Starting a worker. times: 10 duration: None concurrency: 1 timeout: 0 cls: method_name: run args: {"consumer": "back-end", "write_iops_sec": "10", "read_iops_sec": "1000", "set_consumer": "both", "set_write_iops_sec": "11", "set_read_iops_sec": "1001"}
2020-04-13 02:55:16.335 4343 RALLYDEBUG rally.task.runner [-] Starting a worker. times: 10 duration: None concurrency: 1 timeout: 0 cls: method_name: run args: {"consumer": "back-end", "write_iops_sec": "10", "read_iops_sec": "1000", "set_consumer": "both", "set_write_iops_sec": "11", "set_read_iops_sec": "1001"}
2020-04-13 02:55:16.338 4344 RALLYDEBUG rally.task.runner [-] Starting a worker. times: 10 duration: None concurrency: 1 timeout: 0 cls: method_name: run args: {"consumer": "back-end", "write_iops_sec": "10", "read_iops_sec": "1000", "set_consumer": "both", "set_write_iops_sec": "11", "set_read_iops_sec": "1001"}
2020-04-13 02:55:16.340 4342 INFO rally.task.runner [-] Task 8721bc0b-a487-4e95-8756-c06f0378d98d | ITER: 1 START
2020-04-13 02:55:16.340 4345 RALLYDEBUG rally.task.runner [-] Starting a worker. times: 10 duration: None concurrency: 1 timeout: 0 cls: method_name: run args: {"consumer": "back-end", "write_iops_sec": "10", "read_iops_sec": "1000", "set_consumer": "both", "set_write_iops_sec": "11", "set_read_iops_sec": "1001"}
2020-04-13 02:55:16.342 4343 INFO rally.task.runner [-] Task 8721bc0b-a487-4e95-8756-c06f0378d98d | ITER: 2 START
2020-04-13 02:55:16.345 4344 INFO rally.task.runner [-] Task 8721bc0b-a487-4e95-8756-c06f0378d98d | ITER: 3 START
2020-04-13 02:55:16.348 4345 INFO rally.task.runner [-] Task 8721bc0b-a487-4e95-8756-c06f0378d98d | ITER: 4 START
2020-04-13 02:55:16.589 4344 INFO rally.task.runner [-] Task 8721bc0b-a487-4e95-8756-c06f0378d98d | ITER: 3 END: OK
2020-04-13 02:55:16.594 4344 INFO rally.task.runner [-] Task 8721bc0b-a487-4e95-8756-c06f0378d98d | ITER: 5 START
2020-04-13 02:55:16.599 4343 INFO rally.task.runner [-] Task 8721bc0b-a487-4e95-8756-c06f0378d98d | ITER: 2 END: OK
2020-04-13 02:55:16.604 4343 INFO rally.task.runner [-] Task 8721bc0b-a487-4e95-8756-c06f0378d98d | ITER: 6 START
2020-04-13 02:55:16.607 4342 INFO rally.task.runner [-] Task 8721bc0b-a487-4e95-8756-c06f0378d98d | ITER: 1 END: OK
2020-04-13 02:55:16.612 4342 INFO rally.task.runner [-] Task 8721bc0b-a487-4e95-8756-c06f0378d98d | ITER: 7 START
2020-04-13 02:55:16.618 4345 INFO rally.task.runner [-] Task 8721bc0b-a487-4e95-8756-c06f0378d98d | ITER: 4 END: OK
2020-04-13 02:55:16.623 4345 INFO rally.task.runner [-] Task 8721bc0b-a487-4e95-8756-c06f0378d98d | ITER: 8 START
2020-04-13 02:55:16.799 4344 INFO rally.task.runner [-] Task 8721bc0b-a487-4e95-8756-c06f0378d98d | ITER: 5 END: OK
2020-04-13 02:55:16.804 4344 INFO rally.task.runner [-] Task 8721bc0b-a487-4e95-8756-c06f0378d98d | ITER: 9 START
2020-04-13 02:55:16.807 4343 INFO rally.task.runner [-] Task 8721bc0b-a487-4e95-8756-c06f0378d98d | ITER: 6 END: OK
2020-04-13 02:55:16.811 4343 INFO rally.task.runner [-] Task 8721bc0b-a487-4e95-8756-c06f0378d98d | ITER: 10 START
2020-04-13 02:55:16.820 4345 INFO rally.task.runner [-] Task 8721bc0b-a487-4e95-8756-c06f0378d98d | ITER: 8 END: OK
2020-04-13 02:55:16.829 4342 INFO rally.task.runner [-] Task 8721bc0b-a487-4e95-8756-c06f0378d98d | ITER: 7 END: OK
2020-04-13 02:55:17.012 4344 INFO rally.task.runner [-] Task 8721bc0b-a487-4e95-8756-c06f0378d98d | ITER: 9 END: OK
2020-04-13 02:55:17.032 4343 INFO rally.task.runner [-] Task 8721bc0b-a487-4e95-8756-c06f0378d98d | ITER: 10 END: OK
2020-04-13 02:55:17.060 1333 INFO rally.task.context [-] Task 8721bc0b-a487-4e95-8756-c06f0378d98d | Context admin_cleanup@openstack cleanup() started
2020-04-13 02:55:17.063 1333 RALLYDEBUG rally_openstack.cleanup.manager [-] Cleaning up cinder volume_types objects
2020-04-13 02:55:17.237 1333 RALLYDEBUG rally_openstack.cleanup.manager [-] Cleaning up cinder image_volumes_cache objects
2020-04-13 02:55:17.563 1333 RALLYDEBUG rally_openstack.cleanup.manager [-] Cleaning up cinder quotas objects
2020-04-13 02:55:17.946 1333 RALLYDEBUG rally_openstack.cleanup.manager [-] Cleaning up cinder qos_specs objects
2020-04-13 02:55:18.163 1333 RALLYDEBUG rally_openstack.cleanup.manager [-] Deleting cinder.qos_specs object s_rally_2af949bf_q3lzqzxa (9f8a3947-6aa4-4fbb-bf23-6e7c99b86374)
2020-04-13 02:55:18.166 1333 RALLYDEBUG rally_openstack.cleanup.manager [-] Deleting cinder.qos_specs object s_rally_2af949bf_FJzIg1GG (4d633ed7-139c-4b6d-a06f-56a1e20c514d)
2020-04-13 02:55:18.167 1333 RALLYDEBUG rally_openstack.cleanup.manager [-] Deleting cinder.qos_specs object s_rally_2af949bf_aQpBgccg (9a09a43c-58e1-478c-b401-1dd1e6bd1218)
2020-04-13 02:55:18.167 1333 RALLYDEBUG rally_openstack.cleanup.manager [-] Deleting cinder.qos_specs object s_rally_2af949bf_urmWfnfo (972056df-4746-479d-871b-418a991f0f79)
2020-04-13 02:55:18.170 1333 RALLYDEBUG rally_openstack.cleanup.manager [-] Deleting cinder.qos_specs object s_rally_2af949bf_z28mc9qs (a8df62d9-5cea-41cd-9d51-085f97b4a985)
2020-04-13 02:55:18.179 1333 RALLYDEBUG rally_openstack.cleanup.manager [-] Deleting cinder.qos_specs object s_rally_2af949bf_xM6akwsF (33f4d849-e57d-4fcd-9bbf-47d4426b28a8)
2020-04-13 02:55:18.161 1333 RALLYDEBUG rally_openstack.cleanup.manager [-] Deleting cinder.qos_specs object s_rally_2af949bf_5jxr9oM7 (419b27bd-9f5b-4d5e-a219-0910032c89d6)
2020-04-13 02:55:18.208 1333 RALLYDEBUG rally_openstack.cleanup.manager [-] Deleting cinder.qos_specs object s_rally_2af949bf_cEzQQ90V (300d0c94-8884-400d-bc33-54399f3976e8)
2020-04-13 02:55:18.213 1333 RALLYDEBUG rally_openstack.cleanup.manager [-] Deleting cinder.qos_specs object s_rally_2af949bf_tkEZ5pPq (069623d6-e3fe-4a68-8592-aa4706097459)
2020-04-13 02:55:18.213 1333 RALLYDEBUG rally_openstack.cleanup.manager [-] Deleting cinder.qos_specs object s_rally_2af949bf_srPgTtEz (2a0d03e4-2642-4787-9e8d-fa07cb02c1d0)
2020-04-13 02:55:19.636 1333 INFO rally.task.context [-] Task 8721bc0b-a487-4e95-8756-c06f0378d98d | Context admin_cleanup@openstack cleanup() finished in 2.58 sec
2020-04-13 02:55:19.637 1333 INFO rally.task.context [-] Task 8721bc0b-a487-4e95-8756-c06f0378d98d | Context api_versions@openstack cleanup() started
2020-04-13 02:55:19.637 1333 INFO rally.task.context [-] Task 8721bc0b-a487-4e95-8756-c06f0378d98d | Context api_versions@openstack cleanup() finished in 0.40 msec
2020-04-13 02:55:19.638 1333 INFO rally.task.context [-] Task 8721bc0b-a487-4e95-8756-c06f0378d98d | Context users@openstack cleanup() started
2020-04-13 02:55:19.840 1333 WARNING rally.common.logging [-] `iterate_per_tenants()' is deprecated in v3.0.0: it is openstack specific.. Used at
2020-04-13 02:55:22.765 1333 INFO rally.task.context [-] Task 8721bc0b-a487-4e95-8756-c06f0378d98d | Context users@openstack cleanup() finished in 3.13 sec
2020-04-13 02:55:22.850 1333 INFO rally.task.engine [-] Load duration is: 0.687931
2020-04-13 02:55:22.851 1333 INFO rally.task.engine [-] Full runner duration is: 0.740416
2020-04-13 02:55:22.851 1333 INFO rally.task.engine [-] Full duration is: 8.024711
2020-04-13 02:55:22.953 1333 INFO rally.task.engine [-] Running workload: position = 0 config = { "version": 2, "title": "A cropped version of a bigger task.", "description": "Auto-generated task from a single workload (uuid=4a37024e-a2eb-4eae-9335-1625c7b5a730)", "subtasks": [ { "title": "CinderVolumeTypes.create_and_get_volume_type", "description": "Create a volume Type, then get the details of the type.", "scenario": { "CinderVolumeTypes.create_and_get_volume_type": { "description": "rally tests creating types" } }, "contexts": { "users": { "tenants": 3, "users_per_tenant": 2 }, "api_versions": { "cinder": { "version": 3, "service_type": "volumev3" } } }, "runner": { "constant": { "concurrency": 4, "times": 10 } }, "hooks": [], "sla": { "failure_rate": { "max": 0 } } } ] }
2020-04-13 02:55:22.975 1333 RALLYDEBUG rally_openstack.contexts.keystone.users [-] Creating 3 tenants using 3 threads
2020-04-13 02:55:23.466 1333 RALLYDEBUG rally_openstack.contexts.keystone.users [-] Creating 6 users using 6 threads
2020-04-13 02:55:24.504 1333 INFO rally.task.context [-] Task 8721bc0b-a487-4e95-8756-c06f0378d98d | Context users@openstack setup() finished in 1.53 sec
2020-04-13 02:55:24.656 1333 INFO rally.task.context [-] Task 8721bc0b-a487-4e95-8756-c06f0378d98d | Context api_versions@openstack setup() finished in 0.15 sec
2020-04-13 02:55:24.657 1333 INFO rally.task.context [-] Task 8721bc0b-a487-4e95-8756-c06f0378d98d | Context admin_cleanup@openstack setup() finished in 0.02 msec
2020-04-13 02:55:24.668 1333 RALLYDEBUG rally.task.runner [-] Starting the constant runner (task UUID: 8721bc0b-a487-4e95-8756-c06f0378d98d). times: 10 concurrency: 4 timeout: 0 max_cpu_used: 88 processes_to_start: 4 concurrency_per_worker: 1 concurrency_overhead: 0
2020-04-13 02:55:24.679 4495 RALLYDEBUG rally.task.runner [-] Starting a worker. times: 10 duration: None concurrency: 1 timeout: 0 cls: method_name: run args: {"description": "rally tests creating types"}
2020-04-13 02:55:24.682 4496 RALLYDEBUG rally.task.runner [-] Starting a worker. times: 10 duration: None concurrency: 1 timeout: 0 cls: method_name: run args: {"description": "rally tests creating types"}
2020-04-13 02:55:24.685 4495 INFO rally.task.runner [-] Task 8721bc0b-a487-4e95-8756-c06f0378d98d | ITER: 1 START
2020-04-13 02:55:24.686 4497 RALLYDEBUG rally.task.runner [-] Starting a worker. times: 10 duration: None concurrency: 1 timeout: 0 cls: method_name: run args: {"description": "rally tests creating types"}
2020-04-13 02:55:24.687 4498 RALLYDEBUG rally.task.runner [-] Starting a worker. times: 10 duration: None concurrency: 1 timeout: 0 cls: method_name: run args: {"description": "rally tests creating types"}
2020-04-13 02:55:24.690 4496 INFO rally.task.runner [-] Task 8721bc0b-a487-4e95-8756-c06f0378d98d | ITER: 2 START
2020-04-13 02:55:24.693 4497 INFO rally.task.runner [-] Task 8721bc0b-a487-4e95-8756-c06f0378d98d | ITER: 3 START
2020-04-13 02:55:24.694 4498 INFO rally.task.runner [-] Task 8721bc0b-a487-4e95-8756-c06f0378d98d | ITER: 4 START
2020-04-13 02:55:24.939 4496 INFO rally.task.runner [-] Task 8721bc0b-a487-4e95-8756-c06f0378d98d | ITER: 2 END: OK
2020-04-13 02:55:24.943 4496 INFO rally.task.runner [-] Task 8721bc0b-a487-4e95-8756-c06f0378d98d | ITER: 5 START
2020-04-13 02:55:24.946 4495 INFO rally.task.runner [-] Task 8721bc0b-a487-4e95-8756-c06f0378d98d | ITER: 1 END: OK
2020-04-13 02:55:24.950 4498 INFO rally.task.runner [-] Task 8721bc0b-a487-4e95-8756-c06f0378d98d | ITER: 4 END: OK
2020-04-13 02:55:24.951 4495 INFO rally.task.runner [-] Task 8721bc0b-a487-4e95-8756-c06f0378d98d | ITER: 6 START
2020-04-13 02:55:24.954 4498 INFO rally.task.runner [-] Task 8721bc0b-a487-4e95-8756-c06f0378d98d | ITER: 7 START
2020-04-13 02:55:24.962 4497 INFO rally.task.runner [-] Task 8721bc0b-a487-4e95-8756-c06f0378d98d | ITER: 3 END: OK
2020-04-13 02:55:24.968 4497 INFO rally.task.runner [-] Task 8721bc0b-a487-4e95-8756-c06f0378d98d | ITER: 8 START
2020-04-13 02:55:25.172 4495 INFO rally.task.runner [-] Task 8721bc0b-a487-4e95-8756-c06f0378d98d | ITER: 6 END: OK
2020-04-13 02:55:25.176 4496 INFO rally.task.runner [-] Task 8721bc0b-a487-4e95-8756-c06f0378d98d | ITER: 5 END: OK
2020-04-13 02:55:25.177 4495 INFO rally.task.runner [-] Task 8721bc0b-a487-4e95-8756-c06f0378d98d | ITER: 9 START
2020-04-13 02:55:25.177 4498 INFO rally.task.runner [-] Task 8721bc0b-a487-4e95-8756-c06f0378d98d | ITER: 7 END: OK
2020-04-13 02:55:25.180 4496 INFO rally.task.runner [-] Task 8721bc0b-a487-4e95-8756-c06f0378d98d | ITER: 10 START
2020-04-13 02:55:25.188 4497 INFO rally.task.runner [-] Task 8721bc0b-a487-4e95-8756-c06f0378d98d | ITER: 8 END: OK
2020-04-13 02:55:25.375 4496 INFO rally.task.runner [-] Task 8721bc0b-a487-4e95-8756-c06f0378d98d | ITER: 10 END: OK
2020-04-13 02:55:25.385 4495 INFO rally.task.runner [-] Task 8721bc0b-a487-4e95-8756-c06f0378d98d | ITER: 9 END: OK
2020-04-13 02:55:25.410 1333 INFO rally.task.context [-] Task 8721bc0b-a487-4e95-8756-c06f0378d98d | Context admin_cleanup@openstack cleanup() started
2020-04-13 02:55:25.415 1333 RALLYDEBUG rally_openstack.cleanup.manager [-] Cleaning up cinder volume_types objects
2020-04-13 02:55:25.587 1333 RALLYDEBUG rally_openstack.cleanup.manager [-] Deleting cinder.volume_types object s_rally_4a37024e_CK6HCyAY (965a58c3-b36e-4aa8-92e9-c66082e23e6a)
2020-04-13 02:55:25.594 1333 RALLYDEBUG rally_openstack.cleanup.manager [-] Deleting cinder.volume_types object s_rally_4a37024e_Sc2qLDZR (84b7df81-7607-46ef-abcd-84ab7c288b83)
2020-04-13 02:55:25.597 1333 RALLYDEBUG rally_openstack.cleanup.manager [-] Deleting cinder.volume_types object s_rally_4a37024e_Rm9Oo61c (ceac6dcd-7b75-4b6f-9c33-1bbb1b52c54f)
2020-04-13 02:55:25.599 1333 RALLYDEBUG rally_openstack.cleanup.manager [-] Deleting cinder.volume_types object s_rally_4a37024e_vpVa9E04 (9271574a-5f70-4d70-95b6-d344f9de00cc)
2020-04-13 02:55:25.616 1333 RALLYDEBUG rally_openstack.cleanup.manager [-] Deleting cinder.volume_types object s_rally_4a37024e_wm8dzuDN (78bdfae5-9cd9-4908-a5ae-428664f9c433)
2020-04-13 02:55:25.626 1333 RALLYDEBUG rally_openstack.cleanup.manager [-] Deleting cinder.volume_types object s_rally_4a37024e_FV5zS7TH (3a7ae20e-ad47-46cb-94c7-8a1f7de60859)
2020-04-13 02:55:25.650 1333 RALLYDEBUG rally_openstack.cleanup.manager [-] Deleting cinder.volume_types object s_rally_4a37024e_PPQe4jt1 (35378f89-5532-40be-a749-001ff674dc0e)
2020-04-13 02:55:25.656 1333 RALLYDEBUG rally_openstack.cleanup.manager [-] Deleting cinder.volume_types object s_rally_4a37024e_LkqkSTYa (2312e459-8c72-4b9f-8901-e54d99cd3df6)
2020-04-13 02:55:25.667 1333 RALLYDEBUG rally_openstack.cleanup.manager [-] Deleting cinder.volume_types object s_rally_4a37024e_LzUpYwfy (37b5ee4d-5e2c-49e8-b69f-b4062db8eb8e)
2020-04-13 02:55:25.674 1333 RALLYDEBUG rally_openstack.cleanup.manager [-] Deleting cinder.volume_types object s_rally_4a37024e_NZAmDj9g (0759c851-dcd6-4835-a787-c6e168ce6d3e)
2020-04-13 02:55:27.092 1333 RALLYDEBUG rally_openstack.cleanup.manager [-] Cleaning up cinder image_volumes_cache objects
2020-04-13 02:55:27.415 1333 RALLYDEBUG rally_openstack.cleanup.manager [-] Cleaning up cinder quotas objects
2020-04-13 02:55:27.739 1333 RALLYDEBUG rally_openstack.cleanup.manager [-] Cleaning up cinder qos_specs objects
2020-04-13 02:55:27.898 1333 INFO rally.task.context [-] Task 8721bc0b-a487-4e95-8756-c06f0378d98d | Context admin_cleanup@openstack cleanup() finished in 2.49 sec
2020-04-13 02:55:27.898 1333 INFO rally.task.context [-] Task 8721bc0b-a487-4e95-8756-c06f0378d98d | Context api_versions@openstack cleanup() started
2020-04-13 02:55:27.899 1333 INFO rally.task.context [-] Task 8721bc0b-a487-4e95-8756-c06f0378d98d | Context api_versions@openstack cleanup() finished in 0.37 msec
2020-04-13 02:55:27.899 1333 INFO rally.task.context [-] Task 8721bc0b-a487-4e95-8756-c06f0378d98d | Context users@openstack cleanup() started
2020-04-13 02:55:28.092 1333 WARNING rally.common.logging [-] `iterate_per_tenants()' is deprecated in v3.0.0: it is openstack specific.. Used at
2020-04-13 02:55:30.511 1333 INFO rally.task.context [-] Task 8721bc0b-a487-4e95-8756-c06f0378d98d | Context users@openstack cleanup() finished in 2.61 sec
2020-04-13 02:55:31.059 1333 INFO rally.task.engine [-] Load duration is: 0.695154
2020-04-13 02:55:31.060 1333 INFO rally.task.engine [-] Full runner duration is: 0.742994
2020-04-13 02:55:31.060 1333 INFO rally.task.engine [-] Full duration is: 7.539268
2020-04-13 02:55:31.151 1333 INFO rally.task.engine [-] Running workload: position = 0 config = { "version": 2, "title": "A cropped version of a bigger task.", "description": "Auto-generated task from a single workload (uuid=2147b7c3-197e-4de9-a276-96bfde2bee57)", "subtasks": [ { "title": "CinderVolumeTypes.create_and_list_volume_types", "description": "Create a volume Type, then list all types.", "scenario": { "CinderVolumeTypes.create_and_list_volume_types": { "description": "rally tests creating types" } }, "contexts": { "users": { "tenants": 3, "users_per_tenant": 2 }, "api_versions": { "cinder": { "version": 3, "service_type": "volumev3" } } }, "runner": { "constant": { "concurrency": 4, "times": 10 } }, "hooks": [], "sla": { "failure_rate": { "max": 0 } } } ] }
2020-04-13 02:55:31.171 1333 RALLYDEBUG rally_openstack.contexts.keystone.users [-] Creating 3 tenants using 3 threads
2020-04-13 02:55:31.674 1333 RALLYDEBUG rally_openstack.contexts.keystone.users [-] Creating 6 users using 6 threads
2020-04-13 02:55:32.660 1333 INFO rally.task.context [-] Task 8721bc0b-a487-4e95-8756-c06f0378d98d | Context users@openstack setup() finished in 1.49 sec
2020-04-13 02:55:32.789 1333 INFO rally.task.context [-] Task 8721bc0b-a487-4e95-8756-c06f0378d98d | Context api_versions@openstack setup() finished in 0.13 sec
2020-04-13 02:55:32.790 1333 INFO rally.task.context [-] Task 8721bc0b-a487-4e95-8756-c06f0378d98d | Context admin_cleanup@openstack setup() finished in 0.00 msec
2020-04-13 02:55:32.796 1333 RALLYDEBUG rally.task.runner [-] Starting the constant runner (task UUID: 8721bc0b-a487-4e95-8756-c06f0378d98d). times: 10 concurrency: 4 timeout: 0 max_cpu_used: 88 processes_to_start: 4 concurrency_per_worker: 1 concurrency_overhead: 0
2020-04-13 02:55:32.807 4648 RALLYDEBUG rally.task.runner [-] Starting a worker. times: 10 duration: None concurrency: 1 timeout: 0 cls: method_name: run args: {"description": "rally tests creating types"}
2020-04-13 02:55:32.810 4649 RALLYDEBUG rally.task.runner [-] Starting a worker. times: 10 duration: None concurrency: 1 timeout: 0 cls: method_name: run args: {"description": "rally tests creating types"}
2020-04-13 02:55:32.812 4650 RALLYDEBUG rally.task.runner [-] Starting a worker. times: 10 duration: None concurrency: 1 timeout: 0 cls: method_name: run args: {"description": "rally tests creating types"}
2020-04-13 02:55:32.814 4648 INFO rally.task.runner [-] Task 8721bc0b-a487-4e95-8756-c06f0378d98d | ITER: 1 START
2020-04-13 02:55:32.815 4651 RALLYDEBUG rally.task.runner [-] Starting a worker. times: 10 duration: None concurrency: 1 timeout: 0 cls: method_name: run args: {"description": "rally tests creating types"}
2020-04-13 02:55:32.816 4649 INFO rally.task.runner [-] Task 8721bc0b-a487-4e95-8756-c06f0378d98d | ITER: 2 START
2020-04-13 02:55:32.819 4650 INFO rally.task.runner [-] Task 8721bc0b-a487-4e95-8756-c06f0378d98d | ITER: 3 START
2020-04-13 02:55:32.822 4651 INFO rally.task.runner [-] Task 8721bc0b-a487-4e95-8756-c06f0378d98d | ITER: 4 START
2020-04-13 02:55:33.057 4649 INFO rally.task.runner [-] Task 8721bc0b-a487-4e95-8756-c06f0378d98d | ITER: 2 END: OK
2020-04-13 02:55:33.063 4649 INFO rally.task.runner [-] Task 8721bc0b-a487-4e95-8756-c06f0378d98d | ITER: 5 START
2020-04-13 02:55:33.073 4648 INFO rally.task.runner [-] Task 8721bc0b-a487-4e95-8756-c06f0378d98d | ITER: 1 END: OK
2020-04-13 02:55:33.074 4651 INFO rally.task.runner [-] Task 8721bc0b-a487-4e95-8756-c06f0378d98d | ITER: 4 END: OK
2020-04-13 02:55:33.079 4648 INFO rally.task.runner [-] Task 8721bc0b-a487-4e95-8756-c06f0378d98d | ITER: 6 START
2020-04-13 02:55:33.079 4651 INFO rally.task.runner [-] Task 8721bc0b-a487-4e95-8756-c06f0378d98d | ITER: 7 START
2020-04-13 02:55:33.096 4650 INFO rally.task.runner [-] Task 8721bc0b-a487-4e95-8756-c06f0378d98d | ITER: 3 END: OK
2020-04-13 02:55:33.100 4650 INFO rally.task.runner [-] Task 8721bc0b-a487-4e95-8756-c06f0378d98d | ITER: 8 START
2020-04-13 02:55:33.276 4648 INFO rally.task.runner [-] Task 8721bc0b-a487-4e95-8756-c06f0378d98d | ITER: 6 END: OK
2020-04-13 02:55:33.281 4648 INFO rally.task.runner [-] Task 8721bc0b-a487-4e95-8756-c06f0378d98d | ITER: 9 START
2020-04-13 02:55:33.283 4651 INFO rally.task.runner [-] Task 8721bc0b-a487-4e95-8756-c06f0378d98d | ITER: 7 END: OK
2020-04-13 02:55:33.288 4651 INFO rally.task.runner [-] Task 8721bc0b-a487-4e95-8756-c06f0378d98d | ITER: 10 START
2020-04-13 02:55:33.294 4649 INFO rally.task.runner [-] Task 8721bc0b-a487-4e95-8756-c06f0378d98d | ITER: 5 END: OK
2020-04-13 02:55:33.313 4650 INFO rally.task.runner [-] Task 8721bc0b-a487-4e95-8756-c06f0378d98d | ITER: 8 END: OK
2020-04-13 02:55:33.481 4648 INFO rally.task.runner [-] Task 8721bc0b-a487-4e95-8756-c06f0378d98d | ITER: 9 END: OK
2020-04-13 02:55:33.490 4651 INFO rally.task.runner [-] Task 8721bc0b-a487-4e95-8756-c06f0378d98d | ITER: 10 END: OK
2020-04-13 02:55:33.517 1333 INFO rally.task.context [-] Task 8721bc0b-a487-4e95-8756-c06f0378d98d | Context admin_cleanup@openstack cleanup() started
2020-04-13 02:55:33.521 1333 RALLYDEBUG rally_openstack.cleanup.manager [-] Cleaning up cinder volume_types objects
2020-04-13 02:55:33.680 1333 RALLYDEBUG rally_openstack.cleanup.manager [-] Deleting cinder.volume_types object s_rally_2147b7c3_sJoYgJ3k (ac48e844-4df9-412b-98ad-638495530e68)
2020-04-13 02:55:33.690 1333 RALLYDEBUG rally_openstack.cleanup.manager [-] Deleting cinder.volume_types object s_rally_2147b7c3_jhwsapcy (919421d2-0e64-4e60-96cb-b58a53281f68)
2020-04-13 02:55:33.690 1333 RALLYDEBUG rally_openstack.cleanup.manager [-] Deleting cinder.volume_types object s_rally_2147b7c3_Es0whW4C (a1c79b96-3b3e-419a-8fa2-4665341ad6ee)
2020-04-13 02:55:33.699 1333 RALLYDEBUG rally_openstack.cleanup.manager [-] Deleting cinder.volume_types object s_rally_2147b7c3_T0Y244py (7c39aeb8-0c7f-4a24-88d7-0774900c344a)
2020-04-13 02:55:33.710 1333 RALLYDEBUG rally_openstack.cleanup.manager [-] Deleting cinder.volume_types object s_rally_2147b7c3_zbEhwLFd (3f040729-4e83-4480-b46c-72e65cb1287c)
2020-04-13 02:55:33.715 1333 RALLYDEBUG rally_openstack.cleanup.manager [-] Deleting cinder.volume_types object s_rally_2147b7c3_xynLvgto (3e845bb6-419a-444c-a6f5-bb29e82f45af)
2020-04-13 02:55:33.737 1333 RALLYDEBUG rally_openstack.cleanup.manager [-] Deleting cinder.volume_types object s_rally_2147b7c3_KlIo1xbB (20341381-444c-4184-a9a2-663da6093e69)
2020-04-13 02:55:33.738 1333 RALLYDEBUG rally_openstack.cleanup.manager [-] Deleting cinder.volume_types object s_rally_2147b7c3_76ZrLZCf (68326485-be62-43fb-9d9c-f117b0016fac)
2020-04-13 02:55:33.732 1333 RALLYDEBUG rally_openstack.cleanup.manager [-] Deleting cinder.volume_types object s_rally_2147b7c3_6cPn7taa (36c19407-d447-43f2-be07-6a8b4be2dcba)
2020-04-13 02:55:33.747 1333 RALLYDEBUG rally_openstack.cleanup.manager [-] Deleting cinder.volume_types object s_rally_2147b7c3_ZsrDDQLM (0c2f1421-ed77-49e6-b93a-96f361430d48)
2020-04-13 02:55:35.195 1333 RALLYDEBUG rally_openstack.cleanup.manager [-] Cleaning up cinder image_volumes_cache objects
2020-04-13 02:55:35.519 1333 RALLYDEBUG rally_openstack.cleanup.manager [-] Cleaning up cinder quotas objects
2020-04-13 02:55:35.822 1333 RALLYDEBUG rally_openstack.cleanup.manager [-] Cleaning up cinder qos_specs objects
2020-04-13 02:55:35.979 1333 INFO rally.task.context [-] Task 8721bc0b-a487-4e95-8756-c06f0378d98d | Context admin_cleanup@openstack cleanup() finished in 2.46 sec
2020-04-13 02:55:35.980 1333 INFO rally.task.context [-] Task 8721bc0b-a487-4e95-8756-c06f0378d98d | Context api_versions@openstack cleanup() started
2020-04-13 02:55:35.981 1333 INFO rally.task.context [-] Task 8721bc0b-a487-4e95-8756-c06f0378d98d | Context api_versions@openstack cleanup() finished in 0.36 msec
2020-04-13 02:55:35.981 1333 INFO rally.task.context [-] Task 8721bc0b-a487-4e95-8756-c06f0378d98d | Context users@openstack cleanup() started
2020-04-13 02:55:36.160 1333 WARNING rally.common.logging [-] `iterate_per_tenants()' is deprecated in v3.0.0: it is openstack specific.. Used at
2020-04-13 02:55:39.075 1333 INFO rally.task.context [-] Task 8721bc0b-a487-4e95-8756-c06f0378d98d | Context users@openstack cleanup() finished in 3.09 sec
2020-04-13 02:55:39.258 1333 INFO rally.task.engine [-] Load duration is: 0.671743
2020-04-13 02:55:39.258 1333 INFO rally.task.engine [-] Full runner duration is: 0.720609
2020-04-13 02:55:39.259 1333 INFO rally.task.engine [-] Full duration is: 7.906039
2020-04-13 02:55:39.349 1333 INFO rally.task.engine [-] Running workload: position = 0 config = { "version": 2, "title": "A cropped version of a bigger task.", "description": "Auto-generated task from a single workload (uuid=335de0bc-cf72-4911-aef4-8db939aecb7d)", "subtasks": [ { "title": "CinderVolumeTypes.create_and_update_volume_type", "description": "create a volume type, then update the type.", "scenario": { "CinderVolumeTypes.create_and_update_volume_type": { "description": "test", "update_description": "test update" } }, "contexts": { "users": { "tenants": 3, "users_per_tenant": 2 }, "api_versions": { "cinder": { "version": 3, "service_type": "volumev3" } } }, "runner": { "constant": { "concurrency": 4, "times": 10 } }, "hooks": [], "sla": { "failure_rate": { "max": 0 } } } ] }
2020-04-13 02:55:39.372 1333 RALLYDEBUG rally_openstack.contexts.keystone.users [-] Creating 3 tenants using 3 threads
2020-04-13 02:55:39.916 1333 RALLYDEBUG rally_openstack.contexts.keystone.users [-] Creating 6 users using 6 threads
2020-04-13 02:55:40.851 1333 INFO rally.task.context [-] Task 8721bc0b-a487-4e95-8756-c06f0378d98d | Context users@openstack setup() finished in 1.48 sec
2020-04-13 02:55:40.978 1333 INFO rally.task.context [-] Task 8721bc0b-a487-4e95-8756-c06f0378d98d | Context api_versions@openstack setup() finished in 0.13 sec
2020-04-13 02:55:40.979 1333 INFO rally.task.context [-] Task 8721bc0b-a487-4e95-8756-c06f0378d98d | Context admin_cleanup@openstack setup() finished in 0.02 msec
2020-04-13 02:55:40.989 1333 RALLYDEBUG rally.task.runner [-] Starting the constant runner (task UUID: 8721bc0b-a487-4e95-8756-c06f0378d98d). times: 10 concurrency: 4 timeout: 0 max_cpu_used: 88 processes_to_start: 4 concurrency_per_worker: 1 concurrency_overhead: 0
2020-04-13 02:55:41.001 4801 RALLYDEBUG rally.task.runner [-] Starting a worker. times: 10 duration: None concurrency: 1 timeout: 0 cls: method_name: run args: {"description": "test", "update_description": "test update"}
2020-04-13 02:55:41.004 4802 RALLYDEBUG rally.task.runner [-] Starting a worker. times: 10 duration: None concurrency: 1 timeout: 0 cls: method_name: run args: {"description": "test", "update_description": "test update"}
2020-04-13 02:55:41.007 4803 RALLYDEBUG rally.task.runner [-] Starting a worker. times: 10 duration: None concurrency: 1 timeout: 0 cls: method_name: run args: {"description": "test", "update_description": "test update"}
2020-04-13 02:55:41.010 4801 INFO rally.task.runner [-] Task 8721bc0b-a487-4e95-8756-c06f0378d98d | ITER: 1 START
2020-04-13 02:55:41.010 4802 INFO rally.task.runner [-] Task 8721bc0b-a487-4e95-8756-c06f0378d98d | ITER: 2 START
2020-04-13 02:55:41.010 4804 RALLYDEBUG rally.task.runner [-] Starting a worker. times: 10 duration: None concurrency: 1 timeout: 0 cls: method_name: run args: {"description": "test", "update_description": "test update"}
2020-04-13 02:55:41.015 4803 INFO rally.task.runner [-] Task 8721bc0b-a487-4e95-8756-c06f0378d98d | ITER: 3 START
2020-04-13 02:55:41.015 4804 INFO rally.task.runner [-] Task 8721bc0b-a487-4e95-8756-c06f0378d98d | ITER: 4 START
2020-04-13 02:55:41.068 4802 WARNING cinderclient.api_versions [-] Version 2 is deprecated, use alternative version 3 instead.
2020-04-13 02:55:41.072 4802 DEBUG cinderclient.v2.client [-] REQ: curl -g -i -X POST http://172.30.12.83/volume/v3/ed2b3528ff134aae8ca108eb275a886d/types -H "Accept: application/json" -H "Content-Type: application/json" -H "User-Agent: python-cinderclient" -H "X-Auth-Token: {SHA256}6c21d0310037b8f678d191ca5d3e1d7ef3e2f6acf3c7ed03e0c998e72afb9ef6" -d '{"volume_type": {"name": "s_rally_335de0bc_OcF2G1XR", "description": "test", "os-volume-type-access:is_public": true}}' _http_log_request /usr/lib/python3.7/site-packages/keystoneauth1/session.py:494
2020-04-13 02:55:41.076 4803 WARNING cinderclient.api_versions [-] Version 2 is deprecated, use alternative version 3 instead.
2020-04-13 02:55:41.077 4804 WARNING cinderclient.api_versions [-] Version 2 is deprecated, use alternative version 3 instead.
2020-04-13 02:55:41.081 4804 DEBUG cinderclient.v2.client [-] REQ: curl -g -i -X POST http://172.30.12.83/volume/v3/ed2b3528ff134aae8ca108eb275a886d/types -H "Accept: application/json" -H "Content-Type: application/json" -H "User-Agent: python-cinderclient" -H "X-Auth-Token: {SHA256}6f3714780fdd398c66dce6a79e8e0002b8e0d4c330f98d3a8e89c912fa9cd59a" -d '{"volume_type": {"name": "s_rally_335de0bc_IvRffeqr", "description": "test", "os-volume-type-access:is_public": true}}' _http_log_request /usr/lib/python3.7/site-packages/keystoneauth1/session.py:494
2020-04-13 02:55:41.081 4803 DEBUG cinderclient.v2.client [-] REQ: curl -g -i -X POST http://172.30.12.83/volume/v3/ed2b3528ff134aae8ca108eb275a886d/types -H "Accept: application/json" -H "Content-Type: application/json" -H "User-Agent: python-cinderclient" -H "X-Auth-Token: {SHA256}7d6e6a37b0dc32db4104e70a3f0b534a31ba826ba8873ab95035134fb8a076f8" -d '{"volume_type": {"name": "s_rally_335de0bc_MckMIXlo", "description": "test", "os-volume-type-access:is_public": true}}' _http_log_request /usr/lib/python3.7/site-packages/keystoneauth1/session.py:494
2020-04-13 02:55:41.210 4801 WARNING cinderclient.api_versions [-] Version 2 is deprecated, use alternative version 3 instead.
2020-04-13 02:55:41.214 4801 DEBUG cinderclient.v2.client [-] REQ: curl -g -i -X POST http://172.30.12.83/volume/v3/ed2b3528ff134aae8ca108eb275a886d/types -H "Accept: application/json" -H "Content-Type: application/json" -H "User-Agent: python-cinderclient" -H "X-Auth-Token: {SHA256}bff1044bc4a7ac934340d63ee347491cb2aa25d07a49e71c8c0aef608a6c3e7e" -d '{"volume_type": {"name": "s_rally_335de0bc_SbBmvkGF", "description": "test", "os-volume-type-access:is_public": true}}' _http_log_request /usr/lib/python3.7/site-packages/keystoneauth1/session.py:494
2020-04-13 02:55:41.225 4803 DEBUG cinderclient.v2.client [-] RESP: [200] Connection: close Content-Length: 202 Content-Type: application/json Date: Mon, 13 Apr 2020 02:55:41 GMT OpenStack-API-Version: volume 3.0 Server: Apache/2.4.29 (Ubuntu) Vary: OpenStack-API-Version x-compute-request-id: req-3ec529d1-2666-4297-8c7c-789adc4f14f2 x-openstack-request-id: req-3ec529d1-2666-4297-8c7c-789adc4f14f2 _http_log_response /usr/lib/python3.7/site-packages/keystoneauth1/session.py:525
2020-04-13 02:55:41.225 4803 DEBUG cinderclient.v2.client [-] RESP BODY: {"volume_type": {"id": "773ed7d6-50dc-48c5-ba2d-f821da567d59", "name": "s_rally_335de0bc_MckMIXlo", "is_public": true, "extra_specs": {}, "description": "test", "os-volume-type-access:is_public": true}} _http_log_response /usr/lib/python3.7/site-packages/keystoneauth1/session.py:557
2020-04-13 02:55:41.226 4803 DEBUG cinderclient.v2.client [-] POST call to volumev2 for http://172.30.12.83/volume/v3/ed2b3528ff134aae8ca108eb275a886d/types used request id req-3ec529d1-2666-4297-8c7c-789adc4f14f2 request /usr/lib/python3.7/site-packages/keystoneauth1/session.py:918
2020-04-13 02:55:41.228 4803 DEBUG cinderclient.v2.client [-] REQ: curl -g -i -X PUT http://172.30.12.83/volume/v3/ed2b3528ff134aae8ca108eb275a886d/types/773ed7d6-50dc-48c5-ba2d-f821da567d59 -H "Accept: application/json" -H "Content-Type: application/json" -H "User-Agent: python-cinderclient" -H "X-Auth-Token: {SHA256}7d6e6a37b0dc32db4104e70a3f0b534a31ba826ba8873ab95035134fb8a076f8" -H "X-OpenStack-Request-ID: req-3ec529d1-2666-4297-8c7c-789adc4f14f2" -d '{"volume_type": {"name": "s_rally_335de0bc_MckMIXlo", "description": "test update"}}' _http_log_request /usr/lib/python3.7/site-packages/keystoneauth1/session.py:494
2020-04-13 02:55:41.234 4802 DEBUG cinderclient.v2.client [-] RESP: [200] Connection: close Content-Length: 202 Content-Type: application/json Date: Mon, 13 Apr 2020 02:55:41 GMT OpenStack-API-Version: volume 3.0 Server: Apache/2.4.29 (Ubuntu) Vary: OpenStack-API-Version x-compute-request-id: req-4ad97ca9-dc77-4439-8689-d4dc2b4e4ccb x-openstack-request-id: req-4ad97ca9-dc77-4439-8689-d4dc2b4e4ccb _http_log_response /usr/lib/python3.7/site-packages/keystoneauth1/session.py:525
2020-04-13 02:55:41.234 4802 DEBUG cinderclient.v2.client [-] RESP BODY: {"volume_type": {"id": "f081464b-6864-4bc8-8208-c9eb2475bc69", "name": "s_rally_335de0bc_OcF2G1XR", "is_public": true, "extra_specs": {}, "description": "test", "os-volume-type-access:is_public": true}} _http_log_response /usr/lib/python3.7/site-packages/keystoneauth1/session.py:557
2020-04-13 02:55:41.235 4802 DEBUG cinderclient.v2.client [-] POST call to volumev2 for http://172.30.12.83/volume/v3/ed2b3528ff134aae8ca108eb275a886d/types used request id req-4ad97ca9-dc77-4439-8689-d4dc2b4e4ccb request /usr/lib/python3.7/site-packages/keystoneauth1/session.py:918
2020-04-13 02:55:41.236 4802 DEBUG cinderclient.v2.client [-] REQ: curl -g -i -X PUT http://172.30.12.83/volume/v3/ed2b3528ff134aae8ca108eb275a886d/types/f081464b-6864-4bc8-8208-c9eb2475bc69 -H "Accept: application/json" -H "Content-Type: application/json" -H "User-Agent: python-cinderclient" -H "X-Auth-Token: {SHA256}6c21d0310037b8f678d191ca5d3e1d7ef3e2f6acf3c7ed03e0c998e72afb9ef6" -H "X-OpenStack-Request-ID: req-4ad97ca9-dc77-4439-8689-d4dc2b4e4ccb" -d '{"volume_type": {"name": "s_rally_335de0bc_OcF2G1XR", "description": "test update"}}' _http_log_request /usr/lib/python3.7/site-packages/keystoneauth1/session.py:494
2020-04-13 02:55:41.243 4804 DEBUG cinderclient.v2.client [-] RESP: [200] Connection: close Content-Length: 202 Content-Type: application/json Date: Mon, 13 Apr 2020 02:55:41 GMT OpenStack-API-Version: volume 3.0 Server: Apache/2.4.29 (Ubuntu) Vary: OpenStack-API-Version x-compute-request-id: req-1edb7e4d-ff04-4075-b3b4-f4ebb4b8265e x-openstack-request-id: req-1edb7e4d-ff04-4075-b3b4-f4ebb4b8265e _http_log_response /usr/lib/python3.7/site-packages/keystoneauth1/session.py:525
2020-04-13 02:55:41.244 4804 DEBUG cinderclient.v2.client [-] RESP BODY: {"volume_type": {"id": "0bd07ba8-9728-4afc-ac1a-1a38b2c73727", "name": "s_rally_335de0bc_IvRffeqr", "is_public": true, "extra_specs": {}, "description": "test", "os-volume-type-access:is_public": true}} _http_log_response /usr/lib/python3.7/site-packages/keystoneauth1/session.py:557
2020-04-13 02:55:41.244 4804 DEBUG cinderclient.v2.client [-] POST call to volumev2 for http://172.30.12.83/volume/v3/ed2b3528ff134aae8ca108eb275a886d/types used request id req-1edb7e4d-ff04-4075-b3b4-f4ebb4b8265e request /usr/lib/python3.7/site-packages/keystoneauth1/session.py:918
2020-04-13 02:55:41.246 4804 DEBUG cinderclient.v2.client [-] REQ: curl -g -i -X PUT http://172.30.12.83/volume/v3/ed2b3528ff134aae8ca108eb275a886d/types/0bd07ba8-9728-4afc-ac1a-1a38b2c73727 -H "Accept: application/json" -H "Content-Type: application/json" -H "User-Agent: python-cinderclient" -H "X-Auth-Token: {SHA256}6f3714780fdd398c66dce6a79e8e0002b8e0d4c330f98d3a8e89c912fa9cd59a" -H "X-OpenStack-Request-ID: req-1edb7e4d-ff04-4075-b3b4-f4ebb4b8265e" -d '{"volume_type": {"name": "s_rally_335de0bc_IvRffeqr", "description": "test update"}}' _http_log_request /usr/lib/python3.7/site-packages/keystoneauth1/session.py:494
