2020-04-13 03:34:24.411 14489 INFO rally.task.context [-] Task 54ca9db5-9f0d-4f62-872e-be11d4cd768c | Context users@openstack setup() finished in 1.57 sec
2020-04-13 03:34:24.412 14489 INFO rally.task.context [-] Task 54ca9db5-9f0d-4f62-872e-be11d4cd768c | Context cleanup@openstack setup() finished in 0.01 msec
2020-04-13 03:34:24.940 14489 RALLYDEBUG rally.task.runner [-] Starting the constant runner (task UUID: 54ca9db5-9f0d-4f62-872e-be11d4cd768c). times: 10 concurrency: 4 timeout: 0 max_cpu_used: 88 processes_to_start: 4 concurrency_per_worker: 1 concurrency_overhead: 0
2020-04-13 03:34:24.953 15575 RALLYDEBUG rally.task.runner [-] Starting a worker. times: 10 duration: None concurrency: 1 timeout: 0 cls: method_name: run args: {"flavor": "9aa73c23-88f1-4dc3-bf55-62ae88433dc3", "image": "2a496ff0-46a2-42f3-b37f-80386448dd5b", "nics": [{"net-id": "d5c82f55-cd77-41d0-b8f0-9f2abb7d4008"}]}
2020-04-13 03:34:24.955 15576 RALLYDEBUG rally.task.runner [-] Starting a worker. times: 10 duration: None concurrency: 1 timeout: 0 cls: method_name: run args: {"flavor": "9aa73c23-88f1-4dc3-bf55-62ae88433dc3", "image": "2a496ff0-46a2-42f3-b37f-80386448dd5b", "nics": [{"net-id": "d5c82f55-cd77-41d0-b8f0-9f2abb7d4008"}]}
2020-04-13 03:34:24.958 15577 RALLYDEBUG rally.task.runner [-] Starting a worker. times: 10 duration: None concurrency: 1 timeout: 0 cls: method_name: run args: {"flavor": "9aa73c23-88f1-4dc3-bf55-62ae88433dc3", "image": "2a496ff0-46a2-42f3-b37f-80386448dd5b", "nics": [{"net-id": "d5c82f55-cd77-41d0-b8f0-9f2abb7d4008"}]}
2020-04-13 03:34:24.960 15575 INFO rally.task.runner [-] Task 54ca9db5-9f0d-4f62-872e-be11d4cd768c | ITER: 1 START
2020-04-13 03:34:24.961 15578 RALLYDEBUG rally.task.runner [-] Starting a worker. times: 10 duration: None concurrency: 1 timeout: 0 cls: method_name: run args: {"flavor": "9aa73c23-88f1-4dc3-bf55-62ae88433dc3", "image": "2a496ff0-46a2-42f3-b37f-80386448dd5b", "nics": [{"net-id": "d5c82f55-cd77-41d0-b8f0-9f2abb7d4008"}]}
2020-04-13 03:34:24.962 15576 INFO rally.task.runner [-] Task 54ca9db5-9f0d-4f62-872e-be11d4cd768c | ITER: 2 START
2020-04-13 03:34:24.965 15577 INFO rally.task.runner [-] Task 54ca9db5-9f0d-4f62-872e-be11d4cd768c | ITER: 3 START
2020-04-13 03:34:24.967 15578 INFO rally.task.runner [-] Task 54ca9db5-9f0d-4f62-872e-be11d4cd768c | ITER: 4 START
2020-04-13 03:34:35.406 15578 RALLYDEBUG rally.task.utils [-] Waiting for resource s_rally_d710e7e3_6o3y43Ui. Status changed: BUILD => ACTIVE in 7.8605382442474365
2020-04-13 03:34:35.407 15578 INFO rally.task.runner [-] Task 54ca9db5-9f0d-4f62-872e-be11d4cd768c | ITER: 4 END: OK
2020-04-13 03:34:35.411 15578 INFO rally.task.runner [-] Task 54ca9db5-9f0d-4f62-872e-be11d4cd768c | ITER: 5 START
2020-04-13 03:34:36.152 15575 RALLYDEBUG rally.task.utils [-] Waiting for resource s_rally_d710e7e3_i8NzIskw. Status changed: BUILD => ACTIVE in 9.242122411727905
2020-04-13 03:34:36.153 15575 INFO rally.task.runner [-] Task 54ca9db5-9f0d-4f62-872e-be11d4cd768c | ITER: 1 END: OK
2020-04-13 03:34:36.158 15575 INFO rally.task.runner [-] Task 54ca9db5-9f0d-4f62-872e-be11d4cd768c | ITER: 6 START
2020-04-13 03:34:38.891 15577 RALLYDEBUG rally.task.utils [-] Waiting for resource s_rally_d710e7e3_cIXQmbom. Status changed: BUILD => ACTIVE in 11.934290409088135
2020-04-13 03:34:38.892 15577 INFO rally.task.runner [-] Task 54ca9db5-9f0d-4f62-872e-be11d4cd768c | ITER: 3 END: OK
2020-04-13 03:34:38.896 15577 INFO rally.task.runner [-] Task 54ca9db5-9f0d-4f62-872e-be11d4cd768c | ITER: 7 START
2020-04-13 03:34:40.988 15576 RALLYDEBUG rally.task.utils [-] Waiting for resource s_rally_d710e7e3_FzULpF1e. Status changed: BUILD => ACTIVE in 14.05260181427002
2020-04-13 03:34:40.989 15576 INFO rally.task.runner [-] Task 54ca9db5-9f0d-4f62-872e-be11d4cd768c | ITER: 2 END: OK
2020-04-13 03:34:40.994 15576 INFO rally.task.runner [-] Task 54ca9db5-9f0d-4f62-872e-be11d4cd768c | ITER: 8 START
2020-04-13 03:34:44.388 15578 RALLYDEBUG rally.task.utils [-] Waiting for resource s_rally_d710e7e3_nXr7aRm8. Status changed: BUILD => ACTIVE in 6.949655532836914
2020-04-13 03:34:44.389 15578 INFO rally.task.runner [-] Task 54ca9db5-9f0d-4f62-872e-be11d4cd768c | ITER: 5 END: OK
2020-04-13 03:34:44.394 15578 INFO rally.task.runner [-] Task 54ca9db5-9f0d-4f62-872e-be11d4cd768c | ITER: 9 START
2020-04-13 03:34:47.587 15575 RALLYDEBUG rally.task.utils [-] Waiting for resource s_rally_d710e7e3_h5XSeg6X. Status changed: BUILD => ACTIVE in 9.482154607772827
2020-04-13 03:34:47.588 15575 INFO rally.task.runner [-] Task 54ca9db5-9f0d-4f62-872e-be11d4cd768c | ITER: 6 END: OK
2020-04-13 03:34:47.592 15575 INFO rally.task.runner [-] Task 54ca9db5-9f0d-4f62-872e-be11d4cd768c | ITER: 10 START
2020-04-13 03:34:49.773 15577 RALLYDEBUG rally.task.utils [-] Waiting for resource s_rally_d710e7e3_WOCKjO0f. Status changed: BUILD => ACTIVE in 8.997749328613281
2020-04-13 03:34:49.774 15577 INFO rally.task.runner [-] Task 54ca9db5-9f0d-4f62-872e-be11d4cd768c | ITER: 7 END: OK
2020-04-13 03:34:50.983 15576 RALLYDEBUG rally.task.utils [-] Waiting for resource s_rally_d710e7e3_tAXCfFeo. Status changed: BUILD => ACTIVE in 7.408837795257568
2020-04-13 03:34:50.984 15576 INFO rally.task.runner [-] Task 54ca9db5-9f0d-4f62-872e-be11d4cd768c | ITER: 8 END: OK
2020-04-13 03:34:53.189 15578 RALLYDEBUG rally.task.utils [-] Waiting for resource s_rally_d710e7e3_BV6xpK83. Status changed: BUILD => ACTIVE in 6.795989036560059
2020-04-13 03:34:53.191 15578 INFO rally.task.runner [-] Task 54ca9db5-9f0d-4f62-872e-be11d4cd768c | ITER: 9 END: OK
2020-04-13 03:34:56.487 15575 RALLYDEBUG rally.task.utils [-] Waiting for resource s_rally_d710e7e3_6Gtf2Fx7. Status changed: BUILD => ACTIVE in 6.822285890579224
2020-04-13 03:34:56.488 15575 INFO rally.task.runner [-] Task 54ca9db5-9f0d-4f62-872e-be11d4cd768c | ITER: 10 END: OK
2020-04-13 03:34:56.516 14489 INFO rally.task.context [-] Task 54ca9db5-9f0d-4f62-872e-be11d4cd768c | Context cleanup@openstack cleanup() started
2020-04-13 03:34:56.521 14489 RALLYDEBUG rally_openstack.cleanup.manager [-] Cleaning up nova servers objects
2020-04-13 03:34:58.393 14489 RALLYDEBUG rally_openstack.cleanup.manager [-] Deleting nova.servers object s_rally_d710e7e3_6Gtf2Fx7 (f8977a65-7435-41fb-bd04-be0e3e86c4f6)
2020-04-13 03:34:58.401 14489 RALLYDEBUG rally_openstack.cleanup.manager [-] Deleting nova.servers object s_rally_d710e7e3_h5XSeg6X (bbfddc12-7e89-4064-ab21-adde0dbc3add)
2020-04-13 03:34:58.407 14489 RALLYDEBUG rally_openstack.cleanup.manager [-] Deleting nova.servers object s_rally_d710e7e3_6o3y43Ui (8326c1ed-2b97-47bf-a54f-01424668c657)
2020-04-13 03:34:58.413 14489 RALLYDEBUG rally_openstack.cleanup.manager [-] Deleting nova.servers object s_rally_d710e7e3_WOCKjO0f (8e4b0485-412e-47d1-af92-253cae6d6fbe)
2020-04-13 03:34:58.434 14489 RALLYDEBUG rally_openstack.cleanup.manager [-] Deleting nova.servers object s_rally_d710e7e3_FzULpF1e (3aafdbd5-ffb6-48c3-8f86-5bb6aad0802a)
2020-04-13 03:34:58.439 14489 RALLYDEBUG rally_openstack.cleanup.manager [-] Deleting nova.servers object s_rally_d710e7e3_tAXCfFeo (80a3e4b3-a8a1-484a-a85b-1c1b73e03db2)
2020-04-13 03:34:58.456 14489 RALLYDEBUG rally_openstack.cleanup.manager [-] Deleting nova.servers object s_rally_d710e7e3_cIXQmbom (070a48f6-c4db-4cb2-a7d5-ebc2c07e0c6f)
2020-04-13 03:34:58.456 14489 RALLYDEBUG rally_openstack.cleanup.manager [-] Deleting nova.servers object s_rally_d710e7e3_i8NzIskw (70c9e82d-a392-445d-bc3b-b301df2b3e3e)
2020-04-13 03:34:58.459 14489 RALLYDEBUG rally_openstack.cleanup.manager [-] Deleting nova.servers object s_rally_d710e7e3_nXr7aRm8 (0481fc77-5531-4d6a-ac6b-da06a1816999)
2020-04-13 03:34:58.467 14489 RALLYDEBUG rally_openstack.cleanup.manager [-] Deleting nova.servers object s_rally_d710e7e3_BV6xpK83 (7b03bf9d-3ebd-46c7-b76f-28f52a5b316a)
2020-04-13 03:35:05.526 14489 RALLYDEBUG rally_openstack.cleanup.manager [-] Cleaning up nova server_groups objects
2020-04-13 03:35:05.963 14489 RALLYDEBUG rally_openstack.cleanup.manager [-] Cleaning up nova keypairs objects
2020-04-13 03:35:06.969 14489 INFO rally.task.context [-] Task 54ca9db5-9f0d-4f62-872e-be11d4cd768c | Context cleanup@openstack cleanup() finished in 10.45 sec
2020-04-13 03:35:06.970 14489 INFO rally.task.context [-] Task 54ca9db5-9f0d-4f62-872e-be11d4cd768c | Context users@openstack cleanup() started
2020-04-13 03:35:07.109 14489 WARNING rally.common.logging [-] `iterate_per_tenants()' is deprecated in v3.0.0: it is openstack specific.. Used at
2020-04-13 03:35:09.149 14489 INFO rally.task.context [-] Task 54ca9db5-9f0d-4f62-872e-be11d4cd768c | Context users@openstack cleanup() finished in 2.18 sec
2020-04-13 03:35:11.101 14489 INFO rally.task.engine [-] Load duration is: 30.52674
2020-04-13 03:35:11.102 14489 INFO rally.task.engine [-] Full runner duration is: 31.576882
2020-04-13 03:35:11.102 14489 INFO rally.task.engine [-] Full duration is: 46.3065
2020-04-13 03:35:11.199 14489 INFO rally.task.engine [-] Running workload: position = 0 config = { "version": 2, "title": "A cropped version of a bigger task.", "description": "Auto-generated task from a single workload (uuid=59029971-10e8-4f72-8c39-bbce63f97563)", "subtasks": [ { "title": "NovaServers.list_servers", "description": "List all servers.", "scenario": { "NovaServers.list_servers": { "detailed": true } }, "contexts": { "users": { "tenants": 3, "users_per_tenant": 2 }, "servers": { "flavor": { "name": "rally_full_cntt-flavor_044c9470-22d6-4136-99e6-972dd7ba6ded" }, "image": { "name": "rally_full_cntt-img_044c9470-22d6-4136-99e6-972dd7ba6ded" }, "servers_per_tenant": 2, "auto_assign_nic": true }, "network": {} }, "runner": { "constant": { "concurrency": 4, "times": 10 } }, "hooks": [], "sla": { "failure_rate": { "max": 0 } } } ] }
2020-04-13 03:35:11.222 14489 RALLYDEBUG rally_openstack.contexts.keystone.users [-] Creating 3 tenants using 3 threads
2020-04-13 03:35:11.780 14489 RALLYDEBUG rally_openstack.contexts.keystone.users [-] Creating 6 users using 6 threads
2020-04-13 03:35:12.663 14489 INFO rally.task.context [-] Task 54ca9db5-9f0d-4f62-872e-be11d4cd768c | Context users@openstack setup() finished in 1.44 sec
2020-04-13 03:35:12.713 14489 WARNING rally.common.logging [-] `iterate_per_tenants()' is deprecated in v3.0.0: it is openstack specific.. Used at
2020-04-13 03:35:14.715 14489 RALLYDEBUG rally_openstack.wrappers.network [-] CIDR generated: 10.2.12.0/24
2020-04-13 03:35:19.297 14489 RALLYDEBUG rally_openstack.wrappers.network [-] CIDR generated: 10.2.13.0/24
2020-04-13 03:35:23.693 14489 RALLYDEBUG rally_openstack.wrappers.network [-] CIDR generated: 10.2.14.0/24
2020-04-13 03:35:26.139 14489 INFO rally.task.context [-] Task 54ca9db5-9f0d-4f62-872e-be11d4cd768c | Context network@openstack setup() finished in 13.47 sec
2020-04-13 03:35:26.629 14489 WARNING rally.common.logging [-] `iterate_per_tenants()' is deprecated in v3.0.0: it is openstack specific.. Used at
2020-04-13 03:35:26.629 14489 RALLYDEBUG rally_openstack.contexts.nova.servers [-] Booting servers for user tenant c1fdf43cf61b4d1d99e262a82427c4d2
2020-04-13 03:35:26.629 14489 RALLYDEBUG rally_openstack.contexts.nova.servers [-] Calling _boot_servers with image_id=2a496ff0-46a2-42f3-b37f-80386448dd5b flavor_id=9aa73c23-88f1-4dc3-bf55-62ae88433dc3 servers_per_tenant=2
2020-04-13 03:35:36.239 14489 RALLYDEBUG rally.task.utils [-] Waiting for resource s_rally_59029971_QJ4AfrY8_1. Status changed: BUILD => ACTIVE in 6.839183568954468
2020-04-13 03:35:36.482 14489 RALLYDEBUG rally.task.utils [-] Waiting for resource s_rally_59029971_QJ4AfrY8_0. Status changed: BUILD => ACTIVE in 0.24186062812805176
2020-04-13 03:35:36.482 14489 RALLYDEBUG rally_openstack.contexts.nova.servers [-] Adding booted servers ['984e4154-e2b7-4ec8-9f7b-ccc650ebed28', '0f0ed05b-f1e0-43d5-b699-7754ef366cee'] to context
2020-04-13 03:35:36.483 14489 RALLYDEBUG rally_openstack.contexts.nova.servers [-] Booting servers for user tenant b7c1a7aed08e4675b13310d6c514cf57
2020-04-13 03:35:36.483 14489 RALLYDEBUG rally_openstack.contexts.nova.servers [-] Calling _boot_servers with image_id=2a496ff0-46a2-42f3-b37f-80386448dd5b flavor_id=9aa73c23-88f1-4dc3-bf55-62ae88433dc3 servers_per_tenant=2
2020-04-13 03:35:46.768 14489 RALLYDEBUG rally.task.utils [-] Waiting for resource s_rally_59029971_BHAZ6EwP_1. Status changed: BUILD => ACTIVE in 7.001249313354492
2020-04-13 03:35:46.973 14489 RALLYDEBUG rally.task.utils [-] Waiting for resource s_rally_59029971_BHAZ6EwP_0. Status changed: BUILD => ACTIVE in 0.20472240447998047
2020-04-13 03:35:46.974 14489 RALLYDEBUG rally_openstack.contexts.nova.servers [-] Adding booted servers ['4e64a559-e16c-4911-9a88-f6c19b6eefa9', 'be1fdcda-84ef-4ad6-83d9-96c177dd4d83'] to context
2020-04-13 03:35:46.974 14489 RALLYDEBUG rally_openstack.contexts.nova.servers [-] Booting servers for user tenant a96f1a3d1b9e4f1ebdc26b0f1caa553d
2020-04-13 03:35:46.975 14489 RALLYDEBUG rally_openstack.contexts.nova.servers [-] Calling _boot_servers with image_id=2a496ff0-46a2-42f3-b37f-80386448dd5b flavor_id=9aa73c23-88f1-4dc3-bf55-62ae88433dc3 servers_per_tenant=2
2020-04-13 03:36:00.305 14489 RALLYDEBUG rally.task.utils [-] Waiting for resource s_rally_59029971_n9liQ7yG_1. Status changed: BUILD => ACTIVE in 9.550114154815674
2020-04-13 03:36:00.549 14489 RALLYDEBUG rally.task.utils [-] Waiting for resource s_rally_59029971_n9liQ7yG_0. Status changed: BUILD => ACTIVE in 0.24138402938842773
2020-04-13 03:36:00.550 14489 RALLYDEBUG rally_openstack.contexts.nova.servers [-] Adding booted servers ['895d358c-4ee2-4510-9155-4fb211f930e8', 'cd537899-820d-41f6-9814-1961d5eb9e78'] to context
2020-04-13 03:36:00.550 14489 INFO rally.task.context [-] Task 54ca9db5-9f0d-4f62-872e-be11d4cd768c | Context servers@openstack setup() finished in 34.41 sec
2020-04-13 03:36:00.559 14489 RALLYDEBUG rally.task.runner [-] Starting the constant runner (task UUID: 54ca9db5-9f0d-4f62-872e-be11d4cd768c). times: 10 concurrency: 4 timeout: 0 max_cpu_used: 88 processes_to_start: 4 concurrency_per_worker: 1 concurrency_overhead: 0
2020-04-13 03:36:00.570 15708 RALLYDEBUG rally.task.runner [-] Starting a worker. times: 10 duration: None concurrency: 1 timeout: 0 cls: method_name: run args: {"detailed": true}
2020-04-13 03:36:00.572 15709 RALLYDEBUG rally.task.runner [-] Starting a worker. times: 10 duration: None concurrency: 1 timeout: 0 cls: method_name: run args: {"detailed": true}
2020-04-13 03:36:00.574 15710 RALLYDEBUG rally.task.runner [-] Starting a worker. times: 10 duration: None concurrency: 1 timeout: 0 cls: method_name: run args: {"detailed": true}
2020-04-13 03:36:00.577 15711 RALLYDEBUG rally.task.runner [-] Starting a worker. times: 10 duration: None concurrency: 1 timeout: 0 cls: method_name: run args: {"detailed": true}
2020-04-13 03:36:00.578 15708 INFO rally.task.runner [-] Task 54ca9db5-9f0d-4f62-872e-be11d4cd768c | ITER: 1 START
2020-04-13 03:36:00.580 15709 INFO rally.task.runner [-] Task 54ca9db5-9f0d-4f62-872e-be11d4cd768c | ITER: 2 START
2020-04-13 03:36:00.581 15710 INFO rally.task.runner [-] Task 54ca9db5-9f0d-4f62-872e-be11d4cd768c | ITER: 3 START
2020-04-13 03:36:00.585 15711 INFO rally.task.runner [-] Task 54ca9db5-9f0d-4f62-872e-be11d4cd768c | ITER: 4 START
2020-04-13 03:36:01.079 15710 INFO rally.task.runner [-] Task 54ca9db5-9f0d-4f62-872e-be11d4cd768c | ITER: 3 END: OK
2020-04-13 03:36:01.087 15710 INFO rally.task.runner [-] Task 54ca9db5-9f0d-4f62-872e-be11d4cd768c | ITER: 5 START
2020-04-13 03:36:01.128 15711 INFO rally.task.runner [-] Task 54ca9db5-9f0d-4f62-872e-be11d4cd768c | ITER: 4 END: OK
2020-04-13 03:36:01.134 15711 INFO rally.task.runner [-] Task 54ca9db5-9f0d-4f62-872e-be11d4cd768c | ITER: 6 START
2020-04-13 03:36:01.135 15709 INFO rally.task.runner [-] Task 54ca9db5-9f0d-4f62-872e-be11d4cd768c | ITER: 2 END: OK
2020-04-13 03:36:01.140 15708 INFO rally.task.runner [-] Task 54ca9db5-9f0d-4f62-872e-be11d4cd768c | ITER: 1 END: OK
2020-04-13 03:36:01.141 15709 INFO rally.task.runner [-] Task 54ca9db5-9f0d-4f62-872e-be11d4cd768c | ITER: 7 START
2020-04-13 03:36:01.143 15708 INFO rally.task.runner [-] Task 54ca9db5-9f0d-4f62-872e-be11d4cd768c | ITER: 8 START
2020-04-13 03:36:01.649 15708 INFO rally.task.runner [-] Task 54ca9db5-9f0d-4f62-872e-be11d4cd768c | ITER: 8 END: OK
2020-04-13 03:36:01.654 15708 INFO rally.task.runner [-] Task 54ca9db5-9f0d-4f62-872e-be11d4cd768c | ITER: 9 START
2020-04-13 03:36:01.661 15709 INFO rally.task.runner [-] Task 54ca9db5-9f0d-4f62-872e-be11d4cd768c | ITER: 7 END: OK
2020-04-13 03:36:01.665 15709 INFO rally.task.runner [-] Task 54ca9db5-9f0d-4f62-872e-be11d4cd768c | ITER: 10 START
2020-04-13 03:36:01.734 15711 INFO rally.task.runner [-] Task 54ca9db5-9f0d-4f62-872e-be11d4cd768c | ITER: 6 END: OK
2020-04-13 03:36:01.737 15710 INFO rally.task.runner [-] Task 54ca9db5-9f0d-4f62-872e-be11d4cd768c | ITER: 5 END: OK
2020-04-13 03:36:02.078 15708 INFO rally.task.runner [-] Task 54ca9db5-9f0d-4f62-872e-be11d4cd768c | ITER: 9 END: OK
2020-04-13 03:36:02.098 15709 INFO rally.task.runner [-] Task 54ca9db5-9f0d-4f62-872e-be11d4cd768c | ITER: 10 END: OK
2020-04-13 03:36:02.125 14489 INFO rally.task.context [-] Task 54ca9db5-9f0d-4f62-872e-be11d4cd768c | Context servers@openstack cleanup() started
2020-04-13 03:36:02.128 14489 RALLYDEBUG rally_openstack.cleanup.manager [-] Cleaning up nova servers objects
2020-04-13 03:36:03.888 14489 RALLYDEBUG rally_openstack.cleanup.manager [-] Deleting nova.servers object s_rally_59029971_QJ4AfrY8_1 (984e4154-e2b7-4ec8-9f7b-ccc650ebed28)
2020-04-13 03:36:03.897 14489 RALLYDEBUG rally_openstack.cleanup.manager [-] Deleting nova.servers object s_rally_59029971_QJ4AfrY8_0 (0f0ed05b-f1e0-43d5-b699-7754ef366cee)
2020-04-13 03:36:03.907 14489 RALLYDEBUG rally_openstack.cleanup.manager [-] Deleting nova.servers object s_rally_59029971_BHAZ6EwP_1 (4e64a559-e16c-4911-9a88-f6c19b6eefa9)
2020-04-13 03:36:03.914 14489 RALLYDEBUG rally_openstack.cleanup.manager [-] Deleting nova.servers object s_rally_59029971_BHAZ6EwP_0 (be1fdcda-84ef-4ad6-83d9-96c177dd4d83)
2020-04-13 03:36:03.922 14489 RALLYDEBUG rally_openstack.cleanup.manager [-] Deleting nova.servers object s_rally_59029971_n9liQ7yG_1 (895d358c-4ee2-4510-9155-4fb211f930e8)
2020-04-13 03:36:03.935 14489 RALLYDEBUG rally_openstack.cleanup.manager [-] Deleting nova.servers object s_rally_59029971_n9liQ7yG_0 (cd537899-820d-41f6-9814-1961d5eb9e78)
2020-04-13 03:36:10.562 14489 INFO rally.task.context [-] Task 54ca9db5-9f0d-4f62-872e-be11d4cd768c | Context servers@openstack cleanup() finished in 8.44 sec
2020-04-13 03:36:10.563 14489 INFO rally.task.context [-] Task 54ca9db5-9f0d-4f62-872e-be11d4cd768c | Context network@openstack cleanup() started
2020-04-13 03:36:33.323 14489 INFO rally.task.context [-] Task 54ca9db5-9f0d-4f62-872e-be11d4cd768c | Context network@openstack cleanup() finished in 22.76 sec
2020-04-13 03:36:33.323 14489 INFO rally.task.context [-] Task 54ca9db5-9f0d-4f62-872e-be11d4cd768c | Context users@openstack cleanup() started
2020-04-13 03:36:33.458 14489 WARNING rally.common.logging [-] `iterate_per_tenants()' is deprecated in v3.0.0: it is openstack specific.. Used at
2020-04-13 03:36:35.423 14489 INFO rally.task.context [-] Task 54ca9db5-9f0d-4f62-872e-be11d4cd768c | Context users@openstack cleanup() finished in 2.10 sec
2020-04-13 03:36:35.629 14489 INFO rally.task.engine [-] Load duration is: 1.517602
2020-04-13 03:36:35.629 14489 INFO rally.task.engine [-] Full runner duration is: 1.56711
2020-04-13 03:36:35.630 14489 INFO rally.task.engine [-] Full duration is: 84.203196
2020-04-13 03:36:35.722 14489 INFO rally.task.engine [-] Running workload: position = 0 config = { "version": 2, "title": "A cropped version of a bigger task.", "description": "Auto-generated task from a single workload (uuid=1d45c66c-2015-4818-bca7-42f77a3687fe)", "subtasks": [ { "title": "NovaServers.resize_server", "description": "Boot a server, then resize and delete it.", "scenario": { "NovaServers.resize_server": { "flavor": { "name": "rally_full_cntt-flavor_044c9470-22d6-4136-99e6-972dd7ba6ded" }, "image": { "name": "rally_full_cntt-img_044c9470-22d6-4136-99e6-972dd7ba6ded" }, "to_flavor": { "name": "rally_full_cntt-flavor_alt_044c9470-22d6-4136-99e6-972dd7ba6ded" }, "confirm": true, "force_delete": false, "nics": [ { "net-id": "d5c82f55-cd77-41d0-b8f0-9f2abb7d4008" } ] } }, "contexts": { "users": { "tenants": 3, "users_per_tenant": 2 } }, "runner": { "constant": { "concurrency": 4, "times": 10 } }, "hooks": [], "sla": { "failure_rate": { "max": 0 } } } ] }
2020-04-13 03:36:35.744 14489 RALLYDEBUG rally_openstack.contexts.keystone.users [-] Creating 3 tenants using 3 threads
2020-04-13 03:36:36.213 14489 RALLYDEBUG rally_openstack.contexts.keystone.users [-] Creating 6 users using 6 threads
2020-04-13 03:36:37.127 14489 INFO rally.task.context [-] Task 54ca9db5-9f0d-4f62-872e-be11d4cd768c | Context users@openstack setup() finished in 1.38 sec
2020-04-13 03:36:37.128 14489 INFO rally.task.context [-] Task 54ca9db5-9f0d-4f62-872e-be11d4cd768c | Context cleanup@openstack setup() finished in 0.02 msec
2020-04-13 03:36:37.657 14489 RALLYDEBUG rally.task.runner [-] Starting the constant runner (task UUID: 54ca9db5-9f0d-4f62-872e-be11d4cd768c). times: 10 concurrency: 4 timeout: 0 max_cpu_used: 88 processes_to_start: 4 concurrency_per_worker: 1 concurrency_overhead: 0
2020-04-13 03:36:37.670 15801 RALLYDEBUG rally.task.runner [-] Starting a worker. times: 10 duration: None concurrency: 1 timeout: 0 cls: method_name: run args: {"flavor": "9aa73c23-88f1-4dc3-bf55-62ae88433dc3", "image": "2a496ff0-46a2-42f3-b37f-80386448dd5b", "to_flavor": "495e0e31-a815-4052-ad06-d67ead161010", "confirm": true, "force_delete": false, "nics": [{"net-id": "d5c82f55-cd77-41d0-b8f0-9f2abb7d4008"}]}
2020-04-13 03:36:37.674 15802 RALLYDEBUG rally.task.runner [-] Starting a worker. times: 10 duration: None concurrency: 1 timeout: 0 cls: method_name: run args: {"flavor": "9aa73c23-88f1-4dc3-bf55-62ae88433dc3", "image": "2a496ff0-46a2-42f3-b37f-80386448dd5b", "to_flavor": "495e0e31-a815-4052-ad06-d67ead161010", "confirm": true, "force_delete": false, "nics": [{"net-id": "d5c82f55-cd77-41d0-b8f0-9f2abb7d4008"}]}
2020-04-13 03:36:37.677 15801 INFO rally.task.runner [-] Task 54ca9db5-9f0d-4f62-872e-be11d4cd768c | ITER: 1 START
2020-04-13 03:36:37.677 15803 RALLYDEBUG rally.task.runner [-] Starting a worker. times: 10 duration: None concurrency: 1 timeout: 0 cls: method_name: run args: {"flavor": "9aa73c23-88f1-4dc3-bf55-62ae88433dc3", "image": "2a496ff0-46a2-42f3-b37f-80386448dd5b", "to_flavor": "495e0e31-a815-4052-ad06-d67ead161010", "confirm": true, "force_delete": false, "nics": [{"net-id": "d5c82f55-cd77-41d0-b8f0-9f2abb7d4008"}]}
2020-04-13 03:36:37.680 15804 RALLYDEBUG rally.task.runner [-] Starting a worker. times: 10 duration: None concurrency: 1 timeout: 0 cls: method_name: run args: {"flavor": "9aa73c23-88f1-4dc3-bf55-62ae88433dc3", "image": "2a496ff0-46a2-42f3-b37f-80386448dd5b", "to_flavor": "495e0e31-a815-4052-ad06-d67ead161010", "confirm": true, "force_delete": false, "nics": [{"net-id": "d5c82f55-cd77-41d0-b8f0-9f2abb7d4008"}]}
2020-04-13 03:36:37.681 15802 INFO rally.task.runner [-] Task 54ca9db5-9f0d-4f62-872e-be11d4cd768c | ITER: 2 START
2020-04-13 03:36:37.684 15803 INFO rally.task.runner [-] Task 54ca9db5-9f0d-4f62-872e-be11d4cd768c | ITER: 3 START
2020-04-13 03:36:37.687 15804 INFO rally.task.runner [-] Task 54ca9db5-9f0d-4f62-872e-be11d4cd768c | ITER: 4 START
2020-04-13 03:36:52.058 15801 RALLYDEBUG rally.task.utils [-] Waiting for resource s_rally_1d45c66c_XObtIxdj. Status changed: BUILD => ACTIVE in 11.772515535354614
2020-04-13 03:36:52.876 15803 RALLYDEBUG rally.task.utils [-] Waiting for resource s_rally_1d45c66c_uCLFoq5f. Status changed: BUILD => ACTIVE in 12.775449991226196
2020-04-13 03:36:53.224 15801 RALLYDEBUG rally.task.utils [-] Waiting for resource s_rally_1d45c66c_XObtIxdj. Status changed: ACTIVE => RESIZE in 0.19172978401184082
2020-04-13 03:36:53.673 15804 RALLYDEBUG rally.task.utils [-] Waiting for resource s_rally_1d45c66c_FTK8vHMq. Status changed: BUILD => ACTIVE in 13.530003309249878
2020-04-13 03:36:54.130 15803 RALLYDEBUG rally.task.utils [-] Waiting for resource s_rally_1d45c66c_uCLFoq5f. Status changed: ACTIVE => RESIZE in 0.243178129196167
2020-04-13 03:36:54.430 15802 RALLYDEBUG rally.task.utils [-] Waiting for resource s_rally_1d45c66c_Bgy8sy7i. Status changed: BUILD => ACTIVE in 14.145900964736938
2020-04-13 03:36:54.901 15804 RALLYDEBUG rally.task.utils [-] Waiting for resource s_rally_1d45c66c_FTK8vHMq. Status changed: ACTIVE => RESIZE in 0.24378323554992676
2020-04-13 03:36:56.316 15802 RALLYDEBUG rally.task.utils [-] Waiting for resource s_rally_1d45c66c_Bgy8sy7i. Status changed: ACTIVE => RESIZE in 0.2475299835205078
2020-04-13 03:37:03.734 15801 RALLYDEBUG rally.task.utils [-] Waiting for resource s_rally_1d45c66c_XObtIxdj. Status changed: RESIZE => VERIFY_RESIZE in 10.508931159973145
2020-04-13 03:37:04.626 15803 RALLYDEBUG rally.task.utils [-] Waiting for resource s_rally_1d45c66c_uCLFoq5f. Status changed: RESIZE => VERIFY_RESIZE in 10.49515438079834
2020-04-13 03:37:04.737 15801 RALLYDEBUG rally.task.utils [-] Waiting for resource s_rally_1d45c66c_XObtIxdj. Status changed: ACTIVE => VERIFY_RESIZE in 0.8881444931030273
2020-04-13 03:37:04.994 15803 RALLYDEBUG rally.task.utils [-] Waiting for resource s_rally_1d45c66c_uCLFoq5f. Status changed: ACTIVE => VERIFY_RESIZE in 0.2704746723175049
2020-04-13 03:37:05.423 15804 RALLYDEBUG rally.task.utils [-] Waiting for resource s_rally_1d45c66c_FTK8vHMq. Status changed: RESIZE => VERIFY_RESIZE in 10.521366834640503
2020-04-13 03:37:05.747 15804 RALLYDEBUG rally.task.utils [-] Waiting for resource s_rally_1d45c66c_FTK8vHMq. Status changed: ACTIVE => VERIFY_RESIZE in 0.22453975677490234
2020-04-13 03:37:06.776 15802 RALLYDEBUG rally.task.utils [-] Waiting for resource s_rally_1d45c66c_Bgy8sy7i. Status changed: RESIZE => VERIFY_RESIZE in 10.459850788116455
2020-04-13 03:37:07.082 15802 RALLYDEBUG rally.task.utils [-] Waiting for resource s_rally_1d45c66c_Bgy8sy7i. Status changed: ACTIVE => VERIFY_RESIZE in 0.2097640037536621
2020-04-13 03:37:09.434 15803 RALLYDEBUG rally.task.utils [-] Waiting for resource s_rally_1d45c66c_uCLFoq5f. Status changed: VERIFY_RESIZE => ACTIVE in 4.439655303955078
2020-04-13 03:37:09.605 15801 RALLYDEBUG rally.task.utils [-] Waiting for resource s_rally_1d45c66c_XObtIxdj. Status changed: VERIFY_RESIZE => ACTIVE in 4.868427991867065
2020-04-13 03:37:10.277 15804 RALLYDEBUG rally.task.utils [-] Waiting for resource s_rally_1d45c66c_FTK8vHMq. Status changed: VERIFY_RESIZE => ACTIVE in 4.529691219329834
2020-04-13 03:37:11.580 15802 RALLYDEBUG rally.task.utils [-] Waiting for resource s_rally_1d45c66c_Bgy8sy7i. Status changed: VERIFY_RESIZE => ACTIVE in 4.497980833053589
2020-04-13 03:37:11.893 15803 INFO rally.task.runner [-] Task 54ca9db5-9f0d-4f62-872e-be11d4cd768c | ITER: 3 END: OK
2020-04-13 03:37:11.900 15803 INFO rally.task.runner [-] Task 54ca9db5-9f0d-4f62-872e-be11d4cd768c | ITER: 5 START
2020-04-13 03:37:12.121 15801 INFO rally.task.runner [-] Task 54ca9db5-9f0d-4f62-872e-be11d4cd768c | ITER: 1 END: OK
2020-04-13 03:37:12.128 15801 INFO rally.task.runner [-] Task 54ca9db5-9f0d-4f62-872e-be11d4cd768c | ITER: 6 START
2020-04-13 03:37:12.799 15804 INFO rally.task.runner [-] Task 54ca9db5-9f0d-4f62-872e-be11d4cd768c | ITER: 4 END: OK
2020-04-13 03:37:12.805 15804 INFO rally.task.runner [-] Task 54ca9db5-9f0d-4f62-872e-be11d4cd768c | ITER: 7 START
2020-04-13 03:37:14.112 15802 INFO rally.task.runner [-] Task 54ca9db5-9f0d-4f62-872e-be11d4cd768c | ITER: 2 END: OK
2020-04-13 03:37:14.120 15802 INFO rally.task.runner [-] Task 54ca9db5-9f0d-4f62-872e-be11d4cd768c | ITER: 8 START
2020-04-13 03:37:23.315 15803 RALLYDEBUG rally.task.utils [-] Waiting for resource s_rally_1d45c66c_DCoQFgvb. Status changed: BUILD => ACTIVE in 9.53198504447937
2020-04-13 03:37:23.919 15804 RALLYDEBUG rally.task.utils [-] Waiting for resource s_rally_1d45c66c_LO36iGPy. Status changed: BUILD => ACTIVE in 9.131520509719849
2020-04-13 03:37:24.572 15803 RALLYDEBUG rally.task.utils [-] Waiting for resource s_rally_1d45c66c_DCoQFgvb. Status changed: ACTIVE => RESIZE in 0.21429157257080078
2020-04-13 03:37:25.216 15804 RALLYDEBUG rally.task.utils [-] Waiting for resource s_rally_1d45c66c_LO36iGPy. Status changed: ACTIVE => RESIZE in 0.21706771850585938
2020-04-13 03:37:26.599 15801 RALLYDEBUG rally.task.utils [-] Waiting for resource s_rally_1d45c66c_MM0SwRTw. Status changed: BUILD => ACTIVE in 11.836169958114624
2020-04-13 03:37:27.750 15802 RALLYDEBUG rally.task.utils [-] Waiting for resource s_rally_1d45c66c_L9RFRWJX. Status changed: BUILD => ACTIVE in 11.312020778656006
2020-04-13 03:37:28.227 15801 RALLYDEBUG rally.task.utils [-] Waiting for resource s_rally_1d45c66c_MM0SwRTw. Status changed: ACTIVE => RESIZE in 0.2639029026031494
2020-04-13 03:37:29.306 15802 RALLYDEBUG rally.task.utils [-] Waiting for resource s_rally_1d45c66c_L9RFRWJX. Status changed: ACTIVE => RESIZE in 0.36224794387817383
2020-04-13 03:37:34.999 15803 RALLYDEBUG rally.task.utils [-] Waiting for resource s_rally_1d45c66c_DCoQFgvb. Status changed: RESIZE => VERIFY_RESIZE in 10.426320552825928
2020-04-13 03:37:35.287 15803 RALLYDEBUG rally.task.utils [-] Waiting for resource s_rally_1d45c66c_DCoQFgvb. Status changed: ACTIVE => VERIFY_RESIZE in 0.20291447639465332
2020-04-13 03:37:35.963 15804 RALLYDEBUG rally.task.utils [-] Waiting for resource s_rally_1d45c66c_LO36iGPy. Status changed: RESIZE => VERIFY_RESIZE in 10.74750280380249
2020-04-13 03:37:36.300 15804 RALLYDEBUG rally.task.utils [-] Waiting for resource s_rally_1d45c66c_LO36iGPy. Status changed: ACTIVE => VERIFY_RESIZE in 0.20790314674377441
2020-04-13 03:37:38.671 15801 RALLYDEBUG rally.task.utils [-] Waiting for resource s_rally_1d45c66c_MM0SwRTw. Status changed: RESIZE => VERIFY_RESIZE in 10.443835496902466
2020-04-13 03:37:38.999 15801 RALLYDEBUG rally.task.utils [-] Waiting for resource s_rally_1d45c66c_MM0SwRTw. Status changed: ACTIVE => VERIFY_RESIZE in 0.23134613037109375
2020-04-13 03:37:39.766 15802 RALLYDEBUG rally.task.utils [-] Waiting for resource s_rally_1d45c66c_L9RFRWJX. Status changed: RESIZE => VERIFY_RESIZE in 10.459414005279541
2020-04-13 03:37:39.820 15803 RALLYDEBUG rally.task.utils [-] Waiting for resource s_rally_1d45c66c_DCoQFgvb. Status changed: VERIFY_RESIZE => ACTIVE in 4.533594846725464
2020-04-13 03:37:40.690 15802 RALLYDEBUG rally.task.utils [-] Waiting for resource s_rally_1d45c66c_L9RFRWJX. Status changed: ACTIVE => VERIFY_RESIZE in 0.8228073120117188
2020-04-13 03:37:40.742 15804 RALLYDEBUG rally.task.utils [-] Waiting for resource s_rally_1d45c66c_LO36iGPy. Status changed: VERIFY_RESIZE => ACTIVE in 4.441911458969116
2020-04-13 03:37:42.897 15802 RALLYDEBUG rally.task.utils [-] Waiting for resource s_rally_1d45c66c_L9RFRWJX. Status changed: VERIFY_RESIZE => ACTIVE in 2.207390785217285
2020-04-13 03:37:43.386 15804 INFO rally.task.runner [-] Task 54ca9db5-9f0d-4f62-872e-be11d4cd768c | ITER: 7 END: OK
2020-04-13 03:37:43.390 15804 INFO rally.task.runner [-] Task 54ca9db5-9f0d-4f62-872e-be11d4cd768c | ITER: 9 START
2020-04-13 03:37:43.430 15801 RALLYDEBUG rally.task.utils [-] Waiting for resource s_rally_1d45c66c_MM0SwRTw. Status changed: VERIFY_RESIZE => ACTIVE in 4.431426286697388
2020-04-13 03:37:44.690 15803 INFO rally.task.runner [-] Task 54ca9db5-9f0d-4f62-872e-be11d4cd768c | ITER: 5 END: OK
2020-04-13 03:37:44.695 15803 INFO rally.task.runner [-] Task 54ca9db5-9f0d-4f62-872e-be11d4cd768c | ITER: 10 START
2020-04-13 03:37:45.557 15802 INFO rally.task.runner [-] Task 54ca9db5-9f0d-4f62-872e-be11d4cd768c | ITER: 8 END: OK
2020-04-13 03:37:45.960 15801 INFO rally.task.runner [-] Task 54ca9db5-9f0d-4f62-872e-be11d4cd768c | ITER: 6 END: OK
2020-04-13 03:37:54.328 15803 RALLYDEBUG rally.task.utils [-] Waiting for resource s_rally_1d45c66c_9jX3N3eC. Status changed: BUILD => ACTIVE in 7.5528037548065186
2020-04-13 03:37:54.681 15804 RALLYDEBUG rally.task.utils [-] Waiting for resource s_rally_1d45c66c_FST3FOTu. Status changed: BUILD => ACTIVE in 9.016132831573486
2020-04-13 03:37:55.460 15803 RALLYDEBUG rally.task.utils [-] Waiting for resource s_rally_1d45c66c_9jX3N3eC. Status changed: ACTIVE => RESIZE in 0.2040398120880127
2020-04-13 03:37:55.899 15804 RALLYDEBUG rally.task.utils [-] Waiting for resource s_rally_1d45c66c_FST3FOTu. Status changed: ACTIVE => RESIZE in 0.19036126136779785
2020-04-13 03:38:06.528 15803 RALLYDEBUG rally.task.utils [-] Waiting for resource s_rally_1d45c66c_9jX3N3eC. Status changed: RESIZE => VERIFY_RESIZE in 11.068119287490845
2020-04-13 03:38:06.722 15804 RALLYDEBUG rally.task.utils [-] Waiting for resource s_rally_1d45c66c_FST3FOTu. Status changed: RESIZE => VERIFY_RESIZE in 10.823194026947021
2020-04-13 03:38:06.832 15803 RALLYDEBUG rally.task.utils [-] Waiting for resource s_rally_1d45c66c_9jX3N3eC. Status changed: ACTIVE => VERIFY_RESIZE in 0.20899558067321777
2020-04-13 03:38:07.015 15804 RALLYDEBUG rally.task.utils [-] Waiting for resource s_rally_1d45c66c_FST3FOTu. Status changed: ACTIVE => VERIFY_RESIZE in 0.19765686988830566
2020-04-13 03:38:11.300 15803 RALLYDEBUG rally.task.utils [-] Waiting for resource s_rally_1d45c66c_9jX3N3eC. Status changed: VERIFY_RESIZE => ACTIVE in 4.467762470245361
2020-04-13 03:38:11.435 15804 RALLYDEBUG rally.task.utils [-] Waiting for resource s_rally_1d45c66c_FST3FOTu. Status changed: VERIFY_RESIZE => ACTIVE in 4.419655799865723
2020-04-13 03:38:15.953 15803 INFO rally.task.runner [-] Task 54ca9db5-9f0d-4f62-872e-be11d4cd768c | ITER: 10 END: OK
2020-04-13 03:38:16.078 15804 INFO rally.task.runner [-] Task 54ca9db5-9f0d-4f62-872e-be11d4cd768c | ITER: 9 END: OK
2020-04-13 03:38:16.107 14489 INFO rally.task.context [-] Task 54ca9db5-9f0d-4f62-872e-be11d4cd768c | Context cleanup@openstack cleanup() started
2020-04-13 03:38:16.116 14489 RALLYDEBUG rally_openstack.cleanup.manager [-] Cleaning up nova servers objects
2020-04-13 03:38:16.872 14489 RALLYDEBUG rally_openstack.cleanup.manager [-] Cleaning up nova server_groups objects
2020-04-13 03:38:17.350 14489 RALLYDEBUG rally_openstack.cleanup.manager [-] Cleaning up nova keypairs objects
2020-04-13 03:38:18.286 14489 INFO rally.task.context [-] Task 54ca9db5-9f0d-4f62-872e-be11d4cd768c | Context cleanup@openstack cleanup() finished in 2.18 sec
2020-04-13 03:38:18.287 14489 INFO rally.task.context [-] Task 54ca9db5-9f0d-4f62-872e-be11d4cd768c | Context users@openstack cleanup() started
2020-04-13 03:38:18.433 14489 WARNING rally.common.logging [-] `iterate_per_tenants()' is deprecated in v3.0.0: it is openstack specific.. Used at
2020-04-13 03:38:20.556 14489 INFO rally.task.context [-] Task 54ca9db5-9f0d-4f62-872e-be11d4cd768c | Context users@openstack cleanup() finished in 2.27 sec
2020-04-13 03:38:22.258 14489 INFO rally.task.engine [-] Load duration is: 97.400452
2020-04-13 03:38:22.259 14489 INFO rally.task.engine [-] Full runner duration is: 98.449945
2020-04-13 03:38:22.259 14489 INFO rally.task.engine [-] Full duration is: 104.815201
2020-04-13 03:38:22.354 14489 INFO rally.task.engine [-] Running workload: position = 0 config = { "version": 2, "title": "A cropped version of a bigger task.", "description": "Auto-generated task from a single workload (uuid=a92904c0-633f-465d-9241-528f1425acdd)", "subtasks": [ { "title": "NovaServers.boot_and_live_migrate_server", "description": "Live Migrate a server.", "scenario": { "NovaServers.boot_and_live_migrate_server": { "flavor": { "name": "rally_full_cntt-flavor_044c9470-22d6-4136-99e6-972dd7ba6ded" }, "image": { "name": "rally_full_cntt-img_044c9470-22d6-4136-99e6-972dd7ba6ded" }, "block_migration": false, "nics": [ { "net-id": "d5c82f55-cd77-41d0-b8f0-9f2abb7d4008" } ] } }, "contexts": { "users": { "tenants": 3, "users_per_tenant": 2 } }, "runner": { "constant": { "concurrency": 4, "times": 10 } }, "hooks": [], "sla": { "failure_rate": { "max": 0 } } } ] }
2020-04-13 03:38:22.385 14489 RALLYDEBUG rally_openstack.contexts.keystone.users [-] Creating 3 tenants using 3 threads
2020-04-13 03:38:22.880 14489 RALLYDEBUG rally_openstack.contexts.keystone.users [-] Creating 6 users using 6 threads
2020-04-13 03:38:23.855 14489 INFO rally.task.context [-] Task 54ca9db5-9f0d-4f62-872e-be11d4cd768c | Context users@openstack setup() finished in 1.47 sec
2020-04-13 03:38:23.855 14489 INFO rally.task.context [-] Task 54ca9db5-9f0d-4f62-872e-be11d4cd768c | Context cleanup@openstack setup() finished in 0.01 msec
2020-04-13 03:38:24.390 14489 RALLYDEBUG rally.task.runner [-] Starting the constant runner (task UUID: 54ca9db5-9f0d-4f62-872e-be11d4cd768c). times: 10 concurrency: 4 timeout: 0 max_cpu_used: 88 processes_to_start: 4 concurrency_per_worker: 1 concurrency_overhead: 0
2020-04-13 03:38:24.405 15934 RALLYDEBUG rally.task.runner [-] Starting a worker. times: 10 duration: None concurrency: 1 timeout: 0 cls: method_name: run args: {"flavor": "9aa73c23-88f1-4dc3-bf55-62ae88433dc3", "image": "2a496ff0-46a2-42f3-b37f-80386448dd5b", "block_migration": false, "nics": [{"net-id": "d5c82f55-cd77-41d0-b8f0-9f2abb7d4008"}]}
2020-04-13 03:38:24.407 15935 RALLYDEBUG rally.task.runner [-] Starting a worker. times: 10 duration: None concurrency: 1 timeout: 0 cls: method_name: run args: {"flavor": "9aa73c23-88f1-4dc3-bf55-62ae88433dc3", "image": "2a496ff0-46a2-42f3-b37f-80386448dd5b", "block_migration": false, "nics": [{"net-id": "d5c82f55-cd77-41d0-b8f0-9f2abb7d4008"}]}
2020-04-13 03:38:24.410 15936 RALLYDEBUG rally.task.runner [-] Starting a worker. times: 10 duration: None concurrency: 1 timeout: 0 cls: method_name: run args: {"flavor": "9aa73c23-88f1-4dc3-bf55-62ae88433dc3", "image": "2a496ff0-46a2-42f3-b37f-80386448dd5b", "block_migration": false, "nics": [{"net-id": "d5c82f55-cd77-41d0-b8f0-9f2abb7d4008"}]}
2020-04-13 03:38:24.412 15934 INFO rally.task.runner [-] Task 54ca9db5-9f0d-4f62-872e-be11d4cd768c | ITER: 1 START
2020-04-13 03:38:24.413 15937 RALLYDEBUG rally.task.runner [-] Starting a worker. times: 10 duration: None concurrency: 1 timeout: 0 cls: method_name: run args: {"flavor": "9aa73c23-88f1-4dc3-bf55-62ae88433dc3", "image": "2a496ff0-46a2-42f3-b37f-80386448dd5b", "block_migration": false, "nics": [{"net-id": "d5c82f55-cd77-41d0-b8f0-9f2abb7d4008"}]}
2020-04-13 03:38:24.414 15935 INFO rally.task.runner [-] Task 54ca9db5-9f0d-4f62-872e-be11d4cd768c | ITER: 2 START
2020-04-13 03:38:24.417 15936 INFO rally.task.runner [-] Task 54ca9db5-9f0d-4f62-872e-be11d4cd768c | ITER: 3 START
2020-04-13 03:38:24.420 15937 INFO rally.task.runner [-] Task 54ca9db5-9f0d-4f62-872e-be11d4cd768c | ITER: 4 START
2020-04-13 03:38:36.064 15936 RALLYDEBUG rally.task.utils [-] Waiting for resource s_rally_a92904c0_bpNY3kro. Status changed: BUILD => ACTIVE in 9.52743911743164
2020-04-13 03:38:37.657 15935 RALLYDEBUG rally.task.utils [-] Waiting for resource s_rally_a92904c0_6McYSErI. Status changed: BUILD => ACTIVE in 11.196395635604858
2020-04-13 03:38:37.865 15937 RALLYDEBUG rally.task.utils [-] Waiting for resource s_rally_a92904c0_2gpLhhje. Status changed: BUILD => ACTIVE in 11.182091474533081
2020-04-13 03:38:37.927 15936 RALLYDEBUG rally.task.utils [-] Waiting for resource s_rally_a92904c0_bpNY3kro. Status changed: ACTIVE => MIGRATING in 0.21466541290283203
2020-04-13 03:38:38.270 15934 RALLYDEBUG rally.task.utils [-] Waiting for resource s_rally_a92904c0_bOLsf7vj. Status changed: BUILD => ACTIVE in 11.722151756286621
2020-04-13 03:38:39.595 15935 RALLYDEBUG rally.task.utils [-] Waiting for resource s_rally_a92904c0_6McYSErI. Status changed: ACTIVE => MIGRATING in 0.2346940040588379
2020-04-13 03:38:39.684 15937 RALLYDEBUG rally.task.utils [-] Waiting for resource s_rally_a92904c0_2gpLhhje. Status changed: ACTIVE => MIGRATING in 0.2189784049987793
2020-04-13 03:38:40.206 15934 RALLYDEBUG rally.task.utils [-] Waiting for resource s_rally_a92904c0_bOLsf7vj. Status changed: ACTIVE => MIGRATING in 0.21324610710144043
2020-04-13 03:38:46.831 15936 RALLYDEBUG rally.task.utils [-] Waiting for resource s_rally_a92904c0_bpNY3kro. Status changed: MIGRATING => ACTIVE in 8.904675722122192
2020-04-13 03:38:51.716 15936 INFO rally.task.runner [-] Task 54ca9db5-9f0d-4f62-872e-be11d4cd768c | ITER: 3 END: OK
2020-04-13 03:38:51.726 15936 INFO rally.task.runner [-] Task 54ca9db5-9f0d-4f62-872e-be11d4cd768c | ITER: 5 START
2020-04-13 03:38:55.457 15935 RALLYDEBUG rally.task.utils [-] Waiting for resource s_rally_a92904c0_6McYSErI. Status changed: MIGRATING => ACTIVE in 15.86252212524414
2020-04-13 03:38:58.115 15935 INFO rally.task.runner [-] Task 54ca9db5-9f0d-4f62-872e-be11d4cd768c | ITER: 2 END: OK
2020-04-13 03:38:58.121 15935 INFO rally.task.runner [-] Task 54ca9db5-9f0d-4f62-872e-be11d4cd768c | ITER: 6 START
2020-04-13 03:39:00.675 15936 RALLYDEBUG rally.task.utils [-] Waiting for resource s_rally_a92904c0_7wWdkAHt. Status changed: BUILD => ACTIVE in 7.017733573913574
2020-04-13 03:39:02.927 15936 RALLYDEBUG rally.task.utils [-] Waiting for resource s_rally_a92904c0_7wWdkAHt. Status changed: ACTIVE => MIGRATING in 0.19167113304138184
2020-04-13 03:39:06.416 15937 RALLYDEBUG rally.task.utils [-] Waiting for resource s_rally_a92904c0_2gpLhhje. Status changed: MIGRATING => ACTIVE in 26.732032775878906
2020-04-13 03:39:07.446 15935 RALLYDEBUG rally.task.utils [-] Waiting for resource s_rally_a92904c0_W1nWuu8N. Status changed: BUILD => ACTIVE in 6.833059549331665
2020-04-13 03:39:09.452 15937 INFO rally.task.runner [-] Task 54ca9db5-9f0d-4f62-872e-be11d4cd768c | ITER: 4 END: OK
2020-04-13 03:39:09.457 15937 INFO rally.task.runner [-] Task 54ca9db5-9f0d-4f62-872e-be11d4cd768c | ITER: 7 START
2020-04-13 03:39:09.882 15935 RALLYDEBUG rally.task.utils [-] Waiting for resource s_rally_a92904c0_W1nWuu8N. Status changed: ACTIVE => MIGRATING in 0.2109382152557373
2020-04-13 03:39:17.156 15934 RALLYDEBUG rally.task.utils [-] Waiting for resource s_rally_a92904c0_bOLsf7vj. Status changed: MIGRATING => ACTIVE in 36.949607610702515
2020-04-13 03:39:18.988 15935 RALLYDEBUG rally.task.utils [-] Waiting for resource s_rally_a92904c0_W1nWuu8N. Status changed: MIGRATING => ACTIVE in 9.105720520019531
2020-04-13 03:39:19.145 15937 RALLYDEBUG rally.task.utils [-] Waiting for resource s_rally_a92904c0_OYhUsNVZ. Status changed: BUILD => ACTIVE in 7.009748697280884
2020-04-13 03:39:20.157 15934 INFO rally.task.runner [-] Task 54ca9db5-9f0d-4f62-872e-be11d4cd768c | ITER: 1 END: OK
2020-04-13 03:39:20.164 15934 INFO rally.task.runner [-] Task 54ca9db5-9f0d-4f62-872e-be11d4cd768c | ITER: 8 START
2020-04-13 03:39:21.654 15937 RALLYDEBUG rally.task.utils [-] Waiting for resource s_rally_a92904c0_OYhUsNVZ. Status changed: ACTIVE => MIGRATING in 0.2041640281677246
2020-04-13 03:39:21.736 15935 INFO rally.task.runner [-] Task 54ca9db5-9f0d-4f62-872e-be11d4cd768c | ITER: 6 END: OK
2020-04-13 03:39:21.741 15935 INFO rally.task.runner [-] Task 54ca9db5-9f0d-4f62-872e-be11d4cd768c | ITER: 9 START
2020-04-13 03:39:27.950 15936 RALLYDEBUG rally.task.utils [-] Waiting for resource s_rally_a92904c0_7wWdkAHt. Status changed: MIGRATING => ACTIVE in 25.023157119750977
2020-04-13 03:39:29.263 15934 RALLYDEBUG rally.task.utils [-] Waiting for resource s_rally_a92904c0_WYCHz72p. Status changed: BUILD => ACTIVE in 6.813756227493286
2020-04-13 03:39:30.473 15935 RALLYDEBUG rally.task.utils [-] Waiting for resource s_rally_a92904c0_lHN37jhd. Status changed: BUILD => ACTIVE in 6.726834535598755
2020-04-13 03:39:30.589 15936 INFO rally.task.runner [-] Task 54ca9db5-9f0d-4f62-872e-be11d4cd768c | ITER: 5 END: OK
2020-04-13 03:39:30.594 15936 INFO rally.task.runner [-] Task 54ca9db5-9f0d-4f62-872e-be11d4cd768c | ITER: 10 START
2020-04-13 03:39:32.157 15934 RALLYDEBUG rally.task.utils [-] Waiting for resource s_rally_a92904c0_WYCHz72p. Status changed: ACTIVE => MIGRATING in 0.628619909286499
2020-04-13 03:39:32.964 15935 RALLYDEBUG rally.task.utils [-] Waiting for resource s_rally_a92904c0_lHN37jhd. Status changed: ACTIVE => MIGRATING in 0.23333263397216797
2020-04-13 03:39:38.442 15937 RALLYDEBUG rally.task.utils [-] Waiting for resource s_rally_a92904c0_OYhUsNVZ. Status changed: MIGRATING => ACTIVE in 16.78817057609558
2020-04-13 03:39:41.270 15937 INFO rally.task.runner [-] Task 54ca9db5-9f0d-4f62-872e-be11d4cd768c | ITER: 7 END: OK
2020-04-13 03:39:41.391 15934 RALLYDEBUG rally.task.utils [-] Waiting for resource s_rally_a92904c0_WYCHz72p. Status changed: MIGRATING => ACTIVE in 9.233581066131592
2020-04-13 03:39:41.689 15936 RALLYDEBUG rally.task.utils [-] Waiting for resource s_rally_a92904c0_glIKgKM1. Status changed: BUILD => ACTIVE in 9.161893367767334
2020-04-13 03:39:44.123 15934 INFO rally.task.runner [-] Task 54ca9db5-9f0d-4f62-872e-be11d4cd768c | ITER: 8 END: OK
2020-04-13 03:39:44.256 15936 RALLYDEBUG rally.task.utils [-] Waiting for resource s_rally_a92904c0_glIKgKM1. Status changed: ACTIVE => MIGRATING in 0.2533683776855469
2020-04-13 03:39:48.743 15935 RALLYDEBUG rally.task.utils [-] Waiting for resource s_rally_a92904c0_lHN37jhd. Status changed: MIGRATING => ACTIVE in 15.779109477996826
2020-04-13 03:39:51.349 15935 INFO rally.task.runner [-] Task 54ca9db5-9f0d-4f62-872e-be11d4cd768c | ITER: 9 END: OK
2020-04-13 03:39:59.869 15936 RALLYDEBUG rally.task.utils [-] Waiting for resource s_rally_a92904c0_glIKgKM1. Status changed: MIGRATING => ACTIVE in 15.612732887268066
2020-04-13 03:40:02.613 15936 INFO rally.task.runner [-] Task 54ca9db5-9f0d-4f62-872e-be11d4cd768c | ITER: 10 END: OK
2020-04-13 03:40:02.641 14489 INFO rally.task.context [-] Task 54ca9db5-9f0d-4f62-872e-be11d4cd768c | Context cleanup@openstack cleanup() started
2020-04-13 03:40:02.651 14489 RALLYDEBUG rally_openstack.cleanup.manager [-] Cleaning up nova servers objects
2020-04-13 03:40:03.337 14489 RALLYDEBUG rally_openstack.cleanup.manager [-] Cleaning up nova server_groups objects
2020-04-13 03:40:03.819 14489 RALLYDEBUG rally_openstack.cleanup.manager [-] Cleaning up nova keypairs objects
2020-04-13 03:40:04.884 14489 INFO rally.task.context [-] Task 54ca9db5-9f0d-4f62-872e-be11d4cd768c | Context cleanup@openstack cleanup() finished in 2.24 sec
2020-04-13 03:40:04.885 14489 INFO rally.task.context [-] Task 54ca9db5-9f0d-4f62-872e-be11d4cd768c | Context users@openstack cleanup() started
2020-04-13 03:40:05.041 14489 WARNING rally.common.logging [-] `iterate_per_tenants()' is deprecated in v3.0.0: it is openstack specific.. Used at
2020-04-13 03:40:07.126 14489 INFO rally.task.context [-] Task 54ca9db5-9f0d-4f62-872e-be11d4cd768c | Context users@openstack cleanup() finished in 2.24 sec
2020-04-13 03:40:08.898 14489 INFO rally.task.engine [-] Load duration is: 97.199389
2020-04-13 03:40:08.898 14489 INFO rally.task.engine [-] Full runner duration is: 98.250793
2020-04-13 03:40:08.899 14489 INFO rally.task.engine [-] Full duration is: 104.742954
2020-04-13 03:40:08.995 14489 INFO rally.task.engine [-] Running workload: position = 0 config = { "version": 2, "title": "A cropped version of a bigger task.", "description": "Auto-generated task from a single workload (uuid=2eda1f99-7c65-42be-9acf-71b013bbe350)", "subtasks": [ { "title": "NovaServers.boot_server_attach_created_volume_and_live_migrate", "description": "Create a VM, attach a volume to it and live migrate.", "scenario": { "NovaServers.boot_server_attach_created_volume_and_live_migrate": { "flavor": { "name": "rally_full_cntt-flavor_044c9470-22d6-4136-99e6-972dd7ba6ded" }, "image": { "name": "rally_full_cntt-img_044c9470-22d6-4136-99e6-972dd7ba6ded" }, "size": 10, "block_migration": false, "boot_server_kwargs": { "nics": [ { "net-id": "d5c82f55-cd77-41d0-b8f0-9f2abb7d4008" } ] } } }, "contexts": { "users": { "tenants": 3, "users_per_tenant": 2 }, "api_versions": { "cinder": { "version": 3, "service_type": "volumev3" } } }, "runner": { "constant": { "concurrency": 4, "times": 10 } }, "hooks": [], "sla": { "failure_rate": { "max": 0 } } } ] }
2020-04-13 03:40:09.018 14489 RALLYDEBUG rally_openstack.contexts.keystone.users [-] Creating 3 tenants using 3 threads
2020-04-13 03:40:09.537 14489 RALLYDEBUG rally_openstack.contexts.keystone.users [-] Creating 6 users using 6 threads
2020-04-13 03:40:10.616 14489 INFO rally.task.context [-] Task 54ca9db5-9f0d-4f62-872e-be11d4cd768c | Context users@openstack setup() finished in 1.60 sec
2020-04-13 03:40:10.861 14489 INFO rally.task.context [-] Task 54ca9db5-9f0d-4f62-872e-be11d4cd768c | Context api_versions@openstack setup() finished in 0.24 sec
2020-04-13 03:40:10.862 14489 INFO rally.task.context [-] Task 54ca9db5-9f0d-4f62-872e-be11d4cd768c | Context cleanup@openstack setup() finished in 0.13 msec
2020-04-13 03:40:11.520 14489 RALLYDEBUG rally.task.runner [-] Starting the constant runner (task UUID: 54ca9db5-9f0d-4f62-872e-be11d4cd768c). times: 10 concurrency: 4 timeout: 0 max_cpu_used: 88 processes_to_start: 4 concurrency_per_worker: 1 concurrency_overhead: 0
2020-04-13 03:40:11.534 16067 RALLYDEBUG rally.task.runner [-] Starting a worker. times: 10 duration: None concurrency: 1 timeout: 0 cls: method_name: run args: {"flavor": "9aa73c23-88f1-4dc3-bf55-62ae88433dc3", "image": "2a496ff0-46a2-42f3-b37f-80386448dd5b", "size": 10, "block_migration": false, "boot_server_kwargs": {"nics": [{"net-id": "d5c82f55-cd77-41d0-b8f0-9f2abb7d4008"}]}}
2020-04-13 03:40:11.538 16068 RALLYDEBUG rally.task.runner [-] Starting a worker. times: 10 duration: None concurrency: 1 timeout: 0 cls: method_name: run args: {"flavor": "9aa73c23-88f1-4dc3-bf55-62ae88433dc3", "image": "2a496ff0-46a2-42f3-b37f-80386448dd5b", "size": 10, "block_migration": false, "boot_server_kwargs": {"nics": [{"net-id": "d5c82f55-cd77-41d0-b8f0-9f2abb7d4008"}]}}
2020-04-13 03:40:11.542 16067 INFO rally.task.runner [-] Task 54ca9db5-9f0d-4f62-872e-be11d4cd768c | ITER: 1 START
