2020-04-13 02:36:43.673 501 INFO rally.task.engine [-] Running workload: position = 0 config = { "version": 2, "title": "A cropped version of a bigger task.", "description": "Auto-generated task from a single workload (uuid=84d23367-d9f4-4486-a236-1f539fab2b6e)", "subtasks": [ { "title": "GlanceImages.create_and_list_image", "description": "Create an image and then list all images.", "scenario": { "GlanceImages.create_and_list_image": { "container_format": "bare", "disk_format": "qcow2", "image_location": "/home/opnfv/functest/images/cirros-0.4.0-x86_64-disk.img" } }, "contexts": { "users": { "tenants": 3, "users_per_tenant": 2 } }, "runner": { "constant": { "concurrency": 4, "times": 10 } }, "hooks": [], "sla": { "failure_rate": { "max": 0 } } } ] }
2020-04-13 02:36:43.695 501 RALLYDEBUG rally_openstack.contexts.keystone.users [-] Creating 3 tenants using 3 threads
2020-04-13 02:36:44.164 501 RALLYDEBUG rally_openstack.contexts.keystone.users [-] Creating 6 users using 6 threads
2020-04-13 02:36:45.016 501 INFO rally.task.context [-] Task 4bea0479-fb46-4f8d-af8e-dcd5c3329375 | Context users@openstack setup() finished in 1.32 sec
2020-04-13 02:36:45.017 501 INFO rally.task.context [-] Task 4bea0479-fb46-4f8d-af8e-dcd5c3329375 | Context cleanup@openstack setup() finished in 0.02 msec
2020-04-13 02:36:45.028 501 RALLYDEBUG rally.task.runner [-] Starting the constant runner (task UUID: 4bea0479-fb46-4f8d-af8e-dcd5c3329375). times: 10 concurrency: 4 timeout: 0 max_cpu_used: 88 processes_to_start: 4 concurrency_per_worker: 1 concurrency_overhead: 0
2020-04-13 02:36:45.039 649 RALLYDEBUG rally.task.runner [-] Starting a worker. times: 10 duration: None concurrency: 1 timeout: 0 cls: method_name: run args: {"container_format": "bare", "disk_format": "qcow2", "image_location": "/home/opnfv/functest/images/cirros-0.4.0-x86_64-disk.img"}
2020-04-13 02:36:45.042 650 RALLYDEBUG rally.task.runner [-] Starting a worker. times: 10 duration: None concurrency: 1 timeout: 0 cls: method_name: run args: {"container_format": "bare", "disk_format": "qcow2", "image_location": "/home/opnfv/functest/images/cirros-0.4.0-x86_64-disk.img"}
2020-04-13 02:36:45.045 649 INFO rally.task.runner [-] Task 4bea0479-fb46-4f8d-af8e-dcd5c3329375 | ITER: 1 START
2020-04-13 02:36:45.045 651 RALLYDEBUG rally.task.runner [-] Starting a worker. times: 10 duration: None concurrency: 1 timeout: 0 cls: method_name: run args: {"container_format": "bare", "disk_format": "qcow2", "image_location": "/home/opnfv/functest/images/cirros-0.4.0-x86_64-disk.img"}
2020-04-13 02:36:45.047 652 RALLYDEBUG rally.task.runner [-] Starting a worker. times: 10 duration: None concurrency: 1 timeout: 0 cls: method_name: run args: {"container_format": "bare", "disk_format": "qcow2", "image_location": "/home/opnfv/functest/images/cirros-0.4.0-x86_64-disk.img"}
2020-04-13 02:36:45.048 650 INFO rally.task.runner [-] Task 4bea0479-fb46-4f8d-af8e-dcd5c3329375 | ITER: 2 START
2020-04-13 02:36:45.051 651 INFO rally.task.runner [-] Task 4bea0479-fb46-4f8d-af8e-dcd5c3329375 | ITER: 3 START
2020-04-13 02:36:45.054 652 INFO rally.task.runner [-] Task 4bea0479-fb46-4f8d-af8e-dcd5c3329375 | ITER: 4 START
2020-04-13 02:36:47.501 650 RALLYDEBUG rally.task.utils [-] Waiting for resource 'a7899f54-5996-47e5-ad3c-a5e763ff7cfd'. Status changed: NONE => QUEUED in 0.040906667709350586
2020-04-13 02:36:47.523 649 RALLYDEBUG rally.task.utils [-] Waiting for resource 'dc15f176-a8b7-4fb8-b7ec-0651f7febe5f'. Status changed: NONE => QUEUED in 0.04681873321533203
2020-04-13 02:36:47.524 651 RALLYDEBUG rally.task.utils [-] Waiting for resource 'f21c6de4-8382-4394-b2a9-e4a5464ae434'. Status changed: NONE => QUEUED in 0.040128469467163086
2020-04-13 02:36:47.548 652 RALLYDEBUG rally.task.utils [-] Waiting for resource '5a477f8a-d2b1-4f3a-86da-5c8e11818894'. Status changed: NONE => QUEUED in 0.040294647216796875
2020-04-13 02:36:48.154 649 RALLYDEBUG rally.task.utils [-] Waiting for resource s_rally_84d23367_r5fkKUfT. Status changed: QUEUED => ACTIVE in 0.02574443817138672
2020-04-13 02:36:48.165 650 RALLYDEBUG rally.task.utils [-] Waiting for resource s_rally_84d23367_wjd1fWPr. Status changed: QUEUED => ACTIVE in 0.02395939826965332
2020-04-13 02:36:48.176 651 RALLYDEBUG rally.task.utils [-] Waiting for resource s_rally_84d23367_0xlKEodq. Status changed: QUEUED => ACTIVE in 0.026287555694580078
2020-04-13 02:36:48.185 652 RALLYDEBUG rally.task.utils [-] Waiting for resource s_rally_84d23367_zWHrCeL1. Status changed: QUEUED => ACTIVE in 0.025146007537841797
2020-04-13 02:36:48.221 650 INFO rally.task.runner [-] Task 4bea0479-fb46-4f8d-af8e-dcd5c3329375 | ITER: 2 END: OK
2020-04-13 02:36:48.221 649 INFO rally.task.runner [-] Task 4bea0479-fb46-4f8d-af8e-dcd5c3329375 | ITER: 1 END: OK
2020-04-13 02:36:48.224 650 INFO rally.task.runner [-] Task 4bea0479-fb46-4f8d-af8e-dcd5c3329375 | ITER: 5 START
2020-04-13 02:36:48.226 649 INFO rally.task.runner [-] Task 4bea0479-fb46-4f8d-af8e-dcd5c3329375 | ITER: 6 START
2020-04-13 02:36:48.234 651 INFO rally.task.runner [-] Task 4bea0479-fb46-4f8d-af8e-dcd5c3329375 | ITER: 3 END: OK
2020-04-13 02:36:48.239 651 INFO rally.task.runner [-] Task 4bea0479-fb46-4f8d-af8e-dcd5c3329375 | ITER: 7 START
2020-04-13 02:36:48.246 652 INFO rally.task.runner [-] Task 4bea0479-fb46-4f8d-af8e-dcd5c3329375 | ITER: 4 END: OK
2020-04-13 02:36:48.251 652 INFO rally.task.runner [-] Task 4bea0479-fb46-4f8d-af8e-dcd5c3329375 | ITER: 8 START
2020-04-13 02:36:50.564 649 RALLYDEBUG rally.task.utils [-] Waiting for resource '1f489e96-cbd1-46db-9691-953702baae0b'. Status changed: NONE => QUEUED in 0.04309678077697754
2020-04-13 02:36:50.665 650 RALLYDEBUG rally.task.utils [-] Waiting for resource 'b8fa5045-a429-4a58-91e5-f8e89c6913c7'. Status changed: NONE => QUEUED in 0.049494266510009766
2020-04-13 02:36:50.670 651 RALLYDEBUG rally.task.utils [-] Waiting for resource '22204a56-dbca-45ae-a06e-96d4683e6fe7'. Status changed: NONE => QUEUED in 0.04657602310180664
2020-04-13 02:36:50.678 652 RALLYDEBUG rally.task.utils [-] Waiting for resource '57520a59-cfd3-47e3-a347-4741e7c81e6d'. Status changed: NONE => QUEUED in 0.04728555679321289
2020-04-13 02:36:50.983 649 RALLYDEBUG rally.task.utils [-] Waiting for resource s_rally_84d23367_HFSnWuJZ. Status changed: QUEUED => ACTIVE in 0.025867223739624023
2020-04-13 02:36:51.053 649 INFO rally.task.runner [-] Task 4bea0479-fb46-4f8d-af8e-dcd5c3329375 | ITER: 6 END: OK
2020-04-13 02:36:51.057 649 INFO rally.task.runner [-] Task 4bea0479-fb46-4f8d-af8e-dcd5c3329375 | ITER: 9 START
2020-04-13 02:36:51.111 650 RALLYDEBUG rally.task.utils [-] Waiting for resource s_rally_84d23367_TLeXboa9. Status changed: QUEUED => ACTIVE in 0.02769923210144043
2020-04-13 02:36:51.115 651 RALLYDEBUG rally.task.utils [-] Waiting for resource s_rally_84d23367_ORXlbl1D. Status changed: QUEUED => ACTIVE in 0.022952556610107422
2020-04-13 02:36:51.120 652 RALLYDEBUG rally.task.utils [-] Waiting for resource s_rally_84d23367_wnbjTyJT. Status changed: QUEUED => ACTIVE in 0.026972532272338867
2020-04-13 02:36:51.166 650 INFO rally.task.runner [-] Task 4bea0479-fb46-4f8d-af8e-dcd5c3329375 | ITER: 5 END: OK
2020-04-13 02:36:51.170 650 INFO rally.task.runner [-] Task 4bea0479-fb46-4f8d-af8e-dcd5c3329375 | ITER: 10 START
2020-04-13 02:36:51.177 652 INFO rally.task.runner [-] Task 4bea0479-fb46-4f8d-af8e-dcd5c3329375 | ITER: 8 END: OK
2020-04-13 02:36:51.182 651 INFO rally.task.runner [-] Task 4bea0479-fb46-4f8d-af8e-dcd5c3329375 | ITER: 7 END: OK
2020-04-13 02:36:53.489 649 RALLYDEBUG rally.task.utils [-] Waiting for resource 'ecb3e0ab-e3da-4aca-99b2-16d20bef00a3'. Status changed: NONE => QUEUED in 0.04171252250671387
2020-04-13 02:36:53.519 650 RALLYDEBUG rally.task.utils [-] Waiting for resource 'ec68bde9-f5d8-4b51-9db6-229552b40196'. Status changed: NONE => QUEUED in 0.04788780212402344
2020-04-13 02:36:54.114 650 RALLYDEBUG rally.task.utils [-] Waiting for resource s_rally_84d23367_WqrrZtr1. Status changed: QUEUED => ACTIVE in 0.025644540786743164
2020-04-13 02:36:54.126 649 RALLYDEBUG rally.task.utils [-] Waiting for resource s_rally_84d23367_FqtM9ih9. Status changed: QUEUED => ACTIVE in 0.028168678283691406
2020-04-13 02:36:54.167 650 INFO rally.task.runner [-] Task 4bea0479-fb46-4f8d-af8e-dcd5c3329375 | ITER: 10 END: OK
2020-04-13 02:36:54.187 649 INFO rally.task.runner [-] Task 4bea0479-fb46-4f8d-af8e-dcd5c3329375 | ITER: 9 END: OK
2020-04-13 02:36:54.207 501 INFO rally.task.context [-] Task 4bea0479-fb46-4f8d-af8e-dcd5c3329375 | Context cleanup@openstack cleanup() started
2020-04-13 02:36:54.212 501 RALLYDEBUG rally_openstack.cleanup.manager [-] Cleaning up glance images objects
2020-04-13 02:36:55.192 501 RALLYDEBUG rally_openstack.cleanup.manager [-] Deleting glance.images object s_rally_84d23367_ORXlbl1D (22204a56-dbca-45ae-a06e-96d4683e6fe7)
2020-04-13 02:36:55.203 501 RALLYDEBUG rally_openstack.cleanup.manager [-] Deleting glance.images object s_rally_84d23367_HFSnWuJZ (1f489e96-cbd1-46db-9691-953702baae0b)
2020-04-13 02:36:55.231 501 RALLYDEBUG rally_openstack.cleanup.manager [-] Deleting glance.images object s_rally_84d23367_wnbjTyJT (57520a59-cfd3-47e3-a347-4741e7c81e6d)
2020-04-13 02:36:55.234 501 RALLYDEBUG rally_openstack.cleanup.manager [-] Deleting glance.images object s_rally_84d23367_wjd1fWPr (a7899f54-5996-47e5-ad3c-a5e763ff7cfd)
2020-04-13 02:36:55.234 501 RALLYDEBUG rally_openstack.cleanup.manager [-] Deleting glance.images object s_rally_84d23367_FqtM9ih9 (ecb3e0ab-e3da-4aca-99b2-16d20bef00a3)
2020-04-13 02:36:55.225 501 RALLYDEBUG rally_openstack.cleanup.manager [-] Deleting glance.images object s_rally_84d23367_TLeXboa9 (b8fa5045-a429-4a58-91e5-f8e89c6913c7)
2020-04-13 02:36:55.251 501 RALLYDEBUG rally_openstack.cleanup.manager [-] Deleting glance.images object s_rally_84d23367_zWHrCeL1 (5a477f8a-d2b1-4f3a-86da-5c8e11818894)
2020-04-13 02:36:55.257 501 RALLYDEBUG rally_openstack.cleanup.manager [-] Deleting glance.images object s_rally_84d23367_WqrrZtr1 (ec68bde9-f5d8-4b51-9db6-229552b40196)
2020-04-13 02:36:55.257 501 RALLYDEBUG rally_openstack.cleanup.manager [-] Deleting glance.images object s_rally_84d23367_0xlKEodq (f21c6de4-8382-4394-b2a9-e4a5464ae434)
2020-04-13 02:36:55.269 501 RALLYDEBUG rally_openstack.cleanup.manager [-] Deleting glance.images object s_rally_84d23367_r5fkKUfT (dc15f176-a8b7-4fb8-b7ec-0651f7febe5f)
2020-04-13 02:36:55.698 501 DEBUG glanceclient.common.http [-] Request returned failure status 404. _handle_response /usr/lib/python3.7/site-packages/glanceclient/common/http.py:125
2020-04-13 02:36:55.722 501 DEBUG glanceclient.common.http [-] Request returned failure status 404. _handle_response /usr/lib/python3.7/site-packages/glanceclient/common/http.py:125
2020-04-13 02:36:55.771 501 DEBUG glanceclient.common.http [-] Request returned failure status 404. _handle_response /usr/lib/python3.7/site-packages/glanceclient/common/http.py:125
2020-04-13 02:36:55.796 501 DEBUG glanceclient.common.http [-] Request returned failure status 404. _handle_response /usr/lib/python3.7/site-packages/glanceclient/common/http.py:125
2020-04-13 02:36:55.835 501 DEBUG glanceclient.common.http [-] Request returned failure status 404. _handle_response /usr/lib/python3.7/site-packages/glanceclient/common/http.py:125
2020-04-13 02:36:55.860 501 DEBUG glanceclient.common.http [-] Request returned failure status 404. _handle_response /usr/lib/python3.7/site-packages/glanceclient/common/http.py:125
2020-04-13 02:36:55.867 501 DEBUG glanceclient.common.http [-] Request returned failure status 404. _handle_response /usr/lib/python3.7/site-packages/glanceclient/common/http.py:125
2020-04-13 02:36:55.880 501 DEBUG glanceclient.common.http [-] Request returned failure status 404. _handle_response /usr/lib/python3.7/site-packages/glanceclient/common/http.py:125
2020-04-13 02:36:55.903 501 DEBUG glanceclient.common.http [-] Request returned failure status 404. _handle_response /usr/lib/python3.7/site-packages/glanceclient/common/http.py:125
2020-04-13 02:36:55.906 501 DEBUG glanceclient.common.http [-] Request returned failure status 404. _handle_response /usr/lib/python3.7/site-packages/glanceclient/common/http.py:125
2020-04-13 02:36:55.921 501 DEBUG glanceclient.common.http [-] Request returned failure status 404. _handle_response /usr/lib/python3.7/site-packages/glanceclient/common/http.py:125
2020-04-13 02:36:55.925 501 DEBUG glanceclient.common.http [-] Request returned failure status 404. _handle_response /usr/lib/python3.7/site-packages/glanceclient/common/http.py:125
2020-04-13 02:36:55.934 501 DEBUG glanceclient.common.http [-] Request returned failure status 404. _handle_response /usr/lib/python3.7/site-packages/glanceclient/common/http.py:125
2020-04-13 02:36:55.950 501 DEBUG glanceclient.common.http [-] Request returned failure status 404. _handle_response /usr/lib/python3.7/site-packages/glanceclient/common/http.py:125
2020-04-13 02:36:55.952 501 DEBUG glanceclient.common.http [-] Request returned failure status 404. _handle_response /usr/lib/python3.7/site-packages/glanceclient/common/http.py:125
2020-04-13 02:36:55.970 501 DEBUG glanceclient.common.http [-] Request returned failure status 404. _handle_response /usr/lib/python3.7/site-packages/glanceclient/common/http.py:125
2020-04-13 02:36:55.972 501 DEBUG glanceclient.common.http [-] Request returned failure status 404. _handle_response /usr/lib/python3.7/site-packages/glanceclient/common/http.py:125
2020-04-13 02:36:55.974 501 DEBUG glanceclient.common.http [-] Request returned failure status 404. _handle_response /usr/lib/python3.7/site-packages/glanceclient/common/http.py:125
2020-04-13 02:36:55.983 501 DEBUG glanceclient.common.http [-] Request returned failure status 404. _handle_response /usr/lib/python3.7/site-packages/glanceclient/common/http.py:125
2020-04-13 02:36:56.006 501 DEBUG glanceclient.common.http [-] Request returned failure status 404. _handle_response /usr/lib/python3.7/site-packages/glanceclient/common/http.py:125
2020-04-13 02:36:57.009 501 INFO rally.task.context [-] Task 4bea0479-fb46-4f8d-af8e-dcd5c3329375 | Context cleanup@openstack cleanup() finished in 2.80 sec
2020-04-13 02:36:57.010 501 INFO rally.task.context [-] Task 4bea0479-fb46-4f8d-af8e-dcd5c3329375 | Context users@openstack cleanup() started
2020-04-13 02:36:57.201 501 WARNING rally.common.logging [-] `iterate_per_tenants()' is deprecated in v3.0.0: it is openstack specific.. Used at
2020-04-13 02:37:04.495 501 INFO rally.task.context [-] Task 4bea0479-fb46-4f8d-af8e-dcd5c3329375 | Context users@openstack cleanup() finished in 7.48 sec
2020-04-13 02:37:05.844 501 INFO rally.task.engine [-] Load duration is: 8.965163
2020-04-13 02:37:05.845 501 INFO rally.task.engine [-] Full runner duration is: 9.180398
2020-04-13 02:37:05.845 501 INFO rally.task.engine [-] Full duration is: 20.801222
2020-04-13 02:37:05.931 501 INFO rally.task.engine [-] Running workload: position = 0 config = { "version": 2, "title": "A cropped version of a bigger task.", "description": "Auto-generated task from a single workload (uuid=cf38f0c1-0f9d-4898-83ec-6e5da882c4c3)", "subtasks": [ { "title": "GlanceImages.list_images", "description": "List all images.", "scenario": { "GlanceImages.list_images": {} }, "contexts": { "users": { "tenants": 3, "users_per_tenant": 2 } }, "runner": { "constant": { "concurrency": 4, "times": 10 } }, "hooks": [], "sla": { "failure_rate": { "max": 0 } } } ] }
2020-04-13 02:37:05.944 501 RALLYDEBUG rally_openstack.contexts.keystone.users [-] Creating 3 tenants using 3 threads
2020-04-13 02:37:06.459 501 RALLYDEBUG rally_openstack.contexts.keystone.users [-] Creating 6 users using 6 threads
2020-04-13 02:37:07.435 501 INFO rally.task.context [-] Task 4bea0479-fb46-4f8d-af8e-dcd5c3329375 | Context users@openstack setup() finished in 1.49 sec
2020-04-13 02:37:07.443 501 RALLYDEBUG rally.task.runner [-] Starting the constant runner (task UUID: 4bea0479-fb46-4f8d-af8e-dcd5c3329375). times: 10 concurrency: 4 timeout: 0 max_cpu_used: 88 processes_to_start: 4 concurrency_per_worker: 1 concurrency_overhead: 0
2020-04-13 02:37:07.454 742 RALLYDEBUG rally.task.runner [-] Starting a worker. times: 10 duration: None concurrency: 1 timeout: 0 cls: method_name: run args: {}
2020-04-13 02:37:07.457 743 RALLYDEBUG rally.task.runner [-] Starting a worker. times: 10 duration: None concurrency: 1 timeout: 0 cls: method_name: run args: {}
2020-04-13 02:37:07.461 742 INFO rally.task.runner [-] Task 4bea0479-fb46-4f8d-af8e-dcd5c3329375 | ITER: 1 START
2020-04-13 02:37:07.460 744 RALLYDEBUG rally.task.runner [-] Starting a worker. times: 10 duration: None concurrency: 1 timeout: 0 cls: method_name: run args: {}
2020-04-13 02:37:07.463 745 RALLYDEBUG rally.task.runner [-] Starting a worker. times: 10 duration: None concurrency: 1 timeout: 0 cls: method_name: run args: {}
2020-04-13 02:37:07.464 743 INFO rally.task.runner [-] Task 4bea0479-fb46-4f8d-af8e-dcd5c3329375 | ITER: 2 START
2020-04-13 02:37:07.466 744 INFO rally.task.runner [-] Task 4bea0479-fb46-4f8d-af8e-dcd5c3329375 | ITER: 3 START
2020-04-13 02:37:07.467 745 INFO rally.task.runner [-] Task 4bea0479-fb46-4f8d-af8e-dcd5c3329375 | ITER: 4 START
2020-04-13 02:37:07.883 742 INFO rally.task.runner [-] Task 4bea0479-fb46-4f8d-af8e-dcd5c3329375 | ITER: 1 END: OK
2020-04-13 02:37:07.888 742 INFO rally.task.runner [-] Task 4bea0479-fb46-4f8d-af8e-dcd5c3329375 | ITER: 5 START
2020-04-13 02:37:07.891 744 INFO rally.task.runner [-] Task 4bea0479-fb46-4f8d-af8e-dcd5c3329375 | ITER: 3 END: OK
2020-04-13 02:37:07.892 745 INFO rally.task.runner [-] Task 4bea0479-fb46-4f8d-af8e-dcd5c3329375 | ITER: 4 END: OK
2020-04-13 02:37:07.895 744 INFO rally.task.runner [-] Task 4bea0479-fb46-4f8d-af8e-dcd5c3329375 | ITER: 6 START
2020-04-13 02:37:07.896 745 INFO rally.task.runner [-] Task 4bea0479-fb46-4f8d-af8e-dcd5c3329375 | ITER: 7 START
2020-04-13 02:37:07.902 743 INFO rally.task.runner [-] Task 4bea0479-fb46-4f8d-af8e-dcd5c3329375 | ITER: 2 END: OK
2020-04-13 02:37:07.907 743 INFO rally.task.runner [-] Task 4bea0479-fb46-4f8d-af8e-dcd5c3329375 | ITER: 8 START
2020-04-13 02:37:08.132 744 INFO rally.task.runner [-] Task 4bea0479-fb46-4f8d-af8e-dcd5c3329375 | ITER: 6 END: OK
2020-04-13 02:37:08.136 744 INFO rally.task.runner [-] Task 4bea0479-fb46-4f8d-af8e-dcd5c3329375 | ITER: 9 START
2020-04-13 02:37:08.150 745 INFO rally.task.runner [-] Task 4bea0479-fb46-4f8d-af8e-dcd5c3329375 | ITER: 7 END: OK
2020-04-13 02:37:08.154 745 INFO rally.task.runner [-] Task 4bea0479-fb46-4f8d-af8e-dcd5c3329375 | ITER: 10 START
2020-04-13 02:37:08.229 743 INFO rally.task.runner [-] Task 4bea0479-fb46-4f8d-af8e-dcd5c3329375 | ITER: 8 END: OK
2020-04-13 02:37:08.232 742 INFO rally.task.runner [-] Task 4bea0479-fb46-4f8d-af8e-dcd5c3329375 | ITER: 5 END: OK
2020-04-13 02:37:08.522 745 INFO rally.task.runner [-] Task 4bea0479-fb46-4f8d-af8e-dcd5c3329375 | ITER: 10 END: OK
2020-04-13 02:37:08.565 744 INFO rally.task.runner [-] Task 4bea0479-fb46-4f8d-af8e-dcd5c3329375 | ITER: 9 END: OK
2020-04-13 02:37:08.595 501 INFO rally.task.context [-] Task 4bea0479-fb46-4f8d-af8e-dcd5c3329375 | Context users@openstack cleanup() started
2020-04-13 02:37:08.874 501 WARNING rally.common.logging [-] `iterate_per_tenants()' is deprecated in v3.0.0: it is openstack specific.. Used at
2020-04-13 02:37:13.100 501 INFO rally.task.context [-] Task 4bea0479-fb46-4f8d-af8e-dcd5c3329375 | Context users@openstack cleanup() finished in 4.51 sec
2020-04-13 02:37:14.024 501 INFO rally.task.engine [-] Load duration is: 0.895833
2020-04-13 02:37:14.025 501 INFO rally.task.engine [-] Full runner duration is: 1.151779
2020-04-13 02:37:14.025 501 INFO rally.task.engine [-] Full duration is: 7.158139
2020-04-13 02:37:14.179 501 INFO rally.task.engine [-] Running workload: position = 0 config = { "version": 2, "title": "A cropped version of a bigger task.", "description": "Auto-generated task from a single workload (uuid=441218ea-4195-418e-8170-07f390d113e8)", "subtasks": [ { "title": "GlanceImages.create_image_and_boot_instances", "description": "Create an image and boot several instances from it.", "scenario": { "GlanceImages.create_image_and_boot_instances": { "container_format": "bare", "disk_format": "qcow2", "image_location": "/home/opnfv/functest/images/cirros-0.4.0-x86_64-disk.img", "flavor": { "name": "rally_full_cntt-flavor_044c9470-22d6-4136-99e6-972dd7ba6ded" }, "number_instances": 2, "boot_server_kwargs": { "nics": [ { "net-id": "d5c82f55-cd77-41d0-b8f0-9f2abb7d4008" } ] } } }, "contexts": { "users": { "tenants": 3, "users_per_tenant": 2 }, "quotas": { "nova": { "cores": -1, "floating_ips": -1, "instances": -1, "ram": -1, "security_group_rules": -1, "security_groups": -1 } } }, "runner": { "constant": { "concurrency": 4, "times": 10 } }, "hooks": [], "sla": { "failure_rate": { "max": 0 } } } ] }
2020-04-13 02:37:14.201 501 RALLYDEBUG rally_openstack.contexts.keystone.users [-] Creating 3 tenants using 3 threads
2020-04-13 02:37:14.678 501 RALLYDEBUG rally_openstack.contexts.keystone.users [-] Creating 6 users using 6 threads
2020-04-13 02:37:15.590 501 INFO rally.task.context [-] Task 4bea0479-fb46-4f8d-af8e-dcd5c3329375 | Context users@openstack setup() finished in 1.39 sec
2020-04-13 02:37:16.466 501 INFO rally.task.context [-] Task 4bea0479-fb46-4f8d-af8e-dcd5c3329375 | Context quotas@openstack setup() finished in 0.88 sec
2020-04-13 02:37:16.467 501 INFO rally.task.context [-] Task 4bea0479-fb46-4f8d-af8e-dcd5c3329375 | Context cleanup@openstack setup() finished in 0.03 msec
2020-04-13 02:37:16.639 501 RALLYDEBUG rally.task.runner [-] Starting the constant runner (task UUID: 4bea0479-fb46-4f8d-af8e-dcd5c3329375). times: 10 concurrency: 4 timeout: 0 max_cpu_used: 88 processes_to_start: 4 concurrency_per_worker: 1 concurrency_overhead: 0
2020-04-13 02:37:16.652 815 RALLYDEBUG rally.task.runner [-] Starting a worker. times: 10 duration: None concurrency: 1 timeout: 0 cls: method_name: run args: {"container_format": "bare", "disk_format": "qcow2", "image_location": "/home/opnfv/functest/images/cirros-0.4.0-x86_64-disk.img", "flavor": "9aa73c23-88f1-4dc3-bf55-62ae88433dc3", "number_instances": 2, "boot_server_kwargs": {"nics": [{"net-id": "d5c82f55-cd77-41d0-b8f0-9f2abb7d4008"}]}}
2020-04-13 02:37:16.655 816 RALLYDEBUG rally.task.runner [-] Starting a worker. times: 10 duration: None concurrency: 1 timeout: 0 cls: method_name: run args: {"container_format": "bare", "disk_format": "qcow2", "image_location": "/home/opnfv/functest/images/cirros-0.4.0-x86_64-disk.img", "flavor": "9aa73c23-88f1-4dc3-bf55-62ae88433dc3", "number_instances": 2, "boot_server_kwargs": {"nics": [{"net-id": "d5c82f55-cd77-41d0-b8f0-9f2abb7d4008"}]}}
2020-04-13 02:37:16.658 817 RALLYDEBUG rally.task.runner [-] Starting a worker. times: 10 duration: None concurrency: 1 timeout: 0 cls: method_name: run args: {"container_format": "bare", "disk_format": "qcow2", "image_location": "/home/opnfv/functest/images/cirros-0.4.0-x86_64-disk.img", "flavor": "9aa73c23-88f1-4dc3-bf55-62ae88433dc3", "number_instances": 2, "boot_server_kwargs": {"nics": [{"net-id": "d5c82f55-cd77-41d0-b8f0-9f2abb7d4008"}]}}
2020-04-13 02:37:16.660 815 INFO rally.task.runner [-] Task 4bea0479-fb46-4f8d-af8e-dcd5c3329375 | ITER: 1 START
2020-04-13 02:37:16.661 818 RALLYDEBUG rally.task.runner [-] Starting a worker. times: 10 duration: None concurrency: 1 timeout: 0 cls: method_name: run args: {"container_format": "bare", "disk_format": "qcow2", "image_location": "/home/opnfv/functest/images/cirros-0.4.0-x86_64-disk.img", "flavor": "9aa73c23-88f1-4dc3-bf55-62ae88433dc3", "number_instances": 2, "boot_server_kwargs": {"nics": [{"net-id": "d5c82f55-cd77-41d0-b8f0-9f2abb7d4008"}]}}
2020-04-13 02:37:16.664 816 INFO rally.task.runner [-] Task 4bea0479-fb46-4f8d-af8e-dcd5c3329375 | ITER: 2 START
2020-04-13 02:37:16.668 817 INFO rally.task.runner [-] Task 4bea0479-fb46-4f8d-af8e-dcd5c3329375 | ITER: 3 START
2020-04-13 02:37:16.669 818 INFO rally.task.runner [-] Task 4bea0479-fb46-4f8d-af8e-dcd5c3329375 | ITER: 4 START
2020-04-13 02:37:19.137 815 RALLYDEBUG rally.task.utils [-] Waiting for resource '46f6f2e1-c7ef-4712-84e2-bdfd66238ed7'. Status changed: NONE => QUEUED in 0.0498960018157959
2020-04-13 02:37:19.150 818 RALLYDEBUG rally.task.utils [-] Waiting for resource '0e82efc5-dd98-4c21-8a0a-34934c522a13'. Status changed: NONE => QUEUED in 0.04569220542907715
2020-04-13 02:37:19.157 817 RALLYDEBUG rally.task.utils [-] Waiting for resource 'c5eb2e57-61df-4cc4-b38f-b5b4301b29ad'. Status changed: NONE => QUEUED in 0.045807600021362305
2020-04-13 02:37:19.162 816 RALLYDEBUG rally.task.utils [-] Waiting for resource 'cf4e7833-ddc6-4040-a82a-c4b96ccdd947'. Status changed: NONE => QUEUED in 0.045961618423461914
2020-04-13 02:37:19.733 818 RALLYDEBUG rally.task.utils [-] Waiting for resource s_rally_441218ea_VIqhoLcj. Status changed: QUEUED => ACTIVE in 0.03199577331542969
2020-04-13 02:37:19.745 817 RALLYDEBUG rally.task.utils [-] Waiting for resource s_rally_441218ea_fU15hgWI. Status changed: QUEUED => ACTIVE in 0.0315859317779541
2020-04-13 02:37:19.746 815 RALLYDEBUG rally.task.utils [-] Waiting for resource s_rally_441218ea_0bRFKiqw. Status changed: QUEUED => ACTIVE in 0.03180694580078125
2020-04-13 02:37:19.774 816 RALLYDEBUG rally.task.utils [-] Waiting for resource s_rally_441218ea_Z43SiAHf. Status changed: QUEUED => ACTIVE in 0.025919675827026367
2020-04-13 02:38:01.351 818 RALLYDEBUG rally.task.utils [-] Waiting for resource s_rally_441218ea_NyRsPjEF_1. Status changed: BUILD => ACTIVE in 38.09423589706421
2020-04-13 02:38:01.550 818 RALLYDEBUG rally.task.utils [-] Waiting for resource s_rally_441218ea_NyRsPjEF_0. Status changed: BUILD => ACTIVE in 0.19694232940673828
2020-04-13 02:38:01.550 818 INFO rally.task.runner [-] Task 4bea0479-fb46-4f8d-af8e-dcd5c3329375 | ITER: 4 END: OK
2020-04-13 02:38:01.557 818 INFO rally.task.runner [-] Task 4bea0479-fb46-4f8d-af8e-dcd5c3329375 | ITER: 5 START
2020-04-13 02:38:01.994 817 RALLYDEBUG rally.task.utils [-] Waiting for resource s_rally_441218ea_a2spQnKP_1. Status changed: BUILD => ACTIVE in 38.37817096710205
2020-04-13 02:38:02.386 817 RALLYDEBUG rally.task.utils [-] Waiting for resource s_rally_441218ea_a2spQnKP_0. Status changed: BUILD => ACTIVE in 0.3899085521697998
2020-04-13 02:38:02.387 817 INFO rally.task.runner [-] Task 4bea0479-fb46-4f8d-af8e-dcd5c3329375 | ITER: 3 END: OK
2020-04-13 02:38:02.392 817 INFO rally.task.runner [-] Task 4bea0479-fb46-4f8d-af8e-dcd5c3329375 | ITER: 6 START
2020-04-13 02:38:02.454 815 RALLYDEBUG rally.task.utils [-] Waiting for resource s_rally_441218ea_K7omr9pg_1. Status changed: BUILD => ACTIVE in 38.78333902359009
2020-04-13 02:38:02.691 815 RALLYDEBUG rally.task.utils [-] Waiting for resource s_rally_441218ea_K7omr9pg_0. Status changed: BUILD => ACTIVE in 0.23523426055908203
2020-04-13 02:38:02.692 815 INFO rally.task.runner [-] Task 4bea0479-fb46-4f8d-af8e-dcd5c3329375 | ITER: 1 END: OK
2020-04-13 02:38:02.697 815 INFO rally.task.runner [-] Task 4bea0479-fb46-4f8d-af8e-dcd5c3329375 | ITER: 7 START
2020-04-13 02:38:03.649 816 RALLYDEBUG rally.task.utils [-] Waiting for resource s_rally_441218ea_KFnmGmU4_1. Status changed: BUILD => ACTIVE in 39.36102056503296
2020-04-13 02:38:03.905 816 RALLYDEBUG rally.task.utils [-] Waiting for resource s_rally_441218ea_KFnmGmU4_0. Status changed: BUILD => ACTIVE in 0.2547924518585205
2020-04-13 02:38:03.906 816 INFO rally.task.runner [-] Task 4bea0479-fb46-4f8d-af8e-dcd5c3329375 | ITER: 2 END: OK
2020-04-13 02:38:03.913 816 INFO rally.task.runner [-] Task 4bea0479-fb46-4f8d-af8e-dcd5c3329375 | ITER: 8 START
2020-04-13 02:38:04.057 818 RALLYDEBUG rally.task.utils [-] Waiting for resource '2d86869f-b818-43cd-8278-cbab2c177da1'. Status changed: NONE => QUEUED in 0.0428471565246582
2020-04-13 02:38:04.635 818 RALLYDEBUG rally.task.utils [-] Waiting for resource s_rally_441218ea_jExLdFGJ. Status changed: QUEUED => ACTIVE in 0.028456687927246094
2020-04-13 02:38:04.952 817 RALLYDEBUG rally.task.utils [-] Waiting for resource 'fd3a30f3-bd13-41bd-a941-2e740810800f'. Status changed: NONE => QUEUED in 0.04011416435241699
2020-04-13 02:38:05.177 815 RALLYDEBUG rally.task.utils [-] Waiting for resource 'e8094c71-92cd-4f78-83b1-67994e8db20a'. Status changed: NONE => QUEUED in 0.044840335845947266
2020-04-13 02:38:05.347 817 RALLYDEBUG rally.task.utils [-] Waiting for resource s_rally_441218ea_BdySKY3C. Status changed: QUEUED => ACTIVE in 0.029660701751708984
2020-04-13 02:38:05.612 815 RALLYDEBUG rally.task.utils [-] Waiting for resource s_rally_441218ea_SiCnJT63. Status changed: QUEUED => ACTIVE in 0.031045198440551758
2020-04-13 02:38:06.337 816 RALLYDEBUG rally.task.utils [-] Waiting for resource '3f35531e-2a96-4af6-a47b-4944c1b5d2ba'. Status changed: NONE => QUEUED in 0.04789304733276367
2020-04-13 02:38:06.839 816 RALLYDEBUG rally.task.utils [-] Waiting for resource s_rally_441218ea_k0faT7lP. Status changed: QUEUED => ACTIVE in 0.029825448989868164
2020-04-13 02:39:44.370 818 RALLYDEBUG rally.task.utils [-] Waiting for resource s_rally_441218ea_ulwWEl9b_1. Status changed: BUILD => ACTIVE in 95.58313035964966
2020-04-13 02:39:45.088 817 RALLYDEBUG rally.task.utils [-] Waiting for resource s_rally_441218ea_orWqQSkZ_1. Status changed: BUILD => ACTIVE in 96.5406539440155
2020-04-13 02:39:45.334 817 RALLYDEBUG rally.task.utils [-] Waiting for resource s_rally_441218ea_orWqQSkZ_0. Status changed: BUILD => ACTIVE in 0.24571728706359863
2020-04-13 02:39:45.335 817 INFO rally.task.runner [-] Task 4bea0479-fb46-4f8d-af8e-dcd5c3329375 | ITER: 6 END: OK
2020-04-13 02:39:45.340 817 INFO rally.task.runner [-] Task 4bea0479-fb46-4f8d-af8e-dcd5c3329375 | ITER: 9 START
2020-04-13 02:39:46.715 816 RALLYDEBUG rally.task.utils [-] Waiting for resource s_rally_441218ea_t1pi3UjK_1. Status changed: BUILD => ACTIVE in 95.848135471344
2020-04-13 02:39:46.961 816 RALLYDEBUG rally.task.utils [-] Waiting for resource s_rally_441218ea_t1pi3UjK_0. Status changed: BUILD => ACTIVE in 0.24325037002563477
2020-04-13 02:39:46.962 816 INFO rally.task.runner [-] Task 4bea0479-fb46-4f8d-af8e-dcd5c3329375 | ITER: 8 END: OK
2020-04-13 02:39:46.967 816 INFO rally.task.runner [-] Task 4bea0479-fb46-4f8d-af8e-dcd5c3329375 | ITER: 10 START
2020-04-13 02:39:47.019 818 RALLYDEBUG rally.task.utils [-] Waiting for resource s_rally_441218ea_ulwWEl9b_0. Status changed: BUILD => ACTIVE in 2.647860050201416
2020-04-13 02:39:47.021 818 INFO rally.task.runner [-] Task 4bea0479-fb46-4f8d-af8e-dcd5c3329375 | ITER: 5 END: OK
2020-04-13 02:39:47.858 817 RALLYDEBUG rally.task.utils [-] Waiting for resource '8e0f5813-9ba6-4b2c-9572-4f12eadffd23'. Status changed: NONE => QUEUED in 0.044435977935791016
2020-04-13 02:39:48.111 815 RALLYDEBUG rally.task.utils [-] Waiting for resource s_rally_441218ea_aMYSA3kz_1. Status changed: BUILD => ACTIVE in 97.96887993812561
2020-04-13 02:39:48.379 817 RALLYDEBUG rally.task.utils [-] Waiting for resource s_rally_441218ea_5WD4rRCq. Status changed: QUEUED => ACTIVE in 0.02880382537841797
2020-04-13 02:39:48.802 815 RALLYDEBUG rally.task.utils [-] Waiting for resource s_rally_441218ea_aMYSA3kz_0. Status changed: BUILD => ACTIVE in 0.6897764205932617
2020-04-13 02:39:48.803 815 INFO rally.task.runner [-] Task 4bea0479-fb46-4f8d-af8e-dcd5c3329375 | ITER: 7 END: OK
2020-04-13 02:39:49.442 816 RALLYDEBUG rally.task.utils [-] Waiting for resource 'cc78867b-651b-42b2-bf08-274e41f3259d'. Status changed: NONE => QUEUED in 0.04911184310913086
2020-04-13 02:39:49.863 816 RALLYDEBUG rally.task.utils [-] Waiting for resource s_rally_441218ea_SSxI6GcH. Status changed: QUEUED => ACTIVE in 0.03399157524108887
2020-04-13 02:40:03.825 817 RALLYDEBUG rally.task.utils [-] Waiting for resource s_rally_441218ea_sWGJ8CSW_1. Status changed: BUILD => ACTIVE in 10.937976837158203
2020-04-13 02:40:04.079 817 RALLYDEBUG rally.task.utils [-] Waiting for resource s_rally_441218ea_sWGJ8CSW_0. Status changed: BUILD => ACTIVE in 0.2527744770050049
2020-04-13 02:40:04.080 817 INFO rally.task.runner [-] Task 4bea0479-fb46-4f8d-af8e-dcd5c3329375 | ITER: 9 END: OK
2020-04-13 02:40:06.309 816 RALLYDEBUG rally.task.utils [-] Waiting for resource s_rally_441218ea_TPXrW2ZX_1. Status changed: BUILD => ACTIVE in 11.8544020652771
2020-04-13 02:40:07.060 816 RALLYDEBUG rally.task.utils [-] Waiting for resource s_rally_441218ea_TPXrW2ZX_0. Status changed: BUILD => ACTIVE in 0.7502543926239014
2020-04-13 02:40:07.061 816 INFO rally.task.runner [-] Task 4bea0479-fb46-4f8d-af8e-dcd5c3329375 | ITER: 10 END: OK
2020-04-13 02:40:07.090 501 INFO rally.task.context [-] Task 4bea0479-fb46-4f8d-af8e-dcd5c3329375 | Context cleanup@openstack cleanup() started
2020-04-13 02:40:07.097 501 RALLYDEBUG rally_openstack.cleanup.manager [-] Cleaning up nova servers objects
2020-04-13 02:40:09.768 501 RALLYDEBUG rally_openstack.cleanup.manager [-] Deleting nova.servers object s_rally_441218ea_sWGJ8CSW_1 (879ba545-eed8-4356-9b78-acfc0eb0f121)
2020-04-13 02:40:09.798 501 RALLYDEBUG rally_openstack.cleanup.manager [-] Deleting nova.servers object s_rally_441218ea_orWqQSkZ_0 (8e35b9e7-5b14-4185-854d-80c567abadda)
2020-04-13 02:40:09.787 501 RALLYDEBUG rally_openstack.cleanup.manager [-] Deleting nova.servers object s_rally_441218ea_ulwWEl9b_1 (6d167058-6885-43f4-a5dc-160a7588ea13)
2020-04-13 02:40:09.799 501 RALLYDEBUG rally_openstack.cleanup.manager [-] Deleting nova.servers object s_rally_441218ea_sWGJ8CSW_0 (8bc5ed22-5cb1-46e4-889e-97f4a3314807)
2020-04-13 02:40:09.799 501 RALLYDEBUG rally_openstack.cleanup.manager [-] Deleting nova.servers object s_rally_441218ea_orWqQSkZ_1 (421e3e00-fc3b-4fb2-b1e8-401311880438)
2020-04-13 02:40:09.815 501 RALLYDEBUG rally_openstack.cleanup.manager [-] Deleting nova.servers object s_rally_441218ea_KFnmGmU4_1 (44b69f35-1992-4161-b433-edf74652c1a6)
2020-04-13 02:40:09.810 501 RALLYDEBUG rally_openstack.cleanup.manager [-] Deleting nova.servers object s_rally_441218ea_ulwWEl9b_0 (c537ce3e-a869-416c-bad8-38ba1c44f484)
2020-04-13 02:40:09.832 501 RALLYDEBUG rally_openstack.cleanup.manager [-] Deleting nova.servers object s_rally_441218ea_a2spQnKP_1 (6f80803f-092f-4f2a-b094-cd2a2cbaeb9d)
2020-04-13 02:40:09.848 501 RALLYDEBUG rally_openstack.cleanup.manager [-] Deleting nova.servers object s_rally_441218ea_NyRsPjEF_0 (34e9e319-faa7-40cd-ab2b-38dfb2caa65c)
2020-04-13 02:40:09.856 501 RALLYDEBUG rally_openstack.cleanup.manager [-] Deleting nova.servers object s_rally_441218ea_KFnmGmU4_0 (f33ae3c4-8aff-4028-a6dd-d9697ff8eae1)
2020-04-13 02:40:09.876 501 RALLYDEBUG rally_openstack.cleanup.manager [-] Deleting nova.servers object s_rally_441218ea_NyRsPjEF_1 (fbd12bc0-d711-4532-b129-1130e3a3cb19)
2020-04-13 02:40:09.894 501 RALLYDEBUG rally_openstack.cleanup.manager [-] Deleting nova.servers object s_rally_441218ea_a2spQnKP_0 (a924049e-1662-4bfc-ba79-d6d04f93a5d9)
2020-04-13 02:40:09.916 501 RALLYDEBUG rally_openstack.cleanup.manager [-] Deleting nova.servers object s_rally_441218ea_TPXrW2ZX_1 (85d50c3c-12b9-4029-81d4-c1c2507fb539)
2020-04-13 02:40:09.925 501 RALLYDEBUG rally_openstack.cleanup.manager [-] Deleting nova.servers object s_rally_441218ea_TPXrW2ZX_0 (0a720e8e-88e2-4388-8fc6-7d0954b39fb1)
2020-04-13 02:40:09.942 501 RALLYDEBUG rally_openstack.cleanup.manager [-] Deleting nova.servers object s_rally_441218ea_aMYSA3kz_1 (5658bbec-ec2c-4279-87d9-772af3c1000e)
2020-04-13 02:40:09.950 501 RALLYDEBUG rally_openstack.cleanup.manager [-] Deleting nova.servers object s_rally_441218ea_t1pi3UjK_1 (ae559e20-3893-4cee-aca4-22d9952430a7)
2020-04-13 02:40:09.959 501 RALLYDEBUG rally_openstack.cleanup.manager [-] Deleting nova.servers object s_rally_441218ea_t1pi3UjK_0 (e3456e1c-37ec-4ab2-8562-e5e2aa960bc5)
2020-04-13 02:40:09.991 501 RALLYDEBUG rally_openstack.cleanup.manager [-] Deleting nova.servers object s_rally_441218ea_aMYSA3kz_0 (4525622c-210a-4117-8997-5b9be65a6e69)
2020-04-13 02:40:09.991 501 RALLYDEBUG rally_openstack.cleanup.manager [-] Deleting nova.servers object s_rally_441218ea_K7omr9pg_1 (28fd2984-0e9a-45f8-851c-c7502480ec8a)
2020-04-13 02:40:09.995 501 RALLYDEBUG rally_openstack.cleanup.manager [-] Deleting nova.servers object s_rally_441218ea_K7omr9pg_0 (f75b4dd6-aa1a-4f4e-a7aa-7ccc9336075e)
2020-04-13 02:40:20.420 501 RALLYDEBUG rally_openstack.cleanup.manager [-] Cleaning up nova server_groups objects
2020-04-13 02:40:21.068 501 RALLYDEBUG rally_openstack.cleanup.manager [-] Cleaning up nova keypairs objects
2020-04-13 02:40:22.055 501 RALLYDEBUG rally_openstack.cleanup.manager [-] Cleaning up glance images objects
2020-04-13 02:40:22.827 501 RALLYDEBUG rally_openstack.cleanup.manager [-] Deleting glance.images object s_rally_441218ea_5WD4rRCq (8e0f5813-9ba6-4b2c-9572-4f12eadffd23)
2020-04-13 02:40:22.847 501 RALLYDEBUG rally_openstack.cleanup.manager [-] Deleting glance.images object s_rally_441218ea_jExLdFGJ (2d86869f-b818-43cd-8278-cbab2c177da1)
2020-04-13 02:40:22.854 501 RALLYDEBUG rally_openstack.cleanup.manager [-] Deleting glance.images object s_rally_441218ea_BdySKY3C (fd3a30f3-bd13-41bd-a941-2e740810800f)
2020-04-13 02:40:22.884 501 RALLYDEBUG rally_openstack.cleanup.manager [-] Deleting glance.images object s_rally_441218ea_VIqhoLcj (0e82efc5-dd98-4c21-8a0a-34934c522a13)
2020-04-13 02:40:22.885 501 RALLYDEBUG rally_openstack.cleanup.manager [-] Deleting glance.images object s_rally_441218ea_Z43SiAHf (cf4e7833-ddc6-4040-a82a-c4b96ccdd947)
2020-04-13 02:40:22.889 501 RALLYDEBUG rally_openstack.cleanup.manager [-] Deleting glance.images object s_rally_441218ea_fU15hgWI (c5eb2e57-61df-4cc4-b38f-b5b4301b29ad)
2020-04-13 02:40:22.899 501 RALLYDEBUG rally_openstack.cleanup.manager [-] Deleting glance.images object s_rally_441218ea_k0faT7lP (3f35531e-2a96-4af6-a47b-4944c1b5d2ba)
2020-04-13 02:40:22.917 501 RALLYDEBUG rally_openstack.cleanup.manager [-] Deleting glance.images object s_rally_441218ea_SSxI6GcH (cc78867b-651b-42b2-bf08-274e41f3259d)
2020-04-13 02:40:22.932 501 RALLYDEBUG rally_openstack.cleanup.manager [-] Deleting glance.images object s_rally_441218ea_SiCnJT63 (e8094c71-92cd-4f78-83b1-67994e8db20a)
2020-04-13 02:40:22.956 501 RALLYDEBUG rally_openstack.cleanup.manager [-] Deleting glance.images object s_rally_441218ea_0bRFKiqw (46f6f2e1-c7ef-4712-84e2-bdfd66238ed7)
2020-04-13 02:40:23.464 501 DEBUG glanceclient.common.http [-] Request returned failure status 404. _handle_response /usr/lib/python3.7/site-packages/glanceclient/common/http.py:125
2020-04-13 02:40:23.496 501 DEBUG glanceclient.common.http [-] Request returned failure status 404. _handle_response /usr/lib/python3.7/site-packages/glanceclient/common/http.py:125
2020-04-13 02:40:23.506 501 DEBUG glanceclient.common.http [-] Request returned failure status 404. _handle_response /usr/lib/python3.7/site-packages/glanceclient/common/http.py:125
2020-04-13 02:40:23.530 501 DEBUG glanceclient.common.http [-] Request returned failure status 404. _handle_response /usr/lib/python3.7/site-packages/glanceclient/common/http.py:125
2020-04-13 02:40:23.536 501 DEBUG glanceclient.common.http [-] Request returned failure status 404. _handle_response /usr/lib/python3.7/site-packages/glanceclient/common/http.py:125
2020-04-13 02:40:23.550 501 DEBUG glanceclient.common.http [-] Request returned failure status 404. _handle_response /usr/lib/python3.7/site-packages/glanceclient/common/http.py:125
2020-04-13 02:40:23.557 501 DEBUG glanceclient.common.http [-] Request returned failure status 404. _handle_response /usr/lib/python3.7/site-packages/glanceclient/common/http.py:125
2020-04-13 02:40:23.577 501 DEBUG glanceclient.common.http [-] Request returned failure status 404. _handle_response /usr/lib/python3.7/site-packages/glanceclient/common/http.py:125
2020-04-13 02:40:23.579 501 DEBUG glanceclient.common.http [-] Request returned failure status 404. _handle_response /usr/lib/python3.7/site-packages/glanceclient/common/http.py:125
2020-04-13 02:40:23.594 501 DEBUG glanceclient.common.http [-] Request returned failure status 404. _handle_response /usr/lib/python3.7/site-packages/glanceclient/common/http.py:125
2020-04-13 02:40:23.601 501 DEBUG glanceclient.common.http [-] Request returned failure status 404. _handle_response /usr/lib/python3.7/site-packages/glanceclient/common/http.py:125
2020-04-13 02:40:23.623 501 DEBUG glanceclient.common.http [-] Request returned failure status 404. _handle_response /usr/lib/python3.7/site-packages/glanceclient/common/http.py:125
2020-04-13 02:40:23.632 501 DEBUG glanceclient.common.http [-] Request returned failure status 404. _handle_response /usr/lib/python3.7/site-packages/glanceclient/common/http.py:125
2020-04-13 02:40:23.661 501 DEBUG glanceclient.common.http [-] Request returned failure status 404. _handle_response /usr/lib/python3.7/site-packages/glanceclient/common/http.py:125
2020-04-13 02:40:23.663 501 DEBUG glanceclient.common.http [-] Request returned failure status 404. _handle_response /usr/lib/python3.7/site-packages/glanceclient/common/http.py:125
2020-04-13 02:40:23.681 501 DEBUG glanceclient.common.http [-] Request returned failure status 404. _handle_response /usr/lib/python3.7/site-packages/glanceclient/common/http.py:125
2020-04-13 02:40:23.696 501 DEBUG glanceclient.common.http [-] Request returned failure status 404. _handle_response /usr/lib/python3.7/site-packages/glanceclient/common/http.py:125
2020-04-13 02:40:23.713 501 DEBUG glanceclient.common.http [-] Request returned failure status 404. _handle_response /usr/lib/python3.7/site-packages/glanceclient/common/http.py:125
2020-04-13 02:40:23.715 501 DEBUG glanceclient.common.http [-] Request returned failure status 404. _handle_response /usr/lib/python3.7/site-packages/glanceclient/common/http.py:125
2020-04-13 02:40:23.737 501 DEBUG glanceclient.common.http [-] Request returned failure status 404. _handle_response /usr/lib/python3.7/site-packages/glanceclient/common/http.py:125
2020-04-13 02:40:24.740 501 INFO rally.task.context [-] Task 4bea0479-fb46-4f8d-af8e-dcd5c3329375 | Context cleanup@openstack cleanup() finished in 17.65 sec
2020-04-13 02:40:24.741 501 INFO rally.task.context [-] Task 4bea0479-fb46-4f8d-af8e-dcd5c3329375 | Context quotas@openstack cleanup() started
2020-04-13 02:40:24.827 501 INFO rally.task.context [-] Task 4bea0479-fb46-4f8d-af8e-dcd5c3329375 | Context quotas@openstack cleanup() finished in 86.18 msec
2020-04-13 02:40:24.828 501 INFO rally.task.context [-] Task 4bea0479-fb46-4f8d-af8e-dcd5c3329375 | Context users@openstack cleanup() started
2020-04-13 02:40:25.007 501 WARNING rally.common.logging [-] `iterate_per_tenants()' is deprecated in v3.0.0: it is openstack specific.. Used at
2020-04-13 02:40:27.721 501 INFO rally.task.context [-] Task 4bea0479-fb46-4f8d-af8e-dcd5c3329375 | Context users@openstack cleanup() finished in 2.89 sec
2020-04-13 02:40:29.169 501 INFO rally.task.engine [-] Load duration is: 169.209988
2020-04-13 02:40:29.170 501 INFO rally.task.engine [-] Full runner duration is: 170.450828
2020-04-13 02:40:29.170 501 INFO rally.task.engine [-] Full duration is: 193.521936
2020-04-13 02:40:29.270 501 INFO rally.task.engine [-] Running workload: position = 0 config = { "version": 2, "title": "A cropped version of a bigger task.", "description": "Auto-generated task from a single workload (uuid=03e6f34c-7ced-4054-9079-8489797cd45d)", "subtasks": [ { "title": "GlanceImages.create_and_deactivate_image", "description": "Create an image, then deactivate it.", "scenario": { "GlanceImages.create_and_deactivate_image": { "container_format": "bare", "disk_format": "qcow2", "image_location": "/home/opnfv/functest/images/cirros-0.4.0-x86_64-disk.img" } }, "contexts": { "users": { "tenants": 3, "users_per_tenant": 2 } }, "runner": { "constant": { "concurrency": 4, "times": 10 } }, "hooks": [], "sla": { "failure_rate": { "max": 0 } } } ] }
2020-04-13 02:40:29.293 501 RALLYDEBUG rally_openstack.contexts.keystone.users [-] Creating 3 tenants using 3 threads
2020-04-13 02:40:29.738 501 RALLYDEBUG rally_openstack.contexts.keystone.users [-] Creating 6 users using 6 threads
2020-04-13 02:40:30.691 501 INFO rally.task.context [-] Task 4bea0479-fb46-4f8d-af8e-dcd5c3329375 | Context users@openstack setup() finished in 1.40 sec
2020-04-13 02:40:30.692 501 INFO rally.task.context [-] Task 4bea0479-fb46-4f8d-af8e-dcd5c3329375 | Context cleanup@openstack setup() finished in 0.01 msec
2020-04-13 02:40:30.698 501 RALLYDEBUG rally.task.runner [-] Starting the constant runner (task UUID: 4bea0479-fb46-4f8d-af8e-dcd5c3329375). times: 10 concurrency: 4 timeout: 0 max_cpu_used: 88 processes_to_start: 4 concurrency_per_worker: 1 concurrency_overhead: 0
2020-04-13 02:40:30.710 968 RALLYDEBUG rally.task.runner [-] Starting a worker. times: 10 duration: None concurrency: 1 timeout: 0 cls: method_name: run args: {"container_format": "bare", "disk_format": "qcow2", "image_location": "/home/opnfv/functest/images/cirros-0.4.0-x86_64-disk.img"}
2020-04-13 02:40:30.713 969 RALLYDEBUG rally.task.runner [-] Starting a worker. times: 10 duration: None concurrency: 1 timeout: 0 cls: method_name: run args: {"container_format": "bare", "disk_format": "qcow2", "image_location": "/home/opnfv/functest/images/cirros-0.4.0-x86_64-disk.img"}
2020-04-13 02:40:30.715 970 RALLYDEBUG rally.task.runner [-] Starting a worker. times: 10 duration: None concurrency: 1 timeout: 0 cls: method_name: run args: {"container_format": "bare", "disk_format": "qcow2", "image_location": "/home/opnfv/functest/images/cirros-0.4.0-x86_64-disk.img"}
2020-04-13 02:40:30.717 968 INFO rally.task.runner [-] Task 4bea0479-fb46-4f8d-af8e-dcd5c3329375 | ITER: 1 START
2020-04-13 02:40:30.719 969 INFO rally.task.runner [-] Task 4bea0479-fb46-4f8d-af8e-dcd5c3329375 | ITER: 2 START
2020-04-13 02:40:30.719 971 RALLYDEBUG rally.task.runner [-] Starting a worker. times: 10 duration: None concurrency: 1 timeout: 0 cls: method_name: run args: {"container_format": "bare", "disk_format": "qcow2", "image_location": "/home/opnfv/functest/images/cirros-0.4.0-x86_64-disk.img"}
2020-04-13 02:40:30.722 970 INFO rally.task.runner [-] Task 4bea0479-fb46-4f8d-af8e-dcd5c3329375 | ITER: 3 START
2020-04-13 02:40:30.725 971 INFO rally.task.runner [-] Task 4bea0479-fb46-4f8d-af8e-dcd5c3329375 | ITER: 4 START
2020-04-13 02:40:33.197 969 RALLYDEBUG rally.task.utils [-] Waiting for resource '20220c4d-f0f4-406b-bcd4-7d5899e50e41'. Status changed: NONE => QUEUED in 0.047107696533203125
2020-04-13 02:40:33.210 971 RALLYDEBUG rally.task.utils [-] Waiting for resource '3e7d6f9c-f299-447b-8378-9aededbbea7f'. Status changed: NONE => QUEUED in 0.05596590042114258
2020-04-13 02:40:33.216 970 RALLYDEBUG rally.task.utils [-] Waiting for resource 'cbc043bb-3054-43ab-93de-a9e3a35881a5'. Status changed: NONE => QUEUED in 0.04754352569580078
2020-04-13 02:40:33.223 968 RALLYDEBUG rally.task.utils [-] Waiting for resource 'd1ded152-7826-46b6-b712-03fff78cba11'. Status changed: NONE => QUEUED in 0.04915261268615723
2020-04-13 02:40:33.813 970 RALLYDEBUG rally.task.utils [-] Waiting for resource s_rally_03e6f34c_1seHvtSQ. Status changed: QUEUED => ACTIVE in 0.02712392807006836
2020-04-13 02:40:33.825 969 RALLYDEBUG rally.task.utils [-] Waiting for resource s_rally_03e6f34c_GMvh4IFA. Status changed: QUEUED => ACTIVE in 0.03424191474914551
2020-04-13 02:40:33.829 971 RALLYDEBUG rally.task.utils [-] Waiting for resource s_rally_03e6f34c_WD7NwFto. Status changed: QUEUED => ACTIVE in 0.025528669357299805
2020-04-13 02:40:33.845 968 RALLYDEBUG rally.task.utils [-] Waiting for resource s_rally_03e6f34c_zaLu7qjy. Status changed: QUEUED => ACTIVE in 0.022838115692138672
2020-04-13 02:40:33.886 970 INFO rally.task.runner [-] Task 4bea0479-fb46-4f8d-af8e-dcd5c3329375 | ITER: 3 END: OK
2020-04-13 02:40:33.891 970 INFO rally.task.runner [-] Task 4bea0479-fb46-4f8d-af8e-dcd5c3329375 | ITER: 5 START
2020-04-13 02:40:33.899 969 INFO rally.task.runner [-] Task 4bea0479-fb46-4f8d-af8e-dcd5c3329375 | ITER: 2 END: OK
2020-04-13 02:40:33.904 969 INFO rally.task.runner [-] Task 4bea0479-fb46-4f8d-af8e-dcd5c3329375 | ITER: 6 START
2020-04-13 02:40:33.922 971 INFO rally.task.runner [-] Task 4bea0479-fb46-4f8d-af8e-dcd5c3329375 | ITER: 4 END: OK
2020-04-13 02:40:33.926 971 INFO rally.task.runner [-] Task 4bea0479-fb46-4f8d-af8e-dcd5c3329375 | ITER: 7 START
2020-04-13 02:40:33.939 968 INFO rally.task.runner [-] Task 4bea0479-fb46-4f8d-af8e-dcd5c3329375 | ITER: 1 END: OK
2020-04-13 02:40:33.944 968 INFO rally.task.runner [-] Task 4bea0479-fb46-4f8d-af8e-dcd5c3329375 | ITER: 8 START
2020-04-13 02:40:36.248 971 RALLYDEBUG rally.task.utils [-] Waiting for resource '12f45c6c-26f1-4a79-8027-021e92d76a90'. Status changed: NONE => QUEUED in 0.05229592323303223
2020-04-13 02:40:36.321 969 RALLYDEBUG rally.task.utils [-] Waiting for resource 'f7348231-a729-4287-b87b-8ab8a4ad9f96'. Status changed: NONE => QUEUED in 0.04720258712768555
2020-04-13 02:40:36.332 970 RALLYDEBUG rally.task.utils [-] Waiting for resource '2bb0e581-d56e-4a29-9069-f1c3276a43b5'. Status changed: NONE => QUEUED in 0.047918081283569336
2020-04-13 02:40:36.508 968 RALLYDEBUG rally.task.utils [-] Waiting for resource '70c8c02f-4a53-43ac-bae8-1145b5e690ac'. Status changed: NONE => QUEUED in 0.05073189735412598
2020-04-13 02:40:36.730 971 RALLYDEBUG rally.task.utils [-] Waiting for resource s_rally_03e6f34c_6jDHesSg. Status changed: QUEUED => ACTIVE in 0.025380849838256836
2020-04-13 02:40:36.787 969 RALLYDEBUG rally.task.utils [-] Waiting for resource s_rally_03e6f34c_Fxa2F6KM. Status changed: QUEUED => ACTIVE in 0.029309749603271484
2020-04-13 02:40:36.787 970 RALLYDEBUG rally.task.utils [-] Waiting for resource s_rally_03e6f34c_sxIUx0v8. Status changed: QUEUED => ACTIVE in 0.030163049697875977
2020-04-13 02:40:36.816 971 INFO rally.task.runner [-] Task 4bea0479-fb46-4f8d-af8e-dcd5c3329375 | ITER: 7 END: OK
2020-04-13 02:40:36.820 971 INFO rally.task.runner [-] Task 4bea0479-fb46-4f8d-af8e-dcd5c3329375 | ITER: 9 START
