2020-04-13 03:11:46.159 12385 INFO rally.task.runner [-] Task 1555adf2-8b06-4117-91f7-246dacab2a51 | ITER: 1 START
2020-04-13 03:11:46.161 12388 RALLYDEBUG rally.task.runner [-] Starting a worker. times: 10 duration: None concurrency: 1 timeout: 0 cls: method_name: run args: {"network_create_args": {}, "port_create_args": {}, "ports_per_network": 1}
2020-04-13 03:11:46.162 12386 INFO rally.task.runner [-] Task 1555adf2-8b06-4117-91f7-246dacab2a51 | ITER: 2 START
2020-04-13 03:11:46.162 12387 INFO rally.task.runner [-] Task 1555adf2-8b06-4117-91f7-246dacab2a51 | ITER: 3 START
2020-04-13 03:11:46.167 12388 INFO rally.task.runner [-] Task 1555adf2-8b06-4117-91f7-246dacab2a51 | ITER: 4 START
2020-04-13 03:11:47.208 12388 INFO rally.task.runner [-] Task 1555adf2-8b06-4117-91f7-246dacab2a51 | ITER: 4 END: OK
2020-04-13 03:11:47.213 12388 INFO rally.task.runner [-] Task 1555adf2-8b06-4117-91f7-246dacab2a51 | ITER: 5 START
2020-04-13 03:11:47.221 12386 INFO rally.task.runner [-] Task 1555adf2-8b06-4117-91f7-246dacab2a51 | ITER: 2 END: OK
2020-04-13 03:11:47.225 12386 INFO rally.task.runner [-] Task 1555adf2-8b06-4117-91f7-246dacab2a51 | ITER: 6 START
2020-04-13 03:11:47.255 12387 INFO rally.task.runner [-] Task 1555adf2-8b06-4117-91f7-246dacab2a51 | ITER: 3 END: OK
2020-04-13 03:11:47.260 12387 INFO rally.task.runner [-] Task 1555adf2-8b06-4117-91f7-246dacab2a51 | ITER: 7 START
2020-04-13 03:11:47.586 12385 INFO rally.task.runner [-] Task 1555adf2-8b06-4117-91f7-246dacab2a51 | ITER: 1 END: OK
2020-04-13 03:11:47.592 12385 INFO rally.task.runner [-] Task 1555adf2-8b06-4117-91f7-246dacab2a51 | ITER: 8 START
2020-04-13 03:11:48.624 12388 INFO rally.task.runner [-] Task 1555adf2-8b06-4117-91f7-246dacab2a51 | ITER: 5 END: OK
2020-04-13 03:11:48.627 12388 INFO rally.task.runner [-] Task 1555adf2-8b06-4117-91f7-246dacab2a51 | ITER: 9 START
2020-04-13 03:11:49.105 12385 INFO rally.task.runner [-] Task 1555adf2-8b06-4117-91f7-246dacab2a51 | ITER: 8 END: OK
2020-04-13 03:11:49.110 12385 INFO rally.task.runner [-] Task 1555adf2-8b06-4117-91f7-246dacab2a51 | ITER: 10 START
2020-04-13 03:11:49.276 12386 INFO rally.task.runner [-] Task 1555adf2-8b06-4117-91f7-246dacab2a51 | ITER: 6 END: OK
2020-04-13 03:11:49.284 12387 INFO rally.task.runner [-] Task 1555adf2-8b06-4117-91f7-246dacab2a51 | ITER: 7 END: OK
2020-04-13 03:11:50.351 12388 INFO rally.task.runner [-] Task 1555adf2-8b06-4117-91f7-246dacab2a51 | ITER: 9 END: OK
2020-04-13 03:11:50.683 12385 INFO rally.task.runner [-] Task 1555adf2-8b06-4117-91f7-246dacab2a51 | ITER: 10 END: OK
2020-04-13 03:11:50.710 9693 INFO rally.task.context [-] Task 1555adf2-8b06-4117-91f7-246dacab2a51 | Context cleanup@openstack cleanup() started
2020-04-13 03:11:50.713 9693 RALLYDEBUG rally_openstack.cleanup.manager [-] Cleaning up neutron vip objects
2020-04-13 03:11:51.174 9693 RALLYDEBUG rally_openstack.cleanup.manager [-] Cleaning up neutron health_monitor objects
2020-04-13 03:11:51.590 9693 RALLYDEBUG rally_openstack.cleanup.manager [-] Cleaning up neutron pool objects
2020-04-13 03:11:51.988 9693 RALLYDEBUG rally_openstack.cleanup.manager [-] Cleaning up neutron loadbalancer objects
2020-04-13 03:11:52.426 9693 RALLYDEBUG rally_openstack.cleanup.manager [-] Cleaning up neutron floatingip objects
2020-04-13 03:11:53.491 9693 RALLYDEBUG rally_openstack.cleanup.manager [-] Cleaning up neutron trunk objects
2020-04-13 03:11:53.939 9693 RALLYDEBUG rally_openstack.cleanup.manager [-] Cleaning up neutron port objects
2020-04-13 03:11:54.636 9693 RALLYDEBUG rally_openstack.cleanup.manager [-] Deleting neutron.port object s_rally_92182c35_VMFvOWls (01c9069b-f2d0-4592-8e50-b0801b99bb0e)
2020-04-13 03:11:54.641 9693 RALLYDEBUG rally_openstack.cleanup.manager [-] Deleting neutron.port object s_rally_92182c35_tQLQKUFw (0ca89a50-5967-42a8-ace9-337e1c2fc979)
2020-04-13 03:11:54.662 9693 RALLYDEBUG rally_openstack.cleanup.manager [-] Deleting neutron.port object s_rally_92182c35_dUJ9K5f3 (bd0783e4-296b-433c-9d34-bfc94750f66c)
2020-04-13 03:11:54.663 9693 RALLYDEBUG rally_openstack.cleanup.manager [-] Deleting neutron.port object s_rally_92182c35_UqUTryZU (1c7a98be-6839-4afa-ba58-b9b0be15883c)
2020-04-13 03:11:54.674 9693 RALLYDEBUG rally_openstack.cleanup.manager [-] Deleting neutron.port object s_rally_92182c35_MZ1ZVLRg (d9a4743d-14f8-44ae-a759-36e516a62aca)
2020-04-13 03:11:54.690 9693 RALLYDEBUG rally_openstack.cleanup.manager [-] Deleting neutron.port object s_rally_92182c35_sKCKYjQJ (d39a3301-445b-4214-a37b-b56478124208)
2020-04-13 03:11:54.709 9693 RALLYDEBUG rally_openstack.cleanup.manager [-] Deleting neutron.port object s_rally_92182c35_8V0JkDL9 (a5eebbe3-30cb-4500-b9f3-daec4bb3b222)
2020-04-13 03:11:54.718 9693 RALLYDEBUG rally_openstack.cleanup.manager [-] Deleting neutron.port object s_rally_92182c35_lHAHe0Nh (1e0e5fd5-91fa-454e-8871-2487905584d4)
2020-04-13 03:11:54.729 9693 RALLYDEBUG rally_openstack.cleanup.manager [-] Deleting neutron.port object s_rally_92182c35_oz17D6Vh (cfb613f5-9761-444d-a85b-847cbc8397a4)
2020-04-13 03:11:54.741 9693 RALLYDEBUG rally_openstack.cleanup.manager [-] Deleting neutron.port object s_rally_92182c35_ZptZSe1R (4d762114-af32-43fe-90ca-d4450e448075)
2020-04-13 03:11:57.795 9693 RALLYDEBUG rally_openstack.cleanup.manager [-] Cleaning up neutron subnet objects
2020-04-13 03:11:58.472 9693 RALLYDEBUG rally_openstack.cleanup.manager [-] Cleaning up neutron network objects
2020-04-13 03:11:59.426 9693 RALLYDEBUG rally_openstack.cleanup.manager [-] Cleaning up neutron router objects
2020-04-13 03:12:00.079 9693 RALLYDEBUG rally_openstack.cleanup.manager [-] Cleaning up neutron security_group objects
2020-04-13 03:12:00.672 9693 INFO rally.task.context [-] Task 1555adf2-8b06-4117-91f7-246dacab2a51 | Context cleanup@openstack cleanup() finished in 9.96 sec
2020-04-13 03:12:00.673 9693 INFO rally.task.context [-] Task 1555adf2-8b06-4117-91f7-246dacab2a51 | Context network@openstack cleanup() started
2020-04-13 03:12:05.803 9693 INFO rally.task.context [-] Task 1555adf2-8b06-4117-91f7-246dacab2a51 | Context network@openstack cleanup() finished in 5.13 sec
2020-04-13 03:12:05.804 9693 INFO rally.task.context [-] Task 1555adf2-8b06-4117-91f7-246dacab2a51 | Context quotas@openstack cleanup() started
2020-04-13 03:12:05.984 9693 INFO rally.task.context [-] Task 1555adf2-8b06-4117-91f7-246dacab2a51 | Context quotas@openstack cleanup() finished in 0.18 sec
2020-04-13 03:12:05.985 9693 INFO rally.task.context [-] Task 1555adf2-8b06-4117-91f7-246dacab2a51 | Context users@openstack cleanup() started
2020-04-13 03:12:06.123 9693 WARNING rally.common.logging [-] `iterate_per_tenants()' is deprecated in v3.0.0: it is openstack specific.. Used at
2020-04-13 03:12:08.558 9693 INFO rally.task.context [-] Task 1555adf2-8b06-4117-91f7-246dacab2a51 | Context users@openstack cleanup() finished in 2.57 sec
2020-04-13 03:12:09.967 9693 INFO rally.task.engine [-] Load duration is: 4.523158
2020-04-13 03:12:09.967 9693 INFO rally.task.engine [-] Full runner duration is: 4.565853
2020-04-13 03:12:09.968 9693 INFO rally.task.engine [-] Full duration is: 26.798942
2020-04-13 03:12:10.067 9693 INFO rally.task.engine [-] Running workload: position = 0 config = { "version": 2, "title": "A cropped version of a bigger task.", "description": "Auto-generated task from a single workload (uuid=1ef57af5-dd69-4fb4-a47d-46e651ec4c0f)", "subtasks": [ { "title": "NeutronNetworks.create_and_list_routers", "description": "Create and a given number of routers and list all routers.", "scenario": { "NeutronNetworks.create_and_list_routers": { "network_create_args": {}, "router_create_args": {}, "subnet_cidr_start": "1.1.0.0/30", "subnet_create_args": {}, "subnets_per_network": 1 } }, "contexts": { "users": { "tenants": 3, "users_per_tenant": 2 }, "quotas": { "neutron": { "network": -1, "subnet": -1, "router": -1 } } }, "runner": { "constant": { "concurrency": 4, "times": 10 } }, "hooks": [], "sla": { "failure_rate": { "max": 0 } } } ] }
2020-04-13 03:12:10.092 9693 RALLYDEBUG rally_openstack.contexts.keystone.users [-] Creating 3 tenants using 3 threads
2020-04-13 03:12:10.561 9693 RALLYDEBUG rally_openstack.contexts.keystone.users [-] Creating 6 users using 6 threads
2020-04-13 03:12:11.455 9693 INFO rally.task.context [-] Task 1555adf2-8b06-4117-91f7-246dacab2a51 | Context users@openstack setup() finished in 1.36 sec
2020-04-13 03:12:11.804 9693 INFO rally.task.context [-] Task 1555adf2-8b06-4117-91f7-246dacab2a51 | Context quotas@openstack setup() finished in 0.35 sec
2020-04-13 03:12:11.805 9693 INFO rally.task.context [-] Task 1555adf2-8b06-4117-91f7-246dacab2a51 | Context cleanup@openstack setup() finished in 0.02 msec
2020-04-13 03:12:11.813 9693 RALLYDEBUG rally.task.runner [-] Starting the constant runner (task UUID: 1555adf2-8b06-4117-91f7-246dacab2a51). times: 10 concurrency: 4 timeout: 0 max_cpu_used: 88 processes_to_start: 4 concurrency_per_worker: 1 concurrency_overhead: 0
2020-04-13 03:12:11.825 12678 RALLYDEBUG rally.task.runner [-] Starting a worker. times: 10 duration: None concurrency: 1 timeout: 0 cls: method_name: run args: {"network_create_args": {}, "router_create_args": {}, "subnet_cidr_start": "1.1.0.0/30", "subnet_create_args": {}, "subnets_per_network": 1}
2020-04-13 03:12:11.827 12679 RALLYDEBUG rally.task.runner [-] Starting a worker. times: 10 duration: None concurrency: 1 timeout: 0 cls: method_name: run args: {"network_create_args": {}, "router_create_args": {}, "subnet_cidr_start": "1.1.0.0/30", "subnet_create_args": {}, "subnets_per_network": 1}
2020-04-13 03:12:11.830 12680 RALLYDEBUG rally.task.runner [-] Starting a worker. times: 10 duration: None concurrency: 1 timeout: 0 cls: method_name: run args: {"network_create_args": {}, "router_create_args": {}, "subnet_cidr_start": "1.1.0.0/30", "subnet_create_args": {}, "subnets_per_network": 1}
2020-04-13 03:12:11.832 12678 INFO rally.task.runner [-] Task 1555adf2-8b06-4117-91f7-246dacab2a51 | ITER: 1 START
2020-04-13 03:12:11.832 12681 RALLYDEBUG rally.task.runner [-] Starting a worker. times: 10 duration: None concurrency: 1 timeout: 0 cls: method_name: run args: {"network_create_args": {}, "router_create_args": {}, "subnet_cidr_start": "1.1.0.0/30", "subnet_create_args": {}, "subnets_per_network": 1}
2020-04-13 03:12:11.834 12679 INFO rally.task.runner [-] Task 1555adf2-8b06-4117-91f7-246dacab2a51 | ITER: 2 START
2020-04-13 03:12:11.836 12680 INFO rally.task.runner [-] Task 1555adf2-8b06-4117-91f7-246dacab2a51 | ITER: 3 START
2020-04-13 03:12:11.838 12681 INFO rally.task.runner [-] Task 1555adf2-8b06-4117-91f7-246dacab2a51 | ITER: 4 START
2020-04-13 03:12:12.378 12678 RALLYDEBUG rally_openstack.wrappers.network [-] CIDR generated: 1.1.0.196/30
2020-04-13 03:12:12.910 12681 RALLYDEBUG rally_openstack.wrappers.network [-] CIDR generated: 1.1.0.200/30
2020-04-13 03:12:12.958 12679 RALLYDEBUG rally_openstack.wrappers.network [-] CIDR generated: 1.1.0.204/30
2020-04-13 03:12:14.102 12680 RALLYDEBUG rally_openstack.wrappers.network [-] CIDR generated: 1.1.0.208/30
2020-04-13 03:12:16.086 12679 INFO rally.task.runner [-] Task 1555adf2-8b06-4117-91f7-246dacab2a51 | ITER: 2 END: OK
2020-04-13 03:12:16.091 12679 INFO rally.task.runner [-] Task 1555adf2-8b06-4117-91f7-246dacab2a51 | ITER: 5 START
2020-04-13 03:12:16.169 12678 INFO rally.task.runner [-] Task 1555adf2-8b06-4117-91f7-246dacab2a51 | ITER: 1 END: OK
2020-04-13 03:12:16.176 12678 INFO rally.task.runner [-] Task 1555adf2-8b06-4117-91f7-246dacab2a51 | ITER: 6 START
2020-04-13 03:12:16.385 12679 RALLYDEBUG rally_openstack.wrappers.network [-] CIDR generated: 1.1.0.212/30
2020-04-13 03:12:16.410 12681 INFO rally.task.runner [-] Task 1555adf2-8b06-4117-91f7-246dacab2a51 | ITER: 4 END: OK
2020-04-13 03:12:16.415 12681 INFO rally.task.runner [-] Task 1555adf2-8b06-4117-91f7-246dacab2a51 | ITER: 7 START
2020-04-13 03:12:17.111 12678 RALLYDEBUG rally_openstack.wrappers.network [-] CIDR generated: 1.1.0.216/30
2020-04-13 03:12:17.215 12681 RALLYDEBUG rally_openstack.wrappers.network [-] CIDR generated: 1.1.0.220/30
2020-04-13 03:12:17.781 12680 INFO rally.task.runner [-] Task 1555adf2-8b06-4117-91f7-246dacab2a51 | ITER: 3 END: OK
2020-04-13 03:12:17.786 12680 INFO rally.task.runner [-] Task 1555adf2-8b06-4117-91f7-246dacab2a51 | ITER: 8 START
2020-04-13 03:12:18.152 12680 RALLYDEBUG rally_openstack.wrappers.network [-] CIDR generated: 1.1.0.224/30
2020-04-13 03:12:20.277 12679 INFO rally.task.runner [-] Task 1555adf2-8b06-4117-91f7-246dacab2a51 | ITER: 5 END: OK
2020-04-13 03:12:20.281 12679 INFO rally.task.runner [-] Task 1555adf2-8b06-4117-91f7-246dacab2a51 | ITER: 9 START
2020-04-13 03:12:20.420 12678 INFO rally.task.runner [-] Task 1555adf2-8b06-4117-91f7-246dacab2a51 | ITER: 6 END: OK
2020-04-13 03:12:20.425 12678 INFO rally.task.runner [-] Task 1555adf2-8b06-4117-91f7-246dacab2a51 | ITER: 10 START
2020-04-13 03:12:20.535 12681 INFO rally.task.runner [-] Task 1555adf2-8b06-4117-91f7-246dacab2a51 | ITER: 7 END: OK
2020-04-13 03:12:20.554 12679 RALLYDEBUG rally_openstack.wrappers.network [-] CIDR generated: 1.1.0.228/30
2020-04-13 03:12:21.022 12678 RALLYDEBUG rally_openstack.wrappers.network [-] CIDR generated: 1.1.0.232/30
2020-04-13 03:12:22.331 12680 INFO rally.task.runner [-] Task 1555adf2-8b06-4117-91f7-246dacab2a51 | ITER: 8 END: OK
2020-04-13 03:12:26.515 12679 INFO rally.task.runner [-] Task 1555adf2-8b06-4117-91f7-246dacab2a51 | ITER: 9 END: OK
2020-04-13 03:12:26.678 12678 INFO rally.task.runner [-] Task 1555adf2-8b06-4117-91f7-246dacab2a51 | ITER: 10 END: OK
2020-04-13 03:12:26.707 9693 INFO rally.task.context [-] Task 1555adf2-8b06-4117-91f7-246dacab2a51 | Context cleanup@openstack cleanup() started
2020-04-13 03:12:26.714 9693 RALLYDEBUG rally_openstack.cleanup.manager [-] Cleaning up neutron vip objects
2020-04-13 03:12:27.143 9693 RALLYDEBUG rally_openstack.cleanup.manager [-] Cleaning up neutron health_monitor objects
2020-04-13 03:12:27.688 9693 RALLYDEBUG rally_openstack.cleanup.manager [-] Cleaning up neutron pool objects
2020-04-13 03:12:28.133 9693 RALLYDEBUG rally_openstack.cleanup.manager [-] Cleaning up neutron loadbalancer objects
2020-04-13 03:12:28.665 9693 RALLYDEBUG rally_openstack.cleanup.manager [-] Cleaning up neutron floatingip objects
2020-04-13 03:12:29.304 9693 RALLYDEBUG rally_openstack.cleanup.manager [-] Cleaning up neutron trunk objects
2020-04-13 03:12:29.831 9693 RALLYDEBUG rally_openstack.cleanup.manager [-] Cleaning up neutron port objects
2020-04-13 03:12:31.136 9693 RALLYDEBUG rally_openstack.cleanup.manager [-] Deleting neutron.port object s_rally_1ef57af5_wVnqNDNh (0667a4d0-8ed2-4f5b-a2a7-1c2b4a764beb)
2020-04-13 03:12:31.148 9693 RALLYDEBUG rally_openstack.cleanup.manager [-] Deleting neutron.port object s_rally_1ef57af5_kH3UKDAJ (9c7a9dc4-518a-4675-b043-b23944b1a114)
2020-04-13 03:12:31.167 9693 RALLYDEBUG rally_openstack.cleanup.manager [-] Deleting neutron.port object s_rally_1ef57af5_eummT19S (77f6b767-3452-4510-bd50-4af5f8a0540c)
2020-04-13 03:12:31.184 9693 RALLYDEBUG rally_openstack.cleanup.manager [-] Deleting neutron.port object s_rally_1ef57af5_2Pus4u1t (8847caa7-43eb-4656-a820-fe70efe4af97)
2020-04-13 03:12:31.200 9693 RALLYDEBUG rally_openstack.cleanup.manager [-] Deleting neutron.port object s_rally_1ef57af5_4lJ0zrO4 (e61b7087-0cfb-4155-9fad-d876af1ab496)
2020-04-13 03:12:31.201 9693 RALLYDEBUG rally_openstack.cleanup.manager [-] Deleting neutron.port object s_rally_1ef57af5_q02gWOpj (6525c213-d409-402d-a598-ff0de74980ae)
2020-04-13 03:12:31.217 9693 RALLYDEBUG rally_openstack.cleanup.manager [-] Deleting neutron.port object s_rally_1ef57af5_xtrEkFGv (5cfe6965-293f-4c9a-a699-23fd9336d92f)
2020-04-13 03:12:31.256 9693 RALLYDEBUG rally_openstack.cleanup.manager [-] Deleting neutron.port object s_rally_1ef57af5_VEodF94J (7ff688d5-c7cd-470c-845a-6da6f6fe7372)
2020-04-13 03:12:31.265 9693 RALLYDEBUG rally_openstack.cleanup.manager [-] Deleting neutron.port object s_rally_1ef57af5_gkKSNgWs (88bc6760-f33f-4451-86fc-68eeda9faab8)
2020-04-13 03:12:31.285 9693 RALLYDEBUG rally_openstack.cleanup.manager [-] Deleting neutron.port object s_rally_1ef57af5_KxXXHYKV (e73fdd6d-e056-4e2e-b695-34d45ec2d3a0)
2020-04-13 03:12:40.826 9693 RALLYDEBUG rally_openstack.cleanup.manager [-] Cleaning up neutron subnet objects
2020-04-13 03:12:41.950 9693 RALLYDEBUG rally_openstack.cleanup.manager [-] Deleting neutron.subnet object s_rally_1ef57af5_WeUxOaBR (00ea0d96-7e3b-4cef-bd79-da991c43b52c)
2020-04-13 03:12:41.962 9693 RALLYDEBUG rally_openstack.cleanup.manager [-] Deleting neutron.subnet object s_rally_1ef57af5_t5bPzhrn (77da9550-541e-4bfe-a2d9-2ebd6e80c845)
2020-04-13 03:12:41.973 9693 RALLYDEBUG rally_openstack.cleanup.manager [-] Deleting neutron.subnet object s_rally_1ef57af5_RQ781SjF (3192c3bd-8085-4af5-9d68-b18566ae3e5c)
2020-04-13 03:12:41.979 9693 RALLYDEBUG rally_openstack.cleanup.manager [-] Deleting neutron.subnet object s_rally_1ef57af5_b7wz038O (6a7b991e-6f64-4c49-b6d9-fc156254066a)
2020-04-13 03:12:41.984 9693 RALLYDEBUG rally_openstack.cleanup.manager [-] Deleting neutron.subnet object s_rally_1ef57af5_savkuEfm (74f7db80-7f17-471a-9e09-229da2fb68f4)
2020-04-13 03:12:41.997 9693 RALLYDEBUG rally_openstack.cleanup.manager [-] Deleting neutron.subnet object s_rally_1ef57af5_bmpzQahY (c90c4df3-f975-4bf3-a407-865d460e6d7b)
2020-04-13 03:12:42.012 9693 RALLYDEBUG rally_openstack.cleanup.manager [-] Deleting neutron.subnet object s_rally_1ef57af5_WcUx0yNV (039d4b0a-175d-4a28-a544-236a2e9bd24a)
2020-04-13 03:12:42.024 9693 RALLYDEBUG rally_openstack.cleanup.manager [-] Deleting neutron.subnet object s_rally_1ef57af5_Ng2HznUI (51135d3e-c8ae-4cb7-9a38-a0adca43dfd0)
2020-04-13 03:12:42.023 9693 RALLYDEBUG rally_openstack.cleanup.manager [-] Deleting neutron.subnet object s_rally_1ef57af5_qisPoFih (eb57cd59-656a-46c3-8f11-dc7c0b7686b7)
2020-04-13 03:12:42.029 9693 RALLYDEBUG rally_openstack.cleanup.manager [-] Deleting neutron.subnet object s_rally_1ef57af5_CRS2NWx5 (fea6569c-4450-451a-9dd4-3cea2cabc5a1)
2020-04-13 03:12:47.038 9693 RALLYDEBUG rally_openstack.cleanup.manager [-] Cleaning up neutron network objects
2020-04-13 03:12:47.802 9693 RALLYDEBUG rally_openstack.cleanup.manager [-] Deleting neutron.network object s_rally_1ef57af5_06eWaKwg (084abbbf-1d22-4fd5-9124-57398fc26675)
2020-04-13 03:12:47.807 9693 RALLYDEBUG rally_openstack.cleanup.manager [-] Deleting neutron.network object s_rally_1ef57af5_5X4XqXT4 (260c719f-7f9d-47a2-bb42-ea5a14ac8a74)
2020-04-13 03:12:47.819 9693 RALLYDEBUG rally_openstack.cleanup.manager [-] Deleting neutron.network object s_rally_1ef57af5_VAEXwPjq (23ff6cbe-5203-4f74-9dbf-faba6a47d9c3)
2020-04-13 03:12:47.835 9693 RALLYDEBUG rally_openstack.cleanup.manager [-] Deleting neutron.network object s_rally_1ef57af5_P6GZHGwl (7fe118aa-e8b8-4318-8d6c-2dcb3f22ff85)
2020-04-13 03:12:47.854 9693 RALLYDEBUG rally_openstack.cleanup.manager [-] Deleting neutron.network object s_rally_1ef57af5_jn0KQkf1 (b9c35b4b-96e2-44fc-8984-729b11634f62)
2020-04-13 03:12:47.860 9693 RALLYDEBUG rally_openstack.cleanup.manager [-] Deleting neutron.network object s_rally_1ef57af5_97RlTReB (8de057a9-c58e-4c52-b1a4-ba40d6f75bae)
2020-04-13 03:12:47.877 9693 RALLYDEBUG rally_openstack.cleanup.manager [-] Deleting neutron.network object s_rally_1ef57af5_5JUvT40F (146a08c7-0162-4580-a86f-73bdf1dbc3b4)
2020-04-13 03:12:47.905 9693 RALLYDEBUG rally_openstack.cleanup.manager [-] Deleting neutron.network object s_rally_1ef57af5_Itr2r5LH (47bd78ac-8b16-4841-88a1-f8a8677ad869)
2020-04-13 03:12:47.918 9693 RALLYDEBUG rally_openstack.cleanup.manager [-] Deleting neutron.network object s_rally_1ef57af5_ibZP5JnD (9d638463-5616-44ee-b766-33ab4b77c051)
2020-04-13 03:12:47.944 9693 RALLYDEBUG rally_openstack.cleanup.manager [-] Deleting neutron.network object s_rally_1ef57af5_iy5DKJ2r (bf285a28-5b92-444a-923e-9951ce66d3a3)
2020-04-13 03:12:51.393 9693 RALLYDEBUG rally_openstack.cleanup.manager [-] Cleaning up neutron router objects
2020-04-13 03:12:52.581 9693 RALLYDEBUG rally_openstack.cleanup.manager [-] Deleting neutron.router object s_rally_1ef57af5_kH3UKDAJ (9330434e-eaeb-4552-9676-daaf03e95772)
2020-04-13 03:12:52.591 9693 RALLYDEBUG rally_openstack.cleanup.manager [-] Deleting neutron.router object s_rally_1ef57af5_2Pus4u1t (091402df-8ed1-4bdb-be3d-4b14052500d1)
2020-04-13 03:12:52.586 9693 RALLYDEBUG rally_openstack.cleanup.manager [-] Deleting neutron.router object s_rally_1ef57af5_wVnqNDNh (d7df5d3f-6f5b-4026-a1dd-1409aace6293)
2020-04-13 03:12:52.604 9693 RALLYDEBUG rally_openstack.cleanup.manager [-] Deleting neutron.router object s_rally_1ef57af5_q02gWOpj (28202c5b-7876-428b-8695-359a33b91c8b)
2020-04-13 03:12:52.614 9693 RALLYDEBUG rally_openstack.cleanup.manager [-] Deleting neutron.router object s_rally_1ef57af5_eummT19S (6969d232-7911-406e-b3b8-c4da2ae2aa26)
2020-04-13 03:12:52.621 9693 RALLYDEBUG rally_openstack.cleanup.manager [-] Deleting neutron.router object s_rally_1ef57af5_4lJ0zrO4 (7cf9508d-927f-4dc0-a554-082275c52a25)
2020-04-13 03:12:52.626 9693 RALLYDEBUG rally_openstack.cleanup.manager [-] Deleting neutron.router object s_rally_1ef57af5_VEodF94J (953df56c-9f66-42b7-aa45-1693eb75f065)
2020-04-13 03:12:52.658 9693 RALLYDEBUG rally_openstack.cleanup.manager [-] Deleting neutron.router object s_rally_1ef57af5_gkKSNgWs (b7c8a702-a8d4-45ee-ad68-2edeb5c62b7e)
2020-04-13 03:12:52.667 9693 RALLYDEBUG rally_openstack.cleanup.manager [-] Deleting neutron.router object s_rally_1ef57af5_KxXXHYKV (d5a086b6-e734-4414-989f-cca247cd83dd)
2020-04-13 03:12:52.679 9693 RALLYDEBUG rally_openstack.cleanup.manager [-] Deleting neutron.router object s_rally_1ef57af5_xtrEkFGv (d97ebff3-91f1-401f-a7b0-7e2b6a9a5253)
2020-04-13 03:12:56.199 9693 RALLYDEBUG rally_openstack.cleanup.manager [-] Cleaning up neutron security_group objects
2020-04-13 03:12:56.889 9693 INFO rally.task.context [-] Task 1555adf2-8b06-4117-91f7-246dacab2a51 | Context cleanup@openstack cleanup() finished in 30.18 sec
2020-04-13 03:12:56.891 9693 INFO rally.task.context [-] Task 1555adf2-8b06-4117-91f7-246dacab2a51 | Context quotas@openstack cleanup() started
2020-04-13 03:12:56.962 9693 INFO rally.task.context [-] Task 1555adf2-8b06-4117-91f7-246dacab2a51 | Context quotas@openstack cleanup() finished in 71.21 msec
2020-04-13 03:12:56.962 9693 INFO rally.task.context [-] Task 1555adf2-8b06-4117-91f7-246dacab2a51 | Context users@openstack cleanup() started
2020-04-13 03:12:57.146 9693 WARNING rally.common.logging [-] `iterate_per_tenants()' is deprecated in v3.0.0: it is openstack specific.. Used at
2020-04-13 03:12:59.274 9693 INFO rally.task.context [-] Task 1555adf2-8b06-4117-91f7-246dacab2a51 | Context users@openstack cleanup() finished in 2.31 sec
2020-04-13 03:13:00.423 9693 INFO rally.task.engine [-] Load duration is: 14.845126
2020-04-13 03:13:00.424 9693 INFO rally.task.engine [-] Full runner duration is: 14.893676
2020-04-13 03:13:00.424 9693 INFO rally.task.engine [-] Full duration is: 49.184828
2020-04-13 03:13:00.517 9693 INFO rally.task.engine [-] Running workload: position = 0 config = { "version": 2, "title": "A cropped version of a bigger task.", "description": "Auto-generated task from a single workload (uuid=67150d91-3205-4184-ba2e-8b3ca382e7c7)", "subtasks": [ { "title": "NeutronNetworks.create_and_list_subnets", "description": "Create and a given number of subnets and list all subnets.", "scenario": { "NeutronNetworks.create_and_list_subnets": { "network_create_args": {}, "subnet_cidr_start": "1.1.0.0/30", "subnet_create_args": {}, "subnets_per_network": 1 } }, "contexts": { "users": { "tenants": 3, "users_per_tenant": 2 }, "quotas": { "neutron": { "network": -1, "subnet": -1 } } }, "runner": { "constant": { "concurrency": 4, "times": 10 } }, "hooks": [], "sla": { "failure_rate": { "max": 0 } } } ] }
2020-04-13 03:13:00.541 9693 RALLYDEBUG rally_openstack.contexts.keystone.users [-] Creating 3 tenants using 3 threads
2020-04-13 03:13:01.090 9693 RALLYDEBUG rally_openstack.contexts.keystone.users [-] Creating 6 users using 6 threads
2020-04-13 03:13:02.092 9693 INFO rally.task.context [-] Task 1555adf2-8b06-4117-91f7-246dacab2a51 | Context users@openstack setup() finished in 1.55 sec
2020-04-13 03:13:02.451 9693 INFO rally.task.context [-] Task 1555adf2-8b06-4117-91f7-246dacab2a51 | Context quotas@openstack setup() finished in 0.36 sec
2020-04-13 03:13:02.451 9693 INFO rally.task.context [-] Task 1555adf2-8b06-4117-91f7-246dacab2a51 | Context cleanup@openstack setup() finished in 0.18 msec
2020-04-13 03:13:02.463 9693 RALLYDEBUG rally.task.runner [-] Starting the constant runner (task UUID: 1555adf2-8b06-4117-91f7-246dacab2a51). times: 10 concurrency: 4 timeout: 0 max_cpu_used: 88 processes_to_start: 4 concurrency_per_worker: 1 concurrency_overhead: 0
2020-04-13 03:13:02.476 12971 RALLYDEBUG rally.task.runner [-] Starting a worker. times: 10 duration: None concurrency: 1 timeout: 0 cls: method_name: run args: {"network_create_args": {}, "subnet_cidr_start": "1.1.0.0/30", "subnet_create_args": {}, "subnets_per_network": 1}
2020-04-13 03:13:02.480 12972 RALLYDEBUG rally.task.runner [-] Starting a worker. times: 10 duration: None concurrency: 1 timeout: 0 cls: method_name: run args: {"network_create_args": {}, "subnet_cidr_start": "1.1.0.0/30", "subnet_create_args": {}, "subnets_per_network": 1}
2020-04-13 03:13:02.482 12973 RALLYDEBUG rally.task.runner [-] Starting a worker. times: 10 duration: None concurrency: 1 timeout: 0 cls: method_name: run args: {"network_create_args": {}, "subnet_cidr_start": "1.1.0.0/30", "subnet_create_args": {}, "subnets_per_network": 1}
2020-04-13 03:13:02.483 12971 INFO rally.task.runner [-] Task 1555adf2-8b06-4117-91f7-246dacab2a51 | ITER: 1 START
2020-04-13 03:13:02.486 12974 RALLYDEBUG rally.task.runner [-] Starting a worker. times: 10 duration: None concurrency: 1 timeout: 0 cls: method_name: run args: {"network_create_args": {}, "subnet_cidr_start": "1.1.0.0/30", "subnet_create_args": {}, "subnets_per_network": 1}
2020-04-13 03:13:02.487 12972 INFO rally.task.runner [-] Task 1555adf2-8b06-4117-91f7-246dacab2a51 | ITER: 2 START
2020-04-13 03:13:02.489 12973 INFO rally.task.runner [-] Task 1555adf2-8b06-4117-91f7-246dacab2a51 | ITER: 3 START
2020-04-13 03:13:02.493 12974 INFO rally.task.runner [-] Task 1555adf2-8b06-4117-91f7-246dacab2a51 | ITER: 4 START
2020-04-13 03:13:03.045 12971 RALLYDEBUG rally_openstack.wrappers.network [-] CIDR generated: 1.1.0.236/30
2020-04-13 03:13:03.615 12973 RALLYDEBUG rally_openstack.wrappers.network [-] CIDR generated: 1.1.0.240/30
2020-04-13 03:13:04.261 12971 INFO rally.task.runner [-] Task 1555adf2-8b06-4117-91f7-246dacab2a51 | ITER: 1 END: OK
2020-04-13 03:13:04.267 12971 INFO rally.task.runner [-] Task 1555adf2-8b06-4117-91f7-246dacab2a51 | ITER: 5 START
2020-04-13 03:13:04.321 12973 INFO rally.task.runner [-] Task 1555adf2-8b06-4117-91f7-246dacab2a51 | ITER: 3 END: OK
2020-04-13 03:13:04.326 12973 INFO rally.task.runner [-] Task 1555adf2-8b06-4117-91f7-246dacab2a51 | ITER: 6 START
2020-04-13 03:13:04.591 12972 RALLYDEBUG rally_openstack.wrappers.network [-] CIDR generated: 1.1.0.244/30
2020-04-13 03:13:04.929 12973 RALLYDEBUG rally_openstack.wrappers.network [-] CIDR generated: 1.1.0.248/30
2020-04-13 03:13:05.184 12971 RALLYDEBUG rally_openstack.wrappers.network [-] CIDR generated: 1.1.0.252/30
2020-04-13 03:13:05.392 12972 INFO rally.task.runner [-] Task 1555adf2-8b06-4117-91f7-246dacab2a51 | ITER: 2 END: OK
2020-04-13 03:13:05.397 12972 INFO rally.task.runner [-] Task 1555adf2-8b06-4117-91f7-246dacab2a51 | ITER: 7 START
2020-04-13 03:13:05.722 12972 RALLYDEBUG rally_openstack.wrappers.network [-] CIDR generated: 1.1.1.0/30
2020-04-13 03:13:06.057 12973 INFO rally.task.runner [-] Task 1555adf2-8b06-4117-91f7-246dacab2a51 | ITER: 6 END: OK
2020-04-13 03:13:06.062 12973 INFO rally.task.runner [-] Task 1555adf2-8b06-4117-91f7-246dacab2a51 | ITER: 8 START
2020-04-13 03:13:06.354 12973 RALLYDEBUG rally_openstack.wrappers.network [-] CIDR generated: 1.1.1.4/30
2020-04-13 03:13:06.448 12971 INFO rally.task.runner [-] Task 1555adf2-8b06-4117-91f7-246dacab2a51 | ITER: 5 END: OK
2020-04-13 03:13:06.454 12971 INFO rally.task.runner [-] Task 1555adf2-8b06-4117-91f7-246dacab2a51 | ITER: 9 START
2020-04-13 03:13:06.877 12972 INFO rally.task.runner [-] Task 1555adf2-8b06-4117-91f7-246dacab2a51 | ITER: 7 END: OK
2020-04-13 03:13:06.882 12972 INFO rally.task.runner [-] Task 1555adf2-8b06-4117-91f7-246dacab2a51 | ITER: 10 START
2020-04-13 03:13:07.268 12971 RALLYDEBUG rally_openstack.wrappers.network [-] CIDR generated: 1.1.1.8/30
2020-04-13 03:13:07.528 12973 INFO rally.task.runner [-] Task 1555adf2-8b06-4117-91f7-246dacab2a51 | ITER: 8 END: OK
2020-04-13 03:13:07.671 12972 RALLYDEBUG rally_openstack.wrappers.network [-] CIDR generated: 1.1.1.12/30
2020-04-13 03:13:08.063 12971 INFO rally.task.runner [-] Task 1555adf2-8b06-4117-91f7-246dacab2a51 | ITER: 9 END: OK
2020-04-13 03:13:08.397 12972 INFO rally.task.runner [-] Task 1555adf2-8b06-4117-91f7-246dacab2a51 | ITER: 10 END: OK
2020-04-13 03:13:08.521 12974 RALLYDEBUG rally_openstack.wrappers.network [-] CIDR generated: 1.1.1.16/30
2020-04-13 03:13:09.274 12974 INFO rally.task.runner [-] Task 1555adf2-8b06-4117-91f7-246dacab2a51 | ITER: 4 END: OK
2020-04-13 03:13:09.300 9693 INFO rally.task.context [-] Task 1555adf2-8b06-4117-91f7-246dacab2a51 | Context cleanup@openstack cleanup() started
2020-04-13 03:13:09.304 9693 RALLYDEBUG rally_openstack.cleanup.manager [-] Cleaning up neutron vip objects
2020-04-13 03:13:09.790 9693 RALLYDEBUG rally_openstack.cleanup.manager [-] Cleaning up neutron health_monitor objects
2020-04-13 03:13:10.263 9693 RALLYDEBUG rally_openstack.cleanup.manager [-] Cleaning up neutron pool objects
2020-04-13 03:13:10.687 9693 RALLYDEBUG rally_openstack.cleanup.manager [-] Cleaning up neutron loadbalancer objects
2020-04-13 03:13:11.139 9693 RALLYDEBUG rally_openstack.cleanup.manager [-] Cleaning up neutron floatingip objects
2020-04-13 03:13:11.775 9693 RALLYDEBUG rally_openstack.cleanup.manager [-] Cleaning up neutron trunk objects
2020-04-13 03:13:12.325 9693 RALLYDEBUG rally_openstack.cleanup.manager [-] Cleaning up neutron port objects
2020-04-13 03:13:13.127 9693 RALLYDEBUG rally_openstack.cleanup.manager [-] Cleaning up neutron subnet objects
2020-04-13 03:13:13.817 9693 RALLYDEBUG rally_openstack.cleanup.manager [-] Deleting neutron.subnet object s_rally_67150d91_2c7iH8FX (3e972421-58d3-4827-bd13-feb5ec056ed3)
2020-04-13 03:13:13.822 9693 RALLYDEBUG rally_openstack.cleanup.manager [-] Deleting neutron.subnet object s_rally_67150d91_ywjzBG9w (5724ba1e-edb5-45f6-8df0-4986552e1d4f)
2020-04-13 03:13:13.829 9693 RALLYDEBUG rally_openstack.cleanup.manager [-] Deleting neutron.subnet object s_rally_67150d91_harsYrPG (9f854b42-060e-4150-9602-2a398f8e8340)
2020-04-13 03:13:13.840 9693 RALLYDEBUG rally_openstack.cleanup.manager [-] Deleting neutron.subnet object s_rally_67150d91_RQatJLIq (a50335cd-78e8-4bb7-901a-c891e399822d)
2020-04-13 03:13:13.853 9693 RALLYDEBUG rally_openstack.cleanup.manager [-] Deleting neutron.subnet object s_rally_67150d91_b6SUHZUD (b9e37f4e-3fbb-4edc-a101-3d61690cfb07)
2020-04-13 03:13:13.858 9693 RALLYDEBUG rally_openstack.cleanup.manager [-] Deleting neutron.subnet object s_rally_67150d91_lRb4opet (0fe46e36-7336-4a78-888e-42e2a886fd88)
2020-04-13 03:13:13.863 9693 RALLYDEBUG rally_openstack.cleanup.manager [-] Deleting neutron.subnet object s_rally_67150d91_abpIGSjB (19351930-0ce5-4856-a718-309d93f647e2)
2020-04-13 03:13:13.875 9693 RALLYDEBUG rally_openstack.cleanup.manager [-] Deleting neutron.subnet object s_rally_67150d91_d0aN5M6I (24d60be9-80b1-4290-bd1e-2f0601450d0a)
2020-04-13 03:13:13.891 9693 RALLYDEBUG rally_openstack.cleanup.manager [-] Deleting neutron.subnet object s_rally_67150d91_6EKYq9Ji (ae46096c-1838-4eb0-9520-dbbd5a87d4ba)
2020-04-13 03:13:13.911 9693 RALLYDEBUG rally_openstack.cleanup.manager [-] Deleting neutron.subnet object s_rally_67150d91_vJ1nCBKA (7a033178-4525-4c1b-9b60-4a54a3178744)
2020-04-13 03:13:19.517 9693 RALLYDEBUG rally_openstack.cleanup.manager [-] Cleaning up neutron network objects
2020-04-13 03:13:20.619 9693 RALLYDEBUG rally_openstack.cleanup.manager [-] Deleting neutron.network object s_rally_67150d91_vkLV39vI (02071d37-e19e-4694-a1f6-010627d7d9ec)
2020-04-13 03:13:20.623 9693 RALLYDEBUG rally_openstack.cleanup.manager [-] Deleting neutron.network object s_rally_67150d91_LlulcBjf (441f301c-5b50-401f-bc10-6435b6b2ea2f)
2020-04-13 03:13:20.634 9693 RALLYDEBUG rally_openstack.cleanup.manager [-] Deleting neutron.network object s_rally_67150d91_x0JLbQ4v (60e69307-9d2d-48f3-8984-d7cc6a87c691)
2020-04-13 03:13:20.647 9693 RALLYDEBUG rally_openstack.cleanup.manager [-] Deleting neutron.network object s_rally_67150d91_fhugR9F6 (6b0e5c67-d52d-42b0-8b7f-d5ec4ea1ddea)
2020-04-13 03:13:20.660 9693 RALLYDEBUG rally_openstack.cleanup.manager [-] Deleting neutron.network object s_rally_67150d91_IxEIsdxR (f9c32bb7-b5c0-42f9-b182-c57b4ad1cce9)
2020-04-13 03:13:20.678 9693 RALLYDEBUG rally_openstack.cleanup.manager [-] Deleting neutron.network object s_rally_67150d91_ywyIvYfs (2d78e91b-d690-4894-b6af-22c44bbd01de)
2020-04-13 03:13:20.683 9693 RALLYDEBUG rally_openstack.cleanup.manager [-] Deleting neutron.network object s_rally_67150d91_J7gJtj1Q (483ef9d3-ce6d-496f-a595-a01736ea253a)
2020-04-13 03:13:20.683 9693 RALLYDEBUG rally_openstack.cleanup.manager [-] Deleting neutron.network object s_rally_67150d91_TEzJghwY (00a7d960-db3b-4ea0-855c-37dea6bd8777)
2020-04-13 03:13:20.729 9693 RALLYDEBUG rally_openstack.cleanup.manager [-] Deleting neutron.network object s_rally_67150d91_2OFZrzFK (f816b465-e86b-43a5-8d3d-8aea50bff39e)
2020-04-13 03:13:20.747 9693 RALLYDEBUG rally_openstack.cleanup.manager [-] Deleting neutron.network object s_rally_67150d91_LECp0Uph (e388af11-83d2-437d-acc7-59a3ed4918c2)
2020-04-13 03:13:24.127 9693 RALLYDEBUG rally_openstack.cleanup.manager [-] Cleaning up neutron router objects
2020-04-13 03:13:25.113 9693 RALLYDEBUG rally_openstack.cleanup.manager [-] Cleaning up neutron security_group objects
2020-04-13 03:13:25.837 9693 INFO rally.task.context [-] Task 1555adf2-8b06-4117-91f7-246dacab2a51 | Context cleanup@openstack cleanup() finished in 16.54 sec
2020-04-13 03:13:25.838 9693 INFO rally.task.context [-] Task 1555adf2-8b06-4117-91f7-246dacab2a51 | Context quotas@openstack cleanup() started
2020-04-13 03:13:25.912 9693 INFO rally.task.context [-] Task 1555adf2-8b06-4117-91f7-246dacab2a51 | Context quotas@openstack cleanup() finished in 74.55 msec
2020-04-13 03:13:25.913 9693 INFO rally.task.context [-] Task 1555adf2-8b06-4117-91f7-246dacab2a51 | Context users@openstack cleanup() started
2020-04-13 03:13:26.070 9693 WARNING rally.common.logging [-] `iterate_per_tenants()' is deprecated in v3.0.0: it is openstack specific.. Used at
2020-04-13 03:13:28.028 9693 INFO rally.task.context [-] Task 1555adf2-8b06-4117-91f7-246dacab2a51 | Context users@openstack cleanup() finished in 2.11 sec
2020-04-13 03:13:28.786 9693 INFO rally.task.engine [-] Load duration is: 6.789136
2020-04-13 03:13:28.787 9693 INFO rally.task.engine [-] Full runner duration is: 6.837222
2020-04-13 03:13:28.787 9693 INFO rally.task.engine [-] Full duration is: 27.488646
2020-04-13 03:13:28.882 9693 INFO rally.task.engine [-] Running workload: position = 0 config = { "version": 2, "title": "A cropped version of a bigger task.", "description": "Auto-generated task from a single workload (uuid=270d9fb5-b11b-4355-9be5-e074d5996644)", "subtasks": [ { "title": "NeutronNetworks.set_and_clear_router_gateway", "description": "Set and Remove the external network gateway from a router.", "scenario": { "NeutronNetworks.set_and_clear_router_gateway": { "network_create_args": { "router:external": true } } }, "contexts": { "users": { "tenants": 3, "users_per_tenant": 2 }, "quotas": { "neutron": { "network": -1, "router": -1 } }, "roles": [ "admin" ] }, "runner": { "constant": { "concurrency": 4, "times": 10 } }, "hooks": [], "sla": { "failure_rate": { "max": 0 } } } ] }
2020-04-13 03:13:28.906 9693 RALLYDEBUG rally_openstack.contexts.keystone.users [-] Creating 3 tenants using 3 threads
2020-04-13 03:13:29.380 9693 RALLYDEBUG rally_openstack.contexts.keystone.users [-] Creating 6 users using 6 threads
2020-04-13 03:13:30.260 9693 INFO rally.task.context [-] Task 1555adf2-8b06-4117-91f7-246dacab2a51 | Context users@openstack setup() finished in 1.35 sec
2020-04-13 03:13:30.585 9693 INFO rally.task.context [-] Task 1555adf2-8b06-4117-91f7-246dacab2a51 | Context quotas@openstack setup() finished in 0.32 sec
2020-04-13 03:13:30.791 9693 RALLYDEBUG rally_openstack.contexts.keystone.roles [-] Adding role admin having ID 82f327c894b449b6a249ee8f67332512 to all users using 30 threads
2020-04-13 03:13:32.652 9693 INFO rally.task.context [-] Task 1555adf2-8b06-4117-91f7-246dacab2a51 | Context roles@openstack setup() finished in 2.07 sec
2020-04-13 03:13:32.653 9693 INFO rally.task.context [-] Task 1555adf2-8b06-4117-91f7-246dacab2a51 | Context cleanup@openstack setup() finished in 0.01 msec
2020-04-13 03:13:32.666 9693 RALLYDEBUG rally.task.runner [-] Starting the constant runner (task UUID: 1555adf2-8b06-4117-91f7-246dacab2a51). times: 10 concurrency: 4 timeout: 0 max_cpu_used: 88 processes_to_start: 4 concurrency_per_worker: 1 concurrency_overhead: 0
2020-04-13 03:13:32.678 13294 RALLYDEBUG rally.task.runner [-] Starting a worker. times: 10 duration: None concurrency: 1 timeout: 0 cls: method_name: run args: {"network_create_args": {"router:external": true}}
2020-04-13 03:13:32.679 13295 RALLYDEBUG rally.task.runner [-] Starting a worker. times: 10 duration: None concurrency: 1 timeout: 0 cls: method_name: run args: {"network_create_args": {"router:external": true}}
2020-04-13 03:13:32.682 13296 RALLYDEBUG rally.task.runner [-] Starting a worker. times: 10 duration: None concurrency: 1 timeout: 0 cls: method_name: run args: {"network_create_args": {"router:external": true}}
2020-04-13 03:13:32.685 13294 INFO rally.task.runner [-] Task 1555adf2-8b06-4117-91f7-246dacab2a51 | ITER: 1 START
2020-04-13 03:13:32.685 13295 INFO rally.task.runner [-] Task 1555adf2-8b06-4117-91f7-246dacab2a51 | ITER: 2 START
2020-04-13 03:13:32.685 13297 RALLYDEBUG rally.task.runner [-] Starting a worker. times: 10 duration: None concurrency: 1 timeout: 0 cls: method_name: run args: {"network_create_args": {"router:external": true}}
2020-04-13 03:13:32.689 13296 INFO rally.task.runner [-] Task 1555adf2-8b06-4117-91f7-246dacab2a51 | ITER: 3 START
2020-04-13 03:13:32.692 13297 INFO rally.task.runner [-] Task 1555adf2-8b06-4117-91f7-246dacab2a51 | ITER: 4 START
2020-04-13 03:13:36.680 13295 INFO rally.task.runner [-] Task 1555adf2-8b06-4117-91f7-246dacab2a51 | ITER: 2 END: OK
2020-04-13 03:13:36.686 13295 INFO rally.task.runner [-] Task 1555adf2-8b06-4117-91f7-246dacab2a51 | ITER: 5 START
2020-04-13 03:13:37.152 13297 INFO rally.task.runner [-] Task 1555adf2-8b06-4117-91f7-246dacab2a51 | ITER: 4 END: OK
2020-04-13 03:13:37.157 13297 INFO rally.task.runner [-] Task 1555adf2-8b06-4117-91f7-246dacab2a51 | ITER: 6 START
2020-04-13 03:13:37.487 13294 INFO rally.task.runner [-] Task 1555adf2-8b06-4117-91f7-246dacab2a51 | ITER: 1 END: OK
2020-04-13 03:13:37.492 13294 INFO rally.task.runner [-] Task 1555adf2-8b06-4117-91f7-246dacab2a51 | ITER: 7 START
2020-04-13 03:13:39.098 13296 INFO rally.task.runner [-] Task 1555adf2-8b06-4117-91f7-246dacab2a51 | ITER: 3 END: OK
2020-04-13 03:13:39.103 13296 INFO rally.task.runner [-] Task 1555adf2-8b06-4117-91f7-246dacab2a51 | ITER: 8 START
2020-04-13 03:13:40.476 13297 INFO rally.task.runner [-] Task 1555adf2-8b06-4117-91f7-246dacab2a51 | ITER: 6 END: OK
2020-04-13 03:13:40.480 13297 INFO rally.task.runner [-] Task 1555adf2-8b06-4117-91f7-246dacab2a51 | ITER: 9 START
2020-04-13 03:13:41.293 13294 INFO rally.task.runner [-] Task 1555adf2-8b06-4117-91f7-246dacab2a51 | ITER: 7 END: OK
2020-04-13 03:13:41.298 13294 INFO rally.task.runner [-] Task 1555adf2-8b06-4117-91f7-246dacab2a51 | ITER: 10 START
2020-04-13 03:13:43.259 13295 INFO rally.task.runner [-] Task 1555adf2-8b06-4117-91f7-246dacab2a51 | ITER: 5 END: OK
2020-04-13 03:13:44.776 13296 INFO rally.task.runner [-] Task 1555adf2-8b06-4117-91f7-246dacab2a51 | ITER: 8 END: OK
2020-04-13 03:13:46.209 13297 INFO rally.task.runner [-] Task 1555adf2-8b06-4117-91f7-246dacab2a51 | ITER: 9 END: OK
2020-04-13 03:13:47.053 13294 INFO rally.task.runner [-] Task 1555adf2-8b06-4117-91f7-246dacab2a51 | ITER: 10 END: OK
2020-04-13 03:13:47.073 9693 INFO rally.task.context [-] Task 1555adf2-8b06-4117-91f7-246dacab2a51 | Context cleanup@openstack cleanup() started
2020-04-13 03:13:47.078 9693 RALLYDEBUG rally_openstack.cleanup.manager [-] Cleaning up neutron vip objects
2020-04-13 03:13:47.692 9693 RALLYDEBUG rally_openstack.cleanup.manager [-] Cleaning up neutron health_monitor objects
2020-04-13 03:13:48.166 9693 RALLYDEBUG rally_openstack.cleanup.manager [-] Cleaning up neutron pool objects
2020-04-13 03:13:48.587 9693 RALLYDEBUG rally_openstack.cleanup.manager [-] Cleaning up neutron loadbalancer objects
2020-04-13 03:13:49.065 9693 RALLYDEBUG rally_openstack.cleanup.manager [-] Cleaning up neutron floatingip objects
2020-04-13 03:13:49.684 9693 RALLYDEBUG rally_openstack.cleanup.manager [-] Cleaning up neutron trunk objects
2020-04-13 03:13:50.181 9693 RALLYDEBUG rally_openstack.cleanup.manager [-] Cleaning up neutron port objects
2020-04-13 03:13:50.889 9693 RALLYDEBUG rally_openstack.cleanup.manager [-] Cleaning up neutron subnet objects
2020-04-13 03:13:51.483 9693 RALLYDEBUG rally_openstack.cleanup.manager [-] Cleaning up neutron network objects
2020-04-13 03:13:52.303 9693 RALLYDEBUG rally_openstack.cleanup.manager [-] Deleting neutron.network object s_rally_270d9fb5_ee5Tbdpx (be9eee7b-c479-4771-a582-4c2aa97eac78)
2020-04-13 03:13:52.321 9693 RALLYDEBUG rally_openstack.cleanup.manager [-] Deleting neutron.network object s_rally_270d9fb5_JgJ6S6Ig (238f0f53-5ff0-4961-a3cd-b30e9842404f)
2020-04-13 03:13:52.322 9693 RALLYDEBUG rally_openstack.cleanup.manager [-] Deleting neutron.network object s_rally_270d9fb5_vhP3Apyl (ecfa2198-9d15-4034-a5c2-77b8ca5a4fab)
2020-04-13 03:13:52.331 9693 RALLYDEBUG rally_openstack.cleanup.manager [-] Deleting neutron.network object s_rally_270d9fb5_Hb8JupYE (6a0f39bc-4a1f-49b8-a28f-3f2182dbb390)
2020-04-13 03:13:52.337 9693 RALLYDEBUG rally_openstack.cleanup.manager [-] Deleting neutron.network object s_rally_270d9fb5_YQcMg3XB (85261538-be9b-472d-9448-1090ff41010f)
2020-04-13 03:13:52.355 9693 RALLYDEBUG rally_openstack.cleanup.manager [-] Deleting neutron.network object s_rally_270d9fb5_BHOt19Mr (d0dc7ef1-1e3b-4c48-abaa-1f6261515b74)
2020-04-13 03:13:52.374 9693 RALLYDEBUG rally_openstack.cleanup.manager [-] Deleting neutron.network object s_rally_270d9fb5_KQUDwSME (d6ce94c0-d056-4d4f-8aa2-0a746b38c8cf)
2020-04-13 03:13:52.380 9693 RALLYDEBUG rally_openstack.cleanup.manager [-] Deleting neutron.network object s_rally_270d9fb5_syG09pLJ (d6e531df-4203-4da8-91ad-2ffdbeaa0098)
2020-04-13 03:13:52.392 9693 RALLYDEBUG rally_openstack.cleanup.manager [-] Deleting neutron.network object s_rally_270d9fb5_0Hi9jLUj (d9a956ec-7c38-4dbc-a37f-1be7df0bdcfd)
2020-04-13 03:13:52.398 9693 RALLYDEBUG rally_openstack.cleanup.manager [-] Deleting neutron.network object s_rally_270d9fb5_TxreOfGb (fc5183c0-0f55-4b5e-8488-2b96b0180b38)
2020-04-13 03:13:57.541 9693 RALLYDEBUG rally_openstack.cleanup.manager [-] Cleaning up neutron router objects
2020-04-13 03:13:59.237 9693 RALLYDEBUG rally_openstack.cleanup.manager [-] Deleting neutron.router object s_rally_270d9fb5_tuClX631 (ffa65065-221a-40ea-a3cb-49c8f42a8679)
2020-04-13 03:13:59.247 9693 RALLYDEBUG rally_openstack.cleanup.manager [-] Deleting neutron.router object s_rally_270d9fb5_uFA2eQGg (114c56f7-4296-4408-83b0-ed63c5133af4)
2020-04-13 03:13:59.242 9693 RALLYDEBUG rally_openstack.cleanup.manager [-] Deleting neutron.router object s_rally_270d9fb5_RwWVRU8D (94ac3803-2841-4d0f-ba75-9ea19004feb0)
2020-04-13 03:13:59.265 9693 RALLYDEBUG rally_openstack.cleanup.manager [-] Deleting neutron.router object s_rally_270d9fb5_x0fYh07I (93ceffd0-d1d9-4bcb-ac27-b47ca484e4ef)
2020-04-13 03:13:59.265 9693 RALLYDEBUG rally_openstack.cleanup.manager [-] Deleting neutron.router object s_rally_270d9fb5_UtOHz0mR (164549ab-552d-44c7-8b42-bdcff6fdfcae)
2020-04-13 03:13:59.270 9693 RALLYDEBUG rally_openstack.cleanup.manager [-] Deleting neutron.router object s_rally_270d9fb5_TiRHIcjU (94f02ddc-c8fe-4bbf-8f17-28f53f776093)
2020-04-13 03:13:59.276 9693 RALLYDEBUG rally_openstack.cleanup.manager [-] Deleting neutron.router object s_rally_270d9fb5_QDknn5Dj (9c0bd5a9-8d47-4484-b703-285658fc9881)
2020-04-13 03:13:59.281 9693 RALLYDEBUG rally_openstack.cleanup.manager [-] Deleting neutron.router object s_rally_270d9fb5_9yCBPava (aa32d47d-ef27-42ca-8562-e8b27c92b8dc)
2020-04-13 03:13:59.289 9693 RALLYDEBUG rally_openstack.cleanup.manager [-] Deleting neutron.router object s_rally_270d9fb5_BV9i5xsY (c68e429b-e59b-4136-ad73-e6fdfa80c910)
2020-04-13 03:13:59.325 9693 RALLYDEBUG rally_openstack.cleanup.manager [-] Deleting neutron.router object s_rally_270d9fb5_fv4dDNwL (cec36c84-d55e-41fa-84eb-a0a5df4efc15)
2020-04-13 03:14:01.955 9693 RALLYDEBUG rally_openstack.cleanup.manager [-] Cleaning up neutron security_group objects
2020-04-13 03:14:02.530 9693 INFO rally.task.context [-] Task 1555adf2-8b06-4117-91f7-246dacab2a51 | Context cleanup@openstack cleanup() finished in 15.46 sec
2020-04-13 03:14:02.531 9693 INFO rally.task.context [-] Task 1555adf2-8b06-4117-91f7-246dacab2a51 | Context roles@openstack cleanup() started
2020-04-13 03:14:02.531 9693 RALLYDEBUG rally_openstack.contexts.keystone.roles [-] Removing assigned role 82f327c894b449b6a249ee8f67332512 from all users
2020-04-13 03:14:03.014 9693 INFO rally.task.context [-] Task 1555adf2-8b06-4117-91f7-246dacab2a51 | Context roles@openstack cleanup() finished in 0.48 sec
2020-04-13 03:14:03.015 9693 INFO rally.task.context [-] Task 1555adf2-8b06-4117-91f7-246dacab2a51 | Context quotas@openstack cleanup() started
2020-04-13 03:14:03.094 9693 INFO rally.task.context [-] Task 1555adf2-8b06-4117-91f7-246dacab2a51 | Context quotas@openstack cleanup() finished in 79.59 msec
2020-04-13 03:14:03.095 9693 INFO rally.task.context [-] Task 1555adf2-8b06-4117-91f7-246dacab2a51 | Context users@openstack cleanup() started
2020-04-13 03:14:03.331 9693 WARNING rally.common.logging [-] `iterate_per_tenants()' is deprecated in v3.0.0: it is openstack specific.. Used at
2020-04-13 03:14:05.647 9693 INFO rally.task.context [-] Task 1555adf2-8b06-4117-91f7-246dacab2a51 | Context users@openstack cleanup() finished in 2.55 sec
2020-04-13 03:14:07.143 9693 INFO rally.task.engine [-] Load duration is: 14.365934
2020-04-13 03:14:07.144 9693 INFO rally.task.engine [-] Full runner duration is: 14.407727
2020-04-13 03:14:07.144 9693 INFO rally.task.engine [-] Full duration is: 36.745871
2020-04-13 03:14:07.240 9693 INFO rally.task.engine [-] Running workload: position = 0 config = { "version": 2, "title": "A cropped version of a bigger task.", "description": "Auto-generated task from a single workload (uuid=0cd7f476-04c0-4dcf-8ec0-aa7873193589)", "subtasks": [ { "title": "NeutronNetworks.create_and_show_ports", "description": "Create a given number of ports and show created ports in trun.", "scenario": { "NeutronNetworks.create_and_show_ports": { "ports_per_network": 2 } }, "contexts": { "users": { "tenants": 3, "users_per_tenant": 2 }, "network": { "router": {} }, "quotas": { "neutron": { "network": -1, "router": -1 } } }, "runner": { "constant": { "concurrency": 4, "times": 10 } }, "hooks": [], "sla": { "failure_rate": { "max": 0 } } } ] }
2020-04-13 03:14:07.263 9693 RALLYDEBUG rally_openstack.contexts.keystone.users [-] Creating 3 tenants using 3 threads
2020-04-13 03:14:07.782 9693 RALLYDEBUG rally_openstack.contexts.keystone.users [-] Creating 6 users using 6 threads
2020-04-13 03:14:08.878 9693 INFO rally.task.context [-] Task 1555adf2-8b06-4117-91f7-246dacab2a51 | Context users@openstack setup() finished in 1.62 sec
2020-04-13 03:14:09.241 9693 INFO rally.task.context [-] Task 1555adf2-8b06-4117-91f7-246dacab2a51 | Context quotas@openstack setup() finished in 0.36 sec
2020-04-13 03:14:09.307 9693 WARNING rally.common.logging [-] `iterate_per_tenants()' is deprecated in v3.0.0: it is openstack specific.. Used at
2020-04-13 03:14:09.678 9693 RALLYDEBUG rally_openstack.wrappers.network [-] CIDR generated: 10.2.69.0/24
2020-04-13 03:14:10.807 9693 RALLYDEBUG rally_openstack.wrappers.network [-] CIDR generated: 10.2.70.0/24
2020-04-13 03:14:11.544 9693 RALLYDEBUG rally_openstack.wrappers.network [-] CIDR generated: 10.2.71.0/24
2020-04-13 03:14:12.001 9693 INFO rally.task.context [-] Task 1555adf2-8b06-4117-91f7-246dacab2a51 | Context network@openstack setup() finished in 2.76 sec
2020-04-13 03:14:12.001 9693 INFO rally.task.context [-] Task 1555adf2-8b06-4117-91f7-246dacab2a51 | Context cleanup@openstack setup() finished in 0.01 msec
2020-04-13 03:14:12.012 9693 RALLYDEBUG rally.task.runner [-] Starting the constant runner (task UUID: 1555adf2-8b06-4117-91f7-246dacab2a51). times: 10 concurrency: 4 timeout: 0 max_cpu_used: 88 processes_to_start: 4 concurrency_per_worker: 1 concurrency_overhead: 0
2020-04-13 03:14:12.023 13617 RALLYDEBUG rally.task.runner [-] Starting a worker. times: 10 duration: None concurrency: 1 timeout: 0 cls: method_name: run args: {"ports_per_network": 2}
2020-04-13 03:14:12.027 13618 RALLYDEBUG rally.task.runner [-] Starting a worker. times: 10 duration: None concurrency: 1 timeout: 0 cls: method_name: run args: {"ports_per_network": 2}
2020-04-13 03:14:12.030 13619 RALLYDEBUG rally.task.runner [-] Starting a worker. times: 10 duration: None concurrency: 1 timeout: 0 cls: method_name: run args: {"ports_per_network": 2}
