2020-04-13 03:14:12.031 13617 INFO rally.task.runner [-] Task 1555adf2-8b06-4117-91f7-246dacab2a51 | ITER: 1 START
2020-04-13 03:14:12.032 13620 RALLYDEBUG rally.task.runner [-] Starting a worker. times: 10 duration: None concurrency: 1 timeout: 0 cls: method_name: run args: {"ports_per_network": 2}
2020-04-13 03:14:12.034 13618 INFO rally.task.runner [-] Task 1555adf2-8b06-4117-91f7-246dacab2a51 | ITER: 2 START
2020-04-13 03:14:12.037 13619 INFO rally.task.runner [-] Task 1555adf2-8b06-4117-91f7-246dacab2a51 | ITER: 3 START
2020-04-13 03:14:12.039 13620 INFO rally.task.runner [-] Task 1555adf2-8b06-4117-91f7-246dacab2a51 | ITER: 4 START
2020-04-13 03:14:14.304 13619 INFO rally.task.runner [-] Task 1555adf2-8b06-4117-91f7-246dacab2a51 | ITER: 3 END: OK
2020-04-13 03:14:14.310 13619 INFO rally.task.runner [-] Task 1555adf2-8b06-4117-91f7-246dacab2a51 | ITER: 5 START
2020-04-13 03:14:14.405 13617 INFO rally.task.runner [-] Task 1555adf2-8b06-4117-91f7-246dacab2a51 | ITER: 1 END: OK
2020-04-13 03:14:14.411 13617 INFO rally.task.runner [-] Task 1555adf2-8b06-4117-91f7-246dacab2a51 | ITER: 6 START
2020-04-13 03:14:14.464 13620 INFO rally.task.runner [-] Task 1555adf2-8b06-4117-91f7-246dacab2a51 | ITER: 4 END: OK
2020-04-13 03:14:14.470 13620 INFO rally.task.runner [-] Task 1555adf2-8b06-4117-91f7-246dacab2a51 | ITER: 7 START
2020-04-13 03:14:14.490 13618 INFO rally.task.runner [-] Task 1555adf2-8b06-4117-91f7-246dacab2a51 | ITER: 2 END: OK
2020-04-13 03:14:14.496 13618 INFO rally.task.runner [-] Task 1555adf2-8b06-4117-91f7-246dacab2a51 | ITER: 8 START
2020-04-13 03:14:16.425 13618 INFO rally.task.runner [-] Task 1555adf2-8b06-4117-91f7-246dacab2a51 | ITER: 8 END: OK
2020-04-13 03:14:16.430 13618 INFO rally.task.runner [-] Task 1555adf2-8b06-4117-91f7-246dacab2a51 | ITER: 9 START
2020-04-13 03:14:16.667 13619 INFO rally.task.runner [-] Task 1555adf2-8b06-4117-91f7-246dacab2a51 | ITER: 5 END: OK
2020-04-13 03:14:16.672 13619 INFO rally.task.runner [-] Task 1555adf2-8b06-4117-91f7-246dacab2a51 | ITER: 10 START
2020-04-13 03:14:16.686 13617 INFO rally.task.runner [-] Task 1555adf2-8b06-4117-91f7-246dacab2a51 | ITER: 6 END: OK
2020-04-13 03:14:16.825 13620 INFO rally.task.runner [-] Task 1555adf2-8b06-4117-91f7-246dacab2a51 | ITER: 7 END: OK
2020-04-13 03:14:18.730 13618 INFO rally.task.runner [-] Task 1555adf2-8b06-4117-91f7-246dacab2a51 | ITER: 9 END: OK
2020-04-13 03:14:18.908 13619 INFO rally.task.runner [-] Task 1555adf2-8b06-4117-91f7-246dacab2a51 | ITER: 10 END: OK
2020-04-13 03:14:18.931 9693 INFO rally.task.context [-] Task 1555adf2-8b06-4117-91f7-246dacab2a51 | Context cleanup@openstack cleanup() started
2020-04-13 03:14:18.940 9693 RALLYDEBUG rally_openstack.cleanup.manager [-] Cleaning up neutron vip objects
2020-04-13 03:14:19.362 9693 RALLYDEBUG rally_openstack.cleanup.manager [-] Cleaning up neutron health_monitor objects
2020-04-13 03:14:19.778 9693 RALLYDEBUG rally_openstack.cleanup.manager [-] Cleaning up neutron pool objects
2020-04-13 03:14:20.192 9693 RALLYDEBUG rally_openstack.cleanup.manager [-] Cleaning up neutron loadbalancer objects
2020-04-13 03:14:20.582 9693 RALLYDEBUG rally_openstack.cleanup.manager [-] Cleaning up neutron floatingip objects
2020-04-13 03:14:21.175 9693 RALLYDEBUG rally_openstack.cleanup.manager [-] Cleaning up neutron trunk objects
2020-04-13 03:14:21.640 9693 RALLYDEBUG rally_openstack.cleanup.manager [-] Cleaning up neutron port objects
2020-04-13 03:14:22.820 9693 RALLYDEBUG rally_openstack.cleanup.manager [-] Deleting neutron.port object s_rally_0cd7f476_HFLBJ5zE (7c667125-e27d-4ef8-ba58-d0bbb4af92d2)
2020-04-13 03:14:22.830 9693 RALLYDEBUG rally_openstack.cleanup.manager [-] Deleting neutron.port object s_rally_0cd7f476_oTi2ODLG (9432a492-c0ec-46eb-bc04-294452afc1d6)
2020-04-13 03:14:22.839 9693 RALLYDEBUG rally_openstack.cleanup.manager [-] Deleting neutron.port object s_rally_0cd7f476_bR6hUXD4 (7d9f2d07-6980-42a4-9cac-19224d41b378)
2020-04-13 03:14:22.850 9693 RALLYDEBUG rally_openstack.cleanup.manager [-] Deleting neutron.port object s_rally_0cd7f476_SsOGr2f2 (94e54935-32ca-4237-b451-f3af8beea21a)
2020-04-13 03:14:22.856 9693 RALLYDEBUG rally_openstack.cleanup.manager [-] Deleting neutron.port object s_rally_0cd7f476_S7B4fTPi (af5fa69c-05ca-4a7b-acb5-8b38e839cc52)
2020-04-13 03:14:22.873 9693 RALLYDEBUG rally_openstack.cleanup.manager [-] Deleting neutron.port object s_rally_0cd7f476_VR1iEnBo (dc3c0c80-b228-436a-987c-fb4b6b76f5fe)
2020-04-13 03:14:22.878 9693 RALLYDEBUG rally_openstack.cleanup.manager [-] Deleting neutron.port object s_rally_0cd7f476_Rlst9cZe (e306d037-56ac-465f-967b-b89b19ef56ed)
2020-04-13 03:14:22.886 9693 RALLYDEBUG rally_openstack.cleanup.manager [-] Deleting neutron.port object s_rally_0cd7f476_p4Qkbt2Z (e3a50eb2-d9f9-49d8-9dc8-05ef77bca376)
2020-04-13 03:14:22.897 9693 RALLYDEBUG rally_openstack.cleanup.manager [-] Deleting neutron.port object s_rally_0cd7f476_zILUA7We (1bcb4ed6-b236-47b6-9178-010bab11ea58)
2020-04-13 03:14:22.911 9693 RALLYDEBUG rally_openstack.cleanup.manager [-] Deleting neutron.port object s_rally_0cd7f476_lmCdMRt4 (4a0a4378-e1fd-4643-b7b1-cebf96170a24)
2020-04-13 03:14:22.928 9693 RALLYDEBUG rally_openstack.cleanup.manager [-] Deleting neutron.port object s_rally_0cd7f476_siwEnsdR (7a58fecb-ece6-4304-b5eb-3471345d1bea)
2020-04-13 03:14:22.929 9693 RALLYDEBUG rally_openstack.cleanup.manager [-] Deleting neutron.port object s_rally_0cd7f476_xrCpVBY0 (63569384-8e25-490f-880e-d1d748ef2439)
2020-04-13 03:14:22.934 9693 RALLYDEBUG rally_openstack.cleanup.manager [-] Deleting neutron.port object s_rally_0cd7f476_x8ZnbLm2 (8a623374-b75b-4913-941d-ebcf0fa2019c)
2020-04-13 03:14:22.939 9693 RALLYDEBUG rally_openstack.cleanup.manager [-] Deleting neutron.port object s_rally_0cd7f476_aRsetd3M (a04e9e4f-1d21-4476-977a-4f9d4e99e1c1)
2020-04-13 03:14:22.950 9693 RALLYDEBUG rally_openstack.cleanup.manager [-] Deleting neutron.port object s_rally_0cd7f476_NDC6s3pI (a6078349-af0d-46c6-9408-3da0ed9496a8)
2020-04-13 03:14:22.955 9693 RALLYDEBUG rally_openstack.cleanup.manager [-] Deleting neutron.port object s_rally_0cd7f476_hirlc4UD (c2919f3b-585a-424b-85c5-ba559369265b)
2020-04-13 03:14:22.983 9693 RALLYDEBUG rally_openstack.cleanup.manager [-] Deleting neutron.port object s_rally_0cd7f476_oclNe9Pt (84dcd5e3-7697-4715-8305-89d6b82e86fb)
2020-04-13 03:14:23.006 9693 RALLYDEBUG rally_openstack.cleanup.manager [-] Deleting neutron.port object s_rally_0cd7f476_02BBhq6Y (e9744ffd-71ea-4af7-a713-1fba778c6d7e)
2020-04-13 03:14:23.025 9693 RALLYDEBUG rally_openstack.cleanup.manager [-] Deleting neutron.port object s_rally_0cd7f476_c3wAiT2X (9f4ef7bc-a97a-467e-bc6b-e4d25a89878b)
2020-04-13 03:14:23.036 9693 RALLYDEBUG rally_openstack.cleanup.manager [-] Deleting neutron.port object s_rally_0cd7f476_vTbdtJeF (2c01eaae-1b07-4031-b9f3-9d4ad1fd6bfa)
2020-04-13 03:14:27.251 9693 RALLYDEBUG rally_openstack.cleanup.manager [-] Cleaning up neutron subnet objects
2020-04-13 03:14:28.318 9693 RALLYDEBUG rally_openstack.cleanup.manager [-] Cleaning up neutron network objects
2020-04-13 03:14:29.508 9693 RALLYDEBUG rally_openstack.cleanup.manager [-] Cleaning up neutron router objects
2020-04-13 03:14:30.047 9693 RALLYDEBUG rally_openstack.cleanup.manager [-] Cleaning up neutron security_group objects
2020-04-13 03:14:30.641 9693 INFO rally.task.context [-] Task 1555adf2-8b06-4117-91f7-246dacab2a51 | Context cleanup@openstack cleanup() finished in 11.71 sec
2020-04-13 03:14:30.642 9693 INFO rally.task.context [-] Task 1555adf2-8b06-4117-91f7-246dacab2a51 | Context network@openstack cleanup() started
2020-04-13 03:14:36.342 9693 INFO rally.task.context [-] Task 1555adf2-8b06-4117-91f7-246dacab2a51 | Context network@openstack cleanup() finished in 5.70 sec
2020-04-13 03:14:36.343 9693 INFO rally.task.context [-] Task 1555adf2-8b06-4117-91f7-246dacab2a51 | Context quotas@openstack cleanup() started
2020-04-13 03:14:36.414 9693 INFO rally.task.context [-] Task 1555adf2-8b06-4117-91f7-246dacab2a51 | Context quotas@openstack cleanup() finished in 70.66 msec
2020-04-13 03:14:36.414 9693 INFO rally.task.context [-] Task 1555adf2-8b06-4117-91f7-246dacab2a51 | Context users@openstack cleanup() started
2020-04-13 03:14:36.558 9693 WARNING rally.common.logging [-] `iterate_per_tenants()' is deprecated in v3.0.0: it is openstack specific.. Used at
2020-04-13 03:14:38.609 9693 INFO rally.task.context [-] Task 1555adf2-8b06-4117-91f7-246dacab2a51 | Context users@openstack cleanup() finished in 2.20 sec
2020-04-13 03:14:39.462 9693 INFO rally.task.engine [-] Load duration is: 6.876051
2020-04-13 03:14:39.463 9693 INFO rally.task.engine [-] Full runner duration is: 6.918389
2020-04-13 03:14:39.463 9693 INFO rally.task.engine [-] Full duration is: 31.348969
2020-04-13 03:14:39.556 9693 INFO rally.task.engine [-] Running workload: position = 0 config = { "version": 2, "title": "A cropped version of a bigger task.", "description": "Auto-generated task from a single workload (uuid=2b86d358-74c6-44da-b720-0b315f3c5cb2)", "subtasks": [ { "title": "NeutronNetworks.create_and_show_routers", "description": "Create and show a given number of routers.", "scenario": { "NeutronNetworks.create_and_show_routers": { "subnets_per_network": 2 } }, "contexts": { "users": { "tenants": 3, "users_per_tenant": 2 }, "quotas": { "neutron": { "network": -1, "subnet": -1, "router": -1 } } }, "runner": { "constant": { "concurrency": 4, "times": 10 } }, "hooks": [], "sla": { "failure_rate": { "max": 0 } } } ] }
2020-04-13 03:14:39.579 9693 RALLYDEBUG rally_openstack.contexts.keystone.users [-] Creating 3 tenants using 3 threads
2020-04-13 03:14:40.102 9693 RALLYDEBUG rally_openstack.contexts.keystone.users [-] Creating 6 users using 6 threads
2020-04-13 03:14:41.091 9693 INFO rally.task.context [-] Task 1555adf2-8b06-4117-91f7-246dacab2a51 | Context users@openstack setup() finished in 1.51 sec
2020-04-13 03:14:41.514 9693 INFO rally.task.context [-] Task 1555adf2-8b06-4117-91f7-246dacab2a51 | Context quotas@openstack setup() finished in 0.42 sec
2020-04-13 03:14:41.515 9693 INFO rally.task.context [-] Task 1555adf2-8b06-4117-91f7-246dacab2a51 | Context cleanup@openstack setup() finished in 0.02 msec
2020-04-13 03:14:41.526 9693 RALLYDEBUG rally.task.runner [-] Starting the constant runner (task UUID: 1555adf2-8b06-4117-91f7-246dacab2a51). times: 10 concurrency: 4 timeout: 0 max_cpu_used: 88 processes_to_start: 4 concurrency_per_worker: 1 concurrency_overhead: 0
2020-04-13 03:14:41.539 13910 RALLYDEBUG rally.task.runner [-] Starting a worker. times: 10 duration: None concurrency: 1 timeout: 0 cls: method_name: run args: {"subnets_per_network": 2}
2020-04-13 03:14:41.541 13911 RALLYDEBUG rally.task.runner [-] Starting a worker. times: 10 duration: None concurrency: 1 timeout: 0 cls: method_name: run args: {"subnets_per_network": 2}
2020-04-13 03:14:41.543 13912 RALLYDEBUG rally.task.runner [-] Starting a worker. times: 10 duration: None concurrency: 1 timeout: 0 cls: method_name: run args: {"subnets_per_network": 2}
2020-04-13 03:14:41.547 13910 INFO rally.task.runner [-] Task 1555adf2-8b06-4117-91f7-246dacab2a51 | ITER: 1 START
2020-04-13 03:14:41.547 13913 RALLYDEBUG rally.task.runner [-] Starting a worker. times: 10 duration: None concurrency: 1 timeout: 0 cls: method_name: run args: {"subnets_per_network": 2}
2020-04-13 03:14:41.548 13911 INFO rally.task.runner [-] Task 1555adf2-8b06-4117-91f7-246dacab2a51 | ITER: 2 START
2020-04-13 03:14:41.550 13912 INFO rally.task.runner [-] Task 1555adf2-8b06-4117-91f7-246dacab2a51 | ITER: 3 START
2020-04-13 03:14:41.553 13913 INFO rally.task.runner [-] Task 1555adf2-8b06-4117-91f7-246dacab2a51 | ITER: 4 START
2020-04-13 03:14:42.056 13911 RALLYDEBUG rally_openstack.wrappers.network [-] CIDR generated: 10.2.72.0/24
2020-04-13 03:14:42.662 13911 RALLYDEBUG rally_openstack.wrappers.network [-] CIDR generated: 10.2.73.0/24
2020-04-13 03:14:42.679 13912 RALLYDEBUG rally_openstack.wrappers.network [-] CIDR generated: 10.2.74.0/24
2020-04-13 03:14:43.250 13913 RALLYDEBUG rally_openstack.wrappers.network [-] CIDR generated: 10.2.75.0/24
2020-04-13 03:14:43.327 13912 RALLYDEBUG rally_openstack.wrappers.network [-] CIDR generated: 10.2.76.0/24
2020-04-13 03:14:43.917 13913 RALLYDEBUG rally_openstack.wrappers.network [-] CIDR generated: 10.2.77.0/24
2020-04-13 03:14:44.060 13910 RALLYDEBUG rally_openstack.wrappers.network [-] CIDR generated: 10.2.78.0/24
2020-04-13 03:14:45.287 13910 RALLYDEBUG rally_openstack.wrappers.network [-] CIDR generated: 10.2.79.0/24
2020-04-13 03:14:48.784 13911 INFO rally.task.runner [-] Task 1555adf2-8b06-4117-91f7-246dacab2a51 | ITER: 2 END: OK
2020-04-13 03:14:48.789 13911 INFO rally.task.runner [-] Task 1555adf2-8b06-4117-91f7-246dacab2a51 | ITER: 5 START
2020-04-13 03:14:49.095 13911 RALLYDEBUG rally_openstack.wrappers.network [-] CIDR generated: 10.2.80.0/24
2020-04-13 03:14:49.722 13911 RALLYDEBUG rally_openstack.wrappers.network [-] CIDR generated: 10.2.81.0/24
2020-04-13 03:14:50.433 13913 INFO rally.task.runner [-] Task 1555adf2-8b06-4117-91f7-246dacab2a51 | ITER: 4 END: OK
2020-04-13 03:14:50.438 13913 INFO rally.task.runner [-] Task 1555adf2-8b06-4117-91f7-246dacab2a51 | ITER: 6 START
2020-04-13 03:14:50.517 13912 INFO rally.task.runner [-] Task 1555adf2-8b06-4117-91f7-246dacab2a51 | ITER: 3 END: OK
2020-04-13 03:14:50.521 13912 INFO rally.task.runner [-] Task 1555adf2-8b06-4117-91f7-246dacab2a51 | ITER: 7 START
2020-04-13 03:14:50.751 13913 RALLYDEBUG rally_openstack.wrappers.network [-] CIDR generated: 10.2.82.0/24
2020-04-13 03:14:51.005 13912 RALLYDEBUG rally_openstack.wrappers.network [-] CIDR generated: 10.2.83.0/24
2020-04-13 03:14:51.846 13913 RALLYDEBUG rally_openstack.wrappers.network [-] CIDR generated: 10.2.84.0/24
2020-04-13 03:14:52.688 13912 RALLYDEBUG rally_openstack.wrappers.network [-] CIDR generated: 10.2.85.0/24
2020-04-13 03:14:52.912 13910 INFO rally.task.runner [-] Task 1555adf2-8b06-4117-91f7-246dacab2a51 | ITER: 1 END: OK
2020-04-13 03:14:52.918 13910 INFO rally.task.runner [-] Task 1555adf2-8b06-4117-91f7-246dacab2a51 | ITER: 8 START
2020-04-13 03:14:53.490 13910 RALLYDEBUG rally_openstack.wrappers.network [-] CIDR generated: 10.2.86.0/24
2020-04-13 03:14:54.346 13910 RALLYDEBUG rally_openstack.wrappers.network [-] CIDR generated: 10.2.87.0/24
2020-04-13 03:14:56.359 13911 INFO rally.task.runner [-] Task 1555adf2-8b06-4117-91f7-246dacab2a51 | ITER: 5 END: OK
2020-04-13 03:14:56.364 13911 INFO rally.task.runner [-] Task 1555adf2-8b06-4117-91f7-246dacab2a51 | ITER: 9 START
2020-04-13 03:14:56.665 13911 RALLYDEBUG rally_openstack.wrappers.network [-] CIDR generated: 10.2.88.0/24
2020-04-13 03:14:57.858 13913 INFO rally.task.runner [-] Task 1555adf2-8b06-4117-91f7-246dacab2a51 | ITER: 6 END: OK
2020-04-13 03:14:57.863 13913 INFO rally.task.runner [-] Task 1555adf2-8b06-4117-91f7-246dacab2a51 | ITER: 10 START
2020-04-13 03:14:58.139 13911 RALLYDEBUG rally_openstack.wrappers.network [-] CIDR generated: 10.2.89.0/24
2020-04-13 03:14:58.301 13913 RALLYDEBUG rally_openstack.wrappers.network [-] CIDR generated: 10.2.90.0/24
2020-04-13 03:14:59.009 13913 RALLYDEBUG rally_openstack.wrappers.network [-] CIDR generated: 10.2.91.0/24
2020-04-13 03:14:59.304 13912 INFO rally.task.runner [-] Task 1555adf2-8b06-4117-91f7-246dacab2a51 | ITER: 7 END: OK
2020-04-13 03:15:00.692 13910 INFO rally.task.runner [-] Task 1555adf2-8b06-4117-91f7-246dacab2a51 | ITER: 8 END: OK
2020-04-13 03:15:04.742 13911 INFO rally.task.runner [-] Task 1555adf2-8b06-4117-91f7-246dacab2a51 | ITER: 9 END: OK
2020-04-13 03:15:05.207 13913 INFO rally.task.runner [-] Task 1555adf2-8b06-4117-91f7-246dacab2a51 | ITER: 10 END: OK
2020-04-13 03:15:05.232 9693 INFO rally.task.context [-] Task 1555adf2-8b06-4117-91f7-246dacab2a51 | Context cleanup@openstack cleanup() started
2020-04-13 03:15:05.239 9693 RALLYDEBUG rally_openstack.cleanup.manager [-] Cleaning up neutron vip objects
2020-04-13 03:15:05.676 9693 RALLYDEBUG rally_openstack.cleanup.manager [-] Cleaning up neutron health_monitor objects
2020-04-13 03:15:06.157 9693 RALLYDEBUG rally_openstack.cleanup.manager [-] Cleaning up neutron pool objects
2020-04-13 03:15:06.630 9693 RALLYDEBUG rally_openstack.cleanup.manager [-] Cleaning up neutron loadbalancer objects
2020-04-13 03:15:07.127 9693 RALLYDEBUG rally_openstack.cleanup.manager [-] Cleaning up neutron floatingip objects
2020-04-13 03:15:07.728 9693 RALLYDEBUG rally_openstack.cleanup.manager [-] Cleaning up neutron trunk objects
2020-04-13 03:15:08.746 9693 RALLYDEBUG rally_openstack.cleanup.manager [-] Cleaning up neutron port objects
2020-04-13 03:15:10.217 9693 RALLYDEBUG rally_openstack.cleanup.manager [-] Deleting neutron.port object s_rally_2b86d358_CrlAVSBo (03acf8f9-0867-4c96-b50b-75cf627eca82)
2020-04-13 03:15:10.234 9693 RALLYDEBUG rally_openstack.cleanup.manager [-] Deleting neutron.port object s_rally_2b86d358_ay8NX1hg (3033a968-5ad8-4f92-9789-058e6ac9dc80)
2020-04-13 03:15:10.240 9693 RALLYDEBUG rally_openstack.cleanup.manager [-] Deleting neutron.port object s_rally_2b86d358_FfVR4V2Y (4595d432-aeea-4bfb-9566-899e31db7767)
2020-04-13 03:15:10.245 9693 RALLYDEBUG rally_openstack.cleanup.manager [-] Deleting neutron.port object s_rally_2b86d358_d8usi9po (48cba682-7de2-486c-a2a7-73521b5d4e26)
2020-04-13 03:15:10.258 9693 RALLYDEBUG rally_openstack.cleanup.manager [-] Deleting neutron.port object s_rally_2b86d358_R8AxYEGT (5d524de9-b9d1-48c4-89cc-9245e360e978)
2020-04-13 03:15:10.290 9693 RALLYDEBUG rally_openstack.cleanup.manager [-] Deleting neutron.port object s_rally_2b86d358_fk6ds0Xc (c86fe7f1-e2c2-41b0-9012-82736c06e770)
2020-04-13 03:15:10.303 9693 RALLYDEBUG rally_openstack.cleanup.manager [-] Deleting neutron.port object s_rally_2b86d358_xiRYSu2j (ec089dbd-22c2-45b6-a57f-78c38c02aea9)
2020-04-13 03:15:10.307 9693 RALLYDEBUG rally_openstack.cleanup.manager [-] Deleting neutron.port object s_rally_2b86d358_Mig7JaT6 (d6194af3-5246-4b35-8ca0-c2b7624eeb56)
2020-04-13 03:15:10.310 9693 RALLYDEBUG rally_openstack.cleanup.manager [-] Deleting neutron.port object s_rally_2b86d358_KCfyvyUu (e5bc6b02-333c-4172-8c50-c6c047be95ae)
2020-04-13 03:15:10.327 9693 RALLYDEBUG rally_openstack.cleanup.manager [-] Deleting neutron.port object s_rally_2b86d358_UtSmacnh (f957d093-7df3-49de-9b81-8d04608a29e5)
2020-04-13 03:15:10.343 9693 RALLYDEBUG rally_openstack.cleanup.manager [-] Deleting neutron.port object s_rally_2b86d358_u2tkzBDi (094df28d-9a08-4d7a-b053-e03502671af6)
2020-04-13 03:15:10.353 9693 RALLYDEBUG rally_openstack.cleanup.manager [-] Deleting neutron.port object s_rally_2b86d358_xEXJySqY (0e30bd15-8b89-46ad-9d86-8557326948c0)
2020-04-13 03:15:10.368 9693 RALLYDEBUG rally_openstack.cleanup.manager [-] Deleting neutron.port object s_rally_2b86d358_OEZJYqYr (188a8b72-432b-4d95-8546-2301ece67494)
2020-04-13 03:15:10.386 9693 RALLYDEBUG rally_openstack.cleanup.manager [-] Deleting neutron.port object s_rally_2b86d358_c7SG1SVe (94c5b320-cc28-4773-84c9-a81ddca5196e)
2020-04-13 03:15:10.443 9693 RALLYDEBUG rally_openstack.cleanup.manager [-] Deleting neutron.port object s_rally_2b86d358_RMpmY84p (bb74666c-b5ac-4a13-a992-3c45379748b9)
2020-04-13 03:15:10.464 9693 RALLYDEBUG rally_openstack.cleanup.manager [-] Deleting neutron.port object s_rally_2b86d358_Fntc1IOb (bad95b92-8a07-4b2a-910f-cb20302af4a9)
2020-04-13 03:15:10.481 9693 RALLYDEBUG rally_openstack.cleanup.manager [-] Deleting neutron.port object s_rally_2b86d358_ple9SgBE (25283673-4eaa-4419-844b-4e17f595f4ed)
2020-04-13 03:15:10.533 9693 RALLYDEBUG rally_openstack.cleanup.manager [-] Deleting neutron.port object s_rally_2b86d358_Bb5Wodfm (bc52ba99-64b2-4886-bef3-b4c690a25130)
2020-04-13 03:15:10.543 9693 RALLYDEBUG rally_openstack.cleanup.manager [-] Deleting neutron.port object s_rally_2b86d358_3PJyG1T8 (74ee228d-ed79-4fd1-a1a4-e552a1c599f0)
2020-04-13 03:15:10.548 9693 RALLYDEBUG rally_openstack.cleanup.manager [-] Deleting neutron.port object s_rally_2b86d358_lRnLDX4g (e1facf11-ee9f-4d13-a095-29e4d9bbbb52)
2020-04-13 03:15:22.288 9693 RALLYDEBUG rally_openstack.cleanup.manager [-] Cleaning up neutron subnet objects
2020-04-13 03:15:23.006 9693 RALLYDEBUG rally_openstack.cleanup.manager [-] Deleting neutron.subnet object s_rally_2b86d358_C1Sy0ix0 (21834a7b-fc4c-48ef-b6f1-1d7498e4f372)
2020-04-13 03:15:23.023 9693 RALLYDEBUG rally_openstack.cleanup.manager [-] Deleting neutron.subnet object s_rally_2b86d358_eMA6Exbs (58c8a5a6-988d-41cb-b0bb-2dbf335b8288)
2020-04-13 03:15:23.024 9693 RALLYDEBUG rally_openstack.cleanup.manager [-] Deleting neutron.subnet object s_rally_2b86d358_RXE7CTPw (36485c1e-263e-484f-879e-9a8c1eaa4e82)
2020-04-13 03:15:23.034 9693 RALLYDEBUG rally_openstack.cleanup.manager [-] Deleting neutron.subnet object s_rally_2b86d358_ebhhOpi2 (60063d95-6697-41f5-b39a-300664d1da4e)
2020-04-13 03:15:23.054 9693 RALLYDEBUG rally_openstack.cleanup.manager [-] Deleting neutron.subnet object s_rally_2b86d358_k7GuQZ6p (60f303c7-8fe8-4f94-ae8a-d639dc677bde)
2020-04-13 03:15:23.060 9693 RALLYDEBUG rally_openstack.cleanup.manager [-] Deleting neutron.subnet object s_rally_2b86d358_Pkza5AHw (76ec2039-76ba-434b-9799-be16b385207f)
2020-04-13 03:15:23.095 9693 RALLYDEBUG rally_openstack.cleanup.manager [-] Deleting neutron.subnet object s_rally_2b86d358_KWPCRf8g (786e34db-bf89-49aa-b09d-de32402d8df0)
2020-04-13 03:15:23.100 9693 RALLYDEBUG rally_openstack.cleanup.manager [-] Deleting neutron.subnet object s_rally_2b86d358_pN0saz3v (9e1b9eae-751f-4f4c-9a27-8c2cd7d89a6e)
2020-04-13 03:15:23.117 9693 RALLYDEBUG rally_openstack.cleanup.manager [-] Deleting neutron.subnet object s_rally_2b86d358_nOG3HkfP (f2f193d2-5faa-49e3-a2aa-4b4866bf93b4)
2020-04-13 03:15:23.133 9693 RALLYDEBUG rally_openstack.cleanup.manager [-] Deleting neutron.subnet object s_rally_2b86d358_aYY3Ub3X (f975125f-4e3a-4855-971e-4beba20fb224)
2020-04-13 03:15:23.151 9693 RALLYDEBUG rally_openstack.cleanup.manager [-] Deleting neutron.subnet object s_rally_2b86d358_nOAwpzmP (1c205742-abc1-45d6-aa54-c6bb80500a83)
2020-04-13 03:15:23.156 9693 RALLYDEBUG rally_openstack.cleanup.manager [-] Deleting neutron.subnet object s_rally_2b86d358_1giEDNHx (6a525427-a737-4eaa-87c1-04827e9eed1b)
2020-04-13 03:15:23.172 9693 RALLYDEBUG rally_openstack.cleanup.manager [-] Deleting neutron.subnet object s_rally_2b86d358_AT64bMR8 (7850f380-9f45-4726-8063-933ab9856846)
2020-04-13 03:15:23.190 9693 RALLYDEBUG rally_openstack.cleanup.manager [-] Deleting neutron.subnet object s_rally_2b86d358_BhNoN5Jm (b5928886-01dc-4da7-971e-67d86881697e)
2020-04-13 03:15:23.204 9693 RALLYDEBUG rally_openstack.cleanup.manager [-] Deleting neutron.subnet object s_rally_2b86d358_cZ8Tno16 (bb0f6690-e403-4534-85e0-d9923239b964)
2020-04-13 03:15:23.255 9693 RALLYDEBUG rally_openstack.cleanup.manager [-] Deleting neutron.subnet object s_rally_2b86d358_XXcb1YdB (22ed8c92-4afa-4b51-a2c8-45097b484e13)
2020-04-13 03:15:23.259 9693 RALLYDEBUG rally_openstack.cleanup.manager [-] Deleting neutron.subnet object s_rally_2b86d358_LbOXLIvj (ead23b4a-4068-4746-acde-65e8f1c1b0b0)
2020-04-13 03:15:23.289 9693 RALLYDEBUG rally_openstack.cleanup.manager [-] Deleting neutron.subnet object s_rally_2b86d358_F12dBouj (37195faa-3a72-46bc-a2d9-448c329e9860)
2020-04-13 03:15:23.319 9693 RALLYDEBUG rally_openstack.cleanup.manager [-] Deleting neutron.subnet object s_rally_2b86d358_o1u41Jmx (d35b0a76-f788-456a-b923-15533b2f8be3)
2020-04-13 03:15:23.354 9693 RALLYDEBUG rally_openstack.cleanup.manager [-] Deleting neutron.subnet object s_rally_2b86d358_38UBLhFU (eeb826c3-af00-41bb-ad2b-7d6aa4d2e7a5)
2020-04-13 03:15:32.433 9693 RALLYDEBUG rally_openstack.cleanup.manager [-] Cleaning up neutron network objects
2020-04-13 03:15:33.881 9693 RALLYDEBUG rally_openstack.cleanup.manager [-] Deleting neutron.network object s_rally_2b86d358_baqhxAOq (4abf1e8a-210f-48f5-8018-cad21a18c68f)
2020-04-13 03:15:33.882 9693 RALLYDEBUG rally_openstack.cleanup.manager [-] Deleting neutron.network object s_rally_2b86d358_9tfiEBTq (004b63a6-f0ae-4344-9091-0afaa14a64c0)
2020-04-13 03:15:33.887 9693 RALLYDEBUG rally_openstack.cleanup.manager [-] Deleting neutron.network object s_rally_2b86d358_2MYGo1oX (a58b5375-592a-4be0-b1c3-b4a15418187d)
2020-04-13 03:15:33.898 9693 RALLYDEBUG rally_openstack.cleanup.manager [-] Deleting neutron.network object s_rally_2b86d358_p7SJjFsB (afedb872-e9dc-431c-8613-b7daf0b82dd5)
2020-04-13 03:15:33.904 9693 RALLYDEBUG rally_openstack.cleanup.manager [-] Deleting neutron.network object s_rally_2b86d358_6XWdrjeI (c9829e8b-580f-41e4-adc4-5a9dbbd93435)
2020-04-13 03:15:33.929 9693 RALLYDEBUG rally_openstack.cleanup.manager [-] Deleting neutron.network object s_rally_2b86d358_MjgrpPtE (16927f23-2874-41ed-81d1-0b9343b3c773)
2020-04-13 03:15:33.955 9693 RALLYDEBUG rally_openstack.cleanup.manager [-] Deleting neutron.network object s_rally_2b86d358_7hg1bP4j (dc0f1765-e820-4687-8431-fdf9f38a69f1)
2020-04-13 03:15:33.965 9693 RALLYDEBUG rally_openstack.cleanup.manager [-] Deleting neutron.network object s_rally_2b86d358_Z17hen1h (6375565b-9f64-4ca9-b46b-be10b3aa2aaa)
2020-04-13 03:15:33.970 9693 RALLYDEBUG rally_openstack.cleanup.manager [-] Deleting neutron.network object s_rally_2b86d358_TubDjQDX (89d31887-ceec-4961-8fb8-cae86fe7a3ed)
2020-04-13 03:15:33.988 9693 RALLYDEBUG rally_openstack.cleanup.manager [-] Deleting neutron.network object s_rally_2b86d358_ajRQzJsQ (7a6e55ef-eef9-4892-96ec-fede769cb4fa)
2020-04-13 03:15:37.165 9693 RALLYDEBUG rally_openstack.cleanup.manager [-] Cleaning up neutron router objects
2020-04-13 03:15:38.324 9693 RALLYDEBUG rally_openstack.cleanup.manager [-] Deleting neutron.router object s_rally_2b86d358_CrlAVSBo (0b55df66-d629-4714-898d-f95464800b51)
2020-04-13 03:15:38.343 9693 RALLYDEBUG rally_openstack.cleanup.manager [-] Deleting neutron.router object s_rally_2b86d358_xiRYSu2j (54ae6d80-9726-4a02-87fa-e82b4e7de500)
2020-04-13 03:15:38.348 9693 RALLYDEBUG rally_openstack.cleanup.manager [-] Deleting neutron.router object s_rally_2b86d358_FfVR4V2Y (5c66d676-6895-4cc2-8583-b8026956d9aa)
2020-04-13 03:15:38.359 9693 RALLYDEBUG rally_openstack.cleanup.manager [-] Deleting neutron.router object s_rally_2b86d358_UtSmacnh (b46e93f8-9663-41a1-bdea-c7c6f0a4b702)
2020-04-13 03:15:38.364 9693 RALLYDEBUG rally_openstack.cleanup.manager [-] Deleting neutron.router object s_rally_2b86d358_fk6ds0Xc (b4fedec8-8bf8-4c76-9e55-ab4b5be2e51b)
2020-04-13 03:15:38.370 9693 RALLYDEBUG rally_openstack.cleanup.manager [-] Deleting neutron.router object s_rally_2b86d358_R8AxYEGT (b5f5bc33-cb33-46ae-b208-c18a45f1bb6c)
2020-04-13 03:15:38.378 9693 RALLYDEBUG rally_openstack.cleanup.manager [-] Deleting neutron.router object s_rally_2b86d358_Mig7JaT6 (13a68c06-81e2-4f4d-bd42-ba4e7dabec19)
2020-04-13 03:15:38.389 9693 RALLYDEBUG rally_openstack.cleanup.manager [-] Deleting neutron.router object s_rally_2b86d358_d8usi9po (bc3e67b4-d187-483f-b4b5-4378216bc880)
2020-04-13 03:15:38.407 9693 RALLYDEBUG rally_openstack.cleanup.manager [-] Deleting neutron.router object s_rally_2b86d358_KCfyvyUu (c5d2a022-22a8-49a4-a5f9-a8d1ae1b6e38)
2020-04-13 03:15:38.412 9693 RALLYDEBUG rally_openstack.cleanup.manager [-] Deleting neutron.router object s_rally_2b86d358_ay8NX1hg (cf8672b9-fb94-473a-a05c-24e3bcfdfe63)
2020-04-13 03:15:38.425 9693 RALLYDEBUG rally_openstack.cleanup.manager [-] Deleting neutron.router object s_rally_2b86d358_RMpmY84p (6847caba-6b61-4179-bd26-27f0f073c44f)
2020-04-13 03:15:38.431 9693 RALLYDEBUG rally_openstack.cleanup.manager [-] Deleting neutron.router object s_rally_2b86d358_OEZJYqYr (95d5c570-6249-4b87-a99b-75e89ce61301)
2020-04-13 03:15:38.440 9693 RALLYDEBUG rally_openstack.cleanup.manager [-] Deleting neutron.router object s_rally_2b86d358_c7SG1SVe (9f12ee49-b0d9-405c-9875-88e5ddbecfda)
2020-04-13 03:15:38.457 9693 RALLYDEBUG rally_openstack.cleanup.manager [-] Deleting neutron.router object s_rally_2b86d358_u2tkzBDi (a2465efb-357c-46a8-9d61-0f9b30a4303e)
2020-04-13 03:15:38.472 9693 RALLYDEBUG rally_openstack.cleanup.manager [-] Deleting neutron.router object s_rally_2b86d358_Fntc1IOb (eefc68e7-fe38-49aa-b28e-016e26edfbd2)
2020-04-13 03:15:38.514 9693 RALLYDEBUG rally_openstack.cleanup.manager [-] Deleting neutron.router object s_rally_2b86d358_xEXJySqY (fd123a90-fcfe-4cba-aaff-ff3f84812122)
2020-04-13 03:15:38.538 9693 RALLYDEBUG rally_openstack.cleanup.manager [-] Deleting neutron.router object s_rally_2b86d358_ple9SgBE (3dcd4763-a399-413c-bed3-0d0ad5ee1bc5)
2020-04-13 03:15:38.565 9693 RALLYDEBUG rally_openstack.cleanup.manager [-] Deleting neutron.router object s_rally_2b86d358_3PJyG1T8 (44d4e6f4-09dc-44e3-8930-1069031d3ca1)
2020-04-13 03:15:38.620 9693 RALLYDEBUG rally_openstack.cleanup.manager [-] Deleting neutron.router object s_rally_2b86d358_lRnLDX4g (567a6028-249a-4adc-90c2-e306e38a9efc)
2020-04-13 03:15:38.645 9693 RALLYDEBUG rally_openstack.cleanup.manager [-] Deleting neutron.router object s_rally_2b86d358_Bb5Wodfm (685c9896-2742-421f-bd17-c187f92d5af5)
2020-04-13 03:15:42.190 9693 RALLYDEBUG rally_openstack.cleanup.manager [-] Cleaning up neutron security_group objects
2020-04-13 03:15:42.792 9693 INFO rally.task.context [-] Task 1555adf2-8b06-4117-91f7-246dacab2a51 | Context cleanup@openstack cleanup() finished in 37.56 sec
2020-04-13 03:15:42.792 9693 INFO rally.task.context [-] Task 1555adf2-8b06-4117-91f7-246dacab2a51 | Context quotas@openstack cleanup() started
2020-04-13 03:15:42.877 9693 INFO rally.task.context [-] Task 1555adf2-8b06-4117-91f7-246dacab2a51 | Context quotas@openstack cleanup() finished in 84.07 msec
2020-04-13 03:15:42.878 9693 INFO rally.task.context [-] Task 1555adf2-8b06-4117-91f7-246dacab2a51 | Context users@openstack cleanup() started
2020-04-13 03:15:43.088 9693 WARNING rally.common.logging [-] `iterate_per_tenants()' is deprecated in v3.0.0: it is openstack specific.. Used at
2020-04-13 03:15:45.469 9693 INFO rally.task.context [-] Task 1555adf2-8b06-4117-91f7-246dacab2a51 | Context users@openstack cleanup() finished in 2.59 sec
2020-04-13 03:15:45.886 9693 INFO rally.task.engine [-] Load duration is: 23.658322
2020-04-13 03:15:45.887 9693 INFO rally.task.engine [-] Full runner duration is: 23.706082
2020-04-13 03:15:45.887 9693 INFO rally.task.engine [-] Full duration is: 65.893617
2020-04-13 03:15:45.985 9693 INFO rally.task.engine [-] Running workload: position = 0 config = { "version": 2, "title": "A cropped version of a bigger task.", "description": "Auto-generated task from a single workload (uuid=7146ea77-cfb5-401b-bbfc-163ab99b9eb5)", "subtasks": [ { "title": "NeutronNetworks.create_and_show_subnets", "description": "Create and show a subnet details.", "scenario": { "NeutronNetworks.create_and_show_subnets": { "subnets_per_network": 2 } }, "contexts": { "users": { "tenants": 3, "users_per_tenant": 2 }, "network": { "router": {} }, "quotas": { "neutron": { "network": -1, "subnet": -1 } } }, "runner": { "constant": { "concurrency": 4, "times": 10 } }, "hooks": [], "sla": { "failure_rate": { "max": 0 } } } ] }
2020-04-13 03:15:46.020 9693 RALLYDEBUG rally_openstack.contexts.keystone.users [-] Creating 3 tenants using 3 threads
2020-04-13 03:15:46.650 9693 RALLYDEBUG rally_openstack.contexts.keystone.users [-] Creating 6 users using 6 threads
2020-04-13 03:15:47.690 9693 INFO rally.task.context [-] Task 1555adf2-8b06-4117-91f7-246dacab2a51 | Context users@openstack setup() finished in 1.67 sec
2020-04-13 03:15:48.025 9693 INFO rally.task.context [-] Task 1555adf2-8b06-4117-91f7-246dacab2a51 | Context quotas@openstack setup() finished in 0.33 sec
2020-04-13 03:15:48.087 9693 WARNING rally.common.logging [-] `iterate_per_tenants()' is deprecated in v3.0.0: it is openstack specific.. Used at
2020-04-13 03:15:48.528 9693 RALLYDEBUG rally_openstack.wrappers.network [-] CIDR generated: 10.2.92.0/24
2020-04-13 03:15:49.183 9693 RALLYDEBUG rally_openstack.wrappers.network [-] CIDR generated: 10.2.93.0/24
2020-04-13 03:15:50.374 9693 RALLYDEBUG rally_openstack.wrappers.network [-] CIDR generated: 10.2.94.0/24
2020-04-13 03:15:50.865 9693 INFO rally.task.context [-] Task 1555adf2-8b06-4117-91f7-246dacab2a51 | Context network@openstack setup() finished in 2.84 sec
2020-04-13 03:15:50.866 9693 INFO rally.task.context [-] Task 1555adf2-8b06-4117-91f7-246dacab2a51 | Context cleanup@openstack setup() finished in 0.17 msec
2020-04-13 03:15:50.880 9693 RALLYDEBUG rally.task.runner [-] Starting the constant runner (task UUID: 1555adf2-8b06-4117-91f7-246dacab2a51). times: 10 concurrency: 4 timeout: 0 max_cpu_used: 88 processes_to_start: 4 concurrency_per_worker: 1 concurrency_overhead: 0
2020-04-13 03:15:50.896 14203 RALLYDEBUG rally.task.runner [-] Starting a worker. times: 10 duration: None concurrency: 1 timeout: 0 cls: method_name: run args: {"subnets_per_network": 2}
2020-04-13 03:15:50.900 14204 RALLYDEBUG rally.task.runner [-] Starting a worker. times: 10 duration: None concurrency: 1 timeout: 0 cls: method_name: run args: {"subnets_per_network": 2}
2020-04-13 03:15:50.903 14203 INFO rally.task.runner [-] Task 1555adf2-8b06-4117-91f7-246dacab2a51 | ITER: 1 START
2020-04-13 03:15:50.903 14205 RALLYDEBUG rally.task.runner [-] Starting a worker. times: 10 duration: None concurrency: 1 timeout: 0 cls: method_name: run args: {"subnets_per_network": 2}
2020-04-13 03:15:50.906 14203 RALLYDEBUG rally_openstack.wrappers.network [-] CIDR generated: 10.2.95.0/24
2020-04-13 03:15:50.906 14204 INFO rally.task.runner [-] Task 1555adf2-8b06-4117-91f7-246dacab2a51 | ITER: 2 START
2020-04-13 03:15:50.906 14206 RALLYDEBUG rally.task.runner [-] Starting a worker. times: 10 duration: None concurrency: 1 timeout: 0 cls: method_name: run args: {"subnets_per_network": 2}
2020-04-13 03:15:50.909 14204 RALLYDEBUG rally_openstack.wrappers.network [-] CIDR generated: 10.2.96.0/24
2020-04-13 03:15:50.910 14205 INFO rally.task.runner [-] Task 1555adf2-8b06-4117-91f7-246dacab2a51 | ITER: 3 START
2020-04-13 03:15:50.913 14205 RALLYDEBUG rally_openstack.wrappers.network [-] CIDR generated: 10.2.97.0/24
2020-04-13 03:15:50.913 14206 INFO rally.task.runner [-] Task 1555adf2-8b06-4117-91f7-246dacab2a51 | ITER: 4 START
2020-04-13 03:15:50.915 14206 RALLYDEBUG rally_openstack.wrappers.network [-] CIDR generated: 10.2.98.0/24
2020-04-13 03:15:51.848 14205 RALLYDEBUG rally_openstack.wrappers.network [-] CIDR generated: 10.2.99.0/24
2020-04-13 03:15:52.517 14205 INFO rally.task.runner [-] Task 1555adf2-8b06-4117-91f7-246dacab2a51 | ITER: 3 END: OK
2020-04-13 03:15:52.524 14205 INFO rally.task.runner [-] Task 1555adf2-8b06-4117-91f7-246dacab2a51 | ITER: 5 START
2020-04-13 03:15:52.525 14205 RALLYDEBUG rally_openstack.wrappers.network [-] CIDR generated: 10.2.100.0/24
2020-04-13 03:15:52.536 14204 RALLYDEBUG rally_openstack.wrappers.network [-] CIDR generated: 10.2.101.0/24
2020-04-13 03:15:52.702 14203 RALLYDEBUG rally_openstack.wrappers.network [-] CIDR generated: 10.2.102.0/24
2020-04-13 03:15:52.797 14206 RALLYDEBUG rally_openstack.wrappers.network [-] CIDR generated: 10.2.103.0/24
2020-04-13 03:15:53.778 14205 RALLYDEBUG rally_openstack.wrappers.network [-] CIDR generated: 10.2.104.0/24
2020-04-13 03:15:53.787 14204 INFO rally.task.runner [-] Task 1555adf2-8b06-4117-91f7-246dacab2a51 | ITER: 2 END: OK
2020-04-13 03:15:53.794 14204 INFO rally.task.runner [-] Task 1555adf2-8b06-4117-91f7-246dacab2a51 | ITER: 6 START
2020-04-13 03:15:53.795 14204 RALLYDEBUG rally_openstack.wrappers.network [-] CIDR generated: 10.2.105.0/24
2020-04-13 03:15:54.297 14203 INFO rally.task.runner [-] Task 1555adf2-8b06-4117-91f7-246dacab2a51 | ITER: 1 END: OK
2020-04-13 03:15:54.303 14203 INFO rally.task.runner [-] Task 1555adf2-8b06-4117-91f7-246dacab2a51 | ITER: 7 START
2020-04-13 03:15:54.304 14203 RALLYDEBUG rally_openstack.wrappers.network [-] CIDR generated: 10.2.106.0/24
2020-04-13 03:15:54.354 14206 INFO rally.task.runner [-] Task 1555adf2-8b06-4117-91f7-246dacab2a51 | ITER: 4 END: OK
2020-04-13 03:15:54.359 14206 INFO rally.task.runner [-] Task 1555adf2-8b06-4117-91f7-246dacab2a51 | ITER: 8 START
2020-04-13 03:15:54.360 14206 RALLYDEBUG rally_openstack.wrappers.network [-] CIDR generated: 10.2.107.0/24
2020-04-13 03:15:54.413 14205 INFO rally.task.runner [-] Task 1555adf2-8b06-4117-91f7-246dacab2a51 | ITER: 5 END: OK
2020-04-13 03:15:54.418 14205 INFO rally.task.runner [-] Task 1555adf2-8b06-4117-91f7-246dacab2a51 | ITER: 9 START
2020-04-13 03:15:54.419 14205 RALLYDEBUG rally_openstack.wrappers.network [-] CIDR generated: 10.2.108.0/24
2020-04-13 03:15:54.612 14204 RALLYDEBUG rally_openstack.wrappers.network [-] CIDR generated: 10.2.109.0/24
2020-04-13 03:15:55.281 14204 INFO rally.task.runner [-] Task 1555adf2-8b06-4117-91f7-246dacab2a51 | ITER: 6 END: OK
2020-04-13 03:15:55.287 14204 INFO rally.task.runner [-] Task 1555adf2-8b06-4117-91f7-246dacab2a51 | ITER: 10 START
2020-04-13 03:15:55.288 14204 RALLYDEBUG rally_openstack.wrappers.network [-] CIDR generated: 10.2.110.0/24
2020-04-13 03:15:56.435 14206 RALLYDEBUG rally_openstack.wrappers.network [-] CIDR generated: 10.2.111.0/24
2020-04-13 03:15:56.584 14204 RALLYDEBUG rally_openstack.wrappers.network [-] CIDR generated: 10.2.112.0/24
2020-04-13 03:15:56.778 14203 RALLYDEBUG rally_openstack.wrappers.network [-] CIDR generated: 10.2.113.0/24
2020-04-13 03:15:57.076 14205 RALLYDEBUG rally_openstack.wrappers.network [-] CIDR generated: 10.2.114.0/24
2020-04-13 03:15:57.263 14204 INFO rally.task.runner [-] Task 1555adf2-8b06-4117-91f7-246dacab2a51 | ITER: 10 END: OK
2020-04-13 03:15:58.590 14206 INFO rally.task.runner [-] Task 1555adf2-8b06-4117-91f7-246dacab2a51 | ITER: 8 END: OK
2020-04-13 03:15:58.755 14203 INFO rally.task.runner [-] Task 1555adf2-8b06-4117-91f7-246dacab2a51 | ITER: 7 END: OK
2020-04-13 03:15:58.808 14205 INFO rally.task.runner [-] Task 1555adf2-8b06-4117-91f7-246dacab2a51 | ITER: 9 END: OK
2020-04-13 03:15:58.831 9693 INFO rally.task.context [-] Task 1555adf2-8b06-4117-91f7-246dacab2a51 | Context cleanup@openstack cleanup() started
2020-04-13 03:15:58.835 9693 RALLYDEBUG rally_openstack.cleanup.manager [-] Cleaning up neutron vip objects
2020-04-13 03:15:59.248 9693 RALLYDEBUG rally_openstack.cleanup.manager [-] Cleaning up neutron health_monitor objects
2020-04-13 03:15:59.794 9693 RALLYDEBUG rally_openstack.cleanup.manager [-] Cleaning up neutron pool objects
2020-04-13 03:16:00.207 9693 RALLYDEBUG rally_openstack.cleanup.manager [-] Cleaning up neutron loadbalancer objects
2020-04-13 03:16:00.635 9693 RALLYDEBUG rally_openstack.cleanup.manager [-] Cleaning up neutron floatingip objects
2020-04-13 03:16:01.223 9693 RALLYDEBUG rally_openstack.cleanup.manager [-] Cleaning up neutron trunk objects
2020-04-13 03:16:01.704 9693 RALLYDEBUG rally_openstack.cleanup.manager [-] Cleaning up neutron port objects
2020-04-13 03:16:02.368 9693 RALLYDEBUG rally_openstack.cleanup.manager [-] Cleaning up neutron subnet objects
2020-04-13 03:16:03.417 9693 RALLYDEBUG rally_openstack.cleanup.manager [-] Deleting neutron.subnet object s_rally_7146ea77_A4CuPBY4 (44ed2386-afa9-452a-b3d9-2760ba2b1d5c)
2020-04-13 03:16:03.435 9693 RALLYDEBUG rally_openstack.cleanup.manager [-] Deleting neutron.subnet object s_rally_7146ea77_ZhEN7CPl (5796748e-d19b-42d4-b85f-1b2e36da07c4)
2020-04-13 03:16:03.436 9693 RALLYDEBUG rally_openstack.cleanup.manager [-] Deleting neutron.subnet object s_rally_7146ea77_sPru2Loz (49deb37c-cc06-4309-9d7b-f9ef55813055)
2020-04-13 03:16:03.448 9693 RALLYDEBUG rally_openstack.cleanup.manager [-] Deleting neutron.subnet object s_rally_7146ea77_OBcRkm4X (7241beef-d8e3-4cb4-bdbd-f267d1532c4f)
2020-04-13 03:16:03.476 9693 RALLYDEBUG rally_openstack.cleanup.manager [-] Deleting neutron.subnet object s_rally_7146ea77_mrwnLhi9 (7982f2cd-4b6a-4cec-8a18-3a9b7fa06fcb)
2020-04-13 03:16:03.504 9693 RALLYDEBUG rally_openstack.cleanup.manager [-] Deleting neutron.subnet object s_rally_7146ea77_2L0c5wuB (2d890aee-69e3-46e6-afee-2591caf7bb92)
2020-04-13 03:16:03.515 9693 RALLYDEBUG rally_openstack.cleanup.manager [-] Deleting neutron.subnet object s_rally_7146ea77_7QS3mrJq (188eb66f-4221-4288-8018-e2975a1d7146)
2020-04-13 03:16:03.520 9693 RALLYDEBUG rally_openstack.cleanup.manager [-] Deleting neutron.subnet object s_rally_7146ea77_CzIiXv1p (ba2282b8-4583-4e86-b344-830f3826a26b)
2020-04-13 03:16:03.523 9693 RALLYDEBUG rally_openstack.cleanup.manager [-] Deleting neutron.subnet object s_rally_7146ea77_gU8Au3QN (bea467c4-5ba0-404f-840b-8b7f5c6d78db)
2020-04-13 03:16:03.570 9693 RALLYDEBUG rally_openstack.cleanup.manager [-] Deleting neutron.subnet object s_rally_7146ea77_I1LwXvI3 (33dba30c-a001-4cb5-a160-0f83b58b39cc)
2020-04-13 03:16:03.589 9693 RALLYDEBUG rally_openstack.cleanup.manager [-] Deleting neutron.subnet object s_rally_7146ea77_zNqhY5cy (2cef2f92-e9e8-4492-adb2-16a40afd5828)
2020-04-13 03:16:03.600 9693 RALLYDEBUG rally_openstack.cleanup.manager [-] Deleting neutron.subnet object s_rally_7146ea77_4RAiyG5i (35e49373-c10c-4e4e-a5db-6ae8964a2e15)
2020-04-13 03:16:03.609 9693 RALLYDEBUG rally_openstack.cleanup.manager [-] Deleting neutron.subnet object s_rally_7146ea77_ZB1WT2Je (54682522-6170-4e31-9451-4d5c3a860754)
2020-04-13 03:16:03.632 9693 RALLYDEBUG rally_openstack.cleanup.manager [-] Deleting neutron.subnet object s_rally_7146ea77_FLjdtdvG (56f538b2-586d-4f0b-95e0-aef0719abbe5)
2020-04-13 03:16:03.657 9693 RALLYDEBUG rally_openstack.cleanup.manager [-] Deleting neutron.subnet object s_rally_7146ea77_fC1b4f6Y (709d8c8c-c25d-493c-9819-0e07ec7efa86)
2020-04-13 03:16:03.705 9693 RALLYDEBUG rally_openstack.cleanup.manager [-] Deleting neutron.subnet object s_rally_7146ea77_mjdIP50C (935daba6-5830-4a26-9996-a1cbe9e42079)
2020-04-13 03:16:03.700 9693 RALLYDEBUG rally_openstack.cleanup.manager [-] Deleting neutron.subnet object s_rally_7146ea77_rA4PIsFJ (8931ec34-5dd2-42f6-b7e9-6387f6c67648)
2020-04-13 03:16:03.719 9693 RALLYDEBUG rally_openstack.cleanup.manager [-] Deleting neutron.subnet object s_rally_7146ea77_JkUfodYe (c5092eb2-e7fd-4457-949a-997b212a4901)
2020-04-13 03:16:03.757 9693 RALLYDEBUG rally_openstack.cleanup.manager [-] Deleting neutron.subnet object s_rally_7146ea77_KcUjmp8R (f84f3452-230b-495f-98f1-7b4fa4a1928e)
2020-04-13 03:16:03.782 9693 RALLYDEBUG rally_openstack.cleanup.manager [-] Deleting neutron.subnet object s_rally_7146ea77_bU7GNKNq (cc503daa-7239-4f2b-89f1-7be916eb5147)
2020-04-13 03:16:16.566 9693 RALLYDEBUG rally_openstack.cleanup.manager [-] Cleaning up neutron network objects
2020-04-13 03:16:17.444 9693 RALLYDEBUG rally_openstack.cleanup.manager [-] Cleaning up neutron router objects
2020-04-13 03:16:18.097 9693 RALLYDEBUG rally_openstack.cleanup.manager [-] Cleaning up neutron security_group objects
2020-04-13 03:16:18.676 9693 INFO rally.task.context [-] Task 1555adf2-8b06-4117-91f7-246dacab2a51 | Context cleanup@openstack cleanup() finished in 19.85 sec
2020-04-13 03:16:18.677 9693 INFO rally.task.context [-] Task 1555adf2-8b06-4117-91f7-246dacab2a51 | Context network@openstack cleanup() started
2020-04-13 03:16:24.687 9693 INFO rally.task.context [-] Task 1555adf2-8b06-4117-91f7-246dacab2a51 | Context network@openstack cleanup() finished in 6.01 sec
2020-04-13 03:16:24.687 9693 INFO rally.task.context [-] Task 1555adf2-8b06-4117-91f7-246dacab2a51 | Context quotas@openstack cleanup() started
2020-04-13 03:16:24.764 9693 INFO rally.task.context [-] Task 1555adf2-8b06-4117-91f7-246dacab2a51 | Context quotas@openstack cleanup() finished in 76.25 msec
2020-04-13 03:16:24.764 9693 INFO rally.task.context [-] Task 1555adf2-8b06-4117-91f7-246dacab2a51 | Context users@openstack cleanup() started
2020-04-13 03:16:24.907 9693 WARNING rally.common.logging [-] `iterate_per_tenants()' is deprecated in v3.0.0: it is openstack specific.. Used at
2020-04-13 03:16:26.678 9693 INFO rally.task.context [-] Task 1555adf2-8b06-4117-91f7-246dacab2a51 | Context users@openstack cleanup() finished in 1.91 sec
2020-04-13 03:16:28.266 9693 INFO rally.task.engine [-] Load duration is: 7.90286
2020-04-13 03:16:28.267 9693 INFO rally.task.engine [-] Full runner duration is: 7.951689
2020-04-13 03:16:28.267 9693 INFO rally.task.engine [-] Full duration is: 40.660203
2020-04-13 03:16:28.350 9693 INFO rally.task.engine [-] Task 1555adf2-8b06-4117-91f7-246dacab2a51 | Completed: Running task.
2020-04-13 03:16:29.870 14485 RALLYDEBUG rally.api [-] INFO logs from urllib3 and requests module are hide.
2020-04-13 03:16:29.871 14485 RALLYDEBUG rally.api [-] urllib3 insecure warnings are hidden.
2020-04-13 03:16:29.871 14485 RALLYDEBUG rally.api [-] ERROR log from boto module is hide.
2020-04-13 03:16:31.036 14486 RALLYDEBUG rally.api [-] INFO logs from urllib3 and requests module are hide.
2020-04-13 03:16:31.037 14486 RALLYDEBUG rally.api [-] urllib3 insecure warnings are hidden.
2020-04-13 03:16:31.037 14486 RALLYDEBUG rally.api [-] ERROR log from boto module is hide.
2020-04-13 03:16:32.351 14487 RALLYDEBUG rally.api [-] INFO logs from urllib3 and requests module are hide.
2020-04-13 03:16:32.352 14487 RALLYDEBUG rally.api [-] urllib3 insecure warnings are hidden.
2020-04-13 03:16:32.352 14487 RALLYDEBUG rally.api [-] ERROR log from boto module is hide.
2020-04-13 03:16:34.019 14487 INFO rally.api [-] Building 'json' report for the following task(s): '1555adf2-8b06-4117-91f7-246dacab2a51'.
2020-04-13 03:16:34.054 14487 INFO rally.api [-] The report has been successfully built.
2020-04-13 03:16:35.431 14489 RALLYDEBUG rally.api [-] INFO logs from urllib3 and requests module are hide.
2020-04-13 03:16:35.431 14489 RALLYDEBUG rally.api [-] urllib3 insecure warnings are hidden.
2020-04-13 03:16:35.432 14489 RALLYDEBUG rally.api [-] ERROR log from boto module is hide.
2020-04-13 03:16:37.504 14489 INFO rally.task.engine [-] Task 54ca9db5-9f0d-4f62-872e-be11d4cd768c | Starting: Task validation.
2020-04-13 03:16:37.517 14489 INFO rally.task.engine [-] Task 54ca9db5-9f0d-4f62-872e-be11d4cd768c | Starting: Task validation of syntax.
2020-04-13 03:16:37.928 14489 INFO rally.task.engine [-] Task 54ca9db5-9f0d-4f62-872e-be11d4cd768c | Completed: Task validation of syntax.
2020-04-13 03:16:37.928 14489 INFO rally.task.engine [-] Task 54ca9db5-9f0d-4f62-872e-be11d4cd768c | Starting: Task validation of required platforms.
2020-04-13 03:16:38.122 14489 INFO rally.task.engine [-] Task 54ca9db5-9f0d-4f62-872e-be11d4cd768c | Completed: Task validation of required platforms.
2020-04-13 03:16:38.122 14489 INFO rally.task.engine [-] Task 54ca9db5-9f0d-4f62-872e-be11d4cd768c | Starting: Task validation of semantic.
2020-04-13 03:16:38.123 14489 INFO rally.task.engine [-] Check health of the environment '7668f194-046b-4114-9f2e-351476141398'.
2020-04-13 03:16:38.697 14489 INFO rally.task.engine [-] Platform existing@openstack (available: True): OK!
2020-04-13 03:16:38.708 14489 RALLYDEBUG rally_openstack.contexts.keystone.users [-] Creating 1 tenants using 1 threads
2020-04-13 03:16:39.063 14489 RALLYDEBUG rally_openstack.contexts.keystone.users [-] Creating 1 users using 1 threads
2020-04-13 03:16:39.628 14489 INFO rally.task.context [-] Task 54ca9db5-9f0d-4f62-872e-be11d4cd768c | Context users@openstack setup() finished in 0.92 sec
2020-04-13 03:16:54.822 14489 INFO rally.task.context [-] Task 54ca9db5-9f0d-4f62-872e-be11d4cd768c | Context users@openstack cleanup() started
2020-04-13 03:16:55.049 14489 WARNING rally.common.logging [-] `iterate_per_tenants()' is deprecated in v3.0.0: it is openstack specific.. Used at
2020-04-13 03:16:56.589 14489 INFO rally.task.context [-] Task 54ca9db5-9f0d-4f62-872e-be11d4cd768c | Context users@openstack cleanup() finished in 1.77 sec
2020-04-13 03:16:56.590 14489 INFO rally.task.engine [-] Task 54ca9db5-9f0d-4f62-872e-be11d4cd768c | Completed: Task validation of semantic.
2020-04-13 03:16:56.590 14489 INFO rally.task.engine [-] Task 54ca9db5-9f0d-4f62-872e-be11d4cd768c | Completed: Task validation.
2020-04-13 03:16:56.590 14489 INFO rally.api [-] Task 54ca9db5-9f0d-4f62-872e-be11d4cd768c input file is valid.
2020-04-13 03:16:56.591 14489 INFO rally.api [-] Run Task 54ca9db5-9f0d-4f62-872e-be11d4cd768c against Deployment 7668f194-046b-4114-9f2e-351476141398
2020-04-13 03:16:56.591 14489 INFO rally.task.engine [-] Task 54ca9db5-9f0d-4f62-872e-be11d4cd768c | Starting: Running task.
2020-04-13 03:16:56.653 14489 INFO rally.task.engine [-] Running workload: position = 0 config = { "version": 2, "title": "A cropped version of a bigger task.", "description": "Auto-generated task from a single workload (uuid=74ac40b4-7e25-45c2-907c-8a3838aebe20)", "subtasks": [ { "title": "NovaKeypair.create_and_delete_keypair", "description": "Create a keypair with random name and delete keypair.", "scenario": { "NovaKeypair.create_and_delete_keypair": {} }, "contexts": { "users": { "tenants": 3, "users_per_tenant": 2 }, "quotas": { "nova": { "cores": -1, "floating_ips": -1, "instances": -1, "key_pairs": -1, "ram": -1, "security_group_rules": -1, "security_groups": -1 } } }, "runner": { "constant": { "concurrency": 4, "times": 10 } }, "hooks": [], "sla": { "failure_rate": { "max": 0 } } } ] }
2020-04-13 03:16:56.672 14489 RALLYDEBUG rally_openstack.contexts.keystone.users [-] Creating 3 tenants using 3 threads
2020-04-13 03:16:57.144 14489 RALLYDEBUG rally_openstack.contexts.keystone.users [-] Creating 6 users using 6 threads
2020-04-13 03:16:58.169 14489 INFO rally.task.context [-] Task 54ca9db5-9f0d-4f62-872e-be11d4cd768c | Context users@openstack setup() finished in 1.50 sec
2020-04-13 03:16:59.104 14489 INFO rally.task.context [-] Task 54ca9db5-9f0d-4f62-872e-be11d4cd768c | Context quotas@openstack setup() finished in 0.93 sec
2020-04-13 03:16:59.105 14489 INFO rally.task.context [-] Task 54ca9db5-9f0d-4f62-872e-be11d4cd768c | Context cleanup@openstack setup() finished in 0.01 msec
2020-04-13 03:16:59.114 14489 RALLYDEBUG rally.task.runner [-] Starting the constant runner (task UUID: 54ca9db5-9f0d-4f62-872e-be11d4cd768c). times: 10 concurrency: 4 timeout: 0 max_cpu_used: 88 processes_to_start: 4 concurrency_per_worker: 1 concurrency_overhead: 0
