2020-04-13 04:01:14.788 18632 RALLYDEBUG rally.api [-] INFO logs from urllib3 and requests module are hide.
2020-04-13 04:01:14.789 18632 RALLYDEBUG rally.api [-] urllib3 insecure warnings are hidden.
2020-04-13 04:01:14.789 18632 RALLYDEBUG rally.api [-] ERROR log from boto module is hide.
2020-04-13 04:01:16.301 18633 RALLYDEBUG rally.api [-] INFO logs from urllib3 and requests module are hide.
2020-04-13 04:01:16.301 18633 RALLYDEBUG rally.api [-] urllib3 insecure warnings are hidden.
2020-04-13 04:01:16.301 18633 RALLYDEBUG rally.api [-] ERROR log from boto module is hide.
2020-04-13 04:01:18.361 18633 INFO rally.api [-] Building 'json' report for the following task(s): '54ca9db5-9f0d-4f62-872e-be11d4cd768c'.
2020-04-13 04:01:18.426 18633 INFO rally.api [-] The report has been successfully built.
2020-04-13 04:01:19.895 18635 RALLYDEBUG rally.api [-] INFO logs from urllib3 and requests module are hide.
2020-04-13 04:01:19.896 18635 RALLYDEBUG rally.api [-] urllib3 insecure warnings are hidden.
2020-04-13 04:01:19.896 18635 RALLYDEBUG rally.api [-] ERROR log from boto module is hide.
2020-04-13 04:01:21.696 18635 INFO rally.task.engine [-] Task f1346d58-d8cf-4dd4-b082-a7cb00e47141 | Starting: Task validation.
2020-04-13 04:01:21.709 18635 INFO rally.task.engine [-] Task f1346d58-d8cf-4dd4-b082-a7cb00e47141 | Starting: Task validation of syntax.
2020-04-13 04:01:21.777 18635 INFO rally.task.engine [-] Task f1346d58-d8cf-4dd4-b082-a7cb00e47141 | Completed: Task validation of syntax.
2020-04-13 04:01:21.778 18635 INFO rally.task.engine [-] Task f1346d58-d8cf-4dd4-b082-a7cb00e47141 | Starting: Task validation of required platforms.
2020-04-13 04:01:21.814 18635 INFO rally.task.engine [-] Task f1346d58-d8cf-4dd4-b082-a7cb00e47141 | Completed: Task validation of required platforms.
2020-04-13 04:01:21.815 18635 INFO rally.task.engine [-] Task f1346d58-d8cf-4dd4-b082-a7cb00e47141 | Starting: Task validation of semantic.
2020-04-13 04:01:21.815 18635 INFO rally.task.engine [-] Check health of the environment '7668f194-046b-4114-9f2e-351476141398'.
2020-04-13 04:01:22.347 18635 INFO rally.task.engine [-] Platform existing@openstack (available: True): OK!
2020-04-13 04:01:22.364 18635 RALLYDEBUG rally_openstack.contexts.keystone.users [-] Creating 1 tenants using 1 threads
2020-04-13 04:01:22.808 18635 RALLYDEBUG rally_openstack.contexts.keystone.users [-] Creating 1 users using 1 threads
2020-04-13 04:01:23.500 18635 INFO rally.task.context [-] Task f1346d58-d8cf-4dd4-b082-a7cb00e47141 | Context users@openstack setup() finished in 1.14 sec
2020-04-13 04:01:23.788 18635 INFO rally.task.context [-] Task f1346d58-d8cf-4dd4-b082-a7cb00e47141 | Context users@openstack cleanup() started
2020-04-13 04:01:23.997 18635 WARNING rally.common.logging [-] `iterate_per_tenants()' is deprecated in v3.0.0: it is openstack specific.. Used at
2020-04-13 04:01:25.318 18635 INFO rally.task.context [-] Task f1346d58-d8cf-4dd4-b082-a7cb00e47141 | Context users@openstack cleanup() finished in 1.53 sec
2020-04-13 04:01:25.319 18635 INFO rally.task.engine [-] Task f1346d58-d8cf-4dd4-b082-a7cb00e47141 | Completed: Task validation of semantic.
2020-04-13 04:01:25.319 18635 INFO rally.task.engine [-] Task f1346d58-d8cf-4dd4-b082-a7cb00e47141 | Completed: Task validation.
2020-04-13 04:01:25.320 18635 INFO rally.api [-] Task f1346d58-d8cf-4dd4-b082-a7cb00e47141 input file is valid.
2020-04-13 04:01:25.320 18635 INFO rally.api [-] Run Task f1346d58-d8cf-4dd4-b082-a7cb00e47141 against Deployment 7668f194-046b-4114-9f2e-351476141398
2020-04-13 04:01:25.320 18635 INFO rally.task.engine [-] Task f1346d58-d8cf-4dd4-b082-a7cb00e47141 | Starting: Running task.
2020-04-13 04:01:25.373 18635 INFO rally.task.engine [-] Running workload: position = 0 config = { "version": 2, "title": "A cropped version of a bigger task.", "description": "Auto-generated task from a single workload (uuid=8e58b16a-e91f-4cad-8280-1bf9c5c5a9ea)", "subtasks": [ { "title": "Quotas.cinder_update_and_delete", "description": "Update and Delete quotas for Cinder.", "scenario": { "Quotas.cinder_update_and_delete": { "max_quota": 1024 } }, "contexts": { "users": { "tenants": 3, "users_per_tenant": 2 }, "api_versions": { "cinder": { "version": 3, "service_type": "volumev3" } } }, "runner": { "constant": { "concurrency": 4, "times": 10 } }, "hooks": [], "sla": { "failure_rate": { "max": 0 } } } ] }
2020-04-13 04:01:25.387 18635 RALLYDEBUG rally_openstack.contexts.keystone.users [-] Creating 3 tenants using 3 threads
2020-04-13 04:01:25.886 18635 RALLYDEBUG rally_openstack.contexts.keystone.users [-] Creating 6 users using 6 threads
2020-04-13 04:01:26.843 18635 INFO rally.task.context [-] Task f1346d58-d8cf-4dd4-b082-a7cb00e47141 | Context users@openstack setup() finished in 1.46 sec
2020-04-13 04:01:26.973 18635 INFO rally.task.context [-] Task f1346d58-d8cf-4dd4-b082-a7cb00e47141 | Context api_versions@openstack setup() finished in 0.13 sec
2020-04-13 04:01:26.973 18635 INFO rally.task.context [-] Task f1346d58-d8cf-4dd4-b082-a7cb00e47141 | Context admin_cleanup@openstack setup() finished in 0.00 msec
2020-04-13 04:01:26.983 18635 RALLYDEBUG rally.task.runner [-] Starting the constant runner (task UUID: f1346d58-d8cf-4dd4-b082-a7cb00e47141). times: 10 concurrency: 4 timeout: 0 max_cpu_used: 88 processes_to_start: 4 concurrency_per_worker: 1 concurrency_overhead: 0
2020-04-13 04:01:26.997 18690 RALLYDEBUG rally.task.runner [-] Starting a worker. times: 10 duration: None concurrency: 1 timeout: 0 cls: method_name: run args: {"max_quota": 1024}
2020-04-13 04:01:27.000 18691 RALLYDEBUG rally.task.runner [-] Starting a worker. times: 10 duration: None concurrency: 1 timeout: 0 cls: method_name: run args: {"max_quota": 1024}
2020-04-13 04:01:27.003 18690 INFO rally.task.runner [-] Task f1346d58-d8cf-4dd4-b082-a7cb00e47141 | ITER: 1 START
2020-04-13 04:01:27.002 18692 RALLYDEBUG rally.task.runner [-] Starting a worker. times: 10 duration: None concurrency: 1 timeout: 0 cls: method_name: run args: {"max_quota": 1024}
2020-04-13 04:01:27.005 18693 RALLYDEBUG rally.task.runner [-] Starting a worker. times: 10 duration: None concurrency: 1 timeout: 0 cls: method_name: run args: {"max_quota": 1024}
2020-04-13 04:01:27.007 18691 INFO rally.task.runner [-] Task f1346d58-d8cf-4dd4-b082-a7cb00e47141 | ITER: 2 START
2020-04-13 04:01:27.009 18692 INFO rally.task.runner [-] Task f1346d58-d8cf-4dd4-b082-a7cb00e47141 | ITER: 3 START
2020-04-13 04:01:27.011 18693 INFO rally.task.runner [-] Task f1346d58-d8cf-4dd4-b082-a7cb00e47141 | ITER: 4 START
2020-04-13 04:01:27.366 18690 INFO rally.task.runner [-] Task f1346d58-d8cf-4dd4-b082-a7cb00e47141 | ITER: 1 END: OK
2020-04-13 04:01:27.370 18690 INFO rally.task.runner [-] Task f1346d58-d8cf-4dd4-b082-a7cb00e47141 | ITER: 5 START
2020-04-13 04:01:27.374 18692 INFO rally.task.runner [-] Task f1346d58-d8cf-4dd4-b082-a7cb00e47141 | ITER: 3 END: OK
2020-04-13 04:01:27.377 18692 INFO rally.task.runner [-] Task f1346d58-d8cf-4dd4-b082-a7cb00e47141 | ITER: 6 START
2020-04-13 04:01:27.385 18693 INFO rally.task.runner [-] Task f1346d58-d8cf-4dd4-b082-a7cb00e47141 | ITER: 4 END: OK
2020-04-13 04:01:27.390 18693 INFO rally.task.runner [-] Task f1346d58-d8cf-4dd4-b082-a7cb00e47141 | ITER: 7 START
2020-04-13 04:01:27.393 18691 INFO rally.task.runner [-] Task f1346d58-d8cf-4dd4-b082-a7cb00e47141 | ITER: 2 END: OK
2020-04-13 04:01:27.398 18691 INFO rally.task.runner [-] Task f1346d58-d8cf-4dd4-b082-a7cb00e47141 | ITER: 8 START
2020-04-13 04:01:27.669 18692 INFO rally.task.runner [-] Task f1346d58-d8cf-4dd4-b082-a7cb00e47141 | ITER: 6 END: OK
2020-04-13 04:01:27.673 18692 INFO rally.task.runner [-] Task f1346d58-d8cf-4dd4-b082-a7cb00e47141 | ITER: 9 START
2020-04-13 04:01:27.674 18690 INFO rally.task.runner [-] Task f1346d58-d8cf-4dd4-b082-a7cb00e47141 | ITER: 5 END: OK
2020-04-13 04:01:27.679 18690 INFO rally.task.runner [-] Task f1346d58-d8cf-4dd4-b082-a7cb00e47141 | ITER: 10 START
2020-04-13 04:01:27.699 18693 INFO rally.task.runner [-] Task f1346d58-d8cf-4dd4-b082-a7cb00e47141 | ITER: 7 END: OK
2020-04-13 04:01:27.703 18691 INFO rally.task.runner [-] Task f1346d58-d8cf-4dd4-b082-a7cb00e47141 | ITER: 8 END: OK
2020-04-13 04:01:27.943 18692 INFO rally.task.runner [-] Task f1346d58-d8cf-4dd4-b082-a7cb00e47141 | ITER: 9 END: OK
2020-04-13 04:01:27.951 18690 INFO rally.task.runner [-] Task f1346d58-d8cf-4dd4-b082-a7cb00e47141 | ITER: 10 END: OK
2020-04-13 04:01:27.978 18635 INFO rally.task.context [-] Task f1346d58-d8cf-4dd4-b082-a7cb00e47141 | Context admin_cleanup@openstack cleanup() started
2020-04-13 04:01:27.983 18635 RALLYDEBUG rally_openstack.cleanup.manager [-] Cleaning up cinder quotas objects
2020-04-13 04:01:28.313 18635 INFO rally.task.context [-] Task f1346d58-d8cf-4dd4-b082-a7cb00e47141 | Context admin_cleanup@openstack cleanup() finished in 0.33 sec
2020-04-13 04:01:28.314 18635 INFO rally.task.context [-] Task f1346d58-d8cf-4dd4-b082-a7cb00e47141 | Context api_versions@openstack cleanup() started
2020-04-13 04:01:28.314 18635 INFO rally.task.context [-] Task f1346d58-d8cf-4dd4-b082-a7cb00e47141 | Context api_versions@openstack cleanup() finished in 0.35 msec
2020-04-13 04:01:28.315 18635 INFO rally.task.context [-] Task f1346d58-d8cf-4dd4-b082-a7cb00e47141 | Context users@openstack cleanup() started
2020-04-13 04:01:28.476 18635 WARNING rally.common.logging [-] `iterate_per_tenants()' is deprecated in v3.0.0: it is openstack specific.. Used at
2020-04-13 04:01:30.615 18635 INFO rally.task.context [-] Task f1346d58-d8cf-4dd4-b082-a7cb00e47141 | Context users@openstack cleanup() finished in 2.30 sec
2020-04-13 04:01:31.458 18635 INFO rally.task.engine [-] Load duration is: 0.947134
2020-04-13 04:01:31.459 18635 INFO rally.task.engine [-] Full runner duration is: 0.995661
2020-04-13 04:01:31.459 18635 INFO rally.task.engine [-] Full duration is: 5.239236
2020-04-13 04:01:31.558 18635 INFO rally.task.engine [-] Running workload: position = 0 config = { "version": 2, "title": "A cropped version of a bigger task.", "description": "Auto-generated task from a single workload (uuid=86f0398d-706f-44a8-95dd-511383614621)", "subtasks": [ { "title": "Quotas.cinder_update", "description": "Update quotas for Cinder.", "scenario": { "Quotas.cinder_update": { "max_quota": 1024 } }, "contexts": { "users": { "tenants": 3, "users_per_tenant": 2 }, "api_versions": { "cinder": { "version": 3, "service_type": "volumev3" } } }, "runner": { "constant": { "concurrency": 4, "times": 10 } }, "hooks": [], "sla": { "failure_rate": { "max": 0 } } } ] }
2020-04-13 04:01:31.579 18635 RALLYDEBUG rally_openstack.contexts.keystone.users [-] Creating 3 tenants using 3 threads
2020-04-13 04:01:32.030 18635 RALLYDEBUG rally_openstack.contexts.keystone.users [-] Creating 6 users using 6 threads
2020-04-13 04:01:33.008 18635 INFO rally.task.context [-] Task f1346d58-d8cf-4dd4-b082-a7cb00e47141 | Context users@openstack setup() finished in 1.43 sec
2020-04-13 04:01:33.153 18635 INFO rally.task.context [-] Task f1346d58-d8cf-4dd4-b082-a7cb00e47141 | Context api_versions@openstack setup() finished in 0.14 sec
2020-04-13 04:01:33.153 18635 INFO rally.task.context [-] Task f1346d58-d8cf-4dd4-b082-a7cb00e47141 | Context admin_cleanup@openstack setup() finished in 0.02 msec
2020-04-13 04:01:33.160 18635 RALLYDEBUG rally.task.runner [-] Starting the constant runner (task UUID: f1346d58-d8cf-4dd4-b082-a7cb00e47141). times: 10 concurrency: 4 timeout: 0 max_cpu_used: 88 processes_to_start: 4 concurrency_per_worker: 1 concurrency_overhead: 0
2020-04-13 04:01:33.171 18783 RALLYDEBUG rally.task.runner [-] Starting a worker. times: 10 duration: None concurrency: 1 timeout: 0 cls: method_name: run args: {"max_quota": 1024}
2020-04-13 04:01:33.176 18783 INFO rally.task.runner [-] Task f1346d58-d8cf-4dd4-b082-a7cb00e47141 | ITER: 1 START
2020-04-13 04:01:33.176 18784 RALLYDEBUG rally.task.runner [-] Starting a worker. times: 10 duration: None concurrency: 1 timeout: 0 cls: method_name: run args: {"max_quota": 1024}
2020-04-13 04:01:33.176 18785 RALLYDEBUG rally.task.runner [-] Starting a worker. times: 10 duration: None concurrency: 1 timeout: 0 cls: method_name: run args: {"max_quota": 1024}
2020-04-13 04:01:33.180 18788 RALLYDEBUG rally.task.runner [-] Starting a worker. times: 10 duration: None concurrency: 1 timeout: 0 cls: method_name: run args: {"max_quota": 1024}
2020-04-13 04:01:33.182 18785 INFO rally.task.runner [-] Task f1346d58-d8cf-4dd4-b082-a7cb00e47141 | ITER: 3 START
2020-04-13 04:01:33.182 18784 INFO rally.task.runner [-] Task f1346d58-d8cf-4dd4-b082-a7cb00e47141 | ITER: 2 START
2020-04-13 04:01:33.187 18788 INFO rally.task.runner [-] Task f1346d58-d8cf-4dd4-b082-a7cb00e47141 | ITER: 4 START
2020-04-13 04:01:33.513 18783 INFO rally.task.runner [-] Task f1346d58-d8cf-4dd4-b082-a7cb00e47141 | ITER: 1 END: OK
2020-04-13 04:01:33.518 18783 INFO rally.task.runner [-] Task f1346d58-d8cf-4dd4-b082-a7cb00e47141 | ITER: 5 START
2020-04-13 04:01:33.530 18788 INFO rally.task.runner [-] Task f1346d58-d8cf-4dd4-b082-a7cb00e47141 | ITER: 4 END: OK
2020-04-13 04:01:33.532 18785 INFO rally.task.runner [-] Task f1346d58-d8cf-4dd4-b082-a7cb00e47141 | ITER: 3 END: OK
2020-04-13 04:01:33.535 18788 INFO rally.task.runner [-] Task f1346d58-d8cf-4dd4-b082-a7cb00e47141 | ITER: 6 START
2020-04-13 04:01:33.536 18784 INFO rally.task.runner [-] Task f1346d58-d8cf-4dd4-b082-a7cb00e47141 | ITER: 2 END: OK
2020-04-13 04:01:33.536 18785 INFO rally.task.runner [-] Task f1346d58-d8cf-4dd4-b082-a7cb00e47141 | ITER: 7 START
2020-04-13 04:01:33.541 18784 INFO rally.task.runner [-] Task f1346d58-d8cf-4dd4-b082-a7cb00e47141 | ITER: 8 START
2020-04-13 04:01:33.743 18783 INFO rally.task.runner [-] Task f1346d58-d8cf-4dd4-b082-a7cb00e47141 | ITER: 5 END: OK
2020-04-13 04:01:33.747 18783 INFO rally.task.runner [-] Task f1346d58-d8cf-4dd4-b082-a7cb00e47141 | ITER: 9 START
2020-04-13 04:01:33.787 18788 INFO rally.task.runner [-] Task f1346d58-d8cf-4dd4-b082-a7cb00e47141 | ITER: 6 END: OK
2020-04-13 04:01:33.791 18788 INFO rally.task.runner [-] Task f1346d58-d8cf-4dd4-b082-a7cb00e47141 | ITER: 10 START
2020-04-13 04:01:33.795 18785 INFO rally.task.runner [-] Task f1346d58-d8cf-4dd4-b082-a7cb00e47141 | ITER: 7 END: OK
2020-04-13 04:01:33.798 18784 INFO rally.task.runner [-] Task f1346d58-d8cf-4dd4-b082-a7cb00e47141 | ITER: 8 END: OK
2020-04-13 04:01:33.979 18783 INFO rally.task.runner [-] Task f1346d58-d8cf-4dd4-b082-a7cb00e47141 | ITER: 9 END: OK
2020-04-13 04:01:34.024 18788 INFO rally.task.runner [-] Task f1346d58-d8cf-4dd4-b082-a7cb00e47141 | ITER: 10 END: OK
2020-04-13 04:01:34.043 18635 INFO rally.task.context [-] Task f1346d58-d8cf-4dd4-b082-a7cb00e47141 | Context admin_cleanup@openstack cleanup() started
2020-04-13 04:01:34.048 18635 RALLYDEBUG rally_openstack.cleanup.manager [-] Cleaning up cinder quotas objects
2020-04-13 04:01:34.377 18635 INFO rally.task.context [-] Task f1346d58-d8cf-4dd4-b082-a7cb00e47141 | Context admin_cleanup@openstack cleanup() finished in 0.33 sec
2020-04-13 04:01:34.377 18635 INFO rally.task.context [-] Task f1346d58-d8cf-4dd4-b082-a7cb00e47141 | Context api_versions@openstack cleanup() started
2020-04-13 04:01:34.378 18635 INFO rally.task.context [-] Task f1346d58-d8cf-4dd4-b082-a7cb00e47141 | Context api_versions@openstack cleanup() finished in 0.38 msec
2020-04-13 04:01:34.378 18635 INFO rally.task.context [-] Task f1346d58-d8cf-4dd4-b082-a7cb00e47141 | Context users@openstack cleanup() started
2020-04-13 04:01:34.551 18635 WARNING rally.common.logging [-] `iterate_per_tenants()' is deprecated in v3.0.0: it is openstack specific.. Used at
2020-04-13 04:01:36.992 18635 INFO rally.task.context [-] Task f1346d58-d8cf-4dd4-b082-a7cb00e47141 | Context users@openstack cleanup() finished in 2.61 sec
2020-04-13 04:01:37.648 18635 INFO rally.task.engine [-] Load duration is: 0.846131
2020-04-13 04:01:37.649 18635 INFO rally.task.engine [-] Full runner duration is: 0.884035
2020-04-13 04:01:37.649 18635 INFO rally.task.engine [-] Full duration is: 5.414699
2020-04-13 04:01:37.737 18635 INFO rally.task.engine [-] Running workload: position = 0 config = { "version": 2, "title": "A cropped version of a bigger task.", "description": "Auto-generated task from a single workload (uuid=c3f1b5ed-6810-4a66-962b-c8f3e62b336b)", "subtasks": [ { "title": "Quotas.neutron_update", "description": "Update quotas for neutron.", "scenario": { "Quotas.neutron_update": { "max_quota": 1024 } }, "contexts": { "users": { "tenants": 3, "users_per_tenant": 2 } }, "runner": { "constant": { "concurrency": 4, "times": 10 } }, "hooks": [], "sla": { "failure_rate": { "max": 0 } } } ] }
2020-04-13 04:01:37.755 18635 RALLYDEBUG rally_openstack.contexts.keystone.users [-] Creating 3 tenants using 3 threads
2020-04-13 04:01:38.293 18635 RALLYDEBUG rally_openstack.contexts.keystone.users [-] Creating 6 users using 6 threads
2020-04-13 04:01:39.152 18635 INFO rally.task.context [-] Task f1346d58-d8cf-4dd4-b082-a7cb00e47141 | Context users@openstack setup() finished in 1.40 sec
2020-04-13 04:01:39.153 18635 INFO rally.task.context [-] Task f1346d58-d8cf-4dd4-b082-a7cb00e47141 | Context admin_cleanup@openstack setup() finished in 0.00 msec
2020-04-13 04:01:39.160 18635 RALLYDEBUG rally.task.runner [-] Starting the constant runner (task UUID: f1346d58-d8cf-4dd4-b082-a7cb00e47141). times: 10 concurrency: 4 timeout: 0 max_cpu_used: 88 processes_to_start: 4 concurrency_per_worker: 1 concurrency_overhead: 0
2020-04-13 04:01:39.170 18876 RALLYDEBUG rally.task.runner [-] Starting a worker. times: 10 duration: None concurrency: 1 timeout: 0 cls: method_name: run args: {"max_quota": 1024}
2020-04-13 04:01:39.173 18877 RALLYDEBUG rally.task.runner [-] Starting a worker. times: 10 duration: None concurrency: 1 timeout: 0 cls: method_name: run args: {"max_quota": 1024}
2020-04-13 04:01:39.176 18878 RALLYDEBUG rally.task.runner [-] Starting a worker. times: 10 duration: None concurrency: 1 timeout: 0 cls: method_name: run args: {"max_quota": 1024}
2020-04-13 04:01:39.177 18876 INFO rally.task.runner [-] Task f1346d58-d8cf-4dd4-b082-a7cb00e47141 | ITER: 1 START
2020-04-13 04:01:39.177 18879 RALLYDEBUG rally.task.runner [-] Starting a worker. times: 10 duration: None concurrency: 1 timeout: 0 cls: method_name: run args: {"max_quota": 1024}
2020-04-13 04:01:39.180 18877 INFO rally.task.runner [-] Task f1346d58-d8cf-4dd4-b082-a7cb00e47141 | ITER: 2 START
2020-04-13 04:01:39.182 18878 INFO rally.task.runner [-] Task f1346d58-d8cf-4dd4-b082-a7cb00e47141 | ITER: 3 START
2020-04-13 04:01:39.183 18879 INFO rally.task.runner [-] Task f1346d58-d8cf-4dd4-b082-a7cb00e47141 | ITER: 4 START
2020-04-13 04:01:39.493 18879 INFO rally.task.runner [-] Task f1346d58-d8cf-4dd4-b082-a7cb00e47141 | ITER: 4 END: OK
2020-04-13 04:01:39.498 18879 INFO rally.task.runner [-] Task f1346d58-d8cf-4dd4-b082-a7cb00e47141 | ITER: 5 START
2020-04-13 04:01:39.525 18877 INFO rally.task.runner [-] Task f1346d58-d8cf-4dd4-b082-a7cb00e47141 | ITER: 2 END: OK
2020-04-13 04:01:39.530 18877 INFO rally.task.runner [-] Task f1346d58-d8cf-4dd4-b082-a7cb00e47141 | ITER: 6 START
2020-04-13 04:01:39.558 18878 INFO rally.task.runner [-] Task f1346d58-d8cf-4dd4-b082-a7cb00e47141 | ITER: 3 END: OK
2020-04-13 04:01:39.563 18878 INFO rally.task.runner [-] Task f1346d58-d8cf-4dd4-b082-a7cb00e47141 | ITER: 7 START
2020-04-13 04:01:39.579 18876 INFO rally.task.runner [-] Task f1346d58-d8cf-4dd4-b082-a7cb00e47141 | ITER: 1 END: OK
2020-04-13 04:01:39.584 18876 INFO rally.task.runner [-] Task f1346d58-d8cf-4dd4-b082-a7cb00e47141 | ITER: 8 START
2020-04-13 04:01:39.753 18879 INFO rally.task.runner [-] Task f1346d58-d8cf-4dd4-b082-a7cb00e47141 | ITER: 5 END: OK
2020-04-13 04:01:39.756 18879 INFO rally.task.runner [-] Task f1346d58-d8cf-4dd4-b082-a7cb00e47141 | ITER: 9 START
2020-04-13 04:01:39.795 18877 INFO rally.task.runner [-] Task f1346d58-d8cf-4dd4-b082-a7cb00e47141 | ITER: 6 END: OK
2020-04-13 04:01:39.799 18877 INFO rally.task.runner [-] Task f1346d58-d8cf-4dd4-b082-a7cb00e47141 | ITER: 10 START
2020-04-13 04:01:39.881 18876 INFO rally.task.runner [-] Task f1346d58-d8cf-4dd4-b082-a7cb00e47141 | ITER: 8 END: OK
2020-04-13 04:01:39.885 18878 INFO rally.task.runner [-] Task f1346d58-d8cf-4dd4-b082-a7cb00e47141 | ITER: 7 END: OK
2020-04-13 04:01:40.036 18879 INFO rally.task.runner [-] Task f1346d58-d8cf-4dd4-b082-a7cb00e47141 | ITER: 9 END: OK
2020-04-13 04:01:40.066 18877 INFO rally.task.runner [-] Task f1346d58-d8cf-4dd4-b082-a7cb00e47141 | ITER: 10 END: OK
2020-04-13 04:01:40.088 18635 INFO rally.task.context [-] Task f1346d58-d8cf-4dd4-b082-a7cb00e47141 | Context admin_cleanup@openstack cleanup() started
2020-04-13 04:01:40.092 18635 RALLYDEBUG rally_openstack.cleanup.manager [-] Cleaning up neutron quota objects
2020-04-13 04:01:40.462 18635 INFO rally.task.context [-] Task f1346d58-d8cf-4dd4-b082-a7cb00e47141 | Context admin_cleanup@openstack cleanup() finished in 0.37 sec
2020-04-13 04:01:40.463 18635 INFO rally.task.context [-] Task f1346d58-d8cf-4dd4-b082-a7cb00e47141 | Context users@openstack cleanup() started
2020-04-13 04:01:40.622 18635 WARNING rally.common.logging [-] `iterate_per_tenants()' is deprecated in v3.0.0: it is openstack specific.. Used at
2020-04-13 04:01:43.100 18635 INFO rally.task.context [-] Task f1346d58-d8cf-4dd4-b082-a7cb00e47141 | Context users@openstack cleanup() finished in 2.64 sec
2020-04-13 04:01:43.834 18635 INFO rally.task.engine [-] Load duration is: 0.888346
2020-04-13 04:01:43.835 18635 INFO rally.task.engine [-] Full runner duration is: 0.927801
2020-04-13 04:01:43.835 18635 INFO rally.task.engine [-] Full duration is: 5.346841
2020-04-13 04:01:43.923 18635 INFO rally.task.engine [-] Running workload: position = 0 config = { "version": 2, "title": "A cropped version of a bigger task.", "description": "Auto-generated task from a single workload (uuid=e943784c-5955-4b00-97fd-71222b8cc0ff)", "subtasks": [ { "title": "Quotas.nova_update", "description": "Update quotas for Nova.", "scenario": { "Quotas.nova_update": { "max_quota": 1024 } }, "contexts": { "users": { "tenants": 3, "users_per_tenant": 2 } }, "runner": { "constant": { "concurrency": 4, "times": 10 } }, "hooks": [], "sla": { "failure_rate": { "max": 0 } } } ] }
2020-04-13 04:01:43.951 18635 RALLYDEBUG rally_openstack.contexts.keystone.users [-] Creating 3 tenants using 3 threads
2020-04-13 04:01:44.426 18635 RALLYDEBUG rally_openstack.contexts.keystone.users [-] Creating 6 users using 6 threads
2020-04-13 04:01:45.376 18635 INFO rally.task.context [-] Task f1346d58-d8cf-4dd4-b082-a7cb00e47141 | Context users@openstack setup() finished in 1.42 sec
2020-04-13 04:01:45.376 18635 INFO rally.task.context [-] Task f1346d58-d8cf-4dd4-b082-a7cb00e47141 | Context admin_cleanup@openstack setup() finished in 0.01 msec
2020-04-13 04:01:45.386 18635 RALLYDEBUG rally.task.runner [-] Starting the constant runner (task UUID: f1346d58-d8cf-4dd4-b082-a7cb00e47141). times: 10 concurrency: 4 timeout: 0 max_cpu_used: 88 processes_to_start: 4 concurrency_per_worker: 1 concurrency_overhead: 0
2020-04-13 04:01:45.399 18969 RALLYDEBUG rally.task.runner [-] Starting a worker. times: 10 duration: None concurrency: 1 timeout: 0 cls: method_name: run args: {"max_quota": 1024}
2020-04-13 04:01:45.403 18970 RALLYDEBUG rally.task.runner [-] Starting a worker. times: 10 duration: None concurrency: 1 timeout: 0 cls: method_name: run args: {"max_quota": 1024}
2020-04-13 04:01:45.406 18969 INFO rally.task.runner [-] Task f1346d58-d8cf-4dd4-b082-a7cb00e47141 | ITER: 1 START
2020-04-13 04:01:45.406 18971 RALLYDEBUG rally.task.runner [-] Starting a worker. times: 10 duration: None concurrency: 1 timeout: 0 cls: method_name: run args: {"max_quota": 1024}
2020-04-13 04:01:45.409 18970 INFO rally.task.runner [-] Task f1346d58-d8cf-4dd4-b082-a7cb00e47141 | ITER: 2 START
2020-04-13 04:01:45.410 18974 RALLYDEBUG rally.task.runner [-] Starting a worker. times: 10 duration: None concurrency: 1 timeout: 0 cls: method_name: run args: {"max_quota": 1024}
2020-04-13 04:01:45.413 18971 INFO rally.task.runner [-] Task f1346d58-d8cf-4dd4-b082-a7cb00e47141 | ITER: 3 START
2020-04-13 04:01:45.417 18974 INFO rally.task.runner [-] Task f1346d58-d8cf-4dd4-b082-a7cb00e47141 | ITER: 4 START
2020-04-13 04:01:45.913 18970 INFO rally.task.runner [-] Task f1346d58-d8cf-4dd4-b082-a7cb00e47141 | ITER: 2 END: OK
2020-04-13 04:01:45.918 18970 INFO rally.task.runner [-] Task f1346d58-d8cf-4dd4-b082-a7cb00e47141 | ITER: 5 START
2020-04-13 04:01:45.936 18974 INFO rally.task.runner [-] Task f1346d58-d8cf-4dd4-b082-a7cb00e47141 | ITER: 4 END: OK
2020-04-13 04:01:45.941 18974 INFO rally.task.runner [-] Task f1346d58-d8cf-4dd4-b082-a7cb00e47141 | ITER: 6 START
2020-04-13 04:01:45.953 18969 INFO rally.task.runner [-] Task f1346d58-d8cf-4dd4-b082-a7cb00e47141 | ITER: 1 END: OK
2020-04-13 04:01:45.958 18969 INFO rally.task.runner [-] Task f1346d58-d8cf-4dd4-b082-a7cb00e47141 | ITER: 7 START
2020-04-13 04:01:46.035 18971 INFO rally.task.runner [-] Task f1346d58-d8cf-4dd4-b082-a7cb00e47141 | ITER: 3 END: OK
2020-04-13 04:01:46.040 18971 INFO rally.task.runner [-] Task f1346d58-d8cf-4dd4-b082-a7cb00e47141 | ITER: 8 START
2020-04-13 04:01:46.418 18970 INFO rally.task.runner [-] Task f1346d58-d8cf-4dd4-b082-a7cb00e47141 | ITER: 5 END: OK
2020-04-13 04:01:46.422 18970 INFO rally.task.runner [-] Task f1346d58-d8cf-4dd4-b082-a7cb00e47141 | ITER: 9 START
2020-04-13 04:01:46.453 18974 INFO rally.task.runner [-] Task f1346d58-d8cf-4dd4-b082-a7cb00e47141 | ITER: 6 END: OK
2020-04-13 04:01:46.458 18974 INFO rally.task.runner [-] Task f1346d58-d8cf-4dd4-b082-a7cb00e47141 | ITER: 10 START
2020-04-13 04:01:46.469 18969 INFO rally.task.runner [-] Task f1346d58-d8cf-4dd4-b082-a7cb00e47141 | ITER: 7 END: OK
2020-04-13 04:01:46.532 18971 INFO rally.task.runner [-] Task f1346d58-d8cf-4dd4-b082-a7cb00e47141 | ITER: 8 END: OK
2020-04-13 04:01:46.883 18970 INFO rally.task.runner [-] Task f1346d58-d8cf-4dd4-b082-a7cb00e47141 | ITER: 9 END: OK
2020-04-13 04:01:46.931 18974 INFO rally.task.runner [-] Task f1346d58-d8cf-4dd4-b082-a7cb00e47141 | ITER: 10 END: OK
2020-04-13 04:01:46.954 18635 INFO rally.task.context [-] Task f1346d58-d8cf-4dd4-b082-a7cb00e47141 | Context admin_cleanup@openstack cleanup() started
2020-04-13 04:01:46.959 18635 RALLYDEBUG rally_openstack.cleanup.manager [-] Cleaning up nova quotas objects
2020-04-13 04:01:47.278 18635 INFO rally.task.context [-] Task f1346d58-d8cf-4dd4-b082-a7cb00e47141 | Context admin_cleanup@openstack cleanup() finished in 0.32 sec
2020-04-13 04:01:47.278 18635 INFO rally.task.context [-] Task f1346d58-d8cf-4dd4-b082-a7cb00e47141 | Context users@openstack cleanup() started
2020-04-13 04:01:47.477 18635 WARNING rally.common.logging [-] `iterate_per_tenants()' is deprecated in v3.0.0: it is openstack specific.. Used at
2020-04-13 04:01:50.457 18635 INFO rally.task.context [-] Task f1346d58-d8cf-4dd4-b082-a7cb00e47141 | Context users@openstack cleanup() finished in 3.18 sec
2020-04-13 04:01:52.072 18635 INFO rally.task.engine [-] Load duration is: 1.524675
2020-04-13 04:01:52.073 18635 INFO rally.task.engine [-] Full runner duration is: 1.568103
2020-04-13 04:01:52.073 18635 INFO rally.task.engine [-] Full duration is: 6.507832
2020-04-13 04:01:52.152 18635 INFO rally.task.engine [-] Task f1346d58-d8cf-4dd4-b082-a7cb00e47141 | Completed: Running task.
2020-04-13 04:01:53.588 19051 RALLYDEBUG rally.api [-] INFO logs from urllib3 and requests module are hide.
2020-04-13 04:01:53.588 19051 RALLYDEBUG rally.api [-] urllib3 insecure warnings are hidden.
2020-04-13 04:01:53.588 19051 RALLYDEBUG rally.api [-] ERROR log from boto module is hide.
2020-04-13 04:01:54.980 19052 RALLYDEBUG rally.api [-] INFO logs from urllib3 and requests module are hide.
2020-04-13 04:01:54.980 19052 RALLYDEBUG rally.api [-] urllib3 insecure warnings are hidden.
2020-04-13 04:01:54.981 19052 RALLYDEBUG rally.api [-] ERROR log from boto module is hide.
2020-04-13 04:01:56.361 19053 RALLYDEBUG rally.api [-] INFO logs from urllib3 and requests module are hide.
2020-04-13 04:01:56.361 19053 RALLYDEBUG rally.api [-] urllib3 insecure warnings are hidden.
2020-04-13 04:01:56.361 19053 RALLYDEBUG rally.api [-] ERROR log from boto module is hide.
2020-04-13 04:01:58.090 19053 INFO rally.api [-] Building 'json' report for the following task(s): 'f1346d58-d8cf-4dd4-b082-a7cb00e47141'.
2020-04-13 04:01:58.097 19053 INFO rally.api [-] The report has been successfully built.
2020-04-13 04:01:59.652 19055 RALLYDEBUG rally.api [-] INFO logs from urllib3 and requests module are hide.
2020-04-13 04:01:59.652 19055 RALLYDEBUG rally.api [-] urllib3 insecure warnings are hidden.
2020-04-13 04:01:59.653 19055 RALLYDEBUG rally.api [-] ERROR log from boto module is hide.
2020-04-13 04:02:01.506 19055 INFO rally.task.engine [-] Task 4b46308b-4863-48ef-ada0-5051eea8fbba | Starting: Task validation.
2020-04-13 04:02:01.519 19055 INFO rally.task.engine [-] Task 4b46308b-4863-48ef-ada0-5051eea8fbba | Starting: Task validation of syntax.
2020-04-13 04:02:01.597 19055 INFO rally.task.engine [-] Task 4b46308b-4863-48ef-ada0-5051eea8fbba | Completed: Task validation of syntax.
2020-04-13 04:02:01.597 19055 INFO rally.task.engine [-] Task 4b46308b-4863-48ef-ada0-5051eea8fbba | Starting: Task validation of required platforms.
2020-04-13 04:02:01.640 19055 INFO rally.task.engine [-] Task 4b46308b-4863-48ef-ada0-5051eea8fbba | Completed: Task validation of required platforms.
2020-04-13 04:02:01.641 19055 INFO rally.task.engine [-] Task 4b46308b-4863-48ef-ada0-5051eea8fbba | Starting: Task validation of semantic.
2020-04-13 04:02:01.641 19055 INFO rally.task.engine [-] Check health of the environment '7668f194-046b-4114-9f2e-351476141398'.
2020-04-13 04:02:02.188 19055 INFO rally.task.engine [-] Platform existing@openstack (available: True): OK!
2020-04-13 04:02:02.199 19055 RALLYDEBUG rally_openstack.contexts.keystone.users [-] Creating 1 tenants using 1 threads
2020-04-13 04:02:02.575 19055 RALLYDEBUG rally_openstack.contexts.keystone.users [-] Creating 1 users using 1 threads
2020-04-13 04:02:03.174 19055 INFO rally.task.context [-] Task 4b46308b-4863-48ef-ada0-5051eea8fbba | Context users@openstack setup() finished in 0.97 sec
2020-04-13 04:02:03.492 19055 INFO rally.task.context [-] Task 4b46308b-4863-48ef-ada0-5051eea8fbba | Context users@openstack cleanup() started
2020-04-13 04:02:03.666 19055 WARNING rally.common.logging [-] `iterate_per_tenants()' is deprecated in v3.0.0: it is openstack specific.. Used at
2020-04-13 04:02:05.258 19055 INFO rally.task.context [-] Task 4b46308b-4863-48ef-ada0-5051eea8fbba | Context users@openstack cleanup() finished in 1.77 sec
2020-04-13 04:02:05.259 19055 INFO rally.task.engine [-] Task 4b46308b-4863-48ef-ada0-5051eea8fbba | Completed: Task validation of semantic.
2020-04-13 04:02:05.259 19055 INFO rally.task.engine [-] Task 4b46308b-4863-48ef-ada0-5051eea8fbba | Completed: Task validation.
2020-04-13 04:02:05.260 19055 INFO rally.api [-] Task 4b46308b-4863-48ef-ada0-5051eea8fbba input file is valid.
2020-04-13 04:02:05.260 19055 INFO rally.api [-] Run Task 4b46308b-4863-48ef-ada0-5051eea8fbba against Deployment 7668f194-046b-4114-9f2e-351476141398
2020-04-13 04:02:05.260 19055 INFO rally.task.engine [-] Task 4b46308b-4863-48ef-ada0-5051eea8fbba | Starting: Running task.
2020-04-13 04:02:05.320 19055 INFO rally.task.engine [-] Running workload: position = 0 config = { "version": 2, "title": "A cropped version of a bigger task.", "description": "Auto-generated task from a single workload (uuid=f7892fe8-7044-411d-8668-e0ea7e80fda2)", "subtasks": [ { "title": "SwiftObjects.create_container_and_object_then_list_objects", "description": "Create container and objects then list all objects.", "scenario": { "SwiftObjects.create_container_and_object_then_list_objects": { "objects_per_container": 2, "object_size": 5120 } }, "contexts": { "users": { "tenants": 3, "users_per_tenant": 2 }, "roles": [ "admin" ] }, "runner": { "constant": { "concurrency": 1, "times": 10 } }, "hooks": [], "sla": { "failure_rate": { "max": 0 } } } ] }
2020-04-13 04:02:05.340 19055 RALLYDEBUG rally_openstack.contexts.keystone.users [-] Creating 3 tenants using 3 threads
2020-04-13 04:02:05.794 19055 RALLYDEBUG rally_openstack.contexts.keystone.users [-] Creating 6 users using 6 threads
2020-04-13 04:02:06.813 19055 INFO rally.task.context [-] Task 4b46308b-4863-48ef-ada0-5051eea8fbba | Context users@openstack setup() finished in 1.47 sec
2020-04-13 04:02:07.064 19055 RALLYDEBUG rally_openstack.contexts.keystone.roles [-] Adding role admin having ID 82f327c894b449b6a249ee8f67332512 to all users using 30 threads
2020-04-13 04:02:08.712 19055 INFO rally.task.context [-] Task 4b46308b-4863-48ef-ada0-5051eea8fbba | Context roles@openstack setup() finished in 1.90 sec
2020-04-13 04:02:08.713 19055 INFO rally.task.context [-] Task 4b46308b-4863-48ef-ada0-5051eea8fbba | Context cleanup@openstack setup() finished in 0.01 msec
2020-04-13 04:02:08.722 19055 RALLYDEBUG rally.task.runner [-] Starting the constant runner (task UUID: 4b46308b-4863-48ef-ada0-5051eea8fbba). times: 10 concurrency: 1 timeout: 0 max_cpu_used: 88 processes_to_start: 1 concurrency_per_worker: 1 concurrency_overhead: 0
2020-04-13 04:02:08.735 19140 RALLYDEBUG rally.task.runner [-] Starting a worker. times: 10 duration: None concurrency: 1 timeout: 0 cls: method_name: run args: {"objects_per_container": 2, "object_size": 5120}
2020-04-13 04:02:08.744 19140 INFO rally.task.runner [-] Task 4b46308b-4863-48ef-ada0-5051eea8fbba | ITER: 1 START
2020-04-13 04:02:09.097 19140 DEBUG swiftclient [-] REQ: curl -i http://172.30.12.83:8080/swift/v1/AUTH_40ce93e99c8a4ef19c109237b9dc1ee0/s_rally_f7892fe8_yud81bu0 -X PUT -H "X-Auth-Token: gAAAAABek-RAX6b4..." -H "Content-Length: 0" http_log /usr/lib/python3.7/site-packages/swiftclient/client.py:182
2020-04-13 04:02:09.098 19140 DEBUG swiftclient [-] RESP STATUS: 201 Created http_log /usr/lib/python3.7/site-packages/swiftclient/client.py:183
2020-04-13 04:02:09.099 19140 DEBUG swiftclient [-] RESP HEADERS: {'Content-Length': '0', 'X-Trans-Id': 'tx000000000000000004835-005e93e440-3742-default', 'X-Openstack-Request-Id': 'tx000000000000000004835-005e93e440-3742-default', 'Accept-Ranges': 'bytes', 'Content-Type': 'text/plain; charset=utf-8', 'Date': 'Mon, 13 Apr 2020 04:02:09 GMT'} http_log /usr/lib/python3.7/site-packages/swiftclient/client.py:184
2020-04-13 04:02:09.112 19140 DEBUG swiftclient [-] REQ: curl -i http://172.30.12.83:8080/swift/v1/AUTH_40ce93e99c8a4ef19c109237b9dc1ee0/s_rally_f7892fe8_yud81bu0/s_rally_f7892fe8_p8Nm9vgx -X PUT -H "X-Auth-Token: gAAAAABek-RAX6b4..." http_log /usr/lib/python3.7/site-packages/swiftclient/client.py:182
2020-04-13 04:02:09.112 19140 DEBUG swiftclient [-] RESP STATUS: 201 Created http_log /usr/lib/python3.7/site-packages/swiftclient/client.py:183
2020-04-13 04:02:09.113 19140 DEBUG swiftclient [-] RESP HEADERS: {'etag': '32ca18808933aa12e979375d07048a11', 'Last-Modified': 'Mon, 13 Apr 2020 04:02:09 GMT', 'X-Trans-Id': 'tx000000000000000004836-005e93e441-3742-default', 'X-Openstack-Request-Id': 'tx000000000000000004836-005e93e441-3742-default', 'Content-Type': 'text/plain; charset=utf-8', 'Content-Length': '0', 'Date': 'Mon, 13 Apr 2020 04:02:09 GMT'} http_log /usr/lib/python3.7/site-packages/swiftclient/client.py:184
2020-04-13 04:02:09.124 19140 DEBUG swiftclient [-] REQ: curl -i http://172.30.12.83:8080/swift/v1/AUTH_40ce93e99c8a4ef19c109237b9dc1ee0/s_rally_f7892fe8_yud81bu0/s_rally_f7892fe8_0qRUSk91 -X PUT -H "X-Auth-Token: gAAAAABek-RAX6b4..." http_log /usr/lib/python3.7/site-packages/swiftclient/client.py:182
2020-04-13 04:02:09.124 19140 DEBUG swiftclient [-] RESP STATUS: 201 Created http_log /usr/lib/python3.7/site-packages/swiftclient/client.py:183
2020-04-13 04:02:09.125 19140 DEBUG swiftclient [-] RESP HEADERS: {'etag': '32ca18808933aa12e979375d07048a11', 'Last-Modified': 'Mon, 13 Apr 2020 04:02:09 GMT', 'X-Trans-Id': 'tx000000000000000004837-005e93e441-3742-default', 'X-Openstack-Request-Id': 'tx000000000000000004837-005e93e441-3742-default', 'Content-Type': 'text/plain; charset=utf-8', 'Content-Length': '0', 'Date': 'Mon, 13 Apr 2020 04:02:09 GMT'} http_log /usr/lib/python3.7/site-packages/swiftclient/client.py:184
2020-04-13 04:02:09.172 19140 DEBUG swiftclient [-] REQ: curl -i http://172.30.12.83:8080/swift/v1/AUTH_40ce93e99c8a4ef19c109237b9dc1ee0/s_rally_f7892fe8_yud81bu0?format=json -X GET -H "X-Auth-Token: gAAAAABek-RAX6b4..." -H "Accept-Encoding: gzip" http_log /usr/lib/python3.7/site-packages/swiftclient/client.py:182
2020-04-13 04:02:09.172 19140 DEBUG swiftclient [-] RESP STATUS: 200 OK http_log /usr/lib/python3.7/site-packages/swiftclient/client.py:183
2020-04-13 04:02:09.173 19140 DEBUG swiftclient [-] RESP HEADERS: {'Content-Length': '271', 'X-Timestamp': '1586750529.08910', 'X-Container-Object-Count': '2', 'X-Container-Bytes-Used': '10240', 'X-Container-Bytes-Used-Actual': '16384', 'X-Storage-Policy': 'default-placement', 'X-Storage-Class': 'STANDARD', 'Last-Modified': 'Mon, 13 Apr 2020 04:02:09 GMT', 'X-Trans-Id': 'tx000000000000000004838-005e93e441-3742-default', 'X-Openstack-Request-Id': 'tx000000000000000004838-005e93e441-3742-default', 'Accept-Ranges': 'bytes', 'Content-Type': 'application/json; charset=utf-8', 'Date': 'Mon, 13 Apr 2020 04:02:09 GMT'} http_log /usr/lib/python3.7/site-packages/swiftclient/client.py:184
2020-04-13 04:02:09.173 19140 DEBUG swiftclient [-] RESP BODY: b'[{"name":"s_rally_f7892fe8_0qRUSk91","hash":"32ca18808933aa12e979375d07048a11","bytes":5120,"last_modified":"2020-04-13T04:02:09.118Z"},{"name":"s_rally_f7892fe8_p8Nm9vgx","hash":"32ca18808933aa12e979375d07048a11","bytes":5120,"last_modified":"2020-04-13T04:02:09.106Z"}]' http_log /usr/lib/python3.7/site-packages/swiftclient/client.py:188
2020-04-13 04:02:09.224 19140 DEBUG swiftclient [-] REQ: curl -i http://172.30.12.83:8080/swift/v1/AUTH_40ce93e99c8a4ef19c109237b9dc1ee0/s_rally_f7892fe8_yud81bu0?format=json&marker=s_rally_f7892fe8_p8Nm9vgx -X GET -H "X-Auth-Token: gAAAAABek-RAX6b4..." -H "Accept-Encoding: gzip" http_log /usr/lib/python3.7/site-packages/swiftclient/client.py:182
2020-04-13 04:02:09.224 19140 DEBUG swiftclient [-] RESP STATUS: 200 OK http_log /usr/lib/python3.7/site-packages/swiftclient/client.py:183
2020-04-13 04:02:09.225 19140 DEBUG swiftclient [-] RESP HEADERS: {'Content-Length': '2', 'X-Timestamp': '1586750529.08910', 'X-Container-Object-Count': '2', 'X-Container-Bytes-Used': '10240', 'X-Container-Bytes-Used-Actual': '16384', 'X-Storage-Policy': 'default-placement', 'X-Storage-Class': 'STANDARD', 'Last-Modified': 'Mon, 13 Apr 2020 04:02:09 GMT', 'X-Trans-Id': 'tx000000000000000004839-005e93e441-3742-default', 'X-Openstack-Request-Id': 'tx000000000000000004839-005e93e441-3742-default', 'Accept-Ranges': 'bytes', 'Content-Type': 'application/json; charset=utf-8', 'Date': 'Mon, 13 Apr 2020 04:02:09 GMT'} http_log /usr/lib/python3.7/site-packages/swiftclient/client.py:184
2020-04-13 04:02:09.225 19140 DEBUG swiftclient [-] RESP BODY: b'[]' http_log /usr/lib/python3.7/site-packages/swiftclient/client.py:188
2020-04-13 04:02:09.226 19140 INFO rally.task.runner [-] Task 4b46308b-4863-48ef-ada0-5051eea8fbba | ITER: 1 END: OK
2020-04-13 04:02:09.231 19140 INFO rally.task.runner [-] Task 4b46308b-4863-48ef-ada0-5051eea8fbba | ITER: 2 START
2020-04-13 04:02:09.496 19140 DEBUG swiftclient [-] REQ: curl -i http://172.30.12.83:8080/swift/v1/AUTH_ac07b599016143388546b6303cb3336b/s_rally_f7892fe8_JqGV9och -X PUT -H "X-Auth-Token: gAAAAABek-RByjc3..." -H "Content-Length: 0" http_log /usr/lib/python3.7/site-packages/swiftclient/client.py:182
2020-04-13 04:02:09.496 19140 DEBUG swiftclient [-] RESP STATUS: 201 Created http_log /usr/lib/python3.7/site-packages/swiftclient/client.py:183
2020-04-13 04:02:09.497 19140 DEBUG swiftclient [-] RESP HEADERS: {'Content-Length': '0', 'X-Trans-Id': 'tx00000000000000000483a-005e93e441-3742-default', 'X-Openstack-Request-Id': 'tx00000000000000000483a-005e93e441-3742-default', 'Accept-Ranges': 'bytes', 'Content-Type': 'text/plain; charset=utf-8', 'Date': 'Mon, 13 Apr 2020 04:02:09 GMT'} http_log /usr/lib/python3.7/site-packages/swiftclient/client.py:184
2020-04-13 04:02:09.511 19140 DEBUG swiftclient [-] REQ: curl -i http://172.30.12.83:8080/swift/v1/AUTH_ac07b599016143388546b6303cb3336b/s_rally_f7892fe8_JqGV9och/s_rally_f7892fe8_y7kcWPGQ -X PUT -H "X-Auth-Token: gAAAAABek-RByjc3..." http_log /usr/lib/python3.7/site-packages/swiftclient/client.py:182
2020-04-13 04:02:09.512 19140 DEBUG swiftclient [-] RESP STATUS: 201 Created http_log /usr/lib/python3.7/site-packages/swiftclient/client.py:183
2020-04-13 04:02:09.512 19140 DEBUG swiftclient [-] RESP HEADERS: {'etag': '32ca18808933aa12e979375d07048a11', 'Last-Modified': 'Mon, 13 Apr 2020 04:02:09 GMT', 'X-Trans-Id': 'tx00000000000000000483b-005e93e441-3742-default', 'X-Openstack-Request-Id': 'tx00000000000000000483b-005e93e441-3742-default', 'Content-Type': 'text/plain; charset=utf-8', 'Content-Length': '0', 'Date': 'Mon, 13 Apr 2020 04:02:09 GMT'} http_log /usr/lib/python3.7/site-packages/swiftclient/client.py:184
2020-04-13 04:02:09.522 19140 DEBUG swiftclient [-] REQ: curl -i http://172.30.12.83:8080/swift/v1/AUTH_ac07b599016143388546b6303cb3336b/s_rally_f7892fe8_JqGV9och/s_rally_f7892fe8_1ZHkQ2gt -X PUT -H "X-Auth-Token: gAAAAABek-RByjc3..." http_log /usr/lib/python3.7/site-packages/swiftclient/client.py:182
2020-04-13 04:02:09.523 19140 DEBUG swiftclient [-] RESP STATUS: 201 Created http_log /usr/lib/python3.7/site-packages/swiftclient/client.py:183
2020-04-13 04:02:09.523 19140 DEBUG swiftclient [-] RESP HEADERS: {'etag': '32ca18808933aa12e979375d07048a11', 'Last-Modified': 'Mon, 13 Apr 2020 04:02:09 GMT', 'X-Trans-Id': 'tx00000000000000000483c-005e93e441-3742-default', 'X-Openstack-Request-Id': 'tx00000000000000000483c-005e93e441-3742-default', 'Content-Type': 'text/plain; charset=utf-8', 'Content-Length': '0', 'Date': 'Mon, 13 Apr 2020 04:02:09 GMT'} http_log /usr/lib/python3.7/site-packages/swiftclient/client.py:184
2020-04-13 04:02:09.572 19140 DEBUG swiftclient [-] REQ: curl -i http://172.30.12.83:8080/swift/v1/AUTH_ac07b599016143388546b6303cb3336b/s_rally_f7892fe8_JqGV9och?format=json -X GET -H "X-Auth-Token: gAAAAABek-RByjc3..." -H "Accept-Encoding: gzip" http_log /usr/lib/python3.7/site-packages/swiftclient/client.py:182
2020-04-13 04:02:09.572 19140 DEBUG swiftclient [-] RESP STATUS: 200 OK http_log /usr/lib/python3.7/site-packages/swiftclient/client.py:183
2020-04-13 04:02:09.573 19140 DEBUG swiftclient [-] RESP HEADERS: {'Content-Length': '271', 'X-Timestamp': '1586750529.48775', 'X-Container-Object-Count': '2', 'X-Container-Bytes-Used': '10240', 'X-Container-Bytes-Used-Actual': '16384', 'X-Storage-Policy': 'default-placement', 'X-Storage-Class': 'STANDARD', 'Last-Modified': 'Mon, 13 Apr 2020 04:02:09 GMT', 'X-Trans-Id': 'tx00000000000000000483d-005e93e441-3742-default', 'X-Openstack-Request-Id': 'tx00000000000000000483d-005e93e441-3742-default', 'Accept-Ranges': 'bytes', 'Content-Type': 'application/json; charset=utf-8', 'Date': 'Mon, 13 Apr 2020 04:02:09 GMT'} http_log /usr/lib/python3.7/site-packages/swiftclient/client.py:184
2020-04-13 04:02:09.573 19140 DEBUG swiftclient [-] RESP BODY: b'[{"name":"s_rally_f7892fe8_1ZHkQ2gt","hash":"32ca18808933aa12e979375d07048a11","bytes":5120,"last_modified":"2020-04-13T04:02:09.517Z"},{"name":"s_rally_f7892fe8_y7kcWPGQ","hash":"32ca18808933aa12e979375d07048a11","bytes":5120,"last_modified":"2020-04-13T04:02:09.505Z"}]' http_log /usr/lib/python3.7/site-packages/swiftclient/client.py:188
2020-04-13 04:02:09.624 19140 DEBUG swiftclient [-] REQ: curl -i http://172.30.12.83:8080/swift/v1/AUTH_ac07b599016143388546b6303cb3336b/s_rally_f7892fe8_JqGV9och?format=json&marker=s_rally_f7892fe8_y7kcWPGQ -X GET -H "X-Auth-Token: gAAAAABek-RByjc3..." -H "Accept-Encoding: gzip" http_log /usr/lib/python3.7/site-packages/swiftclient/client.py:182
2020-04-13 04:02:09.624 19140 DEBUG swiftclient [-] RESP STATUS: 200 OK http_log /usr/lib/python3.7/site-packages/swiftclient/client.py:183
2020-04-13 04:02:09.625 19140 DEBUG swiftclient [-] RESP HEADERS: {'Content-Length': '2', 'X-Timestamp': '1586750529.48775', 'X-Container-Object-Count': '2', 'X-Container-Bytes-Used': '10240', 'X-Container-Bytes-Used-Actual': '16384', 'X-Storage-Policy': 'default-placement', 'X-Storage-Class': 'STANDARD', 'Last-Modified': 'Mon, 13 Apr 2020 04:02:09 GMT', 'X-Trans-Id': 'tx00000000000000000483e-005e93e441-3742-default', 'X-Openstack-Request-Id': 'tx00000000000000000483e-005e93e441-3742-default', 'Accept-Ranges': 'bytes', 'Content-Type': 'application/json; charset=utf-8', 'Date': 'Mon, 13 Apr 2020 04:02:09 GMT'} http_log /usr/lib/python3.7/site-packages/swiftclient/client.py:184
2020-04-13 04:02:09.625 19140 DEBUG swiftclient [-] RESP BODY: b'[]' http_log /usr/lib/python3.7/site-packages/swiftclient/client.py:188
2020-04-13 04:02:09.626 19140 INFO rally.task.runner [-] Task 4b46308b-4863-48ef-ada0-5051eea8fbba | ITER: 2 END: OK
2020-04-13 04:02:09.631 19140 INFO rally.task.runner [-] Task 4b46308b-4863-48ef-ada0-5051eea8fbba | ITER: 3 START
2020-04-13 04:02:09.820 19140 DEBUG swiftclient [-] REQ: curl -i http://172.30.12.83:8080/swift/v1/AUTH_40ce93e99c8a4ef19c109237b9dc1ee0/s_rally_f7892fe8_jqa6HJ5t -X PUT -H "X-Auth-Token: gAAAAABek-RBvpKX..." -H "Content-Length: 0" http_log /usr/lib/python3.7/site-packages/swiftclient/client.py:182
2020-04-13 04:02:09.820 19140 DEBUG swiftclient [-] RESP STATUS: 201 Created http_log /usr/lib/python3.7/site-packages/swiftclient/client.py:183
2020-04-13 04:02:09.821 19140 DEBUG swiftclient [-] RESP HEADERS: {'Content-Length': '0', 'X-Trans-Id': 'tx00000000000000000483f-005e93e441-3742-default', 'X-Openstack-Request-Id': 'tx00000000000000000483f-005e93e441-3742-default', 'Accept-Ranges': 'bytes', 'Content-Type': 'text/plain; charset=utf-8', 'Date': 'Mon, 13 Apr 2020 04:02:09 GMT'} http_log /usr/lib/python3.7/site-packages/swiftclient/client.py:184
2020-04-13 04:02:09.836 19140 DEBUG swiftclient [-] REQ: curl -i http://172.30.12.83:8080/swift/v1/AUTH_40ce93e99c8a4ef19c109237b9dc1ee0/s_rally_f7892fe8_jqa6HJ5t/s_rally_f7892fe8_NtKSLF1F -X PUT -H "X-Auth-Token: gAAAAABek-RBvpKX..." http_log /usr/lib/python3.7/site-packages/swiftclient/client.py:182
2020-04-13 04:02:09.837 19140 DEBUG swiftclient [-] RESP STATUS: 201 Created http_log /usr/lib/python3.7/site-packages/swiftclient/client.py:183
2020-04-13 04:02:09.837 19140 DEBUG swiftclient [-] RESP HEADERS: {'etag': '32ca18808933aa12e979375d07048a11', 'Last-Modified': 'Mon, 13 Apr 2020 04:02:09 GMT', 'X-Trans-Id': 'tx000000000000000004840-005e93e441-3742-default', 'X-Openstack-Request-Id': 'tx000000000000000004840-005e93e441-3742-default', 'Content-Type': 'text/plain; charset=utf-8', 'Content-Length': '0', 'Date': 'Mon, 13 Apr 2020 04:02:09 GMT'} http_log /usr/lib/python3.7/site-packages/swiftclient/client.py:184
2020-04-13 04:02:09.848 19140 DEBUG swiftclient [-] REQ: curl -i http://172.30.12.83:8080/swift/v1/AUTH_40ce93e99c8a4ef19c109237b9dc1ee0/s_rally_f7892fe8_jqa6HJ5t/s_rally_f7892fe8_YdKqoaHm -X PUT -H "X-Auth-Token: gAAAAABek-RBvpKX..." http_log /usr/lib/python3.7/site-packages/swiftclient/client.py:182
2020-04-13 04:02:09.848 19140 DEBUG swiftclient [-] RESP STATUS: 201 Created http_log /usr/lib/python3.7/site-packages/swiftclient/client.py:183
2020-04-13 04:02:09.848 19140 DEBUG swiftclient [-] RESP HEADERS: {'etag': '32ca18808933aa12e979375d07048a11', 'Last-Modified': 'Mon, 13 Apr 2020 04:02:09 GMT', 'X-Trans-Id': 'tx000000000000000004841-005e93e441-3742-default', 'X-Openstack-Request-Id': 'tx000000000000000004841-005e93e441-3742-default', 'Content-Type': 'text/plain; charset=utf-8', 'Content-Length': '0', 'Date': 'Mon, 13 Apr 2020 04:02:09 GMT'} http_log /usr/lib/python3.7/site-packages/swiftclient/client.py:184
2020-04-13 04:02:09.900 19140 DEBUG swiftclient [-] REQ: curl -i http://172.30.12.83:8080/swift/v1/AUTH_40ce93e99c8a4ef19c109237b9dc1ee0/s_rally_f7892fe8_jqa6HJ5t?format=json -X GET -H "X-Auth-Token: gAAAAABek-RBvpKX..." -H "Accept-Encoding: gzip" http_log /usr/lib/python3.7/site-packages/swiftclient/client.py:182
2020-04-13 04:02:09.900 19140 DEBUG swiftclient [-] RESP STATUS: 200 OK http_log /usr/lib/python3.7/site-packages/swiftclient/client.py:183
2020-04-13 04:02:09.901 19140 DEBUG swiftclient [-] RESP HEADERS: {'Content-Length': '271', 'X-Timestamp': '1586750529.81161', 'X-Container-Object-Count': '2', 'X-Container-Bytes-Used': '10240', 'X-Container-Bytes-Used-Actual': '16384', 'X-Storage-Policy': 'default-placement', 'X-Storage-Class': 'STANDARD', 'Last-Modified': 'Mon, 13 Apr 2020 04:02:09 GMT', 'X-Trans-Id': 'tx000000000000000004842-005e93e441-3742-default', 'X-Openstack-Request-Id': 'tx000000000000000004842-005e93e441-3742-default', 'Accept-Ranges': 'bytes', 'Content-Type': 'application/json; charset=utf-8', 'Date': 'Mon, 13 Apr 2020 04:02:09 GMT'} http_log /usr/lib/python3.7/site-packages/swiftclient/client.py:184
2020-04-13 04:02:09.901 19140 DEBUG swiftclient [-] RESP BODY: b'[{"name":"s_rally_f7892fe8_NtKSLF1F","hash":"32ca18808933aa12e979375d07048a11","bytes":5120,"last_modified":"2020-04-13T04:02:09.830Z"},{"name":"s_rally_f7892fe8_YdKqoaHm","hash":"32ca18808933aa12e979375d07048a11","bytes":5120,"last_modified":"2020-04-13T04:02:09.842Z"}]' http_log /usr/lib/python3.7/site-packages/swiftclient/client.py:188
2020-04-13 04:02:09.952 19140 DEBUG swiftclient [-] REQ: curl -i http://172.30.12.83:8080/swift/v1/AUTH_40ce93e99c8a4ef19c109237b9dc1ee0/s_rally_f7892fe8_jqa6HJ5t?format=json&marker=s_rally_f7892fe8_YdKqoaHm -X GET -H "X-Auth-Token: gAAAAABek-RBvpKX..." -H "Accept-Encoding: gzip" http_log /usr/lib/python3.7/site-packages/swiftclient/client.py:182
2020-04-13 04:02:09.952 19140 DEBUG swiftclient [-] RESP STATUS: 200 OK http_log /usr/lib/python3.7/site-packages/swiftclient/client.py:183
