2020-04-13 03:16:59.130 14544 RALLYDEBUG rally.task.runner [-] Starting a worker. times: 10 duration: None concurrency: 1 timeout: 0 cls: method_name: run args: {}
2020-04-13 03:16:59.132 14545 RALLYDEBUG rally.task.runner [-] Starting a worker. times: 10 duration: None concurrency: 1 timeout: 0 cls: method_name: run args: {}
2020-04-13 03:16:59.135 14546 RALLYDEBUG rally.task.runner [-] Starting a worker. times: 10 duration: None concurrency: 1 timeout: 0 cls: method_name: run args: {}
2020-04-13 03:16:59.138 14547 RALLYDEBUG rally.task.runner [-] Starting a worker. times: 10 duration: None concurrency: 1 timeout: 0 cls: method_name: run args: {}
2020-04-13 03:16:59.140 14544 INFO rally.task.runner [-] Task 54ca9db5-9f0d-4f62-872e-be11d4cd768c | ITER: 1 START
2020-04-13 03:16:59.141 14545 INFO rally.task.runner [-] Task 54ca9db5-9f0d-4f62-872e-be11d4cd768c | ITER: 2 START
2020-04-13 03:16:59.144 14546 INFO rally.task.runner [-] Task 54ca9db5-9f0d-4f62-872e-be11d4cd768c | ITER: 3 START
2020-04-13 03:16:59.147 14547 INFO rally.task.runner [-] Task 54ca9db5-9f0d-4f62-872e-be11d4cd768c | ITER: 4 START
2020-04-13 03:16:59.586 14547 INFO rally.task.runner [-] Task 54ca9db5-9f0d-4f62-872e-be11d4cd768c | ITER: 4 END: OK
2020-04-13 03:16:59.591 14547 INFO rally.task.runner [-] Task 54ca9db5-9f0d-4f62-872e-be11d4cd768c | ITER: 5 START
2020-04-13 03:16:59.652 14546 INFO rally.task.runner [-] Task 54ca9db5-9f0d-4f62-872e-be11d4cd768c | ITER: 3 END: OK
2020-04-13 03:16:59.658 14546 INFO rally.task.runner [-] Task 54ca9db5-9f0d-4f62-872e-be11d4cd768c | ITER: 6 START
2020-04-13 03:16:59.712 14545 INFO rally.task.runner [-] Task 54ca9db5-9f0d-4f62-872e-be11d4cd768c | ITER: 2 END: OK
2020-04-13 03:16:59.718 14545 INFO rally.task.runner [-] Task 54ca9db5-9f0d-4f62-872e-be11d4cd768c | ITER: 7 START
2020-04-13 03:16:59.720 14544 INFO rally.task.runner [-] Task 54ca9db5-9f0d-4f62-872e-be11d4cd768c | ITER: 1 END: OK
2020-04-13 03:16:59.725 14544 INFO rally.task.runner [-] Task 54ca9db5-9f0d-4f62-872e-be11d4cd768c | ITER: 8 START
2020-04-13 03:17:00.039 14546 INFO rally.task.runner [-] Task 54ca9db5-9f0d-4f62-872e-be11d4cd768c | ITER: 6 END: OK
2020-04-13 03:17:00.044 14546 INFO rally.task.runner [-] Task 54ca9db5-9f0d-4f62-872e-be11d4cd768c | ITER: 9 START
2020-04-13 03:17:00.059 14544 INFO rally.task.runner [-] Task 54ca9db5-9f0d-4f62-872e-be11d4cd768c | ITER: 8 END: OK
2020-04-13 03:17:00.063 14544 INFO rally.task.runner [-] Task 54ca9db5-9f0d-4f62-872e-be11d4cd768c | ITER: 10 START
2020-04-13 03:17:00.105 14547 INFO rally.task.runner [-] Task 54ca9db5-9f0d-4f62-872e-be11d4cd768c | ITER: 5 END: OK
2020-04-13 03:17:00.268 14545 INFO rally.task.runner [-] Task 54ca9db5-9f0d-4f62-872e-be11d4cd768c | ITER: 7 END: OK
2020-04-13 03:17:00.359 14546 INFO rally.task.runner [-] Task 54ca9db5-9f0d-4f62-872e-be11d4cd768c | ITER: 9 END: OK
2020-04-13 03:17:00.386 14544 INFO rally.task.runner [-] Task 54ca9db5-9f0d-4f62-872e-be11d4cd768c | ITER: 10 END: OK
2020-04-13 03:17:00.413 14489 INFO rally.task.context [-] Task 54ca9db5-9f0d-4f62-872e-be11d4cd768c | Context cleanup@openstack cleanup() started
2020-04-13 03:17:00.418 14489 RALLYDEBUG rally_openstack.cleanup.manager [-] Cleaning up nova servers objects
2020-04-13 03:17:01.128 14489 RALLYDEBUG rally_openstack.cleanup.manager [-] Cleaning up nova server_groups objects
2020-04-13 03:17:01.564 14489 RALLYDEBUG rally_openstack.cleanup.manager [-] Cleaning up nova keypairs objects
2020-04-13 03:17:02.684 14489 INFO rally.task.context [-] Task 54ca9db5-9f0d-4f62-872e-be11d4cd768c | Context cleanup@openstack cleanup() finished in 2.27 sec
2020-04-13 03:17:02.685 14489 INFO rally.task.context [-] Task 54ca9db5-9f0d-4f62-872e-be11d4cd768c | Context quotas@openstack cleanup() started
2020-04-13 03:17:02.757 14489 INFO rally.task.context [-] Task 54ca9db5-9f0d-4f62-872e-be11d4cd768c | Context quotas@openstack cleanup() finished in 72.29 msec
2020-04-13 03:17:02.757 14489 INFO rally.task.context [-] Task 54ca9db5-9f0d-4f62-872e-be11d4cd768c | Context users@openstack cleanup() started
2020-04-13 03:17:02.951 14489 WARNING rally.common.logging [-] `iterate_per_tenants()' is deprecated in v3.0.0: it is openstack specific.. Used at
2020-04-13 03:17:05.677 14489 INFO rally.task.context [-] Task 54ca9db5-9f0d-4f62-872e-be11d4cd768c | Context users@openstack cleanup() finished in 2.92 sec
2020-04-13 03:17:06.784 14489 INFO rally.task.engine [-] Load duration is: 1.244899
2020-04-13 03:17:06.784 14489 INFO rally.task.engine [-] Full runner duration is: 1.299162
2020-04-13 03:17:06.785 14489 INFO rally.task.engine [-] Full duration is: 9.006922
2020-04-13 03:17:06.882 14489 INFO rally.task.engine [-] Running workload: position = 0 config = { "version": 2, "title": "A cropped version of a bigger task.", "description": "Auto-generated task from a single workload (uuid=0d3bb69c-1ed2-4d4a-abc7-f9afe3e6cadf)", "subtasks": [ { "title": "NovaKeypair.create_and_list_keypairs", "description": "Create a keypair with random name and list keypairs.", "scenario": { "NovaKeypair.create_and_list_keypairs": {} }, "contexts": { "users": { "tenants": 3, "users_per_tenant": 2 }, "quotas": { "nova": { "cores": -1, "floating_ips": -1, "instances": -1, "key_pairs": -1, "ram": -1, "security_group_rules": -1, "security_groups": -1 } } }, "runner": { "constant": { "concurrency": 4, "times": 10 } }, "hooks": [], "sla": { "failure_rate": { "max": 0 } } } ] }
2020-04-13 03:17:06.901 14489 RALLYDEBUG rally_openstack.contexts.keystone.users [-] Creating 3 tenants using 3 threads
2020-04-13 03:17:07.345 14489 RALLYDEBUG rally_openstack.contexts.keystone.users [-] Creating 6 users using 6 threads
2020-04-13 03:17:08.227 14489 INFO rally.task.context [-] Task 54ca9db5-9f0d-4f62-872e-be11d4cd768c | Context users@openstack setup() finished in 1.33 sec
2020-04-13 03:17:09.168 14489 INFO rally.task.context [-] Task 54ca9db5-9f0d-4f62-872e-be11d4cd768c | Context quotas@openstack setup() finished in 0.94 sec
2020-04-13 03:17:09.168 14489 INFO rally.task.context [-] Task 54ca9db5-9f0d-4f62-872e-be11d4cd768c | Context cleanup@openstack setup() finished in 0.01 msec
2020-04-13 03:17:09.180 14489 RALLYDEBUG rally.task.runner [-] Starting the constant runner (task UUID: 54ca9db5-9f0d-4f62-872e-be11d4cd768c). times: 10 concurrency: 4 timeout: 0 max_cpu_used: 88 processes_to_start: 4 concurrency_per_worker: 1 concurrency_overhead: 0
2020-04-13 03:17:09.192 14677 RALLYDEBUG rally.task.runner [-] Starting a worker. times: 10 duration: None concurrency: 1 timeout: 0 cls: method_name: run args: {}
2020-04-13 03:17:09.195 14678 RALLYDEBUG rally.task.runner [-] Starting a worker. times: 10 duration: None concurrency: 1 timeout: 0 cls: method_name: run args: {}
2020-04-13 03:17:09.198 14679 RALLYDEBUG rally.task.runner [-] Starting a worker. times: 10 duration: None concurrency: 1 timeout: 0 cls: method_name: run args: {}
2020-04-13 03:17:09.199 14677 INFO rally.task.runner [-] Task 54ca9db5-9f0d-4f62-872e-be11d4cd768c | ITER: 1 START
2020-04-13 03:17:09.199 14680 RALLYDEBUG rally.task.runner [-] Starting a worker. times: 10 duration: None concurrency: 1 timeout: 0 cls: method_name: run args: {}
2020-04-13 03:17:09.202 14678 INFO rally.task.runner [-] Task 54ca9db5-9f0d-4f62-872e-be11d4cd768c | ITER: 2 START
2020-04-13 03:17:09.204 14679 INFO rally.task.runner [-] Task 54ca9db5-9f0d-4f62-872e-be11d4cd768c | ITER: 3 START
2020-04-13 03:17:09.205 14680 INFO rally.task.runner [-] Task 54ca9db5-9f0d-4f62-872e-be11d4cd768c | ITER: 4 START
2020-04-13 03:17:09.575 14678 INFO rally.task.runner [-] Task 54ca9db5-9f0d-4f62-872e-be11d4cd768c | ITER: 2 END: OK
2020-04-13 03:17:09.580 14678 INFO rally.task.runner [-] Task 54ca9db5-9f0d-4f62-872e-be11d4cd768c | ITER: 5 START
2020-04-13 03:17:09.662 14677 INFO rally.task.runner [-] Task 54ca9db5-9f0d-4f62-872e-be11d4cd768c | ITER: 1 END: OK
2020-04-13 03:17:09.666 14677 INFO rally.task.runner [-] Task 54ca9db5-9f0d-4f62-872e-be11d4cd768c | ITER: 6 START
2020-04-13 03:17:09.716 14679 INFO rally.task.runner [-] Task 54ca9db5-9f0d-4f62-872e-be11d4cd768c | ITER: 3 END: OK
2020-04-13 03:17:09.721 14679 INFO rally.task.runner [-] Task 54ca9db5-9f0d-4f62-872e-be11d4cd768c | ITER: 7 START
2020-04-13 03:17:09.726 14680 INFO rally.task.runner [-] Task 54ca9db5-9f0d-4f62-872e-be11d4cd768c | ITER: 4 END: OK
2020-04-13 03:17:09.729 14680 INFO rally.task.runner [-] Task 54ca9db5-9f0d-4f62-872e-be11d4cd768c | ITER: 8 START
2020-04-13 03:17:09.957 14678 INFO rally.task.runner [-] Task 54ca9db5-9f0d-4f62-872e-be11d4cd768c | ITER: 5 END: OK
2020-04-13 03:17:09.961 14678 INFO rally.task.runner [-] Task 54ca9db5-9f0d-4f62-872e-be11d4cd768c | ITER: 9 START
2020-04-13 03:17:10.067 14677 INFO rally.task.runner [-] Task 54ca9db5-9f0d-4f62-872e-be11d4cd768c | ITER: 6 END: OK
2020-04-13 03:17:10.071 14677 INFO rally.task.runner [-] Task 54ca9db5-9f0d-4f62-872e-be11d4cd768c | ITER: 10 START
2020-04-13 03:17:10.116 14679 INFO rally.task.runner [-] Task 54ca9db5-9f0d-4f62-872e-be11d4cd768c | ITER: 7 END: OK
2020-04-13 03:17:10.262 14680 INFO rally.task.runner [-] Task 54ca9db5-9f0d-4f62-872e-be11d4cd768c | ITER: 8 END: OK
2020-04-13 03:17:10.281 14678 INFO rally.task.runner [-] Task 54ca9db5-9f0d-4f62-872e-be11d4cd768c | ITER: 9 END: OK
2020-04-13 03:17:10.406 14677 INFO rally.task.runner [-] Task 54ca9db5-9f0d-4f62-872e-be11d4cd768c | ITER: 10 END: OK
2020-04-13 03:17:10.436 14489 INFO rally.task.context [-] Task 54ca9db5-9f0d-4f62-872e-be11d4cd768c | Context cleanup@openstack cleanup() started
2020-04-13 03:17:10.441 14489 RALLYDEBUG rally_openstack.cleanup.manager [-] Cleaning up nova servers objects
2020-04-13 03:17:11.261 14489 RALLYDEBUG rally_openstack.cleanup.manager [-] Cleaning up nova server_groups objects
2020-04-13 03:17:11.725 14489 RALLYDEBUG rally_openstack.cleanup.manager [-] Cleaning up nova keypairs objects
2020-04-13 03:17:12.727 14489 RALLYDEBUG rally_openstack.cleanup.manager [-] Deleting nova.keypairs object s_rally_0d3bb69c_Yxdj1it7 (s_rally_0d3bb69c_Yxdj1it7)
2020-04-13 03:17:12.738 14489 RALLYDEBUG rally_openstack.cleanup.manager [-] Deleting nova.keypairs object s_rally_0d3bb69c_uXHlK5hc (s_rally_0d3bb69c_uXHlK5hc)
2020-04-13 03:17:12.716 14489 RALLYDEBUG rally_openstack.cleanup.manager [-] Deleting nova.keypairs object s_rally_0d3bb69c_s4GWGbZJ (s_rally_0d3bb69c_s4GWGbZJ)
2020-04-13 03:17:12.739 14489 RALLYDEBUG rally_openstack.cleanup.manager [-] Deleting nova.keypairs object s_rally_0d3bb69c_pMGJA5vG (s_rally_0d3bb69c_pMGJA5vG)
2020-04-13 03:17:12.739 14489 RALLYDEBUG rally_openstack.cleanup.manager [-] Deleting nova.keypairs object s_rally_0d3bb69c_K1lw8AOF (s_rally_0d3bb69c_K1lw8AOF)
2020-04-13 03:17:12.740 14489 RALLYDEBUG rally_openstack.cleanup.manager [-] Deleting nova.keypairs object s_rally_0d3bb69c_85r5vSRF (s_rally_0d3bb69c_85r5vSRF)
2020-04-13 03:17:12.740 14489 RALLYDEBUG rally_openstack.cleanup.manager [-] Deleting nova.keypairs object s_rally_0d3bb69c_bYN6Z7Zc (s_rally_0d3bb69c_bYN6Z7Zc)
2020-04-13 03:17:12.732 14489 RALLYDEBUG rally_openstack.cleanup.manager [-] Deleting nova.keypairs object s_rally_0d3bb69c_S4OXkmZQ (s_rally_0d3bb69c_S4OXkmZQ)
2020-04-13 03:17:12.710 14489 RALLYDEBUG rally_openstack.cleanup.manager [-] Deleting nova.keypairs object s_rally_0d3bb69c_Atu8O48G (s_rally_0d3bb69c_Atu8O48G)
2020-04-13 03:17:12.741 14489 RALLYDEBUG rally_openstack.cleanup.manager [-] Deleting nova.keypairs object s_rally_0d3bb69c_eLEnXhra (s_rally_0d3bb69c_eLEnXhra)
2020-04-13 03:17:14.122 14489 INFO rally.task.context [-] Task 54ca9db5-9f0d-4f62-872e-be11d4cd768c | Context cleanup@openstack cleanup() finished in 3.69 sec
2020-04-13 03:17:14.123 14489 INFO rally.task.context [-] Task 54ca9db5-9f0d-4f62-872e-be11d4cd768c | Context quotas@openstack cleanup() started
2020-04-13 03:17:14.203 14489 INFO rally.task.context [-] Task 54ca9db5-9f0d-4f62-872e-be11d4cd768c | Context quotas@openstack cleanup() finished in 80.04 msec
2020-04-13 03:17:14.203 14489 INFO rally.task.context [-] Task 54ca9db5-9f0d-4f62-872e-be11d4cd768c | Context users@openstack cleanup() started
2020-04-13 03:17:14.404 14489 WARNING rally.common.logging [-] `iterate_per_tenants()' is deprecated in v3.0.0: it is openstack specific.. Used at
2020-04-13 03:17:17.169 14489 INFO rally.task.context [-] Task 54ca9db5-9f0d-4f62-872e-be11d4cd768c | Context users@openstack cleanup() finished in 2.97 sec
2020-04-13 03:17:19.031 14489 INFO rally.task.engine [-] Load duration is: 1.205889
2020-04-13 03:17:19.032 14489 INFO rally.task.engine [-] Full runner duration is: 1.256778
2020-04-13 03:17:19.032 14489 INFO rally.task.engine [-] Full duration is: 10.269508
2020-04-13 03:17:19.134 14489 INFO rally.task.engine [-] Running workload: position = 0 config = { "version": 2, "title": "A cropped version of a bigger task.", "description": "Auto-generated task from a single workload (uuid=a50bc1c9-a067-4d91-8abf-7fed55dbd8d9)", "subtasks": [ { "title": "NovaServers.boot_and_bounce_server", "description": "Boot a server and run specified actions against it.", "scenario": { "NovaServers.boot_and_bounce_server": { "actions": [ { "hard_reboot": 1 }, { "soft_reboot": 1 }, { "stop_start": 1 }, { "rescue_unrescue": 1 } ], "flavor": { "name": "rally_full_cntt-flavor_044c9470-22d6-4136-99e6-972dd7ba6ded" }, "image": { "name": "rally_full_cntt-img_044c9470-22d6-4136-99e6-972dd7ba6ded" }, "nics": [ { "net-id": "d5c82f55-cd77-41d0-b8f0-9f2abb7d4008" } ] } }, "contexts": { "users": { "tenants": 3, "users_per_tenant": 2 }, "network": { "networks_per_tenant": 1, "start_cidr": "100.1.0.0/25" }, "quotas": { "neutron": { "network": -1, "port": -1, "subnet": -1 }, "nova": { "cores": -1, "floating_ips": -1, "instances": -1, "ram": -1, "security_group_rules": -1, "security_groups": -1 } } }, "runner": { "constant": { "concurrency": 4, "times": 10 } }, "hooks": [], "sla": { "failure_rate": { "max": 0 } } } ] }
2020-04-13 03:17:19.157 14489 RALLYDEBUG rally_openstack.contexts.keystone.users [-] Creating 3 tenants using 3 threads
2020-04-13 03:17:19.650 14489 RALLYDEBUG rally_openstack.contexts.keystone.users [-] Creating 6 users using 6 threads
2020-04-13 03:17:20.557 14489 INFO rally.task.context [-] Task 54ca9db5-9f0d-4f62-872e-be11d4cd768c | Context users@openstack setup() finished in 1.40 sec
2020-04-13 03:17:21.575 14489 INFO rally.task.context [-] Task 54ca9db5-9f0d-4f62-872e-be11d4cd768c | Context quotas@openstack setup() finished in 1.02 sec
2020-04-13 03:17:21.632 14489 WARNING rally.common.logging [-] `iterate_per_tenants()' is deprecated in v3.0.0: it is openstack specific.. Used at
2020-04-13 03:17:23.970 14489 RALLYDEBUG rally_openstack.wrappers.network [-] CIDR generated: 100.1.0.0/25
2020-04-13 03:17:29.306 14489 RALLYDEBUG rally_openstack.wrappers.network [-] CIDR generated: 100.1.0.128/25
2020-04-13 03:17:33.952 14489 RALLYDEBUG rally_openstack.wrappers.network [-] CIDR generated: 100.1.1.0/25
2020-04-13 03:17:36.481 14489 INFO rally.task.context [-] Task 54ca9db5-9f0d-4f62-872e-be11d4cd768c | Context network@openstack setup() finished in 14.91 sec
2020-04-13 03:17:36.481 14489 INFO rally.task.context [-] Task 54ca9db5-9f0d-4f62-872e-be11d4cd768c | Context cleanup@openstack setup() finished in 0.01 msec
2020-04-13 03:17:36.867 14489 RALLYDEBUG rally.task.runner [-] Starting the constant runner (task UUID: 54ca9db5-9f0d-4f62-872e-be11d4cd768c). times: 10 concurrency: 4 timeout: 0 max_cpu_used: 88 processes_to_start: 4 concurrency_per_worker: 1 concurrency_overhead: 0
2020-04-13 03:17:36.879 14810 RALLYDEBUG rally.task.runner [-] Starting a worker. times: 10 duration: None concurrency: 1 timeout: 0 cls: method_name: run args: {"actions": [{"hard_reboot": 1}, {"soft_reboot": 1}, {"stop_start": 1}, {"rescue_unrescue": 1}], "flavor": "9aa73c23-88f1-4dc3-bf55-62ae88433dc3", "image": "2a496ff0-46a2-42f3-b37f-80386448dd5b", "nics": [{"net-id": "d5c82f55-cd77-41d0-b8f0-9f2abb7d4008"}]}
2020-04-13 03:17:36.881 14811 RALLYDEBUG rally.task.runner [-] Starting a worker. times: 10 duration: None concurrency: 1 timeout: 0 cls: method_name: run args: {"actions": [{"hard_reboot": 1}, {"soft_reboot": 1}, {"stop_start": 1}, {"rescue_unrescue": 1}], "flavor": "9aa73c23-88f1-4dc3-bf55-62ae88433dc3", "image": "2a496ff0-46a2-42f3-b37f-80386448dd5b", "nics": [{"net-id": "d5c82f55-cd77-41d0-b8f0-9f2abb7d4008"}]}
2020-04-13 03:17:36.884 14812 RALLYDEBUG rally.task.runner [-] Starting a worker. times: 10 duration: None concurrency: 1 timeout: 0 cls: method_name: run args: {"actions": [{"hard_reboot": 1}, {"soft_reboot": 1}, {"stop_start": 1}, {"rescue_unrescue": 1}], "flavor": "9aa73c23-88f1-4dc3-bf55-62ae88433dc3", "image": "2a496ff0-46a2-42f3-b37f-80386448dd5b", "nics": [{"net-id": "d5c82f55-cd77-41d0-b8f0-9f2abb7d4008"}]}
2020-04-13 03:17:36.887 14810 INFO rally.task.runner [-] Task 54ca9db5-9f0d-4f62-872e-be11d4cd768c | ITER: 1 START
2020-04-13 03:17:36.887 14813 RALLYDEBUG rally.task.runner [-] Starting a worker. times: 10 duration: None concurrency: 1 timeout: 0 cls: method_name: run args: {"actions": [{"hard_reboot": 1}, {"soft_reboot": 1}, {"stop_start": 1}, {"rescue_unrescue": 1}], "flavor": "9aa73c23-88f1-4dc3-bf55-62ae88433dc3", "image": "2a496ff0-46a2-42f3-b37f-80386448dd5b", "nics": [{"net-id": "d5c82f55-cd77-41d0-b8f0-9f2abb7d4008"}]}
2020-04-13 03:17:36.889 14811 INFO rally.task.runner [-] Task 54ca9db5-9f0d-4f62-872e-be11d4cd768c | ITER: 2 START
2020-04-13 03:17:36.891 14812 INFO rally.task.runner [-] Task 54ca9db5-9f0d-4f62-872e-be11d4cd768c | ITER: 3 START
2020-04-13 03:17:36.894 14813 INFO rally.task.runner [-] Task 54ca9db5-9f0d-4f62-872e-be11d4cd768c | ITER: 4 START
2020-04-13 03:17:46.582 14810 RALLYDEBUG rally.task.utils [-] Waiting for resource s_rally_a50bc1c9_YQKTsuc9. Status changed: BUILD => ACTIVE in 7.446380853652954
2020-04-13 03:17:48.298 14812 RALLYDEBUG rally.task.utils [-] Waiting for resource s_rally_a50bc1c9_zsx6RuS5. Status changed: BUILD => ACTIVE in 9.11107873916626
2020-04-13 03:17:48.959 14810 RALLYDEBUG rally.task.utils [-] Waiting for resource s_rally_a50bc1c9_YQKTsuc9. Status changed: ACTIVE => HARD_REBOOT in 0.2375047206878662
2020-04-13 03:17:50.663 14812 RALLYDEBUG rally.task.utils [-] Waiting for resource s_rally_a50bc1c9_zsx6RuS5. Status changed: ACTIVE => HARD_REBOOT in 0.22320222854614258
2020-04-13 03:17:51.171 14813 RALLYDEBUG rally.task.utils [-] Waiting for resource s_rally_a50bc1c9_Hh3mVom1. Status changed: BUILD => ACTIVE in 11.517994165420532
2020-04-13 03:17:53.370 14812 RALLYDEBUG rally.task.utils [-] Waiting for resource s_rally_a50bc1c9_zsx6RuS5. Status changed: HARD_REBOOT => ACTIVE in 2.7065367698669434
2020-04-13 03:17:53.555 14813 RALLYDEBUG rally.task.utils [-] Waiting for resource s_rally_a50bc1c9_Hh3mVom1. Status changed: ACTIVE => HARD_REBOOT in 0.20880770683288574
2020-04-13 03:17:53.784 14811 RALLYDEBUG rally.task.utils [-] Waiting for resource s_rally_a50bc1c9_lyKmGFVq. Status changed: BUILD => ACTIVE in 14.187716245651245
2020-04-13 03:17:53.787 14810 RALLYDEBUG rally.task.utils [-] Waiting for resource s_rally_a50bc1c9_YQKTsuc9. Status changed: HARD_REBOOT => ACTIVE in 4.827165842056274
2020-04-13 03:17:55.735 14812 RALLYDEBUG rally.task.utils [-] Waiting for resource s_rally_a50bc1c9_zsx6RuS5. Status changed: ACTIVE => REBOOT in 0.25923967361450195
2020-04-13 03:17:55.760 14813 RALLYDEBUG rally.task.utils [-] Waiting for resource s_rally_a50bc1c9_Hh3mVom1. Status changed: HARD_REBOOT => ACTIVE in 2.204598903656006
2020-04-13 03:17:56.207 14810 RALLYDEBUG rally.task.utils [-] Waiting for resource s_rally_a50bc1c9_YQKTsuc9. Status changed: ACTIVE => REBOOT in 0.276867151260376
2020-04-13 03:17:56.211 14811 RALLYDEBUG rally.task.utils [-] Waiting for resource s_rally_a50bc1c9_lyKmGFVq. Status changed: ACTIVE => HARD_REBOOT in 0.275205135345459
2020-04-13 03:17:58.098 14813 RALLYDEBUG rally.task.utils [-] Waiting for resource s_rally_a50bc1c9_Hh3mVom1. Status changed: ACTIVE => REBOOT in 0.20886945724487305
2020-04-13 03:17:58.434 14811 RALLYDEBUG rally.task.utils [-] Waiting for resource s_rally_a50bc1c9_lyKmGFVq. Status changed: HARD_REBOOT => ACTIVE in 2.222611904144287
2020-04-13 03:18:00.826 14811 RALLYDEBUG rally.task.utils [-] Waiting for resource s_rally_a50bc1c9_lyKmGFVq. Status changed: ACTIVE => REBOOT in 0.23424148559570312
2020-04-13 03:20:00.210 14812 RALLYDEBUG rally.task.utils [-] Waiting for resource s_rally_a50bc1c9_zsx6RuS5. Status changed: REBOOT => ACTIVE in 124.47503805160522
2020-04-13 03:20:01.923 14810 RALLYDEBUG rally.task.utils [-] Waiting for resource s_rally_a50bc1c9_YQKTsuc9. Status changed: REBOOT => ACTIVE in 125.71519827842712
2020-04-13 03:20:02.230 14813 RALLYDEBUG rally.task.utils [-] Waiting for resource s_rally_a50bc1c9_Hh3mVom1. Status changed: REBOOT => ACTIVE in 124.13083744049072
2020-04-13 03:20:02.834 14812 RALLYDEBUG rally.task.utils [-] Waiting for resource s_rally_a50bc1c9_zsx6RuS5. Status changed: ACTIVE => SHUTOFF in 2.500485897064209
2020-04-13 03:20:03.165 14812 RALLYDEBUG rally.task.utils [-] Waiting for resource s_rally_a50bc1c9_zsx6RuS5. Status changed: ACTIVE => SHUTOFF in 0.2077641487121582
2020-04-13 03:20:04.424 14811 RALLYDEBUG rally.task.utils [-] Waiting for resource s_rally_a50bc1c9_lyKmGFVq. Status changed: REBOOT => ACTIVE in 123.59869337081909
2020-04-13 03:20:04.486 14810 RALLYDEBUG rally.task.utils [-] Waiting for resource s_rally_a50bc1c9_YQKTsuc9. Status changed: ACTIVE => SHUTOFF in 2.4339759349823
2020-04-13 03:20:04.809 14813 RALLYDEBUG rally.task.utils [-] Waiting for resource s_rally_a50bc1c9_Hh3mVom1. Status changed: ACTIVE => SHUTOFF in 2.4590063095092773
2020-04-13 03:20:04.835 14810 RALLYDEBUG rally.task.utils [-] Waiting for resource s_rally_a50bc1c9_YQKTsuc9. Status changed: ACTIVE => SHUTOFF in 0.22264671325683594
2020-04-13 03:20:05.138 14813 RALLYDEBUG rally.task.utils [-] Waiting for resource s_rally_a50bc1c9_Hh3mVom1. Status changed: ACTIVE => SHUTOFF in 0.20754289627075195
2020-04-13 03:20:07.252 14811 RALLYDEBUG rally.task.utils [-] Waiting for resource s_rally_a50bc1c9_lyKmGFVq. Status changed: ACTIVE => SHUTOFF in 2.6927835941314697
2020-04-13 03:20:07.572 14812 RALLYDEBUG rally.task.utils [-] Waiting for resource s_rally_a50bc1c9_zsx6RuS5. Status changed: SHUTOFF => ACTIVE in 4.4068443775177
2020-04-13 03:20:07.602 14811 RALLYDEBUG rally.task.utils [-] Waiting for resource s_rally_a50bc1c9_lyKmGFVq. Status changed: ACTIVE => SHUTOFF in 0.23169493675231934
2020-04-13 03:20:08.495 14810 RALLYDEBUG rally.task.utils [-] Waiting for resource s_rally_a50bc1c9_YQKTsuc9. Status changed: SHUTOFF => ACTIVE in 3.660482168197632
2020-04-13 03:20:09.629 14813 RALLYDEBUG rally.task.utils [-] Waiting for resource s_rally_a50bc1c9_Hh3mVom1. Status changed: SHUTOFF => ACTIVE in 4.4910924434661865
2020-04-13 03:20:11.388 14811 RALLYDEBUG rally.task.utils [-] Waiting for resource s_rally_a50bc1c9_lyKmGFVq. Status changed: SHUTOFF => ACTIVE in 3.785104751586914
2020-04-13 03:20:14.630 14812 RALLYDEBUG rally.task.utils [-] Waiting for resource s_rally_a50bc1c9_zsx6RuS5. Status changed: ACTIVE => RESCUE in 4.924680471420288
2020-04-13 03:20:15.482 14810 RALLYDEBUG rally.task.utils [-] Waiting for resource s_rally_a50bc1c9_YQKTsuc9. Status changed: ACTIVE => RESCUE in 4.853295803070068
2020-04-13 03:20:16.810 14813 RALLYDEBUG rally.task.utils [-] Waiting for resource s_rally_a50bc1c9_Hh3mVom1. Status changed: ACTIVE => RESCUE in 5.046496391296387
2020-04-13 03:20:16.942 14812 RALLYDEBUG rally.task.utils [-] Waiting for resource s_rally_a50bc1c9_zsx6RuS5. Status changed: ACTIVE => RESCUE in 0.18466520309448242
2020-04-13 03:20:17.811 14810 RALLYDEBUG rally.task.utils [-] Waiting for resource s_rally_a50bc1c9_YQKTsuc9. Status changed: ACTIVE => RESCUE in 0.20118212699890137
2020-04-13 03:20:18.188 14811 RALLYDEBUG rally.task.utils [-] Waiting for resource s_rally_a50bc1c9_lyKmGFVq. Status changed: ACTIVE => RESCUE in 4.66401743888855
2020-04-13 03:20:19.155 14812 RALLYDEBUG rally.task.utils [-] Waiting for resource s_rally_a50bc1c9_zsx6RuS5. Status changed: RESCUE => ACTIVE in 2.212730646133423
2020-04-13 03:20:19.223 14813 RALLYDEBUG rally.task.utils [-] Waiting for resource s_rally_a50bc1c9_Hh3mVom1. Status changed: ACTIVE => RESCUE in 0.2797069549560547
2020-04-13 03:20:20.980 14811 RALLYDEBUG rally.task.utils [-] Waiting for resource s_rally_a50bc1c9_lyKmGFVq. Status changed: ACTIVE => RESCUE in 0.6536433696746826
2020-04-13 03:20:21.441 14813 RALLYDEBUG rally.task.utils [-] Waiting for resource s_rally_a50bc1c9_Hh3mVom1. Status changed: RESCUE => ACTIVE in 2.2180652618408203
2020-04-13 03:20:21.693 14812 INFO rally.task.runner [-] Task 54ca9db5-9f0d-4f62-872e-be11d4cd768c | ITER: 3 END: OK
2020-04-13 03:20:21.704 14812 INFO rally.task.runner [-] Task 54ca9db5-9f0d-4f62-872e-be11d4cd768c | ITER: 5 START
2020-04-13 03:20:22.240 14810 RALLYDEBUG rally.task.utils [-] Waiting for resource s_rally_a50bc1c9_YQKTsuc9. Status changed: RESCUE => ACTIVE in 4.428614854812622
2020-04-13 03:20:23.181 14811 RALLYDEBUG rally.task.utils [-] Waiting for resource s_rally_a50bc1c9_lyKmGFVq. Status changed: RESCUE => ACTIVE in 2.2010152339935303
2020-04-13 03:20:24.679 14810 INFO rally.task.runner [-] Task 54ca9db5-9f0d-4f62-872e-be11d4cd768c | ITER: 1 END: OK
2020-04-13 03:20:24.685 14810 INFO rally.task.runner [-] Task 54ca9db5-9f0d-4f62-872e-be11d4cd768c | ITER: 6 START
2020-04-13 03:20:25.754 14811 INFO rally.task.runner [-] Task 54ca9db5-9f0d-4f62-872e-be11d4cd768c | ITER: 2 END: OK
2020-04-13 03:20:25.760 14811 INFO rally.task.runner [-] Task 54ca9db5-9f0d-4f62-872e-be11d4cd768c | ITER: 7 START
2020-04-13 03:20:26.302 14813 INFO rally.task.runner [-] Task 54ca9db5-9f0d-4f62-872e-be11d4cd768c | ITER: 4 END: OK
2020-04-13 03:20:26.315 14813 INFO rally.task.runner [-] Task 54ca9db5-9f0d-4f62-872e-be11d4cd768c | ITER: 8 START
2020-04-13 03:20:30.928 14812 RALLYDEBUG rally.task.utils [-] Waiting for resource s_rally_a50bc1c9_VlWpdmXK. Status changed: BUILD => ACTIVE in 6.832792520523071
2020-04-13 03:20:33.284 14812 RALLYDEBUG rally.task.utils [-] Waiting for resource s_rally_a50bc1c9_VlWpdmXK. Status changed: ACTIVE => HARD_REBOOT in 0.20850753784179688
2020-04-13 03:20:33.435 14810 RALLYDEBUG rally.task.utils [-] Waiting for resource s_rally_a50bc1c9_FAqDldJU. Status changed: BUILD => ACTIVE in 6.778698205947876
2020-04-13 03:20:35.490 14812 RALLYDEBUG rally.task.utils [-] Waiting for resource s_rally_a50bc1c9_VlWpdmXK. Status changed: HARD_REBOOT => ACTIVE in 2.2060317993164062
2020-04-13 03:20:35.606 14811 RALLYDEBUG rally.task.utils [-] Waiting for resource s_rally_a50bc1c9_0tpOm9GR. Status changed: BUILD => ACTIVE in 7.43371319770813
2020-04-13 03:20:35.915 14810 RALLYDEBUG rally.task.utils [-] Waiting for resource s_rally_a50bc1c9_FAqDldJU. Status changed: ACTIVE => HARD_REBOOT in 0.3403024673461914
2020-04-13 03:20:37.949 14811 RALLYDEBUG rally.task.utils [-] Waiting for resource s_rally_a50bc1c9_0tpOm9GR. Status changed: ACTIVE => HARD_REBOOT in 0.20353317260742188
2020-04-13 03:20:38.204 14810 RALLYDEBUG rally.task.utils [-] Waiting for resource s_rally_a50bc1c9_FAqDldJU. Status changed: HARD_REBOOT => ACTIVE in 2.2884621620178223
2020-04-13 03:20:38.206 14812 RALLYDEBUG rally.task.utils [-] Waiting for resource s_rally_a50bc1c9_VlWpdmXK. Status changed: ACTIVE => REBOOT in 0.575322151184082
2020-04-13 03:20:38.208 14813 RALLYDEBUG rally.task.utils [-] Waiting for resource s_rally_a50bc1c9_2M3lpwZ8. Status changed: BUILD => ACTIVE in 9.50244688987732
2020-04-13 03:20:40.157 14811 RALLYDEBUG rally.task.utils [-] Waiting for resource s_rally_a50bc1c9_0tpOm9GR. Status changed: HARD_REBOOT => ACTIVE in 2.207350492477417
2020-04-13 03:20:40.582 14813 RALLYDEBUG rally.task.utils [-] Waiting for resource s_rally_a50bc1c9_2M3lpwZ8. Status changed: ACTIVE => HARD_REBOOT in 0.23406195640563965
2020-04-13 03:20:40.603 14810 RALLYDEBUG rally.task.utils [-] Waiting for resource s_rally_a50bc1c9_FAqDldJU. Status changed: ACTIVE => REBOOT in 0.2714250087738037
2020-04-13 03:20:42.540 14811 RALLYDEBUG rally.task.utils [-] Waiting for resource s_rally_a50bc1c9_0tpOm9GR. Status changed: ACTIVE => REBOOT in 0.2509024143218994
2020-04-13 03:20:42.822 14813 RALLYDEBUG rally.task.utils [-] Waiting for resource s_rally_a50bc1c9_2M3lpwZ8. Status changed: HARD_REBOOT => ACTIVE in 2.24003267288208
2020-04-13 03:20:45.189 14813 RALLYDEBUG rally.task.utils [-] Waiting for resource s_rally_a50bc1c9_2M3lpwZ8. Status changed: ACTIVE => REBOOT in 0.23735833168029785
2020-04-13 03:22:40.746 14812 RALLYDEBUG rally.task.utils [-] Waiting for resource s_rally_a50bc1c9_VlWpdmXK. Status changed: REBOOT => ACTIVE in 122.53943419456482
2020-04-13 03:22:43.391 14812 RALLYDEBUG rally.task.utils [-] Waiting for resource s_rally_a50bc1c9_VlWpdmXK. Status changed: ACTIVE => SHUTOFF in 2.5120279788970947
2020-04-13 03:22:43.764 14812 RALLYDEBUG rally.task.utils [-] Waiting for resource s_rally_a50bc1c9_VlWpdmXK. Status changed: ACTIVE => SHUTOFF in 0.24085354804992676
2020-04-13 03:22:43.848 14810 RALLYDEBUG rally.task.utils [-] Waiting for resource s_rally_a50bc1c9_FAqDldJU. Status changed: REBOOT => ACTIVE in 123.24492144584656
2020-04-13 03:22:46.330 14811 RALLYDEBUG rally.task.utils [-] Waiting for resource s_rally_a50bc1c9_0tpOm9GR. Status changed: REBOOT => ACTIVE in 123.78961634635925
2020-04-13 03:22:46.821 14810 RALLYDEBUG rally.task.utils [-] Waiting for resource s_rally_a50bc1c9_FAqDldJU. Status changed: ACTIVE => SHUTOFF in 2.842846155166626
2020-04-13 03:22:47.154 14810 RALLYDEBUG rally.task.utils [-] Waiting for resource s_rally_a50bc1c9_FAqDldJU. Status changed: ACTIVE => SHUTOFF in 0.21463680267333984
2020-04-13 03:22:47.487 14812 RALLYDEBUG rally.task.utils [-] Waiting for resource s_rally_a50bc1c9_VlWpdmXK. Status changed: SHUTOFF => ACTIVE in 3.723543167114258
2020-04-13 03:22:47.924 14813 RALLYDEBUG rally.task.utils [-] Waiting for resource s_rally_a50bc1c9_2M3lpwZ8. Status changed: REBOOT => ACTIVE in 122.7349362373352
2020-04-13 03:22:48.886 14811 RALLYDEBUG rally.task.utils [-] Waiting for resource s_rally_a50bc1c9_0tpOm9GR. Status changed: ACTIVE => SHUTOFF in 2.435126304626465
2020-04-13 03:22:49.185 14811 RALLYDEBUG rally.task.utils [-] Waiting for resource s_rally_a50bc1c9_0tpOm9GR. Status changed: ACTIVE => SHUTOFF in 0.18176007270812988
2020-04-13 03:22:50.516 14813 RALLYDEBUG rally.task.utils [-] Waiting for resource s_rally_a50bc1c9_2M3lpwZ8. Status changed: ACTIVE => SHUTOFF in 2.4660403728485107
2020-04-13 03:22:50.841 14813 RALLYDEBUG rally.task.utils [-] Waiting for resource s_rally_a50bc1c9_2M3lpwZ8. Status changed: ACTIVE => SHUTOFF in 0.20803356170654297
2020-04-13 03:22:51.423 14810 RALLYDEBUG rally.task.utils [-] Waiting for resource s_rally_a50bc1c9_FAqDldJU. Status changed: SHUTOFF => ACTIVE in 4.268951654434204
2020-04-13 03:22:52.150 14812 RALLYDEBUG rally.task.utils [-] Waiting for resource s_rally_a50bc1c9_VlWpdmXK. Status changed: ACTIVE => RESCUE in 2.4777839183807373
2020-04-13 03:22:53.224 14811 RALLYDEBUG rally.task.utils [-] Waiting for resource s_rally_a50bc1c9_0tpOm9GR. Status changed: SHUTOFF => ACTIVE in 4.038956165313721
2020-04-13 03:22:54.661 14812 RALLYDEBUG rally.task.utils [-] Waiting for resource s_rally_a50bc1c9_VlWpdmXK. Status changed: ACTIVE => RESCUE in 0.21242952346801758
2020-04-13 03:22:55.681 14813 RALLYDEBUG rally.task.utils [-] Waiting for resource s_rally_a50bc1c9_2M3lpwZ8. Status changed: SHUTOFF => ACTIVE in 4.840889930725098
2020-04-13 03:22:56.000 14810 RALLYDEBUG rally.task.utils [-] Waiting for resource s_rally_a50bc1c9_FAqDldJU. Status changed: ACTIVE => RESCUE in 2.4422428607940674
2020-04-13 03:22:56.877 14812 RALLYDEBUG rally.task.utils [-] Waiting for resource s_rally_a50bc1c9_VlWpdmXK. Status changed: RESCUE => ACTIVE in 2.2160189151763916
2020-04-13 03:22:58.400 14810 RALLYDEBUG rally.task.utils [-] Waiting for resource s_rally_a50bc1c9_FAqDldJU. Status changed: ACTIVE => RESCUE in 0.2640421390533447
2020-04-13 03:22:59.992 14811 RALLYDEBUG rally.task.utils [-] Waiting for resource s_rally_a50bc1c9_0tpOm9GR. Status changed: ACTIVE => RESCUE in 4.642257928848267
2020-04-13 03:23:01.103 14813 RALLYDEBUG rally.task.utils [-] Waiting for resource s_rally_a50bc1c9_2M3lpwZ8. Status changed: ACTIVE => RESCUE in 3.2890102863311768
2020-04-13 03:23:01.165 14810 RALLYDEBUG rally.task.utils [-] Waiting for resource s_rally_a50bc1c9_FAqDldJU. Status changed: RESCUE => ACTIVE in 2.7649760246276855
2020-04-13 03:23:01.545 14812 INFO rally.task.runner [-] Task 54ca9db5-9f0d-4f62-872e-be11d4cd768c | ITER: 5 END: OK
2020-04-13 03:23:01.550 14812 INFO rally.task.runner [-] Task 54ca9db5-9f0d-4f62-872e-be11d4cd768c | ITER: 9 START
2020-04-13 03:23:02.334 14811 RALLYDEBUG rally.task.utils [-] Waiting for resource s_rally_a50bc1c9_0tpOm9GR. Status changed: ACTIVE => RESCUE in 0.21459174156188965
2020-04-13 03:23:03.441 14813 RALLYDEBUG rally.task.utils [-] Waiting for resource s_rally_a50bc1c9_2M3lpwZ8. Status changed: ACTIVE => RESCUE in 0.21309256553649902
2020-04-13 03:23:05.814 14813 RALLYDEBUG rally.task.utils [-] Waiting for resource s_rally_a50bc1c9_2M3lpwZ8. Status changed: RESCUE => ACTIVE in 2.3729445934295654
2020-04-13 03:23:05.966 14810 INFO rally.task.runner [-] Task 54ca9db5-9f0d-4f62-872e-be11d4cd768c | ITER: 6 END: OK
2020-04-13 03:23:05.971 14810 INFO rally.task.runner [-] Task 54ca9db5-9f0d-4f62-872e-be11d4cd768c | ITER: 10 START
2020-04-13 03:23:07.325 14811 RALLYDEBUG rally.task.utils [-] Waiting for resource s_rally_a50bc1c9_0tpOm9GR. Status changed: RESCUE => ACTIVE in 4.990427732467651
2020-04-13 03:23:10.169 14812 RALLYDEBUG rally.task.utils [-] Waiting for resource s_rally_a50bc1c9_XgEjk3Zg. Status changed: BUILD => ACTIVE in 6.7717344760894775
2020-04-13 03:23:10.958 14813 INFO rally.task.runner [-] Task 54ca9db5-9f0d-4f62-872e-be11d4cd768c | ITER: 8 END: OK
2020-04-13 03:23:12.012 14811 INFO rally.task.runner [-] Task 54ca9db5-9f0d-4f62-872e-be11d4cd768c | ITER: 7 END: OK
2020-04-13 03:23:12.541 14812 RALLYDEBUG rally.task.utils [-] Waiting for resource s_rally_a50bc1c9_XgEjk3Zg. Status changed: ACTIVE => HARD_REBOOT in 0.21115541458129883
2020-04-13 03:23:14.768 14812 RALLYDEBUG rally.task.utils [-] Waiting for resource s_rally_a50bc1c9_XgEjk3Zg. Status changed: HARD_REBOOT => ACTIVE in 2.2271647453308105
2020-04-13 03:23:17.109 14812 RALLYDEBUG rally.task.utils [-] Waiting for resource s_rally_a50bc1c9_XgEjk3Zg. Status changed: ACTIVE => REBOOT in 0.2125225067138672
2020-04-13 03:23:17.209 14810 RALLYDEBUG rally.task.utils [-] Waiting for resource s_rally_a50bc1c9_JyMRipbK. Status changed: BUILD => ACTIVE in 9.220182180404663
2020-04-13 03:23:19.935 14810 RALLYDEBUG rally.task.utils [-] Waiting for resource s_rally_a50bc1c9_JyMRipbK. Status changed: ACTIVE => HARD_REBOOT in 0.5835926532745361
2020-04-13 03:23:22.172 14810 RALLYDEBUG rally.task.utils [-] Waiting for resource s_rally_a50bc1c9_JyMRipbK. Status changed: HARD_REBOOT => ACTIVE in 2.236959218978882
2020-04-13 03:23:24.546 14810 RALLYDEBUG rally.task.utils [-] Waiting for resource s_rally_a50bc1c9_JyMRipbK. Status changed: ACTIVE => REBOOT in 0.2336103916168213
2020-04-13 03:25:20.711 14812 RALLYDEBUG rally.task.utils [-] Waiting for resource s_rally_a50bc1c9_XgEjk3Zg. Status changed: REBOOT => ACTIVE in 123.60136318206787
2020-04-13 03:25:23.304 14812 RALLYDEBUG rally.task.utils [-] Waiting for resource s_rally_a50bc1c9_XgEjk3Zg. Status changed: ACTIVE => SHUTOFF in 2.4406700134277344
2020-04-13 03:25:23.635 14812 RALLYDEBUG rally.task.utils [-] Waiting for resource s_rally_a50bc1c9_XgEjk3Zg. Status changed: ACTIVE => SHUTOFF in 0.1973409652709961
2020-04-13 03:25:26.755 14810 RALLYDEBUG rally.task.utils [-] Waiting for resource s_rally_a50bc1c9_JyMRipbK. Status changed: REBOOT => ACTIVE in 122.20956516265869
2020-04-13 03:25:27.701 14812 RALLYDEBUG rally.task.utils [-] Waiting for resource s_rally_a50bc1c9_XgEjk3Zg. Status changed: SHUTOFF => ACTIVE in 4.065646648406982
2020-04-13 03:25:29.320 14810 RALLYDEBUG rally.task.utils [-] Waiting for resource s_rally_a50bc1c9_JyMRipbK. Status changed: ACTIVE => SHUTOFF in 2.4421746730804443
2020-04-13 03:25:29.677 14810 RALLYDEBUG rally.task.utils [-] Waiting for resource s_rally_a50bc1c9_JyMRipbK. Status changed: ACTIVE => SHUTOFF in 0.22960782051086426
2020-04-13 03:25:32.425 14812 RALLYDEBUG rally.task.utils [-] Waiting for resource s_rally_a50bc1c9_XgEjk3Zg. Status changed: ACTIVE => RESCUE in 2.437312126159668
2020-04-13 03:25:33.328 14810 RALLYDEBUG rally.task.utils [-] Waiting for resource s_rally_a50bc1c9_JyMRipbK. Status changed: SHUTOFF => ACTIVE in 3.6515541076660156
2020-04-13 03:25:34.743 14812 RALLYDEBUG rally.task.utils [-] Waiting for resource s_rally_a50bc1c9_XgEjk3Zg. Status changed: ACTIVE => RESCUE in 0.19100332260131836
2020-04-13 03:25:37.169 14812 RALLYDEBUG rally.task.utils [-] Waiting for resource s_rally_a50bc1c9_XgEjk3Zg. Status changed: RESCUE => ACTIVE in 2.426046133041382
2020-04-13 03:25:39.765 14812 INFO rally.task.runner [-] Task 54ca9db5-9f0d-4f62-872e-be11d4cd768c | ITER: 9 END: OK
2020-04-13 03:25:40.172 14810 RALLYDEBUG rally.task.utils [-] Waiting for resource s_rally_a50bc1c9_JyMRipbK. Status changed: ACTIVE => RESCUE in 4.693799018859863
2020-04-13 03:25:42.660 14810 RALLYDEBUG rally.task.utils [-] Waiting for resource s_rally_a50bc1c9_JyMRipbK. Status changed: ACTIVE => RESCUE in 0.36014413833618164
2020-04-13 03:25:44.950 14810 RALLYDEBUG rally.task.utils [-] Waiting for resource s_rally_a50bc1c9_JyMRipbK. Status changed: RESCUE => ACTIVE in 2.29060959815979
2020-04-13 03:25:47.754 14810 INFO rally.task.runner [-] Task 54ca9db5-9f0d-4f62-872e-be11d4cd768c | ITER: 10 END: OK
2020-04-13 03:25:47.787 14489 INFO rally.task.context [-] Task 54ca9db5-9f0d-4f62-872e-be11d4cd768c | Context cleanup@openstack cleanup() started
2020-04-13 03:25:47.795 14489 RALLYDEBUG rally_openstack.cleanup.manager [-] Cleaning up nova servers objects
2020-04-13 03:25:48.534 14489 RALLYDEBUG rally_openstack.cleanup.manager [-] Cleaning up nova server_groups objects
2020-04-13 03:25:49.008 14489 RALLYDEBUG rally_openstack.cleanup.manager [-] Cleaning up nova keypairs objects
2020-04-13 03:25:50.062 14489 INFO rally.task.context [-] Task 54ca9db5-9f0d-4f62-872e-be11d4cd768c | Context cleanup@openstack cleanup() finished in 2.27 sec
2020-04-13 03:25:50.062 14489 INFO rally.task.context [-] Task 54ca9db5-9f0d-4f62-872e-be11d4cd768c | Context network@openstack cleanup() started
2020-04-13 03:26:09.406 14489 INFO rally.task.context [-] Task 54ca9db5-9f0d-4f62-872e-be11d4cd768c | Context network@openstack cleanup() finished in 19.34 sec
2020-04-13 03:26:09.407 14489 INFO rally.task.context [-] Task 54ca9db5-9f0d-4f62-872e-be11d4cd768c | Context quotas@openstack cleanup() started
2020-04-13 03:26:09.654 14489 INFO rally.task.context [-] Task 54ca9db5-9f0d-4f62-872e-be11d4cd768c | Context quotas@openstack cleanup() finished in 0.25 sec
2020-04-13 03:26:09.655 14489 INFO rally.task.context [-] Task 54ca9db5-9f0d-4f62-872e-be11d4cd768c | Context users@openstack cleanup() started
2020-04-13 03:26:09.776 14489 WARNING rally.common.logging [-] `iterate_per_tenants()' is deprecated in v3.0.0: it is openstack specific.. Used at
2020-04-13 03:26:11.580 14489 INFO rally.task.context [-] Task 54ca9db5-9f0d-4f62-872e-be11d4cd768c | Context users@openstack cleanup() finished in 1.92 sec
2020-04-13 03:26:13.543 14489 INFO rally.task.engine [-] Load duration is: 481.865998
2020-04-13 03:26:13.544 14489 INFO rally.task.engine [-] Full runner duration is: 490.920819
2020-04-13 03:26:13.545 14489 INFO rally.task.engine [-] Full duration is: 532.427139
2020-04-13 03:26:13.642 14489 INFO rally.task.engine [-] Running workload: position = 0 config = { "version": 2, "title": "A cropped version of a bigger task.", "description": "Auto-generated task from a single workload (uuid=fdcf3de2-0e1f-4812-b9d1-4122438a5cea)", "subtasks": [ { "title": "NovaServers.boot_and_list_server", "description": "Boot a server from an image and then list all servers.", "scenario": { "NovaServers.boot_and_list_server": { "detailed": true, "flavor": { "name": "rally_full_cntt-flavor_044c9470-22d6-4136-99e6-972dd7ba6ded" }, "image": { "name": "rally_full_cntt-img_044c9470-22d6-4136-99e6-972dd7ba6ded" }, "nics": [ { "net-id": "d5c82f55-cd77-41d0-b8f0-9f2abb7d4008" } ] } }, "contexts": { "users": { "tenants": 3, "users_per_tenant": 2 }, "network": { "networks_per_tenant": 1, "start_cidr": "100.1.0.0/25" }, "quotas": { "neutron": { "network": -1, "port": -1, "subnet": -1 }, "nova": { "cores": -1, "floating_ips": -1, "instances": -1, "ram": -1, "security_group_rules": -1, "security_groups": -1 } } }, "runner": { "constant": { "concurrency": 4, "times": 10 } }, "hooks": [], "sla": { "failure_rate": { "max": 0 } } } ] }
2020-04-13 03:26:13.666 14489 RALLYDEBUG rally_openstack.contexts.keystone.users [-] Creating 3 tenants using 3 threads
2020-04-13 03:26:14.125 14489 RALLYDEBUG rally_openstack.contexts.keystone.users [-] Creating 6 users using 6 threads
2020-04-13 03:26:15.078 14489 INFO rally.task.context [-] Task 54ca9db5-9f0d-4f62-872e-be11d4cd768c | Context users@openstack setup() finished in 1.41 sec
2020-04-13 03:26:16.584 14489 INFO rally.task.context [-] Task 54ca9db5-9f0d-4f62-872e-be11d4cd768c | Context quotas@openstack setup() finished in 1.51 sec
2020-04-13 03:26:16.644 14489 WARNING rally.common.logging [-] `iterate_per_tenants()' is deprecated in v3.0.0: it is openstack specific.. Used at
2020-04-13 03:26:18.791 14489 RALLYDEBUG rally_openstack.wrappers.network [-] CIDR generated: 100.1.1.128/25
2020-04-13 03:26:23.303 14489 RALLYDEBUG rally_openstack.wrappers.network [-] CIDR generated: 100.1.2.0/25
2020-04-13 03:26:27.511 14489 RALLYDEBUG rally_openstack.wrappers.network [-] CIDR generated: 100.1.2.128/25
2020-04-13 03:26:30.152 14489 INFO rally.task.context [-] Task 54ca9db5-9f0d-4f62-872e-be11d4cd768c | Context network@openstack setup() finished in 13.57 sec
2020-04-13 03:26:30.153 14489 INFO rally.task.context [-] Task 54ca9db5-9f0d-4f62-872e-be11d4cd768c | Context cleanup@openstack setup() finished in 0.03 msec
2020-04-13 03:26:30.550 14489 RALLYDEBUG rally.task.runner [-] Starting the constant runner (task UUID: 54ca9db5-9f0d-4f62-872e-be11d4cd768c). times: 10 concurrency: 4 timeout: 0 max_cpu_used: 88 processes_to_start: 4 concurrency_per_worker: 1 concurrency_overhead: 0
2020-04-13 03:26:30.562 14943 RALLYDEBUG rally.task.runner [-] Starting a worker. times: 10 duration: None concurrency: 1 timeout: 0 cls: method_name: run args: {"detailed": true, "flavor": "9aa73c23-88f1-4dc3-bf55-62ae88433dc3", "image": "2a496ff0-46a2-42f3-b37f-80386448dd5b", "nics": [{"net-id": "d5c82f55-cd77-41d0-b8f0-9f2abb7d4008"}]}
2020-04-13 03:26:30.566 14944 RALLYDEBUG rally.task.runner [-] Starting a worker. times: 10 duration: None concurrency: 1 timeout: 0 cls: method_name: run args: {"detailed": true, "flavor": "9aa73c23-88f1-4dc3-bf55-62ae88433dc3", "image": "2a496ff0-46a2-42f3-b37f-80386448dd5b", "nics": [{"net-id": "d5c82f55-cd77-41d0-b8f0-9f2abb7d4008"}]}
2020-04-13 03:26:30.568 14943 INFO rally.task.runner [-] Task 54ca9db5-9f0d-4f62-872e-be11d4cd768c | ITER: 1 START
2020-04-13 03:26:30.568 14945 RALLYDEBUG rally.task.runner [-] Starting a worker. times: 10 duration: None concurrency: 1 timeout: 0 cls: method_name: run args: {"detailed": true, "flavor": "9aa73c23-88f1-4dc3-bf55-62ae88433dc3", "image": "2a496ff0-46a2-42f3-b37f-80386448dd5b", "nics": [{"net-id": "d5c82f55-cd77-41d0-b8f0-9f2abb7d4008"}]}
2020-04-13 03:26:30.571 14946 RALLYDEBUG rally.task.runner [-] Starting a worker. times: 10 duration: None concurrency: 1 timeout: 0 cls: method_name: run args: {"detailed": true, "flavor": "9aa73c23-88f1-4dc3-bf55-62ae88433dc3", "image": "2a496ff0-46a2-42f3-b37f-80386448dd5b", "nics": [{"net-id": "d5c82f55-cd77-41d0-b8f0-9f2abb7d4008"}]}
2020-04-13 03:26:30.573 14944 INFO rally.task.runner [-] Task 54ca9db5-9f0d-4f62-872e-be11d4cd768c | ITER: 2 START
2020-04-13 03:26:30.575 14945 INFO rally.task.runner [-] Task 54ca9db5-9f0d-4f62-872e-be11d4cd768c | ITER: 3 START
2020-04-13 03:26:30.578 14946 INFO rally.task.runner [-] Task 54ca9db5-9f0d-4f62-872e-be11d4cd768c | ITER: 4 START
2020-04-13 03:26:42.332 14946 RALLYDEBUG rally.task.utils [-] Waiting for resource s_rally_fdcf3de2_xLhT5WJF. Status changed: BUILD => ACTIVE in 9.320504665374756
2020-04-13 03:26:42.342 14944 RALLYDEBUG rally.task.utils [-] Waiting for resource s_rally_fdcf3de2_EdlMJiOq. Status changed: BUILD => ACTIVE in 9.674704313278198
2020-04-13 03:26:42.636 14944 INFO rally.task.runner [-] Task 54ca9db5-9f0d-4f62-872e-be11d4cd768c | ITER: 2 END: OK
2020-04-13 03:26:42.641 14944 INFO rally.task.runner [-] Task 54ca9db5-9f0d-4f62-872e-be11d4cd768c | ITER: 5 START
2020-04-13 03:26:42.711 14946 INFO rally.task.runner [-] Task 54ca9db5-9f0d-4f62-872e-be11d4cd768c | ITER: 4 END: OK
2020-04-13 03:26:42.716 14946 INFO rally.task.runner [-] Task 54ca9db5-9f0d-4f62-872e-be11d4cd768c | ITER: 6 START
2020-04-13 03:26:44.526 14943 RALLYDEBUG rally.task.utils [-] Waiting for resource s_rally_fdcf3de2_z66Bxi92. Status changed: BUILD => ACTIVE in 11.283377647399902
2020-04-13 03:26:44.634 14945 RALLYDEBUG rally.task.utils [-] Waiting for resource s_rally_fdcf3de2_IRUQU90R. Status changed: BUILD => ACTIVE in 11.92429804801941
2020-04-13 03:26:44.884 14943 INFO rally.task.runner [-] Task 54ca9db5-9f0d-4f62-872e-be11d4cd768c | ITER: 1 END: OK
2020-04-13 03:26:44.890 14943 INFO rally.task.runner [-] Task 54ca9db5-9f0d-4f62-872e-be11d4cd768c | ITER: 7 START
2020-04-13 03:26:44.961 14945 INFO rally.task.runner [-] Task 54ca9db5-9f0d-4f62-872e-be11d4cd768c | ITER: 3 END: OK
2020-04-13 03:26:44.966 14945 INFO rally.task.runner [-] Task 54ca9db5-9f0d-4f62-872e-be11d4cd768c | ITER: 8 START
2020-04-13 03:26:53.934 14946 RALLYDEBUG rally.task.utils [-] Waiting for resource s_rally_fdcf3de2_fMSqJZ82. Status changed: BUILD => ACTIVE in 9.243061542510986
2020-04-13 03:26:54.317 14946 INFO rally.task.runner [-] Task 54ca9db5-9f0d-4f62-872e-be11d4cd768c | ITER: 6 END: OK
2020-04-13 03:26:54.322 14946 INFO rally.task.runner [-] Task 54ca9db5-9f0d-4f62-872e-be11d4cd768c | ITER: 9 START
2020-04-13 03:26:55.891 14944 RALLYDEBUG rally.task.utils [-] Waiting for resource s_rally_fdcf3de2_uChMxbeS. Status changed: BUILD => ACTIVE in 11.19690990447998
2020-04-13 03:26:56.242 14944 INFO rally.task.runner [-] Task 54ca9db5-9f0d-4f62-872e-be11d4cd768c | ITER: 5 END: OK
2020-04-13 03:26:56.248 14944 INFO rally.task.runner [-] Task 54ca9db5-9f0d-4f62-872e-be11d4cd768c | ITER: 10 START
2020-04-13 03:26:58.437 14945 RALLYDEBUG rally.task.utils [-] Waiting for resource s_rally_fdcf3de2_JbSg7qEr. Status changed: BUILD => ACTIVE in 11.6369788646698
2020-04-13 03:26:58.586 14943 RALLYDEBUG rally.task.utils [-] Waiting for resource s_rally_fdcf3de2_4pXrg3bY. Status changed: BUILD => ACTIVE in 11.280110359191895
2020-04-13 03:26:58.881 14945 INFO rally.task.runner [-] Task 54ca9db5-9f0d-4f62-872e-be11d4cd768c | ITER: 8 END: OK
2020-04-13 03:26:58.900 14943 INFO rally.task.runner [-] Task 54ca9db5-9f0d-4f62-872e-be11d4cd768c | ITER: 7 END: OK
2020-04-13 03:27:05.473 14946 RALLYDEBUG rally.task.utils [-] Waiting for resource s_rally_fdcf3de2_gGjidYn7. Status changed: BUILD => ACTIVE in 9.151041746139526
2020-04-13 03:27:05.922 14944 RALLYDEBUG rally.task.utils [-] Waiting for resource s_rally_fdcf3de2_2yYSxfmq. Status changed: BUILD => ACTIVE in 7.332214593887329
2020-04-13 03:27:06.096 14946 INFO rally.task.runner [-] Task 54ca9db5-9f0d-4f62-872e-be11d4cd768c | ITER: 9 END: OK
2020-04-13 03:27:06.240 14944 INFO rally.task.runner [-] Task 54ca9db5-9f0d-4f62-872e-be11d4cd768c | ITER: 10 END: OK
2020-04-13 03:27:06.269 14489 INFO rally.task.context [-] Task 54ca9db5-9f0d-4f62-872e-be11d4cd768c | Context cleanup@openstack cleanup() started
2020-04-13 03:27:06.276 14489 RALLYDEBUG rally_openstack.cleanup.manager [-] Cleaning up nova servers objects
2020-04-13 03:27:08.593 14489 RALLYDEBUG rally_openstack.cleanup.manager [-] Deleting nova.servers object s_rally_fdcf3de2_fMSqJZ82 (9b9803a3-0323-4f7a-8e20-84102a74dc2d)
2020-04-13 03:27:08.598 14489 RALLYDEBUG rally_openstack.cleanup.manager [-] Deleting nova.servers object s_rally_fdcf3de2_JbSg7qEr (1a101a87-d0d7-4ccd-8d5a-f767c91e98d3)
2020-04-13 03:27:08.604 14489 RALLYDEBUG rally_openstack.cleanup.manager [-] Deleting nova.servers object s_rally_fdcf3de2_uChMxbeS (d47eaaa6-cc30-4e32-90a9-47bb5b8e98d7)
2020-04-13 03:27:08.610 14489 RALLYDEBUG rally_openstack.cleanup.manager [-] Deleting nova.servers object s_rally_fdcf3de2_z66Bxi92 (a07e4972-a955-4a45-83c0-49298354e0f7)
2020-04-13 03:27:08.618 14489 RALLYDEBUG rally_openstack.cleanup.manager [-] Deleting nova.servers object s_rally_fdcf3de2_gGjidYn7 (f98e3791-7897-4925-bff5-d3a64a389c51)
2020-04-13 03:27:08.632 14489 RALLYDEBUG rally_openstack.cleanup.manager [-] Deleting nova.servers object s_rally_fdcf3de2_EdlMJiOq (f299c470-3e89-4943-bfdf-7431fa8b81fa)
2020-04-13 03:27:08.656 14489 RALLYDEBUG rally_openstack.cleanup.manager [-] Deleting nova.servers object s_rally_fdcf3de2_xLhT5WJF (ac93b8fc-779c-40f9-8726-2a0b4e336b59)
2020-04-13 03:27:08.672 14489 RALLYDEBUG rally_openstack.cleanup.manager [-] Deleting nova.servers object s_rally_fdcf3de2_2yYSxfmq (1751fc17-e248-4b0d-a4b1-8aa6c109debb)
2020-04-13 03:27:08.650 14489 RALLYDEBUG rally_openstack.cleanup.manager [-] Deleting nova.servers object s_rally_fdcf3de2_IRUQU90R (6191bda8-6259-4d59-82e0-94fe2665cf39)
2020-04-13 03:27:08.692 14489 RALLYDEBUG rally_openstack.cleanup.manager [-] Deleting nova.servers object s_rally_fdcf3de2_4pXrg3bY (19063af2-0009-491d-8e41-31f88f3074ff)
2020-04-13 03:27:15.724 14489 RALLYDEBUG rally_openstack.cleanup.manager [-] Cleaning up nova server_groups objects
2020-04-13 03:27:16.201 14489 RALLYDEBUG rally_openstack.cleanup.manager [-] Cleaning up nova keypairs objects
