2020-04-13 03:03:08.458 7435 INFO rally.task.runner [-] Task 22777085-68c6-4e80-a742-93cfb69b7998 | ITER: 7 START
2020-04-13 03:03:08.464 7436 INFO rally.task.runner [-] Task 22777085-68c6-4e80-a742-93cfb69b7998 | ITER: 2 END: OK
2020-04-13 03:03:08.468 7436 INFO rally.task.runner [-] Task 22777085-68c6-4e80-a742-93cfb69b7998 | ITER: 8 START
2020-04-13 03:03:11.285 7435 RALLYDEBUG rally.task.utils [-] Waiting for resource . Status changed: CREATE_IN_PROGRESS => CREATE_COMPLETE in 0.08119630813598633
2020-04-13 03:03:11.285 7436 RALLYDEBUG rally.task.utils [-] Waiting for resource . Status changed: CREATE_IN_PROGRESS => CREATE_COMPLETE in 0.08011651039123535
2020-04-13 03:03:11.286 7437 RALLYDEBUG rally.task.utils [-] Waiting for resource . Status changed: CREATE_IN_PROGRESS => CREATE_COMPLETE in 0.08582210540771484
2020-04-13 03:03:11.294 7438 RALLYDEBUG rally.task.utils [-] Waiting for resource . Status changed: CREATE_IN_PROGRESS => CREATE_COMPLETE in 0.07544875144958496
2020-04-13 03:03:13.491 7436 RALLYDEBUG rally.task.utils [-] Waiting for resource . Status changed: CREATE_COMPLETE => UPDATE_COMPLETE in 0.08960413932800293
2020-04-13 03:03:13.522 7437 RALLYDEBUG rally.task.utils [-] Waiting for resource . Status changed: CREATE_COMPLETE => UPDATE_COMPLETE in 0.08614897727966309
2020-04-13 03:03:13.526 7435 RALLYDEBUG rally.task.utils [-] Waiting for resource . Status changed: CREATE_COMPLETE => UPDATE_COMPLETE in 0.08037352561950684
2020-04-13 03:03:13.541 7438 RALLYDEBUG rally.task.utils [-] Waiting for resource . Status changed: CREATE_COMPLETE => UPDATE_COMPLETE in 0.08841419219970703
2020-04-13 03:03:13.625 7436 RALLYDEBUG rally.task.utils [-] Waiting for resource . Status changed: CREATE_COMPLETE => DELETE_IN_PROGRESS in 0.0695796012878418
2020-04-13 03:03:13.690 7437 RALLYDEBUG rally.task.utils [-] Waiting for resource . Status changed: CREATE_COMPLETE => DELETE_IN_PROGRESS in 0.0687401294708252
2020-04-13 03:03:13.709 7435 RALLYDEBUG rally.task.utils [-] Waiting for resource . Status changed: CREATE_COMPLETE => DELETE_IN_PROGRESS in 0.07159256935119629
2020-04-13 03:03:13.721 7438 RALLYDEBUG rally.task.utils [-] Waiting for resource . Status changed: CREATE_COMPLETE => DELETE_IN_PROGRESS in 0.06660294532775879
2020-04-13 03:03:15.774 7436 INFO rally.task.runner [-] Task 22777085-68c6-4e80-a742-93cfb69b7998 | ITER: 8 END: OK
2020-04-13 03:03:15.779 7436 INFO rally.task.runner [-] Task 22777085-68c6-4e80-a742-93cfb69b7998 | ITER: 9 START
2020-04-13 03:03:15.848 7437 INFO rally.task.runner [-] Task 22777085-68c6-4e80-a742-93cfb69b7998 | ITER: 6 END: OK
2020-04-13 03:03:15.853 7437 INFO rally.task.runner [-] Task 22777085-68c6-4e80-a742-93cfb69b7998 | ITER: 10 START
2020-04-13 03:03:15.862 7438 INFO rally.task.runner [-] Task 22777085-68c6-4e80-a742-93cfb69b7998 | ITER: 5 END: OK
2020-04-13 03:03:15.864 7435 INFO rally.task.runner [-] Task 22777085-68c6-4e80-a742-93cfb69b7998 | ITER: 7 END: OK
2020-04-13 03:03:18.648 7436 RALLYDEBUG rally.task.utils [-] Waiting for resource . Status changed: CREATE_IN_PROGRESS => CREATE_COMPLETE in 0.08759927749633789
2020-04-13 03:03:18.661 7437 RALLYDEBUG rally.task.utils [-] Waiting for resource . Status changed: CREATE_IN_PROGRESS => CREATE_COMPLETE in 0.08379626274108887
2020-04-13 03:03:20.852 7436 RALLYDEBUG rally.task.utils [-] Waiting for resource . Status changed: CREATE_COMPLETE => UPDATE_COMPLETE in 0.08212423324584961
2020-04-13 03:03:20.866 7437 RALLYDEBUG rally.task.utils [-] Waiting for resource . Status changed: CREATE_COMPLETE => UPDATE_COMPLETE in 0.08158159255981445
2020-04-13 03:03:20.984 7436 RALLYDEBUG rally.task.utils [-] Waiting for resource . Status changed: CREATE_COMPLETE => DELETE_IN_PROGRESS in 0.06734442710876465
2020-04-13 03:03:21.027 7437 RALLYDEBUG rally.task.utils [-] Waiting for resource . Status changed: CREATE_COMPLETE => DELETE_IN_PROGRESS in 0.06756162643432617
2020-04-13 03:03:23.139 7436 INFO rally.task.runner [-] Task 22777085-68c6-4e80-a742-93cfb69b7998 | ITER: 9 END: OK
2020-04-13 03:03:23.161 7437 INFO rally.task.runner [-] Task 22777085-68c6-4e80-a742-93cfb69b7998 | ITER: 10 END: OK
2020-04-13 03:03:23.185 5253 INFO rally.task.context [-] Task 22777085-68c6-4e80-a742-93cfb69b7998 | Context cleanup@openstack cleanup() started
2020-04-13 03:03:23.193 5253 RALLYDEBUG rally_openstack.cleanup.manager [-] Cleaning up heat stacks objects
2020-04-13 03:03:23.949 5253 INFO rally.task.context [-] Task 22777085-68c6-4e80-a742-93cfb69b7998 | Context cleanup@openstack cleanup() finished in 0.77 sec
2020-04-13 03:03:23.950 5253 INFO rally.task.context [-] Task 22777085-68c6-4e80-a742-93cfb69b7998 | Context roles@openstack cleanup() started
2020-04-13 03:03:23.950 5253 RALLYDEBUG rally_openstack.contexts.keystone.roles [-] Removing assigned role ae1393230f8e4b248a273fec57604d12 from all users
2020-04-13 03:03:24.495 5253 INFO rally.task.context [-] Task 22777085-68c6-4e80-a742-93cfb69b7998 | Context roles@openstack cleanup() finished in 0.54 sec
2020-04-13 03:03:24.495 5253 INFO rally.task.context [-] Task 22777085-68c6-4e80-a742-93cfb69b7998 | Context users@openstack cleanup() started
2020-04-13 03:03:24.787 5253 WARNING rally.common.logging [-] `iterate_per_tenants()' is deprecated in v3.0.0: it is openstack specific.. Used at
2020-04-13 03:03:27.346 5253 INFO rally.task.context [-] Task 22777085-68c6-4e80-a742-93cfb69b7998 | Context users@openstack cleanup() finished in 2.85 sec
2020-04-13 03:03:27.487 5253 INFO rally.task.engine [-] Load duration is: 18.14217
2020-04-13 03:03:27.488 5253 INFO rally.task.engine [-] Full runner duration is: 22.186497
2020-04-13 03:03:27.488 5253 INFO rally.task.engine [-] Full duration is: 30.062116
2020-04-13 03:03:27.577 5253 INFO rally.task.engine [-] Running workload: position = 0 config = { "version": 2, "title": "A cropped version of a bigger task.", "description": "Auto-generated task from a single workload (uuid=8da2e7ed-c470-4b9b-99c8-9615b2844517)", "subtasks": [ { "title": "HeatStacks.create_check_delete_stack", "description": "Create, check and delete a stack.", "scenario": { "HeatStacks.create_check_delete_stack": { "template_path": "/usr/lib/python3.7/site-packages/functest/opnfv_tests/openstack/rally/scenario/templates/random_strings.yaml.template" } }, "contexts": { "users": { "tenants": 3, "users_per_tenant": 2 }, "roles": [ "heat_stack_owner" ] }, "runner": { "constant": { "concurrency": 4, "times": 10 } }, "hooks": [], "sla": { "failure_rate": { "max": 0 } } } ] }
2020-04-13 03:03:27.596 5253 RALLYDEBUG rally_openstack.contexts.keystone.users [-] Creating 3 tenants using 3 threads
2020-04-13 03:03:28.108 5253 RALLYDEBUG rally_openstack.contexts.keystone.users [-] Creating 6 users using 6 threads
2020-04-13 03:03:29.133 5253 INFO rally.task.context [-] Task 22777085-68c6-4e80-a742-93cfb69b7998 | Context users@openstack setup() finished in 1.54 sec
2020-04-13 03:03:29.429 5253 RALLYDEBUG rally_openstack.contexts.keystone.roles [-] Adding role heat_stack_owner having ID ae1393230f8e4b248a273fec57604d12 to all users using 30 threads
2020-04-13 03:03:31.301 5253 INFO rally.task.context [-] Task 22777085-68c6-4e80-a742-93cfb69b7998 | Context roles@openstack setup() finished in 2.17 sec
2020-04-13 03:03:31.302 5253 INFO rally.task.context [-] Task 22777085-68c6-4e80-a742-93cfb69b7998 | Context cleanup@openstack setup() finished in 0.02 msec
2020-04-13 03:03:31.314 5253 RALLYDEBUG rally.task.runner [-] Starting the constant runner (task UUID: 22777085-68c6-4e80-a742-93cfb69b7998). times: 10 concurrency: 4 timeout: 0 max_cpu_used: 88 processes_to_start: 4 concurrency_per_worker: 1 concurrency_overhead: 0
2020-04-13 03:03:31.326 7588 RALLYDEBUG rally.task.runner [-] Starting a worker. times: 10 duration: None concurrency: 1 timeout: 0 cls: method_name: run args: {"template_path": "heat_template_version: 2014-10-16\n\ndescription: Test template for rally create-update-delete scenario\n\nresources:\n test_string_one:\n type: OS::Heat::RandomString\n properties:\n length: 20\n test_string_two:\n type: OS::Heat::RandomString\n properties:\n length: 20"}
2020-04-13 03:03:31.329 7589 RALLYDEBUG rally.task.runner [-] Starting a worker. times: 10 duration: None concurrency: 1 timeout: 0 cls: method_name: run args: {"template_path": "heat_template_version: 2014-10-16\n\ndescription: Test template for rally create-update-delete scenario\n\nresources:\n test_string_one:\n type: OS::Heat::RandomString\n properties:\n length: 20\n test_string_two:\n type: OS::Heat::RandomString\n properties:\n length: 20"}
2020-04-13 03:03:31.331 7590 RALLYDEBUG rally.task.runner [-] Starting a worker. times: 10 duration: None concurrency: 1 timeout: 0 cls: method_name: run args: {"template_path": "heat_template_version: 2014-10-16\n\ndescription: Test template for rally create-update-delete scenario\n\nresources:\n test_string_one:\n type: OS::Heat::RandomString\n properties:\n length: 20\n test_string_two:\n type: OS::Heat::RandomString\n properties:\n length: 20"}
2020-04-13 03:03:31.333 7591 RALLYDEBUG rally.task.runner [-] Starting a worker. times: 10 duration: None concurrency: 1 timeout: 0 cls: method_name: run args: {"template_path": "heat_template_version: 2014-10-16\n\ndescription: Test template for rally create-update-delete scenario\n\nresources:\n test_string_one:\n type: OS::Heat::RandomString\n properties:\n length: 20\n test_string_two:\n type: OS::Heat::RandomString\n properties:\n length: 20"}
2020-04-13 03:03:31.334 7588 INFO rally.task.runner [-] Task 22777085-68c6-4e80-a742-93cfb69b7998 | ITER: 1 START
2020-04-13 03:03:31.335 7589 INFO rally.task.runner [-] Task 22777085-68c6-4e80-a742-93cfb69b7998 | ITER: 2 START
2020-04-13 03:03:31.338 7590 INFO rally.task.runner [-] Task 22777085-68c6-4e80-a742-93cfb69b7998 | ITER: 3 START
2020-04-13 03:03:31.340 7591 INFO rally.task.runner [-] Task 22777085-68c6-4e80-a742-93cfb69b7998 | ITER: 4 START
2020-04-13 03:03:34.151 7591 RALLYDEBUG rally.task.utils [-] Waiting for resource . Status changed: CREATE_IN_PROGRESS => CREATE_COMPLETE in 0.0943152904510498
2020-04-13 03:03:34.250 7590 RALLYDEBUG rally.task.utils [-] Waiting for resource . Status changed: CREATE_IN_PROGRESS => CREATE_COMPLETE in 0.08457136154174805
2020-04-13 03:03:34.256 7589 RALLYDEBUG rally.task.utils [-] Waiting for resource . Status changed: CREATE_IN_PROGRESS => CREATE_COMPLETE in 0.07680320739746094
2020-04-13 03:03:34.284 7588 RALLYDEBUG rally.task.utils [-] Waiting for resource . Status changed: CREATE_IN_PROGRESS => CREATE_COMPLETE in 0.07744431495666504
2020-04-13 03:03:34.335 7591 RALLYDEBUG rally.task.utils [-] Waiting for resource . Status changed: CREATE_COMPLETE => CHECK_COMPLETE in 0.07615971565246582
2020-04-13 03:03:34.450 7589 RALLYDEBUG rally.task.utils [-] Waiting for resource . Status changed: CREATE_COMPLETE => CHECK_IN_PROGRESS in 0.08087539672851562
2020-04-13 03:03:34.471 7588 RALLYDEBUG rally.task.utils [-] Waiting for resource . Status changed: CREATE_COMPLETE => CHECK_IN_PROGRESS in 0.0762941837310791
2020-04-13 03:03:34.472 7590 RALLYDEBUG rally.task.utils [-] Waiting for resource . Status changed: CREATE_COMPLETE => CHECK_IN_PROGRESS in 0.08438801765441895
2020-04-13 03:03:34.495 7591 RALLYDEBUG rally.task.utils [-] Waiting for resource . Status changed: CREATE_COMPLETE => DELETE_IN_PROGRESS in 0.0650017261505127
2020-04-13 03:03:35.542 7589 RALLYDEBUG rally.task.utils [-] Waiting for resource . Status changed: CHECK_IN_PROGRESS => CHECK_COMPLETE in 1.0915517807006836
2020-04-13 03:03:35.552 7590 RALLYDEBUG rally.task.utils [-] Waiting for resource . Status changed: CHECK_IN_PROGRESS => CHECK_COMPLETE in 1.0798609256744385
2020-04-13 03:03:35.552 7588 RALLYDEBUG rally.task.utils [-] Waiting for resource . Status changed: CHECK_IN_PROGRESS => CHECK_COMPLETE in 1.0817553997039795
2020-04-13 03:03:35.696 7589 RALLYDEBUG rally.task.utils [-] Waiting for resource . Status changed: CREATE_COMPLETE => DELETE_IN_PROGRESS in 0.06939077377319336
2020-04-13 03:03:35.710 7590 RALLYDEBUG rally.task.utils [-] Waiting for resource . Status changed: CREATE_COMPLETE => DELETE_IN_PROGRESS in 0.06781339645385742
2020-04-13 03:03:35.713 7588 RALLYDEBUG rally.task.utils [-] Waiting for resource . Status changed: CREATE_COMPLETE => DELETE_IN_PROGRESS in 0.061308860778808594
2020-04-13 03:03:36.648 7591 INFO rally.task.runner [-] Task 22777085-68c6-4e80-a742-93cfb69b7998 | ITER: 4 END: OK
2020-04-13 03:03:36.653 7591 INFO rally.task.runner [-] Task 22777085-68c6-4e80-a742-93cfb69b7998 | ITER: 5 START
2020-04-13 03:03:37.842 7589 INFO rally.task.runner [-] Task 22777085-68c6-4e80-a742-93cfb69b7998 | ITER: 2 END: OK
2020-04-13 03:03:37.847 7589 INFO rally.task.runner [-] Task 22777085-68c6-4e80-a742-93cfb69b7998 | ITER: 6 START
2020-04-13 03:03:37.856 7590 INFO rally.task.runner [-] Task 22777085-68c6-4e80-a742-93cfb69b7998 | ITER: 3 END: OK
2020-04-13 03:03:37.859 7588 INFO rally.task.runner [-] Task 22777085-68c6-4e80-a742-93cfb69b7998 | ITER: 1 END: OK
2020-04-13 03:03:37.861 7590 INFO rally.task.runner [-] Task 22777085-68c6-4e80-a742-93cfb69b7998 | ITER: 7 START
2020-04-13 03:03:37.864 7588 INFO rally.task.runner [-] Task 22777085-68c6-4e80-a742-93cfb69b7998 | ITER: 8 START
2020-04-13 03:03:39.491 7591 RALLYDEBUG rally.task.utils [-] Waiting for resource . Status changed: CREATE_IN_PROGRESS => CREATE_COMPLETE in 0.0897369384765625
2020-04-13 03:03:39.687 7591 RALLYDEBUG rally.task.utils [-] Waiting for resource . Status changed: CREATE_COMPLETE => CHECK_COMPLETE in 0.07958269119262695
2020-04-13 03:03:39.866 7591 RALLYDEBUG rally.task.utils [-] Waiting for resource . Status changed: CREATE_COMPLETE => DELETE_IN_PROGRESS in 0.08048152923583984
2020-04-13 03:03:40.707 7588 RALLYDEBUG rally.task.utils [-] Waiting for resource . Status changed: CREATE_IN_PROGRESS => CREATE_COMPLETE in 0.07492589950561523
2020-04-13 03:03:40.734 7589 RALLYDEBUG rally.task.utils [-] Waiting for resource . Status changed: CREATE_IN_PROGRESS => CREATE_COMPLETE in 0.0754387378692627
2020-04-13 03:03:40.757 7590 RALLYDEBUG rally.task.utils [-] Waiting for resource . Status changed: CREATE_IN_PROGRESS => CREATE_COMPLETE in 0.08555483818054199
2020-04-13 03:03:40.889 7588 RALLYDEBUG rally.task.utils [-] Waiting for resource . Status changed: CREATE_COMPLETE => CHECK_IN_PROGRESS in 0.07860541343688965
2020-04-13 03:03:40.946 7589 RALLYDEBUG rally.task.utils [-] Waiting for resource . Status changed: CREATE_COMPLETE => CHECK_IN_PROGRESS in 0.07743096351623535
2020-04-13 03:03:40.969 7590 RALLYDEBUG rally.task.utils [-] Waiting for resource . Status changed: CREATE_COMPLETE => CHECK_IN_PROGRESS in 0.08490967750549316
2020-04-13 03:03:41.978 7588 RALLYDEBUG rally.task.utils [-] Waiting for resource . Status changed: CHECK_IN_PROGRESS => CHECK_COMPLETE in 1.089409351348877
2020-04-13 03:03:42.016 7591 INFO rally.task.runner [-] Task 22777085-68c6-4e80-a742-93cfb69b7998 | ITER: 5 END: OK
2020-04-13 03:03:42.020 7591 INFO rally.task.runner [-] Task 22777085-68c6-4e80-a742-93cfb69b7998 | ITER: 9 START
2020-04-13 03:03:42.050 7590 RALLYDEBUG rally.task.utils [-] Waiting for resource . Status changed: CHECK_IN_PROGRESS => CHECK_COMPLETE in 1.0802466869354248
2020-04-13 03:03:42.115 7588 RALLYDEBUG rally.task.utils [-] Waiting for resource . Status changed: CREATE_COMPLETE => DELETE_IN_PROGRESS in 0.06279134750366211
2020-04-13 03:03:42.127 7589 RALLYDEBUG rally.task.utils [-] Waiting for resource . Status changed: CHECK_IN_PROGRESS => CHECK_COMPLETE in 1.1818203926086426
2020-04-13 03:03:42.194 7590 RALLYDEBUG rally.task.utils [-] Waiting for resource . Status changed: CREATE_COMPLETE => DELETE_IN_PROGRESS in 0.06445789337158203
2020-04-13 03:03:42.288 7589 RALLYDEBUG rally.task.utils [-] Waiting for resource . Status changed: CREATE_COMPLETE => DELETE_IN_PROGRESS in 0.07685351371765137
2020-04-13 03:03:43.191 7588 INFO rally.task.runner [-] Task 22777085-68c6-4e80-a742-93cfb69b7998 | ITER: 8 END: OK
2020-04-13 03:03:43.195 7588 INFO rally.task.runner [-] Task 22777085-68c6-4e80-a742-93cfb69b7998 | ITER: 10 START
2020-04-13 03:03:44.335 7590 INFO rally.task.runner [-] Task 22777085-68c6-4e80-a742-93cfb69b7998 | ITER: 7 END: OK
2020-04-13 03:03:44.433 7589 INFO rally.task.runner [-] Task 22777085-68c6-4e80-a742-93cfb69b7998 | ITER: 6 END: OK
2020-04-13 03:03:44.845 7591 RALLYDEBUG rally.task.utils [-] Waiting for resource . Status changed: CREATE_IN_PROGRESS => CREATE_COMPLETE in 0.09019160270690918
2020-04-13 03:03:45.044 7591 RALLYDEBUG rally.task.utils [-] Waiting for resource . Status changed: CREATE_COMPLETE => CHECK_IN_PROGRESS in 0.07883810997009277
2020-04-13 03:03:46.005 7588 RALLYDEBUG rally.task.utils [-] Waiting for resource . Status changed: CREATE_IN_PROGRESS => CREATE_COMPLETE in 0.0854654312133789
2020-04-13 03:03:46.125 7591 RALLYDEBUG rally.task.utils [-] Waiting for resource . Status changed: CHECK_IN_PROGRESS => CHECK_COMPLETE in 1.0813710689544678
2020-04-13 03:03:46.193 7588 RALLYDEBUG rally.task.utils [-] Waiting for resource . Status changed: CREATE_COMPLETE => CHECK_COMPLETE in 0.07837414741516113
2020-04-13 03:03:46.271 7591 RALLYDEBUG rally.task.utils [-] Waiting for resource . Status changed: CREATE_COMPLETE => DELETE_IN_PROGRESS in 0.07253479957580566
2020-04-13 03:03:46.331 7588 RALLYDEBUG rally.task.utils [-] Waiting for resource . Status changed: CREATE_COMPLETE => DELETE_IN_PROGRESS in 0.07323288917541504
2020-04-13 03:03:47.347 7591 INFO rally.task.runner [-] Task 22777085-68c6-4e80-a742-93cfb69b7998 | ITER: 9 END: OK
2020-04-13 03:03:48.487 7588 INFO rally.task.runner [-] Task 22777085-68c6-4e80-a742-93cfb69b7998 | ITER: 10 END: OK
2020-04-13 03:03:48.510 5253 INFO rally.task.context [-] Task 22777085-68c6-4e80-a742-93cfb69b7998 | Context cleanup@openstack cleanup() started
2020-04-13 03:03:48.514 5253 RALLYDEBUG rally_openstack.cleanup.manager [-] Cleaning up heat stacks objects
2020-04-13 03:03:49.301 5253 INFO rally.task.context [-] Task 22777085-68c6-4e80-a742-93cfb69b7998 | Context cleanup@openstack cleanup() finished in 0.79 sec
2020-04-13 03:03:49.302 5253 INFO rally.task.context [-] Task 22777085-68c6-4e80-a742-93cfb69b7998 | Context roles@openstack cleanup() started
2020-04-13 03:03:49.303 5253 RALLYDEBUG rally_openstack.contexts.keystone.roles [-] Removing assigned role ae1393230f8e4b248a273fec57604d12 from all users
2020-04-13 03:03:49.823 5253 INFO rally.task.context [-] Task 22777085-68c6-4e80-a742-93cfb69b7998 | Context roles@openstack cleanup() finished in 0.52 sec
2020-04-13 03:03:49.823 5253 INFO rally.task.context [-] Task 22777085-68c6-4e80-a742-93cfb69b7998 | Context users@openstack cleanup() started
2020-04-13 03:03:50.100 5253 WARNING rally.common.logging [-] `iterate_per_tenants()' is deprecated in v3.0.0: it is openstack specific.. Used at
2020-04-13 03:03:52.920 5253 INFO rally.task.context [-] Task 22777085-68c6-4e80-a742-93cfb69b7998 | Context users@openstack cleanup() finished in 3.10 sec
2020-04-13 03:03:53.775 5253 INFO rally.task.engine [-] Load duration is: 15.151256
2020-04-13 03:03:53.776 5253 INFO rally.task.engine [-] Full runner duration is: 17.196165
2020-04-13 03:03:53.776 5253 INFO rally.task.engine [-] Full duration is: 25.325865
2020-04-13 03:03:53.872 5253 INFO rally.task.engine [-] Running workload: position = 0 config = { "version": 2, "title": "A cropped version of a bigger task.", "description": "Auto-generated task from a single workload (uuid=520c002b-79d3-4aa5-aed8-a59c80a38bbe)", "subtasks": [ { "title": "HeatStacks.create_suspend_resume_delete_stack", "description": "Create, suspend-resume and then delete a stack.", "scenario": { "HeatStacks.create_suspend_resume_delete_stack": { "template_path": "/usr/lib/python3.7/site-packages/functest/opnfv_tests/openstack/rally/scenario/templates/random_strings.yaml.template" } }, "contexts": { "users": { "tenants": 3, "users_per_tenant": 2 }, "roles": [ "heat_stack_owner" ] }, "runner": { "constant": { "concurrency": 4, "times": 10 } }, "hooks": [], "sla": { "failure_rate": { "max": 0 } } } ] }
2020-04-13 03:03:53.890 5253 RALLYDEBUG rally_openstack.contexts.keystone.users [-] Creating 3 tenants using 3 threads
2020-04-13 03:03:54.430 5253 RALLYDEBUG rally_openstack.contexts.keystone.users [-] Creating 6 users using 6 threads
2020-04-13 03:03:55.422 5253 INFO rally.task.context [-] Task 22777085-68c6-4e80-a742-93cfb69b7998 | Context users@openstack setup() finished in 1.53 sec
2020-04-13 03:03:55.751 5253 RALLYDEBUG rally_openstack.contexts.keystone.roles [-] Adding role heat_stack_owner having ID ae1393230f8e4b248a273fec57604d12 to all users using 30 threads
2020-04-13 03:03:57.853 5253 INFO rally.task.context [-] Task 22777085-68c6-4e80-a742-93cfb69b7998 | Context roles@openstack setup() finished in 2.43 sec
2020-04-13 03:03:57.855 5253 INFO rally.task.context [-] Task 22777085-68c6-4e80-a742-93cfb69b7998 | Context cleanup@openstack setup() finished in 0.01 msec
2020-04-13 03:03:57.868 5253 RALLYDEBUG rally.task.runner [-] Starting the constant runner (task UUID: 22777085-68c6-4e80-a742-93cfb69b7998). times: 10 concurrency: 4 timeout: 0 max_cpu_used: 88 processes_to_start: 4 concurrency_per_worker: 1 concurrency_overhead: 0
2020-04-13 03:03:57.880 7741 RALLYDEBUG rally.task.runner [-] Starting a worker. times: 10 duration: None concurrency: 1 timeout: 0 cls: method_name: run args: {"template_path": "heat_template_version: 2014-10-16\n\ndescription: Test template for rally create-update-delete scenario\n\nresources:\n test_string_one:\n type: OS::Heat::RandomString\n properties:\n length: 20\n test_string_two:\n type: OS::Heat::RandomString\n properties:\n length: 20"}
2020-04-13 03:03:57.882 7742 RALLYDEBUG rally.task.runner [-] Starting a worker. times: 10 duration: None concurrency: 1 timeout: 0 cls: method_name: run args: {"template_path": "heat_template_version: 2014-10-16\n\ndescription: Test template for rally create-update-delete scenario\n\nresources:\n test_string_one:\n type: OS::Heat::RandomString\n properties:\n length: 20\n test_string_two:\n type: OS::Heat::RandomString\n properties:\n length: 20"}
2020-04-13 03:03:57.884 7743 RALLYDEBUG rally.task.runner [-] Starting a worker. times: 10 duration: None concurrency: 1 timeout: 0 cls: method_name: run args: {"template_path": "heat_template_version: 2014-10-16\n\ndescription: Test template for rally create-update-delete scenario\n\nresources:\n test_string_one:\n type: OS::Heat::RandomString\n properties:\n length: 20\n test_string_two:\n type: OS::Heat::RandomString\n properties:\n length: 20"}
2020-04-13 03:03:57.887 7741 INFO rally.task.runner [-] Task 22777085-68c6-4e80-a742-93cfb69b7998 | ITER: 1 START
2020-04-13 03:03:57.887 7744 RALLYDEBUG rally.task.runner [-] Starting a worker. times: 10 duration: None concurrency: 1 timeout: 0 cls: method_name: run args: {"template_path": "heat_template_version: 2014-10-16\n\ndescription: Test template for rally create-update-delete scenario\n\nresources:\n test_string_one:\n type: OS::Heat::RandomString\n properties:\n length: 20\n test_string_two:\n type: OS::Heat::RandomString\n properties:\n length: 20"}
2020-04-13 03:03:57.889 7742 INFO rally.task.runner [-] Task 22777085-68c6-4e80-a742-93cfb69b7998 | ITER: 2 START
2020-04-13 03:03:57.891 7743 INFO rally.task.runner [-] Task 22777085-68c6-4e80-a742-93cfb69b7998 | ITER: 3 START
2020-04-13 03:03:57.893 7744 INFO rally.task.runner [-] Task 22777085-68c6-4e80-a742-93cfb69b7998 | ITER: 4 START
2020-04-13 03:04:00.743 7744 RALLYDEBUG rally.task.utils [-] Waiting for resource . Status changed: CREATE_IN_PROGRESS => CREATE_COMPLETE in 0.08692312240600586
2020-04-13 03:04:00.761 7742 RALLYDEBUG rally.task.utils [-] Waiting for resource . Status changed: CREATE_IN_PROGRESS => CREATE_COMPLETE in 0.08493447303771973
2020-04-13 03:04:00.765 7741 RALLYDEBUG rally.task.utils [-] Waiting for resource . Status changed: CREATE_IN_PROGRESS => CREATE_COMPLETE in 0.08432507514953613
2020-04-13 03:04:00.825 7743 RALLYDEBUG rally.task.utils [-] Waiting for resource . Status changed: CREATE_IN_PROGRESS => CREATE_COMPLETE in 0.0716867446899414
2020-04-13 03:04:00.930 7744 RALLYDEBUG rally.task.utils [-] Waiting for resource . Status changed: CREATE_COMPLETE => SUSPEND_IN_PROGRESS in 0.07372260093688965
2020-04-13 03:04:00.936 7742 RALLYDEBUG rally.task.utils [-] Waiting for resource . Status changed: CREATE_COMPLETE => SUSPEND_IN_PROGRESS in 0.07318615913391113
2020-04-13 03:04:00.978 7741 RALLYDEBUG rally.task.utils [-] Waiting for resource . Status changed: CREATE_COMPLETE => SUSPEND_IN_PROGRESS in 0.08120441436767578
2020-04-13 03:04:01.039 7743 RALLYDEBUG rally.task.utils [-] Waiting for resource . Status changed: CREATE_COMPLETE => SUSPEND_IN_PROGRESS in 0.07525968551635742
2020-04-13 03:04:02.017 7744 RALLYDEBUG rally.task.utils [-] Waiting for resource . Status changed: SUSPEND_IN_PROGRESS => SUSPEND_COMPLETE in 1.0863032341003418
2020-04-13 03:04:02.018 7742 RALLYDEBUG rally.task.utils [-] Waiting for resource . Status changed: SUSPEND_IN_PROGRESS => SUSPEND_COMPLETE in 1.0824542045593262
2020-04-13 03:04:02.060 7741 RALLYDEBUG rally.task.utils [-] Waiting for resource . Status changed: SUSPEND_IN_PROGRESS => SUSPEND_COMPLETE in 1.0824253559112549
2020-04-13 03:04:02.129 7743 RALLYDEBUG rally.task.utils [-] Waiting for resource . Status changed: SUSPEND_IN_PROGRESS => SUSPEND_COMPLETE in 1.0896697044372559
2020-04-13 03:04:02.213 7744 RALLYDEBUG rally.task.utils [-] Waiting for resource . Status changed: CREATE_COMPLETE => RESUME_IN_PROGRESS in 0.07918596267700195
2020-04-13 03:04:02.218 7742 RALLYDEBUG rally.task.utils [-] Waiting for resource . Status changed: CREATE_COMPLETE => RESUME_IN_PROGRESS in 0.08332657814025879
2020-04-13 03:04:02.291 7741 RALLYDEBUG rally.task.utils [-] Waiting for resource . Status changed: CREATE_COMPLETE => RESUME_IN_PROGRESS in 0.08118224143981934
2020-04-13 03:04:02.344 7743 RALLYDEBUG rally.task.utils [-] Waiting for resource . Status changed: CREATE_COMPLETE => RESUME_IN_PROGRESS in 0.0755457878112793
2020-04-13 03:04:03.305 7742 RALLYDEBUG rally.task.utils [-] Waiting for resource . Status changed: RESUME_IN_PROGRESS => RESUME_COMPLETE in 1.0873210430145264
2020-04-13 03:04:03.311 7744 RALLYDEBUG rally.task.utils [-] Waiting for resource . Status changed: RESUME_IN_PROGRESS => RESUME_COMPLETE in 1.0975117683410645
2020-04-13 03:04:03.375 7741 RALLYDEBUG rally.task.utils [-] Waiting for resource . Status changed: RESUME_IN_PROGRESS => RESUME_COMPLETE in 1.0841078758239746
2020-04-13 03:04:03.428 7743 RALLYDEBUG rally.task.utils [-] Waiting for resource . Status changed: RESUME_IN_PROGRESS => RESUME_COMPLETE in 1.0834813117980957
2020-04-13 03:04:03.452 7742 RALLYDEBUG rally.task.utils [-] Waiting for resource . Status changed: CREATE_COMPLETE => DELETE_IN_PROGRESS in 0.07175350189208984
2020-04-13 03:04:03.467 7744 RALLYDEBUG rally.task.utils [-] Waiting for resource . Status changed: CREATE_COMPLETE => DELETE_IN_PROGRESS in 0.0618898868560791
2020-04-13 03:04:03.534 7741 RALLYDEBUG rally.task.utils [-] Waiting for resource . Status changed: CREATE_COMPLETE => DELETE_IN_PROGRESS in 0.0660102367401123
2020-04-13 03:04:03.609 7743 RALLYDEBUG rally.task.utils [-] Waiting for resource . Status changed: CREATE_COMPLETE => DELETE_IN_PROGRESS in 0.07466888427734375
2020-04-13 03:04:05.604 7742 INFO rally.task.runner [-] Task 22777085-68c6-4e80-a742-93cfb69b7998 | ITER: 2 END: OK
2020-04-13 03:04:05.609 7742 INFO rally.task.runner [-] Task 22777085-68c6-4e80-a742-93cfb69b7998 | ITER: 5 START
2020-04-13 03:04:05.624 7744 INFO rally.task.runner [-] Task 22777085-68c6-4e80-a742-93cfb69b7998 | ITER: 4 END: OK
2020-04-13 03:04:05.628 7744 INFO rally.task.runner [-] Task 22777085-68c6-4e80-a742-93cfb69b7998 | ITER: 6 START
2020-04-13 03:04:05.684 7741 INFO rally.task.runner [-] Task 22777085-68c6-4e80-a742-93cfb69b7998 | ITER: 1 END: OK
2020-04-13 03:04:05.690 7741 INFO rally.task.runner [-] Task 22777085-68c6-4e80-a742-93cfb69b7998 | ITER: 7 START
2020-04-13 03:04:05.758 7743 INFO rally.task.runner [-] Task 22777085-68c6-4e80-a742-93cfb69b7998 | ITER: 3 END: OK
2020-04-13 03:04:05.763 7743 INFO rally.task.runner [-] Task 22777085-68c6-4e80-a742-93cfb69b7998 | ITER: 8 START
2020-04-13 03:04:08.445 7744 RALLYDEBUG rally.task.utils [-] Waiting for resource . Status changed: CREATE_IN_PROGRESS => CREATE_COMPLETE in 0.09650564193725586
2020-04-13 03:04:08.512 7742 RALLYDEBUG rally.task.utils [-] Waiting for resource . Status changed: CREATE_IN_PROGRESS => CREATE_COMPLETE in 0.08582091331481934
2020-04-13 03:04:08.607 7743 RALLYDEBUG rally.task.utils [-] Waiting for resource . Status changed: CREATE_IN_PROGRESS => CREATE_COMPLETE in 0.07758593559265137
2020-04-13 03:04:08.642 7744 RALLYDEBUG rally.task.utils [-] Waiting for resource . Status changed: CREATE_COMPLETE => SUSPEND_IN_PROGRESS in 0.08359336853027344
2020-04-13 03:04:08.694 7741 RALLYDEBUG rally.task.utils [-] Waiting for resource . Status changed: CREATE_IN_PROGRESS => CREATE_COMPLETE in 0.2350447177886963
2020-04-13 03:04:08.726 7742 RALLYDEBUG rally.task.utils [-] Waiting for resource . Status changed: CREATE_COMPLETE => SUSPEND_IN_PROGRESS in 0.07686352729797363
2020-04-13 03:04:08.904 7741 RALLYDEBUG rally.task.utils [-] Waiting for resource . Status changed: CREATE_COMPLETE => SUSPEND_IN_PROGRESS in 0.08012533187866211
2020-04-13 03:04:08.915 7743 RALLYDEBUG rally.task.utils [-] Waiting for resource . Status changed: CREATE_COMPLETE => SUSPEND_COMPLETE in 0.18246722221374512
2020-04-13 03:04:09.098 7743 RALLYDEBUG rally.task.utils [-] Waiting for resource . Status changed: CREATE_COMPLETE => RESUME_IN_PROGRESS in 0.07497715950012207
2020-04-13 03:04:09.724 7744 RALLYDEBUG rally.task.utils [-] Waiting for resource . Status changed: SUSPEND_IN_PROGRESS => SUSPEND_COMPLETE in 1.0826184749603271
2020-04-13 03:04:09.799 7742 RALLYDEBUG rally.task.utils [-] Waiting for resource . Status changed: SUSPEND_IN_PROGRESS => SUSPEND_COMPLETE in 1.0732719898223877
2020-04-13 03:04:09.915 7744 RALLYDEBUG rally.task.utils [-] Waiting for resource . Status changed: CREATE_COMPLETE => RESUME_IN_PROGRESS in 0.07943940162658691
2020-04-13 03:04:09.982 7741 RALLYDEBUG rally.task.utils [-] Waiting for resource . Status changed: SUSPEND_IN_PROGRESS => SUSPEND_COMPLETE in 1.0786101818084717
2020-04-13 03:04:10.001 7742 RALLYDEBUG rally.task.utils [-] Waiting for resource . Status changed: CREATE_COMPLETE => RESUME_IN_PROGRESS in 0.07255864143371582
2020-04-13 03:04:10.159 7741 RALLYDEBUG rally.task.utils [-] Waiting for resource . Status changed: CREATE_COMPLETE => RESUME_IN_PROGRESS in 0.07104778289794922
2020-04-13 03:04:10.181 7743 RALLYDEBUG rally.task.utils [-] Waiting for resource . Status changed: RESUME_IN_PROGRESS => RESUME_COMPLETE in 1.0830144882202148
2020-04-13 03:04:10.311 7743 RALLYDEBUG rally.task.utils [-] Waiting for resource . Status changed: CREATE_COMPLETE => DELETE_IN_PROGRESS in 0.07002091407775879
2020-04-13 03:04:11.002 7744 RALLYDEBUG rally.task.utils [-] Waiting for resource . Status changed: RESUME_IN_PROGRESS => RESUME_COMPLETE in 1.0870256423950195
2020-04-13 03:04:11.085 7742 RALLYDEBUG rally.task.utils [-] Waiting for resource . Status changed: RESUME_IN_PROGRESS => RESUME_COMPLETE in 1.0844242572784424
2020-04-13 03:04:11.132 7744 RALLYDEBUG rally.task.utils [-] Waiting for resource . Status changed: CREATE_COMPLETE => DELETE_IN_PROGRESS in 0.07049679756164551
2020-04-13 03:04:11.236 7742 RALLYDEBUG rally.task.utils [-] Waiting for resource . Status changed: CREATE_COMPLETE => DELETE_IN_PROGRESS in 0.07543206214904785
2020-04-13 03:04:11.246 7741 RALLYDEBUG rally.task.utils [-] Waiting for resource . Status changed: RESUME_IN_PROGRESS => RESUME_COMPLETE in 1.0866575241088867
2020-04-13 03:04:11.394 7741 RALLYDEBUG rally.task.utils [-] Waiting for resource . Status changed: CREATE_COMPLETE => DELETE_IN_PROGRESS in 0.06813979148864746
2020-04-13 03:04:12.204 7744 INFO rally.task.runner [-] Task 22777085-68c6-4e80-a742-93cfb69b7998 | ITER: 6 END: OK
2020-04-13 03:04:12.208 7744 INFO rally.task.runner [-] Task 22777085-68c6-4e80-a742-93cfb69b7998 | ITER: 9 START
2020-04-13 03:04:12.451 7743 INFO rally.task.runner [-] Task 22777085-68c6-4e80-a742-93cfb69b7998 | ITER: 8 END: OK
2020-04-13 03:04:12.456 7743 INFO rally.task.runner [-] Task 22777085-68c6-4e80-a742-93cfb69b7998 | ITER: 10 START
2020-04-13 03:04:13.379 7742 INFO rally.task.runner [-] Task 22777085-68c6-4e80-a742-93cfb69b7998 | ITER: 5 END: OK
2020-04-13 03:04:13.538 7741 INFO rally.task.runner [-] Task 22777085-68c6-4e80-a742-93cfb69b7998 | ITER: 7 END: OK
2020-04-13 03:04:15.080 7744 RALLYDEBUG rally.task.utils [-] Waiting for resource . Status changed: CREATE_IN_PROGRESS => CREATE_COMPLETE in 0.08606481552124023
2020-04-13 03:04:15.184 7743 RALLYDEBUG rally.task.utils [-] Waiting for resource . Status changed: CREATE_IN_PROGRESS => CREATE_COMPLETE in 0.08395004272460938
2020-04-13 03:04:15.279 7744 RALLYDEBUG rally.task.utils [-] Waiting for resource . Status changed: CREATE_COMPLETE => SUSPEND_IN_PROGRESS in 0.07767653465270996
2020-04-13 03:04:15.386 7743 RALLYDEBUG rally.task.utils [-] Waiting for resource . Status changed: CREATE_COMPLETE => SUSPEND_IN_PROGRESS in 0.07770085334777832
2020-04-13 03:04:16.370 7744 RALLYDEBUG rally.task.utils [-] Waiting for resource . Status changed: SUSPEND_IN_PROGRESS => SUSPEND_COMPLETE in 1.0907785892486572
2020-04-13 03:04:16.473 7743 RALLYDEBUG rally.task.utils [-] Waiting for resource . Status changed: SUSPEND_IN_PROGRESS => SUSPEND_COMPLETE in 1.0867927074432373
2020-04-13 03:04:16.570 7744 RALLYDEBUG rally.task.utils [-] Waiting for resource . Status changed: CREATE_COMPLETE => RESUME_IN_PROGRESS in 0.08441781997680664
2020-04-13 03:04:16.673 7743 RALLYDEBUG rally.task.utils [-] Waiting for resource . Status changed: CREATE_COMPLETE => RESUME_IN_PROGRESS in 0.07925963401794434
2020-04-13 03:04:17.661 7744 RALLYDEBUG rally.task.utils [-] Waiting for resource . Status changed: RESUME_IN_PROGRESS => RESUME_COMPLETE in 1.0902929306030273
2020-04-13 03:04:17.759 7743 RALLYDEBUG rally.task.utils [-] Waiting for resource . Status changed: RESUME_IN_PROGRESS => RESUME_COMPLETE in 1.0862181186676025
2020-04-13 03:04:17.801 7744 RALLYDEBUG rally.task.utils [-] Waiting for resource . Status changed: CREATE_COMPLETE => DELETE_IN_PROGRESS in 0.07411503791809082
2020-04-13 03:04:17.932 7743 RALLYDEBUG rally.task.utils [-] Waiting for resource . Status changed: CREATE_COMPLETE => DELETE_IN_PROGRESS in 0.08151674270629883
2020-04-13 03:04:18.871 7744 INFO rally.task.runner [-] Task 22777085-68c6-4e80-a742-93cfb69b7998 | ITER: 9 END: OK
2020-04-13 03:04:19.004 7743 INFO rally.task.runner [-] Task 22777085-68c6-4e80-a742-93cfb69b7998 | ITER: 10 END: OK
2020-04-13 03:04:19.029 5253 INFO rally.task.context [-] Task 22777085-68c6-4e80-a742-93cfb69b7998 | Context cleanup@openstack cleanup() started
2020-04-13 03:04:19.034 5253 RALLYDEBUG rally_openstack.cleanup.manager [-] Cleaning up heat stacks objects
2020-04-13 03:04:20.202 5253 INFO rally.task.context [-] Task 22777085-68c6-4e80-a742-93cfb69b7998 | Context cleanup@openstack cleanup() finished in 1.17 sec
2020-04-13 03:04:20.203 5253 INFO rally.task.context [-] Task 22777085-68c6-4e80-a742-93cfb69b7998 | Context roles@openstack cleanup() started
2020-04-13 03:04:20.204 5253 RALLYDEBUG rally_openstack.contexts.keystone.roles [-] Removing assigned role ae1393230f8e4b248a273fec57604d12 from all users
2020-04-13 03:04:20.754 5253 INFO rally.task.context [-] Task 22777085-68c6-4e80-a742-93cfb69b7998 | Context roles@openstack cleanup() finished in 0.55 sec
2020-04-13 03:04:20.755 5253 INFO rally.task.context [-] Task 22777085-68c6-4e80-a742-93cfb69b7998 | Context users@openstack cleanup() started
2020-04-13 03:04:21.034 5253 WARNING rally.common.logging [-] `iterate_per_tenants()' is deprecated in v3.0.0: it is openstack specific.. Used at
2020-04-13 03:04:23.753 5253 INFO rally.task.context [-] Task 22777085-68c6-4e80-a742-93cfb69b7998 | Context users@openstack cleanup() finished in 3.00 sec
2020-04-13 03:04:24.079 5253 INFO rally.task.engine [-] Load duration is: 19.114839
2020-04-13 03:04:24.080 5253 INFO rally.task.engine [-] Full runner duration is: 21.162436
2020-04-13 03:04:24.080 5253 INFO rally.task.engine [-] Full duration is: 29.864377
2020-04-13 03:04:24.184 5253 INFO rally.task.engine [-] Running workload: position = 0 config = { "version": 2, "title": "A cropped version of a bigger task.", "description": "Auto-generated task from a single workload (uuid=8d31adec-ecf1-4033-a769-23d74b9d270b)", "subtasks": [ { "title": "HeatStacks.list_stacks_and_resources", "description": "List all resources from tenant stacks.", "scenario": { "HeatStacks.list_stacks_and_resources": {} }, "contexts": { "users": { "tenants": 3, "users_per_tenant": 2 }, "roles": [ "heat_stack_owner" ] }, "runner": { "constant": { "concurrency": 4, "times": 10 } }, "hooks": [], "sla": { "failure_rate": { "max": 0 } } } ] }
2020-04-13 03:04:24.202 5253 RALLYDEBUG rally_openstack.contexts.keystone.users [-] Creating 3 tenants using 3 threads
2020-04-13 03:04:24.738 5253 RALLYDEBUG rally_openstack.contexts.keystone.users [-] Creating 6 users using 6 threads
2020-04-13 03:04:25.726 5253 INFO rally.task.context [-] Task 22777085-68c6-4e80-a742-93cfb69b7998 | Context users@openstack setup() finished in 1.52 sec
2020-04-13 03:04:25.967 5253 RALLYDEBUG rally_openstack.contexts.keystone.roles [-] Adding role heat_stack_owner having ID ae1393230f8e4b248a273fec57604d12 to all users using 30 threads
2020-04-13 03:04:27.757 5253 INFO rally.task.context [-] Task 22777085-68c6-4e80-a742-93cfb69b7998 | Context roles@openstack setup() finished in 2.03 sec
2020-04-13 03:04:27.768 5253 RALLYDEBUG rally.task.runner [-] Starting the constant runner (task UUID: 22777085-68c6-4e80-a742-93cfb69b7998). times: 10 concurrency: 4 timeout: 0 max_cpu_used: 88 processes_to_start: 4 concurrency_per_worker: 1 concurrency_overhead: 0
2020-04-13 03:04:27.780 7894 RALLYDEBUG rally.task.runner [-] Starting a worker. times: 10 duration: None concurrency: 1 timeout: 0 cls: method_name: run args: {}
2020-04-13 03:04:27.783 7895 RALLYDEBUG rally.task.runner [-] Starting a worker. times: 10 duration: None concurrency: 1 timeout: 0 cls: method_name: run args: {}
2020-04-13 03:04:27.786 7896 RALLYDEBUG rally.task.runner [-] Starting a worker. times: 10 duration: None concurrency: 1 timeout: 0 cls: method_name: run args: {}
2020-04-13 03:04:27.787 7894 INFO rally.task.runner [-] Task 22777085-68c6-4e80-a742-93cfb69b7998 | ITER: 1 START
2020-04-13 03:04:27.789 7895 INFO rally.task.runner [-] Task 22777085-68c6-4e80-a742-93cfb69b7998 | ITER: 2 START
2020-04-13 03:04:27.789 7897 RALLYDEBUG rally.task.runner [-] Starting a worker. times: 10 duration: None concurrency: 1 timeout: 0 cls: method_name: run args: {}
2020-04-13 03:04:27.793 7896 INFO rally.task.runner [-] Task 22777085-68c6-4e80-a742-93cfb69b7998 | ITER: 3 START
2020-04-13 03:04:27.794 7897 INFO rally.task.runner [-] Task 22777085-68c6-4e80-a742-93cfb69b7998 | ITER: 4 START
2020-04-13 03:04:28.097 7896 INFO rally.task.runner [-] Task 22777085-68c6-4e80-a742-93cfb69b7998 | ITER: 3 END: OK
2020-04-13 03:04:28.100 7894 INFO rally.task.runner [-] Task 22777085-68c6-4e80-a742-93cfb69b7998 | ITER: 1 END: OK
2020-04-13 03:04:28.102 7896 INFO rally.task.runner [-] Task 22777085-68c6-4e80-a742-93cfb69b7998 | ITER: 5 START
2020-04-13 03:04:28.105 7894 INFO rally.task.runner [-] Task 22777085-68c6-4e80-a742-93cfb69b7998 | ITER: 6 START
2020-04-13 03:04:28.107 7895 INFO rally.task.runner [-] Task 22777085-68c6-4e80-a742-93cfb69b7998 | ITER: 2 END: OK
2020-04-13 03:04:28.108 7897 INFO rally.task.runner [-] Task 22777085-68c6-4e80-a742-93cfb69b7998 | ITER: 4 END: OK
2020-04-13 03:04:28.111 7895 INFO rally.task.runner [-] Task 22777085-68c6-4e80-a742-93cfb69b7998 | ITER: 7 START
2020-04-13 03:04:28.113 7897 INFO rally.task.runner [-] Task 22777085-68c6-4e80-a742-93cfb69b7998 | ITER: 8 START
2020-04-13 03:04:28.303 7895 INFO rally.task.runner [-] Task 22777085-68c6-4e80-a742-93cfb69b7998 | ITER: 7 END: OK
2020-04-13 03:04:28.307 7895 INFO rally.task.runner [-] Task 22777085-68c6-4e80-a742-93cfb69b7998 | ITER: 9 START
2020-04-13 03:04:28.341 7897 INFO rally.task.runner [-] Task 22777085-68c6-4e80-a742-93cfb69b7998 | ITER: 8 END: OK
2020-04-13 03:04:28.344 7894 INFO rally.task.runner [-] Task 22777085-68c6-4e80-a742-93cfb69b7998 | ITER: 6 END: OK
2020-04-13 03:04:28.345 7897 INFO rally.task.runner [-] Task 22777085-68c6-4e80-a742-93cfb69b7998 | ITER: 10 START
2020-04-13 03:04:28.360 7896 INFO rally.task.runner [-] Task 22777085-68c6-4e80-a742-93cfb69b7998 | ITER: 5 END: OK
2020-04-13 03:04:28.476 7895 INFO rally.task.runner [-] Task 22777085-68c6-4e80-a742-93cfb69b7998 | ITER: 9 END: OK
2020-04-13 03:04:28.514 7897 INFO rally.task.runner [-] Task 22777085-68c6-4e80-a742-93cfb69b7998 | ITER: 10 END: OK
2020-04-13 03:04:28.537 5253 INFO rally.task.context [-] Task 22777085-68c6-4e80-a742-93cfb69b7998 | Context roles@openstack cleanup() started
2020-04-13 03:04:28.538 5253 RALLYDEBUG rally_openstack.contexts.keystone.roles [-] Removing assigned role ae1393230f8e4b248a273fec57604d12 from all users
2020-04-13 03:04:29.090 5253 INFO rally.task.context [-] Task 22777085-68c6-4e80-a742-93cfb69b7998 | Context roles@openstack cleanup() finished in 0.55 sec
2020-04-13 03:04:29.091 5253 INFO rally.task.context [-] Task 22777085-68c6-4e80-a742-93cfb69b7998 | Context users@openstack cleanup() started
2020-04-13 03:04:29.412 5253 WARNING rally.common.logging [-] `iterate_per_tenants()' is deprecated in v3.0.0: it is openstack specific.. Used at
2020-04-13 03:04:32.365 5253 INFO rally.task.context [-] Task 22777085-68c6-4e80-a742-93cfb69b7998 | Context users@openstack cleanup() finished in 3.27 sec
2020-04-13 03:04:34.291 5253 INFO rally.task.engine [-] Load duration is: 0.724864
2020-04-13 03:04:34.291 5253 INFO rally.task.engine [-] Full runner duration is: 0.769172
2020-04-13 03:04:34.292 5253 INFO rally.task.engine [-] Full duration is: 8.16477
2020-04-13 03:04:34.375 5253 INFO rally.task.engine [-] Task 22777085-68c6-4e80-a742-93cfb69b7998 | Completed: Running task.
2020-04-13 03:04:36.063 7986 RALLYDEBUG rally.api [-] INFO logs from urllib3 and requests module are hide.
2020-04-13 03:04:36.064 7986 RALLYDEBUG rally.api [-] urllib3 insecure warnings are hidden.
2020-04-13 03:04:36.064 7986 RALLYDEBUG rally.api [-] ERROR log from boto module is hide.
2020-04-13 03:04:37.378 7987 RALLYDEBUG rally.api [-] INFO logs from urllib3 and requests module are hide.
2020-04-13 03:04:37.378 7987 RALLYDEBUG rally.api [-] urllib3 insecure warnings are hidden.
2020-04-13 03:04:37.378 7987 RALLYDEBUG rally.api [-] ERROR log from boto module is hide.
2020-04-13 03:04:38.729 7988 RALLYDEBUG rally.api [-] INFO logs from urllib3 and requests module are hide.
2020-04-13 03:04:38.729 7988 RALLYDEBUG rally.api [-] urllib3 insecure warnings are hidden.
2020-04-13 03:04:38.729 7988 RALLYDEBUG rally.api [-] ERROR log from boto module is hide.
2020-04-13 03:04:40.674 7988 INFO rally.api [-] Building 'json' report for the following task(s): '22777085-68c6-4e80-a742-93cfb69b7998'.
2020-04-13 03:04:40.707 7988 INFO rally.api [-] The report has been successfully built.
2020-04-13 03:04:42.100 7990 RALLYDEBUG rally.api [-] INFO logs from urllib3 and requests module are hide.
2020-04-13 03:04:42.100 7990 RALLYDEBUG rally.api [-] urllib3 insecure warnings are hidden.
2020-04-13 03:04:42.100 7990 RALLYDEBUG rally.api [-] ERROR log from boto module is hide.
2020-04-13 03:04:44.120 7990 INFO rally.task.engine [-] Task 9825863a-82e0-4736-94f6-fb14f01fd7eb | Starting: Task validation.
2020-04-13 03:04:44.134 7990 INFO rally.task.engine [-] Task 9825863a-82e0-4736-94f6-fb14f01fd7eb | Starting: Task validation of syntax.
2020-04-13 03:04:44.257 7990 INFO rally.task.engine [-] Task 9825863a-82e0-4736-94f6-fb14f01fd7eb | Completed: Task validation of syntax.
2020-04-13 03:04:44.257 7990 INFO rally.task.engine [-] Task 9825863a-82e0-4736-94f6-fb14f01fd7eb | Starting: Task validation of required platforms.
2020-04-13 03:04:44.331 7990 INFO rally.task.engine [-] Task 9825863a-82e0-4736-94f6-fb14f01fd7eb | Completed: Task validation of required platforms.
2020-04-13 03:04:44.331 7990 INFO rally.task.engine [-] Task 9825863a-82e0-4736-94f6-fb14f01fd7eb | Starting: Task validation of semantic.
2020-04-13 03:04:44.331 7990 INFO rally.task.engine [-] Check health of the environment '7668f194-046b-4114-9f2e-351476141398'.
2020-04-13 03:04:44.978 7990 INFO rally.task.engine [-] Platform existing@openstack (available: True): OK!
2020-04-13 03:04:44.994 7990 RALLYDEBUG rally_openstack.contexts.keystone.users [-] Creating 1 tenants using 1 threads
2020-04-13 03:04:45.389 7990 RALLYDEBUG rally_openstack.contexts.keystone.users [-] Creating 1 users using 1 threads
2020-04-13 03:04:46.001 7990 INFO rally.task.context [-] Task 9825863a-82e0-4736-94f6-fb14f01fd7eb | Context users@openstack setup() finished in 1.01 sec
2020-04-13 03:04:46.103 7990 INFO rally.task.context [-] Task 9825863a-82e0-4736-94f6-fb14f01fd7eb | Context users@openstack cleanup() started
2020-04-13 03:04:46.465 7990 WARNING rally.common.logging [-] `iterate_per_tenants()' is deprecated in v3.0.0: it is openstack specific.. Used at
2020-04-13 03:04:47.669 7990 INFO rally.task.context [-] Task 9825863a-82e0-4736-94f6-fb14f01fd7eb | Context users@openstack cleanup() finished in 1.57 sec
2020-04-13 03:04:47.670 7990 INFO rally.task.engine [-] Task 9825863a-82e0-4736-94f6-fb14f01fd7eb | Completed: Task validation of semantic.
2020-04-13 03:04:47.670 7990 INFO rally.task.engine [-] Task 9825863a-82e0-4736-94f6-fb14f01fd7eb | Completed: Task validation.
2020-04-13 03:04:47.670 7990 INFO rally.api [-] Task 9825863a-82e0-4736-94f6-fb14f01fd7eb input file is valid.
2020-04-13 03:04:47.670 7990 INFO rally.api [-] Run Task 9825863a-82e0-4736-94f6-fb14f01fd7eb against Deployment 7668f194-046b-4114-9f2e-351476141398
2020-04-13 03:04:47.671 7990 INFO rally.task.engine [-] Task 9825863a-82e0-4736-94f6-fb14f01fd7eb | Starting: Running task.
2020-04-13 03:04:47.721 7990 INFO rally.task.engine [-] Running workload: position = 0 config = { "version": 2, "title": "A cropped version of a bigger task.", "description": "Auto-generated task from a single workload (uuid=b595903d-3af8-44e7-bd56-802478664eef)", "subtasks": [ { "title": "KeystoneBasic.add_and_remove_user_role", "description": "Create a user role add to a user and disassociate.", "scenario": { "KeystoneBasic.add_and_remove_user_role": {} }, "contexts": { "users": { "tenants": 3, "users_per_tenant": 2 } }, "runner": { "constant": { "concurrency": 4, "times": 10 } }, "hooks": [], "sla": { "failure_rate": { "max": 0 } } } ] }
2020-04-13 03:04:47.734 7990 RALLYDEBUG rally_openstack.contexts.keystone.users [-] Creating 3 tenants using 3 threads
2020-04-13 03:04:48.277 7990 RALLYDEBUG rally_openstack.contexts.keystone.users [-] Creating 6 users using 6 threads
2020-04-13 03:04:49.238 7990 INFO rally.task.context [-] Task 9825863a-82e0-4736-94f6-fb14f01fd7eb | Context users@openstack setup() finished in 1.50 sec
2020-04-13 03:04:49.239 7990 INFO rally.task.context [-] Task 9825863a-82e0-4736-94f6-fb14f01fd7eb | Context admin_cleanup@openstack setup() finished in 0.00 msec
2020-04-13 03:04:49.248 7990 RALLYDEBUG rally.task.runner [-] Starting the constant runner (task UUID: 9825863a-82e0-4736-94f6-fb14f01fd7eb). times: 10 concurrency: 4 timeout: 0 max_cpu_used: 88 processes_to_start: 4 concurrency_per_worker: 1 concurrency_overhead: 0
2020-04-13 03:04:49.262 8045 RALLYDEBUG rally.task.runner [-] Starting a worker. times: 10 duration: None concurrency: 1 timeout: 0 cls: method_name: run args: {}
2020-04-13 03:04:49.264 8046 RALLYDEBUG rally.task.runner [-] Starting a worker. times: 10 duration: None concurrency: 1 timeout: 0 cls: method_name: run args: {}
2020-04-13 03:04:49.267 8047 RALLYDEBUG rally.task.runner [-] Starting a worker. times: 10 duration: None concurrency: 1 timeout: 0 cls: method_name: run args: {}
2020-04-13 03:04:49.269 8045 INFO rally.task.runner [-] Task 9825863a-82e0-4736-94f6-fb14f01fd7eb | ITER: 1 START
2020-04-13 03:04:49.270 8048 RALLYDEBUG rally.task.runner [-] Starting a worker. times: 10 duration: None concurrency: 1 timeout: 0 cls: method_name: run args: {}
2020-04-13 03:04:49.271 8046 INFO rally.task.runner [-] Task 9825863a-82e0-4736-94f6-fb14f01fd7eb | ITER: 2 START
2020-04-13 03:04:49.272 8047 INFO rally.task.runner [-] Task 9825863a-82e0-4736-94f6-fb14f01fd7eb | ITER: 3 START
2020-04-13 03:04:49.276 8048 INFO rally.task.runner [-] Task 9825863a-82e0-4736-94f6-fb14f01fd7eb | ITER: 4 START
2020-04-13 03:04:49.839 8045 INFO rally.task.runner [-] Task 9825863a-82e0-4736-94f6-fb14f01fd7eb | ITER: 1 END: OK
2020-04-13 03:04:49.844 8045 INFO rally.task.runner [-] Task 9825863a-82e0-4736-94f6-fb14f01fd7eb | ITER: 5 START
2020-04-13 03:04:49.854 8047 INFO rally.task.runner [-] Task 9825863a-82e0-4736-94f6-fb14f01fd7eb | ITER: 3 END: OK
2020-04-13 03:04:49.858 8047 INFO rally.task.runner [-] Task 9825863a-82e0-4736-94f6-fb14f01fd7eb | ITER: 6 START
2020-04-13 03:04:49.862 8046 INFO rally.task.runner [-] Task 9825863a-82e0-4736-94f6-fb14f01fd7eb | ITER: 2 END: OK
2020-04-13 03:04:49.868 8046 INFO rally.task.runner [-] Task 9825863a-82e0-4736-94f6-fb14f01fd7eb | ITER: 7 START
2020-04-13 03:04:49.871 8048 INFO rally.task.runner [-] Task 9825863a-82e0-4736-94f6-fb14f01fd7eb | ITER: 4 END: OK
2020-04-13 03:04:49.875 8048 INFO rally.task.runner [-] Task 9825863a-82e0-4736-94f6-fb14f01fd7eb | ITER: 8 START
2020-04-13 03:04:50.438 8045 INFO rally.task.runner [-] Task 9825863a-82e0-4736-94f6-fb14f01fd7eb | ITER: 5 END: OK
2020-04-13 03:04:50.441 8045 INFO rally.task.runner [-] Task 9825863a-82e0-4736-94f6-fb14f01fd7eb | ITER: 9 START
