2020-04-13 02:49:57.444 2467 RALLYDEBUG rally.task.utils [-] Waiting for resource s_rally_8a1247bc_3cxm66ZH. Status changed: AVAILABLE => DETACHING in 0.19495153427124023
2020-04-13 02:49:57.706 2469 RALLYDEBUG rally.task.utils [-] Waiting for resource s_rally_8a1247bc_yCCXbhMB. Status changed: AVAILABLE => RESERVED in 0.2473616600036621
2020-04-13 02:49:58.685 2468 RALLYDEBUG rally.task.utils [-] Waiting for resource s_rally_8a1247bc_VL1UfEB2. Status changed: AVAILABLE => DELETING in 0.07635116577148438
2020-04-13 02:49:59.064 2466 RALLYDEBUG rally.task.utils [-] Waiting for resource s_rally_8a1247bc_drW62ZsW. Status changed: RESERVED => IN-USE in 2.202881336212158
2020-04-13 02:49:59.564 2466 RALLYDEBUG rally.task.utils [-] Waiting for resource s_rally_8a1247bc_drW62ZsW. Status changed: AVAILABLE => DETACHING in 0.18034052848815918
2020-04-13 02:49:59.619 2467 RALLYDEBUG rally.task.utils [-] Waiting for resource s_rally_8a1247bc_3cxm66ZH. Status changed: DETACHING => AVAILABLE in 2.1749560832977295
2020-04-13 02:49:59.741 2467 RALLYDEBUG rally.task.utils [-] Waiting for resource s_rally_8a1247bc_vDC0kFBw. Status changed: AVAILABLE => DELETING in 0.034418582916259766
2020-04-13 02:49:59.914 2469 RALLYDEBUG rally.task.utils [-] Waiting for resource s_rally_8a1247bc_yCCXbhMB. Status changed: RESERVED => IN-USE in 2.208462715148926
2020-04-13 02:50:00.389 2469 RALLYDEBUG rally.task.utils [-] Waiting for resource s_rally_8a1247bc_yCCXbhMB. Status changed: AVAILABLE => DETACHING in 0.2058124542236328
2020-04-13 02:50:01.765 2466 RALLYDEBUG rally.task.utils [-] Waiting for resource s_rally_8a1247bc_drW62ZsW. Status changed: DETACHING => AVAILABLE in 2.2009963989257812
2020-04-13 02:50:01.894 2466 RALLYDEBUG rally.task.utils [-] Waiting for resource s_rally_8a1247bc_HfdwT9tH. Status changed: AVAILABLE => DELETING in 0.03919553756713867
2020-04-13 02:50:01.925 2467 RALLYDEBUG rally.task.utils [-] Waiting for resource s_rally_8a1247bc_3cxm66ZH. Status changed: AVAILABLE => DELETING in 0.07197356224060059
2020-04-13 02:50:02.807 2469 RALLYDEBUG rally.task.utils [-] Waiting for resource s_rally_8a1247bc_yCCXbhMB. Status changed: DETACHING => AVAILABLE in 2.4173362255096436
2020-04-13 02:50:02.938 2469 RALLYDEBUG rally.task.utils [-] Waiting for resource s_rally_8a1247bc_dBAsFTck. Status changed: AVAILABLE => DELETING in 0.04130148887634277
2020-04-13 02:50:03.583 2468 INFO rally.task.runner [-] Task 8721bc0b-a487-4e95-8756-c06f0378d98d | ITER: 5 END: OK
2020-04-13 02:50:03.589 2468 INFO rally.task.runner [-] Task 8721bc0b-a487-4e95-8756-c06f0378d98d | ITER: 9 START
2020-04-13 02:50:04.100 2466 RALLYDEBUG rally.task.utils [-] Waiting for resource s_rally_8a1247bc_drW62ZsW. Status changed: AVAILABLE => DELETING in 0.06946563720703125
2020-04-13 02:50:05.143 2469 RALLYDEBUG rally.task.utils [-] Waiting for resource s_rally_8a1247bc_yCCXbhMB. Status changed: AVAILABLE => DELETING in 0.08200407028198242
2020-04-13 02:50:06.629 2467 INFO rally.task.runner [-] Task 8721bc0b-a487-4e95-8756-c06f0378d98d | ITER: 7 END: OK
2020-04-13 02:50:06.635 2467 INFO rally.task.runner [-] Task 8721bc0b-a487-4e95-8756-c06f0378d98d | ITER: 10 START
2020-04-13 02:50:08.921 2466 INFO rally.task.runner [-] Task 8721bc0b-a487-4e95-8756-c06f0378d98d | ITER: 6 END: OK
2020-04-13 02:50:09.781 2469 INFO rally.task.runner [-] Task 8721bc0b-a487-4e95-8756-c06f0378d98d | ITER: 8 END: OK
2020-04-13 02:50:19.388 2468 RALLYDEBUG rally.task.utils [-] Waiting for resource s_rally_8a1247bc_10OOS8zB. Status changed: BUILD => ACTIVE in 8.984752416610718
2020-04-13 02:50:19.855 2467 RALLYDEBUG rally.task.utils [-] Waiting for resource s_rally_8a1247bc_dD0IHrcK. Status changed: BUILD => ACTIVE in 5.575716495513916
2020-04-13 02:50:20.220 2468 RALLYDEBUG rally.task.utils [-] Waiting for resource s_rally_8a1247bc_sQN1JXjW. Status changed: AVAILABLE => RESERVED in 0.407822847366333
2020-04-13 02:50:20.498 2467 RALLYDEBUG rally.task.utils [-] Waiting for resource s_rally_8a1247bc_Y0mDjYCX. Status changed: AVAILABLE => RESERVED in 0.19571876525878906
2020-04-13 02:50:22.437 2468 RALLYDEBUG rally.task.utils [-] Waiting for resource s_rally_8a1247bc_sQN1JXjW. Status changed: RESERVED => IN-USE in 2.21765398979187
2020-04-13 02:50:22.712 2467 RALLYDEBUG rally.task.utils [-] Waiting for resource s_rally_8a1247bc_Y0mDjYCX. Status changed: RESERVED => IN-USE in 2.214888334274292
2020-04-13 02:50:22.880 2468 RALLYDEBUG rally.task.utils [-] Waiting for resource s_rally_8a1247bc_sQN1JXjW. Status changed: AVAILABLE => DETACHING in 0.21330547332763672
2020-04-13 02:50:23.154 2467 RALLYDEBUG rally.task.utils [-] Waiting for resource s_rally_8a1247bc_Y0mDjYCX. Status changed: AVAILABLE => DETACHING in 0.20096921920776367
2020-04-13 02:50:25.087 2468 RALLYDEBUG rally.task.utils [-] Waiting for resource s_rally_8a1247bc_sQN1JXjW. Status changed: DETACHING => AVAILABLE in 2.2065975666046143
2020-04-13 02:50:25.217 2468 RALLYDEBUG rally.task.utils [-] Waiting for resource s_rally_8a1247bc_eFGFrp1D. Status changed: AVAILABLE => DELETING in 0.036219120025634766
2020-04-13 02:50:25.360 2467 RALLYDEBUG rally.task.utils [-] Waiting for resource s_rally_8a1247bc_Y0mDjYCX. Status changed: DETACHING => AVAILABLE in 2.206061601638794
2020-04-13 02:50:25.501 2467 RALLYDEBUG rally.task.utils [-] Waiting for resource s_rally_8a1247bc_1jnDotEo. Status changed: AVAILABLE => DELETING in 0.04387164115905762
2020-04-13 02:50:27.419 2468 RALLYDEBUG rally.task.utils [-] Waiting for resource s_rally_8a1247bc_sQN1JXjW. Status changed: AVAILABLE => DELETING in 0.07845067977905273
2020-04-13 02:50:27.684 2467 RALLYDEBUG rally.task.utils [-] Waiting for resource s_rally_8a1247bc_Y0mDjYCX. Status changed: AVAILABLE => DELETING in 0.07542991638183594
2020-04-13 02:50:32.605 2468 INFO rally.task.runner [-] Task 8721bc0b-a487-4e95-8756-c06f0378d98d | ITER: 9 END: OK
2020-04-13 02:50:34.708 2467 INFO rally.task.runner [-] Task 8721bc0b-a487-4e95-8756-c06f0378d98d | ITER: 10 END: OK
2020-04-13 02:50:34.732 1333 INFO rally.task.context [-] Task 8721bc0b-a487-4e95-8756-c06f0378d98d | Context cleanup@openstack cleanup() started
2020-04-13 02:50:34.741 1333 RALLYDEBUG rally_openstack.cleanup.manager [-] Cleaning up nova servers objects
2020-04-13 02:50:35.583 1333 RALLYDEBUG rally_openstack.cleanup.manager [-] Cleaning up nova server_groups objects
2020-04-13 02:50:36.067 1333 RALLYDEBUG rally_openstack.cleanup.manager [-] Cleaning up nova keypairs objects
2020-04-13 02:50:37.104 1333 RALLYDEBUG rally_openstack.cleanup.manager [-] Cleaning up cinder backups objects
2020-04-13 02:50:37.580 1333 RALLYDEBUG rally_openstack.cleanup.manager [-] Cleaning up cinder volume_snapshots objects
2020-04-13 02:50:38.062 1333 RALLYDEBUG rally_openstack.cleanup.manager [-] Cleaning up cinder transfers objects
2020-04-13 02:50:38.515 1333 RALLYDEBUG rally_openstack.cleanup.manager [-] Cleaning up cinder volumes objects
2020-04-13 02:50:39.076 1333 INFO rally.task.context [-] Task 8721bc0b-a487-4e95-8756-c06f0378d98d | Context cleanup@openstack cleanup() finished in 4.34 sec
2020-04-13 02:50:39.077 1333 INFO rally.task.context [-] Task 8721bc0b-a487-4e95-8756-c06f0378d98d | Context quotas@openstack cleanup() started
2020-04-13 02:50:39.169 1333 INFO rally.task.context [-] Task 8721bc0b-a487-4e95-8756-c06f0378d98d | Context quotas@openstack cleanup() finished in 92.06 msec
2020-04-13 02:50:39.170 1333 INFO rally.task.context [-] Task 8721bc0b-a487-4e95-8756-c06f0378d98d | Context api_versions@openstack cleanup() started
2020-04-13 02:50:39.170 1333 INFO rally.task.context [-] Task 8721bc0b-a487-4e95-8756-c06f0378d98d | Context api_versions@openstack cleanup() finished in 0.36 msec
2020-04-13 02:50:39.170 1333 INFO rally.task.context [-] Task 8721bc0b-a487-4e95-8756-c06f0378d98d | Context users@openstack cleanup() started
2020-04-13 02:50:39.378 1333 WARNING rally.common.logging [-] `iterate_per_tenants()' is deprecated in v3.0.0: it is openstack specific.. Used at
2020-04-13 02:50:41.331 1333 INFO rally.task.context [-] Task 8721bc0b-a487-4e95-8756-c06f0378d98d | Context users@openstack cleanup() finished in 2.16 sec
2020-04-13 02:50:41.581 1333 INFO rally.task.engine [-] Load duration is: 91.659572
2020-04-13 02:50:41.581 1333 INFO rally.task.engine [-] Full runner duration is: 92.710161
2020-04-13 02:50:41.582 1333 INFO rally.task.engine [-] Full duration is: 102.204804
2020-04-13 02:50:41.683 1333 INFO rally.task.engine [-] Running workload: position = 0 config = { "version": 2, "title": "A cropped version of a bigger task.", "description": "Auto-generated task from a single workload (uuid=32a77340-4d4e-4a1a-9089-cff8efa58b37)", "subtasks": [ { "title": "CinderVolumes.create_volume", "description": "Create a volume.", "scenario": { "CinderVolumes.create_volume": { "size": 1 } }, "contexts": { "users": { "tenants": 3, "users_per_tenant": 2 }, "api_versions": { "cinder": { "version": 3, "service_type": "volumev3" } } }, "runner": { "constant": { "concurrency": 4, "times": 10 } }, "hooks": [], "sla": { "failure_rate": { "max": 0 } } } ] }
2020-04-13 02:50:41.704 1333 RALLYDEBUG rally_openstack.contexts.keystone.users [-] Creating 3 tenants using 3 threads
2020-04-13 02:50:42.159 1333 RALLYDEBUG rally_openstack.contexts.keystone.users [-] Creating 6 users using 6 threads
2020-04-13 02:50:43.010 1333 INFO rally.task.context [-] Task 8721bc0b-a487-4e95-8756-c06f0378d98d | Context users@openstack setup() finished in 1.31 sec
2020-04-13 02:50:43.143 1333 INFO rally.task.context [-] Task 8721bc0b-a487-4e95-8756-c06f0378d98d | Context api_versions@openstack setup() finished in 0.13 sec
2020-04-13 02:50:43.143 1333 INFO rally.task.context [-] Task 8721bc0b-a487-4e95-8756-c06f0378d98d | Context cleanup@openstack setup() finished in 0.01 msec
2020-04-13 02:50:43.153 1333 RALLYDEBUG rally.task.runner [-] Starting the constant runner (task UUID: 8721bc0b-a487-4e95-8756-c06f0378d98d). times: 10 concurrency: 4 timeout: 0 max_cpu_used: 88 processes_to_start: 4 concurrency_per_worker: 1 concurrency_overhead: 0
2020-04-13 02:50:43.163 2679 RALLYDEBUG rally.task.runner [-] Starting a worker. times: 10 duration: None concurrency: 1 timeout: 0 cls: method_name: run args: {"size": 1}
2020-04-13 02:50:43.167 2680 RALLYDEBUG rally.task.runner [-] Starting a worker. times: 10 duration: None concurrency: 1 timeout: 0 cls: method_name: run args: {"size": 1}
2020-04-13 02:50:43.169 2679 INFO rally.task.runner [-] Task 8721bc0b-a487-4e95-8756-c06f0378d98d | ITER: 1 START
2020-04-13 02:50:43.169 2681 RALLYDEBUG rally.task.runner [-] Starting a worker. times: 10 duration: None concurrency: 1 timeout: 0 cls: method_name: run args: {"size": 1}
2020-04-13 02:50:43.172 2682 RALLYDEBUG rally.task.runner [-] Starting a worker. times: 10 duration: None concurrency: 1 timeout: 0 cls: method_name: run args: {"size": 1}
2020-04-13 02:50:43.173 2680 INFO rally.task.runner [-] Task 8721bc0b-a487-4e95-8756-c06f0378d98d | ITER: 2 START
2020-04-13 02:50:43.175 2681 INFO rally.task.runner [-] Task 8721bc0b-a487-4e95-8756-c06f0378d98d | ITER: 3 START
2020-04-13 02:50:43.179 2682 INFO rally.task.runner [-] Task 8721bc0b-a487-4e95-8756-c06f0378d98d | ITER: 4 START
2020-04-13 02:50:45.873 2681 INFO rally.task.runner [-] Task 8721bc0b-a487-4e95-8756-c06f0378d98d | ITER: 3 END: OK
2020-04-13 02:50:45.878 2681 INFO rally.task.runner [-] Task 8721bc0b-a487-4e95-8756-c06f0378d98d | ITER: 5 START
2020-04-13 02:50:45.917 2679 INFO rally.task.runner [-] Task 8721bc0b-a487-4e95-8756-c06f0378d98d | ITER: 1 END: OK
2020-04-13 02:50:45.921 2679 INFO rally.task.runner [-] Task 8721bc0b-a487-4e95-8756-c06f0378d98d | ITER: 6 START
2020-04-13 02:50:46.892 2680 INFO rally.task.runner [-] Task 8721bc0b-a487-4e95-8756-c06f0378d98d | ITER: 2 END: OK
2020-04-13 02:50:46.897 2680 INFO rally.task.runner [-] Task 8721bc0b-a487-4e95-8756-c06f0378d98d | ITER: 7 START
2020-04-13 02:50:46.905 2682 INFO rally.task.runner [-] Task 8721bc0b-a487-4e95-8756-c06f0378d98d | ITER: 4 END: OK
2020-04-13 02:50:46.911 2682 INFO rally.task.runner [-] Task 8721bc0b-a487-4e95-8756-c06f0378d98d | ITER: 8 START
2020-04-13 02:50:48.434 2681 INFO rally.task.runner [-] Task 8721bc0b-a487-4e95-8756-c06f0378d98d | ITER: 5 END: OK
2020-04-13 02:50:48.438 2681 INFO rally.task.runner [-] Task 8721bc0b-a487-4e95-8756-c06f0378d98d | ITER: 9 START
2020-04-13 02:50:48.472 2679 INFO rally.task.runner [-] Task 8721bc0b-a487-4e95-8756-c06f0378d98d | ITER: 6 END: OK
2020-04-13 02:50:48.478 2679 INFO rally.task.runner [-] Task 8721bc0b-a487-4e95-8756-c06f0378d98d | ITER: 10 START
2020-04-13 02:50:49.560 2680 INFO rally.task.runner [-] Task 8721bc0b-a487-4e95-8756-c06f0378d98d | ITER: 7 END: OK
2020-04-13 02:50:49.649 2682 INFO rally.task.runner [-] Task 8721bc0b-a487-4e95-8756-c06f0378d98d | ITER: 8 END: OK
2020-04-13 02:50:50.991 2681 INFO rally.task.runner [-] Task 8721bc0b-a487-4e95-8756-c06f0378d98d | ITER: 9 END: OK
2020-04-13 02:50:50.998 2679 INFO rally.task.runner [-] Task 8721bc0b-a487-4e95-8756-c06f0378d98d | ITER: 10 END: OK
2020-04-13 02:50:51.024 1333 INFO rally.task.context [-] Task 8721bc0b-a487-4e95-8756-c06f0378d98d | Context cleanup@openstack cleanup() started
2020-04-13 02:50:51.028 1333 RALLYDEBUG rally_openstack.cleanup.manager [-] Cleaning up cinder backups objects
2020-04-13 02:50:51.494 1333 RALLYDEBUG rally_openstack.cleanup.manager [-] Cleaning up cinder volume_snapshots objects
2020-04-13 02:50:51.975 1333 RALLYDEBUG rally_openstack.cleanup.manager [-] Cleaning up cinder transfers objects
2020-04-13 02:50:52.425 1333 RALLYDEBUG rally_openstack.cleanup.manager [-] Cleaning up cinder volumes objects
2020-04-13 02:50:53.022 1333 RALLYDEBUG rally_openstack.cleanup.manager [-] Deleting cinder.volumes object s_rally_32a77340_Y8GQniAZ (0924205b-058d-4434-943e-dd7ef0a51f9c)
2020-04-13 02:50:53.037 1333 RALLYDEBUG rally_openstack.cleanup.manager [-] Deleting cinder.volumes object s_rally_32a77340_WyZ19lqX (ca9daafa-3a64-4ebf-9bf8-a093b7887776)
2020-04-13 02:50:53.037 1333 RALLYDEBUG rally_openstack.cleanup.manager [-] Deleting cinder.volumes object s_rally_32a77340_R0Lus0rC (f16933b8-be26-4751-b741-8863b40224ca)
2020-04-13 02:50:53.044 1333 RALLYDEBUG rally_openstack.cleanup.manager [-] Deleting cinder.volumes object s_rally_32a77340_ENUu8leH (ef6aaa6d-d9c4-418f-84a2-c4db381a95e0)
2020-04-13 02:50:53.050 1333 RALLYDEBUG rally_openstack.cleanup.manager [-] Deleting cinder.volumes object s_rally_32a77340_mEOytw42 (916030b5-6c84-4c7f-9c73-848f7dd24d33)
2020-04-13 02:50:53.073 1333 RALLYDEBUG rally_openstack.cleanup.manager [-] Deleting cinder.volumes object s_rally_32a77340_r01y29gI (a9831104-db81-4295-b4b4-9441a75bc1d1)
2020-04-13 02:50:53.091 1333 RALLYDEBUG rally_openstack.cleanup.manager [-] Deleting cinder.volumes object s_rally_32a77340_Sg5CbS8V (136f71a5-05d3-4536-b2bb-dd25be5c05c1)
2020-04-13 02:50:53.102 1333 RALLYDEBUG rally_openstack.cleanup.manager [-] Deleting cinder.volumes object s_rally_32a77340_e46Um9YW (e475fee6-24ab-4d32-9c8e-327943024c0b)
2020-04-13 02:50:53.104 1333 RALLYDEBUG rally_openstack.cleanup.manager [-] Deleting cinder.volumes object s_rally_32a77340_wKi5Gomw (51252aff-0f5c-4600-a552-c69b42b2c8a2)
2020-04-13 02:50:53.113 1333 RALLYDEBUG rally_openstack.cleanup.manager [-] Deleting cinder.volumes object s_rally_32a77340_bYgZi0xE (5299dc66-ce74-471a-bb51-82a22ca0d1c8)
2020-04-13 02:50:55.740 1333 INFO rally.task.context [-] Task 8721bc0b-a487-4e95-8756-c06f0378d98d | Context cleanup@openstack cleanup() finished in 4.72 sec
2020-04-13 02:50:55.741 1333 INFO rally.task.context [-] Task 8721bc0b-a487-4e95-8756-c06f0378d98d | Context api_versions@openstack cleanup() started
2020-04-13 02:50:55.741 1333 INFO rally.task.context [-] Task 8721bc0b-a487-4e95-8756-c06f0378d98d | Context api_versions@openstack cleanup() finished in 0.45 msec
2020-04-13 02:50:55.742 1333 INFO rally.task.context [-] Task 8721bc0b-a487-4e95-8756-c06f0378d98d | Context users@openstack cleanup() started
2020-04-13 02:50:56.042 1333 WARNING rally.common.logging [-] `iterate_per_tenants()' is deprecated in v3.0.0: it is openstack specific.. Used at
2020-04-13 02:50:58.908 1333 INFO rally.task.context [-] Task 8721bc0b-a487-4e95-8756-c06f0378d98d | Context users@openstack cleanup() finished in 3.17 sec
2020-04-13 02:50:59.830 1333 INFO rally.task.engine [-] Load duration is: 7.824309
2020-04-13 02:50:59.830 1333 INFO rally.task.engine [-] Full runner duration is: 7.871892
2020-04-13 02:50:59.831 1333 INFO rally.task.engine [-] Full duration is: 17.207442
2020-04-13 02:50:59.897 1333 INFO rally.task.engine [-] Running workload: position = 1 config = { "version": 2, "title": "A cropped version of a bigger task.", "description": "Auto-generated task from a single workload (uuid=361475ef-867c-4d85-bceb-097c252d4915)", "subtasks": [ { "title": "CinderVolumes.create_volume", "description": "Create a volume.", "scenario": { "CinderVolumes.create_volume": { "size": { "min": 1, "max": 1 } } }, "contexts": { "users": { "tenants": 3, "users_per_tenant": 2 }, "quotas": { "cinder": { "gigabytes": -1, "snapshots": -1, "volumes": -1 } }, "api_versions": { "cinder": { "version": 3, "service_type": "volumev3" } } }, "runner": { "constant": { "concurrency": 4, "times": 10 } }, "hooks": [], "sla": { "failure_rate": { "max": 0 } } } ] }
2020-04-13 02:50:59.912 1333 RALLYDEBUG rally_openstack.contexts.keystone.users [-] Creating 3 tenants using 3 threads
2020-04-13 02:51:00.419 1333 RALLYDEBUG rally_openstack.contexts.keystone.users [-] Creating 6 users using 6 threads
2020-04-13 02:51:01.343 1333 INFO rally.task.context [-] Task 8721bc0b-a487-4e95-8756-c06f0378d98d | Context users@openstack setup() finished in 1.43 sec
2020-04-13 02:51:01.470 1333 INFO rally.task.context [-] Task 8721bc0b-a487-4e95-8756-c06f0378d98d | Context api_versions@openstack setup() finished in 0.13 sec
2020-04-13 02:51:02.025 1333 INFO rally.task.context [-] Task 8721bc0b-a487-4e95-8756-c06f0378d98d | Context quotas@openstack setup() finished in 0.55 sec
2020-04-13 02:51:02.026 1333 INFO rally.task.context [-] Task 8721bc0b-a487-4e95-8756-c06f0378d98d | Context cleanup@openstack setup() finished in 0.00 msec
2020-04-13 02:51:02.036 1333 RALLYDEBUG rally.task.runner [-] Starting the constant runner (task UUID: 8721bc0b-a487-4e95-8756-c06f0378d98d). times: 10 concurrency: 4 timeout: 0 max_cpu_used: 88 processes_to_start: 4 concurrency_per_worker: 1 concurrency_overhead: 0
2020-04-13 02:51:02.048 2832 RALLYDEBUG rally.task.runner [-] Starting a worker. times: 10 duration: None concurrency: 1 timeout: 0 cls: method_name: run args: {"size": {"min": 1, "max": 1}}
2020-04-13 02:51:02.050 2833 RALLYDEBUG rally.task.runner [-] Starting a worker. times: 10 duration: None concurrency: 1 timeout: 0 cls: method_name: run args: {"size": {"min": 1, "max": 1}}
2020-04-13 02:51:02.052 2834 RALLYDEBUG rally.task.runner [-] Starting a worker. times: 10 duration: None concurrency: 1 timeout: 0 cls: method_name: run args: {"size": {"min": 1, "max": 1}}
2020-04-13 02:51:02.055 2832 INFO rally.task.runner [-] Task 8721bc0b-a487-4e95-8756-c06f0378d98d | ITER: 1 START
2020-04-13 02:51:02.055 2835 RALLYDEBUG rally.task.runner [-] Starting a worker. times: 10 duration: None concurrency: 1 timeout: 0 cls: method_name: run args: {"size": {"min": 1, "max": 1}}
2020-04-13 02:51:02.057 2833 INFO rally.task.runner [-] Task 8721bc0b-a487-4e95-8756-c06f0378d98d | ITER: 2 START
2020-04-13 02:51:02.058 2834 INFO rally.task.runner [-] Task 8721bc0b-a487-4e95-8756-c06f0378d98d | ITER: 3 START
2020-04-13 02:51:02.062 2835 INFO rally.task.runner [-] Task 8721bc0b-a487-4e95-8756-c06f0378d98d | ITER: 4 START
2020-04-13 02:51:04.628 2833 INFO rally.task.runner [-] Task 8721bc0b-a487-4e95-8756-c06f0378d98d | ITER: 2 END: OK
2020-04-13 02:51:04.633 2833 INFO rally.task.runner [-] Task 8721bc0b-a487-4e95-8756-c06f0378d98d | ITER: 5 START
2020-04-13 02:51:04.711 2832 INFO rally.task.runner [-] Task 8721bc0b-a487-4e95-8756-c06f0378d98d | ITER: 1 END: OK
2020-04-13 02:51:04.716 2832 INFO rally.task.runner [-] Task 8721bc0b-a487-4e95-8756-c06f0378d98d | ITER: 6 START
2020-04-13 02:51:04.760 2835 INFO rally.task.runner [-] Task 8721bc0b-a487-4e95-8756-c06f0378d98d | ITER: 4 END: OK
2020-04-13 02:51:04.765 2835 INFO rally.task.runner [-] Task 8721bc0b-a487-4e95-8756-c06f0378d98d | ITER: 7 START
2020-04-13 02:51:04.903 2834 INFO rally.task.runner [-] Task 8721bc0b-a487-4e95-8756-c06f0378d98d | ITER: 3 END: OK
2020-04-13 02:51:04.907 2834 INFO rally.task.runner [-] Task 8721bc0b-a487-4e95-8756-c06f0378d98d | ITER: 8 START
2020-04-13 02:51:07.296 2833 INFO rally.task.runner [-] Task 8721bc0b-a487-4e95-8756-c06f0378d98d | ITER: 5 END: OK
2020-04-13 02:51:07.300 2833 INFO rally.task.runner [-] Task 8721bc0b-a487-4e95-8756-c06f0378d98d | ITER: 9 START
2020-04-13 02:51:07.334 2835 INFO rally.task.runner [-] Task 8721bc0b-a487-4e95-8756-c06f0378d98d | ITER: 7 END: OK
2020-04-13 02:51:07.338 2835 INFO rally.task.runner [-] Task 8721bc0b-a487-4e95-8756-c06f0378d98d | ITER: 10 START
2020-04-13 02:51:07.395 2832 INFO rally.task.runner [-] Task 8721bc0b-a487-4e95-8756-c06f0378d98d | ITER: 6 END: OK
2020-04-13 02:51:07.487 2834 INFO rally.task.runner [-] Task 8721bc0b-a487-4e95-8756-c06f0378d98d | ITER: 8 END: OK
2020-04-13 02:51:09.856 2833 INFO rally.task.runner [-] Task 8721bc0b-a487-4e95-8756-c06f0378d98d | ITER: 9 END: OK
2020-04-13 02:51:09.876 2835 INFO rally.task.runner [-] Task 8721bc0b-a487-4e95-8756-c06f0378d98d | ITER: 10 END: OK
2020-04-13 02:51:09.903 1333 INFO rally.task.context [-] Task 8721bc0b-a487-4e95-8756-c06f0378d98d | Context cleanup@openstack cleanup() started
2020-04-13 02:51:09.908 1333 RALLYDEBUG rally_openstack.cleanup.manager [-] Cleaning up cinder backups objects
2020-04-13 02:51:10.402 1333 RALLYDEBUG rally_openstack.cleanup.manager [-] Cleaning up cinder volume_snapshots objects
2020-04-13 02:51:10.869 1333 RALLYDEBUG rally_openstack.cleanup.manager [-] Cleaning up cinder transfers objects
2020-04-13 02:51:11.323 1333 RALLYDEBUG rally_openstack.cleanup.manager [-] Cleaning up cinder volumes objects
2020-04-13 02:51:11.933 1333 RALLYDEBUG rally_openstack.cleanup.manager [-] Deleting cinder.volumes object s_rally_361475ef_zrIYhlT9 (ef413821-3d57-4159-bea1-c9599ef7b265)
2020-04-13 02:51:11.939 1333 RALLYDEBUG rally_openstack.cleanup.manager [-] Deleting cinder.volumes object s_rally_361475ef_nCcGhsgc (38226f42-bd13-4627-b014-605df1e96937)
2020-04-13 02:51:11.944 1333 RALLYDEBUG rally_openstack.cleanup.manager [-] Deleting cinder.volumes object s_rally_361475ef_X427oOwW (cb14da00-61b6-4040-897d-900972e32276)
2020-04-13 02:51:11.962 1333 RALLYDEBUG rally_openstack.cleanup.manager [-] Deleting cinder.volumes object s_rally_361475ef_WZPc5JPm (8d0dd254-18b5-43b8-b7fe-f106fd57a20d)
2020-04-13 02:51:11.985 1333 RALLYDEBUG rally_openstack.cleanup.manager [-] Deleting cinder.volumes object s_rally_361475ef_jbc4ZpNg (dd8a1bfe-73a3-42af-9ccd-e4c962f8aeef)
2020-04-13 02:51:12.005 1333 RALLYDEBUG rally_openstack.cleanup.manager [-] Deleting cinder.volumes object s_rally_361475ef_ptWqOeFo (c8544969-ae52-47ca-bd91-074e0602bbd1)
2020-04-13 02:51:12.026 1333 RALLYDEBUG rally_openstack.cleanup.manager [-] Deleting cinder.volumes object s_rally_361475ef_5sf62xJT (57f9e8f3-d66b-483a-b760-442b14cb042e)
2020-04-13 02:51:12.033 1333 RALLYDEBUG rally_openstack.cleanup.manager [-] Deleting cinder.volumes object s_rally_361475ef_T0zwLLpv (936e0ff8-4788-42ff-8c6f-c21a44817c6b)
2020-04-13 02:51:12.058 1333 RALLYDEBUG rally_openstack.cleanup.manager [-] Deleting cinder.volumes object s_rally_361475ef_l4xGwXw4 (eaf05e96-b49d-41e3-a79a-a065a8456e1d)
2020-04-13 02:51:12.067 1333 RALLYDEBUG rally_openstack.cleanup.manager [-] Deleting cinder.volumes object s_rally_361475ef_MyqAREck (07106b05-e8a8-4b8d-8c0b-c5528e0865c1)
2020-04-13 02:51:14.585 1333 INFO rally.task.context [-] Task 8721bc0b-a487-4e95-8756-c06f0378d98d | Context cleanup@openstack cleanup() finished in 4.68 sec
2020-04-13 02:51:14.585 1333 INFO rally.task.context [-] Task 8721bc0b-a487-4e95-8756-c06f0378d98d | Context quotas@openstack cleanup() started
2020-04-13 02:51:14.671 1333 INFO rally.task.context [-] Task 8721bc0b-a487-4e95-8756-c06f0378d98d | Context quotas@openstack cleanup() finished in 85.38 msec
2020-04-13 02:51:14.671 1333 INFO rally.task.context [-] Task 8721bc0b-a487-4e95-8756-c06f0378d98d | Context api_versions@openstack cleanup() started
2020-04-13 02:51:14.672 1333 INFO rally.task.context [-] Task 8721bc0b-a487-4e95-8756-c06f0378d98d | Context api_versions@openstack cleanup() finished in 0.32 msec
2020-04-13 02:51:14.672 1333 INFO rally.task.context [-] Task 8721bc0b-a487-4e95-8756-c06f0378d98d | Context users@openstack cleanup() started
2020-04-13 02:51:14.852 1333 WARNING rally.common.logging [-] `iterate_per_tenants()' is deprecated in v3.0.0: it is openstack specific.. Used at
2020-04-13 02:51:17.712 1333 INFO rally.task.context [-] Task 8721bc0b-a487-4e95-8756-c06f0378d98d | Context users@openstack cleanup() finished in 3.04 sec
2020-04-13 02:51:18.116 1333 INFO rally.task.engine [-] Load duration is: 7.816401
2020-04-13 02:51:18.117 1333 INFO rally.task.engine [-] Full runner duration is: 7.867188
2020-04-13 02:51:18.117 1333 INFO rally.task.engine [-] Full duration is: 17.801525
2020-04-13 02:51:18.203 1333 INFO rally.task.engine [-] Running workload: position = 0 config = { "version": 2, "title": "A cropped version of a bigger task.", "description": "Auto-generated task from a single workload (uuid=93af24aa-c388-4ff8-85de-bfbf7c379ea9)", "subtasks": [ { "title": "CinderVolumes.list_volumes", "description": "List all volumes.", "scenario": { "CinderVolumes.list_volumes": { "detailed": true } }, "contexts": { "users": { "tenants": 3, "users_per_tenant": 2 }, "quotas": { "cinder": { "gigabytes": -1, "snapshots": -1, "volumes": -1 } }, "api_versions": { "cinder": { "version": 3, "service_type": "volumev3" } }, "volumes": { "size": 1, "volumes_per_tenant": 4 } }, "runner": { "constant": { "concurrency": 4, "times": 10 } }, "hooks": [], "sla": { "failure_rate": { "max": 0 } } } ] }
2020-04-13 02:51:18.224 1333 RALLYDEBUG rally_openstack.contexts.keystone.users [-] Creating 3 tenants using 3 threads
2020-04-13 02:51:18.738 1333 RALLYDEBUG rally_openstack.contexts.keystone.users [-] Creating 6 users using 6 threads
2020-04-13 02:51:19.737 1333 INFO rally.task.context [-] Task 8721bc0b-a487-4e95-8756-c06f0378d98d | Context users@openstack setup() finished in 1.51 sec
2020-04-13 02:51:19.868 1333 INFO rally.task.context [-] Task 8721bc0b-a487-4e95-8756-c06f0378d98d | Context api_versions@openstack setup() finished in 0.13 sec
2020-04-13 02:51:20.412 1333 INFO rally.task.context [-] Task 8721bc0b-a487-4e95-8756-c06f0378d98d | Context quotas@openstack setup() finished in 0.54 sec
2020-04-13 02:51:20.413 1333 WARNING rally.common.logging [-] `iterate_per_tenants()' is deprecated in v3.0.0: it is openstack specific.. Used at
2020-04-13 02:51:50.610 1333 INFO rally.task.context [-] Task 8721bc0b-a487-4e95-8756-c06f0378d98d | Context volumes@openstack setup() finished in 30.20 sec
2020-04-13 02:51:50.622 1333 RALLYDEBUG rally.task.runner [-] Starting the constant runner (task UUID: 8721bc0b-a487-4e95-8756-c06f0378d98d). times: 10 concurrency: 4 timeout: 0 max_cpu_used: 88 processes_to_start: 4 concurrency_per_worker: 1 concurrency_overhead: 0
2020-04-13 02:51:50.633 2985 RALLYDEBUG rally.task.runner [-] Starting a worker. times: 10 duration: None concurrency: 1 timeout: 0 cls: method_name: run args: {"detailed": true}
2020-04-13 02:51:50.636 2986 RALLYDEBUG rally.task.runner [-] Starting a worker. times: 10 duration: None concurrency: 1 timeout: 0 cls: method_name: run args: {"detailed": true}
2020-04-13 02:51:50.641 2985 INFO rally.task.runner [-] Task 8721bc0b-a487-4e95-8756-c06f0378d98d | ITER: 1 START
2020-04-13 02:51:50.642 2988 RALLYDEBUG rally.task.runner [-] Starting a worker. times: 10 duration: None concurrency: 1 timeout: 0 cls: method_name: run args: {"detailed": true}
2020-04-13 02:51:50.644 2986 INFO rally.task.runner [-] Task 8721bc0b-a487-4e95-8756-c06f0378d98d | ITER: 2 START
2020-04-13 02:51:50.642 2987 RALLYDEBUG rally.task.runner [-] Starting a worker. times: 10 duration: None concurrency: 1 timeout: 0 cls: method_name: run args: {"detailed": true}
2020-04-13 02:51:50.650 2987 INFO rally.task.runner [-] Task 8721bc0b-a487-4e95-8756-c06f0378d98d | ITER: 4 START
2020-04-13 02:51:50.651 2988 INFO rally.task.runner [-] Task 8721bc0b-a487-4e95-8756-c06f0378d98d | ITER: 3 START
2020-04-13 02:51:50.847 2986 INFO rally.task.runner [-] Task 8721bc0b-a487-4e95-8756-c06f0378d98d | ITER: 2 END: OK
2020-04-13 02:51:50.851 2986 INFO rally.task.runner [-] Task 8721bc0b-a487-4e95-8756-c06f0378d98d | ITER: 5 START
2020-04-13 02:51:50.862 2987 INFO rally.task.runner [-] Task 8721bc0b-a487-4e95-8756-c06f0378d98d | ITER: 4 END: OK
2020-04-13 02:51:50.868 2987 INFO rally.task.runner [-] Task 8721bc0b-a487-4e95-8756-c06f0378d98d | ITER: 6 START
2020-04-13 02:51:50.912 2988 INFO rally.task.runner [-] Task 8721bc0b-a487-4e95-8756-c06f0378d98d | ITER: 3 END: OK
2020-04-13 02:51:50.914 2985 INFO rally.task.runner [-] Task 8721bc0b-a487-4e95-8756-c06f0378d98d | ITER: 1 END: OK
2020-04-13 02:51:50.916 2988 INFO rally.task.runner [-] Task 8721bc0b-a487-4e95-8756-c06f0378d98d | ITER: 7 START
2020-04-13 02:51:50.920 2985 INFO rally.task.runner [-] Task 8721bc0b-a487-4e95-8756-c06f0378d98d | ITER: 8 START
2020-04-13 02:51:51.030 2986 INFO rally.task.runner [-] Task 8721bc0b-a487-4e95-8756-c06f0378d98d | ITER: 5 END: OK
2020-04-13 02:51:51.034 2986 INFO rally.task.runner [-] Task 8721bc0b-a487-4e95-8756-c06f0378d98d | ITER: 9 START
2020-04-13 02:51:51.052 2987 INFO rally.task.runner [-] Task 8721bc0b-a487-4e95-8756-c06f0378d98d | ITER: 6 END: OK
2020-04-13 02:51:51.057 2987 INFO rally.task.runner [-] Task 8721bc0b-a487-4e95-8756-c06f0378d98d | ITER: 10 START
2020-04-13 02:51:51.081 2988 INFO rally.task.runner [-] Task 8721bc0b-a487-4e95-8756-c06f0378d98d | ITER: 7 END: OK
2020-04-13 02:51:51.125 2985 INFO rally.task.runner [-] Task 8721bc0b-a487-4e95-8756-c06f0378d98d | ITER: 8 END: OK
2020-04-13 02:51:51.200 2986 INFO rally.task.runner [-] Task 8721bc0b-a487-4e95-8756-c06f0378d98d | ITER: 9 END: OK
2020-04-13 02:51:51.257 2987 INFO rally.task.runner [-] Task 8721bc0b-a487-4e95-8756-c06f0378d98d | ITER: 10 END: OK
2020-04-13 02:51:51.288 1333 INFO rally.task.context [-] Task 8721bc0b-a487-4e95-8756-c06f0378d98d | Context volumes@openstack cleanup() started
2020-04-13 02:51:51.292 1333 RALLYDEBUG rally_openstack.cleanup.manager [-] Cleaning up cinder volumes objects
2020-04-13 02:51:51.892 1333 RALLYDEBUG rally_openstack.cleanup.manager [-] Deleting cinder.volumes object c_rally_93af24aa_xwhwA3t7 (d454039c-7746-4382-abd8-f74f9cf82102)
2020-04-13 02:51:51.901 1333 RALLYDEBUG rally_openstack.cleanup.manager [-] Deleting cinder.volumes object c_rally_93af24aa_9lzYLd87 (d04990ba-50a7-46b9-84c8-8d5177c4bfd2)
2020-04-13 02:51:51.902 1333 RALLYDEBUG rally_openstack.cleanup.manager [-] Deleting cinder.volumes object c_rally_93af24aa_7enQINT2 (504fa1ff-7509-4ce6-a17f-9049f20187d8)
2020-04-13 02:51:51.909 1333 RALLYDEBUG rally_openstack.cleanup.manager [-] Deleting cinder.volumes object c_rally_93af24aa_IdR4JE3U (47d7f7b4-ad84-4ad7-91ab-8d4360faa2fe)
2020-04-13 02:51:51.912 1333 RALLYDEBUG rally_openstack.cleanup.manager [-] Deleting cinder.volumes object c_rally_93af24aa_vTs8sMAa (8add174d-e905-47c1-a902-cb9794586faa)
2020-04-13 02:51:51.924 1333 RALLYDEBUG rally_openstack.cleanup.manager [-] Deleting cinder.volumes object c_rally_93af24aa_Ai3mDfTt (a859ca6a-24d6-4378-92e5-5fa2efa4f200)
2020-04-13 02:51:51.938 1333 RALLYDEBUG rally_openstack.cleanup.manager [-] Deleting cinder.volumes object c_rally_93af24aa_f7qZaOqW (78cb96b1-7b60-4d96-a0fc-ddcf41c47b7a)
2020-04-13 02:51:51.945 1333 RALLYDEBUG rally_openstack.cleanup.manager [-] Deleting cinder.volumes object c_rally_93af24aa_W3PKz41l (4639a1cd-d5f0-4aa4-a22f-7d744407931b)
2020-04-13 02:51:51.950 1333 RALLYDEBUG rally_openstack.cleanup.manager [-] Deleting cinder.volumes object c_rally_93af24aa_GolHrM0V (0ede8b79-b10a-400f-9c70-201276e5f77e)
2020-04-13 02:51:51.960 1333 RALLYDEBUG rally_openstack.cleanup.manager [-] Deleting cinder.volumes object c_rally_93af24aa_sPSDL2FZ (8df635cc-6d38-40aa-9fa8-4054ba71fd3d)
2020-04-13 02:51:51.994 1333 RALLYDEBUG rally_openstack.cleanup.manager [-] Deleting cinder.volumes object c_rally_93af24aa_L8nTrCoI (48a70a03-e2c5-4d1a-9b4c-eb177ac092ac)
2020-04-13 02:51:51.998 1333 RALLYDEBUG rally_openstack.cleanup.manager [-] Deleting cinder.volumes object c_rally_93af24aa_nGHjhsvS (6ea397e8-4613-4068-b4e8-e02bcbaec47d)
2020-04-13 02:51:55.639 1333 INFO rally.task.context [-] Task 8721bc0b-a487-4e95-8756-c06f0378d98d | Context volumes@openstack cleanup() finished in 4.35 sec
2020-04-13 02:51:55.639 1333 INFO rally.task.context [-] Task 8721bc0b-a487-4e95-8756-c06f0378d98d | Context quotas@openstack cleanup() started
2020-04-13 02:51:55.734 1333 INFO rally.task.context [-] Task 8721bc0b-a487-4e95-8756-c06f0378d98d | Context quotas@openstack cleanup() finished in 94.83 msec
2020-04-13 02:51:55.735 1333 INFO rally.task.context [-] Task 8721bc0b-a487-4e95-8756-c06f0378d98d | Context api_versions@openstack cleanup() started
2020-04-13 02:51:55.735 1333 INFO rally.task.context [-] Task 8721bc0b-a487-4e95-8756-c06f0378d98d | Context api_versions@openstack cleanup() finished in 0.30 msec
2020-04-13 02:51:55.736 1333 INFO rally.task.context [-] Task 8721bc0b-a487-4e95-8756-c06f0378d98d | Context users@openstack cleanup() started
2020-04-13 02:51:55.887 1333 WARNING rally.common.logging [-] `iterate_per_tenants()' is deprecated in v3.0.0: it is openstack specific.. Used at
2020-04-13 02:51:59.401 1333 INFO rally.task.context [-] Task 8721bc0b-a487-4e95-8756-c06f0378d98d | Context users@openstack cleanup() finished in 3.67 sec
2020-04-13 02:52:00.454 1333 INFO rally.task.engine [-] Load duration is: 0.609756
2020-04-13 02:52:00.455 1333 INFO rally.task.engine [-] Full runner duration is: 0.66541
2020-04-13 02:52:00.455 1333 INFO rally.task.engine [-] Full duration is: 41.180646
2020-04-13 02:52:00.545 1333 INFO rally.task.engine [-] Running workload: position = 0 config = { "version": 2, "title": "A cropped version of a bigger task.", "description": "Auto-generated task from a single workload (uuid=7e8b8a7d-585a-478f-a7a3-6dc9cb2c5295)", "subtasks": [ { "title": "CinderVolumes.create_and_delete_snapshot", "description": "Create and then delete a volume-snapshot.", "scenario": { "CinderVolumes.create_and_delete_snapshot": { "force": false } }, "contexts": { "users": { "tenants": 3, "users_per_tenant": 2 }, "quotas": { "cinder": { "gigabytes": -1, "snapshots": -1, "volumes": -1 } }, "api_versions": { "cinder": { "version": 3, "service_type": "volumev3" } }, "volumes": { "size": 1, "volumes_per_tenant": 1 } }, "runner": { "constant": { "concurrency": 4, "times": 10 } }, "hooks": [], "sla": { "failure_rate": { "max": 0 } } } ] }
2020-04-13 02:52:00.572 1333 RALLYDEBUG rally_openstack.contexts.keystone.users [-] Creating 3 tenants using 3 threads
2020-04-13 02:52:01.135 1333 RALLYDEBUG rally_openstack.contexts.keystone.users [-] Creating 6 users using 6 threads
2020-04-13 02:52:02.105 1333 INFO rally.task.context [-] Task 8721bc0b-a487-4e95-8756-c06f0378d98d | Context users@openstack setup() finished in 1.53 sec
2020-04-13 02:52:02.237 1333 INFO rally.task.context [-] Task 8721bc0b-a487-4e95-8756-c06f0378d98d | Context api_versions@openstack setup() finished in 0.13 sec
2020-04-13 02:52:02.745 1333 INFO rally.task.context [-] Task 8721bc0b-a487-4e95-8756-c06f0378d98d | Context quotas@openstack setup() finished in 0.51 sec
2020-04-13 02:52:02.746 1333 WARNING rally.common.logging [-] `iterate_per_tenants()' is deprecated in v3.0.0: it is openstack specific.. Used at
2020-04-13 02:52:10.679 1333 INFO rally.task.context [-] Task 8721bc0b-a487-4e95-8756-c06f0378d98d | Context volumes@openstack setup() finished in 7.93 sec
2020-04-13 02:52:10.679 1333 INFO rally.task.context [-] Task 8721bc0b-a487-4e95-8756-c06f0378d98d | Context cleanup@openstack setup() finished in 0.01 msec
2020-04-13 02:52:10.686 1333 RALLYDEBUG rally.task.runner [-] Starting the constant runner (task UUID: 8721bc0b-a487-4e95-8756-c06f0378d98d). times: 10 concurrency: 4 timeout: 0 max_cpu_used: 88 processes_to_start: 4 concurrency_per_worker: 1 concurrency_overhead: 0
2020-04-13 02:52:10.697 3078 RALLYDEBUG rally.task.runner [-] Starting a worker. times: 10 duration: None concurrency: 1 timeout: 0 cls: method_name: run args: {"force": false}
2020-04-13 02:52:10.699 3079 RALLYDEBUG rally.task.runner [-] Starting a worker. times: 10 duration: None concurrency: 1 timeout: 0 cls: method_name: run args: {"force": false}
2020-04-13 02:52:10.702 3080 RALLYDEBUG rally.task.runner [-] Starting a worker. times: 10 duration: None concurrency: 1 timeout: 0 cls: method_name: run args: {"force": false}
2020-04-13 02:52:10.705 3078 INFO rally.task.runner [-] Task 8721bc0b-a487-4e95-8756-c06f0378d98d | ITER: 1 START
2020-04-13 02:52:10.705 3081 RALLYDEBUG rally.task.runner [-] Starting a worker. times: 10 duration: None concurrency: 1 timeout: 0 cls: method_name: run args: {"force": false}
2020-04-13 02:52:10.707 3079 INFO rally.task.runner [-] Task 8721bc0b-a487-4e95-8756-c06f0378d98d | ITER: 2 START
2020-04-13 02:52:10.709 3080 INFO rally.task.runner [-] Task 8721bc0b-a487-4e95-8756-c06f0378d98d | ITER: 3 START
2020-04-13 02:52:10.710 3081 INFO rally.task.runner [-] Task 8721bc0b-a487-4e95-8756-c06f0378d98d | ITER: 4 START
2020-04-13 02:52:13.273 3079 RALLYDEBUG rally.task.utils [-] Waiting for resource s_rally_7e8b8a7d_e3vtU28y. Status changed: AVAILABLE => DELETING in 0.03584623336791992
2020-04-13 02:52:13.288 3078 RALLYDEBUG rally.task.utils [-] Waiting for resource s_rally_7e8b8a7d_ORBEoELs. Status changed: AVAILABLE => DELETING in 0.04483819007873535
2020-04-13 02:52:13.288 3080 RALLYDEBUG rally.task.utils [-] Waiting for resource s_rally_7e8b8a7d_m1nmIfvr. Status changed: AVAILABLE => DELETING in 0.03757071495056152
2020-04-13 02:52:13.352 3081 RALLYDEBUG rally.task.utils [-] Waiting for resource s_rally_7e8b8a7d_R6TjAfyG. Status changed: AVAILABLE => DELETING in 0.04134988784790039
2020-04-13 02:52:15.312 3079 INFO rally.task.runner [-] Task 8721bc0b-a487-4e95-8756-c06f0378d98d | ITER: 2 END: OK
2020-04-13 02:52:15.317 3079 INFO rally.task.runner [-] Task 8721bc0b-a487-4e95-8756-c06f0378d98d | ITER: 5 START
2020-04-13 02:52:15.327 3080 INFO rally.task.runner [-] Task 8721bc0b-a487-4e95-8756-c06f0378d98d | ITER: 3 END: OK
2020-04-13 02:52:15.328 3078 INFO rally.task.runner [-] Task 8721bc0b-a487-4e95-8756-c06f0378d98d | ITER: 1 END: OK
2020-04-13 02:52:15.333 3080 INFO rally.task.runner [-] Task 8721bc0b-a487-4e95-8756-c06f0378d98d | ITER: 6 START
2020-04-13 02:52:15.333 3078 INFO rally.task.runner [-] Task 8721bc0b-a487-4e95-8756-c06f0378d98d | ITER: 7 START
2020-04-13 02:52:15.388 3081 INFO rally.task.runner [-] Task 8721bc0b-a487-4e95-8756-c06f0378d98d | ITER: 4 END: OK
2020-04-13 02:52:15.394 3081 INFO rally.task.runner [-] Task 8721bc0b-a487-4e95-8756-c06f0378d98d | ITER: 8 START
2020-04-13 02:52:17.849 3078 RALLYDEBUG rally.task.utils [-] Waiting for resource s_rally_7e8b8a7d_x6SeWqB9. Status changed: AVAILABLE => DELETING in 0.03626441955566406
2020-04-13 02:52:17.865 3079 RALLYDEBUG rally.task.utils [-] Waiting for resource s_rally_7e8b8a7d_QAH2i0Io. Status changed: AVAILABLE => DELETING in 0.04475545883178711
2020-04-13 02:52:17.870 3080 RALLYDEBUG rally.task.utils [-] Waiting for resource s_rally_7e8b8a7d_X9gbzFHp. Status changed: AVAILABLE => DELETING in 0.04273486137390137
2020-04-13 02:52:17.871 3081 RALLYDEBUG rally.task.utils [-] Waiting for resource s_rally_7e8b8a7d_bDfgdLl6. Status changed: AVAILABLE => DELETING in 0.03522944450378418
2020-04-13 02:52:19.883 3078 INFO rally.task.runner [-] Task 8721bc0b-a487-4e95-8756-c06f0378d98d | ITER: 7 END: OK
2020-04-13 02:52:19.887 3078 INFO rally.task.runner [-] Task 8721bc0b-a487-4e95-8756-c06f0378d98d | ITER: 9 START
2020-04-13 02:52:19.903 3079 INFO rally.task.runner [-] Task 8721bc0b-a487-4e95-8756-c06f0378d98d | ITER: 5 END: OK
2020-04-13 02:52:19.907 3079 INFO rally.task.runner [-] Task 8721bc0b-a487-4e95-8756-c06f0378d98d | ITER: 10 START
2020-04-13 02:52:19.913 3080 INFO rally.task.runner [-] Task 8721bc0b-a487-4e95-8756-c06f0378d98d | ITER: 6 END: OK
2020-04-13 02:52:19.914 3081 INFO rally.task.runner [-] Task 8721bc0b-a487-4e95-8756-c06f0378d98d | ITER: 8 END: OK
2020-04-13 02:52:22.377 3078 RALLYDEBUG rally.task.utils [-] Waiting for resource s_rally_7e8b8a7d_JYolHY4r. Status changed: AVAILABLE => DELETING in 0.03956484794616699
2020-04-13 02:52:22.460 3079 RALLYDEBUG rally.task.utils [-] Waiting for resource s_rally_7e8b8a7d_O7AeAi3Z. Status changed: AVAILABLE => DELETING in 0.03549623489379883
2020-04-13 02:52:24.413 3078 INFO rally.task.runner [-] Task 8721bc0b-a487-4e95-8756-c06f0378d98d | ITER: 9 END: OK
2020-04-13 02:52:24.498 3079 INFO rally.task.runner [-] Task 8721bc0b-a487-4e95-8756-c06f0378d98d | ITER: 10 END: OK
2020-04-13 02:52:24.526 1333 INFO rally.task.context [-] Task 8721bc0b-a487-4e95-8756-c06f0378d98d | Context cleanup@openstack cleanup() started
2020-04-13 02:52:24.530 1333 RALLYDEBUG rally_openstack.cleanup.manager [-] Cleaning up cinder backups objects
2020-04-13 02:52:24.955 1333 RALLYDEBUG rally_openstack.cleanup.manager [-] Cleaning up cinder volume_snapshots objects
2020-04-13 02:52:25.350 1333 RALLYDEBUG rally_openstack.cleanup.manager [-] Cleaning up cinder transfers objects
2020-04-13 02:52:25.732 1333 RALLYDEBUG rally_openstack.cleanup.manager [-] Cleaning up cinder volumes objects
2020-04-13 02:52:26.309 1333 INFO rally.task.context [-] Task 8721bc0b-a487-4e95-8756-c06f0378d98d | Context cleanup@openstack cleanup() finished in 1.78 sec
2020-04-13 02:52:26.310 1333 INFO rally.task.context [-] Task 8721bc0b-a487-4e95-8756-c06f0378d98d | Context volumes@openstack cleanup() started
2020-04-13 02:52:26.311 1333 RALLYDEBUG rally_openstack.cleanup.manager [-] Cleaning up cinder volumes objects
2020-04-13 02:52:26.873 1333 RALLYDEBUG rally_openstack.cleanup.manager [-] Deleting cinder.volumes object c_rally_7e8b8a7d_qQ91W9c1 (8a64cae7-c9af-4ab6-9bc8-be34d3dd96d3)
2020-04-13 02:52:26.875 1333 RALLYDEBUG rally_openstack.cleanup.manager [-] Deleting cinder.volumes object c_rally_7e8b8a7d_hkpdLeX9 (aa58fa31-b2a3-4f69-9cf9-12aae6bc21a1)
2020-04-13 02:52:26.890 1333 RALLYDEBUG rally_openstack.cleanup.manager [-] Deleting cinder.volumes object c_rally_7e8b8a7d_q6QyTsPs (45195656-c29c-4813-8ee8-1f61036f3c97)
2020-04-13 02:52:29.260 1333 INFO rally.task.context [-] Task 8721bc0b-a487-4e95-8756-c06f0378d98d | Context volumes@openstack cleanup() finished in 2.95 sec
2020-04-13 02:52:29.261 1333 INFO rally.task.context [-] Task 8721bc0b-a487-4e95-8756-c06f0378d98d | Context quotas@openstack cleanup() started
2020-04-13 02:52:29.343 1333 INFO rally.task.context [-] Task 8721bc0b-a487-4e95-8756-c06f0378d98d | Context quotas@openstack cleanup() finished in 82.53 msec
2020-04-13 02:52:29.344 1333 INFO rally.task.context [-] Task 8721bc0b-a487-4e95-8756-c06f0378d98d | Context api_versions@openstack cleanup() started
2020-04-13 02:52:29.344 1333 INFO rally.task.context [-] Task 8721bc0b-a487-4e95-8756-c06f0378d98d | Context api_versions@openstack cleanup() finished in 0.27 msec
2020-04-13 02:52:29.344 1333 INFO rally.task.context [-] Task 8721bc0b-a487-4e95-8756-c06f0378d98d | Context users@openstack cleanup() started
2020-04-13 02:52:29.483 1333 WARNING rally.common.logging [-] `iterate_per_tenants()' is deprecated in v3.0.0: it is openstack specific.. Used at
2020-04-13 02:52:33.834 1333 INFO rally.task.context [-] Task 8721bc0b-a487-4e95-8756-c06f0378d98d | Context users@openstack cleanup() finished in 4.49 sec
2020-04-13 02:52:34.769 1333 INFO rally.task.engine [-] Load duration is: 13.788014
2020-04-13 02:52:34.770 1333 INFO rally.task.engine [-] Full runner duration is: 13.839812
2020-04-13 02:52:34.770 1333 INFO rally.task.engine [-] Full duration is: 33.264323
2020-04-13 02:52:34.862 1333 INFO rally.task.engine [-] Running workload: position = 0 config = { "version": 2, "title": "A cropped version of a bigger task.", "description": "Auto-generated task from a single workload (uuid=d24a2c3b-1621-4c50-bcee-32c4c1d7d930)", "subtasks": [ { "title": "CinderVolumes.create_and_delete_volume", "description": "Create and then delete a volume.", "scenario": { "CinderVolumes.create_and_delete_volume": { "size": { "max": 1, "min": 1 } } }, "contexts": { "users": { "tenants": 3, "users_per_tenant": 2 }, "quotas": { "cinder": { "gigabytes": -1, "snapshots": -1, "volumes": -1 } }, "api_versions": { "cinder": { "version": 3, "service_type": "volumev3" } } }, "runner": { "constant": { "concurrency": 4, "times": 10 } }, "hooks": [], "sla": { "failure_rate": { "max": 0 } } } ] }
2020-04-13 02:52:34.884 1333 RALLYDEBUG rally_openstack.contexts.keystone.users [-] Creating 3 tenants using 3 threads
2020-04-13 02:52:35.388 1333 RALLYDEBUG rally_openstack.contexts.keystone.users [-] Creating 6 users using 6 threads
2020-04-13 02:52:36.366 1333 INFO rally.task.context [-] Task 8721bc0b-a487-4e95-8756-c06f0378d98d | Context users@openstack setup() finished in 1.48 sec
2020-04-13 02:52:36.499 1333 INFO rally.task.context [-] Task 8721bc0b-a487-4e95-8756-c06f0378d98d | Context api_versions@openstack setup() finished in 0.13 sec
2020-04-13 02:52:37.084 1333 INFO rally.task.context [-] Task 8721bc0b-a487-4e95-8756-c06f0378d98d | Context quotas@openstack setup() finished in 0.58 sec
2020-04-13 02:52:37.084 1333 INFO rally.task.context [-] Task 8721bc0b-a487-4e95-8756-c06f0378d98d | Context cleanup@openstack setup() finished in 0.03 msec
2020-04-13 02:52:37.096 1333 RALLYDEBUG rally.task.runner [-] Starting the constant runner (task UUID: 8721bc0b-a487-4e95-8756-c06f0378d98d). times: 10 concurrency: 4 timeout: 0 max_cpu_used: 88 processes_to_start: 4 concurrency_per_worker: 1 concurrency_overhead: 0
2020-04-13 02:52:37.106 3251 RALLYDEBUG rally.task.runner [-] Starting a worker. times: 10 duration: None concurrency: 1 timeout: 0 cls: method_name: run args: {"size": {"max": 1, "min": 1}}
2020-04-13 02:52:37.109 3252 RALLYDEBUG rally.task.runner [-] Starting a worker. times: 10 duration: None concurrency: 1 timeout: 0 cls: method_name: run args: {"size": {"max": 1, "min": 1}}
2020-04-13 02:52:37.111 3253 RALLYDEBUG rally.task.runner [-] Starting a worker. times: 10 duration: None concurrency: 1 timeout: 0 cls: method_name: run args: {"size": {"max": 1, "min": 1}}
2020-04-13 02:52:37.113 3251 INFO rally.task.runner [-] Task 8721bc0b-a487-4e95-8756-c06f0378d98d | ITER: 1 START
2020-04-13 02:52:37.113 3254 RALLYDEBUG rally.task.runner [-] Starting a worker. times: 10 duration: None concurrency: 1 timeout: 0 cls: method_name: run args: {"size": {"max": 1, "min": 1}}
2020-04-13 02:52:37.116 3253 INFO rally.task.runner [-] Task 8721bc0b-a487-4e95-8756-c06f0378d98d | ITER: 3 START
2020-04-13 02:52:37.118 3252 INFO rally.task.runner [-] Task 8721bc0b-a487-4e95-8756-c06f0378d98d | ITER: 2 START
2020-04-13 02:52:37.120 3254 INFO rally.task.runner [-] Task 8721bc0b-a487-4e95-8756-c06f0378d98d | ITER: 4 START
2020-04-13 02:52:39.926 3254 RALLYDEBUG rally.task.utils [-] Waiting for resource s_rally_d24a2c3b_3HZEJWNv. Status changed: AVAILABLE => DELETING in 0.0732109546661377
2020-04-13 02:52:39.975 3252 RALLYDEBUG rally.task.utils [-] Waiting for resource s_rally_d24a2c3b_x43LLbzD. Status changed: AVAILABLE => DELETING in 0.06926918029785156
2020-04-13 02:52:40.004 3251 RALLYDEBUG rally.task.utils [-] Waiting for resource s_rally_d24a2c3b_CK1hf87a. Status changed: AVAILABLE => DELETING in 0.06870388984680176
2020-04-13 02:52:40.133 3253 RALLYDEBUG rally.task.utils [-] Waiting for resource s_rally_d24a2c3b_X2mRYtwp. Status changed: AVAILABLE => DELETING in 0.21719074249267578
2020-04-13 02:52:41.979 3254 INFO rally.task.runner [-] Task 8721bc0b-a487-4e95-8756-c06f0378d98d | ITER: 4 END: OK
2020-04-13 02:52:41.986 3254 INFO rally.task.runner [-] Task 8721bc0b-a487-4e95-8756-c06f0378d98d | ITER: 5 START
2020-04-13 02:52:42.034 3252 INFO rally.task.runner [-] Task 8721bc0b-a487-4e95-8756-c06f0378d98d | ITER: 2 END: OK
2020-04-13 02:52:42.038 3252 INFO rally.task.runner [-] Task 8721bc0b-a487-4e95-8756-c06f0378d98d | ITER: 6 START
2020-04-13 02:52:42.074 3251 INFO rally.task.runner [-] Task 8721bc0b-a487-4e95-8756-c06f0378d98d | ITER: 1 END: OK
2020-04-13 02:52:42.079 3251 INFO rally.task.runner [-] Task 8721bc0b-a487-4e95-8756-c06f0378d98d | ITER: 7 START
2020-04-13 02:52:42.203 3253 INFO rally.task.runner [-] Task 8721bc0b-a487-4e95-8756-c06f0378d98d | ITER: 3 END: OK
2020-04-13 02:52:42.208 3253 INFO rally.task.runner [-] Task 8721bc0b-a487-4e95-8756-c06f0378d98d | ITER: 8 START
2020-04-13 02:52:44.715 3254 RALLYDEBUG rally.task.utils [-] Waiting for resource s_rally_d24a2c3b_io46OBos. Status changed: AVAILABLE => DELETING in 0.07885956764221191
2020-04-13 02:52:44.754 3252 RALLYDEBUG rally.task.utils [-] Waiting for resource s_rally_d24a2c3b_2F0n3rBz. Status changed: AVAILABLE => DELETING in 0.07408356666564941
2020-04-13 02:52:44.766 3251 RALLYDEBUG rally.task.utils [-] Waiting for resource s_rally_d24a2c3b_m6FWJQZP. Status changed: AVAILABLE => DELETING in 0.06288814544677734
2020-04-13 02:52:45.069 3253 RALLYDEBUG rally.task.utils [-] Waiting for resource s_rally_d24a2c3b_azEIf6Ii. Status changed: AVAILABLE => DELETING in 0.06948494911193848
2020-04-13 02:52:46.771 3254 INFO rally.task.runner [-] Task 8721bc0b-a487-4e95-8756-c06f0378d98d | ITER: 5 END: OK
2020-04-13 02:52:46.775 3254 INFO rally.task.runner [-] Task 8721bc0b-a487-4e95-8756-c06f0378d98d | ITER: 9 START
