2020-04-13 02:52:46.809 3252 INFO rally.task.runner [-] Task 8721bc0b-a487-4e95-8756-c06f0378d98d | ITER: 6 END: OK
2020-04-13 02:52:46.813 3252 INFO rally.task.runner [-] Task 8721bc0b-a487-4e95-8756-c06f0378d98d | ITER: 10 START
2020-04-13 02:52:46.823 3251 INFO rally.task.runner [-] Task 8721bc0b-a487-4e95-8756-c06f0378d98d | ITER: 7 END: OK
2020-04-13 02:52:47.119 3253 INFO rally.task.runner [-] Task 8721bc0b-a487-4e95-8756-c06f0378d98d | ITER: 8 END: OK
2020-04-13 02:52:49.596 3252 RALLYDEBUG rally.task.utils [-] Waiting for resource s_rally_d24a2c3b_M7BEwXGb. Status changed: AVAILABLE => DELETING in 0.07200956344604492
2020-04-13 02:52:49.631 3254 RALLYDEBUG rally.task.utils [-] Waiting for resource s_rally_d24a2c3b_aiHJ1rT7. Status changed: AVAILABLE => DELETING in 0.06535077095031738
2020-04-13 02:52:51.647 3252 INFO rally.task.runner [-] Task 8721bc0b-a487-4e95-8756-c06f0378d98d | ITER: 10 END: OK
2020-04-13 02:52:51.689 3254 INFO rally.task.runner [-] Task 8721bc0b-a487-4e95-8756-c06f0378d98d | ITER: 9 END: OK
2020-04-13 02:52:51.714 1333 INFO rally.task.context [-] Task 8721bc0b-a487-4e95-8756-c06f0378d98d | Context cleanup@openstack cleanup() started
2020-04-13 02:52:51.719 1333 RALLYDEBUG rally_openstack.cleanup.manager [-] Cleaning up cinder backups objects
2020-04-13 02:52:52.319 1333 RALLYDEBUG rally_openstack.cleanup.manager [-] Cleaning up cinder volume_snapshots objects
2020-04-13 02:52:52.832 1333 RALLYDEBUG rally_openstack.cleanup.manager [-] Cleaning up cinder transfers objects
2020-04-13 02:52:53.315 1333 RALLYDEBUG rally_openstack.cleanup.manager [-] Cleaning up cinder volumes objects
2020-04-13 02:52:53.874 1333 INFO rally.task.context [-] Task 8721bc0b-a487-4e95-8756-c06f0378d98d | Context cleanup@openstack cleanup() finished in 2.16 sec
2020-04-13 02:52:53.875 1333 INFO rally.task.context [-] Task 8721bc0b-a487-4e95-8756-c06f0378d98d | Context quotas@openstack cleanup() started
2020-04-13 02:52:53.962 1333 INFO rally.task.context [-] Task 8721bc0b-a487-4e95-8756-c06f0378d98d | Context quotas@openstack cleanup() finished in 87.24 msec
2020-04-13 02:52:53.963 1333 INFO rally.task.context [-] Task 8721bc0b-a487-4e95-8756-c06f0378d98d | Context api_versions@openstack cleanup() started
2020-04-13 02:52:53.963 1333 INFO rally.task.context [-] Task 8721bc0b-a487-4e95-8756-c06f0378d98d | Context api_versions@openstack cleanup() finished in 0.34 msec
2020-04-13 02:52:53.963 1333 INFO rally.task.context [-] Task 8721bc0b-a487-4e95-8756-c06f0378d98d | Context users@openstack cleanup() started
2020-04-13 02:52:54.211 1333 WARNING rally.common.logging [-] `iterate_per_tenants()' is deprecated in v3.0.0: it is openstack specific.. Used at
2020-04-13 02:52:56.610 1333 INFO rally.task.context [-] Task 8721bc0b-a487-4e95-8756-c06f0378d98d | Context users@openstack cleanup() finished in 2.65 sec
2020-04-13 02:52:57.025 1333 INFO rally.task.engine [-] Load duration is: 14.571906
2020-04-13 02:52:57.026 1333 INFO rally.task.engine [-] Full runner duration is: 14.618786
2020-04-13 02:52:57.026 1333 INFO rally.task.engine [-] Full duration is: 21.72866
2020-04-13 02:52:57.090 1333 INFO rally.task.engine [-] Running workload: position = 1 config = { "version": 2, "title": "A cropped version of a bigger task.", "description": "Auto-generated task from a single workload (uuid=6a38f8f6-a3d1-4625-8b45-2013db37f1f8)", "subtasks": [ { "title": "CinderVolumes.create_and_delete_volume", "description": "Create and then delete a volume.", "scenario": { "CinderVolumes.create_and_delete_volume": { "image": { "name": "rally_full_cntt-img_044c9470-22d6-4136-99e6-972dd7ba6ded" }, "size": 1 } }, "contexts": { "users": { "tenants": 3, "users_per_tenant": 2 }, "quotas": { "cinder": { "gigabytes": -1, "snapshots": -1, "volumes": -1 } }, "api_versions": { "cinder": { "version": 3, "service_type": "volumev3" } } }, "runner": { "constant": { "concurrency": 4, "times": 10 } }, "hooks": [], "sla": { "failure_rate": { "max": 0 } } } ] }
2020-04-13 02:52:57.114 1333 RALLYDEBUG rally_openstack.contexts.keystone.users [-] Creating 3 tenants using 3 threads
2020-04-13 02:52:57.619 1333 RALLYDEBUG rally_openstack.contexts.keystone.users [-] Creating 6 users using 6 threads
2020-04-13 02:52:58.614 1333 INFO rally.task.context [-] Task 8721bc0b-a487-4e95-8756-c06f0378d98d | Context users@openstack setup() finished in 1.50 sec
2020-04-13 02:52:58.740 1333 INFO rally.task.context [-] Task 8721bc0b-a487-4e95-8756-c06f0378d98d | Context api_versions@openstack setup() finished in 0.13 sec
2020-04-13 02:52:59.276 1333 INFO rally.task.context [-] Task 8721bc0b-a487-4e95-8756-c06f0378d98d | Context quotas@openstack setup() finished in 0.54 sec
2020-04-13 02:52:59.277 1333 INFO rally.task.context [-] Task 8721bc0b-a487-4e95-8756-c06f0378d98d | Context cleanup@openstack setup() finished in 0.02 msec
2020-04-13 02:52:59.549 1333 RALLYDEBUG rally.task.runner [-] Starting the constant runner (task UUID: 8721bc0b-a487-4e95-8756-c06f0378d98d). times: 10 concurrency: 4 timeout: 0 max_cpu_used: 88 processes_to_start: 4 concurrency_per_worker: 1 concurrency_overhead: 0
2020-04-13 02:52:59.560 3404 RALLYDEBUG rally.task.runner [-] Starting a worker. times: 10 duration: None concurrency: 1 timeout: 0 cls: method_name: run args: {"image": "2a496ff0-46a2-42f3-b37f-80386448dd5b", "size": 1}
2020-04-13 02:52:59.563 3405 RALLYDEBUG rally.task.runner [-] Starting a worker. times: 10 duration: None concurrency: 1 timeout: 0 cls: method_name: run args: {"image": "2a496ff0-46a2-42f3-b37f-80386448dd5b", "size": 1}
2020-04-13 02:52:59.565 3406 RALLYDEBUG rally.task.runner [-] Starting a worker. times: 10 duration: None concurrency: 1 timeout: 0 cls: method_name: run args: {"image": "2a496ff0-46a2-42f3-b37f-80386448dd5b", "size": 1}
2020-04-13 02:52:59.567 3404 INFO rally.task.runner [-] Task 8721bc0b-a487-4e95-8756-c06f0378d98d | ITER: 1 START
2020-04-13 02:52:59.568 3407 RALLYDEBUG rally.task.runner [-] Starting a worker. times: 10 duration: None concurrency: 1 timeout: 0 cls: method_name: run args: {"image": "2a496ff0-46a2-42f3-b37f-80386448dd5b", "size": 1}
2020-04-13 02:52:59.570 3405 INFO rally.task.runner [-] Task 8721bc0b-a487-4e95-8756-c06f0378d98d | ITER: 2 START
2020-04-13 02:52:59.572 3406 INFO rally.task.runner [-] Task 8721bc0b-a487-4e95-8756-c06f0378d98d | ITER: 3 START
2020-04-13 02:52:59.575 3407 INFO rally.task.runner [-] Task 8721bc0b-a487-4e95-8756-c06f0378d98d | ITER: 4 START
2020-04-13 02:53:04.431 3405 RALLYDEBUG rally.task.utils [-] Waiting for resource s_rally_6a38f8f6_HJ0WGAcN. Status changed: DOWNLOADING => AVAILABLE in 2.2179062366485596
2020-04-13 02:53:04.573 3406 RALLYDEBUG rally.task.utils [-] Waiting for resource s_rally_6a38f8f6_yofEqBOK. Status changed: DOWNLOADING => AVAILABLE in 2.2348742485046387
2020-04-13 02:53:04.575 3404 RALLYDEBUG rally.task.utils [-] Waiting for resource s_rally_6a38f8f6_4CQC3uOJ. Status changed: DOWNLOADING => AVAILABLE in 2.39829421043396
2020-04-13 02:53:04.597 3405 RALLYDEBUG rally.task.utils [-] Waiting for resource s_rally_6a38f8f6_HJ0WGAcN. Status changed: AVAILABLE => DELETING in 0.08251643180847168
2020-04-13 02:53:04.736 3404 RALLYDEBUG rally.task.utils [-] Waiting for resource s_rally_6a38f8f6_4CQC3uOJ. Status changed: AVAILABLE => DELETING in 0.07745504379272461
2020-04-13 02:53:04.742 3406 RALLYDEBUG rally.task.utils [-] Waiting for resource s_rally_6a38f8f6_yofEqBOK. Status changed: AVAILABLE => DELETING in 0.07915663719177246
2020-04-13 02:53:05.460 3407 RALLYDEBUG rally.task.utils [-] Waiting for resource s_rally_6a38f8f6_tqZsXFDi. Status changed: DOWNLOADING => AVAILABLE in 2.237858295440674
2020-04-13 02:53:05.614 3407 RALLYDEBUG rally.task.utils [-] Waiting for resource s_rally_6a38f8f6_tqZsXFDi. Status changed: AVAILABLE => DELETING in 0.07535719871520996
2020-04-13 02:53:06.649 3405 INFO rally.task.runner [-] Task 8721bc0b-a487-4e95-8756-c06f0378d98d | ITER: 2 END: OK
2020-04-13 02:53:06.653 3405 INFO rally.task.runner [-] Task 8721bc0b-a487-4e95-8756-c06f0378d98d | ITER: 5 START
2020-04-13 02:53:06.789 3404 INFO rally.task.runner [-] Task 8721bc0b-a487-4e95-8756-c06f0378d98d | ITER: 1 END: OK
2020-04-13 02:53:06.792 3406 INFO rally.task.runner [-] Task 8721bc0b-a487-4e95-8756-c06f0378d98d | ITER: 3 END: OK
2020-04-13 02:53:06.794 3404 INFO rally.task.runner [-] Task 8721bc0b-a487-4e95-8756-c06f0378d98d | ITER: 6 START
2020-04-13 02:53:06.797 3406 INFO rally.task.runner [-] Task 8721bc0b-a487-4e95-8756-c06f0378d98d | ITER: 7 START
2020-04-13 02:53:07.675 3407 INFO rally.task.runner [-] Task 8721bc0b-a487-4e95-8756-c06f0378d98d | ITER: 4 END: OK
2020-04-13 02:53:07.680 3407 INFO rally.task.runner [-] Task 8721bc0b-a487-4e95-8756-c06f0378d98d | ITER: 8 START
2020-04-13 02:53:11.410 3405 RALLYDEBUG rally.task.utils [-] Waiting for resource s_rally_6a38f8f6_L7p9ePel. Status changed: DOWNLOADING => AVAILABLE in 2.2239975929260254
2020-04-13 02:53:11.524 3406 RALLYDEBUG rally.task.utils [-] Waiting for resource s_rally_6a38f8f6_Uy9y4ua2. Status changed: DOWNLOADING => AVAILABLE in 2.229679584503174
2020-04-13 02:53:11.561 3405 RALLYDEBUG rally.task.utils [-] Waiting for resource s_rally_6a38f8f6_L7p9ePel. Status changed: AVAILABLE => DELETING in 0.06785368919372559
2020-04-13 02:53:11.759 3404 RALLYDEBUG rally.task.utils [-] Waiting for resource s_rally_6a38f8f6_E89wHw5z. Status changed: DOWNLOADING => AVAILABLE in 2.2210311889648438
2020-04-13 02:53:11.783 3406 RALLYDEBUG rally.task.utils [-] Waiting for resource s_rally_6a38f8f6_Uy9y4ua2. Status changed: AVAILABLE => DELETING in 0.08028769493103027
2020-04-13 02:53:11.917 3404 RALLYDEBUG rally.task.utils [-] Waiting for resource s_rally_6a38f8f6_E89wHw5z. Status changed: AVAILABLE => DELETING in 0.08625006675720215
2020-04-13 02:53:12.578 3407 RALLYDEBUG rally.task.utils [-] Waiting for resource s_rally_6a38f8f6_O9fqc4f7. Status changed: DOWNLOADING => AVAILABLE in 2.240260601043701
2020-04-13 02:53:12.744 3407 RALLYDEBUG rally.task.utils [-] Waiting for resource s_rally_6a38f8f6_O9fqc4f7. Status changed: AVAILABLE => DELETING in 0.0773003101348877
2020-04-13 02:53:13.619 3405 INFO rally.task.runner [-] Task 8721bc0b-a487-4e95-8756-c06f0378d98d | ITER: 5 END: OK
2020-04-13 02:53:13.624 3405 INFO rally.task.runner [-] Task 8721bc0b-a487-4e95-8756-c06f0378d98d | ITER: 9 START
2020-04-13 02:53:13.836 3406 INFO rally.task.runner [-] Task 8721bc0b-a487-4e95-8756-c06f0378d98d | ITER: 7 END: OK
2020-04-13 02:53:13.840 3406 INFO rally.task.runner [-] Task 8721bc0b-a487-4e95-8756-c06f0378d98d | ITER: 10 START
2020-04-13 02:53:13.968 3404 INFO rally.task.runner [-] Task 8721bc0b-a487-4e95-8756-c06f0378d98d | ITER: 6 END: OK
2020-04-13 02:53:14.795 3407 INFO rally.task.runner [-] Task 8721bc0b-a487-4e95-8756-c06f0378d98d | ITER: 8 END: OK
2020-04-13 02:53:18.464 3405 RALLYDEBUG rally.task.utils [-] Waiting for resource s_rally_6a38f8f6_Q7v7mJFR. Status changed: DOWNLOADING => AVAILABLE in 2.216693162918091
2020-04-13 02:53:18.603 3406 RALLYDEBUG rally.task.utils [-] Waiting for resource s_rally_6a38f8f6_Uz863C3d. Status changed: DOWNLOADING => AVAILABLE in 2.225233793258667
2020-04-13 02:53:18.619 3405 RALLYDEBUG rally.task.utils [-] Waiting for resource s_rally_6a38f8f6_Q7v7mJFR. Status changed: AVAILABLE => DELETING in 0.06967282295227051
2020-04-13 02:53:18.755 3406 RALLYDEBUG rally.task.utils [-] Waiting for resource s_rally_6a38f8f6_Uz863C3d. Status changed: AVAILABLE => DELETING in 0.07595515251159668
2020-04-13 02:53:20.674 3405 INFO rally.task.runner [-] Task 8721bc0b-a487-4e95-8756-c06f0378d98d | ITER: 9 END: OK
2020-04-13 02:53:20.811 3406 INFO rally.task.runner [-] Task 8721bc0b-a487-4e95-8756-c06f0378d98d | ITER: 10 END: OK
2020-04-13 02:53:20.838 1333 INFO rally.task.context [-] Task 8721bc0b-a487-4e95-8756-c06f0378d98d | Context cleanup@openstack cleanup() started
2020-04-13 02:53:20.844 1333 RALLYDEBUG rally_openstack.cleanup.manager [-] Cleaning up cinder backups objects
2020-04-13 02:53:21.490 1333 RALLYDEBUG rally_openstack.cleanup.manager [-] Cleaning up cinder volume_snapshots objects
2020-04-13 02:53:21.942 1333 RALLYDEBUG rally_openstack.cleanup.manager [-] Cleaning up cinder transfers objects
2020-04-13 02:53:22.369 1333 RALLYDEBUG rally_openstack.cleanup.manager [-] Cleaning up cinder volumes objects
2020-04-13 02:53:22.909 1333 INFO rally.task.context [-] Task 8721bc0b-a487-4e95-8756-c06f0378d98d | Context cleanup@openstack cleanup() finished in 2.07 sec
2020-04-13 02:53:22.909 1333 INFO rally.task.context [-] Task 8721bc0b-a487-4e95-8756-c06f0378d98d | Context quotas@openstack cleanup() started
2020-04-13 02:53:22.995 1333 INFO rally.task.context [-] Task 8721bc0b-a487-4e95-8756-c06f0378d98d | Context quotas@openstack cleanup() finished in 86.16 msec
2020-04-13 02:53:22.996 1333 INFO rally.task.context [-] Task 8721bc0b-a487-4e95-8756-c06f0378d98d | Context api_versions@openstack cleanup() started
2020-04-13 02:53:22.997 1333 INFO rally.task.context [-] Task 8721bc0b-a487-4e95-8756-c06f0378d98d | Context api_versions@openstack cleanup() finished in 0.50 msec
2020-04-13 02:53:22.997 1333 INFO rally.task.context [-] Task 8721bc0b-a487-4e95-8756-c06f0378d98d | Context users@openstack cleanup() started
2020-04-13 02:53:23.257 1333 WARNING rally.common.logging [-] `iterate_per_tenants()' is deprecated in v3.0.0: it is openstack specific.. Used at
2020-04-13 02:53:25.702 1333 INFO rally.task.context [-] Task 8721bc0b-a487-4e95-8756-c06f0378d98d | Context users@openstack cleanup() finished in 2.70 sec
2020-04-13 02:53:27.332 1333 INFO rally.task.engine [-] Load duration is: 21.238344
2020-04-13 02:53:27.333 1333 INFO rally.task.engine [-] Full runner duration is: 21.288719
2020-04-13 02:53:27.333 1333 INFO rally.task.engine [-] Full duration is: 28.590165
2020-04-13 02:53:27.396 1333 INFO rally.task.engine [-] Running workload: position = 2 config = { "version": 2, "title": "A cropped version of a bigger task.", "description": "Auto-generated task from a single workload (uuid=a23c1da1-91d9-42d7-96b0-cff402e34799)", "subtasks": [ { "title": "CinderVolumes.create_and_delete_volume", "description": "Create and then delete a volume.", "scenario": { "CinderVolumes.create_and_delete_volume": { "size": 1 } }, "contexts": { "users": { "tenants": 3, "users_per_tenant": 2 }, "quotas": { "cinder": { "gigabytes": -1, "snapshots": -1, "volumes": -1 } }, "api_versions": { "cinder": { "version": 3, "service_type": "volumev3" } } }, "runner": { "constant": { "concurrency": 4, "times": 10 } }, "hooks": [], "sla": { "failure_rate": { "max": 0 } } } ] }
2020-04-13 02:53:27.424 1333 RALLYDEBUG rally_openstack.contexts.keystone.users [-] Creating 3 tenants using 3 threads
2020-04-13 02:53:27.941 1333 RALLYDEBUG rally_openstack.contexts.keystone.users [-] Creating 6 users using 6 threads
2020-04-13 02:53:28.942 1333 INFO rally.task.context [-] Task 8721bc0b-a487-4e95-8756-c06f0378d98d | Context users@openstack setup() finished in 1.52 sec
2020-04-13 02:53:29.093 1333 INFO rally.task.context [-] Task 8721bc0b-a487-4e95-8756-c06f0378d98d | Context api_versions@openstack setup() finished in 0.15 sec
2020-04-13 02:53:29.683 1333 INFO rally.task.context [-] Task 8721bc0b-a487-4e95-8756-c06f0378d98d | Context quotas@openstack setup() finished in 0.59 sec
2020-04-13 02:53:29.684 1333 INFO rally.task.context [-] Task 8721bc0b-a487-4e95-8756-c06f0378d98d | Context cleanup@openstack setup() finished in 0.11 msec
2020-04-13 02:53:29.699 1333 RALLYDEBUG rally.task.runner [-] Starting the constant runner (task UUID: 8721bc0b-a487-4e95-8756-c06f0378d98d). times: 10 concurrency: 4 timeout: 0 max_cpu_used: 88 processes_to_start: 4 concurrency_per_worker: 1 concurrency_overhead: 0
2020-04-13 02:53:29.708 3557 RALLYDEBUG rally.task.runner [-] Starting a worker. times: 10 duration: None concurrency: 1 timeout: 0 cls: method_name: run args: {"size": 1}
2020-04-13 02:53:29.710 3558 RALLYDEBUG rally.task.runner [-] Starting a worker. times: 10 duration: None concurrency: 1 timeout: 0 cls: method_name: run args: {"size": 1}
2020-04-13 02:53:29.713 3559 RALLYDEBUG rally.task.runner [-] Starting a worker. times: 10 duration: None concurrency: 1 timeout: 0 cls: method_name: run args: {"size": 1}
2020-04-13 02:53:29.716 3557 INFO rally.task.runner [-] Task 8721bc0b-a487-4e95-8756-c06f0378d98d | ITER: 1 START
2020-04-13 02:53:29.717 3558 INFO rally.task.runner [-] Task 8721bc0b-a487-4e95-8756-c06f0378d98d | ITER: 2 START
2020-04-13 02:53:29.717 3560 RALLYDEBUG rally.task.runner [-] Starting a worker. times: 10 duration: None concurrency: 1 timeout: 0 cls: method_name: run args: {"size": 1}
2020-04-13 02:53:29.719 3559 INFO rally.task.runner [-] Task 8721bc0b-a487-4e95-8756-c06f0378d98d | ITER: 3 START
2020-04-13 02:53:29.724 3560 INFO rally.task.runner [-] Task 8721bc0b-a487-4e95-8756-c06f0378d98d | ITER: 4 START
2020-04-13 02:53:32.523 3560 RALLYDEBUG rally.task.utils [-] Waiting for resource s_rally_a23c1da1_eTs5KtCx. Status changed: AVAILABLE => DELETING in 0.07021188735961914
2020-04-13 02:53:32.568 3558 RALLYDEBUG rally.task.utils [-] Waiting for resource s_rally_a23c1da1_NRAc7jQD. Status changed: AVAILABLE => DELETING in 0.07203793525695801
2020-04-13 02:53:32.598 3559 RALLYDEBUG rally.task.utils [-] Waiting for resource s_rally_a23c1da1_IpfLOGC6. Status changed: AVAILABLE => DELETING in 0.08089828491210938
2020-04-13 02:53:32.645 3557 RALLYDEBUG rally.task.utils [-] Waiting for resource s_rally_a23c1da1_dcZVuoaz. Status changed: AVAILABLE => DELETING in 0.06452393531799316
2020-04-13 02:53:34.588 3560 INFO rally.task.runner [-] Task 8721bc0b-a487-4e95-8756-c06f0378d98d | ITER: 4 END: OK
2020-04-13 02:53:34.594 3560 INFO rally.task.runner [-] Task 8721bc0b-a487-4e95-8756-c06f0378d98d | ITER: 5 START
2020-04-13 02:53:34.622 3558 INFO rally.task.runner [-] Task 8721bc0b-a487-4e95-8756-c06f0378d98d | ITER: 2 END: OK
2020-04-13 02:53:34.627 3558 INFO rally.task.runner [-] Task 8721bc0b-a487-4e95-8756-c06f0378d98d | ITER: 6 START
2020-04-13 02:53:34.649 3559 INFO rally.task.runner [-] Task 8721bc0b-a487-4e95-8756-c06f0378d98d | ITER: 3 END: OK
2020-04-13 02:53:34.653 3559 INFO rally.task.runner [-] Task 8721bc0b-a487-4e95-8756-c06f0378d98d | ITER: 7 START
2020-04-13 02:53:34.699 3557 INFO rally.task.runner [-] Task 8721bc0b-a487-4e95-8756-c06f0378d98d | ITER: 1 END: OK
2020-04-13 02:53:34.704 3557 INFO rally.task.runner [-] Task 8721bc0b-a487-4e95-8756-c06f0378d98d | ITER: 8 START
2020-04-13 02:53:37.361 3558 RALLYDEBUG rally.task.utils [-] Waiting for resource s_rally_a23c1da1_o0sUkhNd. Status changed: AVAILABLE => DELETING in 0.09092140197753906
2020-04-13 02:53:37.410 3560 RALLYDEBUG rally.task.utils [-] Waiting for resource s_rally_a23c1da1_KVlFFTNA. Status changed: AVAILABLE => DELETING in 0.07458710670471191
2020-04-13 02:53:37.418 3557 RALLYDEBUG rally.task.utils [-] Waiting for resource s_rally_a23c1da1_f6rYkuYz. Status changed: AVAILABLE => DELETING in 0.06795024871826172
2020-04-13 02:53:37.470 3559 RALLYDEBUG rally.task.utils [-] Waiting for resource s_rally_a23c1da1_J5x4xf8O. Status changed: AVAILABLE => DELETING in 0.07506942749023438
2020-04-13 02:53:39.420 3558 INFO rally.task.runner [-] Task 8721bc0b-a487-4e95-8756-c06f0378d98d | ITER: 6 END: OK
2020-04-13 02:53:39.425 3558 INFO rally.task.runner [-] Task 8721bc0b-a487-4e95-8756-c06f0378d98d | ITER: 9 START
2020-04-13 02:53:39.465 3560 INFO rally.task.runner [-] Task 8721bc0b-a487-4e95-8756-c06f0378d98d | ITER: 5 END: OK
2020-04-13 02:53:39.469 3560 INFO rally.task.runner [-] Task 8721bc0b-a487-4e95-8756-c06f0378d98d | ITER: 10 START
2020-04-13 02:53:39.473 3557 INFO rally.task.runner [-] Task 8721bc0b-a487-4e95-8756-c06f0378d98d | ITER: 8 END: OK
2020-04-13 02:53:39.521 3559 INFO rally.task.runner [-] Task 8721bc0b-a487-4e95-8756-c06f0378d98d | ITER: 7 END: OK
2020-04-13 02:53:42.113 3558 RALLYDEBUG rally.task.utils [-] Waiting for resource s_rally_a23c1da1_pqSWWrRk. Status changed: AVAILABLE => DELETING in 0.07989501953125
2020-04-13 02:53:42.258 3560 RALLYDEBUG rally.task.utils [-] Waiting for resource s_rally_a23c1da1_wzZpXawM. Status changed: AVAILABLE => DELETING in 0.0787200927734375
2020-04-13 02:53:44.168 3558 INFO rally.task.runner [-] Task 8721bc0b-a487-4e95-8756-c06f0378d98d | ITER: 9 END: OK
2020-04-13 02:53:44.314 3560 INFO rally.task.runner [-] Task 8721bc0b-a487-4e95-8756-c06f0378d98d | ITER: 10 END: OK
2020-04-13 02:53:44.336 1333 INFO rally.task.context [-] Task 8721bc0b-a487-4e95-8756-c06f0378d98d | Context cleanup@openstack cleanup() started
2020-04-13 02:53:44.341 1333 RALLYDEBUG rally_openstack.cleanup.manager [-] Cleaning up cinder backups objects
2020-04-13 02:53:44.869 1333 RALLYDEBUG rally_openstack.cleanup.manager [-] Cleaning up cinder volume_snapshots objects
2020-04-13 02:53:45.362 1333 RALLYDEBUG rally_openstack.cleanup.manager [-] Cleaning up cinder transfers objects
2020-04-13 02:53:45.912 1333 RALLYDEBUG rally_openstack.cleanup.manager [-] Cleaning up cinder volumes objects
2020-04-13 02:53:46.478 1333 INFO rally.task.context [-] Task 8721bc0b-a487-4e95-8756-c06f0378d98d | Context cleanup@openstack cleanup() finished in 2.14 sec
2020-04-13 02:53:46.478 1333 INFO rally.task.context [-] Task 8721bc0b-a487-4e95-8756-c06f0378d98d | Context quotas@openstack cleanup() started
2020-04-13 02:53:46.560 1333 INFO rally.task.context [-] Task 8721bc0b-a487-4e95-8756-c06f0378d98d | Context quotas@openstack cleanup() finished in 81.89 msec
2020-04-13 02:53:46.561 1333 INFO rally.task.context [-] Task 8721bc0b-a487-4e95-8756-c06f0378d98d | Context api_versions@openstack cleanup() started
2020-04-13 02:53:46.561 1333 INFO rally.task.context [-] Task 8721bc0b-a487-4e95-8756-c06f0378d98d | Context api_versions@openstack cleanup() finished in 0.38 msec
2020-04-13 02:53:46.562 1333 INFO rally.task.context [-] Task 8721bc0b-a487-4e95-8756-c06f0378d98d | Context users@openstack cleanup() started
2020-04-13 02:53:46.767 1333 WARNING rally.common.logging [-] `iterate_per_tenants()' is deprecated in v3.0.0: it is openstack specific.. Used at
2020-04-13 02:53:49.264 1333 INFO rally.task.context [-] Task 8721bc0b-a487-4e95-8756-c06f0378d98d | Context users@openstack cleanup() finished in 2.70 sec
2020-04-13 02:53:49.564 1333 INFO rally.task.engine [-] Load duration is: 14.592518
2020-04-13 02:53:49.564 1333 INFO rally.task.engine [-] Full runner duration is: 14.63774
2020-04-13 02:53:49.565 1333 INFO rally.task.engine [-] Full duration is: 21.842496
2020-04-13 02:53:49.659 1333 INFO rally.task.engine [-] Running workload: position = 0 config = { "version": 2, "title": "A cropped version of a bigger task.", "description": "Auto-generated task from a single workload (uuid=b335722e-f2d2-4697-ad89-7ba27ecfb952)", "subtasks": [ { "title": "CinderVolumes.create_and_extend_volume", "description": "Create and extend a volume and then delete it.", "scenario": { "CinderVolumes.create_and_extend_volume": { "new_size": 2, "size": 1 } }, "contexts": { "users": { "tenants": 3, "users_per_tenant": 2 }, "quotas": { "cinder": { "gigabytes": -1, "snapshots": -1, "volumes": -1 } }, "api_versions": { "cinder": { "version": 3, "service_type": "volumev3" } } }, "runner": { "constant": { "concurrency": 4, "times": 10 } }, "hooks": [], "sla": { "failure_rate": { "max": 0 } } } ] }
2020-04-13 02:53:49.681 1333 RALLYDEBUG rally_openstack.contexts.keystone.users [-] Creating 3 tenants using 3 threads
2020-04-13 02:53:50.175 1333 RALLYDEBUG rally_openstack.contexts.keystone.users [-] Creating 6 users using 6 threads
2020-04-13 02:53:51.201 1333 INFO rally.task.context [-] Task 8721bc0b-a487-4e95-8756-c06f0378d98d | Context users@openstack setup() finished in 1.52 sec
2020-04-13 02:53:51.345 1333 INFO rally.task.context [-] Task 8721bc0b-a487-4e95-8756-c06f0378d98d | Context api_versions@openstack setup() finished in 0.14 sec
2020-04-13 02:53:51.962 1333 INFO rally.task.context [-] Task 8721bc0b-a487-4e95-8756-c06f0378d98d | Context quotas@openstack setup() finished in 0.62 sec
2020-04-13 02:53:51.963 1333 INFO rally.task.context [-] Task 8721bc0b-a487-4e95-8756-c06f0378d98d | Context cleanup@openstack setup() finished in 0.13 msec
2020-04-13 02:53:51.973 1333 RALLYDEBUG rally.task.runner [-] Starting the constant runner (task UUID: 8721bc0b-a487-4e95-8756-c06f0378d98d). times: 10 concurrency: 4 timeout: 0 max_cpu_used: 88 processes_to_start: 4 concurrency_per_worker: 1 concurrency_overhead: 0
2020-04-13 02:53:51.987 3710 RALLYDEBUG rally.task.runner [-] Starting a worker. times: 10 duration: None concurrency: 1 timeout: 0 cls: method_name: run args: {"new_size": 2, "size": 1}
2020-04-13 02:53:51.990 3711 RALLYDEBUG rally.task.runner [-] Starting a worker. times: 10 duration: None concurrency: 1 timeout: 0 cls: method_name: run args: {"new_size": 2, "size": 1}
2020-04-13 02:53:51.993 3712 RALLYDEBUG rally.task.runner [-] Starting a worker. times: 10 duration: None concurrency: 1 timeout: 0 cls: method_name: run args: {"new_size": 2, "size": 1}
2020-04-13 02:53:51.994 3710 INFO rally.task.runner [-] Task 8721bc0b-a487-4e95-8756-c06f0378d98d | ITER: 1 START
2020-04-13 02:53:51.996 3713 RALLYDEBUG rally.task.runner [-] Starting a worker. times: 10 duration: None concurrency: 1 timeout: 0 cls: method_name: run args: {"new_size": 2, "size": 1}
2020-04-13 02:53:51.997 3711 INFO rally.task.runner [-] Task 8721bc0b-a487-4e95-8756-c06f0378d98d | ITER: 2 START
2020-04-13 02:53:51.998 3712 INFO rally.task.runner [-] Task 8721bc0b-a487-4e95-8756-c06f0378d98d | ITER: 3 START
2020-04-13 02:53:52.003 3713 INFO rally.task.runner [-] Task 8721bc0b-a487-4e95-8756-c06f0378d98d | ITER: 4 START
2020-04-13 02:53:54.821 3713 RALLYDEBUG rally.task.utils [-] Waiting for resource s_rally_b335722e_icHF27gu. Status changed: AVAILABLE => EXTENDING in 0.06727266311645508
2020-04-13 02:53:54.888 3710 RALLYDEBUG rally.task.utils [-] Waiting for resource s_rally_b335722e_T7DPxbCh. Status changed: AVAILABLE => EXTENDING in 0.07298922538757324
2020-04-13 02:53:54.906 3712 RALLYDEBUG rally.task.utils [-] Waiting for resource s_rally_b335722e_4ULcAv4k. Status changed: AVAILABLE => EXTENDING in 0.07091045379638672
2020-04-13 02:53:54.911 3711 RALLYDEBUG rally.task.utils [-] Waiting for resource s_rally_b335722e_OQ1dNfwV. Status changed: AVAILABLE => EXTENDING in 0.06976199150085449
2020-04-13 02:53:56.903 3713 RALLYDEBUG rally.task.utils [-] Waiting for resource s_rally_b335722e_icHF27gu. Status changed: EXTENDING => AVAILABLE in 2.0820469856262207
2020-04-13 02:53:56.962 3710 RALLYDEBUG rally.task.utils [-] Waiting for resource s_rally_b335722e_T7DPxbCh. Status changed: EXTENDING => AVAILABLE in 2.074702024459839
2020-04-13 02:53:56.990 3711 RALLYDEBUG rally.task.utils [-] Waiting for resource s_rally_b335722e_OQ1dNfwV. Status changed: EXTENDING => AVAILABLE in 2.0785436630249023
2020-04-13 02:53:56.992 3712 RALLYDEBUG rally.task.utils [-] Waiting for resource s_rally_b335722e_4ULcAv4k. Status changed: EXTENDING => AVAILABLE in 2.086620807647705
2020-04-13 02:53:57.048 3713 RALLYDEBUG rally.task.utils [-] Waiting for resource s_rally_b335722e_icHF27gu. Status changed: AVAILABLE => DELETING in 0.06639337539672852
2020-04-13 02:53:57.108 3710 RALLYDEBUG rally.task.utils [-] Waiting for resource s_rally_b335722e_T7DPxbCh. Status changed: AVAILABLE => DELETING in 0.07240509986877441
2020-04-13 02:53:57.139 3711 RALLYDEBUG rally.task.utils [-] Waiting for resource s_rally_b335722e_OQ1dNfwV. Status changed: AVAILABLE => DELETING in 0.07336688041687012
2020-04-13 02:53:57.156 3712 RALLYDEBUG rally.task.utils [-] Waiting for resource s_rally_b335722e_4ULcAv4k. Status changed: AVAILABLE => DELETING in 0.08337116241455078
2020-04-13 02:53:59.106 3713 INFO rally.task.runner [-] Task 8721bc0b-a487-4e95-8756-c06f0378d98d | ITER: 4 END: OK
2020-04-13 02:53:59.111 3713 INFO rally.task.runner [-] Task 8721bc0b-a487-4e95-8756-c06f0378d98d | ITER: 5 START
2020-04-13 02:53:59.167 3710 INFO rally.task.runner [-] Task 8721bc0b-a487-4e95-8756-c06f0378d98d | ITER: 1 END: OK
2020-04-13 02:53:59.172 3710 INFO rally.task.runner [-] Task 8721bc0b-a487-4e95-8756-c06f0378d98d | ITER: 6 START
2020-04-13 02:53:59.192 3711 INFO rally.task.runner [-] Task 8721bc0b-a487-4e95-8756-c06f0378d98d | ITER: 2 END: OK
2020-04-13 02:53:59.197 3711 INFO rally.task.runner [-] Task 8721bc0b-a487-4e95-8756-c06f0378d98d | ITER: 7 START
2020-04-13 02:53:59.214 3712 INFO rally.task.runner [-] Task 8721bc0b-a487-4e95-8756-c06f0378d98d | ITER: 3 END: OK
2020-04-13 02:53:59.219 3712 INFO rally.task.runner [-] Task 8721bc0b-a487-4e95-8756-c06f0378d98d | ITER: 8 START
2020-04-13 02:54:01.884 3713 RALLYDEBUG rally.task.utils [-] Waiting for resource s_rally_b335722e_RzG2oS3W. Status changed: AVAILABLE => EXTENDING in 0.0759892463684082
2020-04-13 02:54:01.913 3711 RALLYDEBUG rally.task.utils [-] Waiting for resource s_rally_b335722e_29J32Lli. Status changed: AVAILABLE => EXTENDING in 0.07226109504699707
2020-04-13 02:54:02.062 3712 RALLYDEBUG rally.task.utils [-] Waiting for resource s_rally_b335722e_G8jcGEb6. Status changed: AVAILABLE => EXTENDING in 0.07654333114624023
2020-04-13 02:54:02.149 3710 RALLYDEBUG rally.task.utils [-] Waiting for resource s_rally_b335722e_S2bQEjmX. Status changed: AVAILABLE => EXTENDING in 0.07255744934082031
2020-04-13 02:54:03.968 3713 RALLYDEBUG rally.task.utils [-] Waiting for resource s_rally_b335722e_RzG2oS3W. Status changed: EXTENDING => AVAILABLE in 2.0842232704162598
2020-04-13 02:54:03.992 3711 RALLYDEBUG rally.task.utils [-] Waiting for resource s_rally_b335722e_29J32Lli. Status changed: EXTENDING => AVAILABLE in 2.0796313285827637
2020-04-13 02:54:04.118 3713 RALLYDEBUG rally.task.utils [-] Waiting for resource s_rally_b335722e_RzG2oS3W. Status changed: AVAILABLE => DELETING in 0.07202005386352539
2020-04-13 02:54:04.134 3712 RALLYDEBUG rally.task.utils [-] Waiting for resource s_rally_b335722e_G8jcGEb6. Status changed: EXTENDING => AVAILABLE in 2.0716331005096436
2020-04-13 02:54:04.144 3711 RALLYDEBUG rally.task.utils [-] Waiting for resource s_rally_b335722e_29J32Lli. Status changed: AVAILABLE => DELETING in 0.0719454288482666
2020-04-13 02:54:04.246 3710 RALLYDEBUG rally.task.utils [-] Waiting for resource s_rally_b335722e_S2bQEjmX. Status changed: EXTENDING => AVAILABLE in 2.0968434810638428
2020-04-13 02:54:04.293 3712 RALLYDEBUG rally.task.utils [-] Waiting for resource s_rally_b335722e_G8jcGEb6. Status changed: AVAILABLE => DELETING in 0.07308650016784668
2020-04-13 02:54:04.408 3710 RALLYDEBUG rally.task.utils [-] Waiting for resource s_rally_b335722e_S2bQEjmX. Status changed: AVAILABLE => DELETING in 0.07789230346679688
2020-04-13 02:54:06.173 3713 INFO rally.task.runner [-] Task 8721bc0b-a487-4e95-8756-c06f0378d98d | ITER: 5 END: OK
2020-04-13 02:54:06.177 3713 INFO rally.task.runner [-] Task 8721bc0b-a487-4e95-8756-c06f0378d98d | ITER: 9 START
2020-04-13 02:54:06.199 3711 INFO rally.task.runner [-] Task 8721bc0b-a487-4e95-8756-c06f0378d98d | ITER: 7 END: OK
2020-04-13 02:54:06.203 3711 INFO rally.task.runner [-] Task 8721bc0b-a487-4e95-8756-c06f0378d98d | ITER: 10 START
2020-04-13 02:54:06.353 3712 INFO rally.task.runner [-] Task 8721bc0b-a487-4e95-8756-c06f0378d98d | ITER: 8 END: OK
2020-04-13 02:54:06.462 3710 INFO rally.task.runner [-] Task 8721bc0b-a487-4e95-8756-c06f0378d98d | ITER: 6 END: OK
2020-04-13 02:54:08.981 3713 RALLYDEBUG rally.task.utils [-] Waiting for resource s_rally_b335722e_xHXP0w6f. Status changed: AVAILABLE => EXTENDING in 0.07569384574890137
2020-04-13 02:54:08.990 3711 RALLYDEBUG rally.task.utils [-] Waiting for resource s_rally_b335722e_Dor5MdWs. Status changed: AVAILABLE => EXTENDING in 0.06974053382873535
2020-04-13 02:54:11.062 3713 RALLYDEBUG rally.task.utils [-] Waiting for resource s_rally_b335722e_xHXP0w6f. Status changed: EXTENDING => AVAILABLE in 2.0807502269744873
2020-04-13 02:54:11.069 3711 RALLYDEBUG rally.task.utils [-] Waiting for resource s_rally_b335722e_Dor5MdWs. Status changed: EXTENDING => AVAILABLE in 2.078653573989868
2020-04-13 02:54:11.217 3713 RALLYDEBUG rally.task.utils [-] Waiting for resource s_rally_b335722e_xHXP0w6f. Status changed: AVAILABLE => DELETING in 0.06929516792297363
2020-04-13 02:54:11.230 3711 RALLYDEBUG rally.task.utils [-] Waiting for resource s_rally_b335722e_Dor5MdWs. Status changed: AVAILABLE => DELETING in 0.07298493385314941
2020-04-13 02:54:13.273 3713 INFO rally.task.runner [-] Task 8721bc0b-a487-4e95-8756-c06f0378d98d | ITER: 9 END: OK
2020-04-13 02:54:13.288 3711 INFO rally.task.runner [-] Task 8721bc0b-a487-4e95-8756-c06f0378d98d | ITER: 10 END: OK
2020-04-13 02:54:13.316 1333 INFO rally.task.context [-] Task 8721bc0b-a487-4e95-8756-c06f0378d98d | Context cleanup@openstack cleanup() started
2020-04-13 02:54:13.321 1333 RALLYDEBUG rally_openstack.cleanup.manager [-] Cleaning up cinder backups objects
2020-04-13 02:54:13.931 1333 RALLYDEBUG rally_openstack.cleanup.manager [-] Cleaning up cinder volume_snapshots objects
2020-04-13 02:54:14.416 1333 RALLYDEBUG rally_openstack.cleanup.manager [-] Cleaning up cinder transfers objects
2020-04-13 02:54:14.892 1333 RALLYDEBUG rally_openstack.cleanup.manager [-] Cleaning up cinder volumes objects
2020-04-13 02:54:15.443 1333 INFO rally.task.context [-] Task 8721bc0b-a487-4e95-8756-c06f0378d98d | Context cleanup@openstack cleanup() finished in 2.13 sec
2020-04-13 02:54:15.444 1333 INFO rally.task.context [-] Task 8721bc0b-a487-4e95-8756-c06f0378d98d | Context quotas@openstack cleanup() started
2020-04-13 02:54:15.540 1333 INFO rally.task.context [-] Task 8721bc0b-a487-4e95-8756-c06f0378d98d | Context quotas@openstack cleanup() finished in 96.17 msec
2020-04-13 02:54:15.541 1333 INFO rally.task.context [-] Task 8721bc0b-a487-4e95-8756-c06f0378d98d | Context api_versions@openstack cleanup() started
2020-04-13 02:54:15.541 1333 INFO rally.task.context [-] Task 8721bc0b-a487-4e95-8756-c06f0378d98d | Context api_versions@openstack cleanup() finished in 0.21 msec
2020-04-13 02:54:15.541 1333 INFO rally.task.context [-] Task 8721bc0b-a487-4e95-8756-c06f0378d98d | Context users@openstack cleanup() started
2020-04-13 02:54:15.804 1333 WARNING rally.common.logging [-] `iterate_per_tenants()' is deprecated in v3.0.0: it is openstack specific.. Used at
2020-04-13 02:54:18.036 1333 INFO rally.task.context [-] Task 8721bc0b-a487-4e95-8756-c06f0378d98d | Context users@openstack cleanup() finished in 2.49 sec
2020-04-13 02:54:19.889 1333 INFO rally.task.engine [-] Load duration is: 21.288333
2020-04-13 02:54:19.889 1333 INFO rally.task.engine [-] Full runner duration is: 21.34362
2020-04-13 02:54:19.890 1333 INFO rally.task.engine [-] Full duration is: 28.357734
2020-04-13 02:54:19.979 1333 INFO rally.task.engine [-] Running workload: position = 0 config = { "version": 2, "title": "A cropped version of a bigger task.", "description": "Auto-generated task from a single workload (uuid=1cfb4e56-3f1d-4fe0-b386-d98b6f2c0903)", "subtasks": [ { "title": "CinderVolumes.create_from_volume_and_delete_volume", "description": "Create volume from volume and then delete it.", "scenario": { "CinderVolumes.create_from_volume_and_delete_volume": { "size": 1 } }, "contexts": { "users": { "tenants": 3, "users_per_tenant": 2 }, "quotas": { "cinder": { "gigabytes": -1, "snapshots": -1, "volumes": -1 } }, "api_versions": { "cinder": { "version": 3, "service_type": "volumev3" } }, "volumes": { "size": 1, "volumes_per_tenant": 1 } }, "runner": { "constant": { "concurrency": 4, "times": 10 } }, "hooks": [], "sla": { "failure_rate": { "max": 0 } } } ] }
2020-04-13 02:54:20.004 1333 RALLYDEBUG rally_openstack.contexts.keystone.users [-] Creating 3 tenants using 3 threads
2020-04-13 02:54:20.468 1333 RALLYDEBUG rally_openstack.contexts.keystone.users [-] Creating 6 users using 6 threads
2020-04-13 02:54:21.387 1333 INFO rally.task.context [-] Task 8721bc0b-a487-4e95-8756-c06f0378d98d | Context users@openstack setup() finished in 1.38 sec
2020-04-13 02:54:21.512 1333 INFO rally.task.context [-] Task 8721bc0b-a487-4e95-8756-c06f0378d98d | Context api_versions@openstack setup() finished in 0.12 sec
2020-04-13 02:54:22.132 1333 INFO rally.task.context [-] Task 8721bc0b-a487-4e95-8756-c06f0378d98d | Context quotas@openstack setup() finished in 0.62 sec
2020-04-13 02:54:22.134 1333 WARNING rally.common.logging [-] `iterate_per_tenants()' is deprecated in v3.0.0: it is openstack specific.. Used at
2020-04-13 02:54:30.039 1333 INFO rally.task.context [-] Task 8721bc0b-a487-4e95-8756-c06f0378d98d | Context volumes@openstack setup() finished in 7.91 sec
2020-04-13 02:54:30.039 1333 INFO rally.task.context [-] Task 8721bc0b-a487-4e95-8756-c06f0378d98d | Context cleanup@openstack setup() finished in 0.01 msec
2020-04-13 02:54:30.046 1333 RALLYDEBUG rally.task.runner [-] Starting the constant runner (task UUID: 8721bc0b-a487-4e95-8756-c06f0378d98d). times: 10 concurrency: 4 timeout: 0 max_cpu_used: 88 processes_to_start: 4 concurrency_per_worker: 1 concurrency_overhead: 0
2020-04-13 02:54:30.058 3863 RALLYDEBUG rally.task.runner [-] Starting a worker. times: 10 duration: None concurrency: 1 timeout: 0 cls: method_name: run args: {"size": 1}
2020-04-13 02:54:30.060 3864 RALLYDEBUG rally.task.runner [-] Starting a worker. times: 10 duration: None concurrency: 1 timeout: 0 cls: method_name: run args: {"size": 1}
2020-04-13 02:54:30.063 3865 RALLYDEBUG rally.task.runner [-] Starting a worker. times: 10 duration: None concurrency: 1 timeout: 0 cls: method_name: run args: {"size": 1}
2020-04-13 02:54:30.065 3863 INFO rally.task.runner [-] Task 8721bc0b-a487-4e95-8756-c06f0378d98d | ITER: 1 START
2020-04-13 02:54:30.065 3866 RALLYDEBUG rally.task.runner [-] Starting a worker. times: 10 duration: None concurrency: 1 timeout: 0 cls: method_name: run args: {"size": 1}
2020-04-13 02:54:30.068 3864 INFO rally.task.runner [-] Task 8721bc0b-a487-4e95-8756-c06f0378d98d | ITER: 2 START
2020-04-13 02:54:30.071 3865 INFO rally.task.runner [-] Task 8721bc0b-a487-4e95-8756-c06f0378d98d | ITER: 3 START
2020-04-13 02:54:30.073 3866 INFO rally.task.runner [-] Task 8721bc0b-a487-4e95-8756-c06f0378d98d | ITER: 4 START
2020-04-13 02:54:32.939 3863 RALLYDEBUG rally.task.utils [-] Waiting for resource s_rally_1cfb4e56_p621Hi2f. Status changed: AVAILABLE => DELETING in 0.0770266056060791
2020-04-13 02:54:32.939 3865 RALLYDEBUG rally.task.utils [-] Waiting for resource s_rally_1cfb4e56_YXcR2INz. Status changed: AVAILABLE => DELETING in 0.069915771484375
2020-04-13 02:54:34.875 3864 RALLYDEBUG rally.task.utils [-] Waiting for resource s_rally_1cfb4e56_LsiHzsXd. Status changed: CREATING => AVAILABLE in 2.222195625305176
2020-04-13 02:54:34.990 3863 INFO rally.task.runner [-] Task 8721bc0b-a487-4e95-8756-c06f0378d98d | ITER: 1 END: OK
2020-04-13 02:54:34.995 3863 INFO rally.task.runner [-] Task 8721bc0b-a487-4e95-8756-c06f0378d98d | ITER: 5 START
2020-04-13 02:54:35.153 3864 RALLYDEBUG rally.task.utils [-] Waiting for resource s_rally_1cfb4e56_LsiHzsXd. Status changed: AVAILABLE => DELETING in 0.20317339897155762
2020-04-13 02:54:36.998 3866 RALLYDEBUG rally.task.utils [-] Waiting for resource s_rally_1cfb4e56_oDr48TNG. Status changed: CREATING => AVAILABLE in 4.32426381111145
2020-04-13 02:54:37.063 3865 INFO rally.task.runner [-] Task 8721bc0b-a487-4e95-8756-c06f0378d98d | ITER: 3 END: OK
2020-04-13 02:54:37.068 3865 INFO rally.task.runner [-] Task 8721bc0b-a487-4e95-8756-c06f0378d98d | ITER: 6 START
2020-04-13 02:54:37.174 3866 RALLYDEBUG rally.task.utils [-] Waiting for resource s_rally_1cfb4e56_oDr48TNG. Status changed: AVAILABLE => DELETING in 0.08934569358825684
2020-04-13 02:54:37.214 3864 INFO rally.task.runner [-] Task 8721bc0b-a487-4e95-8756-c06f0378d98d | ITER: 2 END: OK
2020-04-13 02:54:37.219 3864 INFO rally.task.runner [-] Task 8721bc0b-a487-4e95-8756-c06f0378d98d | ITER: 7 START
2020-04-13 02:54:37.870 3863 RALLYDEBUG rally.task.utils [-] Waiting for resource s_rally_1cfb4e56_YqXH8bBW. Status changed: AVAILABLE => DELETING in 0.07458138465881348
2020-04-13 02:54:39.241 3866 INFO rally.task.runner [-] Task 8721bc0b-a487-4e95-8756-c06f0378d98d | ITER: 4 END: OK
2020-04-13 02:54:39.247 3866 INFO rally.task.runner [-] Task 8721bc0b-a487-4e95-8756-c06f0378d98d | ITER: 8 START
2020-04-13 02:54:39.929 3863 INFO rally.task.runner [-] Task 8721bc0b-a487-4e95-8756-c06f0378d98d | ITER: 5 END: OK
2020-04-13 02:54:39.933 3863 INFO rally.task.runner [-] Task 8721bc0b-a487-4e95-8756-c06f0378d98d | ITER: 9 START
2020-04-13 02:54:40.048 3865 RALLYDEBUG rally.task.utils [-] Waiting for resource s_rally_1cfb4e56_LpFFibPT. Status changed: AVAILABLE => DELETING in 0.07020759582519531
2020-04-13 02:54:41.945 3864 RALLYDEBUG rally.task.utils [-] Waiting for resource s_rally_1cfb4e56_PIfUIc3L. Status changed: CREATING => AVAILABLE in 2.264923572540283
2020-04-13 02:54:42.101 3864 RALLYDEBUG rally.task.utils [-] Waiting for resource s_rally_1cfb4e56_PIfUIc3L. Status changed: AVAILABLE => DELETING in 0.0720674991607666
2020-04-13 02:54:42.102 3865 INFO rally.task.runner [-] Task 8721bc0b-a487-4e95-8756-c06f0378d98d | ITER: 6 END: OK
2020-04-13 02:54:42.107 3865 INFO rally.task.runner [-] Task 8721bc0b-a487-4e95-8756-c06f0378d98d | ITER: 10 START
2020-04-13 02:54:43.970 3866 RALLYDEBUG rally.task.utils [-] Waiting for resource s_rally_1cfb4e56_hZeO9qzM. Status changed: CREATING => AVAILABLE in 2.2266106605529785
2020-04-13 02:54:44.118 3866 RALLYDEBUG rally.task.utils [-] Waiting for resource s_rally_1cfb4e56_hZeO9qzM. Status changed: AVAILABLE => DELETING in 0.07076311111450195
2020-04-13 02:54:44.150 3864 INFO rally.task.runner [-] Task 8721bc0b-a487-4e95-8756-c06f0378d98d | ITER: 7 END: OK
2020-04-13 02:54:44.645 3863 RALLYDEBUG rally.task.utils [-] Waiting for resource s_rally_1cfb4e56_hSi78z3F. Status changed: CREATING => AVAILABLE in 2.260810375213623
2020-04-13 02:54:44.810 3863 RALLYDEBUG rally.task.utils [-] Waiting for resource s_rally_1cfb4e56_hSi78z3F. Status changed: AVAILABLE => DELETING in 0.0829322338104248
2020-04-13 02:54:46.824 3865 RALLYDEBUG rally.task.utils [-] Waiting for resource s_rally_1cfb4e56_mmp9afcF. Status changed: CREATING => AVAILABLE in 2.252718925476074
2020-04-13 02:54:46.980 3865 RALLYDEBUG rally.task.utils [-] Waiting for resource s_rally_1cfb4e56_mmp9afcF. Status changed: AVAILABLE => DELETING in 0.0743107795715332
2020-04-13 02:54:48.262 3866 INFO rally.task.runner [-] Task 8721bc0b-a487-4e95-8756-c06f0378d98d | ITER: 8 END: OK
2020-04-13 02:54:48.955 3863 INFO rally.task.runner [-] Task 8721bc0b-a487-4e95-8756-c06f0378d98d | ITER: 9 END: OK
2020-04-13 02:54:49.033 3865 INFO rally.task.runner [-] Task 8721bc0b-a487-4e95-8756-c06f0378d98d | ITER: 10 END: OK
2020-04-13 02:54:49.059 1333 INFO rally.task.context [-] Task 8721bc0b-a487-4e95-8756-c06f0378d98d | Context cleanup@openstack cleanup() started
2020-04-13 02:54:49.066 1333 RALLYDEBUG rally_openstack.cleanup.manager [-] Cleaning up cinder backups objects
2020-04-13 02:54:49.546 1333 RALLYDEBUG rally_openstack.cleanup.manager [-] Cleaning up cinder volume_snapshots objects
2020-04-13 02:54:50.029 1333 RALLYDEBUG rally_openstack.cleanup.manager [-] Cleaning up cinder transfers objects
2020-04-13 02:54:50.483 1333 RALLYDEBUG rally_openstack.cleanup.manager [-] Cleaning up cinder volumes objects
2020-04-13 02:54:51.087 1333 INFO rally.task.context [-] Task 8721bc0b-a487-4e95-8756-c06f0378d98d | Context cleanup@openstack cleanup() finished in 2.03 sec
2020-04-13 02:54:51.088 1333 INFO rally.task.context [-] Task 8721bc0b-a487-4e95-8756-c06f0378d98d | Context volumes@openstack cleanup() started
2020-04-13 02:54:51.089 1333 RALLYDEBUG rally_openstack.cleanup.manager [-] Cleaning up cinder volumes objects
2020-04-13 02:54:51.645 1333 RALLYDEBUG rally_openstack.cleanup.manager [-] Deleting cinder.volumes object c_rally_1cfb4e56_iXBeyvnK (fac4cf93-04d1-43f3-a418-a4ed97007955)
2020-04-13 02:54:51.649 1333 RALLYDEBUG rally_openstack.cleanup.manager [-] Deleting cinder.volumes object c_rally_1cfb4e56_QJMcu5oi (66bb1578-a8cf-4244-b205-2a22eb6bd675)
2020-04-13 02:54:51.655 1333 RALLYDEBUG rally_openstack.cleanup.manager [-] Deleting cinder.volumes object c_rally_1cfb4e56_9PkFo6g0 (745fdbad-159b-478c-9a21-88b1f2a44094)
2020-04-13 02:54:54.029 1333 INFO rally.task.context [-] Task 8721bc0b-a487-4e95-8756-c06f0378d98d | Context volumes@openstack cleanup() finished in 2.94 sec
2020-04-13 02:54:54.029 1333 INFO rally.task.context [-] Task 8721bc0b-a487-4e95-8756-c06f0378d98d | Context quotas@openstack cleanup() started
2020-04-13 02:54:54.194 1333 INFO rally.task.context [-] Task 8721bc0b-a487-4e95-8756-c06f0378d98d | Context quotas@openstack cleanup() finished in 0.17 sec
2020-04-13 02:54:54.195 1333 INFO rally.task.context [-] Task 8721bc0b-a487-4e95-8756-c06f0378d98d | Context api_versions@openstack cleanup() started
2020-04-13 02:54:54.195 1333 INFO rally.task.context [-] Task 8721bc0b-a487-4e95-8756-c06f0378d98d | Context api_versions@openstack cleanup() finished in 0.39 msec
2020-04-13 02:54:54.196 1333 INFO rally.task.context [-] Task 8721bc0b-a487-4e95-8756-c06f0378d98d | Context users@openstack cleanup() started
2020-04-13 02:54:54.422 1333 WARNING rally.common.logging [-] `iterate_per_tenants()' is deprecated in v3.0.0: it is openstack specific.. Used at
2020-04-13 02:54:56.562 1333 INFO rally.task.context [-] Task 8721bc0b-a487-4e95-8756-c06f0378d98d | Context users@openstack cleanup() finished in 2.37 sec
2020-04-13 02:54:58.251 1333 INFO rally.task.engine [-] Load duration is: 18.962937
2020-04-13 02:54:58.251 1333 INFO rally.task.engine [-] Full runner duration is: 19.012301
2020-04-13 02:54:58.252 1333 INFO rally.task.engine [-] Full duration is: 36.561489
2020-04-13 02:54:58.350 1333 INFO rally.task.engine [-] Running workload: position = 0 config = { "version": 2, "title": "A cropped version of a bigger task.", "description": "Auto-generated task from a single workload (uuid=bbfd03e3-264d-4a12-b036-3aa4975b3eac)", "subtasks": [ { "title": "CinderQos.create_and_get_qos", "description": "Create a qos, then get details of the qos.", "scenario": { "CinderQos.create_and_get_qos": { "consumer": "both", "write_iops_sec": "10", "read_iops_sec": "1000" } }, "contexts": { "users": { "tenants": 3, "users_per_tenant": 2 }, "api_versions": { "cinder": { "version": 3, "service_type": "volumev3" } } }, "runner": { "constant": { "concurrency": 4, "times": 10 } }, "hooks": [], "sla": { "failure_rate": { "max": 0 } } } ] }
2020-04-13 02:54:58.369 1333 RALLYDEBUG rally_openstack.contexts.keystone.users [-] Creating 3 tenants using 3 threads
2020-04-13 02:54:58.915 1333 RALLYDEBUG rally_openstack.contexts.keystone.users [-] Creating 6 users using 6 threads
2020-04-13 02:54:59.905 1333 INFO rally.task.context [-] Task 8721bc0b-a487-4e95-8756-c06f0378d98d | Context users@openstack setup() finished in 1.54 sec
2020-04-13 02:55:00.038 1333 INFO rally.task.context [-] Task 8721bc0b-a487-4e95-8756-c06f0378d98d | Context api_versions@openstack setup() finished in 0.13 sec
2020-04-13 02:55:00.039 1333 INFO rally.task.context [-] Task 8721bc0b-a487-4e95-8756-c06f0378d98d | Context admin_cleanup@openstack setup() finished in 0.02 msec
2020-04-13 02:55:00.049 1333 RALLYDEBUG rally.task.runner [-] Starting the constant runner (task UUID: 8721bc0b-a487-4e95-8756-c06f0378d98d). times: 10 concurrency: 4 timeout: 0 max_cpu_used: 88 processes_to_start: 4 concurrency_per_worker: 1 concurrency_overhead: 0
2020-04-13 02:55:00.060 4036 RALLYDEBUG rally.task.runner [-] Starting a worker. times: 10 duration: None concurrency: 1 timeout: 0 cls: method_name: run args: {"consumer": "both", "write_iops_sec": "10", "read_iops_sec": "1000"}
2020-04-13 02:55:00.063 4037 RALLYDEBUG rally.task.runner [-] Starting a worker. times: 10 duration: None concurrency: 1 timeout: 0 cls: method_name: run args: {"consumer": "both", "write_iops_sec": "10", "read_iops_sec": "1000"}
2020-04-13 02:55:00.065 4038 RALLYDEBUG rally.task.runner [-] Starting a worker. times: 10 duration: None concurrency: 1 timeout: 0 cls: method_name: run args: {"consumer": "both", "write_iops_sec": "10", "read_iops_sec": "1000"}
2020-04-13 02:55:00.067 4036 INFO rally.task.runner [-] Task 8721bc0b-a487-4e95-8756-c06f0378d98d | ITER: 1 START
2020-04-13 02:55:00.068 4039 RALLYDEBUG rally.task.runner [-] Starting a worker. times: 10 duration: None concurrency: 1 timeout: 0 cls: method_name: run args: {"consumer": "both", "write_iops_sec": "10", "read_iops_sec": "1000"}
2020-04-13 02:55:00.070 4037 INFO rally.task.runner [-] Task 8721bc0b-a487-4e95-8756-c06f0378d98d | ITER: 2 START
2020-04-13 02:55:00.072 4038 INFO rally.task.runner [-] Task 8721bc0b-a487-4e95-8756-c06f0378d98d | ITER: 3 START
2020-04-13 02:55:00.074 4039 INFO rally.task.runner [-] Task 8721bc0b-a487-4e95-8756-c06f0378d98d | ITER: 4 START
2020-04-13 02:55:00.292 4036 INFO rally.task.runner [-] Task 8721bc0b-a487-4e95-8756-c06f0378d98d | ITER: 1 END: OK
2020-04-13 02:55:00.296 4036 INFO rally.task.runner [-] Task 8721bc0b-a487-4e95-8756-c06f0378d98d | ITER: 5 START
2020-04-13 02:55:00.296 4038 INFO rally.task.runner [-] Task 8721bc0b-a487-4e95-8756-c06f0378d98d | ITER: 3 END: OK
2020-04-13 02:55:00.301 4038 INFO rally.task.runner [-] Task 8721bc0b-a487-4e95-8756-c06f0378d98d | ITER: 6 START
2020-04-13 02:55:00.302 4037 INFO rally.task.runner [-] Task 8721bc0b-a487-4e95-8756-c06f0378d98d | ITER: 2 END: OK
2020-04-13 02:55:00.305 4037 INFO rally.task.runner [-] Task 8721bc0b-a487-4e95-8756-c06f0378d98d | ITER: 7 START
2020-04-13 02:55:00.443 4039 INFO rally.task.runner [-] Task 8721bc0b-a487-4e95-8756-c06f0378d98d | ITER: 4 END: OK
2020-04-13 02:55:00.448 4039 INFO rally.task.runner [-] Task 8721bc0b-a487-4e95-8756-c06f0378d98d | ITER: 8 START
2020-04-13 02:55:00.475 4038 INFO rally.task.runner [-] Task 8721bc0b-a487-4e95-8756-c06f0378d98d | ITER: 6 END: OK
2020-04-13 02:55:00.479 4038 INFO rally.task.runner [-] Task 8721bc0b-a487-4e95-8756-c06f0378d98d | ITER: 9 START
