2020-04-26 10:58:07.189 2474 INFO rally.task.runner [-] Task f7de0959-db9f-4e81-b893-35857ddf6e02 | ITER: 10 START
2020-04-26 10:58:07.278 2472 RALLYDEBUG rally.task.utils [-] Waiting for resource s_rally_c776cb82_OMd3ICoX. Status changed: DETACHING => AVAILABLE in 2.1927974224090576
2020-04-26 10:58:07.407 2472 RALLYDEBUG rally.task.utils [-] Waiting for resource s_rally_c776cb82_HSxfUxQC. Status changed: AVAILABLE => DELETING in 0.0395050048828125
2020-04-26 10:58:09.609 2472 RALLYDEBUG rally.task.utils [-] Waiting for resource s_rally_c776cb82_OMd3ICoX. Status changed: AVAILABLE => DELETING in 0.07595157623291016
2020-04-26 10:58:11.247 2473 INFO rally.task.runner [-] Task f7de0959-db9f-4e81-b893-35857ddf6e02 | ITER: 8 END: OK
2020-04-26 10:58:14.367 2472 INFO rally.task.runner [-] Task f7de0959-db9f-4e81-b893-35857ddf6e02 | ITER: 7 END: OK
2020-04-26 10:58:21.983 2475 RALLYDEBUG rally.task.utils [-] Waiting for resource s_rally_c776cb82_npdvPIFV. Status changed: BUILD => ACTIVE in 6.870778799057007
2020-04-26 10:58:22.598 2475 RALLYDEBUG rally.task.utils [-] Waiting for resource s_rally_c776cb82_Ophp2vbT. Status changed: AVAILABLE => RESERVED in 0.185957670211792
2020-04-26 10:58:24.774 2475 RALLYDEBUG rally.task.utils [-] Waiting for resource s_rally_c776cb82_Ophp2vbT. Status changed: RESERVED => IN-USE in 2.1753592491149902
2020-04-26 10:58:24.790 2474 RALLYDEBUG rally.task.utils [-] Waiting for resource s_rally_c776cb82_Yuo0pvkR. Status changed: BUILD => ACTIVE in 10.693602800369263
2020-04-26 10:58:25.171 2475 RALLYDEBUG rally.task.utils [-] Waiting for resource s_rally_c776cb82_Ophp2vbT. Status changed: AVAILABLE => DETACHING in 0.17813801765441895
2020-04-26 10:58:25.420 2474 RALLYDEBUG rally.task.utils [-] Waiting for resource s_rally_c776cb82_fx9egFD7. Status changed: AVAILABLE => RESERVED in 0.21530747413635254
2020-04-26 10:58:27.370 2475 RALLYDEBUG rally.task.utils [-] Waiting for resource s_rally_c776cb82_Ophp2vbT. Status changed: DETACHING => AVAILABLE in 2.1985974311828613
2020-04-26 10:58:27.491 2475 RALLYDEBUG rally.task.utils [-] Waiting for resource s_rally_c776cb82_HMmowQMK. Status changed: AVAILABLE => DELETING in 0.03756976127624512
2020-04-26 10:58:27.598 2474 RALLYDEBUG rally.task.utils [-] Waiting for resource s_rally_c776cb82_fx9egFD7. Status changed: RESERVED => IN-USE in 2.177558422088623
2020-04-26 10:58:28.042 2474 RALLYDEBUG rally.task.utils [-] Waiting for resource s_rally_c776cb82_fx9egFD7. Status changed: AVAILABLE => DETACHING in 0.21176981925964355
2020-04-26 10:58:29.682 2475 RALLYDEBUG rally.task.utils [-] Waiting for resource s_rally_c776cb82_Ophp2vbT. Status changed: AVAILABLE => DELETING in 0.06426715850830078
2020-04-26 10:58:30.220 2474 RALLYDEBUG rally.task.utils [-] Waiting for resource s_rally_c776cb82_fx9egFD7. Status changed: DETACHING => AVAILABLE in 2.1775248050689697
2020-04-26 10:58:30.346 2474 RALLYDEBUG rally.task.utils [-] Waiting for resource s_rally_c776cb82_YGAiMKZD. Status changed: AVAILABLE => DELETING in 0.036603689193725586
2020-04-26 10:58:32.520 2474 RALLYDEBUG rally.task.utils [-] Waiting for resource s_rally_c776cb82_fx9egFD7. Status changed: AVAILABLE => DELETING in 0.06763100624084473
2020-04-26 10:58:34.188 2475 INFO rally.task.runner [-] Task f7de0959-db9f-4e81-b893-35857ddf6e02 | ITER: 9 END: OK
2020-04-26 10:58:37.094 2474 INFO rally.task.runner [-] Task f7de0959-db9f-4e81-b893-35857ddf6e02 | ITER: 10 END: OK
2020-04-26 10:58:37.115 1339 INFO rally.task.context [-] Task f7de0959-db9f-4e81-b893-35857ddf6e02 | Context cleanup@openstack cleanup() started
2020-04-26 10:58:37.122 1339 RALLYDEBUG rally_openstack.task.cleanup.manager [-] Cleaning up nova servers objects
2020-04-26 10:58:37.826 1339 RALLYDEBUG rally_openstack.task.cleanup.manager [-] Cleaning up nova server_groups objects
2020-04-26 10:58:38.262 1339 RALLYDEBUG rally_openstack.task.cleanup.manager [-] Cleaning up nova keypairs objects
2020-04-26 10:58:39.079 1339 RALLYDEBUG rally_openstack.task.cleanup.manager [-] Cleaning up cinder backups objects
2020-04-26 10:58:39.470 1339 RALLYDEBUG rally_openstack.task.cleanup.manager [-] Cleaning up cinder volume_snapshots objects
2020-04-26 10:58:39.888 1339 RALLYDEBUG rally_openstack.task.cleanup.manager [-] Cleaning up cinder transfers objects
2020-04-26 10:58:40.264 1339 RALLYDEBUG rally_openstack.task.cleanup.manager [-] Cleaning up cinder volumes objects
2020-04-26 10:58:40.835 1339 INFO rally.task.context [-] Task f7de0959-db9f-4e81-b893-35857ddf6e02 | Context cleanup@openstack cleanup() finished in 3.72 sec
2020-04-26 10:58:40.836 1339 INFO rally.task.context [-] Task f7de0959-db9f-4e81-b893-35857ddf6e02 | Context quotas@openstack cleanup() started
2020-04-26 10:58:40.943 1339 INFO rally.task.context [-] Task f7de0959-db9f-4e81-b893-35857ddf6e02 | Context quotas@openstack cleanup() finished in 0.11 sec
2020-04-26 10:58:40.943 1339 INFO rally.task.context [-] Task f7de0959-db9f-4e81-b893-35857ddf6e02 | Context api_versions@openstack cleanup() started
2020-04-26 10:58:40.944 1339 INFO rally.task.context [-] Task f7de0959-db9f-4e81-b893-35857ddf6e02 | Context api_versions@openstack cleanup() finished in 0.24 msec
2020-04-26 10:58:40.944 1339 INFO rally.task.context [-] Task f7de0959-db9f-4e81-b893-35857ddf6e02 | Context users@openstack cleanup() started
2020-04-26 10:58:43.547 1339 INFO rally.task.context [-] Task f7de0959-db9f-4e81-b893-35857ddf6e02 | Context users@openstack cleanup() finished in 2.60 sec
2020-04-26 10:58:43.815 1339 INFO rally.task.engine [-] Load duration is: 87.935154
2020-04-26 10:58:43.816 1339 INFO rally.task.engine [-] Full runner duration is: 88.976705
2020-04-26 10:58:43.816 1339 INFO rally.task.engine [-] Full duration is: 98.175053
2020-04-26 10:58:43.914 1339 INFO rally.task.engine [-] Running workload: position = 0 config = { "version": 2, "title": "A cropped version of a bigger task.", "description": "Auto-generated task from a single workload (uuid=712923e1-56fd-45cc-b160-674f3b8279bd)", "subtasks": [ { "title": "CinderVolumes.create_volume", "description": "Create a volume.", "scenario": { "CinderVolumes.create_volume": { "size": 1 } }, "contexts": { "users": { "tenants": 3, "users_per_tenant": 2 }, "api_versions": { "cinder": { "version": 3, "service_type": "volumev3" } } }, "runner": { "constant": { "concurrency": 4, "times": 10 } }, "hooks": [], "sla": { "failure_rate": { "max": 0 } } } ] }
2020-04-26 10:58:43.932 1339 RALLYDEBUG rally_openstack.task.contexts.keystone.users [-] Creating 3 tenants using 3 threads
2020-04-26 10:58:44.356 1339 RALLYDEBUG rally_openstack.task.contexts.keystone.users [-] Creating 6 users using 6 threads
2020-04-26 10:58:45.136 1339 INFO rally.task.context [-] Task f7de0959-db9f-4e81-b893-35857ddf6e02 | Context users@openstack setup() finished in 1.20 sec
2020-04-26 10:58:45.277 1339 INFO rally.task.context [-] Task f7de0959-db9f-4e81-b893-35857ddf6e02 | Context api_versions@openstack setup() finished in 0.14 sec
2020-04-26 10:58:45.278 1339 INFO rally.task.context [-] Task f7de0959-db9f-4e81-b893-35857ddf6e02 | Context cleanup@openstack setup() finished in 0.02 msec
2020-04-26 10:58:45.286 1339 RALLYDEBUG rally.task.runner [-] Starting the constant runner (task UUID: f7de0959-db9f-4e81-b893-35857ddf6e02). times: 10 concurrency: 4 timeout: 0 max_cpu_used: 88 processes_to_start: 4 concurrency_per_worker: 1 concurrency_overhead: 0
2020-04-26 10:58:45.296 2685 RALLYDEBUG rally.task.runner [-] Starting a worker. times: 10 duration: None concurrency: 1 timeout: 0 cls: method_name: run args: {"size": 1}
2020-04-26 10:58:45.299 2686 RALLYDEBUG rally.task.runner [-] Starting a worker. times: 10 duration: None concurrency: 1 timeout: 0 cls: method_name: run args: {"size": 1}
2020-04-26 10:58:45.302 2685 INFO rally.task.runner [-] Task f7de0959-db9f-4e81-b893-35857ddf6e02 | ITER: 1 START
2020-04-26 10:58:45.302 2687 RALLYDEBUG rally.task.runner [-] Starting a worker. times: 10 duration: None concurrency: 1 timeout: 0 cls: method_name: run args: {"size": 1}
2020-04-26 10:58:45.304 2688 RALLYDEBUG rally.task.runner [-] Starting a worker. times: 10 duration: None concurrency: 1 timeout: 0 cls: method_name: run args: {"size": 1}
2020-04-26 10:58:45.306 2686 INFO rally.task.runner [-] Task f7de0959-db9f-4e81-b893-35857ddf6e02 | ITER: 2 START
2020-04-26 10:58:45.308 2687 INFO rally.task.runner [-] Task f7de0959-db9f-4e81-b893-35857ddf6e02 | ITER: 3 START
2020-04-26 10:58:45.310 2688 INFO rally.task.runner [-] Task f7de0959-db9f-4e81-b893-35857ddf6e02 | ITER: 4 START
2020-04-26 10:58:48.007 2686 INFO rally.task.runner [-] Task f7de0959-db9f-4e81-b893-35857ddf6e02 | ITER: 2 END: OK
2020-04-26 10:58:48.011 2686 INFO rally.task.runner [-] Task f7de0959-db9f-4e81-b893-35857ddf6e02 | ITER: 5 START
2020-04-26 10:58:48.051 2688 INFO rally.task.runner [-] Task f7de0959-db9f-4e81-b893-35857ddf6e02 | ITER: 4 END: OK
2020-04-26 10:58:48.056 2688 INFO rally.task.runner [-] Task f7de0959-db9f-4e81-b893-35857ddf6e02 | ITER: 6 START
2020-04-26 10:58:48.093 2687 INFO rally.task.runner [-] Task f7de0959-db9f-4e81-b893-35857ddf6e02 | ITER: 3 END: OK
2020-04-26 10:58:48.096 2687 INFO rally.task.runner [-] Task f7de0959-db9f-4e81-b893-35857ddf6e02 | ITER: 7 START
2020-04-26 10:58:49.016 2685 INFO rally.task.runner [-] Task f7de0959-db9f-4e81-b893-35857ddf6e02 | ITER: 1 END: OK
2020-04-26 10:58:49.020 2685 INFO rally.task.runner [-] Task f7de0959-db9f-4e81-b893-35857ddf6e02 | ITER: 8 START
2020-04-26 10:58:50.601 2686 INFO rally.task.runner [-] Task f7de0959-db9f-4e81-b893-35857ddf6e02 | ITER: 5 END: OK
2020-04-26 10:58:50.604 2686 INFO rally.task.runner [-] Task f7de0959-db9f-4e81-b893-35857ddf6e02 | ITER: 9 START
2020-04-26 10:58:50.649 2688 INFO rally.task.runner [-] Task f7de0959-db9f-4e81-b893-35857ddf6e02 | ITER: 6 END: OK
2020-04-26 10:58:50.653 2688 INFO rally.task.runner [-] Task f7de0959-db9f-4e81-b893-35857ddf6e02 | ITER: 10 START
2020-04-26 10:58:50.669 2687 INFO rally.task.runner [-] Task f7de0959-db9f-4e81-b893-35857ddf6e02 | ITER: 7 END: OK
2020-04-26 10:58:51.677 2685 INFO rally.task.runner [-] Task f7de0959-db9f-4e81-b893-35857ddf6e02 | ITER: 8 END: OK
2020-04-26 10:58:53.451 2688 INFO rally.task.runner [-] Task f7de0959-db9f-4e81-b893-35857ddf6e02 | ITER: 10 END: OK
2020-04-26 10:58:53.490 2686 INFO rally.task.runner [-] Task f7de0959-db9f-4e81-b893-35857ddf6e02 | ITER: 9 END: OK
2020-04-26 10:58:53.516 1339 INFO rally.task.context [-] Task f7de0959-db9f-4e81-b893-35857ddf6e02 | Context cleanup@openstack cleanup() started
2020-04-26 10:58:53.520 1339 RALLYDEBUG rally_openstack.task.cleanup.manager [-] Cleaning up cinder backups objects
2020-04-26 10:58:54.104 1339 RALLYDEBUG rally_openstack.task.cleanup.manager [-] Cleaning up cinder volume_snapshots objects
2020-04-26 10:58:54.516 1339 RALLYDEBUG rally_openstack.task.cleanup.manager [-] Cleaning up cinder transfers objects
2020-04-26 10:58:54.890 1339 RALLYDEBUG rally_openstack.task.cleanup.manager [-] Cleaning up cinder volumes objects
2020-04-26 10:58:55.444 1339 RALLYDEBUG rally_openstack.task.cleanup.manager [-] Deleting cinder.volumes object s_rally_712923e1_RcvPCzer (36cab931-bb5f-44c1-8c52-86dcdc3f9a23)
2020-04-26 10:58:55.453 1339 RALLYDEBUG rally_openstack.task.cleanup.manager [-] Deleting cinder.volumes object s_rally_712923e1_BTXtmsep (ea407313-737d-4889-982f-06cc043f09c9)
2020-04-26 10:58:55.457 1339 RALLYDEBUG rally_openstack.task.cleanup.manager [-] Deleting cinder.volumes object s_rally_712923e1_U7WVVS5G (86bfcf93-f18c-4118-87de-d33111a7724d)
2020-04-26 10:58:55.463 1339 RALLYDEBUG rally_openstack.task.cleanup.manager [-] Deleting cinder.volumes object s_rally_712923e1_sbFOwhe4 (857b3202-80d3-431f-b7ca-f14e3b14f36e)
2020-04-26 10:58:55.478 1339 RALLYDEBUG rally_openstack.task.cleanup.manager [-] Deleting cinder.volumes object s_rally_712923e1_zhRYxOuX (6349eb3b-f0a6-4620-b438-4e488c621bca)
2020-04-26 10:58:55.486 1339 RALLYDEBUG rally_openstack.task.cleanup.manager [-] Deleting cinder.volumes object s_rally_712923e1_GcE86LXm (132e7e70-016a-4ae5-81ac-690ec4dd5191)
2020-04-26 10:58:55.499 1339 RALLYDEBUG rally_openstack.task.cleanup.manager [-] Deleting cinder.volumes object s_rally_712923e1_c6zAPCSq (e591425a-c607-468b-baac-2d9b6f4aa092)
2020-04-26 10:58:55.507 1339 RALLYDEBUG rally_openstack.task.cleanup.manager [-] Deleting cinder.volumes object s_rally_712923e1_4h3hLdUb (600a5e33-999f-4d63-91f1-58d71201493a)
2020-04-26 10:58:55.515 1339 RALLYDEBUG rally_openstack.task.cleanup.manager [-] Deleting cinder.volumes object s_rally_712923e1_HzeObUOh (ccf0c2b7-f827-4434-ba7a-dc343bd73e36)
2020-04-26 10:58:55.588 1339 RALLYDEBUG rally_openstack.task.cleanup.manager [-] Deleting cinder.volumes object s_rally_712923e1_zKFPhAWz (5902c40e-5b09-4da5-81e3-e8da2caf1969)
2020-04-26 10:58:58.000 1339 INFO rally.task.context [-] Task f7de0959-db9f-4e81-b893-35857ddf6e02 | Context cleanup@openstack cleanup() finished in 4.48 sec
2020-04-26 10:58:58.001 1339 INFO rally.task.context [-] Task f7de0959-db9f-4e81-b893-35857ddf6e02 | Context api_versions@openstack cleanup() started
2020-04-26 10:58:58.001 1339 INFO rally.task.context [-] Task f7de0959-db9f-4e81-b893-35857ddf6e02 | Context api_versions@openstack cleanup() finished in 0.39 msec
2020-04-26 10:58:58.002 1339 INFO rally.task.context [-] Task f7de0959-db9f-4e81-b893-35857ddf6e02 | Context users@openstack cleanup() started
2020-04-26 10:59:00.312 1339 INFO rally.task.context [-] Task f7de0959-db9f-4e81-b893-35857ddf6e02 | Context users@openstack cleanup() finished in 2.31 sec
2020-04-26 10:59:02.044 1339 INFO rally.task.engine [-] Load duration is: 8.183441
2020-04-26 10:59:02.045 1339 INFO rally.task.engine [-] Full runner duration is: 8.230552
2020-04-26 10:59:02.045 1339 INFO rally.task.engine [-] Full duration is: 16.38246
2020-04-26 10:59:02.092 1339 INFO rally.task.engine [-] Running workload: position = 1 config = { "version": 2, "title": "A cropped version of a bigger task.", "description": "Auto-generated task from a single workload (uuid=c91fa877-7b6a-479b-ae4b-e5395196b1e1)", "subtasks": [ { "title": "CinderVolumes.create_volume", "description": "Create a volume.", "scenario": { "CinderVolumes.create_volume": { "size": { "min": 1, "max": 1 } } }, "contexts": { "users": { "tenants": 3, "users_per_tenant": 2 }, "quotas": { "cinder": { "gigabytes": -1, "snapshots": -1, "volumes": -1 } }, "api_versions": { "cinder": { "version": 3, "service_type": "volumev3" } } }, "runner": { "constant": { "concurrency": 4, "times": 10 } }, "hooks": [], "sla": { "failure_rate": { "max": 0 } } } ] }
2020-04-26 10:59:02.109 1339 RALLYDEBUG rally_openstack.task.contexts.keystone.users [-] Creating 3 tenants using 3 threads
2020-04-26 10:59:02.514 1339 RALLYDEBUG rally_openstack.task.contexts.keystone.users [-] Creating 6 users using 6 threads
2020-04-26 10:59:03.206 1339 INFO rally.task.context [-] Task f7de0959-db9f-4e81-b893-35857ddf6e02 | Context users@openstack setup() finished in 1.10 sec
2020-04-26 10:59:03.358 1339 INFO rally.task.context [-] Task f7de0959-db9f-4e81-b893-35857ddf6e02 | Context api_versions@openstack setup() finished in 0.15 sec
2020-04-26 10:59:04.031 1339 INFO rally.task.context [-] Task f7de0959-db9f-4e81-b893-35857ddf6e02 | Context quotas@openstack setup() finished in 0.67 sec
2020-04-26 10:59:04.032 1339 INFO rally.task.context [-] Task f7de0959-db9f-4e81-b893-35857ddf6e02 | Context cleanup@openstack setup() finished in 0.08 msec
2020-04-26 10:59:04.039 1339 RALLYDEBUG rally.task.runner [-] Starting the constant runner (task UUID: f7de0959-db9f-4e81-b893-35857ddf6e02). times: 10 concurrency: 4 timeout: 0 max_cpu_used: 88 processes_to_start: 4 concurrency_per_worker: 1 concurrency_overhead: 0
2020-04-26 10:59:04.051 2838 RALLYDEBUG rally.task.runner [-] Starting a worker. times: 10 duration: None concurrency: 1 timeout: 0 cls: method_name: run args: {"size": {"min": 1, "max": 1}}
2020-04-26 10:59:04.053 2839 RALLYDEBUG rally.task.runner [-] Starting a worker. times: 10 duration: None concurrency: 1 timeout: 0 cls: method_name: run args: {"size": {"min": 1, "max": 1}}
2020-04-26 10:59:04.056 2840 RALLYDEBUG rally.task.runner [-] Starting a worker. times: 10 duration: None concurrency: 1 timeout: 0 cls: method_name: run args: {"size": {"min": 1, "max": 1}}
2020-04-26 10:59:04.057 2838 INFO rally.task.runner [-] Task f7de0959-db9f-4e81-b893-35857ddf6e02 | ITER: 1 START
2020-04-26 10:59:04.059 2839 INFO rally.task.runner [-] Task f7de0959-db9f-4e81-b893-35857ddf6e02 | ITER: 2 START
2020-04-26 10:59:04.058 2841 RALLYDEBUG rally.task.runner [-] Starting a worker. times: 10 duration: None concurrency: 1 timeout: 0 cls: method_name: run args: {"size": {"min": 1, "max": 1}}
2020-04-26 10:59:04.061 2840 INFO rally.task.runner [-] Task f7de0959-db9f-4e81-b893-35857ddf6e02 | ITER: 3 START
2020-04-26 10:59:04.064 2841 INFO rally.task.runner [-] Task f7de0959-db9f-4e81-b893-35857ddf6e02 | ITER: 4 START
2020-04-26 10:59:06.737 2839 INFO rally.task.runner [-] Task f7de0959-db9f-4e81-b893-35857ddf6e02 | ITER: 2 END: OK
2020-04-26 10:59:06.741 2839 INFO rally.task.runner [-] Task f7de0959-db9f-4e81-b893-35857ddf6e02 | ITER: 5 START
2020-04-26 10:59:06.753 2841 INFO rally.task.runner [-] Task f7de0959-db9f-4e81-b893-35857ddf6e02 | ITER: 4 END: OK
2020-04-26 10:59:06.757 2841 INFO rally.task.runner [-] Task f7de0959-db9f-4e81-b893-35857ddf6e02 | ITER: 6 START
2020-04-26 10:59:06.822 2840 INFO rally.task.runner [-] Task f7de0959-db9f-4e81-b893-35857ddf6e02 | ITER: 3 END: OK
2020-04-26 10:59:06.825 2840 INFO rally.task.runner [-] Task f7de0959-db9f-4e81-b893-35857ddf6e02 | ITER: 7 START
2020-04-26 10:59:07.783 2838 INFO rally.task.runner [-] Task f7de0959-db9f-4e81-b893-35857ddf6e02 | ITER: 1 END: OK
2020-04-26 10:59:07.787 2838 INFO rally.task.runner [-] Task f7de0959-db9f-4e81-b893-35857ddf6e02 | ITER: 8 START
2020-04-26 10:59:09.461 2839 INFO rally.task.runner [-] Task f7de0959-db9f-4e81-b893-35857ddf6e02 | ITER: 5 END: OK
2020-04-26 10:59:09.464 2839 INFO rally.task.runner [-] Task f7de0959-db9f-4e81-b893-35857ddf6e02 | ITER: 9 START
2020-04-26 10:59:09.480 2841 INFO rally.task.runner [-] Task f7de0959-db9f-4e81-b893-35857ddf6e02 | ITER: 6 END: OK
2020-04-26 10:59:09.484 2841 INFO rally.task.runner [-] Task f7de0959-db9f-4e81-b893-35857ddf6e02 | ITER: 10 START
2020-04-26 10:59:09.553 2840 INFO rally.task.runner [-] Task f7de0959-db9f-4e81-b893-35857ddf6e02 | ITER: 7 END: OK
2020-04-26 10:59:10.560 2838 INFO rally.task.runner [-] Task f7de0959-db9f-4e81-b893-35857ddf6e02 | ITER: 8 END: OK
2020-04-26 10:59:12.171 2839 INFO rally.task.runner [-] Task f7de0959-db9f-4e81-b893-35857ddf6e02 | ITER: 9 END: OK
2020-04-26 10:59:12.186 2841 INFO rally.task.runner [-] Task f7de0959-db9f-4e81-b893-35857ddf6e02 | ITER: 10 END: OK
2020-04-26 10:59:12.210 1339 INFO rally.task.context [-] Task f7de0959-db9f-4e81-b893-35857ddf6e02 | Context cleanup@openstack cleanup() started
2020-04-26 10:59:12.213 1339 RALLYDEBUG rally_openstack.task.cleanup.manager [-] Cleaning up cinder backups objects
2020-04-26 10:59:12.819 1339 RALLYDEBUG rally_openstack.task.cleanup.manager [-] Cleaning up cinder volume_snapshots objects
2020-04-26 10:59:13.260 1339 RALLYDEBUG rally_openstack.task.cleanup.manager [-] Cleaning up cinder transfers objects
2020-04-26 10:59:13.635 1339 RALLYDEBUG rally_openstack.task.cleanup.manager [-] Cleaning up cinder volumes objects
2020-04-26 10:59:14.217 1339 RALLYDEBUG rally_openstack.task.cleanup.manager [-] Deleting cinder.volumes object s_rally_c91fa877_4Ff7SNTE (fab5a1e5-5a1f-4963-bd94-5c75804ccff7)
2020-04-26 10:59:14.220 1339 RALLYDEBUG rally_openstack.task.cleanup.manager [-] Deleting cinder.volumes object s_rally_c91fa877_NrmPhYE7 (a7968679-b4ff-4b89-be14-33062912860b)
2020-04-26 10:59:14.229 1339 RALLYDEBUG rally_openstack.task.cleanup.manager [-] Deleting cinder.volumes object s_rally_c91fa877_lHp4JjYZ (a0e044f6-89f4-488a-bdb1-e7c608426bf4)
2020-04-26 10:59:14.233 1339 RALLYDEBUG rally_openstack.task.cleanup.manager [-] Deleting cinder.volumes object s_rally_c91fa877_1r0GfQcT (ee1b8f42-2bcc-412c-a9c9-f2a6f0327456)
2020-04-26 10:59:14.246 1339 RALLYDEBUG rally_openstack.task.cleanup.manager [-] Deleting cinder.volumes object s_rally_c91fa877_jVuPUWUa (2cc5f655-fc0b-481a-b27f-d03425f862fa)
2020-04-26 10:59:14.259 1339 RALLYDEBUG rally_openstack.task.cleanup.manager [-] Deleting cinder.volumes object s_rally_c91fa877_BF1u5jxb (f8dfd788-b989-47bd-912d-c0924419575a)
2020-04-26 10:59:14.266 1339 RALLYDEBUG rally_openstack.task.cleanup.manager [-] Deleting cinder.volumes object s_rally_c91fa877_zKIZdPdN (72141351-37f4-4c1b-8134-eec48c71ef51)
2020-04-26 10:59:14.275 1339 RALLYDEBUG rally_openstack.task.cleanup.manager [-] Deleting cinder.volumes object s_rally_c91fa877_3N8kAC4E (72ee3a65-7e0b-49a1-8d69-841dcd344645)
2020-04-26 10:59:14.287 1339 RALLYDEBUG rally_openstack.task.cleanup.manager [-] Deleting cinder.volumes object s_rally_c91fa877_O3f2jIbF (6279d588-992d-4744-90e7-10c66dffd8c1)
2020-04-26 10:59:14.298 1339 RALLYDEBUG rally_openstack.task.cleanup.manager [-] Deleting cinder.volumes object s_rally_c91fa877_INwYyaBQ (4c311d68-cfd1-497c-9a92-c5dee277ba26)
2020-04-26 10:59:16.720 1339 INFO rally.task.context [-] Task f7de0959-db9f-4e81-b893-35857ddf6e02 | Context cleanup@openstack cleanup() finished in 4.51 sec
2020-04-26 10:59:16.721 1339 INFO rally.task.context [-] Task f7de0959-db9f-4e81-b893-35857ddf6e02 | Context quotas@openstack cleanup() started
2020-04-26 10:59:16.825 1339 INFO rally.task.context [-] Task f7de0959-db9f-4e81-b893-35857ddf6e02 | Context quotas@openstack cleanup() finished in 0.10 sec
2020-04-26 10:59:16.825 1339 INFO rally.task.context [-] Task f7de0959-db9f-4e81-b893-35857ddf6e02 | Context api_versions@openstack cleanup() started
2020-04-26 10:59:16.826 1339 INFO rally.task.context [-] Task f7de0959-db9f-4e81-b893-35857ddf6e02 | Context api_versions@openstack cleanup() finished in 0.37 msec
2020-04-26 10:59:16.826 1339 INFO rally.task.context [-] Task f7de0959-db9f-4e81-b893-35857ddf6e02 | Context users@openstack cleanup() started
2020-04-26 10:59:18.999 1339 INFO rally.task.context [-] Task f7de0959-db9f-4e81-b893-35857ddf6e02 | Context users@openstack cleanup() finished in 2.17 sec
2020-04-26 10:59:20.210 1339 INFO rally.task.engine [-] Load duration is: 8.125303
2020-04-26 10:59:20.211 1339 INFO rally.task.engine [-] Full runner duration is: 8.170938
2020-04-26 10:59:20.211 1339 INFO rally.task.engine [-] Full duration is: 16.892441
2020-04-26 10:59:20.302 1339 INFO rally.task.engine [-] Running workload: position = 0 config = { "version": 2, "title": "A cropped version of a bigger task.", "description": "Auto-generated task from a single workload (uuid=9378dc49-50dc-4557-a1ec-de7111b21da9)", "subtasks": [ { "title": "CinderVolumes.list_volumes", "description": "List all volumes.", "scenario": { "CinderVolumes.list_volumes": { "detailed": true } }, "contexts": { "users": { "tenants": 3, "users_per_tenant": 2 }, "quotas": { "cinder": { "gigabytes": -1, "snapshots": -1, "volumes": -1 } }, "api_versions": { "cinder": { "version": 3, "service_type": "volumev3" } }, "volumes": { "size": 1, "volumes_per_tenant": 4 } }, "runner": { "constant": { "concurrency": 4, "times": 10 } }, "hooks": [], "sla": { "failure_rate": { "max": 0 } } } ] }
2020-04-26 10:59:20.318 1339 RALLYDEBUG rally_openstack.task.contexts.keystone.users [-] Creating 3 tenants using 3 threads
2020-04-26 10:59:20.748 1339 RALLYDEBUG rally_openstack.task.contexts.keystone.users [-] Creating 6 users using 6 threads
2020-04-26 10:59:21.516 1339 INFO rally.task.context [-] Task f7de0959-db9f-4e81-b893-35857ddf6e02 | Context users@openstack setup() finished in 1.20 sec
2020-04-26 10:59:21.747 1339 INFO rally.task.context [-] Task f7de0959-db9f-4e81-b893-35857ddf6e02 | Context api_versions@openstack setup() finished in 0.23 sec
2020-04-26 10:59:22.481 1339 INFO rally.task.context [-] Task f7de0959-db9f-4e81-b893-35857ddf6e02 | Context quotas@openstack setup() finished in 0.73 sec
2020-04-26 10:59:52.721 1339 INFO rally.task.context [-] Task f7de0959-db9f-4e81-b893-35857ddf6e02 | Context volumes@openstack setup() finished in 30.24 sec
2020-04-26 10:59:52.734 1339 RALLYDEBUG rally.task.runner [-] Starting the constant runner (task UUID: f7de0959-db9f-4e81-b893-35857ddf6e02). times: 10 concurrency: 4 timeout: 0 max_cpu_used: 88 processes_to_start: 4 concurrency_per_worker: 1 concurrency_overhead: 0
2020-04-26 10:59:52.743 2991 RALLYDEBUG rally.task.runner [-] Starting a worker. times: 10 duration: None concurrency: 1 timeout: 0 cls: method_name: run args: {"detailed": true}
2020-04-26 10:59:52.746 2992 RALLYDEBUG rally.task.runner [-] Starting a worker. times: 10 duration: None concurrency: 1 timeout: 0 cls: method_name: run args: {"detailed": true}
2020-04-26 10:59:52.749 2993 RALLYDEBUG rally.task.runner [-] Starting a worker. times: 10 duration: None concurrency: 1 timeout: 0 cls: method_name: run args: {"detailed": true}
2020-04-26 10:59:52.751 2994 RALLYDEBUG rally.task.runner [-] Starting a worker. times: 10 duration: None concurrency: 1 timeout: 0 cls: method_name: run args: {"detailed": true}
2020-04-26 10:59:52.754 2991 INFO rally.task.runner [-] Task f7de0959-db9f-4e81-b893-35857ddf6e02 | ITER: 1 START
2020-04-26 10:59:52.757 2992 INFO rally.task.runner [-] Task f7de0959-db9f-4e81-b893-35857ddf6e02 | ITER: 2 START
2020-04-26 10:59:52.758 2993 INFO rally.task.runner [-] Task f7de0959-db9f-4e81-b893-35857ddf6e02 | ITER: 3 START
2020-04-26 10:59:52.759 2994 INFO rally.task.runner [-] Task f7de0959-db9f-4e81-b893-35857ddf6e02 | ITER: 4 START
2020-04-26 10:59:52.962 2993 INFO rally.task.runner [-] Task f7de0959-db9f-4e81-b893-35857ddf6e02 | ITER: 3 END: OK
2020-04-26 10:59:52.965 2994 INFO rally.task.runner [-] Task f7de0959-db9f-4e81-b893-35857ddf6e02 | ITER: 4 END: OK
2020-04-26 10:59:52.966 2993 INFO rally.task.runner [-] Task f7de0959-db9f-4e81-b893-35857ddf6e02 | ITER: 5 START
2020-04-26 10:59:52.968 2992 INFO rally.task.runner [-] Task f7de0959-db9f-4e81-b893-35857ddf6e02 | ITER: 2 END: OK
2020-04-26 10:59:52.969 2994 INFO rally.task.runner [-] Task f7de0959-db9f-4e81-b893-35857ddf6e02 | ITER: 6 START
2020-04-26 10:59:52.974 2992 INFO rally.task.runner [-] Task f7de0959-db9f-4e81-b893-35857ddf6e02 | ITER: 7 START
2020-04-26 10:59:53.031 2991 INFO rally.task.runner [-] Task f7de0959-db9f-4e81-b893-35857ddf6e02 | ITER: 1 END: OK
2020-04-26 10:59:53.036 2991 INFO rally.task.runner [-] Task f7de0959-db9f-4e81-b893-35857ddf6e02 | ITER: 8 START
2020-04-26 10:59:53.167 2993 INFO rally.task.runner [-] Task f7de0959-db9f-4e81-b893-35857ddf6e02 | ITER: 5 END: OK
2020-04-26 10:59:53.172 2993 INFO rally.task.runner [-] Task f7de0959-db9f-4e81-b893-35857ddf6e02 | ITER: 9 START
2020-04-26 10:59:53.172 2992 INFO rally.task.runner [-] Task f7de0959-db9f-4e81-b893-35857ddf6e02 | ITER: 7 END: OK
2020-04-26 10:59:53.175 2992 INFO rally.task.runner [-] Task f7de0959-db9f-4e81-b893-35857ddf6e02 | ITER: 10 START
2020-04-26 10:59:53.220 2991 INFO rally.task.runner [-] Task f7de0959-db9f-4e81-b893-35857ddf6e02 | ITER: 8 END: OK
2020-04-26 10:59:53.253 2994 INFO rally.task.runner [-] Task f7de0959-db9f-4e81-b893-35857ddf6e02 | ITER: 6 END: OK
2020-04-26 10:59:53.373 2993 INFO rally.task.runner [-] Task f7de0959-db9f-4e81-b893-35857ddf6e02 | ITER: 9 END: OK
2020-04-26 10:59:53.457 2992 INFO rally.task.runner [-] Task f7de0959-db9f-4e81-b893-35857ddf6e02 | ITER: 10 END: OK
2020-04-26 10:59:53.484 1339 INFO rally.task.context [-] Task f7de0959-db9f-4e81-b893-35857ddf6e02 | Context volumes@openstack cleanup() started
2020-04-26 10:59:53.487 1339 RALLYDEBUG rally_openstack.task.cleanup.manager [-] Cleaning up cinder volumes objects
2020-04-26 10:59:54.086 1339 RALLYDEBUG rally_openstack.task.cleanup.manager [-] Deleting cinder.volumes object c_rally_9378dc49_S1ZodSkf (a554c00d-c544-4fba-af55-a1a5c8d10a8f)
2020-04-26 10:59:54.091 1339 RALLYDEBUG rally_openstack.task.cleanup.manager [-] Deleting cinder.volumes object c_rally_9378dc49_eJeRvoWa (e2610608-ad5e-4b78-91bf-28614af0d45c)
2020-04-26 10:59:54.097 1339 RALLYDEBUG rally_openstack.task.cleanup.manager [-] Deleting cinder.volumes object c_rally_9378dc49_zTmrnNUr (2f2d4634-bed3-4e71-918c-976f87cb15a0)
2020-04-26 10:59:54.102 1339 RALLYDEBUG rally_openstack.task.cleanup.manager [-] Deleting cinder.volumes object c_rally_9378dc49_ybQjVBqy (44befc42-0e0e-449c-ad2d-23e85a1521ba)
2020-04-26 10:59:54.108 1339 RALLYDEBUG rally_openstack.task.cleanup.manager [-] Deleting cinder.volumes object c_rally_9378dc49_rnpi2lL1 (48b01141-ec3e-4daf-85d2-4809a283d3e9)
2020-04-26 10:59:54.113 1339 RALLYDEBUG rally_openstack.task.cleanup.manager [-] Deleting cinder.volumes object c_rally_9378dc49_BbSx0bG0 (fa37ba7a-511d-4500-948d-c7d95245e838)
2020-04-26 10:59:54.119 1339 RALLYDEBUG rally_openstack.task.cleanup.manager [-] Deleting cinder.volumes object c_rally_9378dc49_E5sQCNeY (55a97db9-3d63-4365-96e1-2b92239640ee)
2020-04-26 10:59:54.127 1339 RALLYDEBUG rally_openstack.task.cleanup.manager [-] Deleting cinder.volumes object c_rally_9378dc49_D6mseuJu (a752410f-75af-4ef2-8d9c-84484bc2c8f8)
2020-04-26 10:59:54.133 1339 RALLYDEBUG rally_openstack.task.cleanup.manager [-] Deleting cinder.volumes object c_rally_9378dc49_UxfStro9 (111d4569-f794-4bec-8ee1-2de8721126c9)
2020-04-26 10:59:54.139 1339 RALLYDEBUG rally_openstack.task.cleanup.manager [-] Deleting cinder.volumes object c_rally_9378dc49_tyFv5JpJ (5d5f8c99-c285-478d-8974-4e132a49a250)
2020-04-26 10:59:54.152 1339 RALLYDEBUG rally_openstack.task.cleanup.manager [-] Deleting cinder.volumes object c_rally_9378dc49_MFDi1NqX (c5331111-4f02-45c5-8141-2648cc1698d9)
2020-04-26 10:59:54.158 1339 RALLYDEBUG rally_openstack.task.cleanup.manager [-] Deleting cinder.volumes object c_rally_9378dc49_joyQ3D7E (1315eb5f-b98f-44c3-885f-40f27c0222d9)
2020-04-26 10:59:57.889 1339 INFO rally.task.context [-] Task f7de0959-db9f-4e81-b893-35857ddf6e02 | Context volumes@openstack cleanup() finished in 4.40 sec
2020-04-26 10:59:57.890 1339 INFO rally.task.context [-] Task f7de0959-db9f-4e81-b893-35857ddf6e02 | Context quotas@openstack cleanup() started
2020-04-26 10:59:57.994 1339 INFO rally.task.context [-] Task f7de0959-db9f-4e81-b893-35857ddf6e02 | Context quotas@openstack cleanup() finished in 0.10 sec
2020-04-26 10:59:57.995 1339 INFO rally.task.context [-] Task f7de0959-db9f-4e81-b893-35857ddf6e02 | Context api_versions@openstack cleanup() started
2020-04-26 10:59:57.995 1339 INFO rally.task.context [-] Task f7de0959-db9f-4e81-b893-35857ddf6e02 | Context api_versions@openstack cleanup() finished in 0.35 msec
2020-04-26 10:59:57.996 1339 INFO rally.task.context [-] Task f7de0959-db9f-4e81-b893-35857ddf6e02 | Context users@openstack cleanup() started
2020-04-26 11:00:01.551 1339 INFO rally.task.context [-] Task f7de0959-db9f-4e81-b893-35857ddf6e02 | Context users@openstack cleanup() finished in 3.55 sec
2020-04-26 11:00:02.534 1339 INFO rally.task.engine [-] Load duration is: 0.699061
2020-04-26 11:00:02.534 1339 INFO rally.task.engine [-] Full runner duration is: 0.751544
2020-04-26 11:00:02.534 1339 INFO rally.task.engine [-] Full duration is: 41.234461
2020-04-26 11:00:02.636 1339 INFO rally.task.engine [-] Running workload: position = 0 config = { "version": 2, "title": "A cropped version of a bigger task.", "description": "Auto-generated task from a single workload (uuid=bc4cc7ae-b7f1-4df9-baa0-eb61349397e8)", "subtasks": [ { "title": "CinderVolumes.create_and_delete_snapshot", "description": "Create and then delete a volume-snapshot.", "scenario": { "CinderVolumes.create_and_delete_snapshot": { "force": false } }, "contexts": { "users": { "tenants": 3, "users_per_tenant": 2 }, "quotas": { "cinder": { "gigabytes": -1, "snapshots": -1, "volumes": -1 } }, "api_versions": { "cinder": { "version": 3, "service_type": "volumev3" } }, "volumes": { "size": 1, "volumes_per_tenant": 1 } }, "runner": { "constant": { "concurrency": 4, "times": 10 } }, "hooks": [], "sla": { "failure_rate": { "max": 0 } } } ] }
2020-04-26 11:00:02.654 1339 RALLYDEBUG rally_openstack.task.contexts.keystone.users [-] Creating 3 tenants using 3 threads
2020-04-26 11:00:03.060 1339 RALLYDEBUG rally_openstack.task.contexts.keystone.users [-] Creating 6 users using 6 threads
2020-04-26 11:00:03.817 1339 INFO rally.task.context [-] Task f7de0959-db9f-4e81-b893-35857ddf6e02 | Context users@openstack setup() finished in 1.16 sec
2020-04-26 11:00:03.941 1339 INFO rally.task.context [-] Task f7de0959-db9f-4e81-b893-35857ddf6e02 | Context api_versions@openstack setup() finished in 0.12 sec
2020-04-26 11:00:04.791 1339 INFO rally.task.context [-] Task f7de0959-db9f-4e81-b893-35857ddf6e02 | Context quotas@openstack setup() finished in 0.85 sec
2020-04-26 11:00:13.074 1339 INFO rally.task.context [-] Task f7de0959-db9f-4e81-b893-35857ddf6e02 | Context volumes@openstack setup() finished in 8.28 sec
2020-04-26 11:00:13.075 1339 INFO rally.task.context [-] Task f7de0959-db9f-4e81-b893-35857ddf6e02 | Context cleanup@openstack setup() finished in 0.17 msec
2020-04-26 11:00:13.083 1339 RALLYDEBUG rally.task.runner [-] Starting the constant runner (task UUID: f7de0959-db9f-4e81-b893-35857ddf6e02). times: 10 concurrency: 4 timeout: 0 max_cpu_used: 88 processes_to_start: 4 concurrency_per_worker: 1 concurrency_overhead: 0
2020-04-26 11:00:13.095 3084 RALLYDEBUG rally.task.runner [-] Starting a worker. times: 10 duration: None concurrency: 1 timeout: 0 cls: method_name: run args: {"force": false}
2020-04-26 11:00:13.097 3085 RALLYDEBUG rally.task.runner [-] Starting a worker. times: 10 duration: None concurrency: 1 timeout: 0 cls: method_name: run args: {"force": false}
2020-04-26 11:00:13.100 3086 RALLYDEBUG rally.task.runner [-] Starting a worker. times: 10 duration: None concurrency: 1 timeout: 0 cls: method_name: run args: {"force": false}
2020-04-26 11:00:13.101 3084 INFO rally.task.runner [-] Task f7de0959-db9f-4e81-b893-35857ddf6e02 | ITER: 1 START
2020-04-26 11:00:13.103 3087 RALLYDEBUG rally.task.runner [-] Starting a worker. times: 10 duration: None concurrency: 1 timeout: 0 cls: method_name: run args: {"force": false}
2020-04-26 11:00:13.104 3085 INFO rally.task.runner [-] Task f7de0959-db9f-4e81-b893-35857ddf6e02 | ITER: 2 START
2020-04-26 11:00:13.106 3086 INFO rally.task.runner [-] Task f7de0959-db9f-4e81-b893-35857ddf6e02 | ITER: 3 START
2020-04-26 11:00:13.109 3087 INFO rally.task.runner [-] Task f7de0959-db9f-4e81-b893-35857ddf6e02 | ITER: 4 START
2020-04-26 11:00:15.626 3085 RALLYDEBUG rally.task.utils [-] Waiting for resource s_rally_bc4cc7ae_pJXTvUdF. Status changed: AVAILABLE => DELETING in 0.03093099594116211
2020-04-26 11:00:15.664 3086 RALLYDEBUG rally.task.utils [-] Waiting for resource s_rally_bc4cc7ae_qN2xVGKu. Status changed: AVAILABLE => DELETING in 0.032486677169799805
2020-04-26 11:00:15.712 3084 RALLYDEBUG rally.task.utils [-] Waiting for resource s_rally_bc4cc7ae_STGr02Nz. Status changed: AVAILABLE => DELETING in 0.03781533241271973
2020-04-26 11:00:17.568 3087 RALLYDEBUG rally.task.utils [-] Waiting for resource s_rally_bc4cc7ae_9eKXV18j. Status changed: CREATING => AVAILABLE in 2.110405683517456
2020-04-26 11:00:17.660 3085 INFO rally.task.runner [-] Task f7de0959-db9f-4e81-b893-35857ddf6e02 | ITER: 2 END: OK
2020-04-26 11:00:17.664 3085 INFO rally.task.runner [-] Task f7de0959-db9f-4e81-b893-35857ddf6e02 | ITER: 5 START
2020-04-26 11:00:17.682 3087 RALLYDEBUG rally.task.utils [-] Waiting for resource s_rally_bc4cc7ae_9eKXV18j. Status changed: AVAILABLE => DELETING in 0.0346527099609375
2020-04-26 11:00:17.700 3086 INFO rally.task.runner [-] Task f7de0959-db9f-4e81-b893-35857ddf6e02 | ITER: 3 END: OK
2020-04-26 11:00:17.704 3086 INFO rally.task.runner [-] Task f7de0959-db9f-4e81-b893-35857ddf6e02 | ITER: 6 START
2020-04-26 11:00:17.744 3084 INFO rally.task.runner [-] Task f7de0959-db9f-4e81-b893-35857ddf6e02 | ITER: 1 END: OK
2020-04-26 11:00:17.748 3084 INFO rally.task.runner [-] Task f7de0959-db9f-4e81-b893-35857ddf6e02 | ITER: 7 START
2020-04-26 11:00:19.717 3087 INFO rally.task.runner [-] Task f7de0959-db9f-4e81-b893-35857ddf6e02 | ITER: 4 END: OK
2020-04-26 11:00:19.722 3087 INFO rally.task.runner [-] Task f7de0959-db9f-4e81-b893-35857ddf6e02 | ITER: 8 START
2020-04-26 11:00:20.182 3086 RALLYDEBUG rally.task.utils [-] Waiting for resource s_rally_bc4cc7ae_3mGeBcQr. Status changed: AVAILABLE => DELETING in 0.03382396697998047
2020-04-26 11:00:20.203 3085 RALLYDEBUG rally.task.utils [-] Waiting for resource s_rally_bc4cc7ae_dwzLGmRG. Status changed: AVAILABLE => DELETING in 0.03206324577331543
2020-04-26 11:00:20.308 3084 RALLYDEBUG rally.task.utils [-] Waiting for resource s_rally_bc4cc7ae_RPmES8ub. Status changed: AVAILABLE => DELETING in 0.03068065643310547
2020-04-26 11:00:22.189 3087 RALLYDEBUG rally.task.utils [-] Waiting for resource s_rally_bc4cc7ae_gQtBZRUu. Status changed: AVAILABLE => DELETING in 0.03525066375732422
2020-04-26 11:00:22.215 3086 INFO rally.task.runner [-] Task f7de0959-db9f-4e81-b893-35857ddf6e02 | ITER: 6 END: OK
2020-04-26 11:00:22.218 3086 INFO rally.task.runner [-] Task f7de0959-db9f-4e81-b893-35857ddf6e02 | ITER: 9 START
2020-04-26 11:00:22.235 3085 INFO rally.task.runner [-] Task f7de0959-db9f-4e81-b893-35857ddf6e02 | ITER: 5 END: OK
2020-04-26 11:00:22.239 3085 INFO rally.task.runner [-] Task f7de0959-db9f-4e81-b893-35857ddf6e02 | ITER: 10 START
2020-04-26 11:00:22.340 3084 INFO rally.task.runner [-] Task f7de0959-db9f-4e81-b893-35857ddf6e02 | ITER: 7 END: OK
2020-04-26 11:00:24.222 3087 INFO rally.task.runner [-] Task f7de0959-db9f-4e81-b893-35857ddf6e02 | ITER: 8 END: OK
2020-04-26 11:00:24.682 3086 RALLYDEBUG rally.task.utils [-] Waiting for resource s_rally_bc4cc7ae_hMPXe1XK. Status changed: AVAILABLE => DELETING in 0.032119035720825195
2020-04-26 11:00:24.773 3085 RALLYDEBUG rally.task.utils [-] Waiting for resource s_rally_bc4cc7ae_jONJrAwE. Status changed: AVAILABLE => DELETING in 0.03414559364318848
2020-04-26 11:00:26.715 3086 INFO rally.task.runner [-] Task f7de0959-db9f-4e81-b893-35857ddf6e02 | ITER: 9 END: OK
2020-04-26 11:00:26.804 3085 INFO rally.task.runner [-] Task f7de0959-db9f-4e81-b893-35857ddf6e02 | ITER: 10 END: OK
2020-04-26 11:00:26.826 1339 INFO rally.task.context [-] Task f7de0959-db9f-4e81-b893-35857ddf6e02 | Context cleanup@openstack cleanup() started
2020-04-26 11:00:26.830 1339 RALLYDEBUG rally_openstack.task.cleanup.manager [-] Cleaning up cinder backups objects
2020-04-26 11:00:27.276 1339 RALLYDEBUG rally_openstack.task.cleanup.manager [-] Cleaning up cinder volume_snapshots objects
2020-04-26 11:00:27.715 1339 RALLYDEBUG rally_openstack.task.cleanup.manager [-] Cleaning up cinder transfers objects
2020-04-26 11:00:28.094 1339 RALLYDEBUG rally_openstack.task.cleanup.manager [-] Cleaning up cinder volumes objects
2020-04-26 11:00:28.705 1339 INFO rally.task.context [-] Task f7de0959-db9f-4e81-b893-35857ddf6e02 | Context cleanup@openstack cleanup() finished in 1.88 sec
2020-04-26 11:00:28.706 1339 INFO rally.task.context [-] Task f7de0959-db9f-4e81-b893-35857ddf6e02 | Context volumes@openstack cleanup() started
2020-04-26 11:00:28.707 1339 RALLYDEBUG rally_openstack.task.cleanup.manager [-] Cleaning up cinder volumes objects
2020-04-26 11:00:29.281 1339 RALLYDEBUG rally_openstack.task.cleanup.manager [-] Deleting cinder.volumes object c_rally_bc4cc7ae_VDJoj6IJ (3d5dc970-d316-4361-ade8-fec1891a8610)
2020-04-26 11:00:29.285 1339 RALLYDEBUG rally_openstack.task.cleanup.manager [-] Deleting cinder.volumes object c_rally_bc4cc7ae_fGd4QwpT (edbb450c-41af-4321-b88f-bc8df4f2c9b4)
2020-04-26 11:00:29.291 1339 RALLYDEBUG rally_openstack.task.cleanup.manager [-] Deleting cinder.volumes object c_rally_bc4cc7ae_LoINNGay (4e2202d9-31d4-4d7d-aa96-c794e13d71ad)
2020-04-26 11:00:31.613 1339 INFO rally.task.context [-] Task f7de0959-db9f-4e81-b893-35857ddf6e02 | Context volumes@openstack cleanup() finished in 2.91 sec
2020-04-26 11:00:31.614 1339 INFO rally.task.context [-] Task f7de0959-db9f-4e81-b893-35857ddf6e02 | Context quotas@openstack cleanup() started
2020-04-26 11:00:31.712 1339 INFO rally.task.context [-] Task f7de0959-db9f-4e81-b893-35857ddf6e02 | Context quotas@openstack cleanup() finished in 98.07 msec
2020-04-26 11:00:31.713 1339 INFO rally.task.context [-] Task f7de0959-db9f-4e81-b893-35857ddf6e02 | Context api_versions@openstack cleanup() started
2020-04-26 11:00:31.714 1339 INFO rally.task.context [-] Task f7de0959-db9f-4e81-b893-35857ddf6e02 | Context api_versions@openstack cleanup() finished in 0.36 msec
2020-04-26 11:00:31.714 1339 INFO rally.task.context [-] Task f7de0959-db9f-4e81-b893-35857ddf6e02 | Context users@openstack cleanup() started
2020-04-26 11:00:37.682 1339 INFO rally.task.context [-] Task f7de0959-db9f-4e81-b893-35857ddf6e02 | Context users@openstack cleanup() finished in 5.97 sec
2020-04-26 11:00:38.839 1339 INFO rally.task.engine [-] Load duration is: 13.698373
2020-04-26 11:00:38.840 1339 INFO rally.task.engine [-] Full runner duration is: 13.743296
2020-04-26 11:00:38.840 1339 INFO rally.task.engine [-] Full duration is: 35.029592
2020-04-26 11:00:38.922 1339 INFO rally.task.engine [-] Running workload: position = 0 config = { "version": 2, "title": "A cropped version of a bigger task.", "description": "Auto-generated task from a single workload (uuid=fd422344-11ec-4757-8c57-083b94a89ec9)", "subtasks": [ { "title": "CinderVolumes.create_and_delete_volume", "description": "Create and then delete a volume.", "scenario": { "CinderVolumes.create_and_delete_volume": { "size": { "max": 1, "min": 1 } } }, "contexts": { "users": { "tenants": 3, "users_per_tenant": 2 }, "quotas": { "cinder": { "gigabytes": -1, "snapshots": -1, "volumes": -1 } }, "api_versions": { "cinder": { "version": 3, "service_type": "volumev3" } } }, "runner": { "constant": { "concurrency": 4, "times": 10 } }, "hooks": [], "sla": { "failure_rate": { "max": 0 } } } ] }
2020-04-26 11:00:38.943 1339 RALLYDEBUG rally_openstack.task.contexts.keystone.users [-] Creating 3 tenants using 3 threads
2020-04-26 11:00:39.375 1339 RALLYDEBUG rally_openstack.task.contexts.keystone.users [-] Creating 6 users using 6 threads
2020-04-26 11:00:40.215 1339 INFO rally.task.context [-] Task f7de0959-db9f-4e81-b893-35857ddf6e02 | Context users@openstack setup() finished in 1.27 sec
2020-04-26 11:00:40.349 1339 INFO rally.task.context [-] Task f7de0959-db9f-4e81-b893-35857ddf6e02 | Context api_versions@openstack setup() finished in 0.13 sec
2020-04-26 11:00:41.218 1339 INFO rally.task.context [-] Task f7de0959-db9f-4e81-b893-35857ddf6e02 | Context quotas@openstack setup() finished in 0.87 sec
2020-04-26 11:00:41.219 1339 INFO rally.task.context [-] Task f7de0959-db9f-4e81-b893-35857ddf6e02 | Context cleanup@openstack setup() finished in 0.03 msec
2020-04-26 11:00:41.227 1339 RALLYDEBUG rally.task.runner [-] Starting the constant runner (task UUID: f7de0959-db9f-4e81-b893-35857ddf6e02). times: 10 concurrency: 4 timeout: 0 max_cpu_used: 88 processes_to_start: 4 concurrency_per_worker: 1 concurrency_overhead: 0
2020-04-26 11:00:41.236 3257 RALLYDEBUG rally.task.runner [-] Starting a worker. times: 10 duration: None concurrency: 1 timeout: 0 cls: method_name: run args: {"size": {"max": 1, "min": 1}}
2020-04-26 11:00:41.240 3258 RALLYDEBUG rally.task.runner [-] Starting a worker. times: 10 duration: None concurrency: 1 timeout: 0 cls: method_name: run args: {"size": {"max": 1, "min": 1}}
2020-04-26 11:00:41.242 3257 INFO rally.task.runner [-] Task f7de0959-db9f-4e81-b893-35857ddf6e02 | ITER: 1 START
2020-04-26 11:00:41.242 3259 RALLYDEBUG rally.task.runner [-] Starting a worker. times: 10 duration: None concurrency: 1 timeout: 0 cls: method_name: run args: {"size": {"max": 1, "min": 1}}
2020-04-26 11:00:41.244 3258 INFO rally.task.runner [-] Task f7de0959-db9f-4e81-b893-35857ddf6e02 | ITER: 2 START
2020-04-26 11:00:41.244 3260 RALLYDEBUG rally.task.runner [-] Starting a worker. times: 10 duration: None concurrency: 1 timeout: 0 cls: method_name: run args: {"size": {"max": 1, "min": 1}}
2020-04-26 11:00:41.247 3259 INFO rally.task.runner [-] Task f7de0959-db9f-4e81-b893-35857ddf6e02 | ITER: 3 START
2020-04-26 11:00:41.250 3260 INFO rally.task.runner [-] Task f7de0959-db9f-4e81-b893-35857ddf6e02 | ITER: 4 START
2020-04-26 11:00:44.120 3257 RALLYDEBUG rally.task.utils [-] Waiting for resource s_rally_fd422344_RVRTWAHE. Status changed: AVAILABLE => DELETING in 0.06621432304382324
2020-04-26 11:00:44.156 3260 RALLYDEBUG rally.task.utils [-] Waiting for resource s_rally_fd422344_jvv8A57b. Status changed: AVAILABLE => DELETING in 0.06357955932617188
2020-04-26 11:00:44.199 3258 RALLYDEBUG rally.task.utils [-] Waiting for resource s_rally_fd422344_wfcmmO0T. Status changed: AVAILABLE => DELETING in 0.06353306770324707
2020-04-26 11:00:45.161 3259 RALLYDEBUG rally.task.utils [-] Waiting for resource s_rally_fd422344_h4P5bfVG. Status changed: AVAILABLE => DELETING in 0.07908487319946289
2020-04-26 11:00:46.167 3257 INFO rally.task.runner [-] Task f7de0959-db9f-4e81-b893-35857ddf6e02 | ITER: 1 END: OK
2020-04-26 11:00:46.172 3257 INFO rally.task.runner [-] Task f7de0959-db9f-4e81-b893-35857ddf6e02 | ITER: 5 START
2020-04-26 11:00:46.203 3260 INFO rally.task.runner [-] Task f7de0959-db9f-4e81-b893-35857ddf6e02 | ITER: 4 END: OK
2020-04-26 11:00:46.207 3260 INFO rally.task.runner [-] Task f7de0959-db9f-4e81-b893-35857ddf6e02 | ITER: 6 START
2020-04-26 11:00:46.243 3258 INFO rally.task.runner [-] Task f7de0959-db9f-4e81-b893-35857ddf6e02 | ITER: 2 END: OK
2020-04-26 11:00:46.247 3258 INFO rally.task.runner [-] Task f7de0959-db9f-4e81-b893-35857ddf6e02 | ITER: 7 START
2020-04-26 11:00:47.213 3259 INFO rally.task.runner [-] Task f7de0959-db9f-4e81-b893-35857ddf6e02 | ITER: 3 END: OK
2020-04-26 11:00:47.217 3259 INFO rally.task.runner [-] Task f7de0959-db9f-4e81-b893-35857ddf6e02 | ITER: 8 START
2020-04-26 11:00:48.940 3257 RALLYDEBUG rally.task.utils [-] Waiting for resource s_rally_fd422344_OtW90IqE. Status changed: AVAILABLE => DELETING in 0.07999873161315918
2020-04-26 11:00:48.994 3258 RALLYDEBUG rally.task.utils [-] Waiting for resource s_rally_fd422344_Uf1mzqXO. Status changed: AVAILABLE => DELETING in 0.07034945487976074
2020-04-26 11:00:49.044 3260 RALLYDEBUG rally.task.utils [-] Waiting for resource s_rally_fd422344_Lq2J6Fu2. Status changed: AVAILABLE => DELETING in 0.077239990234375
2020-04-26 11:00:50.067 3259 RALLYDEBUG rally.task.utils [-] Waiting for resource s_rally_fd422344_VTtAqidg. Status changed: AVAILABLE => DELETING in 0.0577547550201416
2020-04-26 11:00:50.994 3257 INFO rally.task.runner [-] Task f7de0959-db9f-4e81-b893-35857ddf6e02 | ITER: 5 END: OK
2020-04-26 11:00:50.997 3257 INFO rally.task.runner [-] Task f7de0959-db9f-4e81-b893-35857ddf6e02 | ITER: 9 START
2020-04-26 11:00:51.051 3258 INFO rally.task.runner [-] Task f7de0959-db9f-4e81-b893-35857ddf6e02 | ITER: 7 END: OK
2020-04-26 11:00:51.055 3258 INFO rally.task.runner [-] Task f7de0959-db9f-4e81-b893-35857ddf6e02 | ITER: 10 START
2020-04-26 11:00:51.087 3260 INFO rally.task.runner [-] Task f7de0959-db9f-4e81-b893-35857ddf6e02 | ITER: 6 END: OK
2020-04-26 11:00:52.122 3259 INFO rally.task.runner [-] Task f7de0959-db9f-4e81-b893-35857ddf6e02 | ITER: 8 END: OK
2020-04-26 11:00:53.811 3257 RALLYDEBUG rally.task.utils [-] Waiting for resource s_rally_fd422344_6oSucoOh. Status changed: AVAILABLE => DELETING in 0.07589197158813477
2020-04-26 11:00:53.834 3258 RALLYDEBUG rally.task.utils [-] Waiting for resource s_rally_fd422344_nUddeb3a. Status changed: AVAILABLE => DELETING in 0.06096482276916504
2020-04-26 11:00:55.866 3257 INFO rally.task.runner [-] Task f7de0959-db9f-4e81-b893-35857ddf6e02 | ITER: 9 END: OK
2020-04-26 11:00:55.885 3258 INFO rally.task.runner [-] Task f7de0959-db9f-4e81-b893-35857ddf6e02 | ITER: 10 END: OK
2020-04-26 11:00:55.906 1339 INFO rally.task.context [-] Task f7de0959-db9f-4e81-b893-35857ddf6e02 | Context cleanup@openstack cleanup() started
2020-04-26 11:00:55.909 1339 RALLYDEBUG rally_openstack.task.cleanup.manager [-] Cleaning up cinder backups objects
2020-04-26 11:00:56.357 1339 RALLYDEBUG rally_openstack.task.cleanup.manager [-] Cleaning up cinder volume_snapshots objects
2020-04-26 11:00:56.822 1339 RALLYDEBUG rally_openstack.task.cleanup.manager [-] Cleaning up cinder transfers objects
2020-04-26 11:00:57.223 1339 RALLYDEBUG rally_openstack.task.cleanup.manager [-] Cleaning up cinder volumes objects
2020-04-26 11:00:57.804 1339 INFO rally.task.context [-] Task f7de0959-db9f-4e81-b893-35857ddf6e02 | Context cleanup@openstack cleanup() finished in 1.90 sec
2020-04-26 11:00:57.806 1339 INFO rally.task.context [-] Task f7de0959-db9f-4e81-b893-35857ddf6e02 | Context quotas@openstack cleanup() started
2020-04-26 11:00:57.897 1339 INFO rally.task.context [-] Task f7de0959-db9f-4e81-b893-35857ddf6e02 | Context quotas@openstack cleanup() finished in 91.03 msec
2020-04-26 11:00:57.898 1339 INFO rally.task.context [-] Task f7de0959-db9f-4e81-b893-35857ddf6e02 | Context api_versions@openstack cleanup() started
2020-04-26 11:00:57.898 1339 INFO rally.task.context [-] Task f7de0959-db9f-4e81-b893-35857ddf6e02 | Context api_versions@openstack cleanup() finished in 0.45 msec
2020-04-26 11:00:57.899 1339 INFO rally.task.context [-] Task f7de0959-db9f-4e81-b893-35857ddf6e02 | Context users@openstack cleanup() started
2020-04-26 11:01:00.651 1339 INFO rally.task.context [-] Task f7de0959-db9f-4e81-b893-35857ddf6e02 | Context users@openstack cleanup() finished in 2.75 sec
2020-04-26 11:01:01.064 1339 INFO rally.task.engine [-] Load duration is: 14.638643
2020-04-26 11:01:01.064 1339 INFO rally.task.engine [-] Full runner duration is: 14.67904
2020-04-26 11:01:01.065 1339 INFO rally.task.engine [-] Full duration is: 21.710622
