2020-04-26 11:23:11.278 9705 INFO rally.task.context [-] Task 7058f561-6105-4862-bee8-c9e55c1a2532 | Context quotas@openstack cleanup() finished in 63.23 msec
2020-04-26 11:23:11.279 9705 INFO rally.task.context [-] Task 7058f561-6105-4862-bee8-c9e55c1a2532 | Context users@openstack cleanup() started
2020-04-26 11:23:13.622 9705 INFO rally.task.context [-] Task 7058f561-6105-4862-bee8-c9e55c1a2532 | Context users@openstack cleanup() finished in 2.34 sec
2020-04-26 11:23:13.976 9705 INFO rally.task.engine [-] Load duration is: 2.583745
2020-04-26 11:23:13.977 9705 INFO rally.task.engine [-] Full runner duration is: 2.620971
2020-04-26 11:23:13.977 9705 INFO rally.task.engine [-] Full duration is: 15.751205
2020-04-26 11:23:14.065 9705 INFO rally.task.engine [-] Running workload: position = 0 config = { "version": 2, "title": "A cropped version of a bigger task.", "description": "Auto-generated task from a single workload (uuid=fc083aaf-bfcb-4624-8945-ae564c49ead4)", "subtasks": [ { "title": "NeutronSecurityGroup.create_and_show_security_group", "description": "Create and show Neutron security-group.", "scenario": { "NeutronSecurityGroup.create_and_show_security_group": {} }, "contexts": { "users": { "tenants": 3, "users_per_tenant": 2 }, "quotas": { "neutron": { "security_group": -1 } } }, "runner": { "constant": { "concurrency": 4, "times": 10 } }, "hooks": [], "sla": { "failure_rate": { "max": 0 } } } ] }
2020-04-26 11:23:14.077 9705 RALLYDEBUG rally_openstack.task.contexts.keystone.users [-] Creating 3 tenants using 3 threads
2020-04-26 11:23:14.532 9705 RALLYDEBUG rally_openstack.task.contexts.keystone.users [-] Creating 6 users using 6 threads
2020-04-26 11:23:15.408 9705 INFO rally.task.context [-] Task 7058f561-6105-4862-bee8-c9e55c1a2532 | Context users@openstack setup() finished in 1.33 sec
2020-04-26 11:23:15.810 9705 INFO rally.task.context [-] Task 7058f561-6105-4862-bee8-c9e55c1a2532 | Context quotas@openstack setup() finished in 0.40 sec
2020-04-26 11:23:15.811 9705 INFO rally.task.context [-] Task 7058f561-6105-4862-bee8-c9e55c1a2532 | Context cleanup@openstack setup() finished in 0.16 msec
2020-04-26 11:23:15.819 9705 RALLYDEBUG rally.task.runner [-] Starting the constant runner (task UUID: 7058f561-6105-4862-bee8-c9e55c1a2532). times: 10 concurrency: 4 timeout: 0 max_cpu_used: 88 processes_to_start: 4 concurrency_per_worker: 1 concurrency_overhead: 0
2020-04-26 11:23:15.829 14155 RALLYDEBUG rally.task.runner [-] Starting a worker. times: 10 duration: None concurrency: 1 timeout: 0 cls: method_name: run args: {}
2020-04-26 11:23:15.831 14156 RALLYDEBUG rally.task.runner [-] Starting a worker. times: 10 duration: None concurrency: 1 timeout: 0 cls: method_name: run args: {}
2020-04-26 11:23:15.834 14155 INFO rally.task.runner [-] Task 7058f561-6105-4862-bee8-c9e55c1a2532 | ITER: 1 START
2020-04-26 11:23:15.834 14157 RALLYDEBUG rally.task.runner [-] Starting a worker. times: 10 duration: None concurrency: 1 timeout: 0 cls: method_name: run args: {}
2020-04-26 11:23:15.837 14158 RALLYDEBUG rally.task.runner [-] Starting a worker. times: 10 duration: None concurrency: 1 timeout: 0 cls: method_name: run args: {}
2020-04-26 11:23:15.837 14156 INFO rally.task.runner [-] Task 7058f561-6105-4862-bee8-c9e55c1a2532 | ITER: 2 START
2020-04-26 11:23:15.839 14157 INFO rally.task.runner [-] Task 7058f561-6105-4862-bee8-c9e55c1a2532 | ITER: 3 START
2020-04-26 11:23:15.843 14158 INFO rally.task.runner [-] Task 7058f561-6105-4862-bee8-c9e55c1a2532 | ITER: 4 START
2020-04-26 11:23:16.438 14158 INFO rally.task.runner [-] Task 7058f561-6105-4862-bee8-c9e55c1a2532 | ITER: 4 END: OK
2020-04-26 11:23:16.443 14158 INFO rally.task.runner [-] Task 7058f561-6105-4862-bee8-c9e55c1a2532 | ITER: 5 START
2020-04-26 11:23:16.661 14156 INFO rally.task.runner [-] Task 7058f561-6105-4862-bee8-c9e55c1a2532 | ITER: 2 END: OK
2020-04-26 11:23:16.665 14156 INFO rally.task.runner [-] Task 7058f561-6105-4862-bee8-c9e55c1a2532 | ITER: 6 START
2020-04-26 11:23:16.811 14155 INFO rally.task.runner [-] Task 7058f561-6105-4862-bee8-c9e55c1a2532 | ITER: 1 END: OK
2020-04-26 11:23:16.812 14157 INFO rally.task.runner [-] Task 7058f561-6105-4862-bee8-c9e55c1a2532 | ITER: 3 END: OK
2020-04-26 11:23:16.816 14155 INFO rally.task.runner [-] Task 7058f561-6105-4862-bee8-c9e55c1a2532 | ITER: 7 START
2020-04-26 11:23:16.816 14157 INFO rally.task.runner [-] Task 7058f561-6105-4862-bee8-c9e55c1a2532 | ITER: 8 START
2020-04-26 11:23:16.929 14158 INFO rally.task.runner [-] Task 7058f561-6105-4862-bee8-c9e55c1a2532 | ITER: 5 END: OK
2020-04-26 11:23:16.933 14158 INFO rally.task.runner [-] Task 7058f561-6105-4862-bee8-c9e55c1a2532 | ITER: 9 START
2020-04-26 11:23:17.047 14156 INFO rally.task.runner [-] Task 7058f561-6105-4862-bee8-c9e55c1a2532 | ITER: 6 END: OK
2020-04-26 11:23:17.051 14156 INFO rally.task.runner [-] Task 7058f561-6105-4862-bee8-c9e55c1a2532 | ITER: 10 START
2020-04-26 11:23:17.309 14158 INFO rally.task.runner [-] Task 7058f561-6105-4862-bee8-c9e55c1a2532 | ITER: 9 END: OK
2020-04-26 11:23:17.359 14157 INFO rally.task.runner [-] Task 7058f561-6105-4862-bee8-c9e55c1a2532 | ITER: 8 END: OK
2020-04-26 11:23:17.361 14155 INFO rally.task.runner [-] Task 7058f561-6105-4862-bee8-c9e55c1a2532 | ITER: 7 END: OK
2020-04-26 11:23:17.514 14156 INFO rally.task.runner [-] Task 7058f561-6105-4862-bee8-c9e55c1a2532 | ITER: 10 END: OK
2020-04-26 11:23:17.536 9705 INFO rally.task.context [-] Task 7058f561-6105-4862-bee8-c9e55c1a2532 | Context cleanup@openstack cleanup() started
2020-04-26 11:23:17.540 9705 RALLYDEBUG rally_openstack.task.cleanup.manager [-] Cleaning up neutron vip objects
2020-04-26 11:23:17.970 9705 RALLYDEBUG rally_openstack.task.cleanup.manager [-] Cleaning up neutron health_monitor objects
2020-04-26 11:23:18.436 9705 RALLYDEBUG rally_openstack.task.cleanup.manager [-] Cleaning up neutron pool objects
2020-04-26 11:23:18.926 9705 RALLYDEBUG rally_openstack.task.cleanup.manager [-] Cleaning up neutron loadbalancer objects
2020-04-26 11:23:19.453 9705 RALLYDEBUG rally_openstack.task.cleanup.manager [-] Cleaning up neutron floatingip objects
2020-04-26 11:23:20.105 9705 RALLYDEBUG rally_openstack.task.cleanup.manager [-] Cleaning up neutron trunk objects
2020-04-26 11:23:20.599 9705 RALLYDEBUG rally_openstack.task.cleanup.manager [-] Cleaning up neutron port objects
2020-04-26 11:23:21.204 9705 RALLYDEBUG rally_openstack.task.cleanup.manager [-] Cleaning up neutron subnet objects
2020-04-26 11:23:21.722 9705 RALLYDEBUG rally_openstack.task.cleanup.manager [-] Cleaning up neutron network objects
2020-04-26 11:23:22.253 9705 RALLYDEBUG rally_openstack.task.cleanup.manager [-] Cleaning up neutron router objects
2020-04-26 11:23:22.912 9705 RALLYDEBUG rally_openstack.task.cleanup.manager [-] Cleaning up neutron security_group objects
2020-04-26 11:23:23.733 9705 RALLYDEBUG rally_openstack.task.cleanup.manager [-] Deleting neutron.security_group object s_rally_fc083aaf_1YhlYZTJ (5c2e0747-6a19-4a9b-886d-ef554b08f7b2)
2020-04-26 11:23:23.738 9705 RALLYDEBUG rally_openstack.task.cleanup.manager [-] Deleting neutron.security_group object s_rally_fc083aaf_FXsoA94Y (93420577-2ef8-4098-8d46-4cfebeb53a76)
2020-04-26 11:23:23.743 9705 RALLYDEBUG rally_openstack.task.cleanup.manager [-] Deleting neutron.security_group object s_rally_fc083aaf_UMx7L6Aw (a4f98538-5b5e-44aa-8a66-bb9971781e29)
2020-04-26 11:23:23.755 9705 RALLYDEBUG rally_openstack.task.cleanup.manager [-] Deleting neutron.security_group object s_rally_fc083aaf_Ou1jtRaZ (18e3c90b-7f2d-4e66-b621-c91238208287)
2020-04-26 11:23:23.755 9705 RALLYDEBUG rally_openstack.task.cleanup.manager [-] Deleting neutron.security_group object s_rally_fc083aaf_4TajIlKO (1e1cf27f-146c-4704-a99e-9accc70f2dd7)
2020-04-26 11:23:23.763 9705 RALLYDEBUG rally_openstack.task.cleanup.manager [-] Deleting neutron.security_group object s_rally_fc083aaf_1xnnOz3q (47b202a2-2752-46f6-a795-7939a8609875)
2020-04-26 11:23:23.767 9705 RALLYDEBUG rally_openstack.task.cleanup.manager [-] Deleting neutron.security_group object s_rally_fc083aaf_niIx7KWo (5aa6662c-8d8d-490f-99dd-1aa324bcc64f)
2020-04-26 11:23:23.775 9705 RALLYDEBUG rally_openstack.task.cleanup.manager [-] Deleting neutron.security_group object s_rally_fc083aaf_9eLswrhW (6c7c8a58-971d-41b7-aa4a-ac483c350e14)
2020-04-26 11:23:23.786 9705 RALLYDEBUG rally_openstack.task.cleanup.manager [-] Deleting neutron.security_group object s_rally_fc083aaf_ntJU9HDz (b6675bb0-930d-44d0-98c9-a5f71e655e23)
2020-04-26 11:23:23.799 9705 RALLYDEBUG rally_openstack.task.cleanup.manager [-] Deleting neutron.security_group object s_rally_fc083aaf_X1eG1RFU (daff1852-d1d9-43c8-8167-72a01021f97b)
2020-04-26 11:23:25.474 9705 INFO rally.task.context [-] Task 7058f561-6105-4862-bee8-c9e55c1a2532 | Context cleanup@openstack cleanup() finished in 7.94 sec
2020-04-26 11:23:25.475 9705 INFO rally.task.context [-] Task 7058f561-6105-4862-bee8-c9e55c1a2532 | Context quotas@openstack cleanup() started
2020-04-26 11:23:25.520 9705 INFO rally.task.context [-] Task 7058f561-6105-4862-bee8-c9e55c1a2532 | Context quotas@openstack cleanup() finished in 45.25 msec
2020-04-26 11:23:25.521 9705 INFO rally.task.context [-] Task 7058f561-6105-4862-bee8-c9e55c1a2532 | Context users@openstack cleanup() started
2020-04-26 11:23:29.520 9705 INFO rally.task.context [-] Task 7058f561-6105-4862-bee8-c9e55c1a2532 | Context users@openstack cleanup() finished in 4.00 sec
2020-04-26 11:23:30.177 9705 INFO rally.task.engine [-] Load duration is: 1.678157
2020-04-26 11:23:30.177 9705 INFO rally.task.engine [-] Full runner duration is: 1.71805
2020-04-26 11:23:30.178 9705 INFO rally.task.engine [-] Full duration is: 15.443864
2020-04-26 11:23:30.260 9705 INFO rally.task.engine [-] Running workload: position = 0 config = { "version": 2, "title": "A cropped version of a bigger task.", "description": "Auto-generated task from a single workload (uuid=4a80cec1-86b8-4f99-b8fa-d0ebe68eaaa0)", "subtasks": [ { "title": "NeutronNetworks.set_and_clear_router_gateway", "description": "Set and Remove the external network gateway from a router.", "scenario": { "NeutronNetworks.set_and_clear_router_gateway": { "network_create_args": { "router:external": true } } }, "contexts": { "users": { "tenants": 3, "users_per_tenant": 2 }, "quotas": { "neutron": { "network": -1, "router": -1 } }, "roles": [ "admin" ] }, "runner": { "constant": { "concurrency": 4, "times": 10 } }, "hooks": [], "sla": { "failure_rate": { "max": 0 } } } ] }
2020-04-26 11:23:30.278 9705 RALLYDEBUG rally_openstack.task.contexts.keystone.users [-] Creating 3 tenants using 3 threads
2020-04-26 11:23:30.736 9705 RALLYDEBUG rally_openstack.task.contexts.keystone.users [-] Creating 6 users using 6 threads
2020-04-26 11:23:31.503 9705 INFO rally.task.context [-] Task 7058f561-6105-4862-bee8-c9e55c1a2532 | Context users@openstack setup() finished in 1.23 sec
2020-04-26 11:23:31.971 9705 INFO rally.task.context [-] Task 7058f561-6105-4862-bee8-c9e55c1a2532 | Context quotas@openstack setup() finished in 0.47 sec
2020-04-26 11:23:32.163 9705 RALLYDEBUG rally_openstack.task.contexts.keystone.roles [-] Adding role admin having ID 99e248c021954d679d864fc4f4d660f4 to all users using 30 threads
2020-04-26 11:23:33.698 9705 INFO rally.task.context [-] Task 7058f561-6105-4862-bee8-c9e55c1a2532 | Context roles@openstack setup() finished in 1.73 sec
2020-04-26 11:23:33.699 9705 INFO rally.task.context [-] Task 7058f561-6105-4862-bee8-c9e55c1a2532 | Context cleanup@openstack setup() finished in 0.15 msec
2020-04-26 11:23:33.707 9705 RALLYDEBUG rally.task.runner [-] Starting the constant runner (task UUID: 7058f561-6105-4862-bee8-c9e55c1a2532). times: 10 concurrency: 4 timeout: 0 max_cpu_used: 88 processes_to_start: 4 concurrency_per_worker: 1 concurrency_overhead: 0
2020-04-26 11:23:33.716 14478 RALLYDEBUG rally.task.runner [-] Starting a worker. times: 10 duration: None concurrency: 1 timeout: 0 cls: method_name: run args: {"network_create_args": {"router:external": true}}
2020-04-26 11:23:33.719 14479 RALLYDEBUG rally.task.runner [-] Starting a worker. times: 10 duration: None concurrency: 1 timeout: 0 cls: method_name: run args: {"network_create_args": {"router:external": true}}
2020-04-26 11:23:33.721 14480 RALLYDEBUG rally.task.runner [-] Starting a worker. times: 10 duration: None concurrency: 1 timeout: 0 cls: method_name: run args: {"network_create_args": {"router:external": true}}
2020-04-26 11:23:33.722 14478 INFO rally.task.runner [-] Task 7058f561-6105-4862-bee8-c9e55c1a2532 | ITER: 1 START
2020-04-26 11:23:33.723 14481 RALLYDEBUG rally.task.runner [-] Starting a worker. times: 10 duration: None concurrency: 1 timeout: 0 cls: method_name: run args: {"network_create_args": {"router:external": true}}
2020-04-26 11:23:33.725 14479 INFO rally.task.runner [-] Task 7058f561-6105-4862-bee8-c9e55c1a2532 | ITER: 2 START
2020-04-26 11:23:33.727 14480 INFO rally.task.runner [-] Task 7058f561-6105-4862-bee8-c9e55c1a2532 | ITER: 3 START
2020-04-26 11:23:33.729 14481 INFO rally.task.runner [-] Task 7058f561-6105-4862-bee8-c9e55c1a2532 | ITER: 4 START
2020-04-26 11:23:38.037 14478 INFO rally.task.runner [-] Task 7058f561-6105-4862-bee8-c9e55c1a2532 | ITER: 1 END: OK
2020-04-26 11:23:38.041 14478 INFO rally.task.runner [-] Task 7058f561-6105-4862-bee8-c9e55c1a2532 | ITER: 5 START
2020-04-26 11:23:38.631 14480 INFO rally.task.runner [-] Task 7058f561-6105-4862-bee8-c9e55c1a2532 | ITER: 3 END: OK
2020-04-26 11:23:38.635 14480 INFO rally.task.runner [-] Task 7058f561-6105-4862-bee8-c9e55c1a2532 | ITER: 6 START
2020-04-26 11:23:43.154 14481 INFO rally.task.runner [-] Task 7058f561-6105-4862-bee8-c9e55c1a2532 | ITER: 4 END: OK
2020-04-26 11:23:43.159 14481 INFO rally.task.runner [-] Task 7058f561-6105-4862-bee8-c9e55c1a2532 | ITER: 7 START
2020-04-26 11:23:43.238 14479 INFO rally.task.runner [-] Task 7058f561-6105-4862-bee8-c9e55c1a2532 | ITER: 2 END: OK
2020-04-26 11:23:43.244 14479 INFO rally.task.runner [-] Task 7058f561-6105-4862-bee8-c9e55c1a2532 | ITER: 8 START
2020-04-26 11:23:43.283 14478 INFO rally.task.runner [-] Task 7058f561-6105-4862-bee8-c9e55c1a2532 | ITER: 5 END: OK
2020-04-26 11:23:43.287 14478 INFO rally.task.runner [-] Task 7058f561-6105-4862-bee8-c9e55c1a2532 | ITER: 9 START
2020-04-26 11:23:43.980 14480 INFO rally.task.runner [-] Task 7058f561-6105-4862-bee8-c9e55c1a2532 | ITER: 6 END: OK
2020-04-26 11:23:43.984 14480 INFO rally.task.runner [-] Task 7058f561-6105-4862-bee8-c9e55c1a2532 | ITER: 10 START
2020-04-26 11:23:46.791 14481 INFO rally.task.runner [-] Task 7058f561-6105-4862-bee8-c9e55c1a2532 | ITER: 7 END: OK
2020-04-26 11:23:46.915 14478 INFO rally.task.runner [-] Task 7058f561-6105-4862-bee8-c9e55c1a2532 | ITER: 9 END: OK
2020-04-26 11:23:47.243 14479 INFO rally.task.runner [-] Task 7058f561-6105-4862-bee8-c9e55c1a2532 | ITER: 8 END: OK
2020-04-26 11:23:47.337 14480 INFO rally.task.runner [-] Task 7058f561-6105-4862-bee8-c9e55c1a2532 | ITER: 10 END: OK
2020-04-26 11:23:47.365 9705 INFO rally.task.context [-] Task 7058f561-6105-4862-bee8-c9e55c1a2532 | Context cleanup@openstack cleanup() started
2020-04-26 11:23:47.369 9705 RALLYDEBUG rally_openstack.task.cleanup.manager [-] Cleaning up neutron vip objects
2020-04-26 11:23:47.790 9705 RALLYDEBUG rally_openstack.task.cleanup.manager [-] Cleaning up neutron health_monitor objects
2020-04-26 11:23:48.221 9705 RALLYDEBUG rally_openstack.task.cleanup.manager [-] Cleaning up neutron pool objects
2020-04-26 11:23:48.653 9705 RALLYDEBUG rally_openstack.task.cleanup.manager [-] Cleaning up neutron loadbalancer objects
2020-04-26 11:23:49.214 9705 RALLYDEBUG rally_openstack.task.cleanup.manager [-] Cleaning up neutron floatingip objects
2020-04-26 11:23:49.837 9705 RALLYDEBUG rally_openstack.task.cleanup.manager [-] Cleaning up neutron trunk objects
2020-04-26 11:23:50.363 9705 RALLYDEBUG rally_openstack.task.cleanup.manager [-] Cleaning up neutron port objects
2020-04-26 11:23:52.441 9705 RALLYDEBUG rally_openstack.task.cleanup.manager [-] Cleaning up neutron subnet objects
2020-04-26 11:23:53.001 9705 RALLYDEBUG rally_openstack.task.cleanup.manager [-] Cleaning up neutron network objects
2020-04-26 11:23:53.745 9705 RALLYDEBUG rally_openstack.task.cleanup.manager [-] Deleting neutron.network object s_rally_4a80cec1_clzw5olU (51337e35-fd21-426f-a363-b602da0dde1f)
2020-04-26 11:23:53.748 9705 RALLYDEBUG rally_openstack.task.cleanup.manager [-] Deleting neutron.network object s_rally_4a80cec1_JgYpffrU (792809fd-f3ed-405c-8b52-0b1eac9e1382)
2020-04-26 11:23:53.755 9705 RALLYDEBUG rally_openstack.task.cleanup.manager [-] Deleting neutron.network object s_rally_4a80cec1_NqGwH6kX (7e9c0ecd-3fa2-4f90-82f1-c6c09569c8c2)
2020-04-26 11:23:53.768 9705 RALLYDEBUG rally_openstack.task.cleanup.manager [-] Deleting neutron.network object s_rally_4a80cec1_3SNrxVLr (9784e70f-2c5a-483c-bc1f-b3811baf4c25)
2020-04-26 11:23:53.774 9705 RALLYDEBUG rally_openstack.task.cleanup.manager [-] Deleting neutron.network object s_rally_4a80cec1_6eJjYaqn (1df380b3-ad56-41ca-9816-48191bf5d8b7)
2020-04-26 11:23:53.780 9705 RALLYDEBUG rally_openstack.task.cleanup.manager [-] Deleting neutron.network object s_rally_4a80cec1_6zknOwKF (40c3be70-1ef9-4537-9de6-a39ec9787d27)
2020-04-26 11:23:53.794 9705 RALLYDEBUG rally_openstack.task.cleanup.manager [-] Deleting neutron.network object s_rally_4a80cec1_yJhld69Q (f516e773-ae25-4923-a08f-da25ae1813d7)
2020-04-26 11:23:53.810 9705 RALLYDEBUG rally_openstack.task.cleanup.manager [-] Deleting neutron.network object s_rally_4a80cec1_7KugevwS (f8b35e6b-1e36-4e68-be33-af52bdf051a0)
2020-04-26 11:23:53.815 9705 RALLYDEBUG rally_openstack.task.cleanup.manager [-] Deleting neutron.network object s_rally_4a80cec1_3dMTHrZ0 (fb586499-e85f-4b00-afe2-29aaad07deae)
2020-04-26 11:23:53.820 9705 RALLYDEBUG rally_openstack.task.cleanup.manager [-] Deleting neutron.network object s_rally_4a80cec1_hwaAEXzp (241504f3-3d2a-48ff-b2df-44d9979e3c81)
2020-04-26 11:23:56.796 9705 RALLYDEBUG rally_openstack.task.cleanup.manager [-] Cleaning up neutron router objects
2020-04-26 11:23:57.675 9705 RALLYDEBUG rally_openstack.task.cleanup.manager [-] Deleting neutron.router object s_rally_4a80cec1_gbBDdc4G (18ea87e6-967e-43ef-857b-19956a126d5a)
2020-04-26 11:23:57.684 9705 RALLYDEBUG rally_openstack.task.cleanup.manager [-] Deleting neutron.router object s_rally_4a80cec1_eSiHsES3 (898f07fc-4934-4888-ae09-1c4c5942fdef)
2020-04-26 11:23:57.694 9705 RALLYDEBUG rally_openstack.task.cleanup.manager [-] Deleting neutron.router object s_rally_4a80cec1_wzkm06TM (945be168-58d8-4aa0-abd7-bd3acb1f5e45)
2020-04-26 11:23:57.702 9705 RALLYDEBUG rally_openstack.task.cleanup.manager [-] Deleting neutron.router object s_rally_4a80cec1_ZCjDKG1z (98c81ecb-0b62-46ae-b6aa-b5fa550431a6)
2020-04-26 11:23:57.714 9705 RALLYDEBUG rally_openstack.task.cleanup.manager [-] Deleting neutron.router object s_rally_4a80cec1_YYGSNDaD (1325cc2b-80f8-43c9-962d-e9dbcdd7db18)
2020-04-26 11:23:57.719 9705 RALLYDEBUG rally_openstack.task.cleanup.manager [-] Deleting neutron.router object s_rally_4a80cec1_Auf436uA (27b98344-4e86-46b3-87fd-63cff7699381)
2020-04-26 11:23:57.726 9705 RALLYDEBUG rally_openstack.task.cleanup.manager [-] Deleting neutron.router object s_rally_4a80cec1_y2BjomLo (5346693f-6959-40d5-b004-d12751fb837d)
2020-04-26 11:23:57.743 9705 RALLYDEBUG rally_openstack.task.cleanup.manager [-] Deleting neutron.router object s_rally_4a80cec1_SleNyN0X (9e3236bc-1c0e-468a-bbe4-0a819eea3908)
2020-04-26 11:23:57.766 9705 RALLYDEBUG rally_openstack.task.cleanup.manager [-] Deleting neutron.router object s_rally_4a80cec1_RsO30NaM (fe1a8cdf-cf6f-4ad7-8b54-61cbd3731f24)
2020-04-26 11:23:57.781 9705 RALLYDEBUG rally_openstack.task.cleanup.manager [-] Deleting neutron.router object s_rally_4a80cec1_dCkwixxX (d165fa8e-3bb6-46e6-bc3d-21ac284eccf8)
2020-04-26 11:24:00.475 9705 RALLYDEBUG rally_openstack.task.cleanup.manager [-] Cleaning up neutron security_group objects
2020-04-26 11:24:01.071 9705 INFO rally.task.context [-] Task 7058f561-6105-4862-bee8-c9e55c1a2532 | Context cleanup@openstack cleanup() finished in 13.71 sec
2020-04-26 11:24:01.071 9705 INFO rally.task.context [-] Task 7058f561-6105-4862-bee8-c9e55c1a2532 | Context roles@openstack cleanup() started
2020-04-26 11:24:01.071 9705 RALLYDEBUG rally_openstack.task.contexts.keystone.roles [-] Removing assigned role 99e248c021954d679d864fc4f4d660f4 from all users
2020-04-26 11:24:01.490 9705 INFO rally.task.context [-] Task 7058f561-6105-4862-bee8-c9e55c1a2532 | Context roles@openstack cleanup() finished in 0.42 sec
2020-04-26 11:24:01.491 9705 INFO rally.task.context [-] Task 7058f561-6105-4862-bee8-c9e55c1a2532 | Context quotas@openstack cleanup() started
2020-04-26 11:24:01.544 9705 INFO rally.task.context [-] Task 7058f561-6105-4862-bee8-c9e55c1a2532 | Context quotas@openstack cleanup() finished in 53.64 msec
2020-04-26 11:24:01.545 9705 INFO rally.task.context [-] Task 7058f561-6105-4862-bee8-c9e55c1a2532 | Context users@openstack cleanup() started
2020-04-26 11:24:03.607 9705 INFO rally.task.context [-] Task 7058f561-6105-4862-bee8-c9e55c1a2532 | Context users@openstack cleanup() finished in 2.06 sec
2020-04-26 11:24:04.452 9705 INFO rally.task.engine [-] Load duration is: 13.61336
2020-04-26 11:24:04.452 9705 INFO rally.task.engine [-] Full runner duration is: 13.658531
2020-04-26 11:24:04.452 9705 INFO rally.task.engine [-] Full duration is: 33.331041
2020-04-26 11:24:04.532 9705 INFO rally.task.engine [-] Running workload: position = 0 config = { "version": 2, "title": "A cropped version of a bigger task.", "description": "Auto-generated task from a single workload (uuid=98559f0f-2d84-445c-9b0b-10b22dcadd66)", "subtasks": [ { "title": "NeutronNetworks.create_and_show_ports", "description": "Create a given number of ports and show created ports in trun.", "scenario": { "NeutronNetworks.create_and_show_ports": { "ports_per_network": 2 } }, "contexts": { "users": { "tenants": 3, "users_per_tenant": 2 }, "network": { "router": {} }, "quotas": { "neutron": { "network": -1, "router": -1 } } }, "runner": { "constant": { "concurrency": 4, "times": 10 } }, "hooks": [], "sla": { "failure_rate": { "max": 0 } } } ] }
2020-04-26 11:24:04.552 9705 RALLYDEBUG rally_openstack.task.contexts.keystone.users [-] Creating 3 tenants using 3 threads
2020-04-26 11:24:04.963 9705 RALLYDEBUG rally_openstack.task.contexts.keystone.users [-] Creating 6 users using 6 threads
2020-04-26 11:24:05.881 9705 INFO rally.task.context [-] Task 7058f561-6105-4862-bee8-c9e55c1a2532 | Context users@openstack setup() finished in 1.33 sec
2020-04-26 11:24:06.260 9705 INFO rally.task.context [-] Task 7058f561-6105-4862-bee8-c9e55c1a2532 | Context quotas@openstack setup() finished in 0.38 sec
2020-04-26 11:24:06.861 9705 RALLYDEBUG rally_openstack.common.wrappers.network [-] CIDR generated: 10.2.69.0/24
2020-04-26 11:24:07.658 9705 RALLYDEBUG rally_openstack.common.wrappers.network [-] CIDR generated: 10.2.70.0/24
2020-04-26 11:24:09.320 9705 RALLYDEBUG rally_openstack.common.wrappers.network [-] CIDR generated: 10.2.71.0/24
2020-04-26 11:24:09.898 9705 INFO rally.task.context [-] Task 7058f561-6105-4862-bee8-c9e55c1a2532 | Context network@openstack setup() finished in 3.64 sec
2020-04-26 11:24:09.899 9705 INFO rally.task.context [-] Task 7058f561-6105-4862-bee8-c9e55c1a2532 | Context cleanup@openstack setup() finished in 0.00 msec
2020-04-26 11:24:09.908 9705 RALLYDEBUG rally.task.runner [-] Starting the constant runner (task UUID: 7058f561-6105-4862-bee8-c9e55c1a2532). times: 10 concurrency: 4 timeout: 0 max_cpu_used: 88 processes_to_start: 4 concurrency_per_worker: 1 concurrency_overhead: 0
2020-04-26 11:24:09.918 14801 RALLYDEBUG rally.task.runner [-] Starting a worker. times: 10 duration: None concurrency: 1 timeout: 0 cls: method_name: run args: {"ports_per_network": 2}
2020-04-26 11:24:09.920 14802 RALLYDEBUG rally.task.runner [-] Starting a worker. times: 10 duration: None concurrency: 1 timeout: 0 cls: method_name: run args: {"ports_per_network": 2}
2020-04-26 11:24:09.923 14801 INFO rally.task.runner [-] Task 7058f561-6105-4862-bee8-c9e55c1a2532 | ITER: 1 START
2020-04-26 11:24:09.923 14803 RALLYDEBUG rally.task.runner [-] Starting a worker. times: 10 duration: None concurrency: 1 timeout: 0 cls: method_name: run args: {"ports_per_network": 2}
2020-04-26 11:24:09.926 14804 RALLYDEBUG rally.task.runner [-] Starting a worker. times: 10 duration: None concurrency: 1 timeout: 0 cls: method_name: run args: {"ports_per_network": 2}
2020-04-26 11:24:09.927 14802 INFO rally.task.runner [-] Task 7058f561-6105-4862-bee8-c9e55c1a2532 | ITER: 2 START
2020-04-26 11:24:09.929 14803 INFO rally.task.runner [-] Task 7058f561-6105-4862-bee8-c9e55c1a2532 | ITER: 3 START
2020-04-26 11:24:09.932 14804 INFO rally.task.runner [-] Task 7058f561-6105-4862-bee8-c9e55c1a2532 | ITER: 4 START
2020-04-26 11:24:11.974 14802 INFO rally.task.runner [-] Task 7058f561-6105-4862-bee8-c9e55c1a2532 | ITER: 2 END: OK
2020-04-26 11:24:11.978 14802 INFO rally.task.runner [-] Task 7058f561-6105-4862-bee8-c9e55c1a2532 | ITER: 5 START
2020-04-26 11:24:13.311 14803 INFO rally.task.runner [-] Task 7058f561-6105-4862-bee8-c9e55c1a2532 | ITER: 3 END: OK
2020-04-26 11:24:13.315 14803 INFO rally.task.runner [-] Task 7058f561-6105-4862-bee8-c9e55c1a2532 | ITER: 6 START
2020-04-26 11:24:13.318 14801 INFO rally.task.runner [-] Task 7058f561-6105-4862-bee8-c9e55c1a2532 | ITER: 1 END: OK
2020-04-26 11:24:13.323 14801 INFO rally.task.runner [-] Task 7058f561-6105-4862-bee8-c9e55c1a2532 | ITER: 7 START
2020-04-26 11:24:14.038 14802 INFO rally.task.runner [-] Task 7058f561-6105-4862-bee8-c9e55c1a2532 | ITER: 5 END: OK
2020-04-26 11:24:14.043 14802 INFO rally.task.runner [-] Task 7058f561-6105-4862-bee8-c9e55c1a2532 | ITER: 8 START
2020-04-26 11:24:14.785 14804 INFO rally.task.runner [-] Task 7058f561-6105-4862-bee8-c9e55c1a2532 | ITER: 4 END: OK
2020-04-26 11:24:14.790 14804 INFO rally.task.runner [-] Task 7058f561-6105-4862-bee8-c9e55c1a2532 | ITER: 9 START
2020-04-26 11:24:15.759 14803 INFO rally.task.runner [-] Task 7058f561-6105-4862-bee8-c9e55c1a2532 | ITER: 6 END: OK
2020-04-26 11:24:15.764 14803 INFO rally.task.runner [-] Task 7058f561-6105-4862-bee8-c9e55c1a2532 | ITER: 10 START
2020-04-26 11:24:16.910 14801 INFO rally.task.runner [-] Task 7058f561-6105-4862-bee8-c9e55c1a2532 | ITER: 7 END: OK
2020-04-26 11:24:17.798 14802 INFO rally.task.runner [-] Task 7058f561-6105-4862-bee8-c9e55c1a2532 | ITER: 8 END: OK
2020-04-26 11:24:18.984 14804 INFO rally.task.runner [-] Task 7058f561-6105-4862-bee8-c9e55c1a2532 | ITER: 9 END: OK
2020-04-26 11:24:19.756 14803 INFO rally.task.runner [-] Task 7058f561-6105-4862-bee8-c9e55c1a2532 | ITER: 10 END: OK
2020-04-26 11:24:19.779 9705 INFO rally.task.context [-] Task 7058f561-6105-4862-bee8-c9e55c1a2532 | Context cleanup@openstack cleanup() started
2020-04-26 11:24:19.783 9705 RALLYDEBUG rally_openstack.task.cleanup.manager [-] Cleaning up neutron vip objects
2020-04-26 11:24:20.231 9705 RALLYDEBUG rally_openstack.task.cleanup.manager [-] Cleaning up neutron health_monitor objects
2020-04-26 11:24:20.656 9705 RALLYDEBUG rally_openstack.task.cleanup.manager [-] Cleaning up neutron pool objects
2020-04-26 11:24:21.107 9705 RALLYDEBUG rally_openstack.task.cleanup.manager [-] Cleaning up neutron loadbalancer objects
2020-04-26 11:24:21.604 9705 RALLYDEBUG rally_openstack.task.cleanup.manager [-] Cleaning up neutron floatingip objects
2020-04-26 11:24:22.199 9705 RALLYDEBUG rally_openstack.task.cleanup.manager [-] Cleaning up neutron trunk objects
2020-04-26 11:24:22.703 9705 RALLYDEBUG rally_openstack.task.cleanup.manager [-] Cleaning up neutron port objects
2020-04-26 11:24:23.577 9705 RALLYDEBUG rally_openstack.task.cleanup.manager [-] Deleting neutron.port object s_rally_98559f0f_5IveUFWz (1aadb420-8054-4285-a58a-48addcbd176e)
2020-04-26 11:24:23.581 9705 RALLYDEBUG rally_openstack.task.cleanup.manager [-] Deleting neutron.port object s_rally_98559f0f_CnPRdNIN (4dee1ab9-9ee7-42e1-92bc-ab2c2b7571ce)
2020-04-26 11:24:23.589 9705 RALLYDEBUG rally_openstack.task.cleanup.manager [-] Deleting neutron.port object s_rally_98559f0f_szHDCsaB (72c46ec6-fcb2-4ab2-b7c7-c738262ffa1a)
2020-04-26 11:24:23.602 9705 RALLYDEBUG rally_openstack.task.cleanup.manager [-] Deleting neutron.port object s_rally_98559f0f_u6XfUulg (7e4c0796-859d-43a8-bc7b-480896b8ec84)
2020-04-26 11:24:23.607 9705 RALLYDEBUG rally_openstack.task.cleanup.manager [-] Deleting neutron.port object s_rally_98559f0f_5ADZJd9i (c517f4e8-b578-4dbf-8431-01eeb500e13f)
2020-04-26 11:24:23.615 9705 RALLYDEBUG rally_openstack.task.cleanup.manager [-] Deleting neutron.port object s_rally_98559f0f_GRQfva56 (ed2c72df-eeb7-44ee-8157-e48f81683acf)
2020-04-26 11:24:23.623 9705 RALLYDEBUG rally_openstack.task.cleanup.manager [-] Deleting neutron.port object s_rally_98559f0f_wQsaZb55 (0bd8cd79-e5bb-47d4-a2cb-4744eada2eba)
2020-04-26 11:24:23.634 9705 RALLYDEBUG rally_openstack.task.cleanup.manager [-] Deleting neutron.port object s_rally_98559f0f_iiG7oKxn (509676cf-1840-42a3-8064-18c7e34a0ee5)
2020-04-26 11:24:23.640 9705 RALLYDEBUG rally_openstack.task.cleanup.manager [-] Deleting neutron.port object s_rally_98559f0f_yzl5hxXC (3d9cb359-7eb9-4c90-9d0e-21f6a1187de2)
2020-04-26 11:24:23.658 9705 RALLYDEBUG rally_openstack.task.cleanup.manager [-] Deleting neutron.port object s_rally_98559f0f_gBvbl9up (83bb3db0-1d32-4d1c-954f-c49873b375bb)
2020-04-26 11:24:23.665 9705 RALLYDEBUG rally_openstack.task.cleanup.manager [-] Deleting neutron.port object s_rally_98559f0f_rjK0O8Vu (9b80255e-2213-4d49-8733-7c71b736781b)
2020-04-26 11:24:23.678 9705 RALLYDEBUG rally_openstack.task.cleanup.manager [-] Deleting neutron.port object s_rally_98559f0f_OA4jmSLy (acba6539-8810-4de8-bdb2-8c38f4595eb1)
2020-04-26 11:24:23.686 9705 RALLYDEBUG rally_openstack.task.cleanup.manager [-] Deleting neutron.port object s_rally_98559f0f_5JUswEac (30122130-8f04-47c3-a12c-22e652a5fbca)
2020-04-26 11:24:23.700 9705 RALLYDEBUG rally_openstack.task.cleanup.manager [-] Deleting neutron.port object s_rally_98559f0f_ir5x6mnG (8b6ac76b-26bb-4c39-b6c9-0823512b4eee)
2020-04-26 11:24:23.705 9705 RALLYDEBUG rally_openstack.task.cleanup.manager [-] Deleting neutron.port object s_rally_98559f0f_odgKv3Ar (70c15c33-1bee-4b2b-ab74-a26100255257)
2020-04-26 11:24:23.709 9705 RALLYDEBUG rally_openstack.task.cleanup.manager [-] Deleting neutron.port object s_rally_98559f0f_VOm0huYJ (8cb28f22-daf8-40d9-b5d7-f8fbece63415)
2020-04-26 11:24:23.741 9705 RALLYDEBUG rally_openstack.task.cleanup.manager [-] Deleting neutron.port object s_rally_98559f0f_3j3AsiTr (9c6108aa-0170-4092-8b1c-10049139646d)
2020-04-26 11:24:23.746 9705 RALLYDEBUG rally_openstack.task.cleanup.manager [-] Deleting neutron.port object s_rally_98559f0f_G9pn0DxJ (a806ebf8-bb89-4e72-9816-c96bb0ea9633)
2020-04-26 11:24:23.770 9705 RALLYDEBUG rally_openstack.task.cleanup.manager [-] Deleting neutron.port object s_rally_98559f0f_0rh8Emvb (abda502b-ed31-4274-9ee3-4f5df1d518c8)
2020-04-26 11:24:23.788 9705 RALLYDEBUG rally_openstack.task.cleanup.manager [-] Deleting neutron.port object s_rally_98559f0f_WR79XbBN (e254c455-412d-4e77-a34f-9e7e3a677083)
2020-04-26 11:24:29.445 9705 RALLYDEBUG rally_openstack.task.cleanup.manager [-] Cleaning up neutron subnet objects
2020-04-26 11:24:30.128 9705 RALLYDEBUG rally_openstack.task.cleanup.manager [-] Cleaning up neutron network objects
2020-04-26 11:24:31.032 9705 RALLYDEBUG rally_openstack.task.cleanup.manager [-] Cleaning up neutron router objects
2020-04-26 11:24:31.708 9705 RALLYDEBUG rally_openstack.task.cleanup.manager [-] Cleaning up neutron security_group objects
2020-04-26 11:24:32.272 9705 INFO rally.task.context [-] Task 7058f561-6105-4862-bee8-c9e55c1a2532 | Context cleanup@openstack cleanup() finished in 12.49 sec
2020-04-26 11:24:32.273 9705 INFO rally.task.context [-] Task 7058f561-6105-4862-bee8-c9e55c1a2532 | Context network@openstack cleanup() started
2020-04-26 11:24:38.698 9705 INFO rally.task.context [-] Task 7058f561-6105-4862-bee8-c9e55c1a2532 | Context network@openstack cleanup() finished in 6.42 sec
2020-04-26 11:24:38.699 9705 INFO rally.task.context [-] Task 7058f561-6105-4862-bee8-c9e55c1a2532 | Context quotas@openstack cleanup() started
2020-04-26 11:24:38.736 9705 INFO rally.task.context [-] Task 7058f561-6105-4862-bee8-c9e55c1a2532 | Context quotas@openstack cleanup() finished in 37.74 msec
2020-04-26 11:24:38.737 9705 INFO rally.task.context [-] Task 7058f561-6105-4862-bee8-c9e55c1a2532 | Context users@openstack cleanup() started
2020-04-26 11:24:40.819 9705 INFO rally.task.context [-] Task 7058f561-6105-4862-bee8-c9e55c1a2532 | Context users@openstack cleanup() finished in 2.08 sec
2020-04-26 11:24:42.735 9705 INFO rally.task.engine [-] Load duration is: 9.831729
2020-04-26 11:24:42.735 9705 INFO rally.task.engine [-] Full runner duration is: 9.871393
2020-04-26 11:24:42.735 9705 INFO rally.task.engine [-] Full duration is: 36.269183
2020-04-26 11:24:42.816 9705 INFO rally.task.engine [-] Running workload: position = 0 config = { "version": 2, "title": "A cropped version of a bigger task.", "description": "Auto-generated task from a single workload (uuid=dde20394-ae24-4ed9-9ba3-3d6e83212876)", "subtasks": [ { "title": "NeutronNetworks.create_and_show_routers", "description": "Create and show a given number of routers.", "scenario": { "NeutronNetworks.create_and_show_routers": { "subnets_per_network": 2 } }, "contexts": { "users": { "tenants": 3, "users_per_tenant": 2 }, "quotas": { "neutron": { "network": -1, "subnet": -1, "router": -1 } } }, "runner": { "constant": { "concurrency": 4, "times": 10 } }, "hooks": [], "sla": { "failure_rate": { "max": 0 } } } ] }
2020-04-26 11:24:42.831 9705 RALLYDEBUG rally_openstack.task.contexts.keystone.users [-] Creating 3 tenants using 3 threads
2020-04-26 11:24:43.309 9705 RALLYDEBUG rally_openstack.task.contexts.keystone.users [-] Creating 6 users using 6 threads
2020-04-26 11:24:44.183 9705 INFO rally.task.context [-] Task 7058f561-6105-4862-bee8-c9e55c1a2532 | Context users@openstack setup() finished in 1.35 sec
2020-04-26 11:24:44.662 9705 INFO rally.task.context [-] Task 7058f561-6105-4862-bee8-c9e55c1a2532 | Context quotas@openstack setup() finished in 0.48 sec
2020-04-26 11:24:44.663 9705 INFO rally.task.context [-] Task 7058f561-6105-4862-bee8-c9e55c1a2532 | Context cleanup@openstack setup() finished in 0.01 msec
2020-04-26 11:24:44.671 9705 RALLYDEBUG rally.task.runner [-] Starting the constant runner (task UUID: 7058f561-6105-4862-bee8-c9e55c1a2532). times: 10 concurrency: 4 timeout: 0 max_cpu_used: 88 processes_to_start: 4 concurrency_per_worker: 1 concurrency_overhead: 0
2020-04-26 11:24:44.682 15094 RALLYDEBUG rally.task.runner [-] Starting a worker. times: 10 duration: None concurrency: 1 timeout: 0 cls: method_name: run args: {"subnets_per_network": 2}
2020-04-26 11:24:44.684 15095 RALLYDEBUG rally.task.runner [-] Starting a worker. times: 10 duration: None concurrency: 1 timeout: 0 cls: method_name: run args: {"subnets_per_network": 2}
2020-04-26 11:24:44.686 15096 RALLYDEBUG rally.task.runner [-] Starting a worker. times: 10 duration: None concurrency: 1 timeout: 0 cls: method_name: run args: {"subnets_per_network": 2}
2020-04-26 11:24:44.687 15097 RALLYDEBUG rally.task.runner [-] Starting a worker. times: 10 duration: None concurrency: 1 timeout: 0 cls: method_name: run args: {"subnets_per_network": 2}
2020-04-26 11:24:44.687 15094 INFO rally.task.runner [-] Task 7058f561-6105-4862-bee8-c9e55c1a2532 | ITER: 1 START
2020-04-26 11:24:44.689 15095 INFO rally.task.runner [-] Task 7058f561-6105-4862-bee8-c9e55c1a2532 | ITER: 2 START
2020-04-26 11:24:44.691 15096 INFO rally.task.runner [-] Task 7058f561-6105-4862-bee8-c9e55c1a2532 | ITER: 3 START
2020-04-26 11:24:44.691 15097 INFO rally.task.runner [-] Task 7058f561-6105-4862-bee8-c9e55c1a2532 | ITER: 4 START
2020-04-26 11:24:45.268 15095 RALLYDEBUG rally_openstack.common.wrappers.network [-] CIDR generated: 10.2.72.0/24
2020-04-26 11:24:45.833 15097 RALLYDEBUG rally_openstack.common.wrappers.network [-] CIDR generated: 10.2.73.0/24
2020-04-26 11:24:45.944 15096 RALLYDEBUG rally_openstack.common.wrappers.network [-] CIDR generated: 10.2.74.0/24
2020-04-26 11:24:46.056 15095 RALLYDEBUG rally_openstack.common.wrappers.network [-] CIDR generated: 10.2.75.0/24
2020-04-26 11:24:46.634 15096 RALLYDEBUG rally_openstack.common.wrappers.network [-] CIDR generated: 10.2.76.0/24
2020-04-26 11:24:46.705 15097 RALLYDEBUG rally_openstack.common.wrappers.network [-] CIDR generated: 10.2.77.0/24
2020-04-26 11:24:47.082 15094 RALLYDEBUG rally_openstack.common.wrappers.network [-] CIDR generated: 10.2.78.0/24
2020-04-26 11:24:51.907 15094 RALLYDEBUG rally_openstack.common.wrappers.network [-] CIDR generated: 10.2.79.0/24
2020-04-26 11:24:53.385 15096 INFO rally.task.runner [-] Task 7058f561-6105-4862-bee8-c9e55c1a2532 | ITER: 3 END: OK
2020-04-26 11:24:53.389 15096 INFO rally.task.runner [-] Task 7058f561-6105-4862-bee8-c9e55c1a2532 | ITER: 5 START
2020-04-26 11:24:53.736 15096 RALLYDEBUG rally_openstack.common.wrappers.network [-] CIDR generated: 10.2.80.0/24
2020-04-26 11:24:54.150 15097 INFO rally.task.runner [-] Task 7058f561-6105-4862-bee8-c9e55c1a2532 | ITER: 4 END: OK
2020-04-26 11:24:54.154 15097 INFO rally.task.runner [-] Task 7058f561-6105-4862-bee8-c9e55c1a2532 | ITER: 6 START
2020-04-26 11:24:54.666 15097 RALLYDEBUG rally_openstack.common.wrappers.network [-] CIDR generated: 10.2.81.0/24
2020-04-26 11:24:54.727 15095 INFO rally.task.runner [-] Task 7058f561-6105-4862-bee8-c9e55c1a2532 | ITER: 2 END: OK
2020-04-26 11:24:54.731 15095 INFO rally.task.runner [-] Task 7058f561-6105-4862-bee8-c9e55c1a2532 | ITER: 7 START
2020-04-26 11:24:54.753 15096 RALLYDEBUG rally_openstack.common.wrappers.network [-] CIDR generated: 10.2.82.0/24
2020-04-26 11:24:55.331 15095 RALLYDEBUG rally_openstack.common.wrappers.network [-] CIDR generated: 10.2.83.0/24
2020-04-26 11:24:55.929 15097 RALLYDEBUG rally_openstack.common.wrappers.network [-] CIDR generated: 10.2.84.0/24
2020-04-26 11:24:56.177 15095 RALLYDEBUG rally_openstack.common.wrappers.network [-] CIDR generated: 10.2.85.0/24
2020-04-26 11:25:03.159 15095 INFO rally.task.runner [-] Task 7058f561-6105-4862-bee8-c9e55c1a2532 | ITER: 7 END: OK
2020-04-26 11:25:03.163 15095 INFO rally.task.runner [-] Task 7058f561-6105-4862-bee8-c9e55c1a2532 | ITER: 8 START
2020-04-26 11:25:03.565 15095 RALLYDEBUG rally_openstack.common.wrappers.network [-] CIDR generated: 10.2.86.0/24
2020-04-26 11:25:04.259 15095 RALLYDEBUG rally_openstack.common.wrappers.network [-] CIDR generated: 10.2.87.0/24
2020-04-26 11:25:05.183 15094 INFO rally.task.runner [-] Task 7058f561-6105-4862-bee8-c9e55c1a2532 | ITER: 1 END: OK
2020-04-26 11:25:05.187 15094 INFO rally.task.runner [-] Task 7058f561-6105-4862-bee8-c9e55c1a2532 | ITER: 9 START
2020-04-26 11:25:05.498 15094 RALLYDEBUG rally_openstack.common.wrappers.network [-] CIDR generated: 10.2.88.0/24
2020-04-26 11:25:07.356 15096 INFO rally.task.runner [-] Task 7058f561-6105-4862-bee8-c9e55c1a2532 | ITER: 5 END: OK
2020-04-26 11:25:07.359 15096 INFO rally.task.runner [-] Task 7058f561-6105-4862-bee8-c9e55c1a2532 | ITER: 10 START
2020-04-26 11:25:07.775 15096 RALLYDEBUG rally_openstack.common.wrappers.network [-] CIDR generated: 10.2.89.0/24
2020-04-26 11:25:08.044 15097 INFO rally.task.runner [-] Task 7058f561-6105-4862-bee8-c9e55c1a2532 | ITER: 6 END: OK
2020-04-26 11:25:08.233 15094 RALLYDEBUG rally_openstack.common.wrappers.network [-] CIDR generated: 10.2.90.0/24
2020-04-26 11:25:08.523 15096 RALLYDEBUG rally_openstack.common.wrappers.network [-] CIDR generated: 10.2.91.0/24
2020-04-26 11:25:11.606 15095 INFO rally.task.runner [-] Task 7058f561-6105-4862-bee8-c9e55c1a2532 | ITER: 8 END: OK
2020-04-26 11:25:13.806 15094 INFO rally.task.runner [-] Task 7058f561-6105-4862-bee8-c9e55c1a2532 | ITER: 9 END: OK
2020-04-26 11:25:16.388 15096 INFO rally.task.runner [-] Task 7058f561-6105-4862-bee8-c9e55c1a2532 | ITER: 10 END: OK
2020-04-26 11:25:16.418 9705 INFO rally.task.context [-] Task 7058f561-6105-4862-bee8-c9e55c1a2532 | Context cleanup@openstack cleanup() started
2020-04-26 11:25:16.422 9705 RALLYDEBUG rally_openstack.task.cleanup.manager [-] Cleaning up neutron vip objects
2020-04-26 11:25:16.948 9705 RALLYDEBUG rally_openstack.task.cleanup.manager [-] Cleaning up neutron health_monitor objects
2020-04-26 11:25:17.420 9705 RALLYDEBUG rally_openstack.task.cleanup.manager [-] Cleaning up neutron pool objects
2020-04-26 11:25:17.921 9705 RALLYDEBUG rally_openstack.task.cleanup.manager [-] Cleaning up neutron loadbalancer objects
2020-04-26 11:25:18.572 9705 RALLYDEBUG rally_openstack.task.cleanup.manager [-] Cleaning up neutron floatingip objects
2020-04-26 11:25:19.268 9705 RALLYDEBUG rally_openstack.task.cleanup.manager [-] Cleaning up neutron trunk objects
2020-04-26 11:25:19.740 9705 RALLYDEBUG rally_openstack.task.cleanup.manager [-] Cleaning up neutron port objects
2020-04-26 11:25:23.353 9705 RALLYDEBUG rally_openstack.task.cleanup.manager [-] Deleting neutron.port object s_rally_dde20394_MA3S6jMa (48ac1af5-0aa7-428b-8be0-1e3b53092492)
2020-04-26 11:25:23.360 9705 RALLYDEBUG rally_openstack.task.cleanup.manager [-] Deleting neutron.port object s_rally_dde20394_nzj7otvJ (7675e94b-656f-49df-a3de-0e4e1816a555)
2020-04-26 11:25:23.368 9705 RALLYDEBUG rally_openstack.task.cleanup.manager [-] Deleting neutron.port object s_rally_dde20394_QKKM74Cp (7ce2ce23-e0b5-4fd4-a5fe-73a95775541f)
2020-04-26 11:25:23.374 9705 RALLYDEBUG rally_openstack.task.cleanup.manager [-] Deleting neutron.port object s_rally_dde20394_JeSgbTu5 (adfac429-dd68-4430-8cbb-eebe2150516b)
2020-04-26 11:25:23.381 9705 RALLYDEBUG rally_openstack.task.cleanup.manager [-] Deleting neutron.port object s_rally_dde20394_2HM49Rq7 (e136e6cb-fc78-4f1c-ad99-f2ee02059d5e)
2020-04-26 11:25:23.387 9705 RALLYDEBUG rally_openstack.task.cleanup.manager [-] Deleting neutron.port object s_rally_dde20394_9APguENb (e4a1af53-d6f6-4510-934d-9b13ea6b9547)
2020-04-26 11:25:23.402 9705 RALLYDEBUG rally_openstack.task.cleanup.manager [-] Deleting neutron.port object s_rally_dde20394_0QjhYyZJ (e546a986-ea77-49a2-a64e-e4f85d979b21)
2020-04-26 11:25:23.418 9705 RALLYDEBUG rally_openstack.task.cleanup.manager [-] Deleting neutron.port object s_rally_dde20394_hxCLZhNS (fafef2a4-fded-4c7c-87a4-5d0c8deb2b88)
2020-04-26 11:25:23.441 9705 RALLYDEBUG rally_openstack.task.cleanup.manager [-] Deleting neutron.port object s_rally_dde20394_Qj8njmns (5991c6b3-aa6d-4355-98f6-029a3505ce1c)
2020-04-26 11:25:23.451 9705 RALLYDEBUG rally_openstack.task.cleanup.manager [-] Deleting neutron.port object s_rally_dde20394_4XggmzG8 (c152d50b-208d-4c04-ae92-df79ce770635)
2020-04-26 11:25:23.473 9705 RALLYDEBUG rally_openstack.task.cleanup.manager [-] Deleting neutron.port object s_rally_dde20394_Wurmbzmu (06909cdf-f0ac-4876-9822-4af48da1957f)
2020-04-26 11:25:23.487 9705 RALLYDEBUG rally_openstack.task.cleanup.manager [-] Deleting neutron.port object s_rally_dde20394_MFwXCVdd (15ebb7f6-094e-4412-8005-7875cfaace46)
2020-04-26 11:25:23.544 9705 RALLYDEBUG rally_openstack.task.cleanup.manager [-] Deleting neutron.port object s_rally_dde20394_RkHGw3pE (32b83077-06c0-4da2-8914-b93ed201b85c)
2020-04-26 11:25:23.553 9705 RALLYDEBUG rally_openstack.task.cleanup.manager [-] Deleting neutron.port object s_rally_dde20394_cLZNHjqC (2b14ef1a-6992-4e2a-81ea-6b38ec076184)
2020-04-26 11:25:23.557 9705 RALLYDEBUG rally_openstack.task.cleanup.manager [-] Deleting neutron.port object s_rally_dde20394_XYGTiHCS (6e76dcc3-f8ff-474d-a3c2-ca2c0e24fab8)
2020-04-26 11:25:23.578 9705 RALLYDEBUG rally_openstack.task.cleanup.manager [-] Deleting neutron.port object s_rally_dde20394_xGc8pyRN (79a9f9f1-cb28-40ac-9691-794b8814d36d)
2020-04-26 11:25:23.582 9705 RALLYDEBUG rally_openstack.task.cleanup.manager [-] Deleting neutron.port object s_rally_dde20394_mWRQIEz1 (8c25fb06-1494-4916-89a8-292b931412f5)
2020-04-26 11:25:23.592 9705 RALLYDEBUG rally_openstack.task.cleanup.manager [-] Deleting neutron.port object s_rally_dde20394_AUJZpMfV (94cd58f9-2117-4193-a905-2d0190cf9487)
2020-04-26 11:25:23.609 9705 RALLYDEBUG rally_openstack.task.cleanup.manager [-] Deleting neutron.port object s_rally_dde20394_WZ0gu9bG (b9251af3-00d4-4592-9d23-554ec444afee)
2020-04-26 11:25:23.620 9705 RALLYDEBUG rally_openstack.task.cleanup.manager [-] Deleting neutron.port object s_rally_dde20394_gujkKqWD (aef5683f-573b-49c9-a56c-23754d4b313a)
2020-04-26 11:25:37.078 9705 RALLYDEBUG rally_openstack.task.cleanup.manager [-] Cleaning up neutron subnet objects
2020-04-26 11:25:37.961 9705 RALLYDEBUG rally_openstack.task.cleanup.manager [-] Deleting neutron.subnet object s_rally_dde20394_C4NyWRiw (0d75aec8-631a-433d-a4d2-80999e2061ba)
2020-04-26 11:25:37.970 9705 RALLYDEBUG rally_openstack.task.cleanup.manager [-] Deleting neutron.subnet object s_rally_dde20394_APfvSR5D (0ee04f94-1b05-4b5d-b677-826ab3dda4dc)
2020-04-26 11:25:37.980 9705 RALLYDEBUG rally_openstack.task.cleanup.manager [-] Deleting neutron.subnet object s_rally_dde20394_5OcXhmrP (404452a5-b79a-4445-9178-2f853ed847e6)
2020-04-26 11:25:37.989 9705 RALLYDEBUG rally_openstack.task.cleanup.manager [-] Deleting neutron.subnet object s_rally_dde20394_mqhO3mFI (52f3b048-a753-4084-b04a-d7e610b162b2)
2020-04-26 11:25:37.995 9705 RALLYDEBUG rally_openstack.task.cleanup.manager [-] Deleting neutron.subnet object s_rally_dde20394_nfRoqGJX (6370f983-5ee6-4c73-8aee-378c2533b761)
2020-04-26 11:25:38.003 9705 RALLYDEBUG rally_openstack.task.cleanup.manager [-] Deleting neutron.subnet object s_rally_dde20394_82lBKVrd (875ad03f-fd2e-4d27-9edb-7c85146b969e)
2020-04-26 11:25:38.008 9705 RALLYDEBUG rally_openstack.task.cleanup.manager [-] Deleting neutron.subnet object s_rally_dde20394_6QuwKKCF (a23fb7d0-df28-4318-91f4-31670e91b8f7)
2020-04-26 11:25:38.024 9705 RALLYDEBUG rally_openstack.task.cleanup.manager [-] Deleting neutron.subnet object s_rally_dde20394_Oi2WHUNe (b3fb0ccd-42e8-4631-ba20-ee831c041f7f)
2020-04-26 11:25:38.046 9705 RALLYDEBUG rally_openstack.task.cleanup.manager [-] Deleting neutron.subnet object s_rally_dde20394_LZ7N2EKo (39d937f4-4313-4e29-a6fc-d91c1d3337c9)
2020-04-26 11:25:38.052 9705 RALLYDEBUG rally_openstack.task.cleanup.manager [-] Deleting neutron.subnet object s_rally_dde20394_8yljMxhw (f15fd409-9aa2-4453-8e44-d51c147434e4)
2020-04-26 11:25:38.088 9705 RALLYDEBUG rally_openstack.task.cleanup.manager [-] Deleting neutron.subnet object s_rally_dde20394_P58pPhYP (047e2281-12dc-4ba4-8013-7554b2961557)
2020-04-26 11:25:38.102 9705 RALLYDEBUG rally_openstack.task.cleanup.manager [-] Deleting neutron.subnet object s_rally_dde20394_zAIFt4UF (1467177e-c51f-42fc-ac3a-ac7c2b02b3f9)
2020-04-26 11:25:38.112 9705 RALLYDEBUG rally_openstack.task.cleanup.manager [-] Deleting neutron.subnet object s_rally_dde20394_7AAl6JUA (4a7dbae4-9aaf-4483-90f1-5cc9a6f70b1b)
2020-04-26 11:25:38.118 9705 RALLYDEBUG rally_openstack.task.cleanup.manager [-] Deleting neutron.subnet object s_rally_dde20394_doyODfyJ (6c0a6bea-d7ba-4ca8-a133-d35403b7e0bb)
2020-04-26 11:25:38.124 9705 RALLYDEBUG rally_openstack.task.cleanup.manager [-] Deleting neutron.subnet object s_rally_dde20394_BDt2kYP4 (7c25b5c0-7890-4606-a569-3cf88cf4b03f)
2020-04-26 11:25:38.171 9705 RALLYDEBUG rally_openstack.task.cleanup.manager [-] Deleting neutron.subnet object s_rally_dde20394_tH0ZwZa0 (8cf65fd7-fdaa-4ce5-9880-c701c88b2766)
2020-04-26 11:25:38.188 9705 RALLYDEBUG rally_openstack.task.cleanup.manager [-] Deleting neutron.subnet object s_rally_dde20394_kv766xgK (d95292f9-5440-4e90-aaa1-3ec73ddd54da)
2020-04-26 11:25:38.204 9705 RALLYDEBUG rally_openstack.task.cleanup.manager [-] Deleting neutron.subnet object s_rally_dde20394_ctj7gCXd (f39845fe-aa02-424f-86ad-c9faeac1cb41)
2020-04-26 11:25:38.208 9705 RALLYDEBUG rally_openstack.task.cleanup.manager [-] Deleting neutron.subnet object s_rally_dde20394_7h9YhT9E (fd12f249-279a-4e77-bd9a-f0e54f98a999)
2020-04-26 11:25:38.227 9705 RALLYDEBUG rally_openstack.task.cleanup.manager [-] Deleting neutron.subnet object s_rally_dde20394_8k0Gu2DD (fe745e55-0a43-4e28-a106-c596eec82114)
2020-04-26 11:25:47.425 9705 RALLYDEBUG rally_openstack.task.cleanup.manager [-] Cleaning up neutron network objects
2020-04-26 11:25:48.325 9705 RALLYDEBUG rally_openstack.task.cleanup.manager [-] Deleting neutron.network object s_rally_dde20394_rqOU2Fk4 (b18d4a3d-0dc8-4ce8-9c5e-d0adee12e39f)
2020-04-26 11:25:48.325 9705 RALLYDEBUG rally_openstack.task.cleanup.manager [-] Deleting neutron.network object s_rally_dde20394_8tXe1QFC (65f05c0a-a731-4daa-827e-cec845ad574d)
2020-04-26 11:25:48.328 9705 RALLYDEBUG rally_openstack.task.cleanup.manager [-] Deleting neutron.network object s_rally_dde20394_9QvKxWwM (b558a7b2-7207-40d7-9760-a03de825f69d)
2020-04-26 11:25:48.346 9705 RALLYDEBUG rally_openstack.task.cleanup.manager [-] Deleting neutron.network object s_rally_dde20394_FSdAfRHx (e9b3a683-7347-4ac1-a91c-49cb04fa4c04)
2020-04-26 11:25:48.349 9705 RALLYDEBUG rally_openstack.task.cleanup.manager [-] Deleting neutron.network object s_rally_dde20394_FSWARFus (a886bd61-81ca-440d-b0c6-4b18c51e7908)
2020-04-26 11:25:48.352 9705 RALLYDEBUG rally_openstack.task.cleanup.manager [-] Deleting neutron.network object s_rally_dde20394_x5uHLzXP (07ad0ada-9da7-4a77-93ed-fce6bce4d840)
2020-04-26 11:25:48.358 9705 RALLYDEBUG rally_openstack.task.cleanup.manager [-] Deleting neutron.network object s_rally_dde20394_gGSIShrO (341a3233-59e5-4d85-8d13-0d6418e47ae7)
2020-04-26 11:25:48.366 9705 RALLYDEBUG rally_openstack.task.cleanup.manager [-] Deleting neutron.network object s_rally_dde20394_HkRWT8mW (5022d3c8-e724-49b1-abd1-8d88aba24fe4)
2020-04-26 11:25:48.385 9705 RALLYDEBUG rally_openstack.task.cleanup.manager [-] Deleting neutron.network object s_rally_dde20394_zkFBgJFe (999b0e0a-877a-487c-a071-8f9686304349)
