2020-04-26 11:25:48.388 9705 RALLYDEBUG rally_openstack.task.cleanup.manager [-] Deleting neutron.network object s_rally_dde20394_0ZcpmR5g (df384665-f29d-4211-88e7-ce6e5a0e5c06)
2020-04-26 11:25:59.207 9705 RALLYDEBUG rally_openstack.task.cleanup.manager [-] Cleaning up neutron router objects
2020-04-26 11:26:00.157 9705 RALLYDEBUG rally_openstack.task.cleanup.manager [-] Deleting neutron.router object s_rally_dde20394_9APguENb (0377be9c-87c7-4f7b-a22a-70bbf5881d2c)
2020-04-26 11:26:00.167 9705 RALLYDEBUG rally_openstack.task.cleanup.manager [-] Deleting neutron.router object s_rally_dde20394_0QjhYyZJ (1948f17f-c695-4bf9-9386-5fb6d606fe61)
2020-04-26 11:26:00.174 9705 RALLYDEBUG rally_openstack.task.cleanup.manager [-] Deleting neutron.router object s_rally_dde20394_2HM49Rq7 (33336b77-77ce-4ad0-9485-5f228563c472)
2020-04-26 11:26:00.183 9705 RALLYDEBUG rally_openstack.task.cleanup.manager [-] Deleting neutron.router object s_rally_dde20394_JeSgbTu5 (6a7a55f1-ef9a-43c1-846f-e6b97725641d)
2020-04-26 11:26:00.190 9705 RALLYDEBUG rally_openstack.task.cleanup.manager [-] Deleting neutron.router object s_rally_dde20394_nzj7otvJ (74bfc8d2-e7d6-46a2-9678-81d29b6612e5)
2020-04-26 11:26:00.195 9705 RALLYDEBUG rally_openstack.task.cleanup.manager [-] Deleting neutron.router object s_rally_dde20394_hxCLZhNS (92be19f7-105b-42e6-a0d9-5a92ea6dde5d)
2020-04-26 11:26:00.204 9705 RALLYDEBUG rally_openstack.task.cleanup.manager [-] Deleting neutron.router object s_rally_dde20394_QKKM74Cp (a22e8bc0-0ba9-492a-a5bf-48ae7a69a88f)
2020-04-26 11:26:00.222 9705 RALLYDEBUG rally_openstack.task.cleanup.manager [-] Deleting neutron.router object s_rally_dde20394_MA3S6jMa (f9a06e4f-2b4d-4268-b78a-5e5e4a3fc44c)
2020-04-26 11:26:00.236 9705 RALLYDEBUG rally_openstack.task.cleanup.manager [-] Deleting neutron.router object s_rally_dde20394_4XggmzG8 (7ca6b6f0-66c5-45a8-9aef-6c1f7f17e5df)
2020-04-26 11:26:00.253 9705 RALLYDEBUG rally_openstack.task.cleanup.manager [-] Deleting neutron.router object s_rally_dde20394_Qj8njmns (e0aa88e1-e0bb-4f23-a89d-b616c7e5c11a)
2020-04-26 11:26:00.271 9705 RALLYDEBUG rally_openstack.task.cleanup.manager [-] Deleting neutron.router object s_rally_dde20394_Wurmbzmu (053eb4cf-0ca2-40e4-8aec-f6d96b9cff56)
2020-04-26 11:26:00.283 9705 RALLYDEBUG rally_openstack.task.cleanup.manager [-] Deleting neutron.router object s_rally_dde20394_gujkKqWD (090a07ce-fa53-4bca-a5e1-c6532b398001)
2020-04-26 11:26:00.292 9705 RALLYDEBUG rally_openstack.task.cleanup.manager [-] Deleting neutron.router object s_rally_dde20394_xGc8pyRN (33f78fc8-7d38-484f-95f6-dca3dd919d0f)
2020-04-26 11:26:00.297 9705 RALLYDEBUG rally_openstack.task.cleanup.manager [-] Deleting neutron.router object s_rally_dde20394_AUJZpMfV (5ca4359f-452c-493f-bfb7-8a13dbc9dcd8)
2020-04-26 11:26:00.332 9705 RALLYDEBUG rally_openstack.task.cleanup.manager [-] Deleting neutron.router object s_rally_dde20394_RkHGw3pE (6bb90c1e-960b-4b93-b80a-8cfb7ec7ad81)
2020-04-26 11:26:00.357 9705 RALLYDEBUG rally_openstack.task.cleanup.manager [-] Deleting neutron.router object s_rally_dde20394_XYGTiHCS (7c09f6b9-3760-457f-b044-c0951481ccac)
2020-04-26 11:26:00.384 9705 RALLYDEBUG rally_openstack.task.cleanup.manager [-] Deleting neutron.router object s_rally_dde20394_cLZNHjqC (a65bf4e6-c656-4c1b-b396-514fd00a1719)
2020-04-26 11:26:00.403 9705 RALLYDEBUG rally_openstack.task.cleanup.manager [-] Deleting neutron.router object s_rally_dde20394_mWRQIEz1 (d67b7230-da96-4d1d-a5ba-35ed1e7ef25a)
2020-04-26 11:26:00.421 9705 RALLYDEBUG rally_openstack.task.cleanup.manager [-] Deleting neutron.router object s_rally_dde20394_WZ0gu9bG (d7a8b1f6-5f1f-48b5-81ec-8db51a511a28)
2020-04-26 11:26:00.464 9705 RALLYDEBUG rally_openstack.task.cleanup.manager [-] Deleting neutron.router object s_rally_dde20394_MFwXCVdd (dcae2fe8-65e9-4488-9f5c-cdf1f7a470d5)
2020-04-26 11:26:04.154 9705 RALLYDEBUG rally_openstack.task.cleanup.manager [-] Cleaning up neutron security_group objects
2020-04-26 11:26:04.767 9705 INFO rally.task.context [-] Task 7058f561-6105-4862-bee8-c9e55c1a2532 | Context cleanup@openstack cleanup() finished in 48.35 sec
2020-04-26 11:26:04.767 9705 INFO rally.task.context [-] Task 7058f561-6105-4862-bee8-c9e55c1a2532 | Context quotas@openstack cleanup() started
2020-04-26 11:26:04.814 9705 INFO rally.task.context [-] Task 7058f561-6105-4862-bee8-c9e55c1a2532 | Context quotas@openstack cleanup() finished in 46.55 msec
2020-04-26 11:26:04.814 9705 INFO rally.task.context [-] Task 7058f561-6105-4862-bee8-c9e55c1a2532 | Context users@openstack cleanup() started
2020-04-26 11:26:06.982 9705 INFO rally.task.context [-] Task 7058f561-6105-4862-bee8-c9e55c1a2532 | Context users@openstack cleanup() finished in 2.17 sec
2020-04-26 11:26:07.207 9705 INFO rally.task.engine [-] Load duration is: 31.699531
2020-04-26 11:26:07.207 9705 INFO rally.task.engine [-] Full runner duration is: 31.747611
2020-04-26 11:26:07.208 9705 INFO rally.task.engine [-] Full duration is: 84.153292
2020-04-26 11:26:07.281 9705 INFO rally.task.engine [-] Running workload: position = 0 config = { "version": 2, "title": "A cropped version of a bigger task.", "description": "Auto-generated task from a single workload (uuid=519f664d-77fa-4ba4-a517-a497d1a2bd67)", "subtasks": [ { "title": "NeutronNetworks.create_and_show_subnets", "description": "Create and show a subnet details.", "scenario": { "NeutronNetworks.create_and_show_subnets": { "subnets_per_network": 2 } }, "contexts": { "users": { "tenants": 3, "users_per_tenant": 2 }, "network": { "router": {} }, "quotas": { "neutron": { "network": -1, "subnet": -1 } } }, "runner": { "constant": { "concurrency": 4, "times": 10 } }, "hooks": [], "sla": { "failure_rate": { "max": 0 } } } ] }
2020-04-26 11:26:07.302 9705 RALLYDEBUG rally_openstack.task.contexts.keystone.users [-] Creating 3 tenants using 3 threads
2020-04-26 11:26:07.752 9705 RALLYDEBUG rally_openstack.task.contexts.keystone.users [-] Creating 6 users using 6 threads
2020-04-26 11:26:08.712 9705 INFO rally.task.context [-] Task 7058f561-6105-4862-bee8-c9e55c1a2532 | Context users@openstack setup() finished in 1.41 sec
2020-04-26 11:26:09.220 9705 INFO rally.task.context [-] Task 7058f561-6105-4862-bee8-c9e55c1a2532 | Context quotas@openstack setup() finished in 0.51 sec
2020-04-26 11:26:09.777 9705 RALLYDEBUG rally_openstack.common.wrappers.network [-] CIDR generated: 10.2.92.0/24
2020-04-26 11:26:10.551 9705 RALLYDEBUG rally_openstack.common.wrappers.network [-] CIDR generated: 10.2.93.0/24
2020-04-26 11:26:11.326 9705 RALLYDEBUG rally_openstack.common.wrappers.network [-] CIDR generated: 10.2.94.0/24
2020-04-26 11:26:11.900 9705 INFO rally.task.context [-] Task 7058f561-6105-4862-bee8-c9e55c1a2532 | Context network@openstack setup() finished in 2.68 sec
2020-04-26 11:26:11.901 9705 INFO rally.task.context [-] Task 7058f561-6105-4862-bee8-c9e55c1a2532 | Context cleanup@openstack setup() finished in 0.03 msec
2020-04-26 11:26:11.909 9705 RALLYDEBUG rally.task.runner [-] Starting the constant runner (task UUID: 7058f561-6105-4862-bee8-c9e55c1a2532). times: 10 concurrency: 4 timeout: 0 max_cpu_used: 88 processes_to_start: 4 concurrency_per_worker: 1 concurrency_overhead: 0
2020-04-26 11:26:11.920 15387 RALLYDEBUG rally.task.runner [-] Starting a worker. times: 10 duration: None concurrency: 1 timeout: 0 cls: method_name: run args: {"subnets_per_network": 2}
2020-04-26 11:26:11.923 15388 RALLYDEBUG rally.task.runner [-] Starting a worker. times: 10 duration: None concurrency: 1 timeout: 0 cls: method_name: run args: {"subnets_per_network": 2}
2020-04-26 11:26:11.926 15387 INFO rally.task.runner [-] Task 7058f561-6105-4862-bee8-c9e55c1a2532 | ITER: 1 START
2020-04-26 11:26:11.926 15389 RALLYDEBUG rally.task.runner [-] Starting a worker. times: 10 duration: None concurrency: 1 timeout: 0 cls: method_name: run args: {"subnets_per_network": 2}
2020-04-26 11:26:11.929 15388 INFO rally.task.runner [-] Task 7058f561-6105-4862-bee8-c9e55c1a2532 | ITER: 2 START
2020-04-26 11:26:11.929 15387 RALLYDEBUG rally_openstack.common.wrappers.network [-] CIDR generated: 10.2.95.0/24
2020-04-26 11:26:11.928 15390 RALLYDEBUG rally.task.runner [-] Starting a worker. times: 10 duration: None concurrency: 1 timeout: 0 cls: method_name: run args: {"subnets_per_network": 2}
2020-04-26 11:26:11.932 15388 RALLYDEBUG rally_openstack.common.wrappers.network [-] CIDR generated: 10.2.96.0/24
2020-04-26 11:26:11.932 15389 INFO rally.task.runner [-] Task 7058f561-6105-4862-bee8-c9e55c1a2532 | ITER: 3 START
2020-04-26 11:26:11.935 15390 INFO rally.task.runner [-] Task 7058f561-6105-4862-bee8-c9e55c1a2532 | ITER: 4 START
2020-04-26 11:26:11.935 15389 RALLYDEBUG rally_openstack.common.wrappers.network [-] CIDR generated: 10.2.97.0/24
2020-04-26 11:26:11.937 15390 RALLYDEBUG rally_openstack.common.wrappers.network [-] CIDR generated: 10.2.98.0/24
2020-04-26 11:26:12.954 15387 RALLYDEBUG rally_openstack.common.wrappers.network [-] CIDR generated: 10.2.99.0/24
2020-04-26 11:26:12.999 15390 RALLYDEBUG rally_openstack.common.wrappers.network [-] CIDR generated: 10.2.100.0/24
2020-04-26 11:26:13.466 15389 RALLYDEBUG rally_openstack.common.wrappers.network [-] CIDR generated: 10.2.101.0/24
2020-04-26 11:26:13.474 15388 RALLYDEBUG rally_openstack.common.wrappers.network [-] CIDR generated: 10.2.102.0/24
2020-04-26 11:26:13.809 15390 INFO rally.task.runner [-] Task 7058f561-6105-4862-bee8-c9e55c1a2532 | ITER: 4 END: OK
2020-04-26 11:26:13.814 15390 INFO rally.task.runner [-] Task 7058f561-6105-4862-bee8-c9e55c1a2532 | ITER: 5 START
2020-04-26 11:26:13.815 15390 RALLYDEBUG rally_openstack.common.wrappers.network [-] CIDR generated: 10.2.103.0/24
2020-04-26 11:26:14.774 15389 INFO rally.task.runner [-] Task 7058f561-6105-4862-bee8-c9e55c1a2532 | ITER: 3 END: OK
2020-04-26 11:26:14.778 15389 INFO rally.task.runner [-] Task 7058f561-6105-4862-bee8-c9e55c1a2532 | ITER: 6 START
2020-04-26 11:26:14.779 15389 RALLYDEBUG rally_openstack.common.wrappers.network [-] CIDR generated: 10.2.104.0/24
2020-04-26 11:26:14.791 15388 INFO rally.task.runner [-] Task 7058f561-6105-4862-bee8-c9e55c1a2532 | ITER: 2 END: OK
2020-04-26 11:26:14.797 15388 INFO rally.task.runner [-] Task 7058f561-6105-4862-bee8-c9e55c1a2532 | ITER: 7 START
2020-04-26 11:26:14.798 15388 RALLYDEBUG rally_openstack.common.wrappers.network [-] CIDR generated: 10.2.105.0/24
2020-04-26 11:26:14.864 15390 RALLYDEBUG rally_openstack.common.wrappers.network [-] CIDR generated: 10.2.106.0/24
2020-04-26 11:26:14.904 15387 INFO rally.task.runner [-] Task 7058f561-6105-4862-bee8-c9e55c1a2532 | ITER: 1 END: OK
2020-04-26 11:26:14.909 15387 INFO rally.task.runner [-] Task 7058f561-6105-4862-bee8-c9e55c1a2532 | ITER: 8 START
2020-04-26 11:26:14.911 15387 RALLYDEBUG rally_openstack.common.wrappers.network [-] CIDR generated: 10.2.107.0/24
2020-04-26 11:26:15.583 15390 INFO rally.task.runner [-] Task 7058f561-6105-4862-bee8-c9e55c1a2532 | ITER: 5 END: OK
2020-04-26 11:26:15.588 15390 INFO rally.task.runner [-] Task 7058f561-6105-4862-bee8-c9e55c1a2532 | ITER: 9 START
2020-04-26 11:26:15.589 15390 RALLYDEBUG rally_openstack.common.wrappers.network [-] CIDR generated: 10.2.108.0/24
2020-04-26 11:26:15.893 15387 RALLYDEBUG rally_openstack.common.wrappers.network [-] CIDR generated: 10.2.109.0/24
2020-04-26 11:26:16.156 15389 RALLYDEBUG rally_openstack.common.wrappers.network [-] CIDR generated: 10.2.110.0/24
2020-04-26 11:26:16.439 15388 RALLYDEBUG rally_openstack.common.wrappers.network [-] CIDR generated: 10.2.111.0/24
2020-04-26 11:26:16.675 15390 RALLYDEBUG rally_openstack.common.wrappers.network [-] CIDR generated: 10.2.112.0/24
2020-04-26 11:26:17.500 15389 INFO rally.task.runner [-] Task 7058f561-6105-4862-bee8-c9e55c1a2532 | ITER: 6 END: OK
2020-04-26 11:26:17.503 15389 INFO rally.task.runner [-] Task 7058f561-6105-4862-bee8-c9e55c1a2532 | ITER: 10 START
2020-04-26 11:26:17.504 15389 RALLYDEBUG rally_openstack.common.wrappers.network [-] CIDR generated: 10.2.113.0/24
2020-04-26 11:26:17.510 15390 INFO rally.task.runner [-] Task 7058f561-6105-4862-bee8-c9e55c1a2532 | ITER: 9 END: OK
2020-04-26 11:26:17.606 15388 INFO rally.task.runner [-] Task 7058f561-6105-4862-bee8-c9e55c1a2532 | ITER: 7 END: OK
2020-04-26 11:26:17.964 15387 INFO rally.task.runner [-] Task 7058f561-6105-4862-bee8-c9e55c1a2532 | ITER: 8 END: OK
2020-04-26 11:26:18.410 15389 RALLYDEBUG rally_openstack.common.wrappers.network [-] CIDR generated: 10.2.114.0/24
2020-04-26 11:26:19.123 15389 INFO rally.task.runner [-] Task 7058f561-6105-4862-bee8-c9e55c1a2532 | ITER: 10 END: OK
2020-04-26 11:26:19.151 9705 INFO rally.task.context [-] Task 7058f561-6105-4862-bee8-c9e55c1a2532 | Context cleanup@openstack cleanup() started
2020-04-26 11:26:19.154 9705 RALLYDEBUG rally_openstack.task.cleanup.manager [-] Cleaning up neutron vip objects
2020-04-26 11:26:19.664 9705 RALLYDEBUG rally_openstack.task.cleanup.manager [-] Cleaning up neutron health_monitor objects
2020-04-26 11:26:20.184 9705 RALLYDEBUG rally_openstack.task.cleanup.manager [-] Cleaning up neutron pool objects
2020-04-26 11:26:20.643 9705 RALLYDEBUG rally_openstack.task.cleanup.manager [-] Cleaning up neutron loadbalancer objects
2020-04-26 11:26:21.095 9705 RALLYDEBUG rally_openstack.task.cleanup.manager [-] Cleaning up neutron floatingip objects
2020-04-26 11:26:21.826 9705 RALLYDEBUG rally_openstack.task.cleanup.manager [-] Cleaning up neutron trunk objects
2020-04-26 11:26:22.431 9705 RALLYDEBUG rally_openstack.task.cleanup.manager [-] Cleaning up neutron port objects
2020-04-26 11:26:23.347 9705 RALLYDEBUG rally_openstack.task.cleanup.manager [-] Cleaning up neutron subnet objects
2020-04-26 11:26:24.067 9705 RALLYDEBUG rally_openstack.task.cleanup.manager [-] Deleting neutron.subnet object s_rally_519f664d_7AZH7GGf (102f0ac4-d4a9-4260-870e-0644add3ea27)
2020-04-26 11:26:24.073 9705 RALLYDEBUG rally_openstack.task.cleanup.manager [-] Deleting neutron.subnet object s_rally_519f664d_PaTNx3ft (24acab5f-d8f6-4a60-aff6-3c5777829e8f)
2020-04-26 11:26:24.083 9705 RALLYDEBUG rally_openstack.task.cleanup.manager [-] Deleting neutron.subnet object s_rally_519f664d_3f3o6VAb (30f5aedd-5494-496b-b27f-78772e13c19b)
2020-04-26 11:26:24.089 9705 RALLYDEBUG rally_openstack.task.cleanup.manager [-] Deleting neutron.subnet object s_rally_519f664d_oikDAJIj (3d37c30a-65c3-4741-8046-8b2f156b7d96)
2020-04-26 11:26:24.094 9705 RALLYDEBUG rally_openstack.task.cleanup.manager [-] Deleting neutron.subnet object s_rally_519f664d_RNebJ6VT (4a862614-830a-4f8d-a6b8-b77f3546e62a)
2020-04-26 11:26:24.099 9705 RALLYDEBUG rally_openstack.task.cleanup.manager [-] Deleting neutron.subnet object s_rally_519f664d_SKisuHGA (4c28d2ba-6760-49b0-82c2-e691ecd9df16)
2020-04-26 11:26:24.109 9705 RALLYDEBUG rally_openstack.task.cleanup.manager [-] Deleting neutron.subnet object s_rally_519f664d_dfmqpfh7 (728bb9c8-8a6d-4f96-99f8-ef8eabeffd00)
2020-04-26 11:26:24.124 9705 RALLYDEBUG rally_openstack.task.cleanup.manager [-] Deleting neutron.subnet object s_rally_519f664d_QYEWrYuW (a2ee8916-52c4-439f-bc61-06fa80d87733)
2020-04-26 11:26:24.137 9705 RALLYDEBUG rally_openstack.task.cleanup.manager [-] Deleting neutron.subnet object s_rally_519f664d_PcWY9dJF (98fce3d7-977b-4ed6-b955-3d829e410446)
2020-04-26 11:26:24.140 9705 RALLYDEBUG rally_openstack.task.cleanup.manager [-] Deleting neutron.subnet object s_rally_519f664d_kQD9SZdD (ca6ab96b-179e-4e86-a6ef-a487ed2a2046)
2020-04-26 11:26:24.159 9705 RALLYDEBUG rally_openstack.task.cleanup.manager [-] Deleting neutron.subnet object s_rally_519f664d_0QdOGTHj (18043ccc-d1dd-494c-a20d-aaa3776beb69)
2020-04-26 11:26:24.164 9705 RALLYDEBUG rally_openstack.task.cleanup.manager [-] Deleting neutron.subnet object s_rally_519f664d_Wc9dsNuQ (593e8d57-8f3f-4059-ac9e-5044589f3903)
2020-04-26 11:26:24.170 9705 RALLYDEBUG rally_openstack.task.cleanup.manager [-] Deleting neutron.subnet object s_rally_519f664d_w43wlKDe (5e8d33f8-ade3-425c-8540-892119ce1e73)
2020-04-26 11:26:24.175 9705 RALLYDEBUG rally_openstack.task.cleanup.manager [-] Deleting neutron.subnet object s_rally_519f664d_oT8cb0RK (78585ec0-0b16-42fc-bdd7-baacf284b17a)
2020-04-26 11:26:24.201 9705 RALLYDEBUG rally_openstack.task.cleanup.manager [-] Deleting neutron.subnet object s_rally_519f664d_W7irpSyg (7b6d1fd1-ee1d-440c-83ec-e674d526d770)
2020-04-26 11:26:24.206 9705 RALLYDEBUG rally_openstack.task.cleanup.manager [-] Deleting neutron.subnet object s_rally_519f664d_NvRQKVxm (abaa9912-d82d-41b3-b74a-726992869a70)
2020-04-26 11:26:24.211 9705 RALLYDEBUG rally_openstack.task.cleanup.manager [-] Deleting neutron.subnet object s_rally_519f664d_HBFlEgD1 (acba426f-4bee-4bc6-80ca-6883732073ba)
2020-04-26 11:26:24.217 9705 RALLYDEBUG rally_openstack.task.cleanup.manager [-] Deleting neutron.subnet object s_rally_519f664d_bcJKugZ8 (b1e0543c-4449-4b81-8dca-98d8b0ceda32)
2020-04-26 11:26:24.226 9705 RALLYDEBUG rally_openstack.task.cleanup.manager [-] Deleting neutron.subnet object s_rally_519f664d_o71miZjp (b87a4412-93c3-4964-a212-15a07347b46c)
2020-04-26 11:26:24.236 9705 RALLYDEBUG rally_openstack.task.cleanup.manager [-] Deleting neutron.subnet object s_rally_519f664d_uCZtRggt (d457ef46-8f1f-4ee8-8f89-f13784c3cef9)
2020-04-26 11:26:34.951 9705 RALLYDEBUG rally_openstack.task.cleanup.manager [-] Cleaning up neutron network objects
2020-04-26 11:26:35.836 9705 RALLYDEBUG rally_openstack.task.cleanup.manager [-] Cleaning up neutron router objects
2020-04-26 11:26:36.403 9705 RALLYDEBUG rally_openstack.task.cleanup.manager [-] Cleaning up neutron security_group objects
2020-04-26 11:26:36.998 9705 INFO rally.task.context [-] Task 7058f561-6105-4862-bee8-c9e55c1a2532 | Context cleanup@openstack cleanup() finished in 17.85 sec
2020-04-26 11:26:36.998 9705 INFO rally.task.context [-] Task 7058f561-6105-4862-bee8-c9e55c1a2532 | Context network@openstack cleanup() started
2020-04-26 11:26:43.761 9705 INFO rally.task.context [-] Task 7058f561-6105-4862-bee8-c9e55c1a2532 | Context network@openstack cleanup() finished in 6.76 sec
2020-04-26 11:26:43.762 9705 INFO rally.task.context [-] Task 7058f561-6105-4862-bee8-c9e55c1a2532 | Context quotas@openstack cleanup() started
2020-04-26 11:26:43.879 9705 INFO rally.task.context [-] Task 7058f561-6105-4862-bee8-c9e55c1a2532 | Context quotas@openstack cleanup() finished in 0.12 sec
2020-04-26 11:26:43.880 9705 INFO rally.task.context [-] Task 7058f561-6105-4862-bee8-c9e55c1a2532 | Context users@openstack cleanup() started
2020-04-26 11:26:47.281 9705 INFO rally.task.context [-] Task 7058f561-6105-4862-bee8-c9e55c1a2532 | Context users@openstack cleanup() finished in 3.40 sec
2020-04-26 11:26:47.498 9705 INFO rally.task.engine [-] Load duration is: 7.19551
2020-04-26 11:26:47.499 9705 INFO rally.task.engine [-] Full runner duration is: 7.241987
2020-04-26 11:26:47.499 9705 INFO rally.task.engine [-] Full duration is: 39.981546
2020-04-26 11:26:47.567 9705 INFO rally.task.engine [-] Task 7058f561-6105-4862-bee8-c9e55c1a2532 | Completed: Running task.
2020-04-26 11:26:49.113 15669 RALLYDEBUG rally.api [-] INFO logs from urllib3 and requests module are hide.
2020-04-26 11:26:49.113 15669 RALLYDEBUG rally.api [-] urllib3 insecure warnings are hidden.
2020-04-26 11:26:49.113 15669 RALLYDEBUG rally.api [-] ERROR log from boto module is hide.
2020-04-26 11:26:50.311 15671 RALLYDEBUG rally.api [-] INFO logs from urllib3 and requests module are hide.
2020-04-26 11:26:50.312 15671 RALLYDEBUG rally.api [-] urllib3 insecure warnings are hidden.
2020-04-26 11:26:50.312 15671 RALLYDEBUG rally.api [-] ERROR log from boto module is hide.
2020-04-26 11:26:51.603 15673 RALLYDEBUG rally.api [-] INFO logs from urllib3 and requests module are hide.
2020-04-26 11:26:51.604 15673 RALLYDEBUG rally.api [-] urllib3 insecure warnings are hidden.
2020-04-26 11:26:51.604 15673 RALLYDEBUG rally.api [-] ERROR log from boto module is hide.
2020-04-26 11:26:53.182 15673 INFO rally.api [-] Building 'json' report for the following task(s): '7058f561-6105-4862-bee8-c9e55c1a2532'.
2020-04-26 11:26:53.217 15673 INFO rally.api [-] The report has been successfully built.
2020-04-26 11:26:54.526 15675 RALLYDEBUG rally.api [-] INFO logs from urllib3 and requests module are hide.
2020-04-26 11:26:54.526 15675 RALLYDEBUG rally.api [-] urllib3 insecure warnings are hidden.
2020-04-26 11:26:54.526 15675 RALLYDEBUG rally.api [-] ERROR log from boto module is hide.
2020-04-26 11:26:56.575 15675 INFO rally.task.engine [-] Task 3d9388a6-3e51-4703-bef1-85eed849b829 | Starting: Task validation.
2020-04-26 11:26:56.590 15675 INFO rally.task.engine [-] Task 3d9388a6-3e51-4703-bef1-85eed849b829 | Starting: Task validation of syntax.
2020-04-26 11:26:56.921 15675 INFO rally.task.engine [-] Task 3d9388a6-3e51-4703-bef1-85eed849b829 | Completed: Task validation of syntax.
2020-04-26 11:26:56.921 15675 INFO rally.task.engine [-] Task 3d9388a6-3e51-4703-bef1-85eed849b829 | Starting: Task validation of required platforms.
2020-04-26 11:26:57.080 15675 INFO rally.task.engine [-] Task 3d9388a6-3e51-4703-bef1-85eed849b829 | Completed: Task validation of required platforms.
2020-04-26 11:26:57.081 15675 INFO rally.task.engine [-] Task 3d9388a6-3e51-4703-bef1-85eed849b829 | Starting: Task validation of semantic.
2020-04-26 11:26:57.081 15675 INFO rally.task.engine [-] Check health of the environment '6325f1f3-3681-44ca-9a3c-bea9e7dc643d'.
2020-04-26 11:26:57.564 15675 INFO rally.task.engine [-] Platform existing@openstack (available: True): OK!
2020-04-26 11:26:57.575 15675 RALLYDEBUG rally_openstack.task.contexts.keystone.users [-] Creating 1 tenants using 1 threads
2020-04-26 11:26:57.888 15675 RALLYDEBUG rally_openstack.task.contexts.keystone.users [-] Creating 1 users using 1 threads
2020-04-26 11:26:58.620 15675 INFO rally.task.context [-] Task 3d9388a6-3e51-4703-bef1-85eed849b829 | Context users@openstack setup() finished in 1.05 sec
2020-04-26 11:27:12.916 15675 INFO rally.task.context [-] Task 3d9388a6-3e51-4703-bef1-85eed849b829 | Context users@openstack cleanup() started
2020-04-26 11:27:14.136 15675 INFO rally.task.context [-] Task 3d9388a6-3e51-4703-bef1-85eed849b829 | Context users@openstack cleanup() finished in 1.22 sec
2020-04-26 11:27:14.137 15675 INFO rally.task.engine [-] Task 3d9388a6-3e51-4703-bef1-85eed849b829 | Completed: Task validation of semantic.
2020-04-26 11:27:14.138 15675 INFO rally.task.engine [-] Task 3d9388a6-3e51-4703-bef1-85eed849b829 | Completed: Task validation.
2020-04-26 11:27:14.138 15675 INFO rally.api [-] Task 3d9388a6-3e51-4703-bef1-85eed849b829 input file is valid.
2020-04-26 11:27:14.138 15675 INFO rally.api [-] Run Task 3d9388a6-3e51-4703-bef1-85eed849b829 against Deployment 6325f1f3-3681-44ca-9a3c-bea9e7dc643d
2020-04-26 11:27:14.139 15675 INFO rally.task.engine [-] Task 3d9388a6-3e51-4703-bef1-85eed849b829 | Starting: Running task.
2020-04-26 11:27:14.197 15675 INFO rally.task.engine [-] Running workload: position = 0 config = { "version": 2, "title": "A cropped version of a bigger task.", "description": "Auto-generated task from a single workload (uuid=0eb9f785-042f-4565-85f9-0f0ed251d523)", "subtasks": [ { "title": "NovaKeypair.create_and_delete_keypair", "description": "Create a keypair with random name and delete keypair.", "scenario": { "NovaKeypair.create_and_delete_keypair": {} }, "contexts": { "users": { "tenants": 3, "users_per_tenant": 2 }, "quotas": { "nova": { "cores": -1, "floating_ips": -1, "instances": -1, "key_pairs": -1, "ram": -1, "security_group_rules": -1, "security_groups": -1 } } }, "runner": { "constant": { "concurrency": 4, "times": 10 } }, "hooks": [], "sla": { "failure_rate": { "max": 0 } } } ] }
2020-04-26 11:27:14.213 15675 RALLYDEBUG rally_openstack.task.contexts.keystone.users [-] Creating 3 tenants using 3 threads
2020-04-26 11:27:14.648 15675 RALLYDEBUG rally_openstack.task.contexts.keystone.users [-] Creating 6 users using 6 threads
2020-04-26 11:27:15.446 15675 INFO rally.task.context [-] Task 3d9388a6-3e51-4703-bef1-85eed849b829 | Context users@openstack setup() finished in 1.23 sec
2020-04-26 11:27:16.365 15675 INFO rally.task.context [-] Task 3d9388a6-3e51-4703-bef1-85eed849b829 | Context quotas@openstack setup() finished in 0.92 sec
2020-04-26 11:27:16.366 15675 INFO rally.task.context [-] Task 3d9388a6-3e51-4703-bef1-85eed849b829 | Context cleanup@openstack setup() finished in 0.01 msec
2020-04-26 11:27:16.376 15675 RALLYDEBUG rally.task.runner [-] Starting the constant runner (task UUID: 3d9388a6-3e51-4703-bef1-85eed849b829). times: 10 concurrency: 4 timeout: 0 max_cpu_used: 88 processes_to_start: 4 concurrency_per_worker: 1 concurrency_overhead: 0
2020-04-26 11:27:16.386 15730 RALLYDEBUG rally.task.runner [-] Starting a worker. times: 10 duration: None concurrency: 1 timeout: 0 cls: method_name: run args: {}
2020-04-26 11:27:16.390 15731 RALLYDEBUG rally.task.runner [-] Starting a worker. times: 10 duration: None concurrency: 1 timeout: 0 cls: method_name: run args: {}
2020-04-26 11:27:16.391 15730 INFO rally.task.runner [-] Task 3d9388a6-3e51-4703-bef1-85eed849b829 | ITER: 1 START
2020-04-26 11:27:16.392 15732 RALLYDEBUG rally.task.runner [-] Starting a worker. times: 10 duration: None concurrency: 1 timeout: 0 cls: method_name: run args: {}
2020-04-26 11:27:16.395 15735 RALLYDEBUG rally.task.runner [-] Starting a worker. times: 10 duration: None concurrency: 1 timeout: 0 cls: method_name: run args: {}
2020-04-26 11:27:16.396 15731 INFO rally.task.runner [-] Task 3d9388a6-3e51-4703-bef1-85eed849b829 | ITER: 2 START
2020-04-26 11:27:16.398 15732 INFO rally.task.runner [-] Task 3d9388a6-3e51-4703-bef1-85eed849b829 | ITER: 3 START
2020-04-26 11:27:16.399 15735 INFO rally.task.runner [-] Task 3d9388a6-3e51-4703-bef1-85eed849b829 | ITER: 4 START
2020-04-26 11:27:16.794 15732 INFO rally.task.runner [-] Task 3d9388a6-3e51-4703-bef1-85eed849b829 | ITER: 3 END: OK
2020-04-26 11:27:16.799 15732 INFO rally.task.runner [-] Task 3d9388a6-3e51-4703-bef1-85eed849b829 | ITER: 5 START
2020-04-26 11:27:16.835 15730 INFO rally.task.runner [-] Task 3d9388a6-3e51-4703-bef1-85eed849b829 | ITER: 1 END: OK
2020-04-26 11:27:16.840 15730 INFO rally.task.runner [-] Task 3d9388a6-3e51-4703-bef1-85eed849b829 | ITER: 6 START
2020-04-26 11:27:16.926 15731 INFO rally.task.runner [-] Task 3d9388a6-3e51-4703-bef1-85eed849b829 | ITER: 2 END: OK
2020-04-26 11:27:16.930 15731 INFO rally.task.runner [-] Task 3d9388a6-3e51-4703-bef1-85eed849b829 | ITER: 7 START
2020-04-26 11:27:16.990 15735 INFO rally.task.runner [-] Task 3d9388a6-3e51-4703-bef1-85eed849b829 | ITER: 4 END: OK
2020-04-26 11:27:16.994 15735 INFO rally.task.runner [-] Task 3d9388a6-3e51-4703-bef1-85eed849b829 | ITER: 8 START
2020-04-26 11:27:17.245 15730 INFO rally.task.runner [-] Task 3d9388a6-3e51-4703-bef1-85eed849b829 | ITER: 6 END: OK
2020-04-26 11:27:17.249 15730 INFO rally.task.runner [-] Task 3d9388a6-3e51-4703-bef1-85eed849b829 | ITER: 9 START
2020-04-26 11:27:17.354 15731 INFO rally.task.runner [-] Task 3d9388a6-3e51-4703-bef1-85eed849b829 | ITER: 7 END: OK
2020-04-26 11:27:17.358 15731 INFO rally.task.runner [-] Task 3d9388a6-3e51-4703-bef1-85eed849b829 | ITER: 10 START
2020-04-26 11:27:17.404 15735 INFO rally.task.runner [-] Task 3d9388a6-3e51-4703-bef1-85eed849b829 | ITER: 8 END: OK
2020-04-26 11:27:17.424 15732 INFO rally.task.runner [-] Task 3d9388a6-3e51-4703-bef1-85eed849b829 | ITER: 5 END: OK
2020-04-26 11:27:17.583 15730 INFO rally.task.runner [-] Task 3d9388a6-3e51-4703-bef1-85eed849b829 | ITER: 9 END: OK
2020-04-26 11:27:17.791 15731 INFO rally.task.runner [-] Task 3d9388a6-3e51-4703-bef1-85eed849b829 | ITER: 10 END: OK
2020-04-26 11:27:17.811 15675 INFO rally.task.context [-] Task 3d9388a6-3e51-4703-bef1-85eed849b829 | Context cleanup@openstack cleanup() started
2020-04-26 11:27:17.815 15675 RALLYDEBUG rally_openstack.task.cleanup.manager [-] Cleaning up nova servers objects
2020-04-26 11:27:18.711 15675 RALLYDEBUG rally_openstack.task.cleanup.manager [-] Cleaning up nova server_groups objects
2020-04-26 11:27:19.174 15675 RALLYDEBUG rally_openstack.task.cleanup.manager [-] Cleaning up nova keypairs objects
2020-04-26 11:27:20.381 15675 INFO rally.task.context [-] Task 3d9388a6-3e51-4703-bef1-85eed849b829 | Context cleanup@openstack cleanup() finished in 2.57 sec
2020-04-26 11:27:20.381 15675 INFO rally.task.context [-] Task 3d9388a6-3e51-4703-bef1-85eed849b829 | Context quotas@openstack cleanup() started
2020-04-26 11:27:20.450 15675 INFO rally.task.context [-] Task 3d9388a6-3e51-4703-bef1-85eed849b829 | Context quotas@openstack cleanup() finished in 69.01 msec
2020-04-26 11:27:20.451 15675 INFO rally.task.context [-] Task 3d9388a6-3e51-4703-bef1-85eed849b829 | Context users@openstack cleanup() started
2020-04-26 11:27:23.149 15675 INFO rally.task.context [-] Task 3d9388a6-3e51-4703-bef1-85eed849b829 | Context users@openstack cleanup() finished in 2.70 sec
2020-04-26 11:27:24.283 15675 INFO rally.task.engine [-] Load duration is: 1.398692
2020-04-26 11:27:24.284 15675 INFO rally.task.engine [-] Full runner duration is: 1.435597
2020-04-26 11:27:24.284 15675 INFO rally.task.engine [-] Full duration is: 8.93784
2020-04-26 11:27:24.378 15675 INFO rally.task.engine [-] Running workload: position = 0 config = { "version": 2, "title": "A cropped version of a bigger task.", "description": "Auto-generated task from a single workload (uuid=a334f24c-194f-472e-bf64-7b165da85c72)", "subtasks": [ { "title": "NovaKeypair.create_and_list_keypairs", "description": "Create a keypair with random name and list keypairs.", "scenario": { "NovaKeypair.create_and_list_keypairs": {} }, "contexts": { "users": { "tenants": 3, "users_per_tenant": 2 }, "quotas": { "nova": { "cores": -1, "floating_ips": -1, "instances": -1, "key_pairs": -1, "ram": -1, "security_group_rules": -1, "security_groups": -1 } } }, "runner": { "constant": { "concurrency": 4, "times": 10 } }, "hooks": [], "sla": { "failure_rate": { "max": 0 } } } ] }
2020-04-26 11:27:24.390 15675 RALLYDEBUG rally_openstack.task.contexts.keystone.users [-] Creating 3 tenants using 3 threads
2020-04-26 11:27:24.870 15675 RALLYDEBUG rally_openstack.task.contexts.keystone.users [-] Creating 6 users using 6 threads
2020-04-26 11:27:25.613 15675 INFO rally.task.context [-] Task 3d9388a6-3e51-4703-bef1-85eed849b829 | Context users@openstack setup() finished in 1.22 sec
2020-04-26 11:27:26.543 15675 INFO rally.task.context [-] Task 3d9388a6-3e51-4703-bef1-85eed849b829 | Context quotas@openstack setup() finished in 0.93 sec
2020-04-26 11:27:26.544 15675 INFO rally.task.context [-] Task 3d9388a6-3e51-4703-bef1-85eed849b829 | Context cleanup@openstack setup() finished in 0.01 msec
2020-04-26 11:27:26.552 15675 RALLYDEBUG rally.task.runner [-] Starting the constant runner (task UUID: 3d9388a6-3e51-4703-bef1-85eed849b829). times: 10 concurrency: 4 timeout: 0 max_cpu_used: 88 processes_to_start: 4 concurrency_per_worker: 1 concurrency_overhead: 0
2020-04-26 11:27:26.561 15863 RALLYDEBUG rally.task.runner [-] Starting a worker. times: 10 duration: None concurrency: 1 timeout: 0 cls: method_name: run args: {}
2020-04-26 11:27:26.564 15864 RALLYDEBUG rally.task.runner [-] Starting a worker. times: 10 duration: None concurrency: 1 timeout: 0 cls: method_name: run args: {}
2020-04-26 11:27:26.566 15865 RALLYDEBUG rally.task.runner [-] Starting a worker. times: 10 duration: None concurrency: 1 timeout: 0 cls: method_name: run args: {}
2020-04-26 11:27:26.567 15863 INFO rally.task.runner [-] Task 3d9388a6-3e51-4703-bef1-85eed849b829 | ITER: 1 START
2020-04-26 11:27:26.567 15866 RALLYDEBUG rally.task.runner [-] Starting a worker. times: 10 duration: None concurrency: 1 timeout: 0 cls: method_name: run args: {}
2020-04-26 11:27:26.569 15864 INFO rally.task.runner [-] Task 3d9388a6-3e51-4703-bef1-85eed849b829 | ITER: 2 START
2020-04-26 11:27:26.571 15865 INFO rally.task.runner [-] Task 3d9388a6-3e51-4703-bef1-85eed849b829 | ITER: 3 START
2020-04-26 11:27:26.572 15866 INFO rally.task.runner [-] Task 3d9388a6-3e51-4703-bef1-85eed849b829 | ITER: 4 START
2020-04-26 11:27:26.975 15863 INFO rally.task.runner [-] Task 3d9388a6-3e51-4703-bef1-85eed849b829 | ITER: 1 END: OK
2020-04-26 11:27:26.978 15863 INFO rally.task.runner [-] Task 3d9388a6-3e51-4703-bef1-85eed849b829 | ITER: 5 START
2020-04-26 11:27:27.001 15865 INFO rally.task.runner [-] Task 3d9388a6-3e51-4703-bef1-85eed849b829 | ITER: 3 END: OK
2020-04-26 11:27:27.005 15865 INFO rally.task.runner [-] Task 3d9388a6-3e51-4703-bef1-85eed849b829 | ITER: 6 START
2020-04-26 11:27:27.117 15866 INFO rally.task.runner [-] Task 3d9388a6-3e51-4703-bef1-85eed849b829 | ITER: 4 END: OK
2020-04-26 11:27:27.121 15866 INFO rally.task.runner [-] Task 3d9388a6-3e51-4703-bef1-85eed849b829 | ITER: 7 START
2020-04-26 11:27:27.174 15864 INFO rally.task.runner [-] Task 3d9388a6-3e51-4703-bef1-85eed849b829 | ITER: 2 END: OK
2020-04-26 11:27:27.177 15864 INFO rally.task.runner [-] Task 3d9388a6-3e51-4703-bef1-85eed849b829 | ITER: 8 START
2020-04-26 11:27:27.465 15863 INFO rally.task.runner [-] Task 3d9388a6-3e51-4703-bef1-85eed849b829 | ITER: 5 END: OK
2020-04-26 11:27:27.469 15863 INFO rally.task.runner [-] Task 3d9388a6-3e51-4703-bef1-85eed849b829 | ITER: 9 START
2020-04-26 11:27:27.481 15866 INFO rally.task.runner [-] Task 3d9388a6-3e51-4703-bef1-85eed849b829 | ITER: 7 END: OK
2020-04-26 11:27:27.483 15865 INFO rally.task.runner [-] Task 3d9388a6-3e51-4703-bef1-85eed849b829 | ITER: 6 END: OK
2020-04-26 11:27:27.485 15866 INFO rally.task.runner [-] Task 3d9388a6-3e51-4703-bef1-85eed849b829 | ITER: 10 START
2020-04-26 11:27:27.684 15864 INFO rally.task.runner [-] Task 3d9388a6-3e51-4703-bef1-85eed849b829 | ITER: 8 END: OK
2020-04-26 11:27:27.817 15866 INFO rally.task.runner [-] Task 3d9388a6-3e51-4703-bef1-85eed849b829 | ITER: 10 END: OK
2020-04-26 11:27:27.850 15863 INFO rally.task.runner [-] Task 3d9388a6-3e51-4703-bef1-85eed849b829 | ITER: 9 END: OK
2020-04-26 11:27:27.877 15675 INFO rally.task.context [-] Task 3d9388a6-3e51-4703-bef1-85eed849b829 | Context cleanup@openstack cleanup() started
2020-04-26 11:27:27.880 15675 RALLYDEBUG rally_openstack.task.cleanup.manager [-] Cleaning up nova servers objects
2020-04-26 11:27:28.627 15675 RALLYDEBUG rally_openstack.task.cleanup.manager [-] Cleaning up nova server_groups objects
2020-04-26 11:27:29.124 15675 RALLYDEBUG rally_openstack.task.cleanup.manager [-] Cleaning up nova keypairs objects
2020-04-26 11:27:30.194 15675 RALLYDEBUG rally_openstack.task.cleanup.manager [-] Deleting nova.keypairs object s_rally_a334f24c_J98sewRC (s_rally_a334f24c_J98sewRC)
2020-04-26 11:27:30.197 15675 RALLYDEBUG rally_openstack.task.cleanup.manager [-] Deleting nova.keypairs object s_rally_a334f24c_DKIA4rDz (s_rally_a334f24c_DKIA4rDz)
2020-04-26 11:27:30.206 15675 RALLYDEBUG rally_openstack.task.cleanup.manager [-] Deleting nova.keypairs object s_rally_a334f24c_MATyh5Dn (s_rally_a334f24c_MATyh5Dn)
2020-04-26 11:27:30.218 15675 RALLYDEBUG rally_openstack.task.cleanup.manager [-] Deleting nova.keypairs object s_rally_a334f24c_66C6NXIt (s_rally_a334f24c_66C6NXIt)
2020-04-26 11:27:30.226 15675 RALLYDEBUG rally_openstack.task.cleanup.manager [-] Deleting nova.keypairs object s_rally_a334f24c_9LtxyYXi (s_rally_a334f24c_9LtxyYXi)
2020-04-26 11:27:30.234 15675 RALLYDEBUG rally_openstack.task.cleanup.manager [-] Deleting nova.keypairs object s_rally_a334f24c_lkAMXJpM (s_rally_a334f24c_lkAMXJpM)
2020-04-26 11:27:30.246 15675 RALLYDEBUG rally_openstack.task.cleanup.manager [-] Deleting nova.keypairs object s_rally_a334f24c_7yxQa24r (s_rally_a334f24c_7yxQa24r)
2020-04-26 11:27:30.261 15675 RALLYDEBUG rally_openstack.task.cleanup.manager [-] Deleting nova.keypairs object s_rally_a334f24c_HzD8C3eS (s_rally_a334f24c_HzD8C3eS)
2020-04-26 11:27:30.267 15675 RALLYDEBUG rally_openstack.task.cleanup.manager [-] Deleting nova.keypairs object s_rally_a334f24c_7HAzKgMI (s_rally_a334f24c_7HAzKgMI)
2020-04-26 11:27:30.275 15675 RALLYDEBUG rally_openstack.task.cleanup.manager [-] Deleting nova.keypairs object s_rally_a334f24c_O7jGzIOe (s_rally_a334f24c_O7jGzIOe)
2020-04-26 11:27:31.571 15675 INFO rally.task.context [-] Task 3d9388a6-3e51-4703-bef1-85eed849b829 | Context cleanup@openstack cleanup() finished in 3.69 sec
2020-04-26 11:27:31.572 15675 INFO rally.task.context [-] Task 3d9388a6-3e51-4703-bef1-85eed849b829 | Context quotas@openstack cleanup() started
2020-04-26 11:27:31.643 15675 INFO rally.task.context [-] Task 3d9388a6-3e51-4703-bef1-85eed849b829 | Context quotas@openstack cleanup() finished in 71.51 msec
2020-04-26 11:27:31.644 15675 INFO rally.task.context [-] Task 3d9388a6-3e51-4703-bef1-85eed849b829 | Context users@openstack cleanup() started
2020-04-26 11:27:34.115 15675 INFO rally.task.context [-] Task 3d9388a6-3e51-4703-bef1-85eed849b829 | Context users@openstack cleanup() finished in 2.47 sec
2020-04-26 11:27:34.458 15675 INFO rally.task.engine [-] Load duration is: 1.281736
2020-04-26 11:27:34.459 15675 INFO rally.task.engine [-] Full runner duration is: 1.324444
2020-04-26 11:27:34.459 15675 INFO rally.task.engine [-] Full duration is: 9.72639
2020-04-26 11:27:34.539 15675 INFO rally.task.engine [-] Running workload: position = 0 config = { "version": 2, "title": "A cropped version of a bigger task.", "description": "Auto-generated task from a single workload (uuid=9e6b0f6c-505f-4685-a342-55e82b3355f2)", "subtasks": [ { "title": "NovaServers.boot_and_bounce_server", "description": "Boot a server and run specified actions against it.", "scenario": { "NovaServers.boot_and_bounce_server": { "actions": [ { "hard_reboot": 1 }, { "soft_reboot": 1 }, { "stop_start": 1 }, { "rescue_unrescue": 1 } ], "flavor": { "name": "rally_full-flavor_e682400e-6557-47f8-ab35-d73c2fba5a69" }, "image": { "name": "rally_full-img_e682400e-6557-47f8-ab35-d73c2fba5a69" }, "nics": [ { "net-id": "af47796e-c88f-460d-bbd7-b8d236245e71" } ] } }, "contexts": { "users": { "tenants": 3, "users_per_tenant": 2 }, "network": { "networks_per_tenant": 1, "start_cidr": "100.1.0.0/25" }, "quotas": { "neutron": { "network": -1, "port": -1, "subnet": -1 }, "nova": { "cores": -1, "floating_ips": -1, "instances": -1, "ram": -1, "security_group_rules": -1, "security_groups": -1 } } }, "runner": { "constant": { "concurrency": 4, "times": 10 } }, "hooks": [], "sla": { "failure_rate": { "max": 0 } } } ] }
2020-04-26 11:27:34.559 15675 RALLYDEBUG rally_openstack.task.contexts.keystone.users [-] Creating 3 tenants using 3 threads
2020-04-26 11:27:34.987 15675 RALLYDEBUG rally_openstack.task.contexts.keystone.users [-] Creating 6 users using 6 threads
2020-04-26 11:27:35.837 15675 INFO rally.task.context [-] Task 3d9388a6-3e51-4703-bef1-85eed849b829 | Context users@openstack setup() finished in 1.28 sec
2020-04-26 11:27:37.050 15675 INFO rally.task.context [-] Task 3d9388a6-3e51-4703-bef1-85eed849b829 | Context quotas@openstack setup() finished in 1.21 sec
2020-04-26 11:27:38.976 15675 RALLYDEBUG rally_openstack.common.wrappers.network [-] CIDR generated: 100.1.0.0/25
2020-04-26 11:27:44.415 15675 RALLYDEBUG rally_openstack.common.wrappers.network [-] CIDR generated: 100.1.0.128/25
2020-04-26 11:27:49.987 15675 RALLYDEBUG rally_openstack.common.wrappers.network [-] CIDR generated: 100.1.1.0/25
2020-04-26 11:27:52.400 15675 INFO rally.task.context [-] Task 3d9388a6-3e51-4703-bef1-85eed849b829 | Context network@openstack setup() finished in 15.35 sec
2020-04-26 11:27:52.401 15675 INFO rally.task.context [-] Task 3d9388a6-3e51-4703-bef1-85eed849b829 | Context cleanup@openstack setup() finished in 0.02 msec
2020-04-26 11:27:52.835 15675 RALLYDEBUG rally.task.runner [-] Starting the constant runner (task UUID: 3d9388a6-3e51-4703-bef1-85eed849b829). times: 10 concurrency: 4 timeout: 0 max_cpu_used: 88 processes_to_start: 4 concurrency_per_worker: 1 concurrency_overhead: 0
2020-04-26 11:27:52.845 15996 RALLYDEBUG rally.task.runner [-] Starting a worker. times: 10 duration: None concurrency: 1 timeout: 0 cls: method_name: run args: {"actions": [{"hard_reboot": 1}, {"soft_reboot": 1}, {"stop_start": 1}, {"rescue_unrescue": 1}], "flavor": "21bf88ac-6eb5-4cce-8ebd-6c60291b5186", "image": "0c6b06b0-cf94-46e1-8894-79d640aac3a3", "nics": [{"net-id": "af47796e-c88f-460d-bbd7-b8d236245e71"}]}
2020-04-26 11:27:52.848 15997 RALLYDEBUG rally.task.runner [-] Starting a worker. times: 10 duration: None concurrency: 1 timeout: 0 cls: method_name: run args: {"actions": [{"hard_reboot": 1}, {"soft_reboot": 1}, {"stop_start": 1}, {"rescue_unrescue": 1}], "flavor": "21bf88ac-6eb5-4cce-8ebd-6c60291b5186", "image": "0c6b06b0-cf94-46e1-8894-79d640aac3a3", "nics": [{"net-id": "af47796e-c88f-460d-bbd7-b8d236245e71"}]}
2020-04-26 11:27:52.850 15998 RALLYDEBUG rally.task.runner [-] Starting a worker. times: 10 duration: None concurrency: 1 timeout: 0 cls: method_name: run args: {"actions": [{"hard_reboot": 1}, {"soft_reboot": 1}, {"stop_start": 1}, {"rescue_unrescue": 1}], "flavor": "21bf88ac-6eb5-4cce-8ebd-6c60291b5186", "image": "0c6b06b0-cf94-46e1-8894-79d640aac3a3", "nics": [{"net-id": "af47796e-c88f-460d-bbd7-b8d236245e71"}]}
2020-04-26 11:27:52.851 15996 INFO rally.task.runner [-] Task 3d9388a6-3e51-4703-bef1-85eed849b829 | ITER: 1 START
2020-04-26 11:27:52.852 15999 RALLYDEBUG rally.task.runner [-] Starting a worker. times: 10 duration: None concurrency: 1 timeout: 0 cls: method_name: run args: {"actions": [{"hard_reboot": 1}, {"soft_reboot": 1}, {"stop_start": 1}, {"rescue_unrescue": 1}], "flavor": "21bf88ac-6eb5-4cce-8ebd-6c60291b5186", "image": "0c6b06b0-cf94-46e1-8894-79d640aac3a3", "nics": [{"net-id": "af47796e-c88f-460d-bbd7-b8d236245e71"}]}
2020-04-26 11:27:52.855 15997 INFO rally.task.runner [-] Task 3d9388a6-3e51-4703-bef1-85eed849b829 | ITER: 2 START
2020-04-26 11:27:52.857 15998 INFO rally.task.runner [-] Task 3d9388a6-3e51-4703-bef1-85eed849b829 | ITER: 3 START
2020-04-26 11:27:52.859 15999 INFO rally.task.runner [-] Task 3d9388a6-3e51-4703-bef1-85eed849b829 | ITER: 4 START
2020-04-26 11:28:01.736 15996 RALLYDEBUG rally.task.utils [-] Waiting for resource s_rally_9e6b0f6c_7UUjWHkp. Status changed: BUILD => ACTIVE in 6.874617338180542
2020-04-26 11:28:04.104 15996 RALLYDEBUG rally.task.utils [-] Waiting for resource s_rally_9e6b0f6c_7UUjWHkp. Status changed: ACTIVE => HARD_REBOOT in 0.22053098678588867
2020-04-26 11:28:04.498 15998 RALLYDEBUG rally.task.utils [-] Waiting for resource s_rally_9e6b0f6c_ncOgTup7. Status changed: BUILD => ACTIVE in 9.222304344177246
2020-04-26 11:28:06.331 15996 RALLYDEBUG rally.task.utils [-] Waiting for resource s_rally_9e6b0f6c_7UUjWHkp. Status changed: HARD_REBOOT => ACTIVE in 2.227678060531616
2020-04-26 11:28:06.480 15997 RALLYDEBUG rally.task.utils [-] Waiting for resource s_rally_9e6b0f6c_B9EP17tT. Status changed: BUILD => ACTIVE in 11.217474460601807
2020-04-26 11:28:06.610 15999 RALLYDEBUG rally.task.utils [-] Waiting for resource s_rally_9e6b0f6c_1TniLZ5t. Status changed: BUILD => ACTIVE in 11.298120737075806
2020-04-26 11:28:06.947 15998 RALLYDEBUG rally.task.utils [-] Waiting for resource s_rally_9e6b0f6c_ncOgTup7. Status changed: ACTIVE => HARD_REBOOT in 0.3118910789489746
2020-04-26 11:28:08.689 15996 RALLYDEBUG rally.task.utils [-] Waiting for resource s_rally_9e6b0f6c_7UUjWHkp. Status changed: ACTIVE => REBOOT in 0.22431588172912598
2020-04-26 11:28:08.858 15997 RALLYDEBUG rally.task.utils [-] Waiting for resource s_rally_9e6b0f6c_B9EP17tT. Status changed: ACTIVE => HARD_REBOOT in 0.22198843955993652
2020-04-26 11:28:09.013 15999 RALLYDEBUG rally.task.utils [-] Waiting for resource s_rally_9e6b0f6c_1TniLZ5t. Status changed: ACTIVE => HARD_REBOOT in 0.21337342262268066
2020-04-26 11:28:09.155 15998 RALLYDEBUG rally.task.utils [-] Waiting for resource s_rally_9e6b0f6c_ncOgTup7. Status changed: HARD_REBOOT => ACTIVE in 2.20796275138855
2020-04-26 11:28:11.515 15998 RALLYDEBUG rally.task.utils [-] Waiting for resource s_rally_9e6b0f6c_ncOgTup7. Status changed: ACTIVE => REBOOT in 0.22085022926330566
2020-04-26 11:28:13.298 15997 RALLYDEBUG rally.task.utils [-] Waiting for resource s_rally_9e6b0f6c_B9EP17tT. Status changed: HARD_REBOOT => ACTIVE in 4.440494775772095
2020-04-26 11:28:13.472 15999 RALLYDEBUG rally.task.utils [-] Waiting for resource s_rally_9e6b0f6c_1TniLZ5t. Status changed: HARD_REBOOT => ACTIVE in 4.45902156829834
2020-04-26 11:28:15.663 15997 RALLYDEBUG rally.task.utils [-] Waiting for resource s_rally_9e6b0f6c_B9EP17tT. Status changed: ACTIVE => REBOOT in 0.23345351219177246
2020-04-26 11:28:15.843 15999 RALLYDEBUG rally.task.utils [-] Waiting for resource s_rally_9e6b0f6c_1TniLZ5t. Status changed: ACTIVE => REBOOT in 0.19683003425598145
2020-04-26 11:30:12.597 15996 RALLYDEBUG rally.task.utils [-] Waiting for resource s_rally_9e6b0f6c_7UUjWHkp. Status changed: REBOOT => ACTIVE in 123.90774464607239
2020-04-26 11:30:14.846 15998 RALLYDEBUG rally.task.utils [-] Waiting for resource s_rally_9e6b0f6c_ncOgTup7. Status changed: REBOOT => ACTIVE in 123.33102321624756
2020-04-26 11:30:15.221 15996 RALLYDEBUG rally.task.utils [-] Waiting for resource s_rally_9e6b0f6c_7UUjWHkp. Status changed: ACTIVE => SHUTOFF in 2.4944918155670166
2020-04-26 11:30:15.682 15996 RALLYDEBUG rally.task.utils [-] Waiting for resource s_rally_9e6b0f6c_7UUjWHkp. Status changed: ACTIVE => SHUTOFF in 0.341813325881958
2020-04-26 11:30:17.389 15998 RALLYDEBUG rally.task.utils [-] Waiting for resource s_rally_9e6b0f6c_ncOgTup7. Status changed: ACTIVE => SHUTOFF in 2.423614263534546
2020-04-26 11:30:17.759 15998 RALLYDEBUG rally.task.utils [-] Waiting for resource s_rally_9e6b0f6c_ncOgTup7. Status changed: ACTIVE => SHUTOFF in 0.24077820777893066
2020-04-26 11:30:22.872 15998 RALLYDEBUG rally.task.utils [-] Waiting for resource s_rally_9e6b0f6c_ncOgTup7. Status changed: SHUTOFF => ACTIVE in 5.113457679748535
2020-04-26 11:30:22.985 15996 RALLYDEBUG rally.task.utils [-] Waiting for resource s_rally_9e6b0f6c_7UUjWHkp. Status changed: SHUTOFF => ACTIVE in 7.303231954574585
2020-04-26 11:30:23.336 15999 RALLYDEBUG rally.task.utils [-] Waiting for resource s_rally_9e6b0f6c_1TniLZ5t. Status changed: REBOOT => ACTIVE in 127.49306416511536
2020-04-26 11:30:23.576 15997 RALLYDEBUG rally.task.utils [-] Waiting for resource s_rally_9e6b0f6c_B9EP17tT. Status changed: REBOOT => ACTIVE in 127.9131019115448
2020-04-26 11:30:26.126 15997 RALLYDEBUG rally.task.utils [-] Waiting for resource s_rally_9e6b0f6c_B9EP17tT. Status changed: ACTIVE => SHUTOFF in 2.429506778717041
2020-04-26 11:30:26.488 15997 RALLYDEBUG rally.task.utils [-] Waiting for resource s_rally_9e6b0f6c_B9EP17tT. Status changed: ACTIVE => SHUTOFF in 0.23779916763305664
2020-04-26 11:30:28.200 15999 RALLYDEBUG rally.task.utils [-] Waiting for resource s_rally_9e6b0f6c_1TniLZ5t. Status changed: ACTIVE => SHUTOFF in 4.740352153778076
2020-04-26 11:30:28.536 15999 RALLYDEBUG rally.task.utils [-] Waiting for resource s_rally_9e6b0f6c_1TniLZ5t. Status changed: ACTIVE => SHUTOFF in 0.2140507698059082
2020-04-26 11:30:33.878 15997 RALLYDEBUG rally.task.utils [-] Waiting for resource s_rally_9e6b0f6c_B9EP17tT. Status changed: SHUTOFF => ACTIVE in 7.3907623291015625
2020-04-26 11:30:34.232 15998 RALLYDEBUG rally.task.utils [-] Waiting for resource s_rally_9e6b0f6c_ncOgTup7. Status changed: ACTIVE => RESCUE in 9.215925931930542
2020-04-26 11:30:34.292 15996 RALLYDEBUG rally.task.utils [-] Waiting for resource s_rally_9e6b0f6c_7UUjWHkp. Status changed: ACTIVE => RESCUE in 9.169421672821045
2020-04-26 11:30:34.889 15999 RALLYDEBUG rally.task.utils [-] Waiting for resource s_rally_9e6b0f6c_1TniLZ5t. Status changed: SHUTOFF => ACTIVE in 6.35339093208313
2020-04-26 11:30:36.554 15998 RALLYDEBUG rally.task.utils [-] Waiting for resource s_rally_9e6b0f6c_ncOgTup7. Status changed: ACTIVE => RESCUE in 0.19400477409362793
2020-04-26 11:30:36.630 15996 RALLYDEBUG rally.task.utils [-] Waiting for resource s_rally_9e6b0f6c_7UUjWHkp. Status changed: ACTIVE => RESCUE in 0.20900464057922363
2020-04-26 11:30:42.457 15997 RALLYDEBUG rally.task.utils [-] Waiting for resource s_rally_9e6b0f6c_B9EP17tT. Status changed: ACTIVE => RESCUE in 6.4458606243133545
2020-04-26 11:30:43.288 15998 RALLYDEBUG rally.task.utils [-] Waiting for resource s_rally_9e6b0f6c_ncOgTup7. Status changed: RESCUE => ACTIVE in 6.7342634201049805
2020-04-26 11:30:43.291 15999 RALLYDEBUG rally.task.utils [-] Waiting for resource s_rally_9e6b0f6c_1TniLZ5t. Status changed: ACTIVE => RESCUE in 6.263621091842651
2020-04-26 11:30:43.462 15996 RALLYDEBUG rally.task.utils [-] Waiting for resource s_rally_9e6b0f6c_7UUjWHkp. Status changed: RESCUE => ACTIVE in 6.832178592681885
2020-04-26 11:30:44.849 15997 RALLYDEBUG rally.task.utils [-] Waiting for resource s_rally_9e6b0f6c_B9EP17tT. Status changed: ACTIVE => RESCUE in 0.2614164352416992
2020-04-26 11:30:47.089 15999 RALLYDEBUG rally.task.utils [-] Waiting for resource s_rally_9e6b0f6c_1TniLZ5t. Status changed: ACTIVE => RESCUE in 1.6913478374481201
2020-04-26 11:30:47.895 15998 INFO rally.task.runner [-] Task 3d9388a6-3e51-4703-bef1-85eed849b829 | ITER: 3 END: OK
2020-04-26 11:30:47.902 15998 INFO rally.task.runner [-] Task 3d9388a6-3e51-4703-bef1-85eed849b829 | ITER: 5 START
2020-04-26 11:30:48.216 15996 INFO rally.task.runner [-] Task 3d9388a6-3e51-4703-bef1-85eed849b829 | ITER: 1 END: OK
2020-04-26 11:30:48.222 15996 INFO rally.task.runner [-] Task 3d9388a6-3e51-4703-bef1-85eed849b829 | ITER: 6 START
2020-04-26 11:30:49.446 15997 RALLYDEBUG rally.task.utils [-] Waiting for resource s_rally_9e6b0f6c_B9EP17tT. Status changed: RESCUE => ACTIVE in 4.597128629684448
2020-04-26 11:30:49.449 15999 RALLYDEBUG rally.task.utils [-] Waiting for resource s_rally_9e6b0f6c_1TniLZ5t. Status changed: RESCUE => ACTIVE in 2.359341859817505
2020-04-26 11:30:52.037 15997 INFO rally.task.runner [-] Task 3d9388a6-3e51-4703-bef1-85eed849b829 | ITER: 2 END: OK
2020-04-26 11:30:52.043 15997 INFO rally.task.runner [-] Task 3d9388a6-3e51-4703-bef1-85eed849b829 | ITER: 7 START
