2020-04-26 11:30:54.230 15999 INFO rally.task.runner [-] Task 3d9388a6-3e51-4703-bef1-85eed849b829 | ITER: 4 END: OK
2020-04-26 11:30:54.236 15999 INFO rally.task.runner [-] Task 3d9388a6-3e51-4703-bef1-85eed849b829 | ITER: 8 START
2020-04-26 11:30:58.874 15998 RALLYDEBUG rally.task.utils [-] Waiting for resource s_rally_9e6b0f6c_9T5pcMAO. Status changed: BUILD => ACTIVE in 8.617074966430664
2020-04-26 11:31:00.795 15996 RALLYDEBUG rally.task.utils [-] Waiting for resource s_rally_9e6b0f6c_E22iar5i. Status changed: BUILD => ACTIVE in 10.518990516662598
2020-04-26 11:31:01.218 15998 RALLYDEBUG rally.task.utils [-] Waiting for resource s_rally_9e6b0f6c_9T5pcMAO. Status changed: ACTIVE => HARD_REBOOT in 0.2104799747467041
2020-04-26 11:31:03.149 15996 RALLYDEBUG rally.task.utils [-] Waiting for resource s_rally_9e6b0f6c_E22iar5i. Status changed: ACTIVE => HARD_REBOOT in 0.21529197692871094
2020-04-26 11:31:03.466 15998 RALLYDEBUG rally.task.utils [-] Waiting for resource s_rally_9e6b0f6c_9T5pcMAO. Status changed: HARD_REBOOT => ACTIVE in 2.2482552528381348
2020-04-26 11:31:03.467 15999 RALLYDEBUG rally.task.utils [-] Waiting for resource s_rally_9e6b0f6c_uL2lww8P. Status changed: BUILD => ACTIVE in 7.183552980422974
2020-04-26 11:31:05.382 15996 RALLYDEBUG rally.task.utils [-] Waiting for resource s_rally_9e6b0f6c_E22iar5i. Status changed: HARD_REBOOT => ACTIVE in 2.23321533203125
2020-04-26 11:31:05.458 15997 RALLYDEBUG rally.task.utils [-] Waiting for resource s_rally_9e6b0f6c_HF71X17p. Status changed: BUILD => ACTIVE in 11.302053928375244
2020-04-26 11:31:05.801 15998 RALLYDEBUG rally.task.utils [-] Waiting for resource s_rally_9e6b0f6c_9T5pcMAO. Status changed: ACTIVE => REBOOT in 0.19927716255187988
2020-04-26 11:31:05.816 15999 RALLYDEBUG rally.task.utils [-] Waiting for resource s_rally_9e6b0f6c_uL2lww8P. Status changed: ACTIVE => HARD_REBOOT in 0.20415639877319336
2020-04-26 11:31:07.823 15996 RALLYDEBUG rally.task.utils [-] Waiting for resource s_rally_9e6b0f6c_E22iar5i. Status changed: ACTIVE => REBOOT in 0.2799355983734131
2020-04-26 11:31:07.834 15997 RALLYDEBUG rally.task.utils [-] Waiting for resource s_rally_9e6b0f6c_HF71X17p. Status changed: ACTIVE => HARD_REBOOT in 0.21319794654846191
2020-04-26 11:31:08.023 15999 RALLYDEBUG rally.task.utils [-] Waiting for resource s_rally_9e6b0f6c_uL2lww8P. Status changed: HARD_REBOOT => ACTIVE in 2.207207202911377
2020-04-26 11:31:10.248 15997 RALLYDEBUG rally.task.utils [-] Waiting for resource s_rally_9e6b0f6c_HF71X17p. Status changed: HARD_REBOOT => ACTIVE in 2.413346767425537
2020-04-26 11:31:10.495 15999 RALLYDEBUG rally.task.utils [-] Waiting for resource s_rally_9e6b0f6c_uL2lww8P. Status changed: ACTIVE => REBOOT in 0.3390533924102783
2020-04-26 11:31:12.583 15997 RALLYDEBUG rally.task.utils [-] Waiting for resource s_rally_9e6b0f6c_HF71X17p. Status changed: ACTIVE => REBOOT in 0.19926738739013672
2020-04-26 11:33:10.363 15998 RALLYDEBUG rally.task.utils [-] Waiting for resource s_rally_9e6b0f6c_9T5pcMAO. Status changed: REBOOT => ACTIVE in 124.5618839263916
2020-04-26 11:33:10.572 15996 RALLYDEBUG rally.task.utils [-] Waiting for resource s_rally_9e6b0f6c_E22iar5i. Status changed: REBOOT => ACTIVE in 122.74877333641052
2020-04-26 11:33:12.908 15998 RALLYDEBUG rally.task.utils [-] Waiting for resource s_rally_9e6b0f6c_9T5pcMAO. Status changed: ACTIVE => SHUTOFF in 2.3928606510162354
2020-04-26 11:33:13.201 15996 RALLYDEBUG rally.task.utils [-] Waiting for resource s_rally_9e6b0f6c_E22iar5i. Status changed: ACTIVE => SHUTOFF in 2.508859872817993
2020-04-26 11:33:13.259 15998 RALLYDEBUG rally.task.utils [-] Waiting for resource s_rally_9e6b0f6c_9T5pcMAO. Status changed: ACTIVE => SHUTOFF in 0.23515677452087402
2020-04-26 11:33:13.563 15996 RALLYDEBUG rally.task.utils [-] Waiting for resource s_rally_9e6b0f6c_E22iar5i. Status changed: ACTIVE => SHUTOFF in 0.22307562828063965
2020-04-26 11:33:14.242 15999 RALLYDEBUG rally.task.utils [-] Waiting for resource s_rally_9e6b0f6c_uL2lww8P. Status changed: REBOOT => ACTIVE in 123.7461678981781
2020-04-26 11:33:16.944 15999 RALLYDEBUG rally.task.utils [-] Waiting for resource s_rally_9e6b0f6c_uL2lww8P. Status changed: ACTIVE => SHUTOFF in 2.580639362335205
2020-04-26 11:33:17.233 15996 RALLYDEBUG rally.task.utils [-] Waiting for resource s_rally_9e6b0f6c_E22iar5i. Status changed: SHUTOFF => ACTIVE in 3.66994047164917
2020-04-26 11:33:17.264 15999 RALLYDEBUG rally.task.utils [-] Waiting for resource s_rally_9e6b0f6c_uL2lww8P. Status changed: ACTIVE => SHUTOFF in 0.21815752983093262
2020-04-26 11:33:18.091 15998 RALLYDEBUG rally.task.utils [-] Waiting for resource s_rally_9e6b0f6c_9T5pcMAO. Status changed: SHUTOFF => ACTIVE in 4.8319337368011475
2020-04-26 11:33:20.912 15997 RALLYDEBUG rally.task.utils [-] Waiting for resource s_rally_9e6b0f6c_HF71X17p. Status changed: REBOOT => ACTIVE in 128.32874631881714
2020-04-26 11:33:20.967 15999 RALLYDEBUG rally.task.utils [-] Waiting for resource s_rally_9e6b0f6c_uL2lww8P. Status changed: SHUTOFF => ACTIVE in 3.7035200595855713
2020-04-26 11:33:24.097 15996 RALLYDEBUG rally.task.utils [-] Waiting for resource s_rally_9e6b0f6c_E22iar5i. Status changed: ACTIVE => RESCUE in 4.666624546051025
2020-04-26 11:33:24.853 15998 RALLYDEBUG rally.task.utils [-] Waiting for resource s_rally_9e6b0f6c_9T5pcMAO. Status changed: ACTIVE => RESCUE in 4.6185243129730225
2020-04-26 11:33:24.907 15997 RALLYDEBUG rally.task.utils [-] Waiting for resource s_rally_9e6b0f6c_HF71X17p. Status changed: ACTIVE => SHUTOFF in 3.876291275024414
2020-04-26 11:33:25.244 15997 RALLYDEBUG rally.task.utils [-] Waiting for resource s_rally_9e6b0f6c_HF71X17p. Status changed: ACTIVE => SHUTOFF in 0.2212355136871338
2020-04-26 11:33:25.497 15999 RALLYDEBUG rally.task.utils [-] Waiting for resource s_rally_9e6b0f6c_uL2lww8P. Status changed: ACTIVE => RESCUE in 2.4067089557647705
2020-04-26 11:33:26.432 15996 RALLYDEBUG rally.task.utils [-] Waiting for resource s_rally_9e6b0f6c_E22iar5i. Status changed: ACTIVE => RESCUE in 0.2181401252746582
2020-04-26 11:33:27.188 15998 RALLYDEBUG rally.task.utils [-] Waiting for resource s_rally_9e6b0f6c_9T5pcMAO. Status changed: ACTIVE => RESCUE in 0.20785903930664062
2020-04-26 11:33:27.836 15999 RALLYDEBUG rally.task.utils [-] Waiting for resource s_rally_9e6b0f6c_uL2lww8P. Status changed: ACTIVE => RESCUE in 0.21307802200317383
2020-04-26 11:33:28.686 15996 RALLYDEBUG rally.task.utils [-] Waiting for resource s_rally_9e6b0f6c_E22iar5i. Status changed: RESCUE => ACTIVE in 2.253903865814209
2020-04-26 11:33:30.055 15999 RALLYDEBUG rally.task.utils [-] Waiting for resource s_rally_9e6b0f6c_uL2lww8P. Status changed: RESCUE => ACTIVE in 2.2189931869506836
2020-04-26 11:33:30.063 15997 RALLYDEBUG rally.task.utils [-] Waiting for resource s_rally_9e6b0f6c_HF71X17p. Status changed: SHUTOFF => ACTIVE in 4.8195812702178955
2020-04-26 11:33:31.121 15996 INFO rally.task.runner [-] Task 3d9388a6-3e51-4703-bef1-85eed849b829 | ITER: 6 END: OK
2020-04-26 11:33:31.125 15996 INFO rally.task.runner [-] Task 3d9388a6-3e51-4703-bef1-85eed849b829 | ITER: 9 START
2020-04-26 11:33:31.592 15998 RALLYDEBUG rally.task.utils [-] Waiting for resource s_rally_9e6b0f6c_9T5pcMAO. Status changed: RESCUE => ACTIVE in 4.403491735458374
2020-04-26 11:33:34.071 15998 INFO rally.task.runner [-] Task 3d9388a6-3e51-4703-bef1-85eed849b829 | ITER: 5 END: OK
2020-04-26 11:33:34.076 15998 INFO rally.task.runner [-] Task 3d9388a6-3e51-4703-bef1-85eed849b829 | ITER: 10 START
2020-04-26 11:33:35.758 15999 INFO rally.task.runner [-] Task 3d9388a6-3e51-4703-bef1-85eed849b829 | ITER: 8 END: OK
2020-04-26 11:33:36.913 15997 RALLYDEBUG rally.task.utils [-] Waiting for resource s_rally_9e6b0f6c_HF71X17p. Status changed: ACTIVE => RESCUE in 4.72618293762207
2020-04-26 11:33:39.298 15997 RALLYDEBUG rally.task.utils [-] Waiting for resource s_rally_9e6b0f6c_HF71X17p. Status changed: ACTIVE => RESCUE in 0.2471168041229248
2020-04-26 11:33:40.068 15996 RALLYDEBUG rally.task.utils [-] Waiting for resource s_rally_9e6b0f6c_dcN8uO66. Status changed: BUILD => ACTIVE in 6.9548797607421875
2020-04-26 11:33:41.520 15997 RALLYDEBUG rally.task.utils [-] Waiting for resource s_rally_9e6b0f6c_HF71X17p. Status changed: RESCUE => ACTIVE in 2.221190929412842
2020-04-26 11:33:42.403 15996 RALLYDEBUG rally.task.utils [-] Waiting for resource s_rally_9e6b0f6c_dcN8uO66. Status changed: ACTIVE => HARD_REBOOT in 0.20043373107910156
2020-04-26 11:33:44.034 15997 INFO rally.task.runner [-] Task 3d9388a6-3e51-4703-bef1-85eed849b829 | ITER: 7 END: OK
2020-04-26 11:33:44.647 15996 RALLYDEBUG rally.task.utils [-] Waiting for resource s_rally_9e6b0f6c_dcN8uO66. Status changed: HARD_REBOOT => ACTIVE in 2.2445926666259766
2020-04-26 11:33:45.108 15998 RALLYDEBUG rally.task.utils [-] Waiting for resource s_rally_9e6b0f6c_YuZBWODR. Status changed: BUILD => ACTIVE in 9.044133424758911
2020-04-26 11:33:47.001 15996 RALLYDEBUG rally.task.utils [-] Waiting for resource s_rally_9e6b0f6c_dcN8uO66. Status changed: ACTIVE => REBOOT in 0.22269129753112793
2020-04-26 11:33:47.462 15998 RALLYDEBUG rally.task.utils [-] Waiting for resource s_rally_9e6b0f6c_YuZBWODR. Status changed: ACTIVE => HARD_REBOOT in 0.21967768669128418
2020-04-26 11:33:49.723 15998 RALLYDEBUG rally.task.utils [-] Waiting for resource s_rally_9e6b0f6c_YuZBWODR. Status changed: HARD_REBOOT => ACTIVE in 2.260685920715332
2020-04-26 11:33:52.062 15998 RALLYDEBUG rally.task.utils [-] Waiting for resource s_rally_9e6b0f6c_YuZBWODR. Status changed: ACTIVE => REBOOT in 0.21197724342346191
2020-04-26 11:35:51.017 15996 RALLYDEBUG rally.task.utils [-] Waiting for resource s_rally_9e6b0f6c_dcN8uO66. Status changed: REBOOT => ACTIVE in 124.01582455635071
2020-04-26 11:35:54.673 15996 RALLYDEBUG rally.task.utils [-] Waiting for resource s_rally_9e6b0f6c_dcN8uO66. Status changed: ACTIVE => SHUTOFF in 3.503567934036255
2020-04-26 11:35:55.126 15996 RALLYDEBUG rally.task.utils [-] Waiting for resource s_rally_9e6b0f6c_dcN8uO66. Status changed: ACTIVE => SHUTOFF in 0.29328179359436035
2020-04-26 11:35:55.549 15998 RALLYDEBUG rally.task.utils [-] Waiting for resource s_rally_9e6b0f6c_YuZBWODR. Status changed: REBOOT => ACTIVE in 123.48673367500305
2020-04-26 11:35:58.132 15998 RALLYDEBUG rally.task.utils [-] Waiting for resource s_rally_9e6b0f6c_YuZBWODR. Status changed: ACTIVE => SHUTOFF in 2.4647598266601562
2020-04-26 11:35:58.460 15998 RALLYDEBUG rally.task.utils [-] Waiting for resource s_rally_9e6b0f6c_YuZBWODR. Status changed: ACTIVE => SHUTOFF in 0.2094266414642334
2020-04-26 11:36:00.079 15996 RALLYDEBUG rally.task.utils [-] Waiting for resource s_rally_9e6b0f6c_dcN8uO66. Status changed: SHUTOFF => ACTIVE in 4.953408241271973
2020-04-26 11:36:02.104 15998 RALLYDEBUG rally.task.utils [-] Waiting for resource s_rally_9e6b0f6c_YuZBWODR. Status changed: SHUTOFF => ACTIVE in 3.6437244415283203
2020-04-26 11:36:06.856 15996 RALLYDEBUG rally.task.utils [-] Waiting for resource s_rally_9e6b0f6c_dcN8uO66. Status changed: ACTIVE => RESCUE in 4.653367280960083
2020-04-26 11:36:09.186 15996 RALLYDEBUG rally.task.utils [-] Waiting for resource s_rally_9e6b0f6c_dcN8uO66. Status changed: ACTIVE => RESCUE in 0.2036745548248291
2020-04-26 11:36:10.075 15998 RALLYDEBUG rally.task.utils [-] Waiting for resource s_rally_9e6b0f6c_YuZBWODR. Status changed: ACTIVE => RESCUE in 5.843124866485596
2020-04-26 11:36:12.417 15998 RALLYDEBUG rally.task.utils [-] Waiting for resource s_rally_9e6b0f6c_YuZBWODR. Status changed: ACTIVE => RESCUE in 0.21677660942077637
2020-04-26 11:36:13.575 15996 RALLYDEBUG rally.task.utils [-] Waiting for resource s_rally_9e6b0f6c_dcN8uO66. Status changed: RESCUE => ACTIVE in 4.388958215713501
2020-04-26 11:36:14.752 15998 RALLYDEBUG rally.task.utils [-] Waiting for resource s_rally_9e6b0f6c_YuZBWODR. Status changed: RESCUE => ACTIVE in 2.335547924041748
2020-04-26 11:36:16.085 15996 INFO rally.task.runner [-] Task 3d9388a6-3e51-4703-bef1-85eed849b829 | ITER: 9 END: OK
2020-04-26 11:36:17.314 15998 INFO rally.task.runner [-] Task 3d9388a6-3e51-4703-bef1-85eed849b829 | ITER: 10 END: OK
2020-04-26 11:36:17.343 15675 INFO rally.task.context [-] Task 3d9388a6-3e51-4703-bef1-85eed849b829 | Context cleanup@openstack cleanup() started
2020-04-26 11:36:17.349 15675 RALLYDEBUG rally_openstack.task.cleanup.manager [-] Cleaning up nova servers objects
2020-04-26 11:36:18.322 15675 RALLYDEBUG rally_openstack.task.cleanup.manager [-] Cleaning up nova server_groups objects
2020-04-26 11:36:18.816 15675 RALLYDEBUG rally_openstack.task.cleanup.manager [-] Cleaning up nova keypairs objects
2020-04-26 11:36:19.903 15675 INFO rally.task.context [-] Task 3d9388a6-3e51-4703-bef1-85eed849b829 | Context cleanup@openstack cleanup() finished in 2.56 sec
2020-04-26 11:36:19.903 15675 INFO rally.task.context [-] Task 3d9388a6-3e51-4703-bef1-85eed849b829 | Context network@openstack cleanup() started
2020-04-26 11:36:38.038 15675 INFO rally.task.context [-] Task 3d9388a6-3e51-4703-bef1-85eed849b829 | Context network@openstack cleanup() finished in 18.13 sec
2020-04-26 11:36:38.038 15675 INFO rally.task.context [-] Task 3d9388a6-3e51-4703-bef1-85eed849b829 | Context quotas@openstack cleanup() started
2020-04-26 11:36:38.398 15675 INFO rally.task.context [-] Task 3d9388a6-3e51-4703-bef1-85eed849b829 | Context quotas@openstack cleanup() finished in 0.36 sec
2020-04-26 11:36:38.399 15675 INFO rally.task.context [-] Task 3d9388a6-3e51-4703-bef1-85eed849b829 | Context users@openstack cleanup() started
2020-04-26 11:36:40.524 15675 INFO rally.task.context [-] Task 3d9388a6-3e51-4703-bef1-85eed849b829 | Context users@openstack cleanup() finished in 2.13 sec
2020-04-26 11:36:40.699 15675 INFO rally.task.engine [-] Load duration is: 495.460718
2020-04-26 11:36:40.699 15675 INFO rally.task.engine [-] Full runner duration is: 504.508918
2020-04-26 11:36:40.699 15675 INFO rally.task.engine [-] Full duration is: 545.96644
2020-04-26 11:36:40.785 15675 INFO rally.task.engine [-] Running workload: position = 0 config = { "version": 2, "title": "A cropped version of a bigger task.", "description": "Auto-generated task from a single workload (uuid=d43385ba-5d81-4da8-a175-10061f2c4b7c)", "subtasks": [ { "title": "NovaServers.boot_and_delete_server", "description": "Boot and delete a server.", "scenario": { "NovaServers.boot_and_delete_server": { "flavor": { "name": "rally_full-flavor_e682400e-6557-47f8-ab35-d73c2fba5a69" }, "image": { "name": "rally_full-img_e682400e-6557-47f8-ab35-d73c2fba5a69" }, "nics": [ { "net-id": "af47796e-c88f-460d-bbd7-b8d236245e71" } ] } }, "contexts": { "users": { "tenants": 3, "users_per_tenant": 2 }, "network": { "networks_per_tenant": 1, "start_cidr": "100.1.0.0/25" }, "quotas": { "neutron": { "network": -1, "port": -1, "subnet": -1 }, "nova": { "cores": -1, "floating_ips": -1, "instances": -1, "ram": -1, "security_group_rules": -1, "security_groups": -1 } } }, "runner": { "constant": { "concurrency": 4, "times": 10 } }, "hooks": [], "sla": { "failure_rate": { "max": 0 } } } ] }
2020-04-26 11:36:40.801 15675 RALLYDEBUG rally_openstack.task.contexts.keystone.users [-] Creating 3 tenants using 3 threads
2020-04-26 11:36:41.229 15675 RALLYDEBUG rally_openstack.task.contexts.keystone.users [-] Creating 6 users using 6 threads
2020-04-26 11:36:42.023 15675 INFO rally.task.context [-] Task 3d9388a6-3e51-4703-bef1-85eed849b829 | Context users@openstack setup() finished in 1.22 sec
2020-04-26 11:36:43.203 15675 INFO rally.task.context [-] Task 3d9388a6-3e51-4703-bef1-85eed849b829 | Context quotas@openstack setup() finished in 1.18 sec
2020-04-26 11:36:45.326 15675 RALLYDEBUG rally_openstack.common.wrappers.network [-] CIDR generated: 100.1.1.128/25
2020-04-26 11:36:49.887 15675 RALLYDEBUG rally_openstack.common.wrappers.network [-] CIDR generated: 100.1.2.0/25
2020-04-26 11:36:55.593 15675 RALLYDEBUG rally_openstack.common.wrappers.network [-] CIDR generated: 100.1.2.128/25
2020-04-26 11:36:58.132 15675 INFO rally.task.context [-] Task 3d9388a6-3e51-4703-bef1-85eed849b829 | Context network@openstack setup() finished in 14.93 sec
2020-04-26 11:36:58.133 15675 INFO rally.task.context [-] Task 3d9388a6-3e51-4703-bef1-85eed849b829 | Context cleanup@openstack setup() finished in 0.01 msec
2020-04-26 11:36:58.554 15675 RALLYDEBUG rally.task.runner [-] Starting the constant runner (task UUID: 3d9388a6-3e51-4703-bef1-85eed849b829). times: 10 concurrency: 4 timeout: 0 max_cpu_used: 88 processes_to_start: 4 concurrency_per_worker: 1 concurrency_overhead: 0
2020-04-26 11:36:58.565 16129 RALLYDEBUG rally.task.runner [-] Starting a worker. times: 10 duration: None concurrency: 1 timeout: 0 cls: method_name: run args: {"flavor": "21bf88ac-6eb5-4cce-8ebd-6c60291b5186", "image": "0c6b06b0-cf94-46e1-8894-79d640aac3a3", "nics": [{"net-id": "af47796e-c88f-460d-bbd7-b8d236245e71"}]}
2020-04-26 11:36:58.568 16130 RALLYDEBUG rally.task.runner [-] Starting a worker. times: 10 duration: None concurrency: 1 timeout: 0 cls: method_name: run args: {"flavor": "21bf88ac-6eb5-4cce-8ebd-6c60291b5186", "image": "0c6b06b0-cf94-46e1-8894-79d640aac3a3", "nics": [{"net-id": "af47796e-c88f-460d-bbd7-b8d236245e71"}]}
2020-04-26 11:36:58.571 16131 RALLYDEBUG rally.task.runner [-] Starting a worker. times: 10 duration: None concurrency: 1 timeout: 0 cls: method_name: run args: {"flavor": "21bf88ac-6eb5-4cce-8ebd-6c60291b5186", "image": "0c6b06b0-cf94-46e1-8894-79d640aac3a3", "nics": [{"net-id": "af47796e-c88f-460d-bbd7-b8d236245e71"}]}
2020-04-26 11:36:58.572 16132 RALLYDEBUG rally.task.runner [-] Starting a worker. times: 10 duration: None concurrency: 1 timeout: 0 cls: method_name: run args: {"flavor": "21bf88ac-6eb5-4cce-8ebd-6c60291b5186", "image": "0c6b06b0-cf94-46e1-8894-79d640aac3a3", "nics": [{"net-id": "af47796e-c88f-460d-bbd7-b8d236245e71"}]}
2020-04-26 11:36:58.573 16129 INFO rally.task.runner [-] Task 3d9388a6-3e51-4703-bef1-85eed849b829 | ITER: 1 START
2020-04-26 11:36:58.577 16132 INFO rally.task.runner [-] Task 3d9388a6-3e51-4703-bef1-85eed849b829 | ITER: 4 START
2020-04-26 11:36:58.577 16130 INFO rally.task.runner [-] Task 3d9388a6-3e51-4703-bef1-85eed849b829 | ITER: 2 START
2020-04-26 11:36:58.577 16131 INFO rally.task.runner [-] Task 3d9388a6-3e51-4703-bef1-85eed849b829 | ITER: 3 START
2020-04-26 11:37:10.084 16131 RALLYDEBUG rally.task.utils [-] Waiting for resource s_rally_d43385ba_VSAuChts. Status changed: BUILD => ACTIVE in 9.48645830154419
2020-04-26 11:37:10.088 16132 RALLYDEBUG rally.task.utils [-] Waiting for resource s_rally_d43385ba_h4RymsQm. Status changed: BUILD => ACTIVE in 9.523296594619751
2020-04-26 11:37:11.473 16130 RALLYDEBUG rally.task.utils [-] Waiting for resource s_rally_d43385ba_GVcjxDcz. Status changed: BUILD => ACTIVE in 9.155519247055054
2020-04-26 11:37:13.508 16129 RALLYDEBUG rally.task.utils [-] Waiting for resource s_rally_d43385ba_9UkzAnSF. Status changed: BUILD => ACTIVE in 12.993463039398193
2020-04-26 11:37:14.068 16130 INFO rally.task.runner [-] Task 3d9388a6-3e51-4703-bef1-85eed849b829 | ITER: 2 END: OK
2020-04-26 11:37:14.073 16130 INFO rally.task.runner [-] Task 3d9388a6-3e51-4703-bef1-85eed849b829 | ITER: 5 START
2020-04-26 11:37:14.922 16132 INFO rally.task.runner [-] Task 3d9388a6-3e51-4703-bef1-85eed849b829 | ITER: 4 END: OK
2020-04-26 11:37:14.927 16132 INFO rally.task.runner [-] Task 3d9388a6-3e51-4703-bef1-85eed849b829 | ITER: 6 START
2020-04-26 11:37:14.993 16131 INFO rally.task.runner [-] Task 3d9388a6-3e51-4703-bef1-85eed849b829 | ITER: 3 END: OK
2020-04-26 11:37:14.998 16131 INFO rally.task.runner [-] Task 3d9388a6-3e51-4703-bef1-85eed849b829 | ITER: 7 START
2020-04-26 11:37:17.682 16129 INFO rally.task.runner [-] Task 3d9388a6-3e51-4703-bef1-85eed849b829 | ITER: 1 END: OK
2020-04-26 11:37:17.687 16129 INFO rally.task.runner [-] Task 3d9388a6-3e51-4703-bef1-85eed849b829 | ITER: 8 START
2020-04-26 11:37:22.932 16130 RALLYDEBUG rally.task.utils [-] Waiting for resource s_rally_d43385ba_yIZNDN0c. Status changed: BUILD => ACTIVE in 6.953252792358398
2020-04-26 11:37:25.447 16130 INFO rally.task.runner [-] Task 3d9388a6-3e51-4703-bef1-85eed849b829 | ITER: 5 END: OK
2020-04-26 11:37:25.451 16130 INFO rally.task.runner [-] Task 3d9388a6-3e51-4703-bef1-85eed849b829 | ITER: 9 START
2020-04-26 11:37:28.493 16131 RALLYDEBUG rally.task.utils [-] Waiting for resource s_rally_d43385ba_5WX8vo3W. Status changed: BUILD => ACTIVE in 11.599434852600098
2020-04-26 11:37:29.606 16129 RALLYDEBUG rally.task.utils [-] Waiting for resource s_rally_d43385ba_T5jHtDE0. Status changed: BUILD => ACTIVE in 9.908327341079712
2020-04-26 11:37:30.901 16132 RALLYDEBUG rally.task.utils [-] Waiting for resource s_rally_d43385ba_yDWye7ik. Status changed: BUILD => ACTIVE in 13.856014728546143
2020-04-26 11:37:32.286 16129 INFO rally.task.runner [-] Task 3d9388a6-3e51-4703-bef1-85eed849b829 | ITER: 8 END: OK
2020-04-26 11:37:32.291 16129 INFO rally.task.runner [-] Task 3d9388a6-3e51-4703-bef1-85eed849b829 | ITER: 10 START
2020-04-26 11:37:33.239 16131 INFO rally.task.runner [-] Task 3d9388a6-3e51-4703-bef1-85eed849b829 | ITER: 7 END: OK
2020-04-26 11:37:33.445 16132 INFO rally.task.runner [-] Task 3d9388a6-3e51-4703-bef1-85eed849b829 | ITER: 6 END: OK
2020-04-26 11:37:37.093 16130 RALLYDEBUG rally.task.utils [-] Waiting for resource s_rally_d43385ba_Y5fxJYbJ. Status changed: BUILD => ACTIVE in 9.629179239273071
2020-04-26 11:37:39.688 16130 INFO rally.task.runner [-] Task 3d9388a6-3e51-4703-bef1-85eed849b829 | ITER: 9 END: OK
2020-04-26 11:37:41.021 16129 RALLYDEBUG rally.task.utils [-] Waiting for resource s_rally_d43385ba_6hgjDXcN. Status changed: BUILD => ACTIVE in 6.826476335525513
2020-04-26 11:37:43.442 16129 INFO rally.task.runner [-] Task 3d9388a6-3e51-4703-bef1-85eed849b829 | ITER: 10 END: OK
2020-04-26 11:37:43.466 15675 INFO rally.task.context [-] Task 3d9388a6-3e51-4703-bef1-85eed849b829 | Context cleanup@openstack cleanup() started
2020-04-26 11:37:43.470 15675 RALLYDEBUG rally_openstack.task.cleanup.manager [-] Cleaning up nova servers objects
2020-04-26 11:37:44.230 15675 RALLYDEBUG rally_openstack.task.cleanup.manager [-] Cleaning up nova server_groups objects
2020-04-26 11:37:44.738 15675 RALLYDEBUG rally_openstack.task.cleanup.manager [-] Cleaning up nova keypairs objects
2020-04-26 11:37:45.699 15675 INFO rally.task.context [-] Task 3d9388a6-3e51-4703-bef1-85eed849b829 | Context cleanup@openstack cleanup() finished in 2.23 sec
2020-04-26 11:37:45.700 15675 INFO rally.task.context [-] Task 3d9388a6-3e51-4703-bef1-85eed849b829 | Context network@openstack cleanup() started
2020-04-26 11:38:05.679 15675 INFO rally.task.context [-] Task 3d9388a6-3e51-4703-bef1-85eed849b829 | Context network@openstack cleanup() finished in 19.98 sec
2020-04-26 11:38:05.680 15675 INFO rally.task.context [-] Task 3d9388a6-3e51-4703-bef1-85eed849b829 | Context quotas@openstack cleanup() started
2020-04-26 11:38:05.803 15675 INFO rally.task.context [-] Task 3d9388a6-3e51-4703-bef1-85eed849b829 | Context quotas@openstack cleanup() finished in 0.12 sec
2020-04-26 11:38:05.803 15675 INFO rally.task.context [-] Task 3d9388a6-3e51-4703-bef1-85eed849b829 | Context users@openstack cleanup() started
2020-04-26 11:38:08.189 15675 INFO rally.task.context [-] Task 3d9388a6-3e51-4703-bef1-85eed849b829 | Context users@openstack cleanup() finished in 2.39 sec
2020-04-26 11:38:09.170 15675 INFO rally.task.engine [-] Load duration is: 43.866892
2020-04-26 11:38:09.170 15675 INFO rally.task.engine [-] Full runner duration is: 44.913088
2020-04-26 11:38:09.171 15675 INFO rally.task.engine [-] Full duration is: 87.389955
2020-04-26 11:38:09.258 15675 INFO rally.task.engine [-] Running workload: position = 0 config = { "version": 2, "title": "A cropped version of a bigger task.", "description": "Auto-generated task from a single workload (uuid=514312fc-9769-4a84-b3e8-329b82c6c2b2)", "subtasks": [ { "title": "NovaServers.boot_and_list_server", "description": "Boot a server from an image and then list all servers.", "scenario": { "NovaServers.boot_and_list_server": { "detailed": true, "flavor": { "name": "rally_full-flavor_e682400e-6557-47f8-ab35-d73c2fba5a69" }, "image": { "name": "rally_full-img_e682400e-6557-47f8-ab35-d73c2fba5a69" }, "nics": [ { "net-id": "af47796e-c88f-460d-bbd7-b8d236245e71" } ] } }, "contexts": { "users": { "tenants": 3, "users_per_tenant": 2 }, "network": { "networks_per_tenant": 1, "start_cidr": "100.1.0.0/25" }, "quotas": { "neutron": { "network": -1, "port": -1, "subnet": -1 }, "nova": { "cores": -1, "floating_ips": -1, "instances": -1, "ram": -1, "security_group_rules": -1, "security_groups": -1 } } }, "runner": { "constant": { "concurrency": 4, "times": 10 } }, "hooks": [], "sla": { "failure_rate": { "max": 0 } } } ] }
2020-04-26 11:38:09.280 15675 RALLYDEBUG rally_openstack.task.contexts.keystone.users [-] Creating 3 tenants using 3 threads
2020-04-26 11:38:09.685 15675 RALLYDEBUG rally_openstack.task.contexts.keystone.users [-] Creating 6 users using 6 threads
2020-04-26 11:38:10.514 15675 INFO rally.task.context [-] Task 3d9388a6-3e51-4703-bef1-85eed849b829 | Context users@openstack setup() finished in 1.23 sec
2020-04-26 11:38:11.774 15675 INFO rally.task.context [-] Task 3d9388a6-3e51-4703-bef1-85eed849b829 | Context quotas@openstack setup() finished in 1.26 sec
2020-04-26 11:38:16.362 15675 RALLYDEBUG rally_openstack.common.wrappers.network [-] CIDR generated: 100.1.3.0/25
2020-04-26 11:38:20.906 15675 RALLYDEBUG rally_openstack.common.wrappers.network [-] CIDR generated: 100.1.3.128/25
2020-04-26 11:38:27.056 15675 RALLYDEBUG rally_openstack.common.wrappers.network [-] CIDR generated: 100.1.4.0/25
2020-04-26 11:38:29.971 15675 INFO rally.task.context [-] Task 3d9388a6-3e51-4703-bef1-85eed849b829 | Context network@openstack setup() finished in 18.20 sec
2020-04-26 11:38:29.972 15675 INFO rally.task.context [-] Task 3d9388a6-3e51-4703-bef1-85eed849b829 | Context cleanup@openstack setup() finished in 0.13 msec
2020-04-26 11:38:30.377 15675 RALLYDEBUG rally.task.runner [-] Starting the constant runner (task UUID: 3d9388a6-3e51-4703-bef1-85eed849b829). times: 10 concurrency: 4 timeout: 0 max_cpu_used: 88 processes_to_start: 4 concurrency_per_worker: 1 concurrency_overhead: 0
2020-04-26 11:38:30.385 16262 RALLYDEBUG rally.task.runner [-] Starting a worker. times: 10 duration: None concurrency: 1 timeout: 0 cls: method_name: run args: {"detailed": true, "flavor": "21bf88ac-6eb5-4cce-8ebd-6c60291b5186", "image": "0c6b06b0-cf94-46e1-8894-79d640aac3a3", "nics": [{"net-id": "af47796e-c88f-460d-bbd7-b8d236245e71"}]}
2020-04-26 11:38:30.388 16263 RALLYDEBUG rally.task.runner [-] Starting a worker. times: 10 duration: None concurrency: 1 timeout: 0 cls: method_name: run args: {"detailed": true, "flavor": "21bf88ac-6eb5-4cce-8ebd-6c60291b5186", "image": "0c6b06b0-cf94-46e1-8894-79d640aac3a3", "nics": [{"net-id": "af47796e-c88f-460d-bbd7-b8d236245e71"}]}
2020-04-26 11:38:30.390 16262 INFO rally.task.runner [-] Task 3d9388a6-3e51-4703-bef1-85eed849b829 | ITER: 1 START
2020-04-26 11:38:30.390 16264 RALLYDEBUG rally.task.runner [-] Starting a worker. times: 10 duration: None concurrency: 1 timeout: 0 cls: method_name: run args: {"detailed": true, "flavor": "21bf88ac-6eb5-4cce-8ebd-6c60291b5186", "image": "0c6b06b0-cf94-46e1-8894-79d640aac3a3", "nics": [{"net-id": "af47796e-c88f-460d-bbd7-b8d236245e71"}]}
2020-04-26 11:38:30.394 16263 INFO rally.task.runner [-] Task 3d9388a6-3e51-4703-bef1-85eed849b829 | ITER: 2 START
2020-04-26 11:38:30.393 16265 RALLYDEBUG rally.task.runner [-] Starting a worker. times: 10 duration: None concurrency: 1 timeout: 0 cls: method_name: run args: {"detailed": true, "flavor": "21bf88ac-6eb5-4cce-8ebd-6c60291b5186", "image": "0c6b06b0-cf94-46e1-8894-79d640aac3a3", "nics": [{"net-id": "af47796e-c88f-460d-bbd7-b8d236245e71"}]}
2020-04-26 11:38:30.395 16264 INFO rally.task.runner [-] Task 3d9388a6-3e51-4703-bef1-85eed849b829 | ITER: 3 START
2020-04-26 11:38:30.399 16265 INFO rally.task.runner [-] Task 3d9388a6-3e51-4703-bef1-85eed849b829 | ITER: 4 START
2020-04-26 11:38:42.094 16264 RALLYDEBUG rally.task.utils [-] Waiting for resource s_rally_514312fc_G9XS4YUz. Status changed: BUILD => ACTIVE in 9.319160223007202
2020-04-26 11:38:42.431 16264 INFO rally.task.runner [-] Task 3d9388a6-3e51-4703-bef1-85eed849b829 | ITER: 3 END: OK
2020-04-26 11:38:42.435 16264 INFO rally.task.runner [-] Task 3d9388a6-3e51-4703-bef1-85eed849b829 | ITER: 5 START
2020-04-26 11:38:43.146 16263 RALLYDEBUG rally.task.utils [-] Waiting for resource s_rally_514312fc_c9uOfvSX. Status changed: BUILD => ACTIVE in 10.680097341537476
2020-04-26 11:38:43.456 16263 INFO rally.task.runner [-] Task 3d9388a6-3e51-4703-bef1-85eed849b829 | ITER: 2 END: OK
2020-04-26 11:38:43.461 16263 INFO rally.task.runner [-] Task 3d9388a6-3e51-4703-bef1-85eed849b829 | ITER: 6 START
2020-04-26 11:38:44.309 16262 RALLYDEBUG rally.task.utils [-] Waiting for resource s_rally_514312fc_GQXxSmZh. Status changed: BUILD => ACTIVE in 11.898696660995483
2020-04-26 11:38:44.313 16265 RALLYDEBUG rally.task.utils [-] Waiting for resource s_rally_514312fc_gTbTwzuR. Status changed: BUILD => ACTIVE in 11.57888150215149
2020-04-26 11:38:44.668 16265 INFO rally.task.runner [-] Task 3d9388a6-3e51-4703-bef1-85eed849b829 | ITER: 4 END: OK
2020-04-26 11:38:44.671 16265 INFO rally.task.runner [-] Task 3d9388a6-3e51-4703-bef1-85eed849b829 | ITER: 7 START
2020-04-26 11:38:44.788 16262 INFO rally.task.runner [-] Task 3d9388a6-3e51-4703-bef1-85eed849b829 | ITER: 1 END: OK
2020-04-26 11:38:44.792 16262 INFO rally.task.runner [-] Task 3d9388a6-3e51-4703-bef1-85eed849b829 | ITER: 8 START
2020-04-26 11:38:52.722 16264 RALLYDEBUG rally.task.utils [-] Waiting for resource s_rally_514312fc_SOtj8g4A. Status changed: BUILD => ACTIVE in 8.374327659606934
2020-04-26 11:38:53.095 16264 INFO rally.task.runner [-] Task 3d9388a6-3e51-4703-bef1-85eed849b829 | ITER: 5 END: OK
2020-04-26 11:38:53.099 16264 INFO rally.task.runner [-] Task 3d9388a6-3e51-4703-bef1-85eed849b829 | ITER: 9 START
2020-04-26 11:38:55.015 16262 RALLYDEBUG rally.task.utils [-] Waiting for resource s_rally_514312fc_ZLm1WSnS. Status changed: BUILD => ACTIVE in 8.363143682479858
2020-04-26 11:38:55.376 16262 INFO rally.task.runner [-] Task 3d9388a6-3e51-4703-bef1-85eed849b829 | ITER: 8 END: OK
2020-04-26 11:38:55.379 16262 INFO rally.task.runner [-] Task 3d9388a6-3e51-4703-bef1-85eed849b829 | ITER: 10 START
2020-04-26 11:38:56.725 16263 RALLYDEBUG rally.task.utils [-] Waiting for resource s_rally_514312fc_mEobgMa7. Status changed: BUILD => ACTIVE in 11.357860326766968
2020-04-26 11:38:57.060 16263 INFO rally.task.runner [-] Task 3d9388a6-3e51-4703-bef1-85eed849b829 | ITER: 6 END: OK
2020-04-26 11:38:59.616 16265 RALLYDEBUG rally.task.utils [-] Waiting for resource s_rally_514312fc_VvAhlxVm. Status changed: BUILD => ACTIVE in 11.406903505325317
2020-04-26 11:39:00.042 16265 INFO rally.task.runner [-] Task 3d9388a6-3e51-4703-bef1-85eed849b829 | ITER: 7 END: OK
2020-04-26 11:39:03.979 16264 RALLYDEBUG rally.task.utils [-] Waiting for resource s_rally_514312fc_LoksMKBZ. Status changed: BUILD => ACTIVE in 9.028885841369629
2020-04-26 11:39:04.255 16264 INFO rally.task.runner [-] Task 3d9388a6-3e51-4703-bef1-85eed849b829 | ITER: 9 END: OK
2020-04-26 11:39:06.689 16262 RALLYDEBUG rally.task.utils [-] Waiting for resource s_rally_514312fc_GjrcvLHt. Status changed: BUILD => ACTIVE in 9.268487691879272
2020-04-26 11:39:07.065 16262 INFO rally.task.runner [-] Task 3d9388a6-3e51-4703-bef1-85eed849b829 | ITER: 10 END: OK
2020-04-26 11:39:07.090 15675 INFO rally.task.context [-] Task 3d9388a6-3e51-4703-bef1-85eed849b829 | Context cleanup@openstack cleanup() started
2020-04-26 11:39:07.095 15675 RALLYDEBUG rally_openstack.task.cleanup.manager [-] Cleaning up nova servers objects
2020-04-26 11:39:08.899 15675 RALLYDEBUG rally_openstack.task.cleanup.manager [-] Deleting nova.servers object s_rally_514312fc_GjrcvLHt (7bb7bf3f-8df9-41c1-b6ac-a843df75e4a7)
2020-04-26 11:39:08.906 15675 RALLYDEBUG rally_openstack.task.cleanup.manager [-] Deleting nova.servers object s_rally_514312fc_ZLm1WSnS (c94bae8d-b677-4d21-beaf-3d6efc5d3ae4)
2020-04-26 11:39:08.914 15675 RALLYDEBUG rally_openstack.task.cleanup.manager [-] Deleting nova.servers object s_rally_514312fc_mEobgMa7 (88703763-5937-4234-8b73-a876474e3594)
2020-04-26 11:39:08.918 15675 RALLYDEBUG rally_openstack.task.cleanup.manager [-] Deleting nova.servers object s_rally_514312fc_SOtj8g4A (b7b2bbf9-1d5d-4ba0-affe-5bd8c424268b)
2020-04-26 11:39:08.929 15675 RALLYDEBUG rally_openstack.task.cleanup.manager [-] Deleting nova.servers object s_rally_514312fc_G9XS4YUz (36490a4e-76ec-4099-92b7-20461adde1da)
2020-04-26 11:39:08.941 15675 RALLYDEBUG rally_openstack.task.cleanup.manager [-] Deleting nova.servers object s_rally_514312fc_gTbTwzuR (f84d246d-36e1-42b1-9985-5e8bbc0335f2)
2020-04-26 11:39:08.946 15675 RALLYDEBUG rally_openstack.task.cleanup.manager [-] Deleting nova.servers object s_rally_514312fc_LoksMKBZ (e2c37668-9f48-4716-8db9-c04e1ff6575e)
2020-04-26 11:39:08.963 15675 RALLYDEBUG rally_openstack.task.cleanup.manager [-] Deleting nova.servers object s_rally_514312fc_VvAhlxVm (9c8c964b-e6ca-42e0-821e-e4a2df818869)
2020-04-26 11:39:08.972 15675 RALLYDEBUG rally_openstack.task.cleanup.manager [-] Deleting nova.servers object s_rally_514312fc_GQXxSmZh (1749ac3e-fc35-457a-aa0c-7295232c1554)
2020-04-26 11:39:08.989 15675 RALLYDEBUG rally_openstack.task.cleanup.manager [-] Deleting nova.servers object s_rally_514312fc_c9uOfvSX (cc96b671-0833-46b5-bd25-e588907afd0a)
2020-04-26 11:39:17.042 15675 RALLYDEBUG rally_openstack.task.cleanup.manager [-] Cleaning up nova server_groups objects
2020-04-26 11:39:17.488 15675 RALLYDEBUG rally_openstack.task.cleanup.manager [-] Cleaning up nova keypairs objects
2020-04-26 11:39:18.449 15675 INFO rally.task.context [-] Task 3d9388a6-3e51-4703-bef1-85eed849b829 | Context cleanup@openstack cleanup() finished in 11.36 sec
2020-04-26 11:39:18.450 15675 INFO rally.task.context [-] Task 3d9388a6-3e51-4703-bef1-85eed849b829 | Context network@openstack cleanup() started
2020-04-26 11:39:36.829 15675 INFO rally.task.context [-] Task 3d9388a6-3e51-4703-bef1-85eed849b829 | Context network@openstack cleanup() finished in 18.38 sec
2020-04-26 11:39:36.831 15675 INFO rally.task.context [-] Task 3d9388a6-3e51-4703-bef1-85eed849b829 | Context quotas@openstack cleanup() started
2020-04-26 11:39:36.976 15675 INFO rally.task.context [-] Task 3d9388a6-3e51-4703-bef1-85eed849b829 | Context quotas@openstack cleanup() finished in 0.14 sec
2020-04-26 11:39:36.976 15675 INFO rally.task.context [-] Task 3d9388a6-3e51-4703-bef1-85eed849b829 | Context users@openstack cleanup() started
2020-04-26 11:39:39.503 15675 INFO rally.task.context [-] Task 3d9388a6-3e51-4703-bef1-85eed849b829 | Context users@openstack cleanup() finished in 2.53 sec
2020-04-26 11:39:39.689 15675 INFO rally.task.engine [-] Load duration is: 35.673152
2020-04-26 11:39:39.689 15675 INFO rally.task.engine [-] Full runner duration is: 36.712249
2020-04-26 11:39:39.689 15675 INFO rally.task.engine [-] Full duration is: 90.224925
2020-04-26 11:39:39.771 15675 INFO rally.task.engine [-] Running workload: position = 0 config = { "version": 2, "title": "A cropped version of a bigger task.", "description": "Auto-generated task from a single workload (uuid=065cf2b4-3ec6-4bc0-9dc1-66d3fb0175ca)", "subtasks": [ { "title": "NovaServers.boot_and_rebuild_server", "description": "Rebuild a server.", "scenario": { "NovaServers.boot_and_rebuild_server": { "flavor": { "name": "rally_full-flavor_e682400e-6557-47f8-ab35-d73c2fba5a69" }, "from_image": { "name": "rally_full-img_e682400e-6557-47f8-ab35-d73c2fba5a69" }, "to_image": { "name": "rally_full-img_e682400e-6557-47f8-ab35-d73c2fba5a69" }, "nics": [ { "net-id": "af47796e-c88f-460d-bbd7-b8d236245e71" } ] } }, "contexts": { "users": { "tenants": 3, "users_per_tenant": 2 }, "network": { "networks_per_tenant": 1, "start_cidr": "100.1.0.0/25" }, "quotas": { "neutron": { "network": -1, "port": -1, "subnet": -1 }, "nova": { "cores": -1, "floating_ips": -1, "instances": -1, "ram": -1, "security_group_rules": -1, "security_groups": -1 } } }, "runner": { "constant": { "concurrency": 4, "times": 10 } }, "hooks": [], "sla": { "failure_rate": { "max": 0 } } } ] }
2020-04-26 11:39:39.789 15675 RALLYDEBUG rally_openstack.task.contexts.keystone.users [-] Creating 3 tenants using 3 threads
2020-04-26 11:39:40.217 15675 RALLYDEBUG rally_openstack.task.contexts.keystone.users [-] Creating 6 users using 6 threads
2020-04-26 11:39:40.967 15675 INFO rally.task.context [-] Task 3d9388a6-3e51-4703-bef1-85eed849b829 | Context users@openstack setup() finished in 1.18 sec
2020-04-26 11:39:42.275 15675 INFO rally.task.context [-] Task 3d9388a6-3e51-4703-bef1-85eed849b829 | Context quotas@openstack setup() finished in 1.31 sec
2020-04-26 11:39:44.112 15675 RALLYDEBUG rally_openstack.common.wrappers.network [-] CIDR generated: 100.1.4.128/25
2020-04-26 11:39:49.634 15675 RALLYDEBUG rally_openstack.common.wrappers.network [-] CIDR generated: 100.1.5.0/25
2020-04-26 11:39:56.459 15675 RALLYDEBUG rally_openstack.common.wrappers.network [-] CIDR generated: 100.1.5.128/25
2020-04-26 11:39:59.309 15675 INFO rally.task.context [-] Task 3d9388a6-3e51-4703-bef1-85eed849b829 | Context network@openstack setup() finished in 17.03 sec
2020-04-26 11:39:59.310 15675 INFO rally.task.context [-] Task 3d9388a6-3e51-4703-bef1-85eed849b829 | Context cleanup@openstack setup() finished in 0.00 msec
2020-04-26 11:39:59.672 15675 RALLYDEBUG rally.task.runner [-] Starting the constant runner (task UUID: 3d9388a6-3e51-4703-bef1-85eed849b829). times: 10 concurrency: 4 timeout: 0 max_cpu_used: 88 processes_to_start: 4 concurrency_per_worker: 1 concurrency_overhead: 0
2020-04-26 11:39:59.683 16395 RALLYDEBUG rally.task.runner [-] Starting a worker. times: 10 duration: None concurrency: 1 timeout: 0 cls: method_name: run args: {"flavor": "21bf88ac-6eb5-4cce-8ebd-6c60291b5186", "from_image": "0c6b06b0-cf94-46e1-8894-79d640aac3a3", "to_image": "0c6b06b0-cf94-46e1-8894-79d640aac3a3", "nics": [{"net-id": "af47796e-c88f-460d-bbd7-b8d236245e71"}]}
2020-04-26 11:39:59.687 16396 RALLYDEBUG rally.task.runner [-] Starting a worker. times: 10 duration: None concurrency: 1 timeout: 0 cls: method_name: run args: {"flavor": "21bf88ac-6eb5-4cce-8ebd-6c60291b5186", "from_image": "0c6b06b0-cf94-46e1-8894-79d640aac3a3", "to_image": "0c6b06b0-cf94-46e1-8894-79d640aac3a3", "nics": [{"net-id": "af47796e-c88f-460d-bbd7-b8d236245e71"}]}
2020-04-26 11:39:59.690 16395 INFO rally.task.runner [-] Task 3d9388a6-3e51-4703-bef1-85eed849b829 | ITER: 1 START
2020-04-26 11:39:59.690 16397 RALLYDEBUG rally.task.runner [-] Starting a worker. times: 10 duration: None concurrency: 1 timeout: 0 cls: method_name: run args: {"flavor": "21bf88ac-6eb5-4cce-8ebd-6c60291b5186", "from_image": "0c6b06b0-cf94-46e1-8894-79d640aac3a3", "to_image": "0c6b06b0-cf94-46e1-8894-79d640aac3a3", "nics": [{"net-id": "af47796e-c88f-460d-bbd7-b8d236245e71"}]}
2020-04-26 11:39:59.692 16398 RALLYDEBUG rally.task.runner [-] Starting a worker. times: 10 duration: None concurrency: 1 timeout: 0 cls: method_name: run args: {"flavor": "21bf88ac-6eb5-4cce-8ebd-6c60291b5186", "from_image": "0c6b06b0-cf94-46e1-8894-79d640aac3a3", "to_image": "0c6b06b0-cf94-46e1-8894-79d640aac3a3", "nics": [{"net-id": "af47796e-c88f-460d-bbd7-b8d236245e71"}]}
2020-04-26 11:39:59.693 16396 INFO rally.task.runner [-] Task 3d9388a6-3e51-4703-bef1-85eed849b829 | ITER: 2 START
2020-04-26 11:39:59.696 16397 INFO rally.task.runner [-] Task 3d9388a6-3e51-4703-bef1-85eed849b829 | ITER: 3 START
2020-04-26 11:39:59.697 16398 INFO rally.task.runner [-] Task 3d9388a6-3e51-4703-bef1-85eed849b829 | ITER: 4 START
2020-04-26 11:40:13.353 16395 RALLYDEBUG rally.task.utils [-] Waiting for resource s_rally_065cf2b4_STmvUwBj. Status changed: BUILD => ACTIVE in 11.235292911529541
2020-04-26 11:40:14.399 16397 RALLYDEBUG rally.task.utils [-] Waiting for resource s_rally_065cf2b4_t7wq9fEn. Status changed: BUILD => ACTIVE in 12.358346462249756
2020-04-26 11:40:14.933 16395 RALLYDEBUG rally.task.utils [-] Waiting for resource s_rally_065cf2b4_STmvUwBj. Status changed: ACTIVE => REBUILD in 0.24723315238952637
2020-04-26 11:40:15.958 16397 RALLYDEBUG rally.task.utils [-] Waiting for resource s_rally_065cf2b4_t7wq9fEn. Status changed: ACTIVE => REBUILD in 0.1996150016784668
2020-04-26 11:40:16.710 16398 RALLYDEBUG rally.task.utils [-] Waiting for resource s_rally_065cf2b4_iS8B9xw4. Status changed: BUILD => ACTIVE in 14.891866683959961
2020-04-26 11:40:18.268 16398 RALLYDEBUG rally.task.utils [-] Waiting for resource s_rally_065cf2b4_iS8B9xw4. Status changed: ACTIVE => REBUILD in 0.20150542259216309
2020-04-26 11:40:18.915 16396 RALLYDEBUG rally.task.utils [-] Waiting for resource s_rally_065cf2b4_LSkw5dX8. Status changed: BUILD => ACTIVE in 17.252310276031494
2020-04-26 11:40:20.480 16396 RALLYDEBUG rally.task.utils [-] Waiting for resource s_rally_065cf2b4_LSkw5dX8. Status changed: ACTIVE => REBUILD in 0.20339751243591309
2020-04-26 11:40:27.424 16395 RALLYDEBUG rally.task.utils [-] Waiting for resource s_rally_065cf2b4_STmvUwBj. Status changed: REBUILD => ACTIVE in 12.49150037765503
2020-04-26 11:40:29.866 16397 RALLYDEBUG rally.task.utils [-] Waiting for resource s_rally_065cf2b4_t7wq9fEn. Status changed: REBUILD => ACTIVE in 13.90791368484497
2020-04-26 11:40:32.113 16395 INFO rally.task.runner [-] Task 3d9388a6-3e51-4703-bef1-85eed849b829 | ITER: 1 END: OK
2020-04-26 11:40:32.120 16395 INFO rally.task.runner [-] Task 3d9388a6-3e51-4703-bef1-85eed849b829 | ITER: 5 START
2020-04-26 11:40:32.560 16397 INFO rally.task.runner [-] Task 3d9388a6-3e51-4703-bef1-85eed849b829 | ITER: 3 END: OK
2020-04-26 11:40:32.567 16397 INFO rally.task.runner [-] Task 3d9388a6-3e51-4703-bef1-85eed849b829 | ITER: 6 START
2020-04-26 11:40:32.690 16398 RALLYDEBUG rally.task.utils [-] Waiting for resource s_rally_065cf2b4_iS8B9xw4. Status changed: REBUILD => ACTIVE in 14.421102046966553
2020-04-26 11:40:34.133 16396 RALLYDEBUG rally.task.utils [-] Waiting for resource s_rally_065cf2b4_LSkw5dX8. Status changed: REBUILD => ACTIVE in 13.653125047683716
2020-04-26 11:40:36.677 16396 INFO rally.task.runner [-] Task 3d9388a6-3e51-4703-bef1-85eed849b829 | ITER: 2 END: OK
2020-04-26 11:40:36.683 16396 INFO rally.task.runner [-] Task 3d9388a6-3e51-4703-bef1-85eed849b829 | ITER: 7 START
2020-04-26 11:40:37.457 16398 INFO rally.task.runner [-] Task 3d9388a6-3e51-4703-bef1-85eed849b829 | ITER: 4 END: OK
2020-04-26 11:40:37.462 16398 INFO rally.task.runner [-] Task 3d9388a6-3e51-4703-bef1-85eed849b829 | ITER: 8 START
2020-04-26 11:40:58.332 16397 RALLYDEBUG rally.task.utils [-] Waiting for resource s_rally_065cf2b4_4x0McFne. Status changed: BUILD => ACTIVE in 23.835795640945435
2020-04-26 11:41:00.255 16397 RALLYDEBUG rally.task.utils [-] Waiting for resource s_rally_065cf2b4_4x0McFne. Status changed: ACTIVE => REBUILD in 0.28553152084350586
2020-04-26 11:41:02.903 16395 RALLYDEBUG rally.task.utils [-] Waiting for resource s_rally_065cf2b4_r3pGziLJ. Status changed: BUILD => ACTIVE in 28.760617971420288
2020-04-26 11:41:02.984 16396 RALLYDEBUG rally.task.utils [-] Waiting for resource s_rally_065cf2b4_CPuUSaH0. Status changed: BUILD => ACTIVE in 24.457509517669678
2020-04-26 11:41:05.231 16397 RALLYDEBUG rally.task.utils [-] Waiting for resource s_rally_065cf2b4_4x0McFne. Status changed: REBUILD => ACTIVE in 4.976340055465698
2020-04-26 11:41:05.311 16398 RALLYDEBUG rally.task.utils [-] Waiting for resource s_rally_065cf2b4_Y4mHPaCp. Status changed: BUILD => ACTIVE in 24.648910999298096
2020-04-26 11:41:05.318 16396 RALLYDEBUG rally.task.utils [-] Waiting for resource s_rally_065cf2b4_CPuUSaH0. Status changed: ACTIVE => REBUILD in 0.7387361526489258
2020-04-26 11:41:05.319 16395 RALLYDEBUG rally.task.utils [-] Waiting for resource s_rally_065cf2b4_r3pGziLJ. Status changed: ACTIVE => REBUILD in 1.1475310325622559
2020-04-26 11:41:07.100 16398 RALLYDEBUG rally.task.utils [-] Waiting for resource s_rally_065cf2b4_Y4mHPaCp. Status changed: ACTIVE => REBUILD in 0.4789552688598633
2020-04-26 11:41:07.768 16397 INFO rally.task.runner [-] Task 3d9388a6-3e51-4703-bef1-85eed849b829 | ITER: 6 END: OK
2020-04-26 11:41:07.772 16397 INFO rally.task.runner [-] Task 3d9388a6-3e51-4703-bef1-85eed849b829 | ITER: 9 START
2020-04-26 11:41:12.026 16398 RALLYDEBUG rally.task.utils [-] Waiting for resource s_rally_065cf2b4_Y4mHPaCp. Status changed: REBUILD => ACTIVE in 4.926419019699097
2020-04-26 11:41:14.541 16398 INFO rally.task.runner [-] Task 3d9388a6-3e51-4703-bef1-85eed849b829 | ITER: 8 END: OK
2020-04-26 11:41:14.545 16398 INFO rally.task.runner [-] Task 3d9388a6-3e51-4703-bef1-85eed849b829 | ITER: 10 START
2020-04-26 11:41:17.676 16396 RALLYDEBUG rally.task.utils [-] Waiting for resource s_rally_065cf2b4_CPuUSaH0. Status changed: REBUILD => ACTIVE in 12.358090162277222
2020-04-26 11:41:17.775 16395 RALLYDEBUG rally.task.utils [-] Waiting for resource s_rally_065cf2b4_r3pGziLJ. Status changed: REBUILD => ACTIVE in 12.455436706542969
2020-04-26 11:41:22.581 16395 INFO rally.task.runner [-] Task 3d9388a6-3e51-4703-bef1-85eed849b829 | ITER: 5 END: OK
2020-04-26 11:41:23.208 16397 RALLYDEBUG rally.task.utils [-] Waiting for resource s_rally_065cf2b4_XFYe9PQl. Status changed: BUILD => ACTIVE in 13.399996995925903
2020-04-26 11:41:23.354 16396 INFO rally.task.runner [-] Task 3d9388a6-3e51-4703-bef1-85eed849b829 | ITER: 7 END: OK
2020-04-26 11:41:24.901 16397 RALLYDEBUG rally.task.utils [-] Waiting for resource s_rally_065cf2b4_XFYe9PQl. Status changed: ACTIVE => REBUILD in 0.22783279418945312
2020-04-26 11:41:27.000 16398 RALLYDEBUG rally.task.utils [-] Waiting for resource s_rally_065cf2b4_yqjQYZRB. Status changed: BUILD => ACTIVE in 10.372003078460693
2020-04-26 11:41:28.512 16398 RALLYDEBUG rally.task.utils [-] Waiting for resource s_rally_065cf2b4_yqjQYZRB. Status changed: ACTIVE => REBUILD in 0.19728565216064453
2020-04-26 11:41:28.583 16397 RALLYDEBUG rally.task.utils [-] Waiting for resource s_rally_065cf2b4_XFYe9PQl. Status changed: REBUILD => ACTIVE in 3.6823785305023193
2020-04-26 11:41:31.149 16397 INFO rally.task.runner [-] Task 3d9388a6-3e51-4703-bef1-85eed849b829 | ITER: 9 END: OK
2020-04-26 11:41:33.487 16398 RALLYDEBUG rally.task.utils [-] Waiting for resource s_rally_065cf2b4_yqjQYZRB. Status changed: REBUILD => ACTIVE in 4.975520849227905
2020-04-26 11:41:38.547 16398 INFO rally.task.runner [-] Task 3d9388a6-3e51-4703-bef1-85eed849b829 | ITER: 10 END: OK
2020-04-26 11:41:38.569 15675 INFO rally.task.context [-] Task 3d9388a6-3e51-4703-bef1-85eed849b829 | Context cleanup@openstack cleanup() started
2020-04-26 11:41:38.575 15675 RALLYDEBUG rally_openstack.task.cleanup.manager [-] Cleaning up nova servers objects
2020-04-26 11:41:39.342 15675 RALLYDEBUG rally_openstack.task.cleanup.manager [-] Cleaning up nova server_groups objects
2020-04-26 11:41:39.996 15675 RALLYDEBUG rally_openstack.task.cleanup.manager [-] Cleaning up nova keypairs objects
2020-04-26 11:41:40.849 15675 INFO rally.task.context [-] Task 3d9388a6-3e51-4703-bef1-85eed849b829 | Context cleanup@openstack cleanup() finished in 2.28 sec
2020-04-26 11:41:40.849 15675 INFO rally.task.context [-] Task 3d9388a6-3e51-4703-bef1-85eed849b829 | Context network@openstack cleanup() started
2020-04-26 11:42:09.791 15675 INFO rally.task.context [-] Task 3d9388a6-3e51-4703-bef1-85eed849b829 | Context network@openstack cleanup() finished in 28.94 sec
2020-04-26 11:42:09.791 15675 INFO rally.task.context [-] Task 3d9388a6-3e51-4703-bef1-85eed849b829 | Context quotas@openstack cleanup() started
2020-04-26 11:42:09.934 15675 INFO rally.task.context [-] Task 3d9388a6-3e51-4703-bef1-85eed849b829 | Context quotas@openstack cleanup() finished in 0.14 sec
2020-04-26 11:42:09.934 15675 INFO rally.task.context [-] Task 3d9388a6-3e51-4703-bef1-85eed849b829 | Context users@openstack cleanup() started
2020-04-26 11:42:11.979 15675 INFO rally.task.context [-] Task 3d9388a6-3e51-4703-bef1-85eed849b829 | Context users@openstack cleanup() finished in 2.04 sec
2020-04-26 11:42:12.421 15675 INFO rally.task.engine [-] Load duration is: 96.855798
2020-04-26 11:42:12.421 15675 INFO rally.task.engine [-] Full runner duration is: 98.896723
2020-04-26 11:42:12.422 15675 INFO rally.task.engine [-] Full duration is: 152.191538
2020-04-26 11:42:13.406 15675 INFO rally.task.engine [-] Running workload: position = 0 config = { "version": 2, "title": "A cropped version of a bigger task.", "description": "Auto-generated task from a single workload (uuid=66adab5a-f4e7-45fb-ae12-f61ac50d9c1e)", "subtasks": [ { "title": "NovaServers.snapshot_server", "description": "Boot a server, make its snapshot and delete both.", "scenario": { "NovaServers.snapshot_server": { "flavor": { "name": "rally_full-flavor_e682400e-6557-47f8-ab35-d73c2fba5a69" }, "image": { "name": "rally_full-img_e682400e-6557-47f8-ab35-d73c2fba5a69" }, "nics": [ { "net-id": "af47796e-c88f-460d-bbd7-b8d236245e71" } ] } }, "contexts": { "users": { "tenants": 3, "users_per_tenant": 2 }, "network": { "networks_per_tenant": 1, "start_cidr": "100.1.0.0/25" }, "quotas": { "neutron": { "network": -1, "port": -1, "subnet": -1 }, "nova": { "cores": -1, "floating_ips": -1, "instances": -1, "ram": -1, "security_group_rules": -1, "security_groups": -1 } } }, "runner": { "constant": { "concurrency": 4, "times": 10 } }, "hooks": [], "sla": { "failure_rate": { "max": 0 } } } ] }
2020-04-26 11:42:13.424 15675 RALLYDEBUG rally_openstack.task.contexts.keystone.users [-] Creating 3 tenants using 3 threads
2020-04-26 11:42:13.870 15675 RALLYDEBUG rally_openstack.task.contexts.keystone.users [-] Creating 6 users using 6 threads
2020-04-26 11:42:14.653 15675 INFO rally.task.context [-] Task 3d9388a6-3e51-4703-bef1-85eed849b829 | Context users@openstack setup() finished in 1.23 sec
