2020-04-26 11:16:16.310 9705 INFO rally.task.engine [-] Running workload: position = 0 config = { "version": 2, "title": "A cropped version of a bigger task.", "description": "Auto-generated task from a single workload (uuid=5b6324d7-0669-4714-b923-7d3b5c3adfc4)", "subtasks": [ { "title": "NeutronNetworks.create_and_update_ports", "description": "Create and update a given number of ports.", "scenario": { "NeutronNetworks.create_and_update_ports": { "network_create_args": {}, "port_create_args": {}, "port_update_args": { "admin_state_up": false, "device_id": "dummy_id", "device_owner": "dummy_owner" }, "ports_per_network": 1 } }, "contexts": { "users": { "tenants": 3, "users_per_tenant": 2 }, "network": { "router": {} }, "quotas": { "neutron": { "network": -1, "port": -1 } } }, "runner": { "constant": { "concurrency": 4, "times": 10 } }, "hooks": [], "sla": { "failure_rate": { "max": 0 } } } ] }
2020-04-26 11:16:16.327 9705 RALLYDEBUG rally_openstack.task.contexts.keystone.users [-] Creating 3 tenants using 3 threads
2020-04-26 11:16:16.766 9705 RALLYDEBUG rally_openstack.task.contexts.keystone.users [-] Creating 6 users using 6 threads
2020-04-26 11:16:17.535 9705 INFO rally.task.context [-] Task 7058f561-6105-4862-bee8-c9e55c1a2532 | Context users@openstack setup() finished in 1.21 sec
2020-04-26 11:16:17.986 9705 INFO rally.task.context [-] Task 7058f561-6105-4862-bee8-c9e55c1a2532 | Context quotas@openstack setup() finished in 0.45 sec
2020-04-26 11:16:18.534 9705 RALLYDEBUG rally_openstack.common.wrappers.network [-] CIDR generated: 10.2.0.0/24
2020-04-26 11:16:19.462 9705 RALLYDEBUG rally_openstack.common.wrappers.network [-] CIDR generated: 10.2.1.0/24
2020-04-26 11:16:20.392 9705 RALLYDEBUG rally_openstack.common.wrappers.network [-] CIDR generated: 10.2.2.0/24
2020-04-26 11:16:20.858 9705 INFO rally.task.context [-] Task 7058f561-6105-4862-bee8-c9e55c1a2532 | Context network@openstack setup() finished in 2.87 sec
2020-04-26 11:16:20.858 9705 INFO rally.task.context [-] Task 7058f561-6105-4862-bee8-c9e55c1a2532 | Context cleanup@openstack setup() finished in 0.02 msec
2020-04-26 11:16:20.865 9705 RALLYDEBUG rally.task.runner [-] Starting the constant runner (task UUID: 7058f561-6105-4862-bee8-c9e55c1a2532). times: 10 concurrency: 4 timeout: 0 max_cpu_used: 88 processes_to_start: 4 concurrency_per_worker: 1 concurrency_overhead: 0
2020-04-26 11:16:20.874 10053 RALLYDEBUG rally.task.runner [-] Starting a worker. times: 10 duration: None concurrency: 1 timeout: 0 cls: method_name: run args: {"network_create_args": {}, "port_create_args": {}, "port_update_args": {"admin_state_up": false, "device_id": "dummy_id", "device_owner": "dummy_owner"}, "ports_per_network": 1}
2020-04-26 11:16:20.876 10054 RALLYDEBUG rally.task.runner [-] Starting a worker. times: 10 duration: None concurrency: 1 timeout: 0 cls: method_name: run args: {"network_create_args": {}, "port_create_args": {}, "port_update_args": {"admin_state_up": false, "device_id": "dummy_id", "device_owner": "dummy_owner"}, "ports_per_network": 1}
2020-04-26 11:16:20.878 10055 RALLYDEBUG rally.task.runner [-] Starting a worker. times: 10 duration: None concurrency: 1 timeout: 0 cls: method_name: run args: {"network_create_args": {}, "port_create_args": {}, "port_update_args": {"admin_state_up": false, "device_id": "dummy_id", "device_owner": "dummy_owner"}, "ports_per_network": 1}
2020-04-26 11:16:20.879 10053 INFO rally.task.runner [-] Task 7058f561-6105-4862-bee8-c9e55c1a2532 | ITER: 1 START
2020-04-26 11:16:20.880 10056 RALLYDEBUG rally.task.runner [-] Starting a worker. times: 10 duration: None concurrency: 1 timeout: 0 cls: method_name: run args: {"network_create_args": {}, "port_create_args": {}, "port_update_args": {"admin_state_up": false, "device_id": "dummy_id", "device_owner": "dummy_owner"}, "ports_per_network": 1}
2020-04-26 11:16:20.883 10054 INFO rally.task.runner [-] Task 7058f561-6105-4862-bee8-c9e55c1a2532 | ITER: 2 START
2020-04-26 11:16:20.883 10055 INFO rally.task.runner [-] Task 7058f561-6105-4862-bee8-c9e55c1a2532 | ITER: 3 START
2020-04-26 11:16:20.886 10056 INFO rally.task.runner [-] Task 7058f561-6105-4862-bee8-c9e55c1a2532 | ITER: 4 START
2020-04-26 11:16:22.580 10056 INFO rally.task.runner [-] Task 7058f561-6105-4862-bee8-c9e55c1a2532 | ITER: 4 END: OK
2020-04-26 11:16:22.585 10056 INFO rally.task.runner [-] Task 7058f561-6105-4862-bee8-c9e55c1a2532 | ITER: 5 START
2020-04-26 11:16:22.626 10053 INFO rally.task.runner [-] Task 7058f561-6105-4862-bee8-c9e55c1a2532 | ITER: 1 END: OK
2020-04-26 11:16:22.632 10053 INFO rally.task.runner [-] Task 7058f561-6105-4862-bee8-c9e55c1a2532 | ITER: 6 START
2020-04-26 11:16:23.908 10055 INFO rally.task.runner [-] Task 7058f561-6105-4862-bee8-c9e55c1a2532 | ITER: 3 END: OK
2020-04-26 11:16:23.913 10055 INFO rally.task.runner [-] Task 7058f561-6105-4862-bee8-c9e55c1a2532 | ITER: 7 START
2020-04-26 11:16:23.953 10054 INFO rally.task.runner [-] Task 7058f561-6105-4862-bee8-c9e55c1a2532 | ITER: 2 END: OK
2020-04-26 11:16:23.958 10054 INFO rally.task.runner [-] Task 7058f561-6105-4862-bee8-c9e55c1a2532 | ITER: 8 START
2020-04-26 11:16:24.369 10053 INFO rally.task.runner [-] Task 7058f561-6105-4862-bee8-c9e55c1a2532 | ITER: 6 END: OK
2020-04-26 11:16:24.374 10053 INFO rally.task.runner [-] Task 7058f561-6105-4862-bee8-c9e55c1a2532 | ITER: 9 START
2020-04-26 11:16:26.431 10055 INFO rally.task.runner [-] Task 7058f561-6105-4862-bee8-c9e55c1a2532 | ITER: 7 END: OK
2020-04-26 11:16:26.436 10055 INFO rally.task.runner [-] Task 7058f561-6105-4862-bee8-c9e55c1a2532 | ITER: 10 START
2020-04-26 11:16:26.441 10054 INFO rally.task.runner [-] Task 7058f561-6105-4862-bee8-c9e55c1a2532 | ITER: 8 END: OK
2020-04-26 11:16:27.355 10053 INFO rally.task.runner [-] Task 7058f561-6105-4862-bee8-c9e55c1a2532 | ITER: 9 END: OK
2020-04-26 11:16:27.833 10055 INFO rally.task.runner [-] Task 7058f561-6105-4862-bee8-c9e55c1a2532 | ITER: 10 END: OK
2020-04-26 11:16:29.673 10056 INFO rally.task.runner [-] Task 7058f561-6105-4862-bee8-c9e55c1a2532 | ITER: 5 END: OK
2020-04-26 11:16:29.700 9705 INFO rally.task.context [-] Task 7058f561-6105-4862-bee8-c9e55c1a2532 | Context cleanup@openstack cleanup() started
2020-04-26 11:16:29.704 9705 RALLYDEBUG rally_openstack.task.cleanup.manager [-] Cleaning up neutron vip objects
2020-04-26 11:16:30.220 9705 RALLYDEBUG rally_openstack.task.cleanup.manager [-] Cleaning up neutron health_monitor objects
2020-04-26 11:16:30.670 9705 RALLYDEBUG rally_openstack.task.cleanup.manager [-] Cleaning up neutron pool objects
2020-04-26 11:16:31.127 9705 RALLYDEBUG rally_openstack.task.cleanup.manager [-] Cleaning up neutron loadbalancer objects
2020-04-26 11:16:31.620 9705 RALLYDEBUG rally_openstack.task.cleanup.manager [-] Cleaning up neutron floatingip objects
2020-04-26 11:16:32.284 9705 RALLYDEBUG rally_openstack.task.cleanup.manager [-] Cleaning up neutron trunk objects
2020-04-26 11:16:32.836 9705 RALLYDEBUG rally_openstack.task.cleanup.manager [-] Cleaning up neutron port objects
2020-04-26 11:16:33.606 9705 RALLYDEBUG rally_openstack.task.cleanup.manager [-] Deleting neutron.port object s_rally_5b6324d7_QbhInJOl (3268f4e2-e206-48d6-bff6-56c3d4ae1ff5)
2020-04-26 11:16:33.616 9705 RALLYDEBUG rally_openstack.task.cleanup.manager [-] Deleting neutron.port object s_rally_5b6324d7_zPCRKsN5 (67955287-e76c-419e-ab2a-e98c71937b30)
2020-04-26 11:16:33.618 9705 RALLYDEBUG rally_openstack.task.cleanup.manager [-] Deleting neutron.port object s_rally_5b6324d7_ugwHzVvG (6f45101d-1690-4deb-abc4-1e876b155da2)
2020-04-26 11:16:33.627 9705 RALLYDEBUG rally_openstack.task.cleanup.manager [-] Deleting neutron.port object s_rally_5b6324d7_K7KaHR3i (dc1fa475-66f3-4354-877b-abc61fafa118)
2020-04-26 11:16:33.642 9705 RALLYDEBUG rally_openstack.task.cleanup.manager [-] Deleting neutron.port object s_rally_5b6324d7_I6UOG8AI (226dda3b-2a91-4fcc-8e55-19897b7801ac)
2020-04-26 11:16:33.662 9705 RALLYDEBUG rally_openstack.task.cleanup.manager [-] Deleting neutron.port object s_rally_5b6324d7_0BOAtPI5 (f269f9dc-d29a-4a27-a138-4a5ebb3706bd)
2020-04-26 11:16:33.669 9705 RALLYDEBUG rally_openstack.task.cleanup.manager [-] Deleting neutron.port object s_rally_5b6324d7_n0o1Qivs (0acd5c1e-42a5-4290-a6a5-8024b8120d97)
2020-04-26 11:16:33.680 9705 RALLYDEBUG rally_openstack.task.cleanup.manager [-] Deleting neutron.port object s_rally_5b6324d7_ZpjwFDG9 (629fa279-64a8-4c66-bc96-5237b9830191)
2020-04-26 11:16:33.684 9705 RALLYDEBUG rally_openstack.task.cleanup.manager [-] Deleting neutron.port object s_rally_5b6324d7_ir9EuubM (45e564d6-9438-47de-a9da-8f4e228028d1)
2020-04-26 11:16:33.706 9705 RALLYDEBUG rally_openstack.task.cleanup.manager [-] Deleting neutron.port object s_rally_5b6324d7_QzRzWoHd (cb98d098-aa20-4f01-8130-e356909b51ce)
2020-04-26 11:16:37.402 9705 RALLYDEBUG rally_openstack.task.cleanup.manager [-] Cleaning up neutron subnet objects
2020-04-26 11:16:38.104 9705 RALLYDEBUG rally_openstack.task.cleanup.manager [-] Cleaning up neutron network objects
2020-04-26 11:16:38.973 9705 RALLYDEBUG rally_openstack.task.cleanup.manager [-] Cleaning up neutron router objects
2020-04-26 11:16:39.597 9705 RALLYDEBUG rally_openstack.task.cleanup.manager [-] Cleaning up neutron security_group objects
2020-04-26 11:16:40.178 9705 INFO rally.task.context [-] Task 7058f561-6105-4862-bee8-c9e55c1a2532 | Context cleanup@openstack cleanup() finished in 10.48 sec
2020-04-26 11:16:40.179 9705 INFO rally.task.context [-] Task 7058f561-6105-4862-bee8-c9e55c1a2532 | Context network@openstack cleanup() started
2020-04-26 11:16:46.470 9705 INFO rally.task.context [-] Task 7058f561-6105-4862-bee8-c9e55c1a2532 | Context network@openstack cleanup() finished in 6.29 sec
2020-04-26 11:16:46.470 9705 INFO rally.task.context [-] Task 7058f561-6105-4862-bee8-c9e55c1a2532 | Context quotas@openstack cleanup() started
2020-04-26 11:16:46.530 9705 INFO rally.task.context [-] Task 7058f561-6105-4862-bee8-c9e55c1a2532 | Context quotas@openstack cleanup() finished in 59.48 msec
2020-04-26 11:16:46.530 9705 INFO rally.task.context [-] Task 7058f561-6105-4862-bee8-c9e55c1a2532 | Context users@openstack cleanup() started
2020-04-26 11:16:48.436 9705 INFO rally.task.context [-] Task 7058f561-6105-4862-bee8-c9e55c1a2532 | Context users@openstack cleanup() finished in 1.91 sec
2020-04-26 11:16:48.487 9705 INFO rally.task.engine [-] Load duration is: 8.792288
2020-04-26 11:16:48.487 9705 INFO rally.task.engine [-] Full runner duration is: 8.835601
2020-04-26 11:16:48.487 9705 INFO rally.task.engine [-] Full duration is: 32.110599
2020-04-26 11:16:48.571 9705 INFO rally.task.engine [-] Running workload: position = 0 config = { "version": 2, "title": "A cropped version of a bigger task.", "description": "Auto-generated task from a single workload (uuid=427bf701-0ff4-477b-a026-aa2e54d3bfc3)", "subtasks": [ { "title": "NeutronNetworks.create_and_update_routers", "description": "Create and update a given number of routers.", "scenario": { "NeutronNetworks.create_and_update_routers": { "network_create_args": {}, "router_create_args": {}, "router_update_args": { "admin_state_up": false }, "subnet_cidr_start": "1.1.0.0/30", "subnet_create_args": {}, "subnets_per_network": 1 } }, "contexts": { "users": { "tenants": 3, "users_per_tenant": 2 }, "quotas": { "neutron": { "network": -1, "subnet": -1, "port": -1, "router": -1 } } }, "runner": { "constant": { "concurrency": 4, "times": 10 } }, "hooks": [], "sla": { "failure_rate": { "max": 0 } } } ] }
2020-04-26 11:16:48.587 9705 RALLYDEBUG rally_openstack.task.contexts.keystone.users [-] Creating 3 tenants using 3 threads
2020-04-26 11:16:49.044 9705 RALLYDEBUG rally_openstack.task.contexts.keystone.users [-] Creating 6 users using 6 threads
2020-04-26 11:16:49.833 9705 INFO rally.task.context [-] Task 7058f561-6105-4862-bee8-c9e55c1a2532 | Context users@openstack setup() finished in 1.25 sec
2020-04-26 11:16:50.250 9705 INFO rally.task.context [-] Task 7058f561-6105-4862-bee8-c9e55c1a2532 | Context quotas@openstack setup() finished in 0.42 sec
2020-04-26 11:16:50.251 9705 INFO rally.task.context [-] Task 7058f561-6105-4862-bee8-c9e55c1a2532 | Context cleanup@openstack setup() finished in 0.00 msec
2020-04-26 11:16:50.259 9705 RALLYDEBUG rally.task.runner [-] Starting the constant runner (task UUID: 7058f561-6105-4862-bee8-c9e55c1a2532). times: 10 concurrency: 4 timeout: 0 max_cpu_used: 88 processes_to_start: 4 concurrency_per_worker: 1 concurrency_overhead: 0
2020-04-26 11:16:50.272 10346 RALLYDEBUG rally.task.runner [-] Starting a worker. times: 10 duration: None concurrency: 1 timeout: 0 cls: method_name: run args: {"network_create_args": {}, "router_create_args": {}, "router_update_args": {"admin_state_up": false}, "subnet_cidr_start": "1.1.0.0/30", "subnet_create_args": {}, "subnets_per_network": 1}
2020-04-26 11:16:50.275 10347 RALLYDEBUG rally.task.runner [-] Starting a worker. times: 10 duration: None concurrency: 1 timeout: 0 cls: method_name: run args: {"network_create_args": {}, "router_create_args": {}, "router_update_args": {"admin_state_up": false}, "subnet_cidr_start": "1.1.0.0/30", "subnet_create_args": {}, "subnets_per_network": 1}
2020-04-26 11:16:50.277 10346 INFO rally.task.runner [-] Task 7058f561-6105-4862-bee8-c9e55c1a2532 | ITER: 1 START
2020-04-26 11:16:50.278 10348 RALLYDEBUG rally.task.runner [-] Starting a worker. times: 10 duration: None concurrency: 1 timeout: 0 cls: method_name: run args: {"network_create_args": {}, "router_create_args": {}, "router_update_args": {"admin_state_up": false}, "subnet_cidr_start": "1.1.0.0/30", "subnet_create_args": {}, "subnets_per_network": 1}
2020-04-26 11:16:50.279 10349 RALLYDEBUG rally.task.runner [-] Starting a worker. times: 10 duration: None concurrency: 1 timeout: 0 cls: method_name: run args: {"network_create_args": {}, "router_create_args": {}, "router_update_args": {"admin_state_up": false}, "subnet_cidr_start": "1.1.0.0/30", "subnet_create_args": {}, "subnets_per_network": 1}
2020-04-26 11:16:50.280 10347 INFO rally.task.runner [-] Task 7058f561-6105-4862-bee8-c9e55c1a2532 | ITER: 2 START
2020-04-26 11:16:50.281 10348 INFO rally.task.runner [-] Task 7058f561-6105-4862-bee8-c9e55c1a2532 | ITER: 3 START
2020-04-26 11:16:50.284 10349 INFO rally.task.runner [-] Task 7058f561-6105-4862-bee8-c9e55c1a2532 | ITER: 4 START
2020-04-26 11:16:50.882 10346 RALLYDEBUG rally_openstack.common.wrappers.network [-] CIDR generated: 1.1.0.12/30
2020-04-26 11:16:51.423 10348 RALLYDEBUG rally_openstack.common.wrappers.network [-] CIDR generated: 1.1.0.16/30
2020-04-26 11:16:51.445 10349 RALLYDEBUG rally_openstack.common.wrappers.network [-] CIDR generated: 1.1.0.20/30
2020-04-26 11:16:52.215 10347 RALLYDEBUG rally_openstack.common.wrappers.network [-] CIDR generated: 1.1.0.24/30
2020-04-26 11:16:54.914 10348 INFO rally.task.runner [-] Task 7058f561-6105-4862-bee8-c9e55c1a2532 | ITER: 3 END: OK
2020-04-26 11:16:54.919 10348 INFO rally.task.runner [-] Task 7058f561-6105-4862-bee8-c9e55c1a2532 | ITER: 5 START
2020-04-26 11:16:55.485 10348 RALLYDEBUG rally_openstack.common.wrappers.network [-] CIDR generated: 1.1.0.28/30
2020-04-26 11:16:55.676 10346 INFO rally.task.runner [-] Task 7058f561-6105-4862-bee8-c9e55c1a2532 | ITER: 1 END: OK
2020-04-26 11:16:55.680 10346 INFO rally.task.runner [-] Task 7058f561-6105-4862-bee8-c9e55c1a2532 | ITER: 6 START
2020-04-26 11:16:56.200 10346 RALLYDEBUG rally_openstack.common.wrappers.network [-] CIDR generated: 1.1.0.32/30
2020-04-26 11:16:56.592 10349 INFO rally.task.runner [-] Task 7058f561-6105-4862-bee8-c9e55c1a2532 | ITER: 4 END: OK
2020-04-26 11:16:56.599 10349 INFO rally.task.runner [-] Task 7058f561-6105-4862-bee8-c9e55c1a2532 | ITER: 7 START
2020-04-26 11:16:56.891 10347 INFO rally.task.runner [-] Task 7058f561-6105-4862-bee8-c9e55c1a2532 | ITER: 2 END: OK
2020-04-26 11:16:56.895 10347 INFO rally.task.runner [-] Task 7058f561-6105-4862-bee8-c9e55c1a2532 | ITER: 8 START
2020-04-26 11:16:57.086 10349 RALLYDEBUG rally_openstack.common.wrappers.network [-] CIDR generated: 1.1.0.36/30
2020-04-26 11:16:57.338 10347 RALLYDEBUG rally_openstack.common.wrappers.network [-] CIDR generated: 1.1.0.40/30
2020-04-26 11:16:59.990 10346 INFO rally.task.runner [-] Task 7058f561-6105-4862-bee8-c9e55c1a2532 | ITER: 6 END: OK
2020-04-26 11:16:59.994 10346 INFO rally.task.runner [-] Task 7058f561-6105-4862-bee8-c9e55c1a2532 | ITER: 9 START
2020-04-26 11:17:00.451 10346 RALLYDEBUG rally_openstack.common.wrappers.network [-] CIDR generated: 1.1.0.44/30
2020-04-26 11:17:02.294 10349 INFO rally.task.runner [-] Task 7058f561-6105-4862-bee8-c9e55c1a2532 | ITER: 7 END: OK
2020-04-26 11:17:02.298 10349 INFO rally.task.runner [-] Task 7058f561-6105-4862-bee8-c9e55c1a2532 | ITER: 10 START
2020-04-26 11:17:02.718 10349 RALLYDEBUG rally_openstack.common.wrappers.network [-] CIDR generated: 1.1.0.48/30
2020-04-26 11:17:02.958 10348 INFO rally.task.runner [-] Task 7058f561-6105-4862-bee8-c9e55c1a2532 | ITER: 5 END: OK
2020-04-26 11:17:04.170 10346 INFO rally.task.runner [-] Task 7058f561-6105-4862-bee8-c9e55c1a2532 | ITER: 9 END: OK
2020-04-26 11:17:05.146 10347 INFO rally.task.runner [-] Task 7058f561-6105-4862-bee8-c9e55c1a2532 | ITER: 8 END: OK
2020-04-26 11:17:07.650 10349 INFO rally.task.runner [-] Task 7058f561-6105-4862-bee8-c9e55c1a2532 | ITER: 10 END: OK
2020-04-26 11:17:07.671 9705 INFO rally.task.context [-] Task 7058f561-6105-4862-bee8-c9e55c1a2532 | Context cleanup@openstack cleanup() started
2020-04-26 11:17:07.674 9705 RALLYDEBUG rally_openstack.task.cleanup.manager [-] Cleaning up neutron vip objects
2020-04-26 11:17:08.214 9705 RALLYDEBUG rally_openstack.task.cleanup.manager [-] Cleaning up neutron health_monitor objects
2020-04-26 11:17:08.687 9705 RALLYDEBUG rally_openstack.task.cleanup.manager [-] Cleaning up neutron pool objects
2020-04-26 11:17:09.156 9705 RALLYDEBUG rally_openstack.task.cleanup.manager [-] Cleaning up neutron loadbalancer objects
2020-04-26 11:17:09.614 9705 RALLYDEBUG rally_openstack.task.cleanup.manager [-] Cleaning up neutron floatingip objects
2020-04-26 11:17:10.287 9705 RALLYDEBUG rally_openstack.task.cleanup.manager [-] Cleaning up neutron trunk objects
2020-04-26 11:17:10.816 9705 RALLYDEBUG rally_openstack.task.cleanup.manager [-] Cleaning up neutron port objects
2020-04-26 11:17:13.502 9705 RALLYDEBUG rally_openstack.task.cleanup.manager [-] Deleting neutron.port object s_rally_427bf701_hzya61oP (531406d4-f861-42e6-94d9-47405644e0f3)
2020-04-26 11:17:13.512 9705 RALLYDEBUG rally_openstack.task.cleanup.manager [-] Deleting neutron.port object s_rally_427bf701_Q6W6wCud (7b58d6d4-6510-4a12-95fa-d36a0e795940)
2020-04-26 11:17:13.518 9705 RALLYDEBUG rally_openstack.task.cleanup.manager [-] Deleting neutron.port object s_rally_427bf701_8PP4tw7g (eadfaf46-0540-4d6c-9c4b-e109a313882b)
2020-04-26 11:17:13.521 9705 RALLYDEBUG rally_openstack.task.cleanup.manager [-] Deleting neutron.port object s_rally_427bf701_Qscp4F39 (62f43864-90c0-4cd8-8bdb-ef13cb8dc851)
2020-04-26 11:17:13.539 9705 RALLYDEBUG rally_openstack.task.cleanup.manager [-] Deleting neutron.port object s_rally_427bf701_c1zwkqxN (223b2a6b-82d8-4c51-ad97-053ea6aa8f48)
2020-04-26 11:17:13.566 9705 RALLYDEBUG rally_openstack.task.cleanup.manager [-] Deleting neutron.port object s_rally_427bf701_PjQLOp6A (fe878bde-11f8-4a24-a0c1-d8fcb66641cb)
2020-04-26 11:17:13.573 9705 RALLYDEBUG rally_openstack.task.cleanup.manager [-] Deleting neutron.port object s_rally_427bf701_9T1Akuyk (282a5dd7-653e-4ffd-9600-ac2550bfae0e)
2020-04-26 11:17:13.580 9705 RALLYDEBUG rally_openstack.task.cleanup.manager [-] Deleting neutron.port object s_rally_427bf701_dpWB4SYB (18449388-0581-4850-a68b-6912a7fe2707)
2020-04-26 11:17:13.586 9705 RALLYDEBUG rally_openstack.task.cleanup.manager [-] Deleting neutron.port object s_rally_427bf701_D2wgCB4G (d3c0d8f5-75d9-4262-a93c-8c03069cb7d9)
2020-04-26 11:17:13.605 9705 RALLYDEBUG rally_openstack.task.cleanup.manager [-] Deleting neutron.port object s_rally_427bf701_RIOBlX4h (ee8c998d-1afd-4def-8a24-0baa0580805b)
2020-04-26 11:17:20.782 9705 RALLYDEBUG rally_openstack.task.cleanup.manager [-] Cleaning up neutron subnet objects
2020-04-26 11:17:21.501 9705 RALLYDEBUG rally_openstack.task.cleanup.manager [-] Deleting neutron.subnet object s_rally_427bf701_teV2JbLZ (4574f5c8-5e82-4855-bb46-a8994e24a293)
2020-04-26 11:17:21.505 9705 RALLYDEBUG rally_openstack.task.cleanup.manager [-] Deleting neutron.subnet object s_rally_427bf701_NhX0fAW7 (75c4f54f-7529-4397-a702-4402ed5a1aa7)
2020-04-26 11:17:21.512 9705 RALLYDEBUG rally_openstack.task.cleanup.manager [-] Deleting neutron.subnet object s_rally_427bf701_LAz0I4Ps (f8f4c1f3-f352-4745-89ac-d7bbc5b84e45)
2020-04-26 11:17:21.514 9705 RALLYDEBUG rally_openstack.task.cleanup.manager [-] Deleting neutron.subnet object s_rally_427bf701_GS1FT0jc (fa132d9a-ff3e-47d9-bf17-fc2d513b7d9b)
2020-04-26 11:17:21.527 9705 RALLYDEBUG rally_openstack.task.cleanup.manager [-] Deleting neutron.subnet object s_rally_427bf701_IfES3i5o (442c2c3e-7910-4529-a659-a8ab6a5a12f6)
2020-04-26 11:17:21.531 9705 RALLYDEBUG rally_openstack.task.cleanup.manager [-] Deleting neutron.subnet object s_rally_427bf701_6VMNDJFd (995b8e0d-ec55-499f-849a-20cf454a5f05)
2020-04-26 11:17:21.539 9705 RALLYDEBUG rally_openstack.task.cleanup.manager [-] Deleting neutron.subnet object s_rally_427bf701_kiG2gg0L (dcded524-c8d0-4119-ab75-fa826dc7c09d)
2020-04-26 11:17:21.543 9705 RALLYDEBUG rally_openstack.task.cleanup.manager [-] Deleting neutron.subnet object s_rally_427bf701_md49m9sF (0d2ac6e0-cecb-4794-b24b-445334560cd0)
2020-04-26 11:17:21.548 9705 RALLYDEBUG rally_openstack.task.cleanup.manager [-] Deleting neutron.subnet object s_rally_427bf701_F3TbH9y7 (29db4800-edf8-4f35-b001-82569e0d9cb6)
2020-04-26 11:17:21.555 9705 RALLYDEBUG rally_openstack.task.cleanup.manager [-] Deleting neutron.subnet object s_rally_427bf701_PIBaCCez (49b68def-ea4c-45dc-beb8-6e4a83ead4f9)
2020-04-26 11:17:29.246 9705 RALLYDEBUG rally_openstack.task.cleanup.manager [-] Cleaning up neutron network objects
2020-04-26 11:17:30.342 9705 RALLYDEBUG rally_openstack.task.cleanup.manager [-] Deleting neutron.network object s_rally_427bf701_b0Vglnxr (aed6face-c0de-4434-9bb6-1b03bdd5a609)
2020-04-26 11:17:30.348 9705 RALLYDEBUG rally_openstack.task.cleanup.manager [-] Deleting neutron.network object s_rally_427bf701_RJN1OrRF (c03d5e98-bacd-4b05-988e-27565a6fec48)
2020-04-26 11:17:30.356 9705 RALLYDEBUG rally_openstack.task.cleanup.manager [-] Deleting neutron.network object s_rally_427bf701_jOUZJkzp (e512635a-445b-474c-b845-e5b1a905885e)
2020-04-26 11:17:30.365 9705 RALLYDEBUG rally_openstack.task.cleanup.manager [-] Deleting neutron.network object s_rally_427bf701_lm6htEyn (fa943bab-de68-4f80-985e-c227cedf13d5)
2020-04-26 11:17:30.370 9705 RALLYDEBUG rally_openstack.task.cleanup.manager [-] Deleting neutron.network object s_rally_427bf701_OsFQkUGG (0f758912-2b8c-45ed-b6fb-ffa42d2ca778)
2020-04-26 11:17:30.384 9705 RALLYDEBUG rally_openstack.task.cleanup.manager [-] Deleting neutron.network object s_rally_427bf701_blFbeHYW (7ca62822-9599-4992-b4eb-7ef263d0a8fa)
2020-04-26 11:17:30.392 9705 RALLYDEBUG rally_openstack.task.cleanup.manager [-] Deleting neutron.network object s_rally_427bf701_UOiQEaoA (b189ad8f-e49a-4bed-a2e2-d5b6eba4b71d)
2020-04-26 11:17:30.405 9705 RALLYDEBUG rally_openstack.task.cleanup.manager [-] Deleting neutron.network object s_rally_427bf701_cA02Fetg (2c676d81-b248-4c77-81f3-a58373d46533)
2020-04-26 11:17:30.417 9705 RALLYDEBUG rally_openstack.task.cleanup.manager [-] Deleting neutron.network object s_rally_427bf701_HUcrL8wF (511d9112-550c-48ef-b9d7-bf441a4a8bbd)
2020-04-26 11:17:30.422 9705 RALLYDEBUG rally_openstack.task.cleanup.manager [-] Deleting neutron.network object s_rally_427bf701_J19mcDxT (c8be8ea4-fa0e-48a3-ba1f-9a6e80fec54f)
2020-04-26 11:17:36.137 9705 RALLYDEBUG rally_openstack.task.cleanup.manager [-] Cleaning up neutron router objects
2020-04-26 11:17:37.078 9705 RALLYDEBUG rally_openstack.task.cleanup.manager [-] Deleting neutron.router object s_rally_427bf701_hzya61oP (3745f88c-c6ef-4535-8223-bad757eb7dc7)
2020-04-26 11:17:37.082 9705 RALLYDEBUG rally_openstack.task.cleanup.manager [-] Deleting neutron.router object s_rally_427bf701_Q6W6wCud (3b3a93a6-1dfd-4b2c-a460-d98c315ee1ac)
2020-04-26 11:17:37.089 9705 RALLYDEBUG rally_openstack.task.cleanup.manager [-] Deleting neutron.router object s_rally_427bf701_8PP4tw7g (d50eacb7-17fe-423e-b362-12fd0ce292db)
2020-04-26 11:17:37.099 9705 RALLYDEBUG rally_openstack.task.cleanup.manager [-] Deleting neutron.router object s_rally_427bf701_Qscp4F39 (ff2e0d5a-77d4-4569-8aaa-f1268b7355be)
2020-04-26 11:17:37.103 9705 RALLYDEBUG rally_openstack.task.cleanup.manager [-] Deleting neutron.router object s_rally_427bf701_c1zwkqxN (396887b6-8ab0-4c34-9a99-e051dceea5e9)
2020-04-26 11:17:37.111 9705 RALLYDEBUG rally_openstack.task.cleanup.manager [-] Deleting neutron.router object s_rally_427bf701_PjQLOp6A (3f1e76b1-0a9a-4f17-80dc-57960312b0a9)
2020-04-26 11:17:37.125 9705 RALLYDEBUG rally_openstack.task.cleanup.manager [-] Deleting neutron.router object s_rally_427bf701_dpWB4SYB (489297ac-5ea9-4a8a-9dc3-2cbfa9f87a3c)
2020-04-26 11:17:37.138 9705 RALLYDEBUG rally_openstack.task.cleanup.manager [-] Deleting neutron.router object s_rally_427bf701_RIOBlX4h (074a6cfc-c4cd-4bc4-a00e-2ee9bc318ef6)
2020-04-26 11:17:37.147 9705 RALLYDEBUG rally_openstack.task.cleanup.manager [-] Deleting neutron.router object s_rally_427bf701_9T1Akuyk (79443662-0aa4-4ead-ac93-de0e1c753188)
2020-04-26 11:17:37.156 9705 RALLYDEBUG rally_openstack.task.cleanup.manager [-] Deleting neutron.router object s_rally_427bf701_D2wgCB4G (f3cc759b-7dda-4698-9242-344d9291857b)
2020-04-26 11:17:39.987 9705 RALLYDEBUG rally_openstack.task.cleanup.manager [-] Cleaning up neutron security_group objects
2020-04-26 11:17:40.576 9705 INFO rally.task.context [-] Task 7058f561-6105-4862-bee8-c9e55c1a2532 | Context cleanup@openstack cleanup() finished in 32.90 sec
2020-04-26 11:17:40.576 9705 INFO rally.task.context [-] Task 7058f561-6105-4862-bee8-c9e55c1a2532 | Context quotas@openstack cleanup() started
2020-04-26 11:17:40.620 9705 INFO rally.task.context [-] Task 7058f561-6105-4862-bee8-c9e55c1a2532 | Context quotas@openstack cleanup() finished in 43.34 msec
2020-04-26 11:17:40.620 9705 INFO rally.task.context [-] Task 7058f561-6105-4862-bee8-c9e55c1a2532 | Context users@openstack cleanup() started
2020-04-26 11:17:42.566 9705 INFO rally.task.context [-] Task 7058f561-6105-4862-bee8-c9e55c1a2532 | Context users@openstack cleanup() finished in 1.95 sec
2020-04-26 11:17:42.818 9705 INFO rally.task.engine [-] Load duration is: 17.372126
2020-04-26 11:17:42.818 9705 INFO rally.task.engine [-] Full runner duration is: 17.411946
2020-04-26 11:17:42.819 9705 INFO rally.task.engine [-] Full duration is: 53.980866
2020-04-26 11:17:42.900 9705 INFO rally.task.engine [-] Running workload: position = 0 config = { "version": 2, "title": "A cropped version of a bigger task.", "description": "Auto-generated task from a single workload (uuid=137f4af0-5043-4abe-a671-69f277422a73)", "subtasks": [ { "title": "NeutronNetworks.create_and_update_subnets", "description": "Create and update a subnet.", "scenario": { "NeutronNetworks.create_and_update_subnets": { "network_create_args": {}, "subnet_cidr_start": "1.4.0.0/16", "subnet_create_args": {}, "subnet_update_args": { "enable_dhcp": false }, "subnets_per_network": 1 } }, "contexts": { "users": { "tenants": 3, "users_per_tenant": 2 }, "quotas": { "neutron": { "network": -1, "subnet": -1 } } }, "runner": { "constant": { "concurrency": 4, "times": 10 } }, "hooks": [], "sla": { "failure_rate": { "max": 0 } } } ] }
2020-04-26 11:17:42.916 9705 RALLYDEBUG rally_openstack.task.contexts.keystone.users [-] Creating 3 tenants using 3 threads
2020-04-26 11:17:43.331 9705 RALLYDEBUG rally_openstack.task.contexts.keystone.users [-] Creating 6 users using 6 threads
2020-04-26 11:17:44.166 9705 INFO rally.task.context [-] Task 7058f561-6105-4862-bee8-c9e55c1a2532 | Context users@openstack setup() finished in 1.25 sec
2020-04-26 11:17:44.587 9705 INFO rally.task.context [-] Task 7058f561-6105-4862-bee8-c9e55c1a2532 | Context quotas@openstack setup() finished in 0.42 sec
2020-04-26 11:17:44.588 9705 INFO rally.task.context [-] Task 7058f561-6105-4862-bee8-c9e55c1a2532 | Context cleanup@openstack setup() finished in 0.00 msec
2020-04-26 11:17:44.596 9705 RALLYDEBUG rally.task.runner [-] Starting the constant runner (task UUID: 7058f561-6105-4862-bee8-c9e55c1a2532). times: 10 concurrency: 4 timeout: 0 max_cpu_used: 88 processes_to_start: 4 concurrency_per_worker: 1 concurrency_overhead: 0
2020-04-26 11:17:44.606 10639 RALLYDEBUG rally.task.runner [-] Starting a worker. times: 10 duration: None concurrency: 1 timeout: 0 cls: method_name: run args: {"network_create_args": {}, "subnet_cidr_start": "1.4.0.0/16", "subnet_create_args": {}, "subnet_update_args": {"enable_dhcp": false}, "subnets_per_network": 1}
2020-04-26 11:17:44.607 10640 RALLYDEBUG rally.task.runner [-] Starting a worker. times: 10 duration: None concurrency: 1 timeout: 0 cls: method_name: run args: {"network_create_args": {}, "subnet_cidr_start": "1.4.0.0/16", "subnet_create_args": {}, "subnet_update_args": {"enable_dhcp": false}, "subnets_per_network": 1}
2020-04-26 11:17:44.609 10641 RALLYDEBUG rally.task.runner [-] Starting a worker. times: 10 duration: None concurrency: 1 timeout: 0 cls: method_name: run args: {"network_create_args": {}, "subnet_cidr_start": "1.4.0.0/16", "subnet_create_args": {}, "subnet_update_args": {"enable_dhcp": false}, "subnets_per_network": 1}
2020-04-26 11:17:44.610 10642 RALLYDEBUG rally.task.runner [-] Starting a worker. times: 10 duration: None concurrency: 1 timeout: 0 cls: method_name: run args: {"network_create_args": {}, "subnet_cidr_start": "1.4.0.0/16", "subnet_create_args": {}, "subnet_update_args": {"enable_dhcp": false}, "subnets_per_network": 1}
2020-04-26 11:17:44.611 10639 INFO rally.task.runner [-] Task 7058f561-6105-4862-bee8-c9e55c1a2532 | ITER: 1 START
2020-04-26 11:17:44.613 10640 INFO rally.task.runner [-] Task 7058f561-6105-4862-bee8-c9e55c1a2532 | ITER: 2 START
2020-04-26 11:17:44.614 10641 INFO rally.task.runner [-] Task 7058f561-6105-4862-bee8-c9e55c1a2532 | ITER: 3 START
2020-04-26 11:17:44.615 10642 INFO rally.task.runner [-] Task 7058f561-6105-4862-bee8-c9e55c1a2532 | ITER: 4 START
2020-04-26 11:17:45.195 10640 RALLYDEBUG rally_openstack.common.wrappers.network [-] CIDR generated: 1.17.0.0/16
2020-04-26 11:17:45.707 10641 RALLYDEBUG rally_openstack.common.wrappers.network [-] CIDR generated: 1.18.0.0/16
2020-04-26 11:17:45.847 10642 RALLYDEBUG rally_openstack.common.wrappers.network [-] CIDR generated: 1.19.0.0/16
2020-04-26 11:17:46.231 10640 INFO rally.task.runner [-] Task 7058f561-6105-4862-bee8-c9e55c1a2532 | ITER: 2 END: OK
2020-04-26 11:17:46.236 10640 INFO rally.task.runner [-] Task 7058f561-6105-4862-bee8-c9e55c1a2532 | ITER: 5 START
2020-04-26 11:17:46.325 10639 RALLYDEBUG rally_openstack.common.wrappers.network [-] CIDR generated: 1.20.0.0/16
2020-04-26 11:17:46.595 10640 RALLYDEBUG rally_openstack.common.wrappers.network [-] CIDR generated: 1.21.0.0/16
2020-04-26 11:17:46.922 10641 INFO rally.task.runner [-] Task 7058f561-6105-4862-bee8-c9e55c1a2532 | ITER: 3 END: OK
2020-04-26 11:17:46.926 10641 INFO rally.task.runner [-] Task 7058f561-6105-4862-bee8-c9e55c1a2532 | ITER: 6 START
2020-04-26 11:17:47.183 10642 INFO rally.task.runner [-] Task 7058f561-6105-4862-bee8-c9e55c1a2532 | ITER: 4 END: OK
2020-04-26 11:17:47.187 10642 INFO rally.task.runner [-] Task 7058f561-6105-4862-bee8-c9e55c1a2532 | ITER: 7 START
2020-04-26 11:17:47.616 10642 RALLYDEBUG rally_openstack.common.wrappers.network [-] CIDR generated: 1.22.0.0/16
2020-04-26 11:17:47.767 10640 INFO rally.task.runner [-] Task 7058f561-6105-4862-bee8-c9e55c1a2532 | ITER: 5 END: OK
2020-04-26 11:17:47.770 10640 INFO rally.task.runner [-] Task 7058f561-6105-4862-bee8-c9e55c1a2532 | ITER: 8 START
2020-04-26 11:17:48.232 10640 RALLYDEBUG rally_openstack.common.wrappers.network [-] CIDR generated: 1.23.0.0/16
2020-04-26 11:17:48.763 10642 INFO rally.task.runner [-] Task 7058f561-6105-4862-bee8-c9e55c1a2532 | ITER: 7 END: OK
2020-04-26 11:17:48.766 10642 INFO rally.task.runner [-] Task 7058f561-6105-4862-bee8-c9e55c1a2532 | ITER: 9 START
2020-04-26 11:17:48.933 10641 RALLYDEBUG rally_openstack.common.wrappers.network [-] CIDR generated: 1.24.0.0/16
2020-04-26 11:17:49.230 10639 INFO rally.task.runner [-] Task 7058f561-6105-4862-bee8-c9e55c1a2532 | ITER: 1 END: OK
2020-04-26 11:17:49.234 10639 INFO rally.task.runner [-] Task 7058f561-6105-4862-bee8-c9e55c1a2532 | ITER: 10 START
2020-04-26 11:17:49.319 10642 RALLYDEBUG rally_openstack.common.wrappers.network [-] CIDR generated: 1.25.0.0/16
2020-04-26 11:17:49.577 10639 RALLYDEBUG rally_openstack.common.wrappers.network [-] CIDR generated: 1.26.0.0/16
2020-04-26 11:17:50.109 10641 INFO rally.task.runner [-] Task 7058f561-6105-4862-bee8-c9e55c1a2532 | ITER: 6 END: OK
2020-04-26 11:17:50.222 10640 INFO rally.task.runner [-] Task 7058f561-6105-4862-bee8-c9e55c1a2532 | ITER: 8 END: OK
2020-04-26 11:17:50.898 10642 INFO rally.task.runner [-] Task 7058f561-6105-4862-bee8-c9e55c1a2532 | ITER: 9 END: OK
2020-04-26 11:17:52.056 10639 INFO rally.task.runner [-] Task 7058f561-6105-4862-bee8-c9e55c1a2532 | ITER: 10 END: OK
2020-04-26 11:17:52.082 9705 INFO rally.task.context [-] Task 7058f561-6105-4862-bee8-c9e55c1a2532 | Context cleanup@openstack cleanup() started
2020-04-26 11:17:52.085 9705 RALLYDEBUG rally_openstack.task.cleanup.manager [-] Cleaning up neutron vip objects
2020-04-26 11:17:52.732 9705 RALLYDEBUG rally_openstack.task.cleanup.manager [-] Cleaning up neutron health_monitor objects
2020-04-26 11:17:53.510 9705 RALLYDEBUG rally_openstack.task.cleanup.manager [-] Cleaning up neutron pool objects
2020-04-26 11:17:54.199 9705 RALLYDEBUG rally_openstack.task.cleanup.manager [-] Cleaning up neutron loadbalancer objects
2020-04-26 11:17:54.667 9705 RALLYDEBUG rally_openstack.task.cleanup.manager [-] Cleaning up neutron floatingip objects
2020-04-26 11:17:55.288 9705 RALLYDEBUG rally_openstack.task.cleanup.manager [-] Cleaning up neutron trunk objects
2020-04-26 11:17:55.797 9705 RALLYDEBUG rally_openstack.task.cleanup.manager [-] Cleaning up neutron port objects
2020-04-26 11:17:56.474 9705 RALLYDEBUG rally_openstack.task.cleanup.manager [-] Cleaning up neutron subnet objects
2020-04-26 11:17:57.125 9705 RALLYDEBUG rally_openstack.task.cleanup.manager [-] Deleting neutron.subnet object s_rally_137f4af0_ocyTSLV4 (4035bf02-f245-4905-a6d8-ef360bd52db2)
2020-04-26 11:17:57.130 9705 RALLYDEBUG rally_openstack.task.cleanup.manager [-] Deleting neutron.subnet object s_rally_137f4af0_0jObUYpe (84928b85-83dc-4d77-a5a8-e9b7de449652)
2020-04-26 11:17:57.142 9705 RALLYDEBUG rally_openstack.task.cleanup.manager [-] Deleting neutron.subnet object s_rally_137f4af0_M5jLgxRD (980de0aa-769f-4481-b1b7-31c32fb6115e)
2020-04-26 11:17:57.146 9705 RALLYDEBUG rally_openstack.task.cleanup.manager [-] Deleting neutron.subnet object s_rally_137f4af0_w8RxuxL4 (e84872d0-c8ec-4edc-a0b1-e5e437da4a52)
2020-04-26 11:17:57.154 9705 RALLYDEBUG rally_openstack.task.cleanup.manager [-] Deleting neutron.subnet object s_rally_137f4af0_oYXmYa5r (264f18e3-685d-48e3-b55a-0be044215e4f)
2020-04-26 11:17:57.167 9705 RALLYDEBUG rally_openstack.task.cleanup.manager [-] Deleting neutron.subnet object s_rally_137f4af0_vqr8btew (40955e9a-f410-4410-8d88-18f34db10758)
2020-04-26 11:17:57.184 9705 RALLYDEBUG rally_openstack.task.cleanup.manager [-] Deleting neutron.subnet object s_rally_137f4af0_xeDZkJGp (bfa1935d-69bb-4d85-8539-b3786fe1b61b)
2020-04-26 11:17:57.197 9705 RALLYDEBUG rally_openstack.task.cleanup.manager [-] Deleting neutron.subnet object s_rally_137f4af0_2x41WQ7Q (1be81057-9e6e-449f-a220-61599f6a7bf7)
2020-04-26 11:17:57.211 9705 RALLYDEBUG rally_openstack.task.cleanup.manager [-] Deleting neutron.subnet object s_rally_137f4af0_L4qx52HG (3abb3d7c-bd98-4f4e-b43d-b6260e93729b)
2020-04-26 11:17:57.227 9705 RALLYDEBUG rally_openstack.task.cleanup.manager [-] Deleting neutron.subnet object s_rally_137f4af0_U9WU7lvT (73b4d8a1-7ae7-4c86-b6c2-ca8619ba1a74)
2020-04-26 11:18:02.027 9705 RALLYDEBUG rally_openstack.task.cleanup.manager [-] Cleaning up neutron network objects
2020-04-26 11:18:02.951 9705 RALLYDEBUG rally_openstack.task.cleanup.manager [-] Deleting neutron.network object s_rally_137f4af0_nI3WQkjf (933f08cb-21ab-4ff1-b0b1-e3cec84a1f11)
2020-04-26 11:18:02.957 9705 RALLYDEBUG rally_openstack.task.cleanup.manager [-] Deleting neutron.network object s_rally_137f4af0_r8bgl9wc (a4a38320-1f8e-408c-8c9d-05917eaac8c2)
2020-04-26 11:18:02.965 9705 RALLYDEBUG rally_openstack.task.cleanup.manager [-] Deleting neutron.network object s_rally_137f4af0_O9k5NH6e (ddc36697-0253-4f2c-a27a-a36f021ed0a7)
2020-04-26 11:18:02.975 9705 RALLYDEBUG rally_openstack.task.cleanup.manager [-] Deleting neutron.network object s_rally_137f4af0_gbLyZcjD (f5031c85-8edd-47f0-8efc-1695d0c47939)
2020-04-26 11:18:02.983 9705 RALLYDEBUG rally_openstack.task.cleanup.manager [-] Deleting neutron.network object s_rally_137f4af0_1nuPCDJ1 (44ba38b7-5dbe-42c5-97d7-a5cb554b7e94)
2020-04-26 11:18:02.996 9705 RALLYDEBUG rally_openstack.task.cleanup.manager [-] Deleting neutron.network object s_rally_137f4af0_oUa3ZY6X (c32fb2ae-b38d-40d3-b8b1-e26e9c18d98c)
2020-04-26 11:18:03.007 9705 RALLYDEBUG rally_openstack.task.cleanup.manager [-] Deleting neutron.network object s_rally_137f4af0_aJ8okNDi (ea95dbb0-6e36-4ac7-ae38-3e982913c4f2)
2020-04-26 11:18:03.012 9705 RALLYDEBUG rally_openstack.task.cleanup.manager [-] Deleting neutron.network object s_rally_137f4af0_cyVoPTHl (18176e49-4f2c-4858-8cd8-140c0f55fd0a)
2020-04-26 11:18:03.017 9705 RALLYDEBUG rally_openstack.task.cleanup.manager [-] Deleting neutron.network object s_rally_137f4af0_RxsqRcQC (ed953dad-f74f-41ce-8258-079eca25a412)
2020-04-26 11:18:03.040 9705 RALLYDEBUG rally_openstack.task.cleanup.manager [-] Deleting neutron.network object s_rally_137f4af0_TJOVmuDm (fe6fd8a6-3ad8-487a-9aae-49b48dc86c19)
2020-04-26 11:18:08.027 9705 RALLYDEBUG rally_openstack.task.cleanup.manager [-] Cleaning up neutron router objects
2020-04-26 11:18:08.664 9705 RALLYDEBUG rally_openstack.task.cleanup.manager [-] Cleaning up neutron security_group objects
2020-04-26 11:18:09.284 9705 INFO rally.task.context [-] Task 7058f561-6105-4862-bee8-c9e55c1a2532 | Context cleanup@openstack cleanup() finished in 17.20 sec
2020-04-26 11:18:09.285 9705 INFO rally.task.context [-] Task 7058f561-6105-4862-bee8-c9e55c1a2532 | Context quotas@openstack cleanup() started
2020-04-26 11:18:09.331 9705 INFO rally.task.context [-] Task 7058f561-6105-4862-bee8-c9e55c1a2532 | Context quotas@openstack cleanup() finished in 45.98 msec
2020-04-26 11:18:09.331 9705 INFO rally.task.context [-] Task 7058f561-6105-4862-bee8-c9e55c1a2532 | Context users@openstack cleanup() started
2020-04-26 11:18:11.332 9705 INFO rally.task.context [-] Task 7058f561-6105-4862-bee8-c9e55c1a2532 | Context users@openstack cleanup() finished in 2.00 sec
2020-04-26 11:18:13.121 9705 INFO rally.task.engine [-] Load duration is: 7.442772
2020-04-26 11:18:13.122 9705 INFO rally.task.engine [-] Full runner duration is: 7.487086
2020-04-26 11:18:13.122 9705 INFO rally.task.engine [-] Full duration is: 28.416934
2020-04-26 11:18:13.205 9705 INFO rally.task.engine [-] Running workload: position = 0 config = { "version": 2, "title": "A cropped version of a bigger task.", "description": "Auto-generated task from a single workload (uuid=dcd9ad62-d9f5-4951-a864-8c396a190842)", "subtasks": [ { "title": "NeutronNetworks.create_and_delete_networks", "description": "Create and delete a network.", "scenario": { "NeutronNetworks.create_and_delete_networks": { "network_create_args": {} } }, "contexts": { "users": { "tenants": 3, "users_per_tenant": 2 }, "quotas": { "neutron": { "network": -1 } } }, "runner": { "constant": { "concurrency": 4, "times": 10 } }, "hooks": [], "sla": { "failure_rate": { "max": 0 } } } ] }
2020-04-26 11:18:13.220 9705 RALLYDEBUG rally_openstack.task.contexts.keystone.users [-] Creating 3 tenants using 3 threads
2020-04-26 11:18:13.627 9705 RALLYDEBUG rally_openstack.task.contexts.keystone.users [-] Creating 6 users using 6 threads
2020-04-26 11:18:14.359 9705 INFO rally.task.context [-] Task 7058f561-6105-4862-bee8-c9e55c1a2532 | Context users@openstack setup() finished in 1.14 sec
2020-04-26 11:18:14.826 9705 INFO rally.task.context [-] Task 7058f561-6105-4862-bee8-c9e55c1a2532 | Context quotas@openstack setup() finished in 0.47 sec
2020-04-26 11:18:14.827 9705 INFO rally.task.context [-] Task 7058f561-6105-4862-bee8-c9e55c1a2532 | Context cleanup@openstack setup() finished in 0.14 msec
2020-04-26 11:18:14.841 9705 RALLYDEBUG rally.task.runner [-] Starting the constant runner (task UUID: 7058f561-6105-4862-bee8-c9e55c1a2532). times: 10 concurrency: 4 timeout: 0 max_cpu_used: 88 processes_to_start: 4 concurrency_per_worker: 1 concurrency_overhead: 0
2020-04-26 11:18:14.854 10932 RALLYDEBUG rally.task.runner [-] Starting a worker. times: 10 duration: None concurrency: 1 timeout: 0 cls: method_name: run args: {"network_create_args": {}}
2020-04-26 11:18:14.857 10933 RALLYDEBUG rally.task.runner [-] Starting a worker. times: 10 duration: None concurrency: 1 timeout: 0 cls: method_name: run args: {"network_create_args": {}}
2020-04-26 11:18:14.860 10932 INFO rally.task.runner [-] Task 7058f561-6105-4862-bee8-c9e55c1a2532 | ITER: 1 START
2020-04-26 11:18:14.859 10934 RALLYDEBUG rally.task.runner [-] Starting a worker. times: 10 duration: None concurrency: 1 timeout: 0 cls: method_name: run args: {"network_create_args": {}}
2020-04-26 11:18:14.863 10933 INFO rally.task.runner [-] Task 7058f561-6105-4862-bee8-c9e55c1a2532 | ITER: 2 START
2020-04-26 11:18:14.862 10935 RALLYDEBUG rally.task.runner [-] Starting a worker. times: 10 duration: None concurrency: 1 timeout: 0 cls: method_name: run args: {"network_create_args": {}}
2020-04-26 11:18:14.865 10934 INFO rally.task.runner [-] Task 7058f561-6105-4862-bee8-c9e55c1a2532 | ITER: 3 START
2020-04-26 11:18:14.868 10935 INFO rally.task.runner [-] Task 7058f561-6105-4862-bee8-c9e55c1a2532 | ITER: 4 START
2020-04-26 11:18:16.053 10933 INFO rally.task.runner [-] Task 7058f561-6105-4862-bee8-c9e55c1a2532 | ITER: 2 END: OK
2020-04-26 11:18:16.057 10933 INFO rally.task.runner [-] Task 7058f561-6105-4862-bee8-c9e55c1a2532 | ITER: 5 START
2020-04-26 11:18:17.148 10933 INFO rally.task.runner [-] Task 7058f561-6105-4862-bee8-c9e55c1a2532 | ITER: 5 END: OK
2020-04-26 11:18:17.152 10933 INFO rally.task.runner [-] Task 7058f561-6105-4862-bee8-c9e55c1a2532 | ITER: 6 START
2020-04-26 11:18:17.502 10932 INFO rally.task.runner [-] Task 7058f561-6105-4862-bee8-c9e55c1a2532 | ITER: 1 END: OK
2020-04-26 11:18:17.506 10932 INFO rally.task.runner [-] Task 7058f561-6105-4862-bee8-c9e55c1a2532 | ITER: 7 START
2020-04-26 11:18:17.574 10934 INFO rally.task.runner [-] Task 7058f561-6105-4862-bee8-c9e55c1a2532 | ITER: 3 END: OK
2020-04-26 11:18:17.578 10934 INFO rally.task.runner [-] Task 7058f561-6105-4862-bee8-c9e55c1a2532 | ITER: 8 START
2020-04-26 11:18:18.072 10935 INFO rally.task.runner [-] Task 7058f561-6105-4862-bee8-c9e55c1a2532 | ITER: 4 END: OK
2020-04-26 11:18:18.076 10935 INFO rally.task.runner [-] Task 7058f561-6105-4862-bee8-c9e55c1a2532 | ITER: 9 START
2020-04-26 11:18:18.359 10933 INFO rally.task.runner [-] Task 7058f561-6105-4862-bee8-c9e55c1a2532 | ITER: 6 END: OK
2020-04-26 11:18:18.363 10933 INFO rally.task.runner [-] Task 7058f561-6105-4862-bee8-c9e55c1a2532 | ITER: 10 START
2020-04-26 11:18:18.515 10932 INFO rally.task.runner [-] Task 7058f561-6105-4862-bee8-c9e55c1a2532 | ITER: 7 END: OK
2020-04-26 11:18:18.627 10934 INFO rally.task.runner [-] Task 7058f561-6105-4862-bee8-c9e55c1a2532 | ITER: 8 END: OK
2020-04-26 11:18:19.011 10935 INFO rally.task.runner [-] Task 7058f561-6105-4862-bee8-c9e55c1a2532 | ITER: 9 END: OK
2020-04-26 11:18:19.378 10933 INFO rally.task.runner [-] Task 7058f561-6105-4862-bee8-c9e55c1a2532 | ITER: 10 END: OK
2020-04-26 11:18:19.402 9705 INFO rally.task.context [-] Task 7058f561-6105-4862-bee8-c9e55c1a2532 | Context cleanup@openstack cleanup() started
2020-04-26 11:18:19.406 9705 RALLYDEBUG rally_openstack.task.cleanup.manager [-] Cleaning up neutron vip objects
2020-04-26 11:18:20.184 9705 RALLYDEBUG rally_openstack.task.cleanup.manager [-] Cleaning up neutron health_monitor objects
2020-04-26 11:18:20.824 9705 RALLYDEBUG rally_openstack.task.cleanup.manager [-] Cleaning up neutron pool objects
2020-04-26 11:18:21.463 9705 RALLYDEBUG rally_openstack.task.cleanup.manager [-] Cleaning up neutron loadbalancer objects
2020-04-26 11:18:22.254 9705 RALLYDEBUG rally_openstack.task.cleanup.manager [-] Cleaning up neutron floatingip objects
2020-04-26 11:18:23.008 9705 RALLYDEBUG rally_openstack.task.cleanup.manager [-] Cleaning up neutron trunk objects
2020-04-26 11:18:23.562 9705 RALLYDEBUG rally_openstack.task.cleanup.manager [-] Cleaning up neutron port objects
2020-04-26 11:18:24.246 9705 RALLYDEBUG rally_openstack.task.cleanup.manager [-] Cleaning up neutron subnet objects
2020-04-26 11:18:24.847 9705 RALLYDEBUG rally_openstack.task.cleanup.manager [-] Cleaning up neutron network objects
2020-04-26 11:18:25.485 9705 RALLYDEBUG rally_openstack.task.cleanup.manager [-] Cleaning up neutron router objects
2020-04-26 11:18:26.067 9705 RALLYDEBUG rally_openstack.task.cleanup.manager [-] Cleaning up neutron security_group objects
2020-04-26 11:18:26.787 9705 INFO rally.task.context [-] Task 7058f561-6105-4862-bee8-c9e55c1a2532 | Context cleanup@openstack cleanup() finished in 7.39 sec
2020-04-26 11:18:26.789 9705 INFO rally.task.context [-] Task 7058f561-6105-4862-bee8-c9e55c1a2532 | Context quotas@openstack cleanup() started
2020-04-26 11:18:26.838 9705 INFO rally.task.context [-] Task 7058f561-6105-4862-bee8-c9e55c1a2532 | Context quotas@openstack cleanup() finished in 48.67 msec
2020-04-26 11:18:26.838 9705 INFO rally.task.context [-] Task 7058f561-6105-4862-bee8-c9e55c1a2532 | Context users@openstack cleanup() started
2020-04-26 11:18:28.772 9705 INFO rally.task.context [-] Task 7058f561-6105-4862-bee8-c9e55c1a2532 | Context users@openstack cleanup() finished in 1.93 sec
2020-04-26 11:18:29.312 9705 INFO rally.task.engine [-] Load duration is: 4.516359
2020-04-26 11:18:29.313 9705 INFO rally.task.engine [-] Full runner duration is: 4.56255
2020-04-26 11:18:29.313 9705 INFO rally.task.engine [-] Full duration is: 15.553392
2020-04-26 11:18:29.400 9705 INFO rally.task.engine [-] Running workload: position = 0 config = { "version": 2, "title": "A cropped version of a bigger task.", "description": "Auto-generated task from a single workload (uuid=eec2b8ac-5cee-4ef7-ba73-b416228b4db6)", "subtasks": [ { "title": "NeutronNetworks.create_and_delete_ports", "description": "Create and delete a port.", "scenario": { "NeutronNetworks.create_and_delete_ports": { "network_create_args": {}, "port_create_args": {}, "ports_per_network": 1 } }, "contexts": { "users": { "tenants": 3, "users_per_tenant": 2 }, "network": { "router": {} }, "quotas": { "neutron": { "network": -1, "port": -1 } } }, "runner": { "constant": { "concurrency": 4, "times": 10 } }, "hooks": [], "sla": { "failure_rate": { "max": 0 } } } ] }
2020-04-26 11:18:29.418 9705 RALLYDEBUG rally_openstack.task.contexts.keystone.users [-] Creating 3 tenants using 3 threads
2020-04-26 11:18:29.853 9705 RALLYDEBUG rally_openstack.task.contexts.keystone.users [-] Creating 6 users using 6 threads
2020-04-26 11:18:30.577 9705 INFO rally.task.context [-] Task 7058f561-6105-4862-bee8-c9e55c1a2532 | Context users@openstack setup() finished in 1.16 sec
2020-04-26 11:18:31.007 9705 INFO rally.task.context [-] Task 7058f561-6105-4862-bee8-c9e55c1a2532 | Context quotas@openstack setup() finished in 0.43 sec
2020-04-26 11:18:31.476 9705 RALLYDEBUG rally_openstack.common.wrappers.network [-] CIDR generated: 10.2.23.0/24
2020-04-26 11:18:32.415 9705 RALLYDEBUG rally_openstack.common.wrappers.network [-] CIDR generated: 10.2.24.0/24
2020-04-26 11:18:33.241 9705 RALLYDEBUG rally_openstack.common.wrappers.network [-] CIDR generated: 10.2.25.0/24
2020-04-26 11:18:33.747 9705 INFO rally.task.context [-] Task 7058f561-6105-4862-bee8-c9e55c1a2532 | Context network@openstack setup() finished in 2.74 sec
2020-04-26 11:18:33.748 9705 INFO rally.task.context [-] Task 7058f561-6105-4862-bee8-c9e55c1a2532 | Context cleanup@openstack setup() finished in 0.02 msec
2020-04-26 11:18:33.754 9705 RALLYDEBUG rally.task.runner [-] Starting the constant runner (task UUID: 7058f561-6105-4862-bee8-c9e55c1a2532). times: 10 concurrency: 4 timeout: 0 max_cpu_used: 88 processes_to_start: 4 concurrency_per_worker: 1 concurrency_overhead: 0
2020-04-26 11:18:33.763 11225 RALLYDEBUG rally.task.runner [-] Starting a worker. times: 10 duration: None concurrency: 1 timeout: 0 cls: method_name: run args: {"network_create_args": {}, "port_create_args": {}, "ports_per_network": 1}
2020-04-26 11:18:33.766 11226 RALLYDEBUG rally.task.runner [-] Starting a worker. times: 10 duration: None concurrency: 1 timeout: 0 cls: method_name: run args: {"network_create_args": {}, "port_create_args": {}, "ports_per_network": 1}
2020-04-26 11:18:33.768 11227 RALLYDEBUG rally.task.runner [-] Starting a worker. times: 10 duration: None concurrency: 1 timeout: 0 cls: method_name: run args: {"network_create_args": {}, "port_create_args": {}, "ports_per_network": 1}
2020-04-26 11:18:33.769 11225 INFO rally.task.runner [-] Task 7058f561-6105-4862-bee8-c9e55c1a2532 | ITER: 1 START
2020-04-26 11:18:33.771 11228 RALLYDEBUG rally.task.runner [-] Starting a worker. times: 10 duration: None concurrency: 1 timeout: 0 cls: method_name: run args: {"network_create_args": {}, "port_create_args": {}, "ports_per_network": 1}
