2020-04-26 11:12:17.545 7596 RALLYDEBUG rally.task.runner [-] Starting a worker. times: 10 duration: None concurrency: 1 timeout: 0 cls: method_name: run args: {"template_path": "heat_template_version: 2014-10-16\n\ndescription: Test template for rally create-update-delete scenario\n\nresources:\n test_string_one:\n type: OS::Heat::RandomString\n properties:\n length: 20\n test_string_two:\n type: OS::Heat::RandomString\n properties:\n length: 20"}
2020-04-26 11:12:17.548 7597 RALLYDEBUG rally.task.runner [-] Starting a worker. times: 10 duration: None concurrency: 1 timeout: 0 cls: method_name: run args: {"template_path": "heat_template_version: 2014-10-16\n\ndescription: Test template for rally create-update-delete scenario\n\nresources:\n test_string_one:\n type: OS::Heat::RandomString\n properties:\n length: 20\n test_string_two:\n type: OS::Heat::RandomString\n properties:\n length: 20"}
2020-04-26 11:12:17.550 7598 RALLYDEBUG rally.task.runner [-] Starting a worker. times: 10 duration: None concurrency: 1 timeout: 0 cls: method_name: run args: {"template_path": "heat_template_version: 2014-10-16\n\ndescription: Test template for rally create-update-delete scenario\n\nresources:\n test_string_one:\n type: OS::Heat::RandomString\n properties:\n length: 20\n test_string_two:\n type: OS::Heat::RandomString\n properties:\n length: 20"}
2020-04-26 11:12:17.552 7596 INFO rally.task.runner [-] Task 964f2fa4-736a-446a-9bfe-16740fcb06b6 | ITER: 1 START
2020-04-26 11:12:17.553 7599 RALLYDEBUG rally.task.runner [-] Starting a worker. times: 10 duration: None concurrency: 1 timeout: 0 cls: method_name: run args: {"template_path": "heat_template_version: 2014-10-16\n\ndescription: Test template for rally create-update-delete scenario\n\nresources:\n test_string_one:\n type: OS::Heat::RandomString\n properties:\n length: 20\n test_string_two:\n type: OS::Heat::RandomString\n properties:\n length: 20"}
2020-04-26 11:12:17.557 7598 INFO rally.task.runner [-] Task 964f2fa4-736a-446a-9bfe-16740fcb06b6 | ITER: 3 START
2020-04-26 11:12:17.557 7597 INFO rally.task.runner [-] Task 964f2fa4-736a-446a-9bfe-16740fcb06b6 | ITER: 2 START
2020-04-26 11:12:17.559 7599 INFO rally.task.runner [-] Task 964f2fa4-736a-446a-9bfe-16740fcb06b6 | ITER: 4 START
2020-04-26 11:12:20.379 7599 RALLYDEBUG rally.task.utils [-] Waiting for resource . Status changed: CREATE_IN_PROGRESS => CREATE_COMPLETE in 0.08160614967346191
2020-04-26 11:12:20.382 7598 RALLYDEBUG rally.task.utils [-] Waiting for resource . Status changed: CREATE_IN_PROGRESS => CREATE_COMPLETE in 0.0785989761352539
2020-04-26 11:12:20.386 7596 RALLYDEBUG rally.task.utils [-] Waiting for resource . Status changed: CREATE_IN_PROGRESS => CREATE_COMPLETE in 0.08088445663452148
2020-04-26 11:12:20.431 7597 RALLYDEBUG rally.task.utils [-] Waiting for resource . Status changed: CREATE_IN_PROGRESS => CREATE_COMPLETE in 0.07443523406982422
2020-04-26 11:12:20.559 7599 RALLYDEBUG rally.task.utils [-] Waiting for resource . Status changed: CREATE_COMPLETE => CHECK_IN_PROGRESS in 0.0762631893157959
2020-04-26 11:12:20.586 7598 RALLYDEBUG rally.task.utils [-] Waiting for resource . Status changed: CREATE_COMPLETE => CHECK_IN_PROGRESS in 0.07821965217590332
2020-04-26 11:12:20.591 7596 RALLYDEBUG rally.task.utils [-] Waiting for resource . Status changed: CREATE_COMPLETE => CHECK_IN_PROGRESS in 0.06600022315979004
2020-04-26 11:12:20.638 7597 RALLYDEBUG rally.task.utils [-] Waiting for resource . Status changed: CREATE_COMPLETE => CHECK_IN_PROGRESS in 0.07199311256408691
2020-04-26 11:12:21.637 7599 RALLYDEBUG rally.task.utils [-] Waiting for resource . Status changed: CHECK_IN_PROGRESS => CHECK_COMPLETE in 1.0783483982086182
2020-04-26 11:12:21.659 7598 RALLYDEBUG rally.task.utils [-] Waiting for resource . Status changed: CHECK_IN_PROGRESS => CHECK_COMPLETE in 1.0726113319396973
2020-04-26 11:12:21.664 7596 RALLYDEBUG rally.task.utils [-] Waiting for resource . Status changed: CHECK_IN_PROGRESS => CHECK_COMPLETE in 1.0724656581878662
2020-04-26 11:12:21.708 7597 RALLYDEBUG rally.task.utils [-] Waiting for resource . Status changed: CHECK_IN_PROGRESS => CHECK_COMPLETE in 1.069350004196167
2020-04-26 11:12:21.773 7599 RALLYDEBUG rally.task.utils [-] Waiting for resource . Status changed: CREATE_COMPLETE => DELETE_IN_PROGRESS in 0.0614619255065918
2020-04-26 11:12:21.808 7598 RALLYDEBUG rally.task.utils [-] Waiting for resource . Status changed: CREATE_COMPLETE => DELETE_IN_PROGRESS in 0.05603814125061035
2020-04-26 11:12:21.817 7596 RALLYDEBUG rally.task.utils [-] Waiting for resource . Status changed: CREATE_COMPLETE => DELETE_IN_PROGRESS in 0.05694937705993652
2020-04-26 11:12:21.851 7597 RALLYDEBUG rally.task.utils [-] Waiting for resource . Status changed: CREATE_COMPLETE => DELETE_IN_PROGRESS in 0.058602333068847656
2020-04-26 11:12:23.904 7599 INFO rally.task.runner [-] Task 964f2fa4-736a-446a-9bfe-16740fcb06b6 | ITER: 4 END: OK
2020-04-26 11:12:23.908 7599 INFO rally.task.runner [-] Task 964f2fa4-736a-446a-9bfe-16740fcb06b6 | ITER: 5 START
2020-04-26 11:12:23.940 7598 INFO rally.task.runner [-] Task 964f2fa4-736a-446a-9bfe-16740fcb06b6 | ITER: 3 END: OK
2020-04-26 11:12:23.944 7596 INFO rally.task.runner [-] Task 964f2fa4-736a-446a-9bfe-16740fcb06b6 | ITER: 1 END: OK
2020-04-26 11:12:23.944 7598 INFO rally.task.runner [-] Task 964f2fa4-736a-446a-9bfe-16740fcb06b6 | ITER: 6 START
2020-04-26 11:12:23.948 7596 INFO rally.task.runner [-] Task 964f2fa4-736a-446a-9bfe-16740fcb06b6 | ITER: 7 START
2020-04-26 11:12:23.982 7597 INFO rally.task.runner [-] Task 964f2fa4-736a-446a-9bfe-16740fcb06b6 | ITER: 2 END: OK
2020-04-26 11:12:23.986 7597 INFO rally.task.runner [-] Task 964f2fa4-736a-446a-9bfe-16740fcb06b6 | ITER: 8 START
2020-04-26 11:12:26.718 7599 RALLYDEBUG rally.task.utils [-] Waiting for resource . Status changed: CREATE_IN_PROGRESS => CREATE_COMPLETE in 0.07923436164855957
2020-04-26 11:12:26.734 7597 RALLYDEBUG rally.task.utils [-] Waiting for resource . Status changed: CREATE_IN_PROGRESS => CREATE_COMPLETE in 0.07151317596435547
2020-04-26 11:12:26.856 7596 RALLYDEBUG rally.task.utils [-] Waiting for resource . Status changed: CREATE_IN_PROGRESS => CREATE_COMPLETE in 0.07332682609558105
2020-04-26 11:12:26.889 7599 RALLYDEBUG rally.task.utils [-] Waiting for resource . Status changed: CREATE_COMPLETE => CHECK_IN_PROGRESS in 0.06974196434020996
2020-04-26 11:12:26.961 7598 RALLYDEBUG rally.task.utils [-] Waiting for resource . Status changed: CREATE_IN_PROGRESS => CREATE_COMPLETE in 0.3034195899963379
2020-04-26 11:12:26.966 7597 RALLYDEBUG rally.task.utils [-] Waiting for resource . Status changed: CREATE_COMPLETE => CHECK_COMPLETE in 0.12119722366333008
2020-04-26 11:12:27.038 7596 RALLYDEBUG rally.task.utils [-] Waiting for resource . Status changed: CREATE_COMPLETE => CHECK_COMPLETE in 0.06845712661743164
2020-04-26 11:12:27.098 7597 RALLYDEBUG rally.task.utils [-] Waiting for resource . Status changed: CREATE_COMPLETE => DELETE_IN_PROGRESS in 0.05939912796020508
2020-04-26 11:12:27.130 7598 RALLYDEBUG rally.task.utils [-] Waiting for resource . Status changed: CREATE_COMPLETE => CHECK_IN_PROGRESS in 0.06695914268493652
2020-04-26 11:12:27.174 7596 RALLYDEBUG rally.task.utils [-] Waiting for resource . Status changed: CREATE_COMPLETE => DELETE_IN_PROGRESS in 0.05618596076965332
2020-04-26 11:12:27.966 7599 RALLYDEBUG rally.task.utils [-] Waiting for resource . Status changed: CHECK_IN_PROGRESS => CHECK_COMPLETE in 1.0765361785888672
2020-04-26 11:12:28.090 7599 RALLYDEBUG rally.task.utils [-] Waiting for resource . Status changed: CREATE_COMPLETE => DELETE_IN_PROGRESS in 0.058550357818603516
2020-04-26 11:12:28.203 7598 RALLYDEBUG rally.task.utils [-] Waiting for resource . Status changed: CHECK_IN_PROGRESS => CHECK_COMPLETE in 1.0727870464324951
2020-04-26 11:12:28.364 7598 RALLYDEBUG rally.task.utils [-] Waiting for resource . Status changed: CREATE_COMPLETE => DELETE_IN_PROGRESS in 0.06965422630310059
2020-04-26 11:12:29.227 7597 INFO rally.task.runner [-] Task 964f2fa4-736a-446a-9bfe-16740fcb06b6 | ITER: 8 END: OK
2020-04-26 11:12:29.230 7597 INFO rally.task.runner [-] Task 964f2fa4-736a-446a-9bfe-16740fcb06b6 | ITER: 9 START
2020-04-26 11:12:29.302 7596 INFO rally.task.runner [-] Task 964f2fa4-736a-446a-9bfe-16740fcb06b6 | ITER: 7 END: OK
2020-04-26 11:12:29.306 7596 INFO rally.task.runner [-] Task 964f2fa4-736a-446a-9bfe-16740fcb06b6 | ITER: 10 START
2020-04-26 11:12:30.222 7599 INFO rally.task.runner [-] Task 964f2fa4-736a-446a-9bfe-16740fcb06b6 | ITER: 5 END: OK
2020-04-26 11:12:30.500 7598 INFO rally.task.runner [-] Task 964f2fa4-736a-446a-9bfe-16740fcb06b6 | ITER: 6 END: OK
2020-04-26 11:12:31.952 7597 RALLYDEBUG rally.task.utils [-] Waiting for resource . Status changed: CREATE_IN_PROGRESS => CREATE_COMPLETE in 0.07283186912536621
2020-04-26 11:12:32.064 7596 RALLYDEBUG rally.task.utils [-] Waiting for resource . Status changed: CREATE_IN_PROGRESS => CREATE_COMPLETE in 0.07433152198791504
2020-04-26 11:12:32.111 7597 RALLYDEBUG rally.task.utils [-] Waiting for resource . Status changed: CREATE_COMPLETE => CHECK_IN_PROGRESS in 0.06241631507873535
2020-04-26 11:12:32.254 7596 RALLYDEBUG rally.task.utils [-] Waiting for resource . Status changed: CREATE_COMPLETE => CHECK_COMPLETE in 0.07368278503417969
2020-04-26 11:12:32.390 7596 RALLYDEBUG rally.task.utils [-] Waiting for resource . Status changed: CREATE_COMPLETE => DELETE_IN_PROGRESS in 0.06383013725280762
2020-04-26 11:12:33.194 7597 RALLYDEBUG rally.task.utils [-] Waiting for resource . Status changed: CHECK_IN_PROGRESS => CHECK_COMPLETE in 1.0825493335723877
2020-04-26 11:12:33.342 7597 RALLYDEBUG rally.task.utils [-] Waiting for resource . Status changed: CREATE_COMPLETE => DELETE_IN_PROGRESS in 0.06614160537719727
2020-04-26 11:12:33.461 7596 INFO rally.task.runner [-] Task 964f2fa4-736a-446a-9bfe-16740fcb06b6 | ITER: 10 END: OK
2020-04-26 11:12:34.410 7597 INFO rally.task.runner [-] Task 964f2fa4-736a-446a-9bfe-16740fcb06b6 | ITER: 9 END: OK
2020-04-26 11:12:34.436 5261 INFO rally.task.context [-] Task 964f2fa4-736a-446a-9bfe-16740fcb06b6 | Context cleanup@openstack cleanup() started
2020-04-26 11:12:34.443 5261 RALLYDEBUG rally_openstack.task.cleanup.manager [-] Cleaning up heat stacks objects
2020-04-26 11:12:35.426 5261 INFO rally.task.context [-] Task 964f2fa4-736a-446a-9bfe-16740fcb06b6 | Context cleanup@openstack cleanup() finished in 0.99 sec
2020-04-26 11:12:35.426 5261 INFO rally.task.context [-] Task 964f2fa4-736a-446a-9bfe-16740fcb06b6 | Context roles@openstack cleanup() started
2020-04-26 11:12:35.427 5261 RALLYDEBUG rally_openstack.task.contexts.keystone.roles [-] Removing assigned role fff7cf3d191e42ba973694014ac268a7 from all users
2020-04-26 11:12:36.003 5261 INFO rally.task.context [-] Task 964f2fa4-736a-446a-9bfe-16740fcb06b6 | Context roles@openstack cleanup() finished in 0.58 sec
2020-04-26 11:12:36.003 5261 INFO rally.task.context [-] Task 964f2fa4-736a-446a-9bfe-16740fcb06b6 | Context users@openstack cleanup() started
2020-04-26 11:12:38.772 5261 INFO rally.task.context [-] Task 964f2fa4-736a-446a-9bfe-16740fcb06b6 | Context users@openstack cleanup() finished in 2.77 sec
2020-04-26 11:12:40.551 5261 INFO rally.task.engine [-] Load duration is: 14.856958
2020-04-26 11:12:40.552 5261 INFO rally.task.engine [-] Full runner duration is: 16.901261
2020-04-26 11:12:40.552 5261 INFO rally.task.engine [-] Full duration is: 24.372467
2020-04-26 11:12:40.635 5261 INFO rally.task.engine [-] Running workload: position = 0 config = { "version": 2, "title": "A cropped version of a bigger task.", "description": "Auto-generated task from a single workload (uuid=f2bfdbb4-1136-4673-bae0-5beb62dafeaf)", "subtasks": [ { "title": "HeatStacks.create_suspend_resume_delete_stack", "description": "Create, suspend-resume and then delete a stack.", "scenario": { "HeatStacks.create_suspend_resume_delete_stack": { "template_path": "/usr/lib/python3.8/site-packages/functest/opnfv_tests/openstack/rally/scenario/templates/random_strings.yaml.template" } }, "contexts": { "users": { "tenants": 3, "users_per_tenant": 2 }, "roles": [ "heat_stack_owner" ] }, "runner": { "constant": { "concurrency": 4, "times": 10 } }, "hooks": [], "sla": { "failure_rate": { "max": 0 } } } ] }
2020-04-26 11:12:40.650 5261 RALLYDEBUG rally_openstack.task.contexts.keystone.users [-] Creating 3 tenants using 3 threads
2020-04-26 11:12:41.076 5261 RALLYDEBUG rally_openstack.task.contexts.keystone.users [-] Creating 6 users using 6 threads
2020-04-26 11:12:41.916 5261 INFO rally.task.context [-] Task 964f2fa4-736a-446a-9bfe-16740fcb06b6 | Context users@openstack setup() finished in 1.27 sec
2020-04-26 11:12:42.112 5261 RALLYDEBUG rally_openstack.task.contexts.keystone.roles [-] Adding role heat_stack_owner having ID fff7cf3d191e42ba973694014ac268a7 to all users using 30 threads
2020-04-26 11:12:43.780 5261 INFO rally.task.context [-] Task 964f2fa4-736a-446a-9bfe-16740fcb06b6 | Context roles@openstack setup() finished in 1.86 sec
2020-04-26 11:12:43.781 5261 INFO rally.task.context [-] Task 964f2fa4-736a-446a-9bfe-16740fcb06b6 | Context cleanup@openstack setup() finished in 0.04 msec
2020-04-26 11:12:43.788 5261 RALLYDEBUG rally.task.runner [-] Starting the constant runner (task UUID: 964f2fa4-736a-446a-9bfe-16740fcb06b6). times: 10 concurrency: 4 timeout: 0 max_cpu_used: 88 processes_to_start: 4 concurrency_per_worker: 1 concurrency_overhead: 0
2020-04-26 11:12:43.798 7749 RALLYDEBUG rally.task.runner [-] Starting a worker. times: 10 duration: None concurrency: 1 timeout: 0 cls: method_name: run args: {"template_path": "heat_template_version: 2014-10-16\n\ndescription: Test template for rally create-update-delete scenario\n\nresources:\n test_string_one:\n type: OS::Heat::RandomString\n properties:\n length: 20\n test_string_two:\n type: OS::Heat::RandomString\n properties:\n length: 20"}
2020-04-26 11:12:43.800 7750 RALLYDEBUG rally.task.runner [-] Starting a worker. times: 10 duration: None concurrency: 1 timeout: 0 cls: method_name: run args: {"template_path": "heat_template_version: 2014-10-16\n\ndescription: Test template for rally create-update-delete scenario\n\nresources:\n test_string_one:\n type: OS::Heat::RandomString\n properties:\n length: 20\n test_string_two:\n type: OS::Heat::RandomString\n properties:\n length: 20"}
2020-04-26 11:12:43.802 7751 RALLYDEBUG rally.task.runner [-] Starting a worker. times: 10 duration: None concurrency: 1 timeout: 0 cls: method_name: run args: {"template_path": "heat_template_version: 2014-10-16\n\ndescription: Test template for rally create-update-delete scenario\n\nresources:\n test_string_one:\n type: OS::Heat::RandomString\n properties:\n length: 20\n test_string_two:\n type: OS::Heat::RandomString\n properties:\n length: 20"}
2020-04-26 11:12:43.803 7749 INFO rally.task.runner [-] Task 964f2fa4-736a-446a-9bfe-16740fcb06b6 | ITER: 1 START
2020-04-26 11:12:43.804 7752 RALLYDEBUG rally.task.runner [-] Starting a worker. times: 10 duration: None concurrency: 1 timeout: 0 cls: method_name: run args: {"template_path": "heat_template_version: 2014-10-16\n\ndescription: Test template for rally create-update-delete scenario\n\nresources:\n test_string_one:\n type: OS::Heat::RandomString\n properties:\n length: 20\n test_string_two:\n type: OS::Heat::RandomString\n properties:\n length: 20"}
2020-04-26 11:12:43.806 7750 INFO rally.task.runner [-] Task 964f2fa4-736a-446a-9bfe-16740fcb06b6 | ITER: 2 START
2020-04-26 11:12:43.807 7751 INFO rally.task.runner [-] Task 964f2fa4-736a-446a-9bfe-16740fcb06b6 | ITER: 3 START
2020-04-26 11:12:43.809 7752 INFO rally.task.runner [-] Task 964f2fa4-736a-446a-9bfe-16740fcb06b6 | ITER: 4 START
2020-04-26 11:12:46.599 7751 RALLYDEBUG rally.task.utils [-] Waiting for resource . Status changed: CREATE_IN_PROGRESS => CREATE_COMPLETE in 0.08504438400268555
2020-04-26 11:12:46.643 7752 RALLYDEBUG rally.task.utils [-] Waiting for resource . Status changed: CREATE_IN_PROGRESS => CREATE_COMPLETE in 0.08085918426513672
2020-04-26 11:12:46.649 7749 RALLYDEBUG rally.task.utils [-] Waiting for resource . Status changed: CREATE_IN_PROGRESS => CREATE_COMPLETE in 0.07712078094482422
2020-04-26 11:12:46.690 7750 RALLYDEBUG rally.task.utils [-] Waiting for resource . Status changed: CREATE_IN_PROGRESS => CREATE_COMPLETE in 0.07684063911437988
2020-04-26 11:12:46.812 7751 RALLYDEBUG rally.task.utils [-] Waiting for resource . Status changed: CREATE_COMPLETE => SUSPEND_IN_PROGRESS in 0.07152509689331055
2020-04-26 11:12:46.842 7752 RALLYDEBUG rally.task.utils [-] Waiting for resource . Status changed: CREATE_COMPLETE => SUSPEND_IN_PROGRESS in 0.06838178634643555
2020-04-26 11:12:46.857 7749 RALLYDEBUG rally.task.utils [-] Waiting for resource . Status changed: CREATE_COMPLETE => SUSPEND_IN_PROGRESS in 0.06692862510681152
2020-04-26 11:12:46.901 7750 RALLYDEBUG rally.task.utils [-] Waiting for resource . Status changed: CREATE_COMPLETE => SUSPEND_IN_PROGRESS in 0.06869101524353027
2020-04-26 11:12:47.881 7751 RALLYDEBUG rally.task.utils [-] Waiting for resource . Status changed: SUSPEND_IN_PROGRESS => SUSPEND_COMPLETE in 1.0689115524291992
2020-04-26 11:12:47.913 7752 RALLYDEBUG rally.task.utils [-] Waiting for resource . Status changed: SUSPEND_IN_PROGRESS => SUSPEND_COMPLETE in 1.0711491107940674
2020-04-26 11:12:47.928 7749 RALLYDEBUG rally.task.utils [-] Waiting for resource . Status changed: SUSPEND_IN_PROGRESS => SUSPEND_COMPLETE in 1.071648359298706
2020-04-26 11:12:47.973 7750 RALLYDEBUG rally.task.utils [-] Waiting for resource . Status changed: SUSPEND_IN_PROGRESS => SUSPEND_COMPLETE in 1.0717146396636963
2020-04-26 11:12:48.049 7751 RALLYDEBUG rally.task.utils [-] Waiting for resource . Status changed: CREATE_COMPLETE => RESUME_IN_PROGRESS in 0.07129454612731934
2020-04-26 11:12:48.095 7752 RALLYDEBUG rally.task.utils [-] Waiting for resource . Status changed: CREATE_COMPLETE => RESUME_IN_PROGRESS in 0.06751370429992676
2020-04-26 11:12:48.138 7749 RALLYDEBUG rally.task.utils [-] Waiting for resource . Status changed: CREATE_COMPLETE => RESUME_IN_PROGRESS in 0.06927275657653809
2020-04-26 11:12:48.175 7750 RALLYDEBUG rally.task.utils [-] Waiting for resource . Status changed: CREATE_COMPLETE => RESUME_IN_PROGRESS in 0.07155895233154297
2020-04-26 11:12:49.125 7751 RALLYDEBUG rally.task.utils [-] Waiting for resource . Status changed: RESUME_IN_PROGRESS => RESUME_COMPLETE in 1.076648235321045
2020-04-26 11:12:49.171 7752 RALLYDEBUG rally.task.utils [-] Waiting for resource . Status changed: RESUME_IN_PROGRESS => RESUME_COMPLETE in 1.0758392810821533
2020-04-26 11:12:49.210 7749 RALLYDEBUG rally.task.utils [-] Waiting for resource . Status changed: RESUME_IN_PROGRESS => RESUME_COMPLETE in 1.0724656581878662
2020-04-26 11:12:49.248 7751 RALLYDEBUG rally.task.utils [-] Waiting for resource . Status changed: CREATE_COMPLETE => DELETE_IN_PROGRESS in 0.06252837181091309
2020-04-26 11:12:49.252 7750 RALLYDEBUG rally.task.utils [-] Waiting for resource . Status changed: RESUME_IN_PROGRESS => RESUME_COMPLETE in 1.0762810707092285
2020-04-26 11:12:49.329 7752 RALLYDEBUG rally.task.utils [-] Waiting for resource . Status changed: CREATE_COMPLETE => DELETE_IN_PROGRESS in 0.06000471115112305
2020-04-26 11:12:49.340 7749 RALLYDEBUG rally.task.utils [-] Waiting for resource . Status changed: CREATE_COMPLETE => DELETE_IN_PROGRESS in 0.05969691276550293
2020-04-26 11:12:49.400 7750 RALLYDEBUG rally.task.utils [-] Waiting for resource . Status changed: CREATE_COMPLETE => DELETE_IN_PROGRESS in 0.053253889083862305
2020-04-26 11:12:51.384 7751 INFO rally.task.runner [-] Task 964f2fa4-736a-446a-9bfe-16740fcb06b6 | ITER: 3 END: OK
2020-04-26 11:12:51.387 7751 INFO rally.task.runner [-] Task 964f2fa4-736a-446a-9bfe-16740fcb06b6 | ITER: 5 START
2020-04-26 11:12:51.457 7752 INFO rally.task.runner [-] Task 964f2fa4-736a-446a-9bfe-16740fcb06b6 | ITER: 4 END: OK
2020-04-26 11:12:51.460 7752 INFO rally.task.runner [-] Task 964f2fa4-736a-446a-9bfe-16740fcb06b6 | ITER: 6 START
2020-04-26 11:12:51.475 7749 INFO rally.task.runner [-] Task 964f2fa4-736a-446a-9bfe-16740fcb06b6 | ITER: 1 END: OK
2020-04-26 11:12:51.479 7749 INFO rally.task.runner [-] Task 964f2fa4-736a-446a-9bfe-16740fcb06b6 | ITER: 7 START
2020-04-26 11:12:51.518 7750 INFO rally.task.runner [-] Task 964f2fa4-736a-446a-9bfe-16740fcb06b6 | ITER: 2 END: OK
2020-04-26 11:12:51.522 7750 INFO rally.task.runner [-] Task 964f2fa4-736a-446a-9bfe-16740fcb06b6 | ITER: 8 START
2020-04-26 11:12:54.238 7751 RALLYDEBUG rally.task.utils [-] Waiting for resource . Status changed: CREATE_IN_PROGRESS => CREATE_COMPLETE in 0.0719146728515625
2020-04-26 11:12:54.282 7750 RALLYDEBUG rally.task.utils [-] Waiting for resource . Status changed: CREATE_IN_PROGRESS => CREATE_COMPLETE in 0.07183837890625
2020-04-26 11:12:54.287 7752 RALLYDEBUG rally.task.utils [-] Waiting for resource . Status changed: CREATE_IN_PROGRESS => CREATE_COMPLETE in 0.07250118255615234
2020-04-26 11:12:54.287 7749 RALLYDEBUG rally.task.utils [-] Waiting for resource . Status changed: CREATE_IN_PROGRESS => CREATE_COMPLETE in 0.07167959213256836
2020-04-26 11:12:54.416 7751 RALLYDEBUG rally.task.utils [-] Waiting for resource . Status changed: CREATE_COMPLETE => SUSPEND_IN_PROGRESS in 0.07323622703552246
2020-04-26 11:12:54.485 7749 RALLYDEBUG rally.task.utils [-] Waiting for resource . Status changed: CREATE_COMPLETE => SUSPEND_IN_PROGRESS in 0.06676959991455078
2020-04-26 11:12:54.486 7752 RALLYDEBUG rally.task.utils [-] Waiting for resource . Status changed: CREATE_COMPLETE => SUSPEND_IN_PROGRESS in 0.06758832931518555
2020-04-26 11:12:54.529 7750 RALLYDEBUG rally.task.utils [-] Waiting for resource . Status changed: CREATE_COMPLETE => SUSPEND_IN_PROGRESS in 0.06710958480834961
2020-04-26 11:12:55.491 7751 RALLYDEBUG rally.task.utils [-] Waiting for resource . Status changed: SUSPEND_IN_PROGRESS => SUSPEND_COMPLETE in 1.0749733448028564
2020-04-26 11:12:55.558 7749 RALLYDEBUG rally.task.utils [-] Waiting for resource . Status changed: SUSPEND_IN_PROGRESS => SUSPEND_COMPLETE in 1.073089599609375
2020-04-26 11:12:55.560 7752 RALLYDEBUG rally.task.utils [-] Waiting for resource . Status changed: SUSPEND_IN_PROGRESS => SUSPEND_COMPLETE in 1.0734760761260986
2020-04-26 11:12:55.601 7750 RALLYDEBUG rally.task.utils [-] Waiting for resource . Status changed: SUSPEND_IN_PROGRESS => SUSPEND_COMPLETE in 1.072268009185791
2020-04-26 11:12:55.660 7751 RALLYDEBUG rally.task.utils [-] Waiting for resource . Status changed: CREATE_COMPLETE => RESUME_IN_PROGRESS in 0.0597233772277832
2020-04-26 11:12:55.739 7752 RALLYDEBUG rally.task.utils [-] Waiting for resource . Status changed: CREATE_COMPLETE => RESUME_IN_PROGRESS in 0.06363320350646973
2020-04-26 11:12:55.770 7749 RALLYDEBUG rally.task.utils [-] Waiting for resource . Status changed: CREATE_COMPLETE => RESUME_IN_PROGRESS in 0.0699453353881836
2020-04-26 11:12:55.790 7750 RALLYDEBUG rally.task.utils [-] Waiting for resource . Status changed: CREATE_COMPLETE => RESUME_IN_PROGRESS in 0.06610298156738281
2020-04-26 11:12:56.736 7751 RALLYDEBUG rally.task.utils [-] Waiting for resource . Status changed: RESUME_IN_PROGRESS => RESUME_COMPLETE in 1.0764601230621338
2020-04-26 11:12:56.809 7752 RALLYDEBUG rally.task.utils [-] Waiting for resource . Status changed: RESUME_IN_PROGRESS => RESUME_COMPLETE in 1.0695600509643555
2020-04-26 11:12:56.839 7749 RALLYDEBUG rally.task.utils [-] Waiting for resource . Status changed: RESUME_IN_PROGRESS => RESUME_COMPLETE in 1.0686976909637451
2020-04-26 11:12:56.856 7750 RALLYDEBUG rally.task.utils [-] Waiting for resource . Status changed: RESUME_IN_PROGRESS => RESUME_COMPLETE in 1.0661163330078125
2020-04-26 11:12:56.856 7751 RALLYDEBUG rally.task.utils [-] Waiting for resource . Status changed: CREATE_COMPLETE => DELETE_IN_PROGRESS in 0.05799055099487305
2020-04-26 11:12:56.929 7752 RALLYDEBUG rally.task.utils [-] Waiting for resource . Status changed: CREATE_COMPLETE => DELETE_IN_PROGRESS in 0.060166358947753906
2020-04-26 11:12:56.986 7749 RALLYDEBUG rally.task.utils [-] Waiting for resource . Status changed: CREATE_COMPLETE => DELETE_IN_PROGRESS in 0.059029579162597656
2020-04-26 11:12:57.003 7750 RALLYDEBUG rally.task.utils [-] Waiting for resource . Status changed: CREATE_COMPLETE => DELETE_IN_PROGRESS in 0.059481143951416016
2020-04-26 11:12:58.985 7751 INFO rally.task.runner [-] Task 964f2fa4-736a-446a-9bfe-16740fcb06b6 | ITER: 5 END: OK
2020-04-26 11:12:58.988 7751 INFO rally.task.runner [-] Task 964f2fa4-736a-446a-9bfe-16740fcb06b6 | ITER: 9 START
2020-04-26 11:12:59.058 7752 INFO rally.task.runner [-] Task 964f2fa4-736a-446a-9bfe-16740fcb06b6 | ITER: 6 END: OK
2020-04-26 11:12:59.061 7752 INFO rally.task.runner [-] Task 964f2fa4-736a-446a-9bfe-16740fcb06b6 | ITER: 10 START
2020-04-26 11:12:59.105 7749 INFO rally.task.runner [-] Task 964f2fa4-736a-446a-9bfe-16740fcb06b6 | ITER: 7 END: OK
2020-04-26 11:12:59.128 7750 INFO rally.task.runner [-] Task 964f2fa4-736a-446a-9bfe-16740fcb06b6 | ITER: 8 END: OK
2020-04-26 11:13:01.826 7751 RALLYDEBUG rally.task.utils [-] Waiting for resource . Status changed: CREATE_IN_PROGRESS => CREATE_COMPLETE in 0.06909775733947754
2020-04-26 11:13:01.878 7752 RALLYDEBUG rally.task.utils [-] Waiting for resource . Status changed: CREATE_IN_PROGRESS => CREATE_COMPLETE in 0.06790041923522949
2020-04-26 11:13:01.991 7751 RALLYDEBUG rally.task.utils [-] Waiting for resource . Status changed: CREATE_COMPLETE => SUSPEND_IN_PROGRESS in 0.0647115707397461
2020-04-26 11:13:02.066 7752 RALLYDEBUG rally.task.utils [-] Waiting for resource . Status changed: CREATE_COMPLETE => SUSPEND_IN_PROGRESS in 0.06506776809692383
2020-04-26 11:13:03.071 7751 RALLYDEBUG rally.task.utils [-] Waiting for resource . Status changed: SUSPEND_IN_PROGRESS => SUSPEND_COMPLETE in 1.0802724361419678
2020-04-26 11:13:03.140 7752 RALLYDEBUG rally.task.utils [-] Waiting for resource . Status changed: SUSPEND_IN_PROGRESS => SUSPEND_COMPLETE in 1.0745747089385986
2020-04-26 11:13:03.237 7751 RALLYDEBUG rally.task.utils [-] Waiting for resource . Status changed: CREATE_COMPLETE => RESUME_IN_PROGRESS in 0.06818842887878418
2020-04-26 11:13:03.334 7752 RALLYDEBUG rally.task.utils [-] Waiting for resource . Status changed: CREATE_COMPLETE => RESUME_IN_PROGRESS in 0.06490659713745117
2020-04-26 11:13:04.313 7751 RALLYDEBUG rally.task.utils [-] Waiting for resource . Status changed: RESUME_IN_PROGRESS => RESUME_COMPLETE in 1.0757334232330322
2020-04-26 11:13:04.410 7752 RALLYDEBUG rally.task.utils [-] Waiting for resource . Status changed: RESUME_IN_PROGRESS => RESUME_COMPLETE in 1.0751805305480957
2020-04-26 11:13:04.437 7751 RALLYDEBUG rally.task.utils [-] Waiting for resource . Status changed: CREATE_COMPLETE => DELETE_IN_PROGRESS in 0.06232333183288574
2020-04-26 11:13:04.541 7752 RALLYDEBUG rally.task.utils [-] Waiting for resource . Status changed: CREATE_COMPLETE => DELETE_IN_PROGRESS in 0.059370994567871094
2020-04-26 11:13:05.508 7751 INFO rally.task.runner [-] Task 964f2fa4-736a-446a-9bfe-16740fcb06b6 | ITER: 9 END: OK
2020-04-26 11:13:06.683 7752 INFO rally.task.runner [-] Task 964f2fa4-736a-446a-9bfe-16740fcb06b6 | ITER: 10 END: OK
2020-04-26 11:13:06.705 5261 INFO rally.task.context [-] Task 964f2fa4-736a-446a-9bfe-16740fcb06b6 | Context cleanup@openstack cleanup() started
2020-04-26 11:13:06.709 5261 RALLYDEBUG rally_openstack.task.cleanup.manager [-] Cleaning up heat stacks objects
2020-04-26 11:13:07.550 5261 INFO rally.task.context [-] Task 964f2fa4-736a-446a-9bfe-16740fcb06b6 | Context cleanup@openstack cleanup() finished in 0.84 sec
2020-04-26 11:13:07.551 5261 INFO rally.task.context [-] Task 964f2fa4-736a-446a-9bfe-16740fcb06b6 | Context roles@openstack cleanup() started
2020-04-26 11:13:07.551 5261 RALLYDEBUG rally_openstack.task.contexts.keystone.roles [-] Removing assigned role fff7cf3d191e42ba973694014ac268a7 from all users
2020-04-26 11:13:08.056 5261 INFO rally.task.context [-] Task 964f2fa4-736a-446a-9bfe-16740fcb06b6 | Context roles@openstack cleanup() finished in 0.50 sec
2020-04-26 11:13:08.056 5261 INFO rally.task.context [-] Task 964f2fa4-736a-446a-9bfe-16740fcb06b6 | Context users@openstack cleanup() started
2020-04-26 11:13:10.649 5261 INFO rally.task.context [-] Task 964f2fa4-736a-446a-9bfe-16740fcb06b6 | Context users@openstack cleanup() finished in 2.59 sec
2020-04-26 11:13:10.776 5261 INFO rally.task.engine [-] Load duration is: 20.878346
2020-04-26 11:13:10.777 5261 INFO rally.task.engine [-] Full runner duration is: 22.917267
2020-04-26 11:13:10.777 5261 INFO rally.task.engine [-] Full duration is: 30.001291
2020-04-26 11:13:10.862 5261 INFO rally.task.engine [-] Running workload: position = 0 config = { "version": 2, "title": "A cropped version of a bigger task.", "description": "Auto-generated task from a single workload (uuid=8e3e7941-6963-4acb-9c38-fdb4375d57f7)", "subtasks": [ { "title": "HeatStacks.list_stacks_and_resources", "description": "List all resources from tenant stacks.", "scenario": { "HeatStacks.list_stacks_and_resources": {} }, "contexts": { "users": { "tenants": 3, "users_per_tenant": 2 }, "roles": [ "heat_stack_owner" ] }, "runner": { "constant": { "concurrency": 4, "times": 10 } }, "hooks": [], "sla": { "failure_rate": { "max": 0 } } } ] }
2020-04-26 11:13:10.876 5261 RALLYDEBUG rally_openstack.task.contexts.keystone.users [-] Creating 3 tenants using 3 threads
2020-04-26 11:13:11.404 5261 RALLYDEBUG rally_openstack.task.contexts.keystone.users [-] Creating 6 users using 6 threads
2020-04-26 11:13:12.175 5261 INFO rally.task.context [-] Task 964f2fa4-736a-446a-9bfe-16740fcb06b6 | Context users@openstack setup() finished in 1.30 sec
2020-04-26 11:13:12.362 5261 RALLYDEBUG rally_openstack.task.contexts.keystone.roles [-] Adding role heat_stack_owner having ID fff7cf3d191e42ba973694014ac268a7 to all users using 30 threads
2020-04-26 11:13:14.071 5261 INFO rally.task.context [-] Task 964f2fa4-736a-446a-9bfe-16740fcb06b6 | Context roles@openstack setup() finished in 1.90 sec
2020-04-26 11:13:14.079 5261 RALLYDEBUG rally.task.runner [-] Starting the constant runner (task UUID: 964f2fa4-736a-446a-9bfe-16740fcb06b6). times: 10 concurrency: 4 timeout: 0 max_cpu_used: 88 processes_to_start: 4 concurrency_per_worker: 1 concurrency_overhead: 0
2020-04-26 11:13:14.090 7902 RALLYDEBUG rally.task.runner [-] Starting a worker. times: 10 duration: None concurrency: 1 timeout: 0 cls: method_name: run args: {}
2020-04-26 11:13:14.092 7903 RALLYDEBUG rally.task.runner [-] Starting a worker. times: 10 duration: None concurrency: 1 timeout: 0 cls: method_name: run args: {}
2020-04-26 11:13:14.094 7904 RALLYDEBUG rally.task.runner [-] Starting a worker. times: 10 duration: None concurrency: 1 timeout: 0 cls: method_name: run args: {}
2020-04-26 11:13:14.095 7902 INFO rally.task.runner [-] Task 964f2fa4-736a-446a-9bfe-16740fcb06b6 | ITER: 1 START
2020-04-26 11:13:14.097 7905 RALLYDEBUG rally.task.runner [-] Starting a worker. times: 10 duration: None concurrency: 1 timeout: 0 cls: method_name: run args: {}
2020-04-26 11:13:14.098 7903 INFO rally.task.runner [-] Task 964f2fa4-736a-446a-9bfe-16740fcb06b6 | ITER: 2 START
2020-04-26 11:13:14.100 7904 INFO rally.task.runner [-] Task 964f2fa4-736a-446a-9bfe-16740fcb06b6 | ITER: 3 START
2020-04-26 11:13:14.102 7905 INFO rally.task.runner [-] Task 964f2fa4-736a-446a-9bfe-16740fcb06b6 | ITER: 4 START
2020-04-26 11:13:14.432 7905 INFO rally.task.runner [-] Task 964f2fa4-736a-446a-9bfe-16740fcb06b6 | ITER: 4 END: OK
2020-04-26 11:13:14.437 7905 INFO rally.task.runner [-] Task 964f2fa4-736a-446a-9bfe-16740fcb06b6 | ITER: 5 START
2020-04-26 11:13:14.441 7903 INFO rally.task.runner [-] Task 964f2fa4-736a-446a-9bfe-16740fcb06b6 | ITER: 2 END: OK
2020-04-26 11:13:14.442 7904 INFO rally.task.runner [-] Task 964f2fa4-736a-446a-9bfe-16740fcb06b6 | ITER: 3 END: OK
2020-04-26 11:13:14.442 7902 INFO rally.task.runner [-] Task 964f2fa4-736a-446a-9bfe-16740fcb06b6 | ITER: 1 END: OK
2020-04-26 11:13:14.445 7902 INFO rally.task.runner [-] Task 964f2fa4-736a-446a-9bfe-16740fcb06b6 | ITER: 8 START
2020-04-26 11:13:14.446 7903 INFO rally.task.runner [-] Task 964f2fa4-736a-446a-9bfe-16740fcb06b6 | ITER: 6 START
2020-04-26 11:13:14.446 7904 INFO rally.task.runner [-] Task 964f2fa4-736a-446a-9bfe-16740fcb06b6 | ITER: 7 START
2020-04-26 11:13:14.673 7902 INFO rally.task.runner [-] Task 964f2fa4-736a-446a-9bfe-16740fcb06b6 | ITER: 8 END: OK
2020-04-26 11:13:14.676 7902 INFO rally.task.runner [-] Task 964f2fa4-736a-446a-9bfe-16740fcb06b6 | ITER: 9 START
2020-04-26 11:13:14.677 7904 INFO rally.task.runner [-] Task 964f2fa4-736a-446a-9bfe-16740fcb06b6 | ITER: 7 END: OK
2020-04-26 11:13:14.677 7903 INFO rally.task.runner [-] Task 964f2fa4-736a-446a-9bfe-16740fcb06b6 | ITER: 6 END: OK
2020-04-26 11:13:14.680 7904 INFO rally.task.runner [-] Task 964f2fa4-736a-446a-9bfe-16740fcb06b6 | ITER: 10 START
2020-04-26 11:13:14.684 7905 INFO rally.task.runner [-] Task 964f2fa4-736a-446a-9bfe-16740fcb06b6 | ITER: 5 END: OK
2020-04-26 11:13:14.834 7902 INFO rally.task.runner [-] Task 964f2fa4-736a-446a-9bfe-16740fcb06b6 | ITER: 9 END: OK
2020-04-26 11:13:14.838 7904 INFO rally.task.runner [-] Task 964f2fa4-736a-446a-9bfe-16740fcb06b6 | ITER: 10 END: OK
2020-04-26 11:13:14.861 5261 INFO rally.task.context [-] Task 964f2fa4-736a-446a-9bfe-16740fcb06b6 | Context roles@openstack cleanup() started
2020-04-26 11:13:14.862 5261 RALLYDEBUG rally_openstack.task.contexts.keystone.roles [-] Removing assigned role fff7cf3d191e42ba973694014ac268a7 from all users
2020-04-26 11:13:15.245 5261 INFO rally.task.context [-] Task 964f2fa4-736a-446a-9bfe-16740fcb06b6 | Context roles@openstack cleanup() finished in 0.38 sec
2020-04-26 11:13:15.246 5261 INFO rally.task.context [-] Task 964f2fa4-736a-446a-9bfe-16740fcb06b6 | Context users@openstack cleanup() started
2020-04-26 11:13:17.889 5261 INFO rally.task.context [-] Task 964f2fa4-736a-446a-9bfe-16740fcb06b6 | Context users@openstack cleanup() finished in 2.64 sec
2020-04-26 11:13:18.947 5261 INFO rally.task.engine [-] Load duration is: 0.741766
2020-04-26 11:13:18.947 5261 INFO rally.task.engine [-] Full runner duration is: 0.782115
2020-04-26 11:13:18.948 5261 INFO rally.task.engine [-] Full duration is: 7.013947
2020-04-26 11:13:19.014 5261 INFO rally.task.engine [-] Task 964f2fa4-736a-446a-9bfe-16740fcb06b6 | Completed: Running task.
2020-04-26 11:13:20.405 7994 RALLYDEBUG rally.api [-] INFO logs from urllib3 and requests module are hide.
2020-04-26 11:13:20.405 7994 RALLYDEBUG rally.api [-] urllib3 insecure warnings are hidden.
2020-04-26 11:13:20.405 7994 RALLYDEBUG rally.api [-] ERROR log from boto module is hide.
2020-04-26 11:13:21.519 7996 RALLYDEBUG rally.api [-] INFO logs from urllib3 and requests module are hide.
2020-04-26 11:13:21.519 7996 RALLYDEBUG rally.api [-] urllib3 insecure warnings are hidden.
2020-04-26 11:13:21.519 7996 RALLYDEBUG rally.api [-] ERROR log from boto module is hide.
2020-04-26 11:13:22.784 7998 RALLYDEBUG rally.api [-] INFO logs from urllib3 and requests module are hide.
2020-04-26 11:13:22.784 7998 RALLYDEBUG rally.api [-] urllib3 insecure warnings are hidden.
2020-04-26 11:13:22.784 7998 RALLYDEBUG rally.api [-] ERROR log from boto module is hide.
2020-04-26 11:13:24.483 7998 INFO rally.api [-] Building 'json' report for the following task(s): '964f2fa4-736a-446a-9bfe-16740fcb06b6'.
2020-04-26 11:13:24.506 7998 INFO rally.api [-] The report has been successfully built.
2020-04-26 11:13:25.830 8000 RALLYDEBUG rally.api [-] INFO logs from urllib3 and requests module are hide.
2020-04-26 11:13:25.831 8000 RALLYDEBUG rally.api [-] urllib3 insecure warnings are hidden.
2020-04-26 11:13:25.831 8000 RALLYDEBUG rally.api [-] ERROR log from boto module is hide.
2020-04-26 11:13:27.650 8000 INFO rally.task.engine [-] Task 3a99f6c4-a34b-475e-a4eb-804606757b1f | Starting: Task validation.
2020-04-26 11:13:27.664 8000 INFO rally.task.engine [-] Task 3a99f6c4-a34b-475e-a4eb-804606757b1f | Starting: Task validation of syntax.
2020-04-26 11:13:27.759 8000 INFO rally.task.engine [-] Task 3a99f6c4-a34b-475e-a4eb-804606757b1f | Completed: Task validation of syntax.
2020-04-26 11:13:27.760 8000 INFO rally.task.engine [-] Task 3a99f6c4-a34b-475e-a4eb-804606757b1f | Starting: Task validation of required platforms.
2020-04-26 11:13:27.811 8000 INFO rally.task.engine [-] Task 3a99f6c4-a34b-475e-a4eb-804606757b1f | Completed: Task validation of required platforms.
2020-04-26 11:13:27.811 8000 INFO rally.task.engine [-] Task 3a99f6c4-a34b-475e-a4eb-804606757b1f | Starting: Task validation of semantic.
2020-04-26 11:13:27.812 8000 INFO rally.task.engine [-] Check health of the environment '6325f1f3-3681-44ca-9a3c-bea9e7dc643d'.
2020-04-26 11:13:28.349 8000 INFO rally.task.engine [-] Platform existing@openstack (available: True): OK!
2020-04-26 11:13:28.364 8000 RALLYDEBUG rally_openstack.task.contexts.keystone.users [-] Creating 1 tenants using 1 threads
2020-04-26 11:13:28.708 8000 RALLYDEBUG rally_openstack.task.contexts.keystone.users [-] Creating 1 users using 1 threads
2020-04-26 11:13:29.375 8000 INFO rally.task.context [-] Task 3a99f6c4-a34b-475e-a4eb-804606757b1f | Context users@openstack setup() finished in 1.01 sec
2020-04-26 11:13:29.442 8000 INFO rally.task.context [-] Task 3a99f6c4-a34b-475e-a4eb-804606757b1f | Context users@openstack cleanup() started
2020-04-26 11:13:31.006 8000 INFO rally.task.context [-] Task 3a99f6c4-a34b-475e-a4eb-804606757b1f | Context users@openstack cleanup() finished in 1.56 sec
2020-04-26 11:13:31.006 8000 INFO rally.task.engine [-] Task 3a99f6c4-a34b-475e-a4eb-804606757b1f | Completed: Task validation of semantic.
2020-04-26 11:13:31.007 8000 INFO rally.task.engine [-] Task 3a99f6c4-a34b-475e-a4eb-804606757b1f | Completed: Task validation.
2020-04-26 11:13:31.007 8000 INFO rally.api [-] Task 3a99f6c4-a34b-475e-a4eb-804606757b1f input file is valid.
2020-04-26 11:13:31.007 8000 INFO rally.api [-] Run Task 3a99f6c4-a34b-475e-a4eb-804606757b1f against Deployment 6325f1f3-3681-44ca-9a3c-bea9e7dc643d
2020-04-26 11:13:31.008 8000 INFO rally.task.engine [-] Task 3a99f6c4-a34b-475e-a4eb-804606757b1f | Starting: Running task.
2020-04-26 11:13:31.053 8000 INFO rally.task.engine [-] Running workload: position = 0 config = { "version": 2, "title": "A cropped version of a bigger task.", "description": "Auto-generated task from a single workload (uuid=0032972c-6de6-4f63-ade1-a0b3a69b760e)", "subtasks": [ { "title": "KeystoneBasic.add_and_remove_user_role", "description": "Create a user role add to a user and disassociate.", "scenario": { "KeystoneBasic.add_and_remove_user_role": {} }, "contexts": { "users": { "tenants": 3, "users_per_tenant": 2 } }, "runner": { "constant": { "concurrency": 4, "times": 10 } }, "hooks": [], "sla": { "failure_rate": { "max": 0 } } } ] }
2020-04-26 11:13:31.066 8000 RALLYDEBUG rally_openstack.task.contexts.keystone.users [-] Creating 3 tenants using 3 threads
2020-04-26 11:13:31.486 8000 RALLYDEBUG rally_openstack.task.contexts.keystone.users [-] Creating 6 users using 6 threads
2020-04-26 11:13:32.432 8000 INFO rally.task.context [-] Task 3a99f6c4-a34b-475e-a4eb-804606757b1f | Context users@openstack setup() finished in 1.37 sec
2020-04-26 11:13:32.432 8000 INFO rally.task.context [-] Task 3a99f6c4-a34b-475e-a4eb-804606757b1f | Context admin_cleanup@openstack setup() finished in 0.01 msec
2020-04-26 11:13:32.439 8000 RALLYDEBUG rally.task.runner [-] Starting the constant runner (task UUID: 3a99f6c4-a34b-475e-a4eb-804606757b1f). times: 10 concurrency: 4 timeout: 0 max_cpu_used: 88 processes_to_start: 4 concurrency_per_worker: 1 concurrency_overhead: 0
2020-04-26 11:13:32.451 8055 RALLYDEBUG rally.task.runner [-] Starting a worker. times: 10 duration: None concurrency: 1 timeout: 0 cls: method_name: run args: {}
2020-04-26 11:13:32.453 8056 RALLYDEBUG rally.task.runner [-] Starting a worker. times: 10 duration: None concurrency: 1 timeout: 0 cls: method_name: run args: {}
2020-04-26 11:13:32.456 8055 INFO rally.task.runner [-] Task 3a99f6c4-a34b-475e-a4eb-804606757b1f | ITER: 1 START
2020-04-26 11:13:32.456 8057 RALLYDEBUG rally.task.runner [-] Starting a worker. times: 10 duration: None concurrency: 1 timeout: 0 cls: method_name: run args: {}
2020-04-26 11:13:32.458 8058 RALLYDEBUG rally.task.runner [-] Starting a worker. times: 10 duration: None concurrency: 1 timeout: 0 cls: method_name: run args: {}
2020-04-26 11:13:32.458 8056 INFO rally.task.runner [-] Task 3a99f6c4-a34b-475e-a4eb-804606757b1f | ITER: 2 START
2020-04-26 11:13:32.460 8057 INFO rally.task.runner [-] Task 3a99f6c4-a34b-475e-a4eb-804606757b1f | ITER: 3 START
2020-04-26 11:13:32.462 8058 INFO rally.task.runner [-] Task 3a99f6c4-a34b-475e-a4eb-804606757b1f | ITER: 4 START
2020-04-26 11:13:32.973 8056 INFO rally.task.runner [-] Task 3a99f6c4-a34b-475e-a4eb-804606757b1f | ITER: 2 END: OK
2020-04-26 11:13:32.977 8056 INFO rally.task.runner [-] Task 3a99f6c4-a34b-475e-a4eb-804606757b1f | ITER: 5 START
2020-04-26 11:13:32.980 8055 INFO rally.task.runner [-] Task 3a99f6c4-a34b-475e-a4eb-804606757b1f | ITER: 1 END: OK
2020-04-26 11:13:32.984 8055 INFO rally.task.runner [-] Task 3a99f6c4-a34b-475e-a4eb-804606757b1f | ITER: 6 START
2020-04-26 11:13:33.018 8058 INFO rally.task.runner [-] Task 3a99f6c4-a34b-475e-a4eb-804606757b1f | ITER: 4 END: OK
2020-04-26 11:13:33.022 8058 INFO rally.task.runner [-] Task 3a99f6c4-a34b-475e-a4eb-804606757b1f | ITER: 7 START
2020-04-26 11:13:33.227 8057 INFO rally.task.runner [-] Task 3a99f6c4-a34b-475e-a4eb-804606757b1f | ITER: 3 END: OK
2020-04-26 11:13:33.231 8057 INFO rally.task.runner [-] Task 3a99f6c4-a34b-475e-a4eb-804606757b1f | ITER: 8 START
2020-04-26 11:13:33.588 8058 INFO rally.task.runner [-] Task 3a99f6c4-a34b-475e-a4eb-804606757b1f | ITER: 7 END: OK
2020-04-26 11:13:33.591 8058 INFO rally.task.runner [-] Task 3a99f6c4-a34b-475e-a4eb-804606757b1f | ITER: 9 START
2020-04-26 11:13:33.602 8056 INFO rally.task.runner [-] Task 3a99f6c4-a34b-475e-a4eb-804606757b1f | ITER: 5 END: OK
2020-04-26 11:13:33.604 8056 INFO rally.task.runner [-] Task 3a99f6c4-a34b-475e-a4eb-804606757b1f | ITER: 10 START
2020-04-26 11:13:33.613 8055 INFO rally.task.runner [-] Task 3a99f6c4-a34b-475e-a4eb-804606757b1f | ITER: 6 END: OK
2020-04-26 11:13:33.952 8057 INFO rally.task.runner [-] Task 3a99f6c4-a34b-475e-a4eb-804606757b1f | ITER: 8 END: OK
2020-04-26 11:13:34.247 8058 INFO rally.task.runner [-] Task 3a99f6c4-a34b-475e-a4eb-804606757b1f | ITER: 9 END: OK
2020-04-26 11:13:34.347 8056 INFO rally.task.runner [-] Task 3a99f6c4-a34b-475e-a4eb-804606757b1f | ITER: 10 END: OK
2020-04-26 11:13:34.368 8000 INFO rally.task.context [-] Task 3a99f6c4-a34b-475e-a4eb-804606757b1f | Context admin_cleanup@openstack cleanup() started
2020-04-26 11:13:34.372 8000 RALLYDEBUG rally_openstack.task.cleanup.manager [-] Cleaning up keystone user objects
2020-04-26 11:13:34.849 8000 RALLYDEBUG rally_openstack.task.cleanup.manager [-] Cleaning up keystone project objects
2020-04-26 11:13:35.159 8000 RALLYDEBUG rally_openstack.task.cleanup.manager [-] Cleaning up keystone service objects
2020-04-26 11:13:35.388 8000 RALLYDEBUG rally_openstack.task.cleanup.manager [-] Cleaning up keystone role objects
2020-04-26 11:13:35.574 8000 RALLYDEBUG rally_openstack.task.cleanup.manager [-] Deleting keystone.role object s_rally_0032972c_c66FSXOT (08b5915ee381490b820c033709ff25b2)
2020-04-26 11:13:35.578 8000 RALLYDEBUG rally_openstack.task.cleanup.manager [-] Deleting keystone.role object s_rally_0032972c_b5TejYNb (28d48075875543f9a8cb5030cc55a042)
2020-04-26 11:13:35.595 8000 RALLYDEBUG rally_openstack.task.cleanup.manager [-] Deleting keystone.role object s_rally_0032972c_bLVdgY9A (35ccb3ee1c84436485f8d394e93beeef)
2020-04-26 11:13:35.601 8000 RALLYDEBUG rally_openstack.task.cleanup.manager [-] Deleting keystone.role object s_rally_0032972c_ciIZWNnP (6dac7435178748a08b9f357ecffda705)
2020-04-26 11:13:35.606 8000 RALLYDEBUG rally_openstack.task.cleanup.manager [-] Deleting keystone.role object s_rally_0032972c_yWANyKK1 (7121c31762514739b0f6bc8364eac9b8)
2020-04-26 11:13:35.618 8000 RALLYDEBUG rally_openstack.task.cleanup.manager [-] Deleting keystone.role object s_rally_0032972c_MF6Lmqs4 (922403a1b51d42f8b1bea4722bd5275b)
2020-04-26 11:13:35.633 8000 RALLYDEBUG rally_openstack.task.cleanup.manager [-] Deleting keystone.role object s_rally_0032972c_5HJ7i4sH (a981daac8f3a473fa8b549f94de4bf3a)
2020-04-26 11:13:35.635 8000 RALLYDEBUG rally_openstack.task.cleanup.manager [-] Deleting keystone.role object s_rally_0032972c_cTJJAr4Q (9c213725e9dc43b0a3dbaf2647f1b96a)
2020-04-26 11:13:35.655 8000 RALLYDEBUG rally_openstack.task.cleanup.manager [-] Deleting keystone.role object s_rally_0032972c_s4q3bDHz (eec075c99b234509ae96dce95efa2871)
2020-04-26 11:13:35.662 8000 RALLYDEBUG rally_openstack.task.cleanup.manager [-] Deleting keystone.role object s_rally_0032972c_XLXadc14 (f1c5baac645c4a1085b11a1d53155ab3)
2020-04-26 11:13:37.323 8000 INFO rally.task.context [-] Task 3a99f6c4-a34b-475e-a4eb-804606757b1f | Context admin_cleanup@openstack cleanup() finished in 2.95 sec
2020-04-26 11:13:37.323 8000 INFO rally.task.context [-] Task 3a99f6c4-a34b-475e-a4eb-804606757b1f | Context users@openstack cleanup() started
2020-04-26 11:13:40.055 8000 INFO rally.task.context [-] Task 3a99f6c4-a34b-475e-a4eb-804606757b1f | Context users@openstack cleanup() finished in 2.73 sec
2020-04-26 11:13:41.180 8000 INFO rally.task.engine [-] Load duration is: 1.604697
2020-04-26 11:13:41.181 8000 INFO rally.task.engine [-] Full runner duration is: 1.929335
2020-04-26 11:13:41.181 8000 INFO rally.task.engine [-] Full duration is: 8.990428
2020-04-26 11:13:41.267 8000 INFO rally.task.engine [-] Running workload: position = 0 config = { "version": 2, "title": "A cropped version of a bigger task.", "description": "Auto-generated task from a single workload (uuid=b162d32f-4bf2-495e-8372-ea3ec450c716)", "subtasks": [ { "title": "KeystoneBasic.create_add_and_list_user_roles", "description": "Create user role, add it and list user roles for given user.", "scenario": { "KeystoneBasic.create_add_and_list_user_roles": {} }, "contexts": { "users": { "tenants": 3, "users_per_tenant": 2 } }, "runner": { "constant": { "concurrency": 4, "times": 10 } }, "hooks": [], "sla": { "failure_rate": { "max": 0 } } } ] }
2020-04-26 11:13:41.287 8000 RALLYDEBUG rally_openstack.task.contexts.keystone.users [-] Creating 3 tenants using 3 threads
2020-04-26 11:13:41.689 8000 RALLYDEBUG rally_openstack.task.contexts.keystone.users [-] Creating 6 users using 6 threads
2020-04-26 11:13:42.565 8000 INFO rally.task.context [-] Task 3a99f6c4-a34b-475e-a4eb-804606757b1f | Context users@openstack setup() finished in 1.28 sec
2020-04-26 11:13:42.565 8000 INFO rally.task.context [-] Task 3a99f6c4-a34b-475e-a4eb-804606757b1f | Context admin_cleanup@openstack setup() finished in 0.01 msec
2020-04-26 11:13:42.573 8000 RALLYDEBUG rally.task.runner [-] Starting the constant runner (task UUID: 3a99f6c4-a34b-475e-a4eb-804606757b1f). times: 10 concurrency: 4 timeout: 0 max_cpu_used: 88 processes_to_start: 4 concurrency_per_worker: 1 concurrency_overhead: 0
2020-04-26 11:13:42.583 8208 RALLYDEBUG rally.task.runner [-] Starting a worker. times: 10 duration: None concurrency: 1 timeout: 0 cls: method_name: run args: {}
2020-04-26 11:13:42.586 8209 RALLYDEBUG rally.task.runner [-] Starting a worker. times: 10 duration: None concurrency: 1 timeout: 0 cls: method_name: run args: {}
2020-04-26 11:13:42.588 8208 INFO rally.task.runner [-] Task 3a99f6c4-a34b-475e-a4eb-804606757b1f | ITER: 1 START
2020-04-26 11:13:42.588 8210 RALLYDEBUG rally.task.runner [-] Starting a worker. times: 10 duration: None concurrency: 1 timeout: 0 cls: method_name: run args: {}
2020-04-26 11:13:42.590 8211 RALLYDEBUG rally.task.runner [-] Starting a worker. times: 10 duration: None concurrency: 1 timeout: 0 cls: method_name: run args: {}
2020-04-26 11:13:42.591 8209 INFO rally.task.runner [-] Task 3a99f6c4-a34b-475e-a4eb-804606757b1f | ITER: 2 START
2020-04-26 11:13:42.593 8210 INFO rally.task.runner [-] Task 3a99f6c4-a34b-475e-a4eb-804606757b1f | ITER: 3 START
2020-04-26 11:13:42.595 8211 INFO rally.task.runner [-] Task 3a99f6c4-a34b-475e-a4eb-804606757b1f | ITER: 4 START
2020-04-26 11:13:43.111 8211 INFO rally.task.runner [-] Task 3a99f6c4-a34b-475e-a4eb-804606757b1f | ITER: 4 END: OK
2020-04-26 11:13:43.115 8211 INFO rally.task.runner [-] Task 3a99f6c4-a34b-475e-a4eb-804606757b1f | ITER: 5 START
2020-04-26 11:13:43.124 8209 INFO rally.task.runner [-] Task 3a99f6c4-a34b-475e-a4eb-804606757b1f | ITER: 2 END: OK
2020-04-26 11:13:43.127 8209 INFO rally.task.runner [-] Task 3a99f6c4-a34b-475e-a4eb-804606757b1f | ITER: 6 START
2020-04-26 11:13:43.144 8210 INFO rally.task.runner [-] Task 3a99f6c4-a34b-475e-a4eb-804606757b1f | ITER: 3 END: OK
2020-04-26 11:13:43.144 8208 INFO rally.task.runner [-] Task 3a99f6c4-a34b-475e-a4eb-804606757b1f | ITER: 1 END: OK
2020-04-26 11:13:43.148 8210 INFO rally.task.runner [-] Task 3a99f6c4-a34b-475e-a4eb-804606757b1f | ITER: 7 START
2020-04-26 11:13:43.148 8208 INFO rally.task.runner [-] Task 3a99f6c4-a34b-475e-a4eb-804606757b1f | ITER: 8 START
2020-04-26 11:13:43.650 8210 INFO rally.task.runner [-] Task 3a99f6c4-a34b-475e-a4eb-804606757b1f | ITER: 7 END: OK
2020-04-26 11:13:43.653 8210 INFO rally.task.runner [-] Task 3a99f6c4-a34b-475e-a4eb-804606757b1f | ITER: 9 START
2020-04-26 11:13:43.664 8211 INFO rally.task.runner [-] Task 3a99f6c4-a34b-475e-a4eb-804606757b1f | ITER: 5 END: OK
2020-04-26 11:13:43.666 8211 INFO rally.task.runner [-] Task 3a99f6c4-a34b-475e-a4eb-804606757b1f | ITER: 10 START
2020-04-26 11:13:43.679 8208 INFO rally.task.runner [-] Task 3a99f6c4-a34b-475e-a4eb-804606757b1f | ITER: 8 END: OK
2020-04-26 11:13:43.685 8209 INFO rally.task.runner [-] Task 3a99f6c4-a34b-475e-a4eb-804606757b1f | ITER: 6 END: OK
