2020-04-26 11:18:33.773 11226 INFO rally.task.runner [-] Task 7058f561-6105-4862-bee8-c9e55c1a2532 | ITER: 2 START
2020-04-26 11:18:33.774 11227 INFO rally.task.runner [-] Task 7058f561-6105-4862-bee8-c9e55c1a2532 | ITER: 3 START
2020-04-26 11:18:33.777 11228 INFO rally.task.runner [-] Task 7058f561-6105-4862-bee8-c9e55c1a2532 | ITER: 4 START
2020-04-26 11:18:35.539 11227 INFO rally.task.runner [-] Task 7058f561-6105-4862-bee8-c9e55c1a2532 | ITER: 3 END: OK
2020-04-26 11:18:35.546 11227 INFO rally.task.runner [-] Task 7058f561-6105-4862-bee8-c9e55c1a2532 | ITER: 5 START
2020-04-26 11:18:35.711 11225 INFO rally.task.runner [-] Task 7058f561-6105-4862-bee8-c9e55c1a2532 | ITER: 1 END: OK
2020-04-26 11:18:35.716 11225 INFO rally.task.runner [-] Task 7058f561-6105-4862-bee8-c9e55c1a2532 | ITER: 6 START
2020-04-26 11:18:36.876 11226 INFO rally.task.runner [-] Task 7058f561-6105-4862-bee8-c9e55c1a2532 | ITER: 2 END: OK
2020-04-26 11:18:36.881 11226 INFO rally.task.runner [-] Task 7058f561-6105-4862-bee8-c9e55c1a2532 | ITER: 7 START
2020-04-26 11:18:37.114 11228 INFO rally.task.runner [-] Task 7058f561-6105-4862-bee8-c9e55c1a2532 | ITER: 4 END: OK
2020-04-26 11:18:37.118 11228 INFO rally.task.runner [-] Task 7058f561-6105-4862-bee8-c9e55c1a2532 | ITER: 8 START
2020-04-26 11:18:37.418 11225 INFO rally.task.runner [-] Task 7058f561-6105-4862-bee8-c9e55c1a2532 | ITER: 6 END: OK
2020-04-26 11:18:37.423 11225 INFO rally.task.runner [-] Task 7058f561-6105-4862-bee8-c9e55c1a2532 | ITER: 9 START
2020-04-26 11:18:37.439 11227 INFO rally.task.runner [-] Task 7058f561-6105-4862-bee8-c9e55c1a2532 | ITER: 5 END: OK
2020-04-26 11:18:37.444 11227 INFO rally.task.runner [-] Task 7058f561-6105-4862-bee8-c9e55c1a2532 | ITER: 10 START
2020-04-26 11:18:38.737 11226 INFO rally.task.runner [-] Task 7058f561-6105-4862-bee8-c9e55c1a2532 | ITER: 7 END: OK
2020-04-26 11:18:39.230 11227 INFO rally.task.runner [-] Task 7058f561-6105-4862-bee8-c9e55c1a2532 | ITER: 10 END: OK
2020-04-26 11:18:39.953 11228 INFO rally.task.runner [-] Task 7058f561-6105-4862-bee8-c9e55c1a2532 | ITER: 8 END: OK
2020-04-26 11:18:40.066 11225 INFO rally.task.runner [-] Task 7058f561-6105-4862-bee8-c9e55c1a2532 | ITER: 9 END: OK
2020-04-26 11:18:40.090 9705 INFO rally.task.context [-] Task 7058f561-6105-4862-bee8-c9e55c1a2532 | Context cleanup@openstack cleanup() started
2020-04-26 11:18:40.094 9705 RALLYDEBUG rally_openstack.task.cleanup.manager [-] Cleaning up neutron vip objects
2020-04-26 11:18:40.883 9705 RALLYDEBUG rally_openstack.task.cleanup.manager [-] Cleaning up neutron health_monitor objects
2020-04-26 11:18:41.354 9705 RALLYDEBUG rally_openstack.task.cleanup.manager [-] Cleaning up neutron pool objects
2020-04-26 11:18:41.789 9705 RALLYDEBUG rally_openstack.task.cleanup.manager [-] Cleaning up neutron loadbalancer objects
2020-04-26 11:18:42.221 9705 RALLYDEBUG rally_openstack.task.cleanup.manager [-] Cleaning up neutron floatingip objects
2020-04-26 11:18:44.264 9705 RALLYDEBUG rally_openstack.task.cleanup.manager [-] Cleaning up neutron trunk objects
2020-04-26 11:18:44.856 9705 RALLYDEBUG rally_openstack.task.cleanup.manager [-] Cleaning up neutron port objects
2020-04-26 11:18:45.526 9705 RALLYDEBUG rally_openstack.task.cleanup.manager [-] Cleaning up neutron subnet objects
2020-04-26 11:18:46.194 9705 RALLYDEBUG rally_openstack.task.cleanup.manager [-] Cleaning up neutron network objects
2020-04-26 11:18:47.108 9705 RALLYDEBUG rally_openstack.task.cleanup.manager [-] Cleaning up neutron router objects
2020-04-26 11:18:49.014 9705 RALLYDEBUG rally_openstack.task.cleanup.manager [-] Cleaning up neutron security_group objects
2020-04-26 11:18:49.599 9705 INFO rally.task.context [-] Task 7058f561-6105-4862-bee8-c9e55c1a2532 | Context cleanup@openstack cleanup() finished in 9.51 sec
2020-04-26 11:18:49.600 9705 INFO rally.task.context [-] Task 7058f561-6105-4862-bee8-c9e55c1a2532 | Context network@openstack cleanup() started
2020-04-26 11:18:55.887 9705 INFO rally.task.context [-] Task 7058f561-6105-4862-bee8-c9e55c1a2532 | Context network@openstack cleanup() finished in 6.29 sec
2020-04-26 11:18:55.887 9705 INFO rally.task.context [-] Task 7058f561-6105-4862-bee8-c9e55c1a2532 | Context quotas@openstack cleanup() started
2020-04-26 11:18:55.936 9705 INFO rally.task.context [-] Task 7058f561-6105-4862-bee8-c9e55c1a2532 | Context quotas@openstack cleanup() finished in 48.69 msec
2020-04-26 11:18:55.937 9705 INFO rally.task.context [-] Task 7058f561-6105-4862-bee8-c9e55c1a2532 | Context users@openstack cleanup() started
2020-04-26 11:18:58.524 9705 INFO rally.task.context [-] Task 7058f561-6105-4862-bee8-c9e55c1a2532 | Context users@openstack cleanup() finished in 2.59 sec
2020-04-26 11:18:59.626 9705 INFO rally.task.engine [-] Load duration is: 6.295539
2020-04-26 11:18:59.627 9705 INFO rally.task.engine [-] Full runner duration is: 6.336688
2020-04-26 11:18:59.627 9705 INFO rally.task.engine [-] Full duration is: 29.10791
2020-04-26 11:18:59.705 9705 INFO rally.task.engine [-] Running workload: position = 0 config = { "version": 2, "title": "A cropped version of a bigger task.", "description": "Auto-generated task from a single workload (uuid=aa5b9b0b-5a7e-411f-a234-82fb50cd98da)", "subtasks": [ { "title": "NeutronNetworks.create_and_delete_routers", "description": "Create and delete a given number of routers.", "scenario": { "NeutronNetworks.create_and_delete_routers": { "network_create_args": {}, "router_create_args": {}, "subnet_cidr_start": "1.1.0.0/30", "subnet_create_args": {}, "subnets_per_network": 1 } }, "contexts": { "users": { "tenants": 3, "users_per_tenant": 2 }, "quotas": { "neutron": { "network": -1, "subnet": -1, "port": -1, "router": -1 } } }, "runner": { "constant": { "concurrency": 4, "times": 10 } }, "hooks": [], "sla": { "failure_rate": { "max": 0 } } } ] }
2020-04-26 11:18:59.722 9705 RALLYDEBUG rally_openstack.task.contexts.keystone.users [-] Creating 3 tenants using 3 threads
2020-04-26 11:19:00.163 9705 RALLYDEBUG rally_openstack.task.contexts.keystone.users [-] Creating 6 users using 6 threads
2020-04-26 11:19:00.950 9705 INFO rally.task.context [-] Task 7058f561-6105-4862-bee8-c9e55c1a2532 | Context users@openstack setup() finished in 1.23 sec
2020-04-26 11:19:01.490 9705 INFO rally.task.context [-] Task 7058f561-6105-4862-bee8-c9e55c1a2532 | Context quotas@openstack setup() finished in 0.54 sec
2020-04-26 11:19:01.490 9705 INFO rally.task.context [-] Task 7058f561-6105-4862-bee8-c9e55c1a2532 | Context cleanup@openstack setup() finished in 0.01 msec
2020-04-26 11:19:01.498 9705 RALLYDEBUG rally.task.runner [-] Starting the constant runner (task UUID: 7058f561-6105-4862-bee8-c9e55c1a2532). times: 10 concurrency: 4 timeout: 0 max_cpu_used: 88 processes_to_start: 4 concurrency_per_worker: 1 concurrency_overhead: 0
2020-04-26 11:19:01.509 11518 RALLYDEBUG rally.task.runner [-] Starting a worker. times: 10 duration: None concurrency: 1 timeout: 0 cls: method_name: run args: {"network_create_args": {}, "router_create_args": {}, "subnet_cidr_start": "1.1.0.0/30", "subnet_create_args": {}, "subnets_per_network": 1}
2020-04-26 11:19:01.511 11519 RALLYDEBUG rally.task.runner [-] Starting a worker. times: 10 duration: None concurrency: 1 timeout: 0 cls: method_name: run args: {"network_create_args": {}, "router_create_args": {}, "subnet_cidr_start": "1.1.0.0/30", "subnet_create_args": {}, "subnets_per_network": 1}
2020-04-26 11:19:01.514 11520 RALLYDEBUG rally.task.runner [-] Starting a worker. times: 10 duration: None concurrency: 1 timeout: 0 cls: method_name: run args: {"network_create_args": {}, "router_create_args": {}, "subnet_cidr_start": "1.1.0.0/30", "subnet_create_args": {}, "subnets_per_network": 1}
2020-04-26 11:19:01.515 11518 INFO rally.task.runner [-] Task 7058f561-6105-4862-bee8-c9e55c1a2532 | ITER: 1 START
2020-04-26 11:19:01.517 11519 INFO rally.task.runner [-] Task 7058f561-6105-4862-bee8-c9e55c1a2532 | ITER: 2 START
2020-04-26 11:19:01.516 11521 RALLYDEBUG rally.task.runner [-] Starting a worker. times: 10 duration: None concurrency: 1 timeout: 0 cls: method_name: run args: {"network_create_args": {}, "router_create_args": {}, "subnet_cidr_start": "1.1.0.0/30", "subnet_create_args": {}, "subnets_per_network": 1}
2020-04-26 11:19:01.520 11520 INFO rally.task.runner [-] Task 7058f561-6105-4862-bee8-c9e55c1a2532 | ITER: 3 START
2020-04-26 11:19:01.522 11521 INFO rally.task.runner [-] Task 7058f561-6105-4862-bee8-c9e55c1a2532 | ITER: 4 START
2020-04-26 11:19:02.143 11519 RALLYDEBUG rally_openstack.common.wrappers.network [-] CIDR generated: 1.1.0.104/30
2020-04-26 11:19:02.714 11521 RALLYDEBUG rally_openstack.common.wrappers.network [-] CIDR generated: 1.1.0.108/30
2020-04-26 11:19:02.813 11520 RALLYDEBUG rally_openstack.common.wrappers.network [-] CIDR generated: 1.1.0.112/30
2020-04-26 11:19:03.383 11518 RALLYDEBUG rally_openstack.common.wrappers.network [-] CIDR generated: 1.1.0.116/30
2020-04-26 11:19:09.391 11520 INFO rally.task.runner [-] Task 7058f561-6105-4862-bee8-c9e55c1a2532 | ITER: 3 END: OK
2020-04-26 11:19:09.395 11520 INFO rally.task.runner [-] Task 7058f561-6105-4862-bee8-c9e55c1a2532 | ITER: 5 START
2020-04-26 11:19:09.486 11519 INFO rally.task.runner [-] Task 7058f561-6105-4862-bee8-c9e55c1a2532 | ITER: 2 END: OK
2020-04-26 11:19:09.490 11519 INFO rally.task.runner [-] Task 7058f561-6105-4862-bee8-c9e55c1a2532 | ITER: 6 START
2020-04-26 11:19:09.833 11520 RALLYDEBUG rally_openstack.common.wrappers.network [-] CIDR generated: 1.1.0.120/30
2020-04-26 11:19:10.100 11519 RALLYDEBUG rally_openstack.common.wrappers.network [-] CIDR generated: 1.1.0.124/30
2020-04-26 11:19:13.959 11521 INFO rally.task.runner [-] Task 7058f561-6105-4862-bee8-c9e55c1a2532 | ITER: 4 END: OK
2020-04-26 11:19:13.963 11521 INFO rally.task.runner [-] Task 7058f561-6105-4862-bee8-c9e55c1a2532 | ITER: 7 START
2020-04-26 11:19:14.492 11521 RALLYDEBUG rally_openstack.common.wrappers.network [-] CIDR generated: 1.1.0.128/30
2020-04-26 11:19:14.981 11518 INFO rally.task.runner [-] Task 7058f561-6105-4862-bee8-c9e55c1a2532 | ITER: 1 END: OK
2020-04-26 11:19:14.985 11518 INFO rally.task.runner [-] Task 7058f561-6105-4862-bee8-c9e55c1a2532 | ITER: 8 START
2020-04-26 11:19:15.183 11520 INFO rally.task.runner [-] Task 7058f561-6105-4862-bee8-c9e55c1a2532 | ITER: 5 END: OK
2020-04-26 11:19:15.187 11520 INFO rally.task.runner [-] Task 7058f561-6105-4862-bee8-c9e55c1a2532 | ITER: 9 START
2020-04-26 11:19:15.376 11518 RALLYDEBUG rally_openstack.common.wrappers.network [-] CIDR generated: 1.1.0.132/30
2020-04-26 11:19:15.543 11520 RALLYDEBUG rally_openstack.common.wrappers.network [-] CIDR generated: 1.1.0.136/30
2020-04-26 11:19:21.164 11519 INFO rally.task.runner [-] Task 7058f561-6105-4862-bee8-c9e55c1a2532 | ITER: 6 END: OK
2020-04-26 11:19:21.167 11519 INFO rally.task.runner [-] Task 7058f561-6105-4862-bee8-c9e55c1a2532 | ITER: 10 START
2020-04-26 11:19:21.614 11519 RALLYDEBUG rally_openstack.common.wrappers.network [-] CIDR generated: 1.1.0.140/30
2020-04-26 11:19:22.061 11518 INFO rally.task.runner [-] Task 7058f561-6105-4862-bee8-c9e55c1a2532 | ITER: 8 END: OK
2020-04-26 11:19:22.316 11520 INFO rally.task.runner [-] Task 7058f561-6105-4862-bee8-c9e55c1a2532 | ITER: 9 END: OK
2020-04-26 11:19:23.847 11521 INFO rally.task.runner [-] Task 7058f561-6105-4862-bee8-c9e55c1a2532 | ITER: 7 END: OK
2020-04-26 11:19:28.133 11519 INFO rally.task.runner [-] Task 7058f561-6105-4862-bee8-c9e55c1a2532 | ITER: 10 END: OK
2020-04-26 11:19:28.161 9705 INFO rally.task.context [-] Task 7058f561-6105-4862-bee8-c9e55c1a2532 | Context cleanup@openstack cleanup() started
2020-04-26 11:19:28.167 9705 RALLYDEBUG rally_openstack.task.cleanup.manager [-] Cleaning up neutron vip objects
2020-04-26 11:19:28.722 9705 RALLYDEBUG rally_openstack.task.cleanup.manager [-] Cleaning up neutron health_monitor objects
2020-04-26 11:19:29.143 9705 RALLYDEBUG rally_openstack.task.cleanup.manager [-] Cleaning up neutron pool objects
2020-04-26 11:19:29.551 9705 RALLYDEBUG rally_openstack.task.cleanup.manager [-] Cleaning up neutron loadbalancer objects
2020-04-26 11:19:30.127 9705 RALLYDEBUG rally_openstack.task.cleanup.manager [-] Cleaning up neutron floatingip objects
2020-04-26 11:19:30.724 9705 RALLYDEBUG rally_openstack.task.cleanup.manager [-] Cleaning up neutron trunk objects
2020-04-26 11:19:31.214 9705 RALLYDEBUG rally_openstack.task.cleanup.manager [-] Cleaning up neutron port objects
2020-04-26 11:19:32.028 9705 RALLYDEBUG rally_openstack.task.cleanup.manager [-] Cleaning up neutron subnet objects
2020-04-26 11:19:32.670 9705 RALLYDEBUG rally_openstack.task.cleanup.manager [-] Deleting neutron.subnet object s_rally_aa5b9b0b_RNV64Ztq (3777b1dc-ac5a-4073-b6e2-79478cd27c65)
2020-04-26 11:19:32.679 9705 RALLYDEBUG rally_openstack.task.cleanup.manager [-] Deleting neutron.subnet object s_rally_aa5b9b0b_5QTa3qFa (63437e32-9fa3-4096-8491-4261bb8d8d79)
2020-04-26 11:19:32.684 9705 RALLYDEBUG rally_openstack.task.cleanup.manager [-] Deleting neutron.subnet object s_rally_aa5b9b0b_6WTJJoNi (161a853c-91de-4997-9d05-5f9af32552d2)
2020-04-26 11:19:32.692 9705 RALLYDEBUG rally_openstack.task.cleanup.manager [-] Deleting neutron.subnet object s_rally_aa5b9b0b_53uhBA7H (7873d0e0-3da6-4dc0-bc57-8c7c86c93f25)
2020-04-26 11:19:32.700 9705 RALLYDEBUG rally_openstack.task.cleanup.manager [-] Deleting neutron.subnet object s_rally_aa5b9b0b_BPADk4Ir (ea57eca9-743d-471d-a13d-2bc80beaf15d)
2020-04-26 11:19:32.706 9705 RALLYDEBUG rally_openstack.task.cleanup.manager [-] Deleting neutron.subnet object s_rally_aa5b9b0b_X94vNdKG (04afde84-79e2-47db-a89a-b5cca7f03d68)
2020-04-26 11:19:32.717 9705 RALLYDEBUG rally_openstack.task.cleanup.manager [-] Deleting neutron.subnet object s_rally_aa5b9b0b_1pxJGQzy (38b85a11-1b84-429e-b48a-5d5a0de7bb9a)
2020-04-26 11:19:32.726 9705 RALLYDEBUG rally_openstack.task.cleanup.manager [-] Deleting neutron.subnet object s_rally_aa5b9b0b_0PS0t9aI (38f1bf06-d5b1-4e2d-9ea7-e92ea01bba2e)
2020-04-26 11:19:32.738 9705 RALLYDEBUG rally_openstack.task.cleanup.manager [-] Deleting neutron.subnet object s_rally_aa5b9b0b_qCxR4TGN (3e925e41-0bde-422d-9dbc-eb009e449083)
2020-04-26 11:19:32.741 9705 RALLYDEBUG rally_openstack.task.cleanup.manager [-] Deleting neutron.subnet object s_rally_aa5b9b0b_nmiqcMCe (48b9e754-8573-4883-ae3d-64d5f19d1681)
2020-04-26 11:19:37.332 9705 RALLYDEBUG rally_openstack.task.cleanup.manager [-] Cleaning up neutron network objects
2020-04-26 11:19:38.147 9705 RALLYDEBUG rally_openstack.task.cleanup.manager [-] Deleting neutron.network object s_rally_aa5b9b0b_TUNvP6We (04ec9108-ae40-45bf-be66-8b3567c499fc)
2020-04-26 11:19:38.156 9705 RALLYDEBUG rally_openstack.task.cleanup.manager [-] Deleting neutron.network object s_rally_aa5b9b0b_m4k3fuu6 (b80492e0-5087-4f26-a1e5-fa22e2bc329b)
2020-04-26 11:19:38.162 9705 RALLYDEBUG rally_openstack.task.cleanup.manager [-] Deleting neutron.network object s_rally_aa5b9b0b_wAtb5aWr (1d8c3be8-a0b5-45ed-a2ad-b22064d3db55)
2020-04-26 11:19:38.170 9705 RALLYDEBUG rally_openstack.task.cleanup.manager [-] Deleting neutron.network object s_rally_aa5b9b0b_vgHQ87T7 (3b145421-1fd8-4b75-a74d-8f3c465abaf2)
2020-04-26 11:19:38.176 9705 RALLYDEBUG rally_openstack.task.cleanup.manager [-] Deleting neutron.network object s_rally_aa5b9b0b_TcUFyixT (73d5afc2-5e28-47e6-8623-825a21cd2630)
2020-04-26 11:19:38.192 9705 RALLYDEBUG rally_openstack.task.cleanup.manager [-] Deleting neutron.network object s_rally_aa5b9b0b_AIJ64QBl (94409d80-f9eb-4152-9edf-7a30899d1093)
2020-04-26 11:19:38.200 9705 RALLYDEBUG rally_openstack.task.cleanup.manager [-] Deleting neutron.network object s_rally_aa5b9b0b_cls5FCDr (a407e3f2-9c23-4bfe-84b5-af07b44a96b6)
2020-04-26 11:19:38.214 9705 RALLYDEBUG rally_openstack.task.cleanup.manager [-] Deleting neutron.network object s_rally_aa5b9b0b_x33jICCp (a7017b98-9e26-49f8-82b0-bfe55b05c95b)
2020-04-26 11:19:38.220 9705 RALLYDEBUG rally_openstack.task.cleanup.manager [-] Deleting neutron.network object s_rally_aa5b9b0b_ThMTq5AH (b66b683a-a00d-42d4-9ce0-67083fc57096)
2020-04-26 11:19:38.225 9705 RALLYDEBUG rally_openstack.task.cleanup.manager [-] Deleting neutron.network object s_rally_aa5b9b0b_XvVUxyaD (ef2aa70f-479e-42e5-86c5-4f90c974e284)
2020-04-26 11:19:43.481 9705 RALLYDEBUG rally_openstack.task.cleanup.manager [-] Cleaning up neutron router objects
2020-04-26 11:19:44.116 9705 RALLYDEBUG rally_openstack.task.cleanup.manager [-] Cleaning up neutron security_group objects
2020-04-26 11:19:44.711 9705 INFO rally.task.context [-] Task 7058f561-6105-4862-bee8-c9e55c1a2532 | Context cleanup@openstack cleanup() finished in 16.55 sec
2020-04-26 11:19:44.711 9705 INFO rally.task.context [-] Task 7058f561-6105-4862-bee8-c9e55c1a2532 | Context quotas@openstack cleanup() started
2020-04-26 11:19:44.781 9705 INFO rally.task.context [-] Task 7058f561-6105-4862-bee8-c9e55c1a2532 | Context quotas@openstack cleanup() finished in 69.90 msec
2020-04-26 11:19:44.782 9705 INFO rally.task.context [-] Task 7058f561-6105-4862-bee8-c9e55c1a2532 | Context users@openstack cleanup() started
2020-04-26 11:19:48.140 9705 INFO rally.task.context [-] Task 7058f561-6105-4862-bee8-c9e55c1a2532 | Context users@openstack cleanup() finished in 3.36 sec
2020-04-26 11:19:49.975 9705 INFO rally.task.engine [-] Load duration is: 26.616794
2020-04-26 11:19:49.976 9705 INFO rally.task.engine [-] Full runner duration is: 26.662668
2020-04-26 11:19:49.976 9705 INFO rally.task.engine [-] Full duration is: 48.42075
2020-04-26 11:19:50.056 9705 INFO rally.task.engine [-] Running workload: position = 0 config = { "version": 2, "title": "A cropped version of a bigger task.", "description": "Auto-generated task from a single workload (uuid=e3b7bca9-6ee8-477d-a7c6-f97f95af7aa1)", "subtasks": [ { "title": "NeutronNetworks.create_and_delete_subnets", "description": "Create and delete a given number of subnets.", "scenario": { "NeutronNetworks.create_and_delete_subnets": { "network_create_args": {}, "subnet_cidr_start": "1.1.0.0/30", "subnet_create_args": {}, "subnets_per_network": 1 } }, "contexts": { "users": { "tenants": 3, "users_per_tenant": 2 }, "quotas": { "neutron": { "network": -1, "subnet": -1 } } }, "runner": { "constant": { "concurrency": 4, "times": 10 } }, "hooks": [], "sla": { "failure_rate": { "max": 0 } } } ] }
2020-04-26 11:19:50.070 9705 RALLYDEBUG rally_openstack.task.contexts.keystone.users [-] Creating 3 tenants using 3 threads
2020-04-26 11:19:50.482 9705 RALLYDEBUG rally_openstack.task.contexts.keystone.users [-] Creating 6 users using 6 threads
2020-04-26 11:19:51.217 9705 INFO rally.task.context [-] Task 7058f561-6105-4862-bee8-c9e55c1a2532 | Context users@openstack setup() finished in 1.15 sec
2020-04-26 11:19:51.649 9705 INFO rally.task.context [-] Task 7058f561-6105-4862-bee8-c9e55c1a2532 | Context quotas@openstack setup() finished in 0.43 sec
2020-04-26 11:19:51.650 9705 INFO rally.task.context [-] Task 7058f561-6105-4862-bee8-c9e55c1a2532 | Context cleanup@openstack setup() finished in 0.02 msec
2020-04-26 11:19:51.656 9705 RALLYDEBUG rally.task.runner [-] Starting the constant runner (task UUID: 7058f561-6105-4862-bee8-c9e55c1a2532). times: 10 concurrency: 4 timeout: 0 max_cpu_used: 88 processes_to_start: 4 concurrency_per_worker: 1 concurrency_overhead: 0
2020-04-26 11:19:51.666 11811 RALLYDEBUG rally.task.runner [-] Starting a worker. times: 10 duration: None concurrency: 1 timeout: 0 cls: method_name: run args: {"network_create_args": {}, "subnet_cidr_start": "1.1.0.0/30", "subnet_create_args": {}, "subnets_per_network": 1}
2020-04-26 11:19:51.668 11812 RALLYDEBUG rally.task.runner [-] Starting a worker. times: 10 duration: None concurrency: 1 timeout: 0 cls: method_name: run args: {"network_create_args": {}, "subnet_cidr_start": "1.1.0.0/30", "subnet_create_args": {}, "subnets_per_network": 1}
2020-04-26 11:19:51.670 11813 RALLYDEBUG rally.task.runner [-] Starting a worker. times: 10 duration: None concurrency: 1 timeout: 0 cls: method_name: run args: {"network_create_args": {}, "subnet_cidr_start": "1.1.0.0/30", "subnet_create_args": {}, "subnets_per_network": 1}
2020-04-26 11:19:51.672 11811 INFO rally.task.runner [-] Task 7058f561-6105-4862-bee8-c9e55c1a2532 | ITER: 1 START
2020-04-26 11:19:51.671 11814 RALLYDEBUG rally.task.runner [-] Starting a worker. times: 10 duration: None concurrency: 1 timeout: 0 cls: method_name: run args: {"network_create_args": {}, "subnet_cidr_start": "1.1.0.0/30", "subnet_create_args": {}, "subnets_per_network": 1}
2020-04-26 11:19:51.674 11812 INFO rally.task.runner [-] Task 7058f561-6105-4862-bee8-c9e55c1a2532 | ITER: 2 START
2020-04-26 11:19:51.674 11811 WARNING rally_openstack.task.scenarios.neutron.utils [-] Running this scenario without either the 'network' or 'existing_network' context is deprecated
2020-04-26 11:19:51.675 11812 WARNING rally_openstack.task.scenarios.neutron.utils [-] Running this scenario without either the 'network' or 'existing_network' context is deprecated
2020-04-26 11:19:51.675 11813 INFO rally.task.runner [-] Task 7058f561-6105-4862-bee8-c9e55c1a2532 | ITER: 3 START
2020-04-26 11:19:51.677 11813 WARNING rally_openstack.task.scenarios.neutron.utils [-] Running this scenario without either the 'network' or 'existing_network' context is deprecated
2020-04-26 11:19:51.677 11814 INFO rally.task.runner [-] Task 7058f561-6105-4862-bee8-c9e55c1a2532 | ITER: 4 START
2020-04-26 11:19:51.678 11814 WARNING rally_openstack.task.scenarios.neutron.utils [-] Running this scenario without either the 'network' or 'existing_network' context is deprecated
2020-04-26 11:19:52.202 11813 RALLYDEBUG rally_openstack.common.wrappers.network [-] CIDR generated: 1.1.0.144/30
2020-04-26 11:19:52.304 11811 RALLYDEBUG rally_openstack.common.wrappers.network [-] CIDR generated: 1.1.0.148/30
2020-04-26 11:19:52.717 11814 RALLYDEBUG rally_openstack.common.wrappers.network [-] CIDR generated: 1.1.0.152/30
2020-04-26 11:19:52.993 11812 RALLYDEBUG rally_openstack.common.wrappers.network [-] CIDR generated: 1.1.0.156/30
2020-04-26 11:19:53.411 11813 INFO rally.task.runner [-] Task 7058f561-6105-4862-bee8-c9e55c1a2532 | ITER: 3 END: OK
2020-04-26 11:19:53.416 11813 INFO rally.task.runner [-] Task 7058f561-6105-4862-bee8-c9e55c1a2532 | ITER: 5 START
2020-04-26 11:19:53.416 11813 WARNING rally_openstack.task.scenarios.neutron.utils [-] Running this scenario without either the 'network' or 'existing_network' context is deprecated
2020-04-26 11:19:54.004 11811 INFO rally.task.runner [-] Task 7058f561-6105-4862-bee8-c9e55c1a2532 | ITER: 1 END: OK
2020-04-26 11:19:54.009 11811 INFO rally.task.runner [-] Task 7058f561-6105-4862-bee8-c9e55c1a2532 | ITER: 6 START
2020-04-26 11:19:54.010 11811 WARNING rally_openstack.task.scenarios.neutron.utils [-] Running this scenario without either the 'network' or 'existing_network' context is deprecated
2020-04-26 11:19:54.014 11814 INFO rally.task.runner [-] Task 7058f561-6105-4862-bee8-c9e55c1a2532 | ITER: 4 END: OK
2020-04-26 11:19:54.018 11814 INFO rally.task.runner [-] Task 7058f561-6105-4862-bee8-c9e55c1a2532 | ITER: 7 START
2020-04-26 11:19:54.019 11814 WARNING rally_openstack.task.scenarios.neutron.utils [-] Running this scenario without either the 'network' or 'existing_network' context is deprecated
2020-04-26 11:19:54.076 11813 RALLYDEBUG rally_openstack.common.wrappers.network [-] CIDR generated: 1.1.0.160/30
2020-04-26 11:19:54.394 11811 RALLYDEBUG rally_openstack.common.wrappers.network [-] CIDR generated: 1.1.0.164/30
2020-04-26 11:19:54.573 11812 INFO rally.task.runner [-] Task 7058f561-6105-4862-bee8-c9e55c1a2532 | ITER: 2 END: OK
2020-04-26 11:19:54.578 11812 INFO rally.task.runner [-] Task 7058f561-6105-4862-bee8-c9e55c1a2532 | ITER: 8 START
2020-04-26 11:19:54.579 11812 WARNING rally_openstack.task.scenarios.neutron.utils [-] Running this scenario without either the 'network' or 'existing_network' context is deprecated
2020-04-26 11:19:54.950 11812 RALLYDEBUG rally_openstack.common.wrappers.network [-] CIDR generated: 1.1.0.168/30
2020-04-26 11:19:55.232 11814 RALLYDEBUG rally_openstack.common.wrappers.network [-] CIDR generated: 1.1.0.172/30
2020-04-26 11:19:55.290 11813 INFO rally.task.runner [-] Task 7058f561-6105-4862-bee8-c9e55c1a2532 | ITER: 5 END: OK
2020-04-26 11:19:55.294 11813 INFO rally.task.runner [-] Task 7058f561-6105-4862-bee8-c9e55c1a2532 | ITER: 9 START
2020-04-26 11:19:55.294 11813 WARNING rally_openstack.task.scenarios.neutron.utils [-] Running this scenario without either the 'network' or 'existing_network' context is deprecated
2020-04-26 11:19:55.547 11811 INFO rally.task.runner [-] Task 7058f561-6105-4862-bee8-c9e55c1a2532 | ITER: 6 END: OK
2020-04-26 11:19:55.551 11811 INFO rally.task.runner [-] Task 7058f561-6105-4862-bee8-c9e55c1a2532 | ITER: 10 START
2020-04-26 11:19:55.552 11811 WARNING rally_openstack.task.scenarios.neutron.utils [-] Running this scenario without either the 'network' or 'existing_network' context is deprecated
2020-04-26 11:19:55.671 11813 RALLYDEBUG rally_openstack.common.wrappers.network [-] CIDR generated: 1.1.0.176/30
2020-04-26 11:19:55.896 11811 RALLYDEBUG rally_openstack.common.wrappers.network [-] CIDR generated: 1.1.0.180/30
2020-04-26 11:19:56.273 11812 INFO rally.task.runner [-] Task 7058f561-6105-4862-bee8-c9e55c1a2532 | ITER: 8 END: OK
2020-04-26 11:19:56.871 11814 INFO rally.task.runner [-] Task 7058f561-6105-4862-bee8-c9e55c1a2532 | ITER: 7 END: OK
2020-04-26 11:19:57.107 11811 INFO rally.task.runner [-] Task 7058f561-6105-4862-bee8-c9e55c1a2532 | ITER: 10 END: OK
2020-04-26 11:19:58.432 11813 INFO rally.task.runner [-] Task 7058f561-6105-4862-bee8-c9e55c1a2532 | ITER: 9 END: OK
2020-04-26 11:19:58.461 9705 INFO rally.task.context [-] Task 7058f561-6105-4862-bee8-c9e55c1a2532 | Context cleanup@openstack cleanup() started
2020-04-26 11:19:58.465 9705 RALLYDEBUG rally_openstack.task.cleanup.manager [-] Cleaning up neutron vip objects
2020-04-26 11:19:59.156 9705 RALLYDEBUG rally_openstack.task.cleanup.manager [-] Cleaning up neutron health_monitor objects
2020-04-26 11:19:59.608 9705 RALLYDEBUG rally_openstack.task.cleanup.manager [-] Cleaning up neutron pool objects
2020-04-26 11:20:00.206 9705 RALLYDEBUG rally_openstack.task.cleanup.manager [-] Cleaning up neutron loadbalancer objects
2020-04-26 11:20:00.896 9705 RALLYDEBUG rally_openstack.task.cleanup.manager [-] Cleaning up neutron floatingip objects
2020-04-26 11:20:01.586 9705 RALLYDEBUG rally_openstack.task.cleanup.manager [-] Cleaning up neutron trunk objects
2020-04-26 11:20:02.088 9705 RALLYDEBUG rally_openstack.task.cleanup.manager [-] Cleaning up neutron port objects
2020-04-26 11:20:02.838 9705 RALLYDEBUG rally_openstack.task.cleanup.manager [-] Cleaning up neutron subnet objects
2020-04-26 11:20:03.441 9705 RALLYDEBUG rally_openstack.task.cleanup.manager [-] Cleaning up neutron network objects
2020-04-26 11:20:04.208 9705 RALLYDEBUG rally_openstack.task.cleanup.manager [-] Deleting neutron.network object s_rally_e3b7bca9_VvhkSd08 (115037bb-14a8-4a10-9321-0c122280ac6e)
2020-04-26 11:20:04.217 9705 RALLYDEBUG rally_openstack.task.cleanup.manager [-] Deleting neutron.network object s_rally_e3b7bca9_QCzrIt6r (7458c770-3656-42b5-b6a7-2b86009b96f1)
2020-04-26 11:20:04.221 9705 RALLYDEBUG rally_openstack.task.cleanup.manager [-] Deleting neutron.network object s_rally_e3b7bca9_4StBMMU8 (b20fe3ed-c169-45b4-a864-3269a9b316ff)
2020-04-26 11:20:04.233 9705 RALLYDEBUG rally_openstack.task.cleanup.manager [-] Deleting neutron.network object s_rally_e3b7bca9_FvyK66sZ (be993d89-e7b8-475c-a8ff-49c7db8a8c76)
2020-04-26 11:20:04.241 9705 RALLYDEBUG rally_openstack.task.cleanup.manager [-] Deleting neutron.network object s_rally_e3b7bca9_4dGQw0EO (f607ff3e-e2f8-4934-8dac-34ebc10675d1)
2020-04-26 11:20:04.255 9705 RALLYDEBUG rally_openstack.task.cleanup.manager [-] Deleting neutron.network object s_rally_e3b7bca9_o5B7B2kY (2b2f4328-ee32-41a6-a3f4-a99912337fac)
2020-04-26 11:20:04.270 9705 RALLYDEBUG rally_openstack.task.cleanup.manager [-] Deleting neutron.network object s_rally_e3b7bca9_ViBpuLlT (86d5430e-229a-46a1-8d65-8f52c470b736)
2020-04-26 11:20:04.280 9705 RALLYDEBUG rally_openstack.task.cleanup.manager [-] Deleting neutron.network object s_rally_e3b7bca9_9VjzmVxn (8fa1dd97-7093-419d-b170-e9b949a41278)
2020-04-26 11:20:04.285 9705 RALLYDEBUG rally_openstack.task.cleanup.manager [-] Deleting neutron.network object s_rally_e3b7bca9_CbsixWg9 (859d0c75-d9b9-442f-ac76-858678db1695)
2020-04-26 11:20:04.298 9705 RALLYDEBUG rally_openstack.task.cleanup.manager [-] Deleting neutron.network object s_rally_e3b7bca9_SUmr49vE (b59e0684-59e4-45ae-8958-94c9a27f13a9)
2020-04-26 11:20:09.351 9705 RALLYDEBUG rally_openstack.task.cleanup.manager [-] Cleaning up neutron router objects
2020-04-26 11:20:10.031 9705 RALLYDEBUG rally_openstack.task.cleanup.manager [-] Cleaning up neutron security_group objects
2020-04-26 11:20:10.659 9705 INFO rally.task.context [-] Task 7058f561-6105-4862-bee8-c9e55c1a2532 | Context cleanup@openstack cleanup() finished in 12.20 sec
2020-04-26 11:20:10.659 9705 INFO rally.task.context [-] Task 7058f561-6105-4862-bee8-c9e55c1a2532 | Context quotas@openstack cleanup() started
2020-04-26 11:20:10.700 9705 INFO rally.task.context [-] Task 7058f561-6105-4862-bee8-c9e55c1a2532 | Context quotas@openstack cleanup() finished in 40.58 msec
2020-04-26 11:20:10.700 9705 INFO rally.task.context [-] Task 7058f561-6105-4862-bee8-c9e55c1a2532 | Context users@openstack cleanup() started
2020-04-26 11:20:12.822 9705 INFO rally.task.context [-] Task 7058f561-6105-4862-bee8-c9e55c1a2532 | Context users@openstack cleanup() finished in 2.12 sec
2020-04-26 11:20:14.214 9705 INFO rally.task.engine [-] Load duration is: 6.758393
2020-04-26 11:20:14.215 9705 INFO rally.task.engine [-] Full runner duration is: 6.80583
2020-04-26 11:20:14.215 9705 INFO rally.task.engine [-] Full duration is: 22.754635
2020-04-26 11:20:14.310 9705 INFO rally.task.engine [-] Running workload: position = 0 config = { "version": 2, "title": "A cropped version of a bigger task.", "description": "Auto-generated task from a single workload (uuid=a2b32174-a9a6-48f9-b46a-c35a5f826085)", "subtasks": [ { "title": "NeutronNetworks.create_and_list_networks", "description": "Create a network and then list all networks.", "scenario": { "NeutronNetworks.create_and_list_networks": { "network_create_args": {} } }, "contexts": { "users": { "tenants": 3, "users_per_tenant": 2 }, "quotas": { "neutron": { "network": -1 } } }, "runner": { "constant": { "concurrency": 4, "times": 10 } }, "hooks": [], "sla": { "failure_rate": { "max": 0 } } } ] }
2020-04-26 11:20:14.330 9705 RALLYDEBUG rally_openstack.task.contexts.keystone.users [-] Creating 3 tenants using 3 threads
2020-04-26 11:20:14.777 9705 RALLYDEBUG rally_openstack.task.contexts.keystone.users [-] Creating 6 users using 6 threads
2020-04-26 11:20:15.665 9705 INFO rally.task.context [-] Task 7058f561-6105-4862-bee8-c9e55c1a2532 | Context users@openstack setup() finished in 1.34 sec
2020-04-26 11:20:16.360 9705 INFO rally.task.context [-] Task 7058f561-6105-4862-bee8-c9e55c1a2532 | Context quotas@openstack setup() finished in 0.69 sec
2020-04-26 11:20:16.360 9705 INFO rally.task.context [-] Task 7058f561-6105-4862-bee8-c9e55c1a2532 | Context cleanup@openstack setup() finished in 0.02 msec
2020-04-26 11:20:16.370 9705 RALLYDEBUG rally.task.runner [-] Starting the constant runner (task UUID: 7058f561-6105-4862-bee8-c9e55c1a2532). times: 10 concurrency: 4 timeout: 0 max_cpu_used: 88 processes_to_start: 4 concurrency_per_worker: 1 concurrency_overhead: 0
2020-04-26 11:20:16.380 12104 RALLYDEBUG rally.task.runner [-] Starting a worker. times: 10 duration: None concurrency: 1 timeout: 0 cls: method_name: run args: {"network_create_args": {}}
2020-04-26 11:20:16.383 12105 RALLYDEBUG rally.task.runner [-] Starting a worker. times: 10 duration: None concurrency: 1 timeout: 0 cls: method_name: run args: {"network_create_args": {}}
2020-04-26 11:20:16.385 12104 INFO rally.task.runner [-] Task 7058f561-6105-4862-bee8-c9e55c1a2532 | ITER: 1 START
2020-04-26 11:20:16.387 12105 INFO rally.task.runner [-] Task 7058f561-6105-4862-bee8-c9e55c1a2532 | ITER: 2 START
2020-04-26 11:20:16.390 12108 RALLYDEBUG rally.task.runner [-] Starting a worker. times: 10 duration: None concurrency: 1 timeout: 0 cls: method_name: run args: {"network_create_args": {}}
2020-04-26 11:20:16.393 12111 RALLYDEBUG rally.task.runner [-] Starting a worker. times: 10 duration: None concurrency: 1 timeout: 0 cls: method_name: run args: {"network_create_args": {}}
2020-04-26 11:20:16.396 12108 INFO rally.task.runner [-] Task 7058f561-6105-4862-bee8-c9e55c1a2532 | ITER: 3 START
2020-04-26 11:20:16.398 12111 INFO rally.task.runner [-] Task 7058f561-6105-4862-bee8-c9e55c1a2532 | ITER: 4 START
2020-04-26 11:20:18.468 12105 INFO rally.task.runner [-] Task 7058f561-6105-4862-bee8-c9e55c1a2532 | ITER: 2 END: OK
2020-04-26 11:20:18.472 12105 INFO rally.task.runner [-] Task 7058f561-6105-4862-bee8-c9e55c1a2532 | ITER: 5 START
2020-04-26 11:20:19.010 12104 INFO rally.task.runner [-] Task 7058f561-6105-4862-bee8-c9e55c1a2532 | ITER: 1 END: OK
2020-04-26 11:20:19.014 12104 INFO rally.task.runner [-] Task 7058f561-6105-4862-bee8-c9e55c1a2532 | ITER: 6 START
2020-04-26 11:20:20.355 12105 INFO rally.task.runner [-] Task 7058f561-6105-4862-bee8-c9e55c1a2532 | ITER: 5 END: OK
2020-04-26 11:20:20.359 12105 INFO rally.task.runner [-] Task 7058f561-6105-4862-bee8-c9e55c1a2532 | ITER: 7 START
2020-04-26 11:20:20.794 12105 INFO rally.task.runner [-] Task 7058f561-6105-4862-bee8-c9e55c1a2532 | ITER: 7 END: OK
2020-04-26 11:20:20.797 12105 INFO rally.task.runner [-] Task 7058f561-6105-4862-bee8-c9e55c1a2532 | ITER: 8 START
2020-04-26 11:20:21.035 12104 INFO rally.task.runner [-] Task 7058f561-6105-4862-bee8-c9e55c1a2532 | ITER: 6 END: OK
2020-04-26 11:20:21.040 12104 INFO rally.task.runner [-] Task 7058f561-6105-4862-bee8-c9e55c1a2532 | ITER: 9 START
2020-04-26 11:20:21.234 12111 INFO rally.task.runner [-] Task 7058f561-6105-4862-bee8-c9e55c1a2532 | ITER: 4 END: OK
2020-04-26 11:20:21.238 12111 INFO rally.task.runner [-] Task 7058f561-6105-4862-bee8-c9e55c1a2532 | ITER: 10 START
2020-04-26 11:20:21.568 12105 INFO rally.task.runner [-] Task 7058f561-6105-4862-bee8-c9e55c1a2532 | ITER: 8 END: OK
2020-04-26 11:20:21.750 12104 INFO rally.task.runner [-] Task 7058f561-6105-4862-bee8-c9e55c1a2532 | ITER: 9 END: OK
2020-04-26 11:20:23.589 12111 INFO rally.task.runner [-] Task 7058f561-6105-4862-bee8-c9e55c1a2532 | ITER: 10 END: OK
2020-04-26 11:20:25.227 12108 INFO rally.task.runner [-] Task 7058f561-6105-4862-bee8-c9e55c1a2532 | ITER: 3 END: OK
2020-04-26 11:20:25.252 9705 INFO rally.task.context [-] Task 7058f561-6105-4862-bee8-c9e55c1a2532 | Context cleanup@openstack cleanup() started
2020-04-26 11:20:25.256 9705 RALLYDEBUG rally_openstack.task.cleanup.manager [-] Cleaning up neutron vip objects
2020-04-26 11:20:26.003 9705 RALLYDEBUG rally_openstack.task.cleanup.manager [-] Cleaning up neutron health_monitor objects
2020-04-26 11:20:26.559 9705 RALLYDEBUG rally_openstack.task.cleanup.manager [-] Cleaning up neutron pool objects
2020-04-26 11:20:27.267 9705 RALLYDEBUG rally_openstack.task.cleanup.manager [-] Cleaning up neutron loadbalancer objects
2020-04-26 11:20:27.825 9705 RALLYDEBUG rally_openstack.task.cleanup.manager [-] Cleaning up neutron floatingip objects
2020-04-26 11:20:28.558 9705 RALLYDEBUG rally_openstack.task.cleanup.manager [-] Cleaning up neutron trunk objects
2020-04-26 11:20:29.064 9705 RALLYDEBUG rally_openstack.task.cleanup.manager [-] Cleaning up neutron port objects
2020-04-26 11:20:29.625 9705 RALLYDEBUG rally_openstack.task.cleanup.manager [-] Cleaning up neutron subnet objects
2020-04-26 11:20:30.151 9705 RALLYDEBUG rally_openstack.task.cleanup.manager [-] Cleaning up neutron network objects
2020-04-26 11:20:30.946 9705 RALLYDEBUG rally_openstack.task.cleanup.manager [-] Deleting neutron.network object s_rally_a2b32174_E3decxF3 (47b8e1b7-e5b1-4421-b525-17f514c417f8)
2020-04-26 11:20:30.950 9705 RALLYDEBUG rally_openstack.task.cleanup.manager [-] Deleting neutron.network object s_rally_a2b32174_zabmFqV0 (55d5b8bb-3393-4f0a-a8b8-d195781829e0)
2020-04-26 11:20:30.954 9705 RALLYDEBUG rally_openstack.task.cleanup.manager [-] Deleting neutron.network object s_rally_a2b32174_2eQppYgQ (7ab85bac-b78d-4c84-9048-ea6100449eec)
2020-04-26 11:20:30.960 9705 RALLYDEBUG rally_openstack.task.cleanup.manager [-] Deleting neutron.network object s_rally_a2b32174_x9l4VXLy (83f8685d-b975-4520-9893-bbfec0cf0f67)
2020-04-26 11:20:30.968 9705 RALLYDEBUG rally_openstack.task.cleanup.manager [-] Deleting neutron.network object s_rally_a2b32174_SJM8mXmO (02ed2c1c-130e-496d-b3be-c1b497f4228d)
2020-04-26 11:20:30.972 9705 RALLYDEBUG rally_openstack.task.cleanup.manager [-] Deleting neutron.network object s_rally_a2b32174_uKAU5D3d (2ce36646-92bb-4d20-bf18-6bad6ab19a91)
2020-04-26 11:20:30.980 9705 RALLYDEBUG rally_openstack.task.cleanup.manager [-] Deleting neutron.network object s_rally_a2b32174_0uxepMzL (71252862-ab42-446d-8579-71b208dc663b)
2020-04-26 11:20:30.987 9705 RALLYDEBUG rally_openstack.task.cleanup.manager [-] Deleting neutron.network object s_rally_a2b32174_DhFIfz7M (7f38b1c1-0b30-4245-a87c-0763d04d2160)
2020-04-26 11:20:30.995 9705 RALLYDEBUG rally_openstack.task.cleanup.manager [-] Deleting neutron.network object s_rally_a2b32174_YovagQGC (a37f532a-d7ae-4f86-9de1-5f2dc8ae49c3)
2020-04-26 11:20:31.000 9705 RALLYDEBUG rally_openstack.task.cleanup.manager [-] Deleting neutron.network object s_rally_a2b32174_7q2T4O8N (d6dddaf5-f97d-41a5-90bb-36eb40f17a68)
2020-04-26 11:20:34.829 9705 RALLYDEBUG rally_openstack.task.cleanup.manager [-] Cleaning up neutron router objects
2020-04-26 11:20:35.464 9705 RALLYDEBUG rally_openstack.task.cleanup.manager [-] Cleaning up neutron security_group objects
2020-04-26 11:20:36.122 9705 INFO rally.task.context [-] Task 7058f561-6105-4862-bee8-c9e55c1a2532 | Context cleanup@openstack cleanup() finished in 10.87 sec
2020-04-26 11:20:36.122 9705 INFO rally.task.context [-] Task 7058f561-6105-4862-bee8-c9e55c1a2532 | Context quotas@openstack cleanup() started
2020-04-26 11:20:36.168 9705 INFO rally.task.context [-] Task 7058f561-6105-4862-bee8-c9e55c1a2532 | Context quotas@openstack cleanup() finished in 45.37 msec
2020-04-26 11:20:36.168 9705 INFO rally.task.context [-] Task 7058f561-6105-4862-bee8-c9e55c1a2532 | Context users@openstack cleanup() started
2020-04-26 11:20:38.419 9705 INFO rally.task.context [-] Task 7058f561-6105-4862-bee8-c9e55c1a2532 | Context users@openstack cleanup() finished in 2.25 sec
2020-04-26 11:20:38.523 9705 INFO rally.task.engine [-] Load duration is: 8.84028
2020-04-26 11:20:38.524 9705 INFO rally.task.engine [-] Full runner duration is: 8.883028
2020-04-26 11:20:38.524 9705 INFO rally.task.engine [-] Full duration is: 24.091077
2020-04-26 11:20:38.604 9705 INFO rally.task.engine [-] Running workload: position = 0 config = { "version": 2, "title": "A cropped version of a bigger task.", "description": "Auto-generated task from a single workload (uuid=525cbe7f-7090-4fcf-870d-b3c240e1b4b1)", "subtasks": [ { "title": "NeutronNetworks.create_and_list_ports", "description": "Create and a given number of ports and list all ports.", "scenario": { "NeutronNetworks.create_and_list_ports": { "network_create_args": {}, "port_create_args": {}, "ports_per_network": 1 } }, "contexts": { "users": { "tenants": 3, "users_per_tenant": 2 }, "network": { "router": {} }, "quotas": { "neutron": { "network": -1, "port": -1 } } }, "runner": { "constant": { "concurrency": 4, "times": 10 } }, "hooks": [], "sla": { "failure_rate": { "max": 0 } } } ] }
2020-04-26 11:20:38.620 9705 RALLYDEBUG rally_openstack.task.contexts.keystone.users [-] Creating 3 tenants using 3 threads
2020-04-26 11:20:39.045 9705 RALLYDEBUG rally_openstack.task.contexts.keystone.users [-] Creating 6 users using 6 threads
2020-04-26 11:20:39.825 9705 INFO rally.task.context [-] Task 7058f561-6105-4862-bee8-c9e55c1a2532 | Context users@openstack setup() finished in 1.20 sec
2020-04-26 11:20:40.273 9705 INFO rally.task.context [-] Task 7058f561-6105-4862-bee8-c9e55c1a2532 | Context quotas@openstack setup() finished in 0.45 sec
2020-04-26 11:20:40.686 9705 RALLYDEBUG rally_openstack.common.wrappers.network [-] CIDR generated: 10.2.46.0/24
2020-04-26 11:20:41.596 9705 RALLYDEBUG rally_openstack.common.wrappers.network [-] CIDR generated: 10.2.47.0/24
2020-04-26 11:20:42.362 9705 RALLYDEBUG rally_openstack.common.wrappers.network [-] CIDR generated: 10.2.48.0/24
2020-04-26 11:20:42.830 9705 INFO rally.task.context [-] Task 7058f561-6105-4862-bee8-c9e55c1a2532 | Context network@openstack setup() finished in 2.56 sec
2020-04-26 11:20:42.831 9705 INFO rally.task.context [-] Task 7058f561-6105-4862-bee8-c9e55c1a2532 | Context cleanup@openstack setup() finished in 0.02 msec
2020-04-26 11:20:42.838 9705 RALLYDEBUG rally.task.runner [-] Starting the constant runner (task UUID: 7058f561-6105-4862-bee8-c9e55c1a2532). times: 10 concurrency: 4 timeout: 0 max_cpu_used: 88 processes_to_start: 4 concurrency_per_worker: 1 concurrency_overhead: 0
2020-04-26 11:20:42.847 12397 RALLYDEBUG rally.task.runner [-] Starting a worker. times: 10 duration: None concurrency: 1 timeout: 0 cls: method_name: run args: {"network_create_args": {}, "port_create_args": {}, "ports_per_network": 1}
2020-04-26 11:20:42.850 12398 RALLYDEBUG rally.task.runner [-] Starting a worker. times: 10 duration: None concurrency: 1 timeout: 0 cls: method_name: run args: {"network_create_args": {}, "port_create_args": {}, "ports_per_network": 1}
2020-04-26 11:20:42.852 12399 RALLYDEBUG rally.task.runner [-] Starting a worker. times: 10 duration: None concurrency: 1 timeout: 0 cls: method_name: run args: {"network_create_args": {}, "port_create_args": {}, "ports_per_network": 1}
2020-04-26 11:20:42.854 12397 INFO rally.task.runner [-] Task 7058f561-6105-4862-bee8-c9e55c1a2532 | ITER: 1 START
2020-04-26 11:20:42.854 12400 RALLYDEBUG rally.task.runner [-] Starting a worker. times: 10 duration: None concurrency: 1 timeout: 0 cls: method_name: run args: {"network_create_args": {}, "port_create_args": {}, "ports_per_network": 1}
2020-04-26 11:20:42.856 12398 INFO rally.task.runner [-] Task 7058f561-6105-4862-bee8-c9e55c1a2532 | ITER: 2 START
2020-04-26 11:20:42.858 12399 INFO rally.task.runner [-] Task 7058f561-6105-4862-bee8-c9e55c1a2532 | ITER: 3 START
2020-04-26 11:20:42.861 12400 INFO rally.task.runner [-] Task 7058f561-6105-4862-bee8-c9e55c1a2532 | ITER: 4 START
2020-04-26 11:20:44.116 12399 INFO rally.task.runner [-] Task 7058f561-6105-4862-bee8-c9e55c1a2532 | ITER: 3 END: OK
2020-04-26 11:20:44.121 12399 INFO rally.task.runner [-] Task 7058f561-6105-4862-bee8-c9e55c1a2532 | ITER: 5 START
2020-04-26 11:20:44.281 12397 INFO rally.task.runner [-] Task 7058f561-6105-4862-bee8-c9e55c1a2532 | ITER: 1 END: OK
2020-04-26 11:20:44.288 12397 INFO rally.task.runner [-] Task 7058f561-6105-4862-bee8-c9e55c1a2532 | ITER: 6 START
2020-04-26 11:20:44.731 12398 INFO rally.task.runner [-] Task 7058f561-6105-4862-bee8-c9e55c1a2532 | ITER: 2 END: OK
2020-04-26 11:20:44.734 12400 INFO rally.task.runner [-] Task 7058f561-6105-4862-bee8-c9e55c1a2532 | ITER: 4 END: OK
2020-04-26 11:20:44.736 12398 INFO rally.task.runner [-] Task 7058f561-6105-4862-bee8-c9e55c1a2532 | ITER: 7 START
2020-04-26 11:20:44.739 12400 INFO rally.task.runner [-] Task 7058f561-6105-4862-bee8-c9e55c1a2532 | ITER: 8 START
2020-04-26 11:20:45.167 12399 INFO rally.task.runner [-] Task 7058f561-6105-4862-bee8-c9e55c1a2532 | ITER: 5 END: OK
2020-04-26 11:20:45.171 12399 INFO rally.task.runner [-] Task 7058f561-6105-4862-bee8-c9e55c1a2532 | ITER: 9 START
2020-04-26 11:20:45.515 12397 INFO rally.task.runner [-] Task 7058f561-6105-4862-bee8-c9e55c1a2532 | ITER: 6 END: OK
2020-04-26 11:20:45.520 12397 INFO rally.task.runner [-] Task 7058f561-6105-4862-bee8-c9e55c1a2532 | ITER: 10 START
2020-04-26 11:20:45.899 12398 INFO rally.task.runner [-] Task 7058f561-6105-4862-bee8-c9e55c1a2532 | ITER: 7 END: OK
2020-04-26 11:20:46.078 12400 INFO rally.task.runner [-] Task 7058f561-6105-4862-bee8-c9e55c1a2532 | ITER: 8 END: OK
2020-04-26 11:20:46.380 12399 INFO rally.task.runner [-] Task 7058f561-6105-4862-bee8-c9e55c1a2532 | ITER: 9 END: OK
2020-04-26 11:20:46.771 12397 INFO rally.task.runner [-] Task 7058f561-6105-4862-bee8-c9e55c1a2532 | ITER: 10 END: OK
2020-04-26 11:20:46.793 9705 INFO rally.task.context [-] Task 7058f561-6105-4862-bee8-c9e55c1a2532 | Context cleanup@openstack cleanup() started
2020-04-26 11:20:46.796 9705 RALLYDEBUG rally_openstack.task.cleanup.manager [-] Cleaning up neutron vip objects
2020-04-26 11:20:47.646 9705 RALLYDEBUG rally_openstack.task.cleanup.manager [-] Cleaning up neutron health_monitor objects
2020-04-26 11:20:48.285 9705 RALLYDEBUG rally_openstack.task.cleanup.manager [-] Cleaning up neutron pool objects
2020-04-26 11:20:48.739 9705 RALLYDEBUG rally_openstack.task.cleanup.manager [-] Cleaning up neutron loadbalancer objects
2020-04-26 11:20:49.205 9705 RALLYDEBUG rally_openstack.task.cleanup.manager [-] Cleaning up neutron floatingip objects
2020-04-26 11:20:49.819 9705 RALLYDEBUG rally_openstack.task.cleanup.manager [-] Cleaning up neutron trunk objects
2020-04-26 11:20:50.322 9705 RALLYDEBUG rally_openstack.task.cleanup.manager [-] Cleaning up neutron port objects
2020-04-26 11:20:50.984 9705 RALLYDEBUG rally_openstack.task.cleanup.manager [-] Deleting neutron.port object s_rally_525cbe7f_QRjLJjms (2eb9bfc9-0c93-473a-95fc-b226aeea962b)
2020-04-26 11:20:50.987 9705 RALLYDEBUG rally_openstack.task.cleanup.manager [-] Deleting neutron.port object s_rally_525cbe7f_KfukERNl (a843e516-bf6c-44c5-91a9-390bfe5f50be)
2020-04-26 11:20:51.001 9705 RALLYDEBUG rally_openstack.task.cleanup.manager [-] Deleting neutron.port object s_rally_525cbe7f_FUiJE1Y2 (ba3e9dc6-42e6-4669-81d0-c0cea42ea4de)
2020-04-26 11:20:51.007 9705 RALLYDEBUG rally_openstack.task.cleanup.manager [-] Deleting neutron.port object s_rally_525cbe7f_bG6Zxtgz (44cd7411-3726-4865-9536-857ea842e9d1)
2020-04-26 11:20:51.012 9705 RALLYDEBUG rally_openstack.task.cleanup.manager [-] Deleting neutron.port object s_rally_525cbe7f_nWhjTaFP (024fae33-369a-4beb-a9c4-b931a455c002)
2020-04-26 11:20:51.018 9705 RALLYDEBUG rally_openstack.task.cleanup.manager [-] Deleting neutron.port object s_rally_525cbe7f_y296WMtc (06da7ceb-0c97-46c9-974d-889af53679d3)
2020-04-26 11:20:51.027 9705 RALLYDEBUG rally_openstack.task.cleanup.manager [-] Deleting neutron.port object s_rally_525cbe7f_flh6wvuk (2ae5d208-3183-4aea-bb02-9716183a48f9)
2020-04-26 11:20:51.044 9705 RALLYDEBUG rally_openstack.task.cleanup.manager [-] Deleting neutron.port object s_rally_525cbe7f_uTg3bQPk (a3561b76-4f1a-4cb9-b4a4-4839a676e14f)
2020-04-26 11:20:51.046 9705 RALLYDEBUG rally_openstack.task.cleanup.manager [-] Deleting neutron.port object s_rally_525cbe7f_lVql6zqn (77fad657-534d-4de9-91ac-b6970d5c2015)
2020-04-26 11:20:51.051 9705 RALLYDEBUG rally_openstack.task.cleanup.manager [-] Deleting neutron.port object s_rally_525cbe7f_lGrs7fSU (aa709e26-589b-4218-84e1-e3978ed2c2e9)
2020-04-26 11:20:55.971 9705 RALLYDEBUG rally_openstack.task.cleanup.manager [-] Cleaning up neutron subnet objects
2020-04-26 11:20:56.687 9705 RALLYDEBUG rally_openstack.task.cleanup.manager [-] Cleaning up neutron network objects
2020-04-26 11:20:57.604 9705 RALLYDEBUG rally_openstack.task.cleanup.manager [-] Cleaning up neutron router objects
2020-04-26 11:20:58.291 9705 RALLYDEBUG rally_openstack.task.cleanup.manager [-] Cleaning up neutron security_group objects
2020-04-26 11:21:00.465 9705 INFO rally.task.context [-] Task 7058f561-6105-4862-bee8-c9e55c1a2532 | Context cleanup@openstack cleanup() finished in 13.67 sec
2020-04-26 11:21:00.465 9705 INFO rally.task.context [-] Task 7058f561-6105-4862-bee8-c9e55c1a2532 | Context network@openstack cleanup() started
2020-04-26 11:21:05.745 9705 INFO rally.task.context [-] Task 7058f561-6105-4862-bee8-c9e55c1a2532 | Context network@openstack cleanup() finished in 5.28 sec
2020-04-26 11:21:05.746 9705 INFO rally.task.context [-] Task 7058f561-6105-4862-bee8-c9e55c1a2532 | Context quotas@openstack cleanup() started
2020-04-26 11:21:05.796 9705 INFO rally.task.context [-] Task 7058f561-6105-4862-bee8-c9e55c1a2532 | Context quotas@openstack cleanup() finished in 50.27 msec
2020-04-26 11:21:05.797 9705 INFO rally.task.context [-] Task 7058f561-6105-4862-bee8-c9e55c1a2532 | Context users@openstack cleanup() started
2020-04-26 11:21:07.751 9705 INFO rally.task.context [-] Task 7058f561-6105-4862-bee8-c9e55c1a2532 | Context users@openstack cleanup() finished in 1.95 sec
2020-04-26 11:21:08.773 9705 INFO rally.task.engine [-] Load duration is: 3.915262
2020-04-26 11:21:08.774 9705 INFO rally.task.engine [-] Full runner duration is: 3.955272
2020-04-26 11:21:08.774 9705 INFO rally.task.engine [-] Full duration is: 29.132511
2020-04-26 11:21:08.856 9705 INFO rally.task.engine [-] Running workload: position = 0 config = { "version": 2, "title": "A cropped version of a bigger task.", "description": "Auto-generated task from a single workload (uuid=7fce58ca-6dc0-4e30-a41e-5af526e61624)", "subtasks": [ { "title": "NeutronNetworks.create_and_list_routers", "description": "Create and a given number of routers and list all routers.", "scenario": { "NeutronNetworks.create_and_list_routers": { "network_create_args": {}, "router_create_args": {}, "subnet_cidr_start": "1.1.0.0/30", "subnet_create_args": {}, "subnets_per_network": 1 } }, "contexts": { "users": { "tenants": 3, "users_per_tenant": 2 }, "quotas": { "neutron": { "network": -1, "subnet": -1, "router": -1 } } }, "runner": { "constant": { "concurrency": 4, "times": 10 } }, "hooks": [], "sla": { "failure_rate": { "max": 0 } } } ] }
2020-04-26 11:21:08.876 9705 RALLYDEBUG rally_openstack.task.contexts.keystone.users [-] Creating 3 tenants using 3 threads
