2020-04-26 11:01:01.121 1339 INFO rally.task.engine [-] Running workload: position = 1 config = { "version": 2, "title": "A cropped version of a bigger task.", "description": "Auto-generated task from a single workload (uuid=2265a11e-fa13-4785-8240-b0f4a172fb66)", "subtasks": [ { "title": "CinderVolumes.create_and_delete_volume", "description": "Create and then delete a volume.", "scenario": { "CinderVolumes.create_and_delete_volume": { "image": { "name": "rally_full-img_e682400e-6557-47f8-ab35-d73c2fba5a69" }, "size": 1 } }, "contexts": { "users": { "tenants": 3, "users_per_tenant": 2 }, "quotas": { "cinder": { "gigabytes": -1, "snapshots": -1, "volumes": -1 } }, "api_versions": { "cinder": { "version": 3, "service_type": "volumev3" } } }, "runner": { "constant": { "concurrency": 4, "times": 10 } }, "hooks": [], "sla": { "failure_rate": { "max": 0 } } } ] }
2020-04-26 11:01:01.141 1339 RALLYDEBUG rally_openstack.task.contexts.keystone.users [-] Creating 3 tenants using 3 threads
2020-04-26 11:01:01.544 1339 RALLYDEBUG rally_openstack.task.contexts.keystone.users [-] Creating 6 users using 6 threads
2020-04-26 11:01:02.437 1339 INFO rally.task.context [-] Task f7de0959-db9f-4e81-b893-35857ddf6e02 | Context users@openstack setup() finished in 1.30 sec
2020-04-26 11:01:02.715 1339 INFO rally.task.context [-] Task f7de0959-db9f-4e81-b893-35857ddf6e02 | Context api_versions@openstack setup() finished in 0.28 sec
2020-04-26 11:01:03.421 1339 INFO rally.task.context [-] Task f7de0959-db9f-4e81-b893-35857ddf6e02 | Context quotas@openstack setup() finished in 0.71 sec
2020-04-26 11:01:03.422 1339 INFO rally.task.context [-] Task f7de0959-db9f-4e81-b893-35857ddf6e02 | Context cleanup@openstack setup() finished in 0.04 msec
2020-04-26 11:01:03.644 1339 RALLYDEBUG rally.task.runner [-] Starting the constant runner (task UUID: f7de0959-db9f-4e81-b893-35857ddf6e02). times: 10 concurrency: 4 timeout: 0 max_cpu_used: 88 processes_to_start: 4 concurrency_per_worker: 1 concurrency_overhead: 0
2020-04-26 11:01:03.655 3410 RALLYDEBUG rally.task.runner [-] Starting a worker. times: 10 duration: None concurrency: 1 timeout: 0 cls: method_name: run args: {"image": "0c6b06b0-cf94-46e1-8894-79d640aac3a3", "size": 1}
2020-04-26 11:01:03.657 3411 RALLYDEBUG rally.task.runner [-] Starting a worker. times: 10 duration: None concurrency: 1 timeout: 0 cls: method_name: run args: {"image": "0c6b06b0-cf94-46e1-8894-79d640aac3a3", "size": 1}
2020-04-26 11:01:03.659 3410 INFO rally.task.runner [-] Task f7de0959-db9f-4e81-b893-35857ddf6e02 | ITER: 1 START
2020-04-26 11:01:03.659 3412 RALLYDEBUG rally.task.runner [-] Starting a worker. times: 10 duration: None concurrency: 1 timeout: 0 cls: method_name: run args: {"image": "0c6b06b0-cf94-46e1-8894-79d640aac3a3", "size": 1}
2020-04-26 11:01:03.662 3413 RALLYDEBUG rally.task.runner [-] Starting a worker. times: 10 duration: None concurrency: 1 timeout: 0 cls: method_name: run args: {"image": "0c6b06b0-cf94-46e1-8894-79d640aac3a3", "size": 1}
2020-04-26 11:01:03.663 3411 INFO rally.task.runner [-] Task f7de0959-db9f-4e81-b893-35857ddf6e02 | ITER: 2 START
2020-04-26 11:01:03.665 3412 INFO rally.task.runner [-] Task f7de0959-db9f-4e81-b893-35857ddf6e02 | ITER: 3 START
2020-04-26 11:01:03.668 3413 INFO rally.task.runner [-] Task f7de0959-db9f-4e81-b893-35857ddf6e02 | ITER: 4 START
2020-04-26 11:01:08.568 3412 RALLYDEBUG rally.task.utils [-] Waiting for resource s_rally_2265a11e_T8vekxMH. Status changed: DOWNLOADING => AVAILABLE in 2.2191874980926514
2020-04-26 11:01:08.663 3413 RALLYDEBUG rally.task.utils [-] Waiting for resource s_rally_2265a11e_7S8DS3vL. Status changed: DOWNLOADING => AVAILABLE in 2.2369651794433594
2020-04-26 11:01:08.673 3410 RALLYDEBUG rally.task.utils [-] Waiting for resource s_rally_2265a11e_uQqAEcvv. Status changed: DOWNLOADING => AVAILABLE in 2.2329483032226562
2020-04-26 11:01:08.707 3412 RALLYDEBUG rally.task.utils [-] Waiting for resource s_rally_2265a11e_T8vekxMH. Status changed: AVAILABLE => DELETING in 0.06404829025268555
2020-04-26 11:01:08.810 3413 RALLYDEBUG rally.task.utils [-] Waiting for resource s_rally_2265a11e_7S8DS3vL. Status changed: AVAILABLE => DELETING in 0.07026433944702148
2020-04-26 11:01:08.848 3410 RALLYDEBUG rally.task.utils [-] Waiting for resource s_rally_2265a11e_uQqAEcvv. Status changed: AVAILABLE => DELETING in 0.08354926109313965
2020-04-26 11:01:09.593 3411 RALLYDEBUG rally.task.utils [-] Waiting for resource s_rally_2265a11e_uEXa9V87. Status changed: DOWNLOADING => AVAILABLE in 2.213517189025879
2020-04-26 11:01:09.746 3411 RALLYDEBUG rally.task.utils [-] Waiting for resource s_rally_2265a11e_uEXa9V87. Status changed: AVAILABLE => DELETING in 0.07471132278442383
2020-04-26 11:01:10.754 3412 INFO rally.task.runner [-] Task f7de0959-db9f-4e81-b893-35857ddf6e02 | ITER: 3 END: OK
2020-04-26 11:01:10.758 3412 INFO rally.task.runner [-] Task f7de0959-db9f-4e81-b893-35857ddf6e02 | ITER: 5 START
2020-04-26 11:01:10.867 3413 INFO rally.task.runner [-] Task f7de0959-db9f-4e81-b893-35857ddf6e02 | ITER: 4 END: OK
2020-04-26 11:01:10.872 3413 INFO rally.task.runner [-] Task f7de0959-db9f-4e81-b893-35857ddf6e02 | ITER: 6 START
2020-04-26 11:01:10.900 3410 INFO rally.task.runner [-] Task f7de0959-db9f-4e81-b893-35857ddf6e02 | ITER: 1 END: OK
2020-04-26 11:01:10.904 3410 INFO rally.task.runner [-] Task f7de0959-db9f-4e81-b893-35857ddf6e02 | ITER: 7 START
2020-04-26 11:01:11.795 3411 INFO rally.task.runner [-] Task f7de0959-db9f-4e81-b893-35857ddf6e02 | ITER: 2 END: OK
2020-04-26 11:01:11.798 3411 INFO rally.task.runner [-] Task f7de0959-db9f-4e81-b893-35857ddf6e02 | ITER: 8 START
2020-04-26 11:01:15.650 3413 RALLYDEBUG rally.task.utils [-] Waiting for resource s_rally_2265a11e_dd3dmryr. Status changed: DOWNLOADING => AVAILABLE in 2.2001399993896484
2020-04-26 11:01:15.695 3412 RALLYDEBUG rally.task.utils [-] Waiting for resource s_rally_2265a11e_IDtern78. Status changed: DOWNLOADING => AVAILABLE in 2.2133257389068604
2020-04-26 11:01:15.790 3413 RALLYDEBUG rally.task.utils [-] Waiting for resource s_rally_2265a11e_dd3dmryr. Status changed: AVAILABLE => DELETING in 0.07486891746520996
2020-04-26 11:01:15.800 3410 RALLYDEBUG rally.task.utils [-] Waiting for resource s_rally_2265a11e_hvhITNsG. Status changed: DOWNLOADING => AVAILABLE in 2.2123584747314453
2020-04-26 11:01:15.837 3412 RALLYDEBUG rally.task.utils [-] Waiting for resource s_rally_2265a11e_IDtern78. Status changed: AVAILABLE => DELETING in 0.0645902156829834
2020-04-26 11:01:15.952 3410 RALLYDEBUG rally.task.utils [-] Waiting for resource s_rally_2265a11e_hvhITNsG. Status changed: AVAILABLE => DELETING in 0.07176995277404785
2020-04-26 11:01:16.691 3411 RALLYDEBUG rally.task.utils [-] Waiting for resource s_rally_2265a11e_ctTmYnPg. Status changed: CREATING => DOWNLOADING in 2.212019205093384
2020-04-26 11:01:17.839 3413 INFO rally.task.runner [-] Task f7de0959-db9f-4e81-b893-35857ddf6e02 | ITER: 6 END: OK
2020-04-26 11:01:17.843 3413 INFO rally.task.runner [-] Task f7de0959-db9f-4e81-b893-35857ddf6e02 | ITER: 9 START
2020-04-26 11:01:17.904 3412 INFO rally.task.runner [-] Task f7de0959-db9f-4e81-b893-35857ddf6e02 | ITER: 5 END: OK
2020-04-26 11:01:17.907 3412 INFO rally.task.runner [-] Task f7de0959-db9f-4e81-b893-35857ddf6e02 | ITER: 10 START
2020-04-26 11:01:17.999 3410 INFO rally.task.runner [-] Task f7de0959-db9f-4e81-b893-35857ddf6e02 | ITER: 7 END: OK
2020-04-26 11:01:18.768 3411 RALLYDEBUG rally.task.utils [-] Waiting for resource s_rally_2265a11e_ctTmYnPg. Status changed: DOWNLOADING => AVAILABLE in 2.076775550842285
2020-04-26 11:01:18.955 3411 RALLYDEBUG rally.task.utils [-] Waiting for resource s_rally_2265a11e_ctTmYnPg. Status changed: AVAILABLE => DELETING in 0.1054844856262207
2020-04-26 11:01:21.008 3411 INFO rally.task.runner [-] Task f7de0959-db9f-4e81-b893-35857ddf6e02 | ITER: 8 END: OK
2020-04-26 11:01:22.740 3413 RALLYDEBUG rally.task.utils [-] Waiting for resource s_rally_2265a11e_td1K8irK. Status changed: DOWNLOADING => AVAILABLE in 2.2380332946777344
2020-04-26 11:01:22.872 3412 RALLYDEBUG rally.task.utils [-] Waiting for resource s_rally_2265a11e_xSko8E6U. Status changed: DOWNLOADING => AVAILABLE in 2.210583209991455
2020-04-26 11:01:22.884 3413 RALLYDEBUG rally.task.utils [-] Waiting for resource s_rally_2265a11e_td1K8irK. Status changed: AVAILABLE => DELETING in 0.06743931770324707
2020-04-26 11:01:23.017 3412 RALLYDEBUG rally.task.utils [-] Waiting for resource s_rally_2265a11e_xSko8E6U. Status changed: AVAILABLE => DELETING in 0.07405519485473633
2020-04-26 11:01:24.932 3413 INFO rally.task.runner [-] Task f7de0959-db9f-4e81-b893-35857ddf6e02 | ITER: 9 END: OK
2020-04-26 11:01:25.065 3412 INFO rally.task.runner [-] Task f7de0959-db9f-4e81-b893-35857ddf6e02 | ITER: 10 END: OK
2020-04-26 11:01:25.085 1339 INFO rally.task.context [-] Task f7de0959-db9f-4e81-b893-35857ddf6e02 | Context cleanup@openstack cleanup() started
2020-04-26 11:01:25.089 1339 RALLYDEBUG rally_openstack.task.cleanup.manager [-] Cleaning up cinder backups objects
2020-04-26 11:01:25.835 1339 RALLYDEBUG rally_openstack.task.cleanup.manager [-] Cleaning up cinder volume_snapshots objects
2020-04-26 11:01:26.456 1339 RALLYDEBUG rally_openstack.task.cleanup.manager [-] Cleaning up cinder transfers objects
2020-04-26 11:01:27.254 1339 RALLYDEBUG rally_openstack.task.cleanup.manager [-] Cleaning up cinder volumes objects
2020-04-26 11:01:27.863 1339 INFO rally.task.context [-] Task f7de0959-db9f-4e81-b893-35857ddf6e02 | Context cleanup@openstack cleanup() finished in 2.78 sec
2020-04-26 11:01:27.864 1339 INFO rally.task.context [-] Task f7de0959-db9f-4e81-b893-35857ddf6e02 | Context quotas@openstack cleanup() started
2020-04-26 11:01:27.968 1339 INFO rally.task.context [-] Task f7de0959-db9f-4e81-b893-35857ddf6e02 | Context quotas@openstack cleanup() finished in 0.10 sec
2020-04-26 11:01:27.969 1339 INFO rally.task.context [-] Task f7de0959-db9f-4e81-b893-35857ddf6e02 | Context api_versions@openstack cleanup() started
2020-04-26 11:01:27.969 1339 INFO rally.task.context [-] Task f7de0959-db9f-4e81-b893-35857ddf6e02 | Context api_versions@openstack cleanup() finished in 0.42 msec
2020-04-26 11:01:27.970 1339 INFO rally.task.context [-] Task f7de0959-db9f-4e81-b893-35857ddf6e02 | Context users@openstack cleanup() started
2020-04-26 11:01:30.742 1339 INFO rally.task.context [-] Task f7de0959-db9f-4e81-b893-35857ddf6e02 | Context users@openstack cleanup() finished in 2.77 sec
2020-04-26 11:01:31.284 1339 INFO rally.task.engine [-] Load duration is: 21.400741
2020-04-26 11:01:31.284 1339 INFO rally.task.engine [-] Full runner duration is: 21.441929
2020-04-26 11:01:31.284 1339 INFO rally.task.engine [-] Full duration is: 29.603487
2020-04-26 11:01:31.348 1339 INFO rally.task.engine [-] Running workload: position = 2 config = { "version": 2, "title": "A cropped version of a bigger task.", "description": "Auto-generated task from a single workload (uuid=9618e2e1-e13b-4fbd-8f1b-f0a3c9af5fdb)", "subtasks": [ { "title": "CinderVolumes.create_and_delete_volume", "description": "Create and then delete a volume.", "scenario": { "CinderVolumes.create_and_delete_volume": { "size": 1 } }, "contexts": { "users": { "tenants": 3, "users_per_tenant": 2 }, "quotas": { "cinder": { "gigabytes": -1, "snapshots": -1, "volumes": -1 } }, "api_versions": { "cinder": { "version": 3, "service_type": "volumev3" } } }, "runner": { "constant": { "concurrency": 4, "times": 10 } }, "hooks": [], "sla": { "failure_rate": { "max": 0 } } } ] }
2020-04-26 11:01:31.366 1339 RALLYDEBUG rally_openstack.task.contexts.keystone.users [-] Creating 3 tenants using 3 threads
2020-04-26 11:01:31.824 1339 RALLYDEBUG rally_openstack.task.contexts.keystone.users [-] Creating 6 users using 6 threads
2020-04-26 11:01:32.666 1339 INFO rally.task.context [-] Task f7de0959-db9f-4e81-b893-35857ddf6e02 | Context users@openstack setup() finished in 1.30 sec
2020-04-26 11:01:32.815 1339 INFO rally.task.context [-] Task f7de0959-db9f-4e81-b893-35857ddf6e02 | Context api_versions@openstack setup() finished in 0.15 sec
2020-04-26 11:01:33.533 1339 INFO rally.task.context [-] Task f7de0959-db9f-4e81-b893-35857ddf6e02 | Context quotas@openstack setup() finished in 0.72 sec
2020-04-26 11:01:33.534 1339 INFO rally.task.context [-] Task f7de0959-db9f-4e81-b893-35857ddf6e02 | Context cleanup@openstack setup() finished in 0.02 msec
2020-04-26 11:01:33.542 1339 RALLYDEBUG rally.task.runner [-] Starting the constant runner (task UUID: f7de0959-db9f-4e81-b893-35857ddf6e02). times: 10 concurrency: 4 timeout: 0 max_cpu_used: 88 processes_to_start: 4 concurrency_per_worker: 1 concurrency_overhead: 0
2020-04-26 11:01:33.553 3563 RALLYDEBUG rally.task.runner [-] Starting a worker. times: 10 duration: None concurrency: 1 timeout: 0 cls: method_name: run args: {"size": 1}
2020-04-26 11:01:33.555 3564 RALLYDEBUG rally.task.runner [-] Starting a worker. times: 10 duration: None concurrency: 1 timeout: 0 cls: method_name: run args: {"size": 1}
2020-04-26 11:01:33.557 3565 RALLYDEBUG rally.task.runner [-] Starting a worker. times: 10 duration: None concurrency: 1 timeout: 0 cls: method_name: run args: {"size": 1}
2020-04-26 11:01:33.558 3563 INFO rally.task.runner [-] Task f7de0959-db9f-4e81-b893-35857ddf6e02 | ITER: 1 START
2020-04-26 11:01:33.560 3566 RALLYDEBUG rally.task.runner [-] Starting a worker. times: 10 duration: None concurrency: 1 timeout: 0 cls: method_name: run args: {"size": 1}
2020-04-26 11:01:33.561 3564 INFO rally.task.runner [-] Task f7de0959-db9f-4e81-b893-35857ddf6e02 | ITER: 2 START
2020-04-26 11:01:33.563 3565 INFO rally.task.runner [-] Task f7de0959-db9f-4e81-b893-35857ddf6e02 | ITER: 3 START
2020-04-26 11:01:33.565 3566 INFO rally.task.runner [-] Task f7de0959-db9f-4e81-b893-35857ddf6e02 | ITER: 4 START
2020-04-26 11:01:36.378 3566 RALLYDEBUG rally.task.utils [-] Waiting for resource s_rally_9618e2e1_jGXToRCo. Status changed: AVAILABLE => DELETING in 0.07005858421325684
2020-04-26 11:01:36.392 3565 RALLYDEBUG rally.task.utils [-] Waiting for resource s_rally_9618e2e1_lOnGXBAh. Status changed: AVAILABLE => DELETING in 0.07332062721252441
2020-04-26 11:01:36.411 3563 RALLYDEBUG rally.task.utils [-] Waiting for resource s_rally_9618e2e1_EgAPyX1w. Status changed: AVAILABLE => DELETING in 0.0702357292175293
2020-04-26 11:01:36.439 3564 RALLYDEBUG rally.task.utils [-] Waiting for resource s_rally_9618e2e1_SBxv4tCi. Status changed: AVAILABLE => DELETING in 0.0696113109588623
2020-04-26 11:01:38.438 3565 INFO rally.task.runner [-] Task f7de0959-db9f-4e81-b893-35857ddf6e02 | ITER: 3 END: OK
2020-04-26 11:01:38.442 3565 INFO rally.task.runner [-] Task f7de0959-db9f-4e81-b893-35857ddf6e02 | ITER: 5 START
2020-04-26 11:01:38.444 3566 INFO rally.task.runner [-] Task f7de0959-db9f-4e81-b893-35857ddf6e02 | ITER: 4 END: OK
2020-04-26 11:01:38.448 3566 INFO rally.task.runner [-] Task f7de0959-db9f-4e81-b893-35857ddf6e02 | ITER: 6 START
2020-04-26 11:01:38.461 3563 INFO rally.task.runner [-] Task f7de0959-db9f-4e81-b893-35857ddf6e02 | ITER: 1 END: OK
2020-04-26 11:01:38.466 3563 INFO rally.task.runner [-] Task f7de0959-db9f-4e81-b893-35857ddf6e02 | ITER: 7 START
2020-04-26 11:01:38.490 3564 INFO rally.task.runner [-] Task f7de0959-db9f-4e81-b893-35857ddf6e02 | ITER: 2 END: OK
2020-04-26 11:01:38.494 3564 INFO rally.task.runner [-] Task f7de0959-db9f-4e81-b893-35857ddf6e02 | ITER: 8 START
2020-04-26 11:01:41.276 3563 RALLYDEBUG rally.task.utils [-] Waiting for resource s_rally_9618e2e1_OLJug2kX. Status changed: AVAILABLE => DELETING in 0.07922863960266113
2020-04-26 11:01:41.308 3566 RALLYDEBUG rally.task.utils [-] Waiting for resource s_rally_9618e2e1_8NVQtdP9. Status changed: AVAILABLE => DELETING in 0.09423398971557617
2020-04-26 11:01:41.320 3564 RALLYDEBUG rally.task.utils [-] Waiting for resource s_rally_9618e2e1_09ixLqdT. Status changed: AVAILABLE => DELETING in 0.08092522621154785
2020-04-26 11:01:41.346 3565 RALLYDEBUG rally.task.utils [-] Waiting for resource s_rally_9618e2e1_mfgaa6cJ. Status changed: AVAILABLE => DELETING in 0.06973099708557129
2020-04-26 11:01:43.325 3563 INFO rally.task.runner [-] Task f7de0959-db9f-4e81-b893-35857ddf6e02 | ITER: 7 END: OK
2020-04-26 11:01:43.328 3563 INFO rally.task.runner [-] Task f7de0959-db9f-4e81-b893-35857ddf6e02 | ITER: 9 START
2020-04-26 11:01:43.358 3566 INFO rally.task.runner [-] Task f7de0959-db9f-4e81-b893-35857ddf6e02 | ITER: 6 END: OK
2020-04-26 11:01:43.361 3566 INFO rally.task.runner [-] Task f7de0959-db9f-4e81-b893-35857ddf6e02 | ITER: 10 START
2020-04-26 11:01:43.374 3564 INFO rally.task.runner [-] Task f7de0959-db9f-4e81-b893-35857ddf6e02 | ITER: 8 END: OK
2020-04-26 11:01:43.398 3565 INFO rally.task.runner [-] Task f7de0959-db9f-4e81-b893-35857ddf6e02 | ITER: 5 END: OK
2020-04-26 11:01:46.114 3563 RALLYDEBUG rally.task.utils [-] Waiting for resource s_rally_9618e2e1_xHJWmWZ9. Status changed: AVAILABLE => DELETING in 0.07721185684204102
2020-04-26 11:01:46.234 3566 RALLYDEBUG rally.task.utils [-] Waiting for resource s_rally_9618e2e1_7i90rWVk. Status changed: AVAILABLE => DELETING in 0.08743786811828613
2020-04-26 11:01:48.165 3563 INFO rally.task.runner [-] Task f7de0959-db9f-4e81-b893-35857ddf6e02 | ITER: 9 END: OK
2020-04-26 11:01:48.284 3566 INFO rally.task.runner [-] Task f7de0959-db9f-4e81-b893-35857ddf6e02 | ITER: 10 END: OK
2020-04-26 11:01:48.309 1339 INFO rally.task.context [-] Task f7de0959-db9f-4e81-b893-35857ddf6e02 | Context cleanup@openstack cleanup() started
2020-04-26 11:01:48.313 1339 RALLYDEBUG rally_openstack.task.cleanup.manager [-] Cleaning up cinder backups objects
2020-04-26 11:01:48.896 1339 RALLYDEBUG rally_openstack.task.cleanup.manager [-] Cleaning up cinder volume_snapshots objects
2020-04-26 11:01:49.384 1339 RALLYDEBUG rally_openstack.task.cleanup.manager [-] Cleaning up cinder transfers objects
2020-04-26 11:01:49.804 1339 RALLYDEBUG rally_openstack.task.cleanup.manager [-] Cleaning up cinder volumes objects
2020-04-26 11:01:50.364 1339 INFO rally.task.context [-] Task f7de0959-db9f-4e81-b893-35857ddf6e02 | Context cleanup@openstack cleanup() finished in 2.05 sec
2020-04-26 11:01:50.364 1339 INFO rally.task.context [-] Task f7de0959-db9f-4e81-b893-35857ddf6e02 | Context quotas@openstack cleanup() started
2020-04-26 11:01:50.462 1339 INFO rally.task.context [-] Task f7de0959-db9f-4e81-b893-35857ddf6e02 | Context quotas@openstack cleanup() finished in 97.19 msec
2020-04-26 11:01:50.462 1339 INFO rally.task.context [-] Task f7de0959-db9f-4e81-b893-35857ddf6e02 | Context api_versions@openstack cleanup() started
2020-04-26 11:01:50.462 1339 INFO rally.task.context [-] Task f7de0959-db9f-4e81-b893-35857ddf6e02 | Context api_versions@openstack cleanup() finished in 0.26 msec
2020-04-26 11:01:50.463 1339 INFO rally.task.context [-] Task f7de0959-db9f-4e81-b893-35857ddf6e02 | Context users@openstack cleanup() started
2020-04-26 11:01:53.080 1339 INFO rally.task.context [-] Task f7de0959-db9f-4e81-b893-35857ddf6e02 | Context users@openstack cleanup() finished in 2.62 sec
2020-04-26 11:01:53.487 1339 INFO rally.task.engine [-] Load duration is: 14.721341
2020-04-26 11:01:53.487 1339 INFO rally.task.engine [-] Full runner duration is: 14.766822
2020-04-26 11:01:53.488 1339 INFO rally.task.engine [-] Full duration is: 21.716142
2020-04-26 11:01:53.567 1339 INFO rally.task.engine [-] Running workload: position = 0 config = { "version": 2, "title": "A cropped version of a bigger task.", "description": "Auto-generated task from a single workload (uuid=cd6bc1dc-e62e-4eba-9e50-eec6f59c24c0)", "subtasks": [ { "title": "CinderVolumes.create_and_extend_volume", "description": "Create and extend a volume and then delete it.", "scenario": { "CinderVolumes.create_and_extend_volume": { "new_size": 2, "size": 1 } }, "contexts": { "users": { "tenants": 3, "users_per_tenant": 2 }, "quotas": { "cinder": { "gigabytes": -1, "snapshots": -1, "volumes": -1 } }, "api_versions": { "cinder": { "version": 3, "service_type": "volumev3" } } }, "runner": { "constant": { "concurrency": 4, "times": 10 } }, "hooks": [], "sla": { "failure_rate": { "max": 0 } } } ] }
2020-04-26 11:01:53.582 1339 RALLYDEBUG rally_openstack.task.contexts.keystone.users [-] Creating 3 tenants using 3 threads
2020-04-26 11:01:54.034 1339 RALLYDEBUG rally_openstack.task.contexts.keystone.users [-] Creating 6 users using 6 threads
2020-04-26 11:01:54.928 1339 INFO rally.task.context [-] Task f7de0959-db9f-4e81-b893-35857ddf6e02 | Context users@openstack setup() finished in 1.35 sec
2020-04-26 11:01:55.059 1339 INFO rally.task.context [-] Task f7de0959-db9f-4e81-b893-35857ddf6e02 | Context api_versions@openstack setup() finished in 0.13 sec
2020-04-26 11:01:55.799 1339 INFO rally.task.context [-] Task f7de0959-db9f-4e81-b893-35857ddf6e02 | Context quotas@openstack setup() finished in 0.74 sec
2020-04-26 11:01:55.800 1339 INFO rally.task.context [-] Task f7de0959-db9f-4e81-b893-35857ddf6e02 | Context cleanup@openstack setup() finished in 0.02 msec
2020-04-26 11:01:55.808 1339 RALLYDEBUG rally.task.runner [-] Starting the constant runner (task UUID: f7de0959-db9f-4e81-b893-35857ddf6e02). times: 10 concurrency: 4 timeout: 0 max_cpu_used: 88 processes_to_start: 4 concurrency_per_worker: 1 concurrency_overhead: 0
2020-04-26 11:01:55.819 3716 RALLYDEBUG rally.task.runner [-] Starting a worker. times: 10 duration: None concurrency: 1 timeout: 0 cls: method_name: run args: {"new_size": 2, "size": 1}
2020-04-26 11:01:55.822 3717 RALLYDEBUG rally.task.runner [-] Starting a worker. times: 10 duration: None concurrency: 1 timeout: 0 cls: method_name: run args: {"new_size": 2, "size": 1}
2020-04-26 11:01:55.825 3716 INFO rally.task.runner [-] Task f7de0959-db9f-4e81-b893-35857ddf6e02 | ITER: 1 START
2020-04-26 11:01:55.825 3718 RALLYDEBUG rally.task.runner [-] Starting a worker. times: 10 duration: None concurrency: 1 timeout: 0 cls: method_name: run args: {"new_size": 2, "size": 1}
2020-04-26 11:01:55.827 3719 RALLYDEBUG rally.task.runner [-] Starting a worker. times: 10 duration: None concurrency: 1 timeout: 0 cls: method_name: run args: {"new_size": 2, "size": 1}
2020-04-26 11:01:55.828 3717 INFO rally.task.runner [-] Task f7de0959-db9f-4e81-b893-35857ddf6e02 | ITER: 2 START
2020-04-26 11:01:55.830 3718 INFO rally.task.runner [-] Task f7de0959-db9f-4e81-b893-35857ddf6e02 | ITER: 3 START
2020-04-26 11:01:55.832 3719 INFO rally.task.runner [-] Task f7de0959-db9f-4e81-b893-35857ddf6e02 | ITER: 4 START
2020-04-26 11:01:58.798 3718 RALLYDEBUG rally.task.utils [-] Waiting for resource s_rally_cd6bc1dc_6oGSEdWB. Status changed: AVAILABLE => EXTENDING in 0.07233595848083496
2020-04-26 11:01:58.818 3716 RALLYDEBUG rally.task.utils [-] Waiting for resource s_rally_cd6bc1dc_DfT0Wltq. Status changed: AVAILABLE => EXTENDING in 0.0656900405883789
2020-04-26 11:01:58.853 3719 RALLYDEBUG rally.task.utils [-] Waiting for resource s_rally_cd6bc1dc_gHyOcrSa. Status changed: AVAILABLE => EXTENDING in 0.06348919868469238
2020-04-26 11:01:59.770 3717 RALLYDEBUG rally.task.utils [-] Waiting for resource s_rally_cd6bc1dc_eOnZvd3o. Status changed: AVAILABLE => EXTENDING in 0.07155871391296387
2020-04-26 11:02:00.869 3718 RALLYDEBUG rally.task.utils [-] Waiting for resource s_rally_cd6bc1dc_6oGSEdWB. Status changed: EXTENDING => AVAILABLE in 2.0717999935150146
2020-04-26 11:02:00.889 3716 RALLYDEBUG rally.task.utils [-] Waiting for resource s_rally_cd6bc1dc_DfT0Wltq. Status changed: EXTENDING => AVAILABLE in 2.071255922317505
2020-04-26 11:02:00.924 3719 RALLYDEBUG rally.task.utils [-] Waiting for resource s_rally_cd6bc1dc_gHyOcrSa. Status changed: EXTENDING => AVAILABLE in 2.0713982582092285
2020-04-26 11:02:01.040 3718 RALLYDEBUG rally.task.utils [-] Waiting for resource s_rally_cd6bc1dc_6oGSEdWB. Status changed: AVAILABLE => DELETING in 0.06749415397644043
2020-04-26 11:02:01.046 3716 RALLYDEBUG rally.task.utils [-] Waiting for resource s_rally_cd6bc1dc_DfT0Wltq. Status changed: AVAILABLE => DELETING in 0.06762099266052246
2020-04-26 11:02:01.097 3719 RALLYDEBUG rally.task.utils [-] Waiting for resource s_rally_cd6bc1dc_gHyOcrSa. Status changed: AVAILABLE => DELETING in 0.07819271087646484
2020-04-26 11:02:01.838 3717 RALLYDEBUG rally.task.utils [-] Waiting for resource s_rally_cd6bc1dc_eOnZvd3o. Status changed: EXTENDING => AVAILABLE in 2.0679335594177246
2020-04-26 11:02:01.977 3717 RALLYDEBUG rally.task.utils [-] Waiting for resource s_rally_cd6bc1dc_eOnZvd3o. Status changed: AVAILABLE => DELETING in 0.06403446197509766
2020-04-26 11:02:03.089 3718 INFO rally.task.runner [-] Task f7de0959-db9f-4e81-b893-35857ddf6e02 | ITER: 3 END: OK
2020-04-26 11:02:03.093 3718 INFO rally.task.runner [-] Task f7de0959-db9f-4e81-b893-35857ddf6e02 | ITER: 5 START
2020-04-26 11:02:03.096 3716 INFO rally.task.runner [-] Task f7de0959-db9f-4e81-b893-35857ddf6e02 | ITER: 1 END: OK
2020-04-26 11:02:03.101 3716 INFO rally.task.runner [-] Task f7de0959-db9f-4e81-b893-35857ddf6e02 | ITER: 6 START
2020-04-26 11:02:03.148 3719 INFO rally.task.runner [-] Task f7de0959-db9f-4e81-b893-35857ddf6e02 | ITER: 4 END: OK
2020-04-26 11:02:03.153 3719 INFO rally.task.runner [-] Task f7de0959-db9f-4e81-b893-35857ddf6e02 | ITER: 7 START
2020-04-26 11:02:04.034 3717 INFO rally.task.runner [-] Task f7de0959-db9f-4e81-b893-35857ddf6e02 | ITER: 2 END: OK
2020-04-26 11:02:04.038 3717 INFO rally.task.runner [-] Task f7de0959-db9f-4e81-b893-35857ddf6e02 | ITER: 8 START
2020-04-26 11:02:06.046 3718 RALLYDEBUG rally.task.utils [-] Waiting for resource s_rally_cd6bc1dc_QEMGSyw2. Status changed: AVAILABLE => EXTENDING in 0.07239246368408203
2020-04-26 11:02:06.097 3716 RALLYDEBUG rally.task.utils [-] Waiting for resource s_rally_cd6bc1dc_PsdeK5s3. Status changed: AVAILABLE => EXTENDING in 0.07228350639343262
2020-04-26 11:02:06.152 3719 RALLYDEBUG rally.task.utils [-] Waiting for resource s_rally_cd6bc1dc_cwAPOufE. Status changed: AVAILABLE => EXTENDING in 0.07095193862915039
2020-04-26 11:02:06.990 3717 RALLYDEBUG rally.task.utils [-] Waiting for resource s_rally_cd6bc1dc_RVxR4qyX. Status changed: AVAILABLE => EXTENDING in 0.06184887886047363
2020-04-26 11:02:08.120 3718 RALLYDEBUG rally.task.utils [-] Waiting for resource s_rally_cd6bc1dc_QEMGSyw2. Status changed: EXTENDING => AVAILABLE in 2.0736031532287598
2020-04-26 11:02:08.173 3716 RALLYDEBUG rally.task.utils [-] Waiting for resource s_rally_cd6bc1dc_PsdeK5s3. Status changed: EXTENDING => AVAILABLE in 2.075706720352173
2020-04-26 11:02:08.220 3719 RALLYDEBUG rally.task.utils [-] Waiting for resource s_rally_cd6bc1dc_cwAPOufE. Status changed: EXTENDING => AVAILABLE in 2.0679867267608643
2020-04-26 11:02:08.300 3718 RALLYDEBUG rally.task.utils [-] Waiting for resource s_rally_cd6bc1dc_QEMGSyw2. Status changed: AVAILABLE => DELETING in 0.0962061882019043
2020-04-26 11:02:08.341 3716 RALLYDEBUG rally.task.utils [-] Waiting for resource s_rally_cd6bc1dc_PsdeK5s3. Status changed: AVAILABLE => DELETING in 0.06790781021118164
2020-04-26 11:02:08.359 3719 RALLYDEBUG rally.task.utils [-] Waiting for resource s_rally_cd6bc1dc_cwAPOufE. Status changed: AVAILABLE => DELETING in 0.06714177131652832
2020-04-26 11:02:09.056 3717 RALLYDEBUG rally.task.utils [-] Waiting for resource s_rally_cd6bc1dc_RVxR4qyX. Status changed: EXTENDING => AVAILABLE in 2.0662686824798584
2020-04-26 11:02:09.214 3717 RALLYDEBUG rally.task.utils [-] Waiting for resource s_rally_cd6bc1dc_RVxR4qyX. Status changed: AVAILABLE => DELETING in 0.07226753234863281
2020-04-26 11:02:10.349 3718 INFO rally.task.runner [-] Task f7de0959-db9f-4e81-b893-35857ddf6e02 | ITER: 5 END: OK
2020-04-26 11:02:10.351 3718 INFO rally.task.runner [-] Task f7de0959-db9f-4e81-b893-35857ddf6e02 | ITER: 9 START
2020-04-26 11:02:10.391 3716 INFO rally.task.runner [-] Task f7de0959-db9f-4e81-b893-35857ddf6e02 | ITER: 6 END: OK
2020-04-26 11:02:10.395 3716 INFO rally.task.runner [-] Task f7de0959-db9f-4e81-b893-35857ddf6e02 | ITER: 10 START
2020-04-26 11:02:10.404 3719 INFO rally.task.runner [-] Task f7de0959-db9f-4e81-b893-35857ddf6e02 | ITER: 7 END: OK
2020-04-26 11:02:11.259 3717 INFO rally.task.runner [-] Task f7de0959-db9f-4e81-b893-35857ddf6e02 | ITER: 8 END: OK
2020-04-26 11:02:13.206 3718 RALLYDEBUG rally.task.utils [-] Waiting for resource s_rally_cd6bc1dc_u5HKzQyG. Status changed: AVAILABLE => EXTENDING in 0.07037687301635742
2020-04-26 11:02:13.250 3716 RALLYDEBUG rally.task.utils [-] Waiting for resource s_rally_cd6bc1dc_AJw4rG8X. Status changed: AVAILABLE => EXTENDING in 0.07101988792419434
2020-04-26 11:02:15.280 3718 RALLYDEBUG rally.task.utils [-] Waiting for resource s_rally_cd6bc1dc_u5HKzQyG. Status changed: EXTENDING => AVAILABLE in 2.073193073272705
2020-04-26 11:02:15.328 3716 RALLYDEBUG rally.task.utils [-] Waiting for resource s_rally_cd6bc1dc_AJw4rG8X. Status changed: EXTENDING => AVAILABLE in 2.0783519744873047
2020-04-26 11:02:15.429 3718 RALLYDEBUG rally.task.utils [-] Waiting for resource s_rally_cd6bc1dc_u5HKzQyG. Status changed: AVAILABLE => DELETING in 0.07472038269042969
2020-04-26 11:02:15.476 3716 RALLYDEBUG rally.task.utils [-] Waiting for resource s_rally_cd6bc1dc_AJw4rG8X. Status changed: AVAILABLE => DELETING in 0.0742344856262207
2020-04-26 11:02:17.476 3718 INFO rally.task.runner [-] Task f7de0959-db9f-4e81-b893-35857ddf6e02 | ITER: 9 END: OK
2020-04-26 11:02:17.522 3716 INFO rally.task.runner [-] Task f7de0959-db9f-4e81-b893-35857ddf6e02 | ITER: 10 END: OK
2020-04-26 11:02:17.545 1339 INFO rally.task.context [-] Task f7de0959-db9f-4e81-b893-35857ddf6e02 | Context cleanup@openstack cleanup() started
2020-04-26 11:02:17.549 1339 RALLYDEBUG rally_openstack.task.cleanup.manager [-] Cleaning up cinder backups objects
2020-04-26 11:02:18.071 1339 RALLYDEBUG rally_openstack.task.cleanup.manager [-] Cleaning up cinder volume_snapshots objects
2020-04-26 11:02:18.493 1339 RALLYDEBUG rally_openstack.task.cleanup.manager [-] Cleaning up cinder transfers objects
2020-04-26 11:02:18.881 1339 RALLYDEBUG rally_openstack.task.cleanup.manager [-] Cleaning up cinder volumes objects
2020-04-26 11:02:19.625 1339 INFO rally.task.context [-] Task f7de0959-db9f-4e81-b893-35857ddf6e02 | Context cleanup@openstack cleanup() finished in 2.08 sec
2020-04-26 11:02:19.626 1339 INFO rally.task.context [-] Task f7de0959-db9f-4e81-b893-35857ddf6e02 | Context quotas@openstack cleanup() started
2020-04-26 11:02:19.730 1339 INFO rally.task.context [-] Task f7de0959-db9f-4e81-b893-35857ddf6e02 | Context quotas@openstack cleanup() finished in 0.10 sec
2020-04-26 11:02:19.731 1339 INFO rally.task.context [-] Task f7de0959-db9f-4e81-b893-35857ddf6e02 | Context api_versions@openstack cleanup() started
2020-04-26 11:02:19.731 1339 INFO rally.task.context [-] Task f7de0959-db9f-4e81-b893-35857ddf6e02 | Context api_versions@openstack cleanup() finished in 0.28 msec
2020-04-26 11:02:19.731 1339 INFO rally.task.context [-] Task f7de0959-db9f-4e81-b893-35857ddf6e02 | Context users@openstack cleanup() started
2020-04-26 11:02:23.797 1339 INFO rally.task.context [-] Task f7de0959-db9f-4e81-b893-35857ddf6e02 | Context users@openstack cleanup() finished in 4.07 sec
2020-04-26 11:02:25.743 1339 INFO rally.task.engine [-] Load duration is: 21.693488
2020-04-26 11:02:25.744 1339 INFO rally.task.engine [-] Full runner duration is: 21.737581
2020-04-26 11:02:25.744 1339 INFO rally.task.engine [-] Full duration is: 30.216583
2020-04-26 11:02:25.831 1339 INFO rally.task.engine [-] Running workload: position = 0 config = { "version": 2, "title": "A cropped version of a bigger task.", "description": "Auto-generated task from a single workload (uuid=31f52f28-cd37-436e-b017-d3e9e0bf4dcc)", "subtasks": [ { "title": "CinderVolumes.create_from_volume_and_delete_volume", "description": "Create volume from volume and then delete it.", "scenario": { "CinderVolumes.create_from_volume_and_delete_volume": { "size": 1 } }, "contexts": { "users": { "tenants": 3, "users_per_tenant": 2 }, "quotas": { "cinder": { "gigabytes": -1, "snapshots": -1, "volumes": -1 } }, "api_versions": { "cinder": { "version": 3, "service_type": "volumev3" } }, "volumes": { "size": 1, "volumes_per_tenant": 1 } }, "runner": { "constant": { "concurrency": 4, "times": 10 } }, "hooks": [], "sla": { "failure_rate": { "max": 0 } } } ] }
2020-04-26 11:02:25.865 1339 RALLYDEBUG rally_openstack.task.contexts.keystone.users [-] Creating 3 tenants using 3 threads
2020-04-26 11:02:26.336 1339 RALLYDEBUG rally_openstack.task.contexts.keystone.users [-] Creating 6 users using 6 threads
2020-04-26 11:02:27.195 1339 INFO rally.task.context [-] Task f7de0959-db9f-4e81-b893-35857ddf6e02 | Context users@openstack setup() finished in 1.33 sec
2020-04-26 11:02:27.342 1339 INFO rally.task.context [-] Task f7de0959-db9f-4e81-b893-35857ddf6e02 | Context api_versions@openstack setup() finished in 0.15 sec
2020-04-26 11:02:28.141 1339 INFO rally.task.context [-] Task f7de0959-db9f-4e81-b893-35857ddf6e02 | Context quotas@openstack setup() finished in 0.80 sec
2020-04-26 11:02:36.331 1339 INFO rally.task.context [-] Task f7de0959-db9f-4e81-b893-35857ddf6e02 | Context volumes@openstack setup() finished in 8.19 sec
2020-04-26 11:02:36.332 1339 INFO rally.task.context [-] Task f7de0959-db9f-4e81-b893-35857ddf6e02 | Context cleanup@openstack setup() finished in 0.02 msec
2020-04-26 11:02:36.339 1339 RALLYDEBUG rally.task.runner [-] Starting the constant runner (task UUID: f7de0959-db9f-4e81-b893-35857ddf6e02). times: 10 concurrency: 4 timeout: 0 max_cpu_used: 88 processes_to_start: 4 concurrency_per_worker: 1 concurrency_overhead: 0
2020-04-26 11:02:36.348 3869 RALLYDEBUG rally.task.runner [-] Starting a worker. times: 10 duration: None concurrency: 1 timeout: 0 cls: method_name: run args: {"size": 1}
2020-04-26 11:02:36.350 3870 RALLYDEBUG rally.task.runner [-] Starting a worker. times: 10 duration: None concurrency: 1 timeout: 0 cls: method_name: run args: {"size": 1}
2020-04-26 11:02:36.352 3871 RALLYDEBUG rally.task.runner [-] Starting a worker. times: 10 duration: None concurrency: 1 timeout: 0 cls: method_name: run args: {"size": 1}
2020-04-26 11:02:36.354 3869 INFO rally.task.runner [-] Task f7de0959-db9f-4e81-b893-35857ddf6e02 | ITER: 1 START
2020-04-26 11:02:36.354 3872 RALLYDEBUG rally.task.runner [-] Starting a worker. times: 10 duration: None concurrency: 1 timeout: 0 cls: method_name: run args: {"size": 1}
2020-04-26 11:02:36.356 3870 INFO rally.task.runner [-] Task f7de0959-db9f-4e81-b893-35857ddf6e02 | ITER: 2 START
2020-04-26 11:02:36.358 3871 INFO rally.task.runner [-] Task f7de0959-db9f-4e81-b893-35857ddf6e02 | ITER: 3 START
2020-04-26 11:02:36.360 3872 INFO rally.task.runner [-] Task f7de0959-db9f-4e81-b893-35857ddf6e02 | ITER: 4 START
2020-04-26 11:02:39.320 3871 RALLYDEBUG rally.task.utils [-] Waiting for resource s_rally_31f52f28_LOqdRHJJ. Status changed: AVAILABLE => DELETING in 0.07251334190368652
2020-04-26 11:02:39.326 3870 RALLYDEBUG rally.task.utils [-] Waiting for resource s_rally_31f52f28_pzcpcYmE. Status changed: AVAILABLE => DELETING in 0.06902670860290527
2020-04-26 11:02:39.932 3872 RALLYDEBUG rally.task.utils [-] Waiting for resource s_rally_31f52f28_7KpccnwN. Status changed: AVAILABLE => DELETING in 0.07723021507263184
2020-04-26 11:02:41.312 3869 RALLYDEBUG rally.task.utils [-] Waiting for resource s_rally_31f52f28_6gOuCB8C. Status changed: CREATING => AVAILABLE in 2.260559320449829
2020-04-26 11:02:41.382 3870 INFO rally.task.runner [-] Task f7de0959-db9f-4e81-b893-35857ddf6e02 | ITER: 2 END: OK
2020-04-26 11:02:41.386 3870 INFO rally.task.runner [-] Task f7de0959-db9f-4e81-b893-35857ddf6e02 | ITER: 5 START
2020-04-26 11:02:41.459 3869 RALLYDEBUG rally.task.utils [-] Waiting for resource s_rally_31f52f28_6gOuCB8C. Status changed: AVAILABLE => DELETING in 0.07291269302368164
2020-04-26 11:02:43.451 3871 INFO rally.task.runner [-] Task f7de0959-db9f-4e81-b893-35857ddf6e02 | ITER: 3 END: OK
2020-04-26 11:02:43.455 3871 INFO rally.task.runner [-] Task f7de0959-db9f-4e81-b893-35857ddf6e02 | ITER: 6 START
2020-04-26 11:02:44.051 3872 INFO rally.task.runner [-] Task f7de0959-db9f-4e81-b893-35857ddf6e02 | ITER: 4 END: OK
2020-04-26 11:02:44.057 3872 INFO rally.task.runner [-] Task f7de0959-db9f-4e81-b893-35857ddf6e02 | ITER: 7 START
2020-04-26 11:02:44.322 3870 RALLYDEBUG rally.task.utils [-] Waiting for resource s_rally_31f52f28_VBO4aEIe. Status changed: AVAILABLE => DELETING in 0.07245326042175293
2020-04-26 11:02:45.585 3869 INFO rally.task.runner [-] Task f7de0959-db9f-4e81-b893-35857ddf6e02 | ITER: 1 END: OK
2020-04-26 11:02:45.590 3869 INFO rally.task.runner [-] Task f7de0959-db9f-4e81-b893-35857ddf6e02 | ITER: 8 START
2020-04-26 11:02:46.381 3871 RALLYDEBUG rally.task.utils [-] Waiting for resource s_rally_31f52f28_1tdgC5yE. Status changed: AVAILABLE => DELETING in 0.07892799377441406
2020-04-26 11:02:49.020 3872 RALLYDEBUG rally.task.utils [-] Waiting for resource s_rally_31f52f28_2IK0xc3Z. Status changed: CREATING => AVAILABLE in 2.2736546993255615
2020-04-26 11:02:49.162 3872 RALLYDEBUG rally.task.utils [-] Waiting for resource s_rally_31f52f28_2IK0xc3Z. Status changed: AVAILABLE => DELETING in 0.06874632835388184
2020-04-26 11:02:50.362 3869 RALLYDEBUG rally.task.utils [-] Waiting for resource s_rally_31f52f28_enJ0rgcD. Status changed: CREATING => AVAILABLE in 2.2202818393707275
2020-04-26 11:02:50.524 3869 RALLYDEBUG rally.task.utils [-] Waiting for resource s_rally_31f52f28_enJ0rgcD. Status changed: AVAILABLE => DELETING in 0.06912350654602051
2020-04-26 11:02:50.524 3871 INFO rally.task.runner [-] Task f7de0959-db9f-4e81-b893-35857ddf6e02 | ITER: 6 END: OK
2020-04-26 11:02:50.527 3871 INFO rally.task.runner [-] Task f7de0959-db9f-4e81-b893-35857ddf6e02 | ITER: 9 START
2020-04-26 11:02:50.580 3870 INFO rally.task.runner [-] Task f7de0959-db9f-4e81-b893-35857ddf6e02 | ITER: 5 END: OK
2020-04-26 11:02:50.583 3870 INFO rally.task.runner [-] Task f7de0959-db9f-4e81-b893-35857ddf6e02 | ITER: 10 START
2020-04-26 11:02:53.282 3872 INFO rally.task.runner [-] Task f7de0959-db9f-4e81-b893-35857ddf6e02 | ITER: 7 END: OK
2020-04-26 11:02:54.647 3869 INFO rally.task.runner [-] Task f7de0959-db9f-4e81-b893-35857ddf6e02 | ITER: 8 END: OK
2020-04-26 11:02:55.384 3871 RALLYDEBUG rally.task.utils [-] Waiting for resource s_rally_31f52f28_okNY4UDU. Status changed: CREATING => AVAILABLE in 2.2174386978149414
2020-04-26 11:02:55.389 3870 RALLYDEBUG rally.task.utils [-] Waiting for resource s_rally_31f52f28_yjbL15pP. Status changed: CREATING => AVAILABLE in 2.238089084625244
2020-04-26 11:02:55.526 3871 RALLYDEBUG rally.task.utils [-] Waiting for resource s_rally_31f52f28_okNY4UDU. Status changed: AVAILABLE => DELETING in 0.0735325813293457
2020-04-26 11:02:55.541 3870 RALLYDEBUG rally.task.utils [-] Waiting for resource s_rally_31f52f28_yjbL15pP. Status changed: AVAILABLE => DELETING in 0.07143568992614746
2020-04-26 11:02:59.652 3871 INFO rally.task.runner [-] Task f7de0959-db9f-4e81-b893-35857ddf6e02 | ITER: 9 END: OK
2020-04-26 11:02:59.692 3870 INFO rally.task.runner [-] Task f7de0959-db9f-4e81-b893-35857ddf6e02 | ITER: 10 END: OK
2020-04-26 11:02:59.718 1339 INFO rally.task.context [-] Task f7de0959-db9f-4e81-b893-35857ddf6e02 | Context cleanup@openstack cleanup() started
2020-04-26 11:02:59.722 1339 RALLYDEBUG rally_openstack.task.cleanup.manager [-] Cleaning up cinder backups objects
2020-04-26 11:03:00.203 1339 RALLYDEBUG rally_openstack.task.cleanup.manager [-] Cleaning up cinder volume_snapshots objects
2020-04-26 11:03:00.693 1339 RALLYDEBUG rally_openstack.task.cleanup.manager [-] Cleaning up cinder transfers objects
2020-04-26 11:03:01.066 1339 RALLYDEBUG rally_openstack.task.cleanup.manager [-] Cleaning up cinder volumes objects
2020-04-26 11:03:01.612 1339 INFO rally.task.context [-] Task f7de0959-db9f-4e81-b893-35857ddf6e02 | Context cleanup@openstack cleanup() finished in 1.89 sec
2020-04-26 11:03:01.613 1339 INFO rally.task.context [-] Task f7de0959-db9f-4e81-b893-35857ddf6e02 | Context volumes@openstack cleanup() started
2020-04-26 11:03:01.614 1339 RALLYDEBUG rally_openstack.task.cleanup.manager [-] Cleaning up cinder volumes objects
2020-04-26 11:03:02.179 1339 RALLYDEBUG rally_openstack.task.cleanup.manager [-] Deleting cinder.volumes object c_rally_31f52f28_Vd5fDCqk (11a63f05-13a7-448d-9709-0486809b4bba)
2020-04-26 11:03:02.185 1339 RALLYDEBUG rally_openstack.task.cleanup.manager [-] Deleting cinder.volumes object c_rally_31f52f28_xJ8eOzBV (c412aa63-12fc-4435-a3b7-e6de8b9ef703)
2020-04-26 11:03:02.188 1339 RALLYDEBUG rally_openstack.task.cleanup.manager [-] Deleting cinder.volumes object c_rally_31f52f28_pfhiS9O2 (ed0c7171-e675-43b6-b3b6-cdfbc3cdc42d)
2020-04-26 11:03:04.537 1339 INFO rally.task.context [-] Task f7de0959-db9f-4e81-b893-35857ddf6e02 | Context volumes@openstack cleanup() finished in 2.92 sec
2020-04-26 11:03:04.539 1339 INFO rally.task.context [-] Task f7de0959-db9f-4e81-b893-35857ddf6e02 | Context quotas@openstack cleanup() started
2020-04-26 11:03:04.647 1339 INFO rally.task.context [-] Task f7de0959-db9f-4e81-b893-35857ddf6e02 | Context quotas@openstack cleanup() finished in 0.11 sec
2020-04-26 11:03:04.647 1339 INFO rally.task.context [-] Task f7de0959-db9f-4e81-b893-35857ddf6e02 | Context api_versions@openstack cleanup() started
2020-04-26 11:03:04.648 1339 INFO rally.task.context [-] Task f7de0959-db9f-4e81-b893-35857ddf6e02 | Context api_versions@openstack cleanup() finished in 0.34 msec
2020-04-26 11:03:04.648 1339 INFO rally.task.context [-] Task f7de0959-db9f-4e81-b893-35857ddf6e02 | Context users@openstack cleanup() started
2020-04-26 11:03:08.070 1339 INFO rally.task.context [-] Task f7de0959-db9f-4e81-b893-35857ddf6e02 | Context users@openstack cleanup() finished in 3.42 sec
2020-04-26 11:03:10.078 1339 INFO rally.task.engine [-] Load duration is: 23.334042
2020-04-26 11:03:10.078 1339 INFO rally.task.engine [-] Full runner duration is: 23.380035
2020-04-26 11:03:10.079 1339 INFO rally.task.engine [-] Full duration is: 42.207313
2020-04-26 11:03:10.161 1339 INFO rally.task.engine [-] Running workload: position = 0 config = { "version": 2, "title": "A cropped version of a bigger task.", "description": "Auto-generated task from a single workload (uuid=f69bd336-0fc6-4a83-94bf-730b607c4aa6)", "subtasks": [ { "title": "CinderQos.create_and_get_qos", "description": "Create a qos, then get details of the qos.", "scenario": { "CinderQos.create_and_get_qos": { "consumer": "both", "write_iops_sec": "10", "read_iops_sec": "1000" } }, "contexts": { "users": { "tenants": 3, "users_per_tenant": 2 }, "api_versions": { "cinder": { "version": 3, "service_type": "volumev3" } } }, "runner": { "constant": { "concurrency": 4, "times": 10 } }, "hooks": [], "sla": { "failure_rate": { "max": 0 } } } ] }
2020-04-26 11:03:10.177 1339 RALLYDEBUG rally_openstack.task.contexts.keystone.users [-] Creating 3 tenants using 3 threads
2020-04-26 11:03:10.632 1339 RALLYDEBUG rally_openstack.task.contexts.keystone.users [-] Creating 6 users using 6 threads
2020-04-26 11:03:11.378 1339 INFO rally.task.context [-] Task f7de0959-db9f-4e81-b893-35857ddf6e02 | Context users@openstack setup() finished in 1.20 sec
2020-04-26 11:03:11.527 1339 INFO rally.task.context [-] Task f7de0959-db9f-4e81-b893-35857ddf6e02 | Context api_versions@openstack setup() finished in 0.15 sec
2020-04-26 11:03:11.528 1339 INFO rally.task.context [-] Task f7de0959-db9f-4e81-b893-35857ddf6e02 | Context admin_cleanup@openstack setup() finished in 0.04 msec
2020-04-26 11:03:11.535 1339 RALLYDEBUG rally.task.runner [-] Starting the constant runner (task UUID: f7de0959-db9f-4e81-b893-35857ddf6e02). times: 10 concurrency: 4 timeout: 0 max_cpu_used: 88 processes_to_start: 4 concurrency_per_worker: 1 concurrency_overhead: 0
2020-04-26 11:03:11.545 4042 RALLYDEBUG rally.task.runner [-] Starting a worker. times: 10 duration: None concurrency: 1 timeout: 0 cls: method_name: run args: {"consumer": "both", "write_iops_sec": "10", "read_iops_sec": "1000"}
2020-04-26 11:03:11.547 4043 RALLYDEBUG rally.task.runner [-] Starting a worker. times: 10 duration: None concurrency: 1 timeout: 0 cls: method_name: run args: {"consumer": "both", "write_iops_sec": "10", "read_iops_sec": "1000"}
2020-04-26 11:03:11.548 4044 RALLYDEBUG rally.task.runner [-] Starting a worker. times: 10 duration: None concurrency: 1 timeout: 0 cls: method_name: run args: {"consumer": "both", "write_iops_sec": "10", "read_iops_sec": "1000"}
2020-04-26 11:03:11.551 4042 INFO rally.task.runner [-] Task f7de0959-db9f-4e81-b893-35857ddf6e02 | ITER: 1 START
2020-04-26 11:03:11.551 4045 RALLYDEBUG rally.task.runner [-] Starting a worker. times: 10 duration: None concurrency: 1 timeout: 0 cls: method_name: run args: {"consumer": "both", "write_iops_sec": "10", "read_iops_sec": "1000"}
2020-04-26 11:03:11.553 4043 INFO rally.task.runner [-] Task f7de0959-db9f-4e81-b893-35857ddf6e02 | ITER: 2 START
2020-04-26 11:03:11.554 4044 INFO rally.task.runner [-] Task f7de0959-db9f-4e81-b893-35857ddf6e02 | ITER: 3 START
2020-04-26 11:03:11.555 4045 INFO rally.task.runner [-] Task f7de0959-db9f-4e81-b893-35857ddf6e02 | ITER: 4 START
2020-04-26 11:03:11.785 4044 INFO rally.task.runner [-] Task f7de0959-db9f-4e81-b893-35857ddf6e02 | ITER: 3 END: OK
2020-04-26 11:03:11.789 4044 INFO rally.task.runner [-] Task f7de0959-db9f-4e81-b893-35857ddf6e02 | ITER: 5 START
2020-04-26 11:03:11.793 4045 INFO rally.task.runner [-] Task f7de0959-db9f-4e81-b893-35857ddf6e02 | ITER: 4 END: OK
2020-04-26 11:03:11.797 4045 INFO rally.task.runner [-] Task f7de0959-db9f-4e81-b893-35857ddf6e02 | ITER: 6 START
2020-04-26 11:03:11.798 4042 INFO rally.task.runner [-] Task f7de0959-db9f-4e81-b893-35857ddf6e02 | ITER: 1 END: OK
2020-04-26 11:03:11.798 4043 INFO rally.task.runner [-] Task f7de0959-db9f-4e81-b893-35857ddf6e02 | ITER: 2 END: OK
2020-04-26 11:03:11.802 4043 INFO rally.task.runner [-] Task f7de0959-db9f-4e81-b893-35857ddf6e02 | ITER: 8 START
2020-04-26 11:03:11.802 4042 INFO rally.task.runner [-] Task f7de0959-db9f-4e81-b893-35857ddf6e02 | ITER: 7 START
2020-04-26 11:03:11.953 4045 INFO rally.task.runner [-] Task f7de0959-db9f-4e81-b893-35857ddf6e02 | ITER: 6 END: OK
2020-04-26 11:03:11.956 4045 INFO rally.task.runner [-] Task f7de0959-db9f-4e81-b893-35857ddf6e02 | ITER: 9 START
2020-04-26 11:03:11.962 4044 INFO rally.task.runner [-] Task f7de0959-db9f-4e81-b893-35857ddf6e02 | ITER: 5 END: OK
2020-04-26 11:03:11.965 4044 INFO rally.task.runner [-] Task f7de0959-db9f-4e81-b893-35857ddf6e02 | ITER: 10 START
2020-04-26 11:03:11.967 4043 INFO rally.task.runner [-] Task f7de0959-db9f-4e81-b893-35857ddf6e02 | ITER: 8 END: OK
2020-04-26 11:03:11.975 4042 INFO rally.task.runner [-] Task f7de0959-db9f-4e81-b893-35857ddf6e02 | ITER: 7 END: OK
2020-04-26 11:03:12.128 4045 INFO rally.task.runner [-] Task f7de0959-db9f-4e81-b893-35857ddf6e02 | ITER: 9 END: OK
2020-04-26 11:03:12.136 4044 INFO rally.task.runner [-] Task f7de0959-db9f-4e81-b893-35857ddf6e02 | ITER: 10 END: OK
2020-04-26 11:03:12.160 1339 INFO rally.task.context [-] Task f7de0959-db9f-4e81-b893-35857ddf6e02 | Context admin_cleanup@openstack cleanup() started
2020-04-26 11:03:12.163 1339 RALLYDEBUG rally_openstack.task.cleanup.manager [-] Cleaning up cinder volume_types objects
2020-04-26 11:03:12.329 1339 RALLYDEBUG rally_openstack.task.cleanup.manager [-] Cleaning up cinder image_volumes_cache objects
2020-04-26 11:03:12.654 1339 RALLYDEBUG rally_openstack.task.cleanup.manager [-] Cleaning up cinder quotas objects
2020-04-26 11:03:13.149 1339 RALLYDEBUG rally_openstack.task.cleanup.manager [-] Cleaning up cinder qos_specs objects
2020-04-26 11:03:13.466 1339 RALLYDEBUG rally_openstack.task.cleanup.manager [-] Deleting cinder.qos_specs object s_rally_f69bd336_88wZN8bx (fad7ac63-e4de-46a1-9032-379ee93c4756)
2020-04-26 11:03:13.473 1339 RALLYDEBUG rally_openstack.task.cleanup.manager [-] Deleting cinder.qos_specs object s_rally_f69bd336_7k5Tp4bO (f325aa24-c36c-4e1b-83d2-80a01234f7f5)
2020-04-26 11:03:13.482 1339 RALLYDEBUG rally_openstack.task.cleanup.manager [-] Deleting cinder.qos_specs object s_rally_f69bd336_bQvPRhzd (cf15e13b-cb62-4679-9b73-5a1d7eecab7c)
2020-04-26 11:03:13.486 1339 RALLYDEBUG rally_openstack.task.cleanup.manager [-] Deleting cinder.qos_specs object s_rally_f69bd336_0B3BafDM (97bc9aa0-5d05-40a3-9307-4ed8a4421b0e)
2020-04-26 11:03:13.495 1339 RALLYDEBUG rally_openstack.task.cleanup.manager [-] Deleting cinder.qos_specs object s_rally_f69bd336_LgfAHZLA (69cc5595-5ff7-469b-992f-463698ccf5c5)
2020-04-26 11:03:13.501 1339 RALLYDEBUG rally_openstack.task.cleanup.manager [-] Deleting cinder.qos_specs object s_rally_f69bd336_1a5sUtuj (516d410d-67d6-49e3-87ae-b5b65b4fa721)
2020-04-26 11:03:13.505 1339 RALLYDEBUG rally_openstack.task.cleanup.manager [-] Deleting cinder.qos_specs object s_rally_f69bd336_CfVwOhKM (45c0bf97-77e3-44c7-bc47-f098c491f57a)
2020-04-26 11:03:13.528 1339 RALLYDEBUG rally_openstack.task.cleanup.manager [-] Deleting cinder.qos_specs object s_rally_f69bd336_dVpbmlkt (40d74729-7a96-4fb7-b6eb-83d1fadd2da5)
2020-04-26 11:03:13.538 1339 RALLYDEBUG rally_openstack.task.cleanup.manager [-] Deleting cinder.qos_specs object s_rally_f69bd336_MfdYxjGQ (3a59191d-70eb-484c-8304-eec648664982)
2020-04-26 11:03:13.544 1339 RALLYDEBUG rally_openstack.task.cleanup.manager [-] Deleting cinder.qos_specs object s_rally_f69bd336_Pwlq7LWz (2fbf0d38-5f50-414b-94e3-3b899b41ff57)
2020-04-26 11:03:14.819 1339 INFO rally.task.context [-] Task f7de0959-db9f-4e81-b893-35857ddf6e02 | Context admin_cleanup@openstack cleanup() finished in 2.66 sec
2020-04-26 11:03:14.820 1339 INFO rally.task.context [-] Task f7de0959-db9f-4e81-b893-35857ddf6e02 | Context api_versions@openstack cleanup() started
2020-04-26 11:03:14.820 1339 INFO rally.task.context [-] Task f7de0959-db9f-4e81-b893-35857ddf6e02 | Context api_versions@openstack cleanup() finished in 0.33 msec
