2020-04-26 11:14:53.011 9265 INFO rally.task.runner [-] Task 3a99f6c4-a34b-475e-a4eb-804606757b1f | ITER: 9 START
2020-04-26 11:14:53.018 9267 INFO rally.task.runner [-] Task 3a99f6c4-a34b-475e-a4eb-804606757b1f | ITER: 5 END: OK
2020-04-26 11:14:53.020 9267 INFO rally.task.runner [-] Task 3a99f6c4-a34b-475e-a4eb-804606757b1f | ITER: 10 START
2020-04-26 11:14:53.030 9266 INFO rally.task.runner [-] Task 3a99f6c4-a34b-475e-a4eb-804606757b1f | ITER: 7 END: OK
2020-04-26 11:14:53.105 9268 INFO rally.task.runner [-] Task 3a99f6c4-a34b-475e-a4eb-804606757b1f | ITER: 8 END: OK
2020-04-26 11:14:53.648 9265 INFO rally.task.runner [-] Task 3a99f6c4-a34b-475e-a4eb-804606757b1f | ITER: 9 END: OK
2020-04-26 11:14:53.655 9267 INFO rally.task.runner [-] Task 3a99f6c4-a34b-475e-a4eb-804606757b1f | ITER: 10 END: OK
2020-04-26 11:14:53.683 8000 INFO rally.task.context [-] Task 3a99f6c4-a34b-475e-a4eb-804606757b1f | Context admin_cleanup@openstack cleanup() started
2020-04-26 11:14:53.686 8000 RALLYDEBUG rally_openstack.task.cleanup.manager [-] Cleaning up keystone user objects
2020-04-26 11:14:54.110 8000 RALLYDEBUG rally_openstack.task.cleanup.manager [-] Cleaning up keystone project objects
2020-04-26 11:14:54.338 8000 RALLYDEBUG rally_openstack.task.cleanup.manager [-] Deleting keystone.project object s_rally_fe159132_EOlYMlnN (2604f87f5fed482188e69b6059e368f6)
2020-04-26 11:14:54.360 8000 RALLYDEBUG rally_openstack.task.cleanup.manager [-] Deleting keystone.project object s_rally_fe159132_IF15u8yG (6e60d67215d547249664fed3acf69e56)
2020-04-26 11:14:54.386 8000 RALLYDEBUG rally_openstack.task.cleanup.manager [-] Deleting keystone.project object s_rally_fe159132_O5xa1fIZ (963e4edcac6a4a12ad225b45d4b6cd91)
2020-04-26 11:14:54.390 8000 RALLYDEBUG rally_openstack.task.cleanup.manager [-] Deleting keystone.project object s_rally_fe159132_oJ1Hq5o4 (8893cb93950d4168a00e0f095c90efe5)
2020-04-26 11:14:54.396 8000 RALLYDEBUG rally_openstack.task.cleanup.manager [-] Deleting keystone.project object s_rally_fe159132_KmJaonC9 (16137ff7a4ff4b14b4c3912e2214cf28)
2020-04-26 11:14:54.401 8000 RALLYDEBUG rally_openstack.task.cleanup.manager [-] Deleting keystone.project object s_rally_fe159132_8j1W2NHB (9fc1feba9d00405ab1c1f1871be930fb)
2020-04-26 11:14:54.403 8000 RALLYDEBUG rally_openstack.task.cleanup.manager [-] Deleting keystone.project object s_rally_fe159132_OwWpanUO (39448a83595c4b27a05d93b0493710ed)
2020-04-26 11:14:54.417 8000 RALLYDEBUG rally_openstack.task.cleanup.manager [-] Deleting keystone.project object s_rally_fe159132_4M6ihgX4 (aa0744f02b2d41f2bbdf6ef128380a88)
2020-04-26 11:14:54.418 8000 RALLYDEBUG rally_openstack.task.cleanup.manager [-] Deleting keystone.project object s_rally_fe159132_shYDclGT (8cf6654ee9394fbd8c0f18082a1a9dbb)
2020-04-26 11:14:54.444 8000 RALLYDEBUG rally_openstack.task.cleanup.manager [-] Deleting keystone.project object s_rally_fe159132_qYEJkmHg (cd8eca534ae94c1fbca6ca1e33cab577)
2020-04-26 11:14:56.188 8000 RALLYDEBUG rally_openstack.task.cleanup.manager [-] Cleaning up keystone service objects
2020-04-26 11:14:56.519 8000 RALLYDEBUG rally_openstack.task.cleanup.manager [-] Cleaning up keystone role objects
2020-04-26 11:14:56.758 8000 INFO rally.task.context [-] Task 3a99f6c4-a34b-475e-a4eb-804606757b1f | Context admin_cleanup@openstack cleanup() finished in 3.07 sec
2020-04-26 11:14:56.758 8000 INFO rally.task.context [-] Task 3a99f6c4-a34b-475e-a4eb-804606757b1f | Context users@openstack cleanup() started
2020-04-26 11:14:59.363 8000 INFO rally.task.context [-] Task 3a99f6c4-a34b-475e-a4eb-804606757b1f | Context users@openstack cleanup() finished in 2.60 sec
2020-04-26 11:15:00.779 8000 INFO rally.task.engine [-] Load duration is: 1.485339
2020-04-26 11:15:00.780 8000 INFO rally.task.engine [-] Full runner duration is: 1.878499
2020-04-26 11:15:00.780 8000 INFO rally.task.engine [-] Full duration is: 8.69386
2020-04-26 11:15:00.859 8000 INFO rally.task.engine [-] Running workload: position = 0 config = { "version": 2, "title": "A cropped version of a bigger task.", "description": "Auto-generated task from a single workload (uuid=ba241a51-782d-4671-bc7e-0250b4974de2)", "subtasks": [ { "title": "KeystoneBasic.create_and_list_users", "description": "Create a keystone user with random name and list all users.", "scenario": { "KeystoneBasic.create_and_list_users": {} }, "contexts": {}, "runner": { "constant": { "concurrency": 4, "times": 10 } }, "hooks": [], "sla": { "failure_rate": { "max": 0 } } } ] }
2020-04-26 11:15:00.872 8000 RALLYDEBUG rally_openstack.task.contexts.keystone.users [-] Creating 1 tenants using 1 threads
2020-04-26 11:15:01.223 8000 RALLYDEBUG rally_openstack.task.contexts.keystone.users [-] Creating 1 users using 1 threads
2020-04-26 11:15:01.766 8000 INFO rally.task.context [-] Task 3a99f6c4-a34b-475e-a4eb-804606757b1f | Context users@openstack setup() finished in 0.89 sec
2020-04-26 11:15:01.767 8000 INFO rally.task.context [-] Task 3a99f6c4-a34b-475e-a4eb-804606757b1f | Context admin_cleanup@openstack setup() finished in 0.00 msec
2020-04-26 11:15:01.774 8000 RALLYDEBUG rally.task.runner [-] Starting the constant runner (task UUID: 3a99f6c4-a34b-475e-a4eb-804606757b1f). times: 10 concurrency: 4 timeout: 0 max_cpu_used: 88 processes_to_start: 4 concurrency_per_worker: 1 concurrency_overhead: 0
2020-04-26 11:15:01.782 9411 RALLYDEBUG rally.task.runner [-] Starting a worker. times: 10 duration: None concurrency: 1 timeout: 0 cls: method_name: run args: {}
2020-04-26 11:15:01.786 9411 INFO rally.task.runner [-] Task 3a99f6c4-a34b-475e-a4eb-804606757b1f | ITER: 1 START
2020-04-26 11:15:01.785 9412 RALLYDEBUG rally.task.runner [-] Starting a worker. times: 10 duration: None concurrency: 1 timeout: 0 cls: method_name: run args: {}
2020-04-26 11:15:01.787 9413 RALLYDEBUG rally.task.runner [-] Starting a worker. times: 10 duration: None concurrency: 1 timeout: 0 cls: method_name: run args: {}
2020-04-26 11:15:01.789 9412 INFO rally.task.runner [-] Task 3a99f6c4-a34b-475e-a4eb-804606757b1f | ITER: 2 START
2020-04-26 11:15:01.789 9416 RALLYDEBUG rally.task.runner [-] Starting a worker. times: 10 duration: None concurrency: 1 timeout: 0 cls: method_name: run args: {}
2020-04-26 11:15:01.791 9413 INFO rally.task.runner [-] Task 3a99f6c4-a34b-475e-a4eb-804606757b1f | ITER: 3 START
2020-04-26 11:15:01.794 9416 INFO rally.task.runner [-] Task 3a99f6c4-a34b-475e-a4eb-804606757b1f | ITER: 4 START
2020-04-26 11:15:02.557 9416 INFO rally.task.runner [-] Task 3a99f6c4-a34b-475e-a4eb-804606757b1f | ITER: 4 END: OK
2020-04-26 11:15:02.561 9416 INFO rally.task.runner [-] Task 3a99f6c4-a34b-475e-a4eb-804606757b1f | ITER: 5 START
2020-04-26 11:15:02.562 9413 INFO rally.task.runner [-] Task 3a99f6c4-a34b-475e-a4eb-804606757b1f | ITER: 3 END: OK
2020-04-26 11:15:02.565 9413 INFO rally.task.runner [-] Task 3a99f6c4-a34b-475e-a4eb-804606757b1f | ITER: 6 START
2020-04-26 11:15:02.575 9412 INFO rally.task.runner [-] Task 3a99f6c4-a34b-475e-a4eb-804606757b1f | ITER: 2 END: OK
2020-04-26 11:15:02.578 9412 INFO rally.task.runner [-] Task 3a99f6c4-a34b-475e-a4eb-804606757b1f | ITER: 7 START
2020-04-26 11:15:02.625 9411 INFO rally.task.runner [-] Task 3a99f6c4-a34b-475e-a4eb-804606757b1f | ITER: 1 END: OK
2020-04-26 11:15:02.628 9411 INFO rally.task.runner [-] Task 3a99f6c4-a34b-475e-a4eb-804606757b1f | ITER: 8 START
2020-04-26 11:15:03.130 9416 INFO rally.task.runner [-] Task 3a99f6c4-a34b-475e-a4eb-804606757b1f | ITER: 5 END: OK
2020-04-26 11:15:03.133 9416 INFO rally.task.runner [-] Task 3a99f6c4-a34b-475e-a4eb-804606757b1f | ITER: 9 START
2020-04-26 11:15:03.144 9413 INFO rally.task.runner [-] Task 3a99f6c4-a34b-475e-a4eb-804606757b1f | ITER: 6 END: OK
2020-04-26 11:15:03.146 9413 INFO rally.task.runner [-] Task 3a99f6c4-a34b-475e-a4eb-804606757b1f | ITER: 10 START
2020-04-26 11:15:03.149 9411 INFO rally.task.runner [-] Task 3a99f6c4-a34b-475e-a4eb-804606757b1f | ITER: 8 END: OK
2020-04-26 11:15:03.156 9412 INFO rally.task.runner [-] Task 3a99f6c4-a34b-475e-a4eb-804606757b1f | ITER: 7 END: OK
2020-04-26 11:15:03.640 9416 INFO rally.task.runner [-] Task 3a99f6c4-a34b-475e-a4eb-804606757b1f | ITER: 9 END: OK
2020-04-26 11:15:03.665 9413 INFO rally.task.runner [-] Task 3a99f6c4-a34b-475e-a4eb-804606757b1f | ITER: 10 END: OK
2020-04-26 11:15:03.686 8000 INFO rally.task.context [-] Task 3a99f6c4-a34b-475e-a4eb-804606757b1f | Context admin_cleanup@openstack cleanup() started
2020-04-26 11:15:03.690 8000 RALLYDEBUG rally_openstack.task.cleanup.manager [-] Cleaning up keystone user objects
2020-04-26 11:15:03.907 8000 RALLYDEBUG rally_openstack.task.cleanup.manager [-] Deleting keystone.user object s_rally_ba241a51_LDKQinoT (10e23eaea34e41f58c2f5b86a2992f63)
2020-04-26 11:15:03.911 8000 RALLYDEBUG rally_openstack.task.cleanup.manager [-] Deleting keystone.user object s_rally_ba241a51_iMc9G2Ko (3b75feb168f6451384849c2851ed5133)
2020-04-26 11:15:03.922 8000 RALLYDEBUG rally_openstack.task.cleanup.manager [-] Deleting keystone.user object s_rally_ba241a51_v3rSH0wG (4da20e1f970c45f8828037c11cc07885)
2020-04-26 11:15:03.929 8000 RALLYDEBUG rally_openstack.task.cleanup.manager [-] Deleting keystone.user object s_rally_ba241a51_pEQ6o0Gk (5fae2fb60f2640a6bfe16cf6908d531a)
2020-04-26 11:15:03.935 8000 RALLYDEBUG rally_openstack.task.cleanup.manager [-] Deleting keystone.user object s_rally_ba241a51_NB6lHAFL (60d3309e134c49bda73394a8a9c8f499)
2020-04-26 11:15:03.940 8000 RALLYDEBUG rally_openstack.task.cleanup.manager [-] Deleting keystone.user object s_rally_ba241a51_Ejy6zQO1 (99872dd57eb24373a19be116c23281e5)
2020-04-26 11:15:03.946 8000 RALLYDEBUG rally_openstack.task.cleanup.manager [-] Deleting keystone.user object s_rally_ba241a51_wLZTFkC3 (b00ca1d3e4e94772b281cbdc28e8e462)
2020-04-26 11:15:03.951 8000 RALLYDEBUG rally_openstack.task.cleanup.manager [-] Deleting keystone.user object s_rally_ba241a51_gCfaoUp8 (ba89c4c1b4204c3a83b185437521b4dd)
2020-04-26 11:15:03.956 8000 RALLYDEBUG rally_openstack.task.cleanup.manager [-] Deleting keystone.user object s_rally_ba241a51_15XI9OWF (c74b43e30983427ca6d03819edbc5367)
2020-04-26 11:15:03.966 8000 RALLYDEBUG rally_openstack.task.cleanup.manager [-] Deleting keystone.user object s_rally_ba241a51_kFJK7vIl (e31d88245bfa476a9963ff6f85c2365a)
2020-04-26 11:15:05.594 8000 RALLYDEBUG rally_openstack.task.cleanup.manager [-] Cleaning up keystone project objects
2020-04-26 11:15:05.984 8000 RALLYDEBUG rally_openstack.task.cleanup.manager [-] Cleaning up keystone service objects
2020-04-26 11:15:06.217 8000 RALLYDEBUG rally_openstack.task.cleanup.manager [-] Cleaning up keystone role objects
2020-04-26 11:15:06.456 8000 INFO rally.task.context [-] Task 3a99f6c4-a34b-475e-a4eb-804606757b1f | Context admin_cleanup@openstack cleanup() finished in 2.77 sec
2020-04-26 11:15:06.456 8000 INFO rally.task.context [-] Task 3a99f6c4-a34b-475e-a4eb-804606757b1f | Context users@openstack cleanup() started
2020-04-26 11:15:07.848 8000 INFO rally.task.context [-] Task 3a99f6c4-a34b-475e-a4eb-804606757b1f | Context users@openstack cleanup() finished in 1.39 sec
2020-04-26 11:15:08.921 8000 INFO rally.task.engine [-] Load duration is: 1.581864
2020-04-26 11:15:08.922 8000 INFO rally.task.engine [-] Full runner duration is: 1.912791
2020-04-26 11:15:08.922 8000 INFO rally.task.engine [-] Full duration is: 6.976607
2020-04-26 11:15:09.003 8000 INFO rally.task.engine [-] Running workload: position = 0 config = { "version": 2, "title": "A cropped version of a bigger task.", "description": "Auto-generated task from a single workload (uuid=c35bf687-7a0b-4ee2-8be2-17eda7027750)", "subtasks": [ { "title": "KeystoneBasic.create_tenant_with_users", "description": "Create a keystone tenant and several users belonging to it.", "scenario": { "KeystoneBasic.create_tenant_with_users": { "users_per_tenant": 10 } }, "contexts": {}, "runner": { "constant": { "concurrency": 4, "times": 10 } }, "hooks": [], "sla": { "failure_rate": { "max": 0 } } } ] }
2020-04-26 11:15:09.016 8000 RALLYDEBUG rally_openstack.task.contexts.keystone.users [-] Creating 1 tenants using 1 threads
2020-04-26 11:15:09.504 8000 RALLYDEBUG rally_openstack.task.contexts.keystone.users [-] Creating 1 users using 1 threads
2020-04-26 11:15:10.255 8000 INFO rally.task.context [-] Task 3a99f6c4-a34b-475e-a4eb-804606757b1f | Context users@openstack setup() finished in 1.24 sec
2020-04-26 11:15:10.255 8000 INFO rally.task.context [-] Task 3a99f6c4-a34b-475e-a4eb-804606757b1f | Context admin_cleanup@openstack setup() finished in 0.01 msec
2020-04-26 11:15:10.265 8000 RALLYDEBUG rally.task.runner [-] Starting the constant runner (task UUID: 3a99f6c4-a34b-475e-a4eb-804606757b1f). times: 10 concurrency: 4 timeout: 0 max_cpu_used: 88 processes_to_start: 4 concurrency_per_worker: 1 concurrency_overhead: 0
2020-04-26 11:15:10.274 9557 RALLYDEBUG rally.task.runner [-] Starting a worker. times: 10 duration: None concurrency: 1 timeout: 0 cls: method_name: run args: {"users_per_tenant": 10}
2020-04-26 11:15:10.276 9558 RALLYDEBUG rally.task.runner [-] Starting a worker. times: 10 duration: None concurrency: 1 timeout: 0 cls: method_name: run args: {"users_per_tenant": 10}
2020-04-26 11:15:10.278 9557 INFO rally.task.runner [-] Task 3a99f6c4-a34b-475e-a4eb-804606757b1f | ITER: 1 START
2020-04-26 11:15:10.279 9559 RALLYDEBUG rally.task.runner [-] Starting a worker. times: 10 duration: None concurrency: 1 timeout: 0 cls: method_name: run args: {"users_per_tenant": 10}
2020-04-26 11:15:10.280 9558 INFO rally.task.runner [-] Task 3a99f6c4-a34b-475e-a4eb-804606757b1f | ITER: 2 START
2020-04-26 11:15:10.282 9562 RALLYDEBUG rally.task.runner [-] Starting a worker. times: 10 duration: None concurrency: 1 timeout: 0 cls: method_name: run args: {"users_per_tenant": 10}
2020-04-26 11:15:10.283 9559 INFO rally.task.runner [-] Task 3a99f6c4-a34b-475e-a4eb-804606757b1f | ITER: 3 START
2020-04-26 11:15:10.286 9562 INFO rally.task.runner [-] Task 3a99f6c4-a34b-475e-a4eb-804606757b1f | ITER: 4 START
2020-04-26 11:15:15.873 9558 INFO rally.task.runner [-] Task 3a99f6c4-a34b-475e-a4eb-804606757b1f | ITER: 2 END: OK
2020-04-26 11:15:15.876 9558 INFO rally.task.runner [-] Task 3a99f6c4-a34b-475e-a4eb-804606757b1f | ITER: 5 START
2020-04-26 11:15:15.934 9562 INFO rally.task.runner [-] Task 3a99f6c4-a34b-475e-a4eb-804606757b1f | ITER: 4 END: OK
2020-04-26 11:15:15.937 9562 INFO rally.task.runner [-] Task 3a99f6c4-a34b-475e-a4eb-804606757b1f | ITER: 6 START
2020-04-26 11:15:16.219 9559 INFO rally.task.runner [-] Task 3a99f6c4-a34b-475e-a4eb-804606757b1f | ITER: 3 END: OK
2020-04-26 11:15:16.223 9559 INFO rally.task.runner [-] Task 3a99f6c4-a34b-475e-a4eb-804606757b1f | ITER: 7 START
2020-04-26 11:15:16.276 9557 INFO rally.task.runner [-] Task 3a99f6c4-a34b-475e-a4eb-804606757b1f | ITER: 1 END: OK
2020-04-26 11:15:16.279 9557 INFO rally.task.runner [-] Task 3a99f6c4-a34b-475e-a4eb-804606757b1f | ITER: 8 START
2020-04-26 11:15:21.324 9562 INFO rally.task.runner [-] Task 3a99f6c4-a34b-475e-a4eb-804606757b1f | ITER: 6 END: OK
2020-04-26 11:15:21.326 9562 INFO rally.task.runner [-] Task 3a99f6c4-a34b-475e-a4eb-804606757b1f | ITER: 9 START
2020-04-26 11:15:21.386 9558 INFO rally.task.runner [-] Task 3a99f6c4-a34b-475e-a4eb-804606757b1f | ITER: 5 END: OK
2020-04-26 11:15:21.388 9558 INFO rally.task.runner [-] Task 3a99f6c4-a34b-475e-a4eb-804606757b1f | ITER: 10 START
2020-04-26 11:15:21.774 9557 INFO rally.task.runner [-] Task 3a99f6c4-a34b-475e-a4eb-804606757b1f | ITER: 8 END: OK
2020-04-26 11:15:21.785 9559 INFO rally.task.runner [-] Task 3a99f6c4-a34b-475e-a4eb-804606757b1f | ITER: 7 END: OK
2020-04-26 11:15:26.459 9558 INFO rally.task.runner [-] Task 3a99f6c4-a34b-475e-a4eb-804606757b1f | ITER: 10 END: OK
2020-04-26 11:15:26.522 9562 INFO rally.task.runner [-] Task 3a99f6c4-a34b-475e-a4eb-804606757b1f | ITER: 9 END: OK
2020-04-26 11:15:26.542 8000 INFO rally.task.context [-] Task 3a99f6c4-a34b-475e-a4eb-804606757b1f | Context admin_cleanup@openstack cleanup() started
2020-04-26 11:15:26.546 8000 RALLYDEBUG rally_openstack.task.cleanup.manager [-] Cleaning up keystone user objects
2020-04-26 11:15:26.886 8000 RALLYDEBUG rally_openstack.task.cleanup.manager [-] Deleting keystone.user object s_rally_c35bf687_NpQpXlkW (0436bdeefeda4989afab5f730160b17e)
2020-04-26 11:15:26.890 8000 RALLYDEBUG rally_openstack.task.cleanup.manager [-] Deleting keystone.user object s_rally_c35bf687_OluQXUDX (05ae973be61f4e6681fdfaede5302406)
2020-04-26 11:15:26.896 8000 RALLYDEBUG rally_openstack.task.cleanup.manager [-] Deleting keystone.user object s_rally_c35bf687_XqLjaIii (05c13add5e124c19b83cf54409ece005)
2020-04-26 11:15:26.905 8000 RALLYDEBUG rally_openstack.task.cleanup.manager [-] Deleting keystone.user object s_rally_c35bf687_nsYyNEgz (074b2a2dd250420ebd56c1384399874c)
2020-04-26 11:15:26.916 8000 RALLYDEBUG rally_openstack.task.cleanup.manager [-] Deleting keystone.user object s_rally_c35bf687_kZrOhtFc (08807a4e9eb94891bb2b5745f46a66b2)
2020-04-26 11:15:26.924 8000 RALLYDEBUG rally_openstack.task.cleanup.manager [-] Deleting keystone.user object s_rally_c35bf687_7u8g9k2a (0b06f70179ed4c4097aab30a7361caac)
2020-04-26 11:15:26.931 8000 RALLYDEBUG rally_openstack.task.cleanup.manager [-] Deleting keystone.user object s_rally_c35bf687_rWZjzIpI (0bc9e6a29072426ba15781f9232e017f)
2020-04-26 11:15:26.946 8000 RALLYDEBUG rally_openstack.task.cleanup.manager [-] Deleting keystone.user object s_rally_c35bf687_V3E3qd0w (0c119a3d2e5049a6843f7465a71c7260)
2020-04-26 11:15:26.954 8000 RALLYDEBUG rally_openstack.task.cleanup.manager [-] Deleting keystone.user object s_rally_c35bf687_H2x8NoOA (0ffa9925b9d14161bf1b3c7b6c5eba65)
2020-04-26 11:15:26.957 8000 RALLYDEBUG rally_openstack.task.cleanup.manager [-] Deleting keystone.user object s_rally_c35bf687_pj8JnNXH (1237a030b22548a98dd36f9c2015e4c7)
2020-04-26 11:15:26.963 8000 RALLYDEBUG rally_openstack.task.cleanup.manager [-] Deleting keystone.user object s_rally_c35bf687_BbDu4Frx (13e86279139c4d9b9b7de4ffd9838bf2)
2020-04-26 11:15:26.995 8000 RALLYDEBUG rally_openstack.task.cleanup.manager [-] Deleting keystone.user object s_rally_c35bf687_YqXbnLSm (14e68f39679c4dbe89f375d26b8b93e9)
2020-04-26 11:15:27.011 8000 RALLYDEBUG rally_openstack.task.cleanup.manager [-] Deleting keystone.user object s_rally_c35bf687_7e969uUX (17cb7d791928446f84b1dc7b1ceaa3e6)
2020-04-26 11:15:27.017 8000 RALLYDEBUG rally_openstack.task.cleanup.manager [-] Deleting keystone.user object s_rally_c35bf687_LA84b4QX (1b4aba0795e9498184cc8357e87740dc)
2020-04-26 11:15:27.024 8000 RALLYDEBUG rally_openstack.task.cleanup.manager [-] Deleting keystone.user object s_rally_c35bf687_x2RRyZLW (1cb0b06bf9d64a1fbc0cab8ec61ba619)
2020-04-26 11:15:27.030 8000 RALLYDEBUG rally_openstack.task.cleanup.manager [-] Deleting keystone.user object s_rally_c35bf687_GgDWlsOm (1e52ad77153b4f169e978d8816a1f4d2)
2020-04-26 11:15:27.093 8000 RALLYDEBUG rally_openstack.task.cleanup.manager [-] Deleting keystone.user object s_rally_c35bf687_FAGWDBwR (26d49d214d9940e5a7f3e2d187a47217)
2020-04-26 11:15:27.117 8000 RALLYDEBUG rally_openstack.task.cleanup.manager [-] Deleting keystone.user object s_rally_c35bf687_Jrx26xGz (2a1fa0db7e8c4f3c83dc0108325df0db)
2020-04-26 11:15:27.128 8000 RALLYDEBUG rally_openstack.task.cleanup.manager [-] Deleting keystone.user object s_rally_c35bf687_U3xwLt1y (2a9b568d6dd74bdaa17b804c860097d9)
2020-04-26 11:15:27.134 8000 RALLYDEBUG rally_openstack.task.cleanup.manager [-] Deleting keystone.user object s_rally_c35bf687_HQABFUWS (2af6c65d11cb42bb9896f75278d17b45)
2020-04-26 11:15:28.762 8000 RALLYDEBUG rally_openstack.task.cleanup.manager [-] Deleting keystone.user object s_rally_c35bf687_fWZ8zi96 (2c71851de4894e989e25b39249623ee5)
2020-04-26 11:15:28.800 8000 RALLYDEBUG rally_openstack.task.cleanup.manager [-] Deleting keystone.user object s_rally_c35bf687_jUDnzJB7 (2cdbcd25cb3042809690282d3c9703c6)
2020-04-26 11:15:28.812 8000 RALLYDEBUG rally_openstack.task.cleanup.manager [-] Deleting keystone.user object s_rally_c35bf687_2llowa7T (2d28c844ad5e4b9190c00c0636f2ff45)
2020-04-26 11:15:28.897 8000 RALLYDEBUG rally_openstack.task.cleanup.manager [-] Deleting keystone.user object s_rally_c35bf687_NoLkUuzQ (2eff7833641e4fdda1c2264921daa06a)
2020-04-26 11:15:28.911 8000 RALLYDEBUG rally_openstack.task.cleanup.manager [-] Deleting keystone.user object s_rally_c35bf687_05u6ALNI (31d198f40e114d7eae068c46921a1cf9)
2020-04-26 11:15:28.922 8000 RALLYDEBUG rally_openstack.task.cleanup.manager [-] Deleting keystone.user object s_rally_c35bf687_fI71OhwX (337104be367847eababeac6df05f5f91)
2020-04-26 11:15:28.972 8000 RALLYDEBUG rally_openstack.task.cleanup.manager [-] Deleting keystone.user object s_rally_c35bf687_EwCKgS54 (35984f9963b24d78b97ce8894b3f4397)
2020-04-26 11:15:28.994 8000 RALLYDEBUG rally_openstack.task.cleanup.manager [-] Deleting keystone.user object s_rally_c35bf687_lFnWHKSP (362b61e7042240b78a69682d3c4a1a3d)
2020-04-26 11:15:29.002 8000 RALLYDEBUG rally_openstack.task.cleanup.manager [-] Deleting keystone.user object s_rally_c35bf687_giX7PxaU (3d5f57d8f045466d8129936f1acefcd8)
2020-04-26 11:15:29.058 8000 RALLYDEBUG rally_openstack.task.cleanup.manager [-] Deleting keystone.user object s_rally_c35bf687_3aYJjEF2 (3f986b2872654fe79a103ffc31b103a4)
2020-04-26 11:15:29.064 8000 RALLYDEBUG rally_openstack.task.cleanup.manager [-] Deleting keystone.user object s_rally_c35bf687_QJbp6vsa (40a46bb4a70742caab62a0d1900e0403)
2020-04-26 11:15:29.080 8000 RALLYDEBUG rally_openstack.task.cleanup.manager [-] Deleting keystone.user object s_rally_c35bf687_F0UQWFy7 (469d9b8eac1b4e36b5850d327f82d89c)
2020-04-26 11:15:29.092 8000 RALLYDEBUG rally_openstack.task.cleanup.manager [-] Deleting keystone.user object s_rally_c35bf687_6coYVVlU (46da0042431246949b9ef30f4c8dc459)
2020-04-26 11:15:29.118 8000 RALLYDEBUG rally_openstack.task.cleanup.manager [-] Deleting keystone.user object s_rally_c35bf687_YaZ6xLEb (49d9073accac4d6dbf998b45e89aae14)
2020-04-26 11:15:29.133 8000 RALLYDEBUG rally_openstack.task.cleanup.manager [-] Deleting keystone.user object s_rally_c35bf687_wzuzwspL (4a86999c28224c6ea29ae66a10a3ff53)
2020-04-26 11:15:29.149 8000 RALLYDEBUG rally_openstack.task.cleanup.manager [-] Deleting keystone.user object s_rally_c35bf687_6hNNZxiE (4b0154830f304d1e86d44defaee4a969)
2020-04-26 11:15:29.193 8000 RALLYDEBUG rally_openstack.task.cleanup.manager [-] Deleting keystone.user object s_rally_c35bf687_UJ91xfJ0 (4b8650c7c6f341d586404e2384eab745)
2020-04-26 11:15:29.200 8000 RALLYDEBUG rally_openstack.task.cleanup.manager [-] Deleting keystone.user object s_rally_c35bf687_flGI0CuW (4ce9cfc18a3a496fb9e0bef75c33b328)
2020-04-26 11:15:29.226 8000 RALLYDEBUG rally_openstack.task.cleanup.manager [-] Deleting keystone.user object s_rally_c35bf687_f8i7oxD7 (50d7d40bdb864036bbb8f6eb04fb5c05)
2020-04-26 11:15:29.270 8000 RALLYDEBUG rally_openstack.task.cleanup.manager [-] Deleting keystone.user object s_rally_c35bf687_0YeN7fXq (56cc483b94a44784b0407c6f37ca26c1)
2020-04-26 11:15:30.432 8000 RALLYDEBUG rally_openstack.task.cleanup.manager [-] Deleting keystone.user object s_rally_c35bf687_MffXRqhu (578eee32fc884d38bd31f7f0f6748fec)
2020-04-26 11:15:30.511 8000 RALLYDEBUG rally_openstack.task.cleanup.manager [-] Deleting keystone.user object s_rally_c35bf687_6jWwxEKt (59681554ecbe47e8a6d4efdad1afaeea)
2020-04-26 11:15:30.540 8000 RALLYDEBUG rally_openstack.task.cleanup.manager [-] Deleting keystone.user object s_rally_c35bf687_ZxcjWIOG (5b140f0844d4432a88f28672a789f596)
2020-04-26 11:15:30.683 8000 RALLYDEBUG rally_openstack.task.cleanup.manager [-] Deleting keystone.user object s_rally_c35bf687_by7ncexC (5c2e6730780049479ccf9bc5066ee42a)
2020-04-26 11:15:30.697 8000 RALLYDEBUG rally_openstack.task.cleanup.manager [-] Deleting keystone.user object s_rally_c35bf687_74SHt7Dv (5d1bdf8298994f69b7663f6cee3ab836)
2020-04-26 11:15:30.716 8000 RALLYDEBUG rally_openstack.task.cleanup.manager [-] Deleting keystone.user object s_rally_c35bf687_DLSlPtZC (5e68428354a74f43ba1c391717a3b40f)
2020-04-26 11:15:30.750 8000 RALLYDEBUG rally_openstack.task.cleanup.manager [-] Deleting keystone.user object s_rally_c35bf687_YXFTBDxm (5e74170bd26a49a8bdc8f7f9d7db1260)
2020-04-26 11:15:30.772 8000 RALLYDEBUG rally_openstack.task.cleanup.manager [-] Deleting keystone.user object s_rally_c35bf687_Yvfa9J3c (60b93436115c4d0d982f1ac7b168927c)
2020-04-26 11:15:30.779 8000 RALLYDEBUG rally_openstack.task.cleanup.manager [-] Deleting keystone.user object s_rally_c35bf687_36MwGtYj (6401638339be4ebf808c42afd334bc65)
2020-04-26 11:15:30.833 8000 RALLYDEBUG rally_openstack.task.cleanup.manager [-] Deleting keystone.user object s_rally_c35bf687_88o50LOO (67d9c8c5b6604b058f930e21416231d5)
2020-04-26 11:15:30.860 8000 RALLYDEBUG rally_openstack.task.cleanup.manager [-] Deleting keystone.user object s_rally_c35bf687_eB4ckhiG (68595cf045f6451395fde66ec2b6d7b9)
2020-04-26 11:15:30.912 8000 RALLYDEBUG rally_openstack.task.cleanup.manager [-] Deleting keystone.user object s_rally_c35bf687_G4aFTtdM (6d1415c275bb404cb2cbce9111398d67)
2020-04-26 11:15:30.913 8000 RALLYDEBUG rally_openstack.task.cleanup.manager [-] Deleting keystone.user object s_rally_c35bf687_GXdn4IcM (6c36c0faf3b94de19d8f7ea4e5b1a0e4)
2020-04-26 11:15:30.953 8000 RALLYDEBUG rally_openstack.task.cleanup.manager [-] Deleting keystone.user object s_rally_c35bf687_8b2yaDuK (751a5ddf259d40299d780c9a1ea96fca)
2020-04-26 11:15:31.032 8000 RALLYDEBUG rally_openstack.task.cleanup.manager [-] Deleting keystone.user object s_rally_c35bf687_bxkCRgUY (7988050a5b3a4952a13b3de889d1f848)
2020-04-26 11:15:31.036 8000 RALLYDEBUG rally_openstack.task.cleanup.manager [-] Deleting keystone.user object s_rally_c35bf687_snxSeJVM (7ce0aec429ef4a859383240cf78ffe3b)
2020-04-26 11:15:31.067 8000 RALLYDEBUG rally_openstack.task.cleanup.manager [-] Deleting keystone.user object s_rally_c35bf687_T7iCJSkA (8102b7744b6543358ce77527bf751db5)
2020-04-26 11:15:31.082 8000 RALLYDEBUG rally_openstack.task.cleanup.manager [-] Deleting keystone.user object s_rally_c35bf687_jQqxKOw5 (816117734b2c4f859e906ef56a0a4768)
2020-04-26 11:15:31.124 8000 RALLYDEBUG rally_openstack.task.cleanup.manager [-] Deleting keystone.user object s_rally_c35bf687_iM89Sy0R (87a328d5ad3b40308eec93d2f0dd1988)
2020-04-26 11:15:31.132 8000 RALLYDEBUG rally_openstack.task.cleanup.manager [-] Deleting keystone.user object s_rally_c35bf687_086ON89K (8f52979c08ea43008c588c0c0c233c06)
2020-04-26 11:15:32.132 8000 RALLYDEBUG rally_openstack.task.cleanup.manager [-] Deleting keystone.user object s_rally_c35bf687_Yldkd5C6 (942d02ca4f6840a5a51443a8adc5c70b)
2020-04-26 11:15:32.160 8000 RALLYDEBUG rally_openstack.task.cleanup.manager [-] Deleting keystone.user object s_rally_c35bf687_uFrz4odK (964f6aea33e843e1b40cb2c62a3a25fd)
2020-04-26 11:15:32.164 8000 RALLYDEBUG rally_openstack.task.cleanup.manager [-] Deleting keystone.user object s_rally_c35bf687_mS4OgzNs (974a329c2a2d407598363defefbd7e23)
2020-04-26 11:15:32.270 8000 RALLYDEBUG rally_openstack.task.cleanup.manager [-] Deleting keystone.user object s_rally_c35bf687_phWQ4dQr (98dcd4f31df240189efa42bc300b647a)
2020-04-26 11:15:32.322 8000 RALLYDEBUG rally_openstack.task.cleanup.manager [-] Deleting keystone.user object s_rally_c35bf687_qzWMk0jH (9d1f6094766e4a1484a74415cd08b89d)
2020-04-26 11:15:32.337 8000 RALLYDEBUG rally_openstack.task.cleanup.manager [-] Deleting keystone.user object s_rally_c35bf687_r2MPePQm (9d3a429bb5484bdf833aa4e604fcc08b)
2020-04-26 11:15:32.409 8000 RALLYDEBUG rally_openstack.task.cleanup.manager [-] Deleting keystone.user object s_rally_c35bf687_luxnYlpd (9ffe665d53cc4489ae5b1b0f7cfc75c9)
2020-04-26 11:15:32.446 8000 RALLYDEBUG rally_openstack.task.cleanup.manager [-] Deleting keystone.user object s_rally_c35bf687_NkP7MSGQ (a390b523aa7743e29667c3fc318a707e)
2020-04-26 11:15:32.504 8000 RALLYDEBUG rally_openstack.task.cleanup.manager [-] Deleting keystone.user object s_rally_c35bf687_lXemrKtU (a60ffe8cf7e84754b696bd5c0c724e8a)
2020-04-26 11:15:32.506 8000 RALLYDEBUG rally_openstack.task.cleanup.manager [-] Deleting keystone.user object s_rally_c35bf687_me3sFAVv (a7b7e52a5dee4f24bb33925fa0bfc3d7)
2020-04-26 11:15:32.585 8000 RALLYDEBUG rally_openstack.task.cleanup.manager [-] Deleting keystone.user object s_rally_c35bf687_aFnxEiqM (a91af350376f40bfb4bc35718057ab11)
2020-04-26 11:15:32.598 8000 RALLYDEBUG rally_openstack.task.cleanup.manager [-] Deleting keystone.user object s_rally_c35bf687_dgxAV613 (ab5a2d5de26e42588cfc41030a3d9136)
2020-04-26 11:15:32.655 8000 RALLYDEBUG rally_openstack.task.cleanup.manager [-] Deleting keystone.user object s_rally_c35bf687_VJY2SGzy (ae276e4554354d5787265e5f2230d2f7)
2020-04-26 11:15:32.676 8000 RALLYDEBUG rally_openstack.task.cleanup.manager [-] Deleting keystone.user object s_rally_c35bf687_VHMNaWO2 (af80d5f812564b8b953e7856b5e97f4a)
2020-04-26 11:15:32.827 8000 RALLYDEBUG rally_openstack.task.cleanup.manager [-] Deleting keystone.user object s_rally_c35bf687_O5URMNtb (af91ff0680204859af9680b7a43c678d)
2020-04-26 11:15:32.885 8000 RALLYDEBUG rally_openstack.task.cleanup.manager [-] Deleting keystone.user object s_rally_c35bf687_YJ8Ehtwq (b30d76a34b9c461f8c06286aac0c353c)
2020-04-26 11:15:32.899 8000 RALLYDEBUG rally_openstack.task.cleanup.manager [-] Deleting keystone.user object s_rally_c35bf687_EfoQlmCF (b93babc8d8844fdd8995192b9ecb2b88)
2020-04-26 11:15:32.901 8000 RALLYDEBUG rally_openstack.task.cleanup.manager [-] Deleting keystone.user object s_rally_c35bf687_Y8xMNAPv (b65e6809b1314366b04bcdff5622201f)
2020-04-26 11:15:32.941 8000 RALLYDEBUG rally_openstack.task.cleanup.manager [-] Deleting keystone.user object s_rally_c35bf687_X9K7GgEs (bedb92634d7a4c1bbfe13d5044ec5dcb)
2020-04-26 11:15:32.963 8000 RALLYDEBUG rally_openstack.task.cleanup.manager [-] Deleting keystone.user object s_rally_c35bf687_FIyV95Nn (c0aa806f83274569a3040ae6cf0f7e6d)
2020-04-26 11:15:33.592 8000 RALLYDEBUG rally_openstack.task.cleanup.manager [-] Deleting keystone.user object s_rally_c35bf687_IIO5Zs89 (c64d1ca208164c62a717345c4ca3bd06)
2020-04-26 11:15:33.609 8000 RALLYDEBUG rally_openstack.task.cleanup.manager [-] Deleting keystone.user object s_rally_c35bf687_HZ7MQRWB (c65f5a1ad2bc4b5692570eaada0eab96)
2020-04-26 11:15:33.782 8000 RALLYDEBUG rally_openstack.task.cleanup.manager [-] Deleting keystone.user object s_rally_c35bf687_Yot757OP (ce6fad44c14b4d87965d3e60a8732f65)
2020-04-26 11:15:33.882 8000 RALLYDEBUG rally_openstack.task.cleanup.manager [-] Deleting keystone.user object s_rally_c35bf687_sbvD2UJf (db7d5dc53a764f13b9a372494181313b)
2020-04-26 11:15:33.889 8000 RALLYDEBUG rally_openstack.task.cleanup.manager [-] Deleting keystone.user object s_rally_c35bf687_P3FwZ1EI (e029a894ff15453394481952a7481f52)
2020-04-26 11:15:33.917 8000 RALLYDEBUG rally_openstack.task.cleanup.manager [-] Deleting keystone.user object s_rally_c35bf687_ExHV18Dh (e13a4f85e8ed4fdb89969dc6364dfe85)
2020-04-26 11:15:33.955 8000 RALLYDEBUG rally_openstack.task.cleanup.manager [-] Deleting keystone.user object s_rally_c35bf687_vmS9kvUV (e39d7c0dd3c949929a2eda4393cbd4ef)
2020-04-26 11:15:34.010 8000 RALLYDEBUG rally_openstack.task.cleanup.manager [-] Deleting keystone.user object s_rally_c35bf687_H0JAGtzg (eb320272331744ffa01d6bdc6e010e64)
2020-04-26 11:15:34.019 8000 RALLYDEBUG rally_openstack.task.cleanup.manager [-] Deleting keystone.user object s_rally_c35bf687_SFUBvAoA (edd65ca03fa84303aefc363b1d5f20a7)
2020-04-26 11:15:34.049 8000 RALLYDEBUG rally_openstack.task.cleanup.manager [-] Deleting keystone.user object s_rally_c35bf687_4uAaJAL1 (f28144248a704771a9fe67c0272fab02)
2020-04-26 11:15:34.142 8000 RALLYDEBUG rally_openstack.task.cleanup.manager [-] Deleting keystone.user object s_rally_c35bf687_EIYez6Fj (f34bdca0bdf14642acdfdb19e41c6fcd)
2020-04-26 11:15:34.163 8000 RALLYDEBUG rally_openstack.task.cleanup.manager [-] Deleting keystone.user object s_rally_c35bf687_1HrFvoJ3 (f713a49bbdb24856809dea6c2dd91ba9)
2020-04-26 11:15:34.182 8000 RALLYDEBUG rally_openstack.task.cleanup.manager [-] Deleting keystone.user object s_rally_c35bf687_DlXTLFTT (f7d58b8c5b254872a9c5747b36968077)
2020-04-26 11:15:34.210 8000 RALLYDEBUG rally_openstack.task.cleanup.manager [-] Deleting keystone.user object s_rally_c35bf687_UyJFn2aC (f815ac21f2e440d8bb7e79d4230418eb)
2020-04-26 11:15:34.364 8000 RALLYDEBUG rally_openstack.task.cleanup.manager [-] Deleting keystone.user object s_rally_c35bf687_faCOYkYn (f98956c9bea44ba28ebd63b8c51d05cf)
2020-04-26 11:15:34.387 8000 RALLYDEBUG rally_openstack.task.cleanup.manager [-] Deleting keystone.user object s_rally_c35bf687_PCqKF9QQ (fa5813be796b4551abc07cbdc19a30f4)
2020-04-26 11:15:34.405 8000 RALLYDEBUG rally_openstack.task.cleanup.manager [-] Deleting keystone.user object s_rally_c35bf687_RyW1nV0Z (fa619a7fa4554b91939f9c327040b513)
2020-04-26 11:15:34.415 8000 RALLYDEBUG rally_openstack.task.cleanup.manager [-] Deleting keystone.user object s_rally_c35bf687_IoqXRhAQ (fa8c7e8607044ee89c9f30df1b85c575)
2020-04-26 11:15:34.424 8000 RALLYDEBUG rally_openstack.task.cleanup.manager [-] Deleting keystone.user object s_rally_c35bf687_dtJfKJR7 (fc412ac72b864858b9c239bf4a4a0d62)
2020-04-26 11:15:34.463 8000 RALLYDEBUG rally_openstack.task.cleanup.manager [-] Deleting keystone.user object s_rally_c35bf687_7dNxRmzR (fe27fc9c10cf482ba884518f0bf1bb27)
2020-04-26 11:15:36.214 8000 RALLYDEBUG rally_openstack.task.cleanup.manager [-] Cleaning up keystone project objects
2020-04-26 11:15:36.507 8000 RALLYDEBUG rally_openstack.task.cleanup.manager [-] Deleting keystone.project object s_rally_c35bf687_QjAk4E80 (38356dc7856c419c9a47480116a92061)
2020-04-26 11:15:36.512 8000 RALLYDEBUG rally_openstack.task.cleanup.manager [-] Deleting keystone.project object s_rally_c35bf687_Bph9CEBU (3bc8011a2e054139aac18f2f3f35df65)
2020-04-26 11:15:36.523 8000 RALLYDEBUG rally_openstack.task.cleanup.manager [-] Deleting keystone.project object s_rally_c35bf687_dHfQZSGg (58f628b292a74c45b4b33a44dbc2e106)
2020-04-26 11:15:36.534 8000 RALLYDEBUG rally_openstack.task.cleanup.manager [-] Deleting keystone.project object s_rally_c35bf687_GatVezWB (66ba215b8f5c4790b7c74a4079305967)
2020-04-26 11:15:36.548 8000 RALLYDEBUG rally_openstack.task.cleanup.manager [-] Deleting keystone.project object s_rally_c35bf687_7rSlzHxg (56e95ba588f14a0294dcb0c82eb2423b)
2020-04-26 11:15:36.550 8000 RALLYDEBUG rally_openstack.task.cleanup.manager [-] Deleting keystone.project object s_rally_c35bf687_w2zuyRr9 (1193ec66018d4cb284835af4d4a62ce5)
2020-04-26 11:15:36.554 8000 RALLYDEBUG rally_openstack.task.cleanup.manager [-] Deleting keystone.project object s_rally_c35bf687_sy0mnHXJ (902369d2931e40638894034084afd448)
2020-04-26 11:15:36.559 8000 RALLYDEBUG rally_openstack.task.cleanup.manager [-] Deleting keystone.project object s_rally_c35bf687_z9YC84xm (9301d6a9d0594c0e8e4def365007992b)
2020-04-26 11:15:36.598 8000 RALLYDEBUG rally_openstack.task.cleanup.manager [-] Deleting keystone.project object s_rally_c35bf687_q9mEiN2L (fbb4b122688245c1b88838e67b8484a2)
2020-04-26 11:15:36.611 8000 RALLYDEBUG rally_openstack.task.cleanup.manager [-] Deleting keystone.project object s_rally_c35bf687_vVzgWer2 (81b675da232547d3b41314dfb5be4ef0)
2020-04-26 11:15:38.098 8000 RALLYDEBUG rally_openstack.task.cleanup.manager [-] Cleaning up keystone service objects
2020-04-26 11:15:38.451 8000 RALLYDEBUG rally_openstack.task.cleanup.manager [-] Cleaning up keystone role objects
2020-04-26 11:15:38.670 8000 INFO rally.task.context [-] Task 3a99f6c4-a34b-475e-a4eb-804606757b1f | Context admin_cleanup@openstack cleanup() finished in 12.13 sec
2020-04-26 11:15:38.670 8000 INFO rally.task.context [-] Task 3a99f6c4-a34b-475e-a4eb-804606757b1f | Context users@openstack cleanup() started
2020-04-26 11:15:39.930 8000 INFO rally.task.context [-] Task 3a99f6c4-a34b-475e-a4eb-804606757b1f | Context users@openstack cleanup() finished in 1.26 sec
2020-04-26 11:15:41.341 8000 INFO rally.task.engine [-] Load duration is: 15.818168
2020-04-26 11:15:41.341 8000 INFO rally.task.engine [-] Full runner duration is: 16.277241
2020-04-26 11:15:41.341 8000 INFO rally.task.engine [-] Full duration is: 30.914174
2020-04-26 11:15:41.440 8000 INFO rally.task.engine [-] Task 3a99f6c4-a34b-475e-a4eb-804606757b1f | Completed: Running task.
2020-04-26 11:15:42.874 9699 RALLYDEBUG rally.api [-] INFO logs from urllib3 and requests module are hide.
2020-04-26 11:15:42.874 9699 RALLYDEBUG rally.api [-] urllib3 insecure warnings are hidden.
2020-04-26 11:15:42.874 9699 RALLYDEBUG rally.api [-] ERROR log from boto module is hide.
2020-04-26 11:15:44.033 9701 RALLYDEBUG rally.api [-] INFO logs from urllib3 and requests module are hide.
2020-04-26 11:15:44.034 9701 RALLYDEBUG rally.api [-] urllib3 insecure warnings are hidden.
2020-04-26 11:15:44.034 9701 RALLYDEBUG rally.api [-] ERROR log from boto module is hide.
2020-04-26 11:15:45.293 9703 RALLYDEBUG rally.api [-] INFO logs from urllib3 and requests module are hide.
2020-04-26 11:15:45.293 9703 RALLYDEBUG rally.api [-] urllib3 insecure warnings are hidden.
2020-04-26 11:15:45.293 9703 RALLYDEBUG rally.api [-] ERROR log from boto module is hide.
2020-04-26 11:15:46.762 9703 INFO rally.api [-] Building 'json' report for the following task(s): '3a99f6c4-a34b-475e-a4eb-804606757b1f'.
2020-04-26 11:15:46.786 9703 INFO rally.api [-] The report has been successfully built.
2020-04-26 11:15:47.933 9705 RALLYDEBUG rally.api [-] INFO logs from urllib3 and requests module are hide.
2020-04-26 11:15:47.933 9705 RALLYDEBUG rally.api [-] urllib3 insecure warnings are hidden.
2020-04-26 11:15:47.933 9705 RALLYDEBUG rally.api [-] ERROR log from boto module is hide.
2020-04-26 11:15:49.635 9705 INFO rally.task.engine [-] Task 7058f561-6105-4862-bee8-c9e55c1a2532 | Starting: Task validation.
2020-04-26 11:15:49.648 9705 INFO rally.task.engine [-] Task 7058f561-6105-4862-bee8-c9e55c1a2532 | Starting: Task validation of syntax.
2020-04-26 11:15:49.896 9705 INFO rally.task.engine [-] Task 7058f561-6105-4862-bee8-c9e55c1a2532 | Completed: Task validation of syntax.
2020-04-26 11:15:49.896 9705 INFO rally.task.engine [-] Task 7058f561-6105-4862-bee8-c9e55c1a2532 | Starting: Task validation of required platforms.
2020-04-26 11:15:50.003 9705 INFO rally.task.engine [-] Task 7058f561-6105-4862-bee8-c9e55c1a2532 | Completed: Task validation of required platforms.
2020-04-26 11:15:50.003 9705 INFO rally.task.engine [-] Task 7058f561-6105-4862-bee8-c9e55c1a2532 | Starting: Task validation of semantic.
2020-04-26 11:15:50.003 9705 INFO rally.task.engine [-] Check health of the environment '6325f1f3-3681-44ca-9a3c-bea9e7dc643d'.
2020-04-26 11:15:50.517 9705 INFO rally.task.engine [-] Platform existing@openstack (available: True): OK!
2020-04-26 11:15:50.530 9705 RALLYDEBUG rally_openstack.task.contexts.keystone.users [-] Creating 1 tenants using 1 threads
2020-04-26 11:15:50.846 9705 RALLYDEBUG rally_openstack.task.contexts.keystone.users [-] Creating 1 users using 1 threads
2020-04-26 11:15:51.400 9705 INFO rally.task.context [-] Task 7058f561-6105-4862-bee8-c9e55c1a2532 | Context users@openstack setup() finished in 0.87 sec
2020-04-26 11:15:52.703 9705 INFO rally.task.context [-] Task 7058f561-6105-4862-bee8-c9e55c1a2532 | Context users@openstack cleanup() started
2020-04-26 11:15:54.014 9705 INFO rally.task.context [-] Task 7058f561-6105-4862-bee8-c9e55c1a2532 | Context users@openstack cleanup() finished in 1.31 sec
2020-04-26 11:15:54.014 9705 INFO rally.task.engine [-] Task 7058f561-6105-4862-bee8-c9e55c1a2532 | Completed: Task validation of semantic.
2020-04-26 11:15:54.015 9705 INFO rally.task.engine [-] Task 7058f561-6105-4862-bee8-c9e55c1a2532 | Completed: Task validation.
2020-04-26 11:15:54.015 9705 INFO rally.api [-] Task 7058f561-6105-4862-bee8-c9e55c1a2532 input file is valid.
2020-04-26 11:15:54.015 9705 INFO rally.api [-] Run Task 7058f561-6105-4862-bee8-c9e55c1a2532 against Deployment 6325f1f3-3681-44ca-9a3c-bea9e7dc643d
2020-04-26 11:15:54.016 9705 INFO rally.task.engine [-] Task 7058f561-6105-4862-bee8-c9e55c1a2532 | Starting: Running task.
2020-04-26 11:15:54.064 9705 INFO rally.task.engine [-] Running workload: position = 0 config = { "version": 2, "title": "A cropped version of a bigger task.", "description": "Auto-generated task from a single workload (uuid=4ef7c84f-b12c-402d-9b3c-5dc2ba93ed5f)", "subtasks": [ { "title": "NeutronNetworks.create_and_update_networks", "description": "Create and update a network.", "scenario": { "NeutronNetworks.create_and_update_networks": { "network_create_args": {}, "network_update_args": { "admin_state_up": false } } }, "contexts": { "users": { "tenants": 3, "users_per_tenant": 2 }, "quotas": { "neutron": { "network": -1 } } }, "runner": { "constant": { "concurrency": 4, "times": 10 } }, "hooks": [], "sla": { "failure_rate": { "max": 0 } } } ] }
2020-04-26 11:15:54.078 9705 RALLYDEBUG rally_openstack.task.contexts.keystone.users [-] Creating 3 tenants using 3 threads
2020-04-26 11:15:54.502 9705 RALLYDEBUG rally_openstack.task.contexts.keystone.users [-] Creating 6 users using 6 threads
2020-04-26 11:15:55.257 9705 INFO rally.task.context [-] Task 7058f561-6105-4862-bee8-c9e55c1a2532 | Context users@openstack setup() finished in 1.18 sec
2020-04-26 11:15:55.747 9705 INFO rally.task.context [-] Task 7058f561-6105-4862-bee8-c9e55c1a2532 | Context quotas@openstack setup() finished in 0.49 sec
2020-04-26 11:15:55.748 9705 INFO rally.task.context [-] Task 7058f561-6105-4862-bee8-c9e55c1a2532 | Context cleanup@openstack setup() finished in 0.00 msec
2020-04-26 11:15:55.753 9705 RALLYDEBUG rally.task.runner [-] Starting the constant runner (task UUID: 7058f561-6105-4862-bee8-c9e55c1a2532). times: 10 concurrency: 4 timeout: 0 max_cpu_used: 88 processes_to_start: 4 concurrency_per_worker: 1 concurrency_overhead: 0
2020-04-26 11:15:55.763 9760 RALLYDEBUG rally.task.runner [-] Starting a worker. times: 10 duration: None concurrency: 1 timeout: 0 cls: method_name: run args: {"network_create_args": {}, "network_update_args": {"admin_state_up": false}}
2020-04-26 11:15:55.765 9761 RALLYDEBUG rally.task.runner [-] Starting a worker. times: 10 duration: None concurrency: 1 timeout: 0 cls: method_name: run args: {"network_create_args": {}, "network_update_args": {"admin_state_up": false}}
2020-04-26 11:15:55.767 9762 RALLYDEBUG rally.task.runner [-] Starting a worker. times: 10 duration: None concurrency: 1 timeout: 0 cls: method_name: run args: {"network_create_args": {}, "network_update_args": {"admin_state_up": false}}
2020-04-26 11:15:55.768 9760 INFO rally.task.runner [-] Task 7058f561-6105-4862-bee8-c9e55c1a2532 | ITER: 1 START
2020-04-26 11:15:55.769 9763 RALLYDEBUG rally.task.runner [-] Starting a worker. times: 10 duration: None concurrency: 1 timeout: 0 cls: method_name: run args: {"network_create_args": {}, "network_update_args": {"admin_state_up": false}}
2020-04-26 11:15:55.771 9761 INFO rally.task.runner [-] Task 7058f561-6105-4862-bee8-c9e55c1a2532 | ITER: 2 START
2020-04-26 11:15:55.773 9762 INFO rally.task.runner [-] Task 7058f561-6105-4862-bee8-c9e55c1a2532 | ITER: 3 START
2020-04-26 11:15:55.775 9763 INFO rally.task.runner [-] Task 7058f561-6105-4862-bee8-c9e55c1a2532 | ITER: 4 START
2020-04-26 11:15:56.908 9763 INFO rally.task.runner [-] Task 7058f561-6105-4862-bee8-c9e55c1a2532 | ITER: 4 END: OK
2020-04-26 11:15:56.912 9763 INFO rally.task.runner [-] Task 7058f561-6105-4862-bee8-c9e55c1a2532 | ITER: 5 START
2020-04-26 11:15:57.912 9762 INFO rally.task.runner [-] Task 7058f561-6105-4862-bee8-c9e55c1a2532 | ITER: 3 END: OK
2020-04-26 11:15:57.916 9762 INFO rally.task.runner [-] Task 7058f561-6105-4862-bee8-c9e55c1a2532 | ITER: 6 START
2020-04-26 11:15:58.288 9761 INFO rally.task.runner [-] Task 7058f561-6105-4862-bee8-c9e55c1a2532 | ITER: 2 END: OK
2020-04-26 11:15:58.293 9761 INFO rally.task.runner [-] Task 7058f561-6105-4862-bee8-c9e55c1a2532 | ITER: 7 START
2020-04-26 11:15:58.426 9763 INFO rally.task.runner [-] Task 7058f561-6105-4862-bee8-c9e55c1a2532 | ITER: 5 END: OK
2020-04-26 11:15:58.430 9763 INFO rally.task.runner [-] Task 7058f561-6105-4862-bee8-c9e55c1a2532 | ITER: 8 START
2020-04-26 11:15:58.714 9760 INFO rally.task.runner [-] Task 7058f561-6105-4862-bee8-c9e55c1a2532 | ITER: 1 END: OK
2020-04-26 11:15:58.717 9760 INFO rally.task.runner [-] Task 7058f561-6105-4862-bee8-c9e55c1a2532 | ITER: 9 START
2020-04-26 11:15:59.184 9761 INFO rally.task.runner [-] Task 7058f561-6105-4862-bee8-c9e55c1a2532 | ITER: 7 END: OK
2020-04-26 11:15:59.188 9761 INFO rally.task.runner [-] Task 7058f561-6105-4862-bee8-c9e55c1a2532 | ITER: 10 START
2020-04-26 11:15:59.658 9763 INFO rally.task.runner [-] Task 7058f561-6105-4862-bee8-c9e55c1a2532 | ITER: 8 END: OK
2020-04-26 11:15:59.959 9760 INFO rally.task.runner [-] Task 7058f561-6105-4862-bee8-c9e55c1a2532 | ITER: 9 END: OK
2020-04-26 11:15:59.991 9761 INFO rally.task.runner [-] Task 7058f561-6105-4862-bee8-c9e55c1a2532 | ITER: 10 END: OK
2020-04-26 11:16:00.414 9762 INFO rally.task.runner [-] Task 7058f561-6105-4862-bee8-c9e55c1a2532 | ITER: 6 END: OK
2020-04-26 11:16:00.447 9705 INFO rally.task.context [-] Task 7058f561-6105-4862-bee8-c9e55c1a2532 | Context cleanup@openstack cleanup() started
2020-04-26 11:16:00.459 9705 RALLYDEBUG rally_openstack.task.cleanup.manager [-] Cleaning up neutron vip objects
2020-04-26 11:16:00.939 9705 RALLYDEBUG rally_openstack.task.cleanup.manager [-] Cleaning up neutron health_monitor objects
2020-04-26 11:16:01.328 9705 RALLYDEBUG rally_openstack.task.cleanup.manager [-] Cleaning up neutron pool objects
2020-04-26 11:16:01.750 9705 RALLYDEBUG rally_openstack.task.cleanup.manager [-] Cleaning up neutron loadbalancer objects
2020-04-26 11:16:02.152 9705 RALLYDEBUG rally_openstack.task.cleanup.manager [-] Cleaning up neutron floatingip objects
2020-04-26 11:16:03.927 9705 RALLYDEBUG rally_openstack.task.cleanup.manager [-] Cleaning up neutron trunk objects
2020-04-26 11:16:04.410 9705 RALLYDEBUG rally_openstack.task.cleanup.manager [-] Cleaning up neutron port objects
2020-04-26 11:16:05.031 9705 RALLYDEBUG rally_openstack.task.cleanup.manager [-] Cleaning up neutron subnet objects
2020-04-26 11:16:06.930 9705 RALLYDEBUG rally_openstack.task.cleanup.manager [-] Cleaning up neutron network objects
2020-04-26 11:16:07.735 9705 RALLYDEBUG rally_openstack.task.cleanup.manager [-] Deleting neutron.network object s_rally_4ef7c84f_PKRbrUVG (da20243b-a303-402c-9978-d6de55bdeb02)
2020-04-26 11:16:07.737 9705 RALLYDEBUG rally_openstack.task.cleanup.manager [-] Deleting neutron.network object s_rally_4ef7c84f_L6oR67o6 (9c1925b6-beea-452d-9878-e02d25275c83)
2020-04-26 11:16:07.749 9705 RALLYDEBUG rally_openstack.task.cleanup.manager [-] Deleting neutron.network object s_rally_4ef7c84f_LHmspvCP (d206ea0c-7f90-4169-b288-5040c2d955bd)
2020-04-26 11:16:07.755 9705 RALLYDEBUG rally_openstack.task.cleanup.manager [-] Deleting neutron.network object s_rally_4ef7c84f_D35KABLo (da5f38f8-52f6-4046-a5b2-0d4e3afa060b)
2020-04-26 11:16:07.771 9705 RALLYDEBUG rally_openstack.task.cleanup.manager [-] Deleting neutron.network object s_rally_4ef7c84f_DcLga1Zb (5329a72a-56d4-49c4-a9b9-fadafdaf93ee)
2020-04-26 11:16:07.779 9705 RALLYDEBUG rally_openstack.task.cleanup.manager [-] Deleting neutron.network object s_rally_4ef7c84f_jOOZexNn (605c9764-6004-470c-ab3b-cc79b9abc3f3)
2020-04-26 11:16:07.784 9705 RALLYDEBUG rally_openstack.task.cleanup.manager [-] Deleting neutron.network object s_rally_4ef7c84f_KpcvgbqD (94d23eca-0889-4164-9226-b4d71836e488)
2020-04-26 11:16:07.790 9705 RALLYDEBUG rally_openstack.task.cleanup.manager [-] Deleting neutron.network object s_rally_4ef7c84f_WDLqfAZ1 (982475f8-ce95-419a-ae3b-710464840933)
2020-04-26 11:16:07.800 9705 RALLYDEBUG rally_openstack.task.cleanup.manager [-] Deleting neutron.network object s_rally_4ef7c84f_O4dIC6RP (f5d1914f-8ea3-4d37-b7ab-9a3370ea77e9)
2020-04-26 11:16:07.806 9705 RALLYDEBUG rally_openstack.task.cleanup.manager [-] Deleting neutron.network object s_rally_4ef7c84f_Z02vFoyD (b5d73e7e-10d7-467a-91af-0ea9c9d89d5a)
2020-04-26 11:16:11.266 9705 RALLYDEBUG rally_openstack.task.cleanup.manager [-] Cleaning up neutron router objects
2020-04-26 11:16:11.891 9705 RALLYDEBUG rally_openstack.task.cleanup.manager [-] Cleaning up neutron security_group objects
2020-04-26 11:16:12.527 9705 INFO rally.task.context [-] Task 7058f561-6105-4862-bee8-c9e55c1a2532 | Context cleanup@openstack cleanup() finished in 12.08 sec
2020-04-26 11:16:12.528 9705 INFO rally.task.context [-] Task 7058f561-6105-4862-bee8-c9e55c1a2532 | Context quotas@openstack cleanup() started
2020-04-26 11:16:12.570 9705 INFO rally.task.context [-] Task 7058f561-6105-4862-bee8-c9e55c1a2532 | Context quotas@openstack cleanup() finished in 42.20 msec
2020-04-26 11:16:12.571 9705 INFO rally.task.context [-] Task 7058f561-6105-4862-bee8-c9e55c1a2532 | Context users@openstack cleanup() started
2020-04-26 11:16:14.556 9705 INFO rally.task.context [-] Task 7058f561-6105-4862-bee8-c9e55c1a2532 | Context users@openstack cleanup() finished in 1.99 sec
2020-04-26 11:16:16.202 9705 INFO rally.task.engine [-] Load duration is: 4.644887
2020-04-26 11:16:16.202 9705 INFO rally.task.engine [-] Full runner duration is: 4.692053
2020-04-26 11:16:16.203 9705 INFO rally.task.engine [-] Full duration is: 20.479838
