2020-04-26 12:17:31.241 19411 RALLYDEBUG rally.task.utils [-] Waiting for resource s_rally_4a3c4c90_RFOunj0P. Status changed: BUILD => ACTIVE in 9.161947965621948
2020-04-26 12:17:32.857 19411 WARNING /usr/lib/python3.8/site-packages/rally_openstack/task/scenarios/nova/utils.py [-] The argument 'address' of NovaScenario._associate_floating_ip method accepts a dict-like representation of floating ip. Transmitting a string with just an IP is deprecated.
2020-04-26 12:17:34.335 19410 RALLYDEBUG rally.task.utils [-] Waiting for resource s_rally_4a3c4c90_i3Dy6Hkv. Status changed: BUILD => ACTIVE in 10.353803396224976
2020-04-26 12:17:35.718 19411 INFO rally.task.runner [-] Task 3d9388a6-3e51-4703-bef1-85eed849b829 | ITER: 5 END: OK
2020-04-26 12:17:35.723 19411 INFO rally.task.runner [-] Task 3d9388a6-3e51-4703-bef1-85eed849b829 | ITER: 9 START
2020-04-26 12:17:35.833 19412 RALLYDEBUG rally.task.utils [-] Waiting for resource s_rally_4a3c4c90_wq99mXbU. Status changed: BUILD => ACTIVE in 11.311548233032227
2020-04-26 12:17:35.871 19410 WARNING /usr/lib/python3.8/site-packages/rally_openstack/task/scenarios/nova/utils.py [-] The argument 'address' of NovaScenario._associate_floating_ip method accepts a dict-like representation of floating ip. Transmitting a string with just an IP is deprecated.
2020-04-26 12:17:36.338 19409 RALLYDEBUG rally.task.utils [-] Waiting for resource s_rally_4a3c4c90_H4NM1GX1. Status changed: BUILD => ACTIVE in 7.067114591598511
2020-04-26 12:17:37.463 19412 WARNING /usr/lib/python3.8/site-packages/rally_openstack/task/scenarios/nova/utils.py [-] The argument 'address' of NovaScenario._associate_floating_ip method accepts a dict-like representation of floating ip. Transmitting a string with just an IP is deprecated.
2020-04-26 12:17:38.311 19409 WARNING /usr/lib/python3.8/site-packages/rally_openstack/task/scenarios/nova/utils.py [-] The argument 'address' of NovaScenario._associate_floating_ip method accepts a dict-like representation of floating ip. Transmitting a string with just an IP is deprecated.
2020-04-26 12:17:39.649 19410 INFO rally.task.runner [-] Task 3d9388a6-3e51-4703-bef1-85eed849b829 | ITER: 6 END: OK
2020-04-26 12:17:39.653 19410 INFO rally.task.runner [-] Task 3d9388a6-3e51-4703-bef1-85eed849b829 | ITER: 10 START
2020-04-26 12:17:40.369 19412 INFO rally.task.runner [-] Task 3d9388a6-3e51-4703-bef1-85eed849b829 | ITER: 7 END: OK
2020-04-26 12:17:43.802 19409 INFO rally.task.runner [-] Task 3d9388a6-3e51-4703-bef1-85eed849b829 | ITER: 8 END: OK
2020-04-26 12:17:44.682 19411 RALLYDEBUG rally.task.utils [-] Waiting for resource s_rally_4a3c4c90_Uf7rwlyP. Status changed: BUILD => ACTIVE in 6.780591011047363
2020-04-26 12:17:46.127 19411 WARNING /usr/lib/python3.8/site-packages/rally_openstack/task/scenarios/nova/utils.py [-] The argument 'address' of NovaScenario._associate_floating_ip method accepts a dict-like representation of floating ip. Transmitting a string with just an IP is deprecated.
2020-04-26 12:17:49.112 19411 INFO rally.task.runner [-] Task 3d9388a6-3e51-4703-bef1-85eed849b829 | ITER: 9 END: OK
2020-04-26 12:17:50.197 19410 RALLYDEBUG rally.task.utils [-] Waiting for resource s_rally_4a3c4c90_Gta5W8Lb. Status changed: BUILD => ACTIVE in 6.898923397064209
2020-04-26 12:17:52.817 19410 WARNING /usr/lib/python3.8/site-packages/rally_openstack/task/scenarios/nova/utils.py [-] The argument 'address' of NovaScenario._associate_floating_ip method accepts a dict-like representation of floating ip. Transmitting a string with just an IP is deprecated.
2020-04-26 12:17:55.720 19410 INFO rally.task.runner [-] Task 3d9388a6-3e51-4703-bef1-85eed849b829 | ITER: 10 END: OK
2020-04-26 12:17:55.748 15675 INFO rally.task.context [-] Task 3d9388a6-3e51-4703-bef1-85eed849b829 | Context cleanup@openstack cleanup() started
2020-04-26 12:17:55.755 15675 RALLYDEBUG rally_openstack.task.cleanup.manager [-] Cleaning up nova servers objects
2020-04-26 12:17:57.755 15675 RALLYDEBUG rally_openstack.task.cleanup.manager [-] Deleting nova.servers object s_rally_4a3c4c90_Gta5W8Lb (956390ea-95ae-47ce-b185-c33b7145ffef)
2020-04-26 12:17:57.761 15675 RALLYDEBUG rally_openstack.task.cleanup.manager [-] Deleting nova.servers object s_rally_4a3c4c90_Uf7rwlyP (2486498f-b94c-4e1a-885c-df125af39439)
2020-04-26 12:17:57.768 15675 RALLYDEBUG rally_openstack.task.cleanup.manager [-] Deleting nova.servers object s_rally_4a3c4c90_RFOunj0P (93e6ddc8-95c2-4954-9c99-4aae28c9e90f)
2020-04-26 12:17:57.779 15675 RALLYDEBUG rally_openstack.task.cleanup.manager [-] Deleting nova.servers object s_rally_4a3c4c90_sEaenYAo (501888c9-bb4e-43ef-9781-6ed3f3bc7f06)
2020-04-26 12:17:57.786 15675 RALLYDEBUG rally_openstack.task.cleanup.manager [-] Deleting nova.servers object s_rally_4a3c4c90_H4NM1GX1 (1f7b251d-dd75-4ad2-89fa-8175272825a6)
2020-04-26 12:17:57.793 15675 RALLYDEBUG rally_openstack.task.cleanup.manager [-] Deleting nova.servers object s_rally_4a3c4c90_imx8vKbN (c4e6c328-9c3a-4434-a049-7f2e2ccdf4de)
2020-04-26 12:17:57.798 15675 RALLYDEBUG rally_openstack.task.cleanup.manager [-] Deleting nova.servers object s_rally_4a3c4c90_wq99mXbU (836c1037-3434-4420-8779-5b2916c0d69a)
2020-04-26 12:17:57.804 15675 RALLYDEBUG rally_openstack.task.cleanup.manager [-] Deleting nova.servers object s_rally_4a3c4c90_i3Dy6Hkv (530d2445-2a6c-4973-9e83-dd6ed2ff32c5)
2020-04-26 12:17:57.809 15675 RALLYDEBUG rally_openstack.task.cleanup.manager [-] Deleting nova.servers object s_rally_4a3c4c90_s565IcT4 (0c28dda4-1373-4fc8-bfbd-dc9be160a18d)
2020-04-26 12:17:57.817 15675 RALLYDEBUG rally_openstack.task.cleanup.manager [-] Deleting nova.servers object s_rally_4a3c4c90_JxDaACLT (9eb32360-8cdf-4109-a202-8b1553861520)
2020-04-26 12:18:06.671 15675 RALLYDEBUG rally_openstack.task.cleanup.manager [-] Cleaning up nova server_groups objects
2020-04-26 12:18:07.277 15675 RALLYDEBUG rally_openstack.task.cleanup.manager [-] Cleaning up nova keypairs objects
2020-04-26 12:18:08.328 15675 RALLYDEBUG rally_openstack.task.cleanup.manager [-] Cleaning up neutron floatingip objects
2020-04-26 12:18:09.155 15675 RALLYDEBUG rally_openstack.task.cleanup.manager [-] Deleting neutron.floatingip object s_rally_4a3c4c90_MRY90ymy (46f16d2a-23f5-403e-ba86-d2b1911c6a6e)
2020-04-26 12:18:09.161 15675 RALLYDEBUG rally_openstack.task.cleanup.manager [-] Deleting neutron.floatingip object s_rally_4a3c4c90_fbklIMY8 (55d238f1-16d0-4a06-a924-737aa0e46b29)
2020-04-26 12:18:09.171 15675 RALLYDEBUG rally_openstack.task.cleanup.manager [-] Deleting neutron.floatingip object s_rally_4a3c4c90_0kOsuVZf (629f3da5-7891-46b8-aa20-b721bf351036)
2020-04-26 12:18:09.179 15675 RALLYDEBUG rally_openstack.task.cleanup.manager [-] Deleting neutron.floatingip object s_rally_4a3c4c90_7IqRwVVe (70357388-04ec-4c3b-a2d0-bd1a0bb68d19)
2020-04-26 12:18:09.184 15675 RALLYDEBUG rally_openstack.task.cleanup.manager [-] Deleting neutron.floatingip object s_rally_4a3c4c90_AnIyJ8P5 (454bf517-87bc-4717-b604-c10a271d0a56)
2020-04-26 12:18:09.192 15675 RALLYDEBUG rally_openstack.task.cleanup.manager [-] Deleting neutron.floatingip object s_rally_4a3c4c90_OYMa2DSW (afbcc532-740e-479f-8598-c24a95dab5e5)
2020-04-26 12:18:09.207 15675 RALLYDEBUG rally_openstack.task.cleanup.manager [-] Deleting neutron.floatingip object s_rally_4a3c4c90_Uj9pGxnr (00351848-b00e-4cef-a432-eb25cde3d8f8)
2020-04-26 12:18:09.212 15675 RALLYDEBUG rally_openstack.task.cleanup.manager [-] Deleting neutron.floatingip object s_rally_4a3c4c90_3spcRWb4 (38ac08cb-07b1-4f4b-9c73-6b3f76da9a47)
2020-04-26 12:18:09.221 15675 RALLYDEBUG rally_openstack.task.cleanup.manager [-] Deleting neutron.floatingip object s_rally_4a3c4c90_Gk0K5mLa (437b6b8b-9150-4275-891c-faf08c4a6294)
2020-04-26 12:18:09.248 15675 RALLYDEBUG rally_openstack.task.cleanup.manager [-] Deleting neutron.floatingip object s_rally_4a3c4c90_0bDvmWx2 (6644db20-2e58-4ce0-92c7-f7ca70281757)
2020-04-26 12:18:12.135 15675 INFO rally.task.context [-] Task 3d9388a6-3e51-4703-bef1-85eed849b829 | Context cleanup@openstack cleanup() finished in 16.39 sec
2020-04-26 12:18:12.136 15675 INFO rally.task.context [-] Task 3d9388a6-3e51-4703-bef1-85eed849b829 | Context network@openstack cleanup() started
2020-04-26 12:18:32.742 15675 INFO rally.task.context [-] Task 3d9388a6-3e51-4703-bef1-85eed849b829 | Context network@openstack cleanup() finished in 20.61 sec
2020-04-26 12:18:32.743 15675 INFO rally.task.context [-] Task 3d9388a6-3e51-4703-bef1-85eed849b829 | Context users@openstack cleanup() started
2020-04-26 12:18:34.905 15675 INFO rally.task.context [-] Task 3d9388a6-3e51-4703-bef1-85eed849b829 | Context users@openstack cleanup() finished in 2.16 sec
2020-04-26 12:18:36.304 15675 INFO rally.task.engine [-] Load duration is: 53.057536
2020-04-26 12:18:36.305 15675 INFO rally.task.engine [-] Full runner duration is: 54.102595
2020-04-26 12:18:36.305 15675 INFO rally.task.engine [-] Full duration is: 109.095531
2020-04-26 12:18:36.400 15675 INFO rally.task.engine [-] Running workload: position = 0 config = { "version": 2, "title": "A cropped version of a bigger task.", "description": "Auto-generated task from a single workload (uuid=cb303241-f6b5-478a-a393-ea138e9bb4df)", "subtasks": [ { "title": "NovaServerGroups.create_and_delete_server_group", "description": "Create a server group, then delete it.", "scenario": { "NovaServerGroups.create_and_delete_server_group": { "policies": [ "affinity" ] } }, "contexts": { "users": { "tenants": 3, "users_per_tenant": 2 } }, "runner": { "constant": { "concurrency": 4, "times": 10 } }, "hooks": [], "sla": { "failure_rate": { "max": 0 } } } ] }
2020-04-26 12:18:36.420 15675 RALLYDEBUG rally_openstack.task.contexts.keystone.users [-] Creating 3 tenants using 3 threads
2020-04-26 12:18:36.844 15675 RALLYDEBUG rally_openstack.task.contexts.keystone.users [-] Creating 6 users using 6 threads
2020-04-26 12:18:37.868 15675 INFO rally.task.context [-] Task 3d9388a6-3e51-4703-bef1-85eed849b829 | Context users@openstack setup() finished in 1.45 sec
2020-04-26 12:18:37.868 15675 INFO rally.task.context [-] Task 3d9388a6-3e51-4703-bef1-85eed849b829 | Context cleanup@openstack setup() finished in 0.02 msec
2020-04-26 12:18:37.877 15675 RALLYDEBUG rally.task.runner [-] Starting the constant runner (task UUID: 3d9388a6-3e51-4703-bef1-85eed849b829). times: 10 concurrency: 4 timeout: 0 max_cpu_used: 88 processes_to_start: 4 concurrency_per_worker: 1 concurrency_overhead: 0
2020-04-26 12:18:37.888 19562 RALLYDEBUG rally.task.runner [-] Starting a worker. times: 10 duration: None concurrency: 1 timeout: 0 cls: method_name: run args: {"policies": ["affinity"]}
2020-04-26 12:18:37.890 19563 RALLYDEBUG rally.task.runner [-] Starting a worker. times: 10 duration: None concurrency: 1 timeout: 0 cls: method_name: run args: {"policies": ["affinity"]}
2020-04-26 12:18:37.892 19564 RALLYDEBUG rally.task.runner [-] Starting a worker. times: 10 duration: None concurrency: 1 timeout: 0 cls: method_name: run args: {"policies": ["affinity"]}
2020-04-26 12:18:37.894 19562 INFO rally.task.runner [-] Task 3d9388a6-3e51-4703-bef1-85eed849b829 | ITER: 1 START
2020-04-26 12:18:37.896 19563 INFO rally.task.runner [-] Task 3d9388a6-3e51-4703-bef1-85eed849b829 | ITER: 2 START
2020-04-26 12:18:37.896 19565 RALLYDEBUG rally.task.runner [-] Starting a worker. times: 10 duration: None concurrency: 1 timeout: 0 cls: method_name: run args: {"policies": ["affinity"]}
2020-04-26 12:18:37.897 19564 INFO rally.task.runner [-] Task 3d9388a6-3e51-4703-bef1-85eed849b829 | ITER: 3 START
2020-04-26 12:18:37.902 19565 INFO rally.task.runner [-] Task 3d9388a6-3e51-4703-bef1-85eed849b829 | ITER: 4 START
2020-04-26 12:18:38.309 19563 INFO rally.task.runner [-] Task 3d9388a6-3e51-4703-bef1-85eed849b829 | ITER: 2 END: OK
2020-04-26 12:18:38.313 19563 INFO rally.task.runner [-] Task 3d9388a6-3e51-4703-bef1-85eed849b829 | ITER: 5 START
2020-04-26 12:18:38.315 19562 INFO rally.task.runner [-] Task 3d9388a6-3e51-4703-bef1-85eed849b829 | ITER: 1 END: OK
2020-04-26 12:18:38.317 19564 INFO rally.task.runner [-] Task 3d9388a6-3e51-4703-bef1-85eed849b829 | ITER: 3 END: OK
2020-04-26 12:18:38.319 19562 INFO rally.task.runner [-] Task 3d9388a6-3e51-4703-bef1-85eed849b829 | ITER: 6 START
2020-04-26 12:18:38.320 19564 INFO rally.task.runner [-] Task 3d9388a6-3e51-4703-bef1-85eed849b829 | ITER: 7 START
2020-04-26 12:18:38.325 19565 INFO rally.task.runner [-] Task 3d9388a6-3e51-4703-bef1-85eed849b829 | ITER: 4 END: OK
2020-04-26 12:18:38.327 19565 INFO rally.task.runner [-] Task 3d9388a6-3e51-4703-bef1-85eed849b829 | ITER: 8 START
2020-04-26 12:18:38.559 19562 INFO rally.task.runner [-] Task 3d9388a6-3e51-4703-bef1-85eed849b829 | ITER: 6 END: OK
2020-04-26 12:18:38.562 19562 INFO rally.task.runner [-] Task 3d9388a6-3e51-4703-bef1-85eed849b829 | ITER: 9 START
2020-04-26 12:18:38.567 19565 INFO rally.task.runner [-] Task 3d9388a6-3e51-4703-bef1-85eed849b829 | ITER: 8 END: OK
2020-04-26 12:18:38.568 19563 INFO rally.task.runner [-] Task 3d9388a6-3e51-4703-bef1-85eed849b829 | ITER: 5 END: OK
2020-04-26 12:18:38.568 19564 INFO rally.task.runner [-] Task 3d9388a6-3e51-4703-bef1-85eed849b829 | ITER: 7 END: OK
2020-04-26 12:18:38.570 19565 INFO rally.task.runner [-] Task 3d9388a6-3e51-4703-bef1-85eed849b829 | ITER: 10 START
2020-04-26 12:18:38.809 19562 INFO rally.task.runner [-] Task 3d9388a6-3e51-4703-bef1-85eed849b829 | ITER: 9 END: OK
2020-04-26 12:18:38.819 19565 INFO rally.task.runner [-] Task 3d9388a6-3e51-4703-bef1-85eed849b829 | ITER: 10 END: OK
2020-04-26 12:18:38.844 15675 INFO rally.task.context [-] Task 3d9388a6-3e51-4703-bef1-85eed849b829 | Context cleanup@openstack cleanup() started
2020-04-26 12:18:38.847 15675 RALLYDEBUG rally_openstack.task.cleanup.manager [-] Cleaning up nova servers objects
2020-04-26 12:18:39.711 15675 RALLYDEBUG rally_openstack.task.cleanup.manager [-] Cleaning up nova server_groups objects
2020-04-26 12:18:40.412 15675 RALLYDEBUG rally_openstack.task.cleanup.manager [-] Cleaning up nova keypairs objects
2020-04-26 12:18:41.584 15675 INFO rally.task.context [-] Task 3d9388a6-3e51-4703-bef1-85eed849b829 | Context cleanup@openstack cleanup() finished in 2.74 sec
2020-04-26 12:18:41.585 15675 INFO rally.task.context [-] Task 3d9388a6-3e51-4703-bef1-85eed849b829 | Context users@openstack cleanup() started
2020-04-26 12:18:44.036 15675 INFO rally.task.context [-] Task 3d9388a6-3e51-4703-bef1-85eed849b829 | Context users@openstack cleanup() finished in 2.45 sec
2020-04-26 12:18:44.489 15675 INFO rally.task.engine [-] Load duration is: 0.924246
2020-04-26 12:18:44.490 15675 INFO rally.task.engine [-] Full runner duration is: 0.96711
2020-04-26 12:18:44.490 15675 INFO rally.task.engine [-] Full duration is: 7.617738
2020-04-26 12:18:44.550 15675 INFO rally.task.engine [-] Running workload: position = 0 config = { "version": 2, "title": "A cropped version of a bigger task.", "description": "Auto-generated task from a single workload (uuid=58605c9b-d005-4bac-96b3-a199054d5f35)", "subtasks": [ { "title": "NovaServerGroups.create_and_get_server_group", "description": "Create a server group, then get its detailed information.", "scenario": { "NovaServerGroups.create_and_get_server_group": { "policies": [ "affinity" ] } }, "contexts": { "users": { "tenants": 3, "users_per_tenant": 2 } }, "runner": { "constant": { "concurrency": 4, "times": 10 } }, "hooks": [], "sla": { "failure_rate": { "max": 0 } } } ] }
2020-04-26 12:18:44.563 15675 RALLYDEBUG rally_openstack.task.contexts.keystone.users [-] Creating 3 tenants using 3 threads
2020-04-26 12:18:45.056 15675 RALLYDEBUG rally_openstack.task.contexts.keystone.users [-] Creating 6 users using 6 threads
2020-04-26 12:18:45.851 15675 INFO rally.task.context [-] Task 3d9388a6-3e51-4703-bef1-85eed849b829 | Context users@openstack setup() finished in 1.29 sec
2020-04-26 12:18:45.852 15675 INFO rally.task.context [-] Task 3d9388a6-3e51-4703-bef1-85eed849b829 | Context cleanup@openstack setup() finished in 0.02 msec
2020-04-26 12:18:45.857 15675 RALLYDEBUG rally.task.runner [-] Starting the constant runner (task UUID: 3d9388a6-3e51-4703-bef1-85eed849b829). times: 10 concurrency: 4 timeout: 0 max_cpu_used: 88 processes_to_start: 4 concurrency_per_worker: 1 concurrency_overhead: 0
2020-04-26 12:18:45.866 19695 RALLYDEBUG rally.task.runner [-] Starting a worker. times: 10 duration: None concurrency: 1 timeout: 0 cls: method_name: run args: {"policies": ["affinity"]}
2020-04-26 12:18:45.868 19696 RALLYDEBUG rally.task.runner [-] Starting a worker. times: 10 duration: None concurrency: 1 timeout: 0 cls: method_name: run args: {"policies": ["affinity"]}
2020-04-26 12:18:45.871 19697 RALLYDEBUG rally.task.runner [-] Starting a worker. times: 10 duration: None concurrency: 1 timeout: 0 cls: method_name: run args: {"policies": ["affinity"]}
2020-04-26 12:18:45.872 19695 INFO rally.task.runner [-] Task 3d9388a6-3e51-4703-bef1-85eed849b829 | ITER: 1 START
2020-04-26 12:18:45.873 19698 RALLYDEBUG rally.task.runner [-] Starting a worker. times: 10 duration: None concurrency: 1 timeout: 0 cls: method_name: run args: {"policies": ["affinity"]}
2020-04-26 12:18:45.874 19696 INFO rally.task.runner [-] Task 3d9388a6-3e51-4703-bef1-85eed849b829 | ITER: 2 START
2020-04-26 12:18:45.876 19697 INFO rally.task.runner [-] Task 3d9388a6-3e51-4703-bef1-85eed849b829 | ITER: 3 START
2020-04-26 12:18:45.878 19698 INFO rally.task.runner [-] Task 3d9388a6-3e51-4703-bef1-85eed849b829 | ITER: 4 START
2020-04-26 12:18:46.228 19696 INFO rally.task.runner [-] Task 3d9388a6-3e51-4703-bef1-85eed849b829 | ITER: 2 END: OK
2020-04-26 12:18:46.233 19696 INFO rally.task.runner [-] Task 3d9388a6-3e51-4703-bef1-85eed849b829 | ITER: 5 START
2020-04-26 12:18:46.233 19695 INFO rally.task.runner [-] Task 3d9388a6-3e51-4703-bef1-85eed849b829 | ITER: 1 END: OK
2020-04-26 12:18:46.237 19695 INFO rally.task.runner [-] Task 3d9388a6-3e51-4703-bef1-85eed849b829 | ITER: 6 START
2020-04-26 12:18:46.239 19697 INFO rally.task.runner [-] Task 3d9388a6-3e51-4703-bef1-85eed849b829 | ITER: 3 END: OK
2020-04-26 12:18:46.242 19697 INFO rally.task.runner [-] Task 3d9388a6-3e51-4703-bef1-85eed849b829 | ITER: 7 START
2020-04-26 12:18:46.249 19698 INFO rally.task.runner [-] Task 3d9388a6-3e51-4703-bef1-85eed849b829 | ITER: 4 END: OK
2020-04-26 12:18:46.252 19698 INFO rally.task.runner [-] Task 3d9388a6-3e51-4703-bef1-85eed849b829 | ITER: 8 START
2020-04-26 12:18:46.444 19695 INFO rally.task.runner [-] Task 3d9388a6-3e51-4703-bef1-85eed849b829 | ITER: 6 END: OK
2020-04-26 12:18:46.448 19695 INFO rally.task.runner [-] Task 3d9388a6-3e51-4703-bef1-85eed849b829 | ITER: 9 START
2020-04-26 12:18:46.465 19697 INFO rally.task.runner [-] Task 3d9388a6-3e51-4703-bef1-85eed849b829 | ITER: 7 END: OK
2020-04-26 12:18:46.468 19697 INFO rally.task.runner [-] Task 3d9388a6-3e51-4703-bef1-85eed849b829 | ITER: 10 START
2020-04-26 12:18:46.534 19696 INFO rally.task.runner [-] Task 3d9388a6-3e51-4703-bef1-85eed849b829 | ITER: 5 END: OK
2020-04-26 12:18:46.545 19698 INFO rally.task.runner [-] Task 3d9388a6-3e51-4703-bef1-85eed849b829 | ITER: 8 END: OK
2020-04-26 12:18:46.666 19695 INFO rally.task.runner [-] Task 3d9388a6-3e51-4703-bef1-85eed849b829 | ITER: 9 END: OK
2020-04-26 12:18:46.680 19697 INFO rally.task.runner [-] Task 3d9388a6-3e51-4703-bef1-85eed849b829 | ITER: 10 END: OK
2020-04-26 12:18:46.701 15675 INFO rally.task.context [-] Task 3d9388a6-3e51-4703-bef1-85eed849b829 | Context cleanup@openstack cleanup() started
2020-04-26 12:18:46.704 15675 RALLYDEBUG rally_openstack.task.cleanup.manager [-] Cleaning up nova servers objects
2020-04-26 12:18:47.519 15675 RALLYDEBUG rally_openstack.task.cleanup.manager [-] Cleaning up nova server_groups objects
2020-04-26 12:18:47.909 15675 RALLYDEBUG rally_openstack.task.cleanup.manager [-] Deleting nova.server_groups object s_rally_58605c9b_dyNVk4kA (d0dc2780-f456-4df3-8581-ac1a470129f6)
2020-04-26 12:18:47.915 15675 RALLYDEBUG rally_openstack.task.cleanup.manager [-] Deleting nova.server_groups object s_rally_58605c9b_3p0pVNxE (8d3ab8bb-2202-482d-a52c-72e4886cf53a)
2020-04-26 12:18:47.925 15675 RALLYDEBUG rally_openstack.task.cleanup.manager [-] Deleting nova.server_groups object s_rally_58605c9b_L2A2RSWq (ffb960ec-9008-4628-9aec-440e8cd17fa4)
2020-04-26 12:18:47.931 15675 RALLYDEBUG rally_openstack.task.cleanup.manager [-] Deleting nova.server_groups object s_rally_58605c9b_tp3ZYFtR (22c7a76b-b416-4e2f-926f-debe69948df5)
2020-04-26 12:18:47.936 15675 RALLYDEBUG rally_openstack.task.cleanup.manager [-] Deleting nova.server_groups object s_rally_58605c9b_sbH81mhv (095f53c6-642f-4c7a-8074-7592477bd491)
2020-04-26 12:18:47.942 15675 RALLYDEBUG rally_openstack.task.cleanup.manager [-] Deleting nova.server_groups object s_rally_58605c9b_AdnW5D4v (b5f24065-3ff5-48f6-b320-23bc1d22c8de)
2020-04-26 12:18:47.947 15675 RALLYDEBUG rally_openstack.task.cleanup.manager [-] Deleting nova.server_groups object s_rally_58605c9b_vPV8Cu8X (6d7b7b45-dcb7-4181-99b6-1dae06f59967)
2020-04-26 12:18:47.971 15675 RALLYDEBUG rally_openstack.task.cleanup.manager [-] Deleting nova.server_groups object s_rally_58605c9b_krJMXuxt (eeb8fae1-6766-4b0a-9b98-8b08f6ed795e)
2020-04-26 12:18:47.978 15675 RALLYDEBUG rally_openstack.task.cleanup.manager [-] Deleting nova.server_groups object s_rally_58605c9b_vEKP50Ig (1d9779fe-41be-4d92-8132-8be9de4cddf6)
2020-04-26 12:18:47.998 15675 RALLYDEBUG rally_openstack.task.cleanup.manager [-] Deleting nova.server_groups object s_rally_58605c9b_70nj54Es (b1585dd7-d279-4d28-920c-75e30bd60189)
2020-04-26 12:18:49.301 15675 RALLYDEBUG rally_openstack.task.cleanup.manager [-] Cleaning up nova keypairs objects
2020-04-26 12:18:50.188 15675 INFO rally.task.context [-] Task 3d9388a6-3e51-4703-bef1-85eed849b829 | Context cleanup@openstack cleanup() finished in 3.49 sec
2020-04-26 12:18:50.188 15675 INFO rally.task.context [-] Task 3d9388a6-3e51-4703-bef1-85eed849b829 | Context users@openstack cleanup() started
2020-04-26 12:18:53.594 15675 INFO rally.task.context [-] Task 3d9388a6-3e51-4703-bef1-85eed849b829 | Context users@openstack cleanup() finished in 3.41 sec
2020-04-26 12:18:54.629 15675 INFO rally.task.engine [-] Load duration is: 0.806873
2020-04-26 12:18:54.630 15675 INFO rally.task.engine [-] Full runner duration is: 0.844125
2020-04-26 12:18:54.630 15675 INFO rally.task.engine [-] Full duration is: 9.033607
2020-04-26 12:18:54.718 15675 INFO rally.task.engine [-] Running workload: position = 0 config = { "version": 2, "title": "A cropped version of a bigger task.", "description": "Auto-generated task from a single workload (uuid=bcd7f924-f173-4823-a3e2-7a227e9a2240)", "subtasks": [ { "title": "NovaServerGroups.create_and_list_server_groups", "description": "Create a server group, then list all server groups.", "scenario": { "NovaServerGroups.create_and_list_server_groups": { "policies": [ "affinity" ], "all_projects": false } }, "contexts": { "users": { "tenants": 3, "users_per_tenant": 2 } }, "runner": { "constant": { "concurrency": 4, "times": 10 } }, "hooks": [], "sla": { "failure_rate": { "max": 0 } } } ] }
2020-04-26 12:18:54.735 15675 RALLYDEBUG rally_openstack.task.contexts.keystone.users [-] Creating 3 tenants using 3 threads
2020-04-26 12:18:55.253 15675 RALLYDEBUG rally_openstack.task.contexts.keystone.users [-] Creating 6 users using 6 threads
2020-04-26 12:18:56.198 15675 INFO rally.task.context [-] Task 3d9388a6-3e51-4703-bef1-85eed849b829 | Context users@openstack setup() finished in 1.46 sec
2020-04-26 12:18:56.198 15675 INFO rally.task.context [-] Task 3d9388a6-3e51-4703-bef1-85eed849b829 | Context cleanup@openstack setup() finished in 0.00 msec
2020-04-26 12:18:56.208 15675 RALLYDEBUG rally.task.runner [-] Starting the constant runner (task UUID: 3d9388a6-3e51-4703-bef1-85eed849b829). times: 10 concurrency: 4 timeout: 0 max_cpu_used: 88 processes_to_start: 4 concurrency_per_worker: 1 concurrency_overhead: 0
2020-04-26 12:18:56.217 19828 RALLYDEBUG rally.task.runner [-] Starting a worker. times: 10 duration: None concurrency: 1 timeout: 0 cls: method_name: run args: {"policies": ["affinity"], "all_projects": false}
2020-04-26 12:18:56.220 19829 RALLYDEBUG rally.task.runner [-] Starting a worker. times: 10 duration: None concurrency: 1 timeout: 0 cls: method_name: run args: {"policies": ["affinity"], "all_projects": false}
2020-04-26 12:18:56.221 19830 RALLYDEBUG rally.task.runner [-] Starting a worker. times: 10 duration: None concurrency: 1 timeout: 0 cls: method_name: run args: {"policies": ["affinity"], "all_projects": false}
2020-04-26 12:18:56.222 19828 INFO rally.task.runner [-] Task 3d9388a6-3e51-4703-bef1-85eed849b829 | ITER: 1 START
2020-04-26 12:18:56.224 19831 RALLYDEBUG rally.task.runner [-] Starting a worker. times: 10 duration: None concurrency: 1 timeout: 0 cls: method_name: run args: {"policies": ["affinity"], "all_projects": false}
2020-04-26 12:18:56.226 19829 INFO rally.task.runner [-] Task 3d9388a6-3e51-4703-bef1-85eed849b829 | ITER: 2 START
2020-04-26 12:18:56.227 19830 INFO rally.task.runner [-] Task 3d9388a6-3e51-4703-bef1-85eed849b829 | ITER: 3 START
2020-04-26 12:18:56.230 19831 INFO rally.task.runner [-] Task 3d9388a6-3e51-4703-bef1-85eed849b829 | ITER: 4 START
2020-04-26 12:18:56.587 19829 INFO rally.task.runner [-] Task 3d9388a6-3e51-4703-bef1-85eed849b829 | ITER: 2 END: OK
2020-04-26 12:18:56.591 19829 INFO rally.task.runner [-] Task 3d9388a6-3e51-4703-bef1-85eed849b829 | ITER: 5 START
2020-04-26 12:18:56.599 19831 INFO rally.task.runner [-] Task 3d9388a6-3e51-4703-bef1-85eed849b829 | ITER: 4 END: OK
2020-04-26 12:18:56.603 19831 INFO rally.task.runner [-] Task 3d9388a6-3e51-4703-bef1-85eed849b829 | ITER: 6 START
2020-04-26 12:18:56.616 19830 INFO rally.task.runner [-] Task 3d9388a6-3e51-4703-bef1-85eed849b829 | ITER: 3 END: OK
2020-04-26 12:18:56.619 19830 INFO rally.task.runner [-] Task 3d9388a6-3e51-4703-bef1-85eed849b829 | ITER: 7 START
2020-04-26 12:18:56.636 19828 INFO rally.task.runner [-] Task 3d9388a6-3e51-4703-bef1-85eed849b829 | ITER: 1 END: OK
2020-04-26 12:18:56.640 19828 INFO rally.task.runner [-] Task 3d9388a6-3e51-4703-bef1-85eed849b829 | ITER: 8 START
2020-04-26 12:18:56.826 19831 INFO rally.task.runner [-] Task 3d9388a6-3e51-4703-bef1-85eed849b829 | ITER: 6 END: OK
2020-04-26 12:18:56.830 19831 INFO rally.task.runner [-] Task 3d9388a6-3e51-4703-bef1-85eed849b829 | ITER: 9 START
2020-04-26 12:18:56.850 19830 INFO rally.task.runner [-] Task 3d9388a6-3e51-4703-bef1-85eed849b829 | ITER: 7 END: OK
2020-04-26 12:18:56.853 19830 INFO rally.task.runner [-] Task 3d9388a6-3e51-4703-bef1-85eed849b829 | ITER: 10 START
2020-04-26 12:18:56.861 19828 INFO rally.task.runner [-] Task 3d9388a6-3e51-4703-bef1-85eed849b829 | ITER: 8 END: OK
2020-04-26 12:18:56.890 19829 INFO rally.task.runner [-] Task 3d9388a6-3e51-4703-bef1-85eed849b829 | ITER: 5 END: OK
2020-04-26 12:18:57.056 19830 INFO rally.task.runner [-] Task 3d9388a6-3e51-4703-bef1-85eed849b829 | ITER: 10 END: OK
2020-04-26 12:18:57.106 19831 INFO rally.task.runner [-] Task 3d9388a6-3e51-4703-bef1-85eed849b829 | ITER: 9 END: OK
2020-04-26 12:18:57.131 15675 INFO rally.task.context [-] Task 3d9388a6-3e51-4703-bef1-85eed849b829 | Context cleanup@openstack cleanup() started
2020-04-26 12:18:57.134 15675 RALLYDEBUG rally_openstack.task.cleanup.manager [-] Cleaning up nova servers objects
2020-04-26 12:18:57.995 15675 RALLYDEBUG rally_openstack.task.cleanup.manager [-] Cleaning up nova server_groups objects
2020-04-26 12:18:58.664 15675 RALLYDEBUG rally_openstack.task.cleanup.manager [-] Deleting nova.server_groups object s_rally_bcd7f924_D4TKkFVz (0d867b0a-b809-4514-9325-9d31cb5078fd)
2020-04-26 12:18:58.670 15675 RALLYDEBUG rally_openstack.task.cleanup.manager [-] Deleting nova.server_groups object s_rally_bcd7f924_Ngzu7M3A (440e32d9-abe8-4c23-8676-fba18b30d327)
2020-04-26 12:18:58.680 15675 RALLYDEBUG rally_openstack.task.cleanup.manager [-] Deleting nova.server_groups object s_rally_bcd7f924_wqXD3psi (c5ae34ca-c888-4803-b7a8-1228b388447b)
2020-04-26 12:18:58.686 15675 RALLYDEBUG rally_openstack.task.cleanup.manager [-] Deleting nova.server_groups object s_rally_bcd7f924_HTamCpEd (23a17add-408c-4d92-830e-d1c963ba26cc)
2020-04-26 12:18:58.701 15675 RALLYDEBUG rally_openstack.task.cleanup.manager [-] Deleting nova.server_groups object s_rally_bcd7f924_b6xcH4C8 (d405c8c0-952e-4027-ac58-918e9c01b535)
2020-04-26 12:18:58.709 15675 RALLYDEBUG rally_openstack.task.cleanup.manager [-] Deleting nova.server_groups object s_rally_bcd7f924_LdGMV7OR (54912213-011d-4c42-92fc-09a96f6e040a)
2020-04-26 12:18:58.719 15675 RALLYDEBUG rally_openstack.task.cleanup.manager [-] Deleting nova.server_groups object s_rally_bcd7f924_7uECMDaA (e5665adb-8908-4aad-b708-7ba5e3aad741)
2020-04-26 12:18:58.725 15675 RALLYDEBUG rally_openstack.task.cleanup.manager [-] Deleting nova.server_groups object s_rally_bcd7f924_QZXBP1iX (000b6ebb-b342-4f12-8f96-4f685b4b405f)
2020-04-26 12:18:58.734 15675 RALLYDEBUG rally_openstack.task.cleanup.manager [-] Deleting nova.server_groups object s_rally_bcd7f924_68AlB38x (f95a5cf2-64f4-4559-a778-ef55304237db)
2020-04-26 12:18:58.749 15675 RALLYDEBUG rally_openstack.task.cleanup.manager [-] Deleting nova.server_groups object s_rally_bcd7f924_Lq8gAlIv (7e804c76-4121-420a-a549-98b380d5768c)
2020-04-26 12:19:00.028 15675 RALLYDEBUG rally_openstack.task.cleanup.manager [-] Cleaning up nova keypairs objects
2020-04-26 12:19:01.314 15675 INFO rally.task.context [-] Task 3d9388a6-3e51-4703-bef1-85eed849b829 | Context cleanup@openstack cleanup() finished in 4.18 sec
2020-04-26 12:19:01.315 15675 INFO rally.task.context [-] Task 3d9388a6-3e51-4703-bef1-85eed849b829 | Context users@openstack cleanup() started
2020-04-26 12:19:03.666 15675 INFO rally.task.context [-] Task 3d9388a6-3e51-4703-bef1-85eed849b829 | Context users@openstack cleanup() finished in 2.35 sec
2020-04-26 12:19:04.806 15675 INFO rally.task.engine [-] Load duration is: 0.882195
2020-04-26 12:19:04.807 15675 INFO rally.task.engine [-] Full runner duration is: 0.924252
2020-04-26 12:19:04.807 15675 INFO rally.task.engine [-] Full duration is: 8.93284
2020-04-26 12:19:04.880 15675 INFO rally.task.engine [-] Task 3d9388a6-3e51-4703-bef1-85eed849b829 | Completed: Running task.
2020-04-26 12:19:06.483 19950 RALLYDEBUG rally.api [-] INFO logs from urllib3 and requests module are hide.
2020-04-26 12:19:06.484 19950 RALLYDEBUG rally.api [-] urllib3 insecure warnings are hidden.
2020-04-26 12:19:06.484 19950 RALLYDEBUG rally.api [-] ERROR log from boto module is hide.
2020-04-26 12:19:07.702 19952 RALLYDEBUG rally.api [-] INFO logs from urllib3 and requests module are hide.
2020-04-26 12:19:07.702 19952 RALLYDEBUG rally.api [-] urllib3 insecure warnings are hidden.
2020-04-26 12:19:07.702 19952 RALLYDEBUG rally.api [-] ERROR log from boto module is hide.
2020-04-26 12:19:09.072 19954 RALLYDEBUG rally.api [-] INFO logs from urllib3 and requests module are hide.
2020-04-26 12:19:09.072 19954 RALLYDEBUG rally.api [-] urllib3 insecure warnings are hidden.
2020-04-26 12:19:09.073 19954 RALLYDEBUG rally.api [-] ERROR log from boto module is hide.
2020-04-26 12:19:10.792 19954 INFO rally.api [-] Building 'json' report for the following task(s): '3d9388a6-3e51-4703-bef1-85eed849b829'.
2020-04-26 12:19:10.854 19954 INFO rally.api [-] The report has been successfully built.
2020-04-26 12:19:12.130 19956 RALLYDEBUG rally.api [-] INFO logs from urllib3 and requests module are hide.
2020-04-26 12:19:12.130 19956 RALLYDEBUG rally.api [-] urllib3 insecure warnings are hidden.
2020-04-26 12:19:12.130 19956 RALLYDEBUG rally.api [-] ERROR log from boto module is hide.
2020-04-26 12:19:13.807 19956 INFO rally.task.engine [-] Task f8e652aa-9c4d-4007-9d7a-41bfa8209514 | Starting: Task validation.
2020-04-26 12:19:13.820 19956 INFO rally.task.engine [-] Task f8e652aa-9c4d-4007-9d7a-41bfa8209514 | Starting: Task validation of syntax.
2020-04-26 12:19:13.855 19956 INFO rally.task.engine [-] Task f8e652aa-9c4d-4007-9d7a-41bfa8209514 | Completed: Task validation of syntax.
2020-04-26 12:19:13.856 19956 INFO rally.task.engine [-] Task f8e652aa-9c4d-4007-9d7a-41bfa8209514 | Starting: Task validation of required platforms.
2020-04-26 12:19:13.877 19956 INFO rally.task.engine [-] Task f8e652aa-9c4d-4007-9d7a-41bfa8209514 | Completed: Task validation of required platforms.
2020-04-26 12:19:13.878 19956 INFO rally.task.engine [-] Task f8e652aa-9c4d-4007-9d7a-41bfa8209514 | Starting: Task validation of semantic.
2020-04-26 12:19:13.878 19956 INFO rally.task.engine [-] Check health of the environment '6325f1f3-3681-44ca-9a3c-bea9e7dc643d'.
2020-04-26 12:19:14.355 19956 INFO rally.task.engine [-] Platform existing@openstack (available: True): OK!
2020-04-26 12:19:14.366 19956 RALLYDEBUG rally_openstack.task.contexts.keystone.users [-] Creating 1 tenants using 1 threads
2020-04-26 12:19:14.668 19956 RALLYDEBUG rally_openstack.task.contexts.keystone.users [-] Creating 1 users using 1 threads
2020-04-26 12:19:15.212 19956 INFO rally.task.context [-] Task f8e652aa-9c4d-4007-9d7a-41bfa8209514 | Context users@openstack setup() finished in 0.85 sec
2020-04-26 12:19:15.429 19956 INFO rally.task.context [-] Task f8e652aa-9c4d-4007-9d7a-41bfa8209514 | Context users@openstack cleanup() started
2020-04-26 12:19:16.694 19956 INFO rally.task.context [-] Task f8e652aa-9c4d-4007-9d7a-41bfa8209514 | Context users@openstack cleanup() finished in 1.26 sec
2020-04-26 12:19:16.695 19956 INFO rally.task.engine [-] Task f8e652aa-9c4d-4007-9d7a-41bfa8209514 | Completed: Task validation of semantic.
2020-04-26 12:19:16.695 19956 INFO rally.task.engine [-] Task f8e652aa-9c4d-4007-9d7a-41bfa8209514 | Completed: Task validation.
2020-04-26 12:19:16.695 19956 INFO rally.api [-] Task f8e652aa-9c4d-4007-9d7a-41bfa8209514 input file is valid.
2020-04-26 12:19:16.696 19956 INFO rally.api [-] Run Task f8e652aa-9c4d-4007-9d7a-41bfa8209514 against Deployment 6325f1f3-3681-44ca-9a3c-bea9e7dc643d
2020-04-26 12:19:16.696 19956 INFO rally.task.engine [-] Task f8e652aa-9c4d-4007-9d7a-41bfa8209514 | Starting: Running task.
2020-04-26 12:19:16.746 19956 INFO rally.task.engine [-] Running workload: position = 0 config = { "version": 2, "title": "A cropped version of a bigger task.", "description": "Auto-generated task from a single workload (uuid=4f1e1e97-2c11-4be7-8155-2f1b3f3096ae)", "subtasks": [ { "title": "Quotas.cinder_update_and_delete", "description": "Update and Delete quotas for Cinder.", "scenario": { "Quotas.cinder_update_and_delete": { "max_quota": 1024 } }, "contexts": { "users": { "tenants": 3, "users_per_tenant": 2 }, "api_versions": { "cinder": { "version": 3, "service_type": "volumev3" } } }, "runner": { "constant": { "concurrency": 4, "times": 10 } }, "hooks": [], "sla": { "failure_rate": { "max": 0 } } } ] }
2020-04-26 12:19:16.760 19956 RALLYDEBUG rally_openstack.task.contexts.keystone.users [-] Creating 3 tenants using 3 threads
2020-04-26 12:19:17.402 19956 RALLYDEBUG rally_openstack.task.contexts.keystone.users [-] Creating 6 users using 6 threads
2020-04-26 12:19:18.197 19956 INFO rally.task.context [-] Task f8e652aa-9c4d-4007-9d7a-41bfa8209514 | Context users@openstack setup() finished in 1.44 sec
2020-04-26 12:19:18.325 19956 INFO rally.task.context [-] Task f8e652aa-9c4d-4007-9d7a-41bfa8209514 | Context api_versions@openstack setup() finished in 0.13 sec
2020-04-26 12:19:18.326 19956 INFO rally.task.context [-] Task f8e652aa-9c4d-4007-9d7a-41bfa8209514 | Context admin_cleanup@openstack setup() finished in 0.00 msec
2020-04-26 12:19:18.335 19956 RALLYDEBUG rally.task.runner [-] Starting the constant runner (task UUID: f8e652aa-9c4d-4007-9d7a-41bfa8209514). times: 10 concurrency: 4 timeout: 0 max_cpu_used: 88 processes_to_start: 4 concurrency_per_worker: 1 concurrency_overhead: 0
2020-04-26 12:19:18.346 20011 RALLYDEBUG rally.task.runner [-] Starting a worker. times: 10 duration: None concurrency: 1 timeout: 0 cls: method_name: run args: {"max_quota": 1024}
2020-04-26 12:19:18.351 20011 INFO rally.task.runner [-] Task f8e652aa-9c4d-4007-9d7a-41bfa8209514 | ITER: 1 START
2020-04-26 12:19:18.352 20013 RALLYDEBUG rally.task.runner [-] Starting a worker. times: 10 duration: None concurrency: 1 timeout: 0 cls: method_name: run args: {"max_quota": 1024}
2020-04-26 12:19:18.352 20012 RALLYDEBUG rally.task.runner [-] Starting a worker. times: 10 duration: None concurrency: 1 timeout: 0 cls: method_name: run args: {"max_quota": 1024}
2020-04-26 12:19:18.355 20014 RALLYDEBUG rally.task.runner [-] Starting a worker. times: 10 duration: None concurrency: 1 timeout: 0 cls: method_name: run args: {"max_quota": 1024}
2020-04-26 12:19:18.357 20013 INFO rally.task.runner [-] Task f8e652aa-9c4d-4007-9d7a-41bfa8209514 | ITER: 2 START
2020-04-26 12:19:18.357 20012 INFO rally.task.runner [-] Task f8e652aa-9c4d-4007-9d7a-41bfa8209514 | ITER: 3 START
2020-04-26 12:19:18.361 20014 INFO rally.task.runner [-] Task f8e652aa-9c4d-4007-9d7a-41bfa8209514 | ITER: 4 START
2020-04-26 12:19:18.802 20014 INFO rally.task.runner [-] Task f8e652aa-9c4d-4007-9d7a-41bfa8209514 | ITER: 4 END: OK
2020-04-26 12:19:18.806 20014 INFO rally.task.runner [-] Task f8e652aa-9c4d-4007-9d7a-41bfa8209514 | ITER: 5 START
2020-04-26 12:19:18.811 20011 INFO rally.task.runner [-] Task f8e652aa-9c4d-4007-9d7a-41bfa8209514 | ITER: 1 END: OK
2020-04-26 12:19:18.815 20011 INFO rally.task.runner [-] Task f8e652aa-9c4d-4007-9d7a-41bfa8209514 | ITER: 6 START
2020-04-26 12:19:18.818 20012 INFO rally.task.runner [-] Task f8e652aa-9c4d-4007-9d7a-41bfa8209514 | ITER: 3 END: OK
2020-04-26 12:19:18.822 20012 INFO rally.task.runner [-] Task f8e652aa-9c4d-4007-9d7a-41bfa8209514 | ITER: 7 START
2020-04-26 12:19:18.837 20013 INFO rally.task.runner [-] Task f8e652aa-9c4d-4007-9d7a-41bfa8209514 | ITER: 2 END: OK
2020-04-26 12:19:18.841 20013 INFO rally.task.runner [-] Task f8e652aa-9c4d-4007-9d7a-41bfa8209514 | ITER: 8 START
2020-04-26 12:19:19.154 20011 INFO rally.task.runner [-] Task f8e652aa-9c4d-4007-9d7a-41bfa8209514 | ITER: 6 END: OK
2020-04-26 12:19:19.158 20011 INFO rally.task.runner [-] Task f8e652aa-9c4d-4007-9d7a-41bfa8209514 | ITER: 9 START
2020-04-26 12:19:19.167 20014 INFO rally.task.runner [-] Task f8e652aa-9c4d-4007-9d7a-41bfa8209514 | ITER: 5 END: OK
2020-04-26 12:19:19.170 20014 INFO rally.task.runner [-] Task f8e652aa-9c4d-4007-9d7a-41bfa8209514 | ITER: 10 START
2020-04-26 12:19:19.178 20012 INFO rally.task.runner [-] Task f8e652aa-9c4d-4007-9d7a-41bfa8209514 | ITER: 7 END: OK
2020-04-26 12:19:19.187 20013 INFO rally.task.runner [-] Task f8e652aa-9c4d-4007-9d7a-41bfa8209514 | ITER: 8 END: OK
2020-04-26 12:19:19.486 20014 INFO rally.task.runner [-] Task f8e652aa-9c4d-4007-9d7a-41bfa8209514 | ITER: 10 END: OK
2020-04-26 12:19:19.603 20011 INFO rally.task.runner [-] Task f8e652aa-9c4d-4007-9d7a-41bfa8209514 | ITER: 9 END: OK
2020-04-26 12:19:19.628 19956 INFO rally.task.context [-] Task f8e652aa-9c4d-4007-9d7a-41bfa8209514 | Context admin_cleanup@openstack cleanup() started
2020-04-26 12:19:19.634 19956 RALLYDEBUG rally_openstack.task.cleanup.manager [-] Cleaning up cinder quotas objects
2020-04-26 12:19:20.165 19956 INFO rally.task.context [-] Task f8e652aa-9c4d-4007-9d7a-41bfa8209514 | Context admin_cleanup@openstack cleanup() finished in 0.54 sec
2020-04-26 12:19:20.166 19956 INFO rally.task.context [-] Task f8e652aa-9c4d-4007-9d7a-41bfa8209514 | Context api_versions@openstack cleanup() started
2020-04-26 12:19:20.166 19956 INFO rally.task.context [-] Task f8e652aa-9c4d-4007-9d7a-41bfa8209514 | Context api_versions@openstack cleanup() finished in 0.37 msec
2020-04-26 12:19:20.166 19956 INFO rally.task.context [-] Task f8e652aa-9c4d-4007-9d7a-41bfa8209514 | Context users@openstack cleanup() started
2020-04-26 12:19:23.870 19956 INFO rally.task.context [-] Task f8e652aa-9c4d-4007-9d7a-41bfa8209514 | Context users@openstack cleanup() finished in 3.70 sec
2020-04-26 12:19:24.828 19956 INFO rally.task.engine [-] Load duration is: 1.250829
2020-04-26 12:19:24.829 19956 INFO rally.task.engine [-] Full runner duration is: 1.293728
2020-04-26 12:19:24.829 19956 INFO rally.task.engine [-] Full duration is: 7.112108
2020-04-26 12:19:24.915 19956 INFO rally.task.engine [-] Running workload: position = 0 config = { "version": 2, "title": "A cropped version of a bigger task.", "description": "Auto-generated task from a single workload (uuid=43a260b2-339a-4335-9857-08d44aab2ce5)", "subtasks": [ { "title": "Quotas.cinder_update", "description": "Update quotas for Cinder.", "scenario": { "Quotas.cinder_update": { "max_quota": 1024 } }, "contexts": { "users": { "tenants": 3, "users_per_tenant": 2 }, "api_versions": { "cinder": { "version": 3, "service_type": "volumev3" } } }, "runner": { "constant": { "concurrency": 4, "times": 10 } }, "hooks": [], "sla": { "failure_rate": { "max": 0 } } } ] }
2020-04-26 12:19:24.931 19956 RALLYDEBUG rally_openstack.task.contexts.keystone.users [-] Creating 3 tenants using 3 threads
2020-04-26 12:19:25.317 19956 RALLYDEBUG rally_openstack.task.contexts.keystone.users [-] Creating 6 users using 6 threads
2020-04-26 12:19:26.129 19956 INFO rally.task.context [-] Task f8e652aa-9c4d-4007-9d7a-41bfa8209514 | Context users@openstack setup() finished in 1.20 sec
2020-04-26 12:19:26.258 19956 INFO rally.task.context [-] Task f8e652aa-9c4d-4007-9d7a-41bfa8209514 | Context api_versions@openstack setup() finished in 0.13 sec
2020-04-26 12:19:26.258 19956 INFO rally.task.context [-] Task f8e652aa-9c4d-4007-9d7a-41bfa8209514 | Context admin_cleanup@openstack setup() finished in 0.01 msec
2020-04-26 12:19:26.266 19956 RALLYDEBUG rally.task.runner [-] Starting the constant runner (task UUID: f8e652aa-9c4d-4007-9d7a-41bfa8209514). times: 10 concurrency: 4 timeout: 0 max_cpu_used: 88 processes_to_start: 4 concurrency_per_worker: 1 concurrency_overhead: 0
2020-04-26 12:19:26.275 20104 RALLYDEBUG rally.task.runner [-] Starting a worker. times: 10 duration: None concurrency: 1 timeout: 0 cls: method_name: run args: {"max_quota": 1024}
2020-04-26 12:19:26.278 20105 RALLYDEBUG rally.task.runner [-] Starting a worker. times: 10 duration: None concurrency: 1 timeout: 0 cls: method_name: run args: {"max_quota": 1024}
2020-04-26 12:19:26.280 20104 INFO rally.task.runner [-] Task f8e652aa-9c4d-4007-9d7a-41bfa8209514 | ITER: 1 START
2020-04-26 12:19:26.281 20106 RALLYDEBUG rally.task.runner [-] Starting a worker. times: 10 duration: None concurrency: 1 timeout: 0 cls: method_name: run args: {"max_quota": 1024}
2020-04-26 12:19:26.283 20105 INFO rally.task.runner [-] Task f8e652aa-9c4d-4007-9d7a-41bfa8209514 | ITER: 2 START
2020-04-26 12:19:26.283 20107 RALLYDEBUG rally.task.runner [-] Starting a worker. times: 10 duration: None concurrency: 1 timeout: 0 cls: method_name: run args: {"max_quota": 1024}
2020-04-26 12:19:26.286 20106 INFO rally.task.runner [-] Task f8e652aa-9c4d-4007-9d7a-41bfa8209514 | ITER: 3 START
2020-04-26 12:19:26.289 20107 INFO rally.task.runner [-] Task f8e652aa-9c4d-4007-9d7a-41bfa8209514 | ITER: 4 START
2020-04-26 12:19:26.683 20106 INFO rally.task.runner [-] Task f8e652aa-9c4d-4007-9d7a-41bfa8209514 | ITER: 3 END: OK
2020-04-26 12:19:26.687 20106 INFO rally.task.runner [-] Task f8e652aa-9c4d-4007-9d7a-41bfa8209514 | ITER: 5 START
2020-04-26 12:19:26.694 20105 INFO rally.task.runner [-] Task f8e652aa-9c4d-4007-9d7a-41bfa8209514 | ITER: 2 END: OK
2020-04-26 12:19:26.698 20105 INFO rally.task.runner [-] Task f8e652aa-9c4d-4007-9d7a-41bfa8209514 | ITER: 6 START
2020-04-26 12:19:26.701 20107 INFO rally.task.runner [-] Task f8e652aa-9c4d-4007-9d7a-41bfa8209514 | ITER: 4 END: OK
2020-04-26 12:19:26.705 20107 INFO rally.task.runner [-] Task f8e652aa-9c4d-4007-9d7a-41bfa8209514 | ITER: 7 START
2020-04-26 12:19:26.718 20104 INFO rally.task.runner [-] Task f8e652aa-9c4d-4007-9d7a-41bfa8209514 | ITER: 1 END: OK
2020-04-26 12:19:26.722 20104 INFO rally.task.runner [-] Task f8e652aa-9c4d-4007-9d7a-41bfa8209514 | ITER: 8 START
2020-04-26 12:19:27.004 20105 INFO rally.task.runner [-] Task f8e652aa-9c4d-4007-9d7a-41bfa8209514 | ITER: 6 END: OK
2020-04-26 12:19:27.008 20105 INFO rally.task.runner [-] Task f8e652aa-9c4d-4007-9d7a-41bfa8209514 | ITER: 9 START
2020-04-26 12:19:27.010 20106 INFO rally.task.runner [-] Task f8e652aa-9c4d-4007-9d7a-41bfa8209514 | ITER: 5 END: OK
2020-04-26 12:19:27.013 20106 INFO rally.task.runner [-] Task f8e652aa-9c4d-4007-9d7a-41bfa8209514 | ITER: 10 START
2020-04-26 12:19:27.026 20107 INFO rally.task.runner [-] Task f8e652aa-9c4d-4007-9d7a-41bfa8209514 | ITER: 7 END: OK
2020-04-26 12:19:27.049 20104 INFO rally.task.runner [-] Task f8e652aa-9c4d-4007-9d7a-41bfa8209514 | ITER: 8 END: OK
2020-04-26 12:19:27.313 20106 INFO rally.task.runner [-] Task f8e652aa-9c4d-4007-9d7a-41bfa8209514 | ITER: 10 END: OK
2020-04-26 12:19:27.318 20105 INFO rally.task.runner [-] Task f8e652aa-9c4d-4007-9d7a-41bfa8209514 | ITER: 9 END: OK
2020-04-26 12:19:27.347 19956 INFO rally.task.context [-] Task f8e652aa-9c4d-4007-9d7a-41bfa8209514 | Context admin_cleanup@openstack cleanup() started
2020-04-26 12:19:27.350 19956 RALLYDEBUG rally_openstack.task.cleanup.manager [-] Cleaning up cinder quotas objects
2020-04-26 12:19:27.660 19956 INFO rally.task.context [-] Task f8e652aa-9c4d-4007-9d7a-41bfa8209514 | Context admin_cleanup@openstack cleanup() finished in 0.31 sec
2020-04-26 12:19:27.660 19956 INFO rally.task.context [-] Task f8e652aa-9c4d-4007-9d7a-41bfa8209514 | Context api_versions@openstack cleanup() started
2020-04-26 12:19:27.661 19956 INFO rally.task.context [-] Task f8e652aa-9c4d-4007-9d7a-41bfa8209514 | Context api_versions@openstack cleanup() finished in 0.33 msec
2020-04-26 12:19:27.661 19956 INFO rally.task.context [-] Task f8e652aa-9c4d-4007-9d7a-41bfa8209514 | Context users@openstack cleanup() started
2020-04-26 12:19:30.106 19956 INFO rally.task.context [-] Task f8e652aa-9c4d-4007-9d7a-41bfa8209514 | Context users@openstack cleanup() finished in 2.45 sec
2020-04-26 12:19:30.984 19956 INFO rally.task.engine [-] Load duration is: 1.035808
2020-04-26 12:19:30.985 19956 INFO rally.task.engine [-] Full runner duration is: 1.080785
2020-04-26 12:19:30.985 19956 INFO rally.task.engine [-] Full duration is: 5.176837
2020-04-26 12:19:31.060 19956 INFO rally.task.engine [-] Running workload: position = 0 config = { "version": 2, "title": "A cropped version of a bigger task.", "description": "Auto-generated task from a single workload (uuid=facc3180-bcfe-4cce-b08d-38627105ce95)", "subtasks": [ { "title": "Quotas.neutron_update", "description": "Update quotas for neutron.", "scenario": { "Quotas.neutron_update": { "max_quota": 1024 } }, "contexts": { "users": { "tenants": 3, "users_per_tenant": 2 } }, "runner": { "constant": { "concurrency": 4, "times": 10 } }, "hooks": [], "sla": { "failure_rate": { "max": 0 } } } ] }
2020-04-26 12:19:31.074 19956 RALLYDEBUG rally_openstack.task.contexts.keystone.users [-] Creating 3 tenants using 3 threads
2020-04-26 12:19:31.596 19956 RALLYDEBUG rally_openstack.task.contexts.keystone.users [-] Creating 6 users using 6 threads
2020-04-26 12:19:32.358 19956 INFO rally.task.context [-] Task f8e652aa-9c4d-4007-9d7a-41bfa8209514 | Context users@openstack setup() finished in 1.28 sec
2020-04-26 12:19:32.359 19956 INFO rally.task.context [-] Task f8e652aa-9c4d-4007-9d7a-41bfa8209514 | Context admin_cleanup@openstack setup() finished in 0.00 msec
2020-04-26 12:19:32.367 19956 RALLYDEBUG rally.task.runner [-] Starting the constant runner (task UUID: f8e652aa-9c4d-4007-9d7a-41bfa8209514). times: 10 concurrency: 4 timeout: 0 max_cpu_used: 88 processes_to_start: 4 concurrency_per_worker: 1 concurrency_overhead: 0
2020-04-26 12:19:32.378 20197 RALLYDEBUG rally.task.runner [-] Starting a worker. times: 10 duration: None concurrency: 1 timeout: 0 cls: method_name: run args: {"max_quota": 1024}
2020-04-26 12:19:32.381 20198 RALLYDEBUG rally.task.runner [-] Starting a worker. times: 10 duration: None concurrency: 1 timeout: 0 cls: method_name: run args: {"max_quota": 1024}
2020-04-26 12:19:32.384 20197 INFO rally.task.runner [-] Task f8e652aa-9c4d-4007-9d7a-41bfa8209514 | ITER: 1 START
2020-04-26 12:19:32.384 20199 RALLYDEBUG rally.task.runner [-] Starting a worker. times: 10 duration: None concurrency: 1 timeout: 0 cls: method_name: run args: {"max_quota": 1024}
2020-04-26 12:19:32.387 20198 INFO rally.task.runner [-] Task f8e652aa-9c4d-4007-9d7a-41bfa8209514 | ITER: 2 START
2020-04-26 12:19:32.388 20202 RALLYDEBUG rally.task.runner [-] Starting a worker. times: 10 duration: None concurrency: 1 timeout: 0 cls: method_name: run args: {"max_quota": 1024}
2020-04-26 12:19:32.390 20199 INFO rally.task.runner [-] Task f8e652aa-9c4d-4007-9d7a-41bfa8209514 | ITER: 3 START
2020-04-26 12:19:32.393 20202 INFO rally.task.runner [-] Task f8e652aa-9c4d-4007-9d7a-41bfa8209514 | ITER: 4 START
2020-04-26 12:19:32.716 20198 INFO rally.task.runner [-] Task f8e652aa-9c4d-4007-9d7a-41bfa8209514 | ITER: 2 END: OK
2020-04-26 12:19:32.721 20198 INFO rally.task.runner [-] Task f8e652aa-9c4d-4007-9d7a-41bfa8209514 | ITER: 5 START
2020-04-26 12:19:32.740 20197 INFO rally.task.runner [-] Task f8e652aa-9c4d-4007-9d7a-41bfa8209514 | ITER: 1 END: OK
2020-04-26 12:19:32.744 20197 INFO rally.task.runner [-] Task f8e652aa-9c4d-4007-9d7a-41bfa8209514 | ITER: 6 START
2020-04-26 12:19:32.828 20202 INFO rally.task.runner [-] Task f8e652aa-9c4d-4007-9d7a-41bfa8209514 | ITER: 4 END: OK
2020-04-26 12:19:32.832 20202 INFO rally.task.runner [-] Task f8e652aa-9c4d-4007-9d7a-41bfa8209514 | ITER: 7 START
2020-04-26 12:19:32.835 20199 INFO rally.task.runner [-] Task f8e652aa-9c4d-4007-9d7a-41bfa8209514 | ITER: 3 END: OK
2020-04-26 12:19:32.838 20199 INFO rally.task.runner [-] Task f8e652aa-9c4d-4007-9d7a-41bfa8209514 | ITER: 8 START
2020-04-26 12:19:33.027 20198 INFO rally.task.runner [-] Task f8e652aa-9c4d-4007-9d7a-41bfa8209514 | ITER: 5 END: OK
2020-04-26 12:19:33.031 20198 INFO rally.task.runner [-] Task f8e652aa-9c4d-4007-9d7a-41bfa8209514 | ITER: 9 START
