2020-04-26 10:49:16.596 505 DEBUG glanceclient.common.http [-] Request returned failure status 404. _handle_response /usr/lib/python3.8/site-packages/glanceclient/common/http.py:125
2020-04-26 10:49:16.599 505 DEBUG glanceclient.common.http [-] Request returned failure status 404. _handle_response /usr/lib/python3.8/site-packages/glanceclient/common/http.py:125
2020-04-26 10:49:17.602 505 INFO rally.task.context [-] Task ee1cea4c-5a05-47a3-9bcb-93d4fef318b7 | Context cleanup@openstack cleanup() finished in 2.37 sec
2020-04-26 10:49:17.603 505 INFO rally.task.context [-] Task ee1cea4c-5a05-47a3-9bcb-93d4fef318b7 | Context users@openstack cleanup() started
2020-04-26 10:49:20.712 505 INFO rally.task.context [-] Task ee1cea4c-5a05-47a3-9bcb-93d4fef318b7 | Context users@openstack cleanup() finished in 3.11 sec
2020-04-26 10:49:21.090 505 INFO rally.task.engine [-] Load duration is: 8.74269
2020-04-26 10:49:21.090 505 INFO rally.task.engine [-] Full runner duration is: 8.962913
2020-04-26 10:49:21.090 505 INFO rally.task.engine [-] Full duration is: 15.710535
2020-04-26 10:49:21.233 505 INFO rally.task.engine [-] Task ee1cea4c-5a05-47a3-9bcb-93d4fef318b7 | Completed: Running task.
2020-04-26 10:49:23.072 1333 RALLYDEBUG rally.api [-] INFO logs from urllib3 and requests module are hide.
2020-04-26 10:49:23.073 1333 RALLYDEBUG rally.api [-] urllib3 insecure warnings are hidden.
2020-04-26 10:49:23.073 1333 RALLYDEBUG rally.api [-] ERROR log from boto module is hide.
2020-04-26 10:49:24.383 1335 RALLYDEBUG rally.api [-] INFO logs from urllib3 and requests module are hide.
2020-04-26 10:49:24.383 1335 RALLYDEBUG rally.api [-] urllib3 insecure warnings are hidden.
2020-04-26 10:49:24.383 1335 RALLYDEBUG rally.api [-] ERROR log from boto module is hide.
2020-04-26 10:49:25.769 1337 RALLYDEBUG rally.api [-] INFO logs from urllib3 and requests module are hide.
2020-04-26 10:49:25.769 1337 RALLYDEBUG rally.api [-] urllib3 insecure warnings are hidden.
2020-04-26 10:49:25.769 1337 RALLYDEBUG rally.api [-] ERROR log from boto module is hide.
2020-04-26 10:49:27.496 1337 INFO rally.api [-] Building 'json' report for the following task(s): 'ee1cea4c-5a05-47a3-9bcb-93d4fef318b7'.
2020-04-26 10:49:27.515 1337 INFO rally.api [-] The report has been successfully built.
2020-04-26 10:49:28.951 1339 RALLYDEBUG rally.api [-] INFO logs from urllib3 and requests module are hide.
2020-04-26 10:49:28.951 1339 RALLYDEBUG rally.api [-] urllib3 insecure warnings are hidden.
2020-04-26 10:49:28.952 1339 RALLYDEBUG rally.api [-] ERROR log from boto module is hide.
2020-04-26 10:49:31.137 1339 INFO rally.task.engine [-] Task f7de0959-db9f-4e81-b893-35857ddf6e02 | Starting: Task validation.
2020-04-26 10:49:31.150 1339 INFO rally.task.engine [-] Task f7de0959-db9f-4e81-b893-35857ddf6e02 | Starting: Task validation of syntax.
2020-04-26 10:49:31.480 1339 INFO rally.task.engine [-] Task f7de0959-db9f-4e81-b893-35857ddf6e02 | Completed: Task validation of syntax.
2020-04-26 10:49:31.480 1339 INFO rally.task.engine [-] Task f7de0959-db9f-4e81-b893-35857ddf6e02 | Starting: Task validation of required platforms.
2020-04-26 10:49:31.619 1339 INFO rally.task.engine [-] Task f7de0959-db9f-4e81-b893-35857ddf6e02 | Completed: Task validation of required platforms.
2020-04-26 10:49:31.620 1339 INFO rally.task.engine [-] Task f7de0959-db9f-4e81-b893-35857ddf6e02 | Starting: Task validation of semantic.
2020-04-26 10:49:31.620 1339 INFO rally.task.engine [-] Check health of the environment '6325f1f3-3681-44ca-9a3c-bea9e7dc643d'.
2020-04-26 10:49:32.121 1339 INFO rally.task.engine [-] Platform existing@openstack (available: True): OK!
2020-04-26 10:49:32.133 1339 RALLYDEBUG rally_openstack.task.contexts.keystone.users [-] Creating 1 tenants using 1 threads
2020-04-26 10:49:32.468 1339 RALLYDEBUG rally_openstack.task.contexts.keystone.users [-] Creating 1 users using 1 threads
2020-04-26 10:49:33.078 1339 INFO rally.task.context [-] Task f7de0959-db9f-4e81-b893-35857ddf6e02 | Context users@openstack setup() finished in 0.94 sec
2020-04-26 10:49:37.003 1339 INFO rally.task.context [-] Task f7de0959-db9f-4e81-b893-35857ddf6e02 | Context users@openstack cleanup() started
2020-04-26 10:49:38.735 1339 INFO rally.task.context [-] Task f7de0959-db9f-4e81-b893-35857ddf6e02 | Context users@openstack cleanup() finished in 1.73 sec
2020-04-26 10:49:38.736 1339 INFO rally.task.engine [-] Task f7de0959-db9f-4e81-b893-35857ddf6e02 | Completed: Task validation of semantic.
2020-04-26 10:49:38.736 1339 INFO rally.task.engine [-] Task f7de0959-db9f-4e81-b893-35857ddf6e02 | Completed: Task validation.
2020-04-26 10:49:38.737 1339 INFO rally.api [-] Task f7de0959-db9f-4e81-b893-35857ddf6e02 input file is valid.
2020-04-26 10:49:38.737 1339 INFO rally.api [-] Run Task f7de0959-db9f-4e81-b893-35857ddf6e02 against Deployment 6325f1f3-3681-44ca-9a3c-bea9e7dc643d
2020-04-26 10:49:38.738 1339 INFO rally.task.engine [-] Task f7de0959-db9f-4e81-b893-35857ddf6e02 | Starting: Running task.
2020-04-26 10:49:38.812 1339 INFO rally.task.engine [-] Running workload: position = 0 config = { "version": 2, "title": "A cropped version of a bigger task.", "description": "Auto-generated task from a single workload (uuid=0a279f4c-670c-4c3b-86c1-4a86734fd247)", "subtasks": [ { "title": "CinderVolumes.create_and_attach_volume", "description": "Create a VM and attach a volume to it.", "scenario": { "CinderVolumes.create_and_attach_volume": { "flavor": { "name": "rally_full-flavor_e682400e-6557-47f8-ab35-d73c2fba5a69" }, "image": { "name": "rally_full-img_e682400e-6557-47f8-ab35-d73c2fba5a69" }, "size": 1, "nics": [ { "net-id": "af47796e-c88f-460d-bbd7-b8d236245e71" } ] } }, "contexts": { "users": { "tenants": 3, "users_per_tenant": 2 }, "quotas": { "cinder": { "gigabytes": -1, "snapshots": -1, "volumes": -1 } }, "api_versions": { "cinder": { "version": 3, "service_type": "volumev3" } } }, "runner": { "constant": { "concurrency": 4, "times": 10 } }, "hooks": [], "sla": { "failure_rate": { "max": 0 } } } ] }
2020-04-26 10:49:38.826 1339 RALLYDEBUG rally_openstack.task.contexts.keystone.users [-] Creating 3 tenants using 3 threads
2020-04-26 10:49:39.248 1339 RALLYDEBUG rally_openstack.task.contexts.keystone.users [-] Creating 6 users using 6 threads
2020-04-26 10:49:40.009 1339 INFO rally.task.context [-] Task f7de0959-db9f-4e81-b893-35857ddf6e02 | Context users@openstack setup() finished in 1.18 sec
2020-04-26 10:49:40.130 1339 INFO rally.task.context [-] Task f7de0959-db9f-4e81-b893-35857ddf6e02 | Context api_versions@openstack setup() finished in 0.12 sec
2020-04-26 10:49:40.923 1339 INFO rally.task.context [-] Task f7de0959-db9f-4e81-b893-35857ddf6e02 | Context quotas@openstack setup() finished in 0.79 sec
2020-04-26 10:49:40.924 1339 INFO rally.task.context [-] Task f7de0959-db9f-4e81-b893-35857ddf6e02 | Context cleanup@openstack setup() finished in 0.03 msec
2020-04-26 10:49:41.308 1339 RALLYDEBUG rally.task.runner [-] Starting the constant runner (task UUID: f7de0959-db9f-4e81-b893-35857ddf6e02). times: 10 concurrency: 4 timeout: 0 max_cpu_used: 88 processes_to_start: 4 concurrency_per_worker: 1 concurrency_overhead: 0
2020-04-26 10:49:41.320 1394 RALLYDEBUG rally.task.runner [-] Starting a worker. times: 10 duration: None concurrency: 1 timeout: 0 cls: method_name: run args: {"flavor": "21bf88ac-6eb5-4cce-8ebd-6c60291b5186", "image": "0c6b06b0-cf94-46e1-8894-79d640aac3a3", "size": 1, "nics": [{"net-id": "af47796e-c88f-460d-bbd7-b8d236245e71"}]}
2020-04-26 10:49:41.322 1395 RALLYDEBUG rally.task.runner [-] Starting a worker. times: 10 duration: None concurrency: 1 timeout: 0 cls: method_name: run args: {"flavor": "21bf88ac-6eb5-4cce-8ebd-6c60291b5186", "image": "0c6b06b0-cf94-46e1-8894-79d640aac3a3", "size": 1, "nics": [{"net-id": "af47796e-c88f-460d-bbd7-b8d236245e71"}]}
2020-04-26 10:49:41.325 1396 RALLYDEBUG rally.task.runner [-] Starting a worker. times: 10 duration: None concurrency: 1 timeout: 0 cls: method_name: run args: {"flavor": "21bf88ac-6eb5-4cce-8ebd-6c60291b5186", "image": "0c6b06b0-cf94-46e1-8894-79d640aac3a3", "size": 1, "nics": [{"net-id": "af47796e-c88f-460d-bbd7-b8d236245e71"}]}
2020-04-26 10:49:41.326 1394 INFO rally.task.runner [-] Task f7de0959-db9f-4e81-b893-35857ddf6e02 | ITER: 1 START
2020-04-26 10:49:41.327 1397 RALLYDEBUG rally.task.runner [-] Starting a worker. times: 10 duration: None concurrency: 1 timeout: 0 cls: method_name: run args: {"flavor": "21bf88ac-6eb5-4cce-8ebd-6c60291b5186", "image": "0c6b06b0-cf94-46e1-8894-79d640aac3a3", "size": 1, "nics": [{"net-id": "af47796e-c88f-460d-bbd7-b8d236245e71"}]}
2020-04-26 10:49:41.328 1395 INFO rally.task.runner [-] Task f7de0959-db9f-4e81-b893-35857ddf6e02 | ITER: 2 START
2020-04-26 10:49:41.330 1396 INFO rally.task.runner [-] Task f7de0959-db9f-4e81-b893-35857ddf6e02 | ITER: 3 START
2020-04-26 10:49:41.332 1397 INFO rally.task.runner [-] Task f7de0959-db9f-4e81-b893-35857ddf6e02 | ITER: 4 START
2020-04-26 10:49:52.436 1394 RALLYDEBUG rally.task.utils [-] Waiting for resource s_rally_0a279f4c_Htx2aeEJ. Status changed: BUILD => ACTIVE in 7.8899805545806885
2020-04-26 10:49:55.266 1397 RALLYDEBUG rally.task.utils [-] Waiting for resource s_rally_0a279f4c_veoquFmw. Status changed: BUILD => ACTIVE in 11.773557186126709
2020-04-26 10:49:55.725 1394 RALLYDEBUG rally.task.utils [-] Waiting for resource s_rally_0a279f4c_3ktChpdH. Status changed: AVAILABLE => RESERVED in 0.2984457015991211
2020-04-26 10:49:57.875 1395 RALLYDEBUG rally.task.utils [-] Waiting for resource s_rally_0a279f4c_Yxv0R7tL. Status changed: BUILD => ACTIVE in 12.795488357543945
2020-04-26 10:49:57.963 1394 RALLYDEBUG rally.task.utils [-] Waiting for resource s_rally_0a279f4c_3ktChpdH. Status changed: RESERVED => IN-USE in 2.238825798034668
2020-04-26 10:49:58.378 1394 RALLYDEBUG rally.task.utils [-] Waiting for resource s_rally_0a279f4c_3ktChpdH. Status changed: AVAILABLE => DETACHING in 0.15358185768127441
2020-04-26 10:49:58.414 1397 RALLYDEBUG rally.task.utils [-] Waiting for resource s_rally_0a279f4c_UluFlRHf. Status changed: AVAILABLE => RESERVED in 0.17772650718688965
2020-04-26 10:50:00.567 1394 RALLYDEBUG rally.task.utils [-] Waiting for resource s_rally_0a279f4c_3ktChpdH. Status changed: DETACHING => AVAILABLE in 2.188894271850586
2020-04-26 10:50:00.609 1397 RALLYDEBUG rally.task.utils [-] Waiting for resource s_rally_0a279f4c_UluFlRHf. Status changed: RESERVED => IN-USE in 2.195474624633789
2020-04-26 10:50:00.734 1394 RALLYDEBUG rally.task.utils [-] Waiting for resource s_rally_0a279f4c_3ktChpdH. Status changed: AVAILABLE => DELETING in 0.07443761825561523
2020-04-26 10:50:01.048 1397 RALLYDEBUG rally.task.utils [-] Waiting for resource s_rally_0a279f4c_UluFlRHf. Status changed: AVAILABLE => DETACHING in 0.15893197059631348
2020-04-26 10:50:01.077 1396 RALLYDEBUG rally.task.utils [-] Waiting for resource s_rally_0a279f4c_yX0vq4J8. Status changed: BUILD => ACTIVE in 15.997161865234375
2020-04-26 10:50:01.087 1395 RALLYDEBUG rally.task.utils [-] Waiting for resource s_rally_0a279f4c_Zqw4xRj3. Status changed: AVAILABLE => RESERVED in 0.2371683120727539
2020-04-26 10:50:03.199 1397 RALLYDEBUG rally.task.utils [-] Waiting for resource s_rally_0a279f4c_UluFlRHf. Status changed: DETACHING => AVAILABLE in 2.1504034996032715
2020-04-26 10:50:03.238 1395 RALLYDEBUG rally.task.utils [-] Waiting for resource s_rally_0a279f4c_Zqw4xRj3. Status changed: RESERVED => IN-USE in 2.1506638526916504
2020-04-26 10:50:03.348 1397 RALLYDEBUG rally.task.utils [-] Waiting for resource s_rally_0a279f4c_UluFlRHf. Status changed: AVAILABLE => DELETING in 0.06608343124389648
2020-04-26 10:50:03.675 1395 RALLYDEBUG rally.task.utils [-] Waiting for resource s_rally_0a279f4c_Zqw4xRj3. Status changed: AVAILABLE => DETACHING in 0.1840524673461914
2020-04-26 10:50:04.281 1396 RALLYDEBUG rally.task.utils [-] Waiting for resource s_rally_0a279f4c_AtNmL0Ph. Status changed: AVAILABLE => RESERVED in 0.21319270133972168
2020-04-26 10:50:05.846 1395 RALLYDEBUG rally.task.utils [-] Waiting for resource s_rally_0a279f4c_Zqw4xRj3. Status changed: DETACHING => AVAILABLE in 2.1717326641082764
2020-04-26 10:50:06.019 1395 RALLYDEBUG rally.task.utils [-] Waiting for resource s_rally_0a279f4c_Zqw4xRj3. Status changed: AVAILABLE => DELETING in 0.06808996200561523
2020-04-26 10:50:06.505 1396 RALLYDEBUG rally.task.utils [-] Waiting for resource s_rally_0a279f4c_AtNmL0Ph. Status changed: RESERVED => IN-USE in 2.2238659858703613
2020-04-26 10:50:06.912 1396 RALLYDEBUG rally.task.utils [-] Waiting for resource s_rally_0a279f4c_AtNmL0Ph. Status changed: AVAILABLE => DETACHING in 0.18236970901489258
2020-04-26 10:50:09.101 1396 RALLYDEBUG rally.task.utils [-] Waiting for resource s_rally_0a279f4c_AtNmL0Ph. Status changed: DETACHING => AVAILABLE in 2.1888365745544434
2020-04-26 10:50:09.240 1396 RALLYDEBUG rally.task.utils [-] Waiting for resource s_rally_0a279f4c_AtNmL0Ph. Status changed: AVAILABLE => DELETING in 0.056882381439208984
2020-04-26 10:50:10.465 1394 INFO rally.task.runner [-] Task f7de0959-db9f-4e81-b893-35857ddf6e02 | ITER: 1 END: OK
2020-04-26 10:50:10.470 1394 INFO rally.task.runner [-] Task f7de0959-db9f-4e81-b893-35857ddf6e02 | ITER: 5 START
2020-04-26 10:50:10.926 1395 INFO rally.task.runner [-] Task f7de0959-db9f-4e81-b893-35857ddf6e02 | ITER: 2 END: OK
2020-04-26 10:50:10.934 1395 INFO rally.task.runner [-] Task f7de0959-db9f-4e81-b893-35857ddf6e02 | ITER: 6 START
2020-04-26 10:50:13.886 1397 INFO rally.task.runner [-] Task f7de0959-db9f-4e81-b893-35857ddf6e02 | ITER: 4 END: OK
2020-04-26 10:50:13.892 1397 INFO rally.task.runner [-] Task f7de0959-db9f-4e81-b893-35857ddf6e02 | ITER: 7 START
2020-04-26 10:50:15.597 1396 INFO rally.task.runner [-] Task f7de0959-db9f-4e81-b893-35857ddf6e02 | ITER: 3 END: OK
2020-04-26 10:50:15.602 1396 INFO rally.task.runner [-] Task f7de0959-db9f-4e81-b893-35857ddf6e02 | ITER: 8 START
2020-04-26 10:51:33.300 1395 RALLYDEBUG rally.task.utils [-] Waiting for resource s_rally_0a279f4c_fAOqzDBq. Status changed: BUILD => ACTIVE in 79.49760174751282
2020-04-26 10:51:36.388 1395 RALLYDEBUG rally.task.utils [-] Waiting for resource s_rally_0a279f4c_RnHTy5vg. Status changed: AVAILABLE => RESERVED in 0.1710205078125
2020-04-26 10:51:36.920 1394 RALLYDEBUG rally.task.utils [-] Waiting for resource s_rally_0a279f4c_t9P7WlRs. Status changed: BUILD => ACTIVE in 82.97925329208374
2020-04-26 10:51:37.190 1396 RALLYDEBUG rally.task.utils [-] Waiting for resource s_rally_0a279f4c_LqKhhpJI. Status changed: BUILD => ACTIVE in 78.88581585884094
2020-04-26 10:51:38.619 1395 RALLYDEBUG rally.task.utils [-] Waiting for resource s_rally_0a279f4c_RnHTy5vg. Status changed: RESERVED => IN-USE in 2.230520725250244
2020-04-26 10:51:39.186 1395 RALLYDEBUG rally.task.utils [-] Waiting for resource s_rally_0a279f4c_RnHTy5vg. Status changed: AVAILABLE => DETACHING in 0.3417844772338867
2020-04-26 10:51:40.064 1394 RALLYDEBUG rally.task.utils [-] Waiting for resource s_rally_0a279f4c_dHW5lPig. Status changed: AVAILABLE => RESERVED in 0.24070453643798828
2020-04-26 10:51:40.303 1396 RALLYDEBUG rally.task.utils [-] Waiting for resource s_rally_0a279f4c_OSRZHvrP. Status changed: AVAILABLE => RESERVED in 0.21333932876586914
2020-04-26 10:51:40.945 1397 RALLYDEBUG rally.task.utils [-] Waiting for resource s_rally_0a279f4c_ZCTjTotW. Status changed: BUILD => ACTIVE in 84.90855836868286
2020-04-26 10:51:41.367 1395 RALLYDEBUG rally.task.utils [-] Waiting for resource s_rally_0a279f4c_RnHTy5vg. Status changed: DETACHING => AVAILABLE in 2.1803600788116455
2020-04-26 10:51:41.519 1395 RALLYDEBUG rally.task.utils [-] Waiting for resource s_rally_0a279f4c_RnHTy5vg. Status changed: AVAILABLE => DELETING in 0.07062029838562012
2020-04-26 10:51:42.232 1394 RALLYDEBUG rally.task.utils [-] Waiting for resource s_rally_0a279f4c_dHW5lPig. Status changed: RESERVED => IN-USE in 2.1681900024414062
2020-04-26 10:51:42.488 1396 RALLYDEBUG rally.task.utils [-] Waiting for resource s_rally_0a279f4c_OSRZHvrP. Status changed: RESERVED => IN-USE in 2.185350179672241
2020-04-26 10:51:42.623 1394 RALLYDEBUG rally.task.utils [-] Waiting for resource s_rally_0a279f4c_dHW5lPig. Status changed: AVAILABLE => DETACHING in 0.1647319793701172
2020-04-26 10:51:42.873 1396 RALLYDEBUG rally.task.utils [-] Waiting for resource s_rally_0a279f4c_OSRZHvrP. Status changed: AVAILABLE => DETACHING in 0.1668567657470703
2020-04-26 10:51:44.084 1397 RALLYDEBUG rally.task.utils [-] Waiting for resource s_rally_0a279f4c_dvnPTWRF. Status changed: AVAILABLE => RESERVED in 0.22623634338378906
2020-04-26 10:51:44.810 1394 RALLYDEBUG rally.task.utils [-] Waiting for resource s_rally_0a279f4c_dHW5lPig. Status changed: DETACHING => AVAILABLE in 2.1868419647216797
2020-04-26 10:51:44.977 1394 RALLYDEBUG rally.task.utils [-] Waiting for resource s_rally_0a279f4c_dHW5lPig. Status changed: AVAILABLE => DELETING in 0.06665277481079102
2020-04-26 10:51:45.039 1396 RALLYDEBUG rally.task.utils [-] Waiting for resource s_rally_0a279f4c_OSRZHvrP. Status changed: DETACHING => AVAILABLE in 2.165614604949951
2020-04-26 10:51:45.190 1396 RALLYDEBUG rally.task.utils [-] Waiting for resource s_rally_0a279f4c_OSRZHvrP. Status changed: AVAILABLE => DELETING in 0.06987833976745605
2020-04-26 10:51:46.271 1397 RALLYDEBUG rally.task.utils [-] Waiting for resource s_rally_0a279f4c_dvnPTWRF. Status changed: RESERVED => IN-USE in 2.1872339248657227
2020-04-26 10:51:46.719 1397 RALLYDEBUG rally.task.utils [-] Waiting for resource s_rally_0a279f4c_dvnPTWRF. Status changed: AVAILABLE => DETACHING in 0.18777728080749512
2020-04-26 10:51:47.645 1395 INFO rally.task.runner [-] Task f7de0959-db9f-4e81-b893-35857ddf6e02 | ITER: 6 END: OK
2020-04-26 10:51:47.649 1395 INFO rally.task.runner [-] Task f7de0959-db9f-4e81-b893-35857ddf6e02 | ITER: 9 START
2020-04-26 10:51:48.925 1397 RALLYDEBUG rally.task.utils [-] Waiting for resource s_rally_0a279f4c_dvnPTWRF. Status changed: DETACHING => AVAILABLE in 2.2066566944122314
2020-04-26 10:51:49.094 1397 RALLYDEBUG rally.task.utils [-] Waiting for resource s_rally_0a279f4c_dvnPTWRF. Status changed: AVAILABLE => DELETING in 0.08025479316711426
2020-04-26 10:51:49.944 1394 INFO rally.task.runner [-] Task f7de0959-db9f-4e81-b893-35857ddf6e02 | ITER: 5 END: OK
2020-04-26 10:51:49.949 1394 INFO rally.task.runner [-] Task f7de0959-db9f-4e81-b893-35857ddf6e02 | ITER: 10 START
2020-04-26 10:51:52.112 1396 INFO rally.task.runner [-] Task f7de0959-db9f-4e81-b893-35857ddf6e02 | ITER: 8 END: OK
2020-04-26 10:51:56.013 1397 INFO rally.task.runner [-] Task f7de0959-db9f-4e81-b893-35857ddf6e02 | ITER: 7 END: OK
2020-04-26 10:51:59.025 1395 RALLYDEBUG rally.task.utils [-] Waiting for resource s_rally_0a279f4c_DCwjhZmd. Status changed: BUILD => ACTIVE in 9.293115139007568
2020-04-26 10:52:01.607 1394 RALLYDEBUG rally.task.utils [-] Waiting for resource s_rally_0a279f4c_7FvxfSfd. Status changed: BUILD => ACTIVE in 9.33641266822815
2020-04-26 10:52:02.305 1395 RALLYDEBUG rally.task.utils [-] Waiting for resource s_rally_0a279f4c_jEESpUc5. Status changed: AVAILABLE => RESERVED in 0.19611072540283203
2020-04-26 10:52:04.507 1395 RALLYDEBUG rally.task.utils [-] Waiting for resource s_rally_0a279f4c_jEESpUc5. Status changed: RESERVED => IN-USE in 2.2019660472869873
2020-04-26 10:52:04.741 1394 RALLYDEBUG rally.task.utils [-] Waiting for resource s_rally_0a279f4c_UHdpmO81. Status changed: AVAILABLE => RESERVED in 0.19155621528625488
2020-04-26 10:52:04.926 1395 RALLYDEBUG rally.task.utils [-] Waiting for resource s_rally_0a279f4c_jEESpUc5. Status changed: AVAILABLE => DETACHING in 0.19166851043701172
2020-04-26 10:52:06.942 1394 RALLYDEBUG rally.task.utils [-] Waiting for resource s_rally_0a279f4c_UHdpmO81. Status changed: RESERVED => IN-USE in 2.2003066539764404
2020-04-26 10:52:07.106 1395 RALLYDEBUG rally.task.utils [-] Waiting for resource s_rally_0a279f4c_jEESpUc5. Status changed: DETACHING => AVAILABLE in 2.180549144744873
2020-04-26 10:52:07.277 1395 RALLYDEBUG rally.task.utils [-] Waiting for resource s_rally_0a279f4c_jEESpUc5. Status changed: AVAILABLE => DELETING in 0.07372665405273438
2020-04-26 10:52:07.371 1394 RALLYDEBUG rally.task.utils [-] Waiting for resource s_rally_0a279f4c_UHdpmO81. Status changed: AVAILABLE => DETACHING in 0.1843247413635254
2020-04-26 10:52:09.544 1394 RALLYDEBUG rally.task.utils [-] Waiting for resource s_rally_0a279f4c_UHdpmO81. Status changed: DETACHING => AVAILABLE in 2.1734936237335205
2020-04-26 10:52:09.693 1394 RALLYDEBUG rally.task.utils [-] Waiting for resource s_rally_0a279f4c_UHdpmO81. Status changed: AVAILABLE => DELETING in 0.0675821304321289
2020-04-26 10:52:11.903 1395 INFO rally.task.runner [-] Task f7de0959-db9f-4e81-b893-35857ddf6e02 | ITER: 9 END: OK
2020-04-26 10:52:14.279 1394 INFO rally.task.runner [-] Task f7de0959-db9f-4e81-b893-35857ddf6e02 | ITER: 10 END: OK
2020-04-26 10:52:14.308 1339 INFO rally.task.context [-] Task f7de0959-db9f-4e81-b893-35857ddf6e02 | Context cleanup@openstack cleanup() started
2020-04-26 10:52:14.314 1339 RALLYDEBUG rally_openstack.task.cleanup.manager [-] Cleaning up nova servers objects
2020-04-26 10:52:14.996 1339 RALLYDEBUG rally_openstack.task.cleanup.manager [-] Cleaning up nova server_groups objects
2020-04-26 10:52:15.426 1339 RALLYDEBUG rally_openstack.task.cleanup.manager [-] Cleaning up nova keypairs objects
2020-04-26 10:52:16.353 1339 RALLYDEBUG rally_openstack.task.cleanup.manager [-] Cleaning up cinder backups objects
2020-04-26 10:52:16.774 1339 RALLYDEBUG rally_openstack.task.cleanup.manager [-] Cleaning up cinder volume_snapshots objects
2020-04-26 10:52:17.219 1339 RALLYDEBUG rally_openstack.task.cleanup.manager [-] Cleaning up cinder transfers objects
2020-04-26 10:52:17.625 1339 RALLYDEBUG rally_openstack.task.cleanup.manager [-] Cleaning up cinder volumes objects
2020-04-26 10:52:18.192 1339 INFO rally.task.context [-] Task f7de0959-db9f-4e81-b893-35857ddf6e02 | Context cleanup@openstack cleanup() finished in 3.88 sec
2020-04-26 10:52:18.193 1339 INFO rally.task.context [-] Task f7de0959-db9f-4e81-b893-35857ddf6e02 | Context quotas@openstack cleanup() started
2020-04-26 10:52:18.293 1339 INFO rally.task.context [-] Task f7de0959-db9f-4e81-b893-35857ddf6e02 | Context quotas@openstack cleanup() finished in 99.47 msec
2020-04-26 10:52:18.293 1339 INFO rally.task.context [-] Task f7de0959-db9f-4e81-b893-35857ddf6e02 | Context api_versions@openstack cleanup() started
2020-04-26 10:52:18.294 1339 INFO rally.task.context [-] Task f7de0959-db9f-4e81-b893-35857ddf6e02 | Context api_versions@openstack cleanup() finished in 0.35 msec
2020-04-26 10:52:18.294 1339 INFO rally.task.context [-] Task f7de0959-db9f-4e81-b893-35857ddf6e02 | Context users@openstack cleanup() started
2020-04-26 10:52:23.474 1339 INFO rally.task.context [-] Task f7de0959-db9f-4e81-b893-35857ddf6e02 | Context users@openstack cleanup() finished in 5.18 sec
2020-04-26 10:52:25.463 1339 INFO rally.task.engine [-] Load duration is: 151.948681
2020-04-26 10:52:25.464 1339 INFO rally.task.engine [-] Full runner duration is: 153.00054
2020-04-26 10:52:25.464 1339 INFO rally.task.engine [-] Full duration is: 164.649543
2020-04-26 10:52:25.578 1339 INFO rally.task.engine [-] Running workload: position = 0 config = { "version": 2, "title": "A cropped version of a bigger task.", "description": "Auto-generated task from a single workload (uuid=c863d6f2-0b5c-4569-8e8a-d0c51f2449dc)", "subtasks": [ { "title": "CinderVolumes.create_and_list_snapshots", "description": "Create and then list a volume-snapshot.", "scenario": { "CinderVolumes.create_and_list_snapshots": { "detailed": true, "force": false } }, "contexts": { "users": { "tenants": 3, "users_per_tenant": 2 }, "quotas": { "cinder": { "gigabytes": -1, "snapshots": -1, "volumes": -1 } }, "api_versions": { "cinder": { "version": 3, "service_type": "volumev3" } }, "volumes": { "size": 1, "volumes_per_tenant": 1 } }, "runner": { "constant": { "concurrency": 4, "times": 10 } }, "hooks": [], "sla": { "failure_rate": { "max": 0 } } } ] }
2020-04-26 10:52:25.595 1339 RALLYDEBUG rally_openstack.task.contexts.keystone.users [-] Creating 3 tenants using 3 threads
2020-04-26 10:52:26.005 1339 RALLYDEBUG rally_openstack.task.contexts.keystone.users [-] Creating 6 users using 6 threads
2020-04-26 10:52:26.870 1339 INFO rally.task.context [-] Task f7de0959-db9f-4e81-b893-35857ddf6e02 | Context users@openstack setup() finished in 1.28 sec
2020-04-26 10:52:27.002 1339 INFO rally.task.context [-] Task f7de0959-db9f-4e81-b893-35857ddf6e02 | Context api_versions@openstack setup() finished in 0.13 sec
2020-04-26 10:52:27.880 1339 INFO rally.task.context [-] Task f7de0959-db9f-4e81-b893-35857ddf6e02 | Context quotas@openstack setup() finished in 0.88 sec
2020-04-26 10:52:36.124 1339 INFO rally.task.context [-] Task f7de0959-db9f-4e81-b893-35857ddf6e02 | Context volumes@openstack setup() finished in 8.24 sec
2020-04-26 10:52:36.125 1339 INFO rally.task.context [-] Task f7de0959-db9f-4e81-b893-35857ddf6e02 | Context cleanup@openstack setup() finished in 0.01 msec
2020-04-26 10:52:36.139 1339 RALLYDEBUG rally.task.runner [-] Starting the constant runner (task UUID: f7de0959-db9f-4e81-b893-35857ddf6e02). times: 10 concurrency: 4 timeout: 0 max_cpu_used: 88 processes_to_start: 4 concurrency_per_worker: 1 concurrency_overhead: 0
2020-04-26 10:52:36.149 1607 RALLYDEBUG rally.task.runner [-] Starting a worker. times: 10 duration: None concurrency: 1 timeout: 0 cls: method_name: run args: {"detailed": true, "force": false}
2020-04-26 10:52:36.150 1608 RALLYDEBUG rally.task.runner [-] Starting a worker. times: 10 duration: None concurrency: 1 timeout: 0 cls: method_name: run args: {"detailed": true, "force": false}
2020-04-26 10:52:36.153 1609 RALLYDEBUG rally.task.runner [-] Starting a worker. times: 10 duration: None concurrency: 1 timeout: 0 cls: method_name: run args: {"detailed": true, "force": false}
2020-04-26 10:52:36.155 1610 RALLYDEBUG rally.task.runner [-] Starting a worker. times: 10 duration: None concurrency: 1 timeout: 0 cls: method_name: run args: {"detailed": true, "force": false}
2020-04-26 10:52:36.156 1607 INFO rally.task.runner [-] Task f7de0959-db9f-4e81-b893-35857ddf6e02 | ITER: 1 START
2020-04-26 10:52:36.156 1608 INFO rally.task.runner [-] Task f7de0959-db9f-4e81-b893-35857ddf6e02 | ITER: 2 START
2020-04-26 10:52:36.159 1609 INFO rally.task.runner [-] Task f7de0959-db9f-4e81-b893-35857ddf6e02 | ITER: 3 START
2020-04-26 10:52:36.160 1610 INFO rally.task.runner [-] Task f7de0959-db9f-4e81-b893-35857ddf6e02 | ITER: 4 START
2020-04-26 10:52:38.643 1607 INFO rally.task.runner [-] Task f7de0959-db9f-4e81-b893-35857ddf6e02 | ITER: 1 END: OK
2020-04-26 10:52:38.647 1607 INFO rally.task.runner [-] Task f7de0959-db9f-4e81-b893-35857ddf6e02 | ITER: 5 START
2020-04-26 10:52:38.671 1610 INFO rally.task.runner [-] Task f7de0959-db9f-4e81-b893-35857ddf6e02 | ITER: 4 END: OK
2020-04-26 10:52:38.676 1610 INFO rally.task.runner [-] Task f7de0959-db9f-4e81-b893-35857ddf6e02 | ITER: 6 START
2020-04-26 10:52:38.697 1608 INFO rally.task.runner [-] Task f7de0959-db9f-4e81-b893-35857ddf6e02 | ITER: 2 END: OK
2020-04-26 10:52:38.702 1608 INFO rally.task.runner [-] Task f7de0959-db9f-4e81-b893-35857ddf6e02 | ITER: 7 START
2020-04-26 10:52:38.712 1609 INFO rally.task.runner [-] Task f7de0959-db9f-4e81-b893-35857ddf6e02 | ITER: 3 END: OK
2020-04-26 10:52:38.716 1609 INFO rally.task.runner [-] Task f7de0959-db9f-4e81-b893-35857ddf6e02 | ITER: 8 START
2020-04-26 10:52:41.092 1607 INFO rally.task.runner [-] Task f7de0959-db9f-4e81-b893-35857ddf6e02 | ITER: 5 END: OK
2020-04-26 10:52:41.095 1607 INFO rally.task.runner [-] Task f7de0959-db9f-4e81-b893-35857ddf6e02 | ITER: 9 START
2020-04-26 10:52:41.132 1610 INFO rally.task.runner [-] Task f7de0959-db9f-4e81-b893-35857ddf6e02 | ITER: 6 END: OK
2020-04-26 10:52:41.136 1610 INFO rally.task.runner [-] Task f7de0959-db9f-4e81-b893-35857ddf6e02 | ITER: 10 START
2020-04-26 10:52:41.150 1609 INFO rally.task.runner [-] Task f7de0959-db9f-4e81-b893-35857ddf6e02 | ITER: 8 END: OK
2020-04-26 10:52:41.353 1608 INFO rally.task.runner [-] Task f7de0959-db9f-4e81-b893-35857ddf6e02 | ITER: 7 END: OK
2020-04-26 10:52:43.527 1607 INFO rally.task.runner [-] Task f7de0959-db9f-4e81-b893-35857ddf6e02 | ITER: 9 END: OK
2020-04-26 10:52:43.630 1610 INFO rally.task.runner [-] Task f7de0959-db9f-4e81-b893-35857ddf6e02 | ITER: 10 END: OK
2020-04-26 10:52:43.651 1339 INFO rally.task.context [-] Task f7de0959-db9f-4e81-b893-35857ddf6e02 | Context cleanup@openstack cleanup() started
2020-04-26 10:52:43.654 1339 RALLYDEBUG rally_openstack.task.cleanup.manager [-] Cleaning up cinder backups objects
2020-04-26 10:52:44.125 1339 RALLYDEBUG rally_openstack.task.cleanup.manager [-] Cleaning up cinder volume_snapshots objects
2020-04-26 10:52:44.592 1339 RALLYDEBUG rally_openstack.task.cleanup.manager [-] Deleting cinder.volume_snapshots object s_rally_c863d6f2_zIrow2Nf (3cd67f51-332a-41d4-b72d-89be018c447e)
2020-04-26 10:52:44.596 1339 RALLYDEBUG rally_openstack.task.cleanup.manager [-] Deleting cinder.volume_snapshots object s_rally_c863d6f2_EiAmmzS1 (6ac700da-fa8a-4846-b2a0-e99eec3925e5)
2020-04-26 10:52:44.605 1339 RALLYDEBUG rally_openstack.task.cleanup.manager [-] Deleting cinder.volume_snapshots object s_rally_c863d6f2_QvnU0ghZ (45083086-819a-4ccd-afa1-5fa13f09df78)
2020-04-26 10:52:44.613 1339 RALLYDEBUG rally_openstack.task.cleanup.manager [-] Deleting cinder.volume_snapshots object s_rally_c863d6f2_lqOgllWh (59528245-70eb-4fe3-ba19-da1ae2661a32)
2020-04-26 10:52:44.622 1339 RALLYDEBUG rally_openstack.task.cleanup.manager [-] Deleting cinder.volume_snapshots object s_rally_c863d6f2_g96EI7aq (2ad754dd-d161-4e97-ad8b-b9ac61020208)
2020-04-26 10:52:44.631 1339 RALLYDEBUG rally_openstack.task.cleanup.manager [-] Deleting cinder.volume_snapshots object s_rally_c863d6f2_f6M3jkEa (e26a848e-a7ac-43fe-84f7-3763e793cef5)
2020-04-26 10:52:44.640 1339 RALLYDEBUG rally_openstack.task.cleanup.manager [-] Deleting cinder.volume_snapshots object s_rally_c863d6f2_rc3w8Uv1 (98863826-5275-459f-9cdb-1641967d6d9c)
2020-04-26 10:52:44.660 1339 RALLYDEBUG rally_openstack.task.cleanup.manager [-] Deleting cinder.volume_snapshots object s_rally_c863d6f2_kbSIBtOa (68842474-216b-4c12-b7e9-c911ec225042)
2020-04-26 10:52:44.668 1339 RALLYDEBUG rally_openstack.task.cleanup.manager [-] Deleting cinder.volume_snapshots object s_rally_c863d6f2_HVHdqGKd (13755937-b691-4fbd-9e01-c0a69b6cd00e)
2020-04-26 10:52:44.678 1339 RALLYDEBUG rally_openstack.task.cleanup.manager [-] Deleting cinder.volume_snapshots object s_rally_c863d6f2_gyJjLqzR (0daa1ea2-0d0b-4256-9981-04368c50ff07)
2020-04-26 10:52:47.156 1339 RALLYDEBUG rally_openstack.task.cleanup.manager [-] Cleaning up cinder transfers objects
2020-04-26 10:52:47.575 1339 RALLYDEBUG rally_openstack.task.cleanup.manager [-] Cleaning up cinder volumes objects
2020-04-26 10:52:48.158 1339 INFO rally.task.context [-] Task f7de0959-db9f-4e81-b893-35857ddf6e02 | Context cleanup@openstack cleanup() finished in 4.51 sec
2020-04-26 10:52:48.158 1339 INFO rally.task.context [-] Task f7de0959-db9f-4e81-b893-35857ddf6e02 | Context volumes@openstack cleanup() started
2020-04-26 10:52:48.159 1339 RALLYDEBUG rally_openstack.task.cleanup.manager [-] Cleaning up cinder volumes objects
2020-04-26 10:52:48.771 1339 RALLYDEBUG rally_openstack.task.cleanup.manager [-] Deleting cinder.volumes object c_rally_c863d6f2_Rlhfe7tR (1bf85047-ba14-4b72-aa75-14d085329761)
2020-04-26 10:52:48.777 1339 RALLYDEBUG rally_openstack.task.cleanup.manager [-] Deleting cinder.volumes object c_rally_c863d6f2_9ZiJSJBW (5ee0ab53-c23d-4bfa-9355-6391d03538b0)
2020-04-26 10:52:48.782 1339 RALLYDEBUG rally_openstack.task.cleanup.manager [-] Deleting cinder.volumes object c_rally_c863d6f2_ey6Fkvp4 (f3f94896-3bbf-4aea-8e21-4b46b665a502)
2020-04-26 10:52:51.143 1339 INFO rally.task.context [-] Task f7de0959-db9f-4e81-b893-35857ddf6e02 | Context volumes@openstack cleanup() finished in 2.98 sec
2020-04-26 10:52:51.143 1339 INFO rally.task.context [-] Task f7de0959-db9f-4e81-b893-35857ddf6e02 | Context quotas@openstack cleanup() started
2020-04-26 10:52:51.250 1339 INFO rally.task.context [-] Task f7de0959-db9f-4e81-b893-35857ddf6e02 | Context quotas@openstack cleanup() finished in 0.11 sec
2020-04-26 10:52:51.251 1339 INFO rally.task.context [-] Task f7de0959-db9f-4e81-b893-35857ddf6e02 | Context api_versions@openstack cleanup() started
2020-04-26 10:52:51.251 1339 INFO rally.task.context [-] Task f7de0959-db9f-4e81-b893-35857ddf6e02 | Context api_versions@openstack cleanup() finished in 0.34 msec
2020-04-26 10:52:51.252 1339 INFO rally.task.context [-] Task f7de0959-db9f-4e81-b893-35857ddf6e02 | Context users@openstack cleanup() started
2020-04-26 10:52:54.462 1339 INFO rally.task.context [-] Task f7de0959-db9f-4e81-b893-35857ddf6e02 | Context users@openstack cleanup() finished in 3.21 sec
2020-04-26 10:52:55.746 1339 INFO rally.task.engine [-] Load duration is: 7.470418
2020-04-26 10:52:55.747 1339 INFO rally.task.engine [-] Full runner duration is: 7.512629
2020-04-26 10:52:55.747 1339 INFO rally.task.engine [-] Full duration is: 28.86945
2020-04-26 10:52:55.842 1339 INFO rally.task.engine [-] Running workload: position = 0 config = { "version": 2, "title": "A cropped version of a bigger task.", "description": "Auto-generated task from a single workload (uuid=f02c4f97-1dec-465c-abf9-1708c20c91d4)", "subtasks": [ { "title": "CinderVolumes.create_and_list_volume", "description": "Create a volume and list all volumes.", "scenario": { "CinderVolumes.create_and_list_volume": { "detailed": true, "image": { "name": "rally_full-img_e682400e-6557-47f8-ab35-d73c2fba5a69" }, "size": 1 } }, "contexts": { "users": { "tenants": 3, "users_per_tenant": 2 }, "quotas": { "cinder": { "gigabytes": -1, "snapshots": -1, "volumes": -1 } }, "api_versions": { "cinder": { "version": 3, "service_type": "volumev3" } } }, "runner": { "constant": { "concurrency": 4, "times": 10 } }, "hooks": [], "sla": { "failure_rate": { "max": 0 } } } ] }
2020-04-26 10:52:55.859 1339 RALLYDEBUG rally_openstack.task.contexts.keystone.users [-] Creating 3 tenants using 3 threads
2020-04-26 10:52:56.352 1339 RALLYDEBUG rally_openstack.task.contexts.keystone.users [-] Creating 6 users using 6 threads
2020-04-26 10:52:57.104 1339 INFO rally.task.context [-] Task f7de0959-db9f-4e81-b893-35857ddf6e02 | Context users@openstack setup() finished in 1.24 sec
2020-04-26 10:52:57.235 1339 INFO rally.task.context [-] Task f7de0959-db9f-4e81-b893-35857ddf6e02 | Context api_versions@openstack setup() finished in 0.13 sec
2020-04-26 10:52:58.129 1339 INFO rally.task.context [-] Task f7de0959-db9f-4e81-b893-35857ddf6e02 | Context quotas@openstack setup() finished in 0.89 sec
2020-04-26 10:52:58.130 1339 INFO rally.task.context [-] Task f7de0959-db9f-4e81-b893-35857ddf6e02 | Context cleanup@openstack setup() finished in 0.01 msec
2020-04-26 10:52:58.386 1339 RALLYDEBUG rally.task.runner [-] Starting the constant runner (task UUID: f7de0959-db9f-4e81-b893-35857ddf6e02). times: 10 concurrency: 4 timeout: 0 max_cpu_used: 88 processes_to_start: 4 concurrency_per_worker: 1 concurrency_overhead: 0
2020-04-26 10:52:58.394 1780 RALLYDEBUG rally.task.runner [-] Starting a worker. times: 10 duration: None concurrency: 1 timeout: 0 cls: method_name: run args: {"detailed": true, "image": "0c6b06b0-cf94-46e1-8894-79d640aac3a3", "size": 1}
2020-04-26 10:52:58.397 1781 RALLYDEBUG rally.task.runner [-] Starting a worker. times: 10 duration: None concurrency: 1 timeout: 0 cls: method_name: run args: {"detailed": true, "image": "0c6b06b0-cf94-46e1-8894-79d640aac3a3", "size": 1}
2020-04-26 10:52:58.399 1780 INFO rally.task.runner [-] Task f7de0959-db9f-4e81-b893-35857ddf6e02 | ITER: 1 START
2020-04-26 10:52:58.399 1782 RALLYDEBUG rally.task.runner [-] Starting a worker. times: 10 duration: None concurrency: 1 timeout: 0 cls: method_name: run args: {"detailed": true, "image": "0c6b06b0-cf94-46e1-8894-79d640aac3a3", "size": 1}
2020-04-26 10:52:58.401 1783 RALLYDEBUG rally.task.runner [-] Starting a worker. times: 10 duration: None concurrency: 1 timeout: 0 cls: method_name: run args: {"detailed": true, "image": "0c6b06b0-cf94-46e1-8894-79d640aac3a3", "size": 1}
2020-04-26 10:52:58.402 1781 INFO rally.task.runner [-] Task f7de0959-db9f-4e81-b893-35857ddf6e02 | ITER: 2 START
2020-04-26 10:52:58.404 1782 INFO rally.task.runner [-] Task f7de0959-db9f-4e81-b893-35857ddf6e02 | ITER: 3 START
2020-04-26 10:52:58.406 1783 INFO rally.task.runner [-] Task f7de0959-db9f-4e81-b893-35857ddf6e02 | ITER: 4 START
2020-04-26 10:53:03.339 1780 RALLYDEBUG rally.task.utils [-] Waiting for resource s_rally_f02c4f97_ffzjiceS. Status changed: DOWNLOADING => AVAILABLE in 2.23075532913208
2020-04-26 10:53:03.375 1782 RALLYDEBUG rally.task.utils [-] Waiting for resource s_rally_f02c4f97_zIg5JdwQ. Status changed: DOWNLOADING => AVAILABLE in 2.2191078662872314
2020-04-26 10:53:03.393 1783 RALLYDEBUG rally.task.utils [-] Waiting for resource s_rally_f02c4f97_sNkY9yjm. Status changed: DOWNLOADING => AVAILABLE in 2.223538875579834
2020-04-26 10:53:03.421 1780 INFO rally.task.runner [-] Task f7de0959-db9f-4e81-b893-35857ddf6e02 | ITER: 1 END: OK
2020-04-26 10:53:03.425 1780 INFO rally.task.runner [-] Task f7de0959-db9f-4e81-b893-35857ddf6e02 | ITER: 5 START
2020-04-26 10:53:03.457 1782 INFO rally.task.runner [-] Task f7de0959-db9f-4e81-b893-35857ddf6e02 | ITER: 3 END: OK
2020-04-26 10:53:03.460 1782 INFO rally.task.runner [-] Task f7de0959-db9f-4e81-b893-35857ddf6e02 | ITER: 6 START
2020-04-26 10:53:03.466 1783 INFO rally.task.runner [-] Task f7de0959-db9f-4e81-b893-35857ddf6e02 | ITER: 4 END: OK
2020-04-26 10:53:03.470 1783 INFO rally.task.runner [-] Task f7de0959-db9f-4e81-b893-35857ddf6e02 | ITER: 7 START
2020-04-26 10:53:04.306 1781 RALLYDEBUG rally.task.utils [-] Waiting for resource s_rally_f02c4f97_9jFQldN1. Status changed: DOWNLOADING => AVAILABLE in 2.246190309524536
2020-04-26 10:53:04.389 1781 INFO rally.task.runner [-] Task f7de0959-db9f-4e81-b893-35857ddf6e02 | ITER: 2 END: OK
2020-04-26 10:53:04.393 1781 INFO rally.task.runner [-] Task f7de0959-db9f-4e81-b893-35857ddf6e02 | ITER: 8 START
2020-04-26 10:53:08.257 1782 RALLYDEBUG rally.task.utils [-] Waiting for resource s_rally_f02c4f97_BJEBb7OX. Status changed: DOWNLOADING => AVAILABLE in 2.2179033756256104
2020-04-26 10:53:08.310 1783 RALLYDEBUG rally.task.utils [-] Waiting for resource s_rally_f02c4f97_mFwemNzj. Status changed: DOWNLOADING => AVAILABLE in 2.215122938156128
2020-04-26 10:53:08.348 1782 INFO rally.task.runner [-] Task f7de0959-db9f-4e81-b893-35857ddf6e02 | ITER: 6 END: OK
2020-04-26 10:53:08.352 1782 INFO rally.task.runner [-] Task f7de0959-db9f-4e81-b893-35857ddf6e02 | ITER: 9 START
2020-04-26 10:53:08.389 1780 RALLYDEBUG rally.task.utils [-] Waiting for resource s_rally_f02c4f97_fYMS5ZOm. Status changed: DOWNLOADING => AVAILABLE in 2.2258424758911133
2020-04-26 10:53:08.408 1783 INFO rally.task.runner [-] Task f7de0959-db9f-4e81-b893-35857ddf6e02 | ITER: 7 END: OK
2020-04-26 10:53:08.412 1783 INFO rally.task.runner [-] Task f7de0959-db9f-4e81-b893-35857ddf6e02 | ITER: 10 START
2020-04-26 10:53:08.473 1780 INFO rally.task.runner [-] Task f7de0959-db9f-4e81-b893-35857ddf6e02 | ITER: 5 END: OK
2020-04-26 10:53:09.228 1781 RALLYDEBUG rally.task.utils [-] Waiting for resource s_rally_f02c4f97_JE0KHT3p. Status changed: DOWNLOADING => AVAILABLE in 2.2348785400390625
2020-04-26 10:53:09.313 1781 INFO rally.task.runner [-] Task f7de0959-db9f-4e81-b893-35857ddf6e02 | ITER: 8 END: OK
2020-04-26 10:53:13.233 1783 RALLYDEBUG rally.task.utils [-] Waiting for resource s_rally_f02c4f97_2NaBQ3Ha. Status changed: DOWNLOADING => AVAILABLE in 2.225914478302002
2020-04-26 10:53:13.277 1782 RALLYDEBUG rally.task.utils [-] Waiting for resource s_rally_f02c4f97_WE09txLa. Status changed: DOWNLOADING => AVAILABLE in 2.2241315841674805
2020-04-26 10:53:13.334 1783 INFO rally.task.runner [-] Task f7de0959-db9f-4e81-b893-35857ddf6e02 | ITER: 10 END: OK
2020-04-26 10:53:13.357 1782 INFO rally.task.runner [-] Task f7de0959-db9f-4e81-b893-35857ddf6e02 | ITER: 9 END: OK
2020-04-26 10:53:13.383 1339 INFO rally.task.context [-] Task f7de0959-db9f-4e81-b893-35857ddf6e02 | Context cleanup@openstack cleanup() started
2020-04-26 10:53:13.387 1339 RALLYDEBUG rally_openstack.task.cleanup.manager [-] Cleaning up cinder backups objects
2020-04-26 10:53:13.839 1339 RALLYDEBUG rally_openstack.task.cleanup.manager [-] Cleaning up cinder volume_snapshots objects
2020-04-26 10:53:14.296 1339 RALLYDEBUG rally_openstack.task.cleanup.manager [-] Cleaning up cinder transfers objects
2020-04-26 10:53:14.688 1339 RALLYDEBUG rally_openstack.task.cleanup.manager [-] Cleaning up cinder volumes objects
2020-04-26 10:53:15.262 1339 RALLYDEBUG rally_openstack.task.cleanup.manager [-] Deleting cinder.volumes object s_rally_f02c4f97_mFwemNzj (b0cf94a3-8536-4475-968a-eb5689de3f56)
2020-04-26 10:53:15.263 1339 RALLYDEBUG rally_openstack.task.cleanup.manager [-] Deleting cinder.volumes object s_rally_f02c4f97_2NaBQ3Ha (60c5c6e8-9c5f-4ba4-b899-49747c7e3513)
2020-04-26 10:53:15.271 1339 RALLYDEBUG rally_openstack.task.cleanup.manager [-] Deleting cinder.volumes object s_rally_f02c4f97_BJEBb7OX (07e93ab5-ee13-44bd-ab16-69b56bc1e135)
2020-04-26 10:53:15.280 1339 RALLYDEBUG rally_openstack.task.cleanup.manager [-] Deleting cinder.volumes object s_rally_f02c4f97_9jFQldN1 (fe65b487-4b7e-4870-a989-4d2664150314)
2020-04-26 10:53:15.286 1339 RALLYDEBUG rally_openstack.task.cleanup.manager [-] Deleting cinder.volumes object s_rally_f02c4f97_ffzjiceS (46c20817-e678-46ea-937c-66f8ee4b127c)
2020-04-26 10:53:15.296 1339 RALLYDEBUG rally_openstack.task.cleanup.manager [-] Deleting cinder.volumes object s_rally_f02c4f97_zIg5JdwQ (443dd7ed-f873-4fb1-9df0-3e20e9674b9d)
2020-04-26 10:53:15.300 1339 RALLYDEBUG rally_openstack.task.cleanup.manager [-] Deleting cinder.volumes object s_rally_f02c4f97_WE09txLa (6911d59b-b043-480f-affc-8b1ba3e916ed)
2020-04-26 10:53:15.305 1339 RALLYDEBUG rally_openstack.task.cleanup.manager [-] Deleting cinder.volumes object s_rally_f02c4f97_sNkY9yjm (dace7370-ae1e-41cd-8711-d6a7ab4da2ee)
2020-04-26 10:53:15.322 1339 RALLYDEBUG rally_openstack.task.cleanup.manager [-] Deleting cinder.volumes object s_rally_f02c4f97_JE0KHT3p (68681a91-a81a-4a00-893c-79d6ca32b380)
2020-04-26 10:53:15.341 1339 RALLYDEBUG rally_openstack.task.cleanup.manager [-] Deleting cinder.volumes object s_rally_f02c4f97_fYMS5ZOm (3347d4bc-bc0e-46ab-bbb7-954e1a53587b)
2020-04-26 10:53:18.786 1339 INFO rally.task.context [-] Task f7de0959-db9f-4e81-b893-35857ddf6e02 | Context cleanup@openstack cleanup() finished in 5.40 sec
2020-04-26 10:53:18.786 1339 INFO rally.task.context [-] Task f7de0959-db9f-4e81-b893-35857ddf6e02 | Context quotas@openstack cleanup() started
2020-04-26 10:53:18.915 1339 INFO rally.task.context [-] Task f7de0959-db9f-4e81-b893-35857ddf6e02 | Context quotas@openstack cleanup() finished in 0.13 sec
2020-04-26 10:53:18.916 1339 INFO rally.task.context [-] Task f7de0959-db9f-4e81-b893-35857ddf6e02 | Context api_versions@openstack cleanup() started
2020-04-26 10:53:18.916 1339 INFO rally.task.context [-] Task f7de0959-db9f-4e81-b893-35857ddf6e02 | Context api_versions@openstack cleanup() finished in 0.28 msec
2020-04-26 10:53:18.916 1339 INFO rally.task.context [-] Task f7de0959-db9f-4e81-b893-35857ddf6e02 | Context users@openstack cleanup() started
2020-04-26 10:53:22.057 1339 INFO rally.task.context [-] Task f7de0959-db9f-4e81-b893-35857ddf6e02 | Context users@openstack cleanup() finished in 3.14 sec
2020-04-26 10:53:23.999 1339 INFO rally.task.engine [-] Load duration is: 14.95355
2020-04-26 10:53:23.999 1339 INFO rally.task.engine [-] Full runner duration is: 14.997333
2020-04-26 10:53:23.999 1339 INFO rally.task.engine [-] Full duration is: 26.199932
2020-04-26 10:53:24.049 1339 INFO rally.task.engine [-] Running workload: position = 1 config = { "version": 2, "title": "A cropped version of a bigger task.", "description": "Auto-generated task from a single workload (uuid=94eecfe3-cb6a-4056-80c4-78663f4fd95b)", "subtasks": [ { "title": "CinderVolumes.create_and_list_volume", "description": "Create a volume and list all volumes.", "scenario": { "CinderVolumes.create_and_list_volume": { "detailed": true, "size": 1 } }, "contexts": { "users": { "tenants": 3, "users_per_tenant": 2 }, "quotas": { "cinder": { "gigabytes": -1, "snapshots": -1, "volumes": -1 } }, "api_versions": { "cinder": { "version": 3, "service_type": "volumev3" } } }, "runner": { "constant": { "concurrency": 4, "times": 10 } }, "hooks": [], "sla": { "failure_rate": { "max": 0 } } } ] }
2020-04-26 10:53:24.068 1339 RALLYDEBUG rally_openstack.task.contexts.keystone.users [-] Creating 3 tenants using 3 threads
2020-04-26 10:53:24.504 1339 RALLYDEBUG rally_openstack.task.contexts.keystone.users [-] Creating 6 users using 6 threads
2020-04-26 10:53:25.238 1339 INFO rally.task.context [-] Task f7de0959-db9f-4e81-b893-35857ddf6e02 | Context users@openstack setup() finished in 1.17 sec
2020-04-26 10:53:25.365 1339 INFO rally.task.context [-] Task f7de0959-db9f-4e81-b893-35857ddf6e02 | Context api_versions@openstack setup() finished in 0.13 sec
2020-04-26 10:53:26.072 1339 INFO rally.task.context [-] Task f7de0959-db9f-4e81-b893-35857ddf6e02 | Context quotas@openstack setup() finished in 0.71 sec
2020-04-26 10:53:26.073 1339 INFO rally.task.context [-] Task f7de0959-db9f-4e81-b893-35857ddf6e02 | Context cleanup@openstack setup() finished in 0.02 msec
2020-04-26 10:53:26.079 1339 RALLYDEBUG rally.task.runner [-] Starting the constant runner (task UUID: f7de0959-db9f-4e81-b893-35857ddf6e02). times: 10 concurrency: 4 timeout: 0 max_cpu_used: 88 processes_to_start: 4 concurrency_per_worker: 1 concurrency_overhead: 0
2020-04-26 10:53:26.088 1933 RALLYDEBUG rally.task.runner [-] Starting a worker. times: 10 duration: None concurrency: 1 timeout: 0 cls: method_name: run args: {"detailed": true, "size": 1}
2020-04-26 10:53:26.090 1935 RALLYDEBUG rally.task.runner [-] Starting a worker. times: 10 duration: None concurrency: 1 timeout: 0 cls: method_name: run args: {"detailed": true, "size": 1}
2020-04-26 10:53:26.090 1934 RALLYDEBUG rally.task.runner [-] Starting a worker. times: 10 duration: None concurrency: 1 timeout: 0 cls: method_name: run args: {"detailed": true, "size": 1}
2020-04-26 10:53:26.093 1933 INFO rally.task.runner [-] Task f7de0959-db9f-4e81-b893-35857ddf6e02 | ITER: 1 START
2020-04-26 10:53:26.094 1936 RALLYDEBUG rally.task.runner [-] Starting a worker. times: 10 duration: None concurrency: 1 timeout: 0 cls: method_name: run args: {"detailed": true, "size": 1}
2020-04-26 10:53:26.095 1935 INFO rally.task.runner [-] Task f7de0959-db9f-4e81-b893-35857ddf6e02 | ITER: 2 START
2020-04-26 10:53:26.095 1934 INFO rally.task.runner [-] Task f7de0959-db9f-4e81-b893-35857ddf6e02 | ITER: 3 START
2020-04-26 10:53:26.098 1936 INFO rally.task.runner [-] Task f7de0959-db9f-4e81-b893-35857ddf6e02 | ITER: 4 START
2020-04-26 10:53:28.890 1933 INFO rally.task.runner [-] Task f7de0959-db9f-4e81-b893-35857ddf6e02 | ITER: 1 END: OK
2020-04-26 10:53:28.894 1933 INFO rally.task.runner [-] Task f7de0959-db9f-4e81-b893-35857ddf6e02 | ITER: 5 START
2020-04-26 10:53:28.911 1934 INFO rally.task.runner [-] Task f7de0959-db9f-4e81-b893-35857ddf6e02 | ITER: 3 END: OK
2020-04-26 10:53:28.914 1934 INFO rally.task.runner [-] Task f7de0959-db9f-4e81-b893-35857ddf6e02 | ITER: 6 START
2020-04-26 10:53:28.931 1935 INFO rally.task.runner [-] Task f7de0959-db9f-4e81-b893-35857ddf6e02 | ITER: 2 END: OK
2020-04-26 10:53:28.935 1935 INFO rally.task.runner [-] Task f7de0959-db9f-4e81-b893-35857ddf6e02 | ITER: 7 START
2020-04-26 10:53:28.974 1936 INFO rally.task.runner [-] Task f7de0959-db9f-4e81-b893-35857ddf6e02 | ITER: 4 END: OK
2020-04-26 10:53:28.978 1936 INFO rally.task.runner [-] Task f7de0959-db9f-4e81-b893-35857ddf6e02 | ITER: 8 START
2020-04-26 10:53:31.583 1934 INFO rally.task.runner [-] Task f7de0959-db9f-4e81-b893-35857ddf6e02 | ITER: 6 END: OK
2020-04-26 10:53:31.586 1934 INFO rally.task.runner [-] Task f7de0959-db9f-4e81-b893-35857ddf6e02 | ITER: 9 START
2020-04-26 10:53:31.620 1935 INFO rally.task.runner [-] Task f7de0959-db9f-4e81-b893-35857ddf6e02 | ITER: 7 END: OK
2020-04-26 10:53:31.624 1935 INFO rally.task.runner [-] Task f7de0959-db9f-4e81-b893-35857ddf6e02 | ITER: 10 START
2020-04-26 10:53:31.630 1936 INFO rally.task.runner [-] Task f7de0959-db9f-4e81-b893-35857ddf6e02 | ITER: 8 END: OK
2020-04-26 10:53:31.650 1933 INFO rally.task.runner [-] Task f7de0959-db9f-4e81-b893-35857ddf6e02 | ITER: 5 END: OK
2020-04-26 10:53:34.279 1934 INFO rally.task.runner [-] Task f7de0959-db9f-4e81-b893-35857ddf6e02 | ITER: 9 END: OK
2020-04-26 10:53:34.360 1935 INFO rally.task.runner [-] Task f7de0959-db9f-4e81-b893-35857ddf6e02 | ITER: 10 END: OK
2020-04-26 10:53:34.388 1339 INFO rally.task.context [-] Task f7de0959-db9f-4e81-b893-35857ddf6e02 | Context cleanup@openstack cleanup() started
2020-04-26 10:53:34.392 1339 RALLYDEBUG rally_openstack.task.cleanup.manager [-] Cleaning up cinder backups objects
2020-04-26 10:53:34.909 1339 RALLYDEBUG rally_openstack.task.cleanup.manager [-] Cleaning up cinder volume_snapshots objects
2020-04-26 10:53:35.318 1339 RALLYDEBUG rally_openstack.task.cleanup.manager [-] Cleaning up cinder transfers objects
2020-04-26 10:53:35.670 1339 RALLYDEBUG rally_openstack.task.cleanup.manager [-] Cleaning up cinder volumes objects
2020-04-26 10:53:36.328 1339 RALLYDEBUG rally_openstack.task.cleanup.manager [-] Deleting cinder.volumes object s_rally_94eecfe3_fczfLp9h (be8d8227-5e3e-40e8-be78-feea047fe491)
2020-04-26 10:53:36.332 1339 RALLYDEBUG rally_openstack.task.cleanup.manager [-] Deleting cinder.volumes object s_rally_94eecfe3_mwsylUXM (40a64855-eebc-41a8-89eb-b495dd826677)
