2020-04-26 10:40:46.217 7 RALLYDEBUG rally.api [-] INFO logs from urllib3 and requests module are hide.
2020-04-26 10:40:46.217 7 RALLYDEBUG rally.api [-] urllib3 insecure warnings are hidden.
2020-04-26 10:40:46.217 7 RALLYDEBUG rally.api [-] ERROR log from boto module is hide.
2020-04-26 10:40:48.046 7 ERROR rally.cli.cliutils [-] Unexpected exception in CLI: rally.exceptions.DBRecordNotFound: Record for uuid or name is opnfv-rally not found in table envs
2020-04-26 10:40:48.046 7 ERROR rally.cli.cliutils
Traceback (most recent call last):
2020-04-26 10:40:48.046 7 ERROR rally.cli.cliutils
File "/usr/lib/python3.8/site-packages/rally/cli/cliutils.py", line 657, in run
2020-04-26 10:40:48.046 7 ERROR rally.cli.cliutils ret = fn(*fn_args, **fn_kwargs)
2020-04-26 10:40:48.046 7 ERROR rally.cli.cliutils File "", line 2, in destroy
2020-04-26 10:40:48.046 7 ERROR rally.cli.cliutils
File "/usr/lib/python3.8/site-packages/rally/cli/envutils.py", line 135, in default_from_global
2020-04-26 10:40:48.046 7 ERROR rally.cli.cliutils return f(*args, **kwargs)
2020-04-26 10:40:48.046 7 ERROR rally.cli.cliutils File "", line 2, in destroy
2020-04-26 10:40:48.046 7 ERROR rally.cli.cliutils
File "/usr/lib/python3.8/site-packages/rally/plugins/__init__.py", line 59, in ensure_plugins_are_loaded
2020-04-26 10:40:48.046 7 ERROR rally.cli.cliutils return f(*args, **kwargs)
2020-04-26 10:40:48.046 7 ERROR rally.cli.cliutils
File "/usr/lib/python3.8/site-packages/rally/cli/commands/deployment.py", line 154, in destroy
2020-04-26 10:40:48.046 7 ERROR rally.cli.cliutils api.deployment.destroy(deployment=deployment)
2020-04-26 10:40:48.046 7 ERROR rally.cli.cliutils
File "/usr/lib/python3.8/site-packages/rally/api.py", line 115, in destroy
2020-04-26 10:40:48.046 7 ERROR rally.cli.cliutils deploy = objects.Deployment.get(deployment)
2020-04-26 10:40:48.046 7 ERROR rally.cli.cliutils
File "/usr/lib/python3.8/site-packages/rally/common/objects/deploy.py", line 124, in get
2020-04-26 10:40:48.046 7 ERROR rally.cli.cliutils return Deployment(env_mgr.EnvManager.get(deploy))
2020-04-26 10:40:48.046 7 ERROR rally.cli.cliutils
File "/usr/lib/python3.8/site-packages/rally/env/env_mgr.py", line 212, in get
2020-04-26 10:40:48.046 7 ERROR rally.cli.cliutils return cls(db.env_get(uuid_or_name))
2020-04-26 10:40:48.046 7 ERROR rally.cli.cliutils
File "/usr/lib/python3.8/site-packages/rally/common/db/api.py", line 133, in wrapper
2020-04-26 10:40:48.046 7 ERROR rally.cli.cliutils result = f(session, *args, **kwargs)
2020-04-26 10:40:48.046 7 ERROR rally.cli.cliutils
File "/usr/lib/python3.8/site-packages/rally/common/db/api.py", line 518, in env_get
2020-04-26 10:40:48.046 7 ERROR rally.cli.cliutils raise exceptions.DBRecordNotFound(
2020-04-26 10:40:48.046 7 ERROR rally.cli.cliutils rally.exceptions.DBRecordNotFound: Record for uuid or name is opnfv-rally not found in table envs
2020-04-26 10:40:48.046 7 ERROR rally.cli.cliutils
2020-04-26 10:40:49.347 9 RALLYDEBUG rally.api [-] INFO logs from urllib3 and requests module are hide.
2020-04-26 10:40:49.347 9 RALLYDEBUG rally.api [-] urllib3 insecure warnings are hidden.
2020-04-26 10:40:49.347 9 RALLYDEBUG rally.api [-] ERROR log from boto module is hide.
2020-04-26 10:40:52.666 11 RALLYDEBUG rally.api [-] INFO logs from urllib3 and requests module are hide.
2020-04-26 10:40:52.666 11 RALLYDEBUG rally.api [-] urllib3 insecure warnings are hidden.
2020-04-26 10:40:52.666 11 RALLYDEBUG rally.api [-] ERROR log from boto module is hide.
2020-04-26 10:40:56.235 14 RALLYDEBUG rally.api [-] INFO logs from urllib3 and requests module are hide.
2020-04-26 10:40:56.236 14 RALLYDEBUG rally.api [-] urllib3 insecure warnings are hidden.
2020-04-26 10:40:56.236 14 RALLYDEBUG rally.api [-] ERROR log from boto module is hide.
2020-04-26 10:40:57.738 17 RALLYDEBUG rally.api [-] INFO logs from urllib3 and requests module are hide.
2020-04-26 10:40:57.738 17 RALLYDEBUG rally.api [-] urllib3 insecure warnings are hidden.
2020-04-26 10:40:57.738 17 RALLYDEBUG rally.api [-] ERROR log from boto module is hide.
2020-04-26 10:40:59.374 17 INFO rally.task.engine [-] Task 7613b960-0a88-4085-a4e8-a912f8d98959 | Starting: Task validation.
2020-04-26 10:40:59.387 17 INFO rally.task.engine [-] Task 7613b960-0a88-4085-a4e8-a912f8d98959 | Starting: Task validation of syntax.
2020-04-26 10:40:59.431 17 INFO rally.task.engine [-] Task 7613b960-0a88-4085-a4e8-a912f8d98959 | Completed: Task validation of syntax.
2020-04-26 10:40:59.431 17 INFO rally.task.engine [-] Task 7613b960-0a88-4085-a4e8-a912f8d98959 | Starting: Task validation of required platforms.
2020-04-26 10:40:59.458 17 INFO rally.task.engine [-] Task 7613b960-0a88-4085-a4e8-a912f8d98959 | Completed: Task validation of required platforms.
2020-04-26 10:40:59.459 17 INFO rally.task.engine [-] Task 7613b960-0a88-4085-a4e8-a912f8d98959 | Starting: Task validation of semantic.
2020-04-26 10:40:59.459 17 INFO rally.task.engine [-] Check health of the environment '6325f1f3-3681-44ca-9a3c-bea9e7dc643d'.
2020-04-26 10:40:59.865 17 INFO rally.task.engine [-] Platform existing@openstack (available: True): OK!
2020-04-26 10:40:59.878 17 RALLYDEBUG rally_openstack.task.contexts.keystone.users [-] Creating 1 tenants using 1 threads
2020-04-26 10:41:00.212 17 RALLYDEBUG rally_openstack.task.contexts.keystone.users [-] Creating 1 users using 1 threads
2020-04-26 10:41:00.854 17 INFO rally.task.context [-] Task 7613b960-0a88-4085-a4e8-a912f8d98959 | Context users@openstack setup() finished in 0.98 sec
2020-04-26 10:41:00.894 17 INFO rally.task.context [-] Task 7613b960-0a88-4085-a4e8-a912f8d98959 | Context users@openstack cleanup() started
2020-04-26 10:41:02.318 17 INFO rally.task.context [-] Task 7613b960-0a88-4085-a4e8-a912f8d98959 | Context users@openstack cleanup() finished in 1.42 sec
2020-04-26 10:41:02.319 17 INFO rally.task.engine [-] Task 7613b960-0a88-4085-a4e8-a912f8d98959 | Completed: Task validation of semantic.
2020-04-26 10:41:02.319 17 INFO rally.task.engine [-] Task 7613b960-0a88-4085-a4e8-a912f8d98959 | Completed: Task validation.
2020-04-26 10:41:02.319 17 INFO rally.api [-] Task 7613b960-0a88-4085-a4e8-a912f8d98959 input file is valid.
2020-04-26 10:41:02.319 17 INFO rally.api [-] Run Task 7613b960-0a88-4085-a4e8-a912f8d98959 against Deployment 6325f1f3-3681-44ca-9a3c-bea9e7dc643d
2020-04-26 10:41:02.319 17 INFO rally.task.engine [-] Task 7613b960-0a88-4085-a4e8-a912f8d98959 | Starting: Running task.
2020-04-26 10:41:02.366 17 INFO rally.task.engine [-] Running workload: position = 0 config = { "version": 2, "title": "A cropped version of a bigger task.", "description": "Auto-generated task from a single workload (uuid=c30ea2d4-53b5-4608-9718-f78a0e102233)", "subtasks": [ { "title": "Authenticate.keystone", "description": "Check Keystone Client.", "scenario": { "Authenticate.keystone": {} }, "contexts": { "users": { "tenants": 3, "users_per_tenant": 2 } }, "runner": { "constant": { "concurrency": 4, "times": 10 } }, "hooks": [], "sla": { "failure_rate": { "max": 0 } } } ] }
2020-04-26 10:41:02.379 17 RALLYDEBUG rally_openstack.task.contexts.keystone.users [-] Creating 3 tenants using 3 threads
2020-04-26 10:41:02.831 17 RALLYDEBUG rally_openstack.task.contexts.keystone.users [-] Creating 6 users using 6 threads
2020-04-26 10:41:03.624 17 INFO rally.task.context [-] Task 7613b960-0a88-4085-a4e8-a912f8d98959 | Context users@openstack setup() finished in 1.24 sec
2020-04-26 10:41:03.630 17 RALLYDEBUG rally.task.runner [-] Starting the constant runner (task UUID: 7613b960-0a88-4085-a4e8-a912f8d98959). times: 10 concurrency: 4 timeout: 0 max_cpu_used: 88 processes_to_start: 4 concurrency_per_worker: 1 concurrency_overhead: 0
2020-04-26 10:41:03.641 72 RALLYDEBUG rally.task.runner [-] Starting a worker. times: 10 duration: None concurrency: 1 timeout: 0 cls: method_name: run args: {}
2020-04-26 10:41:03.644 73 RALLYDEBUG rally.task.runner [-] Starting a worker. times: 10 duration: None concurrency: 1 timeout: 0 cls: method_name: run args: {}
2020-04-26 10:41:03.646 72 INFO rally.task.runner [-] Task 7613b960-0a88-4085-a4e8-a912f8d98959 | ITER: 1 START
2020-04-26 10:41:03.646 74 RALLYDEBUG rally.task.runner [-] Starting a worker. times: 10 duration: None concurrency: 1 timeout: 0 cls: method_name: run args: {}
2020-04-26 10:41:03.649 73 INFO rally.task.runner [-] Task 7613b960-0a88-4085-a4e8-a912f8d98959 | ITER: 2 START
2020-04-26 10:41:03.650 77 RALLYDEBUG rally.task.runner [-] Starting a worker. times: 10 duration: None concurrency: 1 timeout: 0 cls: method_name: run args: {}
2020-04-26 10:41:03.651 74 INFO rally.task.runner [-] Task 7613b960-0a88-4085-a4e8-a912f8d98959 | ITER: 3 START
2020-04-26 10:41:03.655 77 INFO rally.task.runner [-] Task 7613b960-0a88-4085-a4e8-a912f8d98959 | ITER: 4 START
2020-04-26 10:41:03.831 73 INFO rally.task.runner [-] Task 7613b960-0a88-4085-a4e8-a912f8d98959 | ITER: 2 END: OK
2020-04-26 10:41:03.832 72 INFO rally.task.runner [-] Task 7613b960-0a88-4085-a4e8-a912f8d98959 | ITER: 1 END: OK
2020-04-26 10:41:03.834 73 INFO rally.task.runner [-] Task 7613b960-0a88-4085-a4e8-a912f8d98959 | ITER: 5 START
2020-04-26 10:41:03.836 72 INFO rally.task.runner [-] Task 7613b960-0a88-4085-a4e8-a912f8d98959 | ITER: 6 START
2020-04-26 10:41:03.841 74 INFO rally.task.runner [-] Task 7613b960-0a88-4085-a4e8-a912f8d98959 | ITER: 3 END: OK
2020-04-26 10:41:03.845 74 INFO rally.task.runner [-] Task 7613b960-0a88-4085-a4e8-a912f8d98959 | ITER: 7 START
2020-04-26 10:41:03.896 77 INFO rally.task.runner [-] Task 7613b960-0a88-4085-a4e8-a912f8d98959 | ITER: 4 END: OK
2020-04-26 10:41:03.901 77 INFO rally.task.runner [-] Task 7613b960-0a88-4085-a4e8-a912f8d98959 | ITER: 8 START
2020-04-26 10:41:03.948 72 INFO rally.task.runner [-] Task 7613b960-0a88-4085-a4e8-a912f8d98959 | ITER: 6 END: OK
2020-04-26 10:41:03.950 72 INFO rally.task.runner [-] Task 7613b960-0a88-4085-a4e8-a912f8d98959 | ITER: 9 START
2020-04-26 10:41:03.964 74 INFO rally.task.runner [-] Task 7613b960-0a88-4085-a4e8-a912f8d98959 | ITER: 7 END: OK
2020-04-26 10:41:03.967 74 INFO rally.task.runner [-] Task 7613b960-0a88-4085-a4e8-a912f8d98959 | ITER: 10 START
2020-04-26 10:41:04.008 77 INFO rally.task.runner [-] Task 7613b960-0a88-4085-a4e8-a912f8d98959 | ITER: 8 END: OK
2020-04-26 10:41:04.035 73 INFO rally.task.runner [-] Task 7613b960-0a88-4085-a4e8-a912f8d98959 | ITER: 5 END: OK
2020-04-26 10:41:04.059 72 INFO rally.task.runner [-] Task 7613b960-0a88-4085-a4e8-a912f8d98959 | ITER: 9 END: OK
2020-04-26 10:41:04.077 74 INFO rally.task.runner [-] Task 7613b960-0a88-4085-a4e8-a912f8d98959 | ITER: 10 END: OK
2020-04-26 10:41:04.107 17 INFO rally.task.context [-] Task 7613b960-0a88-4085-a4e8-a912f8d98959 | Context users@openstack cleanup() started
2020-04-26 10:41:06.519 17 INFO rally.task.context [-] Task 7613b960-0a88-4085-a4e8-a912f8d98959 | Context users@openstack cleanup() finished in 2.41 sec
2020-04-26 10:41:08.420 17 INFO rally.task.engine [-] Load duration is: 0.429494
2020-04-26 10:41:08.421 17 INFO rally.task.engine [-] Full runner duration is: 0.477122
2020-04-26 10:41:08.421 17 INFO rally.task.engine [-] Full duration is: 4.140561
2020-04-26 10:41:08.508 17 INFO rally.task.engine [-] Running workload: position = 0 config = { "version": 2, "title": "A cropped version of a bigger task.", "description": "Auto-generated task from a single workload (uuid=03afe7ad-3b25-4e47-904d-40b6f463662e)", "subtasks": [ { "title": "Authenticate.validate_cinder", "description": "Check Cinder Client to ensure validation of token.", "scenario": { "Authenticate.validate_cinder": { "repetitions": 2 } }, "contexts": { "users": { "tenants": 3, "users_per_tenant": 2 } }, "runner": { "constant": { "concurrency": 4, "times": 10 } }, "hooks": [], "sla": { "failure_rate": { "max": 0 } } } ] }
2020-04-26 10:41:08.528 17 RALLYDEBUG rally_openstack.task.contexts.keystone.users [-] Creating 3 tenants using 3 threads
2020-04-26 10:41:08.958 17 RALLYDEBUG rally_openstack.task.contexts.keystone.users [-] Creating 6 users using 6 threads
2020-04-26 10:41:09.998 17 INFO rally.task.context [-] Task 7613b960-0a88-4085-a4e8-a912f8d98959 | Context users@openstack setup() finished in 1.47 sec
2020-04-26 10:41:10.007 17 RALLYDEBUG rally.task.runner [-] Starting the constant runner (task UUID: 7613b960-0a88-4085-a4e8-a912f8d98959). times: 10 concurrency: 4 timeout: 0 max_cpu_used: 88 processes_to_start: 4 concurrency_per_worker: 1 concurrency_overhead: 0
2020-04-26 10:41:10.018 145 RALLYDEBUG rally.task.runner [-] Starting a worker. times: 10 duration: None concurrency: 1 timeout: 0 cls: method_name: run args: {"repetitions": 2}
2020-04-26 10:41:10.020 146 RALLYDEBUG rally.task.runner [-] Starting a worker. times: 10 duration: None concurrency: 1 timeout: 0 cls: method_name: run args: {"repetitions": 2}
2020-04-26 10:41:10.021 147 RALLYDEBUG rally.task.runner [-] Starting a worker. times: 10 duration: None concurrency: 1 timeout: 0 cls: method_name: run args: {"repetitions": 2}
2020-04-26 10:41:10.024 145 INFO rally.task.runner [-] Task 7613b960-0a88-4085-a4e8-a912f8d98959 | ITER: 1 START
2020-04-26 10:41:10.025 148 RALLYDEBUG rally.task.runner [-] Starting a worker. times: 10 duration: None concurrency: 1 timeout: 0 cls: method_name: run args: {"repetitions": 2}
2020-04-26 10:41:10.026 146 INFO rally.task.runner [-] Task 7613b960-0a88-4085-a4e8-a912f8d98959 | ITER: 2 START
2020-04-26 10:41:10.026 147 INFO rally.task.runner [-] Task 7613b960-0a88-4085-a4e8-a912f8d98959 | ITER: 3 START
2020-04-26 10:41:10.031 148 INFO rally.task.runner [-] Task 7613b960-0a88-4085-a4e8-a912f8d98959 | ITER: 4 START
2020-04-26 10:41:10.499 148 INFO rally.task.runner [-] Task 7613b960-0a88-4085-a4e8-a912f8d98959 | ITER: 4 END: OK
2020-04-26 10:41:10.501 145 INFO rally.task.runner [-] Task 7613b960-0a88-4085-a4e8-a912f8d98959 | ITER: 1 END: OK
2020-04-26 10:41:10.503 148 INFO rally.task.runner [-] Task 7613b960-0a88-4085-a4e8-a912f8d98959 | ITER: 5 START
2020-04-26 10:41:10.505 146 INFO rally.task.runner [-] Task 7613b960-0a88-4085-a4e8-a912f8d98959 | ITER: 2 END: OK
2020-04-26 10:41:10.505 145 INFO rally.task.runner [-] Task 7613b960-0a88-4085-a4e8-a912f8d98959 | ITER: 6 START
2020-04-26 10:41:10.508 146 INFO rally.task.runner [-] Task 7613b960-0a88-4085-a4e8-a912f8d98959 | ITER: 7 START
2020-04-26 10:41:10.516 147 INFO rally.task.runner [-] Task 7613b960-0a88-4085-a4e8-a912f8d98959 | ITER: 3 END: OK
2020-04-26 10:41:10.520 147 INFO rally.task.runner [-] Task 7613b960-0a88-4085-a4e8-a912f8d98959 | ITER: 8 START
2020-04-26 10:41:10.676 147 INFO rally.task.runner [-] Task 7613b960-0a88-4085-a4e8-a912f8d98959 | ITER: 8 END: OK
2020-04-26 10:41:10.679 147 INFO rally.task.runner [-] Task 7613b960-0a88-4085-a4e8-a912f8d98959 | ITER: 9 START
2020-04-26 10:41:10.723 145 INFO rally.task.runner [-] Task 7613b960-0a88-4085-a4e8-a912f8d98959 | ITER: 6 END: OK
2020-04-26 10:41:10.724 148 INFO rally.task.runner [-] Task 7613b960-0a88-4085-a4e8-a912f8d98959 | ITER: 5 END: OK
2020-04-26 10:41:10.726 145 INFO rally.task.runner [-] Task 7613b960-0a88-4085-a4e8-a912f8d98959 | ITER: 10 START
2020-04-26 10:41:10.732 146 INFO rally.task.runner [-] Task 7613b960-0a88-4085-a4e8-a912f8d98959 | ITER: 7 END: OK
2020-04-26 10:41:10.937 145 INFO rally.task.runner [-] Task 7613b960-0a88-4085-a4e8-a912f8d98959 | ITER: 10 END: OK
2020-04-26 10:41:10.970 147 INFO rally.task.runner [-] Task 7613b960-0a88-4085-a4e8-a912f8d98959 | ITER: 9 END: OK
2020-04-26 10:41:10.997 17 INFO rally.task.context [-] Task 7613b960-0a88-4085-a4e8-a912f8d98959 | Context users@openstack cleanup() started
2020-04-26 10:41:13.733 17 INFO rally.task.context [-] Task 7613b960-0a88-4085-a4e8-a912f8d98959 | Context users@openstack cleanup() finished in 2.74 sec
2020-04-26 10:41:14.584 17 INFO rally.task.engine [-] Load duration is: 0.945034
2020-04-26 10:41:14.584 17 INFO rally.task.engine [-] Full runner duration is: 0.990213
2020-04-26 10:41:14.585 17 INFO rally.task.engine [-] Full duration is: 5.206474
2020-04-26 10:41:14.663 17 INFO rally.task.engine [-] Running workload: position = 0 config = { "version": 2, "title": "A cropped version of a bigger task.", "description": "Auto-generated task from a single workload (uuid=f91b0451-7606-4f0c-9db0-6353e3a775eb)", "subtasks": [ { "title": "Authenticate.validate_glance", "description": "Check Glance Client to ensure validation of token.", "scenario": { "Authenticate.validate_glance": { "repetitions": 2 } }, "contexts": { "users": { "tenants": 3, "users_per_tenant": 2 } }, "runner": { "constant": { "concurrency": 4, "times": 10 } }, "hooks": [], "sla": { "failure_rate": { "max": 0 } } } ] }
2020-04-26 10:41:14.682 17 RALLYDEBUG rally_openstack.task.contexts.keystone.users [-] Creating 3 tenants using 3 threads
2020-04-26 10:41:15.369 17 RALLYDEBUG rally_openstack.task.contexts.keystone.users [-] Creating 6 users using 6 threads
2020-04-26 10:41:16.136 17 INFO rally.task.context [-] Task 7613b960-0a88-4085-a4e8-a912f8d98959 | Context users@openstack setup() finished in 1.45 sec
2020-04-26 10:41:16.144 17 RALLYDEBUG rally.task.runner [-] Starting the constant runner (task UUID: 7613b960-0a88-4085-a4e8-a912f8d98959). times: 10 concurrency: 4 timeout: 0 max_cpu_used: 88 processes_to_start: 4 concurrency_per_worker: 1 concurrency_overhead: 0
2020-04-26 10:41:16.154 218 RALLYDEBUG rally.task.runner [-] Starting a worker. times: 10 duration: None concurrency: 1 timeout: 0 cls: method_name: run args: {"repetitions": 2}
2020-04-26 10:41:16.157 219 RALLYDEBUG rally.task.runner [-] Starting a worker. times: 10 duration: None concurrency: 1 timeout: 0 cls: method_name: run args: {"repetitions": 2}
2020-04-26 10:41:16.159 218 INFO rally.task.runner [-] Task 7613b960-0a88-4085-a4e8-a912f8d98959 | ITER: 1 START
2020-04-26 10:41:16.159 220 RALLYDEBUG rally.task.runner [-] Starting a worker. times: 10 duration: None concurrency: 1 timeout: 0 cls: method_name: run args: {"repetitions": 2}
2020-04-26 10:41:16.161 219 INFO rally.task.runner [-] Task 7613b960-0a88-4085-a4e8-a912f8d98959 | ITER: 2 START
2020-04-26 10:41:16.161 221 RALLYDEBUG rally.task.runner [-] Starting a worker. times: 10 duration: None concurrency: 1 timeout: 0 cls: method_name: run args: {"repetitions": 2}
2020-04-26 10:41:16.164 220 INFO rally.task.runner [-] Task 7613b960-0a88-4085-a4e8-a912f8d98959 | ITER: 3 START
2020-04-26 10:41:16.166 221 INFO rally.task.runner [-] Task 7613b960-0a88-4085-a4e8-a912f8d98959 | ITER: 4 START
2020-04-26 10:41:16.539 220 INFO rally.task.runner [-] Task 7613b960-0a88-4085-a4e8-a912f8d98959 | ITER: 3 END: OK
2020-04-26 10:41:16.544 220 INFO rally.task.runner [-] Task 7613b960-0a88-4085-a4e8-a912f8d98959 | ITER: 5 START
2020-04-26 10:41:16.545 219 INFO rally.task.runner [-] Task 7613b960-0a88-4085-a4e8-a912f8d98959 | ITER: 2 END: OK
2020-04-26 10:41:16.549 219 INFO rally.task.runner [-] Task 7613b960-0a88-4085-a4e8-a912f8d98959 | ITER: 6 START
2020-04-26 10:41:16.580 218 INFO rally.task.runner [-] Task 7613b960-0a88-4085-a4e8-a912f8d98959 | ITER: 1 END: OK
2020-04-26 10:41:16.585 218 INFO rally.task.runner [-] Task 7613b960-0a88-4085-a4e8-a912f8d98959 | ITER: 7 START
2020-04-26 10:41:16.613 221 INFO rally.task.runner [-] Task 7613b960-0a88-4085-a4e8-a912f8d98959 | ITER: 4 END: OK
2020-04-26 10:41:16.617 221 INFO rally.task.runner [-] Task 7613b960-0a88-4085-a4e8-a912f8d98959 | ITER: 8 START
2020-04-26 10:41:16.800 218 INFO rally.task.runner [-] Task 7613b960-0a88-4085-a4e8-a912f8d98959 | ITER: 7 END: OK
2020-04-26 10:41:16.803 218 INFO rally.task.runner [-] Task 7613b960-0a88-4085-a4e8-a912f8d98959 | ITER: 9 START
2020-04-26 10:41:16.896 220 INFO rally.task.runner [-] Task 7613b960-0a88-4085-a4e8-a912f8d98959 | ITER: 5 END: OK
2020-04-26 10:41:16.900 220 INFO rally.task.runner [-] Task 7613b960-0a88-4085-a4e8-a912f8d98959 | ITER: 10 START
2020-04-26 10:41:16.905 219 INFO rally.task.runner [-] Task 7613b960-0a88-4085-a4e8-a912f8d98959 | ITER: 6 END: OK
2020-04-26 10:41:16.930 221 INFO rally.task.runner [-] Task 7613b960-0a88-4085-a4e8-a912f8d98959 | ITER: 8 END: OK
2020-04-26 10:41:17.022 218 INFO rally.task.runner [-] Task 7613b960-0a88-4085-a4e8-a912f8d98959 | ITER: 9 END: OK
2020-04-26 10:41:17.160 220 INFO rally.task.runner [-] Task 7613b960-0a88-4085-a4e8-a912f8d98959 | ITER: 10 END: OK
2020-04-26 10:41:17.190 17 INFO rally.task.context [-] Task 7613b960-0a88-4085-a4e8-a912f8d98959 | Context users@openstack cleanup() started
2020-04-26 10:41:21.042 17 INFO rally.task.context [-] Task 7613b960-0a88-4085-a4e8-a912f8d98959 | Context users@openstack cleanup() finished in 3.85 sec
2020-04-26 10:41:22.744 17 INFO rally.task.engine [-] Load duration is: 0.999803
2020-04-26 10:41:22.744 17 INFO rally.task.engine [-] Full runner duration is: 1.046724
2020-04-26 10:41:22.744 17 INFO rally.task.engine [-] Full duration is: 6.360525
2020-04-26 10:41:22.820 17 INFO rally.task.engine [-] Running workload: position = 0 config = { "version": 2, "title": "A cropped version of a bigger task.", "description": "Auto-generated task from a single workload (uuid=55410723-67cc-479d-a1f7-df961809098a)", "subtasks": [ { "title": "Authenticate.validate_heat", "description": "Check Heat Client to ensure validation of token.", "scenario": { "Authenticate.validate_heat": { "repetitions": 2 } }, "contexts": { "users": { "tenants": 3, "users_per_tenant": 2 } }, "runner": { "constant": { "concurrency": 4, "times": 10 } }, "hooks": [], "sla": { "failure_rate": { "max": 0 } } } ] }
2020-04-26 10:41:22.834 17 RALLYDEBUG rally_openstack.task.contexts.keystone.users [-] Creating 3 tenants using 3 threads
2020-04-26 10:41:23.536 17 RALLYDEBUG rally_openstack.task.contexts.keystone.users [-] Creating 6 users using 6 threads
2020-04-26 10:41:24.249 17 INFO rally.task.context [-] Task 7613b960-0a88-4085-a4e8-a912f8d98959 | Context users@openstack setup() finished in 1.41 sec
2020-04-26 10:41:24.257 17 RALLYDEBUG rally.task.runner [-] Starting the constant runner (task UUID: 7613b960-0a88-4085-a4e8-a912f8d98959). times: 10 concurrency: 4 timeout: 0 max_cpu_used: 88 processes_to_start: 4 concurrency_per_worker: 1 concurrency_overhead: 0
2020-04-26 10:41:24.267 291 RALLYDEBUG rally.task.runner [-] Starting a worker. times: 10 duration: None concurrency: 1 timeout: 0 cls: method_name: run args: {"repetitions": 2}
2020-04-26 10:41:24.269 292 RALLYDEBUG rally.task.runner [-] Starting a worker. times: 10 duration: None concurrency: 1 timeout: 0 cls: method_name: run args: {"repetitions": 2}
2020-04-26 10:41:24.271 293 RALLYDEBUG rally.task.runner [-] Starting a worker. times: 10 duration: None concurrency: 1 timeout: 0 cls: method_name: run args: {"repetitions": 2}
2020-04-26 10:41:24.272 291 INFO rally.task.runner [-] Task 7613b960-0a88-4085-a4e8-a912f8d98959 | ITER: 1 START
2020-04-26 10:41:24.273 294 RALLYDEBUG rally.task.runner [-] Starting a worker. times: 10 duration: None concurrency: 1 timeout: 0 cls: method_name: run args: {"repetitions": 2}
2020-04-26 10:41:24.274 292 INFO rally.task.runner [-] Task 7613b960-0a88-4085-a4e8-a912f8d98959 | ITER: 2 START
2020-04-26 10:41:24.275 293 INFO rally.task.runner [-] Task 7613b960-0a88-4085-a4e8-a912f8d98959 | ITER: 3 START
2020-04-26 10:41:24.276 294 INFO rally.task.runner [-] Task 7613b960-0a88-4085-a4e8-a912f8d98959 | ITER: 4 START
2020-04-26 10:41:24.670 292 INFO rally.task.runner [-] Task 7613b960-0a88-4085-a4e8-a912f8d98959 | ITER: 2 END: OK
2020-04-26 10:41:24.672 293 INFO rally.task.runner [-] Task 7613b960-0a88-4085-a4e8-a912f8d98959 | ITER: 3 END: OK
2020-04-26 10:41:24.673 291 INFO rally.task.runner [-] Task 7613b960-0a88-4085-a4e8-a912f8d98959 | ITER: 1 END: OK
2020-04-26 10:41:24.674 292 INFO rally.task.runner [-] Task 7613b960-0a88-4085-a4e8-a912f8d98959 | ITER: 5 START
2020-04-26 10:41:24.676 293 INFO rally.task.runner [-] Task 7613b960-0a88-4085-a4e8-a912f8d98959 | ITER: 6 START
2020-04-26 10:41:24.676 291 INFO rally.task.runner [-] Task 7613b960-0a88-4085-a4e8-a912f8d98959 | ITER: 7 START
2020-04-26 10:41:24.700 294 INFO rally.task.runner [-] Task 7613b960-0a88-4085-a4e8-a912f8d98959 | ITER: 4 END: OK
2020-04-26 10:41:24.704 294 INFO rally.task.runner [-] Task 7613b960-0a88-4085-a4e8-a912f8d98959 | ITER: 8 START
2020-04-26 10:41:24.850 291 INFO rally.task.runner [-] Task 7613b960-0a88-4085-a4e8-a912f8d98959 | ITER: 7 END: OK
2020-04-26 10:41:24.853 291 INFO rally.task.runner [-] Task 7613b960-0a88-4085-a4e8-a912f8d98959 | ITER: 9 START
2020-04-26 10:41:24.897 293 INFO rally.task.runner [-] Task 7613b960-0a88-4085-a4e8-a912f8d98959 | ITER: 6 END: OK
2020-04-26 10:41:24.900 293 INFO rally.task.runner [-] Task 7613b960-0a88-4085-a4e8-a912f8d98959 | ITER: 10 START
2020-04-26 10:41:24.920 292 INFO rally.task.runner [-] Task 7613b960-0a88-4085-a4e8-a912f8d98959 | ITER: 5 END: OK
2020-04-26 10:41:24.931 294 INFO rally.task.runner [-] Task 7613b960-0a88-4085-a4e8-a912f8d98959 | ITER: 8 END: OK
2020-04-26 10:41:25.016 291 INFO rally.task.runner [-] Task 7613b960-0a88-4085-a4e8-a912f8d98959 | ITER: 9 END: OK
2020-04-26 10:41:25.082 293 INFO rally.task.runner [-] Task 7613b960-0a88-4085-a4e8-a912f8d98959 | ITER: 10 END: OK
2020-04-26 10:41:25.108 17 INFO rally.task.context [-] Task 7613b960-0a88-4085-a4e8-a912f8d98959 | Context users@openstack cleanup() started
2020-04-26 10:41:27.625 17 INFO rally.task.context [-] Task 7613b960-0a88-4085-a4e8-a912f8d98959 | Context users@openstack cleanup() finished in 2.52 sec
2020-04-26 10:41:28.896 17 INFO rally.task.engine [-] Load duration is: 0.80882
2020-04-26 10:41:28.897 17 INFO rally.task.engine [-] Full runner duration is: 0.851293
2020-04-26 10:41:28.897 17 INFO rally.task.engine [-] Full duration is: 4.792512
2020-04-26 10:41:28.983 17 INFO rally.task.engine [-] Running workload: position = 0 config = { "version": 2, "title": "A cropped version of a bigger task.", "description": "Auto-generated task from a single workload (uuid=1dbc1710-6f4c-43cf-92f1-16c22ea6eeab)", "subtasks": [ { "title": "Authenticate.validate_neutron", "description": "Check Neutron Client to ensure validation of token.", "scenario": { "Authenticate.validate_neutron": { "repetitions": 2 } }, "contexts": { "users": { "tenants": 3, "users_per_tenant": 2 } }, "runner": { "constant": { "concurrency": 4, "times": 10 } }, "hooks": [], "sla": { "failure_rate": { "max": 0 } } } ] }
2020-04-26 10:41:29.006 17 RALLYDEBUG rally_openstack.task.contexts.keystone.users [-] Creating 3 tenants using 3 threads
2020-04-26 10:41:29.596 17 RALLYDEBUG rally_openstack.task.contexts.keystone.users [-] Creating 6 users using 6 threads
2020-04-26 10:41:30.354 17 INFO rally.task.context [-] Task 7613b960-0a88-4085-a4e8-a912f8d98959 | Context users@openstack setup() finished in 1.35 sec
2020-04-26 10:41:30.364 17 RALLYDEBUG rally.task.runner [-] Starting the constant runner (task UUID: 7613b960-0a88-4085-a4e8-a912f8d98959). times: 10 concurrency: 4 timeout: 0 max_cpu_used: 88 processes_to_start: 4 concurrency_per_worker: 1 concurrency_overhead: 0
2020-04-26 10:41:30.374 364 RALLYDEBUG rally.task.runner [-] Starting a worker. times: 10 duration: None concurrency: 1 timeout: 0 cls: method_name: run args: {"repetitions": 2}
2020-04-26 10:41:30.376 365 RALLYDEBUG rally.task.runner [-] Starting a worker. times: 10 duration: None concurrency: 1 timeout: 0 cls: method_name: run args: {"repetitions": 2}
2020-04-26 10:41:30.379 364 INFO rally.task.runner [-] Task 7613b960-0a88-4085-a4e8-a912f8d98959 | ITER: 1 START
2020-04-26 10:41:30.379 366 RALLYDEBUG rally.task.runner [-] Starting a worker. times: 10 duration: None concurrency: 1 timeout: 0 cls: method_name: run args: {"repetitions": 2}
2020-04-26 10:41:30.381 367 RALLYDEBUG rally.task.runner [-] Starting a worker. times: 10 duration: None concurrency: 1 timeout: 0 cls: method_name: run args: {"repetitions": 2}
2020-04-26 10:41:30.381 365 INFO rally.task.runner [-] Task 7613b960-0a88-4085-a4e8-a912f8d98959 | ITER: 2 START
2020-04-26 10:41:30.384 366 INFO rally.task.runner [-] Task 7613b960-0a88-4085-a4e8-a912f8d98959 | ITER: 3 START
2020-04-26 10:41:30.386 367 INFO rally.task.runner [-] Task 7613b960-0a88-4085-a4e8-a912f8d98959 | ITER: 4 START
2020-04-26 10:41:30.866 364 INFO rally.task.runner [-] Task 7613b960-0a88-4085-a4e8-a912f8d98959 | ITER: 1 END: OK
2020-04-26 10:41:30.870 364 INFO rally.task.runner [-] Task 7613b960-0a88-4085-a4e8-a912f8d98959 | ITER: 5 START
2020-04-26 10:41:30.895 365 INFO rally.task.runner [-] Task 7613b960-0a88-4085-a4e8-a912f8d98959 | ITER: 2 END: OK
2020-04-26 10:41:30.900 365 INFO rally.task.runner [-] Task 7613b960-0a88-4085-a4e8-a912f8d98959 | ITER: 6 START
2020-04-26 10:41:31.063 366 INFO rally.task.runner [-] Task 7613b960-0a88-4085-a4e8-a912f8d98959 | ITER: 3 END: OK
2020-04-26 10:41:31.068 366 INFO rally.task.runner [-] Task 7613b960-0a88-4085-a4e8-a912f8d98959 | ITER: 7 START
2020-04-26 10:41:31.075 367 INFO rally.task.runner [-] Task 7613b960-0a88-4085-a4e8-a912f8d98959 | ITER: 4 END: OK
2020-04-26 10:41:31.079 367 INFO rally.task.runner [-] Task 7613b960-0a88-4085-a4e8-a912f8d98959 | ITER: 8 START
2020-04-26 10:41:31.473 365 INFO rally.task.runner [-] Task 7613b960-0a88-4085-a4e8-a912f8d98959 | ITER: 6 END: OK
2020-04-26 10:41:31.476 365 INFO rally.task.runner [-] Task 7613b960-0a88-4085-a4e8-a912f8d98959 | ITER: 9 START
2020-04-26 10:41:31.503 364 INFO rally.task.runner [-] Task 7613b960-0a88-4085-a4e8-a912f8d98959 | ITER: 5 END: OK
2020-04-26 10:41:31.506 364 INFO rally.task.runner [-] Task 7613b960-0a88-4085-a4e8-a912f8d98959 | ITER: 10 START
2020-04-26 10:41:31.513 367 INFO rally.task.runner [-] Task 7613b960-0a88-4085-a4e8-a912f8d98959 | ITER: 8 END: OK
2020-04-26 10:41:31.997 365 INFO rally.task.runner [-] Task 7613b960-0a88-4085-a4e8-a912f8d98959 | ITER: 9 END: OK
2020-04-26 10:41:32.024 364 INFO rally.task.runner [-] Task 7613b960-0a88-4085-a4e8-a912f8d98959 | ITER: 10 END: OK
2020-04-26 10:41:32.698 366 INFO rally.task.runner [-] Task 7613b960-0a88-4085-a4e8-a912f8d98959 | ITER: 7 END: OK
2020-04-26 10:41:32.722 17 INFO rally.task.context [-] Task 7613b960-0a88-4085-a4e8-a912f8d98959 | Context users@openstack cleanup() started
2020-04-26 10:41:35.646 17 INFO rally.task.context [-] Task 7613b960-0a88-4085-a4e8-a912f8d98959 | Context users@openstack cleanup() finished in 2.92 sec
2020-04-26 10:41:37.082 17 INFO rally.task.engine [-] Load duration is: 2.318148
2020-04-26 10:41:37.082 17 INFO rally.task.engine [-] Full runner duration is: 2.359583
2020-04-26 10:41:37.082 17 INFO rally.task.engine [-] Full duration is: 6.640743
2020-04-26 10:41:37.166 17 INFO rally.task.engine [-] Running workload: position = 0 config = { "version": 2, "title": "A cropped version of a bigger task.", "description": "Auto-generated task from a single workload (uuid=a989a73c-bb72-4970-a6d3-0e7eac68985b)", "subtasks": [ { "title": "Authenticate.validate_nova", "description": "Check Nova Client to ensure validation of token.", "scenario": { "Authenticate.validate_nova": { "repetitions": 2 } }, "contexts": { "users": { "tenants": 3, "users_per_tenant": 2 } }, "runner": { "constant": { "concurrency": 4, "times": 10 } }, "hooks": [], "sla": { "failure_rate": { "max": 0 } } } ] }
2020-04-26 10:41:37.178 17 RALLYDEBUG rally_openstack.task.contexts.keystone.users [-] Creating 3 tenants using 3 threads
2020-04-26 10:41:37.597 17 RALLYDEBUG rally_openstack.task.contexts.keystone.users [-] Creating 6 users using 6 threads
2020-04-26 10:41:38.332 17 INFO rally.task.context [-] Task 7613b960-0a88-4085-a4e8-a912f8d98959 | Context users@openstack setup() finished in 1.15 sec
2020-04-26 10:41:38.341 17 RALLYDEBUG rally.task.runner [-] Starting the constant runner (task UUID: 7613b960-0a88-4085-a4e8-a912f8d98959). times: 10 concurrency: 4 timeout: 0 max_cpu_used: 88 processes_to_start: 4 concurrency_per_worker: 1 concurrency_overhead: 0
2020-04-26 10:41:38.351 437 RALLYDEBUG rally.task.runner [-] Starting a worker. times: 10 duration: None concurrency: 1 timeout: 0 cls: method_name: run args: {"repetitions": 2}
2020-04-26 10:41:38.353 438 RALLYDEBUG rally.task.runner [-] Starting a worker. times: 10 duration: None concurrency: 1 timeout: 0 cls: method_name: run args: {"repetitions": 2}
2020-04-26 10:41:38.355 437 INFO rally.task.runner [-] Task 7613b960-0a88-4085-a4e8-a912f8d98959 | ITER: 1 START
2020-04-26 10:41:38.355 439 RALLYDEBUG rally.task.runner [-] Starting a worker. times: 10 duration: None concurrency: 1 timeout: 0 cls: method_name: run args: {"repetitions": 2}
2020-04-26 10:41:38.358 440 RALLYDEBUG rally.task.runner [-] Starting a worker. times: 10 duration: None concurrency: 1 timeout: 0 cls: method_name: run args: {"repetitions": 2}
2020-04-26 10:41:38.359 438 INFO rally.task.runner [-] Task 7613b960-0a88-4085-a4e8-a912f8d98959 | ITER: 2 START
2020-04-26 10:41:38.360 439 INFO rally.task.runner [-] Task 7613b960-0a88-4085-a4e8-a912f8d98959 | ITER: 3 START
2020-04-26 10:41:38.363 440 INFO rally.task.runner [-] Task 7613b960-0a88-4085-a4e8-a912f8d98959 | ITER: 4 START
2020-04-26 10:41:38.801 437 INFO rally.task.runner [-] Task 7613b960-0a88-4085-a4e8-a912f8d98959 | ITER: 1 END: OK
2020-04-26 10:41:38.804 437 INFO rally.task.runner [-] Task 7613b960-0a88-4085-a4e8-a912f8d98959 | ITER: 5 START
2020-04-26 10:41:38.817 438 INFO rally.task.runner [-] Task 7613b960-0a88-4085-a4e8-a912f8d98959 | ITER: 2 END: OK
2020-04-26 10:41:38.821 438 INFO rally.task.runner [-] Task 7613b960-0a88-4085-a4e8-a912f8d98959 | ITER: 6 START
2020-04-26 10:41:38.823 440 INFO rally.task.runner [-] Task 7613b960-0a88-4085-a4e8-a912f8d98959 | ITER: 4 END: OK
2020-04-26 10:41:38.826 440 INFO rally.task.runner [-] Task 7613b960-0a88-4085-a4e8-a912f8d98959 | ITER: 7 START
2020-04-26 10:41:38.832 439 INFO rally.task.runner [-] Task 7613b960-0a88-4085-a4e8-a912f8d98959 | ITER: 3 END: OK
2020-04-26 10:41:38.835 439 INFO rally.task.runner [-] Task 7613b960-0a88-4085-a4e8-a912f8d98959 | ITER: 8 START
2020-04-26 10:41:39.014 440 INFO rally.task.runner [-] Task 7613b960-0a88-4085-a4e8-a912f8d98959 | ITER: 7 END: OK
2020-04-26 10:41:39.017 440 INFO rally.task.runner [-] Task 7613b960-0a88-4085-a4e8-a912f8d98959 | ITER: 9 START
2020-04-26 10:41:39.019 437 INFO rally.task.runner [-] Task 7613b960-0a88-4085-a4e8-a912f8d98959 | ITER: 5 END: OK
2020-04-26 10:41:39.021 439 INFO rally.task.runner [-] Task 7613b960-0a88-4085-a4e8-a912f8d98959 | ITER: 8 END: OK
2020-04-26 10:41:39.022 437 INFO rally.task.runner [-] Task 7613b960-0a88-4085-a4e8-a912f8d98959 | ITER: 10 START
2020-04-26 10:41:39.079 438 INFO rally.task.runner [-] Task 7613b960-0a88-4085-a4e8-a912f8d98959 | ITER: 6 END: OK
2020-04-26 10:41:39.239 440 INFO rally.task.runner [-] Task 7613b960-0a88-4085-a4e8-a912f8d98959 | ITER: 9 END: OK
2020-04-26 10:41:39.249 437 INFO rally.task.runner [-] Task 7613b960-0a88-4085-a4e8-a912f8d98959 | ITER: 10 END: OK
2020-04-26 10:41:39.277 17 INFO rally.task.context [-] Task 7613b960-0a88-4085-a4e8-a912f8d98959 | Context users@openstack cleanup() started
2020-04-26 10:41:42.050 17 INFO rally.task.context [-] Task 7613b960-0a88-4085-a4e8-a912f8d98959 | Context users@openstack cleanup() finished in 2.77 sec
2020-04-26 10:41:43.224 17 INFO rally.task.engine [-] Load duration is: 0.892264
2020-04-26 10:41:43.224 17 INFO rally.task.engine [-] Full runner duration is: 0.936611
2020-04-26 10:41:43.224 17 INFO rally.task.engine [-] Full duration is: 4.872042
2020-04-26 10:41:43.293 17 INFO rally.task.engine [-] Task 7613b960-0a88-4085-a4e8-a912f8d98959 | Completed: Running task.
2020-04-26 10:41:44.889 499 RALLYDEBUG rally.api [-] INFO logs from urllib3 and requests module are hide.
2020-04-26 10:41:44.889 499 RALLYDEBUG rally.api [-] urllib3 insecure warnings are hidden.
2020-04-26 10:41:44.889 499 RALLYDEBUG rally.api [-] ERROR log from boto module is hide.
2020-04-26 10:41:46.291 501 RALLYDEBUG rally.api [-] INFO logs from urllib3 and requests module are hide.
2020-04-26 10:41:46.291 501 RALLYDEBUG rally.api [-] urllib3 insecure warnings are hidden.
2020-04-26 10:41:46.291 501 RALLYDEBUG rally.api [-] ERROR log from boto module is hide.
2020-04-26 10:41:47.683 503 RALLYDEBUG rally.api [-] INFO logs from urllib3 and requests module are hide.
2020-04-26 10:41:47.683 503 RALLYDEBUG rally.api [-] urllib3 insecure warnings are hidden.
2020-04-26 10:41:47.683 503 RALLYDEBUG rally.api [-] ERROR log from boto module is hide.
2020-04-26 10:41:49.377 503 INFO rally.api [-] Building 'json' report for the following task(s): '7613b960-0a88-4085-a4e8-a912f8d98959'.
2020-04-26 10:41:49.385 503 INFO rally.api [-] The report has been successfully built.
2020-04-26 10:41:50.660 505 RALLYDEBUG rally.api [-] INFO logs from urllib3 and requests module are hide.
2020-04-26 10:41:50.661 505 RALLYDEBUG rally.api [-] urllib3 insecure warnings are hidden.
2020-04-26 10:41:50.661 505 RALLYDEBUG rally.api [-] ERROR log from boto module is hide.
2020-04-26 10:41:52.364 505 INFO rally.task.engine [-] Task ee1cea4c-5a05-47a3-9bcb-93d4fef318b7 | Starting: Task validation.
2020-04-26 10:41:52.378 505 INFO rally.task.engine [-] Task ee1cea4c-5a05-47a3-9bcb-93d4fef318b7 | Starting: Task validation of syntax.
2020-04-26 10:41:52.476 505 INFO rally.task.engine [-] Task ee1cea4c-5a05-47a3-9bcb-93d4fef318b7 | Completed: Task validation of syntax.
2020-04-26 10:41:52.476 505 INFO rally.task.engine [-] Task ee1cea4c-5a05-47a3-9bcb-93d4fef318b7 | Starting: Task validation of required platforms.
2020-04-26 10:41:52.526 505 INFO rally.task.engine [-] Task ee1cea4c-5a05-47a3-9bcb-93d4fef318b7 | Completed: Task validation of required platforms.
2020-04-26 10:41:52.526 505 INFO rally.task.engine [-] Task ee1cea4c-5a05-47a3-9bcb-93d4fef318b7 | Starting: Task validation of semantic.
2020-04-26 10:41:52.526 505 INFO rally.task.engine [-] Check health of the environment '6325f1f3-3681-44ca-9a3c-bea9e7dc643d'.
2020-04-26 10:41:53.108 505 INFO rally.task.engine [-] Platform existing@openstack (available: True): OK!
2020-04-26 10:41:53.119 505 RALLYDEBUG rally_openstack.task.contexts.keystone.users [-] Creating 1 tenants using 1 threads
2020-04-26 10:41:53.583 505 RALLYDEBUG rally_openstack.task.contexts.keystone.users [-] Creating 1 users using 1 threads
2020-04-26 10:41:54.226 505 INFO rally.task.context [-] Task ee1cea4c-5a05-47a3-9bcb-93d4fef318b7 | Context users@openstack setup() finished in 1.11 sec
2020-04-26 10:41:55.283 505 INFO rally.task.context [-] Task ee1cea4c-5a05-47a3-9bcb-93d4fef318b7 | Context users@openstack cleanup() started
2020-04-26 10:41:56.380 505 INFO rally.task.context [-] Task ee1cea4c-5a05-47a3-9bcb-93d4fef318b7 | Context users@openstack cleanup() finished in 1.10 sec
2020-04-26 10:41:56.381 505 INFO rally.task.engine [-] Task ee1cea4c-5a05-47a3-9bcb-93d4fef318b7 | Completed: Task validation of semantic.
2020-04-26 10:41:56.381 505 INFO rally.task.engine [-] Task ee1cea4c-5a05-47a3-9bcb-93d4fef318b7 | Completed: Task validation.
2020-04-26 10:41:56.382 505 INFO rally.api [-] Task ee1cea4c-5a05-47a3-9bcb-93d4fef318b7 input file is valid.
2020-04-26 10:41:56.382 505 INFO rally.api [-] Run Task ee1cea4c-5a05-47a3-9bcb-93d4fef318b7 against Deployment 6325f1f3-3681-44ca-9a3c-bea9e7dc643d
2020-04-26 10:41:56.382 505 INFO rally.task.engine [-] Task ee1cea4c-5a05-47a3-9bcb-93d4fef318b7 | Starting: Running task.
2020-04-26 10:41:56.429 505 INFO rally.task.engine [-] Running workload: position = 0 config = { "version": 2, "title": "A cropped version of a bigger task.", "description": "Auto-generated task from a single workload (uuid=8c335416-a12b-40d9-acee-15a3707890b8)", "subtasks": [ { "title": "GlanceImages.create_and_delete_image", "description": "Create and then delete an image.", "scenario": { "GlanceImages.create_and_delete_image": { "container_format": "bare", "disk_format": "qcow2", "image_location": "/home/opnfv/functest/images/cirros-0.4.0-x86_64-disk.img" } }, "contexts": { "users": { "tenants": 3, "users_per_tenant": 2 } }, "runner": { "constant": { "concurrency": 4, "times": 10 } }, "hooks": [], "sla": { "failure_rate": { "max": 0 } } } ] }
2020-04-26 10:41:56.446 505 RALLYDEBUG rally_openstack.task.contexts.keystone.users [-] Creating 3 tenants using 3 threads
2020-04-26 10:41:56.890 505 RALLYDEBUG rally_openstack.task.contexts.keystone.users [-] Creating 6 users using 6 threads
2020-04-26 10:41:57.602 505 INFO rally.task.context [-] Task ee1cea4c-5a05-47a3-9bcb-93d4fef318b7 | Context users@openstack setup() finished in 1.16 sec
2020-04-26 10:41:57.602 505 INFO rally.task.context [-] Task ee1cea4c-5a05-47a3-9bcb-93d4fef318b7 | Context cleanup@openstack setup() finished in 0.00 msec
2020-04-26 10:41:57.611 505 RALLYDEBUG rally.task.runner [-] Starting the constant runner (task UUID: ee1cea4c-5a05-47a3-9bcb-93d4fef318b7). times: 10 concurrency: 4 timeout: 0 max_cpu_used: 88 processes_to_start: 4 concurrency_per_worker: 1 concurrency_overhead: 0
2020-04-26 10:41:57.621 560 RALLYDEBUG rally.task.runner [-] Starting a worker. times: 10 duration: None concurrency: 1 timeout: 0 cls: method_name: run args: {"container_format": "bare", "disk_format": "qcow2", "image_location": "/home/opnfv/functest/images/cirros-0.4.0-x86_64-disk.img"}
2020-04-26 10:41:57.623 561 RALLYDEBUG rally.task.runner [-] Starting a worker. times: 10 duration: None concurrency: 1 timeout: 0 cls: method_name: run args: {"container_format": "bare", "disk_format": "qcow2", "image_location": "/home/opnfv/functest/images/cirros-0.4.0-x86_64-disk.img"}
2020-04-26 10:41:57.626 560 INFO rally.task.runner [-] Task ee1cea4c-5a05-47a3-9bcb-93d4fef318b7 | ITER: 1 START
2020-04-26 10:41:57.626 562 RALLYDEBUG rally.task.runner [-] Starting a worker. times: 10 duration: None concurrency: 1 timeout: 0 cls: method_name: run args: {"container_format": "bare", "disk_format": "qcow2", "image_location": "/home/opnfv/functest/images/cirros-0.4.0-x86_64-disk.img"}
2020-04-26 10:41:57.628 561 INFO rally.task.runner [-] Task ee1cea4c-5a05-47a3-9bcb-93d4fef318b7 | ITER: 2 START
2020-04-26 10:41:57.628 563 RALLYDEBUG rally.task.runner [-] Starting a worker. times: 10 duration: None concurrency: 1 timeout: 0 cls: method_name: run args: {"container_format": "bare", "disk_format": "qcow2", "image_location": "/home/opnfv/functest/images/cirros-0.4.0-x86_64-disk.img"}
2020-04-26 10:41:57.630 562 INFO rally.task.runner [-] Task ee1cea4c-5a05-47a3-9bcb-93d4fef318b7 | ITER: 3 START
2020-04-26 10:41:57.632 563 INFO rally.task.runner [-] Task ee1cea4c-5a05-47a3-9bcb-93d4fef318b7 | ITER: 4 START
2020-04-26 10:42:00.085 561 RALLYDEBUG rally.task.utils [-] Waiting for resource '5a8cd3ba-4c73-4b9c-a52f-d6c6140aa051'. Status changed: NONE => QUEUED in 0.045137882232666016
2020-04-26 10:42:00.102 562 RALLYDEBUG rally.task.utils [-] Waiting for resource '69f323d8-802b-4a06-ae92-207455630a77'. Status changed: NONE => QUEUED in 0.04089784622192383
2020-04-26 10:42:00.106 560 RALLYDEBUG rally.task.utils [-] Waiting for resource '91507af0-c514-4e99-9e38-56f8802d599b'. Status changed: NONE => QUEUED in 0.04107332229614258
2020-04-26 10:42:00.135 563 RALLYDEBUG rally.task.utils [-] Waiting for resource '49bb76bf-2878-4208-8ec2-7f92964d73aa'. Status changed: NONE => QUEUED in 0.04535675048828125
2020-04-26 10:42:00.696 562 RALLYDEBUG rally.task.utils [-] Waiting for resource s_rally_8c335416_ozHLEXAS. Status changed: QUEUED => ACTIVE in 0.023686885833740234
2020-04-26 10:42:00.706 560 RALLYDEBUG rally.task.utils [-] Waiting for resource s_rally_8c335416_0zvfLWBX. Status changed: QUEUED => ACTIVE in 0.026830673217773438
2020-04-26 10:42:00.719 561 RALLYDEBUG rally.task.utils [-] Waiting for resource s_rally_8c335416_THJEarHc. Status changed: QUEUED => ACTIVE in 0.024367094039916992
2020-04-26 10:42:00.734 563 RALLYDEBUG rally.task.utils [-] Waiting for resource s_rally_8c335416_Tsfu7x6k. Status changed: QUEUED => ACTIVE in 0.0232546329498291
2020-04-26 10:42:00.926 562 INFO rally.task.runner [-] Task ee1cea4c-5a05-47a3-9bcb-93d4fef318b7 | ITER: 3 END: OK
2020-04-26 10:42:00.929 562 INFO rally.task.runner [-] Task ee1cea4c-5a05-47a3-9bcb-93d4fef318b7 | ITER: 5 START
2020-04-26 10:42:00.990 560 INFO rally.task.runner [-] Task ee1cea4c-5a05-47a3-9bcb-93d4fef318b7 | ITER: 1 END: OK
2020-04-26 10:42:00.995 560 INFO rally.task.runner [-] Task ee1cea4c-5a05-47a3-9bcb-93d4fef318b7 | ITER: 6 START
2020-04-26 10:42:00.998 561 INFO rally.task.runner [-] Task ee1cea4c-5a05-47a3-9bcb-93d4fef318b7 | ITER: 2 END: OK
2020-04-26 10:42:01.003 561 INFO rally.task.runner [-] Task ee1cea4c-5a05-47a3-9bcb-93d4fef318b7 | ITER: 7 START
2020-04-26 10:42:01.017 563 INFO rally.task.runner [-] Task ee1cea4c-5a05-47a3-9bcb-93d4fef318b7 | ITER: 4 END: OK
2020-04-26 10:42:01.021 563 INFO rally.task.runner [-] Task ee1cea4c-5a05-47a3-9bcb-93d4fef318b7 | ITER: 8 START
2020-04-26 10:42:03.343 562 RALLYDEBUG rally.task.utils [-] Waiting for resource '45a593c2-016d-4266-8bec-a1ee418f3059'. Status changed: NONE => QUEUED in 0.04644942283630371
2020-04-26 10:42:03.367 560 RALLYDEBUG rally.task.utils [-] Waiting for resource '497df742-5de9-4ce9-8972-b4036dc4da69'. Status changed: NONE => QUEUED in 0.04097771644592285
2020-04-26 10:42:03.394 561 RALLYDEBUG rally.task.utils [-] Waiting for resource '5c23cc0d-4304-45a3-a9f4-f747667b9fac'. Status changed: NONE => QUEUED in 0.04096245765686035
2020-04-26 10:42:03.408 563 RALLYDEBUG rally.task.utils [-] Waiting for resource '025c3fd6-572a-4fe1-b78c-87a9165f9171'. Status changed: NONE => QUEUED in 0.04038095474243164
2020-04-26 10:42:03.865 560 RALLYDEBUG rally.task.utils [-] Waiting for resource s_rally_8c335416_FWg9wra6. Status changed: QUEUED => ACTIVE in 0.026255369186401367
2020-04-26 10:42:03.875 563 RALLYDEBUG rally.task.utils [-] Waiting for resource s_rally_8c335416_7IMXEO0c. Status changed: QUEUED => ACTIVE in 0.025353193283081055
2020-04-26 10:42:03.884 562 RALLYDEBUG rally.task.utils [-] Waiting for resource s_rally_8c335416_CJYqPGUZ. Status changed: QUEUED => ACTIVE in 0.02244710922241211
2020-04-26 10:42:03.891 561 RALLYDEBUG rally.task.utils [-] Waiting for resource s_rally_8c335416_IU33qrzC. Status changed: QUEUED => ACTIVE in 0.02476787567138672
2020-04-26 10:42:04.129 563 INFO rally.task.runner [-] Task ee1cea4c-5a05-47a3-9bcb-93d4fef318b7 | ITER: 8 END: OK
2020-04-26 10:42:04.133 563 INFO rally.task.runner [-] Task ee1cea4c-5a05-47a3-9bcb-93d4fef318b7 | ITER: 9 START
2020-04-26 10:42:04.142 560 INFO rally.task.runner [-] Task ee1cea4c-5a05-47a3-9bcb-93d4fef318b7 | ITER: 6 END: OK
2020-04-26 10:42:04.145 560 INFO rally.task.runner [-] Task ee1cea4c-5a05-47a3-9bcb-93d4fef318b7 | ITER: 10 START
2020-04-26 10:42:04.150 561 INFO rally.task.runner [-] Task ee1cea4c-5a05-47a3-9bcb-93d4fef318b7 | ITER: 7 END: OK
2020-04-26 10:42:04.160 562 INFO rally.task.runner [-] Task ee1cea4c-5a05-47a3-9bcb-93d4fef318b7 | ITER: 5 END: OK
2020-04-26 10:42:06.441 563 RALLYDEBUG rally.task.utils [-] Waiting for resource '4f7cdd04-7ff3-4201-8bee-5bb22eac1b7c'. Status changed: NONE => QUEUED in 0.04223132133483887
2020-04-26 10:42:06.515 560 RALLYDEBUG rally.task.utils [-] Waiting for resource 'e12f38f1-8247-4e53-a18b-cbd91007b410'. Status changed: NONE => QUEUED in 0.042693376541137695
2020-04-26 10:42:06.986 563 RALLYDEBUG rally.task.utils [-] Waiting for resource s_rally_8c335416_bVjNgVli. Status changed: QUEUED => ACTIVE in 0.028025150299072266
2020-04-26 10:42:06.991 560 RALLYDEBUG rally.task.utils [-] Waiting for resource s_rally_8c335416_L79jGLwC. Status changed: QUEUED => ACTIVE in 0.024984359741210938
2020-04-26 10:42:07.238 563 INFO rally.task.runner [-] Task ee1cea4c-5a05-47a3-9bcb-93d4fef318b7 | ITER: 9 END: OK
2020-04-26 10:42:07.246 560 INFO rally.task.runner [-] Task ee1cea4c-5a05-47a3-9bcb-93d4fef318b7 | ITER: 10 END: OK
2020-04-26 10:42:07.265 505 INFO rally.task.context [-] Task ee1cea4c-5a05-47a3-9bcb-93d4fef318b7 | Context cleanup@openstack cleanup() started
2020-04-26 10:42:07.268 505 RALLYDEBUG rally_openstack.task.cleanup.manager [-] Cleaning up glance images objects
2020-04-26 10:42:08.284 505 INFO rally.task.context [-] Task ee1cea4c-5a05-47a3-9bcb-93d4fef318b7 | Context cleanup@openstack cleanup() finished in 1.02 sec
2020-04-26 10:42:08.284 505 INFO rally.task.context [-] Task ee1cea4c-5a05-47a3-9bcb-93d4fef318b7 | Context users@openstack cleanup() started
2020-04-26 10:42:16.013 505 INFO rally.task.context [-] Task ee1cea4c-5a05-47a3-9bcb-93d4fef318b7 | Context users@openstack cleanup() finished in 7.73 sec
2020-04-26 10:42:16.565 505 INFO rally.task.engine [-] Load duration is: 9.412541
2020-04-26 10:42:16.566 505 INFO rally.task.engine [-] Full runner duration is: 9.654639
2020-04-26 10:42:16.566 505 INFO rally.task.engine [-] Full duration is: 19.568434
2020-04-26 10:42:16.657 505 INFO rally.task.engine [-] Running workload: position = 0 config = { "version": 2, "title": "A cropped version of a bigger task.", "description": "Auto-generated task from a single workload (uuid=0995a1e1-7597-4d97-bc2e-d3846757de29)", "subtasks": [ { "title": "GlanceImages.create_and_list_image", "description": "Create an image and then list all images.", "scenario": { "GlanceImages.create_and_list_image": { "container_format": "bare", "disk_format": "qcow2", "image_location": "/home/opnfv/functest/images/cirros-0.4.0-x86_64-disk.img" } }, "contexts": { "users": { "tenants": 3, "users_per_tenant": 2 } }, "runner": { "constant": { "concurrency": 4, "times": 10 } }, "hooks": [], "sla": { "failure_rate": { "max": 0 } } } ] }
2020-04-26 10:42:16.672 505 RALLYDEBUG rally_openstack.task.contexts.keystone.users [-] Creating 3 tenants using 3 threads
2020-04-26 10:42:17.116 505 RALLYDEBUG rally_openstack.task.contexts.keystone.users [-] Creating 6 users using 6 threads
2020-04-26 10:42:17.980 505 INFO rally.task.context [-] Task ee1cea4c-5a05-47a3-9bcb-93d4fef318b7 | Context users@openstack setup() finished in 1.31 sec
2020-04-26 10:42:17.980 505 INFO rally.task.context [-] Task ee1cea4c-5a05-47a3-9bcb-93d4fef318b7 | Context cleanup@openstack setup() finished in 0.01 msec
