2020-04-26 10:42:17.987 505 RALLYDEBUG rally.task.runner [-] Starting the constant runner (task UUID: ee1cea4c-5a05-47a3-9bcb-93d4fef318b7). times: 10 concurrency: 4 timeout: 0 max_cpu_used: 88 processes_to_start: 4 concurrency_per_worker: 1 concurrency_overhead: 0
2020-04-26 10:42:17.997 653 RALLYDEBUG rally.task.runner [-] Starting a worker. times: 10 duration: None concurrency: 1 timeout: 0 cls: method_name: run args: {"container_format": "bare", "disk_format": "qcow2", "image_location": "/home/opnfv/functest/images/cirros-0.4.0-x86_64-disk.img"}
2020-04-26 10:42:17.998 654 RALLYDEBUG rally.task.runner [-] Starting a worker. times: 10 duration: None concurrency: 1 timeout: 0 cls: method_name: run args: {"container_format": "bare", "disk_format": "qcow2", "image_location": "/home/opnfv/functest/images/cirros-0.4.0-x86_64-disk.img"}
2020-04-26 10:42:18.001 655 RALLYDEBUG rally.task.runner [-] Starting a worker. times: 10 duration: None concurrency: 1 timeout: 0 cls: method_name: run args: {"container_format": "bare", "disk_format": "qcow2", "image_location": "/home/opnfv/functest/images/cirros-0.4.0-x86_64-disk.img"}
2020-04-26 10:42:18.002 653 INFO rally.task.runner [-] Task ee1cea4c-5a05-47a3-9bcb-93d4fef318b7 | ITER: 1 START
2020-04-26 10:42:18.003 654 INFO rally.task.runner [-] Task ee1cea4c-5a05-47a3-9bcb-93d4fef318b7 | ITER: 2 START
2020-04-26 10:42:18.004 656 RALLYDEBUG rally.task.runner [-] Starting a worker. times: 10 duration: None concurrency: 1 timeout: 0 cls: method_name: run args: {"container_format": "bare", "disk_format": "qcow2", "image_location": "/home/opnfv/functest/images/cirros-0.4.0-x86_64-disk.img"}
2020-04-26 10:42:18.006 655 INFO rally.task.runner [-] Task ee1cea4c-5a05-47a3-9bcb-93d4fef318b7 | ITER: 3 START
2020-04-26 10:42:18.009 656 INFO rally.task.runner [-] Task ee1cea4c-5a05-47a3-9bcb-93d4fef318b7 | ITER: 4 START
2020-04-26 10:42:20.446 656 RALLYDEBUG rally.task.utils [-] Waiting for resource '626e24c5-9468-4eaf-ba32-06496a2a8271'. Status changed: NONE => QUEUED in 0.042878150939941406
2020-04-26 10:42:20.451 654 RALLYDEBUG rally.task.utils [-] Waiting for resource '10ab4ebe-bca4-4ba0-b701-dd153e7375db'. Status changed: NONE => QUEUED in 0.04710674285888672
2020-04-26 10:42:20.458 655 RALLYDEBUG rally.task.utils [-] Waiting for resource '083db307-a135-4298-8b8b-2a3b5383a106'. Status changed: NONE => QUEUED in 0.04428362846374512
2020-04-26 10:42:20.459 653 RALLYDEBUG rally.task.utils [-] Waiting for resource '8b7975a3-dd3a-4ea7-939c-07cbe49877f7'. Status changed: NONE => QUEUED in 0.047034502029418945
2020-04-26 10:42:20.998 653 RALLYDEBUG rally.task.utils [-] Waiting for resource s_rally_0995a1e1_GhLFtMMD. Status changed: QUEUED => ACTIVE in 0.021558523178100586
2020-04-26 10:42:21.015 655 RALLYDEBUG rally.task.utils [-] Waiting for resource s_rally_0995a1e1_1eHVAlIs. Status changed: QUEUED => ACTIVE in 0.029790878295898438
2020-04-26 10:42:21.021 654 RALLYDEBUG rally.task.utils [-] Waiting for resource s_rally_0995a1e1_QnnkV1JF. Status changed: QUEUED => ACTIVE in 0.027635574340820312
2020-04-26 10:42:21.024 656 RALLYDEBUG rally.task.utils [-] Waiting for resource s_rally_0995a1e1_HUpGgQLY. Status changed: QUEUED => ACTIVE in 0.025696277618408203
2020-04-26 10:42:21.057 653 INFO rally.task.runner [-] Task ee1cea4c-5a05-47a3-9bcb-93d4fef318b7 | ITER: 1 END: OK
2020-04-26 10:42:21.060 653 INFO rally.task.runner [-] Task ee1cea4c-5a05-47a3-9bcb-93d4fef318b7 | ITER: 5 START
2020-04-26 10:42:21.076 655 INFO rally.task.runner [-] Task ee1cea4c-5a05-47a3-9bcb-93d4fef318b7 | ITER: 3 END: OK
2020-04-26 10:42:21.080 655 INFO rally.task.runner [-] Task ee1cea4c-5a05-47a3-9bcb-93d4fef318b7 | ITER: 6 START
2020-04-26 10:42:21.084 654 INFO rally.task.runner [-] Task ee1cea4c-5a05-47a3-9bcb-93d4fef318b7 | ITER: 2 END: OK
2020-04-26 10:42:21.087 656 INFO rally.task.runner [-] Task ee1cea4c-5a05-47a3-9bcb-93d4fef318b7 | ITER: 4 END: OK
2020-04-26 10:42:21.088 654 INFO rally.task.runner [-] Task ee1cea4c-5a05-47a3-9bcb-93d4fef318b7 | ITER: 7 START
2020-04-26 10:42:21.092 656 INFO rally.task.runner [-] Task ee1cea4c-5a05-47a3-9bcb-93d4fef318b7 | ITER: 8 START
2020-04-26 10:42:23.526 656 RALLYDEBUG rally.task.utils [-] Waiting for resource 'e06a68ff-3c46-4a1e-850c-fafd79a94d75'. Status changed: NONE => QUEUED in 0.03874921798706055
2020-04-26 10:42:23.531 653 RALLYDEBUG rally.task.utils [-] Waiting for resource '41463fe4-e9e9-43e9-91bc-25b1fabef405'. Status changed: NONE => QUEUED in 0.033240556716918945
2020-04-26 10:42:23.534 654 RALLYDEBUG rally.task.utils [-] Waiting for resource '8bf95832-1049-4f1a-8f26-b4366cdbce1c'. Status changed: NONE => QUEUED in 0.036406755447387695
2020-04-26 10:42:23.547 655 RALLYDEBUG rally.task.utils [-] Waiting for resource '5f3653b5-bcfe-4af7-aa2b-733261a37e97'. Status changed: NONE => QUEUED in 0.029873132705688477
2020-04-26 10:42:24.058 653 RALLYDEBUG rally.task.utils [-] Waiting for resource s_rally_0995a1e1_a4xsP0k3. Status changed: QUEUED => ACTIVE in 0.026726722717285156
2020-04-26 10:42:24.058 656 RALLYDEBUG rally.task.utils [-] Waiting for resource s_rally_0995a1e1_kbrDtgqB. Status changed: QUEUED => ACTIVE in 0.028049468994140625
2020-04-26 10:42:24.065 654 RALLYDEBUG rally.task.utils [-] Waiting for resource s_rally_0995a1e1_RJexO9Yi. Status changed: QUEUED => ACTIVE in 0.02634596824645996
2020-04-26 10:42:24.095 655 RALLYDEBUG rally.task.utils [-] Waiting for resource s_rally_0995a1e1_mbr6Swso. Status changed: QUEUED => ACTIVE in 0.02761077880859375
2020-04-26 10:42:24.115 656 INFO rally.task.runner [-] Task ee1cea4c-5a05-47a3-9bcb-93d4fef318b7 | ITER: 8 END: OK
2020-04-26 10:42:24.119 656 INFO rally.task.runner [-] Task ee1cea4c-5a05-47a3-9bcb-93d4fef318b7 | ITER: 9 START
2020-04-26 10:42:24.122 653 INFO rally.task.runner [-] Task ee1cea4c-5a05-47a3-9bcb-93d4fef318b7 | ITER: 5 END: OK
2020-04-26 10:42:24.124 654 INFO rally.task.runner [-] Task ee1cea4c-5a05-47a3-9bcb-93d4fef318b7 | ITER: 7 END: OK
2020-04-26 10:42:24.126 653 INFO rally.task.runner [-] Task ee1cea4c-5a05-47a3-9bcb-93d4fef318b7 | ITER: 10 START
2020-04-26 10:42:24.162 655 INFO rally.task.runner [-] Task ee1cea4c-5a05-47a3-9bcb-93d4fef318b7 | ITER: 6 END: OK
2020-04-26 10:42:26.439 653 RALLYDEBUG rally.task.utils [-] Waiting for resource '40320f8e-e49d-45c0-9f17-c8da648efd50'. Status changed: NONE => QUEUED in 0.04136490821838379
2020-04-26 10:42:26.527 656 RALLYDEBUG rally.task.utils [-] Waiting for resource 'ca556913-2f2b-4b1c-8022-c2bca51c6686'. Status changed: NONE => QUEUED in 0.04101967811584473
2020-04-26 10:42:26.873 653 RALLYDEBUG rally.task.utils [-] Waiting for resource s_rally_0995a1e1_S3TVpho3. Status changed: QUEUED => ACTIVE in 0.026768207550048828
2020-04-26 10:42:26.921 656 RALLYDEBUG rally.task.utils [-] Waiting for resource s_rally_0995a1e1_g2obx5ZD. Status changed: QUEUED => ACTIVE in 0.023186683654785156
2020-04-26 10:42:26.934 653 INFO rally.task.runner [-] Task ee1cea4c-5a05-47a3-9bcb-93d4fef318b7 | ITER: 10 END: OK
2020-04-26 10:42:26.976 656 INFO rally.task.runner [-] Task ee1cea4c-5a05-47a3-9bcb-93d4fef318b7 | ITER: 9 END: OK
2020-04-26 10:42:26.996 505 INFO rally.task.context [-] Task ee1cea4c-5a05-47a3-9bcb-93d4fef318b7 | Context cleanup@openstack cleanup() started
2020-04-26 10:42:26.999 505 RALLYDEBUG rally_openstack.task.cleanup.manager [-] Cleaning up glance images objects
2020-04-26 10:42:27.632 505 RALLYDEBUG rally_openstack.task.cleanup.manager [-] Deleting glance.images object s_rally_0995a1e1_HUpGgQLY (626e24c5-9468-4eaf-ba32-06496a2a8271)
2020-04-26 10:42:27.636 505 RALLYDEBUG rally_openstack.task.cleanup.manager [-] Deleting glance.images object s_rally_0995a1e1_QnnkV1JF (10ab4ebe-bca4-4ba0-b701-dd153e7375db)
2020-04-26 10:42:27.650 505 RALLYDEBUG rally_openstack.task.cleanup.manager [-] Deleting glance.images object s_rally_0995a1e1_1eHVAlIs (083db307-a135-4298-8b8b-2a3b5383a106)
2020-04-26 10:42:27.654 505 RALLYDEBUG rally_openstack.task.cleanup.manager [-] Deleting glance.images object s_rally_0995a1e1_g2obx5ZD (ca556913-2f2b-4b1c-8022-c2bca51c6686)
2020-04-26 10:42:27.656 505 RALLYDEBUG rally_openstack.task.cleanup.manager [-] Deleting glance.images object s_rally_0995a1e1_S3TVpho3 (40320f8e-e49d-45c0-9f17-c8da648efd50)
2020-04-26 10:42:27.673 505 RALLYDEBUG rally_openstack.task.cleanup.manager [-] Deleting glance.images object s_rally_0995a1e1_kbrDtgqB (e06a68ff-3c46-4a1e-850c-fafd79a94d75)
2020-04-26 10:42:27.692 505 RALLYDEBUG rally_openstack.task.cleanup.manager [-] Deleting glance.images object s_rally_0995a1e1_RJexO9Yi (8bf95832-1049-4f1a-8f26-b4366cdbce1c)
2020-04-26 10:42:27.697 505 RALLYDEBUG rally_openstack.task.cleanup.manager [-] Deleting glance.images object s_rally_0995a1e1_mbr6Swso (5f3653b5-bcfe-4af7-aa2b-733261a37e97)
2020-04-26 10:42:27.714 505 RALLYDEBUG rally_openstack.task.cleanup.manager [-] Deleting glance.images object s_rally_0995a1e1_a4xsP0k3 (41463fe4-e9e9-43e9-91bc-25b1fabef405)
2020-04-26 10:42:27.725 505 RALLYDEBUG rally_openstack.task.cleanup.manager [-] Deleting glance.images object s_rally_0995a1e1_GhLFtMMD (8b7975a3-dd3a-4ea7-939c-07cbe49877f7)
2020-04-26 10:42:28.069 505 DEBUG glanceclient.common.http [-] Request returned failure status 404. _handle_response /usr/lib/python3.8/site-packages/glanceclient/common/http.py:125
2020-04-26 10:42:28.076 505 DEBUG glanceclient.common.http [-] Request returned failure status 404. _handle_response /usr/lib/python3.8/site-packages/glanceclient/common/http.py:125
2020-04-26 10:42:28.094 505 DEBUG glanceclient.common.http [-] Request returned failure status 404. _handle_response /usr/lib/python3.8/site-packages/glanceclient/common/http.py:125
2020-04-26 10:42:28.105 505 DEBUG glanceclient.common.http [-] Request returned failure status 404. _handle_response /usr/lib/python3.8/site-packages/glanceclient/common/http.py:125
2020-04-26 10:42:28.135 505 DEBUG glanceclient.common.http [-] Request returned failure status 404. _handle_response /usr/lib/python3.8/site-packages/glanceclient/common/http.py:125
2020-04-26 10:42:28.152 505 DEBUG glanceclient.common.http [-] Request returned failure status 404. _handle_response /usr/lib/python3.8/site-packages/glanceclient/common/http.py:125
2020-04-26 10:42:28.157 505 DEBUG glanceclient.common.http [-] Request returned failure status 404. _handle_response /usr/lib/python3.8/site-packages/glanceclient/common/http.py:125
2020-04-26 10:42:28.163 505 DEBUG glanceclient.common.http [-] Request returned failure status 404. _handle_response /usr/lib/python3.8/site-packages/glanceclient/common/http.py:125
2020-04-26 10:42:28.167 505 DEBUG glanceclient.common.http [-] Request returned failure status 404. _handle_response /usr/lib/python3.8/site-packages/glanceclient/common/http.py:125
2020-04-26 10:42:28.174 505 DEBUG glanceclient.common.http [-] Request returned failure status 404. _handle_response /usr/lib/python3.8/site-packages/glanceclient/common/http.py:125
2020-04-26 10:42:28.187 505 DEBUG glanceclient.common.http [-] Request returned failure status 404. _handle_response /usr/lib/python3.8/site-packages/glanceclient/common/http.py:125
2020-04-26 10:42:28.192 505 DEBUG glanceclient.common.http [-] Request returned failure status 404. _handle_response /usr/lib/python3.8/site-packages/glanceclient/common/http.py:125
2020-04-26 10:42:28.204 505 DEBUG glanceclient.common.http [-] Request returned failure status 404. _handle_response /usr/lib/python3.8/site-packages/glanceclient/common/http.py:125
2020-04-26 10:42:28.206 505 DEBUG glanceclient.common.http [-] Request returned failure status 404. _handle_response /usr/lib/python3.8/site-packages/glanceclient/common/http.py:125
2020-04-26 10:42:28.207 505 DEBUG glanceclient.common.http [-] Request returned failure status 404. _handle_response /usr/lib/python3.8/site-packages/glanceclient/common/http.py:125
2020-04-26 10:42:28.212 505 DEBUG glanceclient.common.http [-] Request returned failure status 404. _handle_response /usr/lib/python3.8/site-packages/glanceclient/common/http.py:125
2020-04-26 10:42:28.213 505 DEBUG glanceclient.common.http [-] Request returned failure status 404. _handle_response /usr/lib/python3.8/site-packages/glanceclient/common/http.py:125
2020-04-26 10:42:28.214 505 DEBUG glanceclient.common.http [-] Request returned failure status 404. _handle_response /usr/lib/python3.8/site-packages/glanceclient/common/http.py:125
2020-04-26 10:42:28.228 505 DEBUG glanceclient.common.http [-] Request returned failure status 404. _handle_response /usr/lib/python3.8/site-packages/glanceclient/common/http.py:125
2020-04-26 10:42:28.240 505 DEBUG glanceclient.common.http [-] Request returned failure status 404. _handle_response /usr/lib/python3.8/site-packages/glanceclient/common/http.py:125
2020-04-26 10:42:29.244 505 INFO rally.task.context [-] Task ee1cea4c-5a05-47a3-9bcb-93d4fef318b7 | Context cleanup@openstack cleanup() finished in 2.25 sec
2020-04-26 10:42:29.245 505 INFO rally.task.context [-] Task ee1cea4c-5a05-47a3-9bcb-93d4fef318b7 | Context users@openstack cleanup() started
2020-04-26 10:42:31.896 505 INFO rally.task.context [-] Task ee1cea4c-5a05-47a3-9bcb-93d4fef318b7 | Context users@openstack cleanup() finished in 2.65 sec
2020-04-26 10:42:32.758 505 INFO rally.task.engine [-] Load duration is: 8.805958
2020-04-26 10:42:32.759 505 INFO rally.task.engine [-] Full runner duration is: 9.009563
2020-04-26 10:42:32.759 505 INFO rally.task.engine [-] Full duration is: 15.224597
2020-04-26 10:42:32.836 505 INFO rally.task.engine [-] Running workload: position = 0 config = { "version": 2, "title": "A cropped version of a bigger task.", "description": "Auto-generated task from a single workload (uuid=40c30ba8-3f7d-4e95-b423-d1ad5056d09e)", "subtasks": [ { "title": "GlanceImages.list_images", "description": "List all images.", "scenario": { "GlanceImages.list_images": {} }, "contexts": { "users": { "tenants": 3, "users_per_tenant": 2 } }, "runner": { "constant": { "concurrency": 4, "times": 10 } }, "hooks": [], "sla": { "failure_rate": { "max": 0 } } } ] }
2020-04-26 10:42:32.849 505 RALLYDEBUG rally_openstack.task.contexts.keystone.users [-] Creating 3 tenants using 3 threads
2020-04-26 10:42:33.254 505 RALLYDEBUG rally_openstack.task.contexts.keystone.users [-] Creating 6 users using 6 threads
2020-04-26 10:42:34.068 505 INFO rally.task.context [-] Task ee1cea4c-5a05-47a3-9bcb-93d4fef318b7 | Context users@openstack setup() finished in 1.22 sec
2020-04-26 10:42:34.076 505 RALLYDEBUG rally.task.runner [-] Starting the constant runner (task UUID: ee1cea4c-5a05-47a3-9bcb-93d4fef318b7). times: 10 concurrency: 4 timeout: 0 max_cpu_used: 88 processes_to_start: 4 concurrency_per_worker: 1 concurrency_overhead: 0
2020-04-26 10:42:34.087 746 RALLYDEBUG rally.task.runner [-] Starting a worker. times: 10 duration: None concurrency: 1 timeout: 0 cls: method_name: run args: {}
2020-04-26 10:42:34.090 747 RALLYDEBUG rally.task.runner [-] Starting a worker. times: 10 duration: None concurrency: 1 timeout: 0 cls: method_name: run args: {}
2020-04-26 10:42:34.093 746 INFO rally.task.runner [-] Task ee1cea4c-5a05-47a3-9bcb-93d4fef318b7 | ITER: 1 START
2020-04-26 10:42:34.093 748 RALLYDEBUG rally.task.runner [-] Starting a worker. times: 10 duration: None concurrency: 1 timeout: 0 cls: method_name: run args: {}
2020-04-26 10:42:34.095 747 INFO rally.task.runner [-] Task ee1cea4c-5a05-47a3-9bcb-93d4fef318b7 | ITER: 2 START
2020-04-26 10:42:34.095 749 RALLYDEBUG rally.task.runner [-] Starting a worker. times: 10 duration: None concurrency: 1 timeout: 0 cls: method_name: run args: {}
2020-04-26 10:42:34.098 748 INFO rally.task.runner [-] Task ee1cea4c-5a05-47a3-9bcb-93d4fef318b7 | ITER: 3 START
2020-04-26 10:42:34.101 749 INFO rally.task.runner [-] Task ee1cea4c-5a05-47a3-9bcb-93d4fef318b7 | ITER: 4 START
2020-04-26 10:42:34.417 748 INFO rally.task.runner [-] Task ee1cea4c-5a05-47a3-9bcb-93d4fef318b7 | ITER: 3 END: OK
2020-04-26 10:42:34.420 748 INFO rally.task.runner [-] Task ee1cea4c-5a05-47a3-9bcb-93d4fef318b7 | ITER: 5 START
2020-04-26 10:42:34.455 747 INFO rally.task.runner [-] Task ee1cea4c-5a05-47a3-9bcb-93d4fef318b7 | ITER: 2 END: OK
2020-04-26 10:42:34.458 749 INFO rally.task.runner [-] Task ee1cea4c-5a05-47a3-9bcb-93d4fef318b7 | ITER: 4 END: OK
2020-04-26 10:42:34.458 747 INFO rally.task.runner [-] Task ee1cea4c-5a05-47a3-9bcb-93d4fef318b7 | ITER: 6 START
2020-04-26 10:42:34.460 746 INFO rally.task.runner [-] Task ee1cea4c-5a05-47a3-9bcb-93d4fef318b7 | ITER: 1 END: OK
2020-04-26 10:42:34.462 749 INFO rally.task.runner [-] Task ee1cea4c-5a05-47a3-9bcb-93d4fef318b7 | ITER: 7 START
2020-04-26 10:42:34.463 746 INFO rally.task.runner [-] Task ee1cea4c-5a05-47a3-9bcb-93d4fef318b7 | ITER: 8 START
2020-04-26 10:42:34.622 748 INFO rally.task.runner [-] Task ee1cea4c-5a05-47a3-9bcb-93d4fef318b7 | ITER: 5 END: OK
2020-04-26 10:42:34.625 748 INFO rally.task.runner [-] Task ee1cea4c-5a05-47a3-9bcb-93d4fef318b7 | ITER: 9 START
2020-04-26 10:42:34.665 746 INFO rally.task.runner [-] Task ee1cea4c-5a05-47a3-9bcb-93d4fef318b7 | ITER: 8 END: OK
2020-04-26 10:42:34.669 746 INFO rally.task.runner [-] Task ee1cea4c-5a05-47a3-9bcb-93d4fef318b7 | ITER: 10 START
2020-04-26 10:42:34.676 747 INFO rally.task.runner [-] Task ee1cea4c-5a05-47a3-9bcb-93d4fef318b7 | ITER: 6 END: OK
2020-04-26 10:42:34.748 749 INFO rally.task.runner [-] Task ee1cea4c-5a05-47a3-9bcb-93d4fef318b7 | ITER: 7 END: OK
2020-04-26 10:42:34.815 748 INFO rally.task.runner [-] Task ee1cea4c-5a05-47a3-9bcb-93d4fef318b7 | ITER: 9 END: OK
2020-04-26 10:42:34.902 746 INFO rally.task.runner [-] Task ee1cea4c-5a05-47a3-9bcb-93d4fef318b7 | ITER: 10 END: OK
2020-04-26 10:42:34.932 505 INFO rally.task.context [-] Task ee1cea4c-5a05-47a3-9bcb-93d4fef318b7 | Context users@openstack cleanup() started
2020-04-26 10:42:37.414 505 INFO rally.task.context [-] Task ee1cea4c-5a05-47a3-9bcb-93d4fef318b7 | Context users@openstack cleanup() finished in 2.48 sec
2020-04-26 10:42:38.908 505 INFO rally.task.engine [-] Load duration is: 0.638812
2020-04-26 10:42:38.908 505 INFO rally.task.engine [-] Full runner duration is: 0.856366
2020-04-26 10:42:38.909 505 INFO rally.task.engine [-] Full duration is: 4.565947
2020-04-26 10:42:38.992 505 INFO rally.task.engine [-] Running workload: position = 0 config = { "version": 2, "title": "A cropped version of a bigger task.", "description": "Auto-generated task from a single workload (uuid=25ee8b30-b3dd-49d8-9ed8-fa168718bb2b)", "subtasks": [ { "title": "GlanceImages.create_image_and_boot_instances", "description": "Create an image and boot several instances from it.", "scenario": { "GlanceImages.create_image_and_boot_instances": { "container_format": "bare", "disk_format": "qcow2", "image_location": "/home/opnfv/functest/images/cirros-0.4.0-x86_64-disk.img", "flavor": { "name": "rally_full-flavor_e682400e-6557-47f8-ab35-d73c2fba5a69" }, "number_instances": 2, "boot_server_kwargs": { "nics": [ { "net-id": "af47796e-c88f-460d-bbd7-b8d236245e71" } ] } } }, "contexts": { "users": { "tenants": 3, "users_per_tenant": 2 }, "quotas": { "nova": { "cores": -1, "floating_ips": -1, "instances": -1, "ram": -1, "security_group_rules": -1, "security_groups": -1 } } }, "runner": { "constant": { "concurrency": 4, "times": 10 } }, "hooks": [], "sla": { "failure_rate": { "max": 0 } } } ] }
2020-04-26 10:42:39.007 505 RALLYDEBUG rally_openstack.task.contexts.keystone.users [-] Creating 3 tenants using 3 threads
2020-04-26 10:42:39.425 505 RALLYDEBUG rally_openstack.task.contexts.keystone.users [-] Creating 6 users using 6 threads
2020-04-26 10:42:40.190 505 INFO rally.task.context [-] Task ee1cea4c-5a05-47a3-9bcb-93d4fef318b7 | Context users@openstack setup() finished in 1.18 sec
2020-04-26 10:42:41.031 505 INFO rally.task.context [-] Task ee1cea4c-5a05-47a3-9bcb-93d4fef318b7 | Context quotas@openstack setup() finished in 0.84 sec
2020-04-26 10:42:41.031 505 INFO rally.task.context [-] Task ee1cea4c-5a05-47a3-9bcb-93d4fef318b7 | Context cleanup@openstack setup() finished in 0.01 msec
2020-04-26 10:42:41.177 505 RALLYDEBUG rally.task.runner [-] Starting the constant runner (task UUID: ee1cea4c-5a05-47a3-9bcb-93d4fef318b7). times: 10 concurrency: 4 timeout: 0 max_cpu_used: 88 processes_to_start: 4 concurrency_per_worker: 1 concurrency_overhead: 0
2020-04-26 10:42:41.188 819 RALLYDEBUG rally.task.runner [-] Starting a worker. times: 10 duration: None concurrency: 1 timeout: 0 cls: method_name: run args: {"container_format": "bare", "disk_format": "qcow2", "image_location": "/home/opnfv/functest/images/cirros-0.4.0-x86_64-disk.img", "flavor": "21bf88ac-6eb5-4cce-8ebd-6c60291b5186", "number_instances": 2, "boot_server_kwargs": {"nics": [{"net-id": "af47796e-c88f-460d-bbd7-b8d236245e71"}]}}
2020-04-26 10:42:41.192 820 RALLYDEBUG rally.task.runner [-] Starting a worker. times: 10 duration: None concurrency: 1 timeout: 0 cls: method_name: run args: {"container_format": "bare", "disk_format": "qcow2", "image_location": "/home/opnfv/functest/images/cirros-0.4.0-x86_64-disk.img", "flavor": "21bf88ac-6eb5-4cce-8ebd-6c60291b5186", "number_instances": 2, "boot_server_kwargs": {"nics": [{"net-id": "af47796e-c88f-460d-bbd7-b8d236245e71"}]}}
2020-04-26 10:42:41.194 819 INFO rally.task.runner [-] Task ee1cea4c-5a05-47a3-9bcb-93d4fef318b7 | ITER: 1 START
2020-04-26 10:42:41.195 821 RALLYDEBUG rally.task.runner [-] Starting a worker. times: 10 duration: None concurrency: 1 timeout: 0 cls: method_name: run args: {"container_format": "bare", "disk_format": "qcow2", "image_location": "/home/opnfv/functest/images/cirros-0.4.0-x86_64-disk.img", "flavor": "21bf88ac-6eb5-4cce-8ebd-6c60291b5186", "number_instances": 2, "boot_server_kwargs": {"nics": [{"net-id": "af47796e-c88f-460d-bbd7-b8d236245e71"}]}}
2020-04-26 10:42:41.198 820 INFO rally.task.runner [-] Task ee1cea4c-5a05-47a3-9bcb-93d4fef318b7 | ITER: 2 START
2020-04-26 10:42:41.198 824 RALLYDEBUG rally.task.runner [-] Starting a worker. times: 10 duration: None concurrency: 1 timeout: 0 cls: method_name: run args: {"container_format": "bare", "disk_format": "qcow2", "image_location": "/home/opnfv/functest/images/cirros-0.4.0-x86_64-disk.img", "flavor": "21bf88ac-6eb5-4cce-8ebd-6c60291b5186", "number_instances": 2, "boot_server_kwargs": {"nics": [{"net-id": "af47796e-c88f-460d-bbd7-b8d236245e71"}]}}
2020-04-26 10:42:41.201 821 INFO rally.task.runner [-] Task ee1cea4c-5a05-47a3-9bcb-93d4fef318b7 | ITER: 3 START
2020-04-26 10:42:41.203 824 INFO rally.task.runner [-] Task ee1cea4c-5a05-47a3-9bcb-93d4fef318b7 | ITER: 4 START
2020-04-26 10:42:43.599 821 RALLYDEBUG rally.task.utils [-] Waiting for resource 'be5ff19b-29c8-41ad-8358-7e8489b96e1f'. Status changed: NONE => QUEUED in 0.04513406753540039
2020-04-26 10:42:43.601 824 RALLYDEBUG rally.task.utils [-] Waiting for resource '7f712dab-e27f-4ec3-9fd8-58ff122d9922'. Status changed: NONE => QUEUED in 0.040613651275634766
2020-04-26 10:42:43.611 819 RALLYDEBUG rally.task.utils [-] Waiting for resource '08f1f9b4-5b3e-4b29-8867-97b4e0691814'. Status changed: NONE => QUEUED in 0.03939557075500488
2020-04-26 10:42:43.675 820 RALLYDEBUG rally.task.utils [-] Waiting for resource 'eef8bd72-1c53-4748-b314-f09438f4f95e'. Status changed: NONE => QUEUED in 0.03722739219665527
2020-04-26 10:42:44.112 819 RALLYDEBUG rally.task.utils [-] Waiting for resource s_rally_25ee8b30_sVxQD8CM. Status changed: QUEUED => ACTIVE in 0.02892589569091797
2020-04-26 10:42:44.117 821 RALLYDEBUG rally.task.utils [-] Waiting for resource s_rally_25ee8b30_EqbUUoHV. Status changed: QUEUED => ACTIVE in 0.02422618865966797
2020-04-26 10:42:44.120 820 RALLYDEBUG rally.task.utils [-] Waiting for resource s_rally_25ee8b30_ni8tf9Ld. Status changed: QUEUED => ACTIVE in 0.025237321853637695
2020-04-26 10:42:44.127 824 RALLYDEBUG rally.task.utils [-] Waiting for resource s_rally_25ee8b30_BOK5zsSd. Status changed: QUEUED => ACTIVE in 0.026113033294677734
2020-04-26 10:43:01.698 819 RALLYDEBUG rally.task.utils [-] Waiting for resource s_rally_25ee8b30_VXSMnVEE_1. Status changed: BUILD => ACTIVE in 14.17597770690918
2020-04-26 10:43:01.911 819 RALLYDEBUG rally.task.utils [-] Waiting for resource s_rally_25ee8b30_VXSMnVEE_0. Status changed: BUILD => ACTIVE in 0.21226954460144043
2020-04-26 10:43:01.911 819 INFO rally.task.runner [-] Task ee1cea4c-5a05-47a3-9bcb-93d4fef318b7 | ITER: 1 END: OK
2020-04-26 10:43:01.915 819 INFO rally.task.runner [-] Task ee1cea4c-5a05-47a3-9bcb-93d4fef318b7 | ITER: 5 START
2020-04-26 10:43:04.353 819 RALLYDEBUG rally.task.utils [-] Waiting for resource 'b5d8c38f-a526-415b-8af6-067e427573f1'. Status changed: NONE => QUEUED in 0.04471158981323242
2020-04-26 10:43:04.819 819 RALLYDEBUG rally.task.utils [-] Waiting for resource s_rally_25ee8b30_WFlOlFla. Status changed: QUEUED => ACTIVE in 0.027017831802368164
2020-04-26 10:43:35.528 820 RALLYDEBUG rally.task.utils [-] Waiting for resource s_rally_25ee8b30_j1x0T8yg_1. Status changed: BUILD => ACTIVE in 47.768808364868164
2020-04-26 10:43:35.766 820 RALLYDEBUG rally.task.utils [-] Waiting for resource s_rally_25ee8b30_j1x0T8yg_0. Status changed: BUILD => ACTIVE in 0.23502397537231445
2020-04-26 10:43:35.767 820 INFO rally.task.runner [-] Task ee1cea4c-5a05-47a3-9bcb-93d4fef318b7 | ITER: 2 END: OK
2020-04-26 10:43:35.773 820 INFO rally.task.runner [-] Task ee1cea4c-5a05-47a3-9bcb-93d4fef318b7 | ITER: 6 START
2020-04-26 10:43:37.901 824 RALLYDEBUG rally.task.utils [-] Waiting for resource s_rally_25ee8b30_y9ZZKUN7_1. Status changed: BUILD => ACTIVE in 49.99295234680176
2020-04-26 10:43:37.960 821 RALLYDEBUG rally.task.utils [-] Waiting for resource s_rally_25ee8b30_8kO99G2c_1. Status changed: BUILD => ACTIVE in 49.058157444000244
2020-04-26 10:43:38.244 820 RALLYDEBUG rally.task.utils [-] Waiting for resource '68a87e45-2ec9-404e-a04b-68800450ac44'. Status changed: NONE => QUEUED in 0.03617048263549805
2020-04-26 10:43:38.400 824 RALLYDEBUG rally.task.utils [-] Waiting for resource s_rally_25ee8b30_y9ZZKUN7_0. Status changed: BUILD => ACTIVE in 0.49778103828430176
2020-04-26 10:43:38.400 824 INFO rally.task.runner [-] Task ee1cea4c-5a05-47a3-9bcb-93d4fef318b7 | ITER: 4 END: OK
2020-04-26 10:43:38.403 824 INFO rally.task.runner [-] Task ee1cea4c-5a05-47a3-9bcb-93d4fef318b7 | ITER: 7 START
2020-04-26 10:43:38.574 821 RALLYDEBUG rally.task.utils [-] Waiting for resource s_rally_25ee8b30_8kO99G2c_0. Status changed: BUILD => ACTIVE in 0.6120359897613525
2020-04-26 10:43:38.574 821 INFO rally.task.runner [-] Task ee1cea4c-5a05-47a3-9bcb-93d4fef318b7 | ITER: 3 END: OK
2020-04-26 10:43:38.579 821 INFO rally.task.runner [-] Task ee1cea4c-5a05-47a3-9bcb-93d4fef318b7 | ITER: 8 START
2020-04-26 10:43:38.878 820 RALLYDEBUG rally.task.utils [-] Waiting for resource s_rally_25ee8b30_0jps9p8c. Status changed: QUEUED => ACTIVE in 0.030930519104003906
2020-04-26 10:43:38.879 819 RALLYDEBUG rally.task.utils [-] Waiting for resource s_rally_25ee8b30_4r9Hxe8f_1. Status changed: BUILD => ACTIVE in 28.424401998519897
2020-04-26 10:43:39.317 819 RALLYDEBUG rally.task.utils [-] Waiting for resource s_rally_25ee8b30_4r9Hxe8f_0. Status changed: BUILD => ACTIVE in 0.4368298053741455
2020-04-26 10:43:39.318 819 INFO rally.task.runner [-] Task ee1cea4c-5a05-47a3-9bcb-93d4fef318b7 | ITER: 5 END: OK
2020-04-26 10:43:39.323 819 INFO rally.task.runner [-] Task ee1cea4c-5a05-47a3-9bcb-93d4fef318b7 | ITER: 9 START
2020-04-26 10:43:40.770 824 RALLYDEBUG rally.task.utils [-] Waiting for resource 'df5b50d4-d5c6-438c-b157-e9467461a15e'. Status changed: NONE => QUEUED in 0.038573503494262695
2020-04-26 10:43:40.945 821 RALLYDEBUG rally.task.utils [-] Waiting for resource 'af86a3dc-3130-4f8a-808b-a79cbe3c0594'. Status changed: NONE => QUEUED in 0.03809213638305664
2020-04-26 10:43:41.225 824 RALLYDEBUG rally.task.utils [-] Waiting for resource s_rally_25ee8b30_z3icETa3. Status changed: QUEUED => ACTIVE in 0.040534257888793945
2020-04-26 10:43:41.340 821 RALLYDEBUG rally.task.utils [-] Waiting for resource s_rally_25ee8b30_LQbJm3Ni. Status changed: QUEUED => ACTIVE in 0.03017449378967285
2020-04-26 10:43:41.610 819 RALLYDEBUG rally.task.utils [-] Waiting for resource '530fd7f7-04be-4555-9e6c-bb8eba291a6f'. Status changed: NONE => QUEUED in 0.03918790817260742
2020-04-26 10:43:41.992 819 RALLYDEBUG rally.task.utils [-] Waiting for resource s_rally_25ee8b30_M4KnEPbM. Status changed: QUEUED => ACTIVE in 0.02025151252746582
2020-04-26 10:45:52.021 821 RALLYDEBUG rally.task.utils [-] Waiting for resource s_rally_25ee8b30_cAsSIBAI_1. Status changed: BUILD => ACTIVE in 127.11356973648071
2020-04-26 10:45:52.436 824 RALLYDEBUG rally.task.utils [-] Waiting for resource s_rally_25ee8b30_xH6qYc4r_1. Status changed: BUILD => ACTIVE in 126.61010360717773
2020-04-26 10:45:52.463 821 RALLYDEBUG rally.task.utils [-] Waiting for resource s_rally_25ee8b30_cAsSIBAI_0. Status changed: BUILD => ACTIVE in 0.4409811496734619
2020-04-26 10:45:52.464 821 INFO rally.task.runner [-] Task ee1cea4c-5a05-47a3-9bcb-93d4fef318b7 | ITER: 8 END: OK
2020-04-26 10:45:52.467 821 INFO rally.task.runner [-] Task ee1cea4c-5a05-47a3-9bcb-93d4fef318b7 | ITER: 10 START
2020-04-26 10:45:52.864 824 RALLYDEBUG rally.task.utils [-] Waiting for resource s_rally_25ee8b30_xH6qYc4r_0. Status changed: BUILD => ACTIVE in 0.42693018913269043
2020-04-26 10:45:52.865 824 INFO rally.task.runner [-] Task ee1cea4c-5a05-47a3-9bcb-93d4fef318b7 | ITER: 7 END: OK
2020-04-26 10:45:54.201 820 RALLYDEBUG rally.task.utils [-] Waiting for resource s_rally_25ee8b30_wCOICddj_1. Status changed: BUILD => ACTIVE in 129.85953497886658
2020-04-26 10:45:54.486 820 RALLYDEBUG rally.task.utils [-] Waiting for resource s_rally_25ee8b30_wCOICddj_0. Status changed: BUILD => ACTIVE in 0.28352832794189453
2020-04-26 10:45:54.488 820 INFO rally.task.runner [-] Task ee1cea4c-5a05-47a3-9bcb-93d4fef318b7 | ITER: 6 END: OK
2020-04-26 10:45:54.856 821 RALLYDEBUG rally.task.utils [-] Waiting for resource '72bc16a4-a75c-44d9-907f-6f4164256613'. Status changed: NONE => QUEUED in 0.03306126594543457
2020-04-26 10:45:55.440 821 RALLYDEBUG rally.task.utils [-] Waiting for resource s_rally_25ee8b30_cz7SLNot. Status changed: QUEUED => ACTIVE in 0.028498411178588867
2020-04-26 10:45:55.975 819 RALLYDEBUG rally.task.utils [-] Waiting for resource s_rally_25ee8b30_uHPKr8bs_1. Status changed: BUILD => ACTIVE in 129.33177590370178
2020-04-26 10:45:56.269 819 RALLYDEBUG rally.task.utils [-] Waiting for resource s_rally_25ee8b30_uHPKr8bs_0. Status changed: BUILD => ACTIVE in 0.2925598621368408
2020-04-26 10:45:56.270 819 INFO rally.task.runner [-] Task ee1cea4c-5a05-47a3-9bcb-93d4fef318b7 | ITER: 9 END: OK
2020-04-26 10:47:37.260 821 RALLYDEBUG rally.task.utils [-] Waiting for resource s_rally_25ee8b30_CpWUMtxq_1. Status changed: BUILD => ACTIVE in 98.99206972122192
2020-04-26 10:47:37.943 821 RALLYDEBUG rally.task.utils [-] Waiting for resource s_rally_25ee8b30_CpWUMtxq_0. Status changed: BUILD => ACTIVE in 0.681971549987793
2020-04-26 10:47:37.944 821 INFO rally.task.runner [-] Task ee1cea4c-5a05-47a3-9bcb-93d4fef318b7 | ITER: 10 END: OK
2020-04-26 10:47:37.968 505 INFO rally.task.context [-] Task ee1cea4c-5a05-47a3-9bcb-93d4fef318b7 | Context cleanup@openstack cleanup() started
2020-04-26 10:47:37.975 505 RALLYDEBUG rally_openstack.task.cleanup.manager [-] Cleaning up nova servers objects
2020-04-26 10:47:40.497 505 RALLYDEBUG rally_openstack.task.cleanup.manager [-] Deleting nova.servers object s_rally_25ee8b30_CpWUMtxq_1 (7861c42c-d830-4947-8b39-c72728d893cd)
2020-04-26 10:47:40.503 505 RALLYDEBUG rally_openstack.task.cleanup.manager [-] Deleting nova.servers object s_rally_25ee8b30_CpWUMtxq_0 (eb31f316-bcfc-4a45-8e0c-fc0918302f89)
2020-04-26 10:47:40.513 505 RALLYDEBUG rally_openstack.task.cleanup.manager [-] Deleting nova.servers object s_rally_25ee8b30_VXSMnVEE_1 (1aa9bb87-723e-41b8-bf68-cd7b4bc797cd)
2020-04-26 10:47:40.520 505 RALLYDEBUG rally_openstack.task.cleanup.manager [-] Deleting nova.servers object s_rally_25ee8b30_VXSMnVEE_0 (41eae3aa-abf4-4870-805e-81042fb0c825)
2020-04-26 10:47:40.525 505 RALLYDEBUG rally_openstack.task.cleanup.manager [-] Deleting nova.servers object s_rally_25ee8b30_uHPKr8bs_1 (1981224b-387a-497b-bffe-9ab56ba53040)
2020-04-26 10:47:40.531 505 RALLYDEBUG rally_openstack.task.cleanup.manager [-] Deleting nova.servers object s_rally_25ee8b30_cAsSIBAI_1 (602ef938-0c8d-4fca-8060-6d830b5bcfbe)
2020-04-26 10:47:40.540 505 RALLYDEBUG rally_openstack.task.cleanup.manager [-] Deleting nova.servers object s_rally_25ee8b30_uHPKr8bs_0 (eb9902eb-358a-4bfa-ab0d-cf63be108000)
2020-04-26 10:47:40.545 505 RALLYDEBUG rally_openstack.task.cleanup.manager [-] Deleting nova.servers object s_rally_25ee8b30_cAsSIBAI_0 (83477c1f-9bfb-4d33-9994-018c57896dda)
2020-04-26 10:47:40.551 505 RALLYDEBUG rally_openstack.task.cleanup.manager [-] Deleting nova.servers object s_rally_25ee8b30_y9ZZKUN7_1 (81082339-9e32-4fda-8b38-6b3e50b0ce80)
2020-04-26 10:47:40.557 505 RALLYDEBUG rally_openstack.task.cleanup.manager [-] Deleting nova.servers object s_rally_25ee8b30_j1x0T8yg_1 (f9ebb5d2-d2cb-471b-85a4-f5c4218f7784)
2020-04-26 10:47:40.567 505 RALLYDEBUG rally_openstack.task.cleanup.manager [-] Deleting nova.servers object s_rally_25ee8b30_y9ZZKUN7_0 (25b878df-9757-46e0-96cc-40d45ba185b1)
2020-04-26 10:47:40.584 505 RALLYDEBUG rally_openstack.task.cleanup.manager [-] Deleting nova.servers object s_rally_25ee8b30_j1x0T8yg_0 (62246aca-305e-46ba-9ba0-70ea96cb2ce2)
2020-04-26 10:47:40.625 505 RALLYDEBUG rally_openstack.task.cleanup.manager [-] Deleting nova.servers object s_rally_25ee8b30_xH6qYc4r_1 (51f0044a-1808-4115-ac75-4ad41044a350)
2020-04-26 10:47:40.631 505 RALLYDEBUG rally_openstack.task.cleanup.manager [-] Deleting nova.servers object s_rally_25ee8b30_xH6qYc4r_0 (beba2ffd-b536-4588-bcfd-c541e3f01404)
2020-04-26 10:47:40.640 505 RALLYDEBUG rally_openstack.task.cleanup.manager [-] Deleting nova.servers object s_rally_25ee8b30_wCOICddj_1 (f4173cee-c531-4056-a8ee-da2b0f62d806)
2020-04-26 10:47:40.665 505 RALLYDEBUG rally_openstack.task.cleanup.manager [-] Deleting nova.servers object s_rally_25ee8b30_wCOICddj_0 (8246650e-5808-4b67-899c-4d4762989ed1)
2020-04-26 10:47:40.668 505 RALLYDEBUG rally_openstack.task.cleanup.manager [-] Deleting nova.servers object s_rally_25ee8b30_4r9Hxe8f_1 (5eb7f86b-792c-4faa-9bdd-8183c34d5b27)
2020-04-26 10:47:40.684 505 RALLYDEBUG rally_openstack.task.cleanup.manager [-] Deleting nova.servers object s_rally_25ee8b30_4r9Hxe8f_0 (646ede88-719e-40c7-ba73-22258bd97717)
2020-04-26 10:47:40.693 505 RALLYDEBUG rally_openstack.task.cleanup.manager [-] Deleting nova.servers object s_rally_25ee8b30_8kO99G2c_1 (b84c339e-4f54-484f-a3af-24fcf656865b)
2020-04-26 10:47:40.733 505 RALLYDEBUG rally_openstack.task.cleanup.manager [-] Deleting nova.servers object s_rally_25ee8b30_8kO99G2c_0 (2e722853-b3e9-4916-a86e-7e41646ce051)
2020-04-26 10:47:59.262 505 RALLYDEBUG rally_openstack.task.cleanup.manager [-] Cleaning up nova server_groups objects
2020-04-26 10:47:59.821 505 RALLYDEBUG rally_openstack.task.cleanup.manager [-] Cleaning up nova keypairs objects
2020-04-26 10:48:00.838 505 RALLYDEBUG rally_openstack.task.cleanup.manager [-] Cleaning up glance images objects
2020-04-26 10:48:01.590 505 RALLYDEBUG rally_openstack.task.cleanup.manager [-] Deleting glance.images object s_rally_25ee8b30_cz7SLNot (72bc16a4-a75c-44d9-907f-6f4164256613)
2020-04-26 10:48:01.598 505 RALLYDEBUG rally_openstack.task.cleanup.manager [-] Deleting glance.images object s_rally_25ee8b30_sVxQD8CM (08f1f9b4-5b3e-4b29-8867-97b4e0691814)
2020-04-26 10:48:01.607 505 RALLYDEBUG rally_openstack.task.cleanup.manager [-] Deleting glance.images object s_rally_25ee8b30_M4KnEPbM (530fd7f7-04be-4555-9e6c-bb8eba291a6f)
2020-04-26 10:48:01.614 505 RALLYDEBUG rally_openstack.task.cleanup.manager [-] Deleting glance.images object s_rally_25ee8b30_LQbJm3Ni (af86a3dc-3130-4f8a-808b-a79cbe3c0594)
2020-04-26 10:48:01.620 505 RALLYDEBUG rally_openstack.task.cleanup.manager [-] Deleting glance.images object s_rally_25ee8b30_ni8tf9Ld (eef8bd72-1c53-4748-b314-f09438f4f95e)
2020-04-26 10:48:01.628 505 RALLYDEBUG rally_openstack.task.cleanup.manager [-] Deleting glance.images object s_rally_25ee8b30_BOK5zsSd (7f712dab-e27f-4ec3-9fd8-58ff122d9922)
2020-04-26 10:48:01.632 505 RALLYDEBUG rally_openstack.task.cleanup.manager [-] Deleting glance.images object s_rally_25ee8b30_z3icETa3 (df5b50d4-d5c6-438c-b157-e9467461a15e)
2020-04-26 10:48:01.639 505 RALLYDEBUG rally_openstack.task.cleanup.manager [-] Deleting glance.images object s_rally_25ee8b30_0jps9p8c (68a87e45-2ec9-404e-a04b-68800450ac44)
2020-04-26 10:48:01.653 505 RALLYDEBUG rally_openstack.task.cleanup.manager [-] Deleting glance.images object s_rally_25ee8b30_WFlOlFla (b5d8c38f-a526-415b-8af6-067e427573f1)
2020-04-26 10:48:01.668 505 RALLYDEBUG rally_openstack.task.cleanup.manager [-] Deleting glance.images object s_rally_25ee8b30_EqbUUoHV (be5ff19b-29c8-41ad-8358-7e8489b96e1f)
2020-04-26 10:48:02.203 505 DEBUG glanceclient.common.http [-] Request returned failure status 404. _handle_response /usr/lib/python3.8/site-packages/glanceclient/common/http.py:125
2020-04-26 10:48:02.220 505 DEBUG glanceclient.common.http [-] Request returned failure status 404. _handle_response /usr/lib/python3.8/site-packages/glanceclient/common/http.py:125
2020-04-26 10:48:02.235 505 DEBUG glanceclient.common.http [-] Request returned failure status 404. _handle_response /usr/lib/python3.8/site-packages/glanceclient/common/http.py:125
2020-04-26 10:48:02.253 505 DEBUG glanceclient.common.http [-] Request returned failure status 404. _handle_response /usr/lib/python3.8/site-packages/glanceclient/common/http.py:125
2020-04-26 10:48:02.260 505 DEBUG glanceclient.common.http [-] Request returned failure status 404. _handle_response /usr/lib/python3.8/site-packages/glanceclient/common/http.py:125
2020-04-26 10:48:02.301 505 DEBUG glanceclient.common.http [-] Request returned failure status 404. _handle_response /usr/lib/python3.8/site-packages/glanceclient/common/http.py:125
2020-04-26 10:48:02.309 505 DEBUG glanceclient.common.http [-] Request returned failure status 404. _handle_response /usr/lib/python3.8/site-packages/glanceclient/common/http.py:125
2020-04-26 10:48:02.323 505 DEBUG glanceclient.common.http [-] Request returned failure status 404. _handle_response /usr/lib/python3.8/site-packages/glanceclient/common/http.py:125
2020-04-26 10:48:02.378 505 DEBUG glanceclient.common.http [-] Request returned failure status 404. _handle_response /usr/lib/python3.8/site-packages/glanceclient/common/http.py:125
2020-04-26 10:48:02.385 505 DEBUG glanceclient.common.http [-] Request returned failure status 404. _handle_response /usr/lib/python3.8/site-packages/glanceclient/common/http.py:125
2020-04-26 10:48:02.503 505 DEBUG glanceclient.common.http [-] Request returned failure status 404. _handle_response /usr/lib/python3.8/site-packages/glanceclient/common/http.py:125
2020-04-26 10:48:02.515 505 DEBUG glanceclient.common.http [-] Request returned failure status 404. _handle_response /usr/lib/python3.8/site-packages/glanceclient/common/http.py:125
2020-04-26 10:48:02.527 505 DEBUG glanceclient.common.http [-] Request returned failure status 404. _handle_response /usr/lib/python3.8/site-packages/glanceclient/common/http.py:125
2020-04-26 10:48:02.538 505 DEBUG glanceclient.common.http [-] Request returned failure status 404. _handle_response /usr/lib/python3.8/site-packages/glanceclient/common/http.py:125
2020-04-26 10:48:02.548 505 DEBUG glanceclient.common.http [-] Request returned failure status 404. _handle_response /usr/lib/python3.8/site-packages/glanceclient/common/http.py:125
2020-04-26 10:48:02.553 505 DEBUG glanceclient.common.http [-] Request returned failure status 404. _handle_response /usr/lib/python3.8/site-packages/glanceclient/common/http.py:125
2020-04-26 10:48:02.562 505 DEBUG glanceclient.common.http [-] Request returned failure status 404. _handle_response /usr/lib/python3.8/site-packages/glanceclient/common/http.py:125
2020-04-26 10:48:02.565 505 DEBUG glanceclient.common.http [-] Request returned failure status 404. _handle_response /usr/lib/python3.8/site-packages/glanceclient/common/http.py:125
2020-04-26 10:48:02.577 505 DEBUG glanceclient.common.http [-] Request returned failure status 404. _handle_response /usr/lib/python3.8/site-packages/glanceclient/common/http.py:125
2020-04-26 10:48:02.590 505 DEBUG glanceclient.common.http [-] Request returned failure status 404. _handle_response /usr/lib/python3.8/site-packages/glanceclient/common/http.py:125
2020-04-26 10:48:03.593 505 INFO rally.task.context [-] Task ee1cea4c-5a05-47a3-9bcb-93d4fef318b7 | Context cleanup@openstack cleanup() finished in 25.62 sec
2020-04-26 10:48:03.594 505 INFO rally.task.context [-] Task ee1cea4c-5a05-47a3-9bcb-93d4fef318b7 | Context quotas@openstack cleanup() started
2020-04-26 10:48:03.776 505 INFO rally.task.context [-] Task ee1cea4c-5a05-47a3-9bcb-93d4fef318b7 | Context quotas@openstack cleanup() finished in 0.18 sec
2020-04-26 10:48:03.777 505 INFO rally.task.context [-] Task ee1cea4c-5a05-47a3-9bcb-93d4fef318b7 | Context users@openstack cleanup() started
2020-04-26 10:48:06.592 505 INFO rally.task.context [-] Task ee1cea4c-5a05-47a3-9bcb-93d4fef318b7 | Context users@openstack cleanup() finished in 2.81 sec
2020-04-26 10:48:08.258 505 INFO rally.task.engine [-] Load duration is: 295.564067
2020-04-26 10:48:08.259 505 INFO rally.task.engine [-] Full runner duration is: 296.791084
2020-04-26 10:48:08.259 505 INFO rally.task.engine [-] Full duration is: 327.587061
2020-04-26 10:48:08.344 505 INFO rally.task.engine [-] Running workload: position = 0 config = { "version": 2, "title": "A cropped version of a bigger task.", "description": "Auto-generated task from a single workload (uuid=ff336560-5cba-4985-be1e-e0003590d2fb)", "subtasks": [ { "title": "GlanceImages.create_and_deactivate_image", "description": "Create an image, then deactivate it.", "scenario": { "GlanceImages.create_and_deactivate_image": { "container_format": "bare", "disk_format": "qcow2", "image_location": "/home/opnfv/functest/images/cirros-0.4.0-x86_64-disk.img" } }, "contexts": { "users": { "tenants": 3, "users_per_tenant": 2 } }, "runner": { "constant": { "concurrency": 4, "times": 10 } }, "hooks": [], "sla": { "failure_rate": { "max": 0 } } } ] }
2020-04-26 10:48:08.365 505 RALLYDEBUG rally_openstack.task.contexts.keystone.users [-] Creating 3 tenants using 3 threads
2020-04-26 10:48:08.897 505 RALLYDEBUG rally_openstack.task.contexts.keystone.users [-] Creating 6 users using 6 threads
2020-04-26 10:48:09.892 505 INFO rally.task.context [-] Task ee1cea4c-5a05-47a3-9bcb-93d4fef318b7 | Context users@openstack setup() finished in 1.53 sec
2020-04-26 10:48:09.892 505 INFO rally.task.context [-] Task ee1cea4c-5a05-47a3-9bcb-93d4fef318b7 | Context cleanup@openstack setup() finished in 0.02 msec
2020-04-26 10:48:09.900 505 RALLYDEBUG rally.task.runner [-] Starting the constant runner (task UUID: ee1cea4c-5a05-47a3-9bcb-93d4fef318b7). times: 10 concurrency: 4 timeout: 0 max_cpu_used: 88 processes_to_start: 4 concurrency_per_worker: 1 concurrency_overhead: 0
2020-04-26 10:48:09.908 972 RALLYDEBUG rally.task.runner [-] Starting a worker. times: 10 duration: None concurrency: 1 timeout: 0 cls: method_name: run args: {"container_format": "bare", "disk_format": "qcow2", "image_location": "/home/opnfv/functest/images/cirros-0.4.0-x86_64-disk.img"}
2020-04-26 10:48:09.913 972 INFO rally.task.runner [-] Task ee1cea4c-5a05-47a3-9bcb-93d4fef318b7 | ITER: 1 START
2020-04-26 10:48:09.913 973 RALLYDEBUG rally.task.runner [-] Starting a worker. times: 10 duration: None concurrency: 1 timeout: 0 cls: method_name: run args: {"container_format": "bare", "disk_format": "qcow2", "image_location": "/home/opnfv/functest/images/cirros-0.4.0-x86_64-disk.img"}
2020-04-26 10:48:09.918 973 INFO rally.task.runner [-] Task ee1cea4c-5a05-47a3-9bcb-93d4fef318b7 | ITER: 2 START
2020-04-26 10:48:09.917 976 RALLYDEBUG rally.task.runner [-] Starting a worker. times: 10 duration: None concurrency: 1 timeout: 0 cls: method_name: run args: {"container_format": "bare", "disk_format": "qcow2", "image_location": "/home/opnfv/functest/images/cirros-0.4.0-x86_64-disk.img"}
2020-04-26 10:48:09.918 977 RALLYDEBUG rally.task.runner [-] Starting a worker. times: 10 duration: None concurrency: 1 timeout: 0 cls: method_name: run args: {"container_format": "bare", "disk_format": "qcow2", "image_location": "/home/opnfv/functest/images/cirros-0.4.0-x86_64-disk.img"}
2020-04-26 10:48:09.922 977 INFO rally.task.runner [-] Task ee1cea4c-5a05-47a3-9bcb-93d4fef318b7 | ITER: 4 START
2020-04-26 10:48:09.923 976 INFO rally.task.runner [-] Task ee1cea4c-5a05-47a3-9bcb-93d4fef318b7 | ITER: 3 START
2020-04-26 10:48:12.285 976 RALLYDEBUG rally.task.utils [-] Waiting for resource '65e28797-b431-479e-9c7b-21556178dc22'. Status changed: NONE => QUEUED in 0.03679513931274414
2020-04-26 10:48:12.287 973 RALLYDEBUG rally.task.utils [-] Waiting for resource '6eb1f053-7d71-4012-b546-b0110d602329'. Status changed: NONE => QUEUED in 0.04633736610412598
2020-04-26 10:48:12.292 972 RALLYDEBUG rally.task.utils [-] Waiting for resource '16cfef59-c8aa-4773-85ee-ee97aacb68fe'. Status changed: NONE => QUEUED in 0.036809682846069336
2020-04-26 10:48:12.320 977 RALLYDEBUG rally.task.utils [-] Waiting for resource '005ce1a4-19fd-4241-abc7-4f02c32d7544'. Status changed: NONE => QUEUED in 0.04231524467468262
2020-04-26 10:48:12.874 977 RALLYDEBUG rally.task.utils [-] Waiting for resource s_rally_ff336560_PTcZsrsQ. Status changed: QUEUED => ACTIVE in 0.022103071212768555
2020-04-26 10:48:12.876 976 RALLYDEBUG rally.task.utils [-] Waiting for resource s_rally_ff336560_ca1qafdj. Status changed: QUEUED => ACTIVE in 0.024287700653076172
2020-04-26 10:48:12.881 972 RALLYDEBUG rally.task.utils [-] Waiting for resource s_rally_ff336560_6DP3mdQd. Status changed: QUEUED => ACTIVE in 0.031200170516967773
2020-04-26 10:48:12.888 973 RALLYDEBUG rally.task.utils [-] Waiting for resource s_rally_ff336560_O0nKa64u. Status changed: QUEUED => ACTIVE in 0.028299808502197266
2020-04-26 10:48:12.961 976 INFO rally.task.runner [-] Task ee1cea4c-5a05-47a3-9bcb-93d4fef318b7 | ITER: 3 END: OK
2020-04-26 10:48:12.965 976 INFO rally.task.runner [-] Task ee1cea4c-5a05-47a3-9bcb-93d4fef318b7 | ITER: 5 START
2020-04-26 10:48:12.970 977 INFO rally.task.runner [-] Task ee1cea4c-5a05-47a3-9bcb-93d4fef318b7 | ITER: 4 END: OK
2020-04-26 10:48:12.974 977 INFO rally.task.runner [-] Task ee1cea4c-5a05-47a3-9bcb-93d4fef318b7 | ITER: 6 START
2020-04-26 10:48:12.979 973 INFO rally.task.runner [-] Task ee1cea4c-5a05-47a3-9bcb-93d4fef318b7 | ITER: 2 END: OK
2020-04-26 10:48:12.983 972 INFO rally.task.runner [-] Task ee1cea4c-5a05-47a3-9bcb-93d4fef318b7 | ITER: 1 END: OK
2020-04-26 10:48:12.983 973 INFO rally.task.runner [-] Task ee1cea4c-5a05-47a3-9bcb-93d4fef318b7 | ITER: 7 START
2020-04-26 10:48:12.986 972 INFO rally.task.runner [-] Task ee1cea4c-5a05-47a3-9bcb-93d4fef318b7 | ITER: 8 START
2020-04-26 10:48:15.240 976 RALLYDEBUG rally.task.utils [-] Waiting for resource 'decf259c-28ab-47af-b86a-b0ceb48e6c7e'. Status changed: NONE => QUEUED in 0.04035663604736328
2020-04-26 10:48:15.258 972 RALLYDEBUG rally.task.utils [-] Waiting for resource 'aa04ac05-57fe-4199-8503-1f1e9ef3af6a'. Status changed: NONE => QUEUED in 0.03640627861022949
2020-04-26 10:48:15.273 973 RALLYDEBUG rally.task.utils [-] Waiting for resource '7b1c4ff0-c021-48e0-bcdb-989923701c68'. Status changed: NONE => QUEUED in 0.038895606994628906
2020-04-26 10:48:15.326 977 RALLYDEBUG rally.task.utils [-] Waiting for resource '5e1e6181-0302-41ac-b950-f10e61864c06'. Status changed: NONE => QUEUED in 0.0345151424407959
2020-04-26 10:48:15.884 973 RALLYDEBUG rally.task.utils [-] Waiting for resource s_rally_ff336560_TmKK3mt4. Status changed: QUEUED => ACTIVE in 0.022370100021362305
2020-04-26 10:48:15.885 976 RALLYDEBUG rally.task.utils [-] Waiting for resource s_rally_ff336560_1w9vZaZK. Status changed: QUEUED => ACTIVE in 0.02010178565979004
2020-04-26 10:48:15.887 977 RALLYDEBUG rally.task.utils [-] Waiting for resource s_rally_ff336560_KrV2DavV. Status changed: QUEUED => ACTIVE in 0.02527618408203125
2020-04-26 10:48:15.887 972 RALLYDEBUG rally.task.utils [-] Waiting for resource s_rally_ff336560_zRhh14sl. Status changed: QUEUED => ACTIVE in 0.02673625946044922
2020-04-26 10:48:15.954 977 INFO rally.task.runner [-] Task ee1cea4c-5a05-47a3-9bcb-93d4fef318b7 | ITER: 6 END: OK
2020-04-26 10:48:15.957 977 INFO rally.task.runner [-] Task ee1cea4c-5a05-47a3-9bcb-93d4fef318b7 | ITER: 9 START
2020-04-26 10:48:15.963 973 INFO rally.task.runner [-] Task ee1cea4c-5a05-47a3-9bcb-93d4fef318b7 | ITER: 7 END: OK
2020-04-26 10:48:15.966 973 INFO rally.task.runner [-] Task ee1cea4c-5a05-47a3-9bcb-93d4fef318b7 | ITER: 10 START
2020-04-26 10:48:15.969 972 INFO rally.task.runner [-] Task ee1cea4c-5a05-47a3-9bcb-93d4fef318b7 | ITER: 8 END: OK
2020-04-26 10:48:15.979 976 INFO rally.task.runner [-] Task ee1cea4c-5a05-47a3-9bcb-93d4fef318b7 | ITER: 5 END: OK
2020-04-26 10:48:18.255 973 RALLYDEBUG rally.task.utils [-] Waiting for resource 'cda2e196-5a4a-4b73-8b3c-3f9bec736f18'. Status changed: NONE => QUEUED in 0.040719032287597656
2020-04-26 10:48:18.332 977 RALLYDEBUG rally.task.utils [-] Waiting for resource '40efe278-058e-4277-a2f1-57d974177239'. Status changed: NONE => QUEUED in 0.03645205497741699
2020-04-26 10:48:18.747 973 RALLYDEBUG rally.task.utils [-] Waiting for resource s_rally_ff336560_AJdNs4Ow. Status changed: QUEUED => ACTIVE in 0.022298574447631836
2020-04-26 10:48:18.785 977 RALLYDEBUG rally.task.utils [-] Waiting for resource s_rally_ff336560_RTq3Tomn. Status changed: QUEUED => ACTIVE in 0.022068262100219727
2020-04-26 10:48:18.812 973 INFO rally.task.runner [-] Task ee1cea4c-5a05-47a3-9bcb-93d4fef318b7 | ITER: 10 END: OK
