2020-04-26 11:57:41.676 15675 INFO rally.task.context [-] Task 3d9388a6-3e51-4703-bef1-85eed849b829 | Context api_versions@openstack cleanup() started
2020-04-26 11:57:41.676 15675 INFO rally.task.context [-] Task 3d9388a6-3e51-4703-bef1-85eed849b829 | Context api_versions@openstack cleanup() finished in 0.34 msec
2020-04-26 11:57:41.676 15675 INFO rally.task.context [-] Task 3d9388a6-3e51-4703-bef1-85eed849b829 | Context users@openstack cleanup() started
2020-04-26 11:57:43.620 15675 INFO rally.task.context [-] Task 3d9388a6-3e51-4703-bef1-85eed849b829 | Context users@openstack cleanup() finished in 1.94 sec
2020-04-26 11:57:43.908 15675 INFO rally.task.engine [-] Load duration is: 163.367921
2020-04-26 11:57:43.909 15675 INFO rally.task.engine [-] Full runner duration is: 164.418556
2020-04-26 11:57:43.909 15675 INFO rally.task.engine [-] Full duration is: 172.417556
2020-04-26 11:57:43.993 15675 INFO rally.task.engine [-] Running workload: position = 0 config = { "version": 2, "title": "A cropped version of a bigger task.", "description": "Auto-generated task from a single workload (uuid=7a01c792-c512-438b-8d28-a7d222e25063)", "subtasks": [ { "title": "NovaServers.boot_server_from_volume_and_live_migrate", "description": "Boot a server from volume and then migrate it.", "scenario": { "NovaServers.boot_server_from_volume_and_live_migrate": { "flavor": { "name": "rally_full-flavor_e682400e-6557-47f8-ab35-d73c2fba5a69" }, "image": { "name": "rally_full-img_e682400e-6557-47f8-ab35-d73c2fba5a69" }, "block_migration": false, "volume_size": 1, "force_delete": false, "nics": [ { "net-id": "af47796e-c88f-460d-bbd7-b8d236245e71" } ] } }, "contexts": { "users": { "tenants": 3, "users_per_tenant": 2 }, "api_versions": { "cinder": { "version": 3, "service_type": "volumev3" } } }, "runner": { "constant": { "concurrency": 4, "times": 10 } }, "hooks": [], "sla": { "failure_rate": { "max": 0 } } } ] }
2020-04-26 11:57:44.012 15675 RALLYDEBUG rally_openstack.task.contexts.keystone.users [-] Creating 3 tenants using 3 threads
2020-04-26 11:57:44.420 15675 RALLYDEBUG rally_openstack.task.contexts.keystone.users [-] Creating 6 users using 6 threads
2020-04-26 11:57:45.197 15675 INFO rally.task.context [-] Task 3d9388a6-3e51-4703-bef1-85eed849b829 | Context users@openstack setup() finished in 1.19 sec
2020-04-26 11:57:45.414 15675 INFO rally.task.context [-] Task 3d9388a6-3e51-4703-bef1-85eed849b829 | Context api_versions@openstack setup() finished in 0.22 sec
2020-04-26 11:57:45.414 15675 INFO rally.task.context [-] Task 3d9388a6-3e51-4703-bef1-85eed849b829 | Context cleanup@openstack setup() finished in 0.12 msec
2020-04-26 11:57:45.935 15675 RALLYDEBUG rally.task.runner [-] Starting the constant runner (task UUID: 3d9388a6-3e51-4703-bef1-85eed849b829). times: 10 concurrency: 4 timeout: 0 max_cpu_used: 88 processes_to_start: 4 concurrency_per_worker: 1 concurrency_overhead: 0
2020-04-26 11:57:45.945 17599 RALLYDEBUG rally.task.runner [-] Starting a worker. times: 10 duration: None concurrency: 1 timeout: 0 cls: method_name: run args: {"flavor": "21bf88ac-6eb5-4cce-8ebd-6c60291b5186", "image": "0c6b06b0-cf94-46e1-8894-79d640aac3a3", "block_migration": false, "volume_size": 1, "force_delete": false, "nics": [{"net-id": "af47796e-c88f-460d-bbd7-b8d236245e71"}]}
2020-04-26 11:57:45.948 17600 RALLYDEBUG rally.task.runner [-] Starting a worker. times: 10 duration: None concurrency: 1 timeout: 0 cls: method_name: run args: {"flavor": "21bf88ac-6eb5-4cce-8ebd-6c60291b5186", "image": "0c6b06b0-cf94-46e1-8894-79d640aac3a3", "block_migration": false, "volume_size": 1, "force_delete": false, "nics": [{"net-id": "af47796e-c88f-460d-bbd7-b8d236245e71"}]}
2020-04-26 11:57:45.952 17601 RALLYDEBUG rally.task.runner [-] Starting a worker. times: 10 duration: None concurrency: 1 timeout: 0 cls: method_name: run args: {"flavor": "21bf88ac-6eb5-4cce-8ebd-6c60291b5186", "image": "0c6b06b0-cf94-46e1-8894-79d640aac3a3", "block_migration": false, "volume_size": 1, "force_delete": false, "nics": [{"net-id": "af47796e-c88f-460d-bbd7-b8d236245e71"}]}
2020-04-26 11:57:45.952 17599 INFO rally.task.runner [-] Task 3d9388a6-3e51-4703-bef1-85eed849b829 | ITER: 1 START
2020-04-26 11:57:45.953 17600 INFO rally.task.runner [-] Task 3d9388a6-3e51-4703-bef1-85eed849b829 | ITER: 2 START
2020-04-26 11:57:45.953 17602 RALLYDEBUG rally.task.runner [-] Starting a worker. times: 10 duration: None concurrency: 1 timeout: 0 cls: method_name: run args: {"flavor": "21bf88ac-6eb5-4cce-8ebd-6c60291b5186", "image": "0c6b06b0-cf94-46e1-8894-79d640aac3a3", "block_migration": false, "volume_size": 1, "force_delete": false, "nics": [{"net-id": "af47796e-c88f-460d-bbd7-b8d236245e71"}]}
2020-04-26 11:57:45.957 17601 INFO rally.task.runner [-] Task 3d9388a6-3e51-4703-bef1-85eed849b829 | ITER: 3 START
2020-04-26 11:57:45.959 17602 INFO rally.task.runner [-] Task 3d9388a6-3e51-4703-bef1-85eed849b829 | ITER: 4 START
2020-04-26 11:57:50.906 17600 RALLYDEBUG rally.task.utils [-] Waiting for resource s_rally_7a01c792_JKRtqQwq. Status changed: DOWNLOADING => AVAILABLE in 2.216071367263794
2020-04-26 11:57:50.972 17599 RALLYDEBUG rally.task.utils [-] Waiting for resource s_rally_7a01c792_ppgtcJRp. Status changed: DOWNLOADING => AVAILABLE in 2.241948366165161
2020-04-26 11:57:51.122 17602 RALLYDEBUG rally.task.utils [-] Waiting for resource s_rally_7a01c792_7nfJIgih. Status changed: DOWNLOADING => AVAILABLE in 2.391641616821289
2020-04-26 11:57:53.034 17601 RALLYDEBUG rally.task.utils [-] Waiting for resource s_rally_7a01c792_C1aNIER6. Status changed: DOWNLOADING => AVAILABLE in 4.291616201400757
2020-04-26 11:57:59.803 17599 RALLYDEBUG rally.task.utils [-] Waiting for resource s_rally_7a01c792_NKWxFd4Y. Status changed: BUILD => ACTIVE in 6.862569332122803
2020-04-26 11:58:01.834 17599 RALLYDEBUG rally.task.utils [-] Waiting for resource s_rally_7a01c792_NKWxFd4Y. Status changed: ACTIVE => MIGRATING in 0.19884800910949707
2020-04-26 11:58:03.817 17602 RALLYDEBUG rally.task.utils [-] Waiting for resource s_rally_7a01c792_0wX88cVR. Status changed: BUILD => ACTIVE in 10.570656776428223
2020-04-26 11:58:04.199 17600 RALLYDEBUG rally.task.utils [-] Waiting for resource s_rally_7a01c792_lStKszPG. Status changed: BUILD => ACTIVE in 11.337554216384888
2020-04-26 11:58:05.861 17602 RALLYDEBUG rally.task.utils [-] Waiting for resource s_rally_7a01c792_0wX88cVR. Status changed: ACTIVE => MIGRATING in 0.2109367847442627
2020-04-26 11:58:06.074 17601 RALLYDEBUG rally.task.utils [-] Waiting for resource s_rally_7a01c792_X5kUGLwa. Status changed: BUILD => ACTIVE in 9.781113624572754
2020-04-26 11:58:06.318 17600 RALLYDEBUG rally.task.utils [-] Waiting for resource s_rally_7a01c792_lStKszPG. Status changed: ACTIVE => MIGRATING in 0.20354509353637695
2020-04-26 11:58:09.484 17601 RALLYDEBUG rally.task.utils [-] Waiting for resource s_rally_7a01c792_X5kUGLwa. Status changed: ACTIVE => MIGRATING in 0.22769999504089355
2020-04-26 11:58:13.198 17599 RALLYDEBUG rally.task.utils [-] Waiting for resource s_rally_7a01c792_NKWxFd4Y. Status changed: MIGRATING => ACTIVE in 11.363843202590942
2020-04-26 11:58:15.893 17599 INFO rally.task.runner [-] Task 3d9388a6-3e51-4703-bef1-85eed849b829 | ITER: 1 END: OK
2020-04-26 11:58:15.900 17599 INFO rally.task.runner [-] Task 3d9388a6-3e51-4703-bef1-85eed849b829 | ITER: 5 START
2020-04-26 11:58:20.743 17599 RALLYDEBUG rally.task.utils [-] Waiting for resource s_rally_7a01c792_nlmQYPc7. Status changed: DOWNLOADING => AVAILABLE in 2.257172107696533
2020-04-26 11:58:29.260 17602 RALLYDEBUG rally.task.utils [-] Waiting for resource s_rally_7a01c792_0wX88cVR. Status changed: MIGRATING => ACTIVE in 23.398393630981445
2020-04-26 11:58:30.741 17599 RALLYDEBUG rally.task.utils [-] Waiting for resource s_rally_7a01c792_yQrDX2cJ. Status changed: BUILD => ACTIVE in 6.851947546005249
2020-04-26 11:58:31.936 17602 INFO rally.task.runner [-] Task 3d9388a6-3e51-4703-bef1-85eed849b829 | ITER: 4 END: OK
2020-04-26 11:58:31.942 17602 INFO rally.task.runner [-] Task 3d9388a6-3e51-4703-bef1-85eed849b829 | ITER: 6 START
2020-04-26 11:58:32.755 17599 RALLYDEBUG rally.task.utils [-] Waiting for resource s_rally_7a01c792_yQrDX2cJ. Status changed: ACTIVE => MIGRATING in 0.2643880844116211
2020-04-26 11:58:38.827 17602 RALLYDEBUG rally.task.utils [-] Waiting for resource s_rally_7a01c792_n7PQy2Sb. Status changed: DOWNLOADING => AVAILABLE in 4.317288875579834
2020-04-26 11:58:38.850 17601 RALLYDEBUG rally.task.utils [-] Waiting for resource s_rally_7a01c792_X5kUGLwa. Status changed: MIGRATING => ACTIVE in 29.36589479446411
2020-04-26 11:58:42.739 17601 INFO rally.task.runner [-] Task 3d9388a6-3e51-4703-bef1-85eed849b829 | ITER: 3 END: OK
2020-04-26 11:58:42.743 17601 INFO rally.task.runner [-] Task 3d9388a6-3e51-4703-bef1-85eed849b829 | ITER: 7 START
2020-04-26 11:58:44.251 17600 RALLYDEBUG rally.task.utils [-] Waiting for resource s_rally_7a01c792_lStKszPG. Status changed: MIGRATING => ACTIVE in 37.9327597618103
2020-04-26 11:58:46.898 17600 INFO rally.task.runner [-] Task 3d9388a6-3e51-4703-bef1-85eed849b829 | ITER: 2 END: OK
2020-04-26 11:58:46.902 17600 INFO rally.task.runner [-] Task 3d9388a6-3e51-4703-bef1-85eed849b829 | ITER: 8 START
2020-04-26 11:58:47.615 17602 RALLYDEBUG rally.task.utils [-] Waiting for resource s_rally_7a01c792_63GeiJuk. Status changed: BUILD => ACTIVE in 6.773449897766113
2020-04-26 11:58:47.713 17601 RALLYDEBUG rally.task.utils [-] Waiting for resource s_rally_7a01c792_NfzdMi22. Status changed: DOWNLOADING => AVAILABLE in 2.2136693000793457
2020-04-26 11:58:49.682 17602 RALLYDEBUG rally.task.utils [-] Waiting for resource s_rally_7a01c792_63GeiJuk. Status changed: ACTIVE => MIGRATING in 0.20268845558166504
2020-04-26 11:58:51.688 17600 RALLYDEBUG rally.task.utils [-] Waiting for resource s_rally_7a01c792_FHN2ZVly. Status changed: DOWNLOADING => AVAILABLE in 2.217371702194214
2020-04-26 11:58:57.410 17599 RALLYDEBUG rally.task.utils [-] Waiting for resource s_rally_7a01c792_yQrDX2cJ. Status changed: MIGRATING => ACTIVE in 24.655417919158936
2020-04-26 11:58:58.880 17601 RALLYDEBUG rally.task.utils [-] Waiting for resource s_rally_7a01c792_hHSJxBK1. Status changed: BUILD => ACTIVE in 9.164947986602783
2020-04-26 11:59:00.856 17602 RALLYDEBUG rally.task.utils [-] Waiting for resource s_rally_7a01c792_63GeiJuk. Status changed: MIGRATING => ACTIVE in 11.174718379974365
2020-04-26 11:59:00.920 17601 RALLYDEBUG rally.task.utils [-] Waiting for resource s_rally_7a01c792_hHSJxBK1. Status changed: ACTIVE => MIGRATING in 0.21640753746032715
2020-04-26 11:59:02.300 17599 INFO rally.task.runner [-] Task 3d9388a6-3e51-4703-bef1-85eed849b829 | ITER: 5 END: OK
2020-04-26 11:59:02.304 17599 INFO rally.task.runner [-] Task 3d9388a6-3e51-4703-bef1-85eed849b829 | ITER: 9 START
2020-04-26 11:59:05.167 17600 RALLYDEBUG rally.task.utils [-] Waiting for resource s_rally_7a01c792_fFLR4a9U. Status changed: BUILD => ACTIVE in 11.404324769973755
2020-04-26 11:59:05.648 17602 INFO rally.task.runner [-] Task 3d9388a6-3e51-4703-bef1-85eed849b829 | ITER: 6 END: OK
2020-04-26 11:59:05.653 17602 INFO rally.task.runner [-] Task 3d9388a6-3e51-4703-bef1-85eed849b829 | ITER: 10 START
2020-04-26 11:59:07.077 17600 RALLYDEBUG rally.task.utils [-] Waiting for resource s_rally_7a01c792_fFLR4a9U. Status changed: ACTIVE => MIGRATING in 0.24360156059265137
2020-04-26 11:59:07.217 17599 RALLYDEBUG rally.task.utils [-] Waiting for resource s_rally_7a01c792_t2btavOp. Status changed: DOWNLOADING => AVAILABLE in 2.2141873836517334
2020-04-26 11:59:10.432 17602 RALLYDEBUG rally.task.utils [-] Waiting for resource s_rally_7a01c792_CI0xDPrq. Status changed: DOWNLOADING => AVAILABLE in 2.2271230220794678
2020-04-26 11:59:16.618 17601 RALLYDEBUG rally.task.utils [-] Waiting for resource s_rally_7a01c792_hHSJxBK1. Status changed: MIGRATING => ACTIVE in 15.697885751724243
2020-04-26 11:59:19.345 17601 INFO rally.task.runner [-] Task 3d9388a6-3e51-4703-bef1-85eed849b829 | ITER: 7 END: OK
2020-04-26 11:59:20.562 17599 RALLYDEBUG rally.task.utils [-] Waiting for resource s_rally_7a01c792_2kJwF4i0. Status changed: BUILD => ACTIVE in 11.240265607833862
2020-04-26 11:59:20.701 17602 RALLYDEBUG rally.task.utils [-] Waiting for resource s_rally_7a01c792_dUZwnKDx. Status changed: BUILD => ACTIVE in 6.901840686798096
2020-04-26 11:59:22.521 17599 RALLYDEBUG rally.task.utils [-] Waiting for resource s_rally_7a01c792_2kJwF4i0. Status changed: ACTIVE => MIGRATING in 0.27148938179016113
2020-04-26 11:59:23.021 17602 RALLYDEBUG rally.task.utils [-] Waiting for resource s_rally_7a01c792_dUZwnKDx. Status changed: ACTIVE => MIGRATING in 0.29604363441467285
2020-04-26 11:59:35.645 17600 RALLYDEBUG rally.task.utils [-] Waiting for resource s_rally_7a01c792_fFLR4a9U. Status changed: MIGRATING => ACTIVE in 28.56782817840576
2020-04-26 11:59:38.656 17602 RALLYDEBUG rally.task.utils [-] Waiting for resource s_rally_7a01c792_dUZwnKDx. Status changed: MIGRATING => ACTIVE in 15.635184049606323
2020-04-26 11:59:39.649 17600 INFO rally.task.runner [-] Task 3d9388a6-3e51-4703-bef1-85eed849b829 | ITER: 8 END: OK
2020-04-26 11:59:41.294 17602 INFO rally.task.runner [-] Task 3d9388a6-3e51-4703-bef1-85eed849b829 | ITER: 10 END: OK
2020-04-26 11:59:48.360 17599 RALLYDEBUG rally.task.utils [-] Waiting for resource s_rally_7a01c792_2kJwF4i0. Status changed: MIGRATING => ACTIVE in 25.83837389945984
2020-04-26 11:59:50.989 17599 INFO rally.task.runner [-] Task 3d9388a6-3e51-4703-bef1-85eed849b829 | ITER: 9 END: OK
2020-04-26 11:59:51.016 15675 INFO rally.task.context [-] Task 3d9388a6-3e51-4703-bef1-85eed849b829 | Context cleanup@openstack cleanup() started
2020-04-26 11:59:51.023 15675 RALLYDEBUG rally_openstack.task.cleanup.manager [-] Cleaning up nova servers objects
2020-04-26 11:59:51.725 15675 RALLYDEBUG rally_openstack.task.cleanup.manager [-] Cleaning up nova server_groups objects
2020-04-26 11:59:52.174 15675 RALLYDEBUG rally_openstack.task.cleanup.manager [-] Cleaning up nova keypairs objects
2020-04-26 11:59:53.150 15675 RALLYDEBUG rally_openstack.task.cleanup.manager [-] Cleaning up cinder backups objects
2020-04-26 11:59:53.585 15675 RALLYDEBUG rally_openstack.task.cleanup.manager [-] Cleaning up cinder volume_snapshots objects
2020-04-26 11:59:54.029 15675 RALLYDEBUG rally_openstack.task.cleanup.manager [-] Cleaning up cinder transfers objects
2020-04-26 11:59:54.434 15675 RALLYDEBUG rally_openstack.task.cleanup.manager [-] Cleaning up cinder volumes objects
2020-04-26 11:59:55.007 15675 RALLYDEBUG rally_openstack.task.cleanup.manager [-] Deleting cinder.volumes object s_rally_7a01c792_CI0xDPrq (1a152be5-e51b-477a-8ed4-f563be9896cd)
2020-04-26 11:59:55.011 15675 RALLYDEBUG rally_openstack.task.cleanup.manager [-] Deleting cinder.volumes object s_rally_7a01c792_t2btavOp (ca380823-65a1-4ffc-b2df-5bbdf3e9ec42)
2020-04-26 11:59:55.018 15675 RALLYDEBUG rally_openstack.task.cleanup.manager [-] Deleting cinder.volumes object s_rally_7a01c792_7nfJIgih (d8cdaea9-9bab-4817-81b7-9e9e9f186b1f)
2020-04-26 11:59:55.029 15675 RALLYDEBUG rally_openstack.task.cleanup.manager [-] Deleting cinder.volumes object s_rally_7a01c792_n7PQy2Sb (8c500804-c540-4be0-93fd-b6acd7625c3f)
2020-04-26 11:59:55.037 15675 RALLYDEBUG rally_openstack.task.cleanup.manager [-] Deleting cinder.volumes object s_rally_7a01c792_nlmQYPc7 (13bcf692-15a3-40a9-ac0a-358bd24be11f)
2020-04-26 11:59:55.047 15675 RALLYDEBUG rally_openstack.task.cleanup.manager [-] Deleting cinder.volumes object s_rally_7a01c792_JKRtqQwq (7c98460e-dfff-4c9e-8a57-2573495e0d60)
2020-04-26 11:59:55.059 15675 RALLYDEBUG rally_openstack.task.cleanup.manager [-] Deleting cinder.volumes object s_rally_7a01c792_FHN2ZVly (b0482d94-5af4-4a7d-94f5-bc10b23381af)
2020-04-26 11:59:55.070 15675 RALLYDEBUG rally_openstack.task.cleanup.manager [-] Deleting cinder.volumes object s_rally_7a01c792_NfzdMi22 (748a95ef-1a71-49b7-9c7b-d588a17a64d6)
2020-04-26 11:59:55.080 15675 RALLYDEBUG rally_openstack.task.cleanup.manager [-] Deleting cinder.volumes object s_rally_7a01c792_ppgtcJRp (d64be750-12ef-4540-b2f6-2dbed1f0f05c)
2020-04-26 11:59:55.097 15675 RALLYDEBUG rally_openstack.task.cleanup.manager [-] Deleting cinder.volumes object s_rally_7a01c792_C1aNIER6 (acb97eaa-0c64-43cd-918d-c07adb13c019)
2020-04-26 11:59:57.524 15675 INFO rally.task.context [-] Task 3d9388a6-3e51-4703-bef1-85eed849b829 | Context cleanup@openstack cleanup() finished in 6.51 sec
2020-04-26 11:59:57.525 15675 INFO rally.task.context [-] Task 3d9388a6-3e51-4703-bef1-85eed849b829 | Context api_versions@openstack cleanup() started
2020-04-26 11:59:57.526 15675 INFO rally.task.context [-] Task 3d9388a6-3e51-4703-bef1-85eed849b829 | Context api_versions@openstack cleanup() finished in 0.37 msec
2020-04-26 11:59:57.526 15675 INFO rally.task.context [-] Task 3d9388a6-3e51-4703-bef1-85eed849b829 | Context users@openstack cleanup() started
2020-04-26 11:59:59.395 15675 INFO rally.task.context [-] Task 3d9388a6-3e51-4703-bef1-85eed849b829 | Context users@openstack cleanup() finished in 1.87 sec
2020-04-26 12:00:00.564 15675 INFO rally.task.engine [-] Load duration is: 124.033303
2020-04-26 12:00:00.565 15675 INFO rally.task.engine [-] Full runner duration is: 125.081698
2020-04-26 12:00:00.565 15675 INFO rally.task.engine [-] Full duration is: 135.384594
2020-04-26 12:00:00.672 15675 INFO rally.task.engine [-] Running workload: position = 0 config = { "version": 2, "title": "A cropped version of a bigger task.", "description": "Auto-generated task from a single workload (uuid=975347e2-56c7-46dc-942d-5b6457952a40)", "subtasks": [ { "title": "NovaKeypair.boot_and_delete_server_with_keypair", "description": "Boot and delete server with keypair.", "scenario": { "NovaKeypair.boot_and_delete_server_with_keypair": { "flavor": { "name": "rally_full-flavor_e682400e-6557-47f8-ab35-d73c2fba5a69" }, "image": { "name": "rally_full-img_e682400e-6557-47f8-ab35-d73c2fba5a69" }, "boot_server_kwargs": { "nics": [ { "net-id": "af47796e-c88f-460d-bbd7-b8d236245e71" } ] } } }, "contexts": { "users": { "tenants": 3, "users_per_tenant": 2 }, "network": { "networks_per_tenant": 1, "start_cidr": "100.1.0.0/25" }, "quotas": { "neutron": { "network": -1, "port": -1, "subnet": -1 }, "nova": { "cores": -1, "floating_ips": -1, "instances": -1, "key_pairs": -1, "ram": -1, "security_group_rules": -1, "security_groups": -1 } } }, "runner": { "constant": { "concurrency": 4, "times": 10 } }, "hooks": [], "sla": { "failure_rate": { "max": 0 } } } ] }
2020-04-26 12:00:00.688 15675 RALLYDEBUG rally_openstack.task.contexts.keystone.users [-] Creating 3 tenants using 3 threads
2020-04-26 12:00:01.099 15675 RALLYDEBUG rally_openstack.task.contexts.keystone.users [-] Creating 6 users using 6 threads
2020-04-26 12:00:01.884 15675 INFO rally.task.context [-] Task 3d9388a6-3e51-4703-bef1-85eed849b829 | Context users@openstack setup() finished in 1.20 sec
2020-04-26 12:00:03.067 15675 INFO rally.task.context [-] Task 3d9388a6-3e51-4703-bef1-85eed849b829 | Context quotas@openstack setup() finished in 1.18 sec
2020-04-26 12:00:04.910 15675 RALLYDEBUG rally_openstack.common.wrappers.network [-] CIDR generated: 100.1.9.0/25
2020-04-26 12:00:10.153 15675 RALLYDEBUG rally_openstack.common.wrappers.network [-] CIDR generated: 100.1.9.128/25
2020-04-26 12:00:15.255 15675 RALLYDEBUG rally_openstack.common.wrappers.network [-] CIDR generated: 100.1.10.0/25
2020-04-26 12:00:17.828 15675 INFO rally.task.context [-] Task 3d9388a6-3e51-4703-bef1-85eed849b829 | Context network@openstack setup() finished in 14.76 sec
2020-04-26 12:00:17.828 15675 INFO rally.task.context [-] Task 3d9388a6-3e51-4703-bef1-85eed849b829 | Context cleanup@openstack setup() finished in 0.02 msec
2020-04-26 12:00:18.282 15675 RALLYDEBUG rally.task.runner [-] Starting the constant runner (task UUID: 3d9388a6-3e51-4703-bef1-85eed849b829). times: 10 concurrency: 4 timeout: 0 max_cpu_used: 88 processes_to_start: 4 concurrency_per_worker: 1 concurrency_overhead: 0
2020-04-26 12:00:18.294 17812 RALLYDEBUG rally.task.runner [-] Starting a worker. times: 10 duration: None concurrency: 1 timeout: 0 cls: method_name: run args: {"flavor": "21bf88ac-6eb5-4cce-8ebd-6c60291b5186", "image": "0c6b06b0-cf94-46e1-8894-79d640aac3a3", "boot_server_kwargs": {"nics": [{"net-id": "af47796e-c88f-460d-bbd7-b8d236245e71"}]}}
2020-04-26 12:00:18.298 17813 RALLYDEBUG rally.task.runner [-] Starting a worker. times: 10 duration: None concurrency: 1 timeout: 0 cls: method_name: run args: {"flavor": "21bf88ac-6eb5-4cce-8ebd-6c60291b5186", "image": "0c6b06b0-cf94-46e1-8894-79d640aac3a3", "boot_server_kwargs": {"nics": [{"net-id": "af47796e-c88f-460d-bbd7-b8d236245e71"}]}}
2020-04-26 12:00:18.300 17812 INFO rally.task.runner [-] Task 3d9388a6-3e51-4703-bef1-85eed849b829 | ITER: 1 START
2020-04-26 12:00:18.300 17814 RALLYDEBUG rally.task.runner [-] Starting a worker. times: 10 duration: None concurrency: 1 timeout: 0 cls: method_name: run args: {"flavor": "21bf88ac-6eb5-4cce-8ebd-6c60291b5186", "image": "0c6b06b0-cf94-46e1-8894-79d640aac3a3", "boot_server_kwargs": {"nics": [{"net-id": "af47796e-c88f-460d-bbd7-b8d236245e71"}]}}
2020-04-26 12:00:18.305 17813 INFO rally.task.runner [-] Task 3d9388a6-3e51-4703-bef1-85eed849b829 | ITER: 2 START
2020-04-26 12:00:18.304 17817 RALLYDEBUG rally.task.runner [-] Starting a worker. times: 10 duration: None concurrency: 1 timeout: 0 cls: method_name: run args: {"flavor": "21bf88ac-6eb5-4cce-8ebd-6c60291b5186", "image": "0c6b06b0-cf94-46e1-8894-79d640aac3a3", "boot_server_kwargs": {"nics": [{"net-id": "af47796e-c88f-460d-bbd7-b8d236245e71"}]}}
2020-04-26 12:00:18.305 17814 INFO rally.task.runner [-] Task 3d9388a6-3e51-4703-bef1-85eed849b829 | ITER: 3 START
2020-04-26 12:00:18.311 17817 INFO rally.task.runner [-] Task 3d9388a6-3e51-4703-bef1-85eed849b829 | ITER: 4 START
2020-04-26 12:00:30.053 17813 RALLYDEBUG rally.task.utils [-] Waiting for resource s_rally_975347e2_CNha2ytb. Status changed: BUILD => ACTIVE in 9.312117338180542
2020-04-26 12:00:32.135 17814 RALLYDEBUG rally.task.utils [-] Waiting for resource s_rally_975347e2_QzLRTsJO. Status changed: BUILD => ACTIVE in 11.230253219604492
2020-04-26 12:00:32.394 17817 RALLYDEBUG rally.task.utils [-] Waiting for resource s_rally_975347e2_MfuQ47EF. Status changed: BUILD => ACTIVE in 11.921206712722778
2020-04-26 12:00:32.643 17813 INFO rally.task.runner [-] Task 3d9388a6-3e51-4703-bef1-85eed849b829 | ITER: 2 END: OK
2020-04-26 12:00:32.647 17813 INFO rally.task.runner [-] Task 3d9388a6-3e51-4703-bef1-85eed849b829 | ITER: 5 START
2020-04-26 12:00:36.195 17812 RALLYDEBUG rally.task.utils [-] Waiting for resource s_rally_975347e2_tY6DjWkK. Status changed: BUILD => ACTIVE in 15.805822849273682
2020-04-26 12:00:36.963 17814 INFO rally.task.runner [-] Task 3d9388a6-3e51-4703-bef1-85eed849b829 | ITER: 3 END: OK
2020-04-26 12:00:36.967 17814 INFO rally.task.runner [-] Task 3d9388a6-3e51-4703-bef1-85eed849b829 | ITER: 6 START
2020-04-26 12:00:38.622 17817 INFO rally.task.runner [-] Task 3d9388a6-3e51-4703-bef1-85eed849b829 | ITER: 4 END: OK
2020-04-26 12:00:38.626 17817 INFO rally.task.runner [-] Task 3d9388a6-3e51-4703-bef1-85eed849b829 | ITER: 7 START
2020-04-26 12:00:38.741 17812 INFO rally.task.runner [-] Task 3d9388a6-3e51-4703-bef1-85eed849b829 | ITER: 1 END: OK
2020-04-26 12:00:38.746 17812 INFO rally.task.runner [-] Task 3d9388a6-3e51-4703-bef1-85eed849b829 | ITER: 8 START
2020-04-26 12:00:44.143 17813 RALLYDEBUG rally.task.utils [-] Waiting for resource s_rally_975347e2_ZBTAU0Yz. Status changed: BUILD => ACTIVE in 9.359078407287598
2020-04-26 12:00:46.763 17813 INFO rally.task.runner [-] Task 3d9388a6-3e51-4703-bef1-85eed849b829 | ITER: 5 END: OK
2020-04-26 12:00:46.768 17813 INFO rally.task.runner [-] Task 3d9388a6-3e51-4703-bef1-85eed849b829 | ITER: 9 START
2020-04-26 12:00:52.435 17814 RALLYDEBUG rally.task.utils [-] Waiting for resource s_rally_975347e2_AX24tr4a. Status changed: BUILD => ACTIVE in 11.639921426773071
2020-04-26 12:00:52.452 17812 RALLYDEBUG rally.task.utils [-] Waiting for resource s_rally_975347e2_Bkphuijr. Status changed: BUILD => ACTIVE in 11.346128225326538
2020-04-26 12:00:53.905 17817 RALLYDEBUG rally.task.utils [-] Waiting for resource s_rally_975347e2_Exw8SeFY. Status changed: BUILD => ACTIVE in 11.506176710128784
2020-04-26 12:00:55.021 17812 INFO rally.task.runner [-] Task 3d9388a6-3e51-4703-bef1-85eed849b829 | ITER: 8 END: OK
2020-04-26 12:00:55.024 17812 INFO rally.task.runner [-] Task 3d9388a6-3e51-4703-bef1-85eed849b829 | ITER: 10 START
2020-04-26 12:00:55.029 17814 INFO rally.task.runner [-] Task 3d9388a6-3e51-4703-bef1-85eed849b829 | ITER: 6 END: OK
2020-04-26 12:00:56.526 17817 INFO rally.task.runner [-] Task 3d9388a6-3e51-4703-bef1-85eed849b829 | ITER: 7 END: OK
2020-04-26 12:00:58.233 17813 RALLYDEBUG rally.task.utils [-] Waiting for resource s_rally_975347e2_Nxig6b97. Status changed: BUILD => ACTIVE in 9.16728138923645
2020-04-26 12:01:00.709 17813 INFO rally.task.runner [-] Task 3d9388a6-3e51-4703-bef1-85eed849b829 | ITER: 9 END: OK
2020-04-26 12:01:04.035 17812 RALLYDEBUG rally.task.utils [-] Waiting for resource s_rally_975347e2_bNGjvwqf. Status changed: BUILD => ACTIVE in 6.855726480484009
2020-04-26 12:01:08.928 17812 INFO rally.task.runner [-] Task 3d9388a6-3e51-4703-bef1-85eed849b829 | ITER: 10 END: OK
2020-04-26 12:01:08.950 15675 INFO rally.task.context [-] Task 3d9388a6-3e51-4703-bef1-85eed849b829 | Context cleanup@openstack cleanup() started
2020-04-26 12:01:08.955 15675 RALLYDEBUG rally_openstack.task.cleanup.manager [-] Cleaning up nova servers objects
2020-04-26 12:01:09.756 15675 RALLYDEBUG rally_openstack.task.cleanup.manager [-] Cleaning up nova server_groups objects
2020-04-26 12:01:10.168 15675 RALLYDEBUG rally_openstack.task.cleanup.manager [-] Cleaning up nova keypairs objects
2020-04-26 12:01:11.039 15675 INFO rally.task.context [-] Task 3d9388a6-3e51-4703-bef1-85eed849b829 | Context cleanup@openstack cleanup() finished in 2.09 sec
2020-04-26 12:01:11.040 15675 INFO rally.task.context [-] Task 3d9388a6-3e51-4703-bef1-85eed849b829 | Context network@openstack cleanup() started
2020-04-26 12:01:30.709 15675 INFO rally.task.context [-] Task 3d9388a6-3e51-4703-bef1-85eed849b829 | Context network@openstack cleanup() finished in 19.67 sec
2020-04-26 12:01:30.710 15675 INFO rally.task.context [-] Task 3d9388a6-3e51-4703-bef1-85eed849b829 | Context quotas@openstack cleanup() started
2020-04-26 12:01:30.817 15675 INFO rally.task.context [-] Task 3d9388a6-3e51-4703-bef1-85eed849b829 | Context quotas@openstack cleanup() finished in 0.11 sec
2020-04-26 12:01:30.818 15675 INFO rally.task.context [-] Task 3d9388a6-3e51-4703-bef1-85eed849b829 | Context users@openstack cleanup() started
2020-04-26 12:01:32.943 15675 INFO rally.task.context [-] Task 3d9388a6-3e51-4703-bef1-85eed849b829 | Context users@openstack cleanup() finished in 2.12 sec
2020-04-26 12:01:33.072 15675 INFO rally.task.engine [-] Load duration is: 49.625725
2020-04-26 12:01:33.072 15675 INFO rally.task.engine [-] Full runner duration is: 50.667362
2020-04-26 12:01:33.073 15675 INFO rally.task.engine [-] Full duration is: 92.25611
2020-04-26 12:01:33.159 15675 INFO rally.task.engine [-] Running workload: position = 0 config = { "version": 2, "title": "A cropped version of a bigger task.", "description": "Auto-generated task from a single workload (uuid=ccec4633-99e6-401e-af64-348909f200c0)", "subtasks": [ { "title": "NovaServers.boot_server_from_volume_and_delete", "description": "Boot a server from volume and then delete it.", "scenario": { "NovaServers.boot_server_from_volume_and_delete": { "flavor": { "name": "rally_full-flavor_e682400e-6557-47f8-ab35-d73c2fba5a69" }, "image": { "name": "rally_full-img_e682400e-6557-47f8-ab35-d73c2fba5a69" }, "volume_size": 1, "nics": [ { "net-id": "af47796e-c88f-460d-bbd7-b8d236245e71" } ] } }, "contexts": { "users": { "tenants": 3, "users_per_tenant": 2 }, "network": { "networks_per_tenant": 1, "start_cidr": "100.1.0.0/25" }, "quotas": { "cinder": { "gigabytes": -1, "snapshots": -1, "volumes": -1 }, "neutron": { "network": -1, "port": -1, "subnet": -1 }, "nova": { "cores": -1, "floating_ips": -1, "instances": -1, "ram": -1, "security_group_rules": -1, "security_groups": -1 } }, "api_versions": { "cinder": { "version": 3, "service_type": "volumev3" } } }, "runner": { "constant": { "concurrency": 4, "times": 10 } }, "hooks": [], "sla": { "failure_rate": { "max": 0 } } } ] }
2020-04-26 12:01:33.174 15675 RALLYDEBUG rally_openstack.task.contexts.keystone.users [-] Creating 3 tenants using 3 threads
2020-04-26 12:01:33.589 15675 RALLYDEBUG rally_openstack.task.contexts.keystone.users [-] Creating 6 users using 6 threads
2020-04-26 12:01:34.331 15675 INFO rally.task.context [-] Task 3d9388a6-3e51-4703-bef1-85eed849b829 | Context users@openstack setup() finished in 1.16 sec
2020-04-26 12:01:34.456 15675 INFO rally.task.context [-] Task 3d9388a6-3e51-4703-bef1-85eed849b829 | Context api_versions@openstack setup() finished in 0.12 sec
2020-04-26 12:01:36.154 15675 INFO rally.task.context [-] Task 3d9388a6-3e51-4703-bef1-85eed849b829 | Context quotas@openstack setup() finished in 1.70 sec
2020-04-26 12:01:39.401 15675 RALLYDEBUG rally_openstack.common.wrappers.network [-] CIDR generated: 100.1.10.128/25
2020-04-26 12:01:43.308 15675 RALLYDEBUG rally_openstack.common.wrappers.network [-] CIDR generated: 100.1.11.0/25
2020-04-26 12:01:48.591 15675 RALLYDEBUG rally_openstack.common.wrappers.network [-] CIDR generated: 100.1.11.128/25
2020-04-26 12:01:50.980 15675 INFO rally.task.context [-] Task 3d9388a6-3e51-4703-bef1-85eed849b829 | Context network@openstack setup() finished in 14.82 sec
2020-04-26 12:01:50.980 15675 INFO rally.task.context [-] Task 3d9388a6-3e51-4703-bef1-85eed849b829 | Context cleanup@openstack setup() finished in 0.00 msec
2020-04-26 12:01:51.361 15675 RALLYDEBUG rally.task.runner [-] Starting the constant runner (task UUID: 3d9388a6-3e51-4703-bef1-85eed849b829). times: 10 concurrency: 4 timeout: 0 max_cpu_used: 88 processes_to_start: 4 concurrency_per_worker: 1 concurrency_overhead: 0
2020-04-26 12:01:51.369 17945 RALLYDEBUG rally.task.runner [-] Starting a worker. times: 10 duration: None concurrency: 1 timeout: 0 cls: method_name: run args: {"flavor": "21bf88ac-6eb5-4cce-8ebd-6c60291b5186", "image": "0c6b06b0-cf94-46e1-8894-79d640aac3a3", "volume_size": 1, "nics": [{"net-id": "af47796e-c88f-460d-bbd7-b8d236245e71"}]}
2020-04-26 12:01:51.372 17946 RALLYDEBUG rally.task.runner [-] Starting a worker. times: 10 duration: None concurrency: 1 timeout: 0 cls: method_name: run args: {"flavor": "21bf88ac-6eb5-4cce-8ebd-6c60291b5186", "image": "0c6b06b0-cf94-46e1-8894-79d640aac3a3", "volume_size": 1, "nics": [{"net-id": "af47796e-c88f-460d-bbd7-b8d236245e71"}]}
2020-04-26 12:01:51.373 17947 RALLYDEBUG rally.task.runner [-] Starting a worker. times: 10 duration: None concurrency: 1 timeout: 0 cls: method_name: run args: {"flavor": "21bf88ac-6eb5-4cce-8ebd-6c60291b5186", "image": "0c6b06b0-cf94-46e1-8894-79d640aac3a3", "volume_size": 1, "nics": [{"net-id": "af47796e-c88f-460d-bbd7-b8d236245e71"}]}
2020-04-26 12:01:51.377 17945 INFO rally.task.runner [-] Task 3d9388a6-3e51-4703-bef1-85eed849b829 | ITER: 1 START
2020-04-26 12:01:51.378 17948 RALLYDEBUG rally.task.runner [-] Starting a worker. times: 10 duration: None concurrency: 1 timeout: 0 cls: method_name: run args: {"flavor": "21bf88ac-6eb5-4cce-8ebd-6c60291b5186", "image": "0c6b06b0-cf94-46e1-8894-79d640aac3a3", "volume_size": 1, "nics": [{"net-id": "af47796e-c88f-460d-bbd7-b8d236245e71"}]}
2020-04-26 12:01:51.379 17947 INFO rally.task.runner [-] Task 3d9388a6-3e51-4703-bef1-85eed849b829 | ITER: 3 START
2020-04-26 12:01:51.380 17946 INFO rally.task.runner [-] Task 3d9388a6-3e51-4703-bef1-85eed849b829 | ITER: 2 START
2020-04-26 12:01:51.384 17948 INFO rally.task.runner [-] Task 3d9388a6-3e51-4703-bef1-85eed849b829 | ITER: 4 START
2020-04-26 12:01:56.256 17945 RALLYDEBUG rally.task.utils [-] Waiting for resource s_rally_ccec4633_BKkbQYYh. Status changed: DOWNLOADING => AVAILABLE in 2.2205915451049805
2020-04-26 12:01:56.329 17946 RALLYDEBUG rally.task.utils [-] Waiting for resource s_rally_ccec4633_YAyI725A. Status changed: DOWNLOADING => AVAILABLE in 2.2262706756591797
2020-04-26 12:01:56.338 17948 RALLYDEBUG rally.task.utils [-] Waiting for resource s_rally_ccec4633_2pLP1CDI. Status changed: DOWNLOADING => AVAILABLE in 2.2141506671905518
2020-04-26 12:01:57.283 17947 RALLYDEBUG rally.task.utils [-] Waiting for resource s_rally_ccec4633_vbNXzhD6. Status changed: DOWNLOADING => AVAILABLE in 2.222492218017578
2020-04-26 12:02:07.233 17945 RALLYDEBUG rally.task.utils [-] Waiting for resource s_rally_ccec4633_k363hgVF. Status changed: BUILD => ACTIVE in 9.056483507156372
2020-04-26 12:02:09.814 17945 INFO rally.task.runner [-] Task 3d9388a6-3e51-4703-bef1-85eed849b829 | ITER: 1 END: OK
2020-04-26 12:02:09.819 17945 INFO rally.task.runner [-] Task 3d9388a6-3e51-4703-bef1-85eed849b829 | ITER: 5 START
2020-04-26 12:02:10.627 17947 RALLYDEBUG rally.task.utils [-] Waiting for resource s_rally_ccec4633_xHRbjflJ. Status changed: BUILD => ACTIVE in 11.38783574104309
2020-04-26 12:02:11.948 17946 RALLYDEBUG rally.task.utils [-] Waiting for resource s_rally_ccec4633_9gp8aoXV. Status changed: BUILD => ACTIVE in 13.45589828491211
2020-04-26 12:02:13.186 17947 INFO rally.task.runner [-] Task 3d9388a6-3e51-4703-bef1-85eed849b829 | ITER: 3 END: OK
2020-04-26 12:02:13.191 17947 INFO rally.task.runner [-] Task 3d9388a6-3e51-4703-bef1-85eed849b829 | ITER: 6 START
2020-04-26 12:02:14.222 17948 RALLYDEBUG rally.task.utils [-] Waiting for resource s_rally_ccec4633_CehNWkd1. Status changed: BUILD => ACTIVE in 15.886069297790527
2020-04-26 12:02:14.480 17946 INFO rally.task.runner [-] Task 3d9388a6-3e51-4703-bef1-85eed849b829 | ITER: 2 END: OK
2020-04-26 12:02:14.485 17946 INFO rally.task.runner [-] Task 3d9388a6-3e51-4703-bef1-85eed849b829 | ITER: 7 START
2020-04-26 12:02:14.824 17945 RALLYDEBUG rally.task.utils [-] Waiting for resource s_rally_ccec4633_exGVkvjH. Status changed: DOWNLOADING => AVAILABLE in 2.2451629638671875
2020-04-26 12:02:18.236 17947 RALLYDEBUG rally.task.utils [-] Waiting for resource s_rally_ccec4633_TBykoRac. Status changed: DOWNLOADING => AVAILABLE in 2.3922371864318848
2020-04-26 12:02:19.341 17946 RALLYDEBUG rally.task.utils [-] Waiting for resource s_rally_ccec4633_PRA0L7Ee. Status changed: DOWNLOADING => AVAILABLE in 2.2405879497528076
2020-04-26 12:02:20.248 17948 INFO rally.task.runner [-] Task 3d9388a6-3e51-4703-bef1-85eed849b829 | ITER: 4 END: OK
2020-04-26 12:02:20.253 17948 INFO rally.task.runner [-] Task 3d9388a6-3e51-4703-bef1-85eed849b829 | ITER: 8 START
2020-04-26 12:02:23.648 17945 RALLYDEBUG rally.task.utils [-] Waiting for resource s_rally_ccec4633_G1lJVc5x. Status changed: BUILD => ACTIVE in 6.820427894592285
2020-04-26 12:02:25.146 17948 RALLYDEBUG rally.task.utils [-] Waiting for resource s_rally_ccec4633_q1Obd2Fs. Status changed: DOWNLOADING => AVAILABLE in 2.223623752593994
2020-04-26 12:02:26.185 17945 INFO rally.task.runner [-] Task 3d9388a6-3e51-4703-bef1-85eed849b829 | ITER: 5 END: OK
2020-04-26 12:02:26.191 17945 INFO rally.task.runner [-] Task 3d9388a6-3e51-4703-bef1-85eed849b829 | ITER: 9 START
2020-04-26 12:02:31.163 17945 RALLYDEBUG rally.task.utils [-] Waiting for resource s_rally_ccec4633_00QV1pVe. Status changed: DOWNLOADING => AVAILABLE in 2.2429585456848145
2020-04-26 12:02:32.035 17946 RALLYDEBUG rally.task.utils [-] Waiting for resource s_rally_ccec4633_82yWId5K. Status changed: BUILD => ACTIVE in 10.643129348754883
2020-04-26 12:02:33.730 17947 RALLYDEBUG rally.task.utils [-] Waiting for resource s_rally_ccec4633_6EAnXdZN. Status changed: BUILD => ACTIVE in 13.50449538230896
2020-04-26 12:02:36.146 17948 RALLYDEBUG rally.task.utils [-] Waiting for resource s_rally_ccec4633_FEIezl9f. Status changed: BUILD => ACTIVE in 9.029170274734497
2020-04-26 12:02:36.268 17947 INFO rally.task.runner [-] Task 3d9388a6-3e51-4703-bef1-85eed849b829 | ITER: 6 END: OK
2020-04-26 12:02:36.271 17947 INFO rally.task.runner [-] Task 3d9388a6-3e51-4703-bef1-85eed849b829 | ITER: 10 START
2020-04-26 12:02:36.698 17946 INFO rally.task.runner [-] Task 3d9388a6-3e51-4703-bef1-85eed849b829 | ITER: 7 END: OK
2020-04-26 12:02:40.764 17948 INFO rally.task.runner [-] Task 3d9388a6-3e51-4703-bef1-85eed849b829 | ITER: 8 END: OK
2020-04-26 12:02:41.079 17947 RALLYDEBUG rally.task.utils [-] Waiting for resource s_rally_ccec4633_78f8sTzT. Status changed: DOWNLOADING => AVAILABLE in 2.213066816329956
2020-04-26 12:02:42.258 17945 RALLYDEBUG rally.task.utils [-] Waiting for resource s_rally_ccec4633_BLErICKv. Status changed: BUILD => ACTIVE in 9.040249824523926
2020-04-26 12:02:45.845 17945 INFO rally.task.runner [-] Task 3d9388a6-3e51-4703-bef1-85eed849b829 | ITER: 9 END: OK
2020-04-26 12:02:50.082 17947 RALLYDEBUG rally.task.utils [-] Waiting for resource s_rally_ccec4633_4zzvN9qB. Status changed: BUILD => ACTIVE in 7.003859043121338
2020-04-26 12:02:52.677 17947 INFO rally.task.runner [-] Task 3d9388a6-3e51-4703-bef1-85eed849b829 | ITER: 10 END: OK
2020-04-26 12:02:52.705 15675 INFO rally.task.context [-] Task 3d9388a6-3e51-4703-bef1-85eed849b829 | Context cleanup@openstack cleanup() started
2020-04-26 12:02:52.712 15675 RALLYDEBUG rally_openstack.task.cleanup.manager [-] Cleaning up nova servers objects
2020-04-26 12:02:53.481 15675 RALLYDEBUG rally_openstack.task.cleanup.manager [-] Cleaning up nova server_groups objects
2020-04-26 12:02:53.930 15675 RALLYDEBUG rally_openstack.task.cleanup.manager [-] Cleaning up nova keypairs objects
2020-04-26 12:02:54.840 15675 RALLYDEBUG rally_openstack.task.cleanup.manager [-] Cleaning up cinder backups objects
2020-04-26 12:02:55.300 15675 RALLYDEBUG rally_openstack.task.cleanup.manager [-] Cleaning up cinder volume_snapshots objects
2020-04-26 12:02:55.762 15675 RALLYDEBUG rally_openstack.task.cleanup.manager [-] Cleaning up cinder transfers objects
2020-04-26 12:02:56.168 15675 RALLYDEBUG rally_openstack.task.cleanup.manager [-] Cleaning up cinder volumes objects
2020-04-26 12:02:56.780 15675 RALLYDEBUG rally_openstack.task.cleanup.manager [-] Deleting cinder.volumes object s_rally_ccec4633_q1Obd2Fs (2781d913-931f-4ba8-88e7-c7491815513a)
2020-04-26 12:02:56.780 15675 RALLYDEBUG rally_openstack.task.cleanup.manager [-] Deleting cinder.volumes object s_rally_ccec4633_78f8sTzT (2484e0eb-af23-4580-9666-2ff05b3acba4)
2020-04-26 12:02:56.789 15675 RALLYDEBUG rally_openstack.task.cleanup.manager [-] Deleting cinder.volumes object s_rally_ccec4633_vbNXzhD6 (75c51ab5-a23f-4a9f-96c8-d816f29c9cba)
2020-04-26 12:02:56.797 15675 RALLYDEBUG rally_openstack.task.cleanup.manager [-] Deleting cinder.volumes object s_rally_ccec4633_YAyI725A (61c37853-aca1-4bea-b8a4-9161feb57707)
2020-04-26 12:02:56.802 15675 RALLYDEBUG rally_openstack.task.cleanup.manager [-] Deleting cinder.volumes object s_rally_ccec4633_2pLP1CDI (4a7c92b8-cf0b-4826-b63d-ce292fd3652f)
2020-04-26 12:02:56.808 15675 RALLYDEBUG rally_openstack.task.cleanup.manager [-] Deleting cinder.volumes object s_rally_ccec4633_PRA0L7Ee (e87db193-3f98-48d5-ba26-1639063d2469)
2020-04-26 12:02:56.817 15675 RALLYDEBUG rally_openstack.task.cleanup.manager [-] Deleting cinder.volumes object s_rally_ccec4633_exGVkvjH (bf9c4140-6572-4874-a21d-46d822a7613a)
2020-04-26 12:02:56.829 15675 RALLYDEBUG rally_openstack.task.cleanup.manager [-] Deleting cinder.volumes object s_rally_ccec4633_00QV1pVe (ead9fd89-7d6d-46c5-b4fd-d1f9c0cb7847)
2020-04-26 12:02:56.836 15675 RALLYDEBUG rally_openstack.task.cleanup.manager [-] Deleting cinder.volumes object s_rally_ccec4633_TBykoRac (f6169ad5-ebe5-4106-94ab-d0fc7859a343)
2020-04-26 12:02:56.846 15675 RALLYDEBUG rally_openstack.task.cleanup.manager [-] Deleting cinder.volumes object s_rally_ccec4633_BKkbQYYh (1c4923e2-f182-4022-b874-69cab8764dc1)
2020-04-26 12:02:59.297 15675 INFO rally.task.context [-] Task 3d9388a6-3e51-4703-bef1-85eed849b829 | Context cleanup@openstack cleanup() finished in 6.59 sec
2020-04-26 12:02:59.298 15675 INFO rally.task.context [-] Task 3d9388a6-3e51-4703-bef1-85eed849b829 | Context network@openstack cleanup() started
2020-04-26 12:03:26.742 15675 INFO rally.task.context [-] Task 3d9388a6-3e51-4703-bef1-85eed849b829 | Context network@openstack cleanup() finished in 27.44 sec
2020-04-26 12:03:26.743 15675 INFO rally.task.context [-] Task 3d9388a6-3e51-4703-bef1-85eed849b829 | Context quotas@openstack cleanup() started
2020-04-26 12:03:26.980 15675 INFO rally.task.context [-] Task 3d9388a6-3e51-4703-bef1-85eed849b829 | Context quotas@openstack cleanup() finished in 0.24 sec
2020-04-26 12:03:26.981 15675 INFO rally.task.context [-] Task 3d9388a6-3e51-4703-bef1-85eed849b829 | Context api_versions@openstack cleanup() started
2020-04-26 12:03:26.981 15675 INFO rally.task.context [-] Task 3d9388a6-3e51-4703-bef1-85eed849b829 | Context api_versions@openstack cleanup() finished in 0.64 msec
2020-04-26 12:03:26.982 15675 INFO rally.task.context [-] Task 3d9388a6-3e51-4703-bef1-85eed849b829 | Context users@openstack cleanup() started
2020-04-26 12:03:29.235 15675 INFO rally.task.context [-] Task 3d9388a6-3e51-4703-bef1-85eed849b829 | Context users@openstack cleanup() finished in 2.25 sec
2020-04-26 12:03:29.642 15675 INFO rally.task.engine [-] Load duration is: 60.296403
2020-04-26 12:03:29.643 15675 INFO rally.task.engine [-] Full runner duration is: 61.34344
2020-04-26 12:03:29.643 15675 INFO rally.task.engine [-] Full duration is: 116.06246
2020-04-26 12:03:29.730 15675 INFO rally.task.engine [-] Running workload: position = 0 config = { "version": 2, "title": "A cropped version of a bigger task.", "description": "Auto-generated task from a single workload (uuid=a2cc966c-30e5-4c5d-8895-255a456bda82)", "subtasks": [ { "title": "NovaServers.pause_and_unpause_server", "description": "Create a server, pause, unpause and then delete it", "scenario": { "NovaServers.pause_and_unpause_server": { "flavor": { "name": "rally_full-flavor_e682400e-6557-47f8-ab35-d73c2fba5a69" }, "image": { "name": "rally_full-img_e682400e-6557-47f8-ab35-d73c2fba5a69" }, "force_delete": false, "nics": [ { "net-id": "af47796e-c88f-460d-bbd7-b8d236245e71" } ] } }, "contexts": { "users": { "tenants": 3, "users_per_tenant": 2 }, "network": { "networks_per_tenant": 1, "start_cidr": "100.1.0.0/25" }, "quotas": { "neutron": { "network": -1, "port": -1, "subnet": -1 }, "nova": { "cores": -1, "floating_ips": -1, "instances": -1, "ram": -1, "security_group_rules": -1, "security_groups": -1 } } }, "runner": { "constant": { "concurrency": 4, "times": 10 } }, "hooks": [], "sla": { "failure_rate": { "max": 0 } } } ] }
2020-04-26 12:03:29.747 15675 RALLYDEBUG rally_openstack.task.contexts.keystone.users [-] Creating 3 tenants using 3 threads
2020-04-26 12:03:30.199 15675 RALLYDEBUG rally_openstack.task.contexts.keystone.users [-] Creating 6 users using 6 threads
2020-04-26 12:03:31.024 15675 INFO rally.task.context [-] Task 3d9388a6-3e51-4703-bef1-85eed849b829 | Context users@openstack setup() finished in 1.28 sec
2020-04-26 12:03:32.145 15675 INFO rally.task.context [-] Task 3d9388a6-3e51-4703-bef1-85eed849b829 | Context quotas@openstack setup() finished in 1.12 sec
2020-04-26 12:03:34.852 15675 RALLYDEBUG rally_openstack.common.wrappers.network [-] CIDR generated: 100.1.12.0/25
2020-04-26 12:03:38.741 15675 RALLYDEBUG rally_openstack.common.wrappers.network [-] CIDR generated: 100.1.12.128/25
2020-04-26 12:03:43.791 15675 RALLYDEBUG rally_openstack.common.wrappers.network [-] CIDR generated: 100.1.13.0/25
2020-04-26 12:03:46.332 15675 INFO rally.task.context [-] Task 3d9388a6-3e51-4703-bef1-85eed849b829 | Context network@openstack setup() finished in 14.19 sec
2020-04-26 12:03:46.333 15675 INFO rally.task.context [-] Task 3d9388a6-3e51-4703-bef1-85eed849b829 | Context cleanup@openstack setup() finished in 0.03 msec
2020-04-26 12:03:47.020 15675 RALLYDEBUG rally.task.runner [-] Starting the constant runner (task UUID: 3d9388a6-3e51-4703-bef1-85eed849b829). times: 10 concurrency: 4 timeout: 0 max_cpu_used: 88 processes_to_start: 4 concurrency_per_worker: 1 concurrency_overhead: 0
2020-04-26 12:03:47.031 18158 RALLYDEBUG rally.task.runner [-] Starting a worker. times: 10 duration: None concurrency: 1 timeout: 0 cls: method_name: run args: {"flavor": "21bf88ac-6eb5-4cce-8ebd-6c60291b5186", "image": "0c6b06b0-cf94-46e1-8894-79d640aac3a3", "force_delete": false, "nics": [{"net-id": "af47796e-c88f-460d-bbd7-b8d236245e71"}]}
2020-04-26 12:03:47.034 18159 RALLYDEBUG rally.task.runner [-] Starting a worker. times: 10 duration: None concurrency: 1 timeout: 0 cls: method_name: run args: {"flavor": "21bf88ac-6eb5-4cce-8ebd-6c60291b5186", "image": "0c6b06b0-cf94-46e1-8894-79d640aac3a3", "force_delete": false, "nics": [{"net-id": "af47796e-c88f-460d-bbd7-b8d236245e71"}]}
2020-04-26 12:03:47.035 18160 RALLYDEBUG rally.task.runner [-] Starting a worker. times: 10 duration: None concurrency: 1 timeout: 0 cls: method_name: run args: {"flavor": "21bf88ac-6eb5-4cce-8ebd-6c60291b5186", "image": "0c6b06b0-cf94-46e1-8894-79d640aac3a3", "force_delete": false, "nics": [{"net-id": "af47796e-c88f-460d-bbd7-b8d236245e71"}]}
2020-04-26 12:03:47.038 18158 INFO rally.task.runner [-] Task 3d9388a6-3e51-4703-bef1-85eed849b829 | ITER: 1 START
2020-04-26 12:03:47.037 18161 RALLYDEBUG rally.task.runner [-] Starting a worker. times: 10 duration: None concurrency: 1 timeout: 0 cls: method_name: run args: {"flavor": "21bf88ac-6eb5-4cce-8ebd-6c60291b5186", "image": "0c6b06b0-cf94-46e1-8894-79d640aac3a3", "force_delete": false, "nics": [{"net-id": "af47796e-c88f-460d-bbd7-b8d236245e71"}]}
2020-04-26 12:03:47.040 18159 INFO rally.task.runner [-] Task 3d9388a6-3e51-4703-bef1-85eed849b829 | ITER: 2 START
2020-04-26 12:03:47.042 18160 INFO rally.task.runner [-] Task 3d9388a6-3e51-4703-bef1-85eed849b829 | ITER: 3 START
2020-04-26 12:03:47.042 18161 INFO rally.task.runner [-] Task 3d9388a6-3e51-4703-bef1-85eed849b829 | ITER: 4 START
2020-04-26 12:04:04.278 18161 RALLYDEBUG rally.task.utils [-] Waiting for resource s_rally_a2cc966c_RdvS65cj. Status changed: BUILD => ACTIVE in 13.628302574157715
2020-04-26 12:04:04.340 18160 RALLYDEBUG rally.task.utils [-] Waiting for resource s_rally_a2cc966c_SZetyVrb. Status changed: BUILD => ACTIVE in 13.630861520767212
2020-04-26 12:04:05.986 18159 RALLYDEBUG rally.task.utils [-] Waiting for resource s_rally_a2cc966c_wFW6A7iC. Status changed: BUILD => ACTIVE in 15.794881820678711
2020-04-26 12:04:06.628 18161 RALLYDEBUG rally.task.utils [-] Waiting for resource s_rally_a2cc966c_RdvS65cj. Status changed: ACTIVE => PAUSED in 0.2198324203491211
2020-04-26 12:04:06.635 18160 RALLYDEBUG rally.task.utils [-] Waiting for resource s_rally_a2cc966c_SZetyVrb. Status changed: ACTIVE => PAUSED in 0.1746211051940918
2020-04-26 12:04:07.541 18158 RALLYDEBUG rally.task.utils [-] Waiting for resource s_rally_a2cc966c_ArsPPrSD. Status changed: BUILD => ACTIVE in 17.01922345161438
2020-04-26 12:04:08.371 18159 RALLYDEBUG rally.task.utils [-] Waiting for resource s_rally_a2cc966c_wFW6A7iC. Status changed: ACTIVE => PAUSED in 0.2375030517578125
2020-04-26 12:04:09.892 18158 RALLYDEBUG rally.task.utils [-] Waiting for resource s_rally_a2cc966c_ArsPPrSD. Status changed: ACTIVE => PAUSED in 0.21744728088378906
2020-04-26 12:04:13.997 18160 INFO rally.task.runner [-] Task 3d9388a6-3e51-4703-bef1-85eed849b829 | ITER: 3 END: OK
2020-04-26 12:04:14.005 18160 INFO rally.task.runner [-] Task 3d9388a6-3e51-4703-bef1-85eed849b829 | ITER: 5 START
2020-04-26 12:04:14.494 18161 INFO rally.task.runner [-] Task 3d9388a6-3e51-4703-bef1-85eed849b829 | ITER: 4 END: OK
2020-04-26 12:04:14.501 18161 INFO rally.task.runner [-] Task 3d9388a6-3e51-4703-bef1-85eed849b829 | ITER: 6 START
2020-04-26 12:04:14.663 18159 INFO rally.task.runner [-] Task 3d9388a6-3e51-4703-bef1-85eed849b829 | ITER: 2 END: OK
2020-04-26 12:04:14.671 18159 INFO rally.task.runner [-] Task 3d9388a6-3e51-4703-bef1-85eed849b829 | ITER: 7 START
2020-04-26 12:04:16.104 18158 INFO rally.task.runner [-] Task 3d9388a6-3e51-4703-bef1-85eed849b829 | ITER: 1 END: OK
2020-04-26 12:04:16.111 18158 INFO rally.task.runner [-] Task 3d9388a6-3e51-4703-bef1-85eed849b829 | ITER: 8 START
2020-04-26 12:04:26.729 18160 RALLYDEBUG rally.task.utils [-] Waiting for resource s_rally_a2cc966c_OFbxrDEd. Status changed: BUILD => ACTIVE in 10.730961561203003
2020-04-26 12:04:27.268 18158 RALLYDEBUG rally.task.utils [-] Waiting for resource s_rally_a2cc966c_hhzRylbO. Status changed: BUILD => ACTIVE in 9.270138502120972
2020-04-26 12:04:27.700 18161 RALLYDEBUG rally.task.utils [-] Waiting for resource s_rally_a2cc966c_AFN6tYK5. Status changed: BUILD => ACTIVE in 11.251280784606934
2020-04-26 12:04:29.176 18160 RALLYDEBUG rally.task.utils [-] Waiting for resource s_rally_a2cc966c_OFbxrDEd. Status changed: ACTIVE => PAUSED in 0.32601237297058105
2020-04-26 12:04:29.716 18158 RALLYDEBUG rally.task.utils [-] Waiting for resource s_rally_a2cc966c_hhzRylbO. Status changed: ACTIVE => PAUSED in 0.32332324981689453
2020-04-26 12:04:30.043 18161 RALLYDEBUG rally.task.utils [-] Waiting for resource s_rally_a2cc966c_AFN6tYK5. Status changed: ACTIVE => PAUSED in 0.20090770721435547
2020-04-26 12:04:30.154 18159 RALLYDEBUG rally.task.utils [-] Waiting for resource s_rally_a2cc966c_nqPM4Pdw. Status changed: BUILD => ACTIVE in 13.473093271255493
2020-04-26 12:04:32.495 18159 RALLYDEBUG rally.task.utils [-] Waiting for resource s_rally_a2cc966c_nqPM4Pdw. Status changed: ACTIVE => PAUSED in 0.20947813987731934
2020-04-26 12:04:35.073 18161 INFO rally.task.runner [-] Task 3d9388a6-3e51-4703-bef1-85eed849b829 | ITER: 6 END: OK
2020-04-26 12:04:35.078 18161 INFO rally.task.runner [-] Task 3d9388a6-3e51-4703-bef1-85eed849b829 | ITER: 9 START
2020-04-26 12:04:36.168 18160 INFO rally.task.runner [-] Task 3d9388a6-3e51-4703-bef1-85eed849b829 | ITER: 5 END: OK
