2020-04-26 12:04:36.171 18160 INFO rally.task.runner [-] Task 3d9388a6-3e51-4703-bef1-85eed849b829 | ITER: 10 START
2020-04-26 12:04:38.986 18158 INFO rally.task.runner [-] Task 3d9388a6-3e51-4703-bef1-85eed849b829 | ITER: 8 END: OK
2020-04-26 12:04:39.528 18159 INFO rally.task.runner [-] Task 3d9388a6-3e51-4703-bef1-85eed849b829 | ITER: 7 END: OK
2020-04-26 12:04:47.361 18161 RALLYDEBUG rally.task.utils [-] Waiting for resource s_rally_a2cc966c_VYln4El1. Status changed: BUILD => ACTIVE in 10.213994979858398
2020-04-26 12:04:49.692 18161 RALLYDEBUG rally.task.utils [-] Waiting for resource s_rally_a2cc966c_VYln4El1. Status changed: ACTIVE => PAUSED in 0.20769405364990234
2020-04-26 12:04:51.526 18160 RALLYDEBUG rally.task.utils [-] Waiting for resource s_rally_a2cc966c_99Yq1p6u. Status changed: BUILD => ACTIVE in 13.52962350845337
2020-04-26 12:04:53.905 18160 RALLYDEBUG rally.task.utils [-] Waiting for resource s_rally_a2cc966c_99Yq1p6u. Status changed: ACTIVE => PAUSED in 0.2499988079071045
2020-04-26 12:04:56.760 18161 INFO rally.task.runner [-] Task 3d9388a6-3e51-4703-bef1-85eed849b829 | ITER: 9 END: OK
2020-04-26 12:04:58.827 18160 INFO rally.task.runner [-] Task 3d9388a6-3e51-4703-bef1-85eed849b829 | ITER: 10 END: OK
2020-04-26 12:04:58.856 15675 INFO rally.task.context [-] Task 3d9388a6-3e51-4703-bef1-85eed849b829 | Context cleanup@openstack cleanup() started
2020-04-26 12:04:58.862 15675 RALLYDEBUG rally_openstack.task.cleanup.manager [-] Cleaning up nova servers objects
2020-04-26 12:04:59.710 15675 RALLYDEBUG rally_openstack.task.cleanup.manager [-] Cleaning up nova server_groups objects
2020-04-26 12:05:00.171 15675 RALLYDEBUG rally_openstack.task.cleanup.manager [-] Cleaning up nova keypairs objects
2020-04-26 12:05:01.123 15675 INFO rally.task.context [-] Task 3d9388a6-3e51-4703-bef1-85eed849b829 | Context cleanup@openstack cleanup() finished in 2.27 sec
2020-04-26 12:05:01.123 15675 INFO rally.task.context [-] Task 3d9388a6-3e51-4703-bef1-85eed849b829 | Context network@openstack cleanup() started
2020-04-26 12:05:24.919 15675 INFO rally.task.context [-] Task 3d9388a6-3e51-4703-bef1-85eed849b829 | Context network@openstack cleanup() finished in 23.80 sec
2020-04-26 12:05:24.920 15675 INFO rally.task.context [-] Task 3d9388a6-3e51-4703-bef1-85eed849b829 | Context quotas@openstack cleanup() started
2020-04-26 12:05:25.066 15675 INFO rally.task.context [-] Task 3d9388a6-3e51-4703-bef1-85eed849b829 | Context quotas@openstack cleanup() finished in 0.15 sec
2020-04-26 12:05:25.067 15675 INFO rally.task.context [-] Task 3d9388a6-3e51-4703-bef1-85eed849b829 | Context users@openstack cleanup() started
2020-04-26 12:05:28.328 15675 INFO rally.task.context [-] Task 3d9388a6-3e51-4703-bef1-85eed849b829 | Context users@openstack cleanup() finished in 3.26 sec
2020-04-26 12:05:30.226 15675 INFO rally.task.engine [-] Load duration is: 66.788035
2020-04-26 12:05:30.227 15675 INFO rally.task.engine [-] Full runner duration is: 71.836509
2020-04-26 12:05:30.227 15675 INFO rally.task.engine [-] Full duration is: 118.583516
2020-04-26 12:05:30.311 15675 INFO rally.task.engine [-] Running workload: position = 0 config = { "version": 2, "title": "A cropped version of a bigger task.", "description": "Auto-generated task from a single workload (uuid=e7f2dd9b-09c2-4b02-aa0a-1eca2e1143af)", "subtasks": [ { "title": "NovaServers.boot_and_migrate_server", "description": "Migrate a server.", "scenario": { "NovaServers.boot_and_migrate_server": { "flavor": { "name": "rally_full-flavor_e682400e-6557-47f8-ab35-d73c2fba5a69" }, "image": { "name": "rally_full-img_e682400e-6557-47f8-ab35-d73c2fba5a69" }, "nics": [ { "net-id": "af47796e-c88f-460d-bbd7-b8d236245e71" } ] } }, "contexts": { "users": { "tenants": 3, "users_per_tenant": 2 } }, "runner": { "constant": { "concurrency": 4, "times": 10 } }, "hooks": [], "sla": { "failure_rate": { "max": 0 } } } ] }
2020-04-26 12:05:30.327 15675 RALLYDEBUG rally_openstack.task.contexts.keystone.users [-] Creating 3 tenants using 3 threads
2020-04-26 12:05:30.787 15675 RALLYDEBUG rally_openstack.task.contexts.keystone.users [-] Creating 6 users using 6 threads
2020-04-26 12:05:31.545 15675 INFO rally.task.context [-] Task 3d9388a6-3e51-4703-bef1-85eed849b829 | Context users@openstack setup() finished in 1.22 sec
2020-04-26 12:05:31.546 15675 INFO rally.task.context [-] Task 3d9388a6-3e51-4703-bef1-85eed849b829 | Context cleanup@openstack setup() finished in 0.09 msec
2020-04-26 12:05:31.914 15675 RALLYDEBUG rally.task.runner [-] Starting the constant runner (task UUID: 3d9388a6-3e51-4703-bef1-85eed849b829). times: 10 concurrency: 4 timeout: 0 max_cpu_used: 88 processes_to_start: 4 concurrency_per_worker: 1 concurrency_overhead: 0
2020-04-26 12:05:31.926 18291 RALLYDEBUG rally.task.runner [-] Starting a worker. times: 10 duration: None concurrency: 1 timeout: 0 cls: method_name: run args: {"flavor": "21bf88ac-6eb5-4cce-8ebd-6c60291b5186", "image": "0c6b06b0-cf94-46e1-8894-79d640aac3a3", "nics": [{"net-id": "af47796e-c88f-460d-bbd7-b8d236245e71"}]}
2020-04-26 12:05:31.929 18292 RALLYDEBUG rally.task.runner [-] Starting a worker. times: 10 duration: None concurrency: 1 timeout: 0 cls: method_name: run args: {"flavor": "21bf88ac-6eb5-4cce-8ebd-6c60291b5186", "image": "0c6b06b0-cf94-46e1-8894-79d640aac3a3", "nics": [{"net-id": "af47796e-c88f-460d-bbd7-b8d236245e71"}]}
2020-04-26 12:05:31.931 18291 INFO rally.task.runner [-] Task 3d9388a6-3e51-4703-bef1-85eed849b829 | ITER: 1 START
2020-04-26 12:05:31.932 18293 RALLYDEBUG rally.task.runner [-] Starting a worker. times: 10 duration: None concurrency: 1 timeout: 0 cls: method_name: run args: {"flavor": "21bf88ac-6eb5-4cce-8ebd-6c60291b5186", "image": "0c6b06b0-cf94-46e1-8894-79d640aac3a3", "nics": [{"net-id": "af47796e-c88f-460d-bbd7-b8d236245e71"}]}
2020-04-26 12:05:31.935 18294 RALLYDEBUG rally.task.runner [-] Starting a worker. times: 10 duration: None concurrency: 1 timeout: 0 cls: method_name: run args: {"flavor": "21bf88ac-6eb5-4cce-8ebd-6c60291b5186", "image": "0c6b06b0-cf94-46e1-8894-79d640aac3a3", "nics": [{"net-id": "af47796e-c88f-460d-bbd7-b8d236245e71"}]}
2020-04-26 12:05:31.935 18292 INFO rally.task.runner [-] Task 3d9388a6-3e51-4703-bef1-85eed849b829 | ITER: 2 START
2020-04-26 12:05:31.938 18293 INFO rally.task.runner [-] Task 3d9388a6-3e51-4703-bef1-85eed849b829 | ITER: 3 START
2020-04-26 12:05:31.940 18294 INFO rally.task.runner [-] Task 3d9388a6-3e51-4703-bef1-85eed849b829 | ITER: 4 START
2020-04-26 12:05:43.321 18294 RALLYDEBUG rally.task.utils [-] Waiting for resource s_rally_e7f2dd9b_kUgjJmOk. Status changed: BUILD => ACTIVE in 9.267867803573608
2020-04-26 12:05:44.361 18294 RALLYDEBUG rally.task.utils [-] Waiting for resource s_rally_e7f2dd9b_kUgjJmOk. Status changed: ACTIVE => RESIZE in 0.21477413177490234
2020-04-26 12:05:45.259 18292 RALLYDEBUG rally.task.utils [-] Waiting for resource s_rally_e7f2dd9b_qT58o68K. Status changed: BUILD => ACTIVE in 11.277949810028076
2020-04-26 12:05:46.236 18292 RALLYDEBUG rally.task.utils [-] Waiting for resource s_rally_e7f2dd9b_qT58o68K. Status changed: ACTIVE => RESIZE in 0.20569300651550293
2020-04-26 12:05:47.733 18293 RALLYDEBUG rally.task.utils [-] Waiting for resource s_rally_e7f2dd9b_gSU4ZZ5n. Status changed: BUILD => ACTIVE in 13.756311893463135
2020-04-26 12:05:47.734 18291 RALLYDEBUG rally.task.utils [-] Waiting for resource s_rally_e7f2dd9b_NF8fl46T. Status changed: BUILD => ACTIVE in 13.729501724243164
2020-04-26 12:05:48.683 18291 RALLYDEBUG rally.task.utils [-] Waiting for resource s_rally_e7f2dd9b_NF8fl46T. Status changed: ACTIVE => RESIZE in 0.24278640747070312
2020-04-26 12:05:48.782 18293 RALLYDEBUG rally.task.utils [-] Waiting for resource s_rally_e7f2dd9b_gSU4ZZ5n. Status changed: ACTIVE => RESIZE in 0.21205568313598633
2020-04-26 12:05:57.118 18294 RALLYDEBUG rally.task.utils [-] Waiting for resource s_rally_e7f2dd9b_kUgjJmOk. Status changed: RESIZE => VERIFY_RESIZE in 12.756714344024658
2020-04-26 12:05:57.737 18294 RALLYDEBUG rally.task.utils [-] Waiting for resource s_rally_e7f2dd9b_kUgjJmOk. Status changed: ACTIVE => VERIFY_RESIZE in 0.23712897300720215
2020-04-26 12:06:02.390 18291 RALLYDEBUG rally.task.utils [-] Waiting for resource s_rally_e7f2dd9b_NF8fl46T. Status changed: RESIZE => VERIFY_RESIZE in 13.707047700881958
2020-04-26 12:06:02.445 18292 RALLYDEBUG rally.task.utils [-] Waiting for resource s_rally_e7f2dd9b_qT58o68K. Status changed: RESIZE => VERIFY_RESIZE in 16.208078145980835
2020-04-26 12:06:03.043 18291 RALLYDEBUG rally.task.utils [-] Waiting for resource s_rally_e7f2dd9b_NF8fl46T. Status changed: ACTIVE => VERIFY_RESIZE in 0.2797267436981201
2020-04-26 12:06:03.046 18292 RALLYDEBUG rally.task.utils [-] Waiting for resource s_rally_e7f2dd9b_qT58o68K. Status changed: ACTIVE => VERIFY_RESIZE in 0.24188518524169922
2020-04-26 12:06:03.456 18294 RALLYDEBUG rally.task.utils [-] Waiting for resource s_rally_e7f2dd9b_kUgjJmOk. Status changed: VERIFY_RESIZE => ACTIVE in 5.719135522842407
2020-04-26 12:06:03.814 18293 RALLYDEBUG rally.task.utils [-] Waiting for resource s_rally_e7f2dd9b_gSU4ZZ5n. Status changed: RESIZE => VERIFY_RESIZE in 15.031812906265259
2020-04-26 12:06:04.359 18293 RALLYDEBUG rally.task.utils [-] Waiting for resource s_rally_e7f2dd9b_gSU4ZZ5n. Status changed: ACTIVE => VERIFY_RESIZE in 0.2376694679260254
2020-04-26 12:06:06.002 18294 INFO rally.task.runner [-] Task 3d9388a6-3e51-4703-bef1-85eed849b829 | ITER: 4 END: OK
2020-04-26 12:06:06.009 18294 INFO rally.task.runner [-] Task 3d9388a6-3e51-4703-bef1-85eed849b829 | ITER: 5 START
2020-04-26 12:06:06.810 18293 RALLYDEBUG rally.task.utils [-] Waiting for resource s_rally_e7f2dd9b_gSU4ZZ5n. Status changed: VERIFY_RESIZE => ACTIVE in 2.451176643371582
2020-04-26 12:06:07.492 18291 RALLYDEBUG rally.task.utils [-] Waiting for resource s_rally_e7f2dd9b_NF8fl46T. Status changed: VERIFY_RESIZE => ACTIVE in 4.448969125747681
2020-04-26 12:06:07.501 18292 RALLYDEBUG rally.task.utils [-] Waiting for resource s_rally_e7f2dd9b_qT58o68K. Status changed: VERIFY_RESIZE => ACTIVE in 4.455543279647827
2020-04-26 12:06:12.096 18291 INFO rally.task.runner [-] Task 3d9388a6-3e51-4703-bef1-85eed849b829 | ITER: 1 END: OK
2020-04-26 12:06:12.104 18291 INFO rally.task.runner [-] Task 3d9388a6-3e51-4703-bef1-85eed849b829 | ITER: 6 START
2020-04-26 12:06:12.135 18292 INFO rally.task.runner [-] Task 3d9388a6-3e51-4703-bef1-85eed849b829 | ITER: 2 END: OK
2020-04-26 12:06:12.140 18292 INFO rally.task.runner [-] Task 3d9388a6-3e51-4703-bef1-85eed849b829 | ITER: 7 START
2020-04-26 12:06:12.693 18293 INFO rally.task.runner [-] Task 3d9388a6-3e51-4703-bef1-85eed849b829 | ITER: 3 END: OK
2020-04-26 12:06:12.698 18293 INFO rally.task.runner [-] Task 3d9388a6-3e51-4703-bef1-85eed849b829 | ITER: 8 START
2020-04-26 12:06:21.028 18294 RALLYDEBUG rally.task.utils [-] Waiting for resource s_rally_e7f2dd9b_AvKVcOfh. Status changed: BUILD => ACTIVE in 12.880971431732178
2020-04-26 12:06:22.139 18294 RALLYDEBUG rally.task.utils [-] Waiting for resource s_rally_e7f2dd9b_AvKVcOfh. Status changed: ACTIVE => RESIZE in 0.3889634609222412
2020-04-26 12:06:25.746 18292 RALLYDEBUG rally.task.utils [-] Waiting for resource s_rally_e7f2dd9b_sWvCT0qU. Status changed: BUILD => ACTIVE in 11.639267683029175
2020-04-26 12:06:25.964 18291 RALLYDEBUG rally.task.utils [-] Waiting for resource s_rally_e7f2dd9b_uar4MBWT. Status changed: BUILD => ACTIVE in 11.697518825531006
2020-04-26 12:06:26.656 18292 RALLYDEBUG rally.task.utils [-] Waiting for resource s_rally_e7f2dd9b_sWvCT0qU. Status changed: ACTIVE => RESIZE in 0.22350430488586426
2020-04-26 12:06:26.876 18291 RALLYDEBUG rally.task.utils [-] Waiting for resource s_rally_e7f2dd9b_uar4MBWT. Status changed: ACTIVE => RESIZE in 0.2123723030090332
2020-04-26 12:06:28.203 18293 RALLYDEBUG rally.task.utils [-] Waiting for resource s_rally_e7f2dd9b_AgVie34l. Status changed: BUILD => ACTIVE in 13.532509803771973
2020-04-26 12:06:29.393 18293 RALLYDEBUG rally.task.utils [-] Waiting for resource s_rally_e7f2dd9b_AgVie34l. Status changed: ACTIVE => RESIZE in 0.2218611240386963
2020-04-26 12:06:33.268 18294 RALLYDEBUG rally.task.utils [-] Waiting for resource s_rally_e7f2dd9b_AvKVcOfh. Status changed: RESIZE => VERIFY_RESIZE in 11.128376483917236
2020-04-26 12:06:33.814 18294 RALLYDEBUG rally.task.utils [-] Waiting for resource s_rally_e7f2dd9b_AvKVcOfh. Status changed: ACTIVE => VERIFY_RESIZE in 0.22162866592407227
2020-04-26 12:06:38.344 18294 RALLYDEBUG rally.task.utils [-] Waiting for resource s_rally_e7f2dd9b_AvKVcOfh. Status changed: VERIFY_RESIZE => ACTIVE in 4.529735326766968
2020-04-26 12:06:39.000 18292 RALLYDEBUG rally.task.utils [-] Waiting for resource s_rally_e7f2dd9b_sWvCT0qU. Status changed: RESIZE => VERIFY_RESIZE in 12.343526124954224
2020-04-26 12:06:39.735 18292 RALLYDEBUG rally.task.utils [-] Waiting for resource s_rally_e7f2dd9b_sWvCT0qU. Status changed: ACTIVE => VERIFY_RESIZE in 0.40957188606262207
2020-04-26 12:06:42.977 18293 RALLYDEBUG rally.task.utils [-] Waiting for resource s_rally_e7f2dd9b_AgVie34l. Status changed: RESIZE => VERIFY_RESIZE in 13.584370613098145
2020-04-26 12:06:43.317 18294 INFO rally.task.runner [-] Task 3d9388a6-3e51-4703-bef1-85eed849b829 | ITER: 5 END: OK
2020-04-26 12:06:43.321 18294 INFO rally.task.runner [-] Task 3d9388a6-3e51-4703-bef1-85eed849b829 | ITER: 9 START
2020-04-26 12:06:43.485 18293 RALLYDEBUG rally.task.utils [-] Waiting for resource s_rally_e7f2dd9b_AgVie34l. Status changed: ACTIVE => VERIFY_RESIZE in 0.21039032936096191
2020-04-26 12:06:43.929 18291 RALLYDEBUG rally.task.utils [-] Waiting for resource s_rally_e7f2dd9b_uar4MBWT. Status changed: RESIZE => VERIFY_RESIZE in 17.05308723449707
2020-04-26 12:06:44.227 18292 RALLYDEBUG rally.task.utils [-] Waiting for resource s_rally_e7f2dd9b_sWvCT0qU. Status changed: VERIFY_RESIZE => ACTIVE in 4.491909027099609
2020-04-26 12:06:44.494 18291 RALLYDEBUG rally.task.utils [-] Waiting for resource s_rally_e7f2dd9b_uar4MBWT. Status changed: ACTIVE => VERIFY_RESIZE in 0.2368183135986328
2020-04-26 12:06:46.769 18291 RALLYDEBUG rally.task.utils [-] Waiting for resource s_rally_e7f2dd9b_uar4MBWT. Status changed: VERIFY_RESIZE => ACTIVE in 2.2744140625
2020-04-26 12:06:46.772 18292 INFO rally.task.runner [-] Task 3d9388a6-3e51-4703-bef1-85eed849b829 | ITER: 7 END: OK
2020-04-26 12:06:46.776 18292 INFO rally.task.runner [-] Task 3d9388a6-3e51-4703-bef1-85eed849b829 | ITER: 10 START
2020-04-26 12:06:48.064 18293 RALLYDEBUG rally.task.utils [-] Waiting for resource s_rally_e7f2dd9b_AgVie34l. Status changed: VERIFY_RESIZE => ACTIVE in 4.578165769577026
2020-04-26 12:06:49.332 18291 INFO rally.task.runner [-] Task 3d9388a6-3e51-4703-bef1-85eed849b829 | ITER: 6 END: OK
2020-04-26 12:06:52.808 18293 INFO rally.task.runner [-] Task 3d9388a6-3e51-4703-bef1-85eed849b829 | ITER: 8 END: OK
2020-04-26 12:06:54.568 18294 RALLYDEBUG rally.task.utils [-] Waiting for resource s_rally_e7f2dd9b_aZ4hME1R. Status changed: BUILD => ACTIVE in 9.137104749679565
2020-04-26 12:06:55.565 18294 RALLYDEBUG rally.task.utils [-] Waiting for resource s_rally_e7f2dd9b_aZ4hME1R. Status changed: ACTIVE => RESIZE in 0.2623016834259033
2020-04-26 12:06:57.710 18292 RALLYDEBUG rally.task.utils [-] Waiting for resource s_rally_e7f2dd9b_8WYADuWH. Status changed: BUILD => ACTIVE in 9.004344463348389
2020-04-26 12:06:58.676 18292 RALLYDEBUG rally.task.utils [-] Waiting for resource s_rally_e7f2dd9b_8WYADuWH. Status changed: ACTIVE => RESIZE in 0.282041072845459
2020-04-26 12:07:06.692 18294 RALLYDEBUG rally.task.utils [-] Waiting for resource s_rally_e7f2dd9b_aZ4hME1R. Status changed: RESIZE => VERIFY_RESIZE in 11.127239227294922
2020-04-26 12:07:07.196 18294 RALLYDEBUG rally.task.utils [-] Waiting for resource s_rally_e7f2dd9b_aZ4hME1R. Status changed: ACTIVE => VERIFY_RESIZE in 0.21246051788330078
2020-04-26 12:07:09.909 18292 RALLYDEBUG rally.task.utils [-] Waiting for resource s_rally_e7f2dd9b_8WYADuWH. Status changed: RESIZE => VERIFY_RESIZE in 11.232322931289673
2020-04-26 12:07:10.583 18292 RALLYDEBUG rally.task.utils [-] Waiting for resource s_rally_e7f2dd9b_8WYADuWH. Status changed: ACTIVE => VERIFY_RESIZE in 0.30420470237731934
2020-04-26 12:07:11.657 18294 RALLYDEBUG rally.task.utils [-] Waiting for resource s_rally_e7f2dd9b_aZ4hME1R. Status changed: VERIFY_RESIZE => ACTIVE in 4.461503505706787
2020-04-26 12:07:12.791 18292 RALLYDEBUG rally.task.utils [-] Waiting for resource s_rally_e7f2dd9b_8WYADuWH. Status changed: VERIFY_RESIZE => ACTIVE in 2.208281993865967
2020-04-26 12:07:14.082 18294 INFO rally.task.runner [-] Task 3d9388a6-3e51-4703-bef1-85eed849b829 | ITER: 9 END: OK
2020-04-26 12:07:15.238 18292 INFO rally.task.runner [-] Task 3d9388a6-3e51-4703-bef1-85eed849b829 | ITER: 10 END: OK
2020-04-26 12:07:15.262 15675 INFO rally.task.context [-] Task 3d9388a6-3e51-4703-bef1-85eed849b829 | Context cleanup@openstack cleanup() started
2020-04-26 12:07:15.268 15675 RALLYDEBUG rally_openstack.task.cleanup.manager [-] Cleaning up nova servers objects
2020-04-26 12:07:16.232 15675 RALLYDEBUG rally_openstack.task.cleanup.manager [-] Cleaning up nova server_groups objects
2020-04-26 12:07:16.677 15675 RALLYDEBUG rally_openstack.task.cleanup.manager [-] Cleaning up nova keypairs objects
2020-04-26 12:07:17.716 15675 INFO rally.task.context [-] Task 3d9388a6-3e51-4703-bef1-85eed849b829 | Context cleanup@openstack cleanup() finished in 2.45 sec
2020-04-26 12:07:17.717 15675 INFO rally.task.context [-] Task 3d9388a6-3e51-4703-bef1-85eed849b829 | Context users@openstack cleanup() started
2020-04-26 12:07:21.113 15675 INFO rally.task.context [-] Task 3d9388a6-3e51-4703-bef1-85eed849b829 | Context users@openstack cleanup() finished in 3.40 sec
2020-04-26 12:07:22.775 15675 INFO rally.task.engine [-] Load duration is: 102.305319
2020-04-26 12:07:22.775 15675 INFO rally.task.engine [-] Full runner duration is: 103.349197
2020-04-26 12:07:22.776 15675 INFO rally.task.engine [-] Full duration is: 110.787871
2020-04-26 12:07:22.861 15675 INFO rally.task.engine [-] Running workload: position = 0 config = { "version": 2, "title": "A cropped version of a bigger task.", "description": "Auto-generated task from a single workload (uuid=453bdbc9-caa0-473b-9fc6-edb2d7cc0d59)", "subtasks": [ { "title": "NovaServers.boot_server_and_list_interfaces", "description": "Boot a server and list interfaces attached to it.", "scenario": { "NovaServers.boot_server_and_list_interfaces": { "flavor": { "name": "rally_full-flavor_e682400e-6557-47f8-ab35-d73c2fba5a69" }, "image": { "name": "rally_full-img_e682400e-6557-47f8-ab35-d73c2fba5a69" }, "auto_assign_nic": true } }, "contexts": { "users": { "tenants": 3, "users_per_tenant": 2 }, "network": {} }, "runner": { "constant": { "concurrency": 4, "times": 10 } }, "hooks": [], "sla": { "failure_rate": { "max": 0 } } } ] }
2020-04-26 12:07:22.880 15675 RALLYDEBUG rally_openstack.task.contexts.keystone.users [-] Creating 3 tenants using 3 threads
2020-04-26 12:07:23.401 15675 RALLYDEBUG rally_openstack.task.contexts.keystone.users [-] Creating 6 users using 6 threads
2020-04-26 12:07:24.174 15675 INFO rally.task.context [-] Task 3d9388a6-3e51-4703-bef1-85eed849b829 | Context users@openstack setup() finished in 1.29 sec
2020-04-26 12:07:27.889 15675 RALLYDEBUG rally_openstack.common.wrappers.network [-] CIDR generated: 10.2.27.0/24
2020-04-26 12:07:32.438 15675 RALLYDEBUG rally_openstack.common.wrappers.network [-] CIDR generated: 10.2.28.0/24
2020-04-26 12:07:39.358 15675 RALLYDEBUG rally_openstack.common.wrappers.network [-] CIDR generated: 10.2.29.0/24
2020-04-26 12:07:45.025 15675 INFO rally.task.context [-] Task 3d9388a6-3e51-4703-bef1-85eed849b829 | Context network@openstack setup() finished in 20.85 sec
2020-04-26 12:07:45.026 15675 INFO rally.task.context [-] Task 3d9388a6-3e51-4703-bef1-85eed849b829 | Context cleanup@openstack setup() finished in 0.02 msec
2020-04-26 12:07:45.389 15675 RALLYDEBUG rally.task.runner [-] Starting the constant runner (task UUID: 3d9388a6-3e51-4703-bef1-85eed849b829). times: 10 concurrency: 4 timeout: 0 max_cpu_used: 88 processes_to_start: 4 concurrency_per_worker: 1 concurrency_overhead: 0
2020-04-26 12:07:45.399 18424 RALLYDEBUG rally.task.runner [-] Starting a worker. times: 10 duration: None concurrency: 1 timeout: 0 cls: method_name: run args: {"flavor": "21bf88ac-6eb5-4cce-8ebd-6c60291b5186", "image": "0c6b06b0-cf94-46e1-8894-79d640aac3a3", "auto_assign_nic": true}
2020-04-26 12:07:45.402 18425 RALLYDEBUG rally.task.runner [-] Starting a worker. times: 10 duration: None concurrency: 1 timeout: 0 cls: method_name: run args: {"flavor": "21bf88ac-6eb5-4cce-8ebd-6c60291b5186", "image": "0c6b06b0-cf94-46e1-8894-79d640aac3a3", "auto_assign_nic": true}
2020-04-26 12:07:45.405 18424 INFO rally.task.runner [-] Task 3d9388a6-3e51-4703-bef1-85eed849b829 | ITER: 1 START
2020-04-26 12:07:45.405 18426 RALLYDEBUG rally.task.runner [-] Starting a worker. times: 10 duration: None concurrency: 1 timeout: 0 cls: method_name: run args: {"flavor": "21bf88ac-6eb5-4cce-8ebd-6c60291b5186", "image": "0c6b06b0-cf94-46e1-8894-79d640aac3a3", "auto_assign_nic": true}
2020-04-26 12:07:45.408 18425 INFO rally.task.runner [-] Task 3d9388a6-3e51-4703-bef1-85eed849b829 | ITER: 2 START
2020-04-26 12:07:45.408 18427 RALLYDEBUG rally.task.runner [-] Starting a worker. times: 10 duration: None concurrency: 1 timeout: 0 cls: method_name: run args: {"flavor": "21bf88ac-6eb5-4cce-8ebd-6c60291b5186", "image": "0c6b06b0-cf94-46e1-8894-79d640aac3a3", "auto_assign_nic": true}
2020-04-26 12:07:45.412 18426 INFO rally.task.runner [-] Task 3d9388a6-3e51-4703-bef1-85eed849b829 | ITER: 3 START
2020-04-26 12:07:45.415 18427 INFO rally.task.runner [-] Task 3d9388a6-3e51-4703-bef1-85eed849b829 | ITER: 4 START
2020-04-26 12:07:56.688 18424 RALLYDEBUG rally.task.utils [-] Waiting for resource s_rally_453bdbc9_4kMq2aPR. Status changed: BUILD => ACTIVE in 9.223768472671509
2020-04-26 12:07:56.860 18424 INFO rally.task.runner [-] Task 3d9388a6-3e51-4703-bef1-85eed849b829 | ITER: 1 END: OK
2020-04-26 12:07:56.864 18424 INFO rally.task.runner [-] Task 3d9388a6-3e51-4703-bef1-85eed849b829 | ITER: 5 START
2020-04-26 12:07:59.025 18427 RALLYDEBUG rally.task.utils [-] Waiting for resource s_rally_453bdbc9_EWGmitwz. Status changed: BUILD => ACTIVE in 11.236196756362915
2020-04-26 12:07:59.166 18427 INFO rally.task.runner [-] Task 3d9388a6-3e51-4703-bef1-85eed849b829 | ITER: 4 END: OK
2020-04-26 12:07:59.170 18427 INFO rally.task.runner [-] Task 3d9388a6-3e51-4703-bef1-85eed849b829 | ITER: 6 START
2020-04-26 12:08:00.458 18425 RALLYDEBUG rally.task.utils [-] Waiting for resource s_rally_453bdbc9_LAxncqaY. Status changed: BUILD => ACTIVE in 13.091022253036499
2020-04-26 12:08:00.526 18426 RALLYDEBUG rally.task.utils [-] Waiting for resource s_rally_453bdbc9_nUaXDCGY. Status changed: BUILD => ACTIVE in 12.699853658676147
2020-04-26 12:08:00.597 18425 INFO rally.task.runner [-] Task 3d9388a6-3e51-4703-bef1-85eed849b829 | ITER: 2 END: OK
2020-04-26 12:08:00.601 18425 INFO rally.task.runner [-] Task 3d9388a6-3e51-4703-bef1-85eed849b829 | ITER: 7 START
2020-04-26 12:08:00.708 18426 INFO rally.task.runner [-] Task 3d9388a6-3e51-4703-bef1-85eed849b829 | ITER: 3 END: OK
2020-04-26 12:08:00.714 18426 INFO rally.task.runner [-] Task 3d9388a6-3e51-4703-bef1-85eed849b829 | ITER: 8 START
2020-04-26 12:08:08.101 18424 RALLYDEBUG rally.task.utils [-] Waiting for resource s_rally_453bdbc9_EdIIhHhY. Status changed: BUILD => ACTIVE in 9.222524166107178
2020-04-26 12:08:08.240 18424 INFO rally.task.runner [-] Task 3d9388a6-3e51-4703-bef1-85eed849b829 | ITER: 5 END: OK
2020-04-26 12:08:08.244 18424 INFO rally.task.runner [-] Task 3d9388a6-3e51-4703-bef1-85eed849b829 | ITER: 9 START
2020-04-26 12:08:11.988 18425 RALLYDEBUG rally.task.utils [-] Waiting for resource s_rally_453bdbc9_5V4Jb7Eq. Status changed: BUILD => ACTIVE in 9.533932209014893
2020-04-26 12:08:12.152 18425 INFO rally.task.runner [-] Task 3d9388a6-3e51-4703-bef1-85eed849b829 | ITER: 7 END: OK
2020-04-26 12:08:12.157 18425 INFO rally.task.runner [-] Task 3d9388a6-3e51-4703-bef1-85eed849b829 | ITER: 10 START
2020-04-26 12:08:15.216 18426 RALLYDEBUG rally.task.utils [-] Waiting for resource s_rally_453bdbc9_TpnFhVgY. Status changed: BUILD => ACTIVE in 12.572535037994385
2020-04-26 12:08:15.395 18426 INFO rally.task.runner [-] Task 3d9388a6-3e51-4703-bef1-85eed849b829 | ITER: 8 END: OK
2020-04-26 12:08:16.454 18427 RALLYDEBUG rally.task.utils [-] Waiting for resource s_rally_453bdbc9_tU3vaAMQ. Status changed: BUILD => ACTIVE in 13.793726444244385
2020-04-26 12:08:16.615 18427 INFO rally.task.runner [-] Task 3d9388a6-3e51-4703-bef1-85eed849b829 | ITER: 6 END: OK
2020-04-26 12:08:21.060 18424 RALLYDEBUG rally.task.utils [-] Waiting for resource s_rally_453bdbc9_2XXM5n8h. Status changed: BUILD => ACTIVE in 9.13310980796814
2020-04-26 12:08:21.303 18424 INFO rally.task.runner [-] Task 3d9388a6-3e51-4703-bef1-85eed849b829 | ITER: 9 END: OK
2020-04-26 12:08:23.173 18425 RALLYDEBUG rally.task.utils [-] Waiting for resource s_rally_453bdbc9_IKpheztB. Status changed: BUILD => ACTIVE in 9.01549744606018
2020-04-26 12:08:23.324 18425 INFO rally.task.runner [-] Task 3d9388a6-3e51-4703-bef1-85eed849b829 | ITER: 10 END: OK
2020-04-26 12:08:23.354 15675 INFO rally.task.context [-] Task 3d9388a6-3e51-4703-bef1-85eed849b829 | Context cleanup@openstack cleanup() started
2020-04-26 12:08:23.361 15675 RALLYDEBUG rally_openstack.task.cleanup.manager [-] Cleaning up nova servers objects
2020-04-26 12:08:25.205 15675 RALLYDEBUG rally_openstack.task.cleanup.manager [-] Deleting nova.servers object s_rally_453bdbc9_TpnFhVgY (db46c46e-f3b6-42fb-a094-d5ba60ca10b0)
2020-04-26 12:08:25.208 15675 RALLYDEBUG rally_openstack.task.cleanup.manager [-] Deleting nova.servers object s_rally_453bdbc9_4kMq2aPR (66f84a9c-0530-42af-9ad4-5e250f270679)
2020-04-26 12:08:25.221 15675 RALLYDEBUG rally_openstack.task.cleanup.manager [-] Deleting nova.servers object s_rally_453bdbc9_nUaXDCGY (7ea367ae-5190-47a1-96e6-88598a654b2e)
2020-04-26 12:08:25.230 15675 RALLYDEBUG rally_openstack.task.cleanup.manager [-] Deleting nova.servers object s_rally_453bdbc9_EWGmitwz (ab96e87a-e99a-4a0d-ab17-d229a37780ce)
2020-04-26 12:08:25.235 15675 RALLYDEBUG rally_openstack.task.cleanup.manager [-] Deleting nova.servers object s_rally_453bdbc9_2XXM5n8h (430ad862-6cd7-4c8c-b063-792139fdc410)
2020-04-26 12:08:25.246 15675 RALLYDEBUG rally_openstack.task.cleanup.manager [-] Deleting nova.servers object s_rally_453bdbc9_5V4Jb7Eq (0f5f6986-0864-4290-a68a-ad8fe227eca8)
2020-04-26 12:08:25.251 15675 RALLYDEBUG rally_openstack.task.cleanup.manager [-] Deleting nova.servers object s_rally_453bdbc9_tU3vaAMQ (4b761cc5-9e86-4c17-86cf-78e4cec4561e)
2020-04-26 12:08:25.258 15675 RALLYDEBUG rally_openstack.task.cleanup.manager [-] Deleting nova.servers object s_rally_453bdbc9_IKpheztB (e57e08f1-dc44-47c9-9727-dac42f7ccf7d)
2020-04-26 12:08:25.276 15675 RALLYDEBUG rally_openstack.task.cleanup.manager [-] Deleting nova.servers object s_rally_453bdbc9_EdIIhHhY (54817283-d11e-4af3-a61a-83b6abcc6545)
2020-04-26 12:08:25.282 15675 RALLYDEBUG rally_openstack.task.cleanup.manager [-] Deleting nova.servers object s_rally_453bdbc9_LAxncqaY (abfba675-6cdd-40d4-9c03-63430aefece1)
2020-04-26 12:08:32.730 15675 RALLYDEBUG rally_openstack.task.cleanup.manager [-] Cleaning up nova server_groups objects
2020-04-26 12:08:33.137 15675 RALLYDEBUG rally_openstack.task.cleanup.manager [-] Cleaning up nova keypairs objects
2020-04-26 12:08:34.041 15675 INFO rally.task.context [-] Task 3d9388a6-3e51-4703-bef1-85eed849b829 | Context cleanup@openstack cleanup() finished in 10.69 sec
2020-04-26 12:08:34.042 15675 INFO rally.task.context [-] Task 3d9388a6-3e51-4703-bef1-85eed849b829 | Context network@openstack cleanup() started
2020-04-26 12:08:54.209 15675 INFO rally.task.context [-] Task 3d9388a6-3e51-4703-bef1-85eed849b829 | Context network@openstack cleanup() finished in 20.17 sec
2020-04-26 12:08:54.210 15675 INFO rally.task.context [-] Task 3d9388a6-3e51-4703-bef1-85eed849b829 | Context users@openstack cleanup() started
2020-04-26 12:08:56.678 15675 INFO rally.task.context [-] Task 3d9388a6-3e51-4703-bef1-85eed849b829 | Context users@openstack cleanup() finished in 2.47 sec
2020-04-26 12:08:57.282 15675 INFO rally.task.engine [-] Load duration is: 36.91706
2020-04-26 12:08:57.283 15675 INFO rally.task.engine [-] Full runner duration is: 37.964549
2020-04-26 12:08:57.283 15675 INFO rally.task.engine [-] Full duration is: 93.798828
2020-04-26 12:08:57.370 15675 INFO rally.task.engine [-] Running workload: position = 0 config = { "version": 2, "title": "A cropped version of a bigger task.", "description": "Auto-generated task from a single workload (uuid=14746530-0850-416f-92be-12cf20d9ff69)", "subtasks": [ { "title": "NovaServers.boot_and_get_console_url", "description": "Retrieve a console url of a server.", "scenario": { "NovaServers.boot_and_get_console_url": { "flavor": { "name": "rally_full-flavor_e682400e-6557-47f8-ab35-d73c2fba5a69" }, "image": { "name": "rally_full-img_e682400e-6557-47f8-ab35-d73c2fba5a69" }, "console_type": "novnc", "auto_assign_nic": true } }, "contexts": { "users": { "tenants": 3, "users_per_tenant": 2 }, "network": {} }, "runner": { "constant": { "concurrency": 4, "times": 10 } }, "hooks": [], "sla": { "failure_rate": { "max": 0 } } } ] }
2020-04-26 12:08:57.387 15675 RALLYDEBUG rally_openstack.task.contexts.keystone.users [-] Creating 3 tenants using 3 threads
2020-04-26 12:08:57.852 15675 RALLYDEBUG rally_openstack.task.contexts.keystone.users [-] Creating 6 users using 6 threads
2020-04-26 12:08:58.775 15675 INFO rally.task.context [-] Task 3d9388a6-3e51-4703-bef1-85eed849b829 | Context users@openstack setup() finished in 1.39 sec
2020-04-26 12:09:00.957 15675 RALLYDEBUG rally_openstack.common.wrappers.network [-] CIDR generated: 10.2.30.0/24
2020-04-26 12:09:06.841 15675 RALLYDEBUG rally_openstack.common.wrappers.network [-] CIDR generated: 10.2.31.0/24
2020-04-26 12:09:11.223 15675 RALLYDEBUG rally_openstack.common.wrappers.network [-] CIDR generated: 10.2.32.0/24
2020-04-26 12:09:16.063 15675 INFO rally.task.context [-] Task 3d9388a6-3e51-4703-bef1-85eed849b829 | Context network@openstack setup() finished in 17.29 sec
2020-04-26 12:09:16.063 15675 INFO rally.task.context [-] Task 3d9388a6-3e51-4703-bef1-85eed849b829 | Context cleanup@openstack setup() finished in 0.10 msec
2020-04-26 12:09:16.434 15675 RALLYDEBUG rally.task.runner [-] Starting the constant runner (task UUID: 3d9388a6-3e51-4703-bef1-85eed849b829). times: 10 concurrency: 4 timeout: 0 max_cpu_used: 88 processes_to_start: 4 concurrency_per_worker: 1 concurrency_overhead: 0
2020-04-26 12:09:16.444 18557 RALLYDEBUG rally.task.runner [-] Starting a worker. times: 10 duration: None concurrency: 1 timeout: 0 cls: method_name: run args: {"flavor": "21bf88ac-6eb5-4cce-8ebd-6c60291b5186", "image": "0c6b06b0-cf94-46e1-8894-79d640aac3a3", "console_type": "novnc", "auto_assign_nic": true}
2020-04-26 12:09:16.447 18558 RALLYDEBUG rally.task.runner [-] Starting a worker. times: 10 duration: None concurrency: 1 timeout: 0 cls: method_name: run args: {"flavor": "21bf88ac-6eb5-4cce-8ebd-6c60291b5186", "image": "0c6b06b0-cf94-46e1-8894-79d640aac3a3", "console_type": "novnc", "auto_assign_nic": true}
2020-04-26 12:09:16.449 18559 RALLYDEBUG rally.task.runner [-] Starting a worker. times: 10 duration: None concurrency: 1 timeout: 0 cls: method_name: run args: {"flavor": "21bf88ac-6eb5-4cce-8ebd-6c60291b5186", "image": "0c6b06b0-cf94-46e1-8894-79d640aac3a3", "console_type": "novnc", "auto_assign_nic": true}
2020-04-26 12:09:16.451 18557 INFO rally.task.runner [-] Task 3d9388a6-3e51-4703-bef1-85eed849b829 | ITER: 1 START
2020-04-26 12:09:16.452 18560 RALLYDEBUG rally.task.runner [-] Starting a worker. times: 10 duration: None concurrency: 1 timeout: 0 cls: method_name: run args: {"flavor": "21bf88ac-6eb5-4cce-8ebd-6c60291b5186", "image": "0c6b06b0-cf94-46e1-8894-79d640aac3a3", "console_type": "novnc", "auto_assign_nic": true}
2020-04-26 12:09:16.453 18558 INFO rally.task.runner [-] Task 3d9388a6-3e51-4703-bef1-85eed849b829 | ITER: 2 START
2020-04-26 12:09:16.454 18559 INFO rally.task.runner [-] Task 3d9388a6-3e51-4703-bef1-85eed849b829 | ITER: 3 START
2020-04-26 12:09:16.456 18560 INFO rally.task.runner [-] Task 3d9388a6-3e51-4703-bef1-85eed849b829 | ITER: 4 START
2020-04-26 12:09:25.877 18557 RALLYDEBUG rally.task.utils [-] Waiting for resource s_rally_14746530_7uBEq4Hb. Status changed: BUILD => ACTIVE in 7.057514905929565
2020-04-26 12:09:25.996 18557 INFO rally.task.runner [-] Task 3d9388a6-3e51-4703-bef1-85eed849b829 | ITER: 1 END: OK
2020-04-26 12:09:26.001 18557 INFO rally.task.runner [-] Task 3d9388a6-3e51-4703-bef1-85eed849b829 | ITER: 5 START
2020-04-26 12:09:29.591 18559 RALLYDEBUG rally.task.utils [-] Waiting for resource s_rally_14746530_DDX1HjOO. Status changed: BUILD => ACTIVE in 10.714007377624512
2020-04-26 12:09:29.703 18559 INFO rally.task.runner [-] Task 3d9388a6-3e51-4703-bef1-85eed849b829 | ITER: 3 END: OK
2020-04-26 12:09:29.708 18559 INFO rally.task.runner [-] Task 3d9388a6-3e51-4703-bef1-85eed849b829 | ITER: 6 START
2020-04-26 12:09:36.201 18558 RALLYDEBUG rally.task.utils [-] Waiting for resource s_rally_14746530_dn7zvTeT. Status changed: BUILD => ACTIVE in 17.021225214004517
2020-04-26 12:09:36.301 18558 INFO rally.task.runner [-] Task 3d9388a6-3e51-4703-bef1-85eed849b829 | ITER: 2 END: OK
2020-04-26 12:09:36.305 18558 INFO rally.task.runner [-] Task 3d9388a6-3e51-4703-bef1-85eed849b829 | ITER: 7 START
2020-04-26 12:09:36.961 18560 RALLYDEBUG rally.task.utils [-] Waiting for resource s_rally_14746530_kg57iio8. Status changed: BUILD => ACTIVE in 17.774919986724854
2020-04-26 12:09:37.064 18560 INFO rally.task.runner [-] Task 3d9388a6-3e51-4703-bef1-85eed849b829 | ITER: 4 END: OK
2020-04-26 12:09:37.068 18560 INFO rally.task.runner [-] Task 3d9388a6-3e51-4703-bef1-85eed849b829 | ITER: 8 START
2020-04-26 12:09:37.213 18557 RALLYDEBUG rally.task.utils [-] Waiting for resource s_rally_14746530_XHk5KX8z. Status changed: BUILD => ACTIVE in 9.23528790473938
2020-04-26 12:09:37.315 18557 INFO rally.task.runner [-] Task 3d9388a6-3e51-4703-bef1-85eed849b829 | ITER: 5 END: OK
2020-04-26 12:09:37.319 18557 INFO rally.task.runner [-] Task 3d9388a6-3e51-4703-bef1-85eed849b829 | ITER: 9 START
2020-04-26 12:09:39.309 18559 RALLYDEBUG rally.task.utils [-] Waiting for resource s_rally_14746530_th32NK18. Status changed: BUILD => ACTIVE in 6.91104531288147
2020-04-26 12:09:39.414 18559 INFO rally.task.runner [-] Task 3d9388a6-3e51-4703-bef1-85eed849b829 | ITER: 6 END: OK
2020-04-26 12:09:39.417 18559 INFO rally.task.runner [-] Task 3d9388a6-3e51-4703-bef1-85eed849b829 | ITER: 10 START
2020-04-26 12:09:45.397 18558 RALLYDEBUG rally.task.utils [-] Waiting for resource s_rally_14746530_Ojzy9WUr. Status changed: BUILD => ACTIVE in 6.93183708190918
2020-04-26 12:09:45.506 18558 INFO rally.task.runner [-] Task 3d9388a6-3e51-4703-bef1-85eed849b829 | ITER: 7 END: OK
2020-04-26 12:09:46.052 18560 RALLYDEBUG rally.task.utils [-] Waiting for resource s_rally_14746530_zAK3swyS. Status changed: BUILD => ACTIVE in 7.065814971923828
2020-04-26 12:09:46.148 18560 INFO rally.task.runner [-] Task 3d9388a6-3e51-4703-bef1-85eed849b829 | ITER: 8 END: OK
2020-04-26 12:09:51.663 18559 RALLYDEBUG rally.task.utils [-] Waiting for resource s_rally_14746530_gjwInc3K. Status changed: BUILD => ACTIVE in 10.409713506698608
2020-04-26 12:09:52.104 18557 RALLYDEBUG rally.task.utils [-] Waiting for resource s_rally_14746530_fHpO6RRm. Status changed: BUILD => ACTIVE in 12.844731330871582
2020-04-26 12:09:53.985 18559 INFO rally.task.runner [-] Task 3d9388a6-3e51-4703-bef1-85eed849b829 | ITER: 10 END: OK
2020-04-26 12:09:54.611 18557 INFO rally.task.runner [-] Task 3d9388a6-3e51-4703-bef1-85eed849b829 | ITER: 9 END: OK
2020-04-26 12:09:54.640 15675 INFO rally.task.context [-] Task 3d9388a6-3e51-4703-bef1-85eed849b829 | Context cleanup@openstack cleanup() started
2020-04-26 12:09:54.646 15675 RALLYDEBUG rally_openstack.task.cleanup.manager [-] Cleaning up nova servers objects
2020-04-26 12:09:56.944 15675 RALLYDEBUG rally_openstack.task.cleanup.manager [-] Deleting nova.servers object s_rally_14746530_Ojzy9WUr (26ef0590-3474-4b15-8a80-29d8679f22dd)
2020-04-26 12:09:56.951 15675 RALLYDEBUG rally_openstack.task.cleanup.manager [-] Deleting nova.servers object s_rally_14746530_7uBEq4Hb (e0d34597-cbe3-4dad-9360-4dd1f1ee875a)
2020-04-26 12:09:56.959 15675 RALLYDEBUG rally_openstack.task.cleanup.manager [-] Deleting nova.servers object s_rally_14746530_fHpO6RRm (40c44b61-42db-4c18-b446-b294086d1012)
2020-04-26 12:09:56.966 15675 RALLYDEBUG rally_openstack.task.cleanup.manager [-] Deleting nova.servers object s_rally_14746530_zAK3swyS (442bac62-1c69-4b80-8150-615a6ce80a47)
2020-04-26 12:09:56.972 15675 RALLYDEBUG rally_openstack.task.cleanup.manager [-] Deleting nova.servers object s_rally_14746530_kg57iio8 (0a58def7-ca5d-4da0-9394-bd6ac6ea9d30)
2020-04-26 12:09:56.983 15675 RALLYDEBUG rally_openstack.task.cleanup.manager [-] Deleting nova.servers object s_rally_14746530_dn7zvTeT (a414e864-9443-4cad-845f-ecd7d255005b)
2020-04-26 12:09:56.995 15675 RALLYDEBUG rally_openstack.task.cleanup.manager [-] Deleting nova.servers object s_rally_14746530_gjwInc3K (276cbebe-1090-4e04-9aad-44150ce303db)
2020-04-26 12:09:57.004 15675 RALLYDEBUG rally_openstack.task.cleanup.manager [-] Deleting nova.servers object s_rally_14746530_th32NK18 (ce10713c-84e6-4f23-b0fb-32bf8fc6c4c0)
2020-04-26 12:09:57.012 15675 RALLYDEBUG rally_openstack.task.cleanup.manager [-] Deleting nova.servers object s_rally_14746530_XHk5KX8z (3ef31dc9-69a0-41be-ba27-e088c9e12819)
2020-04-26 12:09:57.017 15675 RALLYDEBUG rally_openstack.task.cleanup.manager [-] Deleting nova.servers object s_rally_14746530_DDX1HjOO (aab8849e-5b71-4580-81b9-56845be00a78)
2020-04-26 12:10:05.325 15675 RALLYDEBUG rally_openstack.task.cleanup.manager [-] Cleaning up nova server_groups objects
2020-04-26 12:10:05.742 15675 RALLYDEBUG rally_openstack.task.cleanup.manager [-] Cleaning up nova keypairs objects
2020-04-26 12:10:06.606 15675 INFO rally.task.context [-] Task 3d9388a6-3e51-4703-bef1-85eed849b829 | Context cleanup@openstack cleanup() finished in 11.97 sec
2020-04-26 12:10:06.607 15675 INFO rally.task.context [-] Task 3d9388a6-3e51-4703-bef1-85eed849b829 | Context network@openstack cleanup() started
2020-04-26 12:10:23.843 15675 INFO rally.task.context [-] Task 3d9388a6-3e51-4703-bef1-85eed849b829 | Context network@openstack cleanup() finished in 17.24 sec
2020-04-26 12:10:23.843 15675 INFO rally.task.context [-] Task 3d9388a6-3e51-4703-bef1-85eed849b829 | Context users@openstack cleanup() started
2020-04-26 12:10:25.871 15675 INFO rally.task.context [-] Task 3d9388a6-3e51-4703-bef1-85eed849b829 | Context users@openstack cleanup() finished in 2.03 sec
2020-04-26 12:10:27.762 15675 INFO rally.task.engine [-] Load duration is: 37.158119
2020-04-26 12:10:27.763 15675 INFO rally.task.engine [-] Full runner duration is: 38.205863
2020-04-26 12:10:27.763 15675 INFO rally.task.engine [-] Full duration is: 88.485902
2020-04-26 12:10:27.844 15675 INFO rally.task.engine [-] Running workload: position = 0 config = { "version": 2, "title": "A cropped version of a bigger task.", "description": "Auto-generated task from a single workload (uuid=9ea13ce1-601c-4c69-b0cf-3d1a2173bfc6)", "subtasks": [ { "title": "NovaServers.boot_server_and_attach_interface", "description": "Create server and subnet, then attach the interface to it.", "scenario": { "NovaServers.boot_server_and_attach_interface": { "flavor": { "name": "rally_full-flavor_e682400e-6557-47f8-ab35-d73c2fba5a69" }, "image": { "name": "rally_full-img_e682400e-6557-47f8-ab35-d73c2fba5a69" }, "network_create_args": {}, "subnet_create_args": {}, "boot_server_args": { "auto_assign_nic": true } } }, "contexts": { "users": { "tenants": 3, "users_per_tenant": 2 }, "network": {} }, "runner": { "constant": { "concurrency": 4, "times": 10 } }, "hooks": [], "sla": { "failure_rate": { "max": 0 } } } ] }
2020-04-26 12:10:27.859 15675 RALLYDEBUG rally_openstack.task.contexts.keystone.users [-] Creating 3 tenants using 3 threads
2020-04-26 12:10:28.284 15675 RALLYDEBUG rally_openstack.task.contexts.keystone.users [-] Creating 6 users using 6 threads
2020-04-26 12:10:29.076 15675 INFO rally.task.context [-] Task 3d9388a6-3e51-4703-bef1-85eed849b829 | Context users@openstack setup() finished in 1.22 sec
2020-04-26 12:10:30.869 15675 RALLYDEBUG rally_openstack.common.wrappers.network [-] CIDR generated: 10.2.33.0/24
2020-04-26 12:10:36.771 15675 RALLYDEBUG rally_openstack.common.wrappers.network [-] CIDR generated: 10.2.34.0/24
2020-04-26 12:10:41.118 15675 RALLYDEBUG rally_openstack.common.wrappers.network [-] CIDR generated: 10.2.35.0/24
2020-04-26 12:10:45.093 15675 INFO rally.task.context [-] Task 3d9388a6-3e51-4703-bef1-85eed849b829 | Context network@openstack setup() finished in 16.02 sec
2020-04-26 12:10:45.093 15675 INFO rally.task.context [-] Task 3d9388a6-3e51-4703-bef1-85eed849b829 | Context cleanup@openstack setup() finished in 0.03 msec
2020-04-26 12:10:45.588 15675 RALLYDEBUG rally.task.runner [-] Starting the constant runner (task UUID: 3d9388a6-3e51-4703-bef1-85eed849b829). times: 10 concurrency: 4 timeout: 0 max_cpu_used: 88 processes_to_start: 4 concurrency_per_worker: 1 concurrency_overhead: 0
2020-04-26 12:10:45.598 18690 RALLYDEBUG rally.task.runner [-] Starting a worker. times: 10 duration: None concurrency: 1 timeout: 0 cls: method_name: run args: {"flavor": "21bf88ac-6eb5-4cce-8ebd-6c60291b5186", "image": "0c6b06b0-cf94-46e1-8894-79d640aac3a3", "network_create_args": {}, "subnet_create_args": {}, "boot_server_args": {"auto_assign_nic": true}}
2020-04-26 12:10:45.600 18691 RALLYDEBUG rally.task.runner [-] Starting a worker. times: 10 duration: None concurrency: 1 timeout: 0 cls: method_name: run args: {"flavor": "21bf88ac-6eb5-4cce-8ebd-6c60291b5186", "image": "0c6b06b0-cf94-46e1-8894-79d640aac3a3", "network_create_args": {}, "subnet_create_args": {}, "boot_server_args": {"auto_assign_nic": true}}
2020-04-26 12:10:45.602 18692 RALLYDEBUG rally.task.runner [-] Starting a worker. times: 10 duration: None concurrency: 1 timeout: 0 cls: method_name: run args: {"flavor": "21bf88ac-6eb5-4cce-8ebd-6c60291b5186", "image": "0c6b06b0-cf94-46e1-8894-79d640aac3a3", "network_create_args": {}, "subnet_create_args": {}, "boot_server_args": {"auto_assign_nic": true}}
2020-04-26 12:10:45.605 18690 INFO rally.task.runner [-] Task 3d9388a6-3e51-4703-bef1-85eed849b829 | ITER: 1 START
2020-04-26 12:10:45.605 18693 RALLYDEBUG rally.task.runner [-] Starting a worker. times: 10 duration: None concurrency: 1 timeout: 0 cls: method_name: run args: {"flavor": "21bf88ac-6eb5-4cce-8ebd-6c60291b5186", "image": "0c6b06b0-cf94-46e1-8894-79d640aac3a3", "network_create_args": {}, "subnet_create_args": {}, "boot_server_args": {"auto_assign_nic": true}}
2020-04-26 12:10:45.607 18691 INFO rally.task.runner [-] Task 3d9388a6-3e51-4703-bef1-85eed849b829 | ITER: 2 START
2020-04-26 12:10:45.608 18690 RALLYDEBUG rally_openstack.common.wrappers.network [-] CIDR generated: 10.2.36.0/24
2020-04-26 12:10:45.609 18692 INFO rally.task.runner [-] Task 3d9388a6-3e51-4703-bef1-85eed849b829 | ITER: 3 START
2020-04-26 12:10:45.610 18691 RALLYDEBUG rally_openstack.common.wrappers.network [-] CIDR generated: 10.2.37.0/24
2020-04-26 12:10:45.611 18692 RALLYDEBUG rally_openstack.common.wrappers.network [-] CIDR generated: 10.2.38.0/24
2020-04-26 12:10:45.612 18693 INFO rally.task.runner [-] Task 3d9388a6-3e51-4703-bef1-85eed849b829 | ITER: 4 START
2020-04-26 12:10:45.614 18693 RALLYDEBUG rally_openstack.common.wrappers.network [-] CIDR generated: 10.2.39.0/24
2020-04-26 12:10:58.194 18690 RALLYDEBUG rally.task.utils [-] Waiting for resource s_rally_9ea13ce1_KaXeLYVc. Status changed: BUILD => ACTIVE in 9.211134195327759
2020-04-26 12:11:00.630 18692 RALLYDEBUG rally.task.utils [-] Waiting for resource s_rally_9ea13ce1_8dh7ymAv. Status changed: BUILD => ACTIVE in 10.181512117385864
2020-04-26 12:11:00.737 18691 RALLYDEBUG rally.task.utils [-] Waiting for resource s_rally_9ea13ce1_NuL3lUwa. Status changed: BUILD => ACTIVE in 11.887973546981812
2020-04-26 12:11:00.911 18693 RALLYDEBUG rally.task.utils [-] Waiting for resource s_rally_9ea13ce1_yedq9w0w. Status changed: BUILD => ACTIVE in 10.27006483078003
2020-04-26 12:11:07.447 18692 INFO rally.task.runner [-] Task 3d9388a6-3e51-4703-bef1-85eed849b829 | ITER: 3 END: OK
2020-04-26 12:11:07.452 18692 INFO rally.task.runner [-] Task 3d9388a6-3e51-4703-bef1-85eed849b829 | ITER: 5 START
2020-04-26 12:11:07.453 18692 RALLYDEBUG rally_openstack.common.wrappers.network [-] CIDR generated: 10.2.40.0/24
2020-04-26 12:11:09.724 18690 INFO rally.task.runner [-] Task 3d9388a6-3e51-4703-bef1-85eed849b829 | ITER: 1 END: OK
2020-04-26 12:11:09.727 18690 INFO rally.task.runner [-] Task 3d9388a6-3e51-4703-bef1-85eed849b829 | ITER: 6 START
2020-04-26 12:11:09.728 18690 RALLYDEBUG rally_openstack.common.wrappers.network [-] CIDR generated: 10.2.41.0/24
2020-04-26 12:11:11.989 18691 INFO rally.task.runner [-] Task 3d9388a6-3e51-4703-bef1-85eed849b829 | ITER: 2 END: OK
2020-04-26 12:11:11.995 18691 INFO rally.task.runner [-] Task 3d9388a6-3e51-4703-bef1-85eed849b829 | ITER: 7 START
2020-04-26 12:11:11.997 18691 RALLYDEBUG rally_openstack.common.wrappers.network [-] CIDR generated: 10.2.42.0/24
2020-04-26 12:11:12.111 18693 INFO rally.task.runner [-] Task 3d9388a6-3e51-4703-bef1-85eed849b829 | ITER: 4 END: OK
2020-04-26 12:11:12.118 18693 INFO rally.task.runner [-] Task 3d9388a6-3e51-4703-bef1-85eed849b829 | ITER: 8 START
2020-04-26 12:11:12.120 18693 RALLYDEBUG rally_openstack.common.wrappers.network [-] CIDR generated: 10.2.43.0/24
2020-04-26 12:11:18.507 18692 RALLYDEBUG rally.task.utils [-] Waiting for resource s_rally_9ea13ce1_8Ra7MA6g. Status changed: BUILD => ACTIVE in 8.259243488311768
2020-04-26 12:11:19.541 18690 RALLYDEBUG rally.task.utils [-] Waiting for resource s_rally_9ea13ce1_lRZEvHt6. Status changed: BUILD => ACTIVE in 7.083618640899658
2020-04-26 12:11:23.652 18690 INFO rally.task.runner [-] Task 3d9388a6-3e51-4703-bef1-85eed849b829 | ITER: 6 END: OK
2020-04-26 12:11:23.659 18690 INFO rally.task.runner [-] Task 3d9388a6-3e51-4703-bef1-85eed849b829 | ITER: 9 START
2020-04-26 12:11:23.660 18690 RALLYDEBUG rally_openstack.common.wrappers.network [-] CIDR generated: 10.2.44.0/24
2020-04-26 12:11:24.309 18693 RALLYDEBUG rally.task.utils [-] Waiting for resource s_rally_9ea13ce1_UUkeUoeE. Status changed: BUILD => ACTIVE in 9.242993116378784
2020-04-26 12:11:24.863 18691 RALLYDEBUG rally.task.utils [-] Waiting for resource s_rally_9ea13ce1_qM0t2yE0. Status changed: BUILD => ACTIVE in 8.528276920318604
2020-04-26 12:11:26.150 18692 INFO rally.task.runner [-] Task 3d9388a6-3e51-4703-bef1-85eed849b829 | ITER: 5 END: OK
2020-04-26 12:11:26.157 18692 INFO rally.task.runner [-] Task 3d9388a6-3e51-4703-bef1-85eed849b829 | ITER: 10 START
2020-04-26 12:11:26.159 18692 RALLYDEBUG rally_openstack.common.wrappers.network [-] CIDR generated: 10.2.45.0/24
2020-04-26 12:11:33.225 18693 INFO rally.task.runner [-] Task 3d9388a6-3e51-4703-bef1-85eed849b829 | ITER: 8 END: OK
2020-04-26 12:11:35.249 18691 INFO rally.task.runner [-] Task 3d9388a6-3e51-4703-bef1-85eed849b829 | ITER: 7 END: OK
2020-04-26 12:11:39.182 18690 RALLYDEBUG rally.task.utils [-] Waiting for resource s_rally_9ea13ce1_M2nImTgC. Status changed: BUILD => ACTIVE in 12.715522766113281
2020-04-26 12:11:40.493 18692 RALLYDEBUG rally.task.utils [-] Waiting for resource s_rally_9ea13ce1_dnLCWXX5. Status changed: BUILD => ACTIVE in 11.462842226028442
2020-04-26 12:11:43.044 18690 INFO rally.task.runner [-] Task 3d9388a6-3e51-4703-bef1-85eed849b829 | ITER: 9 END: OK
2020-04-26 12:11:46.564 18692 INFO rally.task.runner [-] Task 3d9388a6-3e51-4703-bef1-85eed849b829 | ITER: 10 END: OK
2020-04-26 12:11:46.586 15675 INFO rally.task.context [-] Task 3d9388a6-3e51-4703-bef1-85eed849b829 | Context cleanup@openstack cleanup() started
2020-04-26 12:11:46.593 15675 RALLYDEBUG rally_openstack.task.cleanup.manager [-] Cleaning up nova servers objects
2020-04-26 12:11:48.670 15675 RALLYDEBUG rally_openstack.task.cleanup.manager [-] Deleting nova.servers object s_rally_9ea13ce1_M2nImTgC (29ef27d6-b78a-47cb-adbd-0f8d9122ea70)
2020-04-26 12:11:48.675 15675 RALLYDEBUG rally_openstack.task.cleanup.manager [-] Deleting nova.servers object s_rally_9ea13ce1_8dh7ymAv (4e2bf0ef-5bf3-480a-902c-aa3e8ae98dfc)
2020-04-26 12:11:48.683 15675 RALLYDEBUG rally_openstack.task.cleanup.manager [-] Deleting nova.servers object s_rally_9ea13ce1_dnLCWXX5 (9fe5946b-d2a3-4507-b17a-d2873eedf32c)
2020-04-26 12:11:48.695 15675 RALLYDEBUG rally_openstack.task.cleanup.manager [-] Deleting nova.servers object s_rally_9ea13ce1_qM0t2yE0 (6ef07bb7-ed91-44bf-b8cb-324db2e0bb7f)
2020-04-26 12:11:48.700 15675 RALLYDEBUG rally_openstack.task.cleanup.manager [-] Deleting nova.servers object s_rally_9ea13ce1_UUkeUoeE (6152edf1-a861-4997-8042-08950fbcfcc9)
2020-04-26 12:11:48.708 15675 RALLYDEBUG rally_openstack.task.cleanup.manager [-] Deleting nova.servers object s_rally_9ea13ce1_lRZEvHt6 (75b40e61-31a3-44c1-ae56-8bf4c9e7200b)
2020-04-26 12:11:48.723 15675 RALLYDEBUG rally_openstack.task.cleanup.manager [-] Deleting nova.servers object s_rally_9ea13ce1_8Ra7MA6g (911886b3-9a51-4098-a19e-1ffca4c23092)
2020-04-26 12:11:48.729 15675 RALLYDEBUG rally_openstack.task.cleanup.manager [-] Deleting nova.servers object s_rally_9ea13ce1_NuL3lUwa (0abc1015-b42b-472d-925b-66a4110ca953)
2020-04-26 12:11:48.737 15675 RALLYDEBUG rally_openstack.task.cleanup.manager [-] Deleting nova.servers object s_rally_9ea13ce1_KaXeLYVc (3d33a02a-b4ef-4e6f-b819-c6e06c20302c)
