2020-04-26 10:53:36.339 1339 RALLYDEBUG rally_openstack.task.cleanup.manager [-] Deleting cinder.volumes object s_rally_94eecfe3_VEYJQIhw (ac816f37-7f70-4439-a611-5f383969d766)
2020-04-26 10:53:36.345 1339 RALLYDEBUG rally_openstack.task.cleanup.manager [-] Deleting cinder.volumes object s_rally_94eecfe3_Tdt40aNg (a3608953-252f-42d6-9244-0537f7ce0d14)
2020-04-26 10:53:36.355 1339 RALLYDEBUG rally_openstack.task.cleanup.manager [-] Deleting cinder.volumes object s_rally_94eecfe3_yAIQeLf1 (4d6a4063-dd1a-4438-92bf-77e951798a09)
2020-04-26 10:53:36.364 1339 RALLYDEBUG rally_openstack.task.cleanup.manager [-] Deleting cinder.volumes object s_rally_94eecfe3_oWMVrt6c (0914b8a9-4f76-471e-b98f-4e53f0fc4deb)
2020-04-26 10:53:36.380 1339 RALLYDEBUG rally_openstack.task.cleanup.manager [-] Deleting cinder.volumes object s_rally_94eecfe3_Xf68u8V1 (9a3561ca-a5f6-4e93-b322-bf54a6f7863a)
2020-04-26 10:53:36.395 1339 RALLYDEBUG rally_openstack.task.cleanup.manager [-] Deleting cinder.volumes object s_rally_94eecfe3_sI4cqnZ5 (2d715c7e-4560-4f14-9dcb-9c0ad10d0e0f)
2020-04-26 10:53:36.404 1339 RALLYDEBUG rally_openstack.task.cleanup.manager [-] Deleting cinder.volumes object s_rally_94eecfe3_WpFzch0V (45510284-3f83-43f0-b8b7-e75abdf2a5a7)
2020-04-26 10:53:36.413 1339 RALLYDEBUG rally_openstack.task.cleanup.manager [-] Deleting cinder.volumes object s_rally_94eecfe3_nms5N21X (88008265-292d-4aee-b3b8-f3c027f7fef8)
2020-04-26 10:53:38.876 1339 INFO rally.task.context [-] Task f7de0959-db9f-4e81-b893-35857ddf6e02 | Context cleanup@openstack cleanup() finished in 4.49 sec
2020-04-26 10:53:38.876 1339 INFO rally.task.context [-] Task f7de0959-db9f-4e81-b893-35857ddf6e02 | Context quotas@openstack cleanup() started
2020-04-26 10:53:38.969 1339 INFO rally.task.context [-] Task f7de0959-db9f-4e81-b893-35857ddf6e02 | Context quotas@openstack cleanup() finished in 92.81 msec
2020-04-26 10:53:38.970 1339 INFO rally.task.context [-] Task f7de0959-db9f-4e81-b893-35857ddf6e02 | Context api_versions@openstack cleanup() started
2020-04-26 10:53:38.970 1339 INFO rally.task.context [-] Task f7de0959-db9f-4e81-b893-35857ddf6e02 | Context api_versions@openstack cleanup() finished in 0.20 msec
2020-04-26 10:53:38.970 1339 INFO rally.task.context [-] Task f7de0959-db9f-4e81-b893-35857ddf6e02 | Context users@openstack cleanup() started
2020-04-26 10:53:41.945 1339 INFO rally.task.context [-] Task f7de0959-db9f-4e81-b893-35857ddf6e02 | Context users@openstack cleanup() finished in 2.98 sec
2020-04-26 10:53:42.179 1339 INFO rally.task.engine [-] Load duration is: 8.262772
2020-04-26 10:53:42.179 1339 INFO rally.task.engine [-] Full runner duration is: 8.309155
2020-04-26 10:53:42.180 1339 INFO rally.task.engine [-] Full duration is: 17.879476
2020-04-26 10:53:42.275 1339 INFO rally.task.engine [-] Running workload: position = 0 config = { "version": 2, "title": "A cropped version of a bigger task.", "description": "Auto-generated task from a single workload (uuid=bfef249c-f3f8-4693-83db-6dfe90f5d082)", "subtasks": [ { "title": "CinderVolumes.create_and_upload_volume_to_image", "description": "Create and upload a volume to image.", "scenario": { "CinderVolumes.create_and_upload_volume_to_image": { "container_format": "bare", "disk_format": "raw", "do_delete": true, "force": false, "size": 1 } }, "contexts": { "users": { "tenants": 3, "users_per_tenant": 2 }, "quotas": { "cinder": { "gigabytes": -1, "snapshots": -1, "volumes": -1 } }, "api_versions": { "cinder": { "version": 3, "service_type": "volumev3" } } }, "runner": { "constant": { "concurrency": 4, "times": 10 } }, "hooks": [], "sla": { "failure_rate": { "max": 0 } } } ] }
2020-04-26 10:53:42.294 1339 RALLYDEBUG rally_openstack.task.contexts.keystone.users [-] Creating 3 tenants using 3 threads
2020-04-26 10:53:42.811 1339 RALLYDEBUG rally_openstack.task.contexts.keystone.users [-] Creating 6 users using 6 threads
2020-04-26 10:53:43.836 1339 INFO rally.task.context [-] Task f7de0959-db9f-4e81-b893-35857ddf6e02 | Context users@openstack setup() finished in 1.54 sec
2020-04-26 10:53:43.982 1339 INFO rally.task.context [-] Task f7de0959-db9f-4e81-b893-35857ddf6e02 | Context api_versions@openstack setup() finished in 0.15 sec
2020-04-26 10:53:44.918 1339 INFO rally.task.context [-] Task f7de0959-db9f-4e81-b893-35857ddf6e02 | Context quotas@openstack setup() finished in 0.94 sec
2020-04-26 10:53:44.919 1339 INFO rally.task.context [-] Task f7de0959-db9f-4e81-b893-35857ddf6e02 | Context cleanup@openstack setup() finished in 0.04 msec
2020-04-26 10:53:44.925 1339 RALLYDEBUG rally.task.runner [-] Starting the constant runner (task UUID: f7de0959-db9f-4e81-b893-35857ddf6e02). times: 10 concurrency: 4 timeout: 0 max_cpu_used: 88 processes_to_start: 4 concurrency_per_worker: 1 concurrency_overhead: 0
2020-04-26 10:53:44.934 2086 RALLYDEBUG rally.task.runner [-] Starting a worker. times: 10 duration: None concurrency: 1 timeout: 0 cls: method_name: run args: {"container_format": "bare", "disk_format": "raw", "do_delete": true, "force": false, "size": 1}
2020-04-26 10:53:44.936 2087 RALLYDEBUG rally.task.runner [-] Starting a worker. times: 10 duration: None concurrency: 1 timeout: 0 cls: method_name: run args: {"container_format": "bare", "disk_format": "raw", "do_delete": true, "force": false, "size": 1}
2020-04-26 10:53:44.939 2088 RALLYDEBUG rally.task.runner [-] Starting a worker. times: 10 duration: None concurrency: 1 timeout: 0 cls: method_name: run args: {"container_format": "bare", "disk_format": "raw", "do_delete": true, "force": false, "size": 1}
2020-04-26 10:53:44.940 2086 INFO rally.task.runner [-] Task f7de0959-db9f-4e81-b893-35857ddf6e02 | ITER: 1 START
2020-04-26 10:53:44.941 2089 RALLYDEBUG rally.task.runner [-] Starting a worker. times: 10 duration: None concurrency: 1 timeout: 0 cls: method_name: run args: {"container_format": "bare", "disk_format": "raw", "do_delete": true, "force": false, "size": 1}
2020-04-26 10:53:44.942 2087 INFO rally.task.runner [-] Task f7de0959-db9f-4e81-b893-35857ddf6e02 | ITER: 2 START
2020-04-26 10:53:44.944 2088 INFO rally.task.runner [-] Task f7de0959-db9f-4e81-b893-35857ddf6e02 | ITER: 3 START
2020-04-26 10:53:44.946 2089 INFO rally.task.runner [-] Task f7de0959-db9f-4e81-b893-35857ddf6e02 | ITER: 4 START
2020-04-26 10:53:47.973 2087 RALLYDEBUG rally.task.utils [-] Waiting for resource s_rally_bfef249c_ZBQKzDQo. Status changed: AVAILABLE => UPLOADING in 0.06346249580383301
2020-04-26 10:53:48.158 2086 RALLYDEBUG rally.task.utils [-] Waiting for resource s_rally_bfef249c_ifND0eS9. Status changed: AVAILABLE => UPLOADING in 0.0845191478729248
2020-04-26 10:53:48.162 2088 RALLYDEBUG rally.task.utils [-] Waiting for resource s_rally_bfef249c_qhU1SUtE. Status changed: AVAILABLE => UPLOADING in 0.08033108711242676
2020-04-26 10:53:48.172 2089 RALLYDEBUG rally.task.utils [-] Waiting for resource s_rally_bfef249c_uPsPZd75. Status changed: AVAILABLE => UPLOADING in 0.07791423797607422
2020-04-26 10:54:12.848 2087 RALLYDEBUG rally.task.utils [-] Waiting for resource s_rally_bfef249c_ZBQKzDQo. Status changed: UPLOADING => AVAILABLE in 24.874287128448486
2020-04-26 10:54:13.061 2087 RALLYDEBUG rally.task.utils [-] Waiting for resource s_rally_bfef249c_ZBQKzDQo. Status changed: AVAILABLE => DELETING in 0.07148385047912598
2020-04-26 10:54:13.090 2088 RALLYDEBUG rally.task.utils [-] Waiting for resource s_rally_bfef249c_qhU1SUtE. Status changed: UPLOADING => AVAILABLE in 24.927473306655884
2020-04-26 10:54:13.118 2089 RALLYDEBUG rally.task.utils [-] Waiting for resource s_rally_bfef249c_uPsPZd75. Status changed: UPLOADING => AVAILABLE in 24.946226835250854
2020-04-26 10:54:13.127 2086 RALLYDEBUG rally.task.utils [-] Waiting for resource s_rally_bfef249c_ifND0eS9. Status changed: UPLOADING => AVAILABLE in 24.969181060791016
2020-04-26 10:54:13.302 2088 RALLYDEBUG rally.task.utils [-] Waiting for resource s_rally_bfef249c_qhU1SUtE. Status changed: AVAILABLE => DELETING in 0.07218265533447266
2020-04-26 10:54:13.343 2089 RALLYDEBUG rally.task.utils [-] Waiting for resource s_rally_bfef249c_uPsPZd75. Status changed: AVAILABLE => DELETING in 0.07016658782958984
2020-04-26 10:54:13.346 2086 RALLYDEBUG rally.task.utils [-] Waiting for resource s_rally_bfef249c_ifND0eS9. Status changed: AVAILABLE => DELETING in 0.06783318519592285
2020-04-26 10:54:17.883 2087 INFO rally.task.runner [-] Task f7de0959-db9f-4e81-b893-35857ddf6e02 | ITER: 2 END: OK
2020-04-26 10:54:17.888 2087 INFO rally.task.runner [-] Task f7de0959-db9f-4e81-b893-35857ddf6e02 | ITER: 5 START
2020-04-26 10:54:17.916 2086 INFO rally.task.runner [-] Task f7de0959-db9f-4e81-b893-35857ddf6e02 | ITER: 1 END: OK
2020-04-26 10:54:17.915 2089 INFO rally.task.runner [-] Task f7de0959-db9f-4e81-b893-35857ddf6e02 | ITER: 4 END: OK
2020-04-26 10:54:17.917 2088 INFO rally.task.runner [-] Task f7de0959-db9f-4e81-b893-35857ddf6e02 | ITER: 3 END: OK
2020-04-26 10:54:17.919 2089 INFO rally.task.runner [-] Task f7de0959-db9f-4e81-b893-35857ddf6e02 | ITER: 7 START
2020-04-26 10:54:17.919 2086 INFO rally.task.runner [-] Task f7de0959-db9f-4e81-b893-35857ddf6e02 | ITER: 6 START
2020-04-26 10:54:17.921 2088 INFO rally.task.runner [-] Task f7de0959-db9f-4e81-b893-35857ddf6e02 | ITER: 8 START
2020-04-26 10:54:20.990 2088 RALLYDEBUG rally.task.utils [-] Waiting for resource s_rally_bfef249c_p9ZvPEuz. Status changed: AVAILABLE => UPLOADING in 0.06675338745117188
2020-04-26 10:54:21.127 2087 RALLYDEBUG rally.task.utils [-] Waiting for resource s_rally_bfef249c_7TuGSGfE. Status changed: AVAILABLE => UPLOADING in 0.07212996482849121
2020-04-26 10:54:21.135 2086 RALLYDEBUG rally.task.utils [-] Waiting for resource s_rally_bfef249c_R2XaEmiB. Status changed: AVAILABLE => UPLOADING in 0.06680011749267578
2020-04-26 10:54:21.139 2089 RALLYDEBUG rally.task.utils [-] Waiting for resource s_rally_bfef249c_YLze0oY5. Status changed: AVAILABLE => UPLOADING in 0.07008171081542969
2020-04-26 10:54:45.957 2088 RALLYDEBUG rally.task.utils [-] Waiting for resource s_rally_bfef249c_p9ZvPEuz. Status changed: UPLOADING => AVAILABLE in 24.9670569896698
2020-04-26 10:54:45.967 2087 RALLYDEBUG rally.task.utils [-] Waiting for resource s_rally_bfef249c_7TuGSGfE. Status changed: UPLOADING => AVAILABLE in 24.84003782272339
2020-04-26 10:54:46.047 2086 RALLYDEBUG rally.task.utils [-] Waiting for resource s_rally_bfef249c_R2XaEmiB. Status changed: UPLOADING => AVAILABLE in 24.91129970550537
2020-04-26 10:54:46.085 2089 RALLYDEBUG rally.task.utils [-] Waiting for resource s_rally_bfef249c_YLze0oY5. Status changed: UPLOADING => AVAILABLE in 24.945823431015015
2020-04-26 10:54:46.185 2088 RALLYDEBUG rally.task.utils [-] Waiting for resource s_rally_bfef249c_p9ZvPEuz. Status changed: AVAILABLE => DELETING in 0.0683908462524414
2020-04-26 10:54:46.196 2087 RALLYDEBUG rally.task.utils [-] Waiting for resource s_rally_bfef249c_7TuGSGfE. Status changed: AVAILABLE => DELETING in 0.06946825981140137
2020-04-26 10:54:46.271 2086 RALLYDEBUG rally.task.utils [-] Waiting for resource s_rally_bfef249c_R2XaEmiB. Status changed: AVAILABLE => DELETING in 0.0675663948059082
2020-04-26 10:54:46.326 2089 RALLYDEBUG rally.task.utils [-] Waiting for resource s_rally_bfef249c_YLze0oY5. Status changed: AVAILABLE => DELETING in 0.08379125595092773
2020-04-26 10:54:48.533 2088 INFO rally.task.runner [-] Task f7de0959-db9f-4e81-b893-35857ddf6e02 | ITER: 8 END: OK
2020-04-26 10:54:48.537 2088 INFO rally.task.runner [-] Task f7de0959-db9f-4e81-b893-35857ddf6e02 | ITER: 9 START
2020-04-26 10:54:48.551 2087 INFO rally.task.runner [-] Task f7de0959-db9f-4e81-b893-35857ddf6e02 | ITER: 5 END: OK
2020-04-26 10:54:48.555 2087 INFO rally.task.runner [-] Task f7de0959-db9f-4e81-b893-35857ddf6e02 | ITER: 10 START
2020-04-26 10:54:48.600 2086 INFO rally.task.runner [-] Task f7de0959-db9f-4e81-b893-35857ddf6e02 | ITER: 6 END: OK
2020-04-26 10:54:48.681 2089 INFO rally.task.runner [-] Task f7de0959-db9f-4e81-b893-35857ddf6e02 | ITER: 7 END: OK
2020-04-26 10:54:51.487 2088 RALLYDEBUG rally.task.utils [-] Waiting for resource s_rally_bfef249c_LoEyuizL. Status changed: AVAILABLE => UPLOADING in 0.08597946166992188
2020-04-26 10:54:51.611 2087 RALLYDEBUG rally.task.utils [-] Waiting for resource s_rally_bfef249c_mVcmswZO. Status changed: AVAILABLE => UPLOADING in 0.06063485145568848
2020-04-26 10:55:05.987 2088 RALLYDEBUG rally.task.utils [-] Waiting for resource s_rally_bfef249c_LoEyuizL. Status changed: UPLOADING => AVAILABLE in 14.500018835067749
2020-04-26 10:55:06.141 2087 RALLYDEBUG rally.task.utils [-] Waiting for resource s_rally_bfef249c_mVcmswZO. Status changed: UPLOADING => AVAILABLE in 14.530749559402466
2020-04-26 10:55:06.190 2088 RALLYDEBUG rally.task.utils [-] Waiting for resource s_rally_bfef249c_LoEyuizL. Status changed: AVAILABLE => DELETING in 0.0679631233215332
2020-04-26 10:55:06.342 2087 RALLYDEBUG rally.task.utils [-] Waiting for resource s_rally_bfef249c_mVcmswZO. Status changed: AVAILABLE => DELETING in 0.060651302337646484
2020-04-26 10:55:08.501 2088 INFO rally.task.runner [-] Task f7de0959-db9f-4e81-b893-35857ddf6e02 | ITER: 9 END: OK
2020-04-26 10:55:08.674 2087 INFO rally.task.runner [-] Task f7de0959-db9f-4e81-b893-35857ddf6e02 | ITER: 10 END: OK
2020-04-26 10:55:08.699 1339 INFO rally.task.context [-] Task f7de0959-db9f-4e81-b893-35857ddf6e02 | Context cleanup@openstack cleanup() started
2020-04-26 10:55:08.706 1339 RALLYDEBUG rally_openstack.task.cleanup.manager [-] Cleaning up cinder backups objects
2020-04-26 10:55:09.258 1339 RALLYDEBUG rally_openstack.task.cleanup.manager [-] Cleaning up cinder volume_snapshots objects
2020-04-26 10:55:09.673 1339 RALLYDEBUG rally_openstack.task.cleanup.manager [-] Cleaning up cinder transfers objects
2020-04-26 10:55:10.046 1339 RALLYDEBUG rally_openstack.task.cleanup.manager [-] Cleaning up cinder volumes objects
2020-04-26 10:55:10.558 1339 RALLYDEBUG rally_openstack.task.cleanup.manager [-] Cleaning up glance images objects
2020-04-26 10:55:11.335 1339 INFO rally.task.context [-] Task f7de0959-db9f-4e81-b893-35857ddf6e02 | Context cleanup@openstack cleanup() finished in 2.64 sec
2020-04-26 10:55:11.336 1339 INFO rally.task.context [-] Task f7de0959-db9f-4e81-b893-35857ddf6e02 | Context quotas@openstack cleanup() started
2020-04-26 10:55:11.433 1339 INFO rally.task.context [-] Task f7de0959-db9f-4e81-b893-35857ddf6e02 | Context quotas@openstack cleanup() finished in 97.31 msec
2020-04-26 10:55:11.433 1339 INFO rally.task.context [-] Task f7de0959-db9f-4e81-b893-35857ddf6e02 | Context api_versions@openstack cleanup() started
2020-04-26 10:55:11.434 1339 INFO rally.task.context [-] Task f7de0959-db9f-4e81-b893-35857ddf6e02 | Context api_versions@openstack cleanup() finished in 0.26 msec
2020-04-26 10:55:11.434 1339 INFO rally.task.context [-] Task f7de0959-db9f-4e81-b893-35857ddf6e02 | Context users@openstack cleanup() started
2020-04-26 10:55:15.396 1339 INFO rally.task.context [-] Task f7de0959-db9f-4e81-b893-35857ddf6e02 | Context users@openstack cleanup() finished in 3.96 sec
2020-04-26 10:55:16.694 1339 INFO rally.task.engine [-] Load duration is: 83.626988
2020-04-26 10:55:16.695 1339 INFO rally.task.engine [-] Full runner duration is: 83.774239
2020-04-26 10:55:16.695 1339 INFO rally.task.engine [-] Full duration is: 93.103297
2020-04-26 10:55:16.789 1339 INFO rally.task.engine [-] Running workload: position = 0 config = { "version": 2, "title": "A cropped version of a bigger task.", "description": "Auto-generated task from a single workload (uuid=093f000d-6721-4c56-a88f-4e75ef983b42)", "subtasks": [ { "title": "CinderVolumes.create_nested_snapshots_and_attach_volume", "description": "Create a volume from snapshot and attach/detach the volume", "scenario": { "CinderVolumes.create_nested_snapshots_and_attach_volume": { "flavor": { "name": "rally_full-flavor_e682400e-6557-47f8-ab35-d73c2fba5a69" }, "image": { "name": "rally_full-img_e682400e-6557-47f8-ab35-d73c2fba5a69" }, "nested_level": 1, "size": { "max": 1, "min": 1 }, "create_vm_params": { "nics": [ { "net-id": "af47796e-c88f-460d-bbd7-b8d236245e71" } ] } } }, "contexts": { "users": { "tenants": 3, "users_per_tenant": 2 }, "quotas": { "cinder": { "gigabytes": -1, "snapshots": -1, "volumes": -1 } }, "api_versions": { "cinder": { "version": 3, "service_type": "volumev3" } } }, "runner": { "constant": { "concurrency": 4, "times": 10 } }, "hooks": [], "sla": { "failure_rate": { "max": 0 } } } ] }
2020-04-26 10:55:16.805 1339 RALLYDEBUG rally_openstack.task.contexts.keystone.users [-] Creating 3 tenants using 3 threads
2020-04-26 10:55:17.231 1339 RALLYDEBUG rally_openstack.task.contexts.keystone.users [-] Creating 6 users using 6 threads
2020-04-26 10:55:18.029 1339 INFO rally.task.context [-] Task f7de0959-db9f-4e81-b893-35857ddf6e02 | Context users@openstack setup() finished in 1.22 sec
2020-04-26 10:55:18.163 1339 INFO rally.task.context [-] Task f7de0959-db9f-4e81-b893-35857ddf6e02 | Context api_versions@openstack setup() finished in 0.13 sec
2020-04-26 10:55:18.892 1339 INFO rally.task.context [-] Task f7de0959-db9f-4e81-b893-35857ddf6e02 | Context quotas@openstack setup() finished in 0.73 sec
2020-04-26 10:55:18.893 1339 INFO rally.task.context [-] Task f7de0959-db9f-4e81-b893-35857ddf6e02 | Context cleanup@openstack setup() finished in 0.02 msec
2020-04-26 10:55:19.249 1339 RALLYDEBUG rally.task.runner [-] Starting the constant runner (task UUID: f7de0959-db9f-4e81-b893-35857ddf6e02). times: 10 concurrency: 4 timeout: 0 max_cpu_used: 88 processes_to_start: 4 concurrency_per_worker: 1 concurrency_overhead: 0
2020-04-26 10:55:19.260 2259 RALLYDEBUG rally.task.runner [-] Starting a worker. times: 10 duration: None concurrency: 1 timeout: 0 cls: method_name: run args: {"flavor": "21bf88ac-6eb5-4cce-8ebd-6c60291b5186", "image": "0c6b06b0-cf94-46e1-8894-79d640aac3a3", "nested_level": 1, "size": {"max": 1, "min": 1}, "create_vm_params": {"nics": [{"net-id": "af47796e-c88f-460d-bbd7-b8d236245e71"}]}}
2020-04-26 10:55:19.263 2260 RALLYDEBUG rally.task.runner [-] Starting a worker. times: 10 duration: None concurrency: 1 timeout: 0 cls: method_name: run args: {"flavor": "21bf88ac-6eb5-4cce-8ebd-6c60291b5186", "image": "0c6b06b0-cf94-46e1-8894-79d640aac3a3", "nested_level": 1, "size": {"max": 1, "min": 1}, "create_vm_params": {"nics": [{"net-id": "af47796e-c88f-460d-bbd7-b8d236245e71"}]}}
2020-04-26 10:55:19.265 2261 RALLYDEBUG rally.task.runner [-] Starting a worker. times: 10 duration: None concurrency: 1 timeout: 0 cls: method_name: run args: {"flavor": "21bf88ac-6eb5-4cce-8ebd-6c60291b5186", "image": "0c6b06b0-cf94-46e1-8894-79d640aac3a3", "nested_level": 1, "size": {"max": 1, "min": 1}, "create_vm_params": {"nics": [{"net-id": "af47796e-c88f-460d-bbd7-b8d236245e71"}]}}
2020-04-26 10:55:19.267 2259 INFO rally.task.runner [-] Task f7de0959-db9f-4e81-b893-35857ddf6e02 | ITER: 1 START
2020-04-26 10:55:19.268 2260 INFO rally.task.runner [-] Task f7de0959-db9f-4e81-b893-35857ddf6e02 | ITER: 2 START
2020-04-26 10:55:19.269 2262 RALLYDEBUG rally.task.runner [-] Starting a worker. times: 10 duration: None concurrency: 1 timeout: 0 cls: method_name: run args: {"flavor": "21bf88ac-6eb5-4cce-8ebd-6c60291b5186", "image": "0c6b06b0-cf94-46e1-8894-79d640aac3a3", "nested_level": 1, "size": {"max": 1, "min": 1}, "create_vm_params": {"nics": [{"net-id": "af47796e-c88f-460d-bbd7-b8d236245e71"}]}}
2020-04-26 10:55:19.271 2261 INFO rally.task.runner [-] Task f7de0959-db9f-4e81-b893-35857ddf6e02 | ITER: 3 START
2020-04-26 10:55:19.274 2262 INFO rally.task.runner [-] Task f7de0959-db9f-4e81-b893-35857ddf6e02 | ITER: 4 START
2020-04-26 10:55:34.512 2260 RALLYDEBUG rally.task.utils [-] Waiting for resource s_rally_093f000d_4iTFi1RI. Status changed: BUILD => ACTIVE in 11.445385456085205
2020-04-26 10:55:36.004 2261 RALLYDEBUG rally.task.utils [-] Waiting for resource s_rally_093f000d_j0uU2g3T. Status changed: BUILD => ACTIVE in 13.893272161483765
2020-04-26 10:55:36.036 2259 RALLYDEBUG rally.task.utils [-] Waiting for resource s_rally_093f000d_7KPqI4Du. Status changed: BUILD => ACTIVE in 13.10840106010437
2020-04-26 10:55:38.335 2262 RALLYDEBUG rally.task.utils [-] Waiting for resource s_rally_093f000d_kaKG2J5L. Status changed: BUILD => ACTIVE in 16.250604152679443
2020-04-26 10:55:39.931 2260 RALLYDEBUG rally.task.utils [-] Waiting for resource s_rally_093f000d_wnrcmy28. Status changed: AVAILABLE => RESERVED in 0.1902472972869873
2020-04-26 10:55:41.442 2261 RALLYDEBUG rally.task.utils [-] Waiting for resource s_rally_093f000d_LQMPgosb. Status changed: AVAILABLE => RESERVED in 0.18653202056884766
2020-04-26 10:55:41.448 2259 RALLYDEBUG rally.task.utils [-] Waiting for resource s_rally_093f000d_qOe9WAZH. Status changed: AVAILABLE => RESERVED in 0.20971465110778809
2020-04-26 10:55:42.136 2260 RALLYDEBUG rally.task.utils [-] Waiting for resource s_rally_093f000d_wnrcmy28. Status changed: RESERVED => IN-USE in 2.204726457595825
2020-04-26 10:55:42.707 2260 RALLYDEBUG rally.task.utils [-] Waiting for resource s_rally_093f000d_wnrcmy28. Status changed: AVAILABLE => DETACHING in 0.18621158599853516
2020-04-26 10:55:43.633 2259 RALLYDEBUG rally.task.utils [-] Waiting for resource s_rally_093f000d_qOe9WAZH. Status changed: RESERVED => IN-USE in 2.1848256587982178
2020-04-26 10:55:43.638 2261 RALLYDEBUG rally.task.utils [-] Waiting for resource s_rally_093f000d_LQMPgosb. Status changed: RESERVED => IN-USE in 2.195805072784424
2020-04-26 10:55:43.843 2262 RALLYDEBUG rally.task.utils [-] Waiting for resource s_rally_093f000d_areVjlZz. Status changed: AVAILABLE => RESERVED in 0.1929764747619629
2020-04-26 10:55:44.054 2261 RALLYDEBUG rally.task.utils [-] Waiting for resource s_rally_093f000d_LQMPgosb. Status changed: AVAILABLE => DETACHING in 0.16505074501037598
2020-04-26 10:55:44.081 2259 RALLYDEBUG rally.task.utils [-] Waiting for resource s_rally_093f000d_qOe9WAZH. Status changed: AVAILABLE => DETACHING in 0.17035770416259766
2020-04-26 10:55:44.891 2260 RALLYDEBUG rally.task.utils [-] Waiting for resource s_rally_093f000d_wnrcmy28. Status changed: DETACHING => AVAILABLE in 2.184054374694824
2020-04-26 10:55:45.010 2260 RALLYDEBUG rally.task.utils [-] Waiting for resource s_rally_093f000d_Qo9Kemp3. Status changed: AVAILABLE => DELETING in 0.033350467681884766
2020-04-26 10:55:46.025 2262 RALLYDEBUG rally.task.utils [-] Waiting for resource s_rally_093f000d_areVjlZz. Status changed: RESERVED => IN-USE in 2.1823854446411133
2020-04-26 10:55:46.247 2261 RALLYDEBUG rally.task.utils [-] Waiting for resource s_rally_093f000d_LQMPgosb. Status changed: DETACHING => AVAILABLE in 2.1924850940704346
2020-04-26 10:55:46.280 2259 RALLYDEBUG rally.task.utils [-] Waiting for resource s_rally_093f000d_qOe9WAZH. Status changed: DETACHING => AVAILABLE in 2.1988542079925537
2020-04-26 10:55:46.373 2261 RALLYDEBUG rally.task.utils [-] Waiting for resource s_rally_093f000d_b6jwURmK. Status changed: AVAILABLE => DELETING in 0.032979488372802734
2020-04-26 10:55:46.404 2259 RALLYDEBUG rally.task.utils [-] Waiting for resource s_rally_093f000d_n0E57Dte. Status changed: AVAILABLE => DELETING in 0.03809475898742676
2020-04-26 10:55:46.462 2262 RALLYDEBUG rally.task.utils [-] Waiting for resource s_rally_093f000d_areVjlZz. Status changed: AVAILABLE => DETACHING in 0.18883919715881348
2020-04-26 10:55:47.185 2260 RALLYDEBUG rally.task.utils [-] Waiting for resource s_rally_093f000d_wnrcmy28. Status changed: AVAILABLE => DELETING in 0.06914806365966797
2020-04-26 10:55:48.575 2261 RALLYDEBUG rally.task.utils [-] Waiting for resource s_rally_093f000d_LQMPgosb. Status changed: AVAILABLE => DELETING in 0.07415437698364258
2020-04-26 10:55:48.654 2262 RALLYDEBUG rally.task.utils [-] Waiting for resource s_rally_093f000d_areVjlZz. Status changed: DETACHING => AVAILABLE in 2.1917781829833984
2020-04-26 10:55:48.775 2262 RALLYDEBUG rally.task.utils [-] Waiting for resource s_rally_093f000d_uFEJIhGC. Status changed: AVAILABLE => DELETING in 0.03634190559387207
2020-04-26 10:55:48.821 2259 RALLYDEBUG rally.task.utils [-] Waiting for resource s_rally_093f000d_qOe9WAZH. Status changed: AVAILABLE => DELETING in 0.06451272964477539
2020-04-26 10:55:50.949 2262 RALLYDEBUG rally.task.utils [-] Waiting for resource s_rally_093f000d_areVjlZz. Status changed: AVAILABLE => DELETING in 0.06805872917175293
2020-04-26 10:55:51.844 2260 INFO rally.task.runner [-] Task f7de0959-db9f-4e81-b893-35857ddf6e02 | ITER: 2 END: OK
2020-04-26 10:55:51.850 2260 INFO rally.task.runner [-] Task f7de0959-db9f-4e81-b893-35857ddf6e02 | ITER: 5 START
2020-04-26 10:55:54.553 2261 INFO rally.task.runner [-] Task f7de0959-db9f-4e81-b893-35857ddf6e02 | ITER: 3 END: OK
2020-04-26 10:55:54.558 2261 INFO rally.task.runner [-] Task f7de0959-db9f-4e81-b893-35857ddf6e02 | ITER: 6 START
2020-04-26 10:55:55.638 2259 INFO rally.task.runner [-] Task f7de0959-db9f-4e81-b893-35857ddf6e02 | ITER: 1 END: OK
2020-04-26 10:55:55.641 2259 INFO rally.task.runner [-] Task f7de0959-db9f-4e81-b893-35857ddf6e02 | ITER: 7 START
2020-04-26 10:55:57.611 2262 INFO rally.task.runner [-] Task f7de0959-db9f-4e81-b893-35857ddf6e02 | ITER: 4 END: OK
2020-04-26 10:55:57.615 2262 INFO rally.task.runner [-] Task f7de0959-db9f-4e81-b893-35857ddf6e02 | ITER: 8 START
2020-04-26 10:56:04.391 2260 RALLYDEBUG rally.task.utils [-] Waiting for resource s_rally_093f000d_hPaJug2c. Status changed: BUILD => ACTIVE in 10.225403785705566
2020-04-26 10:56:07.036 2261 RALLYDEBUG rally.task.utils [-] Waiting for resource s_rally_093f000d_Ux3u4tUR. Status changed: BUILD => ACTIVE in 9.916311502456665
2020-04-26 10:56:08.465 2259 RALLYDEBUG rally.task.utils [-] Waiting for resource s_rally_093f000d_TFMBeJWZ. Status changed: BUILD => ACTIVE in 10.185317516326904
2020-04-26 10:56:09.329 2262 RALLYDEBUG rally.task.utils [-] Waiting for resource s_rally_093f000d_cNasmjG2. Status changed: BUILD => ACTIVE in 9.332215309143066
2020-04-26 10:56:09.792 2260 RALLYDEBUG rally.task.utils [-] Waiting for resource s_rally_093f000d_NKhWPqsv. Status changed: AVAILABLE => RESERVED in 0.22762060165405273
2020-04-26 10:56:11.964 2260 RALLYDEBUG rally.task.utils [-] Waiting for resource s_rally_093f000d_NKhWPqsv. Status changed: RESERVED => IN-USE in 2.172029733657837
2020-04-26 10:56:12.396 2260 RALLYDEBUG rally.task.utils [-] Waiting for resource s_rally_093f000d_NKhWPqsv. Status changed: AVAILABLE => DETACHING in 0.1988372802734375
2020-04-26 10:56:12.524 2261 RALLYDEBUG rally.task.utils [-] Waiting for resource s_rally_093f000d_4TR5GD3d. Status changed: AVAILABLE => RESERVED in 0.22968769073486328
2020-04-26 10:56:14.025 2259 RALLYDEBUG rally.task.utils [-] Waiting for resource s_rally_093f000d_7ZG5PmJ1. Status changed: AVAILABLE => RESERVED in 0.23941349983215332
2020-04-26 10:56:14.574 2260 RALLYDEBUG rally.task.utils [-] Waiting for resource s_rally_093f000d_NKhWPqsv. Status changed: DETACHING => AVAILABLE in 2.1779072284698486
2020-04-26 10:56:14.696 2261 RALLYDEBUG rally.task.utils [-] Waiting for resource s_rally_093f000d_4TR5GD3d. Status changed: RESERVED => IN-USE in 2.171295404434204
2020-04-26 10:56:14.711 2260 RALLYDEBUG rally.task.utils [-] Waiting for resource s_rally_093f000d_YmjIbwhi. Status changed: AVAILABLE => DELETING in 0.046518802642822266
2020-04-26 10:56:14.797 2262 RALLYDEBUG rally.task.utils [-] Waiting for resource s_rally_093f000d_6pXUfKNd. Status changed: AVAILABLE => RESERVED in 0.2069399356842041
2020-04-26 10:56:15.113 2261 RALLYDEBUG rally.task.utils [-] Waiting for resource s_rally_093f000d_4TR5GD3d. Status changed: AVAILABLE => DETACHING in 0.1779007911682129
2020-04-26 10:56:16.235 2259 RALLYDEBUG rally.task.utils [-] Waiting for resource s_rally_093f000d_7ZG5PmJ1. Status changed: RESERVED => IN-USE in 2.21012020111084
2020-04-26 10:56:16.669 2259 RALLYDEBUG rally.task.utils [-] Waiting for resource s_rally_093f000d_7ZG5PmJ1. Status changed: AVAILABLE => DETACHING in 0.1808333396911621
2020-04-26 10:56:16.892 2260 RALLYDEBUG rally.task.utils [-] Waiting for resource s_rally_093f000d_NKhWPqsv. Status changed: AVAILABLE => DELETING in 0.06834220886230469
2020-04-26 10:56:16.971 2262 RALLYDEBUG rally.task.utils [-] Waiting for resource s_rally_093f000d_6pXUfKNd. Status changed: RESERVED => IN-USE in 2.17452335357666
2020-04-26 10:56:17.320 2261 RALLYDEBUG rally.task.utils [-] Waiting for resource s_rally_093f000d_4TR5GD3d. Status changed: DETACHING => AVAILABLE in 2.206983804702759
2020-04-26 10:56:17.380 2262 RALLYDEBUG rally.task.utils [-] Waiting for resource s_rally_093f000d_6pXUfKNd. Status changed: AVAILABLE => DETACHING in 0.18035149574279785
2020-04-26 10:56:17.435 2261 RALLYDEBUG rally.task.utils [-] Waiting for resource s_rally_093f000d_3iS3Ixel. Status changed: AVAILABLE => DELETING in 0.03817462921142578
2020-04-26 10:56:18.858 2259 RALLYDEBUG rally.task.utils [-] Waiting for resource s_rally_093f000d_7ZG5PmJ1. Status changed: DETACHING => AVAILABLE in 2.1885054111480713
2020-04-26 10:56:18.975 2259 RALLYDEBUG rally.task.utils [-] Waiting for resource s_rally_093f000d_95EUhvQS. Status changed: AVAILABLE => DELETING in 0.034455299377441406
2020-04-26 10:56:19.540 2262 RALLYDEBUG rally.task.utils [-] Waiting for resource s_rally_093f000d_6pXUfKNd. Status changed: DETACHING => AVAILABLE in 2.159302234649658
2020-04-26 10:56:19.614 2261 RALLYDEBUG rally.task.utils [-] Waiting for resource s_rally_093f000d_4TR5GD3d. Status changed: AVAILABLE => DELETING in 0.0689241886138916
2020-04-26 10:56:19.651 2262 RALLYDEBUG rally.task.utils [-] Waiting for resource s_rally_093f000d_0OCr4NPg. Status changed: AVAILABLE => DELETING in 0.03477334976196289
2020-04-26 10:56:21.143 2259 RALLYDEBUG rally.task.utils [-] Waiting for resource s_rally_093f000d_7ZG5PmJ1. Status changed: AVAILABLE => DELETING in 0.05567312240600586
2020-04-26 10:56:21.865 2262 RALLYDEBUG rally.task.utils [-] Waiting for resource s_rally_093f000d_6pXUfKNd. Status changed: AVAILABLE => DELETING in 0.07525205612182617
2020-04-26 10:56:24.081 2260 INFO rally.task.runner [-] Task f7de0959-db9f-4e81-b893-35857ddf6e02 | ITER: 5 END: OK
2020-04-26 10:56:24.086 2260 INFO rally.task.runner [-] Task f7de0959-db9f-4e81-b893-35857ddf6e02 | ITER: 9 START
2020-04-26 10:56:28.404 2261 INFO rally.task.runner [-] Task f7de0959-db9f-4e81-b893-35857ddf6e02 | ITER: 6 END: OK
2020-04-26 10:56:28.409 2261 INFO rally.task.runner [-] Task f7de0959-db9f-4e81-b893-35857ddf6e02 | ITER: 10 START
2020-04-26 10:56:30.518 2262 INFO rally.task.runner [-] Task f7de0959-db9f-4e81-b893-35857ddf6e02 | ITER: 8 END: OK
2020-04-26 10:56:30.543 2259 INFO rally.task.runner [-] Task f7de0959-db9f-4e81-b893-35857ddf6e02 | ITER: 7 END: OK
2020-04-26 10:56:39.536 2260 RALLYDEBUG rally.task.utils [-] Waiting for resource s_rally_093f000d_CC80Rwu8. Status changed: BUILD => ACTIVE in 12.149219036102295
2020-04-26 10:56:39.744 2261 RALLYDEBUG rally.task.utils [-] Waiting for resource s_rally_093f000d_ExNZmFw4. Status changed: BUILD => ACTIVE in 8.582903146743774
2020-04-26 10:56:45.038 2260 RALLYDEBUG rally.task.utils [-] Waiting for resource s_rally_093f000d_qFnrVS27. Status changed: AVAILABLE => RESERVED in 0.19824910163879395
2020-04-26 10:56:45.087 2261 RALLYDEBUG rally.task.utils [-] Waiting for resource s_rally_093f000d_WtGMvCDC. Status changed: AVAILABLE => RESERVED in 0.21742701530456543
2020-04-26 10:56:47.239 2260 RALLYDEBUG rally.task.utils [-] Waiting for resource s_rally_093f000d_qFnrVS27. Status changed: RESERVED => IN-USE in 2.2005374431610107
2020-04-26 10:56:47.276 2261 RALLYDEBUG rally.task.utils [-] Waiting for resource s_rally_093f000d_WtGMvCDC. Status changed: RESERVED => IN-USE in 2.189659357070923
2020-04-26 10:56:47.671 2260 RALLYDEBUG rally.task.utils [-] Waiting for resource s_rally_093f000d_qFnrVS27. Status changed: AVAILABLE => DETACHING in 0.19814801216125488
2020-04-26 10:56:47.700 2261 RALLYDEBUG rally.task.utils [-] Waiting for resource s_rally_093f000d_WtGMvCDC. Status changed: AVAILABLE => DETACHING in 0.2044062614440918
2020-04-26 10:56:49.858 2260 RALLYDEBUG rally.task.utils [-] Waiting for resource s_rally_093f000d_qFnrVS27. Status changed: DETACHING => AVAILABLE in 2.187589645385742
2020-04-26 10:56:49.869 2261 RALLYDEBUG rally.task.utils [-] Waiting for resource s_rally_093f000d_WtGMvCDC. Status changed: DETACHING => AVAILABLE in 2.1690876483917236
2020-04-26 10:56:49.982 2260 RALLYDEBUG rally.task.utils [-] Waiting for resource s_rally_093f000d_A3b5HcEY. Status changed: AVAILABLE => DELETING in 0.04390072822570801
2020-04-26 10:56:49.986 2261 RALLYDEBUG rally.task.utils [-] Waiting for resource s_rally_093f000d_W6xT1GOT. Status changed: AVAILABLE => DELETING in 0.034270524978637695
2020-04-26 10:56:52.166 2260 RALLYDEBUG rally.task.utils [-] Waiting for resource s_rally_093f000d_qFnrVS27. Status changed: AVAILABLE => DELETING in 0.06938958168029785
2020-04-26 10:56:52.177 2261 RALLYDEBUG rally.task.utils [-] Waiting for resource s_rally_093f000d_WtGMvCDC. Status changed: AVAILABLE => DELETING in 0.07375121116638184
2020-04-26 10:56:56.759 2261 INFO rally.task.runner [-] Task f7de0959-db9f-4e81-b893-35857ddf6e02 | ITER: 10 END: OK
2020-04-26 10:56:56.976 2260 INFO rally.task.runner [-] Task f7de0959-db9f-4e81-b893-35857ddf6e02 | ITER: 9 END: OK
2020-04-26 10:56:57.003 1339 INFO rally.task.context [-] Task f7de0959-db9f-4e81-b893-35857ddf6e02 | Context cleanup@openstack cleanup() started
2020-04-26 10:56:57.011 1339 RALLYDEBUG rally_openstack.task.cleanup.manager [-] Cleaning up nova servers objects
2020-04-26 10:56:57.661 1339 RALLYDEBUG rally_openstack.task.cleanup.manager [-] Cleaning up nova server_groups objects
2020-04-26 10:56:58.307 1339 RALLYDEBUG rally_openstack.task.cleanup.manager [-] Cleaning up nova keypairs objects
2020-04-26 10:56:59.418 1339 RALLYDEBUG rally_openstack.task.cleanup.manager [-] Cleaning up cinder backups objects
2020-04-26 10:56:59.897 1339 RALLYDEBUG rally_openstack.task.cleanup.manager [-] Cleaning up cinder volume_snapshots objects
2020-04-26 10:57:00.314 1339 RALLYDEBUG rally_openstack.task.cleanup.manager [-] Cleaning up cinder transfers objects
2020-04-26 10:57:00.702 1339 RALLYDEBUG rally_openstack.task.cleanup.manager [-] Cleaning up cinder volumes objects
2020-04-26 10:57:01.543 1339 INFO rally.task.context [-] Task f7de0959-db9f-4e81-b893-35857ddf6e02 | Context cleanup@openstack cleanup() finished in 4.54 sec
2020-04-26 10:57:01.544 1339 INFO rally.task.context [-] Task f7de0959-db9f-4e81-b893-35857ddf6e02 | Context quotas@openstack cleanup() started
2020-04-26 10:57:01.646 1339 INFO rally.task.context [-] Task f7de0959-db9f-4e81-b893-35857ddf6e02 | Context quotas@openstack cleanup() finished in 0.10 sec
2020-04-26 10:57:01.647 1339 INFO rally.task.context [-] Task f7de0959-db9f-4e81-b893-35857ddf6e02 | Context api_versions@openstack cleanup() started
2020-04-26 10:57:01.648 1339 INFO rally.task.context [-] Task f7de0959-db9f-4e81-b893-35857ddf6e02 | Context api_versions@openstack cleanup() finished in 0.55 msec
2020-04-26 10:57:01.648 1339 INFO rally.task.context [-] Task f7de0959-db9f-4e81-b893-35857ddf6e02 | Context users@openstack cleanup() started
2020-04-26 10:57:04.129 1339 INFO rally.task.context [-] Task f7de0959-db9f-4e81-b893-35857ddf6e02 | Context users@openstack cleanup() finished in 2.48 sec
2020-04-26 10:57:05.275 1339 INFO rally.task.engine [-] Load duration is: 96.705037
2020-04-26 10:57:05.275 1339 INFO rally.task.engine [-] Full runner duration is: 97.754012
2020-04-26 10:57:05.275 1339 INFO rally.task.engine [-] Full duration is: 107.325953
2020-04-26 10:57:05.358 1339 INFO rally.task.engine [-] Running workload: position = 0 config = { "version": 2, "title": "A cropped version of a bigger task.", "description": "Auto-generated task from a single workload (uuid=c776cb82-c89a-4536-b282-1418e251892b)", "subtasks": [ { "title": "CinderVolumes.create_snapshot_and_attach_volume", "description": "Create vm, volume, snapshot and attach/detach volume.", "scenario": { "CinderVolumes.create_snapshot_and_attach_volume": { "flavor": { "name": "rally_full-flavor_e682400e-6557-47f8-ab35-d73c2fba5a69" }, "image": { "name": "rally_full-img_e682400e-6557-47f8-ab35-d73c2fba5a69" }, "size": { "min": 1, "max": 1 }, "create_vm_params": { "nics": [ { "net-id": "af47796e-c88f-460d-bbd7-b8d236245e71" } ] } } }, "contexts": { "users": { "tenants": 3, "users_per_tenant": 2 }, "quotas": { "cinder": { "gigabytes": -1, "snapshots": -1, "volumes": -1 } }, "api_versions": { "cinder": { "version": 3, "service_type": "volumev3" } } }, "runner": { "constant": { "concurrency": 4, "times": 10 } }, "hooks": [], "sla": { "failure_rate": { "max": 0 } } } ] }
2020-04-26 10:57:05.373 1339 RALLYDEBUG rally_openstack.task.contexts.keystone.users [-] Creating 3 tenants using 3 threads
2020-04-26 10:57:05.797 1339 RALLYDEBUG rally_openstack.task.contexts.keystone.users [-] Creating 6 users using 6 threads
2020-04-26 10:57:06.720 1339 INFO rally.task.context [-] Task f7de0959-db9f-4e81-b893-35857ddf6e02 | Context users@openstack setup() finished in 1.35 sec
2020-04-26 10:57:06.849 1339 INFO rally.task.context [-] Task f7de0959-db9f-4e81-b893-35857ddf6e02 | Context api_versions@openstack setup() finished in 0.13 sec
2020-04-26 10:57:07.584 1339 INFO rally.task.context [-] Task f7de0959-db9f-4e81-b893-35857ddf6e02 | Context quotas@openstack setup() finished in 0.73 sec
2020-04-26 10:57:07.585 1339 INFO rally.task.context [-] Task f7de0959-db9f-4e81-b893-35857ddf6e02 | Context cleanup@openstack setup() finished in 0.01 msec
2020-04-26 10:57:08.138 1339 RALLYDEBUG rally.task.runner [-] Starting the constant runner (task UUID: f7de0959-db9f-4e81-b893-35857ddf6e02). times: 10 concurrency: 4 timeout: 0 max_cpu_used: 88 processes_to_start: 4 concurrency_per_worker: 1 concurrency_overhead: 0
2020-04-26 10:57:08.149 2472 RALLYDEBUG rally.task.runner [-] Starting a worker. times: 10 duration: None concurrency: 1 timeout: 0 cls: method_name: run args: {"flavor": "21bf88ac-6eb5-4cce-8ebd-6c60291b5186", "image": "0c6b06b0-cf94-46e1-8894-79d640aac3a3", "size": {"min": 1, "max": 1}, "create_vm_params": {"nics": [{"net-id": "af47796e-c88f-460d-bbd7-b8d236245e71"}]}}
2020-04-26 10:57:08.153 2473 RALLYDEBUG rally.task.runner [-] Starting a worker. times: 10 duration: None concurrency: 1 timeout: 0 cls: method_name: run args: {"flavor": "21bf88ac-6eb5-4cce-8ebd-6c60291b5186", "image": "0c6b06b0-cf94-46e1-8894-79d640aac3a3", "size": {"min": 1, "max": 1}, "create_vm_params": {"nics": [{"net-id": "af47796e-c88f-460d-bbd7-b8d236245e71"}]}}
2020-04-26 10:57:08.155 2472 INFO rally.task.runner [-] Task f7de0959-db9f-4e81-b893-35857ddf6e02 | ITER: 1 START
2020-04-26 10:57:08.155 2474 RALLYDEBUG rally.task.runner [-] Starting a worker. times: 10 duration: None concurrency: 1 timeout: 0 cls: method_name: run args: {"flavor": "21bf88ac-6eb5-4cce-8ebd-6c60291b5186", "image": "0c6b06b0-cf94-46e1-8894-79d640aac3a3", "size": {"min": 1, "max": 1}, "create_vm_params": {"nics": [{"net-id": "af47796e-c88f-460d-bbd7-b8d236245e71"}]}}
2020-04-26 10:57:08.158 2475 RALLYDEBUG rally.task.runner [-] Starting a worker. times: 10 duration: None concurrency: 1 timeout: 0 cls: method_name: run args: {"flavor": "21bf88ac-6eb5-4cce-8ebd-6c60291b5186", "image": "0c6b06b0-cf94-46e1-8894-79d640aac3a3", "size": {"min": 1, "max": 1}, "create_vm_params": {"nics": [{"net-id": "af47796e-c88f-460d-bbd7-b8d236245e71"}]}}
2020-04-26 10:57:08.159 2473 INFO rally.task.runner [-] Task f7de0959-db9f-4e81-b893-35857ddf6e02 | ITER: 2 START
2020-04-26 10:57:08.161 2474 INFO rally.task.runner [-] Task f7de0959-db9f-4e81-b893-35857ddf6e02 | ITER: 3 START
2020-04-26 10:57:08.163 2475 INFO rally.task.runner [-] Task f7de0959-db9f-4e81-b893-35857ddf6e02 | ITER: 4 START
2020-04-26 10:57:24.475 2474 RALLYDEBUG rally.task.utils [-] Waiting for resource s_rally_c776cb82_Ng3wvMqu. Status changed: BUILD => ACTIVE in 9.442989110946655
2020-04-26 10:57:25.155 2474 RALLYDEBUG rally.task.utils [-] Waiting for resource s_rally_c776cb82_Aa36RI5e. Status changed: AVAILABLE => RESERVED in 0.28717517852783203
2020-04-26 10:57:27.335 2474 RALLYDEBUG rally.task.utils [-] Waiting for resource s_rally_c776cb82_Aa36RI5e. Status changed: RESERVED => IN-USE in 2.1804513931274414
2020-04-26 10:57:27.801 2474 RALLYDEBUG rally.task.utils [-] Waiting for resource s_rally_c776cb82_Aa36RI5e. Status changed: AVAILABLE => DETACHING in 0.18238329887390137
2020-04-26 10:57:27.904 2475 RALLYDEBUG rally.task.utils [-] Waiting for resource s_rally_c776cb82_dgcB52Fc. Status changed: BUILD => ACTIVE in 12.65121865272522
2020-04-26 10:57:27.996 2473 RALLYDEBUG rally.task.utils [-] Waiting for resource s_rally_c776cb82_e1keX1ly. Status changed: BUILD => ACTIVE in 12.981012344360352
2020-04-26 10:57:28.527 2475 RALLYDEBUG rally.task.utils [-] Waiting for resource s_rally_c776cb82_SO5SuFLL. Status changed: AVAILABLE => RESERVED in 0.23680591583251953
2020-04-26 10:57:28.624 2473 RALLYDEBUG rally.task.utils [-] Waiting for resource s_rally_c776cb82_A3jeupsO. Status changed: AVAILABLE => RESERVED in 0.22935843467712402
2020-04-26 10:57:29.939 2472 RALLYDEBUG rally.task.utils [-] Waiting for resource s_rally_c776cb82_ObUTcj2i. Status changed: BUILD => ACTIVE in 14.772588014602661
2020-04-26 10:57:29.989 2474 RALLYDEBUG rally.task.utils [-] Waiting for resource s_rally_c776cb82_Aa36RI5e. Status changed: DETACHING => AVAILABLE in 2.187995672225952
2020-04-26 10:57:30.103 2474 RALLYDEBUG rally.task.utils [-] Waiting for resource s_rally_c776cb82_wvdVyXZ1. Status changed: AVAILABLE => DELETING in 0.0371248722076416
2020-04-26 10:57:30.583 2472 RALLYDEBUG rally.task.utils [-] Waiting for resource s_rally_c776cb82_MNDXEzDn. Status changed: AVAILABLE => RESERVED in 0.23334479331970215
2020-04-26 10:57:30.718 2475 RALLYDEBUG rally.task.utils [-] Waiting for resource s_rally_c776cb82_SO5SuFLL. Status changed: RESERVED => IN-USE in 2.191797971725464
2020-04-26 10:57:30.799 2473 RALLYDEBUG rally.task.utils [-] Waiting for resource s_rally_c776cb82_A3jeupsO. Status changed: RESERVED => IN-USE in 2.1749820709228516
2020-04-26 10:57:31.136 2475 RALLYDEBUG rally.task.utils [-] Waiting for resource s_rally_c776cb82_SO5SuFLL. Status changed: AVAILABLE => DETACHING in 0.18592119216918945
2020-04-26 10:57:31.370 2473 RALLYDEBUG rally.task.utils [-] Waiting for resource s_rally_c776cb82_A3jeupsO. Status changed: AVAILABLE => DETACHING in 0.18300938606262207
2020-04-26 10:57:32.295 2474 RALLYDEBUG rally.task.utils [-] Waiting for resource s_rally_c776cb82_Aa36RI5e. Status changed: AVAILABLE => DELETING in 0.08023548126220703
2020-04-26 10:57:32.764 2472 RALLYDEBUG rally.task.utils [-] Waiting for resource s_rally_c776cb82_MNDXEzDn. Status changed: RESERVED => IN-USE in 2.180737257003784
2020-04-26 10:57:33.225 2472 RALLYDEBUG rally.task.utils [-] Waiting for resource s_rally_c776cb82_MNDXEzDn. Status changed: AVAILABLE => DETACHING in 0.2126600742340088
2020-04-26 10:57:33.312 2475 RALLYDEBUG rally.task.utils [-] Waiting for resource s_rally_c776cb82_SO5SuFLL. Status changed: DETACHING => AVAILABLE in 2.1756482124328613
2020-04-26 10:57:33.431 2475 RALLYDEBUG rally.task.utils [-] Waiting for resource s_rally_c776cb82_hTb24qcF. Status changed: AVAILABLE => DELETING in 0.03430652618408203
2020-04-26 10:57:33.547 2473 RALLYDEBUG rally.task.utils [-] Waiting for resource s_rally_c776cb82_A3jeupsO. Status changed: DETACHING => AVAILABLE in 2.1767430305480957
2020-04-26 10:57:33.676 2473 RALLYDEBUG rally.task.utils [-] Waiting for resource s_rally_c776cb82_ex00pb8e. Status changed: AVAILABLE => DELETING in 0.03313708305358887
2020-04-26 10:57:35.404 2472 RALLYDEBUG rally.task.utils [-] Waiting for resource s_rally_c776cb82_MNDXEzDn. Status changed: DETACHING => AVAILABLE in 2.179605484008789
2020-04-26 10:57:35.544 2472 RALLYDEBUG rally.task.utils [-] Waiting for resource s_rally_c776cb82_V7Y90ZVz. Status changed: AVAILABLE => DELETING in 0.03774070739746094
2020-04-26 10:57:35.646 2475 RALLYDEBUG rally.task.utils [-] Waiting for resource s_rally_c776cb82_SO5SuFLL. Status changed: AVAILABLE => DELETING in 0.07668137550354004
2020-04-26 10:57:35.876 2473 RALLYDEBUG rally.task.utils [-] Waiting for resource s_rally_c776cb82_A3jeupsO. Status changed: AVAILABLE => DELETING in 0.06865143775939941
2020-04-26 10:57:36.969 2474 INFO rally.task.runner [-] Task f7de0959-db9f-4e81-b893-35857ddf6e02 | ITER: 3 END: OK
2020-04-26 10:57:36.975 2474 INFO rally.task.runner [-] Task f7de0959-db9f-4e81-b893-35857ddf6e02 | ITER: 5 START
2020-04-26 10:57:37.730 2472 RALLYDEBUG rally.task.utils [-] Waiting for resource s_rally_c776cb82_MNDXEzDn. Status changed: AVAILABLE => DELETING in 0.06414389610290527
2020-04-26 10:57:40.196 2475 INFO rally.task.runner [-] Task f7de0959-db9f-4e81-b893-35857ddf6e02 | ITER: 4 END: OK
2020-04-26 10:57:40.201 2475 INFO rally.task.runner [-] Task f7de0959-db9f-4e81-b893-35857ddf6e02 | ITER: 6 START
2020-04-26 10:57:42.347 2472 INFO rally.task.runner [-] Task f7de0959-db9f-4e81-b893-35857ddf6e02 | ITER: 1 END: OK
2020-04-26 10:57:42.352 2472 INFO rally.task.runner [-] Task f7de0959-db9f-4e81-b893-35857ddf6e02 | ITER: 7 START
2020-04-26 10:57:42.587 2473 INFO rally.task.runner [-] Task f7de0959-db9f-4e81-b893-35857ddf6e02 | ITER: 2 END: OK
2020-04-26 10:57:42.592 2473 INFO rally.task.runner [-] Task f7de0959-db9f-4e81-b893-35857ddf6e02 | ITER: 8 START
2020-04-26 10:57:52.705 2474 RALLYDEBUG rally.task.utils [-] Waiting for resource s_rally_c776cb82_OnVUOv8V. Status changed: BUILD => ACTIVE in 9.118077278137207
2020-04-26 10:57:53.332 2474 RALLYDEBUG rally.task.utils [-] Waiting for resource s_rally_c776cb82_qNXk78Ga. Status changed: AVAILABLE => RESERVED in 0.18477344512939453
2020-04-26 10:57:54.829 2475 RALLYDEBUG rally.task.utils [-] Waiting for resource s_rally_c776cb82_srEr787n. Status changed: BUILD => ACTIVE in 7.796977519989014
2020-04-26 10:57:55.403 2475 RALLYDEBUG rally.task.utils [-] Waiting for resource s_rally_c776cb82_NmV9sULO. Status changed: AVAILABLE => RESERVED in 0.18010306358337402
2020-04-26 10:57:55.514 2474 RALLYDEBUG rally.task.utils [-] Waiting for resource s_rally_c776cb82_qNXk78Ga. Status changed: RESERVED => IN-USE in 2.1822469234466553
2020-04-26 10:57:55.942 2474 RALLYDEBUG rally.task.utils [-] Waiting for resource s_rally_c776cb82_qNXk78Ga. Status changed: AVAILABLE => DETACHING in 0.1825852394104004
2020-04-26 10:57:57.595 2475 RALLYDEBUG rally.task.utils [-] Waiting for resource s_rally_c776cb82_NmV9sULO. Status changed: RESERVED => IN-USE in 2.191667318344116
2020-04-26 10:57:58.119 2475 RALLYDEBUG rally.task.utils [-] Waiting for resource s_rally_c776cb82_NmV9sULO. Status changed: AVAILABLE => DETACHING in 0.2654085159301758
2020-04-26 10:57:58.153 2474 RALLYDEBUG rally.task.utils [-] Waiting for resource s_rally_c776cb82_qNXk78Ga. Status changed: DETACHING => AVAILABLE in 2.2109498977661133
2020-04-26 10:57:58.270 2474 RALLYDEBUG rally.task.utils [-] Waiting for resource s_rally_c776cb82_T9MjhG52. Status changed: AVAILABLE => DELETING in 0.03889751434326172
2020-04-26 10:57:58.801 2473 RALLYDEBUG rally.task.utils [-] Waiting for resource s_rally_c776cb82_iEJhPmZd. Status changed: BUILD => ACTIVE in 9.217655420303345
2020-04-26 10:57:59.386 2473 RALLYDEBUG rally.task.utils [-] Waiting for resource s_rally_c776cb82_C7YWHlaQ. Status changed: AVAILABLE => RESERVED in 0.17965984344482422
2020-04-26 10:58:00.302 2475 RALLYDEBUG rally.task.utils [-] Waiting for resource s_rally_c776cb82_NmV9sULO. Status changed: DETACHING => AVAILABLE in 2.1836321353912354
2020-04-26 10:58:00.436 2475 RALLYDEBUG rally.task.utils [-] Waiting for resource s_rally_c776cb82_EODQBn9c. Status changed: AVAILABLE => DELETING in 0.04042983055114746
2020-04-26 10:58:00.440 2474 RALLYDEBUG rally.task.utils [-] Waiting for resource s_rally_c776cb82_qNXk78Ga. Status changed: AVAILABLE => DELETING in 0.06462383270263672
2020-04-26 10:58:01.558 2473 RALLYDEBUG rally.task.utils [-] Waiting for resource s_rally_c776cb82_C7YWHlaQ. Status changed: RESERVED => IN-USE in 2.1718456745147705
2020-04-26 10:58:01.854 2472 RALLYDEBUG rally.task.utils [-] Waiting for resource s_rally_c776cb82_fQB1upaB. Status changed: BUILD => ACTIVE in 11.367232322692871
2020-04-26 10:58:01.952 2473 RALLYDEBUG rally.task.utils [-] Waiting for resource s_rally_c776cb82_C7YWHlaQ. Status changed: AVAILABLE => DETACHING in 0.1598827838897705
2020-04-26 10:58:02.438 2472 RALLYDEBUG rally.task.utils [-] Waiting for resource s_rally_c776cb82_OMd3ICoX. Status changed: AVAILABLE => RESERVED in 0.18491864204406738
2020-04-26 10:58:02.618 2475 RALLYDEBUG rally.task.utils [-] Waiting for resource s_rally_c776cb82_NmV9sULO. Status changed: AVAILABLE => DELETING in 0.07092976570129395
2020-04-26 10:58:04.266 2473 RALLYDEBUG rally.task.utils [-] Waiting for resource s_rally_c776cb82_C7YWHlaQ. Status changed: DETACHING => AVAILABLE in 2.3140780925750732
2020-04-26 10:58:04.418 2473 RALLYDEBUG rally.task.utils [-] Waiting for resource s_rally_c776cb82_JQQAY7uS. Status changed: AVAILABLE => DELETING in 0.03937888145446777
2020-04-26 10:58:04.654 2472 RALLYDEBUG rally.task.utils [-] Waiting for resource s_rally_c776cb82_OMd3ICoX. Status changed: RESERVED => IN-USE in 2.216083526611328
2020-04-26 10:58:05.085 2472 RALLYDEBUG rally.task.utils [-] Waiting for resource s_rally_c776cb82_OMd3ICoX. Status changed: AVAILABLE => DETACHING in 0.20268559455871582
2020-04-26 10:58:06.611 2473 RALLYDEBUG rally.task.utils [-] Waiting for resource s_rally_c776cb82_C7YWHlaQ. Status changed: AVAILABLE => DELETING in 0.07655668258666992
2020-04-26 10:58:07.182 2475 INFO rally.task.runner [-] Task f7de0959-db9f-4e81-b893-35857ddf6e02 | ITER: 6 END: OK
2020-04-26 10:58:07.184 2474 INFO rally.task.runner [-] Task f7de0959-db9f-4e81-b893-35857ddf6e02 | ITER: 5 END: OK
2020-04-26 10:58:07.187 2475 INFO rally.task.runner [-] Task f7de0959-db9f-4e81-b893-35857ddf6e02 | ITER: 9 START
