2020-04-26 11:49:47.392 15675 INFO rally.task.context [-] Task 3d9388a6-3e51-4703-bef1-85eed849b829 | Context servers@openstack cleanup() started
2020-04-26 11:49:47.395 15675 RALLYDEBUG rally_openstack.task.cleanup.manager [-] Cleaning up nova servers objects
2020-04-26 11:49:49.224 15675 RALLYDEBUG rally_openstack.task.cleanup.manager [-] Deleting nova.servers object s_rally_03c63f58_MVTXeUC9_1 (32e71a0b-88d1-456a-8d14-c25e3ca3681c)
2020-04-26 11:49:49.227 15675 RALLYDEBUG rally_openstack.task.cleanup.manager [-] Deleting nova.servers object s_rally_03c63f58_MVTXeUC9_0 (53c155f0-bbb4-4454-b3ff-b9ac2ac91b76)
2020-04-26 11:49:49.236 15675 RALLYDEBUG rally_openstack.task.cleanup.manager [-] Deleting nova.servers object s_rally_03c63f58_k01bSihj_1 (8ebd832a-0594-44f5-8109-9c7ff49eb1b6)
2020-04-26 11:49:49.242 15675 RALLYDEBUG rally_openstack.task.cleanup.manager [-] Deleting nova.servers object s_rally_03c63f58_k01bSihj_0 (31e5d066-934e-4338-89fb-f413d0316bb9)
2020-04-26 11:49:49.248 15675 RALLYDEBUG rally_openstack.task.cleanup.manager [-] Deleting nova.servers object s_rally_03c63f58_sdPS4GOD_1 (bc6eb556-5546-4985-9ea2-6dc765e18b2f)
2020-04-26 11:49:49.263 15675 RALLYDEBUG rally_openstack.task.cleanup.manager [-] Deleting nova.servers object s_rally_03c63f58_sdPS4GOD_0 (dd0bb4e6-bdfd-44ac-a54f-c0d6917687f9)
2020-04-26 11:49:56.808 15675 INFO rally.task.context [-] Task 3d9388a6-3e51-4703-bef1-85eed849b829 | Context servers@openstack cleanup() finished in 9.42 sec
2020-04-26 11:49:56.809 15675 INFO rally.task.context [-] Task 3d9388a6-3e51-4703-bef1-85eed849b829 | Context network@openstack cleanup() started
2020-04-26 11:50:16.358 15675 INFO rally.task.context [-] Task 3d9388a6-3e51-4703-bef1-85eed849b829 | Context network@openstack cleanup() finished in 19.55 sec
2020-04-26 11:50:16.359 15675 INFO rally.task.context [-] Task 3d9388a6-3e51-4703-bef1-85eed849b829 | Context users@openstack cleanup() started
2020-04-26 11:50:18.487 15675 INFO rally.task.context [-] Task 3d9388a6-3e51-4703-bef1-85eed849b829 | Context users@openstack cleanup() finished in 2.13 sec
2020-04-26 11:50:19.737 15675 INFO rally.task.engine [-] Load duration is: 1.531374
2020-04-26 11:50:19.737 15675 INFO rally.task.engine [-] Full runner duration is: 1.575716
2020-04-26 11:50:19.737 15675 INFO rally.task.engine [-] Full duration is: 89.148721
2020-04-26 11:50:19.830 15675 INFO rally.task.engine [-] Running workload: position = 0 config = { "version": 2, "title": "A cropped version of a bigger task.", "description": "Auto-generated task from a single workload (uuid=a9223d6d-1ec2-473c-8847-bc734150eedd)", "subtasks": [ { "title": "NovaServers.resize_server", "description": "Boot a server, then resize and delete it.", "scenario": { "NovaServers.resize_server": { "flavor": { "name": "rally_full-flavor_e682400e-6557-47f8-ab35-d73c2fba5a69" }, "image": { "name": "rally_full-img_e682400e-6557-47f8-ab35-d73c2fba5a69" }, "to_flavor": { "name": "rally_full-flavor_alt_e682400e-6557-47f8-ab35-d73c2fba5a69" }, "confirm": true, "force_delete": false, "nics": [ { "net-id": "af47796e-c88f-460d-bbd7-b8d236245e71" } ] } }, "contexts": { "users": { "tenants": 3, "users_per_tenant": 2 } }, "runner": { "constant": { "concurrency": 4, "times": 10 } }, "hooks": [], "sla": { "failure_rate": { "max": 0 } } } ] }
2020-04-26 11:50:19.852 15675 RALLYDEBUG rally_openstack.task.contexts.keystone.users [-] Creating 3 tenants using 3 threads
2020-04-26 11:50:20.259 15675 RALLYDEBUG rally_openstack.task.contexts.keystone.users [-] Creating 6 users using 6 threads
2020-04-26 11:50:20.985 15675 INFO rally.task.context [-] Task 3d9388a6-3e51-4703-bef1-85eed849b829 | Context users@openstack setup() finished in 1.13 sec
2020-04-26 11:50:20.986 15675 INFO rally.task.context [-] Task 3d9388a6-3e51-4703-bef1-85eed849b829 | Context cleanup@openstack setup() finished in 0.01 msec
2020-04-26 11:50:21.495 15675 RALLYDEBUG rally.task.runner [-] Starting the constant runner (task UUID: 3d9388a6-3e51-4703-bef1-85eed849b829). times: 10 concurrency: 4 timeout: 0 max_cpu_used: 88 processes_to_start: 4 concurrency_per_worker: 1 concurrency_overhead: 0
2020-04-26 11:50:21.506 17120 RALLYDEBUG rally.task.runner [-] Starting a worker. times: 10 duration: None concurrency: 1 timeout: 0 cls: method_name: run args: {"flavor": "21bf88ac-6eb5-4cce-8ebd-6c60291b5186", "image": "0c6b06b0-cf94-46e1-8894-79d640aac3a3", "to_flavor": "fbdfa003-7ed7-477c-b9e2-06c91145a9a0", "confirm": true, "force_delete": false, "nics": [{"net-id": "af47796e-c88f-460d-bbd7-b8d236245e71"}]}
2020-04-26 11:50:21.509 17121 RALLYDEBUG rally.task.runner [-] Starting a worker. times: 10 duration: None concurrency: 1 timeout: 0 cls: method_name: run args: {"flavor": "21bf88ac-6eb5-4cce-8ebd-6c60291b5186", "image": "0c6b06b0-cf94-46e1-8894-79d640aac3a3", "to_flavor": "fbdfa003-7ed7-477c-b9e2-06c91145a9a0", "confirm": true, "force_delete": false, "nics": [{"net-id": "af47796e-c88f-460d-bbd7-b8d236245e71"}]}
2020-04-26 11:50:21.511 17120 INFO rally.task.runner [-] Task 3d9388a6-3e51-4703-bef1-85eed849b829 | ITER: 1 START
2020-04-26 11:50:21.511 17122 RALLYDEBUG rally.task.runner [-] Starting a worker. times: 10 duration: None concurrency: 1 timeout: 0 cls: method_name: run args: {"flavor": "21bf88ac-6eb5-4cce-8ebd-6c60291b5186", "image": "0c6b06b0-cf94-46e1-8894-79d640aac3a3", "to_flavor": "fbdfa003-7ed7-477c-b9e2-06c91145a9a0", "confirm": true, "force_delete": false, "nics": [{"net-id": "af47796e-c88f-460d-bbd7-b8d236245e71"}]}
2020-04-26 11:50:21.515 17121 INFO rally.task.runner [-] Task 3d9388a6-3e51-4703-bef1-85eed849b829 | ITER: 2 START
2020-04-26 11:50:21.514 17123 RALLYDEBUG rally.task.runner [-] Starting a worker. times: 10 duration: None concurrency: 1 timeout: 0 cls: method_name: run args: {"flavor": "21bf88ac-6eb5-4cce-8ebd-6c60291b5186", "image": "0c6b06b0-cf94-46e1-8894-79d640aac3a3", "to_flavor": "fbdfa003-7ed7-477c-b9e2-06c91145a9a0", "confirm": true, "force_delete": false, "nics": [{"net-id": "af47796e-c88f-460d-bbd7-b8d236245e71"}]}
2020-04-26 11:50:21.516 17122 INFO rally.task.runner [-] Task 3d9388a6-3e51-4703-bef1-85eed849b829 | ITER: 3 START
2020-04-26 11:50:21.519 17123 INFO rally.task.runner [-] Task 3d9388a6-3e51-4703-bef1-85eed849b829 | ITER: 4 START
2020-04-26 11:50:32.559 17123 RALLYDEBUG rally.task.utils [-] Waiting for resource s_rally_a9223d6d_4k1MUTgN. Status changed: BUILD => ACTIVE in 9.099976301193237
2020-04-26 11:50:33.102 17123 RALLYDEBUG rally.task.utils [-] Waiting for resource s_rally_a9223d6d_4k1MUTgN. Status changed: ACTIVE => RESIZE in 0.22144436836242676
2020-04-26 11:50:35.294 17122 RALLYDEBUG rally.task.utils [-] Waiting for resource s_rally_a9223d6d_UwnGKy8a. Status changed: BUILD => ACTIVE in 11.36995530128479
2020-04-26 11:50:36.980 17122 RALLYDEBUG rally.task.utils [-] Waiting for resource s_rally_a9223d6d_UwnGKy8a. Status changed: ACTIVE => RESIZE in 0.22679591178894043
2020-04-26 11:50:37.383 17120 RALLYDEBUG rally.task.utils [-] Waiting for resource s_rally_a9223d6d_k1Wd5LBq. Status changed: BUILD => ACTIVE in 13.451437950134277
2020-04-26 11:50:37.924 17120 RALLYDEBUG rally.task.utils [-] Waiting for resource s_rally_a9223d6d_k1Wd5LBq. Status changed: ACTIVE => RESIZE in 0.24027633666992188
2020-04-26 11:50:39.237 17121 RALLYDEBUG rally.task.utils [-] Waiting for resource s_rally_a9223d6d_1yVJ7HY5. Status changed: BUILD => ACTIVE in 15.744361162185669
2020-04-26 11:50:39.758 17121 RALLYDEBUG rally.task.utils [-] Waiting for resource s_rally_a9223d6d_1yVJ7HY5. Status changed: ACTIVE => RESIZE in 0.2172389030456543
2020-04-26 11:50:48.794 17123 RALLYDEBUG rally.task.utils [-] Waiting for resource s_rally_a9223d6d_4k1MUTgN. Status changed: RESIZE => VERIFY_RESIZE in 15.691295385360718
2020-04-26 11:50:49.199 17123 RALLYDEBUG rally.task.utils [-] Waiting for resource s_rally_a9223d6d_4k1MUTgN. Status changed: ACTIVE => VERIFY_RESIZE in 0.3117539882659912
2020-04-26 11:50:51.448 17123 RALLYDEBUG rally.task.utils [-] Waiting for resource s_rally_a9223d6d_4k1MUTgN. Status changed: VERIFY_RESIZE => ACTIVE in 2.2483503818511963
2020-04-26 11:50:54.137 17122 RALLYDEBUG rally.task.utils [-] Waiting for resource s_rally_a9223d6d_UwnGKy8a. Status changed: RESIZE => VERIFY_RESIZE in 17.15621304512024
2020-04-26 11:50:54.459 17122 RALLYDEBUG rally.task.utils [-] Waiting for resource s_rally_a9223d6d_UwnGKy8a. Status changed: ACTIVE => VERIFY_RESIZE in 0.22027587890625
2020-04-26 11:50:54.962 17120 RALLYDEBUG rally.task.utils [-] Waiting for resource s_rally_a9223d6d_k1Wd5LBq. Status changed: RESIZE => VERIFY_RESIZE in 17.037691354751587
2020-04-26 11:50:55.262 17120 RALLYDEBUG rally.task.utils [-] Waiting for resource s_rally_a9223d6d_k1Wd5LBq. Status changed: ACTIVE => VERIFY_RESIZE in 0.20588445663452148
2020-04-26 11:50:56.141 17123 INFO rally.task.runner [-] Task 3d9388a6-3e51-4703-bef1-85eed849b829 | ITER: 4 END: OK
2020-04-26 11:50:56.145 17123 INFO rally.task.runner [-] Task 3d9388a6-3e51-4703-bef1-85eed849b829 | ITER: 5 START
2020-04-26 11:50:56.469 17121 RALLYDEBUG rally.task.utils [-] Waiting for resource s_rally_a9223d6d_1yVJ7HY5. Status changed: RESIZE => VERIFY_RESIZE in 16.710542678833008
2020-04-26 11:50:56.939 17121 RALLYDEBUG rally.task.utils [-] Waiting for resource s_rally_a9223d6d_1yVJ7HY5. Status changed: ACTIVE => VERIFY_RESIZE in 0.3759300708770752
2020-04-26 11:50:57.518 17120 RALLYDEBUG rally.task.utils [-] Waiting for resource s_rally_a9223d6d_k1Wd5LBq. Status changed: VERIFY_RESIZE => ACTIVE in 2.256202220916748
2020-04-26 11:50:59.048 17122 RALLYDEBUG rally.task.utils [-] Waiting for resource s_rally_a9223d6d_UwnGKy8a. Status changed: VERIFY_RESIZE => ACTIVE in 4.588514566421509
2020-04-26 11:51:00.069 17120 INFO rally.task.runner [-] Task 3d9388a6-3e51-4703-bef1-85eed849b829 | ITER: 1 END: OK
2020-04-26 11:51:00.076 17120 INFO rally.task.runner [-] Task 3d9388a6-3e51-4703-bef1-85eed849b829 | ITER: 6 START
2020-04-26 11:51:01.453 17121 RALLYDEBUG rally.task.utils [-] Waiting for resource s_rally_a9223d6d_1yVJ7HY5. Status changed: VERIFY_RESIZE => ACTIVE in 4.513942003250122
2020-04-26 11:51:03.837 17122 INFO rally.task.runner [-] Task 3d9388a6-3e51-4703-bef1-85eed849b829 | ITER: 3 END: OK
2020-04-26 11:51:03.842 17122 INFO rally.task.runner [-] Task 3d9388a6-3e51-4703-bef1-85eed849b829 | ITER: 7 START
2020-04-26 11:51:04.006 17121 INFO rally.task.runner [-] Task 3d9388a6-3e51-4703-bef1-85eed849b829 | ITER: 2 END: OK
2020-04-26 11:51:04.010 17121 INFO rally.task.runner [-] Task 3d9388a6-3e51-4703-bef1-85eed849b829 | ITER: 8 START
2020-04-26 11:51:07.535 17123 RALLYDEBUG rally.task.utils [-] Waiting for resource s_rally_a9223d6d_rygaXMDt. Status changed: BUILD => ACTIVE in 9.3462393283844
2020-04-26 11:51:08.084 17123 RALLYDEBUG rally.task.utils [-] Waiting for resource s_rally_a9223d6d_rygaXMDt. Status changed: ACTIVE => RESIZE in 0.24774479866027832
2020-04-26 11:51:12.333 17120 RALLYDEBUG rally.task.utils [-] Waiting for resource s_rally_a9223d6d_nIJJgoEa. Status changed: BUILD => ACTIVE in 10.199556589126587
2020-04-26 11:51:12.827 17120 RALLYDEBUG rally.task.utils [-] Waiting for resource s_rally_a9223d6d_nIJJgoEa. Status changed: ACTIVE => RESIZE in 0.19787955284118652
2020-04-26 11:51:16.598 17121 RALLYDEBUG rally.task.utils [-] Waiting for resource s_rally_a9223d6d_7nSxrB6r. Status changed: BUILD => ACTIVE in 9.119431734085083
2020-04-26 11:51:17.109 17121 RALLYDEBUG rally.task.utils [-] Waiting for resource s_rally_a9223d6d_7nSxrB6r. Status changed: ACTIVE => RESIZE in 0.22849440574645996
2020-04-26 11:51:18.259 17122 RALLYDEBUG rally.task.utils [-] Waiting for resource s_rally_a9223d6d_rFLMBLbN. Status changed: BUILD => ACTIVE in 12.412090301513672
2020-04-26 11:51:18.756 17122 RALLYDEBUG rally.task.utils [-] Waiting for resource s_rally_a9223d6d_rFLMBLbN. Status changed: ACTIVE => RESIZE in 0.18820810317993164
2020-04-26 11:51:23.322 17120 RALLYDEBUG rally.task.utils [-] Waiting for resource s_rally_a9223d6d_nIJJgoEa. Status changed: RESIZE => VERIFY_RESIZE in 10.495219707489014
2020-04-26 11:51:23.860 17123 RALLYDEBUG rally.task.utils [-] Waiting for resource s_rally_a9223d6d_rygaXMDt. Status changed: RESIZE => VERIFY_RESIZE in 15.776056051254272
2020-04-26 11:51:24.214 17123 RALLYDEBUG rally.task.utils [-] Waiting for resource s_rally_a9223d6d_rygaXMDt. Status changed: ACTIVE => VERIFY_RESIZE in 0.2137162685394287
2020-04-26 11:51:24.825 17120 RALLYDEBUG rally.task.utils [-] Waiting for resource s_rally_a9223d6d_nIJJgoEa. Status changed: ACTIVE => VERIFY_RESIZE in 1.3939135074615479
2020-04-26 11:51:27.074 17120 RALLYDEBUG rally.task.utils [-] Waiting for resource s_rally_a9223d6d_nIJJgoEa. Status changed: VERIFY_RESIZE => ACTIVE in 2.249342203140259
2020-04-26 11:51:27.705 17121 RALLYDEBUG rally.task.utils [-] Waiting for resource s_rally_a9223d6d_7nSxrB6r. Status changed: RESIZE => VERIFY_RESIZE in 10.596296787261963
2020-04-26 11:51:28.048 17121 RALLYDEBUG rally.task.utils [-] Waiting for resource s_rally_a9223d6d_7nSxrB6r. Status changed: ACTIVE => VERIFY_RESIZE in 0.2347567081451416
2020-04-26 11:51:28.656 17123 RALLYDEBUG rally.task.utils [-] Waiting for resource s_rally_a9223d6d_rygaXMDt. Status changed: VERIFY_RESIZE => ACTIVE in 4.442083835601807
2020-04-26 11:51:29.709 17120 INFO rally.task.runner [-] Task 3d9388a6-3e51-4703-bef1-85eed849b829 | ITER: 6 END: OK
2020-04-26 11:51:29.713 17120 INFO rally.task.runner [-] Task 3d9388a6-3e51-4703-bef1-85eed849b829 | ITER: 9 START
2020-04-26 11:51:32.510 17121 RALLYDEBUG rally.task.utils [-] Waiting for resource s_rally_a9223d6d_7nSxrB6r. Status changed: VERIFY_RESIZE => ACTIVE in 4.461859941482544
2020-04-26 11:51:32.655 17123 INFO rally.task.runner [-] Task 3d9388a6-3e51-4703-bef1-85eed849b829 | ITER: 5 END: OK
2020-04-26 11:51:32.658 17123 INFO rally.task.runner [-] Task 3d9388a6-3e51-4703-bef1-85eed849b829 | ITER: 10 START
2020-04-26 11:51:35.006 17121 INFO rally.task.runner [-] Task 3d9388a6-3e51-4703-bef1-85eed849b829 | ITER: 8 END: OK
2020-04-26 11:51:36.062 17122 RALLYDEBUG rally.task.utils [-] Waiting for resource s_rally_a9223d6d_rFLMBLbN. Status changed: RESIZE => VERIFY_RESIZE in 17.306730270385742
2020-04-26 11:51:36.391 17122 RALLYDEBUG rally.task.utils [-] Waiting for resource s_rally_a9223d6d_rFLMBLbN. Status changed: ACTIVE => VERIFY_RESIZE in 0.22443151473999023
2020-04-26 11:51:40.798 17120 RALLYDEBUG rally.task.utils [-] Waiting for resource s_rally_a9223d6d_BzGo7uAv. Status changed: BUILD => ACTIVE in 9.146152019500732
2020-04-26 11:51:40.991 17122 RALLYDEBUG rally.task.utils [-] Waiting for resource s_rally_a9223d6d_rFLMBLbN. Status changed: VERIFY_RESIZE => ACTIVE in 4.599678993225098
2020-04-26 11:51:41.349 17120 RALLYDEBUG rally.task.utils [-] Waiting for resource s_rally_a9223d6d_BzGo7uAv. Status changed: ACTIVE => RESIZE in 0.19981932640075684
2020-04-26 11:51:41.575 17123 RALLYDEBUG rally.task.utils [-] Waiting for resource s_rally_a9223d6d_4DT0ODie. Status changed: BUILD => ACTIVE in 6.993650913238525
2020-04-26 11:51:42.230 17123 RALLYDEBUG rally.task.utils [-] Waiting for resource s_rally_a9223d6d_4DT0ODie. Status changed: ACTIVE => RESIZE in 0.33122992515563965
2020-04-26 11:51:43.641 17122 INFO rally.task.runner [-] Task 3d9388a6-3e51-4703-bef1-85eed849b829 | ITER: 7 END: OK
2020-04-26 11:51:51.839 17120 RALLYDEBUG rally.task.utils [-] Waiting for resource s_rally_a9223d6d_BzGo7uAv. Status changed: RESIZE => VERIFY_RESIZE in 10.490301609039307
2020-04-26 11:51:52.144 17120 RALLYDEBUG rally.task.utils [-] Waiting for resource s_rally_a9223d6d_BzGo7uAv. Status changed: ACTIVE => VERIFY_RESIZE in 0.21544790267944336
2020-04-26 11:51:54.365 17120 RALLYDEBUG rally.task.utils [-] Waiting for resource s_rally_a9223d6d_BzGo7uAv. Status changed: VERIFY_RESIZE => ACTIVE in 2.2208139896392822
2020-04-26 11:51:56.909 17120 INFO rally.task.runner [-] Task 3d9388a6-3e51-4703-bef1-85eed849b829 | ITER: 9 END: OK
2020-04-26 11:51:58.714 17123 RALLYDEBUG rally.task.utils [-] Waiting for resource s_rally_a9223d6d_4DT0ODie. Status changed: RESIZE => VERIFY_RESIZE in 16.484107494354248
2020-04-26 11:51:59.030 17123 RALLYDEBUG rally.task.utils [-] Waiting for resource s_rally_a9223d6d_4DT0ODie. Status changed: ACTIVE => VERIFY_RESIZE in 0.2079617977142334
2020-04-26 11:52:03.480 17123 RALLYDEBUG rally.task.utils [-] Waiting for resource s_rally_a9223d6d_4DT0ODie. Status changed: VERIFY_RESIZE => ACTIVE in 4.449963331222534
2020-04-26 11:52:05.958 17123 INFO rally.task.runner [-] Task 3d9388a6-3e51-4703-bef1-85eed849b829 | ITER: 10 END: OK
2020-04-26 11:52:05.978 15675 INFO rally.task.context [-] Task 3d9388a6-3e51-4703-bef1-85eed849b829 | Context cleanup@openstack cleanup() started
2020-04-26 11:52:05.983 15675 RALLYDEBUG rally_openstack.task.cleanup.manager [-] Cleaning up nova servers objects
2020-04-26 11:52:06.723 15675 RALLYDEBUG rally_openstack.task.cleanup.manager [-] Cleaning up nova server_groups objects
2020-04-26 11:52:07.133 15675 RALLYDEBUG rally_openstack.task.cleanup.manager [-] Cleaning up nova keypairs objects
2020-04-26 11:52:07.976 15675 INFO rally.task.context [-] Task 3d9388a6-3e51-4703-bef1-85eed849b829 | Context cleanup@openstack cleanup() finished in 2.00 sec
2020-04-26 11:52:07.977 15675 INFO rally.task.context [-] Task 3d9388a6-3e51-4703-bef1-85eed849b829 | Context users@openstack cleanup() started
2020-04-26 11:52:09.948 15675 INFO rally.task.context [-] Task 3d9388a6-3e51-4703-bef1-85eed849b829 | Context users@openstack cleanup() finished in 1.97 sec
2020-04-26 11:52:10.315 15675 INFO rally.task.engine [-] Load duration is: 103.445227
2020-04-26 11:52:10.316 15675 INFO rally.task.engine [-] Full runner duration is: 104.483043
2020-04-26 11:52:10.316 15675 INFO rally.task.engine [-] Full duration is: 110.097246
2020-04-26 11:52:10.399 15675 INFO rally.task.engine [-] Running workload: position = 0 config = { "version": 2, "title": "A cropped version of a bigger task.", "description": "Auto-generated task from a single workload (uuid=5abf349d-778b-43fe-a4d9-24e33e571e90)", "subtasks": [ { "title": "NovaServers.boot_and_live_migrate_server", "description": "Live Migrate a server.", "scenario": { "NovaServers.boot_and_live_migrate_server": { "flavor": { "name": "rally_full-flavor_e682400e-6557-47f8-ab35-d73c2fba5a69" }, "image": { "name": "rally_full-img_e682400e-6557-47f8-ab35-d73c2fba5a69" }, "block_migration": false, "nics": [ { "net-id": "af47796e-c88f-460d-bbd7-b8d236245e71" } ] } }, "contexts": { "users": { "tenants": 3, "users_per_tenant": 2 } }, "runner": { "constant": { "concurrency": 4, "times": 10 } }, "hooks": [], "sla": { "failure_rate": { "max": 0 } } } ] }
2020-04-26 11:52:10.414 15675 RALLYDEBUG rally_openstack.task.contexts.keystone.users [-] Creating 3 tenants using 3 threads
2020-04-26 11:52:10.870 15675 RALLYDEBUG rally_openstack.task.contexts.keystone.users [-] Creating 6 users using 6 threads
2020-04-26 11:52:11.668 15675 INFO rally.task.context [-] Task 3d9388a6-3e51-4703-bef1-85eed849b829 | Context users@openstack setup() finished in 1.25 sec
2020-04-26 11:52:11.668 15675 INFO rally.task.context [-] Task 3d9388a6-3e51-4703-bef1-85eed849b829 | Context cleanup@openstack setup() finished in 0.02 msec
2020-04-26 11:52:12.128 15675 RALLYDEBUG rally.task.runner [-] Starting the constant runner (task UUID: 3d9388a6-3e51-4703-bef1-85eed849b829). times: 10 concurrency: 4 timeout: 0 max_cpu_used: 88 processes_to_start: 4 concurrency_per_worker: 1 concurrency_overhead: 0
2020-04-26 11:52:12.139 17253 RALLYDEBUG rally.task.runner [-] Starting a worker. times: 10 duration: None concurrency: 1 timeout: 0 cls: method_name: run args: {"flavor": "21bf88ac-6eb5-4cce-8ebd-6c60291b5186", "image": "0c6b06b0-cf94-46e1-8894-79d640aac3a3", "block_migration": false, "nics": [{"net-id": "af47796e-c88f-460d-bbd7-b8d236245e71"}]}
2020-04-26 11:52:12.141 17254 RALLYDEBUG rally.task.runner [-] Starting a worker. times: 10 duration: None concurrency: 1 timeout: 0 cls: method_name: run args: {"flavor": "21bf88ac-6eb5-4cce-8ebd-6c60291b5186", "image": "0c6b06b0-cf94-46e1-8894-79d640aac3a3", "block_migration": false, "nics": [{"net-id": "af47796e-c88f-460d-bbd7-b8d236245e71"}]}
2020-04-26 11:52:12.143 17253 INFO rally.task.runner [-] Task 3d9388a6-3e51-4703-bef1-85eed849b829 | ITER: 1 START
2020-04-26 11:52:12.145 17255 RALLYDEBUG rally.task.runner [-] Starting a worker. times: 10 duration: None concurrency: 1 timeout: 0 cls: method_name: run args: {"flavor": "21bf88ac-6eb5-4cce-8ebd-6c60291b5186", "image": "0c6b06b0-cf94-46e1-8894-79d640aac3a3", "block_migration": false, "nics": [{"net-id": "af47796e-c88f-460d-bbd7-b8d236245e71"}]}
2020-04-26 11:52:12.146 17254 INFO rally.task.runner [-] Task 3d9388a6-3e51-4703-bef1-85eed849b829 | ITER: 2 START
2020-04-26 11:52:12.147 17257 RALLYDEBUG rally.task.runner [-] Starting a worker. times: 10 duration: None concurrency: 1 timeout: 0 cls: method_name: run args: {"flavor": "21bf88ac-6eb5-4cce-8ebd-6c60291b5186", "image": "0c6b06b0-cf94-46e1-8894-79d640aac3a3", "block_migration": false, "nics": [{"net-id": "af47796e-c88f-460d-bbd7-b8d236245e71"}]}
2020-04-26 11:52:12.150 17255 INFO rally.task.runner [-] Task 3d9388a6-3e51-4703-bef1-85eed849b829 | ITER: 3 START
2020-04-26 11:52:12.153 17257 INFO rally.task.runner [-] Task 3d9388a6-3e51-4703-bef1-85eed849b829 | ITER: 4 START
2020-04-26 11:52:23.570 17257 RALLYDEBUG rally.task.utils [-] Waiting for resource s_rally_5abf349d_hxAKYfLs. Status changed: BUILD => ACTIVE in 8.98572850227356
2020-04-26 11:52:25.900 17253 RALLYDEBUG rally.task.utils [-] Waiting for resource s_rally_5abf349d_TX1BIxQ7. Status changed: BUILD => ACTIVE in 11.341928720474243
2020-04-26 11:52:26.023 17257 RALLYDEBUG rally.task.utils [-] Waiting for resource s_rally_5abf349d_hxAKYfLs. Status changed: ACTIVE => MIGRATING in 0.3861958980560303
2020-04-26 11:52:28.025 17255 RALLYDEBUG rally.task.utils [-] Waiting for resource s_rally_5abf349d_nTMsN5PW. Status changed: BUILD => ACTIVE in 13.813549995422363
2020-04-26 11:52:28.941 17253 RALLYDEBUG rally.task.utils [-] Waiting for resource s_rally_5abf349d_TX1BIxQ7. Status changed: ACTIVE => MIGRATING in 0.24350595474243164
2020-04-26 11:52:29.317 17254 RALLYDEBUG rally.task.utils [-] Waiting for resource s_rally_5abf349d_XKMjGbp3. Status changed: BUILD => ACTIVE in 14.751632690429688
2020-04-26 11:52:30.129 17255 RALLYDEBUG rally.task.utils [-] Waiting for resource s_rally_5abf349d_nTMsN5PW. Status changed: ACTIVE => MIGRATING in 0.20583748817443848
2020-04-26 11:52:31.267 17254 RALLYDEBUG rally.task.utils [-] Waiting for resource s_rally_5abf349d_XKMjGbp3. Status changed: ACTIVE => MIGRATING in 0.2701096534729004
2020-04-26 11:52:39.396 17257 RALLYDEBUG rally.task.utils [-] Waiting for resource s_rally_5abf349d_hxAKYfLs. Status changed: MIGRATING => ACTIVE in 13.373315572738647
2020-04-26 11:52:42.062 17257 INFO rally.task.runner [-] Task 3d9388a6-3e51-4703-bef1-85eed849b829 | ITER: 4 END: OK
2020-04-26 11:52:42.068 17257 INFO rally.task.runner [-] Task 3d9388a6-3e51-4703-bef1-85eed849b829 | ITER: 5 START
2020-04-26 11:52:51.553 17253 RALLYDEBUG rally.task.utils [-] Waiting for resource s_rally_5abf349d_TX1BIxQ7. Status changed: MIGRATING => ACTIVE in 22.61180877685547
2020-04-26 11:52:54.229 17253 INFO rally.task.runner [-] Task 3d9388a6-3e51-4703-bef1-85eed849b829 | ITER: 1 END: OK
2020-04-26 11:52:54.234 17253 INFO rally.task.runner [-] Task 3d9388a6-3e51-4703-bef1-85eed849b829 | ITER: 6 START
2020-04-26 11:52:54.292 17257 RALLYDEBUG rally.task.utils [-] Waiting for resource s_rally_5abf349d_OeDICwHg. Status changed: BUILD => ACTIVE in 8.979520320892334
2020-04-26 11:52:56.280 17257 RALLYDEBUG rally.task.utils [-] Waiting for resource s_rally_5abf349d_OeDICwHg. Status changed: ACTIVE => MIGRATING in 0.2427234649658203
2020-04-26 11:53:05.297 17253 RALLYDEBUG rally.task.utils [-] Waiting for resource s_rally_5abf349d_4mshIffj. Status changed: BUILD => ACTIVE in 9.095944881439209
2020-04-26 11:53:07.025 17255 RALLYDEBUG rally.task.utils [-] Waiting for resource s_rally_5abf349d_nTMsN5PW. Status changed: MIGRATING => ACTIVE in 36.89541554450989
2020-04-26 11:53:07.305 17253 RALLYDEBUG rally.task.utils [-] Waiting for resource s_rally_5abf349d_4mshIffj. Status changed: ACTIVE => MIGRATING in 0.2613523006439209
2020-04-26 11:53:09.798 17255 INFO rally.task.runner [-] Task 3d9388a6-3e51-4703-bef1-85eed849b829 | ITER: 3 END: OK
2020-04-26 11:53:09.803 17255 INFO rally.task.runner [-] Task 3d9388a6-3e51-4703-bef1-85eed849b829 | ITER: 7 START
2020-04-26 11:53:19.311 17254 RALLYDEBUG rally.task.utils [-] Waiting for resource s_rally_5abf349d_XKMjGbp3. Status changed: MIGRATING => ACTIVE in 48.044148206710815
2020-04-26 11:53:20.905 17255 RALLYDEBUG rally.task.utils [-] Waiting for resource s_rally_5abf349d_o36w3iah. Status changed: BUILD => ACTIVE in 9.133065700531006
2020-04-26 11:53:23.286 17254 INFO rally.task.runner [-] Task 3d9388a6-3e51-4703-bef1-85eed849b829 | ITER: 2 END: OK
2020-04-26 11:53:23.291 17254 INFO rally.task.runner [-] Task 3d9388a6-3e51-4703-bef1-85eed849b829 | ITER: 8 START
2020-04-26 11:53:29.444 17255 RALLYDEBUG rally.task.utils [-] Waiting for resource s_rally_5abf349d_o36w3iah. Status changed: ACTIVE => MIGRATING in 0.21719050407409668
2020-04-26 11:53:35.439 17257 RALLYDEBUG rally.task.utils [-] Waiting for resource s_rally_5abf349d_OeDICwHg. Status changed: MIGRATING => ACTIVE in 39.1594352722168
2020-04-26 11:53:38.115 17257 INFO rally.task.runner [-] Task 3d9388a6-3e51-4703-bef1-85eed849b829 | ITER: 5 END: OK
2020-04-26 11:53:38.121 17257 INFO rally.task.runner [-] Task 3d9388a6-3e51-4703-bef1-85eed849b829 | ITER: 9 START
2020-04-26 11:53:40.842 17254 RALLYDEBUG rally.task.utils [-] Waiting for resource s_rally_5abf349d_NcXWdbB6. Status changed: BUILD => ACTIVE in 15.623911619186401
2020-04-26 11:53:43.068 17254 RALLYDEBUG rally.task.utils [-] Waiting for resource s_rally_5abf349d_NcXWdbB6. Status changed: ACTIVE => MIGRATING in 0.1916952133178711
2020-04-26 11:53:49.083 17257 RALLYDEBUG rally.task.utils [-] Waiting for resource s_rally_5abf349d_3la8PZSf. Status changed: BUILD => ACTIVE in 9.025238513946533
2020-04-26 11:53:50.935 17257 RALLYDEBUG rally.task.utils [-] Waiting for resource s_rally_5abf349d_3la8PZSf. Status changed: ACTIVE => MIGRATING in 0.20033550262451172
2020-04-26 11:53:54.554 17253 RALLYDEBUG rally.task.utils [-] Waiting for resource s_rally_5abf349d_4mshIffj. Status changed: MIGRATING => ACTIVE in 47.248942375183105
2020-04-26 11:53:59.408 17253 INFO rally.task.runner [-] Task 3d9388a6-3e51-4703-bef1-85eed849b829 | ITER: 6 END: OK
2020-04-26 11:53:59.412 17253 INFO rally.task.runner [-] Task 3d9388a6-3e51-4703-bef1-85eed849b829 | ITER: 10 START
2020-04-26 11:54:07.764 17255 RALLYDEBUG rally.task.utils [-] Waiting for resource s_rally_5abf349d_o36w3iah. Status changed: MIGRATING => ACTIVE in 38.3201904296875
2020-04-26 11:54:10.356 17253 RALLYDEBUG rally.task.utils [-] Waiting for resource s_rally_5abf349d_xGacAYg4. Status changed: BUILD => ACTIVE in 9.020204782485962
2020-04-26 11:54:12.352 17253 RALLYDEBUG rally.task.utils [-] Waiting for resource s_rally_5abf349d_xGacAYg4. Status changed: ACTIVE => MIGRATING in 0.20485949516296387
2020-04-26 11:54:12.636 17255 INFO rally.task.runner [-] Task 3d9388a6-3e51-4703-bef1-85eed849b829 | ITER: 7 END: OK
2020-04-26 11:54:13.610 17257 RALLYDEBUG rally.task.utils [-] Waiting for resource s_rally_5abf349d_3la8PZSf. Status changed: MIGRATING => ACTIVE in 22.67485475540161
2020-04-26 11:54:18.419 17257 INFO rally.task.runner [-] Task 3d9388a6-3e51-4703-bef1-85eed849b829 | ITER: 9 END: OK
2020-04-26 11:54:21.084 17254 RALLYDEBUG rally.task.utils [-] Waiting for resource s_rally_5abf349d_NcXWdbB6. Status changed: MIGRATING => ACTIVE in 38.015578269958496
2020-04-26 11:54:23.794 17254 INFO rally.task.runner [-] Task 3d9388a6-3e51-4703-bef1-85eed849b829 | ITER: 8 END: OK
2020-04-26 11:54:43.576 17253 RALLYDEBUG rally.task.utils [-] Waiting for resource s_rally_5abf349d_xGacAYg4. Status changed: MIGRATING => ACTIVE in 31.224019765853882
2020-04-26 11:54:46.190 17253 INFO rally.task.runner [-] Task 3d9388a6-3e51-4703-bef1-85eed849b829 | ITER: 10 END: OK
2020-04-26 11:54:46.213 15675 INFO rally.task.context [-] Task 3d9388a6-3e51-4703-bef1-85eed849b829 | Context cleanup@openstack cleanup() started
2020-04-26 11:54:46.218 15675 RALLYDEBUG rally_openstack.task.cleanup.manager [-] Cleaning up nova servers objects
2020-04-26 11:54:47.040 15675 RALLYDEBUG rally_openstack.task.cleanup.manager [-] Cleaning up nova server_groups objects
2020-04-26 11:54:47.493 15675 RALLYDEBUG rally_openstack.task.cleanup.manager [-] Cleaning up nova keypairs objects
2020-04-26 11:54:48.375 15675 INFO rally.task.context [-] Task 3d9388a6-3e51-4703-bef1-85eed849b829 | Context cleanup@openstack cleanup() finished in 2.16 sec
2020-04-26 11:54:48.376 15675 INFO rally.task.context [-] Task 3d9388a6-3e51-4703-bef1-85eed849b829 | Context users@openstack cleanup() started
2020-04-26 11:54:50.237 15675 INFO rally.task.context [-] Task 3d9388a6-3e51-4703-bef1-85eed849b829 | Context users@openstack cleanup() finished in 1.86 sec
2020-04-26 11:54:51.100 15675 INFO rally.task.engine [-] Load duration is: 153.04564
2020-04-26 11:54:51.100 15675 INFO rally.task.engine [-] Full runner duration is: 154.084566
2020-04-26 11:54:51.100 15675 INFO rally.task.engine [-] Full duration is: 159.824482
2020-04-26 11:54:51.185 15675 INFO rally.task.engine [-] Running workload: position = 0 config = { "version": 2, "title": "A cropped version of a bigger task.", "description": "Auto-generated task from a single workload (uuid=9e077a78-cddd-413d-844e-af82f024cdba)", "subtasks": [ { "title": "NovaServers.boot_server_attach_created_volume_and_live_migrate", "description": "Create a VM, attach a volume to it and live migrate.", "scenario": { "NovaServers.boot_server_attach_created_volume_and_live_migrate": { "flavor": { "name": "rally_full-flavor_e682400e-6557-47f8-ab35-d73c2fba5a69" }, "image": { "name": "rally_full-img_e682400e-6557-47f8-ab35-d73c2fba5a69" }, "size": 1, "block_migration": false, "boot_server_kwargs": { "nics": [ { "net-id": "af47796e-c88f-460d-bbd7-b8d236245e71" } ] } } }, "contexts": { "users": { "tenants": 3, "users_per_tenant": 2 }, "api_versions": { "cinder": { "version": 3, "service_type": "volumev3" } } }, "runner": { "constant": { "concurrency": 4, "times": 10 } }, "hooks": [], "sla": { "failure_rate": { "max": 0 } } } ] }
2020-04-26 11:54:51.204 15675 RALLYDEBUG rally_openstack.task.contexts.keystone.users [-] Creating 3 tenants using 3 threads
2020-04-26 11:54:51.644 15675 RALLYDEBUG rally_openstack.task.contexts.keystone.users [-] Creating 6 users using 6 threads
2020-04-26 11:54:52.404 15675 INFO rally.task.context [-] Task 3d9388a6-3e51-4703-bef1-85eed849b829 | Context users@openstack setup() finished in 1.20 sec
2020-04-26 11:54:52.627 15675 INFO rally.task.context [-] Task 3d9388a6-3e51-4703-bef1-85eed849b829 | Context api_versions@openstack setup() finished in 0.22 sec
2020-04-26 11:54:52.628 15675 INFO rally.task.context [-] Task 3d9388a6-3e51-4703-bef1-85eed849b829 | Context cleanup@openstack setup() finished in 0.14 msec
2020-04-26 11:54:53.161 15675 RALLYDEBUG rally.task.runner [-] Starting the constant runner (task UUID: 3d9388a6-3e51-4703-bef1-85eed849b829). times: 10 concurrency: 4 timeout: 0 max_cpu_used: 88 processes_to_start: 4 concurrency_per_worker: 1 concurrency_overhead: 0
2020-04-26 11:54:53.172 17386 RALLYDEBUG rally.task.runner [-] Starting a worker. times: 10 duration: None concurrency: 1 timeout: 0 cls: method_name: run args: {"flavor": "21bf88ac-6eb5-4cce-8ebd-6c60291b5186", "image": "0c6b06b0-cf94-46e1-8894-79d640aac3a3", "size": 1, "block_migration": false, "boot_server_kwargs": {"nics": [{"net-id": "af47796e-c88f-460d-bbd7-b8d236245e71"}]}}
2020-04-26 11:54:53.174 17387 RALLYDEBUG rally.task.runner [-] Starting a worker. times: 10 duration: None concurrency: 1 timeout: 0 cls: method_name: run args: {"flavor": "21bf88ac-6eb5-4cce-8ebd-6c60291b5186", "image": "0c6b06b0-cf94-46e1-8894-79d640aac3a3", "size": 1, "block_migration": false, "boot_server_kwargs": {"nics": [{"net-id": "af47796e-c88f-460d-bbd7-b8d236245e71"}]}}
2020-04-26 11:54:53.177 17388 RALLYDEBUG rally.task.runner [-] Starting a worker. times: 10 duration: None concurrency: 1 timeout: 0 cls: method_name: run args: {"flavor": "21bf88ac-6eb5-4cce-8ebd-6c60291b5186", "image": "0c6b06b0-cf94-46e1-8894-79d640aac3a3", "size": 1, "block_migration": false, "boot_server_kwargs": {"nics": [{"net-id": "af47796e-c88f-460d-bbd7-b8d236245e71"}]}}
2020-04-26 11:54:53.178 17386 INFO rally.task.runner [-] Task 3d9388a6-3e51-4703-bef1-85eed849b829 | ITER: 1 START
2020-04-26 11:54:53.179 17389 RALLYDEBUG rally.task.runner [-] Starting a worker. times: 10 duration: None concurrency: 1 timeout: 0 cls: method_name: run args: {"flavor": "21bf88ac-6eb5-4cce-8ebd-6c60291b5186", "image": "0c6b06b0-cf94-46e1-8894-79d640aac3a3", "size": 1, "block_migration": false, "boot_server_kwargs": {"nics": [{"net-id": "af47796e-c88f-460d-bbd7-b8d236245e71"}]}}
2020-04-26 11:54:53.180 17387 INFO rally.task.runner [-] Task 3d9388a6-3e51-4703-bef1-85eed849b829 | ITER: 2 START
2020-04-26 11:54:53.181 17388 INFO rally.task.runner [-] Task 3d9388a6-3e51-4703-bef1-85eed849b829 | ITER: 3 START
2020-04-26 11:54:53.185 17389 INFO rally.task.runner [-] Task 3d9388a6-3e51-4703-bef1-85eed849b829 | ITER: 4 START
2020-04-26 11:55:05.697 17386 RALLYDEBUG rally.task.utils [-] Waiting for resource s_rally_9e077a78_SwzEiTNk. Status changed: BUILD => ACTIVE in 7.881201982498169
2020-04-26 11:55:07.103 17389 RALLYDEBUG rally.task.utils [-] Waiting for resource s_rally_9e077a78_ghMbWh6x. Status changed: BUILD => ACTIVE in 10.322201251983643
2020-04-26 11:55:08.071 17388 RALLYDEBUG rally.task.utils [-] Waiting for resource s_rally_9e077a78_4JH2ozPR. Status changed: BUILD => ACTIVE in 11.237601518630981
2020-04-26 11:55:08.872 17386 RALLYDEBUG rally.task.utils [-] Waiting for resource s_rally_9e077a78_oylMgfjM. Status changed: AVAILABLE => RESERVED in 0.22601604461669922
2020-04-26 11:55:09.193 17387 RALLYDEBUG rally.task.utils [-] Waiting for resource s_rally_9e077a78_qIiZqd91. Status changed: BUILD => ACTIVE in 12.299456596374512
2020-04-26 11:55:10.192 17389 RALLYDEBUG rally.task.utils [-] Waiting for resource s_rally_9e077a78_1xOkTVvL. Status changed: AVAILABLE => RESERVED in 0.19648456573486328
2020-04-26 11:55:11.088 17386 RALLYDEBUG rally.task.utils [-] Waiting for resource s_rally_9e077a78_oylMgfjM. Status changed: RESERVED => IN-USE in 2.2167561054229736
2020-04-26 11:55:11.169 17388 RALLYDEBUG rally.task.utils [-] Waiting for resource s_rally_9e077a78_d7Bthc2x. Status changed: AVAILABLE => RESERVED in 0.17731547355651855
2020-04-26 11:55:12.267 17387 RALLYDEBUG rally.task.utils [-] Waiting for resource s_rally_9e077a78_u4DhfHTI. Status changed: AVAILABLE => RESERVED in 0.17779898643493652
2020-04-26 11:55:12.362 17389 RALLYDEBUG rally.task.utils [-] Waiting for resource s_rally_9e077a78_1xOkTVvL. Status changed: RESERVED => IN-USE in 2.170130729675293
2020-04-26 11:55:13.281 17386 RALLYDEBUG rally.task.utils [-] Waiting for resource s_rally_9e077a78_SwzEiTNk. Status changed: ACTIVE => MIGRATING in 0.25714921951293945
2020-04-26 11:55:13.353 17388 RALLYDEBUG rally.task.utils [-] Waiting for resource s_rally_9e077a78_d7Bthc2x. Status changed: RESERVED => IN-USE in 2.1838533878326416
2020-04-26 11:55:14.447 17387 RALLYDEBUG rally.task.utils [-] Waiting for resource s_rally_9e077a78_u4DhfHTI. Status changed: RESERVED => IN-USE in 2.180154800415039
2020-04-26 11:55:14.937 17389 RALLYDEBUG rally.task.utils [-] Waiting for resource s_rally_9e077a78_ghMbWh6x. Status changed: ACTIVE => MIGRATING in 0.26930975914001465
2020-04-26 11:55:15.365 17388 RALLYDEBUG rally.task.utils [-] Waiting for resource s_rally_9e077a78_4JH2ozPR. Status changed: ACTIVE => MIGRATING in 0.21619415283203125
2020-04-26 11:55:16.403 17387 RALLYDEBUG rally.task.utils [-] Waiting for resource s_rally_9e077a78_qIiZqd91. Status changed: ACTIVE => MIGRATING in 0.20805072784423828
2020-04-26 11:55:26.015 17386 RALLYDEBUG rally.task.utils [-] Waiting for resource s_rally_9e077a78_SwzEiTNk. Status changed: MIGRATING => ACTIVE in 12.734171867370605
2020-04-26 11:55:27.805 17386 RALLYDEBUG rally.task.utils [-] Waiting for resource s_rally_9e077a78_oylMgfjM. Status changed: AVAILABLE => DETACHING in 0.23673176765441895
2020-04-26 11:55:29.985 17386 RALLYDEBUG rally.task.utils [-] Waiting for resource s_rally_9e077a78_oylMgfjM. Status changed: DETACHING => AVAILABLE in 2.1802194118499756
2020-04-26 11:55:30.126 17386 RALLYDEBUG rally.task.utils [-] Waiting for resource s_rally_9e077a78_oylMgfjM. Status changed: AVAILABLE => DELETING in 0.0678262710571289
2020-04-26 11:55:35.889 17386 INFO rally.task.runner [-] Task 3d9388a6-3e51-4703-bef1-85eed849b829 | ITER: 1 END: OK
2020-04-26 11:55:35.894 17386 INFO rally.task.runner [-] Task 3d9388a6-3e51-4703-bef1-85eed849b829 | ITER: 5 START
2020-04-26 11:55:36.388 17389 RALLYDEBUG rally.task.utils [-] Waiting for resource s_rally_9e077a78_ghMbWh6x. Status changed: MIGRATING => ACTIVE in 21.45148015022278
2020-04-26 11:55:37.206 17389 RALLYDEBUG rally.task.utils [-] Waiting for resource s_rally_9e077a78_1xOkTVvL. Status changed: AVAILABLE => DETACHING in 0.22553634643554688
2020-04-26 11:55:39.408 17389 RALLYDEBUG rally.task.utils [-] Waiting for resource s_rally_9e077a78_1xOkTVvL. Status changed: DETACHING => AVAILABLE in 2.202718496322632
2020-04-26 11:55:39.545 17389 RALLYDEBUG rally.task.utils [-] Waiting for resource s_rally_9e077a78_1xOkTVvL. Status changed: AVAILABLE => DELETING in 0.06303191184997559
2020-04-26 11:55:44.037 17389 INFO rally.task.runner [-] Task 3d9388a6-3e51-4703-bef1-85eed849b829 | ITER: 4 END: OK
2020-04-26 11:55:44.043 17389 INFO rally.task.runner [-] Task 3d9388a6-3e51-4703-bef1-85eed849b829 | ITER: 6 START
2020-04-26 11:55:47.064 17386 RALLYDEBUG rally.task.utils [-] Waiting for resource s_rally_9e077a78_GiLAb8WV. Status changed: BUILD => ACTIVE in 9.076617002487183
2020-04-26 11:55:50.107 17386 RALLYDEBUG rally.task.utils [-] Waiting for resource s_rally_9e077a78_DsnnIshU. Status changed: AVAILABLE => RESERVED in 0.1728832721710205
2020-04-26 11:55:52.000 17388 RALLYDEBUG rally.task.utils [-] Waiting for resource s_rally_9e077a78_4JH2ozPR. Status changed: MIGRATING => ACTIVE in 36.63491177558899
2020-04-26 11:55:52.312 17386 RALLYDEBUG rally.task.utils [-] Waiting for resource s_rally_9e077a78_DsnnIshU. Status changed: RESERVED => IN-USE in 2.2050063610076904
2020-04-26 11:55:52.644 17388 RALLYDEBUG rally.task.utils [-] Waiting for resource s_rally_9e077a78_d7Bthc2x. Status changed: AVAILABLE => DETACHING in 0.2001504898071289
2020-04-26 11:55:54.389 17386 RALLYDEBUG rally.task.utils [-] Waiting for resource s_rally_9e077a78_GiLAb8WV. Status changed: ACTIVE => MIGRATING in 0.23712682723999023
2020-04-26 11:55:54.748 17389 RALLYDEBUG rally.task.utils [-] Waiting for resource s_rally_9e077a78_pKkdKHA8. Status changed: BUILD => ACTIVE in 8.059986352920532
2020-04-26 11:55:54.846 17388 RALLYDEBUG rally.task.utils [-] Waiting for resource s_rally_9e077a78_d7Bthc2x. Status changed: DETACHING => AVAILABLE in 2.202223300933838
2020-04-26 11:55:54.974 17388 RALLYDEBUG rally.task.utils [-] Waiting for resource s_rally_9e077a78_d7Bthc2x. Status changed: AVAILABLE => DELETING in 0.05872368812561035
2020-04-26 11:55:57.846 17389 RALLYDEBUG rally.task.utils [-] Waiting for resource s_rally_9e077a78_ApOn692W. Status changed: AVAILABLE => RESERVED in 0.1785128116607666
2020-04-26 11:56:00.029 17389 RALLYDEBUG rally.task.utils [-] Waiting for resource s_rally_9e077a78_ApOn692W. Status changed: RESERVED => IN-USE in 2.1828114986419678
2020-04-26 11:56:01.680 17388 INFO rally.task.runner [-] Task 3d9388a6-3e51-4703-bef1-85eed849b829 | ITER: 3 END: OK
2020-04-26 11:56:01.685 17388 INFO rally.task.runner [-] Task 3d9388a6-3e51-4703-bef1-85eed849b829 | ITER: 7 START
2020-04-26 11:56:01.952 17389 RALLYDEBUG rally.task.utils [-] Waiting for resource s_rally_9e077a78_pKkdKHA8. Status changed: ACTIVE => MIGRATING in 0.18398213386535645
2020-04-26 11:56:05.958 17387 RALLYDEBUG rally.task.utils [-] Waiting for resource s_rally_9e077a78_qIiZqd91. Status changed: MIGRATING => ACTIVE in 49.55411624908447
2020-04-26 11:56:06.568 17387 RALLYDEBUG rally.task.utils [-] Waiting for resource s_rally_9e077a78_u4DhfHTI. Status changed: AVAILABLE => DETACHING in 0.19081759452819824
2020-04-26 11:56:06.857 17386 RALLYDEBUG rally.task.utils [-] Waiting for resource s_rally_9e077a78_GiLAb8WV. Status changed: MIGRATING => ACTIVE in 12.468369722366333
2020-04-26 11:56:07.616 17386 RALLYDEBUG rally.task.utils [-] Waiting for resource s_rally_9e077a78_DsnnIshU. Status changed: AVAILABLE => DETACHING in 0.1849663257598877
2020-04-26 11:56:08.749 17387 RALLYDEBUG rally.task.utils [-] Waiting for resource s_rally_9e077a78_u4DhfHTI. Status changed: DETACHING => AVAILABLE in 2.180642604827881
2020-04-26 11:56:08.898 17387 RALLYDEBUG rally.task.utils [-] Waiting for resource s_rally_9e077a78_u4DhfHTI. Status changed: AVAILABLE => DELETING in 0.07350754737854004
2020-04-26 11:56:09.809 17386 RALLYDEBUG rally.task.utils [-] Waiting for resource s_rally_9e077a78_DsnnIshU. Status changed: DETACHING => AVAILABLE in 2.19291615486145
2020-04-26 11:56:09.970 17386 RALLYDEBUG rally.task.utils [-] Waiting for resource s_rally_9e077a78_DsnnIshU. Status changed: AVAILABLE => DELETING in 0.07385015487670898
2020-04-26 11:56:10.460 17388 RALLYDEBUG rally.task.utils [-] Waiting for resource s_rally_9e077a78_x6FdgTKJ. Status changed: BUILD => ACTIVE in 6.839689016342163
2020-04-26 11:56:13.392 17387 INFO rally.task.runner [-] Task 3d9388a6-3e51-4703-bef1-85eed849b829 | ITER: 2 END: OK
2020-04-26 11:56:13.398 17387 INFO rally.task.runner [-] Task 3d9388a6-3e51-4703-bef1-85eed849b829 | ITER: 8 START
2020-04-26 11:56:13.613 17388 RALLYDEBUG rally.task.utils [-] Waiting for resource s_rally_9e077a78_pFcvn7Eg. Status changed: AVAILABLE => RESERVED in 0.2049267292022705
2020-04-26 11:56:14.570 17386 INFO rally.task.runner [-] Task 3d9388a6-3e51-4703-bef1-85eed849b829 | ITER: 5 END: OK
2020-04-26 11:56:14.575 17386 INFO rally.task.runner [-] Task 3d9388a6-3e51-4703-bef1-85eed849b829 | ITER: 9 START
2020-04-26 11:56:15.817 17388 RALLYDEBUG rally.task.utils [-] Waiting for resource s_rally_9e077a78_pFcvn7Eg. Status changed: RESERVED => IN-USE in 2.203169822692871
2020-04-26 11:56:17.757 17388 RALLYDEBUG rally.task.utils [-] Waiting for resource s_rally_9e077a78_x6FdgTKJ. Status changed: ACTIVE => MIGRATING in 0.24738812446594238
2020-04-26 11:56:20.234 17389 RALLYDEBUG rally.task.utils [-] Waiting for resource s_rally_9e077a78_pKkdKHA8. Status changed: MIGRATING => ACTIVE in 18.281954050064087
2020-04-26 11:56:20.880 17389 RALLYDEBUG rally.task.utils [-] Waiting for resource s_rally_9e077a78_ApOn692W. Status changed: AVAILABLE => DETACHING in 0.20586109161376953
2020-04-26 11:56:23.048 17389 RALLYDEBUG rally.task.utils [-] Waiting for resource s_rally_9e077a78_ApOn692W. Status changed: DETACHING => AVAILABLE in 2.168407440185547
2020-04-26 11:56:23.117 17387 RALLYDEBUG rally.task.utils [-] Waiting for resource s_rally_9e077a78_xhpcHxWy. Status changed: BUILD => ACTIVE in 7.795195579528809
2020-04-26 11:56:23.203 17389 RALLYDEBUG rally.task.utils [-] Waiting for resource s_rally_9e077a78_ApOn692W. Status changed: AVAILABLE => DELETING in 0.07426929473876953
2020-04-26 11:56:26.194 17387 RALLYDEBUG rally.task.utils [-] Waiting for resource s_rally_9e077a78_LM6JdAvo. Status changed: AVAILABLE => RESERVED in 0.18265604972839355
2020-04-26 11:56:26.794 17386 RALLYDEBUG rally.task.utils [-] Waiting for resource s_rally_9e077a78_lKfrdjJN. Status changed: BUILD => ACTIVE in 9.094356536865234
2020-04-26 11:56:27.862 17389 INFO rally.task.runner [-] Task 3d9388a6-3e51-4703-bef1-85eed849b829 | ITER: 6 END: OK
2020-04-26 11:56:27.866 17389 INFO rally.task.runner [-] Task 3d9388a6-3e51-4703-bef1-85eed849b829 | ITER: 10 START
2020-04-26 11:56:28.383 17387 RALLYDEBUG rally.task.utils [-] Waiting for resource s_rally_9e077a78_LM6JdAvo. Status changed: RESERVED => IN-USE in 2.1891918182373047
2020-04-26 11:56:29.895 17386 RALLYDEBUG rally.task.utils [-] Waiting for resource s_rally_9e077a78_SuYf428V. Status changed: AVAILABLE => RESERVED in 0.23406505584716797
2020-04-26 11:56:31.598 17387 RALLYDEBUG rally.task.utils [-] Waiting for resource s_rally_9e077a78_xhpcHxWy. Status changed: ACTIVE => MIGRATING in 0.23448395729064941
2020-04-26 11:56:32.087 17386 RALLYDEBUG rally.task.utils [-] Waiting for resource s_rally_9e077a78_SuYf428V. Status changed: RESERVED => IN-USE in 2.192544460296631
2020-04-26 11:56:34.080 17386 RALLYDEBUG rally.task.utils [-] Waiting for resource s_rally_9e077a78_lKfrdjJN. Status changed: ACTIVE => MIGRATING in 0.22283291816711426
2020-04-26 11:56:36.768 17389 RALLYDEBUG rally.task.utils [-] Waiting for resource s_rally_9e077a78_4lyOhfMY. Status changed: BUILD => ACTIVE in 6.9355456829071045
2020-04-26 11:56:40.019 17389 RALLYDEBUG rally.task.utils [-] Waiting for resource s_rally_9e077a78_yCbDegJU. Status changed: AVAILABLE => RESERVED in 0.1906743049621582
2020-04-26 11:56:42.212 17389 RALLYDEBUG rally.task.utils [-] Waiting for resource s_rally_9e077a78_yCbDegJU. Status changed: RESERVED => IN-USE in 2.192542552947998
2020-04-26 11:56:42.809 17387 RALLYDEBUG rally.task.utils [-] Waiting for resource s_rally_9e077a78_xhpcHxWy. Status changed: MIGRATING => ACTIVE in 11.211277961730957
2020-04-26 11:56:43.447 17387 RALLYDEBUG rally.task.utils [-] Waiting for resource s_rally_9e077a78_LM6JdAvo. Status changed: AVAILABLE => DETACHING in 0.1907029151916504
2020-04-26 11:56:45.421 17389 RALLYDEBUG rally.task.utils [-] Waiting for resource s_rally_9e077a78_4lyOhfMY. Status changed: ACTIVE => MIGRATING in 0.22406339645385742
2020-04-26 11:56:45.628 17387 RALLYDEBUG rally.task.utils [-] Waiting for resource s_rally_9e077a78_LM6JdAvo. Status changed: DETACHING => AVAILABLE in 2.181208848953247
2020-04-26 11:56:45.775 17387 RALLYDEBUG rally.task.utils [-] Waiting for resource s_rally_9e077a78_LM6JdAvo. Status changed: AVAILABLE => DELETING in 0.06696629524230957
2020-04-26 11:56:52.506 17387 INFO rally.task.runner [-] Task 3d9388a6-3e51-4703-bef1-85eed849b829 | ITER: 8 END: OK
2020-04-26 11:56:54.100 17386 RALLYDEBUG rally.task.utils [-] Waiting for resource s_rally_9e077a78_lKfrdjJN. Status changed: MIGRATING => ACTIVE in 20.02013659477234
2020-04-26 11:56:55.835 17386 RALLYDEBUG rally.task.utils [-] Waiting for resource s_rally_9e077a78_SuYf428V. Status changed: AVAILABLE => DETACHING in 0.1905977725982666
2020-04-26 11:56:58.054 17386 RALLYDEBUG rally.task.utils [-] Waiting for resource s_rally_9e077a78_SuYf428V. Status changed: DETACHING => AVAILABLE in 2.219275951385498
2020-04-26 11:56:58.201 17386 RALLYDEBUG rally.task.utils [-] Waiting for resource s_rally_9e077a78_SuYf428V. Status changed: AVAILABLE => DELETING in 0.07550358772277832
2020-04-26 11:57:02.696 17386 INFO rally.task.runner [-] Task 3d9388a6-3e51-4703-bef1-85eed849b829 | ITER: 9 END: OK
2020-04-26 11:57:15.726 17388 RALLYDEBUG rally.task.utils [-] Waiting for resource s_rally_9e077a78_x6FdgTKJ. Status changed: MIGRATING => ACTIVE in 57.96838641166687
2020-04-26 11:57:16.425 17388 RALLYDEBUG rally.task.utils [-] Waiting for resource s_rally_9e077a78_pFcvn7Eg. Status changed: AVAILABLE => DETACHING in 0.1968059539794922
2020-04-26 11:57:18.611 17388 RALLYDEBUG rally.task.utils [-] Waiting for resource s_rally_9e077a78_pFcvn7Eg. Status changed: DETACHING => AVAILABLE in 2.1855356693267822
2020-04-26 11:57:18.770 17388 RALLYDEBUG rally.task.utils [-] Waiting for resource s_rally_9e077a78_pFcvn7Eg. Status changed: AVAILABLE => DELETING in 0.07186555862426758
2020-04-26 11:57:23.300 17388 INFO rally.task.runner [-] Task 3d9388a6-3e51-4703-bef1-85eed849b829 | ITER: 7 END: OK
2020-04-26 11:57:27.942 17389 RALLYDEBUG rally.task.utils [-] Waiting for resource s_rally_9e077a78_4lyOhfMY. Status changed: MIGRATING => ACTIVE in 42.52110409736633
2020-04-26 11:57:28.592 17389 RALLYDEBUG rally.task.utils [-] Waiting for resource s_rally_9e077a78_yCbDegJU. Status changed: AVAILABLE => DETACHING in 0.18493962287902832
2020-04-26 11:57:30.774 17389 RALLYDEBUG rally.task.utils [-] Waiting for resource s_rally_9e077a78_yCbDegJU. Status changed: DETACHING => AVAILABLE in 2.1827855110168457
2020-04-26 11:57:30.921 17389 RALLYDEBUG rally.task.utils [-] Waiting for resource s_rally_9e077a78_yCbDegJU. Status changed: AVAILABLE => DELETING in 0.06967473030090332
2020-04-26 11:57:37.550 17389 INFO rally.task.runner [-] Task 3d9388a6-3e51-4703-bef1-85eed849b829 | ITER: 10 END: OK
2020-04-26 11:57:37.579 15675 INFO rally.task.context [-] Task 3d9388a6-3e51-4703-bef1-85eed849b829 | Context cleanup@openstack cleanup() started
2020-04-26 11:57:37.585 15675 RALLYDEBUG rally_openstack.task.cleanup.manager [-] Cleaning up nova servers objects
2020-04-26 11:57:38.281 15675 RALLYDEBUG rally_openstack.task.cleanup.manager [-] Cleaning up nova server_groups objects
2020-04-26 11:57:38.739 15675 RALLYDEBUG rally_openstack.task.cleanup.manager [-] Cleaning up nova keypairs objects
2020-04-26 11:57:39.682 15675 RALLYDEBUG rally_openstack.task.cleanup.manager [-] Cleaning up cinder backups objects
2020-04-26 11:57:40.246 15675 RALLYDEBUG rally_openstack.task.cleanup.manager [-] Cleaning up cinder volume_snapshots objects
2020-04-26 11:57:40.677 15675 RALLYDEBUG rally_openstack.task.cleanup.manager [-] Cleaning up cinder transfers objects
2020-04-26 11:57:41.105 15675 RALLYDEBUG rally_openstack.task.cleanup.manager [-] Cleaning up cinder volumes objects
2020-04-26 11:57:41.675 15675 INFO rally.task.context [-] Task 3d9388a6-3e51-4703-bef1-85eed849b829 | Context cleanup@openstack cleanup() finished in 4.10 sec
