2022-02-19 15:54:15.485 38 DEBUG tempest.lib.common.rest_client [req-e7105391-3b92-488c-858b-016fcd6b4d74 ] Request - Headers: {'Content-Type': 'application/json', 'Accept': 'application/json', 'X-Auth-Token': ''} Body: None Response - Headers: {'content-type': 'application/json', 'content-length': '193', 'x-openstack-request-id': 'req-e7105391-3b92-488c-858b-016fcd6b4d74', 'date': 'Sat, 19 Feb 2022 15:54:15 GMT', 'connection': 'close', 'status': '200', 'content-location': 'http://172.30.12.83:9696/v2.0/extensions/dvr'} Body: b'{"extension": {"name": "Distributed Virtual Router", "alias": "dvr", "description": "Enables configuration of Distributed Virtual Routers.", "updated": "2014-06-1T10:00:00-00:00", "links": []}}' _log_request_full /root/.rally/verification/verifier-6eb59350-4013-4bc7-adff-ed3fbbe09600/repo/tempest/lib/common/rest_client.py:440
2022-02-19 15:54:15.494 36 INFO tempest.lib.common.rest_client [req-e3136cce-315a-48dc-bd82-664321504d40 ] Request (ServersTestManualDisk:tearDownClass): 200 GET http://172.30.12.83/compute/v2.1/servers/66b5c9f4-d478-4e9f-b161-ea40cea0df4e 4.201s
2022-02-19 15:54:15.495 36 DEBUG tempest.lib.common.rest_client [req-e3136cce-315a-48dc-bd82-664321504d40 ] Request - Headers: {'Content-Type': 'application/json', 'Accept': 'application/json', 'X-Auth-Token': ''} Body: None Response - Headers: {'date': 'Sat, 19 Feb 2022 15:54:11 GMT', 'server': 'Apache/2.4.29 (Ubuntu)', 'content-length': '1433', 'content-type': 'application/json', 'openstack-api-version': 'compute 2.1', 'x-openstack-nova-api-version': '2.1', 'vary': 'OpenStack-API-Version,X-OpenStack-Nova-API-Version', 'x-openstack-request-id': 'req-e3136cce-315a-48dc-bd82-664321504d40', 'x-compute-request-id': 'req-e3136cce-315a-48dc-bd82-664321504d40', 'connection': 'close', 'status': '200', 'content-location': 'http://172.30.12.83/compute/v2.1/servers/66b5c9f4-d478-4e9f-b161-ea40cea0df4e'} Body: b'{"server": {"id": "66b5c9f4-d478-4e9f-b161-ea40cea0df4e", "name": "tempest-ServersTestManualDisk-server-1363014858", "status": "DELETED", "tenant_id": "12ab288b7a3e4068a6ed51e31d601f00", "user_id": "0d661649d6a243628552796f38228ddc", "metadata": {"hello": "world"}, "hostId": "3f054bbceef6b77e7b55e4ba1d39db4b09fb97a177683427a087e1fe", "image": {"id": "c0e63f79-4a28-43bb-affd-4d0665258582", "links": [{"rel": "bookmark", "href": "http://172.30.12.83/compute/images/c0e63f79-4a28-43bb-affd-4d0665258582"}]}, "flavor": {"id": "4d3484f8-f6b1-41cb-84cb-4fc4c6cae0ea", "links": [{"rel": "bookmark", "href": "http://172.30.12.83/compute/flavors/4d3484f8-f6b1-41cb-84cb-4fc4c6cae0ea"}]}, "created": "2022-02-19T15:53:53Z", "updated": "2022-02-19T15:54:11Z", "addresses": {}, "accessIPv4": "1.1.1.1", "accessIPv6": "::babe:dc0c:1602", "links": [{"rel": "self", "href": "http://172.30.12.83/compute/v2.1/servers/66b5c9f4-d478-4e9f-b161-ea40cea0df4e"}, {"rel": "bookmark", "href": "http://172.30.12.83/compute/servers/66b5c9f4-d478-4e9f-b161-ea40cea0df4e"}], "OS-DCF:diskConfig": "MANUAL", "OS-EXT-AZ:availability_zone": "nova", "config_drive": "", "key_name": "tempest-keypair-620220448", "OS-SRV-USG:launched_at": "2022-02-19T15:54:01.000000", "OS-SRV-USG:terminated_at": "2022-02-19T15:54:10.000000", "OS-EXT-STS:task_state": null, "OS-EXT-STS:vm_state": "deleted", "OS-EXT-STS:power_state": 0, "os-extended-volumes:volumes_attached": []}}' _log_request_full /root/.rally/verification/verifier-6eb59350-4013-4bc7-adff-ed3fbbe09600/repo/tempest/lib/common/rest_client.py:440
2022-02-19 15:54:15.498 37 INFO tempest.lib.common.rest_client [req-248bbb99-9472-43d4-bbe3-03881750e241 ] Request (ServersTestBootFromVolume:tearDownClass): 200 GET http://172.30.12.83/compute/v2.1/servers/8fc6359b-c92e-4efa-b759-1ee504a43d6d 4.421s
2022-02-19 15:54:15.499 37 DEBUG tempest.lib.common.rest_client [req-248bbb99-9472-43d4-bbe3-03881750e241 ] Request - Headers: {'Content-Type': 'application/json', 'Accept': 'application/json', 'X-Auth-Token': ''} Body: None Response - Headers: {'date': 'Sat, 19 Feb 2022 15:54:11 GMT', 'server': 'Apache/2.4.29 (Ubuntu)', 'content-length': '1677', 'content-type': 'application/json', 'openstack-api-version': 'compute 2.1', 'x-openstack-nova-api-version': '2.1', 'vary': 'OpenStack-API-Version,X-OpenStack-Nova-API-Version', 'x-openstack-request-id': 'req-248bbb99-9472-43d4-bbe3-03881750e241', 'x-compute-request-id': 'req-248bbb99-9472-43d4-bbe3-03881750e241', 'connection': 'close', 'status': '200', 'content-location': 'http://172.30.12.83/compute/v2.1/servers/8fc6359b-c92e-4efa-b759-1ee504a43d6d'} Body: b'{"server": {"id": "8fc6359b-c92e-4efa-b759-1ee504a43d6d", "name": "tempest-ServersTestBootFromVolume-server-1307414274", "status": "ACTIVE", "tenant_id": "86c77be6d6834c8fa77eb26985884b63", "user_id": "bfd28a4d025e437284378a475a4389cd", "metadata": {"hello": "world"}, "hostId": "0cf1f17c5c1ab29170aeb80e749b471e88da5ee6298351eb8ea0e7da", "image": "", "flavor": {"id": "4d3484f8-f6b1-41cb-84cb-4fc4c6cae0ea", "links": [{"rel": "bookmark", "href": "http://172.30.12.83/compute/flavors/4d3484f8-f6b1-41cb-84cb-4fc4c6cae0ea"}]}, "created": "2022-02-19T15:53:52Z", "updated": "2022-02-19T15:54:08Z", "addresses": {"tempest-ServersTestBootFromVolume-472580396-network": [{"version": 4, "addr": "192.168.120.5", "OS-EXT-IPS:type": "fixed", "OS-EXT-IPS-MAC:mac_addr": "fa:16:3e:5a:49:9e"}, {"version": 4, "addr": "172.24.4.207", "OS-EXT-IPS:type": "floating", "OS-EXT-IPS-MAC:mac_addr": "fa:16:3e:5a:49:9e"}]}, "accessIPv4": "1.1.1.1", "accessIPv6": "::babe:dc0c:1602", "links": [{"rel": "self", "href": "http://172.30.12.83/compute/v2.1/servers/8fc6359b-c92e-4efa-b759-1ee504a43d6d"}, {"rel": "bookmark", "href": "http://172.30.12.83/compute/servers/8fc6359b-c92e-4efa-b759-1ee504a43d6d"}], "OS-DCF:diskConfig": "AUTO", "progress": 0, "OS-EXT-AZ:availability_zone": "nova", "config_drive": "", "key_name": "tempest-keypair-1894160839", "OS-SRV-USG:launched_at": "2022-02-19T15:54:00.000000", "OS-SRV-USG:terminated_at": null, "security_groups": [{"name": "tempest-securitygroup--1411513256"}], "OS-EXT-STS:task_state": "deleting", "OS-EXT-STS:vm_state": "active", "OS-EXT-STS:power_state": 1, "os-extended-volumes:volumes_attached": [{"id": "73bf8aac-fb92-4bdc-b18e-8cb4d3aabfe7"}]}}' _log_request_full /root/.rally/verification/verifier-6eb59350-4013-4bc7-adff-ed3fbbe09600/repo/tempest/lib/common/rest_client.py:440
2022-02-19 15:54:15.506 36 INFO tempest.common.waiters [-] State transition "ACTIVE/deleting" ==> "DELETED/None" after 6 second wait
2022-02-19 15:54:15.508 38 INFO tempest.lib.common.rest_client [req-6b03fe02-447f-42a3-9cbd-e94ba630cd40 ] Request (ExtensionsTestJSON:test_list_show_extensions): 200 GET http://172.30.12.83:9696/v2.0/extensions/empty-string-filtering 0.021s
2022-02-19 15:54:15.508 38 DEBUG tempest.lib.common.rest_client [req-6b03fe02-447f-42a3-9cbd-e94ba630cd40 ] Request - Headers: {'Content-Type': 'application/json', 'Accept': 'application/json', 'X-Auth-Token': ''} Body: None Response - Headers: {'content-type': 'application/json', 'content-length': '219', 'x-openstack-request-id': 'req-6b03fe02-447f-42a3-9cbd-e94ba630cd40', 'date': 'Sat, 19 Feb 2022 15:54:15 GMT', 'connection': 'close', 'status': '200', 'content-location': 'http://172.30.12.83:9696/v2.0/extensions/empty-string-filtering'} Body: b'{"extension": {"name": "Empty String Filtering Extension", "alias": "empty-string-filtering", "description": "Allow filtering by attributes with empty string value", "updated": "2018-05-01T10:00:00-00:00", "links": []}}' _log_request_full /root/.rally/verification/verifier-6eb59350-4013-4bc7-adff-ed3fbbe09600/repo/tempest/lib/common/rest_client.py:440
2022-02-19 15:54:15.519 38 INFO tempest.lib.common.rest_client [req-ce4494e4-936d-4e4b-adae-592b819db84f ] Request (ExtensionsTestJSON:test_list_show_extensions): 200 GET http://172.30.12.83:9696/v2.0/extensions/expose-port-forwarding-in-fip 0.009s
2022-02-19 15:54:15.519 38 DEBUG tempest.lib.common.rest_client [req-ce4494e4-936d-4e4b-adae-592b819db84f ] Request - Headers: {'Content-Type': 'application/json', 'Accept': 'application/json', 'X-Auth-Token': ''} Body: None Response - Headers: {'content-type': 'application/json', 'content-length': '229', 'x-openstack-request-id': 'req-ce4494e4-936d-4e4b-adae-592b819db84f', 'date': 'Sat, 19 Feb 2022 15:54:15 GMT', 'connection': 'close', 'status': '200', 'content-location': 'http://172.30.12.83:9696/v2.0/extensions/expose-port-forwarding-in-fip'} Body: b'{"extension": {"name": "Expose Floating IP port forwardings", "alias": "expose-port-forwarding-in-fip", "description": "Expose port forwarding fields in floating IP response", "updated": "2018-06-28T16:00:00-00:00", "links": []}}' _log_request_full /root/.rally/verification/verifier-6eb59350-4013-4bc7-adff-ed3fbbe09600/repo/tempest/lib/common/rest_client.py:440
2022-02-19 15:54:15.522 39 INFO tempest.lib.common.rest_client [req-b71a3335-5406-4065-9075-2c1ca5cd9ef3 ] Request (AttachInterfacesUnderV243Test:test_add_remove_fixed_ip): 200 GET http://172.30.12.83/compute/v2.1/servers/4ecf0f46-936a-418a-8a4d-6b6d2bdd3290/os-interface/0f298228-b916-4ad7-a779-61e4f3eaf2c4 0.128s
2022-02-19 15:54:15.523 39 DEBUG tempest.lib.common.rest_client [req-b71a3335-5406-4065-9075-2c1ca5cd9ef3 ] Request - Headers: {'Content-Type': 'application/json', 'Accept': 'application/json', 'X-Auth-Token': ''} Body: None Response - Headers: {'date': 'Sat, 19 Feb 2022 15:54:15 GMT', 'server': 'Apache/2.4.29 (Ubuntu)', 'content-length': '285', 'content-type': 'application/json', 'openstack-api-version': 'compute 2.1', 'x-openstack-nova-api-version': '2.1', 'vary': 'OpenStack-API-Version,X-OpenStack-Nova-API-Version', 'x-openstack-request-id': 'req-b71a3335-5406-4065-9075-2c1ca5cd9ef3', 'x-compute-request-id': 'req-b71a3335-5406-4065-9075-2c1ca5cd9ef3', 'connection': 'close', 'status': '200', 'content-location': 'http://172.30.12.83/compute/v2.1/servers/4ecf0f46-936a-418a-8a4d-6b6d2bdd3290/os-interface/0f298228-b916-4ad7-a779-61e4f3eaf2c4'} Body: b'{"interfaceAttachment": {"net_id": "c0fcff89-55b1-4e9d-ba14-2ca5703eeed1", "port_id": "0f298228-b916-4ad7-a779-61e4f3eaf2c4", "mac_addr": "fa:16:3e:70:66:99", "port_state": "ACTIVE", "fixed_ips": [{"subnet_id": "4d7454f4-0933-4067-93b3-c2b080b82c7c", "ip_address": "192.168.120.14"}]}}' _log_request_full /root/.rally/verification/verifier-6eb59350-4013-4bc7-adff-ed3fbbe09600/repo/tempest/lib/common/rest_client.py:440
2022-02-19 15:54:15.528 38 INFO tempest.lib.common.rest_client [req-65f984eb-935a-4487-8f36-2b0a8aeab194 ] Request (ExtensionsTestJSON:test_list_show_extensions): 200 GET http://172.30.12.83:9696/v2.0/extensions/external-net 0.008s
2022-02-19 15:54:15.528 38 DEBUG tempest.lib.common.rest_client [req-65f984eb-935a-4487-8f36-2b0a8aeab194 ] Request - Headers: {'Content-Type': 'application/json', 'Accept': 'application/json', 'X-Auth-Token': ''} Body: None Response - Headers: {'content-type': 'application/json', 'content-length': '200', 'x-openstack-request-id': 'req-65f984eb-935a-4487-8f36-2b0a8aeab194', 'date': 'Sat, 19 Feb 2022 15:54:15 GMT', 'connection': 'close', 'status': '200', 'content-location': 'http://172.30.12.83:9696/v2.0/extensions/external-net'} Body: b'{"extension": {"name": "Neutron external network", "alias": "external-net", "description": "Adds external network attribute to network resource.", "updated": "2013-01-14T10:00:00-00:00", "links": []}}' _log_request_full /root/.rally/verification/verifier-6eb59350-4013-4bc7-adff-ed3fbbe09600/repo/tempest/lib/common/rest_client.py:440
2022-02-19 15:54:15.538 38 INFO tempest.lib.common.rest_client [req-14606146-44e0-4fc7-80fc-8e52ace279e6 ] Request (ExtensionsTestJSON:test_list_show_extensions): 200 GET http://172.30.12.83:9696/v2.0/extensions/extra_dhcp_opt 0.009s
2022-02-19 15:54:15.538 38 DEBUG tempest.lib.common.rest_client [req-14606146-44e0-4fc7-80fc-8e52ace279e6 ] Request - Headers: {'Content-Type': 'application/json', 'Accept': 'application/json', 'X-Auth-Token': ''} Body: None Response - Headers: {'content-type': 'application/json', 'content-length': '304', 'x-openstack-request-id': 'req-14606146-44e0-4fc7-80fc-8e52ace279e6', 'date': 'Sat, 19 Feb 2022 15:54:15 GMT', 'connection': 'close', 'status': '200', 'content-location': 'http://172.30.12.83:9696/v2.0/extensions/extra_dhcp_opt'} Body: b'{"extension": {"name": "Neutron Extra DHCP options", "alias": "extra_dhcp_opt", "description": "Extra options configuration for DHCP. For example PXE boot options to DHCP clients can be specified (e.g. tftp-server, server-ip-address, bootfile-name)", "updated": "2013-03-17T12:00:00-00:00", "links": []}}' _log_request_full /root/.rally/verification/verifier-6eb59350-4013-4bc7-adff-ed3fbbe09600/repo/tempest/lib/common/rest_client.py:440
2022-02-19 15:54:15.547 38 INFO tempest.lib.common.rest_client [req-babf60d8-d8b4-4261-b788-ed39f85c0adf ] Request (ExtensionsTestJSON:test_list_show_extensions): 200 GET http://172.30.12.83:9696/v2.0/extensions/extraroute 0.008s
2022-02-19 15:54:15.548 38 DEBUG tempest.lib.common.rest_client [req-babf60d8-d8b4-4261-b788-ed39f85c0adf ] Request - Headers: {'Content-Type': 'application/json', 'Accept': 'application/json', 'X-Auth-Token': ''} Body: None Response - Headers: {'content-type': 'application/json', 'content-length': '181', 'x-openstack-request-id': 'req-babf60d8-d8b4-4261-b788-ed39f85c0adf', 'date': 'Sat, 19 Feb 2022 15:54:15 GMT', 'connection': 'close', 'status': '200', 'content-location': 'http://172.30.12.83:9696/v2.0/extensions/extraroute'} Body: b'{"extension": {"name": "Neutron Extra Route", "alias": "extraroute", "description": "Extra routes configuration for L3 router", "updated": "2013-02-01T10:00:00-00:00", "links": []}}' _log_request_full /root/.rally/verification/verifier-6eb59350-4013-4bc7-adff-ed3fbbe09600/repo/tempest/lib/common/rest_client.py:440
2022-02-19 15:54:15.556 38 INFO tempest.lib.common.rest_client [req-1590e985-345a-40b2-9d4e-2feed1f5e95e ] Request (ExtensionsTestJSON:test_list_show_extensions): 200 GET http://172.30.12.83:9696/v2.0/extensions/extraroute-atomic 0.008s
2022-02-19 15:54:15.556 38 DEBUG tempest.lib.common.rest_client [req-1590e985-345a-40b2-9d4e-2feed1f5e95e ] Request - Headers: {'Content-Type': 'application/json', 'Accept': 'application/json', 'X-Auth-Token': ''} Body: None Response - Headers: {'content-type': 'application/json', 'content-length': '250', 'x-openstack-request-id': 'req-1590e985-345a-40b2-9d4e-2feed1f5e95e', 'date': 'Sat, 19 Feb 2022 15:54:15 GMT', 'connection': 'close', 'status': '200', 'content-location': 'http://172.30.12.83:9696/v2.0/extensions/extraroute-atomic'} Body: b'{"extension": {"name": "Atomically add/remove extra routes", "alias": "extraroute-atomic", "description": "Edit extra routes of a router on server side by atomically adding/removing extra routes", "updated": "2019-07-10T00:00:00+00:00", "links": []}}' _log_request_full /root/.rally/verification/verifier-6eb59350-4013-4bc7-adff-ed3fbbe09600/repo/tempest/lib/common/rest_client.py:440
2022-02-19 15:54:15.565 38 INFO tempest.lib.common.rest_client [req-be7eb1e9-a428-4b00-9703-d9702f05d4d7 ] Request (ExtensionsTestJSON:test_list_show_extensions): 200 GET http://172.30.12.83:9696/v2.0/extensions/filter-validation 0.007s
2022-02-19 15:54:15.565 38 DEBUG tempest.lib.common.rest_client [req-be7eb1e9-a428-4b00-9703-d9702f05d4d7 ] Request - Headers: {'Content-Type': 'application/json', 'Accept': 'application/json', 'X-Auth-Token': ''} Body: None Response - Headers: {'content-type': 'application/json', 'content-length': '198', 'x-openstack-request-id': 'req-be7eb1e9-a428-4b00-9703-d9702f05d4d7', 'date': 'Sat, 19 Feb 2022 15:54:15 GMT', 'connection': 'close', 'status': '200', 'content-location': 'http://172.30.12.83:9696/v2.0/extensions/filter-validation'} Body: b'{"extension": {"name": "Filter parameters validation", "alias": "filter-validation", "description": "Provides validation on filter parameters.", "updated": "2018-03-21T10:00:00-00:00", "links": []}}' _log_request_full /root/.rally/verification/verifier-6eb59350-4013-4bc7-adff-ed3fbbe09600/repo/tempest/lib/common/rest_client.py:440
2022-02-19 15:54:15.572 38 INFO tempest.lib.common.rest_client [req-bbb37a88-fdfb-4044-9d4b-f25abbbddb81 ] Request (ExtensionsTestJSON:test_list_show_extensions): 200 GET http://172.30.12.83:9696/v2.0/extensions/fip-port-details 0.006s
2022-02-19 15:54:15.572 38 DEBUG tempest.lib.common.rest_client [req-bbb37a88-fdfb-4044-9d4b-f25abbbddb81 ] Request - Headers: {'Content-Type': 'application/json', 'Accept': 'application/json', 'X-Auth-Token': ''} Body: None Response - Headers: {'content-type': 'application/json', 'content-length': '212', 'x-openstack-request-id': 'req-bbb37a88-fdfb-4044-9d4b-f25abbbddb81', 'date': 'Sat, 19 Feb 2022 15:54:15 GMT', 'connection': 'close', 'status': '200', 'content-location': 'http://172.30.12.83:9696/v2.0/extensions/fip-port-details'} Body: b'{"extension": {"name": "Floating IP Port Details Extension", "alias": "fip-port-details", "description": "Add port_details attribute to Floating IP resource", "updated": "2018-04-09T10:00:00-00:00", "links": []}}' _log_request_full /root/.rally/verification/verifier-6eb59350-4013-4bc7-adff-ed3fbbe09600/repo/tempest/lib/common/rest_client.py:440
2022-02-19 15:54:15.579 38 INFO tempest.lib.common.rest_client [req-5db5b437-a177-44e9-9691-3da08899a08c ] Request (ExtensionsTestJSON:test_list_show_extensions): 200 GET http://172.30.12.83:9696/v2.0/extensions/flavors 0.006s
2022-02-19 15:54:15.579 38 DEBUG tempest.lib.common.rest_client [req-5db5b437-a177-44e9-9691-3da08899a08c ] Request - Headers: {'Content-Type': 'application/json', 'Accept': 'application/json', 'X-Auth-Token': ''} Body: None Response - Headers: {'content-type': 'application/json', 'content-length': '193', 'x-openstack-request-id': 'req-5db5b437-a177-44e9-9691-3da08899a08c', 'date': 'Sat, 19 Feb 2022 15:54:15 GMT', 'connection': 'close', 'status': '200', 'content-location': 'http://172.30.12.83:9696/v2.0/extensions/flavors'} Body: b'{"extension": {"name": "Neutron Service Flavors", "alias": "flavors", "description": "Flavor specification for Neutron advanced services.", "updated": "2015-09-17T10:00:00-00:00", "links": []}}' _log_request_full /root/.rally/verification/verifier-6eb59350-4013-4bc7-adff-ed3fbbe09600/repo/tempest/lib/common/rest_client.py:440
2022-02-19 15:54:15.590 39 INFO tempest.lib.common.rest_client [req-b49b1757-bf86-4a48-8471-6c7a8bee708a ] Request (AttachInterfacesUnderV243Test:test_add_remove_fixed_ip): 200 GET http://172.30.12.83/compute/v2.1/servers/4ecf0f46-936a-418a-8a4d-6b6d2bdd3290/ips 0.061s
2022-02-19 15:54:15.590 38 INFO tempest.lib.common.rest_client [req-c75cb487-f887-487c-8292-01f2a22b3cfe ] Request (ExtensionsTestJSON:test_list_show_extensions): 200 GET http://172.30.12.83:9696/v2.0/extensions/floating-ip-port-forwarding 0.011s
2022-02-19 15:54:15.591 39 DEBUG tempest.lib.common.rest_client [req-b49b1757-bf86-4a48-8471-6c7a8bee708a ] Request - Headers: {'Content-Type': 'application/json', 'Accept': 'application/json', 'X-Auth-Token': ''} Body: None Response - Headers: {'date': 'Sat, 19 Feb 2022 15:54:15 GMT', 'server': 'Apache/2.4.29 (Ubuntu)', 'content-length': '158', 'content-type': 'application/json', 'openstack-api-version': 'compute 2.1', 'x-openstack-nova-api-version': '2.1', 'vary': 'OpenStack-API-Version,X-OpenStack-Nova-API-Version', 'x-openstack-request-id': 'req-b49b1757-bf86-4a48-8471-6c7a8bee708a', 'x-compute-request-id': 'req-b49b1757-bf86-4a48-8471-6c7a8bee708a', 'connection': 'close', 'status': '200', 'content-location': 'http://172.30.12.83/compute/v2.1/servers/4ecf0f46-936a-418a-8a4d-6b6d2bdd3290/ips'} Body: b'{"addresses": {"tempest-AttachInterfacesUnderV243Test-2036394703-network": [{"version": 4, "addr": "192.168.120.14"}, {"version": 4, "addr": "172.24.4.35"}]}}' _log_request_full /root/.rally/verification/verifier-6eb59350-4013-4bc7-adff-ed3fbbe09600/repo/tempest/lib/common/rest_client.py:440
2022-02-19 15:54:15.591 38 DEBUG tempest.lib.common.rest_client [req-c75cb487-f887-487c-8292-01f2a22b3cfe ] Request - Headers: {'Content-Type': 'application/json', 'Accept': 'application/json', 'X-Auth-Token': ''} Body: None Response - Headers: {'content-type': 'application/json', 'content-length': '229', 'x-openstack-request-id': 'req-c75cb487-f887-487c-8292-01f2a22b3cfe', 'date': 'Sat, 19 Feb 2022 15:54:15 GMT', 'connection': 'close', 'status': '200', 'content-location': 'http://172.30.12.83:9696/v2.0/extensions/floating-ip-port-forwarding'} Body: b'{"extension": {"name": "Floating IP Port Forwarding", "alias": "floating-ip-port-forwarding", "description": "Allow port forwarding from floating IP port to an internal port", "updated": "2018-01-19T10:00:00-00:00", "links": []}}' _log_request_full /root/.rally/verification/verifier-6eb59350-4013-4bc7-adff-ed3fbbe09600/repo/tempest/lib/common/rest_client.py:440
2022-02-19 15:54:15.598 38 INFO tempest.lib.common.rest_client [req-69773b12-dc01-4310-9a93-4d64494d025c ] Request (ExtensionsTestJSON:test_list_show_extensions): 200 GET http://172.30.12.83:9696/v2.0/extensions/floatingip-pools 0.007s
2022-02-19 15:54:15.599 38 DEBUG tempest.lib.common.rest_client [req-69773b12-dc01-4310-9a93-4d64494d025c ] Request - Headers: {'Content-Type': 'application/json', 'Accept': 'application/json', 'X-Auth-Token': ''} Body: None Response - Headers: {'content-type': 'application/json', 'content-length': '188', 'x-openstack-request-id': 'req-69773b12-dc01-4310-9a93-4d64494d025c', 'date': 'Sat, 19 Feb 2022 15:54:15 GMT', 'connection': 'close', 'status': '200', 'content-location': 'http://172.30.12.83:9696/v2.0/extensions/floatingip-pools'} Body: b'{"extension": {"name": "Floating IP Pools Extension", "alias": "floatingip-pools", "description": "Provides a floating IP pools API.", "updated": "2018-03-21T10:00:00-00:00", "links": []}}' _log_request_full /root/.rally/verification/verifier-6eb59350-4013-4bc7-adff-ed3fbbe09600/repo/tempest/lib/common/rest_client.py:440
2022-02-19 15:54:15.607 38 INFO tempest.lib.common.rest_client [req-08a8e6ac-1519-499f-aaf7-c72990799c67 ] Request (ExtensionsTestJSON:test_list_show_extensions): 200 GET http://172.30.12.83:9696/v2.0/extensions/ip_allocation 0.007s
2022-02-19 15:54:15.607 38 DEBUG tempest.lib.common.rest_client [req-08a8e6ac-1519-499f-aaf7-c72990799c67 ] Request - Headers: {'Content-Type': 'application/json', 'Accept': 'application/json', 'X-Auth-Token': ''} Body: None Response - Headers: {'content-type': 'application/json', 'content-length': '162', 'x-openstack-request-id': 'req-08a8e6ac-1519-499f-aaf7-c72990799c67', 'date': 'Sat, 19 Feb 2022 15:54:15 GMT', 'connection': 'close', 'status': '200', 'content-location': 'http://172.30.12.83:9696/v2.0/extensions/ip_allocation'} Body: b'{"extension": {"name": "IP Allocation", "alias": "ip_allocation", "description": "IP allocation extension.", "updated": "2016-06-10T23:00:00-00:00", "links": []}}' _log_request_full /root/.rally/verification/verifier-6eb59350-4013-4bc7-adff-ed3fbbe09600/repo/tempest/lib/common/rest_client.py:440
2022-02-19 15:54:15.617 38 INFO tempest.lib.common.rest_client [req-0c880618-c98d-40a2-b54e-2f46564d421f ] Request (ExtensionsTestJSON:test_list_show_extensions): 200 GET http://172.30.12.83:9696/v2.0/extensions/ip-substring-filtering 0.009s
2022-02-19 15:54:15.617 38 DEBUG tempest.lib.common.rest_client [req-0c880618-c98d-40a2-b54e-2f46564d421f ] Request - Headers: {'Content-Type': 'application/json', 'Accept': 'application/json', 'X-Auth-Token': ''} Body: None Response - Headers: {'content-type': 'application/json', 'content-length': '222', 'x-openstack-request-id': 'req-0c880618-c98d-40a2-b54e-2f46564d421f', 'date': 'Sat, 19 Feb 2022 15:54:15 GMT', 'connection': 'close', 'status': '200', 'content-location': 'http://172.30.12.83:9696/v2.0/extensions/ip-substring-filtering'} Body: b'{"extension": {"name": "IP address substring filtering", "alias": "ip-substring-filtering", "description": "Provides IP address substring filtering when listing ports", "updated": "2017-11-28T09:00:00-00:00", "links": []}}' _log_request_full /root/.rally/verification/verifier-6eb59350-4013-4bc7-adff-ed3fbbe09600/repo/tempest/lib/common/rest_client.py:440
2022-02-19 15:54:15.626 38 INFO tempest.lib.common.rest_client [req-d10c7251-88d7-422e-8512-bfd9aa80c688 ] Request (ExtensionsTestJSON:test_list_show_extensions): 200 GET http://172.30.12.83:9696/v2.0/extensions/l2_adjacency 0.008s
2022-02-19 15:54:15.626 38 DEBUG tempest.lib.common.rest_client [req-d10c7251-88d7-422e-8512-bfd9aa80c688 ] Request - Headers: {'Content-Type': 'application/json', 'Accept': 'application/json', 'X-Auth-Token': ''} Body: None Response - Headers: {'content-type': 'application/json', 'content-length': '178', 'x-openstack-request-id': 'req-d10c7251-88d7-422e-8512-bfd9aa80c688', 'date': 'Sat, 19 Feb 2022 15:54:15 GMT', 'connection': 'close', 'status': '200', 'content-location': 'http://172.30.12.83:9696/v2.0/extensions/l2_adjacency'} Body: b'{"extension": {"name": "L2 Adjacency", "alias": "l2_adjacency", "description": "Display L2 Adjacency for Neutron Networks.", "updated": "2016-04-12T16:00:00-00:00", "links": []}}' _log_request_full /root/.rally/verification/verifier-6eb59350-4013-4bc7-adff-ed3fbbe09600/repo/tempest/lib/common/rest_client.py:440
2022-02-19 15:54:15.637 38 INFO tempest.lib.common.rest_client [req-4d4140e5-6abf-4765-b54b-34530b23b8f6 ] Request (ExtensionsTestJSON:test_list_show_extensions): 200 GET http://172.30.12.83:9696/v2.0/extensions/router 0.009s
2022-02-19 15:54:15.637 38 DEBUG tempest.lib.common.rest_client [req-4d4140e5-6abf-4765-b54b-34530b23b8f6 ] Request - Headers: {'Content-Type': 'application/json', 'Accept': 'application/json', 'X-Auth-Token': ''} Body: None Response - Headers: {'content-type': 'application/json', 'content-length': '256', 'x-openstack-request-id': 'req-4d4140e5-6abf-4765-b54b-34530b23b8f6', 'date': 'Sat, 19 Feb 2022 15:54:15 GMT', 'connection': 'close', 'status': '200', 'content-location': 'http://172.30.12.83:9696/v2.0/extensions/router'} Body: b'{"extension": {"name": "Neutron L3 Router", "alias": "router", "description": "Router abstraction for basic L3 forwarding between L2 Neutron networks and access to external networks via a NAT gateway.", "updated": "2012-07-20T10:00:00-00:00", "links": []}}' _log_request_full /root/.rally/verification/verifier-6eb59350-4013-4bc7-adff-ed3fbbe09600/repo/tempest/lib/common/rest_client.py:440
2022-02-19 15:54:15.643 38 INFO tempest.lib.common.rest_client [req-79075d9c-28d9-49f2-a69f-131fb8cb0759 ] Request (ExtensionsTestJSON:test_list_show_extensions): 200 GET http://172.30.12.83:9696/v2.0/extensions/ext-gw-mode 0.005s
2022-02-19 15:54:15.643 38 DEBUG tempest.lib.common.rest_client [req-79075d9c-28d9-49f2-a69f-131fb8cb0759 ] Request - Headers: {'Content-Type': 'application/json', 'Accept': 'application/json', 'X-Auth-Token': ''} Body: None Response - Headers: {'content-type': 'application/json', 'content-length': '268', 'x-openstack-request-id': 'req-79075d9c-28d9-49f2-a69f-131fb8cb0759', 'date': 'Sat, 19 Feb 2022 15:54:15 GMT', 'connection': 'close', 'status': '200', 'content-location': 'http://172.30.12.83:9696/v2.0/extensions/ext-gw-mode'} Body: b'{"extension": {"name": "Neutron L3 Configurable external gateway mode", "alias": "ext-gw-mode", "description": "Extension of the router abstraction for specifying whether SNAT should occur on the external gateway", "updated": "2013-03-28T10:00:00-00:00", "links": []}}' _log_request_full /root/.rally/verification/verifier-6eb59350-4013-4bc7-adff-ed3fbbe09600/repo/tempest/lib/common/rest_client.py:440
2022-02-19 15:54:15.650 38 INFO tempest.lib.common.rest_client [req-077b82d4-197c-4744-949d-8c9d521e561d ] Request (ExtensionsTestJSON:test_list_show_extensions): 200 GET http://172.30.12.83:9696/v2.0/extensions/l3-ha 0.006s
2022-02-19 15:54:15.650 38 DEBUG tempest.lib.common.rest_client [req-077b82d4-197c-4744-949d-8c9d521e561d ] Request - Headers: {'Content-Type': 'application/json', 'Accept': 'application/json', 'X-Auth-Token': ''} Body: None Response - Headers: {'content-type': 'application/json', 'content-length': '166', 'x-openstack-request-id': 'req-077b82d4-197c-4744-949d-8c9d521e561d', 'date': 'Sat, 19 Feb 2022 15:54:15 GMT', 'connection': 'close', 'status': '200', 'content-location': 'http://172.30.12.83:9696/v2.0/extensions/l3-ha'} Body: b'{"extension": {"name": "HA Router extension", "alias": "l3-ha", "description": "Adds HA capability to routers.", "updated": "2014-04-26T00:00:00-00:00", "links": []}}' _log_request_full /root/.rally/verification/verifier-6eb59350-4013-4bc7-adff-ed3fbbe09600/repo/tempest/lib/common/rest_client.py:440
2022-02-19 15:54:15.661 38 INFO tempest.lib.common.rest_client [req-90b3de64-fb48-485c-aabd-e479fd87ac40 ] Request (ExtensionsTestJSON:test_list_show_extensions): 200 GET http://172.30.12.83:9696/v2.0/extensions/l3-flavors 0.011s
2022-02-19 15:54:15.662 38 DEBUG tempest.lib.common.rest_client [req-90b3de64-fb48-485c-aabd-e479fd87ac40 ] Request - Headers: {'Content-Type': 'application/json', 'Accept': 'application/json', 'X-Auth-Token': ''} Body: None Response - Headers: {'content-type': 'application/json', 'content-length': '172', 'x-openstack-request-id': 'req-90b3de64-fb48-485c-aabd-e479fd87ac40', 'date': 'Sat, 19 Feb 2022 15:54:15 GMT', 'connection': 'close', 'status': '200', 'content-location': 'http://172.30.12.83:9696/v2.0/extensions/l3-flavors'} Body: b'{"extension": {"name": "Router Flavor Extension", "alias": "l3-flavors", "description": "Flavor support for routers.", "updated": "2016-05-17T00:00:00-00:00", "links": []}}' _log_request_full /root/.rally/verification/verifier-6eb59350-4013-4bc7-adff-ed3fbbe09600/repo/tempest/lib/common/rest_client.py:440
2022-02-19 15:54:15.663 39 INFO tempest.lib.common.rest_client [req-6b10991f-b224-45f6-8628-45f7d8cee8e3 ] Request (AttachInterfacesUnderV243Test:test_add_remove_fixed_ip): 202 POST http://172.30.12.83/compute/v2.1/servers/4ecf0f46-936a-418a-8a4d-6b6d2bdd3290/action 0.066s
2022-02-19 15:54:15.664 39 DEBUG tempest.lib.common.rest_client [req-6b10991f-b224-45f6-8628-45f7d8cee8e3 ] Request - Headers: {'Content-Type': 'application/json', 'Accept': 'application/json', 'X-Auth-Token': ''} Body: {"addFixedIp": {"networkId": "c0fcff89-55b1-4e9d-ba14-2ca5703eeed1"}} Response - Headers: {'date': 'Sat, 19 Feb 2022 15:54:15 GMT', 'server': 'Apache/2.4.29 (Ubuntu)', 'content-length': '0', 'content-type': 'application/json', 'openstack-api-version': 'compute 2.1', 'x-openstack-nova-api-version': '2.1', 'vary': 'OpenStack-API-Version,X-OpenStack-Nova-API-Version', 'x-openstack-request-id': 'req-6b10991f-b224-45f6-8628-45f7d8cee8e3', 'x-compute-request-id': 'req-6b10991f-b224-45f6-8628-45f7d8cee8e3', 'connection': 'close', 'status': '202', 'content-location': 'http://172.30.12.83/compute/v2.1/servers/4ecf0f46-936a-418a-8a4d-6b6d2bdd3290/action'} Body: b'' _log_request_full /root/.rally/verification/verifier-6eb59350-4013-4bc7-adff-ed3fbbe09600/repo/tempest/lib/common/rest_client.py:440
2022-02-19 15:54:15.670 38 INFO tempest.lib.common.rest_client [req-4b668e36-83c2-4449-ac0c-d8d9bcbe9a7f ] Request (ExtensionsTestJSON:test_list_show_extensions): 200 GET http://172.30.12.83:9696/v2.0/extensions/l3-port-ip-change-not-allowed 0.008s
2022-02-19 15:54:15.671 38 DEBUG tempest.lib.common.rest_client [req-4b668e36-83c2-4449-ac0c-d8d9bcbe9a7f ] Request - Headers: {'Content-Type': 'application/json', 'Accept': 'application/json', 'X-Auth-Token': ''} Body: None Response - Headers: {'content-type': 'application/json', 'content-length': '245', 'x-openstack-request-id': 'req-4b668e36-83c2-4449-ac0c-d8d9bcbe9a7f', 'date': 'Sat, 19 Feb 2022 15:54:15 GMT', 'connection': 'close', 'status': '200', 'content-location': 'http://172.30.12.83:9696/v2.0/extensions/l3-port-ip-change-not-allowed'} Body: b'{"extension": {"name": "Prevent L3 router ports IP address change extension", "alias": "l3-port-ip-change-not-allowed", "description": "Prevent change of IP address for some L3 router ports", "updated": "2018-10-09T10:00:00-00:00", "links": []}}' _log_request_full /root/.rally/verification/verifier-6eb59350-4013-4bc7-adff-ed3fbbe09600/repo/tempest/lib/common/rest_client.py:440
2022-02-19 15:54:15.679 38 INFO tempest.lib.common.rest_client [req-02097898-6376-4419-838a-a0a8c0508cca ] Request (ExtensionsTestJSON:test_list_show_extensions): 200 GET http://172.30.12.83:9696/v2.0/extensions/l3_agent_scheduler 0.007s
2022-02-19 15:54:15.679 38 DEBUG tempest.lib.common.rest_client [req-02097898-6376-4419-838a-a0a8c0508cca ] Request - Headers: {'Content-Type': 'application/json', 'Accept': 'application/json', 'X-Auth-Token': ''} Body: None Response - Headers: {'content-type': 'application/json', 'content-length': '180', 'x-openstack-request-id': 'req-02097898-6376-4419-838a-a0a8c0508cca', 'date': 'Sat, 19 Feb 2022 15:54:15 GMT', 'connection': 'close', 'status': '200', 'content-location': 'http://172.30.12.83:9696/v2.0/extensions/l3_agent_scheduler'} Body: b'{"extension": {"name": "L3 Agent Scheduler", "alias": "l3_agent_scheduler", "description": "Schedule routers among l3 agents", "updated": "2013-02-07T10:00:00-00:00", "links": []}}' _log_request_full /root/.rally/verification/verifier-6eb59350-4013-4bc7-adff-ed3fbbe09600/repo/tempest/lib/common/rest_client.py:440
2022-02-19 15:54:15.686 38 INFO tempest.lib.common.rest_client [req-032b0f27-9748-434d-82e4-542a50446730 ] Request (ExtensionsTestJSON:test_list_show_extensions): 200 GET http://172.30.12.83:9696/v2.0/extensions/logging 0.006s
2022-02-19 15:54:15.686 38 DEBUG tempest.lib.common.rest_client [req-032b0f27-9748-434d-82e4-542a50446730 ] Request - Headers: {'Content-Type': 'application/json', 'Accept': 'application/json', 'X-Auth-Token': ''} Body: None Response - Headers: {'content-type': 'application/json', 'content-length': '213', 'x-openstack-request-id': 'req-032b0f27-9748-434d-82e4-542a50446730', 'date': 'Sat, 19 Feb 2022 15:54:15 GMT', 'connection': 'close', 'status': '200', 'content-location': 'http://172.30.12.83:9696/v2.0/extensions/logging'} Body: b'{"extension": {"name": "Logging API Extension", "alias": "logging", "description": "Provides a logging API for resources such as security group and firewall.", "updated": "2017-01-01T10:00:00-00:00", "links": []}}' _log_request_full /root/.rally/verification/verifier-6eb59350-4013-4bc7-adff-ed3fbbe09600/repo/tempest/lib/common/rest_client.py:440
2022-02-19 15:54:15.710 38 INFO tempest.lib.common.rest_client [req-b447ae0e-4b1b-420f-9cfa-5501fa37b32c ] Request (ExtensionsTestJSON:test_list_show_extensions): 200 GET http://172.30.12.83:9696/v2.0/extensions/multi-provider 0.023s
2022-02-19 15:54:15.711 38 DEBUG tempest.lib.common.rest_client [req-b447ae0e-4b1b-420f-9cfa-5501fa37b32c ] Request - Headers: {'Content-Type': 'application/json', 'Accept': 'application/json', 'X-Auth-Token': ''} Body: None Response - Headers: {'content-type': 'application/json', 'content-length': '212', 'x-openstack-request-id': 'req-b447ae0e-4b1b-420f-9cfa-5501fa37b32c', 'date': 'Sat, 19 Feb 2022 15:54:15 GMT', 'connection': 'close', 'status': '200', 'content-location': 'http://172.30.12.83:9696/v2.0/extensions/multi-provider'} Body: b'{"extension": {"name": "Multi Provider Network", "alias": "multi-provider", "description": "Expose mapping of virtual networks to multiple physical networks", "updated": "2013-06-27T10:00:00-00:00", "links": []}}' _log_request_full /root/.rally/verification/verifier-6eb59350-4013-4bc7-adff-ed3fbbe09600/repo/tempest/lib/common/rest_client.py:440
2022-02-19 15:54:15.722 38 INFO tempest.lib.common.rest_client [req-5614eb49-f6b4-43cb-adce-e1e4f91e0e8a ] Request (ExtensionsTestJSON:test_list_show_extensions): 200 GET http://172.30.12.83:9696/v2.0/extensions/net-mtu 0.010s
2022-02-19 15:54:15.722 38 DEBUG tempest.lib.common.rest_client [req-5614eb49-f6b4-43cb-adce-e1e4f91e0e8a ] Request - Headers: {'Content-Type': 'application/json', 'Accept': 'application/json', 'X-Auth-Token': ''} Body: None Response - Headers: {'content-type': 'application/json', 'content-length': '176', 'x-openstack-request-id': 'req-5614eb49-f6b4-43cb-adce-e1e4f91e0e8a', 'date': 'Sat, 19 Feb 2022 15:54:15 GMT', 'connection': 'close', 'status': '200', 'content-location': 'http://172.30.12.83:9696/v2.0/extensions/net-mtu'} Body: b'{"extension": {"name": "Network MTU", "alias": "net-mtu", "description": "Provides MTU attribute for a network resource.", "updated": "2015-03-25T10:00:00-00:00", "links": []}}' _log_request_full /root/.rally/verification/verifier-6eb59350-4013-4bc7-adff-ed3fbbe09600/repo/tempest/lib/common/rest_client.py:440
2022-02-19 15:54:15.730 39 INFO tempest.lib.common.rest_client [req-ea28501f-79b6-4e1c-9b88-d7a0dbe7a06d ] Request (AttachInterfacesUnderV243Test:test_add_remove_fixed_ip): 200 GET http://172.30.12.83/compute/v2.1/servers/4ecf0f46-936a-418a-8a4d-6b6d2bdd3290/ips 0.065s
2022-02-19 15:54:15.730 39 DEBUG tempest.lib.common.rest_client [req-ea28501f-79b6-4e1c-9b88-d7a0dbe7a06d ] Request - Headers: {'Content-Type': 'application/json', 'Accept': 'application/json', 'X-Auth-Token': ''} Body: None Response - Headers: {'date': 'Sat, 19 Feb 2022 15:54:15 GMT', 'server': 'Apache/2.4.29 (Ubuntu)', 'content-length': '158', 'content-type': 'application/json', 'openstack-api-version': 'compute 2.1', 'x-openstack-nova-api-version': '2.1', 'vary': 'OpenStack-API-Version,X-OpenStack-Nova-API-Version', 'x-openstack-request-id': 'req-ea28501f-79b6-4e1c-9b88-d7a0dbe7a06d', 'x-compute-request-id': 'req-ea28501f-79b6-4e1c-9b88-d7a0dbe7a06d', 'connection': 'close', 'status': '200', 'content-location': 'http://172.30.12.83/compute/v2.1/servers/4ecf0f46-936a-418a-8a4d-6b6d2bdd3290/ips'} Body: b'{"addresses": {"tempest-AttachInterfacesUnderV243Test-2036394703-network": [{"version": 4, "addr": "192.168.120.14"}, {"version": 4, "addr": "172.24.4.35"}]}}' _log_request_full /root/.rally/verification/verifier-6eb59350-4013-4bc7-adff-ed3fbbe09600/repo/tempest/lib/common/rest_client.py:440
2022-02-19 15:54:15.731 38 INFO tempest.lib.common.rest_client [req-1ae3bb52-4185-47a7-8b6a-3eacfe2327e4 ] Request (ExtensionsTestJSON:test_list_show_extensions): 200 GET http://172.30.12.83:9696/v2.0/extensions/net-mtu-writable 0.008s
2022-02-19 15:54:15.731 38 DEBUG tempest.lib.common.rest_client [req-1ae3bb52-4185-47a7-8b6a-3eacfe2327e4 ] Request - Headers: {'Content-Type': 'application/json', 'Accept': 'application/json', 'X-Auth-Token': ''} Body: None Response - Headers: {'content-type': 'application/json', 'content-length': '207', 'x-openstack-request-id': 'req-1ae3bb52-4185-47a7-8b6a-3eacfe2327e4', 'date': 'Sat, 19 Feb 2022 15:54:15 GMT', 'connection': 'close', 'status': '200', 'content-location': 'http://172.30.12.83:9696/v2.0/extensions/net-mtu-writable'} Body: b'{"extension": {"name": "Network MTU (writable)", "alias": "net-mtu-writable", "description": "Provides a writable MTU attribute for a network resource.", "updated": "2017-07-12T00:00:00-00:00", "links": []}}' _log_request_full /root/.rally/verification/verifier-6eb59350-4013-4bc7-adff-ed3fbbe09600/repo/tempest/lib/common/rest_client.py:440
2022-02-19 15:54:15.734 39 DEBUG tempest.api.compute.servers.test_attach_interfaces [-] Wait for change of IPs. All IPs still associated to the server 4ecf0f46-936a-418a-8a4d-6b6d2bdd3290: {'172.24.4.35', '192.168.120.14'} _wait_for_ip_change /root/.rally/verification/verifier-6eb59350-4013-4bc7-adff-ed3fbbe09600/repo/tempest/api/compute/servers/test_attach_interfaces.py:394
2022-02-19 15:54:15.740 38 INFO tempest.lib.common.rest_client [req-798b5696-d2dd-486c-b567-5a7609be7b5b ] Request (ExtensionsTestJSON:test_list_show_extensions): 200 GET http://172.30.12.83:9696/v2.0/extensions/network_availability_zone 0.008s
2022-02-19 15:54:15.740 38 DEBUG tempest.lib.common.rest_client [req-798b5696-d2dd-486c-b567-5a7609be7b5b ] Request - Headers: {'Content-Type': 'application/json', 'Accept': 'application/json', 'X-Auth-Token': ''} Body: None Response - Headers: {'content-type': 'application/json', 'content-length': '200', 'x-openstack-request-id': 'req-798b5696-d2dd-486c-b567-5a7609be7b5b', 'date': 'Sat, 19 Feb 2022 15:54:15 GMT', 'connection': 'close', 'status': '200', 'content-location': 'http://172.30.12.83:9696/v2.0/extensions/network_availability_zone'} Body: b'{"extension": {"name": "Network Availability Zone", "alias": "network_availability_zone", "description": "Availability zone support for network.", "updated": "2015-01-01T10:00:00-00:00", "links": []}}' _log_request_full /root/.rally/verification/verifier-6eb59350-4013-4bc7-adff-ed3fbbe09600/repo/tempest/lib/common/rest_client.py:440
2022-02-19 15:54:15.749 38 INFO tempest.lib.common.rest_client [req-5eae1c20-0b32-46e3-bc75-cd7a497534cc ] Request (ExtensionsTestJSON:test_list_show_extensions): 200 GET http://172.30.12.83:9696/v2.0/extensions/network-ip-availability 0.008s
2022-02-19 15:54:15.749 38 DEBUG tempest.lib.common.rest_client [req-5eae1c20-0b32-46e3-bc75-cd7a497534cc ] Request - Headers: {'Content-Type': 'application/json', 'Accept': 'application/json', 'X-Auth-Token': ''} Body: None Response - Headers: {'content-type': 'application/json', 'content-length': '216', 'x-openstack-request-id': 'req-5eae1c20-0b32-46e3-bc75-cd7a497534cc', 'date': 'Sat, 19 Feb 2022 15:54:15 GMT', 'connection': 'close', 'status': '200', 'content-location': 'http://172.30.12.83:9696/v2.0/extensions/network-ip-availability'} Body: b'{"extension": {"name": "Network IP Availability", "alias": "network-ip-availability", "description": "Provides IP availability data for each network and subnet.", "updated": "2015-09-24T00:00:00-00:00", "links": []}}' _log_request_full /root/.rally/verification/verifier-6eb59350-4013-4bc7-adff-ed3fbbe09600/repo/tempest/lib/common/rest_client.py:440
2022-02-19 15:54:15.759 38 INFO tempest.lib.common.rest_client [req-e8a792c5-a288-436e-8d43-c7f445399fb0 ] Request (ExtensionsTestJSON:test_list_show_extensions): 200 GET http://172.30.12.83:9696/v2.0/extensions/pagination 0.009s
2022-02-19 15:54:15.759 38 DEBUG tempest.lib.common.rest_client [req-e8a792c5-a288-436e-8d43-c7f445399fb0 ] Request - Headers: {'Content-Type': 'application/json', 'Accept': 'application/json', 'X-Auth-Token': ''} Body: None Response - Headers: {'content-type': 'application/json', 'content-length': '192', 'x-openstack-request-id': 'req-e8a792c5-a288-436e-8d43-c7f445399fb0', 'date': 'Sat, 19 Feb 2022 15:54:15 GMT', 'connection': 'close', 'status': '200', 'content-location': 'http://172.30.12.83:9696/v2.0/extensions/pagination'} Body: b'{"extension": {"name": "Pagination support", "alias": "pagination", "description": "Extension that indicates that pagination is enabled.", "updated": "2016-06-12T00:00:00-00:00", "links": []}}' _log_request_full /root/.rally/verification/verifier-6eb59350-4013-4bc7-adff-ed3fbbe09600/repo/tempest/lib/common/rest_client.py:440
2022-02-19 15:54:15.768 38 INFO tempest.lib.common.rest_client [req-a074bc0f-d95b-4b02-8883-53794dc64d52 ] Request (ExtensionsTestJSON:test_list_show_extensions): 200 GET http://172.30.12.83:9696/v2.0/extensions/port-mac-address-regenerate 0.008s
2022-02-19 15:54:15.769 38 DEBUG tempest.lib.common.rest_client [req-a074bc0f-d95b-4b02-8883-53794dc64d52 ] Request - Headers: {'Content-Type': 'application/json', 'Accept': 'application/json', 'X-Auth-Token': ''} Body: None Response - Headers: {'content-type': 'application/json', 'content-length': '209', 'x-openstack-request-id': 'req-a074bc0f-d95b-4b02-8883-53794dc64d52', 'date': 'Sat, 19 Feb 2022 15:54:15 GMT', 'connection': 'close', 'status': '200', 'content-location': 'http://172.30.12.83:9696/v2.0/extensions/port-mac-address-regenerate'} Body: b'{"extension": {"name": "Neutron Port MAC address regenerate", "alias": "port-mac-address-regenerate", "description": "Network port MAC address regenerate", "updated": "2018-05-03T10:00:00-00:00", "links": []}}' _log_request_full /root/.rally/verification/verifier-6eb59350-4013-4bc7-adff-ed3fbbe09600/repo/tempest/lib/common/rest_client.py:440
2022-02-19 15:54:15.777 38 INFO tempest.lib.common.rest_client [req-0412f130-d43d-4dc6-ae42-75f7902344be ] Request (ExtensionsTestJSON:test_list_show_extensions): 200 GET http://172.30.12.83:9696/v2.0/extensions/port-resource-request 0.007s
2022-02-19 15:54:15.777 38 DEBUG tempest.lib.common.rest_client [req-0412f130-d43d-4dc6-ae42-75f7902344be ] Request - Headers: {'Content-Type': 'application/json', 'Accept': 'application/json', 'X-Auth-Token': ''} Body: None Response - Headers: {'content-type': 'application/json', 'content-length': '185', 'x-openstack-request-id': 'req-0412f130-d43d-4dc6-ae42-75f7902344be', 'date': 'Sat, 19 Feb 2022 15:54:15 GMT', 'connection': 'close', 'status': '200', 'content-location': 'http://172.30.12.83:9696/v2.0/extensions/port-resource-request'} Body: b'{"extension": {"name": "Port Resource Request", "alias": "port-resource-request", "description": "Expose resource request to Port", "updated": "2018-05-08T10:00:00-00:00", "links": []}}' _log_request_full /root/.rally/verification/verifier-6eb59350-4013-4bc7-adff-ed3fbbe09600/repo/tempest/lib/common/rest_client.py:440
2022-02-19 15:54:15.785 38 INFO tempest.lib.common.rest_client [req-da7afe33-e7b2-4d52-ac01-3e968303f2eb ] Request (ExtensionsTestJSON:test_list_show_extensions): 200 GET http://172.30.12.83:9696/v2.0/extensions/binding 0.008s
2022-02-19 15:54:15.786 38 DEBUG tempest.lib.common.rest_client [req-da7afe33-e7b2-4d52-ac01-3e968303f2eb ] Request - Headers: {'Content-Type': 'application/json', 'Accept': 'application/json', 'X-Auth-Token': ''} Body: None Response - Headers: {'content-type': 'application/json', 'content-length': '193', 'x-openstack-request-id': 'req-da7afe33-e7b2-4d52-ac01-3e968303f2eb', 'date': 'Sat, 19 Feb 2022 15:54:15 GMT', 'connection': 'close', 'status': '200', 'content-location': 'http://172.30.12.83:9696/v2.0/extensions/binding'} Body: b'{"extension": {"name": "Port Binding", "alias": "binding", "description": "Expose port bindings of a virtual port to external application", "updated": "2014-02-03T10:00:00-00:00", "links": []}}' _log_request_full /root/.rally/verification/verifier-6eb59350-4013-4bc7-adff-ed3fbbe09600/repo/tempest/lib/common/rest_client.py:440
2022-02-19 15:54:15.795 38 INFO tempest.lib.common.rest_client [req-36edd23d-b925-4dd4-a064-7be5777ce635 ] Request (ExtensionsTestJSON:test_list_show_extensions): 200 GET http://172.30.12.83:9696/v2.0/extensions/binding-extended 0.009s
2022-02-19 15:54:15.795 38 DEBUG tempest.lib.common.rest_client [req-36edd23d-b925-4dd4-a064-7be5777ce635 ] Request - Headers: {'Content-Type': 'application/json', 'Accept': 'application/json', 'X-Auth-Token': ''} Body: None Response - Headers: {'content-type': 'application/json', 'content-length': '212', 'x-openstack-request-id': 'req-36edd23d-b925-4dd4-a064-7be5777ce635', 'date': 'Sat, 19 Feb 2022 15:54:15 GMT', 'connection': 'close', 'status': '200', 'content-location': 'http://172.30.12.83:9696/v2.0/extensions/binding-extended'} Body: b'{"extension": {"name": "Port Bindings Extended", "alias": "binding-extended", "description": "Expose port bindings of a virtual port to external application", "updated": "2017-07-17T10:00:00-00:00", "links": []}}' _log_request_full /root/.rally/verification/verifier-6eb59350-4013-4bc7-adff-ed3fbbe09600/repo/tempest/lib/common/rest_client.py:440
2022-02-19 15:54:15.805 38 INFO tempest.lib.common.rest_client [req-35e7ce99-88ea-4440-82c5-e61354d6c214 ] Request (ExtensionsTestJSON:test_list_show_extensions): 200 GET http://172.30.12.83:9696/v2.0/extensions/port-security 0.008s
2022-02-19 15:54:15.805 38 DEBUG tempest.lib.common.rest_client [req-35e7ce99-88ea-4440-82c5-e61354d6c214 ] Request - Headers: {'Content-Type': 'application/json', 'Accept': 'application/json', 'X-Auth-Token': ''} Body: None Response - Headers: {'content-type': 'application/json', 'content-length': '160', 'x-openstack-request-id': 'req-35e7ce99-88ea-4440-82c5-e61354d6c214', 'date': 'Sat, 19 Feb 2022 15:54:15 GMT', 'connection': 'close', 'status': '200', 'content-location': 'http://172.30.12.83:9696/v2.0/extensions/port-security'} Body: b'{"extension": {"name": "Port Security", "alias": "port-security", "description": "Provides port security", "updated": "2012-07-23T10:00:00-00:00", "links": []}}' _log_request_full /root/.rally/verification/verifier-6eb59350-4013-4bc7-adff-ed3fbbe09600/repo/tempest/lib/common/rest_client.py:440
2022-02-19 15:54:15.814 38 INFO tempest.lib.common.rest_client [req-92ed120f-495d-4056-8f46-4d39bcf7a0fd ] Request (ExtensionsTestJSON:test_list_show_extensions): 200 GET http://172.30.12.83:9696/v2.0/extensions/project-id 0.008s
2022-02-19 15:54:15.814 38 DEBUG tempest.lib.common.rest_client [req-92ed120f-495d-4056-8f46-4d39bcf7a0fd ] Request - Headers: {'Content-Type': 'application/json', 'Accept': 'application/json', 'X-Auth-Token': ''} Body: None Response - Headers: {'content-type': 'application/json', 'content-length': '204', 'x-openstack-request-id': 'req-92ed120f-495d-4056-8f46-4d39bcf7a0fd', 'date': 'Sat, 19 Feb 2022 15:54:15 GMT', 'connection': 'close', 'status': '200', 'content-location': 'http://172.30.12.83:9696/v2.0/extensions/project-id'} Body: b'{"extension": {"name": "project_id field enabled", "alias": "project-id", "description": "Extension that indicates that project_id field is enabled.", "updated": "2016-09-09T09:09:09-09:09", "links": []}}' _log_request_full /root/.rally/verification/verifier-6eb59350-4013-4bc7-adff-ed3fbbe09600/repo/tempest/lib/common/rest_client.py:440
2022-02-19 15:54:15.824 38 INFO tempest.lib.common.rest_client [req-d1da653b-d381-488f-91e4-45a10d3e02a6 ] Request (ExtensionsTestJSON:test_list_show_extensions): 200 GET http://172.30.12.83:9696/v2.0/extensions/provider 0.009s
