2020-04-27 12:48:29.786 15 RALLYDEBUG rally_openstack.cleanup.manager [-] Deleting neutron.port object s_rally_64340d7e_spfhNVbM (c6424971-3cc3-4aaa-86fc-cd27e3ae2694)
2020-04-27 12:48:29.817 15 RALLYDEBUG rally_openstack.cleanup.manager [-] Deleting neutron.port object s_rally_64340d7e_gnYWzDTe (c656c993-40ad-4381-81fe-c6d1d41eb432)
2020-04-27 12:48:29.975 15 RALLYDEBUG rally_openstack.cleanup.manager [-] Deleting neutron.port object s_rally_64340d7e_32pZgbi2 (c67fc688-3b3b-4782-b9d7-9cb4f59c1b2b)
2020-04-27 12:48:30.098 15 RALLYDEBUG rally_openstack.cleanup.manager [-] Deleting neutron.port object s_rally_64340d7e_aPy386OE (c692a257-f5ab-47fa-9346-81f64b0a1872)
2020-04-27 12:48:30.133 15 RALLYDEBUG rally_openstack.cleanup.manager [-] Deleting neutron.port object s_rally_64340d7e_pNi9c21F (c6adc727-9538-486c-819e-10bd0d9c97e4)
2020-04-27 12:48:30.204 15 RALLYDEBUG rally_openstack.cleanup.manager [-] Deleting neutron.port object s_rally_64340d7e_EyKySimN (c6ca0c65-c16e-4813-9f45-fd50aca9fa01)
2020-04-27 12:48:30.245 15 RALLYDEBUG rally_openstack.cleanup.manager [-] Deleting neutron.port object s_rally_64340d7e_tHMyXYMS (c99a912f-b541-44e3-b214-1912b7a30464)
2020-04-27 12:48:30.274 15 RALLYDEBUG rally_openstack.cleanup.manager [-] Deleting neutron.port object s_rally_64340d7e_b5cPDqqE (caafba8f-dc5e-4fd7-8de8-93cc1380004f)
2020-04-27 12:48:31.368 15 RALLYDEBUG rally_openstack.cleanup.manager [-] Deleting neutron.port object s_rally_64340d7e_sluAEkF5 (cab1ffa3-70c8-4ad4-a705-e5d4caa31911)
2020-04-27 12:48:31.591 15 RALLYDEBUG rally_openstack.cleanup.manager [-] Deleting neutron.port object s_rally_64340d7e_TZbhqJy8 (cad5d02d-ff14-4941-ba4f-c8f0277e34dc)
2020-04-27 12:48:31.758 15 RALLYDEBUG rally_openstack.cleanup.manager [-] Deleting neutron.port object s_rally_64340d7e_JLkBKTiZ (cb1d6f85-970a-44f8-83b5-206c44d07bcb)
2020-04-27 12:48:34.397 15 RALLYDEBUG rally_openstack.cleanup.manager [-] Deleting neutron.port object s_rally_64340d7e_Ux9pDyCI (cc2d0953-145f-4bb7-9179-5536e25b19fb)
2020-04-27 12:48:34.470 15 RALLYDEBUG rally_openstack.cleanup.manager [-] Deleting neutron.port object s_rally_64340d7e_dM9ZKTYu (cd7d16e9-f57c-420f-bfb2-ae4ee9042986)
2020-04-27 12:48:35.123 15 RALLYDEBUG rally_openstack.cleanup.manager [-] Deleting neutron.port object s_rally_64340d7e_QdwoDzzO (cd9790cb-425d-4d5a-90dc-c6b245c9bf64)
2020-04-27 12:48:35.126 15 RALLYDEBUG rally_openstack.cleanup.manager [-] Deleting neutron.port object s_rally_64340d7e_1jz03781 (cdf666b4-a068-463d-bc2b-f7726418321b)
2020-04-27 12:48:35.164 15 RALLYDEBUG rally_openstack.cleanup.manager [-] Deleting neutron.port object s_rally_64340d7e_7tshKpri (d058135e-d7c4-424c-aded-5873aa87a9a4)
2020-04-27 12:48:35.183 15 RALLYDEBUG rally_openstack.cleanup.manager [-] Deleting neutron.port object s_rally_64340d7e_BOe2fYZN (d13c947b-76d0-4c5e-9229-145dc98503f6)
2020-04-27 12:48:35.192 15 RALLYDEBUG rally_openstack.cleanup.manager [-] Deleting neutron.port object s_rally_64340d7e_t0R8OurR (d27565c8-5225-4f11-ad95-c396fa2f0b06)
2020-04-27 12:48:35.774 15 RALLYDEBUG rally_openstack.cleanup.manager [-] Deleting neutron.port object s_rally_64340d7e_uvOpkESr (d347d545-20b5-4534-8b35-49eef57abaa3)
2020-04-27 12:48:35.878 15 RALLYDEBUG rally_openstack.cleanup.manager [-] Deleting neutron.port object s_rally_64340d7e_ujJ7xZwF (d3ed32a1-7e24-4b36-aa73-9b38443a3837)
2020-04-27 12:48:36.031 15 RALLYDEBUG rally_openstack.cleanup.manager [-] Deleting neutron.port object s_rally_64340d7e_OIfR5wYk (d4cb245d-a73b-42de-b41d-57b7ca0f8724)
2020-04-27 12:48:36.081 15 RALLYDEBUG rally_openstack.cleanup.manager [-] Deleting neutron.port object s_rally_64340d7e_hPctuxYr (d6b71799-b516-4c16-8fc3-0b62771806be)
2020-04-27 12:48:36.146 15 RALLYDEBUG rally_openstack.cleanup.manager [-] Deleting neutron.port object s_rally_64340d7e_yMxiHQeT (da6508b5-0748-4244-a922-2717527eebc7)
2020-04-27 12:48:36.163 15 RALLYDEBUG rally_openstack.cleanup.manager [-] Deleting neutron.port object s_rally_64340d7e_jOFpjAsO (da9df5d3-ffa9-4c7f-8144-120e5dd0f3ec)
2020-04-27 12:48:36.300 15 RALLYDEBUG rally_openstack.cleanup.manager [-] Deleting neutron.port object s_rally_64340d7e_WDfGgOzq (dafde47f-3b36-46e9-8730-a3ce95d55735)
2020-04-27 12:48:36.308 15 RALLYDEBUG rally_openstack.cleanup.manager [-] Deleting neutron.port object s_rally_64340d7e_kvqwqIBR (db9cd77f-63a6-4012-a2b4-2d393f6e15b8)
2020-04-27 12:48:36.909 15 RALLYDEBUG rally_openstack.cleanup.manager [-] Deleting neutron.port object s_rally_64340d7e_GfYHag7R (dbc04bfd-b148-49a4-9786-c0ee27878cd0)
2020-04-27 12:48:36.983 15 RALLYDEBUG rally_openstack.cleanup.manager [-] Deleting neutron.port object s_rally_64340d7e_2Pm2fvh4 (dbcc72ca-4e15-4714-9a49-b59de3fbf0d8)
2020-04-27 12:48:37.244 15 RALLYDEBUG rally_openstack.cleanup.manager [-] Deleting neutron.port object s_rally_64340d7e_J0MPJ29r (dbf2f87c-abfc-4dc9-bbf6-b71c3c8a7d5d)
2020-04-27 12:48:37.642 15 RALLYDEBUG rally_openstack.cleanup.manager [-] Deleting neutron.port object s_rally_64340d7e_AtNPXqgV (dcf069bd-8dc3-4238-9b31-1659bf318569)
2020-04-27 12:48:37.735 15 RALLYDEBUG rally_openstack.cleanup.manager [-] Deleting neutron.port object s_rally_64340d7e_j4a7KFDs (dd656c19-562d-40ce-8ff8-dd010e7c3f35)
2020-04-27 12:48:41.702 15 RALLYDEBUG rally_openstack.cleanup.manager [-] Deleting neutron.port object s_rally_64340d7e_bkhc4kxC (dd9d39a8-ab65-40c7-8c5e-15e9b8bb94da)
2020-04-27 12:48:41.920 15 RALLYDEBUG rally_openstack.cleanup.manager [-] Deleting neutron.port object s_rally_64340d7e_LhCY7vcm (ddbe5d20-0bf4-4b6f-837f-db2b77f13cea)
2020-04-27 12:48:42.224 15 RALLYDEBUG rally_openstack.cleanup.manager [-] Deleting neutron.port object s_rally_64340d7e_dEyGebxb (ddde7aed-2fb3-4a93-9941-fa34a87e1b2b)
2020-04-27 12:48:42.250 15 RALLYDEBUG rally_openstack.cleanup.manager [-] Deleting neutron.port object s_rally_64340d7e_WQHLxbPu (de0bf0e1-14b7-44f4-a9e0-318f7aca6698)
2020-04-27 12:48:42.323 15 RALLYDEBUG rally_openstack.cleanup.manager [-] Deleting neutron.port object s_rally_64340d7e_K7nrR85a (df17ba17-b4a4-4cb3-8276-7b99410d0bea)
2020-04-27 12:48:42.575 15 RALLYDEBUG rally_openstack.cleanup.manager [-] Deleting neutron.port object s_rally_64340d7e_1f25bc7q (df5f5b0c-e3a3-4ec5-9c47-0e3b3ad543f4)
2020-04-27 12:48:42.611 15 RALLYDEBUG rally_openstack.cleanup.manager [-] Deleting neutron.port object s_rally_64340d7e_nCchostV (df71af11-197a-42f2-a3f9-d900c677414d)
2020-04-27 12:48:42.715 15 RALLYDEBUG rally_openstack.cleanup.manager [-] Deleting neutron.port object s_rally_64340d7e_kB755itb (df7ae610-b09c-482c-8967-2ff76a5da3f0)
2020-04-27 12:48:43.429 15 RALLYDEBUG rally_openstack.cleanup.manager [-] Deleting neutron.port object s_rally_64340d7e_gkj9i56x (dfe430e1-96b5-4140-8195-be22bd841110)
2020-04-27 12:48:43.461 15 RALLYDEBUG rally_openstack.cleanup.manager [-] Deleting neutron.port object s_rally_64340d7e_g0HkXYxE (e1827f69-aa23-4a59-9a29-681eebc0113c)
2020-04-27 12:48:43.468 15 RALLYDEBUG rally_openstack.cleanup.manager [-] Deleting neutron.port object s_rally_64340d7e_61SC2vf9 (e189ce85-251c-4a30-b037-2f7b9f946d7b)
2020-04-27 12:48:43.480 15 RALLYDEBUG rally_openstack.cleanup.manager [-] Deleting neutron.port object s_rally_64340d7e_ceJKpmVd (e25f7941-e62c-41a2-8b0f-c0719bd8f880)
2020-04-27 12:48:43.483 15 RALLYDEBUG rally_openstack.cleanup.manager [-] Deleting neutron.port object s_rally_64340d7e_k0Si3lSV (e37492b8-da6c-4b12-a176-ed98bf018b76)
2020-04-27 12:48:43.522 15 RALLYDEBUG rally_openstack.cleanup.manager [-] Deleting neutron.port object s_rally_64340d7e_DbitcaMs (e38e9747-4599-4620-8a48-cba1e5e53f16)
2020-04-27 12:48:43.670 15 RALLYDEBUG rally_openstack.cleanup.manager [-] Deleting neutron.port object s_rally_64340d7e_5g5Fp3w9 (e3ccef77-6364-4221-8495-25da1ae5d87f)
2020-04-27 12:48:43.909 15 RALLYDEBUG rally_openstack.cleanup.manager [-] Deleting neutron.port object s_rally_64340d7e_KlZzdw2u (e3e69518-f773-4a51-9156-797bd09aeb5d)
2020-04-27 12:48:43.919 15 RALLYDEBUG rally_openstack.cleanup.manager [-] Deleting neutron.port object s_rally_64340d7e_is8MnIn1 (e4002304-a068-426d-80e9-e0ec89e454b3)
2020-04-27 12:48:43.966 15 RALLYDEBUG rally_openstack.cleanup.manager [-] Deleting neutron.port object s_rally_64340d7e_SkYsr4Ul (e5f61472-7019-44d7-8ebb-b11dd853ca11)
2020-04-27 12:48:43.986 15 RALLYDEBUG rally_openstack.cleanup.manager [-] Deleting neutron.port object s_rally_64340d7e_hgd1EbHL (e5fa6e12-cec5-410e-b3dd-ced79f784917)
2020-04-27 12:48:44.239 15 RALLYDEBUG rally_openstack.cleanup.manager [-] Deleting neutron.port object s_rally_64340d7e_lEYhNKm5 (e6f82c22-3306-4f15-90bb-ec84ec54e805)
2020-04-27 12:48:46.048 15 RALLYDEBUG rally_openstack.cleanup.manager [-] Deleting neutron.port object s_rally_64340d7e_EEpdEymX (e770729d-2aaa-471f-a445-cf9846984d5b)
2020-04-27 12:48:46.090 15 RALLYDEBUG rally_openstack.cleanup.manager [-] Deleting neutron.port object s_rally_64340d7e_CoJOXd4w (e7e327a0-9cc1-435f-9d92-b7e947e99c5f)
2020-04-27 12:48:46.103 15 RALLYDEBUG rally_openstack.cleanup.manager [-] Deleting neutron.port object s_rally_64340d7e_pTgCECme (e886327a-508b-46f0-abca-bc7362ea344e)
2020-04-27 12:48:48.109 15 RALLYDEBUG rally_openstack.cleanup.manager [-] Deleting neutron.port object s_rally_64340d7e_3qdl9u35 (e96e2af2-a41f-4f1b-b64a-b3be1f7ab2fa)
2020-04-27 12:48:48.199 15 RALLYDEBUG rally_openstack.cleanup.manager [-] Deleting neutron.port object s_rally_64340d7e_UpVWQM93 (ea28093e-cd46-4c2e-93dd-b2eeb472d670)
2020-04-27 12:48:48.221 15 RALLYDEBUG rally_openstack.cleanup.manager [-] Deleting neutron.port object s_rally_64340d7e_hLFH91wl (eb2b1941-bb60-4873-9ca0-a357c11ebd41)
2020-04-27 12:48:48.426 15 RALLYDEBUG rally_openstack.cleanup.manager [-] Deleting neutron.port object s_rally_64340d7e_hlC1zi2J (eb61a56c-5da0-4d86-a2f4-22264c8c8db2)
2020-04-27 12:48:48.652 15 RALLYDEBUG rally_openstack.cleanup.manager [-] Deleting neutron.port object s_rally_64340d7e_j9I33UQn (ec11ed20-6d2c-400b-85c5-c0386aa382b6)
2020-04-27 12:48:48.776 15 RALLYDEBUG rally_openstack.cleanup.manager [-] Deleting neutron.port object s_rally_64340d7e_aass0UrT (ec6316eb-b1c5-40bc-9270-e841cdcb21da)
2020-04-27 12:48:48.797 15 RALLYDEBUG rally_openstack.cleanup.manager [-] Deleting neutron.port object s_rally_64340d7e_wQ781Hyy (ed49ac78-0a2b-47df-87ca-175d7d9ef606)
2020-04-27 12:48:48.987 15 RALLYDEBUG rally_openstack.cleanup.manager [-] Deleting neutron.port object s_rally_64340d7e_JZn64wNK (ed5b772d-b782-4eb1-964d-aa317cbbf61d)
2020-04-27 12:48:49.070 15 RALLYDEBUG rally_openstack.cleanup.manager [-] Deleting neutron.port object s_rally_64340d7e_yLC3Sb7c (edf108d3-f0b3-4ebf-a216-7f95c1d909c3)
2020-04-27 12:48:49.204 15 RALLYDEBUG rally_openstack.cleanup.manager [-] Deleting neutron.port object s_rally_64340d7e_ww8un25q (ee9f6229-a2c3-46a2-beee-107f9017c368)
2020-04-27 12:48:50.579 15 RALLYDEBUG rally_openstack.cleanup.manager [-] Deleting neutron.port object s_rally_64340d7e_iTUCPwSQ (f0124383-1828-40ae-8fba-cbd7b5f03a00)
2020-04-27 12:48:51.598 15 RALLYDEBUG rally_openstack.cleanup.manager [-] Deleting neutron.port object s_rally_64340d7e_yArfEVtE (f05adee3-0e32-41d2-94af-f236d3f5c6d0)
2020-04-27 12:48:51.630 15 RALLYDEBUG rally_openstack.cleanup.manager [-] Deleting neutron.port object s_rally_64340d7e_jAvV6KyY (f09c51f2-7613-423d-9b05-52aa7c40576a)
2020-04-27 12:48:52.299 15 RALLYDEBUG rally_openstack.cleanup.manager [-] Deleting neutron.port object s_rally_64340d7e_WRlyWmh3 (f0c694fb-6538-48d3-ada3-2705a29a092e)
2020-04-27 12:48:52.376 15 RALLYDEBUG rally_openstack.cleanup.manager [-] Deleting neutron.port object s_rally_64340d7e_gXhQqAS7 (f235a778-0f72-402a-987e-3831f820e5a0)
2020-04-27 12:48:52.405 15 RALLYDEBUG rally_openstack.cleanup.manager [-] Deleting neutron.port object s_rally_64340d7e_CPkdl0yr (f2660a17-297c-48db-8487-6457b4af93d0)
2020-04-27 12:48:52.423 15 RALLYDEBUG rally_openstack.cleanup.manager [-] Deleting neutron.port object s_rally_64340d7e_ThmX4L64 (f2d507d2-c817-498d-9f4d-d48d656b4cb3)
2020-04-27 12:48:52.444 15 RALLYDEBUG rally_openstack.cleanup.manager [-] Deleting neutron.port object s_rally_64340d7e_iN1Ns2FI (f37df02b-0c7d-4815-a75e-56b96dbed4ca)
2020-04-27 12:48:52.452 15 RALLYDEBUG rally_openstack.cleanup.manager [-] Deleting neutron.port object s_rally_64340d7e_nbXwyKjE (f464617e-972d-41ce-a1bc-59cc516047e0)
2020-04-27 12:48:52.468 15 RALLYDEBUG rally_openstack.cleanup.manager [-] Deleting neutron.port object s_rally_64340d7e_72sXWEnV (f4b8796c-f057-4565-af9e-e368f4ef6026)
2020-04-27 12:48:52.567 15 RALLYDEBUG rally_openstack.cleanup.manager [-] Deleting neutron.port object s_rally_64340d7e_WezDcSSl (f52894d9-fa57-46b6-829f-0f4bb6773a09)
2020-04-27 12:48:53.051 15 RALLYDEBUG rally_openstack.cleanup.manager [-] Deleting neutron.port object s_rally_64340d7e_97fRXe76 (f557695f-8320-4efe-87a6-f4c0374efc38)
2020-04-27 12:48:53.062 15 RALLYDEBUG rally_openstack.cleanup.manager [-] Deleting neutron.port object s_rally_64340d7e_sWWfT5rr (f6b9a50f-9545-41ce-826b-93acddd4e44b)
2020-04-27 12:48:54.007 15 RALLYDEBUG rally_openstack.cleanup.manager [-] Deleting neutron.port object s_rally_64340d7e_s0Jrhcbi (f6e98a18-2593-420a-8315-eab8d1d280e1)
2020-04-27 12:48:54.111 15 RALLYDEBUG rally_openstack.cleanup.manager [-] Deleting neutron.port object s_rally_64340d7e_kdC7JEAb (f80b4ecb-fcd5-4def-94bf-63a5dfdb6c36)
2020-04-27 12:48:54.456 15 RALLYDEBUG rally_openstack.cleanup.manager [-] Deleting neutron.port object s_rally_64340d7e_yOJSapzG (f81eecd0-ce62-4185-8e98-15a1c54845ea)
2020-04-27 12:48:54.468 15 RALLYDEBUG rally_openstack.cleanup.manager [-] Deleting neutron.port object s_rally_64340d7e_EvAHg8xn (f830f3ac-2993-411a-9e0b-bed26354b3d1)
2020-04-27 12:48:54.603 15 RALLYDEBUG rally_openstack.cleanup.manager [-] Deleting neutron.port object s_rally_64340d7e_YeSdvwGq (f8313026-57c7-4261-a4a6-b20734aa907d)
2020-04-27 12:48:54.702 15 RALLYDEBUG rally_openstack.cleanup.manager [-] Deleting neutron.port object s_rally_64340d7e_zXc2JddZ (f94417c3-cdd0-4885-8d3e-4a42dc82dfcf)
2020-04-27 12:48:54.825 15 RALLYDEBUG rally_openstack.cleanup.manager [-] Deleting neutron.port object s_rally_64340d7e_55ku76ff (f96609f6-3f56-4646-85df-dae76787adcd)
2020-04-27 12:48:55.241 15 RALLYDEBUG rally_openstack.cleanup.manager [-] Deleting neutron.port object s_rally_64340d7e_mV2Tqlbe (f9f91fb3-f004-46d1-92bc-c7d9bf461ff1)
2020-04-27 12:48:55.247 15 RALLYDEBUG rally_openstack.cleanup.manager [-] Deleting neutron.port object s_rally_64340d7e_RGb4cUzd (fa239c94-ef91-48c1-aa53-30d98e35951c)
2020-04-27 12:48:55.524 15 RALLYDEBUG rally_openstack.cleanup.manager [-] Deleting neutron.port object s_rally_64340d7e_RJFwYHqP (fa2d7c58-dbcf-4e5f-a50f-4e132d3c05c9)
2020-04-27 12:48:56.495 15 RALLYDEBUG rally_openstack.cleanup.manager [-] Deleting neutron.port object s_rally_64340d7e_6H1rmnaR (fa5619ed-bdbf-425b-a1cf-d8c9b93a6689)
2020-04-27 12:48:56.522 15 RALLYDEBUG rally_openstack.cleanup.manager [-] Deleting neutron.port object s_rally_64340d7e_8umfkGyj (fa85fd9e-12bf-4186-bb2c-8d5ffe233291)
2020-04-27 12:48:57.493 15 RALLYDEBUG rally_openstack.cleanup.manager [-] Deleting neutron.port object s_rally_64340d7e_qHgRGsBL (fb481d5b-9bdc-4155-93a0-b3abcea46ac0)
2020-04-27 12:48:57.987 15 RALLYDEBUG rally_openstack.cleanup.manager [-] Deleting neutron.port object s_rally_64340d7e_E0c9qgT6 (fbc4143b-de95-40a2-a0fc-a065ed74a4e0)
2020-04-27 12:48:58.179 15 RALLYDEBUG rally_openstack.cleanup.manager [-] Deleting neutron.port object s_rally_64340d7e_INocBIHq (fbfd88a5-e2bc-442c-a674-2b479885ad80)
2020-04-27 12:48:59.435 15 RALLYDEBUG rally_openstack.cleanup.manager [-] Deleting neutron.port object s_rally_64340d7e_jhyTuxd8 (fd7f6ccb-9343-4aa0-9df3-ac08e86ee2c6)
2020-04-27 12:49:00.188 15 RALLYDEBUG rally_openstack.cleanup.manager [-] Deleting neutron.port object s_rally_64340d7e_xUbZTm0Z (fddf7110-8a40-456a-9ef8-69652c7e0bad)
2020-04-27 12:49:00.712 15 RALLYDEBUG rally_openstack.cleanup.manager [-] Deleting neutron.port object s_rally_64340d7e_4w3gytqB (ff6766a6-b53a-47b6-99b4-6d3648207ff5)
2020-04-27 12:49:03.588 15 RALLYDEBUG rally_openstack.cleanup.manager [-] Cleaning up neutron subnet objects
2020-04-27 12:49:03.821 15 RALLYDEBUG rally_openstack.cleanup.manager [-] Cleaning up neutron network objects
2020-04-27 12:49:04.707 15 RALLYDEBUG rally_openstack.cleanup.manager [-] Deleting neutron.network object s_rally_64340d7e_YAmYFR0T (05211c20-4cce-4913-b256-4401f52f5ef4)
2020-04-27 12:49:04.711 15 RALLYDEBUG rally_openstack.cleanup.manager [-] Deleting neutron.network object s_rally_64340d7e_fD01UmtV (25adb55c-465c-454d-aebd-fef9795354e8)
2020-04-27 12:49:04.721 15 RALLYDEBUG rally_openstack.cleanup.manager [-] Deleting neutron.network object s_rally_64340d7e_DVfVYRDr (37752494-8e70-49c9-8fe6-f3c42ba94c30)
2020-04-27 12:49:04.732 15 RALLYDEBUG rally_openstack.cleanup.manager [-] Deleting neutron.network object s_rally_64340d7e_oE36oLlu (3d85dc00-0216-47ce-80ba-a86e114ab6ea)
2020-04-27 12:49:04.745 15 RALLYDEBUG rally_openstack.cleanup.manager [-] Deleting neutron.network object s_rally_64340d7e_gnBMWD8k (7769ceb3-8c1c-4a0a-9263-7ea7730e81b5)
2020-04-27 12:49:04.751 15 RALLYDEBUG rally_openstack.cleanup.manager [-] Deleting neutron.network object s_rally_64340d7e_ECP2K8CP (8ef35a32-59ec-47d1-b23f-b29790aa47d4)
2020-04-27 12:49:04.767 15 RALLYDEBUG rally_openstack.cleanup.manager [-] Deleting neutron.network object s_rally_64340d7e_zqJMjrjx (d1aac250-d25b-4ba6-8d7d-c283069e3309)
2020-04-27 12:49:04.774 15 RALLYDEBUG rally_openstack.cleanup.manager [-] Deleting neutron.network object s_rally_64340d7e_n6lT6oWs (f1cd022d-83a5-43b2-8438-0e2b9641693f)
2020-04-27 12:49:11.116 15 RALLYDEBUG rally_openstack.cleanup.manager [-] Cleaning up neutron router objects
2020-04-27 12:49:12.080 15 RALLYDEBUG rally_openstack.cleanup.manager [-] Cleaning up neutron security_group objects
2020-04-27 12:49:12.967 15 INFO rally.task.context [-] Task 634ce557-483a-4e86-9be1-c2154884c441 | Context cleanup@openstack cleanup() finished in 2.41 min
2020-04-27 12:49:12.967 15 INFO rally.task.context [-] Task 634ce557-483a-4e86-9be1-c2154884c441 | Context quotas@openstack cleanup() started
2020-04-27 12:49:13.278 15 INFO rally.task.context [-] Task 634ce557-483a-4e86-9be1-c2154884c441 | Context quotas@openstack cleanup() finished in 0.31 sec
2020-04-27 12:49:13.279 15 INFO rally.task.context [-] Task 634ce557-483a-4e86-9be1-c2154884c441 | Context users@openstack cleanup() started
2020-04-27 12:49:15.100 15 INFO rally.task.context [-] Task 634ce557-483a-4e86-9be1-c2154884c441 | Context users@openstack cleanup() finished in 1.82 sec
2020-04-27 12:49:15.273 15 INFO rally.task.engine [-] Load duration is: 263.076537
2020-04-27 12:49:15.274 15 INFO rally.task.engine [-] Full runner duration is: 263.124045
2020-04-27 12:49:15.274 15 INFO rally.task.engine [-] Full duration is: 411.362662
2020-04-27 12:49:15.333 15 INFO rally.task.engine [-] Running workload: position = 1 config = { "version": 2, "title": "A cropped version of a bigger task.", "description": "Auto-generated task from a single workload (uuid=af1d2dc1-38b3-4c0e-971c-ed23589ba730)", "subtasks": [ { "title": "NeutronNetworks.create_and_update_ports", "description": "Create and update a given number of ports.", "scenario": { "NeutronNetworks.create_and_update_ports": { "network_create_args": {}, "port_create_args": {}, "ports_per_network": 5, "port_update_args": { "admin_state_up": false, "device_id": "dummy_id", "device_owner": "dummy_owner", "name": "_port_updated" } } }, "contexts": { "users": { "tenants": 1, "users_per_tenant": 1 }, "quotas": { "neutron": { "network": -1, "port": -1 } } }, "runner": { "constant": { "times": 40, "concurrency": 20 } }, "hooks": [], "sla": { "failure_rate": { "max": 0 } } } ] }
2020-04-27 12:49:15.349 15 RALLYDEBUG rally_openstack.contexts.keystone.users [-] Creating 1 tenants using 20 threads
2020-04-27 12:49:15.734 15 RALLYDEBUG rally_openstack.contexts.keystone.users [-] Creating 1 users using 20 threads
2020-04-27 12:49:16.321 15 INFO rally.task.context [-] Task 634ce557-483a-4e86-9be1-c2154884c441 | Context users@openstack setup() finished in 0.97 sec
2020-04-27 12:49:16.571 15 INFO rally.task.context [-] Task 634ce557-483a-4e86-9be1-c2154884c441 | Context quotas@openstack setup() finished in 0.25 sec
2020-04-27 12:49:16.572 15 INFO rally.task.context [-] Task 634ce557-483a-4e86-9be1-c2154884c441 | Context cleanup@openstack setup() finished in 0.02 msec
2020-04-27 12:49:16.580 15 RALLYDEBUG rally.task.runner [-] Starting the constant runner (task UUID: 634ce557-483a-4e86-9be1-c2154884c441). timeout: 0 concurrency: 20 concurrency_per_worker: 1 times: 40 concurrency_overhead: 0 processes_to_start: 20 max_cpu_used: 88
2020-04-27 12:49:16.594 4199 RALLYDEBUG rally.task.runner [-] Starting a worker. concurrency: 1 args: {"network_create_args": {}, "port_create_args": {}, "ports_per_network": 5, "port_update_args": {"admin_state_up": false, "device_id": "dummy_id", "device_owner": "dummy_owner", "name": "_port_updated"}} times: 40 method_name: run timeout: 0 duration: None cls:
2020-04-27 12:49:16.596 4200 RALLYDEBUG rally.task.runner [-] Starting a worker. concurrency: 1 args: {"network_create_args": {}, "port_create_args": {}, "ports_per_network": 5, "port_update_args": {"admin_state_up": false, "device_id": "dummy_id", "device_owner": "dummy_owner", "name": "_port_updated"}} times: 40 method_name: run timeout: 0 duration: None cls:
2020-04-27 12:49:16.598 4201 RALLYDEBUG rally.task.runner [-] Starting a worker. concurrency: 1 args: {"network_create_args": {}, "port_create_args": {}, "ports_per_network": 5, "port_update_args": {"admin_state_up": false, "device_id": "dummy_id", "device_owner": "dummy_owner", "name": "_port_updated"}} times: 40 method_name: run timeout: 0 duration: None cls:
2020-04-27 12:49:16.601 4199 INFO rally.task.runner [-] Task 634ce557-483a-4e86-9be1-c2154884c441 | ITER: 1 START
2020-04-27 12:49:16.602 4200 INFO rally.task.runner [-] Task 634ce557-483a-4e86-9be1-c2154884c441 | ITER: 2 START
2020-04-27 12:49:16.603 4199 WARNING rally_openstack.scenarios.neutron.utils [-] Running this scenario without either the 'network' or 'existing_network' context is deprecated
2020-04-27 12:49:16.604 4200 WARNING rally_openstack.scenarios.neutron.utils [-] Running this scenario without either the 'network' or 'existing_network' context is deprecated
2020-04-27 12:49:16.604 4201 INFO rally.task.runner [-] Task 634ce557-483a-4e86-9be1-c2154884c441 | ITER: 3 START
2020-04-27 12:49:16.605 4201 WARNING rally_openstack.scenarios.neutron.utils [-] Running this scenario without either the 'network' or 'existing_network' context is deprecated
2020-04-27 12:49:16.605 4202 RALLYDEBUG rally.task.runner [-] Starting a worker. concurrency: 1 args: {"network_create_args": {}, "port_create_args": {}, "ports_per_network": 5, "port_update_args": {"admin_state_up": false, "device_id": "dummy_id", "device_owner": "dummy_owner", "name": "_port_updated"}} times: 40 method_name: run timeout: 0 duration: None cls:
2020-04-27 12:49:16.606 4203 RALLYDEBUG rally.task.runner [-] Starting a worker. concurrency: 1 args: {"network_create_args": {}, "port_create_args": {}, "ports_per_network": 5, "port_update_args": {"admin_state_up": false, "device_id": "dummy_id", "device_owner": "dummy_owner", "name": "_port_updated"}} times: 40 method_name: run timeout: 0 duration: None cls:
2020-04-27 12:49:16.608 4207 RALLYDEBUG rally.task.runner [-] Starting a worker. concurrency: 1 args: {"network_create_args": {}, "port_create_args": {}, "ports_per_network": 5, "port_update_args": {"admin_state_up": false, "device_id": "dummy_id", "device_owner": "dummy_owner", "name": "_port_updated"}} times: 40 method_name: run timeout: 0 duration: None cls:
2020-04-27 12:49:16.611 4202 INFO rally.task.runner [-] Task 634ce557-483a-4e86-9be1-c2154884c441 | ITER: 4 START
2020-04-27 12:49:16.612 4211 RALLYDEBUG rally.task.runner [-] Starting a worker. concurrency: 1 args: {"network_create_args": {}, "port_create_args": {}, "ports_per_network": 5, "port_update_args": {"admin_state_up": false, "device_id": "dummy_id", "device_owner": "dummy_owner", "name": "_port_updated"}} times: 40 method_name: run timeout: 0 duration: None cls:
2020-04-27 12:49:16.613 4202 WARNING rally_openstack.scenarios.neutron.utils [-] Running this scenario without either the 'network' or 'existing_network' context is deprecated
2020-04-27 12:49:16.614 4207 INFO rally.task.runner [-] Task 634ce557-483a-4e86-9be1-c2154884c441 | ITER: 6 START
2020-04-27 12:49:16.614 4203 INFO rally.task.runner [-] Task 634ce557-483a-4e86-9be1-c2154884c441 | ITER: 5 START
2020-04-27 12:49:16.615 4207 WARNING rally_openstack.scenarios.neutron.utils [-] Running this scenario without either the 'network' or 'existing_network' context is deprecated
2020-04-27 12:49:16.615 4203 WARNING rally_openstack.scenarios.neutron.utils [-] Running this scenario without either the 'network' or 'existing_network' context is deprecated
2020-04-27 12:49:16.616 4212 RALLYDEBUG rally.task.runner [-] Starting a worker. concurrency: 1 args: {"network_create_args": {}, "port_create_args": {}, "ports_per_network": 5, "port_update_args": {"admin_state_up": false, "device_id": "dummy_id", "device_owner": "dummy_owner", "name": "_port_updated"}} times: 40 method_name: run timeout: 0 duration: None cls:
2020-04-27 12:49:16.619 4215 RALLYDEBUG rally.task.runner [-] Starting a worker. concurrency: 1 args: {"network_create_args": {}, "port_create_args": {}, "ports_per_network": 5, "port_update_args": {"admin_state_up": false, "device_id": "dummy_id", "device_owner": "dummy_owner", "name": "_port_updated"}} times: 40 method_name: run timeout: 0 duration: None cls:
2020-04-27 12:49:16.619 4220 RALLYDEBUG rally.task.runner [-] Starting a worker. concurrency: 1 args: {"network_create_args": {}, "port_create_args": {}, "ports_per_network": 5, "port_update_args": {"admin_state_up": false, "device_id": "dummy_id", "device_owner": "dummy_owner", "name": "_port_updated"}} times: 40 method_name: run timeout: 0 duration: None cls:
2020-04-27 12:49:16.623 4221 RALLYDEBUG rally.task.runner [-] Starting a worker. concurrency: 1 args: {"network_create_args": {}, "port_create_args": {}, "ports_per_network": 5, "port_update_args": {"admin_state_up": false, "device_id": "dummy_id", "device_owner": "dummy_owner", "name": "_port_updated"}} times: 40 method_name: run timeout: 0 duration: None cls:
2020-04-27 12:49:16.624 4212 INFO rally.task.runner [-] Task 634ce557-483a-4e86-9be1-c2154884c441 | ITER: 8 START
2020-04-27 12:49:16.624 4220 INFO rally.task.runner [-] Task 634ce557-483a-4e86-9be1-c2154884c441 | ITER: 10 START
2020-04-27 12:49:16.625 4212 WARNING rally_openstack.scenarios.neutron.utils [-] Running this scenario without either the 'network' or 'existing_network' context is deprecated
2020-04-27 12:49:16.625 4215 INFO rally.task.runner [-] Task 634ce557-483a-4e86-9be1-c2154884c441 | ITER: 9 START
2020-04-27 12:49:16.626 4220 WARNING rally_openstack.scenarios.neutron.utils [-] Running this scenario without either the 'network' or 'existing_network' context is deprecated
2020-04-27 12:49:16.626 4215 WARNING rally_openstack.scenarios.neutron.utils [-] Running this scenario without either the 'network' or 'existing_network' context is deprecated
2020-04-27 12:49:16.626 4223 RALLYDEBUG rally.task.runner [-] Starting a worker. concurrency: 1 args: {"network_create_args": {}, "port_create_args": {}, "ports_per_network": 5, "port_update_args": {"admin_state_up": false, "device_id": "dummy_id", "device_owner": "dummy_owner", "name": "_port_updated"}} times: 40 method_name: run timeout: 0 duration: None cls:
2020-04-27 12:49:16.628 4221 INFO rally.task.runner [-] Task 634ce557-483a-4e86-9be1-c2154884c441 | ITER: 11 START
2020-04-27 12:49:16.629 4221 WARNING rally_openstack.scenarios.neutron.utils [-] Running this scenario without either the 'network' or 'existing_network' context is deprecated
2020-04-27 12:49:16.630 4225 RALLYDEBUG rally.task.runner [-] Starting a worker. concurrency: 1 args: {"network_create_args": {}, "port_create_args": {}, "ports_per_network": 5, "port_update_args": {"admin_state_up": false, "device_id": "dummy_id", "device_owner": "dummy_owner", "name": "_port_updated"}} times: 40 method_name: run timeout: 0 duration: None cls:
2020-04-27 12:49:16.632 4211 INFO rally.task.runner [-] Task 634ce557-483a-4e86-9be1-c2154884c441 | ITER: 7 START
2020-04-27 12:49:16.632 4223 INFO rally.task.runner [-] Task 634ce557-483a-4e86-9be1-c2154884c441 | ITER: 12 START
2020-04-27 12:49:16.633 4211 WARNING rally_openstack.scenarios.neutron.utils [-] Running this scenario without either the 'network' or 'existing_network' context is deprecated
2020-04-27 12:49:16.633 4223 WARNING rally_openstack.scenarios.neutron.utils [-] Running this scenario without either the 'network' or 'existing_network' context is deprecated
2020-04-27 12:49:16.633 4232 RALLYDEBUG rally.task.runner [-] Starting a worker. concurrency: 1 args: {"network_create_args": {}, "port_create_args": {}, "ports_per_network": 5, "port_update_args": {"admin_state_up": false, "device_id": "dummy_id", "device_owner": "dummy_owner", "name": "_port_updated"}} times: 40 method_name: run timeout: 0 duration: None cls:
2020-04-27 12:49:16.634 4235 RALLYDEBUG rally.task.runner [-] Starting a worker. concurrency: 1 args: {"network_create_args": {}, "port_create_args": {}, "ports_per_network": 5, "port_update_args": {"admin_state_up": false, "device_id": "dummy_id", "device_owner": "dummy_owner", "name": "_port_updated"}} times: 40 method_name: run timeout: 0 duration: None cls:
2020-04-27 12:49:16.636 4225 INFO rally.task.runner [-] Task 634ce557-483a-4e86-9be1-c2154884c441 | ITER: 13 START
2020-04-27 12:49:16.637 4225 WARNING rally_openstack.scenarios.neutron.utils [-] Running this scenario without either the 'network' or 'existing_network' context is deprecated
2020-04-27 12:49:16.638 4235 INFO rally.task.runner [-] Task 634ce557-483a-4e86-9be1-c2154884c441 | ITER: 15 START
2020-04-27 12:49:16.639 4232 INFO rally.task.runner [-] Task 634ce557-483a-4e86-9be1-c2154884c441 | ITER: 14 START
2020-04-27 12:49:16.639 4235 WARNING rally_openstack.scenarios.neutron.utils [-] Running this scenario without either the 'network' or 'existing_network' context is deprecated
2020-04-27 12:49:16.640 4232 WARNING rally_openstack.scenarios.neutron.utils [-] Running this scenario without either the 'network' or 'existing_network' context is deprecated
2020-04-27 12:49:16.641 4239 RALLYDEBUG rally.task.runner [-] Starting a worker. concurrency: 1 args: {"network_create_args": {}, "port_create_args": {}, "ports_per_network": 5, "port_update_args": {"admin_state_up": false, "device_id": "dummy_id", "device_owner": "dummy_owner", "name": "_port_updated"}} times: 40 method_name: run timeout: 0 duration: None cls:
2020-04-27 12:49:16.642 4237 RALLYDEBUG rally.task.runner [-] Starting a worker. concurrency: 1 args: {"network_create_args": {}, "port_create_args": {}, "ports_per_network": 5, "port_update_args": {"admin_state_up": false, "device_id": "dummy_id", "device_owner": "dummy_owner", "name": "_port_updated"}} times: 40 method_name: run timeout: 0 duration: None cls:
2020-04-27 12:49:16.642 4242 RALLYDEBUG rally.task.runner [-] Starting a worker. concurrency: 1 args: {"network_create_args": {}, "port_create_args": {}, "ports_per_network": 5, "port_update_args": {"admin_state_up": false, "device_id": "dummy_id", "device_owner": "dummy_owner", "name": "_port_updated"}} times: 40 method_name: run timeout: 0 duration: None cls:
2020-04-27 12:49:16.645 4247 RALLYDEBUG rally.task.runner [-] Starting a worker. concurrency: 1 args: {"network_create_args": {}, "port_create_args": {}, "ports_per_network": 5, "port_update_args": {"admin_state_up": false, "device_id": "dummy_id", "device_owner": "dummy_owner", "name": "_port_updated"}} times: 40 method_name: run timeout: 0 duration: None cls:
2020-04-27 12:49:16.646 4239 INFO rally.task.runner [-] Task 634ce557-483a-4e86-9be1-c2154884c441 | ITER: 16 START
2020-04-27 12:49:16.647 4239 WARNING rally_openstack.scenarios.neutron.utils [-] Running this scenario without either the 'network' or 'existing_network' context is deprecated
2020-04-27 12:49:16.647 4237 INFO rally.task.runner [-] Task 634ce557-483a-4e86-9be1-c2154884c441 | ITER: 17 START
2020-04-27 12:49:16.647 4242 INFO rally.task.runner [-] Task 634ce557-483a-4e86-9be1-c2154884c441 | ITER: 18 START
2020-04-27 12:49:16.647 4242 WARNING rally_openstack.scenarios.neutron.utils [-] Running this scenario without either the 'network' or 'existing_network' context is deprecated
2020-04-27 12:49:16.647 4237 WARNING rally_openstack.scenarios.neutron.utils [-] Running this scenario without either the 'network' or 'existing_network' context is deprecated
2020-04-27 12:49:16.648 4248 RALLYDEBUG rally.task.runner [-] Starting a worker. concurrency: 1 args: {"network_create_args": {}, "port_create_args": {}, "ports_per_network": 5, "port_update_args": {"admin_state_up": false, "device_id": "dummy_id", "device_owner": "dummy_owner", "name": "_port_updated"}} times: 40 method_name: run timeout: 0 duration: None cls:
2020-04-27 12:49:16.649 4247 INFO rally.task.runner [-] Task 634ce557-483a-4e86-9be1-c2154884c441 | ITER: 19 START
2020-04-27 12:49:16.650 4247 WARNING rally_openstack.scenarios.neutron.utils [-] Running this scenario without either the 'network' or 'existing_network' context is deprecated
2020-04-27 12:49:16.653 4248 INFO rally.task.runner [-] Task 634ce557-483a-4e86-9be1-c2154884c441 | ITER: 20 START
2020-04-27 12:49:16.654 4248 WARNING rally_openstack.scenarios.neutron.utils [-] Running this scenario without either the 'network' or 'existing_network' context is deprecated
2020-04-27 12:50:13.349 4242 INFO rally.task.runner [-] Task 634ce557-483a-4e86-9be1-c2154884c441 | ITER: 18 END: OK
2020-04-27 12:50:13.355 4242 INFO rally.task.runner [-] Task 634ce557-483a-4e86-9be1-c2154884c441 | ITER: 21 START
2020-04-27 12:50:13.356 4242 WARNING rally_openstack.scenarios.neutron.utils [-] Running this scenario without either the 'network' or 'existing_network' context is deprecated
2020-04-27 12:50:13.453 4235 INFO rally.task.runner [-] Task 634ce557-483a-4e86-9be1-c2154884c441 | ITER: 15 END: OK
2020-04-27 12:50:13.461 4235 INFO rally.task.runner [-] Task 634ce557-483a-4e86-9be1-c2154884c441 | ITER: 22 START
2020-04-27 12:50:13.461 4235 WARNING rally_openstack.scenarios.neutron.utils [-] Running this scenario without either the 'network' or 'existing_network' context is deprecated
2020-04-27 12:50:14.185 4247 INFO rally.task.runner [-] Task 634ce557-483a-4e86-9be1-c2154884c441 | ITER: 19 END: OK
2020-04-27 12:50:14.191 4247 INFO rally.task.runner [-] Task 634ce557-483a-4e86-9be1-c2154884c441 | ITER: 23 START
2020-04-27 12:50:14.192 4247 WARNING rally_openstack.scenarios.neutron.utils [-] Running this scenario without either the 'network' or 'existing_network' context is deprecated
2020-04-27 12:50:14.335 4248 INFO rally.task.runner [-] Task 634ce557-483a-4e86-9be1-c2154884c441 | ITER: 20 END: OK
2020-04-27 12:50:14.340 4248 INFO rally.task.runner [-] Task 634ce557-483a-4e86-9be1-c2154884c441 | ITER: 24 START
2020-04-27 12:50:14.341 4248 WARNING rally_openstack.scenarios.neutron.utils [-] Running this scenario without either the 'network' or 'existing_network' context is deprecated
2020-04-27 12:50:14.472 4221 INFO rally.task.runner [-] Task 634ce557-483a-4e86-9be1-c2154884c441 | ITER: 11 END: OK
2020-04-27 12:50:14.477 4221 INFO rally.task.runner [-] Task 634ce557-483a-4e86-9be1-c2154884c441 | ITER: 25 START
2020-04-27 12:50:14.477 4221 WARNING rally_openstack.scenarios.neutron.utils [-] Running this scenario without either the 'network' or 'existing_network' context is deprecated
2020-04-27 12:50:56.936 4235 INFO rally.task.runner [-] Task 634ce557-483a-4e86-9be1-c2154884c441 | ITER: 22 END: OK
2020-04-27 12:50:56.941 4235 INFO rally.task.runner [-] Task 634ce557-483a-4e86-9be1-c2154884c441 | ITER: 26 START
2020-04-27 12:50:56.942 4235 WARNING rally_openstack.scenarios.neutron.utils [-] Running this scenario without either the 'network' or 'existing_network' context is deprecated
2020-04-27 12:50:57.754 4221 INFO rally.task.runner [-] Task 634ce557-483a-4e86-9be1-c2154884c441 | ITER: 25 END: OK
2020-04-27 12:50:57.759 4221 INFO rally.task.runner [-] Task 634ce557-483a-4e86-9be1-c2154884c441 | ITER: 27 START
2020-04-27 12:50:57.759 4221 WARNING rally_openstack.scenarios.neutron.utils [-] Running this scenario without either the 'network' or 'existing_network' context is deprecated
2020-04-27 12:50:57.795 4242 INFO rally.task.runner [-] Task 634ce557-483a-4e86-9be1-c2154884c441 | ITER: 21 END: OK
2020-04-27 12:50:57.800 4242 INFO rally.task.runner [-] Task 634ce557-483a-4e86-9be1-c2154884c441 | ITER: 28 START
2020-04-27 12:50:57.800 4242 WARNING rally_openstack.scenarios.neutron.utils [-] Running this scenario without either the 'network' or 'existing_network' context is deprecated
2020-04-27 12:50:57.841 4247 INFO rally.task.runner [-] Task 634ce557-483a-4e86-9be1-c2154884c441 | ITER: 23 END: OK
2020-04-27 12:50:57.845 4247 INFO rally.task.runner [-] Task 634ce557-483a-4e86-9be1-c2154884c441 | ITER: 29 START
2020-04-27 12:50:57.846 4247 WARNING rally_openstack.scenarios.neutron.utils [-] Running this scenario without either the 'network' or 'existing_network' context is deprecated
2020-04-27 12:50:57.886 4248 INFO rally.task.runner [-] Task 634ce557-483a-4e86-9be1-c2154884c441 | ITER: 24 END: OK
2020-04-27 12:50:57.891 4248 INFO rally.task.runner [-] Task 634ce557-483a-4e86-9be1-c2154884c441 | ITER: 30 START
2020-04-27 12:50:57.892 4248 WARNING rally_openstack.scenarios.neutron.utils [-] Running this scenario without either the 'network' or 'existing_network' context is deprecated
2020-04-27 12:51:04.882 4199 INFO rally.task.runner [-] Task 634ce557-483a-4e86-9be1-c2154884c441 | ITER: 1 END: OK
2020-04-27 12:51:04.888 4199 INFO rally.task.runner [-] Task 634ce557-483a-4e86-9be1-c2154884c441 | ITER: 31 START
2020-04-27 12:51:04.889 4199 WARNING rally_openstack.scenarios.neutron.utils [-] Running this scenario without either the 'network' or 'existing_network' context is deprecated
2020-04-27 12:51:04.930 4201 INFO rally.task.runner [-] Task 634ce557-483a-4e86-9be1-c2154884c441 | ITER: 3 END: OK
2020-04-27 12:51:04.935 4201 INFO rally.task.runner [-] Task 634ce557-483a-4e86-9be1-c2154884c441 | ITER: 32 START
2020-04-27 12:51:04.936 4201 WARNING rally_openstack.scenarios.neutron.utils [-] Running this scenario without either the 'network' or 'existing_network' context is deprecated
2020-04-27 12:51:05.681 4203 INFO rally.task.runner [-] Task 634ce557-483a-4e86-9be1-c2154884c441 | ITER: 5 END: OK
2020-04-27 12:51:05.687 4203 INFO rally.task.runner [-] Task 634ce557-483a-4e86-9be1-c2154884c441 | ITER: 33 START
2020-04-27 12:51:05.688 4203 WARNING rally_openstack.scenarios.neutron.utils [-] Running this scenario without either the 'network' or 'existing_network' context is deprecated
2020-04-27 12:51:05.855 4207 INFO rally.task.runner [-] Task 634ce557-483a-4e86-9be1-c2154884c441 | ITER: 6 END: OK
2020-04-27 12:51:05.861 4207 INFO rally.task.runner [-] Task 634ce557-483a-4e86-9be1-c2154884c441 | ITER: 34 START
2020-04-27 12:51:05.862 4207 WARNING rally_openstack.scenarios.neutron.utils [-] Running this scenario without either the 'network' or 'existing_network' context is deprecated
2020-04-27 12:51:05.920 4220 INFO rally.task.runner [-] Task 634ce557-483a-4e86-9be1-c2154884c441 | ITER: 10 END: OK
2020-04-27 12:51:05.926 4220 INFO rally.task.runner [-] Task 634ce557-483a-4e86-9be1-c2154884c441 | ITER: 35 START
2020-04-27 12:51:05.927 4220 WARNING rally_openstack.scenarios.neutron.utils [-] Running this scenario without either the 'network' or 'existing_network' context is deprecated
2020-04-27 12:51:06.028 4225 INFO rally.task.runner [-] Task 634ce557-483a-4e86-9be1-c2154884c441 | ITER: 13 END: OK
2020-04-27 12:51:06.033 4225 INFO rally.task.runner [-] Task 634ce557-483a-4e86-9be1-c2154884c441 | ITER: 36 START
2020-04-27 12:51:06.034 4225 WARNING rally_openstack.scenarios.neutron.utils [-] Running this scenario without either the 'network' or 'existing_network' context is deprecated
2020-04-27 12:51:06.075 4239 INFO rally.task.runner [-] Task 634ce557-483a-4e86-9be1-c2154884c441 | ITER: 16 END: OK
2020-04-27 12:51:06.080 4239 INFO rally.task.runner [-] Task 634ce557-483a-4e86-9be1-c2154884c441 | ITER: 37 START
2020-04-27 12:51:06.081 4239 WARNING rally_openstack.scenarios.neutron.utils [-] Running this scenario without either the 'network' or 'existing_network' context is deprecated
2020-04-27 12:51:06.122 4212 INFO rally.task.runner [-] Task 634ce557-483a-4e86-9be1-c2154884c441 | ITER: 8 END: OK
2020-04-27 12:51:06.127 4212 INFO rally.task.runner [-] Task 634ce557-483a-4e86-9be1-c2154884c441 | ITER: 38 START
2020-04-27 12:51:06.127 4212 WARNING rally_openstack.scenarios.neutron.utils [-] Running this scenario without either the 'network' or 'existing_network' context is deprecated
2020-04-27 12:51:07.029 4202 INFO rally.task.runner [-] Task 634ce557-483a-4e86-9be1-c2154884c441 | ITER: 4 END: OK
2020-04-27 12:51:07.035 4202 INFO rally.task.runner [-] Task 634ce557-483a-4e86-9be1-c2154884c441 | ITER: 39 START
2020-04-27 12:51:07.036 4202 WARNING rally_openstack.scenarios.neutron.utils [-] Running this scenario without either the 'network' or 'existing_network' context is deprecated
2020-04-27 12:51:07.373 4215 INFO rally.task.runner [-] Task 634ce557-483a-4e86-9be1-c2154884c441 | ITER: 9 END: OK
2020-04-27 12:51:07.379 4215 INFO rally.task.runner [-] Task 634ce557-483a-4e86-9be1-c2154884c441 | ITER: 40 START
2020-04-27 12:51:07.380 4215 WARNING rally_openstack.scenarios.neutron.utils [-] Running this scenario without either the 'network' or 'existing_network' context is deprecated
2020-04-27 12:51:07.446 4223 INFO rally.task.runner [-] Task 634ce557-483a-4e86-9be1-c2154884c441 | ITER: 12 END: OK
2020-04-27 12:51:08.004 4200 INFO rally.task.runner [-] Task 634ce557-483a-4e86-9be1-c2154884c441 | ITER: 2 END: OK
2020-04-27 12:51:08.039 4211 INFO rally.task.runner [-] Task 634ce557-483a-4e86-9be1-c2154884c441 | ITER: 7 END: OK
2020-04-27 12:51:08.053 4237 INFO rally.task.runner [-] Task 634ce557-483a-4e86-9be1-c2154884c441 | ITER: 17 END: OK
2020-04-27 12:51:08.080 4232 INFO rally.task.runner [-] Task 634ce557-483a-4e86-9be1-c2154884c441 | ITER: 14 END: OK
2020-04-27 12:51:42.515 4221 INFO rally.task.runner [-] Task 634ce557-483a-4e86-9be1-c2154884c441 | ITER: 27 END: OK
2020-04-27 12:51:42.629 4247 INFO rally.task.runner [-] Task 634ce557-483a-4e86-9be1-c2154884c441 | ITER: 29 END: OK
2020-04-27 12:51:43.306 4248 INFO rally.task.runner [-] Task 634ce557-483a-4e86-9be1-c2154884c441 | ITER: 30 END: OK
2020-04-27 12:51:43.350 4242 INFO rally.task.runner [-] Task 634ce557-483a-4e86-9be1-c2154884c441 | ITER: 28 END: OK
2020-04-27 12:51:51.997 4203 INFO rally.task.runner [-] Task 634ce557-483a-4e86-9be1-c2154884c441 | ITER: 33 END: OK
2020-04-27 12:51:52.031 4239 INFO rally.task.runner [-] Task 634ce557-483a-4e86-9be1-c2154884c441 | ITER: 37 END: OK
2020-04-27 12:51:52.230 4225 INFO rally.task.runner [-] Task 634ce557-483a-4e86-9be1-c2154884c441 | ITER: 36 END: OK
2020-04-27 12:51:52.264 4212 INFO rally.task.runner [-] Task 634ce557-483a-4e86-9be1-c2154884c441 | ITER: 38 END: OK
2020-04-27 12:51:54.480 4235 INFO rally.task.runner [-] Task 634ce557-483a-4e86-9be1-c2154884c441 | ITER: 26 END: OK
2020-04-27 12:51:57.754 4199 INFO rally.task.runner [-] Task 634ce557-483a-4e86-9be1-c2154884c441 | ITER: 31 END: OK
2020-04-27 12:51:57.796 4220 INFO rally.task.runner [-] Task 634ce557-483a-4e86-9be1-c2154884c441 | ITER: 35 END: OK
2020-04-27 12:51:57.820 4201 INFO rally.task.runner [-] Task 634ce557-483a-4e86-9be1-c2154884c441 | ITER: 32 END: OK
2020-04-27 12:51:57.938 4207 INFO rally.task.runner [-] Task 634ce557-483a-4e86-9be1-c2154884c441 | ITER: 34 END: OK
2020-04-27 12:51:58.046 4202 INFO rally.task.runner [-] Task 634ce557-483a-4e86-9be1-c2154884c441 | ITER: 39 END: OK
2020-04-27 12:51:58.085 4215 INFO rally.task.runner [-] Task 634ce557-483a-4e86-9be1-c2154884c441 | ITER: 40 END: OK
2020-04-27 12:51:58.113 15 INFO rally.task.context [-] Task 634ce557-483a-4e86-9be1-c2154884c441 | Context cleanup@openstack cleanup() started
2020-04-27 12:51:58.117 15 RALLYDEBUG rally_openstack.cleanup.manager [-] Cleaning up neutron vip objects
2020-04-27 12:51:58.503 15 RALLYDEBUG rally_openstack.cleanup.manager [-] Cleaning up neutron health_monitor objects
2020-04-27 12:51:58.917 15 RALLYDEBUG rally_openstack.cleanup.manager [-] Cleaning up neutron pool objects
2020-04-27 12:51:59.189 15 RALLYDEBUG rally_openstack.cleanup.manager [-] Cleaning up neutron loadbalancer objects
2020-04-27 12:51:59.687 15 RALLYDEBUG rally_openstack.cleanup.manager [-] Cleaning up neutron floatingip objects
2020-04-27 12:52:00.584 15 RALLYDEBUG rally_openstack.cleanup.manager [-] Cleaning up neutron trunk objects
2020-04-27 12:52:00.763 15 RALLYDEBUG rally_openstack.cleanup.manager [-] Cleaning up neutron port objects
2020-04-27 12:52:01.455 15 RALLYDEBUG rally_openstack.cleanup.manager [-] Deleting neutron.port object s_rally_af1d2dc1_Jcv2CxV8 (031f8880-1349-4b81-bb53-817220e76fe9)
2020-04-27 12:52:01.456 15 RALLYDEBUG rally_openstack.cleanup.manager [-] Deleting neutron.port object s_rally_af1d2dc1_pFke6qaV (01bd089f-881e-4bd6-af8c-19beed9c358c)
2020-04-27 12:52:01.466 15 RALLYDEBUG rally_openstack.cleanup.manager [-] Deleting neutron.port object s_rally_af1d2dc1_ig0RyKyy (047a9da8-195b-452c-8a7f-8dd0cfab37f6)
2020-04-27 12:52:01.468 15 RALLYDEBUG rally_openstack.cleanup.manager [-] Deleting neutron.port object s_rally_af1d2dc1_sa4mS6M1 (025d5a7c-195a-477c-9962-da19d2bad683)
2020-04-27 12:52:01.470 15 RALLYDEBUG rally_openstack.cleanup.manager [-] Deleting neutron.port object s_rally_af1d2dc1_qRyJyZVq (0622052b-e125-4b00-97f3-a62d70f6c121)
2020-04-27 12:52:01.479 15 RALLYDEBUG rally_openstack.cleanup.manager [-] Deleting neutron.port object s_rally_af1d2dc1_ETYs6qx6 (0748009a-62a2-491b-a35b-a276f4f78429)
2020-04-27 12:52:01.480 15 RALLYDEBUG rally_openstack.cleanup.manager [-] Deleting neutron.port object s_rally_af1d2dc1_qSvW9Kek (003386b4-8cd5-4452-acb3-281553035516)
2020-04-27 12:52:01.485 15 RALLYDEBUG rally_openstack.cleanup.manager [-] Deleting neutron.port object s_rally_af1d2dc1_BOftfZ82 (058a097a-b6cc-43d3-b653-d7e76cbfa2df)
2020-04-27 12:52:01.636 15 RALLYDEBUG rally_openstack.cleanup.manager [-] Deleting neutron.port object s_rally_af1d2dc1_l8bRHik4 (0d7a01ee-0056-454b-9c0b-75c417742b19)
2020-04-27 12:52:01.638 15 RALLYDEBUG rally_openstack.cleanup.manager [-] Deleting neutron.port object s_rally_af1d2dc1_yBlibQxz (09187dc9-7a2a-4f36-b2f8-c259242fc890)
2020-04-27 12:52:01.652 15 RALLYDEBUG rally_openstack.cleanup.manager [-] Deleting neutron.port object s_rally_af1d2dc1_Qw3bHvEG (0f7dbc7c-f260-4a2a-be82-c4f812f0c6a5)
2020-04-27 12:52:01.654 15 RALLYDEBUG rally_openstack.cleanup.manager [-] Deleting neutron.port object s_rally_af1d2dc1_VxtKnr3I (0f5c38a9-8f39-4791-87be-f648c8ce7eaf)
2020-04-27 12:52:01.690 15 RALLYDEBUG rally_openstack.cleanup.manager [-] Deleting neutron.port object s_rally_af1d2dc1_8YUV9D4Y (0f818754-8075-444d-9d4e-00e9f599b069)
2020-04-27 12:52:01.709 15 RALLYDEBUG rally_openstack.cleanup.manager [-] Deleting neutron.port object s_rally_af1d2dc1_J7b0CX2B (11659b2d-2c53-4b1e-a50d-6b453376970e)
2020-04-27 12:52:01.720 15 RALLYDEBUG rally_openstack.cleanup.manager [-] Deleting neutron.port object s_rally_af1d2dc1_13IXCSfk (12815dc8-e25f-41fb-8a38-4edca5aa1e29)
2020-04-27 12:52:01.720 15 RALLYDEBUG rally_openstack.cleanup.manager [-] Deleting neutron.port object s_rally_af1d2dc1_5GUhnel0 (11e9398b-f92a-4477-baf8-1d4c90e031f0)
2020-04-27 12:52:01.724 15 RALLYDEBUG rally_openstack.cleanup.manager [-] Deleting neutron.port object s_rally_af1d2dc1_MnSCDo96 (116e33ba-ee50-40d7-8b6a-db1da5cdc8de)
2020-04-27 12:52:01.755 15 RALLYDEBUG rally_openstack.cleanup.manager [-] Deleting neutron.port object s_rally_af1d2dc1_D5ExNiE4 (131d2426-c8a9-486c-9778-082d1aa96b33)
2020-04-27 12:52:01.759 15 RALLYDEBUG rally_openstack.cleanup.manager [-] Deleting neutron.port object s_rally_af1d2dc1_B7bKgmVG (157d8d81-4cc0-4e53-a941-ab4d75439044)
2020-04-27 12:52:01.765 15 RALLYDEBUG rally_openstack.cleanup.manager [-] Deleting neutron.port object s_rally_af1d2dc1_bdGZqN0T (14f4dc83-76e4-45eb-bbde-550244ef375b)
2020-04-27 12:52:05.597 15 RALLYDEBUG rally_openstack.cleanup.manager [-] Deleting neutron.port object s_rally_af1d2dc1_4NNhig0W (1818d6c8-5a8e-4495-8bfd-a5e6bef38321)
2020-04-27 12:52:05.623 15 RALLYDEBUG rally_openstack.cleanup.manager [-] Deleting neutron.port object s_rally_af1d2dc1_HsNnr9gp (19cb8780-7092-4142-a7ed-999c981e27ad)
2020-04-27 12:52:05.623 15 RALLYDEBUG rally_openstack.cleanup.manager [-] Deleting neutron.port object s_rally_af1d2dc1_UVavErbz (1968263c-cc2b-4102-a7d0-ff6dc3dc6ad3)
2020-04-27 12:52:05.627 15 RALLYDEBUG rally_openstack.cleanup.manager [-] Deleting neutron.port object s_rally_af1d2dc1_LJg5UFCq (1a97fb9d-891f-4180-a055-d1a6ac057f17)
2020-04-27 12:52:08.869 15 RALLYDEBUG rally_openstack.cleanup.manager [-] Deleting neutron.port object s_rally_af1d2dc1_DPXZOhOf (1d4b819f-a95f-46e0-8a7d-24804d68757d)
2020-04-27 12:52:08.872 15 RALLYDEBUG rally_openstack.cleanup.manager [-] Deleting neutron.port object s_rally_af1d2dc1_pC7fTrRV (1ed5bb81-3dad-44a4-8641-e4c2eaad3712)
2020-04-27 12:52:08.895 15 RALLYDEBUG rally_openstack.cleanup.manager [-] Deleting neutron.port object s_rally_af1d2dc1_Kb29KRLA (1f6fe194-9139-4095-9fc7-4b2270141254)
2020-04-27 12:52:08.919 15 RALLYDEBUG rally_openstack.cleanup.manager [-] Deleting neutron.port object s_rally_af1d2dc1_VVUu1LR6 (1ffaf990-ed0a-442a-a11a-dcea9d400075)
