2020-04-27 12:17:50.540 15 RALLYDEBUG rally_openstack.contexts.keystone.users [-] Creating 1 users using 20 threads
2020-04-27 12:17:51.173 15 INFO rally.task.context [-] Task 634ce557-483a-4e86-9be1-c2154884c441 | Context users@openstack setup() finished in 1.21 sec
2020-04-27 12:17:51.470 15 INFO rally.task.context [-] Task 634ce557-483a-4e86-9be1-c2154884c441 | Context quotas@openstack setup() finished in 0.30 sec
2020-04-27 12:17:51.470 15 INFO rally.task.context [-] Task 634ce557-483a-4e86-9be1-c2154884c441 | Context cleanup@openstack setup() finished in 0.01 msec
2020-04-27 12:17:51.478 15 RALLYDEBUG rally.task.runner [-] Starting the constant runner (task UUID: 634ce557-483a-4e86-9be1-c2154884c441). timeout: 0 concurrency: 20 concurrency_per_worker: 1 times: 40 concurrency_overhead: 0 processes_to_start: 20 max_cpu_used: 88
2020-04-27 12:17:51.491 2269 RALLYDEBUG rally.task.runner [-] Starting a worker. concurrency: 1 args: {"network_create_args": {}, "subnet_create_args": {}, "subnet_cidr_start": "1.1.0.0/30", "subnets_per_network": 2} times: 40 method_name: run timeout: 0 duration: None cls:
2020-04-27 12:17:51.493 2270 RALLYDEBUG rally.task.runner [-] Starting a worker. concurrency: 1 args: {"network_create_args": {}, "subnet_create_args": {}, "subnet_cidr_start": "1.1.0.0/30", "subnets_per_network": 2} times: 40 method_name: run timeout: 0 duration: None cls:
2020-04-27 12:17:51.495 2271 RALLYDEBUG rally.task.runner [-] Starting a worker. concurrency: 1 args: {"network_create_args": {}, "subnet_create_args": {}, "subnet_cidr_start": "1.1.0.0/30", "subnets_per_network": 2} times: 40 method_name: run timeout: 0 duration: None cls:
2020-04-27 12:17:51.496 2269 INFO rally.task.runner [-] Task 634ce557-483a-4e86-9be1-c2154884c441 | ITER: 1 START
2020-04-27 12:17:51.497 2269 WARNING rally_openstack.scenarios.neutron.utils [-] Running this scenario without either the 'network' or 'existing_network' context is deprecated
2020-04-27 12:17:51.498 2270 INFO rally.task.runner [-] Task 634ce557-483a-4e86-9be1-c2154884c441 | ITER: 2 START
2020-04-27 12:17:51.498 2272 RALLYDEBUG rally.task.runner [-] Starting a worker. concurrency: 1 args: {"network_create_args": {}, "subnet_create_args": {}, "subnet_cidr_start": "1.1.0.0/30", "subnets_per_network": 2} times: 40 method_name: run timeout: 0 duration: None cls:
2020-04-27 12:17:51.499 2270 WARNING rally_openstack.scenarios.neutron.utils [-] Running this scenario without either the 'network' or 'existing_network' context is deprecated
2020-04-27 12:17:51.501 2273 RALLYDEBUG rally.task.runner [-] Starting a worker. concurrency: 1 args: {"network_create_args": {}, "subnet_create_args": {}, "subnet_cidr_start": "1.1.0.0/30", "subnets_per_network": 2} times: 40 method_name: run timeout: 0 duration: None cls:
2020-04-27 12:17:51.504 2272 INFO rally.task.runner [-] Task 634ce557-483a-4e86-9be1-c2154884c441 | ITER: 4 START
2020-04-27 12:17:51.503 2276 RALLYDEBUG rally.task.runner [-] Starting a worker. concurrency: 1 args: {"network_create_args": {}, "subnet_create_args": {}, "subnet_cidr_start": "1.1.0.0/30", "subnets_per_network": 2} times: 40 method_name: run timeout: 0 duration: None cls:
2020-04-27 12:17:51.505 2271 INFO rally.task.runner [-] Task 634ce557-483a-4e86-9be1-c2154884c441 | ITER: 3 START
2020-04-27 12:17:51.505 2272 WARNING rally_openstack.scenarios.neutron.utils [-] Running this scenario without either the 'network' or 'existing_network' context is deprecated
2020-04-27 12:17:51.506 2271 WARNING rally_openstack.scenarios.neutron.utils [-] Running this scenario without either the 'network' or 'existing_network' context is deprecated
2020-04-27 12:17:51.506 2273 INFO rally.task.runner [-] Task 634ce557-483a-4e86-9be1-c2154884c441 | ITER: 5 START
2020-04-27 12:17:51.506 2279 RALLYDEBUG rally.task.runner [-] Starting a worker. concurrency: 1 args: {"network_create_args": {}, "subnet_create_args": {}, "subnet_cidr_start": "1.1.0.0/30", "subnets_per_network": 2} times: 40 method_name: run timeout: 0 duration: None cls:
2020-04-27 12:17:51.507 2273 WARNING rally_openstack.scenarios.neutron.utils [-] Running this scenario without either the 'network' or 'existing_network' context is deprecated
2020-04-27 12:17:51.509 2276 INFO rally.task.runner [-] Task 634ce557-483a-4e86-9be1-c2154884c441 | ITER: 6 START
2020-04-27 12:17:51.509 2281 RALLYDEBUG rally.task.runner [-] Starting a worker. concurrency: 1 args: {"network_create_args": {}, "subnet_create_args": {}, "subnet_cidr_start": "1.1.0.0/30", "subnets_per_network": 2} times: 40 method_name: run timeout: 0 duration: None cls:
2020-04-27 12:17:51.510 2276 WARNING rally_openstack.scenarios.neutron.utils [-] Running this scenario without either the 'network' or 'existing_network' context is deprecated
2020-04-27 12:17:51.511 2279 INFO rally.task.runner [-] Task 634ce557-483a-4e86-9be1-c2154884c441 | ITER: 7 START
2020-04-27 12:17:51.512 2279 WARNING rally_openstack.scenarios.neutron.utils [-] Running this scenario without either the 'network' or 'existing_network' context is deprecated
2020-04-27 12:17:51.512 2286 RALLYDEBUG rally.task.runner [-] Starting a worker. concurrency: 1 args: {"network_create_args": {}, "subnet_create_args": {}, "subnet_cidr_start": "1.1.0.0/30", "subnets_per_network": 2} times: 40 method_name: run timeout: 0 duration: None cls:
2020-04-27 12:17:51.515 2281 INFO rally.task.runner [-] Task 634ce557-483a-4e86-9be1-c2154884c441 | ITER: 8 START
2020-04-27 12:17:51.515 2289 RALLYDEBUG rally.task.runner [-] Starting a worker. concurrency: 1 args: {"network_create_args": {}, "subnet_create_args": {}, "subnet_cidr_start": "1.1.0.0/30", "subnets_per_network": 2} times: 40 method_name: run timeout: 0 duration: None cls:
2020-04-27 12:17:51.516 2281 WARNING rally_openstack.scenarios.neutron.utils [-] Running this scenario without either the 'network' or 'existing_network' context is deprecated
2020-04-27 12:17:51.517 2286 INFO rally.task.runner [-] Task 634ce557-483a-4e86-9be1-c2154884c441 | ITER: 9 START
2020-04-27 12:17:51.518 2286 WARNING rally_openstack.scenarios.neutron.utils [-] Running this scenario without either the 'network' or 'existing_network' context is deprecated
2020-04-27 12:17:51.520 2289 INFO rally.task.runner [-] Task 634ce557-483a-4e86-9be1-c2154884c441 | ITER: 10 START
2020-04-27 12:17:51.520 2295 RALLYDEBUG rally.task.runner [-] Starting a worker. concurrency: 1 args: {"network_create_args": {}, "subnet_create_args": {}, "subnet_cidr_start": "1.1.0.0/30", "subnets_per_network": 2} times: 40 method_name: run timeout: 0 duration: None cls:
2020-04-27 12:17:51.519 2293 RALLYDEBUG rally.task.runner [-] Starting a worker. concurrency: 1 args: {"network_create_args": {}, "subnet_create_args": {}, "subnet_cidr_start": "1.1.0.0/30", "subnets_per_network": 2} times: 40 method_name: run timeout: 0 duration: None cls:
2020-04-27 12:17:51.521 2289 WARNING rally_openstack.scenarios.neutron.utils [-] Running this scenario without either the 'network' or 'existing_network' context is deprecated
2020-04-27 12:17:51.525 2293 INFO rally.task.runner [-] Task 634ce557-483a-4e86-9be1-c2154884c441 | ITER: 12 START
2020-04-27 12:17:51.525 2298 RALLYDEBUG rally.task.runner [-] Starting a worker. concurrency: 1 args: {"network_create_args": {}, "subnet_create_args": {}, "subnet_cidr_start": "1.1.0.0/30", "subnets_per_network": 2} times: 40 method_name: run timeout: 0 duration: None cls:
2020-04-27 12:17:51.526 2293 WARNING rally_openstack.scenarios.neutron.utils [-] Running this scenario without either the 'network' or 'existing_network' context is deprecated
2020-04-27 12:17:51.526 2301 RALLYDEBUG rally.task.runner [-] Starting a worker. concurrency: 1 args: {"network_create_args": {}, "subnet_create_args": {}, "subnet_cidr_start": "1.1.0.0/30", "subnets_per_network": 2} times: 40 method_name: run timeout: 0 duration: None cls:
2020-04-27 12:17:51.528 2303 RALLYDEBUG rally.task.runner [-] Starting a worker. concurrency: 1 args: {"network_create_args": {}, "subnet_create_args": {}, "subnet_cidr_start": "1.1.0.0/30", "subnets_per_network": 2} times: 40 method_name: run timeout: 0 duration: None cls:
2020-04-27 12:17:51.530 2298 INFO rally.task.runner [-] Task 634ce557-483a-4e86-9be1-c2154884c441 | ITER: 13 START
2020-04-27 12:17:51.531 2298 WARNING rally_openstack.scenarios.neutron.utils [-] Running this scenario without either the 'network' or 'existing_network' context is deprecated
2020-04-27 12:17:51.531 2295 INFO rally.task.runner [-] Task 634ce557-483a-4e86-9be1-c2154884c441 | ITER: 11 START
2020-04-27 12:17:51.532 2301 INFO rally.task.runner [-] Task 634ce557-483a-4e86-9be1-c2154884c441 | ITER: 14 START
2020-04-27 12:17:51.531 2307 RALLYDEBUG rally.task.runner [-] Starting a worker. concurrency: 1 args: {"network_create_args": {}, "subnet_create_args": {}, "subnet_cidr_start": "1.1.0.0/30", "subnets_per_network": 2} times: 40 method_name: run timeout: 0 duration: None cls:
2020-04-27 12:17:51.532 2295 WARNING rally_openstack.scenarios.neutron.utils [-] Running this scenario without either the 'network' or 'existing_network' context is deprecated
2020-04-27 12:17:51.533 2301 WARNING rally_openstack.scenarios.neutron.utils [-] Running this scenario without either the 'network' or 'existing_network' context is deprecated
2020-04-27 12:17:51.533 2303 INFO rally.task.runner [-] Task 634ce557-483a-4e86-9be1-c2154884c441 | ITER: 15 START
2020-04-27 12:17:51.533 2308 RALLYDEBUG rally.task.runner [-] Starting a worker. concurrency: 1 args: {"network_create_args": {}, "subnet_create_args": {}, "subnet_cidr_start": "1.1.0.0/30", "subnets_per_network": 2} times: 40 method_name: run timeout: 0 duration: None cls:
2020-04-27 12:17:51.534 2303 WARNING rally_openstack.scenarios.neutron.utils [-] Running this scenario without either the 'network' or 'existing_network' context is deprecated
2020-04-27 12:17:51.536 2307 INFO rally.task.runner [-] Task 634ce557-483a-4e86-9be1-c2154884c441 | ITER: 16 START
2020-04-27 12:17:51.536 2312 RALLYDEBUG rally.task.runner [-] Starting a worker. concurrency: 1 args: {"network_create_args": {}, "subnet_create_args": {}, "subnet_cidr_start": "1.1.0.0/30", "subnets_per_network": 2} times: 40 method_name: run timeout: 0 duration: None cls:
2020-04-27 12:17:51.537 2307 WARNING rally_openstack.scenarios.neutron.utils [-] Running this scenario without either the 'network' or 'existing_network' context is deprecated
2020-04-27 12:17:51.537 2308 INFO rally.task.runner [-] Task 634ce557-483a-4e86-9be1-c2154884c441 | ITER: 17 START
2020-04-27 12:17:51.538 2308 WARNING rally_openstack.scenarios.neutron.utils [-] Running this scenario without either the 'network' or 'existing_network' context is deprecated
2020-04-27 12:17:51.538 2317 RALLYDEBUG rally.task.runner [-] Starting a worker. concurrency: 1 args: {"network_create_args": {}, "subnet_create_args": {}, "subnet_cidr_start": "1.1.0.0/30", "subnets_per_network": 2} times: 40 method_name: run timeout: 0 duration: None cls:
2020-04-27 12:17:51.540 2312 INFO rally.task.runner [-] Task 634ce557-483a-4e86-9be1-c2154884c441 | ITER: 18 START
2020-04-27 12:17:51.541 2312 WARNING rally_openstack.scenarios.neutron.utils [-] Running this scenario without either the 'network' or 'existing_network' context is deprecated
2020-04-27 12:17:51.541 2319 RALLYDEBUG rally.task.runner [-] Starting a worker. concurrency: 1 args: {"network_create_args": {}, "subnet_create_args": {}, "subnet_cidr_start": "1.1.0.0/30", "subnets_per_network": 2} times: 40 method_name: run timeout: 0 duration: None cls:
2020-04-27 12:17:51.543 2317 INFO rally.task.runner [-] Task 634ce557-483a-4e86-9be1-c2154884c441 | ITER: 19 START
2020-04-27 12:17:51.544 2317 WARNING rally_openstack.scenarios.neutron.utils [-] Running this scenario without either the 'network' or 'existing_network' context is deprecated
2020-04-27 12:17:51.545 2319 INFO rally.task.runner [-] Task 634ce557-483a-4e86-9be1-c2154884c441 | ITER: 20 START
2020-04-27 12:17:51.546 2319 WARNING rally_openstack.scenarios.neutron.utils [-] Running this scenario without either the 'network' or 'existing_network' context is deprecated
2020-04-27 12:17:53.765 2279 RALLYDEBUG rally_openstack.wrappers.network [-] CIDR generated: 1.1.4.96/30
2020-04-27 12:17:53.772 2273 RALLYDEBUG rally_openstack.wrappers.network [-] CIDR generated: 1.1.4.100/30
2020-04-27 12:17:53.773 2276 RALLYDEBUG rally_openstack.wrappers.network [-] CIDR generated: 1.1.4.104/30
2020-04-27 12:17:53.774 2270 RALLYDEBUG rally_openstack.wrappers.network [-] CIDR generated: 1.1.4.108/30
2020-04-27 12:17:53.781 2269 RALLYDEBUG rally_openstack.wrappers.network [-] CIDR generated: 1.1.4.112/30
2020-04-27 12:17:54.103 2272 RALLYDEBUG rally_openstack.wrappers.network [-] CIDR generated: 1.1.4.116/30
2020-04-27 12:17:56.090 2271 RALLYDEBUG rally_openstack.wrappers.network [-] CIDR generated: 1.1.4.120/30
2020-04-27 12:17:56.104 2307 RALLYDEBUG rally_openstack.wrappers.network [-] CIDR generated: 1.1.4.124/30
2020-04-27 12:17:56.105 2319 RALLYDEBUG rally_openstack.wrappers.network [-] CIDR generated: 1.1.4.128/30
2020-04-27 12:17:56.106 2281 RALLYDEBUG rally_openstack.wrappers.network [-] CIDR generated: 1.1.4.132/30
2020-04-27 12:17:56.107 2308 RALLYDEBUG rally_openstack.wrappers.network [-] CIDR generated: 1.1.4.136/30
2020-04-27 12:17:56.107 2312 RALLYDEBUG rally_openstack.wrappers.network [-] CIDR generated: 1.1.4.140/30
2020-04-27 12:17:56.109 2303 RALLYDEBUG rally_openstack.wrappers.network [-] CIDR generated: 1.1.4.144/30
2020-04-27 12:17:56.109 2295 RALLYDEBUG rally_openstack.wrappers.network [-] CIDR generated: 1.1.4.148/30
2020-04-27 12:17:56.725 2293 RALLYDEBUG rally_openstack.wrappers.network [-] CIDR generated: 1.1.4.152/30
2020-04-27 12:17:57.353 2298 RALLYDEBUG rally_openstack.wrappers.network [-] CIDR generated: 1.1.4.156/30
2020-04-27 12:17:57.736 2301 RALLYDEBUG rally_openstack.wrappers.network [-] CIDR generated: 1.1.4.160/30
2020-04-27 12:17:58.086 2289 RALLYDEBUG rally_openstack.wrappers.network [-] CIDR generated: 1.1.4.164/30
2020-04-27 12:17:58.173 2286 RALLYDEBUG rally_openstack.wrappers.network [-] CIDR generated: 1.1.4.168/30
2020-04-27 12:17:59.721 2276 RALLYDEBUG rally_openstack.wrappers.network [-] CIDR generated: 1.1.4.172/30
2020-04-27 12:17:59.842 2279 RALLYDEBUG rally_openstack.wrappers.network [-] CIDR generated: 1.1.4.176/30
2020-04-27 12:17:59.910 2269 RALLYDEBUG rally_openstack.wrappers.network [-] CIDR generated: 1.1.4.180/30
2020-04-27 12:18:00.048 2273 RALLYDEBUG rally_openstack.wrappers.network [-] CIDR generated: 1.1.4.184/30
2020-04-27 12:18:00.071 2270 RALLYDEBUG rally_openstack.wrappers.network [-] CIDR generated: 1.1.4.188/30
2020-04-27 12:18:00.144 2272 RALLYDEBUG rally_openstack.wrappers.network [-] CIDR generated: 1.1.4.192/30
2020-04-27 12:18:00.441 2317 RALLYDEBUG rally_openstack.wrappers.network [-] CIDR generated: 1.1.4.196/30
2020-04-27 12:18:17.751 2308 RALLYDEBUG rally_openstack.wrappers.network [-] CIDR generated: 1.1.4.200/30
2020-04-27 12:18:17.951 2271 RALLYDEBUG rally_openstack.wrappers.network [-] CIDR generated: 1.1.4.204/30
2020-04-27 12:18:18.911 2303 RALLYDEBUG rally_openstack.wrappers.network [-] CIDR generated: 1.1.4.208/30
2020-04-27 12:18:19.308 2319 RALLYDEBUG rally_openstack.wrappers.network [-] CIDR generated: 1.1.4.212/30
2020-04-27 12:18:19.478 2276 INFO rally.task.runner [-] Task 634ce557-483a-4e86-9be1-c2154884c441 | ITER: 6 END: OK
2020-04-27 12:18:19.482 2276 INFO rally.task.runner [-] Task 634ce557-483a-4e86-9be1-c2154884c441 | ITER: 21 START
2020-04-27 12:18:19.482 2276 WARNING rally_openstack.scenarios.neutron.utils [-] Running this scenario without either the 'network' or 'existing_network' context is deprecated
2020-04-27 12:18:19.585 2281 RALLYDEBUG rally_openstack.wrappers.network [-] CIDR generated: 1.1.4.216/30
2020-04-27 12:18:19.603 2273 INFO rally.task.runner [-] Task 634ce557-483a-4e86-9be1-c2154884c441 | ITER: 5 END: OK
2020-04-27 12:18:19.607 2273 INFO rally.task.runner [-] Task 634ce557-483a-4e86-9be1-c2154884c441 | ITER: 22 START
2020-04-27 12:18:19.608 2273 WARNING rally_openstack.scenarios.neutron.utils [-] Running this scenario without either the 'network' or 'existing_network' context is deprecated
2020-04-27 12:18:19.742 2269 INFO rally.task.runner [-] Task 634ce557-483a-4e86-9be1-c2154884c441 | ITER: 1 END: OK
2020-04-27 12:18:19.746 2269 INFO rally.task.runner [-] Task 634ce557-483a-4e86-9be1-c2154884c441 | ITER: 23 START
2020-04-27 12:18:19.747 2269 WARNING rally_openstack.scenarios.neutron.utils [-] Running this scenario without either the 'network' or 'existing_network' context is deprecated
2020-04-27 12:18:19.891 2307 RALLYDEBUG rally_openstack.wrappers.network [-] CIDR generated: 1.1.4.220/30
2020-04-27 12:18:19.966 2272 INFO rally.task.runner [-] Task 634ce557-483a-4e86-9be1-c2154884c441 | ITER: 4 END: OK
2020-04-27 12:18:19.969 2272 INFO rally.task.runner [-] Task 634ce557-483a-4e86-9be1-c2154884c441 | ITER: 24 START
2020-04-27 12:18:19.970 2272 WARNING rally_openstack.scenarios.neutron.utils [-] Running this scenario without either the 'network' or 'existing_network' context is deprecated
2020-04-27 12:18:20.013 2279 INFO rally.task.runner [-] Task 634ce557-483a-4e86-9be1-c2154884c441 | ITER: 7 END: OK
2020-04-27 12:18:20.017 2279 INFO rally.task.runner [-] Task 634ce557-483a-4e86-9be1-c2154884c441 | ITER: 25 START
2020-04-27 12:18:20.018 2279 WARNING rally_openstack.scenarios.neutron.utils [-] Running this scenario without either the 'network' or 'existing_network' context is deprecated
2020-04-27 12:18:20.050 2270 INFO rally.task.runner [-] Task 634ce557-483a-4e86-9be1-c2154884c441 | ITER: 2 END: OK
2020-04-27 12:18:20.054 2270 INFO rally.task.runner [-] Task 634ce557-483a-4e86-9be1-c2154884c441 | ITER: 26 START
2020-04-27 12:18:20.055 2270 WARNING rally_openstack.scenarios.neutron.utils [-] Running this scenario without either the 'network' or 'existing_network' context is deprecated
2020-04-27 12:18:20.258 2276 RALLYDEBUG rally_openstack.wrappers.network [-] CIDR generated: 1.1.4.224/30
2020-04-27 12:18:20.365 2273 RALLYDEBUG rally_openstack.wrappers.network [-] CIDR generated: 1.1.4.228/30
2020-04-27 12:18:20.571 2269 RALLYDEBUG rally_openstack.wrappers.network [-] CIDR generated: 1.1.4.232/30
2020-04-27 12:18:20.767 2295 RALLYDEBUG rally_openstack.wrappers.network [-] CIDR generated: 1.1.4.236/30
2020-04-27 12:18:21.023 2298 RALLYDEBUG rally_openstack.wrappers.network [-] CIDR generated: 1.1.4.240/30
2020-04-27 12:18:21.393 2293 RALLYDEBUG rally_openstack.wrappers.network [-] CIDR generated: 1.1.4.244/30
2020-04-27 12:18:21.594 2312 RALLYDEBUG rally_openstack.wrappers.network [-] CIDR generated: 1.1.4.248/30
2020-04-27 12:18:21.711 2272 RALLYDEBUG rally_openstack.wrappers.network [-] CIDR generated: 1.1.4.252/30
2020-04-27 12:18:21.727 2279 RALLYDEBUG rally_openstack.wrappers.network [-] CIDR generated: 1.1.5.0/30
2020-04-27 12:18:21.947 2270 RALLYDEBUG rally_openstack.wrappers.network [-] CIDR generated: 1.1.5.4/30
2020-04-27 12:18:22.453 2289 RALLYDEBUG rally_openstack.wrappers.network [-] CIDR generated: 1.1.5.8/30
2020-04-27 12:18:22.849 2286 RALLYDEBUG rally_openstack.wrappers.network [-] CIDR generated: 1.1.5.12/30
2020-04-27 12:18:22.991 2301 RALLYDEBUG rally_openstack.wrappers.network [-] CIDR generated: 1.1.5.16/30
2020-04-27 12:18:24.035 2317 RALLYDEBUG rally_openstack.wrappers.network [-] CIDR generated: 1.1.5.20/30
2020-04-27 12:18:26.127 2276 RALLYDEBUG rally_openstack.wrappers.network [-] CIDR generated: 1.1.5.24/30
2020-04-27 12:18:26.294 2269 RALLYDEBUG rally_openstack.wrappers.network [-] CIDR generated: 1.1.5.28/30
2020-04-27 12:18:26.415 2273 RALLYDEBUG rally_openstack.wrappers.network [-] CIDR generated: 1.1.5.32/30
2020-04-27 12:18:27.656 2279 RALLYDEBUG rally_openstack.wrappers.network [-] CIDR generated: 1.1.5.36/30
2020-04-27 12:18:27.783 2272 RALLYDEBUG rally_openstack.wrappers.network [-] CIDR generated: 1.1.5.40/30
2020-04-27 12:18:27.846 2270 RALLYDEBUG rally_openstack.wrappers.network [-] CIDR generated: 1.1.5.44/30
2020-04-27 12:18:40.729 2276 INFO rally.task.runner [-] Task 634ce557-483a-4e86-9be1-c2154884c441 | ITER: 21 END: OK
2020-04-27 12:18:40.733 2276 INFO rally.task.runner [-] Task 634ce557-483a-4e86-9be1-c2154884c441 | ITER: 27 START
2020-04-27 12:18:40.734 2276 WARNING rally_openstack.scenarios.neutron.utils [-] Running this scenario without either the 'network' or 'existing_network' context is deprecated
2020-04-27 12:18:40.806 2269 INFO rally.task.runner [-] Task 634ce557-483a-4e86-9be1-c2154884c441 | ITER: 23 END: OK
2020-04-27 12:18:40.811 2269 INFO rally.task.runner [-] Task 634ce557-483a-4e86-9be1-c2154884c441 | ITER: 28 START
2020-04-27 12:18:40.812 2269 WARNING rally_openstack.scenarios.neutron.utils [-] Running this scenario without either the 'network' or 'existing_network' context is deprecated
2020-04-27 12:18:40.827 2273 INFO rally.task.runner [-] Task 634ce557-483a-4e86-9be1-c2154884c441 | ITER: 22 END: OK
2020-04-27 12:18:40.831 2273 INFO rally.task.runner [-] Task 634ce557-483a-4e86-9be1-c2154884c441 | ITER: 29 START
2020-04-27 12:18:40.832 2273 WARNING rally_openstack.scenarios.neutron.utils [-] Running this scenario without either the 'network' or 'existing_network' context is deprecated
2020-04-27 12:18:41.375 2279 INFO rally.task.runner [-] Task 634ce557-483a-4e86-9be1-c2154884c441 | ITER: 25 END: OK
2020-04-27 12:18:41.379 2279 INFO rally.task.runner [-] Task 634ce557-483a-4e86-9be1-c2154884c441 | ITER: 30 START
2020-04-27 12:18:41.380 2279 WARNING rally_openstack.scenarios.neutron.utils [-] Running this scenario without either the 'network' or 'existing_network' context is deprecated
2020-04-27 12:18:41.391 2272 INFO rally.task.runner [-] Task 634ce557-483a-4e86-9be1-c2154884c441 | ITER: 24 END: OK
2020-04-27 12:18:41.394 2272 INFO rally.task.runner [-] Task 634ce557-483a-4e86-9be1-c2154884c441 | ITER: 31 START
2020-04-27 12:18:41.395 2272 WARNING rally_openstack.scenarios.neutron.utils [-] Running this scenario without either the 'network' or 'existing_network' context is deprecated
2020-04-27 12:18:41.426 2270 INFO rally.task.runner [-] Task 634ce557-483a-4e86-9be1-c2154884c441 | ITER: 26 END: OK
2020-04-27 12:18:41.429 2270 INFO rally.task.runner [-] Task 634ce557-483a-4e86-9be1-c2154884c441 | ITER: 32 START
2020-04-27 12:18:41.430 2270 WARNING rally_openstack.scenarios.neutron.utils [-] Running this scenario without either the 'network' or 'existing_network' context is deprecated
2020-04-27 12:18:41.662 2276 RALLYDEBUG rally_openstack.wrappers.network [-] CIDR generated: 1.1.5.48/30
2020-04-27 12:18:41.663 2269 RALLYDEBUG rally_openstack.wrappers.network [-] CIDR generated: 1.1.5.52/30
2020-04-27 12:18:41.674 2273 RALLYDEBUG rally_openstack.wrappers.network [-] CIDR generated: 1.1.5.56/30
2020-04-27 12:18:43.305 2279 RALLYDEBUG rally_openstack.wrappers.network [-] CIDR generated: 1.1.5.60/30
2020-04-27 12:18:43.318 2270 RALLYDEBUG rally_openstack.wrappers.network [-] CIDR generated: 1.1.5.64/30
2020-04-27 12:18:43.347 2272 RALLYDEBUG rally_openstack.wrappers.network [-] CIDR generated: 1.1.5.68/30
2020-04-27 12:18:47.365 2273 RALLYDEBUG rally_openstack.wrappers.network [-] CIDR generated: 1.1.5.72/30
2020-04-27 12:18:47.435 2269 RALLYDEBUG rally_openstack.wrappers.network [-] CIDR generated: 1.1.5.76/30
2020-04-27 12:18:47.440 2276 RALLYDEBUG rally_openstack.wrappers.network [-] CIDR generated: 1.1.5.80/30
2020-04-27 12:18:48.877 2270 RALLYDEBUG rally_openstack.wrappers.network [-] CIDR generated: 1.1.5.84/30
2020-04-27 12:18:48.884 2272 RALLYDEBUG rally_openstack.wrappers.network [-] CIDR generated: 1.1.5.88/30
2020-04-27 12:18:49.159 2279 RALLYDEBUG rally_openstack.wrappers.network [-] CIDR generated: 1.1.5.92/30
2020-04-27 12:19:02.632 2269 INFO rally.task.runner [-] Task 634ce557-483a-4e86-9be1-c2154884c441 | ITER: 28 END: OK
2020-04-27 12:19:02.637 2269 INFO rally.task.runner [-] Task 634ce557-483a-4e86-9be1-c2154884c441 | ITER: 33 START
2020-04-27 12:19:02.638 2269 WARNING rally_openstack.scenarios.neutron.utils [-] Running this scenario without either the 'network' or 'existing_network' context is deprecated
2020-04-27 12:19:03.971 2279 INFO rally.task.runner [-] Task 634ce557-483a-4e86-9be1-c2154884c441 | ITER: 30 END: OK
2020-04-27 12:19:03.975 2279 INFO rally.task.runner [-] Task 634ce557-483a-4e86-9be1-c2154884c441 | ITER: 34 START
2020-04-27 12:19:03.975 2279 WARNING rally_openstack.scenarios.neutron.utils [-] Running this scenario without either the 'network' or 'existing_network' context is deprecated
2020-04-27 12:19:03.985 2272 INFO rally.task.runner [-] Task 634ce557-483a-4e86-9be1-c2154884c441 | ITER: 31 END: OK
2020-04-27 12:19:03.989 2272 INFO rally.task.runner [-] Task 634ce557-483a-4e86-9be1-c2154884c441 | ITER: 35 START
2020-04-27 12:19:03.990 2272 WARNING rally_openstack.scenarios.neutron.utils [-] Running this scenario without either the 'network' or 'existing_network' context is deprecated
2020-04-27 12:19:04.006 2270 INFO rally.task.runner [-] Task 634ce557-483a-4e86-9be1-c2154884c441 | ITER: 32 END: OK
2020-04-27 12:19:04.014 2270 INFO rally.task.runner [-] Task 634ce557-483a-4e86-9be1-c2154884c441 | ITER: 36 START
2020-04-27 12:19:04.015 2270 WARNING rally_openstack.scenarios.neutron.utils [-] Running this scenario without either the 'network' or 'existing_network' context is deprecated
2020-04-27 12:19:04.590 2269 RALLYDEBUG rally_openstack.wrappers.network [-] CIDR generated: 1.1.5.96/30
2020-04-27 12:19:05.084 2279 RALLYDEBUG rally_openstack.wrappers.network [-] CIDR generated: 1.1.5.100/30
2020-04-27 12:19:05.827 2272 RALLYDEBUG rally_openstack.wrappers.network [-] CIDR generated: 1.1.5.104/30
2020-04-27 12:19:05.876 2270 RALLYDEBUG rally_openstack.wrappers.network [-] CIDR generated: 1.1.5.108/30
2020-04-27 12:19:07.842 2273 INFO rally.task.runner [-] Task 634ce557-483a-4e86-9be1-c2154884c441 | ITER: 29 END: OK
2020-04-27 12:19:07.846 2273 INFO rally.task.runner [-] Task 634ce557-483a-4e86-9be1-c2154884c441 | ITER: 37 START
2020-04-27 12:19:07.847 2273 WARNING rally_openstack.scenarios.neutron.utils [-] Running this scenario without either the 'network' or 'existing_network' context is deprecated
2020-04-27 12:19:08.973 2273 RALLYDEBUG rally_openstack.wrappers.network [-] CIDR generated: 1.1.5.112/30
2020-04-27 12:19:11.655 2269 RALLYDEBUG rally_openstack.wrappers.network [-] CIDR generated: 1.1.5.116/30
2020-04-27 12:19:12.240 2279 RALLYDEBUG rally_openstack.wrappers.network [-] CIDR generated: 1.1.5.120/30
2020-04-27 12:19:12.284 2272 RALLYDEBUG rally_openstack.wrappers.network [-] CIDR generated: 1.1.5.124/30
2020-04-27 12:19:12.472 2270 RALLYDEBUG rally_openstack.wrappers.network [-] CIDR generated: 1.1.5.128/30
2020-04-27 12:19:13.772 2276 INFO rally.task.runner [-] Task 634ce557-483a-4e86-9be1-c2154884c441 | ITER: 27 END: OK
2020-04-27 12:19:13.778 2276 INFO rally.task.runner [-] Task 634ce557-483a-4e86-9be1-c2154884c441 | ITER: 38 START
2020-04-27 12:19:13.779 2276 WARNING rally_openstack.scenarios.neutron.utils [-] Running this scenario without either the 'network' or 'existing_network' context is deprecated
2020-04-27 12:19:15.460 2276 RALLYDEBUG rally_openstack.wrappers.network [-] CIDR generated: 1.1.5.132/30
2020-04-27 12:19:16.000 2273 RALLYDEBUG rally_openstack.wrappers.network [-] CIDR generated: 1.1.5.136/30
2020-04-27 12:19:21.962 2276 RALLYDEBUG rally_openstack.wrappers.network [-] CIDR generated: 1.1.5.140/30
2020-04-27 12:19:26.214 2270 INFO rally.task.runner [-] Task 634ce557-483a-4e86-9be1-c2154884c441 | ITER: 36 END: OK
2020-04-27 12:19:26.218 2270 INFO rally.task.runner [-] Task 634ce557-483a-4e86-9be1-c2154884c441 | ITER: 39 START
2020-04-27 12:19:26.218 2270 WARNING rally_openstack.scenarios.neutron.utils [-] Running this scenario without either the 'network' or 'existing_network' context is deprecated
2020-04-27 12:19:30.997 2269 INFO rally.task.runner [-] Task 634ce557-483a-4e86-9be1-c2154884c441 | ITER: 33 END: OK
2020-04-27 12:19:31.001 2269 INFO rally.task.runner [-] Task 634ce557-483a-4e86-9be1-c2154884c441 | ITER: 40 START
2020-04-27 12:19:31.001 2269 WARNING rally_openstack.scenarios.neutron.utils [-] Running this scenario without either the 'network' or 'existing_network' context is deprecated
2020-04-27 12:19:31.223 2279 INFO rally.task.runner [-] Task 634ce557-483a-4e86-9be1-c2154884c441 | ITER: 34 END: OK
2020-04-27 12:19:31.299 2272 INFO rally.task.runner [-] Task 634ce557-483a-4e86-9be1-c2154884c441 | ITER: 35 END: OK
2020-04-27 12:19:31.826 2269 RALLYDEBUG rally_openstack.wrappers.network [-] CIDR generated: 1.1.5.144/30
2020-04-27 12:19:32.744 2270 RALLYDEBUG rally_openstack.wrappers.network [-] CIDR generated: 1.1.5.148/30
2020-04-27 12:19:35.176 2271 INFO rally.task.runner [-] Task 634ce557-483a-4e86-9be1-c2154884c441 | ITER: 3 END: OK
2020-04-27 12:19:35.508 2308 INFO rally.task.runner [-] Task 634ce557-483a-4e86-9be1-c2154884c441 | ITER: 17 END: OK
2020-04-27 12:19:35.509 2319 INFO rally.task.runner [-] Task 634ce557-483a-4e86-9be1-c2154884c441 | ITER: 20 END: OK
2020-04-27 12:19:35.711 2273 INFO rally.task.runner [-] Task 634ce557-483a-4e86-9be1-c2154884c441 | ITER: 37 END: OK
2020-04-27 12:19:35.774 2269 RALLYDEBUG rally_openstack.wrappers.network [-] CIDR generated: 1.1.5.152/30
2020-04-27 12:19:36.470 2303 INFO rally.task.runner [-] Task 634ce557-483a-4e86-9be1-c2154884c441 | ITER: 15 END: OK
2020-04-27 12:19:36.531 2276 INFO rally.task.runner [-] Task 634ce557-483a-4e86-9be1-c2154884c441 | ITER: 38 END: OK
2020-04-27 12:19:36.572 2307 INFO rally.task.runner [-] Task 634ce557-483a-4e86-9be1-c2154884c441 | ITER: 16 END: OK
2020-04-27 12:19:36.931 2281 INFO rally.task.runner [-] Task 634ce557-483a-4e86-9be1-c2154884c441 | ITER: 8 END: OK
2020-04-27 12:19:37.933 2298 INFO rally.task.runner [-] Task 634ce557-483a-4e86-9be1-c2154884c441 | ITER: 13 END: OK
2020-04-27 12:19:38.002 2295 INFO rally.task.runner [-] Task 634ce557-483a-4e86-9be1-c2154884c441 | ITER: 11 END: OK
2020-04-27 12:19:38.336 2293 INFO rally.task.runner [-] Task 634ce557-483a-4e86-9be1-c2154884c441 | ITER: 12 END: OK
2020-04-27 12:19:38.577 2289 INFO rally.task.runner [-] Task 634ce557-483a-4e86-9be1-c2154884c441 | ITER: 10 END: OK
2020-04-27 12:19:38.590 2312 INFO rally.task.runner [-] Task 634ce557-483a-4e86-9be1-c2154884c441 | ITER: 18 END: OK
2020-04-27 12:19:38.762 2286 INFO rally.task.runner [-] Task 634ce557-483a-4e86-9be1-c2154884c441 | ITER: 9 END: OK
2020-04-27 12:19:38.793 2301 INFO rally.task.runner [-] Task 634ce557-483a-4e86-9be1-c2154884c441 | ITER: 14 END: OK
2020-04-27 12:19:38.903 2269 INFO rally.task.runner [-] Task 634ce557-483a-4e86-9be1-c2154884c441 | ITER: 40 END: OK
2020-04-27 12:19:39.014 2317 INFO rally.task.runner [-] Task 634ce557-483a-4e86-9be1-c2154884c441 | ITER: 19 END: OK
2020-04-27 12:19:41.971 2270 RALLYDEBUG rally_openstack.wrappers.network [-] CIDR generated: 1.1.5.156/30
2020-04-27 12:20:01.383 2270 INFO rally.task.runner [-] Task 634ce557-483a-4e86-9be1-c2154884c441 | ITER: 39 END: OK
2020-04-27 12:20:01.408 15 INFO rally.task.context [-] Task 634ce557-483a-4e86-9be1-c2154884c441 | Context cleanup@openstack cleanup() started
2020-04-27 12:20:01.411 15 RALLYDEBUG rally_openstack.cleanup.manager [-] Cleaning up neutron vip objects
2020-04-27 12:20:01.563 15 RALLYDEBUG rally_openstack.cleanup.manager [-] Cleaning up neutron health_monitor objects
2020-04-27 12:20:01.698 15 RALLYDEBUG rally_openstack.cleanup.manager [-] Cleaning up neutron pool objects
2020-04-27 12:20:01.829 15 RALLYDEBUG rally_openstack.cleanup.manager [-] Cleaning up neutron loadbalancer objects
2020-04-27 12:20:01.984 15 RALLYDEBUG rally_openstack.cleanup.manager [-] Cleaning up neutron floatingip objects
2020-04-27 12:20:02.216 15 RALLYDEBUG rally_openstack.cleanup.manager [-] Cleaning up neutron trunk objects
2020-04-27 12:20:02.393 15 RALLYDEBUG rally_openstack.cleanup.manager [-] Cleaning up neutron port objects
2020-04-27 12:20:02.555 15 RALLYDEBUG rally_openstack.cleanup.manager [-] Cleaning up neutron subnet objects
2020-04-27 12:20:02.783 15 RALLYDEBUG rally_openstack.cleanup.manager [-] Cleaning up neutron network objects
2020-04-27 12:20:03.640 15 RALLYDEBUG rally_openstack.cleanup.manager [-] Deleting neutron.network object s_rally_ed5ecc63_KUwxSQYB (14455ebf-2596-4b08-b2d0-36b6ef77db61)
2020-04-27 12:20:03.641 15 RALLYDEBUG rally_openstack.cleanup.manager [-] Deleting neutron.network object s_rally_ed5ecc63_krIcLUnV (03df179c-6439-44bb-85b2-980211b5fdcd)
2020-04-27 12:20:03.641 15 RALLYDEBUG rally_openstack.cleanup.manager [-] Deleting neutron.network object s_rally_ed5ecc63_TVSmEQPY (04b7f5ab-f769-4682-b7c3-0c5c0416f7ff)
2020-04-27 12:20:03.644 15 RALLYDEBUG rally_openstack.cleanup.manager [-] Deleting neutron.network object s_rally_ed5ecc63_mmSYGuxq (3c221e1f-2eb0-46ac-b09f-7c6372b95b3d)
2020-04-27 12:20:03.645 15 RALLYDEBUG rally_openstack.cleanup.manager [-] Deleting neutron.network object s_rally_ed5ecc63_rNMnzfv6 (431706e1-ba47-4843-b3a2-4389a05cc155)
2020-04-27 12:20:03.653 15 RALLYDEBUG rally_openstack.cleanup.manager [-] Deleting neutron.network object s_rally_ed5ecc63_dqaQr88F (241099aa-42a8-4aed-b9cd-e759b31c3364)
2020-04-27 12:20:03.663 15 RALLYDEBUG rally_openstack.cleanup.manager [-] Deleting neutron.network object s_rally_ed5ecc63_zOUtCgiZ (440d6186-ae46-4637-9089-db561349ff75)
2020-04-27 12:20:03.663 15 RALLYDEBUG rally_openstack.cleanup.manager [-] Deleting neutron.network object s_rally_ed5ecc63_P4DJ0yVe (174c1463-f805-4583-8379-f254bbcc9d63)
2020-04-27 12:20:03.664 15 RALLYDEBUG rally_openstack.cleanup.manager [-] Deleting neutron.network object s_rally_ed5ecc63_ELMZymbh (41f9423b-b4c6-42a6-a5e9-d13a909c8648)
2020-04-27 12:20:03.674 15 RALLYDEBUG rally_openstack.cleanup.manager [-] Deleting neutron.network object s_rally_ed5ecc63_nqe6LkHg (46059686-c3a1-431e-87a8-7db3947e2cb7)
2020-04-27 12:20:03.683 15 RALLYDEBUG rally_openstack.cleanup.manager [-] Deleting neutron.network object s_rally_ed5ecc63_JBp3Jyok (4691d719-bfd7-4c9f-87b3-a7865ef71fd9)
2020-04-27 12:20:03.724 15 RALLYDEBUG rally_openstack.cleanup.manager [-] Deleting neutron.network object s_rally_ed5ecc63_oxZgtree (4b693aa4-2ea3-4081-84a5-2d6dbfe68d5e)
2020-04-27 12:20:03.753 15 RALLYDEBUG rally_openstack.cleanup.manager [-] Deleting neutron.network object s_rally_ed5ecc63_p8SzGI8o (529c5a69-a36f-4670-8e85-b2e28403baa6)
2020-04-27 12:20:03.767 15 RALLYDEBUG rally_openstack.cleanup.manager [-] Deleting neutron.network object s_rally_ed5ecc63_vYggRzaK (5093a253-69d5-4cb3-851d-3de6d85acbd7)
2020-04-27 12:20:03.791 15 RALLYDEBUG rally_openstack.cleanup.manager [-] Deleting neutron.network object s_rally_ed5ecc63_mrB5uHPV (71a8677a-1da9-4966-8d83-00dfe0f1da05)
2020-04-27 12:20:03.788 15 RALLYDEBUG rally_openstack.cleanup.manager [-] Deleting neutron.network object s_rally_ed5ecc63_JawfE6BG (7626fc51-a681-45c1-bf84-063110ea2a7f)
2020-04-27 12:20:03.802 15 RALLYDEBUG rally_openstack.cleanup.manager [-] Deleting neutron.network object s_rally_ed5ecc63_j0xjJS1F (528157be-3d9f-4a78-811b-6ce8e1ab41f4)
2020-04-27 12:20:03.807 15 RALLYDEBUG rally_openstack.cleanup.manager [-] Deleting neutron.network object s_rally_ed5ecc63_YovGARJB (725d3536-9789-4d9b-b673-793eb86a2c41)
2020-04-27 12:20:03.810 15 RALLYDEBUG rally_openstack.cleanup.manager [-] Deleting neutron.network object s_rally_ed5ecc63_r5w1NEcw (4b111714-0d0c-4ba2-b354-346f76e0bbeb)
2020-04-27 12:20:03.855 15 RALLYDEBUG rally_openstack.cleanup.manager [-] Deleting neutron.network object s_rally_ed5ecc63_Waf85mcS (7b2d06db-fe80-414e-9fe0-7b72edad8576)
2020-04-27 12:20:10.514 15 RALLYDEBUG rally_openstack.cleanup.manager [-] Deleting neutron.network object s_rally_ed5ecc63_cT42yjWt (85aab297-ce5a-497a-9770-bdff1c49bb23)
2020-04-27 12:20:10.581 15 RALLYDEBUG rally_openstack.cleanup.manager [-] Deleting neutron.network object s_rally_ed5ecc63_fra1DBbO (8e1db5e0-a528-420c-a406-efbd84d3cfba)
2020-04-27 12:20:11.191 15 RALLYDEBUG rally_openstack.cleanup.manager [-] Deleting neutron.network object s_rally_ed5ecc63_l29NWxo9 (9a415bba-c9e3-4197-be98-f86c5918fa12)
2020-04-27 12:20:11.202 15 RALLYDEBUG rally_openstack.cleanup.manager [-] Deleting neutron.network object s_rally_ed5ecc63_HevMiEmL (9b07f950-f312-4afb-9fa4-9d7b876a1bbb)
2020-04-27 12:20:11.338 15 RALLYDEBUG rally_openstack.cleanup.manager [-] Deleting neutron.network object s_rally_ed5ecc63_5DgUEDiw (9daa3b07-0835-4e24-849e-04f9ad4e1eca)
2020-04-27 12:20:11.344 15 RALLYDEBUG rally_openstack.cleanup.manager [-] Deleting neutron.network object s_rally_ed5ecc63_sIdy7qNP (a159188a-2858-4e3a-a767-39f6284f0655)
2020-04-27 12:20:11.418 15 RALLYDEBUG rally_openstack.cleanup.manager [-] Deleting neutron.network object s_rally_ed5ecc63_L3r2GgAn (a6fe0042-7ac0-4d28-b6ae-3d11a90fe07c)
2020-04-27 12:20:15.254 15 RALLYDEBUG rally_openstack.cleanup.manager [-] Deleting neutron.network object s_rally_ed5ecc63_pcOlEZ2t (ac6eee00-91ff-4b39-a41f-344f432350a0)
2020-04-27 12:20:15.578 15 RALLYDEBUG rally_openstack.cleanup.manager [-] Deleting neutron.network object s_rally_ed5ecc63_smh0sTRs (be523ef8-3fc9-4932-97f9-51e0059f79aa)
2020-04-27 12:20:16.099 15 RALLYDEBUG rally_openstack.cleanup.manager [-] Deleting neutron.network object s_rally_ed5ecc63_988yW9ND (c4988144-94d0-4d9c-ad5a-2f1cd48693f4)
2020-04-27 12:20:16.102 15 RALLYDEBUG rally_openstack.cleanup.manager [-] Deleting neutron.network object s_rally_ed5ecc63_lnxTHyqm (c2bd7d2f-e0e1-41e0-b3e1-2822f27f6ffc)
2020-04-27 12:20:16.289 15 RALLYDEBUG rally_openstack.cleanup.manager [-] Deleting neutron.network object s_rally_ed5ecc63_e1mJRVex (c6b83f1d-7862-4069-88e4-b12fc067f65c)
2020-04-27 12:20:16.363 15 RALLYDEBUG rally_openstack.cleanup.manager [-] Deleting neutron.network object s_rally_ed5ecc63_xqUORQvG (c7bfe960-2bfc-4587-b962-c5926ed8813c)
2020-04-27 12:20:16.370 15 RALLYDEBUG rally_openstack.cleanup.manager [-] Deleting neutron.network object s_rally_ed5ecc63_JsO0gsQj (ced23ed0-86d9-42cc-bae1-2368b6bd6705)
2020-04-27 12:20:16.374 15 RALLYDEBUG rally_openstack.cleanup.manager [-] Deleting neutron.network object s_rally_ed5ecc63_M4SpD7Fa (d53d3fd8-5a30-41cc-93af-e9ed20ff0ae0)
2020-04-27 12:20:16.386 15 RALLYDEBUG rally_openstack.cleanup.manager [-] Deleting neutron.network object s_rally_ed5ecc63_dXXns4bp (de68064a-01c6-4012-8474-e3fdd5df75d3)
2020-04-27 12:20:16.395 15 RALLYDEBUG rally_openstack.cleanup.manager [-] Deleting neutron.network object s_rally_ed5ecc63_VqXLIBmq (e75e29fc-80a1-40f7-b56f-06a47cb2b6af)
2020-04-27 12:20:16.399 15 RALLYDEBUG rally_openstack.cleanup.manager [-] Deleting neutron.network object s_rally_ed5ecc63_vOuolshF (eb018863-959a-4c08-bb08-8eef10eade7a)
2020-04-27 12:20:16.410 15 RALLYDEBUG rally_openstack.cleanup.manager [-] Deleting neutron.network object s_rally_ed5ecc63_Vhiv6RoP (f1dcf341-3601-481f-baa2-a66b3865dcb0)
2020-04-27 12:20:16.415 15 RALLYDEBUG rally_openstack.cleanup.manager [-] Deleting neutron.network object s_rally_ed5ecc63_pQttc4x1 (fd058791-0eac-4231-bcf5-f83612c8b53b)
2020-04-27 12:20:27.278 15 RALLYDEBUG rally_openstack.cleanup.manager [-] Cleaning up neutron router objects
2020-04-27 12:20:27.565 15 RALLYDEBUG rally_openstack.cleanup.manager [-] Cleaning up neutron security_group objects
2020-04-27 12:20:27.790 15 INFO rally.task.context [-] Task 634ce557-483a-4e86-9be1-c2154884c441 | Context cleanup@openstack cleanup() finished in 26.38 sec
2020-04-27 12:20:27.790 15 INFO rally.task.context [-] Task 634ce557-483a-4e86-9be1-c2154884c441 | Context quotas@openstack cleanup() started
2020-04-27 12:20:27.810 15 INFO rally.task.context [-] Task 634ce557-483a-4e86-9be1-c2154884c441 | Context quotas@openstack cleanup() finished in 19.38 msec
2020-04-27 12:20:27.810 15 INFO rally.task.context [-] Task 634ce557-483a-4e86-9be1-c2154884c441 | Context users@openstack cleanup() started
2020-04-27 12:20:28.915 15 INFO rally.task.context [-] Task 634ce557-483a-4e86-9be1-c2154884c441 | Context users@openstack cleanup() finished in 1.11 sec
2020-04-27 12:20:30.569 15 INFO rally.task.engine [-] Load duration is: 129.885462
2020-04-27 12:20:30.570 15 INFO rally.task.engine [-] Full runner duration is: 129.930352
2020-04-27 12:20:30.570 15 INFO rally.task.engine [-] Full duration is: 158.9525
2020-04-27 12:20:30.636 15 INFO rally.task.engine [-] Running workload: position = 0 config = { "version": 2, "title": "A cropped version of a bigger task.", "description": "Auto-generated task from a single workload (uuid=0dd96439-15c7-4223-b9a2-f60fe1c27986)", "subtasks": [ { "title": "NeutronNetworks.create_and_list_routers", "description": "Create and a given number of routers and list all routers.", "scenario": { "NeutronNetworks.create_and_list_routers": { "network_create_args": null, "subnet_create_args": null, "subnet_cidr_start": "1.1.0.0/30", "subnets_per_network": 2, "router_create_args": null } }, "contexts": { "users": { "tenants": 1, "users_per_tenant": 1 }, "quotas": { "neutron": { "network": -1, "subnet": -1, "router": -1 } } }, "runner": { "constant": { "times": 40, "concurrency": 20 } }, "hooks": [], "sla": { "failure_rate": { "max": 0 } } } ] }
2020-04-27 12:20:30.650 15 RALLYDEBUG rally_openstack.contexts.keystone.users [-] Creating 1 tenants using 20 threads
2020-04-27 12:20:31.155 15 RALLYDEBUG rally_openstack.contexts.keystone.users [-] Creating 1 users using 20 threads
2020-04-27 12:20:31.722 15 INFO rally.task.context [-] Task 634ce557-483a-4e86-9be1-c2154884c441 | Context users@openstack setup() finished in 1.07 sec
2020-04-27 12:20:32.022 15 INFO rally.task.context [-] Task 634ce557-483a-4e86-9be1-c2154884c441 | Context quotas@openstack setup() finished in 0.30 sec
2020-04-27 12:20:32.022 15 INFO rally.task.context [-] Task 634ce557-483a-4e86-9be1-c2154884c441 | Context cleanup@openstack setup() finished in 0.02 msec
2020-04-27 12:20:32.030 15 RALLYDEBUG rally.task.runner [-] Starting the constant runner (task UUID: 634ce557-483a-4e86-9be1-c2154884c441). timeout: 0 concurrency: 20 concurrency_per_worker: 1 times: 40 concurrency_overhead: 0 processes_to_start: 20 max_cpu_used: 88
2020-04-27 12:20:32.044 2671 RALLYDEBUG rally.task.runner [-] Starting a worker. concurrency: 1 args: {"network_create_args": null, "subnet_create_args": null, "subnet_cidr_start": "1.1.0.0/30", "subnets_per_network": 2, "router_create_args": null} times: 40 method_name: run timeout: 0 duration: None cls:
2020-04-27 12:20:32.047 2672 RALLYDEBUG rally.task.runner [-] Starting a worker. concurrency: 1 args: {"network_create_args": null, "subnet_create_args": null, "subnet_cidr_start": "1.1.0.0/30", "subnets_per_network": 2, "router_create_args": null} times: 40 method_name: run timeout: 0 duration: None cls:
2020-04-27 12:20:32.050 2671 INFO rally.task.runner [-] Task 634ce557-483a-4e86-9be1-c2154884c441 | ITER: 1 START
2020-04-27 12:20:32.050 2673 RALLYDEBUG rally.task.runner [-] Starting a worker. concurrency: 1 args: {"network_create_args": null, "subnet_create_args": null, "subnet_cidr_start": "1.1.0.0/30", "subnets_per_network": 2, "router_create_args": null} times: 40 method_name: run timeout: 0 duration: None cls:
2020-04-27 12:20:32.053 2674 RALLYDEBUG rally.task.runner [-] Starting a worker. concurrency: 1 args: {"network_create_args": null, "subnet_create_args": null, "subnet_cidr_start": "1.1.0.0/30", "subnets_per_network": 2, "router_create_args": null} times: 40 method_name: run timeout: 0 duration: None cls:
2020-04-27 12:20:32.056 2673 INFO rally.task.runner [-] Task 634ce557-483a-4e86-9be1-c2154884c441 | ITER: 3 START
2020-04-27 12:20:32.056 2672 INFO rally.task.runner [-] Task 634ce557-483a-4e86-9be1-c2154884c441 | ITER: 2 START
2020-04-27 12:20:32.056 2675 RALLYDEBUG rally.task.runner [-] Starting a worker. concurrency: 1 args: {"network_create_args": null, "subnet_create_args": null, "subnet_cidr_start": "1.1.0.0/30", "subnets_per_network": 2, "router_create_args": null} times: 40 method_name: run timeout: 0 duration: None cls:
2020-04-27 12:20:32.059 2674 INFO rally.task.runner [-] Task 634ce557-483a-4e86-9be1-c2154884c441 | ITER: 4 START
2020-04-27 12:20:32.059 2678 RALLYDEBUG rally.task.runner [-] Starting a worker. concurrency: 1 args: {"network_create_args": null, "subnet_create_args": null, "subnet_cidr_start": "1.1.0.0/30", "subnets_per_network": 2, "router_create_args": null} times: 40 method_name: run timeout: 0 duration: None cls:
2020-04-27 12:20:32.061 2675 INFO rally.task.runner [-] Task 634ce557-483a-4e86-9be1-c2154884c441 | ITER: 5 START
2020-04-27 12:20:32.064 2683 RALLYDEBUG rally.task.runner [-] Starting a worker. concurrency: 1 args: {"network_create_args": null, "subnet_create_args": null, "subnet_cidr_start": "1.1.0.0/30", "subnets_per_network": 2, "router_create_args": null} times: 40 method_name: run timeout: 0 duration: None cls:
2020-04-27 12:20:32.068 2678 INFO rally.task.runner [-] Task 634ce557-483a-4e86-9be1-c2154884c441 | ITER: 6 START
2020-04-27 12:20:32.067 2686 RALLYDEBUG rally.task.runner [-] Starting a worker. concurrency: 1 args: {"network_create_args": null, "subnet_create_args": null, "subnet_cidr_start": "1.1.0.0/30", "subnets_per_network": 2, "router_create_args": null} times: 40 method_name: run timeout: 0 duration: None cls:
2020-04-27 12:20:32.073 2683 INFO rally.task.runner [-] Task 634ce557-483a-4e86-9be1-c2154884c441 | ITER: 7 START
2020-04-27 12:20:32.073 2686 INFO rally.task.runner [-] Task 634ce557-483a-4e86-9be1-c2154884c441 | ITER: 8 START
2020-04-27 12:20:32.075 2692 RALLYDEBUG rally.task.runner [-] Starting a worker. concurrency: 1 args: {"network_create_args": null, "subnet_create_args": null, "subnet_cidr_start": "1.1.0.0/30", "subnets_per_network": 2, "router_create_args": null} times: 40 method_name: run timeout: 0 duration: None cls:
2020-04-27 12:20:32.076 2690 RALLYDEBUG rally.task.runner [-] Starting a worker. concurrency: 1 args: {"network_create_args": null, "subnet_create_args": null, "subnet_cidr_start": "1.1.0.0/30", "subnets_per_network": 2, "router_create_args": null} times: 40 method_name: run timeout: 0 duration: None cls:
2020-04-27 12:20:32.077 2694 RALLYDEBUG rally.task.runner [-] Starting a worker. concurrency: 1 args: {"network_create_args": null, "subnet_create_args": null, "subnet_cidr_start": "1.1.0.0/30", "subnets_per_network": 2, "router_create_args": null} times: 40 method_name: run timeout: 0 duration: None cls:
2020-04-27 12:20:32.082 2690 INFO rally.task.runner [-] Task 634ce557-483a-4e86-9be1-c2154884c441 | ITER: 10 START
2020-04-27 12:20:32.085 2699 RALLYDEBUG rally.task.runner [-] Starting a worker. concurrency: 1 args: {"network_create_args": null, "subnet_create_args": null, "subnet_cidr_start": "1.1.0.0/30", "subnets_per_network": 2, "router_create_args": null} times: 40 method_name: run timeout: 0 duration: None cls:
2020-04-27 12:20:32.088 2703 RALLYDEBUG rally.task.runner [-] Starting a worker. concurrency: 1 args: {"network_create_args": null, "subnet_create_args": null, "subnet_cidr_start": "1.1.0.0/30", "subnets_per_network": 2, "router_create_args": null} times: 40 method_name: run timeout: 0 duration: None cls:
2020-04-27 12:20:32.089 2694 INFO rally.task.runner [-] Task 634ce557-483a-4e86-9be1-c2154884c441 | ITER: 11 START
2020-04-27 12:20:32.089 2692 INFO rally.task.runner [-] Task 634ce557-483a-4e86-9be1-c2154884c441 | ITER: 9 START
2020-04-27 12:20:32.088 2698 RALLYDEBUG rally.task.runner [-] Starting a worker. concurrency: 1 args: {"network_create_args": null, "subnet_create_args": null, "subnet_cidr_start": "1.1.0.0/30", "subnets_per_network": 2, "router_create_args": null} times: 40 method_name: run timeout: 0 duration: None cls:
2020-04-27 12:20:32.090 2705 RALLYDEBUG rally.task.runner [-] Starting a worker. concurrency: 1 args: {"network_create_args": null, "subnet_create_args": null, "subnet_cidr_start": "1.1.0.0/30", "subnets_per_network": 2, "router_create_args": null} times: 40 method_name: run timeout: 0 duration: None cls:
2020-04-27 12:20:32.093 2699 INFO rally.task.runner [-] Task 634ce557-483a-4e86-9be1-c2154884c441 | ITER: 12 START
2020-04-27 12:20:32.093 2703 INFO rally.task.runner [-] Task 634ce557-483a-4e86-9be1-c2154884c441 | ITER: 13 START
2020-04-27 12:20:32.094 2698 INFO rally.task.runner [-] Task 634ce557-483a-4e86-9be1-c2154884c441 | ITER: 14 START
2020-04-27 12:20:32.094 2706 RALLYDEBUG rally.task.runner [-] Starting a worker. concurrency: 1 args: {"network_create_args": null, "subnet_create_args": null, "subnet_cidr_start": "1.1.0.0/30", "subnets_per_network": 2, "router_create_args": null} times: 40 method_name: run timeout: 0 duration: None cls:
2020-04-27 12:20:32.095 2705 INFO rally.task.runner [-] Task 634ce557-483a-4e86-9be1-c2154884c441 | ITER: 15 START
2020-04-27 12:20:32.098 2709 RALLYDEBUG rally.task.runner [-] Starting a worker. concurrency: 1 args: {"network_create_args": null, "subnet_create_args": null, "subnet_cidr_start": "1.1.0.0/30", "subnets_per_network": 2, "router_create_args": null} times: 40 method_name: run timeout: 0 duration: None cls:
2020-04-27 12:20:32.099 2706 INFO rally.task.runner [-] Task 634ce557-483a-4e86-9be1-c2154884c441 | ITER: 16 START
2020-04-27 12:20:32.100 2716 RALLYDEBUG rally.task.runner [-] Starting a worker. concurrency: 1 args: {"network_create_args": null, "subnet_create_args": null, "subnet_cidr_start": "1.1.0.0/30", "subnets_per_network": 2, "router_create_args": null} times: 40 method_name: run timeout: 0 duration: None cls:
2020-04-27 12:20:32.103 2719 RALLYDEBUG rally.task.runner [-] Starting a worker. concurrency: 1 args: {"network_create_args": null, "subnet_create_args": null, "subnet_cidr_start": "1.1.0.0/30", "subnets_per_network": 2, "router_create_args": null} times: 40 method_name: run timeout: 0 duration: None cls:
2020-04-27 12:20:32.105 2716 INFO rally.task.runner [-] Task 634ce557-483a-4e86-9be1-c2154884c441 | ITER: 18 START
