2020-04-27 12:04:35.602 6 RALLYDEBUG rally.api [-] INFO logs from urllib3 and requests module are hide.
2020-04-27 12:04:35.602 6 RALLYDEBUG rally.api [-] urllib3 insecure warnings are hidden.
2020-04-27 12:04:35.602 6 RALLYDEBUG rally.api [-] ERROR log from boto module is hide.
2020-04-27 12:04:36.942 6 ERROR rally.cli.cliutils [-] Unexpected exception in CLI: DBRecordNotFound: Record for uuid or name is opnfv-rally not found in table envs
2020-04-27 12:04:36.942 6 ERROR rally.cli.cliutils
Traceback (most recent call last):
2020-04-27 12:04:36.942 6 ERROR rally.cli.cliutils
File "/usr/lib/python2.7/site-packages/rally/cli/cliutils.py", line 674, in run
2020-04-27 12:04:36.942 6 ERROR rally.cli.cliutils ret = fn(*fn_args, **fn_kwargs)
2020-04-27 12:04:36.942 6 ERROR rally.cli.cliutils File "", line 2, in destroy
2020-04-27 12:04:36.942 6 ERROR rally.cli.cliutils
File "/usr/lib/python2.7/site-packages/rally/cli/envutils.py", line 68, in default_from_global
2020-04-27 12:04:36.942 6 ERROR rally.cli.cliutils return f(*args, **kwargs)
2020-04-27 12:04:36.942 6 ERROR rally.cli.cliutils File "", line 2, in destroy
2020-04-27 12:04:36.942 6 ERROR rally.cli.cliutils
File "/usr/lib/python2.7/site-packages/rally/plugins/__init__.py", line 51, in ensure_plugins_are_loaded
2020-04-27 12:04:36.942 6 ERROR rally.cli.cliutils return f(*args, **kwargs)
2020-04-27 12:04:36.942 6 ERROR rally.cli.cliutils
File "/usr/lib/python2.7/site-packages/rally/cli/commands/deployment.py", line 157, in destroy
2020-04-27 12:04:36.942 6 ERROR rally.cli.cliutils api.deployment.destroy(deployment=deployment)
2020-04-27 12:04:36.942 6 ERROR rally.cli.cliutils
File "/usr/lib/python2.7/site-packages/rally/api.py", line 115, in destroy
2020-04-27 12:04:36.942 6 ERROR rally.cli.cliutils deploy = objects.Deployment.get(deployment)
2020-04-27 12:04:36.942 6 ERROR rally.cli.cliutils
File "/usr/lib/python2.7/site-packages/rally/common/objects/deploy.py", line 124, in get
2020-04-27 12:04:36.942 6 ERROR rally.cli.cliutils return Deployment(env_mgr.EnvManager.get(deploy))
2020-04-27 12:04:36.942 6 ERROR rally.cli.cliutils
File "/usr/lib/python2.7/site-packages/rally/env/env_mgr.py", line 212, in get
2020-04-27 12:04:36.942 6 ERROR rally.cli.cliutils return cls(db.env_get(uuid_or_name))
2020-04-27 12:04:36.942 6 ERROR rally.cli.cliutils
File "/usr/lib/python2.7/site-packages/rally/common/db/api.py", line 135, in wrapper
2020-04-27 12:04:36.942 6 ERROR rally.cli.cliutils result = f(session, *args, **kwargs)
2020-04-27 12:04:36.942 6 ERROR rally.cli.cliutils
File "/usr/lib/python2.7/site-packages/rally/common/db/api.py", line 521, in env_get
2020-04-27 12:04:36.942 6 ERROR rally.cli.cliutils criteria="uuid or name is %s" % uuid_or_name, table="envs")
2020-04-27 12:04:36.942 6 ERROR rally.cli.cliutils DBRecordNotFound: Record for uuid or name is opnfv-rally not found in table envs
2020-04-27 12:04:36.942 6 ERROR rally.cli.cliutils
2020-04-27 12:04:37.849 8 RALLYDEBUG rally.api [-] INFO logs from urllib3 and requests module are hide.
2020-04-27 12:04:37.849 8 RALLYDEBUG rally.api [-] urllib3 insecure warnings are hidden.
2020-04-27 12:04:37.849 8 RALLYDEBUG rally.api [-] ERROR log from boto module is hide.
2020-04-27 12:04:40.003 10 RALLYDEBUG rally.api [-] INFO logs from urllib3 and requests module are hide.
2020-04-27 12:04:40.003 10 RALLYDEBUG rally.api [-] urllib3 insecure warnings are hidden.
2020-04-27 12:04:40.004 10 RALLYDEBUG rally.api [-] ERROR log from boto module is hide.
2020-04-27 12:04:42.896 13 RALLYDEBUG rally.api [-] INFO logs from urllib3 and requests module are hide.
2020-04-27 12:04:42.897 13 RALLYDEBUG rally.api [-] urllib3 insecure warnings are hidden.
2020-04-27 12:04:42.897 13 RALLYDEBUG rally.api [-] ERROR log from boto module is hide.
2020-04-27 12:04:44.352 15 RALLYDEBUG rally.api [-] INFO logs from urllib3 and requests module are hide.
2020-04-27 12:04:44.352 15 RALLYDEBUG rally.api [-] urllib3 insecure warnings are hidden.
2020-04-27 12:04:44.352 15 RALLYDEBUG rally.api [-] ERROR log from boto module is hide.
2020-04-27 12:04:45.423 15 INFO rally.common.plugin.discover [-] Loading plugins from directories /root/.rally/plugins/*
2020-04-27 12:04:45.424 15 INFO rally.common.plugin.discover [-] Loaded module with plugins: /root/.rally/plugins/__init__.py
2020-04-27 12:04:45.426 15 INFO rally.common.plugin.discover [-] Loaded module with plugins: /root/.rally/plugins/trunk_scenario.py
2020-04-27 12:04:45.632 15 INFO rally.task.engine [-] Task 634ce557-483a-4e86-9be1-c2154884c441 | Starting: Task validation.
2020-04-27 12:04:45.639 15 INFO rally.task.engine [-] Task 634ce557-483a-4e86-9be1-c2154884c441 | Starting: Task validation of syntax.
2020-04-27 12:04:45.853 15 INFO rally.task.engine [-] Task 634ce557-483a-4e86-9be1-c2154884c441 | Completed: Task validation of syntax.
2020-04-27 12:04:45.853 15 INFO rally.task.engine [-] Task 634ce557-483a-4e86-9be1-c2154884c441 | Starting: Task validation of required platforms.
2020-04-27 12:04:45.946 15 INFO rally.task.engine [-] Task 634ce557-483a-4e86-9be1-c2154884c441 | Completed: Task validation of required platforms.
2020-04-27 12:04:45.946 15 INFO rally.task.engine [-] Task 634ce557-483a-4e86-9be1-c2154884c441 | Starting: Task validation of semantic.
2020-04-27 12:04:45.946 15 INFO rally.task.engine [-] Check health of the environment 'de6fbcd8-7500-49e4-839f-70c2f4257891'.
2020-04-27 12:04:46.450 15 INFO rally.task.engine [-] Platform existing@openstack (available: True): OK!
2020-04-27 12:04:46.468 15 RALLYDEBUG rally_openstack.contexts.keystone.users [-] Creating 1 tenants using 20 threads
2020-04-27 12:04:46.805 15 RALLYDEBUG rally_openstack.contexts.keystone.users [-] Creating 1 users using 20 threads
2020-04-27 12:04:47.432 15 INFO rally.task.context [-] Task 634ce557-483a-4e86-9be1-c2154884c441 | Context users@openstack setup() finished in 0.96 sec
2020-04-27 12:04:48.503 15 INFO rally.task.context [-] Task 634ce557-483a-4e86-9be1-c2154884c441 | Context users@openstack cleanup() started
2020-04-27 12:04:50.180 15 INFO rally.task.context [-] Task 634ce557-483a-4e86-9be1-c2154884c441 | Context users@openstack cleanup() finished in 1.68 sec
2020-04-27 12:04:50.180 15 INFO rally.task.engine [-] Task 634ce557-483a-4e86-9be1-c2154884c441 | Completed: Task validation of semantic.
2020-04-27 12:04:50.180 15 INFO rally.task.engine [-] Task 634ce557-483a-4e86-9be1-c2154884c441 | Completed: Task validation.
2020-04-27 12:04:50.181 15 INFO rally.api [-] Task 634ce557-483a-4e86-9be1-c2154884c441 input file is valid.
2020-04-27 12:04:50.181 15 INFO rally.api [-] Run Task 634ce557-483a-4e86-9be1-c2154884c441 against Deployment de6fbcd8-7500-49e4-839f-70c2f4257891
2020-04-27 12:04:50.181 15 INFO rally.task.engine [-] Task 634ce557-483a-4e86-9be1-c2154884c441 | Starting: Running task.
2020-04-27 12:04:50.220 15 INFO rally.task.engine [-] Running workload: position = 0 config = { "version": 2, "title": "A cropped version of a bigger task.", "description": "Auto-generated task from a single workload (uuid=92eba9c6-2aff-4a49-b52d-983e38929970)", "subtasks": [ { "title": "NeutronNetworks.create_and_list_networks", "description": "Check performance of list_networks action and ensure > network quotas are not exceeded", "scenario": { "NeutronNetworks.create_and_list_networks": {} }, "contexts": { "users": { "tenants": 1, "users_per_tenant": 1 }, "quotas": { "neutron": { "network": 119 } } }, "runner": { "constant": { "times": 100, "concurrency": 20 } }, "hooks": [], "sla": { "max_avg_duration_per_atomic": { "neutron.list_networks": 15 }, "failure_rate": { "max": 0 } } } ] }
2020-04-27 12:04:50.240 15 RALLYDEBUG rally_openstack.contexts.keystone.users [-] Creating 1 tenants using 20 threads
2020-04-27 12:04:50.693 15 RALLYDEBUG rally_openstack.contexts.keystone.users [-] Creating 1 users using 20 threads
2020-04-27 12:04:51.446 15 INFO rally.task.context [-] Task 634ce557-483a-4e86-9be1-c2154884c441 | Context users@openstack setup() finished in 1.21 sec
2020-04-27 12:04:51.867 15 INFO rally.task.context [-] Task 634ce557-483a-4e86-9be1-c2154884c441 | Context quotas@openstack setup() finished in 0.42 sec
2020-04-27 12:04:51.868 15 INFO rally.task.context [-] Task 634ce557-483a-4e86-9be1-c2154884c441 | Context cleanup@openstack setup() finished in 0.03 msec
2020-04-27 12:04:51.876 15 RALLYDEBUG rally.task.runner [-] Starting the constant runner (task UUID: 634ce557-483a-4e86-9be1-c2154884c441). timeout: 0 concurrency: 20 concurrency_per_worker: 1 times: 100 concurrency_overhead: 0 processes_to_start: 20 max_cpu_used: 88
2020-04-27 12:04:51.890 139 RALLYDEBUG rally.task.runner [-] Starting a worker. concurrency: 1 args: {} times: 100 method_name: run timeout: 0 duration: None cls:
2020-04-27 12:04:51.892 140 RALLYDEBUG rally.task.runner [-] Starting a worker. concurrency: 1 args: {} times: 100 method_name: run timeout: 0 duration: None cls:
2020-04-27 12:04:51.895 139 INFO rally.task.runner [-] Task 634ce557-483a-4e86-9be1-c2154884c441 | ITER: 1 START
2020-04-27 12:04:51.895 141 RALLYDEBUG rally.task.runner [-] Starting a worker. concurrency: 1 args: {} times: 100 method_name: run timeout: 0 duration: None cls:
2020-04-27 12:04:51.897 140 INFO rally.task.runner [-] Task 634ce557-483a-4e86-9be1-c2154884c441 | ITER: 2 START
2020-04-27 12:04:51.898 142 RALLYDEBUG rally.task.runner [-] Starting a worker. concurrency: 1 args: {} times: 100 method_name: run timeout: 0 duration: None cls:
2020-04-27 12:04:51.900 141 INFO rally.task.runner [-] Task 634ce557-483a-4e86-9be1-c2154884c441 | ITER: 3 START
2020-04-27 12:04:51.901 145 RALLYDEBUG rally.task.runner [-] Starting a worker. concurrency: 1 args: {} times: 100 method_name: run timeout: 0 duration: None cls:
2020-04-27 12:04:51.903 142 INFO rally.task.runner [-] Task 634ce557-483a-4e86-9be1-c2154884c441 | ITER: 4 START
2020-04-27 12:04:51.903 148 RALLYDEBUG rally.task.runner [-] Starting a worker. concurrency: 1 args: {} times: 100 method_name: run timeout: 0 duration: None cls:
2020-04-27 12:04:51.906 145 INFO rally.task.runner [-] Task 634ce557-483a-4e86-9be1-c2154884c441 | ITER: 5 START
2020-04-27 12:04:51.907 151 RALLYDEBUG rally.task.runner [-] Starting a worker. concurrency: 1 args: {} times: 100 method_name: run timeout: 0 duration: None cls:
2020-04-27 12:04:51.908 148 INFO rally.task.runner [-] Task 634ce557-483a-4e86-9be1-c2154884c441 | ITER: 6 START
2020-04-27 12:04:51.910 154 RALLYDEBUG rally.task.runner [-] Starting a worker. concurrency: 1 args: {} times: 100 method_name: run timeout: 0 duration: None cls:
2020-04-27 12:04:51.911 151 INFO rally.task.runner [-] Task 634ce557-483a-4e86-9be1-c2154884c441 | ITER: 7 START
2020-04-27 12:04:51.913 158 RALLYDEBUG rally.task.runner [-] Starting a worker. concurrency: 1 args: {} times: 100 method_name: run timeout: 0 duration: None cls:
2020-04-27 12:04:51.916 160 RALLYDEBUG rally.task.runner [-] Starting a worker. concurrency: 1 args: {} times: 100 method_name: run timeout: 0 duration: None cls:
2020-04-27 12:04:51.917 154 INFO rally.task.runner [-] Task 634ce557-483a-4e86-9be1-c2154884c441 | ITER: 8 START
2020-04-27 12:04:51.918 158 INFO rally.task.runner [-] Task 634ce557-483a-4e86-9be1-c2154884c441 | ITER: 9 START
2020-04-27 12:04:51.919 163 RALLYDEBUG rally.task.runner [-] Starting a worker. concurrency: 1 args: {} times: 100 method_name: run timeout: 0 duration: None cls:
2020-04-27 12:04:51.921 160 INFO rally.task.runner [-] Task 634ce557-483a-4e86-9be1-c2154884c441 | ITER: 10 START
2020-04-27 12:04:51.922 166 RALLYDEBUG rally.task.runner [-] Starting a worker. concurrency: 1 args: {} times: 100 method_name: run timeout: 0 duration: None cls:
2020-04-27 12:04:51.924 163 INFO rally.task.runner [-] Task 634ce557-483a-4e86-9be1-c2154884c441 | ITER: 11 START
2020-04-27 12:04:51.924 169 RALLYDEBUG rally.task.runner [-] Starting a worker. concurrency: 1 args: {} times: 100 method_name: run timeout: 0 duration: None cls:
2020-04-27 12:04:51.927 166 INFO rally.task.runner [-] Task 634ce557-483a-4e86-9be1-c2154884c441 | ITER: 12 START
2020-04-27 12:04:51.930 169 INFO rally.task.runner [-] Task 634ce557-483a-4e86-9be1-c2154884c441 | ITER: 13 START
2020-04-27 12:04:51.932 172 RALLYDEBUG rally.task.runner [-] Starting a worker. concurrency: 1 args: {} times: 100 method_name: run timeout: 0 duration: None cls:
2020-04-27 12:04:51.933 175 RALLYDEBUG rally.task.runner [-] Starting a worker. concurrency: 1 args: {} times: 100 method_name: run timeout: 0 duration: None cls:
2020-04-27 12:04:51.935 178 RALLYDEBUG rally.task.runner [-] Starting a worker. concurrency: 1 args: {} times: 100 method_name: run timeout: 0 duration: None cls:
2020-04-27 12:04:51.938 175 INFO rally.task.runner [-] Task 634ce557-483a-4e86-9be1-c2154884c441 | ITER: 15 START
2020-04-27 12:04:51.942 185 RALLYDEBUG rally.task.runner [-] Starting a worker. concurrency: 1 args: {} times: 100 method_name: run timeout: 0 duration: None cls:
2020-04-27 12:04:51.943 181 RALLYDEBUG rally.task.runner [-] Starting a worker. concurrency: 1 args: {} times: 100 method_name: run timeout: 0 duration: None cls:
2020-04-27 12:04:51.949 172 INFO rally.task.runner [-] Task 634ce557-483a-4e86-9be1-c2154884c441 | ITER: 14 START
2020-04-27 12:04:51.949 185 INFO rally.task.runner [-] Task 634ce557-483a-4e86-9be1-c2154884c441 | ITER: 17 START
2020-04-27 12:04:51.947 178 INFO rally.task.runner [-] Task 634ce557-483a-4e86-9be1-c2154884c441 | ITER: 16 START
2020-04-27 12:04:51.951 181 INFO rally.task.runner [-] Task 634ce557-483a-4e86-9be1-c2154884c441 | ITER: 18 START
2020-04-27 12:04:51.952 183 RALLYDEBUG rally.task.runner [-] Starting a worker. concurrency: 1 args: {} times: 100 method_name: run timeout: 0 duration: None cls:
2020-04-27 12:04:51.953 182 RALLYDEBUG rally.task.runner [-] Starting a worker. concurrency: 1 args: {} times: 100 method_name: run timeout: 0 duration: None cls:
2020-04-27 12:04:51.958 183 INFO rally.task.runner [-] Task 634ce557-483a-4e86-9be1-c2154884c441 | ITER: 19 START
2020-04-27 12:04:51.960 182 INFO rally.task.runner [-] Task 634ce557-483a-4e86-9be1-c2154884c441 | ITER: 20 START
2020-04-27 12:04:55.496 140 INFO rally.task.runner [-] Task 634ce557-483a-4e86-9be1-c2154884c441 | ITER: 2 END: OK
2020-04-27 12:04:55.500 140 INFO rally.task.runner [-] Task 634ce557-483a-4e86-9be1-c2154884c441 | ITER: 21 START
2020-04-27 12:04:55.597 151 INFO rally.task.runner [-] Task 634ce557-483a-4e86-9be1-c2154884c441 | ITER: 7 END: OK
2020-04-27 12:04:55.600 151 INFO rally.task.runner [-] Task 634ce557-483a-4e86-9be1-c2154884c441 | ITER: 22 START
2020-04-27 12:04:55.750 148 INFO rally.task.runner [-] Task 634ce557-483a-4e86-9be1-c2154884c441 | ITER: 6 END: OK
2020-04-27 12:04:55.753 148 INFO rally.task.runner [-] Task 634ce557-483a-4e86-9be1-c2154884c441 | ITER: 23 START
2020-04-27 12:04:55.985 158 INFO rally.task.runner [-] Task 634ce557-483a-4e86-9be1-c2154884c441 | ITER: 9 END: OK
2020-04-27 12:04:55.988 158 INFO rally.task.runner [-] Task 634ce557-483a-4e86-9be1-c2154884c441 | ITER: 24 START
2020-04-27 12:04:56.012 145 INFO rally.task.runner [-] Task 634ce557-483a-4e86-9be1-c2154884c441 | ITER: 5 END: OK
2020-04-27 12:04:56.012 163 INFO rally.task.runner [-] Task 634ce557-483a-4e86-9be1-c2154884c441 | ITER: 11 END: OK
2020-04-27 12:04:56.015 145 INFO rally.task.runner [-] Task 634ce557-483a-4e86-9be1-c2154884c441 | ITER: 25 START
2020-04-27 12:04:56.018 163 INFO rally.task.runner [-] Task 634ce557-483a-4e86-9be1-c2154884c441 | ITER: 26 START
2020-04-27 12:04:56.066 175 INFO rally.task.runner [-] Task 634ce557-483a-4e86-9be1-c2154884c441 | ITER: 15 END: OK
2020-04-27 12:04:56.069 175 INFO rally.task.runner [-] Task 634ce557-483a-4e86-9be1-c2154884c441 | ITER: 27 START
2020-04-27 12:04:56.239 142 INFO rally.task.runner [-] Task 634ce557-483a-4e86-9be1-c2154884c441 | ITER: 4 END: OK
2020-04-27 12:04:56.242 142 INFO rally.task.runner [-] Task 634ce557-483a-4e86-9be1-c2154884c441 | ITER: 28 START
2020-04-27 12:04:56.255 166 INFO rally.task.runner [-] Task 634ce557-483a-4e86-9be1-c2154884c441 | ITER: 12 END: OK
2020-04-27 12:04:56.258 166 INFO rally.task.runner [-] Task 634ce557-483a-4e86-9be1-c2154884c441 | ITER: 29 START
2020-04-27 12:04:56.272 172 INFO rally.task.runner [-] Task 634ce557-483a-4e86-9be1-c2154884c441 | ITER: 14 END: OK
2020-04-27 12:04:56.275 172 INFO rally.task.runner [-] Task 634ce557-483a-4e86-9be1-c2154884c441 | ITER: 30 START
2020-04-27 12:04:56.310 185 INFO rally.task.runner [-] Task 634ce557-483a-4e86-9be1-c2154884c441 | ITER: 17 END: OK
2020-04-27 12:04:56.313 185 INFO rally.task.runner [-] Task 634ce557-483a-4e86-9be1-c2154884c441 | ITER: 31 START
2020-04-27 12:04:56.326 154 INFO rally.task.runner [-] Task 634ce557-483a-4e86-9be1-c2154884c441 | ITER: 8 END: OK
2020-04-27 12:04:56.329 154 INFO rally.task.runner [-] Task 634ce557-483a-4e86-9be1-c2154884c441 | ITER: 32 START
2020-04-27 12:04:56.593 160 INFO rally.task.runner [-] Task 634ce557-483a-4e86-9be1-c2154884c441 | ITER: 10 END: OK
2020-04-27 12:04:56.596 160 INFO rally.task.runner [-] Task 634ce557-483a-4e86-9be1-c2154884c441 | ITER: 33 START
2020-04-27 12:04:56.716 169 INFO rally.task.runner [-] Task 634ce557-483a-4e86-9be1-c2154884c441 | ITER: 13 END: OK
2020-04-27 12:04:56.720 169 INFO rally.task.runner [-] Task 634ce557-483a-4e86-9be1-c2154884c441 | ITER: 34 START
2020-04-27 12:04:56.743 139 INFO rally.task.runner [-] Task 634ce557-483a-4e86-9be1-c2154884c441 | ITER: 1 END: OK
2020-04-27 12:04:56.747 139 INFO rally.task.runner [-] Task 634ce557-483a-4e86-9be1-c2154884c441 | ITER: 35 START
2020-04-27 12:04:56.949 178 INFO rally.task.runner [-] Task 634ce557-483a-4e86-9be1-c2154884c441 | ITER: 16 END: OK
2020-04-27 12:04:56.953 178 INFO rally.task.runner [-] Task 634ce557-483a-4e86-9be1-c2154884c441 | ITER: 36 START
2020-04-27 12:04:56.994 181 INFO rally.task.runner [-] Task 634ce557-483a-4e86-9be1-c2154884c441 | ITER: 18 END: OK
2020-04-27 12:04:56.997 181 INFO rally.task.runner [-] Task 634ce557-483a-4e86-9be1-c2154884c441 | ITER: 37 START
2020-04-27 12:04:57.087 183 INFO rally.task.runner [-] Task 634ce557-483a-4e86-9be1-c2154884c441 | ITER: 19 END: OK
2020-04-27 12:04:57.091 183 INFO rally.task.runner [-] Task 634ce557-483a-4e86-9be1-c2154884c441 | ITER: 38 START
2020-04-27 12:04:57.128 141 INFO rally.task.runner [-] Task 634ce557-483a-4e86-9be1-c2154884c441 | ITER: 3 END: OK
2020-04-27 12:04:57.132 141 INFO rally.task.runner [-] Task 634ce557-483a-4e86-9be1-c2154884c441 | ITER: 39 START
2020-04-27 12:04:57.478 182 INFO rally.task.runner [-] Task 634ce557-483a-4e86-9be1-c2154884c441 | ITER: 20 END: OK
2020-04-27 12:04:57.482 182 INFO rally.task.runner [-] Task 634ce557-483a-4e86-9be1-c2154884c441 | ITER: 40 START
2020-04-27 12:05:02.793 140 INFO rally.task.runner [-] Task 634ce557-483a-4e86-9be1-c2154884c441 | ITER: 21 END: OK
2020-04-27 12:05:02.796 140 INFO rally.task.runner [-] Task 634ce557-483a-4e86-9be1-c2154884c441 | ITER: 41 START
2020-04-27 12:05:02.815 166 INFO rally.task.runner [-] Task 634ce557-483a-4e86-9be1-c2154884c441 | ITER: 29 END: OK
2020-04-27 12:05:02.818 166 INFO rally.task.runner [-] Task 634ce557-483a-4e86-9be1-c2154884c441 | ITER: 42 START
2020-04-27 12:05:02.979 185 INFO rally.task.runner [-] Task 634ce557-483a-4e86-9be1-c2154884c441 | ITER: 31 END: OK
2020-04-27 12:05:02.982 185 INFO rally.task.runner [-] Task 634ce557-483a-4e86-9be1-c2154884c441 | ITER: 43 START
2020-04-27 12:05:03.109 154 INFO rally.task.runner [-] Task 634ce557-483a-4e86-9be1-c2154884c441 | ITER: 32 END: OK
2020-04-27 12:05:03.112 154 INFO rally.task.runner [-] Task 634ce557-483a-4e86-9be1-c2154884c441 | ITER: 44 START
2020-04-27 12:05:03.169 142 INFO rally.task.runner [-] Task 634ce557-483a-4e86-9be1-c2154884c441 | ITER: 28 END: OK
2020-04-27 12:05:03.172 142 INFO rally.task.runner [-] Task 634ce557-483a-4e86-9be1-c2154884c441 | ITER: 45 START
2020-04-27 12:05:03.192 151 INFO rally.task.runner [-] Task 634ce557-483a-4e86-9be1-c2154884c441 | ITER: 22 END: OK
2020-04-27 12:05:03.195 151 INFO rally.task.runner [-] Task 634ce557-483a-4e86-9be1-c2154884c441 | ITER: 46 START
2020-04-27 12:05:03.210 158 INFO rally.task.runner [-] Task 634ce557-483a-4e86-9be1-c2154884c441 | ITER: 24 END: OK
2020-04-27 12:05:03.214 158 INFO rally.task.runner [-] Task 634ce557-483a-4e86-9be1-c2154884c441 | ITER: 47 START
2020-04-27 12:05:03.254 148 INFO rally.task.runner [-] Task 634ce557-483a-4e86-9be1-c2154884c441 | ITER: 23 END: OK
2020-04-27 12:05:03.257 148 INFO rally.task.runner [-] Task 634ce557-483a-4e86-9be1-c2154884c441 | ITER: 48 START
2020-04-27 12:05:03.262 141 INFO rally.task.runner [-] Task 634ce557-483a-4e86-9be1-c2154884c441 | ITER: 39 END: OK
2020-04-27 12:05:03.265 182 INFO rally.task.runner [-] Task 634ce557-483a-4e86-9be1-c2154884c441 | ITER: 40 END: OK
2020-04-27 12:05:03.265 141 INFO rally.task.runner [-] Task 634ce557-483a-4e86-9be1-c2154884c441 | ITER: 49 START
2020-04-27 12:05:03.269 182 INFO rally.task.runner [-] Task 634ce557-483a-4e86-9be1-c2154884c441 | ITER: 50 START
2020-04-27 12:05:03.299 145 INFO rally.task.runner [-] Task 634ce557-483a-4e86-9be1-c2154884c441 | ITER: 25 END: OK
2020-04-27 12:05:03.302 145 INFO rally.task.runner [-] Task 634ce557-483a-4e86-9be1-c2154884c441 | ITER: 51 START
2020-04-27 12:05:03.396 163 INFO rally.task.runner [-] Task 634ce557-483a-4e86-9be1-c2154884c441 | ITER: 26 END: OK
2020-04-27 12:05:03.399 163 INFO rally.task.runner [-] Task 634ce557-483a-4e86-9be1-c2154884c441 | ITER: 52 START
2020-04-27 12:05:03.407 175 INFO rally.task.runner [-] Task 634ce557-483a-4e86-9be1-c2154884c441 | ITER: 27 END: OK
2020-04-27 12:05:03.410 175 INFO rally.task.runner [-] Task 634ce557-483a-4e86-9be1-c2154884c441 | ITER: 53 START
2020-04-27 12:05:03.524 160 INFO rally.task.runner [-] Task 634ce557-483a-4e86-9be1-c2154884c441 | ITER: 33 END: OK
2020-04-27 12:05:03.526 160 INFO rally.task.runner [-] Task 634ce557-483a-4e86-9be1-c2154884c441 | ITER: 54 START
2020-04-27 12:05:04.742 169 INFO rally.task.runner [-] Task 634ce557-483a-4e86-9be1-c2154884c441 | ITER: 34 END: OK
2020-04-27 12:05:04.745 169 INFO rally.task.runner [-] Task 634ce557-483a-4e86-9be1-c2154884c441 | ITER: 55 START
2020-04-27 12:05:04.807 139 INFO rally.task.runner [-] Task 634ce557-483a-4e86-9be1-c2154884c441 | ITER: 35 END: OK
2020-04-27 12:05:04.810 139 INFO rally.task.runner [-] Task 634ce557-483a-4e86-9be1-c2154884c441 | ITER: 56 START
2020-04-27 12:05:05.114 178 INFO rally.task.runner [-] Task 634ce557-483a-4e86-9be1-c2154884c441 | ITER: 36 END: OK
2020-04-27 12:05:05.118 178 INFO rally.task.runner [-] Task 634ce557-483a-4e86-9be1-c2154884c441 | ITER: 57 START
2020-04-27 12:05:05.530 181 INFO rally.task.runner [-] Task 634ce557-483a-4e86-9be1-c2154884c441 | ITER: 37 END: OK
2020-04-27 12:05:05.533 181 INFO rally.task.runner [-] Task 634ce557-483a-4e86-9be1-c2154884c441 | ITER: 58 START
2020-04-27 12:05:05.755 183 INFO rally.task.runner [-] Task 634ce557-483a-4e86-9be1-c2154884c441 | ITER: 38 END: OK
2020-04-27 12:05:05.759 183 INFO rally.task.runner [-] Task 634ce557-483a-4e86-9be1-c2154884c441 | ITER: 59 START
2020-04-27 12:05:05.851 172 INFO rally.task.runner [-] Task 634ce557-483a-4e86-9be1-c2154884c441 | ITER: 30 END: OK
2020-04-27 12:05:05.853 172 INFO rally.task.runner [-] Task 634ce557-483a-4e86-9be1-c2154884c441 | ITER: 60 START
2020-04-27 12:05:06.064 140 INFO rally.task.runner [-] Task 634ce557-483a-4e86-9be1-c2154884c441 | ITER: 41 END: OK
2020-04-27 12:05:06.068 140 INFO rally.task.runner [-] Task 634ce557-483a-4e86-9be1-c2154884c441 | ITER: 61 START
2020-04-27 12:05:06.144 166 INFO rally.task.runner [-] Task 634ce557-483a-4e86-9be1-c2154884c441 | ITER: 42 END: OK
2020-04-27 12:05:06.147 166 INFO rally.task.runner [-] Task 634ce557-483a-4e86-9be1-c2154884c441 | ITER: 62 START
2020-04-27 12:05:08.783 154 INFO rally.task.runner [-] Task 634ce557-483a-4e86-9be1-c2154884c441 | ITER: 44 END: OK
2020-04-27 12:05:08.787 154 INFO rally.task.runner [-] Task 634ce557-483a-4e86-9be1-c2154884c441 | ITER: 63 START
2020-04-27 12:05:08.919 142 INFO rally.task.runner [-] Task 634ce557-483a-4e86-9be1-c2154884c441 | ITER: 45 END: OK
2020-04-27 12:05:08.922 142 INFO rally.task.runner [-] Task 634ce557-483a-4e86-9be1-c2154884c441 | ITER: 64 START
2020-04-27 12:05:09.081 151 INFO rally.task.runner [-] Task 634ce557-483a-4e86-9be1-c2154884c441 | ITER: 46 END: OK
2020-04-27 12:05:09.085 151 INFO rally.task.runner [-] Task 634ce557-483a-4e86-9be1-c2154884c441 | ITER: 65 START
2020-04-27 12:05:09.237 182 INFO rally.task.runner [-] Task 634ce557-483a-4e86-9be1-c2154884c441 | ITER: 50 END: OK
2020-04-27 12:05:09.240 182 INFO rally.task.runner [-] Task 634ce557-483a-4e86-9be1-c2154884c441 | ITER: 66 START
2020-04-27 12:05:09.285 172 INFO rally.task.runner [-] Task 634ce557-483a-4e86-9be1-c2154884c441 | ITER: 60 END: OK
2020-04-27 12:05:09.289 172 INFO rally.task.runner [-] Task 634ce557-483a-4e86-9be1-c2154884c441 | ITER: 67 START
2020-04-27 12:05:09.507 140 INFO rally.task.runner [-] Task 634ce557-483a-4e86-9be1-c2154884c441 | ITER: 61 END: OK
2020-04-27 12:05:09.510 140 INFO rally.task.runner [-] Task 634ce557-483a-4e86-9be1-c2154884c441 | ITER: 68 START
2020-04-27 12:05:09.516 185 INFO rally.task.runner [-] Task 634ce557-483a-4e86-9be1-c2154884c441 | ITER: 43 END: OK
2020-04-27 12:05:09.516 178 INFO rally.task.runner [-] Task 634ce557-483a-4e86-9be1-c2154884c441 | ITER: 57 END: OK
2020-04-27 12:05:09.519 185 INFO rally.task.runner [-] Task 634ce557-483a-4e86-9be1-c2154884c441 | ITER: 69 START
2020-04-27 12:05:09.519 178 INFO rally.task.runner [-] Task 634ce557-483a-4e86-9be1-c2154884c441 | ITER: 70 START
2020-04-27 12:05:10.193 160 INFO rally.task.runner [-] Task 634ce557-483a-4e86-9be1-c2154884c441 | ITER: 54 END: OK
2020-04-27 12:05:10.196 160 INFO rally.task.runner [-] Task 634ce557-483a-4e86-9be1-c2154884c441 | ITER: 71 START
2020-04-27 12:05:10.373 145 INFO rally.task.runner [-] Task 634ce557-483a-4e86-9be1-c2154884c441 | ITER: 51 END: OK
2020-04-27 12:05:10.376 145 INFO rally.task.runner [-] Task 634ce557-483a-4e86-9be1-c2154884c441 | ITER: 72 START
2020-04-27 12:05:10.385 163 INFO rally.task.runner [-] Task 634ce557-483a-4e86-9be1-c2154884c441 | ITER: 52 END: OK
2020-04-27 12:05:10.388 163 INFO rally.task.runner [-] Task 634ce557-483a-4e86-9be1-c2154884c441 | ITER: 73 START
2020-04-27 12:05:13.895 175 INFO rally.task.runner [-] Task 634ce557-483a-4e86-9be1-c2154884c441 | ITER: 53 END: OK
2020-04-27 12:05:13.899 175 INFO rally.task.runner [-] Task 634ce557-483a-4e86-9be1-c2154884c441 | ITER: 74 START
2020-04-27 12:05:13.944 172 INFO rally.task.runner [-] Task 634ce557-483a-4e86-9be1-c2154884c441 | ITER: 67 END: OK
2020-04-27 12:05:13.947 172 INFO rally.task.runner [-] Task 634ce557-483a-4e86-9be1-c2154884c441 | ITER: 75 START
2020-04-27 12:05:14.050 160 INFO rally.task.runner [-] Task 634ce557-483a-4e86-9be1-c2154884c441 | ITER: 71 END: OK
2020-04-27 12:05:14.053 160 INFO rally.task.runner [-] Task 634ce557-483a-4e86-9be1-c2154884c441 | ITER: 76 START
2020-04-27 12:05:14.338 158 INFO rally.task.runner [-] Task 634ce557-483a-4e86-9be1-c2154884c441 | ITER: 47 END: OK
2020-04-27 12:05:14.342 158 INFO rally.task.runner [-] Task 634ce557-483a-4e86-9be1-c2154884c441 | ITER: 77 START
2020-04-27 12:05:14.362 166 INFO rally.task.runner [-] Task 634ce557-483a-4e86-9be1-c2154884c441 | ITER: 62 END: OK
2020-04-27 12:05:14.365 166 INFO rally.task.runner [-] Task 634ce557-483a-4e86-9be1-c2154884c441 | ITER: 78 START
2020-04-27 12:05:14.369 139 INFO rally.task.runner [-] Task 634ce557-483a-4e86-9be1-c2154884c441 | ITER: 56 END: OK
2020-04-27 12:05:14.373 139 INFO rally.task.runner [-] Task 634ce557-483a-4e86-9be1-c2154884c441 | ITER: 79 START
2020-04-27 12:05:14.450 140 INFO rally.task.runner [-] Task 634ce557-483a-4e86-9be1-c2154884c441 | ITER: 68 END: OK
2020-04-27 12:05:14.453 140 INFO rally.task.runner [-] Task 634ce557-483a-4e86-9be1-c2154884c441 | ITER: 80 START
2020-04-27 12:05:14.494 169 INFO rally.task.runner [-] Task 634ce557-483a-4e86-9be1-c2154884c441 | ITER: 55 END: OK
2020-04-27 12:05:14.498 169 INFO rally.task.runner [-] Task 634ce557-483a-4e86-9be1-c2154884c441 | ITER: 81 START
2020-04-27 12:05:14.551 181 INFO rally.task.runner [-] Task 634ce557-483a-4e86-9be1-c2154884c441 | ITER: 58 END: OK
2020-04-27 12:05:14.553 145 INFO rally.task.runner [-] Task 634ce557-483a-4e86-9be1-c2154884c441 | ITER: 72 END: OK
2020-04-27 12:05:14.555 181 INFO rally.task.runner [-] Task 634ce557-483a-4e86-9be1-c2154884c441 | ITER: 82 START
2020-04-27 12:05:14.556 145 INFO rally.task.runner [-] Task 634ce557-483a-4e86-9be1-c2154884c441 | ITER: 83 START
2020-04-27 12:05:14.562 183 INFO rally.task.runner [-] Task 634ce557-483a-4e86-9be1-c2154884c441 | ITER: 59 END: OK
2020-04-27 12:05:14.565 183 INFO rally.task.runner [-] Task 634ce557-483a-4e86-9be1-c2154884c441 | ITER: 84 START
2020-04-27 12:05:14.573 182 INFO rally.task.runner [-] Task 634ce557-483a-4e86-9be1-c2154884c441 | ITER: 66 END: OK
2020-04-27 12:05:14.576 182 INFO rally.task.runner [-] Task 634ce557-483a-4e86-9be1-c2154884c441 | ITER: 85 START
2020-04-27 12:05:14.798 185 INFO rally.task.runner [-] Task 634ce557-483a-4e86-9be1-c2154884c441 | ITER: 69 END: OK
2020-04-27 12:05:14.801 185 INFO rally.task.runner [-] Task 634ce557-483a-4e86-9be1-c2154884c441 | ITER: 86 START
2020-04-27 12:05:15.119 178 INFO rally.task.runner [-] Task 634ce557-483a-4e86-9be1-c2154884c441 | ITER: 70 END: OK
2020-04-27 12:05:15.123 178 INFO rally.task.runner [-] Task 634ce557-483a-4e86-9be1-c2154884c441 | ITER: 87 START
2020-04-27 12:05:15.358 154 INFO rally.task.runner [-] Task 634ce557-483a-4e86-9be1-c2154884c441 | ITER: 63 END: OK
2020-04-27 12:05:15.361 154 INFO rally.task.runner [-] Task 634ce557-483a-4e86-9be1-c2154884c441 | ITER: 88 START
2020-04-27 12:05:17.302 163 INFO rally.task.runner [-] Task 634ce557-483a-4e86-9be1-c2154884c441 | ITER: 73 END: OK
2020-04-27 12:05:17.305 163 INFO rally.task.runner [-] Task 634ce557-483a-4e86-9be1-c2154884c441 | ITER: 89 START
2020-04-27 12:05:17.724 175 INFO rally.task.runner [-] Task 634ce557-483a-4e86-9be1-c2154884c441 | ITER: 74 END: OK
2020-04-27 12:05:17.727 175 INFO rally.task.runner [-] Task 634ce557-483a-4e86-9be1-c2154884c441 | ITER: 90 START
2020-04-27 12:05:18.725 160 INFO rally.task.runner [-] Task 634ce557-483a-4e86-9be1-c2154884c441 | ITER: 76 END: OK
2020-04-27 12:05:18.729 160 INFO rally.task.runner [-] Task 634ce557-483a-4e86-9be1-c2154884c441 | ITER: 91 START
2020-04-27 12:05:18.748 172 INFO rally.task.runner [-] Task 634ce557-483a-4e86-9be1-c2154884c441 | ITER: 75 END: OK
2020-04-27 12:05:18.750 172 INFO rally.task.runner [-] Task 634ce557-483a-4e86-9be1-c2154884c441 | ITER: 92 START
2020-04-27 12:05:18.795 148 INFO rally.task.runner [-] Task 634ce557-483a-4e86-9be1-c2154884c441 | ITER: 48 END: OK
2020-04-27 12:05:18.798 148 INFO rally.task.runner [-] Task 634ce557-483a-4e86-9be1-c2154884c441 | ITER: 93 START
2020-04-27 12:05:19.092 158 INFO rally.task.runner [-] Task 634ce557-483a-4e86-9be1-c2154884c441 | ITER: 77 END: OK
2020-04-27 12:05:19.095 158 INFO rally.task.runner [-] Task 634ce557-483a-4e86-9be1-c2154884c441 | ITER: 94 START
2020-04-27 12:05:19.107 142 INFO rally.task.runner [-] Task 634ce557-483a-4e86-9be1-c2154884c441 | ITER: 64 END: OK
2020-04-27 12:05:19.110 142 INFO rally.task.runner [-] Task 634ce557-483a-4e86-9be1-c2154884c441 | ITER: 95 START
2020-04-27 12:05:19.124 151 INFO rally.task.runner [-] Task 634ce557-483a-4e86-9be1-c2154884c441 | ITER: 65 END: OK
2020-04-27 12:05:19.127 151 INFO rally.task.runner [-] Task 634ce557-483a-4e86-9be1-c2154884c441 | ITER: 96 START
2020-04-27 12:05:19.127 141 INFO rally.task.runner [-] Task 634ce557-483a-4e86-9be1-c2154884c441 | ITER: 49 END: OK
2020-04-27 12:05:19.130 141 INFO rally.task.runner [-] Task 634ce557-483a-4e86-9be1-c2154884c441 | ITER: 97 START
2020-04-27 12:05:19.204 169 INFO rally.task.runner [-] Task 634ce557-483a-4e86-9be1-c2154884c441 | ITER: 81 END: OK
2020-04-27 12:05:19.207 145 INFO rally.task.runner [-] Task 634ce557-483a-4e86-9be1-c2154884c441 | ITER: 83 END: OK
2020-04-27 12:05:19.207 169 INFO rally.task.runner [-] Task 634ce557-483a-4e86-9be1-c2154884c441 | ITER: 98 START
2020-04-27 12:05:19.210 145 INFO rally.task.runner [-] Task 634ce557-483a-4e86-9be1-c2154884c441 | ITER: 99 START
2020-04-27 12:05:19.235 139 INFO rally.task.runner [-] Task 634ce557-483a-4e86-9be1-c2154884c441 | ITER: 79 END: OK
2020-04-27 12:05:19.238 139 INFO rally.task.runner [-] Task 634ce557-483a-4e86-9be1-c2154884c441 | ITER: 100 START
2020-04-27 12:05:22.331 140 INFO rally.task.runner [-] Task 634ce557-483a-4e86-9be1-c2154884c441 | ITER: 80 END: OK
2020-04-27 12:05:22.898 182 INFO rally.task.runner [-] Task 634ce557-483a-4e86-9be1-c2154884c441 | ITER: 85 END: OK
2020-04-27 12:05:24.097 158 INFO rally.task.runner [-] Task 634ce557-483a-4e86-9be1-c2154884c441 | ITER: 94 END: OK
2020-04-27 12:05:24.368 142 INFO rally.task.runner [-] Task 634ce557-483a-4e86-9be1-c2154884c441 | ITER: 95 END: OK
2020-04-27 12:05:24.377 166 INFO rally.task.runner [-] Task 634ce557-483a-4e86-9be1-c2154884c441 | ITER: 78 END: OK
2020-04-27 12:05:24.533 185 INFO rally.task.runner [-] Task 634ce557-483a-4e86-9be1-c2154884c441 | ITER: 86 END: OK
2020-04-27 12:05:24.537 181 INFO rally.task.runner [-] Task 634ce557-483a-4e86-9be1-c2154884c441 | ITER: 82 END: OK
2020-04-27 12:05:24.545 183 INFO rally.task.runner [-] Task 634ce557-483a-4e86-9be1-c2154884c441 | ITER: 84 END: OK
2020-04-27 12:05:24.550 154 INFO rally.task.runner [-] Task 634ce557-483a-4e86-9be1-c2154884c441 | ITER: 88 END: OK
2020-04-27 12:05:24.555 178 INFO rally.task.runner [-] Task 634ce557-483a-4e86-9be1-c2154884c441 | ITER: 87 END: OK
2020-04-27 12:05:24.559 160 INFO rally.task.runner [-] Task 634ce557-483a-4e86-9be1-c2154884c441 | ITER: 91 END: OK
2020-04-27 12:05:24.559 172 INFO rally.task.runner [-] Task 634ce557-483a-4e86-9be1-c2154884c441 | ITER: 92 END: OK
2020-04-27 12:05:24.566 148 INFO rally.task.runner [-] Task 634ce557-483a-4e86-9be1-c2154884c441 | ITER: 93 END: OK
2020-04-27 12:05:24.765 151 INFO rally.task.runner [-] Task 634ce557-483a-4e86-9be1-c2154884c441 | ITER: 96 END: OK
2020-04-27 12:05:24.934 141 INFO rally.task.runner [-] Task 634ce557-483a-4e86-9be1-c2154884c441 | ITER: 97 END: OK
2020-04-27 12:05:25.569 163 INFO rally.task.runner [-] Task 634ce557-483a-4e86-9be1-c2154884c441 | ITER: 89 END: OK
2020-04-27 12:05:25.720 175 INFO rally.task.runner [-] Task 634ce557-483a-4e86-9be1-c2154884c441 | ITER: 90 END: OK
2020-04-27 12:05:26.476 169 INFO rally.task.runner [-] Task 634ce557-483a-4e86-9be1-c2154884c441 | ITER: 98 END: OK
2020-04-27 12:05:26.511 145 INFO rally.task.runner [-] Task 634ce557-483a-4e86-9be1-c2154884c441 | ITER: 99 END: OK
2020-04-27 12:05:26.637 139 INFO rally.task.runner [-] Task 634ce557-483a-4e86-9be1-c2154884c441 | ITER: 100 END: OK
2020-04-27 12:05:26.662 15 INFO rally.task.context [-] Task 634ce557-483a-4e86-9be1-c2154884c441 | Context cleanup@openstack cleanup() started
2020-04-27 12:05:26.665 15 RALLYDEBUG rally_openstack.cleanup.manager [-] Cleaning up neutron vip objects
2020-04-27 12:05:26.912 15 RALLYDEBUG rally_openstack.cleanup.manager [-] Cleaning up neutron health_monitor objects
2020-04-27 12:05:27.211 15 RALLYDEBUG rally_openstack.cleanup.manager [-] Cleaning up neutron pool objects
2020-04-27 12:05:27.815 15 RALLYDEBUG rally_openstack.cleanup.manager [-] Cleaning up neutron loadbalancer objects
2020-04-27 12:05:28.265 15 RALLYDEBUG rally_openstack.cleanup.manager [-] Cleaning up neutron floatingip objects
2020-04-27 12:05:28.735 15 RALLYDEBUG rally_openstack.cleanup.manager [-] Cleaning up neutron trunk objects
2020-04-27 12:05:29.045 15 RALLYDEBUG rally_openstack.cleanup.manager [-] Cleaning up neutron port objects
2020-04-27 12:05:29.314 15 RALLYDEBUG rally_openstack.cleanup.manager [-] Cleaning up neutron subnet objects
2020-04-27 12:05:29.530 15 RALLYDEBUG rally_openstack.cleanup.manager [-] Cleaning up neutron network objects
2020-04-27 12:05:30.003 15 RALLYDEBUG rally_openstack.cleanup.manager [-] Deleting neutron.network object s_rally_92eba9c6_vUqoCz4F (00c7ffbf-34a4-4a8d-8578-27656b040c8b)
2020-04-27 12:05:30.011 15 RALLYDEBUG rally_openstack.cleanup.manager [-] Deleting neutron.network object s_rally_92eba9c6_ZwqcttiI (026724e6-b8fc-43cc-af40-19a1cc092734)
2020-04-27 12:05:30.017 15 RALLYDEBUG rally_openstack.cleanup.manager [-] Deleting neutron.network object s_rally_92eba9c6_VgJGiPXv (01127748-6e73-4920-a360-e3be5948923c)
2020-04-27 12:05:30.029 15 RALLYDEBUG rally_openstack.cleanup.manager [-] Deleting neutron.network object s_rally_92eba9c6_3Hyqqgob (0c020459-adf2-45fa-863f-028f2cc4a74e)
2020-04-27 12:05:30.030 15 RALLYDEBUG rally_openstack.cleanup.manager [-] Deleting neutron.network object s_rally_92eba9c6_7pWXpeG1 (04a20280-538d-477a-8fd8-c24ba3d74723)
2020-04-27 12:05:30.030 15 RALLYDEBUG rally_openstack.cleanup.manager [-] Deleting neutron.network object s_rally_92eba9c6_WACEppFL (021472e4-81eb-49ed-902b-fd64bb89d725)
2020-04-27 12:05:30.039 15 RALLYDEBUG rally_openstack.cleanup.manager [-] Deleting neutron.network object s_rally_92eba9c6_Yoxxf1BE (0ddac3a4-d8e4-46bf-b85f-7a10bdd1b07f)
2020-04-27 12:05:30.049 15 RALLYDEBUG rally_openstack.cleanup.manager [-] Deleting neutron.network object s_rally_92eba9c6_qZADIMf7 (102f7a37-b0b9-42cc-9c16-eb7fbd535797)
2020-04-27 12:05:30.088 15 RALLYDEBUG rally_openstack.cleanup.manager [-] Deleting neutron.network object s_rally_92eba9c6_JsgV4tQR (1b74736f-e243-4a8e-83bb-83c6f976c36b)
2020-04-27 12:05:30.090 15 RALLYDEBUG rally_openstack.cleanup.manager [-] Deleting neutron.network object s_rally_92eba9c6_PAFph8Fd (183ba98c-d5cc-45c6-992b-3e7444934158)
2020-04-27 12:05:30.102 15 RALLYDEBUG rally_openstack.cleanup.manager [-] Deleting neutron.network object s_rally_92eba9c6_8tm5GNJZ (19bb72d9-3949-4cd2-bdc7-82a4db810c24)
2020-04-27 12:05:30.114 15 RALLYDEBUG rally_openstack.cleanup.manager [-] Deleting neutron.network object s_rally_92eba9c6_NgN97FVr (12aaffc2-997b-4b6b-8e7e-5a58cadc796f)
2020-04-27 12:05:30.122 15 RALLYDEBUG rally_openstack.cleanup.manager [-] Deleting neutron.network object s_rally_92eba9c6_WJeOwsq7 (1f7d937b-24c2-460f-b382-3d20b4b24b9d)
2020-04-27 12:05:30.133 15 RALLYDEBUG rally_openstack.cleanup.manager [-] Deleting neutron.network object s_rally_92eba9c6_HwhyyeNB (18bcbaf1-2aad-417a-86f5-b6821df722ff)
2020-04-27 12:05:30.135 15 RALLYDEBUG rally_openstack.cleanup.manager [-] Deleting neutron.network object s_rally_92eba9c6_Uw3aMt4o (23c8f7a4-8599-4fee-a0a0-ec2de38ce518)
2020-04-27 12:05:30.137 15 RALLYDEBUG rally_openstack.cleanup.manager [-] Deleting neutron.network object s_rally_92eba9c6_VQBMKRsy (21c2c9c6-4c9e-4609-8ebf-63d973da8f4d)
2020-04-27 12:05:30.140 15 RALLYDEBUG rally_openstack.cleanup.manager [-] Deleting neutron.network object s_rally_92eba9c6_hJXd4UoK (1f89d9b0-cc34-4a0f-9387-a4f1044f55f3)
2020-04-27 12:05:30.151 15 RALLYDEBUG rally_openstack.cleanup.manager [-] Deleting neutron.network object s_rally_92eba9c6_8tSi06o9 (2b03b45a-1ce5-4ae8-a41c-13f2243dd432)
2020-04-27 12:05:30.155 15 RALLYDEBUG rally_openstack.cleanup.manager [-] Deleting neutron.network object s_rally_92eba9c6_xV2qCjoR (27bdc533-40e6-4aa2-a2aa-d3bff52b5d00)
2020-04-27 12:05:30.165 15 RALLYDEBUG rally_openstack.cleanup.manager [-] Deleting neutron.network object s_rally_92eba9c6_nCk2R7Qt (2a9afd9a-14b2-4f54-9e3c-883d565df037)
2020-04-27 12:05:36.076 15 RALLYDEBUG rally_openstack.cleanup.manager [-] Deleting neutron.network object s_rally_92eba9c6_ViDpcrqg (2c2981d8-d4a7-4915-aa45-b5339d0a96cd)
2020-04-27 12:05:36.093 15 RALLYDEBUG rally_openstack.cleanup.manager [-] Deleting neutron.network object s_rally_92eba9c6_17DiRXu4 (2fe00398-bfc4-4b69-bd0e-c4b7c5d624a9)
2020-04-27 12:05:36.100 15 RALLYDEBUG rally_openstack.cleanup.manager [-] Deleting neutron.network object s_rally_92eba9c6_A2COgEvi (2ff7cbf1-59e3-494e-8b66-39ee4c033333)
2020-04-27 12:05:36.146 15 RALLYDEBUG rally_openstack.cleanup.manager [-] Deleting neutron.network object s_rally_92eba9c6_U90CHuLE (346764f5-51ee-425a-b27a-659dba96db06)
2020-04-27 12:05:36.169 15 RALLYDEBUG rally_openstack.cleanup.manager [-] Deleting neutron.network object s_rally_92eba9c6_3Fh1q7mp (3fe7fab3-2c44-4f69-98b5-48d62e7227d0)
2020-04-27 12:05:36.173 15 RALLYDEBUG rally_openstack.cleanup.manager [-] Deleting neutron.network object s_rally_92eba9c6_3P4rSNuO (4810ac01-e40b-423e-97cd-57db691ec541)
2020-04-27 12:05:38.898 15 RALLYDEBUG rally_openstack.cleanup.manager [-] Deleting neutron.network object s_rally_92eba9c6_knmvOdoC (4aaf9947-c1d2-45db-87a3-61276129ea6e)
2020-04-27 12:05:39.970 15 RALLYDEBUG rally_openstack.cleanup.manager [-] Deleting neutron.network object s_rally_92eba9c6_pVNyM7g1 (4ceffe83-b416-427d-b566-7f86d4fc2c4e)
2020-04-27 12:05:40.250 15 RALLYDEBUG rally_openstack.cleanup.manager [-] Deleting neutron.network object s_rally_92eba9c6_jM9nIg2H (4d7fc660-ce6c-4e7e-8cc0-b33bbcbbf802)
2020-04-27 12:05:40.331 15 RALLYDEBUG rally_openstack.cleanup.manager [-] Deleting neutron.network object s_rally_92eba9c6_BiPg1v5I (4f9fbf50-4bec-4974-aa3c-67c5a4cd9608)
2020-04-27 12:05:40.348 15 RALLYDEBUG rally_openstack.cleanup.manager [-] Deleting neutron.network object s_rally_92eba9c6_Qqs5LKR8 (5515e018-e3e4-4e2c-8a52-e8128092a14b)
2020-04-27 12:05:41.380 15 RALLYDEBUG rally_openstack.cleanup.manager [-] Deleting neutron.network object s_rally_92eba9c6_j5h5mhcP (56564463-367c-4301-b5f4-32089b2208e4)
2020-04-27 12:05:43.266 15 RALLYDEBUG rally_openstack.cleanup.manager [-] Deleting neutron.network object s_rally_92eba9c6_KiZQFYtB (5e10483e-bd36-4a87-ab5f-41f06a6aead4)
2020-04-27 12:05:43.277 15 RALLYDEBUG rally_openstack.cleanup.manager [-] Deleting neutron.network object s_rally_92eba9c6_zUqGjqZo (5fa87111-baa5-4c56-ba98-471317c917e6)
2020-04-27 12:05:43.433 15 RALLYDEBUG rally_openstack.cleanup.manager [-] Deleting neutron.network object s_rally_92eba9c6_kxwWTZoQ (5ff71169-6e45-4adb-9dd2-b2943fcf98cb)
2020-04-27 12:05:43.460 15 RALLYDEBUG rally_openstack.cleanup.manager [-] Deleting neutron.network object s_rally_92eba9c6_GTD4KP91 (6438318d-d547-4ef5-ad33-fe34fcbf89cf)
2020-04-27 12:05:43.508 15 RALLYDEBUG rally_openstack.cleanup.manager [-] Deleting neutron.network object s_rally_92eba9c6_h8XXv9Qo (67a7fe53-7973-4a25-ad13-93ecf14b74a3)
2020-04-27 12:05:43.525 15 RALLYDEBUG rally_openstack.cleanup.manager [-] Deleting neutron.network object s_rally_92eba9c6_OzKoxq9j (68633643-b6b4-4a31-8718-f9ef9bf22e2f)
2020-04-27 12:05:43.539 15 RALLYDEBUG rally_openstack.cleanup.manager [-] Deleting neutron.network object s_rally_92eba9c6_Td5OtHb0 (6a80fbe5-ff44-45fb-b3a9-757ca2b5e11a)
2020-04-27 12:05:43.548 15 RALLYDEBUG rally_openstack.cleanup.manager [-] Deleting neutron.network object s_rally_92eba9c6_WH09mc1w (71140796-3ca0-4d7c-bb04-013096104bfb)
2020-04-27 12:05:43.560 15 RALLYDEBUG rally_openstack.cleanup.manager [-] Deleting neutron.network object s_rally_92eba9c6_LFVABo4n (7149e081-9874-4e9e-8f48-4398d82f2a6a)
2020-04-27 12:05:43.561 15 RALLYDEBUG rally_openstack.cleanup.manager [-] Deleting neutron.network object s_rally_92eba9c6_lLW84q5C (72be10a9-b496-4bf1-9cb7-f169060155fe)
2020-04-27 12:05:43.561 15 RALLYDEBUG rally_openstack.cleanup.manager [-] Deleting neutron.network object s_rally_92eba9c6_7iwPaHPW (72fabd59-b68a-48ec-bac5-9dc362c1d876)
2020-04-27 12:05:43.597 15 RALLYDEBUG rally_openstack.cleanup.manager [-] Deleting neutron.network object s_rally_92eba9c6_IqTeC2sl (7b08c66b-bde7-4eb6-bde6-90a5f2d36062)
2020-04-27 12:05:43.603 15 RALLYDEBUG rally_openstack.cleanup.manager [-] Deleting neutron.network object s_rally_92eba9c6_8bNNrsw2 (7cce44d4-cc39-4317-97fe-cc5264f255f1)
2020-04-27 12:05:43.627 15 RALLYDEBUG rally_openstack.cleanup.manager [-] Deleting neutron.network object s_rally_92eba9c6_8a6r5xuB (7d801549-2826-4e4c-b323-c8b2a0698ca1)
2020-04-27 12:05:44.127 15 RALLYDEBUG rally_openstack.cleanup.manager [-] Deleting neutron.network object s_rally_92eba9c6_DjWnsS3w (7e0a414c-616c-40e7-91b5-6595001208bd)
2020-04-27 12:05:44.263 15 RALLYDEBUG rally_openstack.cleanup.manager [-] Deleting neutron.network object s_rally_92eba9c6_awOXwVAY (807090dd-e4be-4b81-8ffa-3385087f1517)
2020-04-27 12:05:44.278 15 RALLYDEBUG rally_openstack.cleanup.manager [-] Deleting neutron.network object s_rally_92eba9c6_IkMuErNM (8c2f5f47-65d1-42d5-9f7e-4518cebc450f)
2020-04-27 12:05:44.292 15 RALLYDEBUG rally_openstack.cleanup.manager [-] Deleting neutron.network object s_rally_92eba9c6_HAI1Pgux (8d7c5000-5886-4e74-b35c-1447953f8e2c)
2020-04-27 12:05:44.460 15 RALLYDEBUG rally_openstack.cleanup.manager [-] Deleting neutron.network object s_rally_92eba9c6_4KoeBzRV (8fdbe197-5822-4db3-bdc5-f03c265d37f8)
2020-04-27 12:05:45.085 15 RALLYDEBUG rally_openstack.cleanup.manager [-] Deleting neutron.network object s_rally_92eba9c6_Dck2Aihv (93274688-64a3-46ea-b571-a0c5804827cd)
2020-04-27 12:05:50.170 15 RALLYDEBUG rally_openstack.cleanup.manager [-] Deleting neutron.network object s_rally_92eba9c6_715w0lbF (93d5a916-6c4f-4704-afe3-bcfaf3108096)
2020-04-27 12:05:50.216 15 RALLYDEBUG rally_openstack.cleanup.manager [-] Deleting neutron.network object s_rally_92eba9c6_synUJX2k (9401e2f5-c454-4a3f-b4a7-f4014074c9cd)
2020-04-27 12:05:50.470 15 RALLYDEBUG rally_openstack.cleanup.manager [-] Deleting neutron.network object s_rally_92eba9c6_zfCWFj47 (9bfe7af3-a892-4733-87fc-1b03ed587347)
2020-04-27 12:05:50.535 15 RALLYDEBUG rally_openstack.cleanup.manager [-] Deleting neutron.network object s_rally_92eba9c6_8Bf8Yc5O (9f513706-7ed9-44af-a730-7cca78cde758)
2020-04-27 12:05:50.583 15 RALLYDEBUG rally_openstack.cleanup.manager [-] Deleting neutron.network object s_rally_92eba9c6_WDUFyWed (a2533f36-550c-4f85-b8c7-7c5f63aca513)
2020-04-27 12:05:50.632 15 RALLYDEBUG rally_openstack.cleanup.manager [-] Deleting neutron.network object s_rally_92eba9c6_oAlYEf4v (a4e6f545-0566-4edb-9dbf-d7d2144fd040)
2020-04-27 12:05:50.634 15 RALLYDEBUG rally_openstack.cleanup.manager [-] Deleting neutron.network object s_rally_92eba9c6_j9ZsrSVH (a2623cc0-b3c3-43da-97f4-9a8c56ba8621)
2020-04-27 12:05:53.766 15 RALLYDEBUG rally_openstack.cleanup.manager [-] Deleting neutron.network object s_rally_92eba9c6_abSH6iRi (a6e53b3c-8f41-4ac7-9aab-602a24b91e35)
2020-04-27 12:05:53.774 15 RALLYDEBUG rally_openstack.cleanup.manager [-] Deleting neutron.network object s_rally_92eba9c6_c2WD36BS (acc6550f-a673-4d9c-932b-b1d8383ef636)
2020-04-27 12:05:54.391 15 RALLYDEBUG rally_openstack.cleanup.manager [-] Deleting neutron.network object s_rally_92eba9c6_yYyKE0nc (b00e1213-b144-4ad5-8026-a814f2764068)
2020-04-27 12:05:54.462 15 RALLYDEBUG rally_openstack.cleanup.manager [-] Deleting neutron.network object s_rally_92eba9c6_d1F6TIw8 (b1c603a6-903a-4fec-a2cd-6f4d7655b67f)
2020-04-27 12:05:54.486 15 RALLYDEBUG rally_openstack.cleanup.manager [-] Deleting neutron.network object s_rally_92eba9c6_kaIUxzQW (b26f1fb9-554e-4162-949a-55eceefaed04)
2020-04-27 12:05:54.494 15 RALLYDEBUG rally_openstack.cleanup.manager [-] Deleting neutron.network object s_rally_92eba9c6_cqoEhNyD (b909a974-f61c-457f-9409-845c3a59ca3f)
2020-04-27 12:05:54.682 15 RALLYDEBUG rally_openstack.cleanup.manager [-] Deleting neutron.network object s_rally_92eba9c6_KzLND38m (ba5ea19d-b8ce-40de-a872-e1905b2039a5)
2020-04-27 12:05:54.736 15 RALLYDEBUG rally_openstack.cleanup.manager [-] Deleting neutron.network object s_rally_92eba9c6_NcugC8By (bd34ee29-9b41-43fa-862f-8b96968539c5)
2020-04-27 12:05:54.754 15 RALLYDEBUG rally_openstack.cleanup.manager [-] Deleting neutron.network object s_rally_92eba9c6_ZLW5PKyV (bdec3896-e217-4ff3-b23a-ffb5f071e46b)
2020-04-27 12:05:54.816 15 RALLYDEBUG rally_openstack.cleanup.manager [-] Deleting neutron.network object s_rally_92eba9c6_sWhDnlny (c0736a14-1e2b-4729-8e04-d76a99009a56)
2020-04-27 12:05:54.831 15 RALLYDEBUG rally_openstack.cleanup.manager [-] Deleting neutron.network object s_rally_92eba9c6_mdz4mVPS (c2eb59c7-6f9d-4e59-a7d3-65e585c675a0)
2020-04-27 12:05:55.365 15 RALLYDEBUG rally_openstack.cleanup.manager [-] Deleting neutron.network object s_rally_92eba9c6_4NhzIosR (c376aa85-1520-45f2-9fdc-3264e84f8008)
2020-04-27 12:05:55.473 15 RALLYDEBUG rally_openstack.cleanup.manager [-] Deleting neutron.network object s_rally_92eba9c6_SGg30x1S (c44090c7-868f-42c8-8c9d-f25a8ff3b492)
2020-04-27 12:05:55.478 15 RALLYDEBUG rally_openstack.cleanup.manager [-] Deleting neutron.network object s_rally_92eba9c6_Jl1DglW9 (c666b32d-335d-48aa-8a2d-47e45959212a)
2020-04-27 12:05:55.480 15 RALLYDEBUG rally_openstack.cleanup.manager [-] Deleting neutron.network object s_rally_92eba9c6_ORDYBzxF (c4b8417e-1594-44b2-beb0-373b5ce66952)
2020-04-27 12:05:55.485 15 RALLYDEBUG rally_openstack.cleanup.manager [-] Deleting neutron.network object s_rally_92eba9c6_5Ocy0e00 (c6c99dbf-f25d-4acb-8dd3-7bd13cb77ed5)
2020-04-27 12:05:55.983 15 RALLYDEBUG rally_openstack.cleanup.manager [-] Deleting neutron.network object s_rally_92eba9c6_4g8GLOmW (cc3ffc40-6fe9-4c71-be0e-b50b004cf0ba)
2020-04-27 12:05:57.296 15 RALLYDEBUG rally_openstack.cleanup.manager [-] Deleting neutron.network object s_rally_92eba9c6_9vuJntX2 (d13d3882-8ea5-41b0-8cae-33247a507a06)
2020-04-27 12:05:58.254 15 RALLYDEBUG rally_openstack.cleanup.manager [-] Deleting neutron.network object s_rally_92eba9c6_xfOiwWKS (d3168bfe-22ea-4335-a298-29d30db6250c)
2020-04-27 12:06:00.333 15 RALLYDEBUG rally_openstack.cleanup.manager [-] Deleting neutron.network object s_rally_92eba9c6_VP1GLAWV (d54a0398-3134-47cd-8740-565e2557f5aa)
2020-04-27 12:06:01.580 15 RALLYDEBUG rally_openstack.cleanup.manager [-] Deleting neutron.network object s_rally_92eba9c6_dkjwTOLA (d7d2a90f-dc7f-4601-a89f-5f5350fc674b)
2020-04-27 12:06:01.689 15 RALLYDEBUG rally_openstack.cleanup.manager [-] Deleting neutron.network object s_rally_92eba9c6_h2pew2f1 (d859d6d6-66c3-4fc8-9051-d34c10803ea6)
2020-04-27 12:06:01.731 15 RALLYDEBUG rally_openstack.cleanup.manager [-] Deleting neutron.network object s_rally_92eba9c6_p51LLymz (de81c5b2-7a23-4336-9b22-248f50f773cb)
