2020-04-27 12:35:54.083 3503 RALLYDEBUG rally.task.runner [-] Starting a worker. concurrency: 1 args: {"network_create_args": {}, "subnet_create_args": {}, "subnet_cidr_start": "1.1.0.0/30", "subnets_per_network": 2, "router_create_args": {}} times: 40 method_name: run timeout: 0 duration: None cls:
2020-04-27 12:35:54.084 3508 RALLYDEBUG rally.task.runner [-] Starting a worker. concurrency: 1 args: {"network_create_args": {}, "subnet_create_args": {}, "subnet_cidr_start": "1.1.0.0/30", "subnets_per_network": 2, "router_create_args": {}} times: 40 method_name: run timeout: 0 duration: None cls:
2020-04-27 12:35:54.086 3509 RALLYDEBUG rally.task.runner [-] Starting a worker. concurrency: 1 args: {"network_create_args": {}, "subnet_create_args": {}, "subnet_cidr_start": "1.1.0.0/30", "subnets_per_network": 2, "router_create_args": {}} times: 40 method_name: run timeout: 0 duration: None cls:
2020-04-27 12:35:54.089 3508 INFO rally.task.runner [-] Task 634ce557-483a-4e86-9be1-c2154884c441 | ITER: 14 START
2020-04-27 12:35:54.090 3503 INFO rally.task.runner [-] Task 634ce557-483a-4e86-9be1-c2154884c441 | ITER: 13 START
2020-04-27 12:35:54.091 3509 INFO rally.task.runner [-] Task 634ce557-483a-4e86-9be1-c2154884c441 | ITER: 15 START
2020-04-27 12:35:54.093 3515 RALLYDEBUG rally.task.runner [-] Starting a worker. concurrency: 1 args: {"network_create_args": {}, "subnet_create_args": {}, "subnet_cidr_start": "1.1.0.0/30", "subnets_per_network": 2, "router_create_args": {}} times: 40 method_name: run timeout: 0 duration: None cls:
2020-04-27 12:35:54.095 3514 RALLYDEBUG rally.task.runner [-] Starting a worker. concurrency: 1 args: {"network_create_args": {}, "subnet_create_args": {}, "subnet_cidr_start": "1.1.0.0/30", "subnets_per_network": 2, "router_create_args": {}} times: 40 method_name: run timeout: 0 duration: None cls:
2020-04-27 12:35:54.095 3519 RALLYDEBUG rally.task.runner [-] Starting a worker. concurrency: 1 args: {"network_create_args": {}, "subnet_create_args": {}, "subnet_cidr_start": "1.1.0.0/30", "subnets_per_network": 2, "router_create_args": {}} times: 40 method_name: run timeout: 0 duration: None cls:
2020-04-27 12:35:54.098 3515 INFO rally.task.runner [-] Task 634ce557-483a-4e86-9be1-c2154884c441 | ITER: 16 START
2020-04-27 12:35:54.097 3523 RALLYDEBUG rally.task.runner [-] Starting a worker. concurrency: 1 args: {"network_create_args": {}, "subnet_create_args": {}, "subnet_cidr_start": "1.1.0.0/30", "subnets_per_network": 2, "router_create_args": {}} times: 40 method_name: run timeout: 0 duration: None cls:
2020-04-27 12:35:54.100 3519 INFO rally.task.runner [-] Task 634ce557-483a-4e86-9be1-c2154884c441 | ITER: 18 START
2020-04-27 12:35:54.100 3514 INFO rally.task.runner [-] Task 634ce557-483a-4e86-9be1-c2154884c441 | ITER: 17 START
2020-04-27 12:35:54.100 3524 RALLYDEBUG rally.task.runner [-] Starting a worker. concurrency: 1 args: {"network_create_args": {}, "subnet_create_args": {}, "subnet_cidr_start": "1.1.0.0/30", "subnets_per_network": 2, "router_create_args": {}} times: 40 method_name: run timeout: 0 duration: None cls:
2020-04-27 12:35:54.101 3523 INFO rally.task.runner [-] Task 634ce557-483a-4e86-9be1-c2154884c441 | ITER: 19 START
2020-04-27 12:35:54.105 3524 INFO rally.task.runner [-] Task 634ce557-483a-4e86-9be1-c2154884c441 | ITER: 20 START
2020-04-27 12:35:54.781 3475 RALLYDEBUG rally_openstack.wrappers.network [-] CIDR generated: 1.1.8.32/30
2020-04-27 12:35:55.001 3476 RALLYDEBUG rally_openstack.wrappers.network [-] CIDR generated: 1.1.8.36/30
2020-04-27 12:35:55.026 3477 RALLYDEBUG rally_openstack.wrappers.network [-] CIDR generated: 1.1.8.40/30
2020-04-27 12:35:55.965 3478 RALLYDEBUG rally_openstack.wrappers.network [-] CIDR generated: 1.1.8.44/30
2020-04-27 12:35:56.203 3479 RALLYDEBUG rally_openstack.wrappers.network [-] CIDR generated: 1.1.8.48/30
2020-04-27 12:35:56.355 3485 RALLYDEBUG rally_openstack.wrappers.network [-] CIDR generated: 1.1.8.52/30
2020-04-27 12:35:56.523 3501 RALLYDEBUG rally_openstack.wrappers.network [-] CIDR generated: 1.1.8.56/30
2020-04-27 12:35:56.524 3489 RALLYDEBUG rally_openstack.wrappers.network [-] CIDR generated: 1.1.8.60/30
2020-04-27 12:35:56.573 3491 RALLYDEBUG rally_openstack.wrappers.network [-] CIDR generated: 1.1.8.64/30
2020-04-27 12:35:56.641 3483 RALLYDEBUG rally_openstack.wrappers.network [-] CIDR generated: 1.1.8.68/30
2020-04-27 12:35:56.870 3503 RALLYDEBUG rally_openstack.wrappers.network [-] CIDR generated: 1.1.8.72/30
2020-04-27 12:35:56.871 3509 RALLYDEBUG rally_openstack.wrappers.network [-] CIDR generated: 1.1.8.76/30
2020-04-27 12:35:56.872 3514 RALLYDEBUG rally_openstack.wrappers.network [-] CIDR generated: 1.1.8.80/30
2020-04-27 12:35:56.885 3519 RALLYDEBUG rally_openstack.wrappers.network [-] CIDR generated: 1.1.8.84/30
2020-04-27 12:35:57.106 3508 RALLYDEBUG rally_openstack.wrappers.network [-] CIDR generated: 1.1.8.88/30
2020-04-27 12:35:57.120 3515 RALLYDEBUG rally_openstack.wrappers.network [-] CIDR generated: 1.1.8.92/30
2020-04-27 12:35:57.141 3495 RALLYDEBUG rally_openstack.wrappers.network [-] CIDR generated: 1.1.8.96/30
2020-04-27 12:35:57.170 3524 RALLYDEBUG rally_openstack.wrappers.network [-] CIDR generated: 1.1.8.100/30
2020-04-27 12:35:57.190 3523 RALLYDEBUG rally_openstack.wrappers.network [-] CIDR generated: 1.1.8.104/30
2020-04-27 12:35:57.977 3497 RALLYDEBUG rally_openstack.wrappers.network [-] CIDR generated: 1.1.8.108/30
2020-04-27 12:36:04.484 3475 RALLYDEBUG rally_openstack.wrappers.network [-] CIDR generated: 1.1.8.112/30
2020-04-27 12:36:04.917 3479 RALLYDEBUG rally_openstack.wrappers.network [-] CIDR generated: 1.1.8.116/30
2020-04-27 12:36:05.721 3476 RALLYDEBUG rally_openstack.wrappers.network [-] CIDR generated: 1.1.8.120/30
2020-04-27 12:36:05.763 3477 RALLYDEBUG rally_openstack.wrappers.network [-] CIDR generated: 1.1.8.124/30
2020-04-27 12:36:06.431 3478 RALLYDEBUG rally_openstack.wrappers.network [-] CIDR generated: 1.1.8.128/30
2020-04-27 12:36:06.781 3501 RALLYDEBUG rally_openstack.wrappers.network [-] CIDR generated: 1.1.8.132/30
2020-04-27 12:36:06.794 3491 RALLYDEBUG rally_openstack.wrappers.network [-] CIDR generated: 1.1.8.136/30
2020-04-27 12:36:06.919 3489 RALLYDEBUG rally_openstack.wrappers.network [-] CIDR generated: 1.1.8.140/30
2020-04-27 12:36:07.201 3509 RALLYDEBUG rally_openstack.wrappers.network [-] CIDR generated: 1.1.8.144/30
2020-04-27 12:36:07.218 3519 RALLYDEBUG rally_openstack.wrappers.network [-] CIDR generated: 1.1.8.148/30
2020-04-27 12:36:07.360 3503 RALLYDEBUG rally_openstack.wrappers.network [-] CIDR generated: 1.1.8.152/30
2020-04-27 12:36:07.486 3485 RALLYDEBUG rally_openstack.wrappers.network [-] CIDR generated: 1.1.8.156/30
2020-04-27 12:36:07.684 3514 RALLYDEBUG rally_openstack.wrappers.network [-] CIDR generated: 1.1.8.160/30
2020-04-27 12:36:07.713 3483 RALLYDEBUG rally_openstack.wrappers.network [-] CIDR generated: 1.1.8.164/30
2020-04-27 12:36:07.802 3515 RALLYDEBUG rally_openstack.wrappers.network [-] CIDR generated: 1.1.8.168/30
2020-04-27 12:36:07.878 3508 RALLYDEBUG rally_openstack.wrappers.network [-] CIDR generated: 1.1.8.172/30
2020-04-27 12:36:07.991 3497 RALLYDEBUG rally_openstack.wrappers.network [-] CIDR generated: 1.1.8.176/30
2020-04-27 12:36:08.161 3524 RALLYDEBUG rally_openstack.wrappers.network [-] CIDR generated: 1.1.8.180/30
2020-04-27 12:36:08.303 3495 RALLYDEBUG rally_openstack.wrappers.network [-] CIDR generated: 1.1.8.184/30
2020-04-27 12:36:08.450 3523 RALLYDEBUG rally_openstack.wrappers.network [-] CIDR generated: 1.1.8.188/30
2020-04-27 12:38:07.826 3475 INFO rally.task.runner [-] Task 634ce557-483a-4e86-9be1-c2154884c441 | ITER: 1 END: OK
2020-04-27 12:38:07.831 3475 INFO rally.task.runner [-] Task 634ce557-483a-4e86-9be1-c2154884c441 | ITER: 21 START
2020-04-27 12:38:10.477 3475 RALLYDEBUG rally_openstack.wrappers.network [-] CIDR generated: 1.1.8.192/30
2020-04-27 12:38:14.537 3479 INFO rally.task.runner [-] Task 634ce557-483a-4e86-9be1-c2154884c441 | ITER: 5 END: OK
2020-04-27 12:38:14.542 3479 INFO rally.task.runner [-] Task 634ce557-483a-4e86-9be1-c2154884c441 | ITER: 22 START
2020-04-27 12:38:14.861 3519 INFO rally.task.runner [-] Task 634ce557-483a-4e86-9be1-c2154884c441 | ITER: 18 END: OK
2020-04-27 12:38:14.866 3519 INFO rally.task.runner [-] Task 634ce557-483a-4e86-9be1-c2154884c441 | ITER: 23 START
2020-04-27 12:38:14.872 3489 INFO rally.task.runner [-] Task 634ce557-483a-4e86-9be1-c2154884c441 | ITER: 8 END: OK
2020-04-27 12:38:14.876 3489 INFO rally.task.runner [-] Task 634ce557-483a-4e86-9be1-c2154884c441 | ITER: 24 START
2020-04-27 12:38:16.246 3491 INFO rally.task.runner [-] Task 634ce557-483a-4e86-9be1-c2154884c441 | ITER: 9 END: OK
2020-04-27 12:38:16.252 3491 INFO rally.task.runner [-] Task 634ce557-483a-4e86-9be1-c2154884c441 | ITER: 25 START
2020-04-27 12:38:16.702 3514 INFO rally.task.runner [-] Task 634ce557-483a-4e86-9be1-c2154884c441 | ITER: 17 END: OK
2020-04-27 12:38:16.707 3514 INFO rally.task.runner [-] Task 634ce557-483a-4e86-9be1-c2154884c441 | ITER: 26 START
2020-04-27 12:38:17.191 3479 RALLYDEBUG rally_openstack.wrappers.network [-] CIDR generated: 1.1.8.196/30
2020-04-27 12:38:17.249 3501 INFO rally.task.runner [-] Task 634ce557-483a-4e86-9be1-c2154884c441 | ITER: 11 END: OK
2020-04-27 12:38:17.254 3501 INFO rally.task.runner [-] Task 634ce557-483a-4e86-9be1-c2154884c441 | ITER: 27 START
2020-04-27 12:38:17.272 3519 RALLYDEBUG rally_openstack.wrappers.network [-] CIDR generated: 1.1.8.200/30
2020-04-27 12:38:17.272 3509 INFO rally.task.runner [-] Task 634ce557-483a-4e86-9be1-c2154884c441 | ITER: 15 END: OK
2020-04-27 12:38:17.277 3509 INFO rally.task.runner [-] Task 634ce557-483a-4e86-9be1-c2154884c441 | ITER: 28 START
2020-04-27 12:38:18.550 3491 RALLYDEBUG rally_openstack.wrappers.network [-] CIDR generated: 1.1.8.204/30
2020-04-27 12:38:18.956 3503 INFO rally.task.runner [-] Task 634ce557-483a-4e86-9be1-c2154884c441 | ITER: 13 END: OK
2020-04-27 12:38:18.962 3503 INFO rally.task.runner [-] Task 634ce557-483a-4e86-9be1-c2154884c441 | ITER: 29 START
2020-04-27 12:38:19.426 3509 RALLYDEBUG rally_openstack.wrappers.network [-] CIDR generated: 1.1.8.208/30
2020-04-27 12:38:20.676 3489 RALLYDEBUG rally_openstack.wrappers.network [-] CIDR generated: 1.1.8.212/30
2020-04-27 12:38:20.736 3503 RALLYDEBUG rally_openstack.wrappers.network [-] CIDR generated: 1.1.8.216/30
2020-04-27 12:38:22.037 3514 RALLYDEBUG rally_openstack.wrappers.network [-] CIDR generated: 1.1.8.220/30
2020-04-27 12:38:22.937 3479 RALLYDEBUG rally_openstack.wrappers.network [-] CIDR generated: 1.1.8.224/30
2020-04-27 12:38:23.001 3519 RALLYDEBUG rally_openstack.wrappers.network [-] CIDR generated: 1.1.8.228/30
2020-04-27 12:38:23.548 3491 RALLYDEBUG rally_openstack.wrappers.network [-] CIDR generated: 1.1.8.232/30
2020-04-27 12:38:24.142 3501 RALLYDEBUG rally_openstack.wrappers.network [-] CIDR generated: 1.1.8.236/30
2020-04-27 12:38:24.810 3509 RALLYDEBUG rally_openstack.wrappers.network [-] CIDR generated: 1.1.8.240/30
2020-04-27 12:38:25.405 3503 RALLYDEBUG rally_openstack.wrappers.network [-] CIDR generated: 1.1.8.244/30
2020-04-27 12:38:33.797 3475 RALLYDEBUG rally_openstack.wrappers.network [-] CIDR generated: 1.1.8.248/30
2020-04-27 12:38:34.517 3476 INFO rally.task.runner [-] Task 634ce557-483a-4e86-9be1-c2154884c441 | ITER: 2 END: OK
2020-04-27 12:38:34.524 3476 INFO rally.task.runner [-] Task 634ce557-483a-4e86-9be1-c2154884c441 | ITER: 30 START
2020-04-27 12:38:35.713 3477 INFO rally.task.runner [-] Task 634ce557-483a-4e86-9be1-c2154884c441 | ITER: 3 END: OK
2020-04-27 12:38:35.723 3477 INFO rally.task.runner [-] Task 634ce557-483a-4e86-9be1-c2154884c441 | ITER: 31 START
2020-04-27 12:38:36.217 3497 INFO rally.task.runner [-] Task 634ce557-483a-4e86-9be1-c2154884c441 | ITER: 12 END: OK
2020-04-27 12:38:36.224 3497 INFO rally.task.runner [-] Task 634ce557-483a-4e86-9be1-c2154884c441 | ITER: 32 START
2020-04-27 12:38:36.233 3478 INFO rally.task.runner [-] Task 634ce557-483a-4e86-9be1-c2154884c441 | ITER: 4 END: OK
2020-04-27 12:38:36.239 3478 INFO rally.task.runner [-] Task 634ce557-483a-4e86-9be1-c2154884c441 | ITER: 33 START
2020-04-27 12:38:36.692 3476 RALLYDEBUG rally_openstack.wrappers.network [-] CIDR generated: 1.1.8.252/30
2020-04-27 12:38:36.956 3515 INFO rally.task.runner [-] Task 634ce557-483a-4e86-9be1-c2154884c441 | ITER: 16 END: OK
2020-04-27 12:38:36.962 3515 INFO rally.task.runner [-] Task 634ce557-483a-4e86-9be1-c2154884c441 | ITER: 34 START
2020-04-27 12:38:37.069 3524 INFO rally.task.runner [-] Task 634ce557-483a-4e86-9be1-c2154884c441 | ITER: 20 END: OK
2020-04-27 12:38:37.075 3524 INFO rally.task.runner [-] Task 634ce557-483a-4e86-9be1-c2154884c441 | ITER: 35 START
2020-04-27 12:38:37.257 3508 INFO rally.task.runner [-] Task 634ce557-483a-4e86-9be1-c2154884c441 | ITER: 14 END: OK
2020-04-27 12:38:37.261 3508 INFO rally.task.runner [-] Task 634ce557-483a-4e86-9be1-c2154884c441 | ITER: 36 START
2020-04-27 12:38:37.747 3495 INFO rally.task.runner [-] Task 634ce557-483a-4e86-9be1-c2154884c441 | ITER: 10 END: OK
2020-04-27 12:38:37.753 3495 INFO rally.task.runner [-] Task 634ce557-483a-4e86-9be1-c2154884c441 | ITER: 37 START
2020-04-27 12:38:38.849 3497 RALLYDEBUG rally_openstack.wrappers.network [-] CIDR generated: 1.1.9.0/30
2020-04-27 12:38:39.027 3477 RALLYDEBUG rally_openstack.wrappers.network [-] CIDR generated: 1.1.9.4/30
2020-04-27 12:38:39.771 3478 RALLYDEBUG rally_openstack.wrappers.network [-] CIDR generated: 1.1.9.8/30
2020-04-27 12:38:39.929 3524 RALLYDEBUG rally_openstack.wrappers.network [-] CIDR generated: 1.1.9.12/30
2020-04-27 12:38:40.341 3515 RALLYDEBUG rally_openstack.wrappers.network [-] CIDR generated: 1.1.9.16/30
2020-04-27 12:38:40.773 3508 RALLYDEBUG rally_openstack.wrappers.network [-] CIDR generated: 1.1.9.20/30
2020-04-27 12:38:41.226 3523 INFO rally.task.runner [-] Task 634ce557-483a-4e86-9be1-c2154884c441 | ITER: 19 END: OK
2020-04-27 12:38:41.232 3523 INFO rally.task.runner [-] Task 634ce557-483a-4e86-9be1-c2154884c441 | ITER: 38 START
2020-04-27 12:38:41.258 3485 INFO rally.task.runner [-] Task 634ce557-483a-4e86-9be1-c2154884c441 | ITER: 7 END: OK
2020-04-27 12:38:41.264 3485 INFO rally.task.runner [-] Task 634ce557-483a-4e86-9be1-c2154884c441 | ITER: 39 START
2020-04-27 12:38:41.298 3489 RALLYDEBUG rally_openstack.wrappers.network [-] CIDR generated: 1.1.9.24/30
2020-04-27 12:38:41.456 3495 RALLYDEBUG rally_openstack.wrappers.network [-] CIDR generated: 1.1.9.28/30
2020-04-27 12:38:41.594 3483 INFO rally.task.runner [-] Task 634ce557-483a-4e86-9be1-c2154884c441 | ITER: 6 END: OK
2020-04-27 12:38:41.597 3483 INFO rally.task.runner [-] Task 634ce557-483a-4e86-9be1-c2154884c441 | ITER: 40 START
2020-04-27 12:38:41.646 3514 RALLYDEBUG rally_openstack.wrappers.network [-] CIDR generated: 1.1.9.32/30
2020-04-27 12:38:43.380 3501 RALLYDEBUG rally_openstack.wrappers.network [-] CIDR generated: 1.1.9.36/30
2020-04-27 12:38:44.827 3485 RALLYDEBUG rally_openstack.wrappers.network [-] CIDR generated: 1.1.9.40/30
2020-04-27 12:38:44.976 3523 RALLYDEBUG rally_openstack.wrappers.network [-] CIDR generated: 1.1.9.44/30
2020-04-27 12:38:45.059 3483 RALLYDEBUG rally_openstack.wrappers.network [-] CIDR generated: 1.1.9.48/30
2020-04-27 12:38:48.477 3476 RALLYDEBUG rally_openstack.wrappers.network [-] CIDR generated: 1.1.9.52/30
2020-04-27 12:38:50.245 3497 RALLYDEBUG rally_openstack.wrappers.network [-] CIDR generated: 1.1.9.56/30
2020-04-27 12:38:50.758 3477 RALLYDEBUG rally_openstack.wrappers.network [-] CIDR generated: 1.1.9.60/30
2020-04-27 12:38:51.000 3515 RALLYDEBUG rally_openstack.wrappers.network [-] CIDR generated: 1.1.9.64/30
2020-04-27 12:38:51.254 3524 RALLYDEBUG rally_openstack.wrappers.network [-] CIDR generated: 1.1.9.68/30
2020-04-27 12:38:51.402 3478 RALLYDEBUG rally_openstack.wrappers.network [-] CIDR generated: 1.1.9.72/30
2020-04-27 12:38:52.030 3508 RALLYDEBUG rally_openstack.wrappers.network [-] CIDR generated: 1.1.9.76/30
2020-04-27 12:38:52.588 3495 RALLYDEBUG rally_openstack.wrappers.network [-] CIDR generated: 1.1.9.80/30
2020-04-27 12:38:54.802 3485 RALLYDEBUG rally_openstack.wrappers.network [-] CIDR generated: 1.1.9.84/30
2020-04-27 12:38:54.871 3483 RALLYDEBUG rally_openstack.wrappers.network [-] CIDR generated: 1.1.9.88/30
2020-04-27 12:38:56.385 3523 RALLYDEBUG rally_openstack.wrappers.network [-] CIDR generated: 1.1.9.92/30
2020-04-27 12:40:23.305 3519 INFO rally.task.runner [-] Task 634ce557-483a-4e86-9be1-c2154884c441 | ITER: 23 END: OK
2020-04-27 12:40:24.785 3479 INFO rally.task.runner [-] Task 634ce557-483a-4e86-9be1-c2154884c441 | ITER: 22 END: OK
2020-04-27 12:40:27.960 3491 INFO rally.task.runner [-] Task 634ce557-483a-4e86-9be1-c2154884c441 | ITER: 25 END: OK
2020-04-27 12:40:27.968 3509 INFO rally.task.runner [-] Task 634ce557-483a-4e86-9be1-c2154884c441 | ITER: 28 END: OK
2020-04-27 12:40:32.644 3503 INFO rally.task.runner [-] Task 634ce557-483a-4e86-9be1-c2154884c441 | ITER: 29 END: OK
2020-04-27 12:40:39.522 3475 INFO rally.task.runner [-] Task 634ce557-483a-4e86-9be1-c2154884c441 | ITER: 21 END: OK
2020-04-27 12:40:44.535 3489 INFO rally.task.runner [-] Task 634ce557-483a-4e86-9be1-c2154884c441 | ITER: 24 END: OK
2020-04-27 12:40:45.549 3501 INFO rally.task.runner [-] Task 634ce557-483a-4e86-9be1-c2154884c441 | ITER: 27 END: OK
2020-04-27 12:40:45.561 3514 INFO rally.task.runner [-] Task 634ce557-483a-4e86-9be1-c2154884c441 | ITER: 26 END: OK
2020-04-27 12:40:49.816 3476 INFO rally.task.runner [-] Task 634ce557-483a-4e86-9be1-c2154884c441 | ITER: 30 END: OK
2020-04-27 12:40:51.437 3497 INFO rally.task.runner [-] Task 634ce557-483a-4e86-9be1-c2154884c441 | ITER: 32 END: OK
2020-04-27 12:40:51.567 3478 INFO rally.task.runner [-] Task 634ce557-483a-4e86-9be1-c2154884c441 | ITER: 33 END: OK
2020-04-27 12:40:51.605 3524 INFO rally.task.runner [-] Task 634ce557-483a-4e86-9be1-c2154884c441 | ITER: 35 END: OK
2020-04-27 12:40:51.622 3515 INFO rally.task.runner [-] Task 634ce557-483a-4e86-9be1-c2154884c441 | ITER: 34 END: OK
2020-04-27 12:40:52.185 3477 INFO rally.task.runner [-] Task 634ce557-483a-4e86-9be1-c2154884c441 | ITER: 31 END: OK
2020-04-27 12:40:52.673 3508 INFO rally.task.runner [-] Task 634ce557-483a-4e86-9be1-c2154884c441 | ITER: 36 END: OK
2020-04-27 12:40:52.677 3495 INFO rally.task.runner [-] Task 634ce557-483a-4e86-9be1-c2154884c441 | ITER: 37 END: OK
2020-04-27 12:40:53.026 3485 INFO rally.task.runner [-] Task 634ce557-483a-4e86-9be1-c2154884c441 | ITER: 39 END: OK
2020-04-27 12:40:53.038 3483 INFO rally.task.runner [-] Task 634ce557-483a-4e86-9be1-c2154884c441 | ITER: 40 END: OK
2020-04-27 12:40:53.044 3523 INFO rally.task.runner [-] Task 634ce557-483a-4e86-9be1-c2154884c441 | ITER: 38 END: OK
2020-04-27 12:40:53.062 15 INFO rally.task.context [-] Task 634ce557-483a-4e86-9be1-c2154884c441 | Context cleanup@openstack cleanup() started
2020-04-27 12:40:53.066 15 RALLYDEBUG rally_openstack.cleanup.manager [-] Cleaning up neutron vip objects
2020-04-27 12:40:53.293 15 RALLYDEBUG rally_openstack.cleanup.manager [-] Cleaning up neutron health_monitor objects
2020-04-27 12:40:53.537 15 RALLYDEBUG rally_openstack.cleanup.manager [-] Cleaning up neutron pool objects
2020-04-27 12:40:54.356 15 RALLYDEBUG rally_openstack.cleanup.manager [-] Cleaning up neutron loadbalancer objects
2020-04-27 12:40:54.544 15 RALLYDEBUG rally_openstack.cleanup.manager [-] Cleaning up neutron floatingip objects
2020-04-27 12:40:55.141 15 RALLYDEBUG rally_openstack.cleanup.manager [-] Cleaning up neutron trunk objects
2020-04-27 12:40:55.306 15 RALLYDEBUG rally_openstack.cleanup.manager [-] Cleaning up neutron port objects
2020-04-27 12:40:56.436 15 RALLYDEBUG rally_openstack.cleanup.manager [-] Cleaning up neutron subnet objects
2020-04-27 12:40:56.845 15 RALLYDEBUG rally_openstack.cleanup.manager [-] Deleting neutron.subnet object s_rally_9caabfcf_twIXZC7W (026eaf1d-d4ec-4eaa-9c91-00aa9de907bf)
2020-04-27 12:40:56.851 15 RALLYDEBUG rally_openstack.cleanup.manager [-] Deleting neutron.subnet object s_rally_9caabfcf_j2MTl8oH (0389da28-e766-4d17-b2b7-471c9d41a141)
2020-04-27 12:40:56.856 15 RALLYDEBUG rally_openstack.cleanup.manager [-] Deleting neutron.subnet object s_rally_9caabfcf_YoKc0udV (098ec2d6-7c92-4659-adba-5d9dd9b73c46)
2020-04-27 12:40:56.862 15 RALLYDEBUG rally_openstack.cleanup.manager [-] Deleting neutron.subnet object s_rally_9caabfcf_yyDrQWJa (0b7a6fac-c9b3-4d5d-a211-96da312ed79b)
2020-04-27 12:40:56.869 15 RALLYDEBUG rally_openstack.cleanup.manager [-] Deleting neutron.subnet object s_rally_9caabfcf_csqbLspQ (13b23a2b-575f-44e8-bbfb-bfa313f2702d)
2020-04-27 12:40:56.878 15 RALLYDEBUG rally_openstack.cleanup.manager [-] Deleting neutron.subnet object s_rally_9caabfcf_74PUEQ4B (15d9b06e-d1a0-44de-ac7c-7cf431b922bc)
2020-04-27 12:40:56.891 15 RALLYDEBUG rally_openstack.cleanup.manager [-] Deleting neutron.subnet object s_rally_9caabfcf_RD4TJnyM (179b93e8-3c47-4c3c-9627-4820ca55e4f0)
2020-04-27 12:40:56.897 15 RALLYDEBUG rally_openstack.cleanup.manager [-] Deleting neutron.subnet object s_rally_9caabfcf_EMovJkQm (19c4509c-d5e7-4885-9773-f701514cbcba)
2020-04-27 12:40:56.913 15 RALLYDEBUG rally_openstack.cleanup.manager [-] Deleting neutron.subnet object s_rally_9caabfcf_Kk6hJgro (1a958cb2-a1dc-4ac2-b574-be98ce065c67)
2020-04-27 12:40:56.925 15 RALLYDEBUG rally_openstack.cleanup.manager [-] Deleting neutron.subnet object s_rally_9caabfcf_TNBUrELh (1a98d4e3-5b2d-4386-a2a3-e8219600c33f)
2020-04-27 12:40:56.934 15 RALLYDEBUG rally_openstack.cleanup.manager [-] Deleting neutron.subnet object s_rally_9caabfcf_PUgMdkeP (20006760-0bd6-4ef3-b914-dc9d825b8010)
2020-04-27 12:40:56.940 15 RALLYDEBUG rally_openstack.cleanup.manager [-] Deleting neutron.subnet object s_rally_9caabfcf_OmnWS6IU (2360b57f-fce8-41b5-935f-81fbd2658972)
2020-04-27 12:40:56.959 15 RALLYDEBUG rally_openstack.cleanup.manager [-] Deleting neutron.subnet object s_rally_9caabfcf_j59equXB (25a5a1b4-38a7-49c9-a8a5-ae548e1df14a)
2020-04-27 12:40:56.968 15 RALLYDEBUG rally_openstack.cleanup.manager [-] Deleting neutron.subnet object s_rally_9caabfcf_hDY4zTOa (262216f6-f132-4898-b1ef-82f00d59ddaa)
2020-04-27 12:40:56.983 15 RALLYDEBUG rally_openstack.cleanup.manager [-] Deleting neutron.subnet object s_rally_9caabfcf_6spysrLa (2d262243-0794-498d-a44a-7037201518c3)
2020-04-27 12:40:56.988 15 RALLYDEBUG rally_openstack.cleanup.manager [-] Deleting neutron.subnet object s_rally_9caabfcf_3MtAh47c (30040708-98c8-465f-9fb2-43427d82b8d3)
2020-04-27 12:40:56.992 15 RALLYDEBUG rally_openstack.cleanup.manager [-] Deleting neutron.subnet object s_rally_9caabfcf_pD5Rr1Ge (35f15638-27ae-4209-8a0d-c5c62efe75ae)
2020-04-27 12:40:56.998 15 RALLYDEBUG rally_openstack.cleanup.manager [-] Deleting neutron.subnet object s_rally_9caabfcf_IBZrA9rY (337b0aa5-ebce-4a7a-ace9-8acd777e2543)
2020-04-27 12:40:57.015 15 RALLYDEBUG rally_openstack.cleanup.manager [-] Deleting neutron.subnet object s_rally_9caabfcf_Z1XVms1C (3735e795-769f-4734-a32e-f8f4b7a7278c)
2020-04-27 12:40:57.033 15 RALLYDEBUG rally_openstack.cleanup.manager [-] Deleting neutron.subnet object s_rally_9caabfcf_vYkwDqtM (437bdd48-8e02-485b-8434-cc7ae40e148a)
2020-04-27 12:41:06.506 15 RALLYDEBUG rally_openstack.cleanup.manager [-] Deleting neutron.subnet object s_rally_9caabfcf_xP0FK32h (44fa7428-19b9-4859-a078-ad443df3c2d3)
2020-04-27 12:41:06.658 15 RALLYDEBUG rally_openstack.cleanup.manager [-] Deleting neutron.subnet object s_rally_9caabfcf_Rmirynfk (47049c0c-dc79-4869-a905-815dd3dc7a5f)
2020-04-27 12:41:06.887 15 RALLYDEBUG rally_openstack.cleanup.manager [-] Deleting neutron.subnet object s_rally_9caabfcf_SRoa8bGI (4868f27f-fccd-43f2-a370-4640e45a49fb)
2020-04-27 12:41:06.918 15 RALLYDEBUG rally_openstack.cleanup.manager [-] Deleting neutron.subnet object s_rally_9caabfcf_RuMZZXgP (4bcbff11-b3f7-4d82-96bc-79d483170214)
2020-04-27 12:41:06.940 15 RALLYDEBUG rally_openstack.cleanup.manager [-] Deleting neutron.subnet object s_rally_9caabfcf_nXyOwDYd (4ebe6bd4-37fa-468e-8284-e078f3f0e48a)
2020-04-27 12:41:06.993 15 RALLYDEBUG rally_openstack.cleanup.manager [-] Deleting neutron.subnet object s_rally_9caabfcf_ps80181E (521cf2f1-e73e-4fee-a27c-315b2fedcc92)
2020-04-27 12:41:11.086 15 RALLYDEBUG rally_openstack.cleanup.manager [-] Deleting neutron.subnet object s_rally_9caabfcf_rios2fAc (53df083b-9ab9-4f15-8163-b5b9aea824bb)
2020-04-27 12:41:12.649 15 RALLYDEBUG rally_openstack.cleanup.manager [-] Deleting neutron.subnet object s_rally_9caabfcf_yN3Vp2oR (5a21525e-4498-4129-a8a4-240e28589389)
2020-04-27 12:41:14.647 15 RALLYDEBUG rally_openstack.cleanup.manager [-] Deleting neutron.subnet object s_rally_9caabfcf_klUKT89R (5b636916-7ac5-44ed-a037-b1910d31ff0a)
2020-04-27 12:41:14.820 15 RALLYDEBUG rally_openstack.cleanup.manager [-] Deleting neutron.subnet object s_rally_9caabfcf_qozn6QFH (5b993488-df88-4ed7-8a2a-963416c7365f)
2020-04-27 12:41:18.081 15 RALLYDEBUG rally_openstack.cleanup.manager [-] Deleting neutron.subnet object s_rally_9caabfcf_SBjVXjFp (5e91880d-9951-4e36-bc17-c27829714b89)
2020-04-27 12:41:18.365 15 RALLYDEBUG rally_openstack.cleanup.manager [-] Deleting neutron.subnet object s_rally_9caabfcf_XauJKdp1 (61bda7a7-419b-4f94-97bc-de3753869b20)
2020-04-27 12:41:19.064 15 RALLYDEBUG rally_openstack.cleanup.manager [-] Deleting neutron.subnet object s_rally_9caabfcf_af8Qh46o (64c6aba2-6785-4b24-978e-a9eba05bbeb5)
2020-04-27 12:41:19.180 15 RALLYDEBUG rally_openstack.cleanup.manager [-] Deleting neutron.subnet object s_rally_9caabfcf_QGsQgmnU (67822086-2e78-4558-a67a-f6f119dd9505)
2020-04-27 12:41:19.245 15 RALLYDEBUG rally_openstack.cleanup.manager [-] Deleting neutron.subnet object s_rally_9caabfcf_PCiH0wlH (6b9b0013-1d3f-421c-b179-d6cd08e866f8)
2020-04-27 12:41:19.544 15 RALLYDEBUG rally_openstack.cleanup.manager [-] Deleting neutron.subnet object s_rally_9caabfcf_liEqFfrt (6dc6de65-cb49-441e-88a4-99bb9f4492f9)
2020-04-27 12:41:19.719 15 RALLYDEBUG rally_openstack.cleanup.manager [-] Deleting neutron.subnet object s_rally_9caabfcf_EMbgwDRo (725b979b-9f41-4145-a3f2-09537fc94a02)
2020-04-27 12:41:19.800 15 RALLYDEBUG rally_openstack.cleanup.manager [-] Deleting neutron.subnet object s_rally_9caabfcf_El0BxCWF (725f5a0c-4760-4318-93d3-3cc06e77c07a)
2020-04-27 12:41:19.848 15 RALLYDEBUG rally_openstack.cleanup.manager [-] Deleting neutron.subnet object s_rally_9caabfcf_QWDVreQJ (747da337-4574-4097-b6a3-c39af2c7b07d)
2020-04-27 12:41:19.871 15 RALLYDEBUG rally_openstack.cleanup.manager [-] Deleting neutron.subnet object s_rally_9caabfcf_n19GnVQH (75058719-5e19-4362-9639-ff6b5c8feed1)
2020-04-27 12:41:20.752 15 RALLYDEBUG rally_openstack.cleanup.manager [-] Deleting neutron.subnet object s_rally_9caabfcf_Gm60Pu4n (75218ac9-e5e1-4371-8b2a-e3433f533102)
2020-04-27 12:41:20.830 15 RALLYDEBUG rally_openstack.cleanup.manager [-] Deleting neutron.subnet object s_rally_9caabfcf_wshWLdkp (797aacfb-51dc-4e1f-b70f-91295f8dda29)
2020-04-27 12:41:21.030 15 RALLYDEBUG rally_openstack.cleanup.manager [-] Deleting neutron.subnet object s_rally_9caabfcf_gGBYUP9U (7edc53bc-11eb-45bd-abc2-5ba3a025691d)
2020-04-27 12:41:21.051 15 RALLYDEBUG rally_openstack.cleanup.manager [-] Deleting neutron.subnet object s_rally_9caabfcf_j1UwTM6Z (8148e38c-d73a-4e03-95cc-b74137ab3c21)
2020-04-27 12:41:21.078 15 RALLYDEBUG rally_openstack.cleanup.manager [-] Deleting neutron.subnet object s_rally_9caabfcf_xyy01pEr (8775fe9d-a12c-41fd-8889-c99893744d4e)
2020-04-27 12:41:21.745 15 RALLYDEBUG rally_openstack.cleanup.manager [-] Deleting neutron.subnet object s_rally_9caabfcf_Pc52voaZ (8d4e3716-ab8c-4722-a3a3-23b026797f4d)
2020-04-27 12:41:24.409 15 RALLYDEBUG rally_openstack.cleanup.manager [-] Deleting neutron.subnet object s_rally_9caabfcf_oyYOwJsf (94936968-055f-4b5d-89a6-4ba3ca0317ce)
2020-04-27 12:41:27.912 15 RALLYDEBUG rally_openstack.cleanup.manager [-] Deleting neutron.subnet object s_rally_9caabfcf_eQBeOVnC (94abcee3-a5c3-4491-b8f5-45c8691b567e)
2020-04-27 12:41:27.915 15 RALLYDEBUG rally_openstack.cleanup.manager [-] Deleting neutron.subnet object s_rally_9caabfcf_YLHxFzCh (9a602564-f0f0-49b7-939b-990b91006096)
2020-04-27 12:41:28.046 15 RALLYDEBUG rally_openstack.cleanup.manager [-] Deleting neutron.subnet object s_rally_9caabfcf_j6RKml33 (a0661391-e3df-47f0-bc5c-97ce8876acd4)
2020-04-27 12:41:30.873 15 RALLYDEBUG rally_openstack.cleanup.manager [-] Deleting neutron.subnet object s_rally_9caabfcf_39EmvKd3 (a27ad13d-afac-4648-ad59-73cdfd22796d)
2020-04-27 12:41:30.909 15 RALLYDEBUG rally_openstack.cleanup.manager [-] Deleting neutron.subnet object s_rally_9caabfcf_ADhyFPvw (a4c861bb-40bf-4511-9c87-9f643da2cb68)
2020-04-27 12:41:32.608 15 RALLYDEBUG rally_openstack.cleanup.manager [-] Deleting neutron.subnet object s_rally_9caabfcf_eaWDZWAh (aa4559c2-eda8-4d07-99e6-d452346c127a)
2020-04-27 12:41:32.625 15 RALLYDEBUG rally_openstack.cleanup.manager [-] Deleting neutron.subnet object s_rally_9caabfcf_FeIX1Oog (ad08bc29-1948-4180-b6dc-de9cd8388cbc)
2020-04-27 12:41:32.966 15 RALLYDEBUG rally_openstack.cleanup.manager [-] Deleting neutron.subnet object s_rally_9caabfcf_4sWDKcam (aed64315-203e-4d2f-b35d-fcf56cefd8f3)
2020-04-27 12:41:33.920 15 RALLYDEBUG rally_openstack.cleanup.manager [-] Deleting neutron.subnet object s_rally_9caabfcf_zSyCksfs (af1bc338-68ef-44b7-9bbf-43a19905ed3c)
2020-04-27 12:41:33.981 15 RALLYDEBUG rally_openstack.cleanup.manager [-] Deleting neutron.subnet object s_rally_9caabfcf_aNhebMTV (b81c2b60-6d87-4085-ad1a-47d20a99fdc7)
2020-04-27 12:41:34.540 15 RALLYDEBUG rally_openstack.cleanup.manager [-] Deleting neutron.subnet object s_rally_9caabfcf_VwkHt0YB (bc4390bc-1a30-4ab4-8922-788cc4b7a2d8)
2020-04-27 12:41:34.761 15 RALLYDEBUG rally_openstack.cleanup.manager [-] Deleting neutron.subnet object s_rally_9caabfcf_49FPEo59 (be17e70c-8494-48de-a8b6-7faa47ad8306)
2020-04-27 12:41:35.380 15 RALLYDEBUG rally_openstack.cleanup.manager [-] Deleting neutron.subnet object s_rally_9caabfcf_IaTfkiCo (c3b88a57-8a4a-484a-a4ed-77129c80c7c4)
2020-04-27 12:41:35.392 15 RALLYDEBUG rally_openstack.cleanup.manager [-] Deleting neutron.subnet object s_rally_9caabfcf_6OYqPLBZ (c6353cad-3bde-4153-aca5-cb26a786c554)
2020-04-27 12:41:35.731 15 RALLYDEBUG rally_openstack.cleanup.manager [-] Deleting neutron.subnet object s_rally_9caabfcf_jQBGCTcH (c71f1711-87dd-4461-8800-47a67f6270db)
2020-04-27 12:41:37.874 15 RALLYDEBUG rally_openstack.cleanup.manager [-] Deleting neutron.subnet object s_rally_9caabfcf_wOlyK5qj (c820cd35-4492-4053-bb75-62f14c5298e3)
2020-04-27 12:41:37.891 15 RALLYDEBUG rally_openstack.cleanup.manager [-] Deleting neutron.subnet object s_rally_9caabfcf_gKXjlbsV (cd2b8617-50cd-4cc1-bddf-aeae890f4295)
2020-04-27 12:41:39.088 15 RALLYDEBUG rally_openstack.cleanup.manager [-] Deleting neutron.subnet object s_rally_9caabfcf_Bqb1uJUE (d6ed2a09-9ced-42d3-a125-8da385883e51)
2020-04-27 12:41:39.393 15 RALLYDEBUG rally_openstack.cleanup.manager [-] Deleting neutron.subnet object s_rally_9caabfcf_rCVqezYj (d728eaaf-b56e-4bb9-b191-022d1939e88e)
2020-04-27 12:41:41.397 15 RALLYDEBUG rally_openstack.cleanup.manager [-] Deleting neutron.subnet object s_rally_9caabfcf_EiVL30Zq (d7d68b08-b23b-4c57-9950-22519db5fc44)
2020-04-27 12:41:41.760 15 RALLYDEBUG rally_openstack.cleanup.manager [-] Deleting neutron.subnet object s_rally_9caabfcf_saoZLeZ3 (daecdaed-ae68-47c2-b94e-f1096e1ea89c)
2020-04-27 12:41:41.821 15 RALLYDEBUG rally_openstack.cleanup.manager [-] Deleting neutron.subnet object s_rally_9caabfcf_Y17E6UvY (db9b0b23-e74a-4324-89cd-f5bdf2c7126f)
2020-04-27 12:41:42.647 15 RALLYDEBUG rally_openstack.cleanup.manager [-] Deleting neutron.subnet object s_rally_9caabfcf_AB0dgaGO (dce500f3-a3ba-4572-bf1b-2f32f54f2ec5)
2020-04-27 12:41:45.116 15 RALLYDEBUG rally_openstack.cleanup.manager [-] Deleting neutron.subnet object s_rally_9caabfcf_WexFtujR (e0519b71-88e4-42fe-9c75-fe3c165413bf)
2020-04-27 12:41:45.316 15 RALLYDEBUG rally_openstack.cleanup.manager [-] Deleting neutron.subnet object s_rally_9caabfcf_H5R012Tm (e296f4c1-d274-4196-aa8d-d94af23b18b2)
2020-04-27 12:41:45.633 15 RALLYDEBUG rally_openstack.cleanup.manager [-] Deleting neutron.subnet object s_rally_9caabfcf_9NKZPcR2 (e40e3320-a340-4dd9-9b04-cf50b714ae89)
2020-04-27 12:41:47.802 15 RALLYDEBUG rally_openstack.cleanup.manager [-] Deleting neutron.subnet object s_rally_9caabfcf_cNufZRUm (e79df0bf-db6e-469f-ba17-79fed96534f6)
2020-04-27 12:41:48.085 15 RALLYDEBUG rally_openstack.cleanup.manager [-] Deleting neutron.subnet object s_rally_9caabfcf_eMr9uaY7 (e80ca0da-9646-4cbb-87ff-0813a1a8efe9)
2020-04-27 12:41:48.336 15 RALLYDEBUG rally_openstack.cleanup.manager [-] Deleting neutron.subnet object s_rally_9caabfcf_cIjjYCRP (ebdd9d87-7db0-446c-b6f4-d2f87d2111e7)
2020-04-27 12:41:48.791 15 RALLYDEBUG rally_openstack.cleanup.manager [-] Deleting neutron.subnet object s_rally_9caabfcf_CYGRTbtX (f00ecc7e-8e02-4218-9e80-a4d2e683a489)
2020-04-27 12:41:48.865 15 RALLYDEBUG rally_openstack.cleanup.manager [-] Deleting neutron.subnet object s_rally_9caabfcf_4WQKgywi (f1a0981b-c0bf-44f9-be3a-8fe2fca51385)
2020-04-27 12:41:50.992 15 RALLYDEBUG rally_openstack.cleanup.manager [-] Deleting neutron.subnet object s_rally_9caabfcf_HV4CniXd (fcb3d6b8-ece3-4bcc-ae44-9c00b47ddeba)
2020-04-27 12:41:51.918 15 RALLYDEBUG rally_openstack.cleanup.manager [-] Deleting neutron.subnet object s_rally_9caabfcf_cFojUAV9 (fe8fab1d-afaa-48ae-a661-5313b00c8562)
2020-04-27 12:41:59.350 15 RALLYDEBUG rally_openstack.cleanup.manager [-] Cleaning up neutron network objects
2020-04-27 12:42:00.803 15 RALLYDEBUG rally_openstack.cleanup.manager [-] Deleting neutron.network object s_rally_9caabfcf_GoDYQW9F (060ba669-79cb-4f3d-92d0-d5711e57044c)
2020-04-27 12:42:00.810 15 RALLYDEBUG rally_openstack.cleanup.manager [-] Deleting neutron.network object s_rally_9caabfcf_VizaUXB2 (0f893adb-e00e-4be2-b3a9-f6e80f24d4ed)
2020-04-27 12:42:00.820 15 RALLYDEBUG rally_openstack.cleanup.manager [-] Deleting neutron.network object s_rally_9caabfcf_kjDli7tR (13005b4c-53d9-4311-9393-fe02d5ef87dc)
2020-04-27 12:42:00.825 15 RALLYDEBUG rally_openstack.cleanup.manager [-] Deleting neutron.network object s_rally_9caabfcf_t5CxY0mL (1768d413-a58b-49d0-92b9-07d55ff6c427)
2020-04-27 12:42:00.835 15 RALLYDEBUG rally_openstack.cleanup.manager [-] Deleting neutron.network object s_rally_9caabfcf_jWI53Bvy (1a164328-925c-4a64-a091-0928f2ac96a6)
2020-04-27 12:42:00.838 15 RALLYDEBUG rally_openstack.cleanup.manager [-] Deleting neutron.network object s_rally_9caabfcf_jPoLhrVj (1c3e5e29-023f-443b-aa30-bd0a5f274691)
2020-04-27 12:42:00.853 15 RALLYDEBUG rally_openstack.cleanup.manager [-] Deleting neutron.network object s_rally_9caabfcf_GpFY3ajr (27732eed-4b58-4750-a523-fa54ad2fe039)
2020-04-27 12:42:00.854 15 RALLYDEBUG rally_openstack.cleanup.manager [-] Deleting neutron.network object s_rally_9caabfcf_AnItQCHC (267c56de-cd93-434a-8dcc-19487baf2fce)
2020-04-27 12:42:00.861 15 RALLYDEBUG rally_openstack.cleanup.manager [-] Deleting neutron.network object s_rally_9caabfcf_oRgVelwT (3d55931d-ee44-4d27-bb0d-9104714fb9a3)
2020-04-27 12:42:00.875 15 RALLYDEBUG rally_openstack.cleanup.manager [-] Deleting neutron.network object s_rally_9caabfcf_zEUhOAbI (52a391f5-c865-456a-8e19-1549b9a9307a)
2020-04-27 12:42:00.879 15 RALLYDEBUG rally_openstack.cleanup.manager [-] Deleting neutron.network object s_rally_9caabfcf_CVQiqC7T (57a2af63-6528-4d2b-a0a8-18a916152932)
2020-04-27 12:42:00.884 15 RALLYDEBUG rally_openstack.cleanup.manager [-] Deleting neutron.network object s_rally_9caabfcf_kZb1OB9w (5c924e48-bcc4-4919-a747-6079a0e7509e)
2020-04-27 12:42:00.892 15 RALLYDEBUG rally_openstack.cleanup.manager [-] Deleting neutron.network object s_rally_9caabfcf_JCTFdLpD (5d186268-88ca-46b3-a053-5f3f68646702)
2020-04-27 12:42:00.897 15 RALLYDEBUG rally_openstack.cleanup.manager [-] Deleting neutron.network object s_rally_9caabfcf_WTMj4YSF (64f93499-6517-414d-90c9-874fb6603961)
2020-04-27 12:42:00.910 15 RALLYDEBUG rally_openstack.cleanup.manager [-] Deleting neutron.network object s_rally_9caabfcf_xDWT4ad7 (65049cf2-986f-4366-b67d-d70e8b022978)
2020-04-27 12:42:00.917 15 RALLYDEBUG rally_openstack.cleanup.manager [-] Deleting neutron.network object s_rally_9caabfcf_861gvrzJ (6b6e813c-f877-4814-89d6-812dffea992d)
2020-04-27 12:42:00.924 15 RALLYDEBUG rally_openstack.cleanup.manager [-] Deleting neutron.network object s_rally_9caabfcf_gFMSv5Ov (7250d05e-7739-4427-90c0-dfedc83a0a82)
2020-04-27 12:42:00.931 15 RALLYDEBUG rally_openstack.cleanup.manager [-] Deleting neutron.network object s_rally_9caabfcf_HVU4LShm (72b58901-b112-40b6-98fc-9226ad165512)
2020-04-27 12:42:00.958 15 RALLYDEBUG rally_openstack.cleanup.manager [-] Deleting neutron.network object s_rally_9caabfcf_X1J3sDAf (731718f0-7e25-4255-8fc2-6877988dc5f4)
2020-04-27 12:42:00.959 15 RALLYDEBUG rally_openstack.cleanup.manager [-] Deleting neutron.network object s_rally_9caabfcf_8ReBPllz (7324a01d-ca6a-4468-a260-72e64ab0ed09)
2020-04-27 12:42:08.840 15 RALLYDEBUG rally_openstack.cleanup.manager [-] Deleting neutron.network object s_rally_9caabfcf_O3x2PKW9 (7559c5e1-83f9-472b-995a-5aa954d87586)
2020-04-27 12:42:08.930 15 RALLYDEBUG rally_openstack.cleanup.manager [-] Deleting neutron.network object s_rally_9caabfcf_TYX63mIm (76d200cd-da18-495f-b183-28268152eddc)
2020-04-27 12:42:08.969 15 RALLYDEBUG rally_openstack.cleanup.manager [-] Deleting neutron.network object s_rally_9caabfcf_994vzdm4 (77cbae92-d202-4d13-9258-119120bcd64a)
2020-04-27 12:42:08.989 15 RALLYDEBUG rally_openstack.cleanup.manager [-] Deleting neutron.network object s_rally_9caabfcf_ooE5ovQH (80ec152b-5139-4fd8-9593-588f05d4f42b)
2020-04-27 12:42:09.327 15 RALLYDEBUG rally_openstack.cleanup.manager [-] Deleting neutron.network object s_rally_9caabfcf_cFEuksNe (816407ea-f28a-435a-876c-446030ec0191)
2020-04-27 12:42:09.340 15 RALLYDEBUG rally_openstack.cleanup.manager [-] Deleting neutron.network object s_rally_9caabfcf_QmuOApTl (8cd68c7f-df67-4072-bdd7-a09a1a08adc9)
2020-04-27 12:42:10.879 15 RALLYDEBUG rally_openstack.cleanup.manager [-] Deleting neutron.network object s_rally_9caabfcf_7nT2inSM (917fef8c-640a-4cd5-959f-223027185dc7)
2020-04-27 12:42:11.710 15 RALLYDEBUG rally_openstack.cleanup.manager [-] Deleting neutron.network object s_rally_9caabfcf_o3UlrBzP (925a8798-99da-4c03-816a-dc13c870ba52)
2020-04-27 12:42:12.016 15 RALLYDEBUG rally_openstack.cleanup.manager [-] Deleting neutron.network object s_rally_9caabfcf_AXt6hPMo (964777e1-56b7-4ce8-892e-cd515781e12d)
2020-04-27 12:42:12.020 15 RALLYDEBUG rally_openstack.cleanup.manager [-] Deleting neutron.network object s_rally_9caabfcf_eTciIjpt (ab7eb429-a7e5-431b-bd62-d419767c8043)
2020-04-27 12:42:12.027 15 RALLYDEBUG rally_openstack.cleanup.manager [-] Deleting neutron.network object s_rally_9caabfcf_80eDYXih (b05dde9b-90fd-414d-8045-4dafda9514a2)
2020-04-27 12:42:12.111 15 RALLYDEBUG rally_openstack.cleanup.manager [-] Deleting neutron.network object s_rally_9caabfcf_cQDjgE6Z (daafb54a-646e-45e3-9328-069c4aaa0439)
2020-04-27 12:42:12.114 15 RALLYDEBUG rally_openstack.cleanup.manager [-] Deleting neutron.network object s_rally_9caabfcf_9mixXtYC (b97c80da-1a00-44d5-b6fd-61b707cdf750)
2020-04-27 12:42:12.114 15 RALLYDEBUG rally_openstack.cleanup.manager [-] Deleting neutron.network object s_rally_9caabfcf_uohGdjSC (b58bdcf0-b4bf-429a-8c32-5cc9c101b023)
2020-04-27 12:42:12.124 15 RALLYDEBUG rally_openstack.cleanup.manager [-] Deleting neutron.network object s_rally_9caabfcf_epLJJVD0 (e0b334e0-1bb2-428c-bea1-482e3a9ddecd)
2020-04-27 12:42:12.128 15 RALLYDEBUG rally_openstack.cleanup.manager [-] Deleting neutron.network object s_rally_9caabfcf_CMNNPrDz (e929d6ef-7d41-42e0-9b5e-e0dbd4ee7c53)
2020-04-27 12:42:12.133 15 RALLYDEBUG rally_openstack.cleanup.manager [-] Deleting neutron.network object s_rally_9caabfcf_eq8FB7tk (db7345de-e9cd-4d02-a9aa-0a21e7b1539a)
2020-04-27 12:42:12.133 15 RALLYDEBUG rally_openstack.cleanup.manager [-] Deleting neutron.network object s_rally_9caabfcf_usmfYjy0 (b6bbd6ee-c4b9-4143-a73d-cce598f6a4ea)
2020-04-27 12:42:12.137 15 RALLYDEBUG rally_openstack.cleanup.manager [-] Deleting neutron.network object s_rally_9caabfcf_viUaOCJQ (ddfa7ca9-bbcf-4120-8c0a-9c63e983eab5)
2020-04-27 12:42:12.147 15 RALLYDEBUG rally_openstack.cleanup.manager [-] Deleting neutron.network object s_rally_9caabfcf_0jo0Uh0V (f022ae54-9ccc-4d5b-8936-bd4fb3fde08d)
2020-04-27 12:42:19.276 15 RALLYDEBUG rally_openstack.cleanup.manager [-] Cleaning up neutron router objects
2020-04-27 12:42:20.181 15 RALLYDEBUG rally_openstack.cleanup.manager [-] Cleaning up neutron security_group objects
2020-04-27 12:42:20.521 15 INFO rally.task.context [-] Task 634ce557-483a-4e86-9be1-c2154884c441 | Context cleanup@openstack cleanup() finished in 1.46 min
2020-04-27 12:42:20.522 15 INFO rally.task.context [-] Task 634ce557-483a-4e86-9be1-c2154884c441 | Context quotas@openstack cleanup() started
2020-04-27 12:42:20.897 15 INFO rally.task.context [-] Task 634ce557-483a-4e86-9be1-c2154884c441 | Context quotas@openstack cleanup() finished in 0.37 sec
2020-04-27 12:42:20.897 15 INFO rally.task.context [-] Task 634ce557-483a-4e86-9be1-c2154884c441 | Context users@openstack cleanup() started
2020-04-27 12:42:22.312 15 INFO rally.task.context [-] Task 634ce557-483a-4e86-9be1-c2154884c441 | Context users@openstack cleanup() finished in 1.41 sec
2020-04-27 12:42:23.617 15 INFO rally.task.engine [-] Load duration is: 298.98973
2020-04-27 12:42:23.618 15 INFO rally.task.engine [-] Full runner duration is: 299.03004
2020-04-27 12:42:23.618 15 INFO rally.task.engine [-] Full duration is: 390.012181
2020-04-27 12:42:23.715 15 INFO rally.task.engine [-] Running workload: position = 0 config = { "version": 2, "title": "A cropped version of a bigger task.", "description": "Auto-generated task from a single workload (uuid=64340d7e-2a07-443b-95a2-aaf80434c913)", "subtasks": [ { "title": "NeutronNetworks.create_and_list_ports", "description": "Check performance of list ports action and ensure > network quotas are not exceeded", "scenario": { "NeutronNetworks.create_and_list_ports": { "network_create_args": null, "port_create_args": null, "ports_per_network": 50 } }, "contexts": { "users": { "tenants": 1, "users_per_tenant": 1 }, "quotas": { "neutron": { "network": -1, "subnet": -1, "router": -1, "port": 811 } } }, "runner": { "constant": { "times": 8, "concurrency": 4 } }, "hooks": [], "sla": { "max_avg_duration_per_atomic": { "neutron.list_ports": 15 }, "failure_rate": { "max": 0 } } } ] }
2020-04-27 12:42:23.740 15 RALLYDEBUG rally_openstack.contexts.keystone.users [-] Creating 1 tenants using 20 threads
2020-04-27 12:42:24.151 15 RALLYDEBUG rally_openstack.contexts.keystone.users [-] Creating 1 users using 20 threads
2020-04-27 12:42:24.738 15 INFO rally.task.context [-] Task 634ce557-483a-4e86-9be1-c2154884c441 | Context users@openstack setup() finished in 1.00 sec
2020-04-27 12:42:25.040 15 INFO rally.task.context [-] Task 634ce557-483a-4e86-9be1-c2154884c441 | Context quotas@openstack setup() finished in 0.30 sec
2020-04-27 12:42:25.040 15 INFO rally.task.context [-] Task 634ce557-483a-4e86-9be1-c2154884c441 | Context cleanup@openstack setup() finished in 0.02 msec
2020-04-27 12:42:25.048 15 RALLYDEBUG rally.task.runner [-] Starting the constant runner (task UUID: 634ce557-483a-4e86-9be1-c2154884c441). timeout: 0 concurrency: 4 concurrency_per_worker: 1 times: 8 concurrency_overhead: 0 processes_to_start: 4 max_cpu_used: 88
2020-04-27 12:42:25.062 3877 RALLYDEBUG rally.task.runner [-] Starting a worker. concurrency: 1 args: {"network_create_args": null, "port_create_args": null, "ports_per_network": 50} times: 8 method_name: run timeout: 0 duration: None cls:
2020-04-27 12:42:25.064 3878 RALLYDEBUG rally.task.runner [-] Starting a worker. concurrency: 1 args: {"network_create_args": null, "port_create_args": null, "ports_per_network": 50} times: 8 method_name: run timeout: 0 duration: None cls:
2020-04-27 12:42:25.067 3879 RALLYDEBUG rally.task.runner [-] Starting a worker. concurrency: 1 args: {"network_create_args": null, "port_create_args": null, "ports_per_network": 50} times: 8 method_name: run timeout: 0 duration: None cls:
2020-04-27 12:42:25.068 3877 INFO rally.task.runner [-] Task 634ce557-483a-4e86-9be1-c2154884c441 | ITER: 1 START
2020-04-27 12:42:25.069 3877 WARNING rally_openstack.scenarios.neutron.utils [-] Running this scenario without either the 'network' or 'existing_network' context is deprecated
2020-04-27 12:42:25.069 3878 INFO rally.task.runner [-] Task 634ce557-483a-4e86-9be1-c2154884c441 | ITER: 2 START
2020-04-27 12:42:25.070 3878 WARNING rally_openstack.scenarios.neutron.utils [-] Running this scenario without either the 'network' or 'existing_network' context is deprecated
2020-04-27 12:42:25.073 3879 INFO rally.task.runner [-] Task 634ce557-483a-4e86-9be1-c2154884c441 | ITER: 3 START
2020-04-27 12:42:25.074 3880 RALLYDEBUG rally.task.runner [-] Starting a worker. concurrency: 1 args: {"network_create_args": null, "port_create_args": null, "ports_per_network": 50} times: 8 method_name: run timeout: 0 duration: None cls:
2020-04-27 12:42:25.074 3879 WARNING rally_openstack.scenarios.neutron.utils [-] Running this scenario without either the 'network' or 'existing_network' context is deprecated
2020-04-27 12:42:25.078 3880 INFO rally.task.runner [-] Task 634ce557-483a-4e86-9be1-c2154884c441 | ITER: 4 START
2020-04-27 12:42:25.079 3880 WARNING rally_openstack.scenarios.neutron.utils [-] Running this scenario without either the 'network' or 'existing_network' context is deprecated
2020-04-27 12:43:54.541 3878 INFO rally.task.runner [-] Task 634ce557-483a-4e86-9be1-c2154884c441 | ITER: 2 END: OK
2020-04-27 12:43:54.545 3878 INFO rally.task.runner [-] Task 634ce557-483a-4e86-9be1-c2154884c441 | ITER: 5 START
2020-04-27 12:43:54.546 3878 WARNING rally_openstack.scenarios.neutron.utils [-] Running this scenario without either the 'network' or 'existing_network' context is deprecated
2020-04-27 12:43:55.049 3880 INFO rally.task.runner [-] Task 634ce557-483a-4e86-9be1-c2154884c441 | ITER: 4 END: OK
2020-04-27 12:43:55.053 3880 INFO rally.task.runner [-] Task 634ce557-483a-4e86-9be1-c2154884c441 | ITER: 6 START
2020-04-27 12:43:55.054 3880 WARNING rally_openstack.scenarios.neutron.utils [-] Running this scenario without either the 'network' or 'existing_network' context is deprecated
2020-04-27 12:44:08.566 3879 INFO rally.task.runner [-] Task 634ce557-483a-4e86-9be1-c2154884c441 | ITER: 3 END: OK
2020-04-27 12:44:08.571 3879 INFO rally.task.runner [-] Task 634ce557-483a-4e86-9be1-c2154884c441 | ITER: 7 START
2020-04-27 12:44:08.572 3879 WARNING rally_openstack.scenarios.neutron.utils [-] Running this scenario without either the 'network' or 'existing_network' context is deprecated
2020-04-27 12:44:10.945 3877 INFO rally.task.runner [-] Task 634ce557-483a-4e86-9be1-c2154884c441 | ITER: 1 END: OK
2020-04-27 12:44:10.950 3877 INFO rally.task.runner [-] Task 634ce557-483a-4e86-9be1-c2154884c441 | ITER: 8 START
2020-04-27 12:44:10.951 3877 WARNING rally_openstack.scenarios.neutron.utils [-] Running this scenario without either the 'network' or 'existing_network' context is deprecated
2020-04-27 12:45:38.569 3880 INFO rally.task.runner [-] Task 634ce557-483a-4e86-9be1-c2154884c441 | ITER: 6 END: OK
2020-04-27 12:46:14.467 3879 INFO rally.task.runner [-] Task 634ce557-483a-4e86-9be1-c2154884c441 | ITER: 7 END: OK
2020-04-27 12:46:41.405 3878 INFO rally.task.runner [-] Task 634ce557-483a-4e86-9be1-c2154884c441 | ITER: 5 END: OK
2020-04-27 12:46:48.145 3877 INFO rally.task.runner [-] Task 634ce557-483a-4e86-9be1-c2154884c441 | ITER: 8 END: OK
2020-04-27 12:46:48.172 15 INFO rally.task.context [-] Task 634ce557-483a-4e86-9be1-c2154884c441 | Context cleanup@openstack cleanup() started
2020-04-27 12:46:48.177 15 RALLYDEBUG rally_openstack.cleanup.manager [-] Cleaning up neutron vip objects
2020-04-27 12:46:48.450 15 RALLYDEBUG rally_openstack.cleanup.manager [-] Cleaning up neutron health_monitor objects
2020-04-27 12:46:48.580 15 RALLYDEBUG rally_openstack.cleanup.manager [-] Cleaning up neutron pool objects
2020-04-27 12:46:48.719 15 RALLYDEBUG rally_openstack.cleanup.manager [-] Cleaning up neutron loadbalancer objects
2020-04-27 12:46:48.885 15 RALLYDEBUG rally_openstack.cleanup.manager [-] Cleaning up neutron floatingip objects
2020-04-27 12:46:49.105 15 RALLYDEBUG rally_openstack.cleanup.manager [-] Cleaning up neutron trunk objects
2020-04-27 12:46:49.402 15 RALLYDEBUG rally_openstack.cleanup.manager [-] Cleaning up neutron port objects
2020-04-27 12:46:50.949 15 RALLYDEBUG rally_openstack.cleanup.manager [-] Deleting neutron.port object s_rally_64340d7e_Oz4k3G1c (01580f3e-9938-41eb-b380-cc4496e2c738)
2020-04-27 12:46:50.950 15 RALLYDEBUG rally_openstack.cleanup.manager [-] Deleting neutron.port object s_rally_64340d7e_yly6qGm4 (014a52be-9b52-46d2-afdd-e1cb720c7822)
2020-04-27 12:46:50.950 15 RALLYDEBUG rally_openstack.cleanup.manager [-] Deleting neutron.port object s_rally_64340d7e_tlzMTMiU (02f328c5-be80-4a5e-9981-d0ae51094a7e)
2020-04-27 12:46:50.956 15 RALLYDEBUG rally_openstack.cleanup.manager [-] Deleting neutron.port object s_rally_64340d7e_upOd42bv (0116bf7c-9e82-4eb6-b0af-0760213dc5f7)
2020-04-27 12:46:50.961 15 RALLYDEBUG rally_openstack.cleanup.manager [-] Deleting neutron.port object s_rally_64340d7e_DSYcMyM2 (03cd6a58-b209-46b0-981a-83049f5cb8d6)
2020-04-27 12:46:50.961 15 RALLYDEBUG rally_openstack.cleanup.manager [-] Deleting neutron.port object s_rally_64340d7e_JyRvGed3 (00600def-8306-42f9-8c4f-a785a2b7006d)
2020-04-27 12:46:50.968 15 RALLYDEBUG rally_openstack.cleanup.manager [-] Deleting neutron.port object s_rally_64340d7e_9JEmGNNc (057a4ea5-d5da-4400-9714-d72e715c3da4)
2020-04-27 12:46:50.973 15 RALLYDEBUG rally_openstack.cleanup.manager [-] Deleting neutron.port object s_rally_64340d7e_v9KHYYZp (06985924-f04a-45a6-8b8b-13df96d92cf4)
