Oct 28 05:16:35 kvm03 cloud-init[1924]: Preparing to unpack .../06-libsnmp30_5.7.3+dfsg-1.8ubuntu3.3_amd64.deb ...
Oct 28 05:16:35 kvm03 cloud-init[1924]: Unpacking libsnmp30:amd64 (5.7.3+dfsg-1.8ubuntu3.3) ...
Oct 28 05:16:35 kvm03 cloud-init[1924]: Selecting previously unselected package openipmi.
Oct 28 05:16:35 kvm03 cloud-init[1924]: Preparing to unpack .../07-openipmi_2.0.22-1.1ubuntu2.1_amd64.deb ...
Oct 28 05:16:35 kvm03 cloud-init[1924]: Unpacking openipmi (2.0.22-1.1ubuntu2.1) ...
Oct 28 05:16:35 kvm03 cloud-init[1924]: Selecting previously unselected package libipmiconsole2.
Oct 28 05:16:35 kvm03 cloud-init[1924]: Preparing to unpack .../08-libipmiconsole2_1.4.11-1.1ubuntu4.1_amd64.deb ...
Oct 28 05:16:35 kvm03 cloud-init[1924]: Unpacking libipmiconsole2 (1.4.11-1.1ubuntu4.1) ...
Oct 28 05:16:35 kvm03 cloud-init[1924]: Selecting previously unselected package libipmidetect0.
Oct 28 05:16:35 kvm03 cloud-init[1924]: Preparing to unpack .../09-libipmidetect0_1.4.11-1.1ubuntu4.1_amd64.deb ...
Oct 28 05:16:35 kvm03 cloud-init[1924]: Unpacking libipmidetect0 (1.4.11-1.1ubuntu4.1) ...
Oct 28 05:16:35 kvm03 cloud-init[1924]: Selecting previously unselected package freeipmi-tools.
Oct 28 05:16:35 kvm03 cloud-init[1924]: Preparing to unpack .../10-freeipmi-tools_1.4.11-1.1ubuntu4.1_amd64.deb ...
Oct 28 05:16:35 kvm03 cloud-init[1924]: Unpacking freeipmi-tools (1.4.11-1.1ubuntu4.1) ...
Oct 28 05:16:35 kvm03 cloud-init[1924]: Selecting previously unselected package sshpass.
Oct 28 05:16:35 kvm03 cloud-init[1924]: Preparing to unpack .../11-sshpass_1.06-1_amd64.deb ...
Oct 28 05:16:35 kvm03 cloud-init[1924]: Unpacking sshpass (1.06-1) ...
Oct 28 05:16:35 kvm03 cloud-init[1924]: Setting up sshpass (1.06-1) ...
Oct 28 05:16:35 kvm03 cloud-init[1924]: Setting up libsensors4:amd64 (1:3.4.0-4) ...
Oct 28 05:16:35 kvm03 cloud-init[1924]: Setting up freeipmi-common (1.4.11-1.1ubuntu4.1) ...
Oct 28 05:16:35 kvm03 cloud-init[1924]: Setting up libfreeipmi16 (1.4.11-1.1ubuntu4.1) ...
Oct 28 05:16:35 kvm03 cloud-init[1924]: Setting up libipmiconsole2 (1.4.11-1.1ubuntu4.1) ...
Oct 28 05:16:35 kvm03 cloud-init[1924]: Setting up libopenipmi0 (2.0.22-1.1ubuntu2.1) ...
Oct 28 05:16:35 kvm03 cloud-init[1924]: Setting up libsnmp-base (5.7.3+dfsg-1.8ubuntu3.3) ...
Oct 28 05:16:35 kvm03 cloud-init[1924]: Setting up libipmidetect0 (1.4.11-1.1ubuntu4.1) ...
Oct 28 05:16:35 kvm03 cloud-init[1924]: Setting up libsnmp30:amd64 (5.7.3+dfsg-1.8ubuntu3.3) ...
Oct 28 05:16:35 kvm03 cloud-init[1924]: Setting up openipmi (2.0.22-1.1ubuntu2.1) ...
Oct 28 05:16:35 kvm03 systemd[1]: Reloading.
Oct 28 05:16:35 kvm03 cloud-init[1924]: Setting up ipmitool (1.8.18-5ubuntu0.1) ...
Oct 28 05:16:35 kvm03 systemd[1]: Reloading.
Oct 28 05:16:35 kvm03 systemd[1]: Reloading.
Oct 28 05:16:36 kvm03 systemd[1]: Starting IPMI event daemon...
Oct 28 05:16:36 kvm03 ipmievd: Reading sensors...
Oct 28 05:16:36 kvm03 systemd[1]: Started IPMI event daemon.
Oct 28 05:16:36 kvm03 cloud-init[1924]: Setting up freeipmi-tools (1.4.11-1.1ubuntu4.1) ...
Oct 28 05:16:36 kvm03 cloud-init[1924]: Processing triggers for systemd (237-3ubuntu10.31) ...
Oct 28 05:16:36 kvm03 systemd[1]: Reloading.
Oct 28 05:16:36 kvm03 cloud-init[1924]: Processing triggers for man-db (2.8.3-2ubuntu0.1) ...
Oct 28 05:16:36 kvm03 ipmievd: Set BMC Global Enables command failed: Invalid data field in request
Oct 28 05:16:36 kvm03 ipmievd: Could not enable event message buffer
Oct 28 05:16:36 kvm03 ipmievd: Error setting up Event Interface open
Oct 28 05:16:36 kvm03 systemd[1]: ipmievd.service: Main process exited, code=exited, status=1/FAILURE
Oct 28 05:16:36 kvm03 systemd[1]: ipmievd.service: Failed with result 'exit-code'.
Oct 28 05:16:37 kvm03 cloud-init[1924]: Processing triggers for ureadahead (0.100.0-21) ...
Oct 28 05:16:37 kvm03 cloud-init[1924]: Processing triggers for install-info (6.5.0.dfsg.1-2) ...
Oct 28 05:16:37 kvm03 cloud-init[1924]: Processing triggers for libc-bin (2.27-3ubuntu1) ...
Oct 28 05:16:39 kvm03 kernel: [   44.722709] x86/PAT: ipmi-locate:2970 map pfn expected mapping type uncached-minus for [mem 0xbfbdb000-0xbfbdcfff], got write-back
Oct 28 05:16:39 kvm03 kernel: [   44.722860] x86/PAT: ipmi-locate:2970 map pfn expected mapping type uncached-minus for [mem 0xbfbdb000-0xbfbdcfff], got write-back
Oct 28 05:16:39 kvm03 kernel: [   44.722998] x86/PAT: ipmi-locate:2970 map pfn expected mapping type uncached-minus for [mem 0xbfbdb000-0xbfbdcfff], got write-back
Oct 28 05:16:39 kvm03 kernel: [   44.723135] x86/PAT: ipmi-locate:2970 map pfn expected mapping type uncached-minus for [mem 0xbfbdb000-0xbfbdcfff], got write-back
Oct 28 05:16:39 kvm03 kernel: [   44.723757] x86/PAT: ipmi-locate:2970 map pfn expected mapping type uncached-minus for [mem 0xbddae000-0xbddaefff], got write-back
Oct 28 05:16:39 kvm03 kernel: [   44.723898] x86/PAT: ipmi-locate:2970 map pfn expected mapping type uncached-minus for [mem 0xbddac000-0xbddacfff], got write-back
Oct 28 05:16:39 kvm03 kernel: [   44.724495] x86/PAT: ipmi-locate:2970 map pfn expected mapping type uncached-minus for [mem 0xbddae000-0xbddaefff], got write-back
Oct 28 05:16:39 kvm03 kernel: [   44.724638] x86/PAT: ipmi-locate:2970 map pfn expected mapping type uncached-minus for [mem 0xbddac000-0xbddacfff], got write-back
Oct 28 05:16:39 kvm03 kernel: [   44.725148] x86/PAT: ipmi-locate:2970 map pfn expected mapping type uncached-minus for [mem 0xbddae000-0xbddaefff], got write-back
Oct 28 05:16:39 kvm03 kernel: [   44.725280] x86/PAT: ipmi-locate:2970 map pfn expected mapping type uncached-minus for [mem 0xbddac000-0xbddacfff], got write-back
Oct 28 05:16:39 kvm03 kernel: [   44.725784] x86/PAT: ipmi-locate:2970 map pfn expected mapping type uncached-minus for [mem 0xbddae000-0xbddaefff], got write-back
Oct 28 05:16:39 kvm03 kernel: [   44.725918] x86/PAT: ipmi-locate:2970 map pfn expected mapping type uncached-minus for [mem 0xbddac000-0xbddacfff], got write-back
Oct 28 05:16:39 kvm03 kernel: [   44.726450] x86/PAT: ipmi-locate:2970 map pfn expected mapping type uncached-minus for [mem 0xbddae000-0xbddaefff], got write-back
Oct 28 05:16:39 kvm03 kernel: [   44.726581] x86/PAT: ipmi-locate:2970 map pfn expected mapping type uncached-minus for [mem 0xbddac000-0xbddacfff], got write-back
Oct 28 05:16:39 kvm03 kernel: [   44.727083] x86/PAT: ipmi-locate:2970 map pfn expected mapping type uncached-minus for [mem 0xbddae000-0xbddaefff], got write-back
Oct 28 05:16:39 kvm03 kernel: [   44.727215] x86/PAT: ipmi-locate:2970 map pfn expected mapping type uncached-minus for [mem 0xbddac000-0xbddacfff], got write-back
Oct 28 05:16:39 kvm03 kernel: [   44.727714] x86/PAT: ipmi-locate:2970 map pfn expected mapping type uncached-minus for [mem 0xbddae000-0xbddaefff], got write-back
Oct 28 05:16:39 kvm03 kernel: [   44.727845] x86/PAT: ipmi-locate:2970 map pfn expected mapping type uncached-minus for [mem 0xbddac000-0xbddacfff], got write-back
Oct 28 05:16:39 kvm03 kernel: [   44.728399] x86/PAT: ipmi-locate:2970 map pfn expected mapping type uncached-minus for [mem 0xbddae000-0xbddaefff], got write-back
Oct 28 05:16:39 kvm03 kernel: [   44.728530] x86/PAT: ipmi-locate:2970 map pfn expected mapping type uncached-minus for [mem 0xbddac000-0xbddacfff], got write-back
Oct 28 05:16:39 kvm03 kernel: [   44.729055] x86/PAT: ipmi-locate:2970 map pfn expected mapping type uncached-minus for [mem 0xbddae000-0xbddaefff], got write-back
Oct 28 05:16:39 kvm03 kernel: [   44.729190] x86/PAT: ipmi-locate:2970 map pfn expected mapping type uncached-minus for [mem 0xbddac000-0xbddacfff], got write-back
Oct 28 05:16:39 kvm03 kernel: [   44.729687] x86/PAT: ipmi-locate:2970 map pfn expected mapping type uncached-minus for [mem 0xbddae000-0xbddaefff], got write-back
Oct 28 05:16:39 kvm03 kernel: [   44.729818] x86/PAT: ipmi-locate:2970 map pfn expected mapping type uncached-minus for [mem 0xbddac000-0xbddacfff], got write-back
Oct 28 05:16:39 kvm03 kernel: [   44.730319] x86/PAT: ipmi-locate:2970 map pfn expected mapping type uncached-minus for [mem 0xbddae000-0xbddaefff], got write-back
Oct 28 05:16:39 kvm03 kernel: [   44.730452] x86/PAT: ipmi-locate:2970 map pfn expected mapping type uncached-minus for [mem 0xbddac000-0xbddacfff], got write-back
Oct 28 05:16:39 kvm03 kernel: [   44.730952] x86/PAT: ipmi-locate:2970 map pfn expected mapping type uncached-minus for [mem 0xbddae000-0xbddaefff], got write-back
Oct 28 05:16:39 kvm03 kernel: [   44.731084] x86/PAT: ipmi-locate:2970 map pfn expected mapping type uncached-minus for [mem 0xbddac000-0xbddacfff], got write-back
Oct 28 05:16:42 kvm03 kernel: [   47.608258] x86/PAT: ipmi-locate:2990 map pfn expected mapping type uncached-minus for [mem 0xbfbdb000-0xbfbdcfff], got write-back
Oct 28 05:16:42 kvm03 kernel: [   47.608407] x86/PAT: ipmi-locate:2990 map pfn expected mapping type uncached-minus for [mem 0xbfbdb000-0xbfbdcfff], got write-back
Oct 28 05:16:42 kvm03 kernel: [   47.608543] x86/PAT: ipmi-locate:2990 map pfn expected mapping type uncached-minus for [mem 0xbfbdb000-0xbfbdcfff], got write-back
Oct 28 05:16:42 kvm03 kernel: [   47.608684] x86/PAT: ipmi-locate:2990 map pfn expected mapping type uncached-minus for [mem 0xbfbdb000-0xbfbdcfff], got write-back
Oct 28 05:16:42 kvm03 kernel: [   47.609449] x86/PAT: ipmi-locate:2990 map pfn expected mapping type uncached-minus for [mem 0xbddae000-0xbddaefff], got write-back
Oct 28 05:16:42 kvm03 kernel: [   47.609589] x86/PAT: ipmi-locate:2990 map pfn expected mapping type uncached-minus for [mem 0xbddac000-0xbddacfff], got write-back
Oct 28 05:16:42 kvm03 kernel: [   47.610196] x86/PAT: ipmi-locate:2990 map pfn expected mapping type uncached-minus for [mem 0xbddae000-0xbddaefff], got write-back
Oct 28 05:16:42 kvm03 kernel: [   47.610309] x86/PAT: ipmi-locate:2990 map pfn expected mapping type uncached-minus for [mem 0xbddac000-0xbddacfff], got write-back
Oct 28 05:16:42 kvm03 kernel: [   47.610820] x86/PAT: ipmi-locate:2990 map pfn expected mapping type uncached-minus for [mem 0xbddae000-0xbddaefff], got write-back
Oct 28 05:16:42 kvm03 kernel: [   47.610934] x86/PAT: ipmi-locate:2990 map pfn expected mapping type uncached-minus for [mem 0xbddac000-0xbddacfff], got write-back
Oct 28 05:16:42 kvm03 kernel: [   47.611470] x86/PAT: ipmi-locate:2990 map pfn expected mapping type uncached-minus for [mem 0xbddae000-0xbddaefff], got write-back
Oct 28 05:16:42 kvm03 kernel: [   47.611586] x86/PAT: ipmi-locate:2990 map pfn expected mapping type uncached-minus for [mem 0xbddac000-0xbddacfff], got write-back
Oct 28 05:16:42 kvm03 kernel: [   47.612128] x86/PAT: ipmi-locate:2990 map pfn expected mapping type uncached-minus for [mem 0xbddae000-0xbddaefff], got write-back
Oct 28 05:16:42 kvm03 kernel: [   47.612243] x86/PAT: ipmi-locate:2990 map pfn expected mapping type uncached-minus for [mem 0xbddac000-0xbddacfff], got write-back
Oct 28 05:16:42 kvm03 kernel: [   47.612752] x86/PAT: ipmi-locate:2990 map pfn expected mapping type uncached-minus for [mem 0xbddae000-0xbddaefff], got write-back
Oct 28 05:16:42 kvm03 kernel: [   47.612865] x86/PAT: ipmi-locate:2990 map pfn expected mapping type uncached-minus for [mem 0xbddac000-0xbddacfff], got write-back
Oct 28 05:16:42 kvm03 kernel: [   47.613380] x86/PAT: ipmi-locate:2990 map pfn expected mapping type uncached-minus for [mem 0xbddae000-0xbddaefff], got write-back
Oct 28 05:16:42 kvm03 kernel: [   47.613494] x86/PAT: ipmi-locate:2990 map pfn expected mapping type uncached-minus for [mem 0xbddac000-0xbddacfff], got write-back
Oct 28 05:16:42 kvm03 kernel: [   47.614005] x86/PAT: ipmi-locate:2990 map pfn expected mapping type uncached-minus for [mem 0xbddae000-0xbddaefff], got write-back
Oct 28 05:16:42 kvm03 kernel: [   47.614119] x86/PAT: ipmi-locate:2990 map pfn expected mapping type uncached-minus for [mem 0xbddac000-0xbddacfff], got write-back
Oct 28 05:16:42 kvm03 kernel: [   47.614658] x86/PAT: ipmi-locate:2990 map pfn expected mapping type uncached-minus for [mem 0xbddae000-0xbddaefff], got write-back
Oct 28 05:16:42 kvm03 kernel: [   47.614773] x86/PAT: ipmi-locate:2990 map pfn expected mapping type uncached-minus for [mem 0xbddac000-0xbddacfff], got write-back
Oct 28 05:16:42 kvm03 kernel: [   47.615295] x86/PAT: ipmi-locate:2990 map pfn expected mapping type uncached-minus for [mem 0xbddae000-0xbddaefff], got write-back
Oct 28 05:16:42 kvm03 kernel: [   47.615405] x86/PAT: ipmi-locate:2990 map pfn expected mapping type uncached-minus for [mem 0xbddac000-0xbddacfff], got write-back
Oct 28 05:16:42 kvm03 kernel: [   47.615877] x86/PAT: ipmi-locate:2990 map pfn expected mapping type uncached-minus for [mem 0xbddae000-0xbddaefff], got write-back
Oct 28 05:16:42 kvm03 kernel: [   47.615995] x86/PAT: ipmi-locate:2990 map pfn expected mapping type uncached-minus for [mem 0xbddac000-0xbddacfff], got write-back
Oct 28 05:16:42 kvm03 kernel: [   47.616507] x86/PAT: ipmi-locate:2990 map pfn expected mapping type uncached-minus for [mem 0xbddae000-0xbddaefff], got write-back
Oct 28 05:16:42 kvm03 kernel: [   47.616621] x86/PAT: ipmi-locate:2990 map pfn expected mapping type uncached-minus for [mem 0xbddac000-0xbddacfff], got write-back
Oct 28 05:16:44 kvm03 sudo:     root : TTY=unknown ; PWD=/ ; USER=root ; COMMAND=/usr/bin/lshw -xml
Oct 28 05:16:44 kvm03 sudo: pam_unix(sudo:session): session opened for user root by (uid=0)
Oct 28 05:16:45 kvm03 sudo: pam_unix(sudo:session): session closed for user root
Oct 28 05:16:45 kvm03 sudo:     root : TTY=unknown ; PWD=/ ; USER=root ; COMMAND=/usr/bin/apt-get -qy install lldpd
Oct 28 05:16:45 kvm03 sudo: pam_unix(sudo:session): session opened for user root by (uid=0)
Oct 28 05:16:46 kvm03 groupadd[3169]: group added to /etc/group: name=_lldpd, GID=115
Oct 28 05:16:46 kvm03 groupadd[3169]: group added to /etc/gshadow: name=_lldpd
Oct 28 05:16:46 kvm03 groupadd[3169]: new group: name=_lldpd, GID=115
Oct 28 05:16:46 kvm03 useradd[3173]: new user: name=_lldpd, UID=111, GID=115, home=/var/run/lldpd, shell=/usr/sbin/nologin
Oct 28 05:16:46 kvm03 chage[3179]: changed password expiry for _lldpd
Oct 28 05:16:46 kvm03 systemd[1]: Reloading.
Oct 28 05:16:47 kvm03 systemd[1]: message repeated 2 times: [ Reloading.]
Oct 28 05:16:47 kvm03 systemd[1]: Starting LLDP daemon...
Oct 28 05:16:47 kvm03 systemd[1]: Started LLDP daemon.
Oct 28 05:16:47 kvm03 lldpd[3295]: /etc/localtime copied to chroot
Oct 28 05:16:47 kvm03 lldpd[3295]: protocol LLDP enabled
Oct 28 05:16:47 kvm03 lldpd[3295]: protocol CDPv1 disabled
Oct 28 05:16:47 kvm03 lldpd[3295]: protocol CDPv2 disabled
Oct 28 05:16:47 kvm03 lldpd[3295]: protocol SONMP disabled
Oct 28 05:16:47 kvm03 lldpd[3295]: protocol EDP disabled
Oct 28 05:16:47 kvm03 lldpd[3295]: protocol FDP disabled
Oct 28 05:16:47 kvm03 lldpd[3295]: libevent 2.1.8-stable initialized with epoll method
Oct 28 05:16:47 kvm03 systemd[1]: Reloading.
Oct 28 05:16:47 kvm03 lldpcli[3294]: lldpd should resume operations
Oct 28 05:16:48 kvm03 sudo: pam_unix(sudo:session): session closed for user root
Oct 28 05:16:49 kvm03 systemd[1]: Stopping LLDP daemon...
Oct 28 05:16:49 kvm03 systemd[1]: Stopped LLDP daemon.
Oct 28 05:16:49 kvm03 systemd[1]: Starting LLDP daemon...
Oct 28 05:16:49 kvm03 systemd[1]: Started LLDP daemon.
Oct 28 05:16:49 kvm03 lldpd[3416]: protocol LLDP enabled
Oct 28 05:16:49 kvm03 lldpd[3416]: protocol CDPv1 enabled
Oct 28 05:16:49 kvm03 lldpd[3416]: protocol CDPv2 enabled
Oct 28 05:16:49 kvm03 lldpd[3416]: protocol SONMP enabled
Oct 28 05:16:49 kvm03 lldpd[3416]: protocol EDP enabled
Oct 28 05:16:49 kvm03 lldpd[3416]: protocol FDP enabled
Oct 28 05:16:49 kvm03 lldpd[3416]: libevent 2.1.8-stable initialized with epoll method
Oct 28 05:16:49 kvm03 lldpcli[3414]: lldpd should resume operations
Oct 28 05:16:50 kvm03 kernel: [   56.220469] bnx2x 0000:04:00.1 eno2: using MSI-X  IRQs: sp 148  fp[0] 150 ... fp[7] 157
Oct 28 05:16:50 kvm03 systemd-timesyncd[1900]: Network configuration changed, trying to establish connection.
Oct 28 05:16:50 kvm03 kernel: [   56.465485] IPv6: ADDRCONF(NETDEV_UP): eno2: link is not ready
Oct 28 05:16:50 kvm03 dhclient[3433]: DHCPDISCOVER on eno2 to 255.255.255.255 port 67 interval 3 (xid=0x6b99f056)
Oct 28 05:16:50 kvm03 systemd-timesyncd[1900]: Synchronized to time server 91.189.94.4:123 (ntp.ubuntu.com).
Oct 28 05:16:51 kvm03 systemd-timesyncd[1900]: Network configuration changed, trying to establish connection.
Oct 28 05:16:51 kvm03 kernel: [   56.681725] ixgbe 0000:05:00.0: registered PHC device on ens1f0
Oct 28 05:16:51 kvm03 kernel: [   56.682476] IPv6: ADDRCONF(NETDEV_UP): ens1f0: link is not ready
Oct 28 05:16:51 kvm03 dhclient[3451]: DHCPDISCOVER on ens1f0 to 255.255.255.255 port 67 interval 3 (xid=0xbf243b79)
Oct 28 05:16:51 kvm03 systemd-timesyncd[1900]: Synchronized to time server 91.189.89.199:123 (ntp.ubuntu.com).
Oct 28 05:16:51 kvm03 systemd-timesyncd[1900]: Network configuration changed, trying to establish connection.
Oct 28 05:16:51 kvm03 kernel: [   56.900312] ixgbe 0000:05:00.1: registered PHC device on ens1f1
Oct 28 05:16:51 kvm03 kernel: [   56.902024] IPv6: ADDRCONF(NETDEV_UP): ens1f1: link is not ready
Oct 28 05:16:51 kvm03 systemd-timesyncd[1900]: Synchronized to time server 91.189.89.199:123 (ntp.ubuntu.com).
Oct 28 05:16:51 kvm03 dhclient[3469]: DHCPDISCOVER on ens1f1 to 255.255.255.255 port 67 interval 3 (xid=0xf32d205c)
Oct 28 05:16:51 kvm03 kernel: [   57.130317] ixgbe 0000:21:00.0: registered PHC device on ens2f0
Oct 28 05:16:51 kvm03 kernel: [   57.131322] IPv6: ADDRCONF(NETDEV_UP): ens2f0: link is not ready
Oct 28 05:16:51 kvm03 systemd-timesyncd[1900]: Network configuration changed, trying to establish connection.
Oct 28 05:16:51 kvm03 systemd-networkd[1214]: ens2f0: Gained carrier
Oct 28 05:16:51 kvm03 kernel: [   57.131653] ixgbe 0000:21:00.0 ens2f0: NIC Link is Up 10 Gbps, Flow Control: None
Oct 28 05:16:51 kvm03 kernel: [   57.131819] IPv6: ADDRCONF(NETDEV_CHANGE): ens2f0: link becomes ready
Oct 28 05:16:51 kvm03 dhclient[3486]: DHCPDISCOVER on ens2f0 to 255.255.255.255 port 67 interval 3 (xid=0x14217967)
Oct 28 05:16:51 kvm03 systemd-timesyncd[1900]: Synchronized to time server 91.189.89.199:123 (ntp.ubuntu.com).
Oct 28 05:16:51 kvm03 kernel: [   57.350322] ixgbe 0000:21:00.1: registered PHC device on ens2f1
Oct 28 05:16:51 kvm03 kernel: [   57.351341] IPv6: ADDRCONF(NETDEV_UP): ens2f1: link is not ready
Oct 28 05:16:51 kvm03 kernel: [   57.351660] ixgbe 0000:21:00.1 ens2f1: NIC Link is Up 10 Gbps, Flow Control: None
Oct 28 05:16:51 kvm03 systemd-timesyncd[1900]: Network configuration changed, trying to establish connection.
Oct 28 05:16:51 kvm03 systemd-networkd[1214]: ens2f1: Gained carrier
Oct 28 05:16:51 kvm03 kernel: [   57.351823] IPv6: ADDRCONF(NETDEV_CHANGE): ens2f1: link becomes ready
Oct 28 05:16:51 kvm03 dhclient[3503]: DHCPDISCOVER on ens2f1 to 255.255.255.255 port 67 interval 3 (xid=0xaa416f1d)
Oct 28 05:16:51 kvm03 systemd-timesyncd[1900]: Synchronized to time server 91.189.89.199:123 (ntp.ubuntu.com).
Oct 28 05:16:51 kvm03 dhclient[3524]: Created duid "\000\001\000\001%I6C\024X\320Tz(".
Oct 28 05:16:52 kvm03 dhclient[3524]: XMT: Solicit on eno1, interval 1050ms.
Oct 28 05:16:52 kvm03 systemd-networkd[1214]: ens2f0: Gained IPv6LL
Oct 28 05:16:52 kvm03 systemd-timesyncd[1900]: Network configuration changed, trying to establish connection.
Oct 28 05:16:52 kvm03 systemd-timesyncd[1900]: Synchronized to time server 91.189.89.199:123 (ntp.ubuntu.com).
Oct 28 05:16:52 kvm03 dhclient[3535]: Created duid "\000\001\000\001%I6D8\352\247\027j<".
Oct 28 05:16:53 kvm03 systemd-networkd[1214]: ens2f1: Gained IPv6LL
Oct 28 05:16:53 kvm03 systemd-timesyncd[1900]: Network configuration changed, trying to establish connection.
Oct 28 05:16:53 kvm03 systemd-timesyncd[1900]: Synchronized to time server 91.189.89.199:123 (ntp.ubuntu.com).
Oct 28 05:16:53 kvm03 dhclient[3536]: Created duid "\000\001\000\001%I6E8\352\247\027j=".
Oct 28 05:16:53 kvm03 dhclient[3535]: XMT: Solicit on ens2f0, interval 1060ms.
Oct 28 05:16:53 kvm03 dhclient[3450]: DHCPDISCOVER on eno2 to 255.255.255.255 port 67 interval 3 (xid=0x6b99f056)
Oct 28 05:16:53 kvm03 dhclient[3536]: XMT: Solicit on ens2f1, interval 1050ms.
Oct 28 05:16:53 kvm03 dhclient[3524]: XMT: Solicit on eno1, interval 2030ms.
Oct 28 05:16:53 kvm03 systemd-networkd[1214]: eno2: Gained carrier
Oct 28 05:16:53 kvm03 systemd-timesyncd[1900]: Network configuration changed, trying to establish connection.
Oct 28 05:16:53 kvm03 kernel: [   59.315716] bnx2x 0000:04:00.1 eno2: NIC Link is Up, 10000 Mbps full duplex, Flow control: ON - receive & transmit
Oct 28 05:16:53 kvm03 kernel: [   59.315927] IPv6: ADDRCONF(NETDEV_CHANGE): eno2: link becomes ready
Oct 28 05:16:53 kvm03 systemd-timesyncd[1900]: Synchronized to time server 91.189.89.199:123 (ntp.ubuntu.com).
Oct 28 05:16:54 kvm03 dhclient[3502]: DHCPDISCOVER on ens2f0 to 255.255.255.255 port 67 interval 5 (xid=0x14217967)
Oct 28 05:16:54 kvm03 dhclient[3535]: XMT: Solicit on ens2f0, interval 2170ms.
Oct 28 05:16:54 kvm03 dhclient[3485]: DHCPDISCOVER on ens1f1 to 255.255.255.255 port 67 interval 4 (xid=0xf32d205c)
Oct 28 05:16:54 kvm03 dhclient[3536]: XMT: Solicit on ens2f1, interval 2130ms.
Oct 28 05:16:54 kvm03 dhclient[3468]: DHCPDISCOVER on ens1f0 to 255.255.255.255 port 67 interval 6 (xid=0xbf243b79)
Oct 28 05:16:54 kvm03 dhclient[3518]: DHCPDISCOVER on ens2f1 to 255.255.255.255 port 67 interval 3 (xid=0xaa416f1d)
Oct 28 05:16:55 kvm03 systemd-networkd[1214]: eno2: Gained IPv6LL
Oct 28 05:16:55 kvm03 systemd-timesyncd[1900]: Network configuration changed, trying to establish connection.
Oct 28 05:16:55 kvm03 systemd-timesyncd[1900]: Synchronized to time server 91.189.89.199:123 (ntp.ubuntu.com).
Oct 28 05:16:55 kvm03 dhclient[3525]: Created duid "\000\001\000\001%I6G\024X\320Tz,".
Oct 28 05:16:55 kvm03 dhclient[3525]: XMT: Solicit on eno2, interval 1060ms.
Oct 28 05:16:55 kvm03 dhclient[3524]: XMT: Solicit on eno1, interval 3980ms.
Oct 28 05:16:56 kvm03 dhclient[3450]: DHCPDISCOVER on eno2 to 255.255.255.255 port 67 interval 5 (xid=0x6b99f056)
Oct 28 05:16:56 kvm03 dhclient[3535]: XMT: Solicit on ens2f0, interval 4270ms.
Oct 28 05:16:56 kvm03 dhclient[3525]: XMT: Solicit on eno2, interval 2040ms.
Oct 28 05:16:56 kvm03 dhclient[3536]: XMT: Solicit on ens2f1, interval 4220ms.
Oct 28 05:16:57 kvm03 dhclient[3518]: DHCPDISCOVER on ens2f1 to 255.255.255.255 port 67 interval 6 (xid=0xaa416f1d)
Oct 28 05:16:57 kvm03 dhclient[3450]: DHCPREQUEST of 192.168.11.46 on eno2 to 255.255.255.255 port 67 (xid=0x56f0996b)
Oct 28 05:16:57 kvm03 dhclient[3450]: DHCPOFFER of 192.168.11.46 from 192.168.11.3
Oct 28 05:16:57 kvm03 dhclient[3450]: DHCPACK of 192.168.11.46 from 192.168.11.3
Oct 28 05:16:57 kvm03 systemd-timesyncd[1900]: Network configuration changed, trying to establish connection.
Oct 28 05:16:57 kvm03 systemd[1]: Stopping Network Name Resolution...
Oct 28 05:16:57 kvm03 sudo:     root : TTY=unknown ; PWD=/ ; USER=root ; COMMAND=/sbin/blockdev --getsize64 /dev/sda
Oct 28 05:16:57 kvm03 sudo: pam_unix(sudo:session): session opened for user root by (uid=0)
Oct 28 05:16:57 kvm03 sudo: pam_unix(sudo:session): session closed for user root
Oct 28 05:16:57 kvm03 sudo:     root : TTY=unknown ; PWD=/ ; USER=root ; COMMAND=/sbin/blockdev --getbsz /dev/sda
Oct 28 05:16:57 kvm03 systemd-timesyncd[1900]: Synchronized to time server 91.189.89.199:123 (ntp.ubuntu.com).
Oct 28 05:16:57 kvm03 sudo: pam_unix(sudo:session): session opened for user root by (uid=0)
Oct 28 05:16:57 kvm03 sudo: pam_unix(sudo:session): session closed for user root
Oct 28 05:16:57 kvm03 systemd[1]: Stopped Network Name Resolution.
Oct 28 05:16:57 kvm03 systemd[1]: Starting Network Name Resolution...
Oct 28 05:16:57 kvm03 systemd-resolved[3923]: Positive Trust Anchors:
Oct 28 05:16:57 kvm03 systemd-resolved[3923]: . IN DS 19036 8 2 49aac11d7b6f6446702e54a1607371607a1a41855200fd2ce1cdde32f24e8fb5
Oct 28 05:16:57 kvm03 systemd-resolved[3923]: . IN DS 20326 8 2 e06d44b80b8f1d39a95c0b0d7c65d08458e880409bbc683457104237c7f8ec8d
Oct 28 05:16:57 kvm03 systemd-resolved[3923]: Negative trust anchors: 10.in-addr.arpa 16.172.in-addr.arpa 17.172.in-addr.arpa 18.172.in-addr.arpa 19.172.in-addr.arpa 20.172.in-addr.arpa 21.172.in-addr.arpa 22.172.in-addr.arpa 23.172.in-addr.arpa 24.172.in-addr.arpa 25.172.in-addr.arpa 26.172.in-addr.arpa 27.172.in-addr.arpa 28.172.in-addr.arpa 29.172.in-addr.arpa 30.172.in-addr.arpa 31.172.in-addr.arpa 168.192.in-addr.arpa d.f.ip6.arpa corp home internal intranet lan local private test
Oct 28 05:16:57 kvm03 systemd-resolved[3923]: Using system hostname 'kvm03'.
Oct 28 05:16:57 kvm03 systemd[1]: Started Network Name Resolution.
Oct 28 05:16:57 kvm03 systemd[1]: Stopping Network Time Synchronization...
Oct 28 05:16:57 kvm03 systemd[1]: Stopped Network Time Synchronization.
Oct 28 05:16:57 kvm03 systemd[1]: Starting Network Time Synchronization...
Oct 28 05:16:57 kvm03 systemd[1]: Started Network Time Synchronization.
Oct 28 05:16:57 kvm03 dhclient[3450]: bound to 192.168.11.46 -- renewal in 276 seconds.
Oct 28 05:16:57 kvm03 root: ens1f0: time out waiting for permanent link-local address
Oct 28 05:16:57 kvm03 root: ens1f1: time out waiting for permanent link-local address
Oct 28 05:16:58 kvm03 systemd-timesyncd[3964]: Synchronized to time server 91.189.89.198:123 (91.189.89.198).
Oct 28 05:16:58 kvm03 dhclient[3529]: no link-local IPv6 address for ens1f0
Oct 28 05:16:58 kvm03 dhclient[3529]: 
Oct 28 05:16:58 kvm03 dhclient[3529]: If you think you have received this message due to a bug rather
Oct 28 05:16:58 kvm03 dhclient[3529]: than a configuration issue please read the section on submitting
Oct 28 05:16:58 kvm03 dhclient[3529]: bugs on either our web page at www.isc.org or in the README file
Oct 28 05:16:58 kvm03 dhclient[3529]: before submitting a bug.  These pages explain the proper
Oct 28 05:16:58 kvm03 dhclient[3529]: process and the information we find helpful for debugging..
Oct 28 05:16:58 kvm03 dhclient[3529]: 
Oct 28 05:16:58 kvm03 dhclient[3529]: exiting.
Oct 28 05:16:58 kvm03 dhclient[3532]: no link-local IPv6 address for ens1f1
Oct 28 05:16:58 kvm03 dhclient[3532]: 
Oct 28 05:16:58 kvm03 dhclient[3532]: If you think you have received this message due to a bug rather
Oct 28 05:16:58 kvm03 dhclient[3532]: than a configuration issue please read the section on submitting
Oct 28 05:16:58 kvm03 dhclient[3532]: bugs on either our web page at www.isc.org or in the README file
Oct 28 05:16:58 kvm03 dhclient[3532]: before submitting a bug.  These pages explain the proper
Oct 28 05:16:58 kvm03 dhclient[3532]: process and the information we find helpful for debugging..
Oct 28 05:16:58 kvm03 dhclient[3532]: 
Oct 28 05:16:58 kvm03 dhclient[3532]: exiting.
Oct 28 05:16:58 kvm03 dhclient[3525]: XMT: Solicit on eno2, interval 3890ms.
Oct 28 05:16:58 kvm03 dhclient[3485]: DHCPDISCOVER on ens1f1 to 255.255.255.255 port 67 interval 10 (xid=0xf32d205c)
Oct 28 05:16:59 kvm03 dhclient[3502]: DHCPDISCOVER on ens2f0 to 255.255.255.255 port 67 interval 8 (xid=0x14217967)
Oct 28 05:16:59 kvm03 dhclient[3524]: XMT: Solicit on eno1, interval 7580ms.
Oct 28 05:17:00 kvm03 dhclient[3535]: XMT: Solicit on ens2f0, interval 8860ms.
Oct 28 05:17:00 kvm03 dhclient[3468]: DHCPDISCOVER on ens1f0 to 255.255.255.255 port 67 interval 11 (xid=0xbf243b79)
Oct 28 05:17:01 kvm03 CRON[4002]: pam_unix(cron:session): session opened for user root by (uid=0)
Oct 28 05:17:01 kvm03 CRON[4007]: (root) CMD (   cd / && run-parts --report /etc/cron.hourly)
Oct 28 05:17:01 kvm03 CRON[4002]: pam_unix(cron:session): session closed for user root
Oct 28 05:17:01 kvm03 dhclient[3536]: XMT: Solicit on ens2f1, interval 8790ms.
Oct 28 05:17:02 kvm03 dhclient[3525]: XMT: Solicit on eno2, interval 7830ms.
Oct 28 05:17:03 kvm03 dhclient[3518]: DHCPDISCOVER on ens2f1 to 255.255.255.255 port 67 interval 14 (xid=0xaa416f1d)
Oct 28 05:17:07 kvm03 dhclient[3524]: XMT: Solicit on eno1, interval 14680ms.
Oct 28 05:17:07 kvm03 dhclient[3502]: DHCPDISCOVER on ens2f0 to 255.255.255.255 port 67 interval 17 (xid=0x14217967)
Oct 28 05:17:08 kvm03 dhclient[4010]: /var/lib/dhcp/dhclient6.leases line 2: eof in string constant
Oct 28 05:17:08 kvm03 dhclient[4010]: ";
Oct 28 05:17:08 kvm03 dhclient[4010]:  ^
Oct 28 05:17:08 kvm03 dhclient[4010]: Corrupt lease file - possible data loss!
Oct 28 05:17:08 kvm03 dhclient[3485]: DHCPDISCOVER on ens1f1 to 255.255.255.255 port 67 interval 12 (xid=0xf32d205c)
Oct 28 05:17:09 kvm03 dhclient[3535]: XMT: Solicit on ens2f0, interval 17030ms.
Oct 28 05:17:09 kvm03 dhclient[3536]: XMT: Solicit on ens2f1, interval 16960ms.
Oct 28 05:17:10 kvm03 dhclient[3525]: XMT: Solicit on eno2, interval 15970ms.
Oct 28 05:17:12 kvm03 dhclient[3468]: DHCPDISCOVER on ens1f0 to 255.255.255.255 port 67 interval 12 (xid=0xbf243b79)
Oct 28 05:17:14 kvm03 root: ens1f0: time out waiting for permanent link-local address
Oct 28 05:17:14 kvm03 root: ens1f1: time out waiting for permanent link-local address
Oct 28 05:17:14 kvm03 dhclient[4010]: no link-local IPv6 address for ens1f0
Oct 28 05:17:14 kvm03 dhclient[4010]: 
Oct 28 05:17:14 kvm03 dhclient[4010]: If you think you have received this message due to a bug rather
Oct 28 05:17:14 kvm03 dhclient[4010]: than a configuration issue please read the section on submitting
Oct 28 05:17:14 kvm03 dhclient[4010]: bugs on either our web page at www.isc.org or in the README file
Oct 28 05:17:14 kvm03 dhclient[4010]: before submitting a bug.  These pages explain the proper
Oct 28 05:17:14 kvm03 dhclient[4010]: process and the information we find helpful for debugging..
Oct 28 05:17:14 kvm03 dhclient[4010]: 
Oct 28 05:17:14 kvm03 dhclient[4010]: exiting.
Oct 28 05:17:14 kvm03 dhclient[4011]: no link-local IPv6 address for ens1f1
Oct 28 05:17:14 kvm03 dhclient[4011]: 
Oct 28 05:17:14 kvm03 dhclient[4011]: If you think you have received this message due to a bug rather
Oct 28 05:17:14 kvm03 dhclient[4011]: than a configuration issue please read the section on submitting
Oct 28 05:17:14 kvm03 dhclient[4011]: bugs on either our web page at www.isc.org or in the README file
Oct 28 05:17:14 kvm03 dhclient[4011]: before submitting a bug.  These pages explain the proper
Oct 28 05:17:14 kvm03 dhclient[4011]: process and the information we find helpful for debugging..
Oct 28 05:17:14 kvm03 dhclient[4011]: 
Oct 28 05:17:14 kvm03 dhclient[4011]: exiting.
Oct 28 05:17:17 kvm03 dhclient[3518]: DHCPDISCOVER on ens2f1 to 255.255.255.255 port 67 interval 14 (xid=0xaa416f1d)
Oct 28 05:17:20 kvm03 dhclient[3485]: DHCPDISCOVER on ens1f1 to 255.255.255.255 port 67 interval 7 (xid=0xf32d205c)
Oct 28 05:17:22 kvm03 dhclient[3524]: XMT: Solicit on eno1, interval 29070ms.
Oct 28 05:17:24 kvm03 dhclient[3502]: DHCPDISCOVER on ens2f0 to 255.255.255.255 port 67 interval 20 (xid=0x14217967)
Oct 28 05:17:24 kvm03 dhclient[3468]: DHCPDISCOVER on ens1f0 to 255.255.255.255 port 67 interval 16 (xid=0xbf243b79)
Oct 28 05:17:26 kvm03 dhclient[3525]: XMT: Solicit on eno2, interval 30410ms.
Oct 28 05:17:26 kvm03 dhclient[3535]: XMT: Solicit on ens2f0, interval 34650ms.
Oct 28 05:17:26 kvm03 dhclient[3536]: XMT: Solicit on ens2f1, interval 35500ms.
Oct 28 05:17:27 kvm03 dhclient[3485]: DHCPDISCOVER on ens1f1 to 255.255.255.255 port 67 interval 13 (xid=0xf32d205c)
Oct 28 05:17:30 kvm03 root: ens1f0: time out waiting for permanent link-local address
Oct 28 05:17:30 kvm03 root: ens1f1: time out waiting for permanent link-local address
Oct 28 05:17:30 kvm03 dhclient[4264]: no link-local IPv6 address for ens1f0
Oct 28 05:17:30 kvm03 dhclient[4264]: 
Oct 28 05:17:30 kvm03 dhclient[4264]: If you think you have received this message due to a bug rather
Oct 28 05:17:30 kvm03 dhclient[4264]: than a configuration issue please read the section on submitting
Oct 28 05:17:30 kvm03 dhclient[4264]: bugs on either our web page at www.isc.org or in the README file
Oct 28 05:17:30 kvm03 dhclient[4264]: before submitting a bug.  These pages explain the proper
Oct 28 05:17:30 kvm03 dhclient[4264]: process and the information we find helpful for debugging..
Oct 28 05:17:30 kvm03 dhclient[4264]: 
Oct 28 05:17:30 kvm03 dhclient[4264]: exiting.
Oct 28 05:17:30 kvm03 dhclient[4265]: no link-local IPv6 address for ens1f1
Oct 28 05:17:30 kvm03 dhclient[4265]: 
Oct 28 05:17:30 kvm03 dhclient[4265]: If you think you have received this message due to a bug rather
Oct 28 05:17:30 kvm03 dhclient[4265]: than a configuration issue please read the section on submitting
Oct 28 05:17:30 kvm03 dhclient[4265]: bugs on either our web page at www.isc.org or in the README file
Oct 28 05:17:30 kvm03 dhclient[4265]: before submitting a bug.  These pages explain the proper
Oct 28 05:17:30 kvm03 dhclient[4265]: process and the information we find helpful for debugging..
Oct 28 05:17:30 kvm03 dhclient[4265]: 
Oct 28 05:17:30 kvm03 dhclient[4265]: exiting.
Oct 28 05:17:31 kvm03 dhclient[3518]: DHCPDISCOVER on ens2f1 to 255.255.255.255 port 67 interval 11 (xid=0xaa416f1d)
Oct 28 05:17:32 kvm03 systemd[1]: Starting Stop ureadahead data collection...
Oct 28 05:17:32 kvm03 systemd[1]: Stopping Read required files in advance...
Oct 28 05:17:32 kvm03 systemd[1]: Started Stop ureadahead data collection.
Oct 28 05:17:33 kvm03 systemd[1]: Stopped Read required files in advance.
Oct 28 05:17:40 kvm03 dhclient[3485]: DHCPDISCOVER on ens1f1 to 255.255.255.255 port 67 interval 20 (xid=0xf32d205c)
Oct 28 05:17:40 kvm03 dhclient[3468]: DHCPDISCOVER on ens1f0 to 255.255.255.255 port 67 interval 15 (xid=0xbf243b79)
Oct 28 05:17:42 kvm03 dhclient[3518]: DHCPDISCOVER on ens2f1 to 255.255.255.255 port 67 interval 13 (xid=0xaa416f1d)
Oct 28 05:17:44 kvm03 dhclient[3502]: DHCPDISCOVER on ens2f0 to 255.255.255.255 port 67 interval 11 (xid=0x14217967)
Oct 28 05:17:46 kvm03 root: ens1f0: time out waiting for permanent link-local address
Oct 28 05:17:46 kvm03 root: ens1f1: time out waiting for permanent link-local address
Oct 28 05:17:46 kvm03 dhclient[4544]: no link-local IPv6 address for ens1f0
Oct 28 05:17:46 kvm03 dhclient[4544]: 
Oct 28 05:17:46 kvm03 dhclient[4544]: If you think you have received this message due to a bug rather
Oct 28 05:17:46 kvm03 dhclient[4544]: than a configuration issue please read the section on submitting
Oct 28 05:17:46 kvm03 dhclient[4544]: bugs on either our web page at www.isc.org or in the README file
Oct 28 05:17:46 kvm03 dhclient[4544]: before submitting a bug.  These pages explain the proper
Oct 28 05:17:46 kvm03 dhclient[4544]: process and the information we find helpful for debugging..
Oct 28 05:17:46 kvm03 dhclient[4544]: 
Oct 28 05:17:46 kvm03 dhclient[4544]: exiting.
Oct 28 05:17:46 kvm03 dhclient[4545]: no link-local IPv6 address for ens1f1
Oct 28 05:17:46 kvm03 dhclient[4545]: 
Oct 28 05:17:46 kvm03 dhclient[4545]: If you think you have received this message due to a bug rather
Oct 28 05:17:46 kvm03 dhclient[4545]: than a configuration issue please read the section on submitting
Oct 28 05:17:46 kvm03 dhclient[4545]: bugs on either our web page at www.isc.org or in the README file
Oct 28 05:17:46 kvm03 dhclient[4545]: before submitting a bug.  These pages explain the proper
Oct 28 05:17:46 kvm03 dhclient[4545]: process and the information we find helpful for debugging..
Oct 28 05:17:46 kvm03 dhclient[4545]: 
Oct 28 05:17:46 kvm03 dhclient[4545]: exiting.
Oct 28 05:17:51 kvm03 dhclient[3524]: XMT: Solicit on eno1, interval 58770ms.
Oct 28 05:17:51 kvm03 sudo:     root : TTY=unknown ; PWD=/ ; USER=root ; COMMAND=/usr/bin/apt-get -qy install smartmontools
Oct 28 05:17:51 kvm03 sudo: pam_unix(sudo:session): session opened for user root by (uid=0)
Oct 28 05:17:51 kvm03 systemd-resolved[3923]: Server returned error NXDOMAIN, mitigating potential DNS violation DVE-2018-0001, retrying transaction with reduced feature level UDP.
Oct 28 05:17:51 kvm03 systemd-resolved[3923]: Server returned error NXDOMAIN, mitigating potential DNS violation DVE-2018-0001, retrying transaction with reduced feature level UDP.
Oct 28 05:17:55 kvm03 dhclient[3468]: DHCPDISCOVER on ens1f0 to 255.255.255.255 port 67 interval 7 (xid=0xbf243b79)
Oct 28 05:17:55 kvm03 groupadd[5071]: group added to /etc/group: name=ssl-cert, GID=116
Oct 28 05:17:55 kvm03 groupadd[5071]: group added to /etc/gshadow: name=ssl-cert
Oct 28 05:17:55 kvm03 groupadd[5071]: new group: name=ssl-cert, GID=116
Oct 28 05:17:55 kvm03 dhclient[3502]: DHCPDISCOVER on ens2f0 to 255.255.255.255 port 67 interval 8 (xid=0x14217967)
Oct 28 05:17:55 kvm03 dhclient[3518]: DHCPDISCOVER on ens2f1 to 255.255.255.255 port 67 interval 17 (xid=0xaa416f1d)
Oct 28 05:17:55 kvm03 systemd[1]: Reloading.
Oct 28 05:17:56 kvm03 systemd[1]: Reloading.
Oct 28 05:17:56 kvm03 dhclient[3525]: XMT: Solicit on eno2, interval 60700ms.
Oct 28 05:17:57 kvm03 systemd[1]: Reloading.
Oct 28 05:17:59 kvm03 systemd[1]: Started Self Monitoring and Reporting Technology (SMART) Daemon.
Oct 28 05:17:59 kvm03 systemd[1]: Reloading.
Oct 28 05:17:59 kvm03 smartd[5313]: smartd 6.6 2016-05-31 r4324 [x86_64-linux-4.15.0-66-generic] (local build)
Oct 28 05:17:59 kvm03 smartd[5313]: Copyright (C) 2002-16, Bruce Allen, Christian Franke, www.smartmontools.org
Oct 28 05:17:59 kvm03 smartd[5313]: Opened configuration file /etc/smartd.conf
Oct 28 05:17:59 kvm03 smartd[5313]: Drive: DEVICESCAN, implied '-a' Directive on line 21 of file /etc/smartd.conf
Oct 28 05:17:59 kvm03 smartd[5313]: Configuration file /etc/smartd.conf was parsed, found DEVICESCAN, scanning devices
Oct 28 05:17:59 kvm03 smartd[5313]: Device: /dev/sda, opened
Oct 28 05:17:59 kvm03 smartd[5313]: Device: /dev/sda, [HP       LOGICAL VOLUME   6.00], lu id: 0x600508b1001cdde1166e1e7016681cc9, S/N: PCQVU0CRH7K56H, 800 GB
Oct 28 05:17:59 kvm03 smartd[5313]: Device: /dev/sda, does not support SMART Self-Test Log.
Oct 28 05:17:59 kvm03 smartd[5313]: Device: /dev/sda, is SMART capable. Adding to "monitor" list.
Oct 28 05:17:59 kvm03 smartd[5313]: Monitoring 0 ATA/SATA, 1 SCSI/SAS and 0 NVMe devices
Oct 28 05:17:59 kvm03 smartd[5313]: Device: /dev/sda, failed to read Temperature
Oct 28 05:17:59 kvm03 smartd[5313]: Device: /dev/sda, state written to /var/lib/smartmontools/smartd.HP-LOGICAL_VOLUME-PCQVU0CRH7K56H.scsi.state
Oct 28 05:18:00 kvm03 dhclient[3485]: DHCPDISCOVER on ens1f1 to 255.255.255.255 port 67 interval 7 (xid=0xf32d205c)
Oct 28 05:18:00 kvm03 systemd[1]: Reloading.
Oct 28 05:18:01 kvm03 dhclient[3535]: XMT: Solicit on ens2f0, interval 70860ms.
Oct 28 05:18:02 kvm03 systemd[1]: Reloading.
Oct 28 05:18:02 kvm03 dhclient[3536]: XMT: Solicit on ens2f1, interval 72590ms.
Oct 28 05:18:02 kvm03 root: ens1f1: time out waiting for permanent link-local address
Oct 28 05:18:02 kvm03 root: ens1f0: time out waiting for permanent link-local address
Oct 28 05:18:02 kvm03 dhclient[5130]: no link-local IPv6 address for ens1f1
Oct 28 05:18:02 kvm03 dhclient[5130]: 
Oct 28 05:18:02 kvm03 dhclient[5130]: If you think you have received this message due to a bug rather
Oct 28 05:18:02 kvm03 dhclient[5130]: than a configuration issue please read the section on submitting
Oct 28 05:18:02 kvm03 dhclient[5130]: bugs on either our web page at www.isc.org or in the README file
Oct 28 05:18:02 kvm03 dhclient[5130]: before submitting a bug.  These pages explain the proper
Oct 28 05:18:02 kvm03 dhclient[5130]: process and the information we find helpful for debugging..
Oct 28 05:18:02 kvm03 dhclient[5130]: 
Oct 28 05:18:02 kvm03 dhclient[5130]: exiting.
Oct 28 05:18:02 kvm03 dhclient[5129]: no link-local IPv6 address for ens1f0
Oct 28 05:18:02 kvm03 dhclient[5129]: 
Oct 28 05:18:02 kvm03 dhclient[5129]: If you think you have received this message due to a bug rather
Oct 28 05:18:02 kvm03 dhclient[5129]: than a configuration issue please read the section on submitting
Oct 28 05:18:02 kvm03 dhclient[5129]: bugs on either our web page at www.isc.org or in the README file
Oct 28 05:18:02 kvm03 dhclient[5129]: before submitting a bug.  These pages explain the proper
Oct 28 05:18:02 kvm03 dhclient[5129]: process and the information we find helpful for debugging..
Oct 28 05:18:02 kvm03 dhclient[5129]: 
Oct 28 05:18:02 kvm03 dhclient[5129]: exiting.
Oct 28 05:18:02 kvm03 dhclient[3468]: DHCPDISCOVER on ens1f0 to 255.255.255.255 port 67 interval 13 (xid=0xbf243b79)
Oct 28 05:18:03 kvm03 systemd[1]: Reloading.
Oct 28 05:18:03 kvm03 dhclient[3502]: DHCPDISCOVER on ens2f0 to 255.255.255.255 port 67 interval 13 (xid=0x14217967)
Oct 28 05:18:04 kvm03 systemd[1]: Created slice system-postfix.slice.
Oct 28 05:18:04 kvm03 systemd[1]: Starting Postfix Mail Transport Agent (instance -)...
Oct 28 05:18:04 kvm03 configure-instance.sh[5625]: postconf: fatal: open /etc/postfix/main.cf: No such file or directory
Oct 28 05:18:05 kvm03 configure-instance.sh[5625]: postconf: fatal: open /etc/postfix/main.cf: No such file or directory
Oct 28 05:18:06 kvm03 systemd[1]: postfix@-.service: Control process exited, code=exited status=1
Oct 28 05:18:06 kvm03 systemd[1]: postfix@-.service: Failed with result 'exit-code'.
Oct 28 05:18:06 kvm03 systemd[1]: Failed to start Postfix Mail Transport Agent (instance -).
Oct 28 05:18:06 kvm03 groupadd[5646]: group added to /etc/group: name=postfix, GID=117
Oct 28 05:18:06 kvm03 groupadd[5646]: group added to /etc/gshadow: name=postfix
Oct 28 05:18:06 kvm03 groupadd[5646]: new group: name=postfix, GID=117
Oct 28 05:18:06 kvm03 useradd[5652]: new user: name=postfix, UID=112, GID=117, home=/var/spool/postfix, shell=/usr/sbin/nologin
Oct 28 05:18:06 kvm03 usermod[5658]: change user 'postfix' password
Oct 28 05:18:06 kvm03 chage[5663]: changed password expiry for postfix
Oct 28 05:18:06 kvm03 groupadd[5707]: group added to /etc/group: name=postdrop, GID=118
Oct 28 05:18:06 kvm03 groupadd[5707]: group added to /etc/gshadow: name=postdrop
Oct 28 05:18:06 kvm03 groupadd[5707]: new group: name=postdrop, GID=118
Oct 28 05:18:07 kvm03 dhclient[3485]: DHCPDISCOVER on ens1f1 to 255.255.255.255 port 67 interval 9 (xid=0xf32d205c)
Oct 28 05:18:12 kvm03 dhclient[3518]: DHCPDISCOVER on ens2f1 to 255.255.255.255 port 67 interval 15 (xid=0xaa416f1d)
Oct 28 05:18:12 kvm03 systemd[1]: Reloading.
Oct 28 05:18:12 kvm03 systemd[1]: Starting Postfix Mail Transport Agent (instance -)...
Oct 28 05:18:13 kvm03 postfix/postfix-script[6029]: starting the Postfix mail system
Oct 28 05:18:13 kvm03 postfix/master[6031]: daemon started -- version 3.3.0, configuration /etc/postfix
Oct 28 05:18:13 kvm03 systemd[1]: Started Postfix Mail Transport Agent (instance -).
Oct 28 05:18:13 kvm03 systemd[1]: Starting Postfix Mail Transport Agent...
Oct 28 05:18:13 kvm03 systemd[1]: Started Postfix Mail Transport Agent.
Oct 28 05:18:13 kvm03 systemd[1]: Reloading.
Oct 28 05:18:15 kvm03 systemd[1]: Reloading.
Oct 28 05:18:15 kvm03 dhclient[3468]: DHCPDISCOVER on ens1f0 to 255.255.255.255 port 67 interval 15 (xid=0xbf243b79)
Oct 28 05:18:15 kvm03 systemd[1]: Stopping System Logging Service...
Oct 28 05:18:15 kvm03 rsyslogd:  [origin software="rsyslogd" swVersion="8.32.0" x-pid="1433" x-info="http://www.rsyslog.com"] exiting on signal 15.
Oct 28 05:18:15 kvm03 systemd[1]: Stopped System Logging Service.
Oct 28 05:18:15 kvm03 systemd[1]: Starting System Logging Service...
Oct 28 05:18:15 kvm03 systemd[1]: Started System Logging Service.
Oct 28 05:18:15 kvm03 rsyslogd: imuxsock: Acquired UNIX socket '/run/systemd/journal/syslog' (fd 3) from systemd.  [v8.32.0]
Oct 28 05:18:15 kvm03 rsyslogd: rsyslogd's groupid changed to 106
Oct 28 05:18:15 kvm03 rsyslogd: rsyslogd's userid changed to 102
Oct 28 05:18:15 kvm03 rsyslogd:  [origin software="rsyslogd" swVersion="8.32.0" x-pid="6656" x-info="http://www.rsyslog.com"] start
Oct 28 05:18:16 kvm03 dhclient[3485]: DHCPDISCOVER on ens1f1 to 255.255.255.255 port 67 interval 13 (xid=0xf32d205c)
Oct 28 05:18:16 kvm03 dhclient[3502]: DHCPDISCOVER on ens2f0 to 255.255.255.255 port 67 interval 9 (xid=0x14217967)
Oct 28 05:18:16 kvm03 sudo: pam_unix(sudo:session): session closed for user root
Oct 28 05:18:17 kvm03 sudo:     root : TTY=unknown ; PWD=/ ; USER=root ; COMMAND=/usr/sbin/smartctl --all /dev/sda
Oct 28 05:18:17 kvm03 sudo: pam_unix(sudo:session): session opened for user root by (uid=0)
Oct 28 05:18:17 kvm03 sudo: pam_unix(sudo:session): session closed for user root
Oct 28 05:18:17 kvm03 sudo:     root : TTY=unknown ; PWD=/ ; USER=root ; COMMAND=/usr/sbin/smartctl --xall /dev/sda
Oct 28 05:18:17 kvm03 sudo: pam_unix(sudo:session): session opened for user root by (uid=0)
Oct 28 05:18:17 kvm03 sudo: pam_unix(sudo:session): session closed for user root
Oct 28 05:18:17 kvm03 cloud-init[1924]: Downloading and extracting http://192.168.11.3:5240/MAAS/metadata//2012-03-01//maas-scripts/ to /tmp/user_data.sh.7Jlshu/scripts
Oct 28 05:18:17 kvm03 cloud-init[1924]: Starting commissioning scripts...
Oct 28 05:18:17 kvm03 cloud-init[1924]: Starting 00-maas-00-support-info (id: 50)
Oct 28 05:18:17 kvm03 cloud-init[1924]: Finished 00-maas-00-support-info (id: 50): 0
Oct 28 05:18:17 kvm03 cloud-init[1924]: Starting 00-maas-01-cpuinfo (id: 52)
Oct 28 05:18:17 kvm03 cloud-init[1924]: Finished 00-maas-01-cpuinfo (id: 52): 0
Oct 28 05:18:17 kvm03 cloud-init[1924]: Starting 00-maas-01-lshw (id: 51)
Oct 28 05:18:17 kvm03 cloud-init[1924]: Finished 00-maas-01-lshw (id: 51): 0
Oct 28 05:18:17 kvm03 cloud-init[1924]: Starting 00-maas-02-virtuality (id: 53)
Oct 28 05:18:17 kvm03 cloud-init[1924]: Finished 00-maas-02-virtuality (id: 53): 0
Oct 28 05:18:17 kvm03 cloud-init[1924]: Installing apt packages for 00-maas-03-install-lldpd (id: 54)
Oct 28 05:18:17 kvm03 cloud-init[1924]: Starting 00-maas-03-install-lldpd (id: 54)
Oct 28 05:18:17 kvm03 cloud-init[1924]: Finished 00-maas-03-install-lldpd (id: 54): 0
Oct 28 05:18:17 kvm03 cloud-init[1924]: Starting 00-maas-04-list-modaliases (id: 55)
Oct 28 05:18:17 kvm03 cloud-init[1924]: Finished 00-maas-04-list-modaliases (id: 55): 0
Oct 28 05:18:17 kvm03 cloud-init[1924]: Starting 00-maas-05-dhcp-unconfigured-ifaces (id: 56)
Oct 28 05:18:17 kvm03 cloud-init[1924]: Finished 00-maas-05-dhcp-unconfigured-ifaces (id: 56): 0
Oct 28 05:18:17 kvm03 cloud-init[1924]: Starting 00-maas-06-get-fruid-api-data (id: 57)
Oct 28 05:18:17 kvm03 cloud-init[1924]: Finished 00-maas-06-get-fruid-api-data (id: 57): 0
Oct 28 05:18:17 kvm03 cloud-init[1924]: Starting 00-maas-07-block-devices (id: 58)
Oct 28 05:18:17 kvm03 cloud-init[1924]: Finished 00-maas-07-block-devices (id: 58): 0
Oct 28 05:18:17 kvm03 cloud-init[1924]: Starting 00-maas-08-serial-ports (id: 59)
Oct 28 05:18:17 kvm03 cloud-init[1924]: Finished 00-maas-08-serial-ports (id: 59): 0
Oct 28 05:18:17 kvm03 cloud-init[1924]: Starting 99-maas-02-capture-lldp (id: 60)
Oct 28 05:18:17 kvm03 cloud-init[1924]: Finished 99-maas-02-capture-lldp (id: 60): 0
Oct 28 05:18:17 kvm03 cloud-init[1924]: Starting 99-maas-03-network-interfaces (id: 61)
Oct 28 05:18:17 kvm03 cloud-init[1924]: Finished 99-maas-03-network-interfaces (id: 61): 0
Oct 28 05:18:17 kvm03 cloud-init[1924]: Starting 99-maas-04-network-interfaces-with-sriov (id: 62)
Oct 28 05:18:17 kvm03 cloud-init[1924]: Finished 99-maas-04-network-interfaces-with-sriov (id: 62): 0
Oct 28 05:18:17 kvm03 cloud-init[1924]: Commissioning complete; updating test scripts...
Oct 28 05:18:17 kvm03 cloud-init[1924]: Downloading and extracting http://192.168.11.3:5240/MAAS/metadata//2012-03-01//maas-scripts/ to /tmp/user_data.sh.7Jlshu/scripts
Oct 28 05:18:17 kvm03 cloud-init[1924]: Starting testing scripts...
Oct 28 05:18:17 kvm03 cloud-init[1924]: Installing apt packages for smartctl-validate (id: 81, script_version_id: 1)
Oct 28 05:18:17 kvm03 cloud-init[1924]: Starting smartctl-validate (id: 81, script_version_id: 1)
Oct 28 05:18:17 kvm03 cloud-init[1924]: Finished smartctl-validate (id: 81, script_version_id: 1): 0
Oct 28 05:18:17 kvm03 cloud-init[1924]: All scripts successfully ran
Oct 28 05:18:17 kvm03 ec2: 
Oct 28 05:18:17 kvm03 ec2: #############################################################
Oct 28 05:18:17 kvm03 ec2: -----BEGIN SSH HOST KEY FINGERPRINTS-----
Oct 28 05:18:17 kvm03 ec2: 1024 SHA256:kJ+OIeNs5sx2BJXam0j6t3qnrfbT/mLEYnLHEVnsQ8w root@kvm03 (DSA)
Oct 28 05:18:17 kvm03 ec2: 256 SHA256:69716uVHk2SQZ/KfSYIWSnJtzDkt00KGJc31HbKCsNo root@kvm03 (ECDSA)
Oct 28 05:18:17 kvm03 ec2: 256 SHA256:wiPye40dbbulR0IcXAuyBD2grgeIcafpnnbdYxABonQ root@kvm03 (ED25519)
Oct 28 05:18:17 kvm03 ec2: 2048 SHA256:i1vVXAOHQtmWoyZ1x9UfTHnAX3FK7RriF42JLqn+Dto root@kvm03 (RSA)
Oct 28 05:18:17 kvm03 ec2: -----END SSH HOST KEY FINGERPRINTS-----
Oct 28 05:18:17 kvm03 ec2: #############################################################
Oct 28 05:18:17 kvm03 cloud-init[1924]: Cloud-init v. 19.2-36-g059d049c-0ubuntu2~18.04.1 running 'modules:final' at Mon, 28 Oct 2019 05:16:25 +0000. Up 30.60 seconds.
Oct 28 05:18:17 kvm03 cloud-init[1924]: Cloud-init v. 19.2-36-g059d049c-0ubuntu2~18.04.1 finished at Mon, 28 Oct 2019 05:18:17 +0000. Datasource DataSourceMAAS [http://192.168.11.3:5240/MAAS/metadata/].  Up 142.77 seconds
Oct 28 05:18:17 kvm03 systemd[1]: Started Execute cloud user/final scripts.
Oct 28 05:18:17 kvm03 systemd[1]: Reached target Cloud-init target.
Oct 28 05:18:17 kvm03 systemd[1]: Startup finished in 13.149s (kernel) + 2min 9.820s (userspace) = 2min 22.969s.
Oct 28 05:18:17 kvm03 systemd[1]: Stopped target Timers.
Oct 28 05:18:17 kvm03 systemd[1]: Stopped Discard unused blocks once a week.
Oct 28 05:18:17 kvm03 systemd[1]: Stopped Message of the Day.
Oct 28 05:18:17 kvm03 systemd[1]: Stopped Stop ureadahead data collection 45s after completed startup.
Oct 28 05:18:17 kvm03 systemd[1]: Stopped Daily apt upgrade and clean activities.
Oct 28 05:18:17 kvm03 systemd[1]: Stopped Daily apt download activities.
Oct 28 05:18:17 kvm03 systemd[1]: Stopped target System Time Synchronized.
Oct 28 05:18:17 kvm03 systemd[1]: Stopped target Graphical Interface.
Oct 28 05:18:17 kvm03 systemd[1]: Stopped Daily Cleanup of Temporary Directories.
Oct 28 05:18:17 kvm03 systemd[1]: Closed Load/Save RF Kill Switch Status /dev/rfkill Watch.
