Jun 12 02:21:33 mas01 named[3248]: all zones loaded
Jun 12 02:21:33 mas01 named[3248]: running
Jun 12 02:21:33 mas01 named[3248]: zone 11.168.192.in-addr.arpa/IN: loaded serial 16
Jun 12 02:21:33 mas01 named[3248]: zone maas/IN: loaded serial 16
Jun 12 02:21:35 mas01 sh[2946]: 2019-06-12 02:21:35 provisioningserver.rackdservices.tftp: [info] ubuntu/amd64/ga-16.04/xenial/daily/boot-initrd requested by 00:25:b5:a0:00:6a
Jun 12 02:21:37 mas01 sh[3306]: 2019-06-12 02:21:37 regiond: [info] 10.20.0.3 GET /MAAS/rpc/ HTTP/1.0 --> 200 OK (referrer: -; agent: provisioningserver.rpc.clusterservice.ClusterClientService)
Jun 12 02:21:37 mas01 dhcpd[5938]: DHCPDISCOVER from 00:25:b5:a0:00:5a via eth2
Jun 12 02:21:37 mas01 dhcpd[5938]: DHCPOFFER on 192.168.11.38 to 00:25:b5:a0:00:5a (cmp001) via eth2
Jun 12 02:21:37 mas01 dhcpd[5938]: execute_statement argv[0] = /usr/sbin/maas-dhcp-helper
Jun 12 02:21:37 mas01 dhcpd[5938]: execute_statement argv[1] = notify
Jun 12 02:21:37 mas01 dhcpd[5938]: execute_statement argv[2] = --action
Jun 12 02:21:37 mas01 dhcpd[5938]: execute_statement argv[3] = commit
Jun 12 02:21:37 mas01 dhcpd[5938]: execute_statement argv[4] = --mac
Jun 12 02:21:37 mas01 dhcpd[5938]: execute_statement argv[5] = 0:25:b5:a0:0:5a
Jun 12 02:21:37 mas01 dhcpd[5938]: execute_statement argv[6] = --ip-family
Jun 12 02:21:37 mas01 dhcpd[5938]: execute_statement argv[7] = ipv4
Jun 12 02:21:37 mas01 dhcpd[5938]: execute_statement argv[8] = --ip
Jun 12 02:21:37 mas01 dhcpd[5938]: execute_statement argv[9] = 192.168.11.38
Jun 12 02:21:37 mas01 dhcpd[5938]: execute_statement argv[10] = --lease-time
Jun 12 02:21:37 mas01 dhcpd[5938]: execute_statement argv[11] = 600
Jun 12 02:21:37 mas01 dhcpd[5938]: execute_statement argv[12] = --hostname
Jun 12 02:21:37 mas01 dhcpd[5938]: execute_statement argv[13] = cmp001
Jun 12 02:21:37 mas01 dhcpd[5938]: execute_statement argv[14] = --socket
Jun 12 02:21:37 mas01 dhcpd[5938]: execute_statement argv[15] = /var/lib/maas/dhcpd.sock
Jun 12 02:21:37 mas01 dhcpd[5938]: DHCPREQUEST for 192.168.11.38 (192.168.11.3) from 00:25:b5:a0:00:5a (cmp001) via eth2
Jun 12 02:21:37 mas01 dhcpd[5938]: DHCPACK on 192.168.11.38 to 00:25:b5:a0:00:5a (cmp001) via eth2
Jun 12 02:21:37 mas01 sh[3303]: 2019-06-12 02:21:37 maasserver.region_controller: [info] Reloaded DNS configuration; ip 192.168.11.42 connected to cmp002 on eth0
Jun 12 02:21:38 mas01 sh[3306]: 2019-06-12 02:21:38 maasserver.rpc.leases: [info] Lease update: commit for 192.168.11.38 on 0:25:b5:a0:0:5a at 2019-06-12 02:21:37 (lease time: 600s) (hostname: cmp001)
Jun 12 02:21:38 mas01 sh[2946]: 2019-06-12 02:21:38 rackd: [info] 192.168.11.38 GET /images/ubuntu/amd64/ga-16.04/xenial/daily/squashfs HTTP/1.1 --> 200 OK (referrer: -; agent: Wget)
Jun 12 02:21:39 mas01 salt-minion[6631]: [INFO    ] User sudo_ubuntu Executing command saltutil.find_job with jid 20190612022139507246
Jun 12 02:21:39 mas01 salt-minion[6631]: [INFO    ] Starting a new job with PID 6952
Jun 12 02:21:39 mas01 salt-minion[6631]: [INFO    ] Returning information for job: 20190612022139507246
Jun 12 02:21:41 mas01 sh[3303]: 2019-06-12 02:21:41 regiond: [info] 192.168.11.38 GET /MAAS/metadata/latest/by-id/rcfn6h/?op=get_preseed HTTP/1.1 --> 200 OK (referrer: -; agent: Cloud-Init/19.1-1-gbaa47854-0ubuntu1~16.04.1)
Jun 12 02:21:41 mas01 sh[3310]: 2019-06-12 02:21:41 regiond: [info] 192.168.11.38 POST /MAAS/metadata/status/rcfn6h HTTP/1.1 --> 204 NO_CONTENT (referrer: -; agent: python-requests/2.9.1)
Jun 12 02:21:41 mas01 sh[3314]: 2019-06-12 02:21:41 regiond: [info] 192.168.11.38 POST /MAAS/metadata/status/rcfn6h HTTP/1.1 --> 204 NO_CONTENT (referrer: -; agent: python-requests/2.9.1)
Jun 12 02:21:41 mas01 sh[3303]: 2019-06-12 02:21:41 regiond: [info] 192.168.11.38 POST /MAAS/metadata/status/rcfn6h HTTP/1.1 --> 204 NO_CONTENT (referrer: -; agent: python-requests/2.9.1)
Jun 12 02:21:41 mas01 sh[3303]: 2019-06-12 02:21:41 regiond: [info] 192.168.11.38 GET /MAAS/metadata/latest/by-id/rcfn6h/?op=get_preseed HTTP/1.1 --> 200 OK (referrer: -; agent: Cloud-Init/19.1-1-gbaa47854-0ubuntu1~16.04.1)
Jun 12 02:21:41 mas01 sh[3306]: 2019-06-12 02:21:41 regiond: [info] 192.168.11.38 POST /MAAS/metadata/status/rcfn6h HTTP/1.1 --> 204 NO_CONTENT (referrer: -; agent: python-requests/2.9.1)
Jun 12 02:21:41 mas01 sh[3314]: 2019-06-12 02:21:41 regiond: [info] 192.168.11.38 POST /MAAS/metadata/status/rcfn6h HTTP/1.1 --> 204 NO_CONTENT (referrer: -; agent: python-requests/2.9.1)
Jun 12 02:21:41 mas01 sh[3314]: 2019-06-12 02:21:41 regiond: [info] 192.168.11.38 POST /MAAS/metadata/status/rcfn6h HTTP/1.1 --> 204 NO_CONTENT (referrer: -; agent: python-requests/2.9.1)
Jun 12 02:21:41 mas01 sh[3314]: 2019-06-12 02:21:41 regiond: [info] 192.168.11.38 GET /MAAS/metadata/2012-03-01/meta-data/instance-id HTTP/1.1 --> 200 OK (referrer: -; agent: Cloud-Init/19.1-1-gbaa47854-0ubuntu1~16.04.1)
Jun 12 02:21:41 mas01 sh[3306]: 2019-06-12 02:21:41 regiond: [info] 192.168.11.38 GET /MAAS/metadata/2012-03-01/meta-data/instance-id HTTP/1.1 --> 200 OK (referrer: -; agent: python-requests/2.9.1)
Jun 12 02:21:42 mas01 sh[3306]: 2019-06-12 02:21:42 regiond: [info] 192.168.11.38 GET /MAAS/metadata/2012-03-01/meta-data/local-hostname HTTP/1.1 --> 200 OK (referrer: -; agent: python-requests/2.9.1)
Jun 12 02:21:42 mas01 sh[3303]: 2019-06-12 02:21:42 regiond: [info] 192.168.11.38 GET /MAAS/metadata/2012-03-01/meta-data/public-keys HTTP/1.1 --> 200 OK (referrer: -; agent: python-requests/2.9.1)
Jun 12 02:21:42 mas01 sh[3306]: 2019-06-12 02:21:42 regiond: [info] 192.168.11.38 GET /MAAS/metadata/2012-03-01/meta-data/vendor-data HTTP/1.1 --> 200 OK (referrer: -; agent: python-requests/2.9.1)
Jun 12 02:21:42 mas01 sh[3310]: 2019-06-12 02:21:42 regiond: [info] 192.168.11.38 GET /MAAS/metadata/2012-03-01/user-data HTTP/1.1 --> 200 OK (referrer: -; agent: python-requests/2.9.1)
Jun 12 02:21:42 mas01 sh[3303]: 2019-06-12 02:21:42 regiond: [info] 192.168.11.38 POST /MAAS/metadata/status/rcfn6h HTTP/1.1 --> 204 NO_CONTENT (referrer: -; agent: python-requests/2.9.1)
Jun 12 02:21:42 mas01 sh[3314]: 2019-06-12 02:21:42 regiond: [info] 192.168.11.38 POST /MAAS/metadata/status/rcfn6h HTTP/1.1 --> 204 NO_CONTENT (referrer: -; agent: python-requests/2.9.1)
Jun 12 02:21:42 mas01 sh[3306]: 2019-06-12 02:21:42 regiond: [info] 192.168.11.38 POST /MAAS/metadata/status/rcfn6h HTTP/1.1 --> 204 NO_CONTENT (referrer: -; agent: python-requests/2.9.1)
Jun 12 02:21:42 mas01 sh[3306]: 2019-06-12 02:21:42 regiond: [info] 192.168.11.38 POST /MAAS/metadata/status/rcfn6h HTTP/1.1 --> 204 NO_CONTENT (referrer: -; agent: python-requests/2.9.1)
Jun 12 02:21:42 mas01 sh[3303]: 2019-06-12 02:21:42 regiond: [info] 192.168.11.38 POST /MAAS/metadata/status/rcfn6h HTTP/1.1 --> 204 NO_CONTENT (referrer: -; agent: python-requests/2.9.1)
Jun 12 02:21:42 mas01 sh[3303]: message repeated 2 times: [ 2019-06-12 02:21:42 regiond: [info] 192.168.11.38 POST /MAAS/metadata/status/rcfn6h HTTP/1.1 --> 204 NO_CONTENT (referrer: -; agent: python-requests/2.9.1)]
Jun 12 02:21:42 mas01 sh[3314]: 2019-06-12 02:21:42 regiond: [info] 192.168.11.38 POST /MAAS/metadata/status/rcfn6h HTTP/1.1 --> 204 NO_CONTENT (referrer: -; agent: python-requests/2.9.1)
Jun 12 02:21:42 mas01 sh[3314]: 2019-06-12 02:21:42 regiond: [info] 192.168.11.38 POST /MAAS/metadata/status/rcfn6h HTTP/1.1 --> 204 NO_CONTENT (referrer: -; agent: python-requests/2.9.1)
Jun 12 02:21:42 mas01 sh[3310]: 2019-06-12 02:21:42 regiond: [info] 192.168.11.38 POST /MAAS/metadata/status/rcfn6h HTTP/1.1 --> 204 NO_CONTENT (referrer: -; agent: python-requests/2.9.1)
Jun 12 02:21:42 mas01 sh[3314]: 2019-06-12 02:21:42 regiond: [info] 192.168.11.38 POST /MAAS/metadata/status/rcfn6h HTTP/1.1 --> 204 NO_CONTENT (referrer: -; agent: python-requests/2.9.1)
Jun 12 02:21:42 mas01 sh[3310]: 2019-06-12 02:21:42 regiond: [info] 192.168.11.38 POST /MAAS/metadata/status/rcfn6h HTTP/1.1 --> 204 NO_CONTENT (referrer: -; agent: python-requests/2.9.1)
Jun 12 02:21:42 mas01 sh[3314]: 2019-06-12 02:21:42 regiond: [info] 192.168.11.38 POST /MAAS/metadata/status/rcfn6h HTTP/1.1 --> 204 NO_CONTENT (referrer: -; agent: python-requests/2.9.1)
Jun 12 02:21:42 mas01 sh[3310]: 2019-06-12 02:21:42 regiond: [info] 192.168.11.38 POST /MAAS/metadata/status/rcfn6h HTTP/1.1 --> 204 NO_CONTENT (referrer: -; agent: python-requests/2.9.1)
Jun 12 02:21:42 mas01 sh[3303]: 2019-06-12 02:21:42 regiond: [info] 192.168.11.38 POST /MAAS/metadata/status/rcfn6h HTTP/1.1 --> 204 NO_CONTENT (referrer: -; agent: python-requests/2.9.1)
Jun 12 02:21:42 mas01 sh[3306]: 2019-06-12 02:21:42 regiond: [info] 192.168.11.38 POST /MAAS/metadata/status/rcfn6h HTTP/1.1 --> 204 NO_CONTENT (referrer: -; agent: python-requests/2.9.1)
Jun 12 02:21:42 mas01 sh[3303]: 2019-06-12 02:21:42 regiond: [info] 192.168.11.38 POST /MAAS/metadata/status/rcfn6h HTTP/1.1 --> 204 NO_CONTENT (referrer: -; agent: python-requests/2.9.1)
Jun 12 02:21:42 mas01 sh[3303]: 2019-06-12 02:21:42 regiond: [info] 192.168.11.38 POST /MAAS/metadata/status/rcfn6h HTTP/1.1 --> 204 NO_CONTENT (referrer: -; agent: python-requests/2.9.1)
Jun 12 02:21:42 mas01 sh[3310]: 2019-06-12 02:21:42 regiond: [info] 192.168.11.38 POST /MAAS/metadata/status/rcfn6h HTTP/1.1 --> 204 NO_CONTENT (referrer: -; agent: python-requests/2.9.1)
Jun 12 02:21:42 mas01 sh[3303]: 2019-06-12 02:21:42 regiond: [info] 192.168.11.38 POST /MAAS/metadata/status/rcfn6h HTTP/1.1 --> 204 NO_CONTENT (referrer: -; agent: python-requests/2.9.1)
Jun 12 02:21:42 mas01 sh[3303]: 2019-06-12 02:21:42 regiond: [info] 192.168.11.38 POST /MAAS/metadata/status/rcfn6h HTTP/1.1 --> 204 NO_CONTENT (referrer: -; agent: python-requests/2.9.1)
Jun 12 02:21:42 mas01 sh[3314]: 2019-06-12 02:21:42 regiond: [info] 192.168.11.38 POST /MAAS/metadata/status/rcfn6h HTTP/1.1 --> 204 NO_CONTENT (referrer: -; agent: python-requests/2.9.1)
Jun 12 02:21:42 mas01 sh[3314]: 2019-06-12 02:21:42 regiond: [info] 192.168.11.38 POST /MAAS/metadata/status/rcfn6h HTTP/1.1 --> 204 NO_CONTENT (referrer: -; agent: python-requests/2.9.1)
Jun 12 02:21:42 mas01 sh[3306]: 2019-06-12 02:21:42 regiond: [info] 192.168.11.38 POST /MAAS/metadata/status/rcfn6h HTTP/1.1 --> 204 NO_CONTENT (referrer: -; agent: python-requests/2.9.1)
Jun 12 02:21:42 mas01 sh[3310]: 2019-06-12 02:21:42 regiond: [info] 192.168.11.38 POST /MAAS/metadata/status/rcfn6h HTTP/1.1 --> 204 NO_CONTENT (referrer: -; agent: python-requests/2.9.1)
Jun 12 02:21:42 mas01 sh[3310]: 2019-06-12 02:21:42 regiond: [info] 192.168.11.38 POST /MAAS/metadata/status/rcfn6h HTTP/1.1 --> 204 NO_CONTENT (referrer: -; agent: python-requests/2.9.1)
Jun 12 02:21:42 mas01 sh[3314]: 2019-06-12 02:21:42 regiond: [info] 192.168.11.38 POST /MAAS/metadata/status/rcfn6h HTTP/1.1 --> 204 NO_CONTENT (referrer: -; agent: python-requests/2.9.1)
Jun 12 02:21:42 mas01 sh[3310]: 2019-06-12 02:21:42 regiond: [info] 192.168.11.38 POST /MAAS/metadata/status/rcfn6h HTTP/1.1 --> 204 NO_CONTENT (referrer: -; agent: python-requests/2.9.1)
Jun 12 02:21:42 mas01 sh[3310]: 2019-06-12 02:21:42 regiond: [info] 192.168.11.38 POST /MAAS/metadata/status/rcfn6h HTTP/1.1 --> 204 NO_CONTENT (referrer: -; agent: python-requests/2.9.1)
Jun 12 02:21:42 mas01 sh[3306]: 2019-06-12 02:21:42 regiond: [info] 192.168.11.38 POST /MAAS/metadata/status/rcfn6h HTTP/1.1 --> 204 NO_CONTENT (referrer: -; agent: python-requests/2.9.1)
Jun 12 02:21:42 mas01 sh[3303]: 2019-06-12 02:21:42 regiond: [info] 192.168.11.38 POST /MAAS/metadata/status/rcfn6h HTTP/1.1 --> 204 NO_CONTENT (referrer: -; agent: python-requests/2.9.1)
Jun 12 02:21:42 mas01 sh[3314]: 2019-06-12 02:21:42 regiond: [info] 192.168.11.38 POST /MAAS/metadata/status/rcfn6h HTTP/1.1 --> 204 NO_CONTENT (referrer: -; agent: python-requests/2.9.1)
Jun 12 02:21:42 mas01 sh[3303]: 2019-06-12 02:21:42 regiond: [info] 192.168.11.38 POST /MAAS/metadata/status/rcfn6h HTTP/1.1 --> 204 NO_CONTENT (referrer: -; agent: python-requests/2.9.1)
Jun 12 02:21:42 mas01 sh[3310]: 2019-06-12 02:21:42 regiond: [info] 192.168.11.38 POST /MAAS/metadata/status/rcfn6h HTTP/1.1 --> 204 NO_CONTENT (referrer: -; agent: python-requests/2.9.1)
Jun 12 02:21:42 mas01 sh[3306]: 2019-06-12 02:21:42 regiond: [info] 192.168.11.38 POST /MAAS/metadata/status/rcfn6h HTTP/1.1 --> 204 NO_CONTENT (referrer: -; agent: python-requests/2.9.1)
Jun 12 02:21:42 mas01 sh[3303]: 2019-06-12 02:21:42 regiond: [info] 192.168.11.38 POST /MAAS/metadata/status/rcfn6h HTTP/1.1 --> 204 NO_CONTENT (referrer: -; agent: python-requests/2.9.1)
Jun 12 02:21:42 mas01 sh[3303]: 2019-06-12 02:21:42 regiond: [info] 192.168.11.38 POST /MAAS/metadata/status/rcfn6h HTTP/1.1 --> 204 NO_CONTENT (referrer: -; agent: python-requests/2.9.1)
Jun 12 02:21:42 mas01 sh[3314]: 2019-06-12 02:21:42 regiond: [info] 192.168.11.38 POST /MAAS/metadata/status/rcfn6h HTTP/1.1 --> 204 NO_CONTENT (referrer: -; agent: python-requests/2.9.1)
Jun 12 02:21:42 mas01 sh[3310]: 2019-06-12 02:21:42 regiond: [info] 192.168.11.38 POST /MAAS/metadata/status/rcfn6h HTTP/1.1 --> 204 NO_CONTENT (referrer: -; agent: python-requests/2.9.1)
Jun 12 02:21:42 mas01 sh[3303]: 2019-06-12 02:21:42 regiond: [info] 192.168.11.38 POST /MAAS/metadata/status/rcfn6h HTTP/1.1 --> 204 NO_CONTENT (referrer: -; agent: python-requests/2.9.1)
Jun 12 02:21:49 mas01 dhcpd[5938]: DHCPDISCOVER from 00:25:b5:a0:00:2a via eth2
Jun 12 02:21:49 mas01 dhcpd[5938]: DHCPOFFER on 192.168.11.39 to 00:25:b5:a0:00:2a (kvm01) via eth2
Jun 12 02:21:49 mas01 dhcpd[5938]: execute_statement argv[0] = /usr/sbin/maas-dhcp-helper
Jun 12 02:21:49 mas01 dhcpd[5938]: execute_statement argv[1] = notify
Jun 12 02:21:49 mas01 dhcpd[5938]: execute_statement argv[2] = --action
Jun 12 02:21:49 mas01 dhcpd[5938]: execute_statement argv[3] = commit
Jun 12 02:21:49 mas01 dhcpd[5938]: execute_statement argv[4] = --mac
Jun 12 02:21:49 mas01 dhcpd[5938]: execute_statement argv[5] = 0:25:b5:a0:0:2a
Jun 12 02:21:49 mas01 dhcpd[5938]: execute_statement argv[6] = --ip-family
Jun 12 02:21:49 mas01 dhcpd[5938]: execute_statement argv[7] = ipv4
Jun 12 02:21:49 mas01 dhcpd[5938]: execute_statement argv[8] = --ip
Jun 12 02:21:49 mas01 dhcpd[5938]: execute_statement argv[9] = 192.168.11.39
Jun 12 02:21:49 mas01 dhcpd[5938]: execute_statement argv[10] = --lease-time
Jun 12 02:21:49 mas01 dhcpd[5938]: execute_statement argv[11] = 600
Jun 12 02:21:49 mas01 dhcpd[5938]: execute_statement argv[12] = --hostname
Jun 12 02:21:49 mas01 dhcpd[5938]: execute_statement argv[13] = kvm01
Jun 12 02:21:49 mas01 dhcpd[5938]: execute_statement argv[14] = --socket
Jun 12 02:21:49 mas01 dhcpd[5938]: execute_statement argv[15] = /var/lib/maas/dhcpd.sock
Jun 12 02:21:49 mas01 dhcpd[5938]: DHCPREQUEST for 192.168.11.39 (192.168.11.3) from 00:25:b5:a0:00:2a (kvm01) via eth2
Jun 12 02:21:49 mas01 dhcpd[5938]: DHCPACK on 192.168.11.39 to 00:25:b5:a0:00:2a (kvm01) via eth2
Jun 12 02:21:49 mas01 dhcpd[5938]: DHCPDISCOVER from 00:25:b5:a0:00:4a via eth2
Jun 12 02:21:49 mas01 dhcpd[5938]: DHCPOFFER on 192.168.11.40 to 00:25:b5:a0:00:4a (kvm03) via eth2
Jun 12 02:21:49 mas01 dhcpd[5938]: DHCPDISCOVER from 00:25:b5:a0:00:3a via eth2
Jun 12 02:21:49 mas01 dhcpd[5938]: DHCPOFFER on 192.168.11.41 to 00:25:b5:a0:00:3a (kvm02) via eth2
Jun 12 02:21:49 mas01 dhcpd[5938]: DHCPDISCOVER from 00:25:b5:a0:00:6a via eth2
Jun 12 02:21:49 mas01 dhcpd[5938]: DHCPOFFER on 192.168.11.42 to 00:25:b5:a0:00:6a (cmp002) via eth2
Jun 12 02:21:49 mas01 dhcpd[5938]: execute_statement argv[0] = /usr/sbin/maas-dhcp-helper
Jun 12 02:21:49 mas01 dhcpd[5938]: execute_statement argv[1] = notify
Jun 12 02:21:49 mas01 dhcpd[5938]: execute_statement argv[2] = --action
Jun 12 02:21:49 mas01 dhcpd[5938]: execute_statement argv[3] = commit
Jun 12 02:21:49 mas01 dhcpd[5938]: execute_statement argv[4] = --mac
Jun 12 02:21:49 mas01 dhcpd[5938]: execute_statement argv[5] = 0:25:b5:a0:0:4a
Jun 12 02:21:49 mas01 dhcpd[5938]: execute_statement argv[6] = --ip-family
Jun 12 02:21:49 mas01 dhcpd[5938]: execute_statement argv[7] = ipv4
Jun 12 02:21:49 mas01 dhcpd[5938]: execute_statement argv[8] = --ip
Jun 12 02:21:49 mas01 dhcpd[5938]: execute_statement argv[9] = 192.168.11.40
Jun 12 02:21:49 mas01 dhcpd[5938]: execute_statement argv[10] = --lease-time
Jun 12 02:21:49 mas01 dhcpd[5938]: execute_statement argv[11] = 600
Jun 12 02:21:49 mas01 dhcpd[5938]: execute_statement argv[12] = --hostname
Jun 12 02:21:49 mas01 dhcpd[5938]: execute_statement argv[13] = kvm03
Jun 12 02:21:49 mas01 dhcpd[5938]: execute_statement argv[14] = --socket
Jun 12 02:21:49 mas01 dhcpd[5938]: execute_statement argv[15] = /var/lib/maas/dhcpd.sock
Jun 12 02:21:49 mas01 sh[3310]: 2019-06-12 02:21:49 maasserver.rpc.leases: [info] Lease update: commit for 192.168.11.39 on 0:25:b5:a0:0:2a at 2019-06-12 02:21:49 (lease time: 600s) (hostname: kvm01)
Jun 12 02:21:49 mas01 dhcpd[5938]: DHCPREQUEST for 192.168.11.40 (192.168.11.3) from 00:25:b5:a0:00:4a (kvm03) via eth2
Jun 12 02:21:49 mas01 dhcpd[5938]: DHCPACK on 192.168.11.40 to 00:25:b5:a0:00:4a (kvm03) via eth2
Jun 12 02:21:49 mas01 dhcpd[5938]: execute_statement argv[0] = /usr/sbin/maas-dhcp-helper
Jun 12 02:21:49 mas01 dhcpd[5938]: execute_statement argv[1] = notify
Jun 12 02:21:49 mas01 dhcpd[5938]: execute_statement argv[2] = --action
Jun 12 02:21:49 mas01 dhcpd[5938]: execute_statement argv[3] = commit
Jun 12 02:21:49 mas01 dhcpd[5938]: execute_statement argv[4] = --mac
Jun 12 02:21:49 mas01 dhcpd[5938]: execute_statement argv[5] = 0:25:b5:a0:0:3a
Jun 12 02:21:49 mas01 dhcpd[5938]: execute_statement argv[6] = --ip-family
Jun 12 02:21:49 mas01 dhcpd[5938]: execute_statement argv[7] = ipv4
Jun 12 02:21:49 mas01 dhcpd[5938]: execute_statement argv[8] = --ip
Jun 12 02:21:49 mas01 dhcpd[5938]: execute_statement argv[9] = 192.168.11.41
Jun 12 02:21:49 mas01 dhcpd[5938]: execute_statement argv[10] = --lease-time
Jun 12 02:21:49 mas01 dhcpd[5938]: execute_statement argv[11] = 600
Jun 12 02:21:49 mas01 dhcpd[5938]: execute_statement argv[12] = --hostname
Jun 12 02:21:49 mas01 dhcpd[5938]: execute_statement argv[13] = kvm02
Jun 12 02:21:49 mas01 dhcpd[5938]: execute_statement argv[14] = --socket
Jun 12 02:21:49 mas01 dhcpd[5938]: execute_statement argv[15] = /var/lib/maas/dhcpd.sock
Jun 12 02:21:49 mas01 sh[3314]: 2019-06-12 02:21:49 maasserver.rpc.leases: [info] Lease update: commit for 192.168.11.40 on 0:25:b5:a0:0:4a at 2019-06-12 02:21:49 (lease time: 600s) (hostname: kvm03)
Jun 12 02:21:49 mas01 dhcpd[5938]: DHCPREQUEST for 192.168.11.41 (192.168.11.3) from 00:25:b5:a0:00:3a (kvm02) via eth2
Jun 12 02:21:49 mas01 dhcpd[5938]: DHCPACK on 192.168.11.41 to 00:25:b5:a0:00:3a (kvm02) via eth2
Jun 12 02:21:49 mas01 dhcpd[5938]: execute_statement argv[0] = /usr/sbin/maas-dhcp-helper
Jun 12 02:21:49 mas01 dhcpd[5938]: execute_statement argv[1] = notify
Jun 12 02:21:49 mas01 dhcpd[5938]: execute_statement argv[2] = --action
Jun 12 02:21:49 mas01 dhcpd[5938]: execute_statement argv[3] = commit
Jun 12 02:21:49 mas01 dhcpd[5938]: execute_statement argv[4] = --mac
Jun 12 02:21:49 mas01 dhcpd[5938]: execute_statement argv[5] = 0:25:b5:a0:0:6a
Jun 12 02:21:49 mas01 dhcpd[5938]: execute_statement argv[6] = --ip-family
Jun 12 02:21:49 mas01 dhcpd[5938]: execute_statement argv[7] = ipv4
Jun 12 02:21:49 mas01 dhcpd[5938]: execute_statement argv[8] = --ip
Jun 12 02:21:49 mas01 dhcpd[5938]: execute_statement argv[9] = 192.168.11.42
Jun 12 02:21:49 mas01 dhcpd[5938]: execute_statement argv[10] = --lease-time
Jun 12 02:21:49 mas01 dhcpd[5938]: execute_statement argv[11] = 600
Jun 12 02:21:49 mas01 dhcpd[5938]: execute_statement argv[12] = --hostname
Jun 12 02:21:49 mas01 dhcpd[5938]: execute_statement argv[13] = cmp002
Jun 12 02:21:49 mas01 dhcpd[5938]: execute_statement argv[14] = --socket
Jun 12 02:21:49 mas01 dhcpd[5938]: execute_statement argv[15] = /var/lib/maas/dhcpd.sock
Jun 12 02:21:49 mas01 sh[3310]: 2019-06-12 02:21:49 maasserver.rpc.leases: [info] Lease update: commit for 192.168.11.41 on 0:25:b5:a0:0:3a at 2019-06-12 02:21:49 (lease time: 600s) (hostname: kvm02)
Jun 12 02:21:49 mas01 dhcpd[5938]: DHCPREQUEST for 192.168.11.42 (192.168.11.3) from 00:25:b5:a0:00:6a (cmp002) via eth2
Jun 12 02:21:49 mas01 dhcpd[5938]: DHCPACK on 192.168.11.42 to 00:25:b5:a0:00:6a (cmp002) via eth2
Jun 12 02:21:50 mas01 sh[3303]: 2019-06-12 02:21:50 maasserver.rpc.leases: [info] Lease update: commit for 192.168.11.42 on 0:25:b5:a0:0:6a at 2019-06-12 02:21:49 (lease time: 600s) (hostname: cmp002)
Jun 12 02:21:50 mas01 sh[3306]: 2019-06-12 02:21:50 regiond: [info] 192.168.11.38 POST /MAAS/metadata/status/rcfn6h HTTP/1.1 --> 204 NO_CONTENT (referrer: -; agent: python-requests/2.9.1)
Jun 12 02:21:50 mas01 sh[3303]: 2019-06-12 02:21:50 regiond: [info] 192.168.11.38 POST /MAAS/metadata/status/rcfn6h HTTP/1.1 --> 204 NO_CONTENT (referrer: -; agent: python-requests/2.9.1)
Jun 12 02:21:50 mas01 sh[3306]: 2019-06-12 02:21:50 regiond: [info] 192.168.11.38 POST /MAAS/metadata/status/rcfn6h HTTP/1.1 --> 204 NO_CONTENT (referrer: -; agent: python-requests/2.9.1)
Jun 12 02:21:50 mas01 sh[3314]: 2019-06-12 02:21:50 regiond: [info] 192.168.11.38 POST /MAAS/metadata/status/rcfn6h HTTP/1.1 --> 204 NO_CONTENT (referrer: -; agent: python-requests/2.9.1)
Jun 12 02:21:50 mas01 sh[3314]: 2019-06-12 02:21:50 regiond: [info] 192.168.11.38 POST /MAAS/metadata/status/rcfn6h HTTP/1.1 --> 204 NO_CONTENT (referrer: -; agent: python-requests/2.9.1)
Jun 12 02:21:50 mas01 sh[3303]: 2019-06-12 02:21:50 regiond: [info] 192.168.11.38 POST /MAAS/metadata/status/rcfn6h HTTP/1.1 --> 204 NO_CONTENT (referrer: -; agent: python-requests/2.9.1)
Jun 12 02:21:50 mas01 sh[3306]: 2019-06-12 02:21:50 regiond: [info] 192.168.11.38 POST /MAAS/metadata/status/rcfn6h HTTP/1.1 --> 204 NO_CONTENT (referrer: -; agent: python-requests/2.9.1)
Jun 12 02:21:50 mas01 sh[3306]: 2019-06-12 02:21:50 regiond: [info] 192.168.11.38 POST /MAAS/metadata/status/rcfn6h HTTP/1.1 --> 204 NO_CONTENT (referrer: -; agent: python-requests/2.9.1)
Jun 12 02:21:50 mas01 sh[3310]: 2019-06-12 02:21:50 regiond: [info] 192.168.11.38 POST /MAAS/metadata/status/rcfn6h HTTP/1.1 --> 204 NO_CONTENT (referrer: -; agent: python-requests/2.9.1)
Jun 12 02:21:50 mas01 sh[2946]: 2019-06-12 02:21:50 rackd: [info] 192.168.11.39 GET /images/ubuntu/amd64/ga-16.04/xenial/daily/squashfs HTTP/1.1 --> 200 OK (referrer: -; agent: Wget)
Jun 12 02:21:50 mas01 sh[2946]: 2019-06-12 02:21:50 rackd: [info] 192.168.11.40 GET /images/ubuntu/amd64/ga-16.04/xenial/daily/squashfs HTTP/1.1 --> 200 OK (referrer: -; agent: Wget)
Jun 12 02:21:50 mas01 sh[2946]: 2019-06-12 02:21:50 rackd: [info] 192.168.11.41 GET /images/ubuntu/amd64/ga-16.04/xenial/daily/squashfs HTTP/1.1 --> 200 OK (referrer: -; agent: Wget)
Jun 12 02:21:50 mas01 sh[2946]: 2019-06-12 02:21:50 rackd: [info] 192.168.11.42 GET /images/ubuntu/amd64/ga-16.04/xenial/daily/squashfs HTTP/1.1 --> 200 OK (referrer: -; agent: Wget)
Jun 12 02:21:50 mas01 sh[3310]: 2019-06-12 02:21:50 regiond: [info] 192.168.11.38 POST /MAAS/metadata/status/rcfn6h HTTP/1.1 --> 204 NO_CONTENT (referrer: -; agent: python-requests/2.9.1)
Jun 12 02:21:50 mas01 sh[3314]: 2019-06-12 02:21:50 regiond: [info] 192.168.11.38 POST /MAAS/metadata/status/rcfn6h HTTP/1.1 --> 204 NO_CONTENT (referrer: -; agent: python-requests/2.9.1)
Jun 12 02:21:50 mas01 sh[3303]: 2019-06-12 02:21:50 regiond: [info] 192.168.11.38 POST /MAAS/metadata/status/rcfn6h HTTP/1.1 --> 204 NO_CONTENT (referrer: -; agent: python-requests/2.9.1)
Jun 12 02:21:50 mas01 sh[3303]: 2019-06-12 02:21:50 regiond: [info] 192.168.11.38 POST /MAAS/metadata/status/rcfn6h HTTP/1.1 --> 204 NO_CONTENT (referrer: -; agent: python-requests/2.9.1)
Jun 12 02:21:51 mas01 sh[3310]: 2019-06-12 02:21:51 regiond: [info] 192.168.11.38 POST /MAAS/metadata/status/rcfn6h HTTP/1.1 --> 204 NO_CONTENT (referrer: -; agent: python-requests/2.9.1)
Jun 12 02:21:51 mas01 sh[3306]: 2019-06-12 02:21:51 regiond: [info] 192.168.11.38 POST /MAAS/metadata/status/rcfn6h HTTP/1.1 --> 204 NO_CONTENT (referrer: -; agent: python-requests/2.9.1)
Jun 12 02:21:51 mas01 sh[3310]: 2019-06-12 02:21:51 regiond: [info] 192.168.11.38 POST /MAAS/metadata/status/rcfn6h HTTP/1.1 --> 204 NO_CONTENT (referrer: -; agent: python-requests/2.9.1)
Jun 12 02:21:51 mas01 sh[3310]: 2019-06-12 02:21:51 regiond: [info] 192.168.11.38 POST /MAAS/metadata/status/rcfn6h HTTP/1.1 --> 204 NO_CONTENT (referrer: -; agent: python-requests/2.9.1)
Jun 12 02:21:51 mas01 sh[3303]: 2019-06-12 02:21:51 regiond: [info] 192.168.11.38 POST /MAAS/metadata/status/rcfn6h HTTP/1.1 --> 204 NO_CONTENT (referrer: -; agent: python-requests/2.9.1)
Jun 12 02:21:51 mas01 sh[3314]: 2019-06-12 02:21:51 regiond: [info] 192.168.11.38 POST /MAAS/metadata/status/rcfn6h HTTP/1.1 --> 204 NO_CONTENT (referrer: -; agent: python-requests/2.9.1)
Jun 12 02:21:51 mas01 sh[3314]: 2019-06-12 02:21:51 regiond: [info] 192.168.11.38 POST /MAAS/metadata/status/rcfn6h HTTP/1.1 --> 204 NO_CONTENT (referrer: -; agent: python-requests/2.9.1)
Jun 12 02:21:51 mas01 sh[3306]: 2019-06-12 02:21:51 regiond: [info] 192.168.11.38 POST /MAAS/metadata/status/rcfn6h HTTP/1.1 --> 204 NO_CONTENT (referrer: -; agent: python-requests/2.9.1)
Jun 12 02:21:53 mas01 sh[3303]: 2019-06-12 02:21:53 regiond: [info] 192.168.11.39 GET /MAAS/metadata/latest/by-id/83fmkt/?op=get_preseed HTTP/1.1 --> 200 OK (referrer: -; agent: Cloud-Init/19.1-1-gbaa47854-0ubuntu1~16.04.1)
Jun 12 02:21:53 mas01 sh[3310]: 2019-06-12 02:21:53 regiond: [info] 192.168.11.40 GET /MAAS/metadata/latest/by-id/kt7pge/?op=get_preseed HTTP/1.1 --> 200 OK (referrer: -; agent: Cloud-Init/19.1-1-gbaa47854-0ubuntu1~16.04.1)
Jun 12 02:21:53 mas01 sh[3310]: 2019-06-12 02:21:53 regiond: [info] 192.168.11.39 POST /MAAS/metadata/status/83fmkt HTTP/1.1 --> 204 NO_CONTENT (referrer: -; agent: python-requests/2.9.1)
Jun 12 02:21:53 mas01 sh[3314]: 2019-06-12 02:21:53 regiond: [info] 192.168.11.39 POST /MAAS/metadata/status/83fmkt HTTP/1.1 --> 204 NO_CONTENT (referrer: -; agent: python-requests/2.9.1)
Jun 12 02:21:53 mas01 sh[3306]: 2019-06-12 02:21:53 regiond: [info] 192.168.11.40 POST /MAAS/metadata/status/kt7pge HTTP/1.1 --> 204 NO_CONTENT (referrer: -; agent: python-requests/2.9.1)
Jun 12 02:21:53 mas01 sh[3306]: 2019-06-12 02:21:53 regiond: [info] 192.168.11.40 POST /MAAS/metadata/status/kt7pge HTTP/1.1 --> 204 NO_CONTENT (referrer: -; agent: python-requests/2.9.1)
Jun 12 02:21:53 mas01 sh[3314]: 2019-06-12 02:21:53 regiond: [info] 192.168.11.41 GET /MAAS/metadata/latest/by-id/744pr7/?op=get_preseed HTTP/1.1 --> 200 OK (referrer: -; agent: Cloud-Init/19.1-1-gbaa47854-0ubuntu1~16.04.1)
Jun 12 02:21:53 mas01 sh[3314]: 2019-06-12 02:21:53 regiond: [info] 192.168.11.41 POST /MAAS/metadata/status/744pr7 HTTP/1.1 --> 204 NO_CONTENT (referrer: -; agent: python-requests/2.9.1)
Jun 12 02:21:53 mas01 sh[3303]: 2019-06-12 02:21:53 regiond: [info] 192.168.11.41 POST /MAAS/metadata/status/744pr7 HTTP/1.1 --> 204 NO_CONTENT (referrer: -; agent: python-requests/2.9.1)
Jun 12 02:21:53 mas01 sh[3303]: 2019-06-12 02:21:53 regiond: [info] 192.168.11.42 GET /MAAS/metadata/latest/by-id/647nsp/?op=get_preseed HTTP/1.1 --> 200 OK (referrer: -; agent: Cloud-Init/19.1-1-gbaa47854-0ubuntu1~16.04.1)
Jun 12 02:21:53 mas01 sh[3303]: 2019-06-12 02:21:53 regiond: [info] 192.168.11.39 POST /MAAS/metadata/status/83fmkt HTTP/1.1 --> 204 NO_CONTENT (referrer: -; agent: python-requests/2.9.1)
Jun 12 02:21:53 mas01 sh[3314]: 2019-06-12 02:21:53 regiond: [info] 192.168.11.40 POST /MAAS/metadata/status/kt7pge HTTP/1.1 --> 204 NO_CONTENT (referrer: -; agent: python-requests/2.9.1)
Jun 12 02:21:53 mas01 sh[3303]: 2019-06-12 02:21:53 regiond: [info] 192.168.11.42 POST /MAAS/metadata/status/647nsp HTTP/1.1 --> 204 NO_CONTENT (referrer: -; agent: python-requests/2.9.1)
Jun 12 02:21:53 mas01 sh[3310]: 2019-06-12 02:21:53 regiond: [info] 192.168.11.42 POST /MAAS/metadata/status/647nsp HTTP/1.1 --> 204 NO_CONTENT (referrer: -; agent: python-requests/2.9.1)
Jun 12 02:21:53 mas01 sh[3314]: 2019-06-12 02:21:53 regiond: [info] 192.168.11.41 POST /MAAS/metadata/status/744pr7 HTTP/1.1 --> 204 NO_CONTENT (referrer: -; agent: python-requests/2.9.1)
Jun 12 02:21:53 mas01 sh[3310]: 2019-06-12 02:21:53 regiond: [info] 192.168.11.42 POST /MAAS/metadata/status/647nsp HTTP/1.1 --> 204 NO_CONTENT (referrer: -; agent: python-requests/2.9.1)
Jun 12 02:21:54 mas01 sh[3314]: 2019-06-12 02:21:54 regiond: [info] 192.168.11.40 GET /MAAS/metadata/latest/by-id/kt7pge/?op=get_preseed HTTP/1.1 --> 200 OK (referrer: -; agent: Cloud-Init/19.1-1-gbaa47854-0ubuntu1~16.04.1)
Jun 12 02:21:54 mas01 sh[3306]: 2019-06-12 02:21:54 regiond: [info] 192.168.11.40 POST /MAAS/metadata/status/kt7pge HTTP/1.1 --> 204 NO_CONTENT (referrer: -; agent: python-requests/2.9.1)
Jun 12 02:21:54 mas01 sh[3310]: 2019-06-12 02:21:54 regiond: [info] 192.168.11.40 POST /MAAS/metadata/status/kt7pge HTTP/1.1 --> 204 NO_CONTENT (referrer: -; agent: python-requests/2.9.1)
Jun 12 02:21:54 mas01 sh[3303]: 2019-06-12 02:21:54 regiond: [info] 192.168.11.40 POST /MAAS/metadata/status/kt7pge HTTP/1.1 --> 204 NO_CONTENT (referrer: -; agent: python-requests/2.9.1)
Jun 12 02:21:54 mas01 sh[3306]: 2019-06-12 02:21:54 regiond: [info] 192.168.11.41 GET /MAAS/metadata/latest/by-id/744pr7/?op=get_preseed HTTP/1.1 --> 200 OK (referrer: -; agent: Cloud-Init/19.1-1-gbaa47854-0ubuntu1~16.04.1)
Jun 12 02:21:54 mas01 sh[3314]: 2019-06-12 02:21:54 regiond: [info] 192.168.11.40 GET /MAAS/metadata/2012-03-01/meta-data/instance-id HTTP/1.1 --> 200 OK (referrer: -; agent: Cloud-Init/19.1-1-gbaa47854-0ubuntu1~16.04.1)
Jun 12 02:21:54 mas01 sh[3314]: 2019-06-12 02:21:54 regiond: [info] 192.168.11.42 GET /MAAS/metadata/latest/by-id/647nsp/?op=get_preseed HTTP/1.1 --> 200 OK (referrer: -; agent: Cloud-Init/19.1-1-gbaa47854-0ubuntu1~16.04.1)
Jun 12 02:21:54 mas01 sh[3310]: 2019-06-12 02:21:54 regiond: [info] 192.168.11.41 POST /MAAS/metadata/status/744pr7 HTTP/1.1 --> 204 NO_CONTENT (referrer: -; agent: python-requests/2.9.1)
Jun 12 02:21:54 mas01 sh[3310]: 2019-06-12 02:21:54 regiond: [info] 192.168.11.41 POST /MAAS/metadata/status/744pr7 HTTP/1.1 --> 204 NO_CONTENT (referrer: -; agent: python-requests/2.9.1)
Jun 12 02:21:54 mas01 sh[3303]: 2019-06-12 02:21:54 regiond: [info] 192.168.11.41 POST /MAAS/metadata/status/744pr7 HTTP/1.1 --> 204 NO_CONTENT (referrer: -; agent: python-requests/2.9.1)
Jun 12 02:21:54 mas01 sh[3310]: 2019-06-12 02:21:54 regiond: [info] 192.168.11.39 POST /MAAS/metadata/status/83fmkt HTTP/1.1 --> 204 NO_CONTENT (referrer: -; agent: python-requests/2.9.1)
Jun 12 02:21:54 mas01 sh[3306]: 2019-06-12 02:21:54 regiond: [info] 192.168.11.40 GET /MAAS/metadata/2012-03-01/meta-data/instance-id HTTP/1.1 --> 200 OK (referrer: -; agent: python-requests/2.9.1)
Jun 12 02:21:54 mas01 sh[3310]: 2019-06-12 02:21:54 regiond: [info] 192.168.11.39 POST /MAAS/metadata/status/83fmkt HTTP/1.1 --> 204 NO_CONTENT (referrer: -; agent: python-requests/2.9.1)
Jun 12 02:21:54 mas01 sh[3306]: 2019-06-12 02:21:54 regiond: [info] 192.168.11.39 POST /MAAS/metadata/status/83fmkt HTTP/1.1 --> 204 NO_CONTENT (referrer: -; agent: python-requests/2.9.1)
Jun 12 02:21:54 mas01 sh[3306]: 2019-06-12 02:21:54 regiond: [info] 192.168.11.42 POST /MAAS/metadata/status/647nsp HTTP/1.1 --> 204 NO_CONTENT (referrer: -; agent: python-requests/2.9.1)
Jun 12 02:21:54 mas01 sh[3303]: 2019-06-12 02:21:54 regiond: [info] 192.168.11.42 POST /MAAS/metadata/status/647nsp HTTP/1.1 --> 204 NO_CONTENT (referrer: -; agent: python-requests/2.9.1)
Jun 12 02:21:54 mas01 sh[3310]: 2019-06-12 02:21:54 regiond: [info] 192.168.11.42 POST /MAAS/metadata/status/647nsp HTTP/1.1 --> 204 NO_CONTENT (referrer: -; agent: python-requests/2.9.1)
Jun 12 02:21:54 mas01 sh[3306]: 2019-06-12 02:21:54 regiond: [info] 192.168.11.39 GET /MAAS/metadata/2012-03-01/meta-data/instance-id HTTP/1.1 --> 200 OK (referrer: -; agent: Cloud-Init/19.1-1-gbaa47854-0ubuntu1~16.04.1)
Jun 12 02:21:54 mas01 sh[3303]: 2019-06-12 02:21:54 regiond: [info] 192.168.11.41 GET /MAAS/metadata/2012-03-01/meta-data/instance-id HTTP/1.1 --> 200 OK (referrer: -; agent: Cloud-Init/19.1-1-gbaa47854-0ubuntu1~16.04.1)
Jun 12 02:21:54 mas01 sh[3303]: 2019-06-12 02:21:54 regiond: [info] 192.168.11.40 GET /MAAS/metadata/2012-03-01/meta-data/local-hostname HTTP/1.1 --> 200 OK (referrer: -; agent: python-requests/2.9.1)
Jun 12 02:21:54 mas01 sh[3314]: 2019-06-12 02:21:54 regiond: [info] 192.168.11.42 GET /MAAS/metadata/2012-03-01/meta-data/instance-id HTTP/1.1 --> 200 OK (referrer: -; agent: Cloud-Init/19.1-1-gbaa47854-0ubuntu1~16.04.1)
Jun 12 02:21:54 mas01 sh[3310]: 2019-06-12 02:21:54 regiond: [info] 192.168.11.39 GET /MAAS/metadata/2012-03-01/meta-data/instance-id HTTP/1.1 --> 200 OK (referrer: -; agent: python-requests/2.9.1)
Jun 12 02:21:54 mas01 sh[3310]: 2019-06-12 02:21:54 regiond: [info] 192.168.11.42 GET /MAAS/metadata/2012-03-01/meta-data/instance-id HTTP/1.1 --> 200 OK (referrer: -; agent: python-requests/2.9.1)
Jun 12 02:21:54 mas01 sh[3306]: 2019-06-12 02:21:54 regiond: [info] 192.168.11.41 GET /MAAS/metadata/2012-03-01/meta-data/instance-id HTTP/1.1 --> 200 OK (referrer: -; agent: python-requests/2.9.1)
Jun 12 02:21:54 mas01 sh[3306]: 2019-06-12 02:21:54 regiond: [info] 192.168.11.39 GET /MAAS/metadata/2012-03-01/meta-data/local-hostname HTTP/1.1 --> 200 OK (referrer: -; agent: python-requests/2.9.1)
Jun 12 02:21:54 mas01 sh[3306]: 2019-06-12 02:21:54 regiond: [info] 192.168.11.42 GET /MAAS/metadata/2012-03-01/meta-data/local-hostname HTTP/1.1 --> 200 OK (referrer: -; agent: python-requests/2.9.1)
Jun 12 02:21:54 mas01 sh[3314]: 2019-06-12 02:21:54 regiond: [info] 192.168.11.41 GET /MAAS/metadata/2012-03-01/meta-data/local-hostname HTTP/1.1 --> 200 OK (referrer: -; agent: python-requests/2.9.1)
Jun 12 02:21:54 mas01 sh[3310]: 2019-06-12 02:21:54 regiond: [info] 192.168.11.40 GET /MAAS/metadata/2012-03-01/meta-data/vendor-data HTTP/1.1 --> 200 OK (referrer: -; agent: python-requests/2.9.1)
Jun 12 02:21:54 mas01 sh[3310]: 2019-06-12 02:21:54 regiond: [info] 192.168.11.42 GET /MAAS/metadata/2012-03-01/meta-data/public-keys HTTP/1.1 --> 200 OK (referrer: -; agent: python-requests/2.9.1)
Jun 12 02:21:54 mas01 sh[3314]: 2019-06-12 02:21:54 regiond: [info] 192.168.11.41 GET /MAAS/metadata/2012-03-01/meta-data/public-keys HTTP/1.1 --> 200 OK (referrer: -; agent: python-requests/2.9.1)
Jun 12 02:21:54 mas01 sh[3306]: 2019-06-12 02:21:54 regiond: [info] 192.168.11.40 GET /MAAS/metadata/2012-03-01/user-data HTTP/1.1 --> 200 OK (referrer: -; agent: python-requests/2.9.1)
Jun 12 02:21:54 mas01 sh[3314]: 2019-06-12 02:21:54 regiond: [info] 192.168.11.40 POST /MAAS/metadata/status/kt7pge HTTP/1.1 --> 204 NO_CONTENT (referrer: -; agent: python-requests/2.9.1)
Jun 12 02:21:54 mas01 sh[3314]: 2019-06-12 02:21:54 regiond: [info] 192.168.11.42 GET /MAAS/metadata/2012-03-01/meta-data/vendor-data HTTP/1.1 --> 200 OK (referrer: -; agent: python-requests/2.9.1)
Jun 12 02:21:54 mas01 sh[3303]: 2019-06-12 02:21:54 regiond: [info] 192.168.11.39 GET /MAAS/metadata/2012-03-01/meta-data/vendor-data HTTP/1.1 --> 200 OK (referrer: -; agent: python-requests/2.9.1)
Jun 12 02:21:54 mas01 sh[3303]: 2019-06-12 02:21:54 regiond: [info] 192.168.11.41 GET /MAAS/metadata/2012-03-01/meta-data/vendor-data HTTP/1.1 --> 200 OK (referrer: -; agent: python-requests/2.9.1)
Jun 12 02:21:54 mas01 sh[3303]: 2019-06-12 02:21:54 regiond: [info] 192.168.11.42 GET /MAAS/metadata/2012-03-01/user-data HTTP/1.1 --> 200 OK (referrer: -; agent: python-requests/2.9.1)
Jun 12 02:21:54 mas01 sh[3310]: 2019-06-12 02:21:54 regiond: [info] 192.168.11.40 POST /MAAS/metadata/status/kt7pge HTTP/1.1 --> 204 NO_CONTENT (referrer: -; agent: python-requests/2.9.1)
Jun 12 02:21:54 mas01 sh[3303]: 2019-06-12 02:21:54 regiond: [info] 192.168.11.42 POST /MAAS/metadata/status/647nsp HTTP/1.1 --> 204 NO_CONTENT (referrer: -; agent: python-requests/2.9.1)
Jun 12 02:21:54 mas01 sh[3303]: 2019-06-12 02:21:54 regiond: [info] 192.168.11.40 POST /MAAS/metadata/status/kt7pge HTTP/1.1 --> 204 NO_CONTENT (referrer: -; agent: python-requests/2.9.1)
Jun 12 02:21:54 mas01 sh[3314]: 2019-06-12 02:21:54 regiond: [info] 192.168.11.39 GET /MAAS/metadata/2012-03-01/user-data HTTP/1.1 --> 200 OK (referrer: -; agent: python-requests/2.9.1)
Jun 12 02:21:54 mas01 sh[3303]: 2019-06-12 02:21:54 regiond: [info] 192.168.11.39 POST /MAAS/metadata/status/83fmkt HTTP/1.1 --> 204 NO_CONTENT (referrer: -; agent: python-requests/2.9.1)
Jun 12 02:21:54 mas01 sh[3314]: 2019-06-12 02:21:54 regiond: [info] 192.168.11.41 GET /MAAS/metadata/2012-03-01/user-data HTTP/1.1 --> 200 OK (referrer: -; agent: python-requests/2.9.1)
Jun 12 02:21:54 mas01 sh[3303]: 2019-06-12 02:21:54 regiond: [info] 192.168.11.40 POST /MAAS/metadata/status/kt7pge HTTP/1.1 --> 204 NO_CONTENT (referrer: -; agent: python-requests/2.9.1)
Jun 12 02:21:54 mas01 sh[3314]: 2019-06-12 02:21:54 regiond: [info] 192.168.11.41 POST /MAAS/metadata/status/744pr7 HTTP/1.1 --> 204 NO_CONTENT (referrer: -; agent: python-requests/2.9.1)
Jun 12 02:21:54 mas01 sh[3314]: 2019-06-12 02:21:54 regiond: [info] 192.168.11.40 POST /MAAS/metadata/status/kt7pge HTTP/1.1 --> 204 NO_CONTENT (referrer: -; agent: python-requests/2.9.1)
Jun 12 02:21:54 mas01 sh[3310]: 2019-06-12 02:21:54 regiond: [info] 192.168.11.40 POST /MAAS/metadata/status/kt7pge HTTP/1.1 --> 204 NO_CONTENT (referrer: -; agent: python-requests/2.9.1)
Jun 12 02:21:54 mas01 sh[3314]: 2019-06-12 02:21:54 regiond: [info] 192.168.11.40 POST /MAAS/metadata/status/kt7pge HTTP/1.1 --> 204 NO_CONTENT (referrer: -; agent: python-requests/2.9.1)
Jun 12 02:21:54 mas01 sh[3303]: 2019-06-12 02:21:54 regiond: [info] 192.168.11.42 POST /MAAS/metadata/status/647nsp HTTP/1.1 --> 204 NO_CONTENT (referrer: -; agent: python-requests/2.9.1)
Jun 12 02:21:54 mas01 sh[3303]: 2019-06-12 02:21:54 regiond: [info] 192.168.11.42 POST /MAAS/metadata/status/647nsp HTTP/1.1 --> 204 NO_CONTENT (referrer: -; agent: python-requests/2.9.1)
Jun 12 02:21:54 mas01 sh[3303]: 2019-06-12 02:21:54 regiond: [info] 192.168.11.40 POST /MAAS/metadata/status/kt7pge HTTP/1.1 --> 204 NO_CONTENT (referrer: -; agent: python-requests/2.9.1)
Jun 12 02:21:54 mas01 sh[3303]: 2019-06-12 02:21:54 regiond: [info] 192.168.11.40 POST /MAAS/metadata/status/kt7pge HTTP/1.1 --> 204 NO_CONTENT (referrer: -; agent: python-requests/2.9.1)
Jun 12 02:21:54 mas01 sh[3303]: 2019-06-12 02:21:54 regiond: [info] 192.168.11.42 POST /MAAS/metadata/status/647nsp HTTP/1.1 --> 204 NO_CONTENT (referrer: -; agent: python-requests/2.9.1)
Jun 12 02:21:54 mas01 sh[3314]: 2019-06-12 02:21:54 regiond: [info] 192.168.11.41 POST /MAAS/metadata/status/744pr7 HTTP/1.1 --> 204 NO_CONTENT (referrer: -; agent: python-requests/2.9.1)
Jun 12 02:21:54 mas01 sh[3303]: 2019-06-12 02:21:54 regiond: [info] 192.168.11.41 POST /MAAS/metadata/status/744pr7 HTTP/1.1 --> 204 NO_CONTENT (referrer: -; agent: python-requests/2.9.1)
Jun 12 02:21:54 mas01 sh[3314]: 2019-06-12 02:21:54 regiond: [info] 192.168.11.42 POST /MAAS/metadata/status/647nsp HTTP/1.1 --> 204 NO_CONTENT (referrer: -; agent: python-requests/2.9.1)
Jun 12 02:21:54 mas01 sh[3303]: 2019-06-12 02:21:54 regiond: [info] 192.168.11.42 POST /MAAS/metadata/status/647nsp HTTP/1.1 --> 204 NO_CONTENT (referrer: -; agent: python-requests/2.9.1)
Jun 12 02:21:54 mas01 sh[3314]: 2019-06-12 02:21:54 regiond: [info] 192.168.11.42 POST /MAAS/metadata/status/647nsp HTTP/1.1 --> 204 NO_CONTENT (referrer: -; agent: python-requests/2.9.1)
Jun 12 02:21:54 mas01 sh[3303]: 2019-06-12 02:21:54 regiond: [info] 192.168.11.39 POST /MAAS/metadata/status/83fmkt HTTP/1.1 --> 204 NO_CONTENT (referrer: -; agent: python-requests/2.9.1)
Jun 12 02:21:54 mas01 sh[3303]: 2019-06-12 02:21:54 regiond: [info] 192.168.11.40 POST /MAAS/metadata/status/kt7pge HTTP/1.1 --> 204 NO_CONTENT (referrer: -; agent: python-requests/2.9.1)
Jun 12 02:21:54 mas01 sh[3314]: 2019-06-12 02:21:54 regiond: [info] 192.168.11.39 POST /MAAS/metadata/status/83fmkt HTTP/1.1 --> 204 NO_CONTENT (referrer: -; agent: python-requests/2.9.1)
Jun 12 02:21:54 mas01 sh[3310]: 2019-06-12 02:21:54 regiond: [info] 192.168.11.40 POST /MAAS/metadata/status/kt7pge HTTP/1.1 --> 204 NO_CONTENT (referrer: -; agent: python-requests/2.9.1)
Jun 12 02:21:54 mas01 sh[3303]: 2019-06-12 02:21:54 regiond: [info] 192.168.11.41 POST /MAAS/metadata/status/744pr7 HTTP/1.1 --> 204 NO_CONTENT (referrer: -; agent: python-requests/2.9.1)
Jun 12 02:21:54 mas01 sh[3310]: 2019-06-12 02:21:54 regiond: [info] 192.168.11.40 POST /MAAS/metadata/status/kt7pge HTTP/1.1 --> 204 NO_CONTENT (referrer: -; agent: python-requests/2.9.1)
Jun 12 02:21:54 mas01 sh[3310]: 2019-06-12 02:21:54 regiond: [info] 192.168.11.40 POST /MAAS/metadata/status/kt7pge HTTP/1.1 --> 204 NO_CONTENT (referrer: -; agent: python-requests/2.9.1)
Jun 12 02:21:54 mas01 sh[3306]: 2019-06-12 02:21:54 regiond: [info] 192.168.11.41 POST /MAAS/metadata/status/744pr7 HTTP/1.1 --> 204 NO_CONTENT (referrer: -; agent: python-requests/2.9.1)
Jun 12 02:21:54 mas01 sh[3310]: 2019-06-12 02:21:54 regiond: [info] 192.168.11.40 POST /MAAS/metadata/status/kt7pge HTTP/1.1 --> 204 NO_CONTENT (referrer: -; agent: python-requests/2.9.1)
Jun 12 02:21:54 mas01 sh[3310]: 2019-06-12 02:21:54 regiond: [info] 192.168.11.41 POST /MAAS/metadata/status/744pr7 HTTP/1.1 --> 204 NO_CONTENT (referrer: -; agent: python-requests/2.9.1)
Jun 12 02:21:54 mas01 sh[3310]: 2019-06-12 02:21:54 regiond: [info] 192.168.11.40 POST /MAAS/metadata/status/kt7pge HTTP/1.1 --> 204 NO_CONTENT (referrer: -; agent: python-requests/2.9.1)
Jun 12 02:21:54 mas01 sh[3303]: 2019-06-12 02:21:54 regiond: [info] 192.168.11.42 POST /MAAS/metadata/status/647nsp HTTP/1.1 --> 204 NO_CONTENT (referrer: -; agent: python-requests/2.9.1)
Jun 12 02:21:54 mas01 sh[3310]: 2019-06-12 02:21:54 regiond: [info] 192.168.11.40 POST /MAAS/metadata/status/kt7pge HTTP/1.1 --> 204 NO_CONTENT (referrer: -; agent: python-requests/2.9.1)
Jun 12 02:21:54 mas01 sh[3310]: 2019-06-12 02:21:54 regiond: [info] 192.168.11.41 POST /MAAS/metadata/status/744pr7 HTTP/1.1 --> 204 NO_CONTENT (referrer: -; agent: python-requests/2.9.1)
Jun 12 02:21:54 mas01 sh[3310]: 2019-06-12 02:21:54 regiond: [info] 192.168.11.42 POST /MAAS/metadata/status/647nsp HTTP/1.1 --> 204 NO_CONTENT (referrer: -; agent: python-requests/2.9.1)
Jun 12 02:21:54 mas01 sh[3310]: 2019-06-12 02:21:54 regiond: [info] 192.168.11.40 POST /MAAS/metadata/status/kt7pge HTTP/1.1 --> 204 NO_CONTENT (referrer: -; agent: python-requests/2.9.1)
Jun 12 02:21:54 mas01 sh[3310]: 2019-06-12 02:21:54 regiond: [info] 192.168.11.39 POST /MAAS/metadata/status/83fmkt HTTP/1.1 --> 204 NO_CONTENT (referrer: -; agent: python-requests/2.9.1)
Jun 12 02:21:54 mas01 sh[3310]: 2019-06-12 02:21:54 regiond: [info] 192.168.11.40 POST /MAAS/metadata/status/kt7pge HTTP/1.1 --> 204 NO_CONTENT (referrer: -; agent: python-requests/2.9.1)
Jun 12 02:21:54 mas01 sh[3306]: 2019-06-12 02:21:54 regiond: [info] 192.168.11.39 POST /MAAS/metadata/status/83fmkt HTTP/1.1 --> 204 NO_CONTENT (referrer: -; agent: python-requests/2.9.1)
Jun 12 02:21:54 mas01 sh[3306]: message repeated 2 times: [ 2019-06-12 02:21:54 regiond: [info] 192.168.11.39 POST /MAAS/metadata/status/83fmkt HTTP/1.1 --> 204 NO_CONTENT (referrer: -; agent: python-requests/2.9.1)]
Jun 12 02:21:54 mas01 sh[3314]: 2019-06-12 02:21:54 regiond: [info] 192.168.11.40 POST /MAAS/metadata/status/kt7pge HTTP/1.1 --> 204 NO_CONTENT (referrer: -; agent: python-requests/2.9.1)
Jun 12 02:21:54 mas01 sh[3306]: 2019-06-12 02:21:54 regiond: [info] 192.168.11.41 POST /MAAS/metadata/status/744pr7 HTTP/1.1 --> 204 NO_CONTENT (referrer: -; agent: python-requests/2.9.1)
Jun 12 02:21:54 mas01 sh[3310]: 2019-06-12 02:21:54 regiond: [info] 192.168.11.40 POST /MAAS/metadata/status/kt7pge HTTP/1.1 --> 204 NO_CONTENT (referrer: -; agent: python-requests/2.9.1)
Jun 12 02:21:54 mas01 sh[3303]: 2019-06-12 02:21:54 regiond: [info] 192.168.11.41 POST /MAAS/metadata/status/744pr7 HTTP/1.1 --> 204 NO_CONTENT (referrer: -; agent: python-requests/2.9.1)
Jun 12 02:21:54 mas01 sh[3303]: 2019-06-12 02:21:54 regiond: [info] 192.168.11.40 POST /MAAS/metadata/status/kt7pge HTTP/1.1 --> 204 NO_CONTENT (referrer: -; agent: python-requests/2.9.1)
Jun 12 02:21:54 mas01 sh[3306]: 2019-06-12 02:21:54 regiond: [info] 192.168.11.42 POST /MAAS/metadata/status/647nsp HTTP/1.1 --> 204 NO_CONTENT (referrer: -; agent: python-requests/2.9.1)
Jun 12 02:21:54 mas01 sh[3306]: 2019-06-12 02:21:54 regiond: [info] 192.168.11.40 POST /MAAS/metadata/status/kt7pge HTTP/1.1 --> 204 NO_CONTENT (referrer: -; agent: python-requests/2.9.1)
Jun 12 02:21:54 mas01 sh[3306]: 2019-06-12 02:21:54 regiond: [info] 192.168.11.42 POST /MAAS/metadata/status/647nsp HTTP/1.1 --> 204 NO_CONTENT (referrer: -; agent: python-requests/2.9.1)
Jun 12 02:21:54 mas01 sh[3314]: 2019-06-12 02:21:54 regiond: [info] 192.168.11.40 POST /MAAS/metadata/status/kt7pge HTTP/1.1 --> 204 NO_CONTENT (referrer: -; agent: python-requests/2.9.1)
Jun 12 02:21:54 mas01 sh[3314]: 2019-06-12 02:21:54 regiond: [info] 192.168.11.42 POST /MAAS/metadata/status/647nsp HTTP/1.1 --> 204 NO_CONTENT (referrer: -; agent: python-requests/2.9.1)
Jun 12 02:21:54 mas01 sh[3306]: 2019-06-12 02:21:54 regiond: [info] 192.168.11.40 POST /MAAS/metadata/status/kt7pge HTTP/1.1 --> 204 NO_CONTENT (referrer: -; agent: python-requests/2.9.1)
Jun 12 02:21:54 mas01 sh[3314]: 2019-06-12 02:21:54 regiond: [info] 192.168.11.42 POST /MAAS/metadata/status/647nsp HTTP/1.1 --> 204 NO_CONTENT (referrer: -; agent: python-requests/2.9.1)
Jun 12 02:21:54 mas01 sh[3303]: 2019-06-12 02:21:54 regiond: [info] 192.168.11.42 POST /MAAS/metadata/status/647nsp HTTP/1.1 --> 204 NO_CONTENT (referrer: -; agent: python-requests/2.9.1)
Jun 12 02:21:54 mas01 sh[3314]: 2019-06-12 02:21:54 regiond: [info] 192.168.11.40 POST /MAAS/metadata/status/kt7pge HTTP/1.1 --> 204 NO_CONTENT (referrer: -; agent: python-requests/2.9.1)
Jun 12 02:21:54 mas01 sh[3306]: 2019-06-12 02:21:54 regiond: [info] 192.168.11.42 POST /MAAS/metadata/status/647nsp HTTP/1.1 --> 204 NO_CONTENT (referrer: -; agent: python-requests/2.9.1)
Jun 12 02:21:54 mas01 sh[3314]: 2019-06-12 02:21:54 regiond: [info] 192.168.11.40 POST /MAAS/metadata/status/kt7pge HTTP/1.1 --> 204 NO_CONTENT (referrer: -; agent: python-requests/2.9.1)
Jun 12 02:21:54 mas01 sh[3303]: 2019-06-12 02:21:54 regiond: [info] 192.168.11.42 POST /MAAS/metadata/status/647nsp HTTP/1.1 --> 204 NO_CONTENT (referrer: -; agent: python-requests/2.9.1)
Jun 12 02:21:54 mas01 sh[3306]: 2019-06-12 02:21:54 regiond: [info] 192.168.11.40 POST /MAAS/metadata/status/kt7pge HTTP/1.1 --> 204 NO_CONTENT (referrer: -; agent: python-requests/2.9.1)
Jun 12 02:21:54 mas01 sh[3303]: 2019-06-12 02:21:54 regiond: [info] 192.168.11.39 POST /MAAS/metadata/status/83fmkt HTTP/1.1 --> 204 NO_CONTENT (referrer: -; agent: python-requests/2.9.1)
Jun 12 02:21:54 mas01 sh[3314]: 2019-06-12 02:21:54 regiond: [info] 192.168.11.42 POST /MAAS/metadata/status/647nsp HTTP/1.1 --> 204 NO_CONTENT (referrer: -; agent: python-requests/2.9.1)
Jun 12 02:21:54 mas01 sh[3310]: 2019-06-12 02:21:54 regiond: [info] 192.168.11.40 POST /MAAS/metadata/status/kt7pge HTTP/1.1 --> 204 NO_CONTENT (referrer: -; agent: python-requests/2.9.1)
Jun 12 02:21:54 mas01 sh[3310]: 2019-06-12 02:21:54 regiond: [info] 192.168.11.42 POST /MAAS/metadata/status/647nsp HTTP/1.1 --> 204 NO_CONTENT (referrer: -; agent: python-requests/2.9.1)
Jun 12 02:21:54 mas01 sh[3306]: 2019-06-12 02:21:54 regiond: [info] 192.168.11.41 POST /MAAS/metadata/status/744pr7 HTTP/1.1 --> 204 NO_CONTENT (referrer: -; agent: python-requests/2.9.1)
Jun 12 02:21:54 mas01 sh[3310]: 2019-06-12 02:21:54 regiond: [info] 192.168.11.39 POST /MAAS/metadata/status/83fmkt HTTP/1.1 --> 204 NO_CONTENT (referrer: -; agent: python-requests/2.9.1)
Jun 12 02:21:54 mas01 sh[3314]: 2019-06-12 02:21:54 regiond: [info] 192.168.11.40 POST /MAAS/metadata/status/kt7pge HTTP/1.1 --> 204 NO_CONTENT (referrer: -; agent: python-requests/2.9.1)
Jun 12 02:21:54 mas01 sh[3310]: 2019-06-12 02:21:54 regiond: [info] 192.168.11.41 POST /MAAS/metadata/status/744pr7 HTTP/1.1 --> 204 NO_CONTENT (referrer: -; agent: python-requests/2.9.1)
Jun 12 02:21:54 mas01 sh[3306]: 2019-06-12 02:21:54 regiond: [info] 192.168.11.40 POST /MAAS/metadata/status/kt7pge HTTP/1.1 --> 204 NO_CONTENT (referrer: -; agent: python-requests/2.9.1)
Jun 12 02:21:54 mas01 sh[3310]: 2019-06-12 02:21:54 regiond: [info] 192.168.11.41 POST /MAAS/metadata/status/744pr7 HTTP/1.1 --> 204 NO_CONTENT (referrer: -; agent: python-requests/2.9.1)
Jun 12 02:21:54 mas01 sh[3306]: 2019-06-12 02:21:54 regiond: [info] 192.168.11.41 POST /MAAS/metadata/status/744pr7 HTTP/1.1 --> 204 NO_CONTENT (referrer: -; agent: python-requests/2.9.1)
Jun 12 02:21:54 mas01 sh[3306]: 2019-06-12 02:21:54 regiond: [info] 192.168.11.41 POST /MAAS/metadata/status/744pr7 HTTP/1.1 --> 204 NO_CONTENT (referrer: -; agent: python-requests/2.9.1)
Jun 12 02:21:54 mas01 sh[3314]: 2019-06-12 02:21:54 regiond: [info] 192.168.11.40 POST /MAAS/metadata/status/kt7pge HTTP/1.1 --> 204 NO_CONTENT (referrer: -; agent: python-requests/2.9.1)
Jun 12 02:21:54 mas01 sh[3303]: 2019-06-12 02:21:54 regiond: [info] 192.168.11.41 POST /MAAS/metadata/status/744pr7 HTTP/1.1 --> 204 NO_CONTENT (referrer: -; agent: python-requests/2.9.1)
Jun 12 02:21:54 mas01 sh[3303]: 2019-06-12 02:21:54 regiond: [info] 192.168.11.42 POST /MAAS/metadata/status/647nsp HTTP/1.1 --> 204 NO_CONTENT (referrer: -; agent: python-requests/2.9.1)
Jun 12 02:21:54 mas01 sh[3310]: 2019-06-12 02:21:54 regiond: [info] 192.168.11.40 POST /MAAS/metadata/status/kt7pge HTTP/1.1 --> 204 NO_CONTENT (referrer: -; agent: python-requests/2.9.1)
Jun 12 02:21:54 mas01 sh[3303]: 2019-06-12 02:21:54 regiond: [info] 192.168.11.41 POST /MAAS/metadata/status/744pr7 HTTP/1.1 --> 204 NO_CONTENT (referrer: -; agent: python-requests/2.9.1)
Jun 12 02:21:54 mas01 sh[3314]: 2019-06-12 02:21:54 regiond: [info] 192.168.11.42 POST /MAAS/metadata/status/647nsp HTTP/1.1 --> 204 NO_CONTENT (referrer: -; agent: python-requests/2.9.1)
