Jun  4 02:48:36 mas01 sh[3043]: 2019-06-04 02:48:36 sstreams: [info] maas:v2:download/maas:boot:ubuntu:amd64:hwe-u:trusty: to_add=['20190514'] to_remove=[]
Jun  4 02:48:36 mas01 sh[3043]: 2019-06-04 02:48:36 sstreams: [info] maas:v2:download/maas:boot:grub-efi-signed:amd64:generic:uefi: to_add=['20190404.0'] to_remove=[]
Jun  4 02:48:36 mas01 sh[3043]: 2019-06-04 02:48:36 sstreams: [info] maas:v2:download/maas:boot:ubuntu:i386:ga-18.04:bionic: to_add=['20190531'] to_remove=[]
Jun  4 02:48:36 mas01 sh[3043]: 2019-06-04 02:48:36 sstreams: [info] maas:v2:download/maas:boot:ubuntu:amd64:ga-18.10-lowlatency:cosmic: to_add=['20190603'] to_remove=[]
Jun  4 02:48:36 mas01 sh[3043]: 2019-06-04 02:48:36 sstreams: [info] maas:v2:download/maas:boot:ubuntu:amd64:ga-16.04-lowlatency:xenial: to_add=['20190530.3'] to_remove=[]
Jun  4 02:48:36 mas01 sh[3043]: 2019-06-04 02:48:36 sstreams: [info] maas:v2:download/maas:boot:ubuntu:s390x:hwe-16.04-edge:xenial: to_add=['20190530.3'] to_remove=[]
Jun  4 02:48:36 mas01 sh[3043]: 2019-06-04 02:48:36 sstreams: [info] maas:v2:download/maas:boot:ubuntu:ppc64el:hwe-16.10:yakkety: to_add=['20170207'] to_remove=[]
Jun  4 02:48:36 mas01 sh[3043]: 2019-06-04 02:48:36 sstreams: [info] maas:v2:download/maas:boot:ubuntu:amd64:ga-17.10:artful: to_add=['20180718'] to_remove=[]
Jun  4 02:48:36 mas01 sh[3043]: 2019-06-04 02:48:36 sstreams: [info] maas:v2:download/maas:boot:ubuntu:ppc64el:ga-19.04:disco: to_add=['20190514'] to_remove=[]
Jun  4 02:48:36 mas01 sh[3043]: 2019-06-04 02:48:36 sstreams: [info] maas:v2:download/maas:boot:ubuntu:amd64:hwe-x-lowlatency:trusty: to_add=['20190514'] to_remove=[]
Jun  4 02:48:36 mas01 sh[3043]: 2019-06-04 02:48:36 sstreams: [info] maas:v2:download/maas:boot:ubuntu:arm64:xgene-uboot-mustang:eoan: to_add=['20190531'] to_remove=[]
Jun  4 02:48:36 mas01 sh[3043]: 2019-06-04 02:48:36 sstreams: [info] maas:v2:download/maas:boot:ubuntu:armhf:hwe-18.04-edge:bionic: to_add=['20190531'] to_remove=[]
Jun  4 02:48:36 mas01 sh[3043]: 2019-06-04 02:48:36 sstreams: [info] maas:v2:download/maas:boot:ubuntu:i386:hwe-18.04-lowlatency-edge:bionic: to_add=['20190531'] to_remove=[]
Jun  4 02:48:36 mas01 sh[3043]: 2019-06-04 02:48:36 sstreams: [info] maas:v2:download/maas:boot:ubuntu:ppc64el:hwe-18.04:bionic: to_add=['20190531'] to_remove=[]
Jun  4 02:48:36 mas01 sh[3043]: 2019-06-04 02:48:36 sstreams: [info] maas:v2:download/maas:boot:ubuntu:amd64:hwe-t:trusty: to_add=['20190514'] to_remove=[]
Jun  4 02:48:37 mas01 sh[3043]: 2019-06-04 02:48:36 sstreams: [info] maas:v2:download/maas:boot:ubuntu:amd64:ga-18.04:bionic: to_add=['20190531'] to_remove=[]
Jun  4 02:48:37 mas01 sh[3043]: 2019-06-04 02:48:37 sstreams: [info] maas:v2:download/maas:boot:ubuntu:ppc64el:ga-17.10:artful: to_add=['20180718'] to_remove=[]
Jun  4 02:48:37 mas01 sh[3043]: 2019-06-04 02:48:37 sstreams: [info] maas:v2:download/maas:boot:centos:amd64:generic:centos66: to_add=['20180801_02'] to_remove=[]
Jun  4 02:48:37 mas01 sh[3043]: 2019-06-04 02:48:37 sstreams: [info] maas:v2:download/maas:boot:ubuntu:armhf:ga-16.10:yakkety: to_add=['20170719.1'] to_remove=[]
Jun  4 02:48:37 mas01 sh[3043]: 2019-06-04 02:48:37 sstreams: [info] maas:v2:download/maas:boot:ubuntu:s390x:hwe-16.10:yakkety: to_add=['20170207'] to_remove=[]
Jun  4 02:48:37 mas01 sh[3043]: 2019-06-04 02:48:37 sstreams: [info] maas:v2:download/maas:boot:ubuntu:i386:hwe-18.04-lowlatency:bionic: to_add=['20190531'] to_remove=[]
Jun  4 02:48:37 mas01 sh[3043]: 2019-06-04 02:48:37 sstreams: [info] maas:v2:download/maas:boot:ubuntu:ppc64el:hwe-16.04:xenial: to_add=['20190530.3'] to_remove=[]
Jun  4 02:48:37 mas01 sh[3043]: 2019-06-04 02:48:37 sstreams: [info] maas:v2:download/maas:boot:ubuntu:armhf:generic-lpae:bionic: to_add=['20190531'] to_remove=[]
Jun  4 02:48:37 mas01 sh[3043]: 2019-06-04 02:48:37 sstreams: [info] maas:v2:download/maas:boot:ubuntu:armhf:ga-18.04:bionic: to_add=['20190531'] to_remove=[]
Jun  4 02:48:37 mas01 sh[3043]: 2019-06-04 02:48:37 sstreams: [info] maas:v2:download/maas:boot:ubuntu:i386:ga-17.04-lowlatency:zesty: to_add=['20171219'] to_remove=[]
Jun  4 02:48:37 mas01 sh[3043]: 2019-06-04 02:48:37 sstreams: [info] maas:v2:download/maas:boot:ubuntu:arm64:xgene-uboot-mustang:trusty: to_add=['20190514'] to_remove=[]
Jun  4 02:48:37 mas01 sh[3043]: 2019-06-04 02:48:37 sstreams: [info] maas:v2:download/maas:boot:ubuntu:arm64:hwe-18.04-edge:bionic: to_add=['20190531'] to_remove=[]
Jun  4 02:48:37 mas01 sh[3043]: 2019-06-04 02:48:37 sstreams: [info] maas:v2:download/maas:boot:ubuntu:arm64:xgene-uboot-mustang:artful: to_add=['20180718'] to_remove=[]
Jun  4 02:48:37 mas01 sh[3043]: 2019-06-04 02:48:37 sstreams: [info] maas:v2:download/maas:boot:ubuntu:arm64:xgene-uboot:trusty: to_add=['20190514'] to_remove=[]
Jun  4 02:48:37 mas01 sh[3043]: 2019-06-04 02:48:37 sstreams: [info] maas:v2:download/maas:boot:ubuntu:ppc64el:hwe-x:trusty: to_add=['20190514'] to_remove=[]
Jun  4 02:48:37 mas01 sh[3043]: 2019-06-04 02:48:37 sstreams: [info] maas:v2:download/maas:boot:ubuntu:i386:hwe-v:trusty: to_add=['20190514'] to_remove=[]
Jun  4 02:48:37 mas01 sh[3043]: 2019-06-04 02:48:37 sstreams: [info] maas:v2:download/maas:boot:ubuntu:arm64:ga-18.04:bionic: to_add=['20190531'] to_remove=[]
Jun  4 02:48:37 mas01 sh[3043]: 2019-06-04 02:48:37 sstreams: [info] maas:v2:download/maas:boot:ubuntu:armhf:generic-lpae:xenial: to_add=['20190530.3'] to_remove=[]
Jun  4 02:48:37 mas01 sh[3043]: 2019-06-04 02:48:37 sstreams: [info] maas:v2:download/maas:boot:ubuntu:i386:hwe-p:precise: to_add=['20170424'] to_remove=[]
Jun  4 02:48:37 mas01 sh[3043]: 2019-06-04 02:48:37 sstreams: [info] maas:v2:download/maas:boot:ubuntu:armhf:hwe-v:trusty: to_add=['20190514'] to_remove=[]
Jun  4 02:48:37 mas01 sh[3043]: 2019-06-04 02:48:37 sstreams: [info] maas:v2:download/maas:boot:ubuntu:i386:ga-17.04:zesty: to_add=['20171219'] to_remove=[]
Jun  4 02:48:37 mas01 sh[3043]: 2019-06-04 02:48:37 sstreams: [info] maas:v2:download/maas:boot:ubuntu:amd64:hwe-r:precise: to_add=['20170424'] to_remove=[]
Jun  4 02:48:37 mas01 sh[3043]: 2019-06-04 02:48:37 sstreams: [info] maas:v2:download/maas:boot:ubuntu:armhf:hwe-w:trusty: to_add=['20190514'] to_remove=[]
Jun  4 02:48:37 mas01 sh[3043]: 2019-06-04 02:48:37 sstreams: [info] maas:v2:download/maas:boot:ubuntu:armhf:hwe-16.10:yakkety: to_add=['20170207'] to_remove=[]
Jun  4 02:48:37 mas01 sh[3043]: 2019-06-04 02:48:37 sstreams: [info] maas:v2:download/maas:boot:ubuntu:i386:ga-19.10:eoan: to_add=['20190531'] to_remove=[]
Jun  4 02:48:37 mas01 sh[3043]: 2019-06-04 02:48:37 sstreams: [info] maas:v2:download/maas:boot:ubuntu:arm64:xgene-uboot:cosmic: to_add=['20190530'] to_remove=[]
Jun  4 02:48:37 mas01 sh[3043]: 2019-06-04 02:48:37 sstreams: [info] maas:v2:download/maas:boot:ubuntu:arm64:ga-16.04:xenial: to_add=['20190530.3'] to_remove=[]
Jun  4 02:48:37 mas01 sh[3043]: 2019-06-04 02:48:37 sstreams: [info] maas:v2:download/maas:boot:ubuntu:amd64:hwe-16.04-edge:xenial: to_add=['20190530.3'] to_remove=[]
Jun  4 02:48:37 mas01 sh[3043]: 2019-06-04 02:48:37 sstreams: [info] maas:v2:download/maas:boot:ubuntu:s390x:ga-18.04:bionic: to_add=['20190531'] to_remove=[]
Jun  4 02:48:37 mas01 maas.import-images: [info] Downloading boot resources from http://192.168.11.3:5240/MAAS/images-stream/streams/v1/index.json
Jun  4 02:48:37 mas01 salt-minion[109]:       fun:
Jun  4 02:48:37 mas01 sh[3378]: 2019-06-04 02:48:37 regiond: [info] 10.20.0.3 GET /MAAS/images-stream/streams/v1/index.json HTTP/1.1 --> 200 OK (referrer: -; agent: python-simplestreams/0.1)
Jun  4 02:48:38 mas01 sh[3368]: 2019-06-04 02:48:38 regiond: [info] 10.20.0.3 GET /MAAS/images-stream/streams/v1/maas:v2:download.json HTTP/1.1 --> 200 OK (referrer: -; agent: python-simplestreams/0.1)
Jun  4 02:48:38 mas01 sh[3043]: 2019-06-04 02:48:38 sstreams: [info] maas:v2:download/maas:boot:ubuntu:i386:ga-19.10-lowlatency:eoan: to_add=['20190531'] to_remove=[]
Jun  4 02:48:39 mas01 salt-minion[109]:       fun:
Jun  4 02:48:39 mas01 sh[3368]: 2019-06-04 02:48:39 regiond: [info] 10.20.0.3 GET /MAAS/images-stream/ubuntu/i386/ga-19.10-lowlatency/eoan/20190531/boot-kernel HTTP/1.1 --> 200 OK (referrer: -; agent: python-simplestreams/0.1)
Jun  4 02:48:40 mas01 sh[3378]: 2019-06-04 02:48:40 regiond: [info] 127.0.0.1 GET /MAAS/api/2.0/boot-resources/?op=is_importing HTTP/1.1 --> 200 OK (referrer: -; agent: Python-urllib/2.7)
Jun  4 02:48:40 mas01 salt-minion[109]:       fun:
Jun  4 02:48:40 mas01 sh[3363]: 2019-06-04 02:48:40 maasserver.regiondservices.active_discovery: [info] Active network discovery: Active scanning is not enabled on any subnet. Skipping periodic scan.
Jun  4 02:48:42 mas01 sh[3363]: 2019-06-04 02:48:42 regiond: [info] 10.20.0.3 GET /MAAS/images-stream/ubuntu/i386/ga-19.10-lowlatency/eoan/20190531/boot-initrd HTTP/1.1 --> 200 OK (referrer: -; agent: python-simplestreams/0.1)
Jun  4 02:48:42 mas01 salt-minion[109]:       fun:
Jun  4 02:48:44 mas01 salt-minion[109]:       fun:
Jun  4 02:48:45 mas01 sh[3394]: 2019-06-04 02:48:45 regiond: [info] 127.0.0.1 GET /MAAS/api/2.0/boot-resources/?op=is_importing HTTP/1.1 --> 200 OK (referrer: -; agent: Python-urllib/2.7)
Jun  4 02:48:46 mas01 salt-minion[109]:       fun:
Jun  4 02:48:47 mas01 salt-minion[109]:       fun:
Jun  4 02:48:49 mas01 ntpd[3750]: Soliciting pool server 2001:67c:1560:8003::c8
Jun  4 02:48:49 mas01 salt-minion[109]:       fun:
Jun  4 02:48:51 mas01 salt-minion[109]:       fun:
Jun  4 02:48:52 mas01 sh[3363]: 2019-06-04 02:48:52 regiond: [info] 127.0.0.1 GET /MAAS/api/2.0/boot-resources/?op=is_importing HTTP/1.1 --> 200 OK (referrer: -; agent: Python-urllib/2.7)
Jun  4 02:48:52 mas01 salt-minion[109]:       fun:
Jun  4 02:48:56 mas01 salt-minion[109]: message repeated 2 times: [       fun:]
Jun  4 02:48:56 mas01 sh[3368]: 2019-06-04 02:48:56 regiond: [info] 10.20.0.3 GET /MAAS/images-stream/ubuntu/i386/ga-19.10-lowlatency/eoan/20190531/squashfs HTTP/1.1 --> 200 OK (referrer: -; agent: python-simplestreams/0.1)
Jun  4 02:48:56 mas01 sh[3043]: 2019-06-04 02:48:56 sstreams: [info] maas:v2:download/maas:boot:ubuntu:i386:ga-17.10:artful: to_add=['20180718'] to_remove=[]
Jun  4 02:48:57 mas01 sh[3363]: 2019-06-04 02:48:57 regiond: [info] 10.20.0.3 GET /MAAS/images-stream/ubuntu/i386/ga-17.10/artful/20180718/boot-kernel HTTP/1.1 --> 200 OK (referrer: -; agent: python-simplestreams/0.1)
Jun  4 02:48:57 mas01 sh[3368]: 2019-06-04 02:48:57 regiond: [info] 127.0.0.1 GET /MAAS/api/2.0/boot-resources/?op=is_importing HTTP/1.1 --> 200 OK (referrer: -; agent: Python-urllib/2.7)
Jun  4 02:48:58 mas01 salt-minion[109]:       fun:
Jun  4 02:48:59 mas01 sh[3378]: 2019-06-04 02:48:59 regiond: [info] 10.20.0.3 GET /MAAS/images-stream/ubuntu/i386/ga-17.10/artful/20180718/boot-initrd HTTP/1.1 --> 200 OK (referrer: -; agent: python-simplestreams/0.1)
Jun  4 02:48:59 mas01 salt-minion[109]:       fun:
Jun  4 02:49:01 mas01 salt-minion[109]:       fun:
Jun  4 02:49:02 mas01 sh[3363]: 2019-06-04 02:49:02 regiond: [info] 127.0.0.1 GET /MAAS/api/2.0/boot-resources/?op=is_importing HTTP/1.1 --> 200 OK (referrer: -; agent: Python-urllib/2.7)
Jun  4 02:49:03 mas01 salt-minion[109]:       fun:
Jun  4 02:49:05 mas01 salt-minion[109]:       fun:
Jun  4 02:49:05 mas01 sh[3394]: 2019-06-04 02:49:05 regiond: [info] 10.20.0.3 GET /MAAS/rpc/ HTTP/1.0 --> 200 OK (referrer: -; agent: provisioningserver.rpc.clusterservice.ClusterClientService)
Jun  4 02:49:07 mas01 salt-minion[109]:       fun:
Jun  4 02:49:07 mas01 sh[3378]: 2019-06-04 02:49:07 regiond: [info] 10.20.0.3 GET /MAAS/images-stream/ubuntu/i386/ga-17.10/artful/20180718/squashfs HTTP/1.1 --> 200 OK (referrer: -; agent: python-simplestreams/0.1)
Jun  4 02:49:07 mas01 sh[3043]: 2019-06-04 02:49:07 sstreams: [info] maas:v2:download/maas:boot:ubuntu:i386:hwe-18.04:bionic: to_add=['20190531'] to_remove=[]
Jun  4 02:49:07 mas01 sh[3363]: 2019-06-04 02:49:07 regiond: [info] 10.20.0.3 GET /MAAS/images-stream/ubuntu/i386/hwe-18.04/bionic/20190531/boot-kernel HTTP/1.1 --> 200 OK (referrer: -; agent: python-simplestreams/0.1)
Jun  4 02:49:07 mas01 sh[3394]: 2019-06-04 02:49:07 regiond: [info] 127.0.0.1 GET /MAAS/api/2.0/boot-resources/?op=is_importing HTTP/1.1 --> 200 OK (referrer: -; agent: Python-urllib/2.7)
Jun  4 02:49:08 mas01 salt-minion[109]:       fun:
Jun  4 02:49:10 mas01 salt-minion[109]:       fun:
Jun  4 02:49:10 mas01 sh[3368]: 2019-06-04 02:49:10 regiond: [info] 10.20.0.3 GET /MAAS/images-stream/ubuntu/i386/hwe-18.04/bionic/20190531/boot-initrd HTTP/1.1 --> 200 OK (referrer: -; agent: python-simplestreams/0.1)
Jun  4 02:49:12 mas01 salt-minion[109]:       fun:
Jun  4 02:49:12 mas01 sh[3394]: 2019-06-04 02:49:12 regiond: [info] 127.0.0.1 GET /MAAS/api/2.0/boot-resources/?op=is_importing HTTP/1.1 --> 200 OK (referrer: -; agent: Python-urllib/2.7)
Jun  4 02:49:14 mas01 salt-minion[109]:       fun:
Jun  4 02:49:17 mas01 salt-minion[109]: message repeated 2 times: [       fun:]
Jun  4 02:49:17 mas01 sh[3394]: 2019-06-04 02:49:17 regiond: [info] 127.0.0.1 GET /MAAS/api/2.0/boot-resources/?op=is_importing HTTP/1.1 --> 200 OK (referrer: -; agent: Python-urllib/2.7)
Jun  4 02:49:18 mas01 sh[3363]: 2019-06-04 02:49:18 regiond: [info] 10.20.0.3 GET /MAAS/images-stream/ubuntu/i386/hwe-18.04/bionic/20190531/squashfs HTTP/1.1 --> 200 OK (referrer: -; agent: python-simplestreams/0.1)
Jun  4 02:49:18 mas01 sh[3043]: 2019-06-04 02:49:18 sstreams: [info] maas:v2:download/maas:boot:ubuntu:i386:ga-17.10-lowlatency:artful: to_add=['20180718'] to_remove=[]
Jun  4 02:49:18 mas01 sh[3368]: 2019-06-04 02:49:18 regiond: [info] 10.20.0.3 GET /MAAS/images-stream/ubuntu/i386/ga-17.10-lowlatency/artful/20180718/boot-kernel HTTP/1.1 --> 200 OK (referrer: -; agent: python-simplestreams/0.1)
Jun  4 02:49:19 mas01 salt-minion[109]:       fun:
Jun  4 02:49:20 mas01 sh[3363]: 2019-06-04 02:49:20 regiond: [info] 10.20.0.3 GET /MAAS/images-stream/ubuntu/i386/ga-17.10-lowlatency/artful/20180718/boot-initrd HTTP/1.1 --> 200 OK (referrer: -; agent: python-simplestreams/0.1)
Jun  4 02:49:20 mas01 sh[3043]: 2019-06-04 02:49:20 sstreams: [info] maas:v2:download/maas:boot:ubuntu:amd64:ga-19.10-lowlatency:eoan: to_add=['20190531'] to_remove=[]
Jun  4 02:49:21 mas01 sh[3363]: 2019-06-04 02:49:21 regiond: [info] 10.20.0.3 GET /MAAS/images-stream/ubuntu/amd64/ga-19.10-lowlatency/eoan/20190531/boot-kernel HTTP/1.1 --> 200 OK (referrer: -; agent: python-simplestreams/0.1)
Jun  4 02:49:21 mas01 salt-minion[109]:       fun:
Jun  4 02:49:23 mas01 sh[3394]: 2019-06-04 02:49:23 regiond: [info] 127.0.0.1 GET /MAAS/api/2.0/boot-resources/?op=is_importing HTTP/1.1 --> 200 OK (referrer: -; agent: Python-urllib/2.7)
Jun  4 02:49:23 mas01 salt-minion[109]:       fun:
Jun  4 02:49:24 mas01 sh[3394]: 2019-06-04 02:49:24 regiond: [info] 10.20.0.3 GET /MAAS/images-stream/ubuntu/amd64/ga-19.10-lowlatency/eoan/20190531/boot-initrd HTTP/1.1 --> 200 OK (referrer: -; agent: python-simplestreams/0.1)
Jun  4 02:49:24 mas01 salt-minion[109]:       fun:
Jun  4 02:49:26 mas01 salt-minion[109]:       fun:
Jun  4 02:49:28 mas01 sh[3378]: 2019-06-04 02:49:28 regiond: [info] 127.0.0.1 GET /MAAS/api/2.0/boot-resources/?op=is_importing HTTP/1.1 --> 200 OK (referrer: -; agent: Python-urllib/2.7)
Jun  4 02:49:28 mas01 salt-minion[109]:       fun:
Jun  4 02:49:33 mas01 salt-minion[109]: message repeated 3 times: [       fun:]
Jun  4 02:49:33 mas01 sh[3378]: 2019-06-04 02:49:33 regiond: [info] 127.0.0.1 GET /MAAS/api/2.0/boot-resources/?op=is_importing HTTP/1.1 --> 200 OK (referrer: -; agent: Python-urllib/2.7)
Jun  4 02:49:35 mas01 salt-minion[109]:       fun:
Jun  4 02:49:35 mas01 sh[3363]: 2019-06-04 02:49:35 regiond: [info] 10.20.0.3 GET /MAAS/rpc/ HTTP/1.0 --> 200 OK (referrer: -; agent: provisioningserver.rpc.clusterservice.ClusterClientService)
Jun  4 02:49:37 mas01 salt-minion[109]:       fun:
Jun  4 02:49:38 mas01 salt-minion[109]:       fun:
Jun  4 02:49:38 mas01 sh[3394]: 2019-06-04 02:49:38 regiond: [info] 127.0.0.1 GET /MAAS/api/2.0/boot-resources/?op=is_importing HTTP/1.1 --> 200 OK (referrer: -; agent: Python-urllib/2.7)
Jun  4 02:49:39 mas01 sh[3394]: 2019-06-04 02:49:39 regiond: [info] 10.20.0.3 GET /MAAS/images-stream/ubuntu/amd64/ga-19.10-lowlatency/eoan/20190531/squashfs HTTP/1.1 --> 200 OK (referrer: -; agent: python-simplestreams/0.1)
Jun  4 02:49:39 mas01 sh[3043]: 2019-06-04 02:49:39 sstreams: [info] maas:v2:download/maas:boot:ubuntu:arm64:hwe-16.10:yakkety: to_add=['20170207'] to_remove=[]
Jun  4 02:49:39 mas01 sh[3363]: 2019-06-04 02:49:39 regiond: [info] 10.20.0.3 GET /MAAS/images-stream/ubuntu/arm64/hwe-16.10/yakkety/20170207/boot-kernel HTTP/1.1 --> 200 OK (referrer: -; agent: python-simplestreams/0.1)
Jun  4 02:49:40 mas01 salt-minion[109]:       fun:
Jun  4 02:49:41 mas01 sh[3378]: 2019-06-04 02:49:41 regiond: [info] 10.20.0.3 GET /MAAS/images-stream/ubuntu/arm64/hwe-16.10/yakkety/20170207/boot-initrd HTTP/1.1 --> 200 OK (referrer: -; agent: python-simplestreams/0.1)
Jun  4 02:49:41 mas01 salt-minion[109]:       fun:
Jun  4 02:49:43 mas01 salt-minion[109]:       fun:
Jun  4 02:49:44 mas01 sh[3378]: 2019-06-04 02:49:44 regiond: [info] 127.0.0.1 GET /MAAS/api/2.0/boot-resources/?op=is_importing HTTP/1.1 --> 200 OK (referrer: -; agent: Python-urllib/2.7)
Jun  4 02:49:45 mas01 salt-minion[109]:       fun:
Jun  4 02:49:47 mas01 salt-minion[109]:       fun:
Jun  4 02:49:48 mas01 sh[3363]: 2019-06-04 02:49:48 regiond: [info] 10.20.0.3 GET /MAAS/images-stream/ubuntu/arm64/hwe-16.10/yakkety/20170207/squashfs HTTP/1.1 --> 200 OK (referrer: -; agent: python-simplestreams/0.1)
Jun  4 02:49:48 mas01 sh[3043]: 2019-06-04 02:49:48 sstreams: [info] maas:v2:download/maas:boot:ubuntu:armhf:generic-lpae:artful: to_add=['20180718'] to_remove=[]
Jun  4 02:49:48 mas01 salt-minion[109]:       fun:
Jun  4 02:49:48 mas01 sh[3394]: 2019-06-04 02:49:48 regiond: [info] 10.20.0.3 GET /MAAS/images-stream/ubuntu/armhf/generic-lpae/artful/20180718/boot-kernel HTTP/1.1 --> 200 OK (referrer: -; agent: python-simplestreams/0.1)
Jun  4 02:49:49 mas01 sh[3363]: 2019-06-04 02:49:49 regiond: [info] 127.0.0.1 GET /MAAS/api/2.0/boot-resources/?op=is_importing HTTP/1.1 --> 200 OK (referrer: -; agent: Python-urllib/2.7)
Jun  4 02:49:50 mas01 salt-minion[109]:       fun:
Jun  4 02:49:51 mas01 sh[3378]: 2019-06-04 02:49:51 regiond: [info] 10.20.0.3 GET /MAAS/images-stream/ubuntu/armhf/generic-lpae/artful/20180718/boot-initrd HTTP/1.1 --> 200 OK (referrer: -; agent: python-simplestreams/0.1)
Jun  4 02:49:52 mas01 salt-minion[109]:       fun:
Jun  4 02:49:54 mas01 salt-minion[109]:       fun:
Jun  4 02:49:54 mas01 sh[3378]: 2019-06-04 02:49:54 regiond: [info] 127.0.0.1 GET /MAAS/api/2.0/boot-resources/?op=is_importing HTTP/1.1 --> 200 OK (referrer: -; agent: Python-urllib/2.7)
Jun  4 02:49:55 mas01 ntpd[3750]: Soliciting pool server 2001:67c:1560:8003::c7
Jun  4 02:49:55 mas01 salt-minion[109]:       fun:
Jun  4 02:49:57 mas01 salt-minion[109]:       fun:
Jun  4 02:49:57 mas01 sh[3394]: 2019-06-04 02:49:57 regiond: [info] 10.20.0.3 GET /MAAS/images-stream/ubuntu/armhf/generic-lpae/artful/20180718/squashfs HTTP/1.1 --> 200 OK (referrer: -; agent: python-simplestreams/0.1)
Jun  4 02:49:57 mas01 sh[3043]: 2019-06-04 02:49:57 sstreams: [info] maas:v2:download/maas:boot:ubuntu:i386:ga-19.04-lowlatency:disco: to_add=['20190514'] to_remove=[]
Jun  4 02:49:59 mas01 salt-minion[109]:       fun:
Jun  4 02:49:59 mas01 sh[3394]: 2019-06-04 02:49:59 regiond: [info] 127.0.0.1 GET /MAAS/api/2.0/boot-resources/?op=is_importing HTTP/1.1 --> 200 OK (referrer: -; agent: Python-urllib/2.7)
Jun  4 02:50:00 mas01 sh[3394]: 2019-06-04 02:50:00 regiond: [info] 10.20.0.3 GET /MAAS/images-stream/ubuntu/i386/ga-19.04-lowlatency/disco/20190514/boot-initrd HTTP/1.1 --> 200 OK (referrer: -; agent: python-simplestreams/0.1)
Jun  4 02:50:00 mas01 salt-minion[109]:       fun:
Jun  4 02:50:04 mas01 salt-minion[109]: message repeated 2 times: [       fun:]
Jun  4 02:50:04 mas01 sh[3368]: 2019-06-04 02:50:04 regiond: [info] 127.0.0.1 GET /MAAS/api/2.0/boot-resources/?op=is_importing HTTP/1.1 --> 200 OK (referrer: -; agent: Python-urllib/2.7)
Jun  4 02:50:05 mas01 sh[3368]: 2019-06-04 02:50:05 regiond: [info] 10.20.0.3 GET /MAAS/rpc/ HTTP/1.0 --> 200 OK (referrer: -; agent: provisioningserver.rpc.clusterservice.ClusterClientService)
Jun  4 02:50:06 mas01 salt-minion[109]:       fun:
Jun  4 02:50:09 mas01 salt-minion[109]: message repeated 2 times: [       fun:]
Jun  4 02:50:10 mas01 sh[3363]: 2019-06-04 02:50:10 regiond: [info] 127.0.0.1 GET /MAAS/api/2.0/boot-resources/?op=is_importing HTTP/1.1 --> 200 OK (referrer: -; agent: Python-urllib/2.7)
Jun  4 02:50:11 mas01 salt-minion[109]:       fun:
Jun  4 02:50:13 mas01 salt-minion[109]:       fun:
Jun  4 02:50:13 mas01 sh[3368]: 2019-06-04 02:50:13 regiond: [info] 10.20.0.3 GET /MAAS/images-stream/ubuntu/i386/ga-19.04-lowlatency/disco/20190514/squashfs HTTP/1.1 --> 200 OK (referrer: -; agent: python-simplestreams/0.1)
Jun  4 02:50:13 mas01 sh[3043]: 2019-06-04 02:50:13 sstreams: [info] maas:v2:download/maas:boot:ubuntu:amd64:hwe-16.04-lowlatency-edge:xenial: to_add=['20190530.3'] to_remove=[]
Jun  4 02:50:13 mas01 sh[3043]: 2019-06-04 02:50:13 sstreams: [info] maas:v2:download/maas:boot:ubuntu:i386:hwe-x:trusty: to_add=['20190514'] to_remove=[]
Jun  4 02:50:13 mas01 sh[3368]: 2019-06-04 02:50:13 regiond: [info] 10.20.0.3 GET /MAAS/images-stream/ubuntu/i386/hwe-x/trusty/20190514/boot-kernel HTTP/1.1 --> 200 OK (referrer: -; agent: python-simplestreams/0.1)
Jun  4 02:50:15 mas01 salt-minion[109]:       fun:
Jun  4 02:50:15 mas01 sh[3368]: 2019-06-04 02:50:15 regiond: [info] 10.20.0.3 GET /MAAS/images-stream/ubuntu/i386/hwe-x/trusty/20190514/boot-initrd HTTP/1.1 --> 200 OK (referrer: -; agent: python-simplestreams/0.1)
Jun  4 02:50:15 mas01 sh[3363]: 2019-06-04 02:50:15 regiond: [info] 127.0.0.1 GET /MAAS/api/2.0/boot-resources/?op=is_importing HTTP/1.1 --> 200 OK (referrer: -; agent: Python-urllib/2.7)
Jun  4 02:50:16 mas01 salt-minion[109]:       fun:
Jun  4 02:50:20 mas01 salt-minion[109]: message repeated 2 times: [       fun:]
Jun  4 02:50:21 mas01 sh[3363]: 2019-06-04 02:50:21 regiond: [info] 127.0.0.1 GET /MAAS/api/2.0/boot-resources/?op=is_importing HTTP/1.1 --> 200 OK (referrer: -; agent: Python-urllib/2.7)
Jun  4 02:50:22 mas01 salt-minion[109]:       fun:
Jun  4 02:50:25 mas01 salt-minion[109]: message repeated 2 times: [       fun:]
Jun  4 02:50:26 mas01 sh[3363]: 2019-06-04 02:50:26 regiond: [info] 127.0.0.1 GET /MAAS/api/2.0/boot-resources/?op=is_importing HTTP/1.1 --> 200 OK (referrer: -; agent: Python-urllib/2.7)
Jun  4 02:50:26 mas01 sh[3363]: 2019-06-04 02:50:26 regiond: [info] 10.20.0.3 GET /MAAS/images-stream/ubuntu/i386/hwe-x/trusty/20190514/squashfs HTTP/1.1 --> 200 OK (referrer: -; agent: python-simplestreams/0.1)
Jun  4 02:50:26 mas01 sh[3043]: 2019-06-04 02:50:26 sstreams: [info] maas:v2:download/maas:boot:ubuntu:amd64:hwe-x:trusty: to_add=['20190514'] to_remove=[]
Jun  4 02:50:27 mas01 sh[3378]: 2019-06-04 02:50:27 regiond: [info] 10.20.0.3 GET /MAAS/images-stream/ubuntu/amd64/hwe-x/trusty/20190514/boot-kernel HTTP/1.1 --> 200 OK (referrer: -; agent: python-simplestreams/0.1)
Jun  4 02:50:27 mas01 salt-minion[109]:       fun:
Jun  4 02:50:29 mas01 salt-minion[109]:       fun:
Jun  4 02:50:29 mas01 sh[3368]: 2019-06-04 02:50:29 regiond: [info] 10.20.0.3 GET /MAAS/images-stream/ubuntu/amd64/hwe-x/trusty/20190514/boot-initrd HTTP/1.1 --> 200 OK (referrer: -; agent: python-simplestreams/0.1)
Jun  4 02:50:30 mas01 salt-minion[109]:       fun:
Jun  4 02:50:31 mas01 sh[3378]: 2019-06-04 02:50:31 regiond: [info] 127.0.0.1 GET /MAAS/api/2.0/boot-resources/?op=is_importing HTTP/1.1 --> 200 OK (referrer: -; agent: Python-urllib/2.7)
Jun  4 02:50:32 mas01 salt-minion[109]:       fun:
Jun  4 02:50:34 mas01 salt-minion[109]:       fun:
Jun  4 02:50:35 mas01 sh[3363]: 2019-06-04 02:50:35 regiond: [info] 10.20.0.3 GET /MAAS/rpc/ HTTP/1.0 --> 200 OK (referrer: -; agent: provisioningserver.rpc.clusterservice.ClusterClientService)
Jun  4 02:50:36 mas01 salt-minion[109]:       fun:
Jun  4 02:50:36 mas01 sh[3378]: 2019-06-04 02:50:36 regiond: [info] 127.0.0.1 GET /MAAS/api/2.0/boot-resources/?op=is_importing HTTP/1.1 --> 200 OK (referrer: -; agent: Python-urllib/2.7)
Jun  4 02:50:37 mas01 salt-minion[109]:       fun:
Jun  4 02:50:39 mas01 salt-minion[109]:       fun:
Jun  4 02:50:41 mas01 salt-minion[109]:       fun:
Jun  4 02:50:41 mas01 sh[3378]: 2019-06-04 02:50:41 regiond: [info] 127.0.0.1 GET /MAAS/api/2.0/boot-resources/?op=is_importing HTTP/1.1 --> 200 OK (referrer: -; agent: Python-urllib/2.7)
Jun  4 02:50:42 mas01 sh[3363]: 2019-06-04 02:50:42 regiond: [info] 10.20.0.3 GET /MAAS/images-stream/ubuntu/amd64/hwe-x/trusty/20190514/squashfs HTTP/1.1 --> 200 OK (referrer: -; agent: python-simplestreams/0.1)
Jun  4 02:50:42 mas01 sh[3043]: 2019-06-04 02:50:42 sstreams: [info] maas:v2:download/maas:boot:ubuntu:s390x:ga-17.10:artful: to_add=['20180718'] to_remove=[]
Jun  4 02:50:42 mas01 sh[3363]: 2019-06-04 02:50:42 regiond: [info] 10.20.0.3 GET /MAAS/images-stream/ubuntu/s390x/ga-17.10/artful/20180718/boot-kernel HTTP/1.1 --> 200 OK (referrer: -; agent: python-simplestreams/0.1)
Jun  4 02:50:42 mas01 salt-minion[109]:       fun:
Jun  4 02:50:42 mas01 sh[3363]: 2019-06-04 02:50:42 regiond: [info] 10.20.0.3 GET /MAAS/images-stream/ubuntu/s390x/ga-17.10/artful/20180718/boot-initrd HTTP/1.1 --> 200 OK (referrer: -; agent: python-simplestreams/0.1)
Jun  4 02:50:44 mas01 salt-minion[109]:       fun:
Jun  4 02:50:47 mas01 salt-minion[109]: message repeated 2 times: [       fun:]
Jun  4 02:50:49 mas01 sh[3394]: 2019-06-04 02:50:49 regiond: [info] 127.0.0.1 GET /MAAS/api/2.0/boot-resources/?op=is_importing HTTP/1.1 --> 200 OK (referrer: -; agent: Python-urllib/2.7)
Jun  4 02:50:49 mas01 sh[3368]: 2019-06-04 02:50:49 regiond: [info] 10.20.0.3 GET /MAAS/images-stream/ubuntu/s390x/ga-17.10/artful/20180718/squashfs HTTP/1.1 --> 200 OK (referrer: -; agent: python-simplestreams/0.1)
Jun  4 02:50:49 mas01 sh[3043]: 2019-06-04 02:50:49 sstreams: [info] maas:v2:download/maas:boot:ubuntu:armhf:hwe-18.04:bionic: to_add=['20190531'] to_remove=[]
Jun  4 02:50:49 mas01 salt-minion[109]:       fun:
Jun  4 02:50:49 mas01 sh[3368]: 2019-06-04 02:50:49 regiond: [info] 10.20.0.3 GET /MAAS/images-stream/ubuntu/armhf/hwe-18.04/bionic/20190531/boot-kernel HTTP/1.1 --> 200 OK (referrer: -; agent: python-simplestreams/0.1)
Jun  4 02:50:51 mas01 salt-minion[109]:       fun:
Jun  4 02:50:52 mas01 sh[3394]: 2019-06-04 02:50:52 regiond: [info] 10.20.0.3 GET /MAAS/images-stream/ubuntu/armhf/hwe-18.04/bionic/20190531/boot-initrd HTTP/1.1 --> 200 OK (referrer: -; agent: python-simplestreams/0.1)
Jun  4 02:50:52 mas01 salt-minion[109]:       fun:
Jun  4 02:50:54 mas01 sh[3394]: 2019-06-04 02:50:54 regiond: [info] 127.0.0.1 GET /MAAS/api/2.0/boot-resources/?op=is_importing HTTP/1.1 --> 200 OK (referrer: -; agent: Python-urllib/2.7)
Jun  4 02:50:54 mas01 salt-minion[109]:       fun:
Jun  4 02:50:57 mas01 salt-minion[109]: message repeated 2 times: [       fun:]
Jun  4 02:50:59 mas01 sh[3394]: 2019-06-04 02:50:59 regiond: [info] 127.0.0.1 GET /MAAS/api/2.0/boot-resources/?op=is_importing HTTP/1.1 --> 200 OK (referrer: -; agent: Python-urllib/2.7)
Jun  4 02:50:59 mas01 sh[3368]: 2019-06-04 02:50:59 regiond: [info] 10.20.0.3 GET /MAAS/images-stream/ubuntu/armhf/hwe-18.04/bionic/20190531/squashfs HTTP/1.1 --> 200 OK (referrer: -; agent: python-simplestreams/0.1)
Jun  4 02:50:59 mas01 sh[3043]: 2019-06-04 02:50:59 sstreams: [info] maas:v2:download/maas:boot:ubuntu:ppc64el:hwe-18.04-edge:bionic: to_add=['20190531'] to_remove=[]
Jun  4 02:50:59 mas01 salt-minion[109]:       fun:
Jun  4 02:51:00 mas01 sh[3363]: 2019-06-04 02:51:00 regiond: [info] 10.20.0.3 GET /MAAS/images-stream/ubuntu/ppc64el/hwe-18.04-edge/bionic/20190531/boot-kernel HTTP/1.1 --> 200 OK (referrer: -; agent: python-simplestreams/0.1)
Jun  4 02:51:01 mas01 ntpd[3750]: Soliciting pool server 2001:67c:1560:8003::c7
Jun  4 02:51:01 mas01 salt-minion[109]:       fun:
Jun  4 02:51:03 mas01 salt-minion[109]:       fun:
Jun  4 02:51:03 mas01 sh[3378]: 2019-06-04 02:51:03 regiond: [info] 10.20.0.3 GET /MAAS/images-stream/ubuntu/ppc64el/hwe-18.04-edge/bionic/20190531/boot-initrd HTTP/1.1 --> 200 OK (referrer: -; agent: python-simplestreams/0.1)
Jun  4 02:51:04 mas01 sh[3378]: 2019-06-04 02:51:04 regiond: [info] 127.0.0.1 GET /MAAS/api/2.0/boot-resources/?op=is_importing HTTP/1.1 --> 200 OK (referrer: -; agent: Python-urllib/2.7)
Jun  4 02:51:04 mas01 salt-minion[109]:       fun:
Jun  4 02:51:05 mas01 sh[3394]: 2019-06-04 02:51:05 regiond: [info] 10.20.0.3 GET /MAAS/rpc/ HTTP/1.0 --> 200 OK (referrer: -; agent: provisioningserver.rpc.clusterservice.ClusterClientService)
Jun  4 02:51:06 mas01 salt-minion[109]:       fun:
Jun  4 02:51:08 mas01 salt-minion[109]:       fun:
Jun  4 02:51:09 mas01 sh[3363]: 2019-06-04 02:51:09 regiond: [info] 127.0.0.1 GET /MAAS/api/2.0/boot-resources/?op=is_importing HTTP/1.1 --> 200 OK (referrer: -; agent: Python-urllib/2.7)
Jun  4 02:51:09 mas01 salt-minion[109]:       fun:
Jun  4 02:51:11 mas01 salt-minion[109]:       fun:
Jun  4 02:51:12 mas01 sh[3378]: 2019-06-04 02:51:12 regiond: [info] 10.20.0.3 GET /MAAS/images-stream/ubuntu/ppc64el/hwe-18.04-edge/bionic/20190531/squashfs HTTP/1.1 --> 200 OK (referrer: -; agent: python-simplestreams/0.1)
Jun  4 02:51:12 mas01 sh[3043]: 2019-06-04 02:51:12 sstreams: [info] maas:v2:download/maas:boot:ubuntu:i386:ga-18.10:cosmic: to_add=['20190603'] to_remove=[]
Jun  4 02:51:12 mas01 sh[3363]: 2019-06-04 02:51:12 regiond: [info] 10.20.0.3 GET /MAAS/images-stream/ubuntu/i386/ga-18.10/cosmic/20190603/boot-kernel HTTP/1.1 --> 200 OK (referrer: -; agent: python-simplestreams/0.1)
Jun  4 02:51:13 mas01 salt-minion[109]:       fun:
Jun  4 02:51:14 mas01 salt-minion[109]:       fun:
Jun  4 02:51:15 mas01 sh[3363]: 2019-06-04 02:51:15 regiond: [info] 127.0.0.1 GET /MAAS/api/2.0/boot-resources/?op=is_importing HTTP/1.1 --> 200 OK (referrer: -; agent: Python-urllib/2.7)
Jun  4 02:51:15 mas01 sh[3363]: 2019-06-04 02:51:15 regiond: [info] 10.20.0.3 GET /MAAS/images-stream/ubuntu/i386/ga-18.10/cosmic/20190603/boot-initrd HTTP/1.1 --> 200 OK (referrer: -; agent: python-simplestreams/0.1)
Jun  4 02:51:16 mas01 salt-minion[109]:       fun:
Jun  4 02:51:19 mas01 salt-minion[109]: message repeated 2 times: [       fun:]
Jun  4 02:51:21 mas01 sh[3378]: 2019-06-04 02:51:21 regiond: [info] 127.0.0.1 GET /MAAS/api/2.0/boot-resources/?op=is_importing HTTP/1.1 --> 200 OK (referrer: -; agent: Python-urllib/2.7)
Jun  4 02:51:21 mas01 salt-minion[109]:       fun:
Jun  4 02:51:25 mas01 salt-minion[109]: message repeated 2 times: [       fun:]
Jun  4 02:51:26 mas01 sh[3378]: 2019-06-04 02:51:26 regiond: [info] 127.0.0.1 GET /MAAS/api/2.0/boot-resources/?op=is_importing HTTP/1.1 --> 200 OK (referrer: -; agent: Python-urllib/2.7)
Jun  4 02:51:26 mas01 salt-minion[109]:       fun:
Jun  4 02:51:28 mas01 salt-minion[109]:       fun:
Jun  4 02:51:29 mas01 sh[3394]: 2019-06-04 02:51:29 regiond: [info] 10.20.0.3 GET /MAAS/images-stream/ubuntu/i386/ga-18.10/cosmic/20190603/squashfs HTTP/1.1 --> 200 OK (referrer: -; agent: python-simplestreams/0.1)
Jun  4 02:51:29 mas01 sh[3043]: 2019-06-04 02:51:29 sstreams: [info] maas:v2:download/maas:boot:ubuntu:armhf:generic-lpae:disco: to_add=['20190514'] to_remove=[]
Jun  4 02:51:29 mas01 sh[3368]: 2019-06-04 02:51:29 regiond: [info] 10.20.0.3 GET /MAAS/images-stream/ubuntu/armhf/generic-lpae/disco/20190514/boot-kernel HTTP/1.1 --> 200 OK (referrer: -; agent: python-simplestreams/0.1)
Jun  4 02:51:30 mas01 salt-minion[109]:       fun:
Jun  4 02:51:31 mas01 sh[3363]: 2019-06-04 02:51:31 regiond: [info] 127.0.0.1 GET /MAAS/api/2.0/boot-resources/?op=is_importing HTTP/1.1 --> 200 OK (referrer: -; agent: Python-urllib/2.7)
Jun  4 02:51:31 mas01 salt-minion[109]:       fun:
Jun  4 02:51:32 mas01 sh[3368]: 2019-06-04 02:51:32 regiond: [info] 10.20.0.3 GET /MAAS/images-stream/ubuntu/armhf/generic-lpae/disco/20190514/boot-initrd HTTP/1.1 --> 200 OK (referrer: -; agent: python-simplestreams/0.1)
Jun  4 02:51:33 mas01 salt-minion[109]:       fun:
Jun  4 02:51:35 mas01 salt-minion[109]:       fun:
Jun  4 02:51:35 mas01 sh[3378]: 2019-06-04 02:51:35 regiond: [info] 10.20.0.3 GET /MAAS/rpc/ HTTP/1.0 --> 200 OK (referrer: -; agent: provisioningserver.rpc.clusterservice.ClusterClientService)
Jun  4 02:51:36 mas01 sh[3378]: 2019-06-04 02:51:36 regiond: [info] 127.0.0.1 GET /MAAS/api/2.0/boot-resources/?op=is_importing HTTP/1.1 --> 200 OK (referrer: -; agent: Python-urllib/2.7)
Jun  4 02:51:37 mas01 salt-minion[109]:       fun:
Jun  4 02:51:40 mas01 salt-minion[109]: message repeated 2 times: [       fun:]
Jun  4 02:51:41 mas01 sh[3363]: 2019-06-04 02:51:41 regiond: [info] 127.0.0.1 GET /MAAS/api/2.0/boot-resources/?op=is_importing HTTP/1.1 --> 200 OK (referrer: -; agent: Python-urllib/2.7)
Jun  4 02:51:42 mas01 salt-minion[109]:       fun:
Jun  4 02:51:45 mas01 salt-minion[109]: message repeated 2 times: [       fun:]
Jun  4 02:51:46 mas01 sh[3363]: 2019-06-04 02:51:46 regiond: [info] 10.20.0.3 GET /MAAS/images-stream/ubuntu/armhf/generic-lpae/disco/20190514/squashfs HTTP/1.1 --> 200 OK (referrer: -; agent: python-simplestreams/0.1)
Jun  4 02:51:46 mas01 sh[3043]: 2019-06-04 02:51:46 sstreams: [info] maas:v2:download/maas:boot:ubuntu:i386:hwe-18.04-edge:bionic: to_add=['20190531'] to_remove=[]
Jun  4 02:51:46 mas01 sh[3363]: 2019-06-04 02:51:46 regiond: [info] 10.20.0.3 GET /MAAS/images-stream/ubuntu/i386/hwe-18.04-edge/bionic/20190531/boot-kernel HTTP/1.1 --> 200 OK (referrer: -; agent: python-simplestreams/0.1)
Jun  4 02:51:46 mas01 sh[3394]: 2019-06-04 02:51:46 regiond: [info] 127.0.0.1 GET /MAAS/api/2.0/boot-resources/?op=is_importing HTTP/1.1 --> 200 OK (referrer: -; agent: Python-urllib/2.7)
Jun  4 02:51:47 mas01 salt-minion[109]:       fun:
Jun  4 02:51:48 mas01 salt-minion[109]:       fun:
Jun  4 02:51:48 mas01 sh[3368]: 2019-06-04 02:51:48 regiond: [info] 10.20.0.3 GET /MAAS/images-stream/ubuntu/i386/hwe-18.04-edge/bionic/20190531/boot-initrd HTTP/1.1 --> 200 OK (referrer: -; agent: python-simplestreams/0.1)
Jun  4 02:51:48 mas01 sh[3043]: 2019-06-04 02:51:48 sstreams: [info] maas:v2:download/maas:boot:ubuntu:s390x:ga-16.10:yakkety: to_add=['20170719.1'] to_remove=[]
Jun  4 02:51:48 mas01 sh[3394]: 2019-06-04 02:51:48 regiond: [info] 10.20.0.3 GET /MAAS/images-stream/ubuntu/s390x/ga-16.10/yakkety/20170719.1/boot-kernel HTTP/1.1 --> 200 OK (referrer: -; agent: python-simplestreams/0.1)
Jun  4 02:51:49 mas01 sh[3368]: 2019-06-04 02:51:49 regiond: [info] 10.20.0.3 GET /MAAS/images-stream/ubuntu/s390x/ga-16.10/yakkety/20170719.1/boot-initrd HTTP/1.1 --> 200 OK (referrer: -; agent: python-simplestreams/0.1)
Jun  4 02:51:50 mas01 salt-minion[109]:       fun:
Jun  4 02:51:51 mas01 sh[3378]: 2019-06-04 02:51:51 regiond: [info] 127.0.0.1 GET /MAAS/api/2.0/boot-resources/?op=is_importing HTTP/1.1 --> 200 OK (referrer: -; agent: Python-urllib/2.7)
Jun  4 02:51:52 mas01 salt-minion[109]:       fun:
Jun  4 02:51:55 mas01 salt-minion[109]: message repeated 2 times: [       fun:]
Jun  4 02:51:56 mas01 sh[3378]: 2019-06-04 02:51:56 regiond: [info] 10.20.0.3 GET /MAAS/images-stream/ubuntu/s390x/ga-16.10/yakkety/20170719.1/squashfs HTTP/1.1 --> 200 OK (referrer: -; agent: python-simplestreams/0.1)
Jun  4 02:51:56 mas01 sh[3043]: 2019-06-04 02:51:56 sstreams: [info] maas:v2:download/maas:boot:ubuntu:arm64:hwe-u:trusty: to_add=['20190514'] to_remove=[]
Jun  4 02:51:57 mas01 sh[3378]: 2019-06-04 02:51:57 regiond: [info] 127.0.0.1 GET /MAAS/api/2.0/boot-resources/?op=is_importing HTTP/1.1 --> 200 OK (referrer: -; agent: Python-urllib/2.7)
Jun  4 02:51:57 mas01 salt-minion[109]:       fun:
Jun  4 02:51:57 mas01 sh[3378]: 2019-06-04 02:51:57 regiond: [info] 10.20.0.3 GET /MAAS/images-stream/ubuntu/arm64/hwe-u/trusty/20190514/boot-kernel HTTP/1.1 --> 200 OK (referrer: -; agent: python-simplestreams/0.1)
Jun  4 02:51:58 mas01 salt-minion[109]:       fun:
Jun  4 02:51:59 mas01 sh[3363]: 2019-06-04 02:51:59 regiond: [info] 10.20.0.3 GET /MAAS/images-stream/ubuntu/arm64/hwe-u/trusty/20190514/boot-initrd HTTP/1.1 --> 200 OK (referrer: -; agent: python-simplestreams/0.1)
Jun  4 02:52:00 mas01 salt-minion[109]:       fun:
Jun  4 02:52:02 mas01 salt-minion[109]:       fun:
Jun  4 02:52:03 mas01 sh[3363]: 2019-06-04 02:52:03 regiond: [info] 127.0.0.1 GET /MAAS/api/2.0/boot-resources/?op=is_importing HTTP/1.1 --> 200 OK (referrer: -; agent: Python-urllib/2.7)
Jun  4 02:52:03 mas01 salt-minion[109]:       fun:
Jun  4 02:52:05 mas01 sh[3394]: 2019-06-04 02:52:05 regiond: [info] 10.20.0.3 GET /MAAS/rpc/ HTTP/1.0 --> 200 OK (referrer: -; agent: provisioningserver.rpc.clusterservice.ClusterClientService)
Jun  4 02:52:05 mas01 salt-minion[109]:       fun:
Jun  4 02:52:07 mas01 salt-minion[109]:       fun:
Jun  4 02:52:08 mas01 sh[3394]: 2019-06-04 02:52:08 regiond: [info] 127.0.0.1 GET /MAAS/api/2.0/boot-resources/?op=is_importing HTTP/1.1 --> 200 OK (referrer: -; agent: Python-urllib/2.7)
Jun  4 02:52:08 mas01 ntpd[3750]: Soliciting pool server 2001:67c:1560:8003::c8
Jun  4 02:52:09 mas01 salt-minion[109]:       fun:
Jun  4 02:52:10 mas01 sh[3363]: 2019-06-04 02:52:10 regiond: [info] 10.20.0.3 GET /MAAS/images-stream/ubuntu/arm64/hwe-u/trusty/20190514/squashfs HTTP/1.1 --> 200 OK (referrer: -; agent: python-simplestreams/0.1)
Jun  4 02:52:10 mas01 sh[3043]: 2019-06-04 02:52:10 sstreams: [info] maas:v2:download/maas:boot:ubuntu:armhf:ga-18.10:cosmic: to_add=['20190530'] to_remove=[]
Jun  4 02:52:10 mas01 salt-minion[109]:       fun:
Jun  4 02:52:10 mas01 sh[3378]: 2019-06-04 02:52:10 regiond: [info] 10.20.0.3 GET /MAAS/images-stream/ubuntu/armhf/ga-18.10/cosmic/20190530/boot-kernel HTTP/1.1 --> 200 OK (referrer: -; agent: python-simplestreams/0.1)
Jun  4 02:52:12 mas01 salt-minion[109]:       fun:
Jun  4 02:52:13 mas01 sh[3363]: 2019-06-04 02:52:13 regiond: [info] 127.0.0.1 GET /MAAS/api/2.0/boot-resources/?op=is_importing HTTP/1.1 --> 200 OK (referrer: -; agent: Python-urllib/2.7)
Jun  4 02:52:13 mas01 sh[3363]: 2019-06-04 02:52:13 regiond: [info] 10.20.0.3 GET /MAAS/images-stream/ubuntu/armhf/ga-18.10/cosmic/20190530/boot-initrd HTTP/1.1 --> 200 OK (referrer: -; agent: python-simplestreams/0.1)
Jun  4 02:52:14 mas01 salt-minion[109]:       fun:
Jun  4 02:52:17 mas01 salt-minion[109]: message repeated 2 times: [       fun:]
Jun  4 02:52:18 mas01 sh[3363]: 2019-06-04 02:52:18 regiond: [info] 127.0.0.1 GET /MAAS/api/2.0/boot-resources/?op=is_importing HTTP/1.1 --> 200 OK (referrer: -; agent: Python-urllib/2.7)
Jun  4 02:52:19 mas01 salt-minion[109]:       fun:
Jun  4 02:52:23 mas01 salt-minion[109]: message repeated 2 times: [       fun:]
Jun  4 02:52:23 mas01 sh[3368]: 2019-06-04 02:52:23 regiond: [info] 127.0.0.1 GET /MAAS/api/2.0/boot-resources/?op=is_importing HTTP/1.1 --> 200 OK (referrer: -; agent: Python-urllib/2.7)
Jun  4 02:52:24 mas01 salt-minion[109]:       fun:
Jun  4 02:52:26 mas01 sh[3363]: 2019-06-04 02:52:26 regiond: [info] 10.20.0.3 GET /MAAS/images-stream/ubuntu/armhf/ga-18.10/cosmic/20190530/squashfs HTTP/1.1 --> 200 OK (referrer: -; agent: python-simplestreams/0.1)
Jun  4 02:52:26 mas01 sh[3043]: 2019-06-04 02:52:26 sstreams: [info] maas:v2:download/maas:boot:ubuntu:arm64:xgene-uboot-mustang:yakkety: to_add=['20170719.1'] to_remove=[]
Jun  4 02:52:26 mas01 sh[3378]: 2019-06-04 02:52:26 regiond: [info] 10.20.0.3 GET /MAAS/images-stream/ubuntu/arm64/xgene-uboot-mustang/yakkety/20170719.1/boot-dtb.xgene-mustang HTTP/1.1 --> 200 OK (referrer: -; agent: python-simplestreams/0.1)
Jun  4 02:52:26 mas01 salt-minion[109]:       fun:
Jun  4 02:52:28 mas01 sh[3363]: 2019-06-04 02:52:28 regiond: [info] 10.20.0.3 GET /MAAS/images-stream/ubuntu/arm64/xgene-uboot-mustang/yakkety/20170719.1/boot-initrd.xgene-mustang HTTP/1.1 --> 200 OK (referrer: -; agent: python-simplestreams/0.1)
Jun  4 02:52:28 mas01 sh[3368]: 2019-06-04 02:52:28 regiond: [info] 127.0.0.1 GET /MAAS/api/2.0/boot-resources/?op=is_importing HTTP/1.1 --> 200 OK (referrer: -; agent: Python-urllib/2.7)
Jun  4 02:52:28 mas01 salt-minion[109]:       fun:
Jun  4 02:52:33 mas01 salt-minion[109]: message repeated 3 times: [       fun:]
Jun  4 02:52:33 mas01 sh[3363]: 2019-06-04 02:52:33 regiond: [info] 127.0.0.1 GET /MAAS/api/2.0/boot-resources/?op=is_importing HTTP/1.1 --> 200 OK (referrer: -; agent: Python-urllib/2.7)
Jun  4 02:52:35 mas01 salt-minion[109]:       fun:
Jun  4 02:52:35 mas01 sh[3363]: 2019-06-04 02:52:35 regiond: [info] 10.20.0.3 GET /MAAS/rpc/ HTTP/1.0 --> 200 OK (referrer: -; agent: provisioningserver.rpc.clusterservice.ClusterClientService)
Jun  4 02:52:35 mas01 sh[3363]: 2019-06-04 02:52:35 regiond: [info] 10.20.0.3 GET /MAAS/images-stream/ubuntu/arm64/xgene-uboot-mustang/yakkety/20170719.1/squashfs HTTP/1.1 --> 200 OK (referrer: -; agent: python-simplestreams/0.1)
Jun  4 02:52:35 mas01 sh[3368]: 2019-06-04 02:52:35 regiond: [info] 10.20.0.3 GET /MAAS/images-stream/ubuntu/arm64/xgene-uboot-mustang/yakkety/20170719.1/boot-kernel.xgene-mustang HTTP/1.1 --> 200 OK (referrer: -; agent: python-simplestreams/0.1)
Jun  4 02:52:35 mas01 sh[3043]: 2019-06-04 02:52:35 sstreams: [info] maas:v2:download/maas:boot:ubuntu:ppc64el:ga-16.10:yakkety: to_add=['20170719.1'] to_remove=[]
Jun  4 02:52:37 mas01 salt-minion[109]:       fun:
Jun  4 02:52:37 mas01 sh[3378]: 2019-06-04 02:52:37 regiond: [info] 10.20.0.3 GET /MAAS/images-stream/ubuntu/ppc64el/ga-16.10/yakkety/20170719.1/boot-kernel HTTP/1.1 --> 200 OK (referrer: -; agent: python-simplestreams/0.1)
Jun  4 02:52:38 mas01 salt-minion[109]:       fun:
Jun  4 02:52:39 mas01 sh[3378]: 2019-06-04 02:52:39 regiond: [info] 10.20.0.3 GET /MAAS/images-stream/ubuntu/ppc64el/ga-16.10/yakkety/20170719.1/boot-initrd HTTP/1.1 --> 200 OK (referrer: -; agent: python-simplestreams/0.1)
Jun  4 02:52:39 mas01 sh[3394]: 2019-06-04 02:52:39 regiond: [info] 127.0.0.1 GET /MAAS/api/2.0/boot-resources/?op=is_importing HTTP/1.1 --> 200 OK (referrer: -; agent: Python-urllib/2.7)
Jun  4 02:52:40 mas01 salt-minion[109]:       fun:
Jun  4 02:52:42 mas01 salt-minion[109]:       fun:
Jun  4 02:52:43 mas01 salt-minion[109]:       fun:
Jun  4 02:52:44 mas01 sh[3378]: 2019-06-04 02:52:44 regiond: [info] 127.0.0.1 GET /MAAS/api/2.0/boot-resources/?op=is_importing HTTP/1.1 --> 200 OK (referrer: -; agent: Python-urllib/2.7)
Jun  4 02:52:45 mas01 salt-minion[109]:       fun:
Jun  4 02:52:46 mas01 sh[3378]: 2019-06-04 02:52:46 regiond: [info] 10.20.0.3 GET /MAAS/images-stream/ubuntu/ppc64el/ga-16.10/yakkety/20170719.1/squashfs HTTP/1.1 --> 200 OK (referrer: -; agent: python-simplestreams/0.1)
Jun  4 02:52:46 mas01 sh[3043]: 2019-06-04 02:52:46 sstreams: [info] maas:v2:download/maas:boot:ubuntu:s390x:hwe-18.04:bionic: to_add=['20190531'] to_remove=[]
Jun  4 02:52:46 mas01 sh[3368]: 2019-06-04 02:52:46 regiond: [info] 10.20.0.3 GET /MAAS/images-stream/ubuntu/s390x/hwe-18.04/bionic/20190531/boot-kernel HTTP/1.1 --> 200 OK (referrer: -; agent: python-simplestreams/0.1)
Jun  4 02:52:47 mas01 sh[3394]: 2019-06-04 02:52:47 regiond: [info] 10.20.0.3 GET /MAAS/images-stream/ubuntu/s390x/hwe-18.04/bionic/20190531/boot-initrd HTTP/1.1 --> 200 OK (referrer: -; agent: python-simplestreams/0.1)
Jun  4 02:52:47 mas01 salt-minion[109]:       fun:
Jun  4 02:52:49 mas01 salt-minion[109]:       fun:
Jun  4 02:52:49 mas01 sh[3378]: 2019-06-04 02:52:49 regiond: [info] 127.0.0.1 GET /MAAS/api/2.0/boot-resources/?op=is_importing HTTP/1.1 --> 200 OK (referrer: -; agent: Python-urllib/2.7)
Jun  4 02:52:51 mas01 salt-minion[109]:       fun:
Jun  4 02:52:54 mas01 salt-minion[109]: message repeated 2 times: [       fun:]
Jun  4 02:52:54 mas01 sh[3394]: 2019-06-04 02:52:54 regiond: [info] 127.0.0.1 GET /MAAS/api/2.0/boot-resources/?op=is_importing HTTP/1.1 --> 200 OK (referrer: -; agent: Python-urllib/2.7)
Jun  4 02:52:54 mas01 sh[3363]: 2019-06-04 02:52:54 regiond: [info] 10.20.0.3 GET /MAAS/images-stream/ubuntu/s390x/hwe-18.04/bionic/20190531/squashfs HTTP/1.1 --> 200 OK (referrer: -; agent: python-simplestreams/0.1)
Jun  4 02:52:54 mas01 sh[3043]: 2019-06-04 02:52:54 sstreams: [info] maas:v2:download/maas:boot:ubuntu:amd64:hwe-18.04-lowlatency:bionic: to_add=['20190531'] to_remove=[]
Jun  4 02:52:55 mas01 sh[3394]: 2019-06-04 02:52:55 regiond: [info] 10.20.0.3 GET /MAAS/images-stream/ubuntu/amd64/hwe-18.04-lowlatency/bionic/20190531/boot-kernel HTTP/1.1 --> 200 OK (referrer: -; agent: python-simplestreams/0.1)
Jun  4 02:52:56 mas01 salt-minion[109]:       fun:
Jun  4 02:52:57 mas01 salt-minion[109]:       fun:
Jun  4 02:52:58 mas01 sh[3363]: 2019-06-04 02:52:58 regiond: [info] 10.20.0.3 GET /MAAS/images-stream/ubuntu/amd64/hwe-18.04-lowlatency/bionic/20190531/boot-initrd HTTP/1.1 --> 200 OK (referrer: -; agent: python-simplestreams/0.1)
Jun  4 02:52:59 mas01 salt-minion[109]:       fun:
Jun  4 02:52:59 mas01 sh[3368]: 2019-06-04 02:52:59 regiond: [info] 127.0.0.1 GET /MAAS/api/2.0/boot-resources/?op=is_importing HTTP/1.1 --> 200 OK (referrer: -; agent: Python-urllib/2.7)
Jun  4 02:53:01 mas01 salt-minion[109]:       fun:
Jun  4 02:53:04 mas01 salt-minion[109]: message repeated 2 times: [       fun:]
Jun  4 02:53:05 mas01 sh[3394]: 2019-06-04 02:53:05 regiond: [info] 10.20.0.3 GET /MAAS/rpc/ HTTP/1.0 --> 200 OK (referrer: -; agent: provisioningserver.rpc.clusterservice.ClusterClientService)
Jun  4 02:53:05 mas01 sh[3378]: 2019-06-04 02:53:05 regiond: [info] 127.0.0.1 GET /MAAS/api/2.0/boot-resources/?op=is_importing HTTP/1.1 --> 200 OK (referrer: -; agent: Python-urllib/2.7)
Jun  4 02:53:05 mas01 sh[3394]: 2019-06-04 02:53:05 regiond: [info] 10.20.0.3 GET /MAAS/images-stream/ubuntu/amd64/hwe-18.04-lowlatency/bionic/20190531/squashfs HTTP/1.1 --> 200 OK (referrer: -; agent: python-simplestreams/0.1)
Jun  4 02:53:05 mas01 sh[3043]: 2019-06-04 02:53:05 sstreams: [info] maas:v2:download/maas:boot:ubuntu:arm64:xgene-uboot-mustang:bionic: to_add=['20190531'] to_remove=[]
Jun  4 02:53:05 mas01 sh[3363]: 2019-06-04 02:53:05 regiond: [info] 10.20.0.3 GET /MAAS/images-stream/ubuntu/arm64/xgene-uboot-mustang/bionic/20190531/boot-dtb.xgene-mustang HTTP/1.1 --> 200 OK (referrer: -; agent: python-simplestreams/0.1)
Jun  4 02:53:06 mas01 salt-minion[109]:       fun:
Jun  4 02:53:08 mas01 sh[3394]: 2019-06-04 02:53:08 regiond: [info] 10.20.0.3 GET /MAAS/images-stream/ubuntu/arm64/xgene-uboot-mustang/bionic/20190531/boot-initrd.xgene-mustang HTTP/1.1 --> 200 OK (referrer: -; agent: python-simplestreams/0.1)
Jun  4 02:53:08 mas01 salt-minion[109]:       fun:
Jun  4 02:53:09 mas01 salt-minion[109]:       fun:
Jun  4 02:53:10 mas01 sh[3368]: 2019-06-04 02:53:10 regiond: [info] 127.0.0.1 GET /MAAS/api/2.0/boot-resources/?op=is_importing HTTP/1.1 --> 200 OK (referrer: -; agent: Python-urllib/2.7)
Jun  4 02:53:11 mas01 salt-minion[109]:       fun:
Jun  4 02:53:13 mas01 salt-minion[109]:       fun:
Jun  4 02:53:14 mas01 ntpd[3750]: Soliciting pool server 2001:67c:1560:8003::c8
Jun  4 02:53:14 mas01 sh[3394]: 2019-06-04 02:53:14 regiond: [info] 10.20.0.3 GET /MAAS/images-stream/ubuntu/arm64/xgene-uboot-mustang/bionic/20190531/squashfs HTTP/1.1 --> 200 OK (referrer: -; agent: python-simplestreams/0.1)
Jun  4 02:53:15 mas01 salt-minion[109]:       fun:
Jun  4 02:53:15 mas01 sh[3378]: 2019-06-04 02:53:15 regiond: [info] 10.20.0.3 GET /MAAS/images-stream/ubuntu/arm64/xgene-uboot-mustang/bionic/20190531/boot-kernel.xgene-mustang HTTP/1.1 --> 200 OK (referrer: -; agent: python-simplestreams/0.1)
Jun  4 02:53:15 mas01 sh[3043]: 2019-06-04 02:53:15 sstreams: [info] maas:v2:download/maas:boot:ubuntu:arm64:xgene-uboot:disco: to_add=['20190514'] to_remove=[]
Jun  4 02:53:15 mas01 sh[3378]: 2019-06-04 02:53:15 regiond: [info] 127.0.0.1 GET /MAAS/api/2.0/boot-resources/?op=is_importing HTTP/1.1 --> 200 OK (referrer: -; agent: Python-urllib/2.7)
Jun  4 02:53:16 mas01 salt-minion[109]:       fun:
Jun  4 02:53:20 mas01 salt-minion[109]: message repeated 2 times: [       fun:]
Jun  4 02:53:21 mas01 sh[3368]: 2019-06-04 02:53:21 regiond: [info] 127.0.0.1 GET /MAAS/api/2.0/boot-resources/?op=is_importing HTTP/1.1 --> 200 OK (referrer: -; agent: Python-urllib/2.7)
Jun  4 02:53:22 mas01 salt-minion[109]:       fun:
Jun  4 02:53:26 mas01 salt-minion[109]: message repeated 2 times: [       fun:]
Jun  4 02:53:26 mas01 sh[3368]: 2019-06-04 02:53:26 regiond: [info] 127.0.0.1 GET /MAAS/api/2.0/boot-resources/?op=is_importing HTTP/1.1 --> 200 OK (referrer: -; agent: Python-urllib/2.7)
Jun  4 02:53:27 mas01 sh[3363]: 2019-06-04 02:53:27 regiond: [info] 10.20.0.3 GET /MAAS/images-stream/ubuntu/arm64/xgene-uboot/disco/20190514/squashfs HTTP/1.1 --> 200 OK (referrer: -; agent: python-simplestreams/0.1)
Jun  4 02:53:27 mas01 salt-minion[109]:       fun:
Jun  4 02:53:29 mas01 salt-minion[109]:       fun:
Jun  4 02:53:30 mas01 sh[3394]: 2019-06-04 02:53:30 regiond: [info] 10.20.0.3 GET /MAAS/images-stream/ubuntu/arm64/xgene-uboot/disco/20190514/boot-initrd.xgene HTTP/1.1 --> 200 OK (referrer: -; agent: python-simplestreams/0.1)
Jun  4 02:53:30 mas01 sh[3363]: 2019-06-04 02:53:30 regiond: [info] 10.20.0.3 GET /MAAS/images-stream/ubuntu/arm64/xgene-uboot/disco/20190514/boot-kernel.xgene HTTP/1.1 --> 200 OK (referrer: -; agent: python-simplestreams/0.1)
Jun  4 02:53:30 mas01 sh[3043]: 2019-06-04 02:53:30 sstreams: [info] maas:v2:download/maas:boot:ubuntu:arm64:xgene-uboot:bionic: to_add=['20190531'] to_remove=[]
Jun  4 02:53:30 mas01 salt-minion[109]:       fun:
Jun  4 02:53:31 mas01 sh[3378]: 2019-06-04 02:53:31 regiond: [info] 127.0.0.1 GET /MAAS/api/2.0/boot-resources/?op=is_importing HTTP/1.1 --> 200 OK (referrer: -; agent: Python-urllib/2.7)
Jun  4 02:53:32 mas01 salt-minion[109]:       fun:
Jun  4 02:53:32 mas01 sh[3368]: 2019-06-04 02:53:32 regiond: [info] 10.20.0.3 GET /MAAS/images-stream/ubuntu/arm64/xgene-uboot/bionic/20190531/boot-initrd.xgene HTTP/1.1 --> 200 OK (referrer: -; agent: python-simplestreams/0.1)
