May 11 05:16:10 mas01 named[3078]: automatic empty zone: 86.100.IN-ADDR.ARPA
May 11 05:16:10 mas01 named[3078]: automatic empty zone: 87.100.IN-ADDR.ARPA
May 11 05:16:10 mas01 named[3078]: automatic empty zone: 88.100.IN-ADDR.ARPA
May 11 05:16:10 mas01 named[3078]: automatic empty zone: 89.100.IN-ADDR.ARPA
May 11 05:16:10 mas01 named[3078]: automatic empty zone: 90.100.IN-ADDR.ARPA
May 11 05:16:10 mas01 named[3078]: automatic empty zone: 91.100.IN-ADDR.ARPA
May 11 05:16:10 mas01 named[3078]: automatic empty zone: 92.100.IN-ADDR.ARPA
May 11 05:16:10 mas01 named[3078]: automatic empty zone: 93.100.IN-ADDR.ARPA
May 11 05:16:10 mas01 named[3078]: automatic empty zone: 94.100.IN-ADDR.ARPA
May 11 05:16:10 mas01 named[3078]: automatic empty zone: 95.100.IN-ADDR.ARPA
May 11 05:16:10 mas01 named[3078]: automatic empty zone: 96.100.IN-ADDR.ARPA
May 11 05:16:10 mas01 named[3078]: automatic empty zone: 97.100.IN-ADDR.ARPA
May 11 05:16:10 mas01 named[3078]: automatic empty zone: 98.100.IN-ADDR.ARPA
May 11 05:16:10 mas01 named[3078]: automatic empty zone: 99.100.IN-ADDR.ARPA
May 11 05:16:10 mas01 named[3078]: automatic empty zone: 100.100.IN-ADDR.ARPA
May 11 05:16:10 mas01 named[3078]: automatic empty zone: 101.100.IN-ADDR.ARPA
May 11 05:16:10 mas01 named[3078]: automatic empty zone: 102.100.IN-ADDR.ARPA
May 11 05:16:10 mas01 named[3078]: automatic empty zone: 103.100.IN-ADDR.ARPA
May 11 05:16:10 mas01 named[3078]: automatic empty zone: 104.100.IN-ADDR.ARPA
May 11 05:16:10 mas01 named[3078]: automatic empty zone: 105.100.IN-ADDR.ARPA
May 11 05:16:10 mas01 named[3078]: automatic empty zone: 106.100.IN-ADDR.ARPA
May 11 05:16:10 mas01 named[3078]: automatic empty zone: 107.100.IN-ADDR.ARPA
May 11 05:16:10 mas01 named[3078]: automatic empty zone: 108.100.IN-ADDR.ARPA
May 11 05:16:10 mas01 named[3078]: automatic empty zone: 109.100.IN-ADDR.ARPA
May 11 05:16:10 mas01 named[3078]: automatic empty zone: 110.100.IN-ADDR.ARPA
May 11 05:16:10 mas01 named[3078]: automatic empty zone: 111.100.IN-ADDR.ARPA
May 11 05:16:10 mas01 named[3078]: automatic empty zone: 112.100.IN-ADDR.ARPA
May 11 05:16:10 mas01 named[3078]: automatic empty zone: 113.100.IN-ADDR.ARPA
May 11 05:16:10 mas01 named[3078]: automatic empty zone: 114.100.IN-ADDR.ARPA
May 11 05:16:10 mas01 named[3078]: automatic empty zone: 115.100.IN-ADDR.ARPA
May 11 05:16:10 mas01 named[3078]: automatic empty zone: 116.100.IN-ADDR.ARPA
May 11 05:16:10 mas01 named[3078]: automatic empty zone: 117.100.IN-ADDR.ARPA
May 11 05:16:10 mas01 named[3078]: automatic empty zone: 118.100.IN-ADDR.ARPA
May 11 05:16:10 mas01 named[3078]: automatic empty zone: 119.100.IN-ADDR.ARPA
May 11 05:16:10 mas01 named[3078]: automatic empty zone: 120.100.IN-ADDR.ARPA
May 11 05:16:10 mas01 named[3078]: automatic empty zone: 121.100.IN-ADDR.ARPA
May 11 05:16:10 mas01 named[3078]: automatic empty zone: 122.100.IN-ADDR.ARPA
May 11 05:16:10 mas01 named[3078]: automatic empty zone: 123.100.IN-ADDR.ARPA
May 11 05:16:10 mas01 named[3078]: automatic empty zone: 124.100.IN-ADDR.ARPA
May 11 05:16:10 mas01 named[3078]: automatic empty zone: 125.100.IN-ADDR.ARPA
May 11 05:16:10 mas01 named[3078]: automatic empty zone: 126.100.IN-ADDR.ARPA
May 11 05:16:10 mas01 named[3078]: automatic empty zone: 127.100.IN-ADDR.ARPA
May 11 05:16:10 mas01 named[3078]: automatic empty zone: 254.169.IN-ADDR.ARPA
May 11 05:16:10 mas01 named[3078]: automatic empty zone: 2.0.192.IN-ADDR.ARPA
May 11 05:16:10 mas01 named[3078]: automatic empty zone: 100.51.198.IN-ADDR.ARPA
May 11 05:16:10 mas01 named[3078]: automatic empty zone: 113.0.203.IN-ADDR.ARPA
May 11 05:16:10 mas01 named[3078]: automatic empty zone: 255.255.255.255.IN-ADDR.ARPA
May 11 05:16:10 mas01 named[3078]: automatic empty zone: 0.0.0.0.0.0.0.0.0.0.0.0.0.0.0.0.0.0.0.0.0.0.0.0.0.0.0.0.0.0.0.0.IP6.ARPA
May 11 05:16:10 mas01 named[3078]: automatic empty zone: 1.0.0.0.0.0.0.0.0.0.0.0.0.0.0.0.0.0.0.0.0.0.0.0.0.0.0.0.0.0.0.0.IP6.ARPA
May 11 05:16:10 mas01 named[3078]: automatic empty zone: D.F.IP6.ARPA
May 11 05:16:10 mas01 named[3078]: automatic empty zone: 8.E.F.IP6.ARPA
May 11 05:16:10 mas01 named[3078]: automatic empty zone: 9.E.F.IP6.ARPA
May 11 05:16:10 mas01 named[3078]: automatic empty zone: A.E.F.IP6.ARPA
May 11 05:16:10 mas01 named[3078]: automatic empty zone: B.E.F.IP6.ARPA
May 11 05:16:10 mas01 named[3078]: automatic empty zone: 8.B.D.0.1.0.0.2.IP6.ARPA
May 11 05:16:10 mas01 named[3078]: automatic empty zone: EMPTY.AS112.ARPA
May 11 05:16:10 mas01 named[3078]: configuring command channel from '/etc/bind/rndc.key'
May 11 05:16:10 mas01 named[3078]: reloading configuration succeeded
May 11 05:16:10 mas01 named[3078]: reloading zones succeeded
May 11 05:16:10 mas01 named[3078]: zone 0.20.10.in-addr.arpa/IN: loaded serial 16
May 11 05:16:10 mas01 named[3078]: zone 4.167.10.in-addr.arpa/IN: loaded serial 16
May 11 05:16:10 mas01 named[3078]: all zones loaded
May 11 05:16:10 mas01 named[3078]: running
May 11 05:16:10 mas01 named[3078]: zone maas/IN: loaded serial 16
May 11 05:16:10 mas01 named[3078]: zone 11.168.192.in-addr.arpa/IN: loaded serial 16
May 11 05:16:12 mas01 sh[3165]: 2019-05-11 05:16:12 regiond: [info] 10.20.0.3 GET /MAAS/rpc/ HTTP/1.0 --> 200 OK (referrer: -; agent: provisioningserver.rpc.clusterservice.ClusterClientService)
May 11 05:16:12 mas01 sh[2811]: 2019-05-11 05:16:12 provisioningserver.rackdservices.tftp: [info] ubuntu/amd64/hwe-16.04/xenial/daily/boot-initrd requested by 00:25:b5:a0:00:6a
May 11 05:16:14 mas01 sh[3159]: 2019-05-11 05:16:14 maasserver.region_controller: [info] Reloaded DNS configuration; ip 192.168.11.42 connected to cmp002 on eth0
May 11 05:16:15 mas01 salt-minion[6483]: [INFO    ] User sudo_ubuntu Executing command saltutil.find_job with jid 20190511051615262238
May 11 05:16:15 mas01 salt-minion[6483]: [INFO    ] Starting a new job with PID 6799
May 11 05:16:15 mas01 salt-minion[6483]: [INFO    ] Returning information for job: 20190511051615262238
May 11 05:16:18 mas01 dhcpd[5831]: DHCPDISCOVER from 00:25:b5:a0:00:5a via eth2
May 11 05:16:18 mas01 dhcpd[5831]: DHCPOFFER on 192.168.11.38 to 00:25:b5:a0:00:5a (cmp001) via eth2
May 11 05:16:18 mas01 dhcpd[5831]: execute_statement argv[0] = /usr/sbin/maas-dhcp-helper
May 11 05:16:18 mas01 dhcpd[5831]: execute_statement argv[1] = notify
May 11 05:16:18 mas01 dhcpd[5831]: execute_statement argv[2] = --action
May 11 05:16:18 mas01 dhcpd[5831]: execute_statement argv[3] = commit
May 11 05:16:18 mas01 dhcpd[5831]: execute_statement argv[4] = --mac
May 11 05:16:18 mas01 dhcpd[5831]: execute_statement argv[5] = 0:25:b5:a0:0:5a
May 11 05:16:18 mas01 dhcpd[5831]: execute_statement argv[6] = --ip-family
May 11 05:16:18 mas01 dhcpd[5831]: execute_statement argv[7] = ipv4
May 11 05:16:18 mas01 dhcpd[5831]: execute_statement argv[8] = --ip
May 11 05:16:18 mas01 dhcpd[5831]: execute_statement argv[9] = 192.168.11.38
May 11 05:16:18 mas01 dhcpd[5831]: execute_statement argv[10] = --lease-time
May 11 05:16:18 mas01 dhcpd[5831]: execute_statement argv[11] = 600
May 11 05:16:18 mas01 dhcpd[5831]: execute_statement argv[12] = --hostname
May 11 05:16:18 mas01 dhcpd[5831]: execute_statement argv[13] = cmp001
May 11 05:16:18 mas01 dhcpd[5831]: execute_statement argv[14] = --socket
May 11 05:16:18 mas01 dhcpd[5831]: execute_statement argv[15] = /var/lib/maas/dhcpd.sock
May 11 05:16:18 mas01 dhcpd[5831]: DHCPREQUEST for 192.168.11.38 (192.168.11.3) from 00:25:b5:a0:00:5a (cmp001) via eth2
May 11 05:16:18 mas01 dhcpd[5831]: DHCPACK on 192.168.11.38 to 00:25:b5:a0:00:5a (cmp001) via eth2
May 11 05:16:18 mas01 sh[3159]: 2019-05-11 05:16:18 maasserver.rpc.leases: [info] Lease update: commit for 192.168.11.38 on 0:25:b5:a0:0:5a at 2019-05-11 05:16:18 (lease time: 600s) (hostname: cmp001)
May 11 05:16:19 mas01 sh[2811]: 2019-05-11 05:16:19 rackd: [info] 192.168.11.38 GET /images/ubuntu/amd64/hwe-16.04/xenial/daily/squashfs HTTP/1.1 --> 200 OK (referrer: -; agent: Wget)
May 11 05:16:22 mas01 sh[3169]: 2019-05-11 05:16:22 regiond: [info] 192.168.11.38 GET /MAAS/metadata/latest/by-id/cn3xpp/?op=get_preseed HTTP/1.1 --> 200 OK (referrer: -; agent: Cloud-Init/18.5-45-g3554ffe8-0ubuntu1~16.04.1)
May 11 05:16:22 mas01 sh[3162]: 2019-05-11 05:16:22 regiond: [info] 192.168.11.38 POST /MAAS/metadata/status/cn3xpp HTTP/1.1 --> 204 NO_CONTENT (referrer: -; agent: python-requests/2.9.1)
May 11 05:16:22 mas01 sh[3169]: 2019-05-11 05:16:22 regiond: [info] 192.168.11.38 POST /MAAS/metadata/status/cn3xpp HTTP/1.1 --> 204 NO_CONTENT (referrer: -; agent: python-requests/2.9.1)
May 11 05:16:22 mas01 sh[3169]: 2019-05-11 05:16:22 regiond: [info] 192.168.11.38 POST /MAAS/metadata/status/cn3xpp HTTP/1.1 --> 204 NO_CONTENT (referrer: -; agent: python-requests/2.9.1)
May 11 05:16:22 mas01 sh[3165]: 2019-05-11 05:16:22 regiond: [info] 192.168.11.38 GET /MAAS/metadata/latest/by-id/cn3xpp/?op=get_preseed HTTP/1.1 --> 200 OK (referrer: -; agent: Cloud-Init/18.5-45-g3554ffe8-0ubuntu1~16.04.1)
May 11 05:16:22 mas01 sh[3162]: 2019-05-11 05:16:22 regiond: [info] 192.168.11.38 POST /MAAS/metadata/status/cn3xpp HTTP/1.1 --> 204 NO_CONTENT (referrer: -; agent: python-requests/2.9.1)
May 11 05:16:22 mas01 sh[3169]: 2019-05-11 05:16:22 regiond: [info] 192.168.11.38 POST /MAAS/metadata/status/cn3xpp HTTP/1.1 --> 204 NO_CONTENT (referrer: -; agent: python-requests/2.9.1)
May 11 05:16:22 mas01 sh[3165]: 2019-05-11 05:16:22 regiond: [info] 192.168.11.38 POST /MAAS/metadata/status/cn3xpp HTTP/1.1 --> 204 NO_CONTENT (referrer: -; agent: python-requests/2.9.1)
May 11 05:16:22 mas01 sh[3159]: 2019-05-11 05:16:22 regiond: [info] 192.168.11.38 GET /MAAS/metadata/2012-03-01/meta-data/instance-id HTTP/1.1 --> 200 OK (referrer: -; agent: Cloud-Init/18.5-45-g3554ffe8-0ubuntu1~16.04.1)
May 11 05:16:22 mas01 sh[3169]: 2019-05-11 05:16:22 regiond: [info] 192.168.11.38 GET /MAAS/metadata/2012-03-01/meta-data/instance-id HTTP/1.1 --> 200 OK (referrer: -; agent: python-requests/2.9.1)
May 11 05:16:22 mas01 sh[3162]: 2019-05-11 05:16:22 regiond: [info] 192.168.11.38 GET /MAAS/metadata/2012-03-01/meta-data/local-hostname HTTP/1.1 --> 200 OK (referrer: -; agent: python-requests/2.9.1)
May 11 05:16:23 mas01 sh[3169]: 2019-05-11 05:16:23 regiond: [info] 192.168.11.38 GET /MAAS/metadata/2012-03-01/meta-data/public-keys HTTP/1.1 --> 200 OK (referrer: -; agent: python-requests/2.9.1)
May 11 05:16:23 mas01 sh[3162]: 2019-05-11 05:16:23 regiond: [info] 192.168.11.38 GET /MAAS/metadata/2012-03-01/meta-data/vendor-data HTTP/1.1 --> 200 OK (referrer: -; agent: python-requests/2.9.1)
May 11 05:16:23 mas01 sh[3159]: 2019-05-11 05:16:23 regiond: [info] 192.168.11.38 GET /MAAS/metadata/2012-03-01/user-data HTTP/1.1 --> 200 OK (referrer: -; agent: python-requests/2.9.1)
May 11 05:16:23 mas01 sh[3159]: 2019-05-11 05:16:23 regiond: [info] 192.168.11.38 POST /MAAS/metadata/status/cn3xpp HTTP/1.1 --> 204 NO_CONTENT (referrer: -; agent: python-requests/2.9.1)
May 11 05:16:23 mas01 sh[3159]: message repeated 2 times: [ 2019-05-11 05:16:23 regiond: [info] 192.168.11.38 POST /MAAS/metadata/status/cn3xpp HTTP/1.1 --> 204 NO_CONTENT (referrer: -; agent: python-requests/2.9.1)]
May 11 05:16:23 mas01 sh[3165]: 2019-05-11 05:16:23 regiond: [info] 192.168.11.38 POST /MAAS/metadata/status/cn3xpp HTTP/1.1 --> 204 NO_CONTENT (referrer: -; agent: python-requests/2.9.1)
May 11 05:16:23 mas01 sh[3169]: 2019-05-11 05:16:23 regiond: [info] 192.168.11.38 POST /MAAS/metadata/status/cn3xpp HTTP/1.1 --> 204 NO_CONTENT (referrer: -; agent: python-requests/2.9.1)
May 11 05:16:23 mas01 sh[3169]: 2019-05-11 05:16:23 regiond: [info] 192.168.11.38 POST /MAAS/metadata/status/cn3xpp HTTP/1.1 --> 204 NO_CONTENT (referrer: -; agent: python-requests/2.9.1)
May 11 05:16:23 mas01 sh[3165]: 2019-05-11 05:16:23 regiond: [info] 192.168.11.38 POST /MAAS/metadata/status/cn3xpp HTTP/1.1 --> 204 NO_CONTENT (referrer: -; agent: python-requests/2.9.1)
May 11 05:16:23 mas01 sh[3162]: 2019-05-11 05:16:23 regiond: [info] 192.168.11.38 POST /MAAS/metadata/status/cn3xpp HTTP/1.1 --> 204 NO_CONTENT (referrer: -; agent: python-requests/2.9.1)
May 11 05:16:23 mas01 sh[3159]: 2019-05-11 05:16:23 regiond: [info] 192.168.11.38 POST /MAAS/metadata/status/cn3xpp HTTP/1.1 --> 204 NO_CONTENT (referrer: -; agent: python-requests/2.9.1)
May 11 05:16:23 mas01 sh[3165]: 2019-05-11 05:16:23 regiond: [info] 192.168.11.38 POST /MAAS/metadata/status/cn3xpp HTTP/1.1 --> 204 NO_CONTENT (referrer: -; agent: python-requests/2.9.1)
May 11 05:16:23 mas01 sh[3169]: 2019-05-11 05:16:23 regiond: [info] 192.168.11.38 POST /MAAS/metadata/status/cn3xpp HTTP/1.1 --> 204 NO_CONTENT (referrer: -; agent: python-requests/2.9.1)
May 11 05:16:23 mas01 sh[3159]: 2019-05-11 05:16:23 regiond: [info] 192.168.11.38 POST /MAAS/metadata/status/cn3xpp HTTP/1.1 --> 204 NO_CONTENT (referrer: -; agent: python-requests/2.9.1)
May 11 05:16:23 mas01 sh[3159]: message repeated 2 times: [ 2019-05-11 05:16:23 regiond: [info] 192.168.11.38 POST /MAAS/metadata/status/cn3xpp HTTP/1.1 --> 204 NO_CONTENT (referrer: -; agent: python-requests/2.9.1)]
May 11 05:16:23 mas01 sh[3169]: 2019-05-11 05:16:23 regiond: [info] 192.168.11.38 POST /MAAS/metadata/status/cn3xpp HTTP/1.1 --> 204 NO_CONTENT (referrer: -; agent: python-requests/2.9.1)
May 11 05:16:23 mas01 sh[3169]: 2019-05-11 05:16:23 regiond: [info] 192.168.11.38 POST /MAAS/metadata/status/cn3xpp HTTP/1.1 --> 204 NO_CONTENT (referrer: -; agent: python-requests/2.9.1)
May 11 05:16:23 mas01 sh[3159]: 2019-05-11 05:16:23 regiond: [info] 192.168.11.38 POST /MAAS/metadata/status/cn3xpp HTTP/1.1 --> 204 NO_CONTENT (referrer: -; agent: python-requests/2.9.1)
May 11 05:16:23 mas01 sh[3159]: 2019-05-11 05:16:23 regiond: [info] 192.168.11.38 POST /MAAS/metadata/status/cn3xpp HTTP/1.1 --> 204 NO_CONTENT (referrer: -; agent: python-requests/2.9.1)
May 11 05:16:23 mas01 sh[3165]: 2019-05-11 05:16:23 regiond: [info] 192.168.11.38 POST /MAAS/metadata/status/cn3xpp HTTP/1.1 --> 204 NO_CONTENT (referrer: -; agent: python-requests/2.9.1)
May 11 05:16:23 mas01 sh[3162]: 2019-05-11 05:16:23 regiond: [info] 192.168.11.38 POST /MAAS/metadata/status/cn3xpp HTTP/1.1 --> 204 NO_CONTENT (referrer: -; agent: python-requests/2.9.1)
May 11 05:16:23 mas01 sh[3169]: 2019-05-11 05:16:23 regiond: [info] 192.168.11.38 POST /MAAS/metadata/status/cn3xpp HTTP/1.1 --> 204 NO_CONTENT (referrer: -; agent: python-requests/2.9.1)
May 11 05:16:23 mas01 sh[3159]: 2019-05-11 05:16:23 regiond: [info] 192.168.11.38 POST /MAAS/metadata/status/cn3xpp HTTP/1.1 --> 204 NO_CONTENT (referrer: -; agent: python-requests/2.9.1)
May 11 05:16:23 mas01 sh[3162]: 2019-05-11 05:16:23 regiond: [info] 192.168.11.38 POST /MAAS/metadata/status/cn3xpp HTTP/1.1 --> 204 NO_CONTENT (referrer: -; agent: python-requests/2.9.1)
May 11 05:16:23 mas01 sh[3159]: 2019-05-11 05:16:23 regiond: [info] 192.168.11.38 POST /MAAS/metadata/status/cn3xpp HTTP/1.1 --> 204 NO_CONTENT (referrer: -; agent: python-requests/2.9.1)
May 11 05:16:23 mas01 sh[3162]: 2019-05-11 05:16:23 regiond: [info] 192.168.11.38 POST /MAAS/metadata/status/cn3xpp HTTP/1.1 --> 204 NO_CONTENT (referrer: -; agent: python-requests/2.9.1)
May 11 05:16:23 mas01 sh[3159]: 2019-05-11 05:16:23 regiond: [info] 192.168.11.38 POST /MAAS/metadata/status/cn3xpp HTTP/1.1 --> 204 NO_CONTENT (referrer: -; agent: python-requests/2.9.1)
May 11 05:16:23 mas01 sh[3169]: 2019-05-11 05:16:23 regiond: [info] 192.168.11.38 POST /MAAS/metadata/status/cn3xpp HTTP/1.1 --> 204 NO_CONTENT (referrer: -; agent: python-requests/2.9.1)
May 11 05:16:23 mas01 sh[3162]: 2019-05-11 05:16:23 regiond: [info] 192.168.11.38 POST /MAAS/metadata/status/cn3xpp HTTP/1.1 --> 204 NO_CONTENT (referrer: -; agent: python-requests/2.9.1)
May 11 05:16:23 mas01 sh[3165]: 2019-05-11 05:16:23 regiond: [info] 192.168.11.38 POST /MAAS/metadata/status/cn3xpp HTTP/1.1 --> 204 NO_CONTENT (referrer: -; agent: python-requests/2.9.1)
May 11 05:16:23 mas01 sh[3165]: 2019-05-11 05:16:23 regiond: [info] 192.168.11.38 POST /MAAS/metadata/status/cn3xpp HTTP/1.1 --> 204 NO_CONTENT (referrer: -; agent: python-requests/2.9.1)
May 11 05:16:23 mas01 sh[3169]: 2019-05-11 05:16:23 regiond: [info] 192.168.11.38 POST /MAAS/metadata/status/cn3xpp HTTP/1.1 --> 204 NO_CONTENT (referrer: -; agent: python-requests/2.9.1)
May 11 05:16:23 mas01 sh[3169]: 2019-05-11 05:16:23 regiond: [info] 192.168.11.38 POST /MAAS/metadata/status/cn3xpp HTTP/1.1 --> 204 NO_CONTENT (referrer: -; agent: python-requests/2.9.1)
May 11 05:16:23 mas01 sh[3159]: 2019-05-11 05:16:23 regiond: [info] 192.168.11.38 POST /MAAS/metadata/status/cn3xpp HTTP/1.1 --> 204 NO_CONTENT (referrer: -; agent: python-requests/2.9.1)
May 11 05:16:23 mas01 sh[3169]: 2019-05-11 05:16:23 regiond: [info] 192.168.11.38 POST /MAAS/metadata/status/cn3xpp HTTP/1.1 --> 204 NO_CONTENT (referrer: -; agent: python-requests/2.9.1)
May 11 05:16:23 mas01 sh[3162]: 2019-05-11 05:16:23 regiond: [info] 192.168.11.38 POST /MAAS/metadata/status/cn3xpp HTTP/1.1 --> 204 NO_CONTENT (referrer: -; agent: python-requests/2.9.1)
May 11 05:16:23 mas01 sh[3169]: 2019-05-11 05:16:23 regiond: [info] 192.168.11.38 POST /MAAS/metadata/status/cn3xpp HTTP/1.1 --> 204 NO_CONTENT (referrer: -; agent: python-requests/2.9.1)
May 11 05:16:23 mas01 sh[3162]: 2019-05-11 05:16:23 regiond: [info] 192.168.11.38 POST /MAAS/metadata/status/cn3xpp HTTP/1.1 --> 204 NO_CONTENT (referrer: -; agent: python-requests/2.9.1)
May 11 05:16:23 mas01 sh[3169]: 2019-05-11 05:16:23 regiond: [info] 192.168.11.38 POST /MAAS/metadata/status/cn3xpp HTTP/1.1 --> 204 NO_CONTENT (referrer: -; agent: python-requests/2.9.1)
May 11 05:16:23 mas01 sh[3162]: 2019-05-11 05:16:23 regiond: [info] 192.168.11.38 POST /MAAS/metadata/status/cn3xpp HTTP/1.1 --> 204 NO_CONTENT (referrer: -; agent: python-requests/2.9.1)
May 11 05:16:23 mas01 sh[3159]: 2019-05-11 05:16:23 regiond: [info] 192.168.11.38 POST /MAAS/metadata/status/cn3xpp HTTP/1.1 --> 204 NO_CONTENT (referrer: -; agent: python-requests/2.9.1)
May 11 05:16:28 mas01 dhcpd[5831]: DHCPDISCOVER from 00:25:b5:a0:00:2a via eth2
May 11 05:16:28 mas01 dhcpd[5831]: DHCPOFFER on 192.168.11.39 to 00:25:b5:a0:00:2a (kvm01) via eth2
May 11 05:16:28 mas01 dhcpd[5831]: execute_statement argv[0] = /usr/sbin/maas-dhcp-helper
May 11 05:16:28 mas01 dhcpd[5831]: execute_statement argv[1] = notify
May 11 05:16:28 mas01 dhcpd[5831]: execute_statement argv[2] = --action
May 11 05:16:28 mas01 dhcpd[5831]: execute_statement argv[3] = commit
May 11 05:16:28 mas01 dhcpd[5831]: execute_statement argv[4] = --mac
May 11 05:16:28 mas01 dhcpd[5831]: execute_statement argv[5] = 0:25:b5:a0:0:2a
May 11 05:16:28 mas01 dhcpd[5831]: execute_statement argv[6] = --ip-family
May 11 05:16:28 mas01 dhcpd[5831]: execute_statement argv[7] = ipv4
May 11 05:16:28 mas01 dhcpd[5831]: execute_statement argv[8] = --ip
May 11 05:16:28 mas01 dhcpd[5831]: execute_statement argv[9] = 192.168.11.39
May 11 05:16:28 mas01 dhcpd[5831]: execute_statement argv[10] = --lease-time
May 11 05:16:28 mas01 dhcpd[5831]: execute_statement argv[11] = 600
May 11 05:16:28 mas01 dhcpd[5831]: execute_statement argv[12] = --hostname
May 11 05:16:28 mas01 dhcpd[5831]: execute_statement argv[13] = kvm01
May 11 05:16:28 mas01 dhcpd[5831]: execute_statement argv[14] = --socket
May 11 05:16:28 mas01 dhcpd[5831]: execute_statement argv[15] = /var/lib/maas/dhcpd.sock
May 11 05:16:28 mas01 sh[3159]: 2019-05-11 05:16:28 maasserver.rpc.leases: [info] Lease update: commit for 192.168.11.39 on 0:25:b5:a0:0:2a at 2019-05-11 05:16:28 (lease time: 600s) (hostname: kvm01)
May 11 05:16:28 mas01 dhcpd[5831]: DHCPREQUEST for 192.168.11.39 (192.168.11.3) from 00:25:b5:a0:00:2a (kvm01) via eth2
May 11 05:16:28 mas01 dhcpd[5831]: DHCPACK on 192.168.11.39 to 00:25:b5:a0:00:2a (kvm01) via eth2
May 11 05:16:28 mas01 dhcpd[5831]: DHCPDISCOVER from 00:25:b5:a0:00:6a via eth2
May 11 05:16:28 mas01 dhcpd[5831]: DHCPOFFER on 192.168.11.42 to 00:25:b5:a0:00:6a (cmp002) via eth2
May 11 05:16:28 mas01 dhcpd[5831]: DHCPDISCOVER from 00:25:b5:a0:00:4a via eth2
May 11 05:16:28 mas01 dhcpd[5831]: DHCPOFFER on 192.168.11.40 to 00:25:b5:a0:00:4a (kvm03) via eth2
May 11 05:16:28 mas01 dhcpd[5831]: DHCPDISCOVER from 00:25:b5:a0:00:3a via eth2
May 11 05:16:28 mas01 dhcpd[5831]: DHCPOFFER on 192.168.11.41 to 00:25:b5:a0:00:3a (kvm02) via eth2
May 11 05:16:28 mas01 dhcpd[5831]: DHCPDISCOVER from 00:25:b5:a0:00:4a (kvm03) via eth2
May 11 05:16:28 mas01 dhcpd[5831]: DHCPOFFER on 192.168.11.40 to 00:25:b5:a0:00:4a (kvm03) via eth2
May 11 05:16:28 mas01 dhcpd[5831]: DHCPDISCOVER from 00:25:b5:a0:00:3a (kvm02) via eth2
May 11 05:16:28 mas01 dhcpd[5831]: DHCPOFFER on 192.168.11.41 to 00:25:b5:a0:00:3a (kvm02) via eth2
May 11 05:16:28 mas01 dhcpd[5831]: execute_statement argv[0] = /usr/sbin/maas-dhcp-helper
May 11 05:16:28 mas01 dhcpd[5831]: execute_statement argv[1] = notify
May 11 05:16:28 mas01 dhcpd[5831]: execute_statement argv[2] = --action
May 11 05:16:28 mas01 dhcpd[5831]: execute_statement argv[3] = commit
May 11 05:16:28 mas01 dhcpd[5831]: execute_statement argv[4] = --mac
May 11 05:16:28 mas01 dhcpd[5831]: execute_statement argv[5] = 0:25:b5:a0:0:6a
May 11 05:16:28 mas01 dhcpd[5831]: execute_statement argv[6] = --ip-family
May 11 05:16:28 mas01 dhcpd[5831]: execute_statement argv[7] = ipv4
May 11 05:16:28 mas01 dhcpd[5831]: execute_statement argv[8] = --ip
May 11 05:16:28 mas01 dhcpd[5831]: execute_statement argv[9] = 192.168.11.42
May 11 05:16:28 mas01 dhcpd[5831]: execute_statement argv[10] = --lease-time
May 11 05:16:28 mas01 dhcpd[5831]: execute_statement argv[11] = 600
May 11 05:16:28 mas01 dhcpd[5831]: execute_statement argv[12] = --hostname
May 11 05:16:28 mas01 dhcpd[5831]: execute_statement argv[13] = cmp002
May 11 05:16:28 mas01 dhcpd[5831]: execute_statement argv[14] = --socket
May 11 05:16:28 mas01 dhcpd[5831]: execute_statement argv[15] = /var/lib/maas/dhcpd.sock
May 11 05:16:28 mas01 dhcpd[5831]: DHCPREQUEST for 192.168.11.42 (192.168.11.3) from 00:25:b5:a0:00:6a (cmp002) via eth2
May 11 05:16:28 mas01 dhcpd[5831]: DHCPACK on 192.168.11.42 to 00:25:b5:a0:00:6a (cmp002) via eth2
May 11 05:16:28 mas01 dhcpd[5831]: execute_statement argv[0] = /usr/sbin/maas-dhcp-helper
May 11 05:16:28 mas01 dhcpd[5831]: execute_statement argv[1] = notify
May 11 05:16:28 mas01 dhcpd[5831]: execute_statement argv[2] = --action
May 11 05:16:28 mas01 dhcpd[5831]: execute_statement argv[3] = commit
May 11 05:16:28 mas01 dhcpd[5831]: execute_statement argv[4] = --mac
May 11 05:16:28 mas01 dhcpd[5831]: execute_statement argv[5] = 0:25:b5:a0:0:4a
May 11 05:16:28 mas01 dhcpd[5831]: execute_statement argv[6] = --ip-family
May 11 05:16:28 mas01 dhcpd[5831]: execute_statement argv[7] = ipv4
May 11 05:16:28 mas01 dhcpd[5831]: execute_statement argv[8] = --ip
May 11 05:16:28 mas01 dhcpd[5831]: execute_statement argv[9] = 192.168.11.40
May 11 05:16:28 mas01 dhcpd[5831]: execute_statement argv[10] = --lease-time
May 11 05:16:28 mas01 dhcpd[5831]: execute_statement argv[11] = 600
May 11 05:16:28 mas01 dhcpd[5831]: execute_statement argv[12] = --hostname
May 11 05:16:28 mas01 dhcpd[5831]: execute_statement argv[13] = kvm03
May 11 05:16:28 mas01 dhcpd[5831]: execute_statement argv[14] = --socket
May 11 05:16:28 mas01 dhcpd[5831]: execute_statement argv[15] = /var/lib/maas/dhcpd.sock
May 11 05:16:28 mas01 sh[3159]: 2019-05-11 05:16:28 maasserver.rpc.leases: [info] Lease update: commit for 192.168.11.42 on 0:25:b5:a0:0:6a at 2019-05-11 05:16:28 (lease time: 600s) (hostname: cmp002)
May 11 05:16:28 mas01 dhcpd[5831]: DHCPREQUEST for 192.168.11.40 (192.168.11.3) from 00:25:b5:a0:00:4a (kvm03) via eth2
May 11 05:16:28 mas01 dhcpd[5831]: DHCPACK on 192.168.11.40 to 00:25:b5:a0:00:4a (kvm03) via eth2
May 11 05:16:28 mas01 dhcpd[5831]: execute_statement argv[0] = /usr/sbin/maas-dhcp-helper
May 11 05:16:28 mas01 dhcpd[5831]: execute_statement argv[1] = notify
May 11 05:16:28 mas01 dhcpd[5831]: execute_statement argv[2] = --action
May 11 05:16:28 mas01 dhcpd[5831]: execute_statement argv[3] = commit
May 11 05:16:28 mas01 dhcpd[5831]: execute_statement argv[4] = --mac
May 11 05:16:28 mas01 dhcpd[5831]: execute_statement argv[5] = 0:25:b5:a0:0:3a
May 11 05:16:28 mas01 dhcpd[5831]: execute_statement argv[6] = --ip-family
May 11 05:16:28 mas01 dhcpd[5831]: execute_statement argv[7] = ipv4
May 11 05:16:28 mas01 dhcpd[5831]: execute_statement argv[8] = --ip
May 11 05:16:28 mas01 dhcpd[5831]: execute_statement argv[9] = 192.168.11.41
May 11 05:16:28 mas01 dhcpd[5831]: execute_statement argv[10] = --lease-time
May 11 05:16:28 mas01 dhcpd[5831]: execute_statement argv[11] = 600
May 11 05:16:28 mas01 dhcpd[5831]: execute_statement argv[12] = --hostname
May 11 05:16:28 mas01 dhcpd[5831]: execute_statement argv[13] = kvm02
May 11 05:16:28 mas01 dhcpd[5831]: execute_statement argv[14] = --socket
May 11 05:16:28 mas01 dhcpd[5831]: execute_statement argv[15] = /var/lib/maas/dhcpd.sock
May 11 05:16:28 mas01 sh[3165]: 2019-05-11 05:16:28 maasserver.rpc.leases: [info] Lease update: commit for 192.168.11.40 on 0:25:b5:a0:0:4a at 2019-05-11 05:16:28 (lease time: 600s) (hostname: kvm03)
May 11 05:16:28 mas01 dhcpd[5831]: DHCPREQUEST for 192.168.11.41 (192.168.11.3) from 00:25:b5:a0:00:3a (kvm02) via eth2
May 11 05:16:28 mas01 dhcpd[5831]: DHCPACK on 192.168.11.41 to 00:25:b5:a0:00:3a (kvm02) via eth2
May 11 05:16:28 mas01 sh[3159]: 2019-05-11 05:16:28 maasserver.rpc.leases: [info] Lease update: commit for 192.168.11.41 on 0:25:b5:a0:0:3a at 2019-05-11 05:16:28 (lease time: 600s) (hostname: kvm02)
May 11 05:16:29 mas01 sh[2811]: 2019-05-11 05:16:29 rackd: [info] 192.168.11.39 GET /images/ubuntu/amd64/hwe-16.04/xenial/daily/squashfs HTTP/1.1 --> 200 OK (referrer: -; agent: Wget)
May 11 05:16:29 mas01 sh[2811]: 2019-05-11 05:16:29 rackd: [info] 192.168.11.42 GET /images/ubuntu/amd64/hwe-16.04/xenial/daily/squashfs HTTP/1.1 --> 200 OK (referrer: -; agent: Wget)
May 11 05:16:29 mas01 sh[2811]: 2019-05-11 05:16:29 rackd: [info] 192.168.11.40 GET /images/ubuntu/amd64/hwe-16.04/xenial/daily/squashfs HTTP/1.1 --> 200 OK (referrer: -; agent: Wget)
May 11 05:16:29 mas01 sh[2811]: 2019-05-11 05:16:29 rackd: [info] 192.168.11.41 GET /images/ubuntu/amd64/hwe-16.04/xenial/daily/squashfs HTTP/1.1 --> 200 OK (referrer: -; agent: Wget)
May 11 05:16:31 mas01 sh[3165]: 2019-05-11 05:16:31 regiond: [info] 192.168.11.38 POST /MAAS/metadata/status/cn3xpp HTTP/1.1 --> 204 NO_CONTENT (referrer: -; agent: python-requests/2.9.1)
May 11 05:16:31 mas01 sh[3159]: 2019-05-11 05:16:31 regiond: [info] 192.168.11.38 POST /MAAS/metadata/status/cn3xpp HTTP/1.1 --> 204 NO_CONTENT (referrer: -; agent: python-requests/2.9.1)
May 11 05:16:31 mas01 sh[3169]: 2019-05-11 05:16:31 regiond: [info] 192.168.11.38 POST /MAAS/metadata/status/cn3xpp HTTP/1.1 --> 204 NO_CONTENT (referrer: -; agent: python-requests/2.9.1)
May 11 05:16:31 mas01 sh[3162]: 2019-05-11 05:16:31 regiond: [info] 192.168.11.38 POST /MAAS/metadata/status/cn3xpp HTTP/1.1 --> 204 NO_CONTENT (referrer: -; agent: python-requests/2.9.1)
May 11 05:16:31 mas01 sh[3165]: 2019-05-11 05:16:31 regiond: [info] 192.168.11.38 POST /MAAS/metadata/status/cn3xpp HTTP/1.1 --> 204 NO_CONTENT (referrer: -; agent: python-requests/2.9.1)
May 11 05:16:31 mas01 sh[3169]: 2019-05-11 05:16:31 regiond: [info] 192.168.11.38 POST /MAAS/metadata/status/cn3xpp HTTP/1.1 --> 204 NO_CONTENT (referrer: -; agent: python-requests/2.9.1)
May 11 05:16:31 mas01 sh[3159]: 2019-05-11 05:16:31 regiond: [info] 192.168.11.38 POST /MAAS/metadata/status/cn3xpp HTTP/1.1 --> 204 NO_CONTENT (referrer: -; agent: python-requests/2.9.1)
May 11 05:16:31 mas01 sh[3165]: 2019-05-11 05:16:31 regiond: [info] 192.168.11.38 POST /MAAS/metadata/status/cn3xpp HTTP/1.1 --> 204 NO_CONTENT (referrer: -; agent: python-requests/2.9.1)
May 11 05:16:31 mas01 sh[3162]: 2019-05-11 05:16:31 regiond: [info] 192.168.11.38 POST /MAAS/metadata/status/cn3xpp HTTP/1.1 --> 204 NO_CONTENT (referrer: -; agent: python-requests/2.9.1)
May 11 05:16:31 mas01 sh[3165]: 2019-05-11 05:16:31 regiond: [info] 192.168.11.38 POST /MAAS/metadata/status/cn3xpp HTTP/1.1 --> 204 NO_CONTENT (referrer: -; agent: python-requests/2.9.1)
May 11 05:16:31 mas01 sh[3165]: 2019-05-11 05:16:31 regiond: [info] 192.168.11.38 POST /MAAS/metadata/status/cn3xpp HTTP/1.1 --> 204 NO_CONTENT (referrer: -; agent: python-requests/2.9.1)
May 11 05:16:31 mas01 sh[3169]: 2019-05-11 05:16:31 regiond: [info] 192.168.11.38 POST /MAAS/metadata/status/cn3xpp HTTP/1.1 --> 204 NO_CONTENT (referrer: -; agent: python-requests/2.9.1)
May 11 05:16:31 mas01 sh[3162]: 2019-05-11 05:16:31 regiond: [info] 192.168.11.38 POST /MAAS/metadata/status/cn3xpp HTTP/1.1 --> 204 NO_CONTENT (referrer: -; agent: python-requests/2.9.1)
May 11 05:16:32 mas01 sh[3162]: 2019-05-11 05:16:32 regiond: [info] 192.168.11.38 POST /MAAS/metadata/status/cn3xpp HTTP/1.1 --> 204 NO_CONTENT (referrer: -; agent: python-requests/2.9.1)
May 11 05:16:32 mas01 sh[3162]: message repeated 2 times: [ 2019-05-11 05:16:32 regiond: [info] 192.168.11.38 POST /MAAS/metadata/status/cn3xpp HTTP/1.1 --> 204 NO_CONTENT (referrer: -; agent: python-requests/2.9.1)]
May 11 05:16:32 mas01 sh[3165]: 2019-05-11 05:16:32 regiond: [info] 192.168.11.38 POST /MAAS/metadata/status/cn3xpp HTTP/1.1 --> 204 NO_CONTENT (referrer: -; agent: python-requests/2.9.1)
May 11 05:16:32 mas01 sh[3162]: 2019-05-11 05:16:32 regiond: [info] 192.168.11.39 GET /MAAS/metadata/latest/by-id/6xwfyp/?op=get_preseed HTTP/1.1 --> 200 OK (referrer: -; agent: Cloud-Init/18.5-45-g3554ffe8-0ubuntu1~16.04.1)
May 11 05:16:32 mas01 sh[3159]: 2019-05-11 05:16:32 regiond: [info] 192.168.11.39 POST /MAAS/metadata/status/6xwfyp HTTP/1.1 --> 204 NO_CONTENT (referrer: -; agent: python-requests/2.9.1)
May 11 05:16:32 mas01 sh[3159]: 2019-05-11 05:16:32 regiond: [info] 192.168.11.39 POST /MAAS/metadata/status/6xwfyp HTTP/1.1 --> 204 NO_CONTENT (referrer: -; agent: python-requests/2.9.1)
May 11 05:16:32 mas01 sh[3169]: 2019-05-11 05:16:32 regiond: [info] 192.168.11.38 POST /MAAS/metadata/status/cn3xpp HTTP/1.1 --> 204 NO_CONTENT (referrer: -; agent: python-requests/2.9.1)
May 11 05:16:32 mas01 sh[3169]: 2019-05-11 05:16:32 regiond: [info] 192.168.11.38 POST /MAAS/metadata/status/cn3xpp HTTP/1.1 --> 204 NO_CONTENT (referrer: -; agent: python-requests/2.9.1)
May 11 05:16:32 mas01 sh[3162]: 2019-05-11 05:16:32 regiond: [info] 192.168.11.38 POST /MAAS/metadata/status/cn3xpp HTTP/1.1 --> 204 NO_CONTENT (referrer: -; agent: python-requests/2.9.1)
May 11 05:16:32 mas01 sh[3165]: 2019-05-11 05:16:32 regiond: [info] 192.168.11.38 POST /MAAS/metadata/status/cn3xpp HTTP/1.1 --> 204 NO_CONTENT (referrer: -; agent: python-requests/2.9.1)
May 11 05:16:32 mas01 sh[3169]: 2019-05-11 05:16:32 regiond: [info] 192.168.11.40 GET /MAAS/metadata/latest/by-id/xmw6kb/?op=get_preseed HTTP/1.1 --> 200 OK (referrer: -; agent: Cloud-Init/18.5-45-g3554ffe8-0ubuntu1~16.04.1)
May 11 05:16:32 mas01 sh[3159]: 2019-05-11 05:16:32 regiond: [info] 192.168.11.42 GET /MAAS/metadata/latest/by-id/c73npq/?op=get_preseed HTTP/1.1 --> 200 OK (referrer: -; agent: Cloud-Init/18.5-45-g3554ffe8-0ubuntu1~16.04.1)
May 11 05:16:32 mas01 sh[3169]: 2019-05-11 05:16:32 regiond: [info] 192.168.11.39 POST /MAAS/metadata/status/6xwfyp HTTP/1.1 --> 204 NO_CONTENT (referrer: -; agent: python-requests/2.9.1)
May 11 05:16:32 mas01 sh[3162]: 2019-05-11 05:16:32 regiond: [info] 192.168.11.40 POST /MAAS/metadata/status/xmw6kb HTTP/1.1 --> 204 NO_CONTENT (referrer: -; agent: python-requests/2.9.1)
May 11 05:16:32 mas01 sh[3169]: 2019-05-11 05:16:32 regiond: [info] 192.168.11.40 POST /MAAS/metadata/status/xmw6kb HTTP/1.1 --> 204 NO_CONTENT (referrer: -; agent: python-requests/2.9.1)
May 11 05:16:32 mas01 sh[3162]: 2019-05-11 05:16:32 regiond: [info] 192.168.11.41 GET /MAAS/metadata/latest/by-id/arswn8/?op=get_preseed HTTP/1.1 --> 200 OK (referrer: -; agent: Cloud-Init/18.5-45-g3554ffe8-0ubuntu1~16.04.1)
May 11 05:16:32 mas01 sh[3169]: 2019-05-11 05:16:32 regiond: [info] 192.168.11.42 POST /MAAS/metadata/status/c73npq HTTP/1.1 --> 204 NO_CONTENT (referrer: -; agent: python-requests/2.9.1)
May 11 05:16:32 mas01 sh[3169]: 2019-05-11 05:16:32 regiond: [info] 192.168.11.42 POST /MAAS/metadata/status/c73npq HTTP/1.1 --> 204 NO_CONTENT (referrer: -; agent: python-requests/2.9.1)
May 11 05:16:32 mas01 sh[3162]: 2019-05-11 05:16:32 regiond: [info] 192.168.11.41 POST /MAAS/metadata/status/arswn8 HTTP/1.1 --> 204 NO_CONTENT (referrer: -; agent: python-requests/2.9.1)
May 11 05:16:32 mas01 sh[3165]: 2019-05-11 05:16:32 regiond: [info] 192.168.11.41 POST /MAAS/metadata/status/arswn8 HTTP/1.1 --> 204 NO_CONTENT (referrer: -; agent: python-requests/2.9.1)
May 11 05:16:32 mas01 sh[3159]: 2019-05-11 05:16:32 regiond: [info] 192.168.11.40 POST /MAAS/metadata/status/xmw6kb HTTP/1.1 --> 204 NO_CONTENT (referrer: -; agent: python-requests/2.9.1)
May 11 05:16:32 mas01 sh[3169]: 2019-05-11 05:16:32 regiond: [info] 192.168.11.42 POST /MAAS/metadata/status/c73npq HTTP/1.1 --> 204 NO_CONTENT (referrer: -; agent: python-requests/2.9.1)
May 11 05:16:32 mas01 sh[3162]: 2019-05-11 05:16:32 regiond: [info] 192.168.11.41 POST /MAAS/metadata/status/arswn8 HTTP/1.1 --> 204 NO_CONTENT (referrer: -; agent: python-requests/2.9.1)
May 11 05:16:32 mas01 sh[3159]: 2019-05-11 05:16:32 regiond: [info] 192.168.11.39 GET /MAAS/metadata/latest/by-id/6xwfyp/?op=get_preseed HTTP/1.1 --> 200 OK (referrer: -; agent: Cloud-Init/18.5-45-g3554ffe8-0ubuntu1~16.04.1)
May 11 05:16:32 mas01 sh[3169]: 2019-05-11 05:16:32 regiond: [info] 192.168.11.39 POST /MAAS/metadata/status/6xwfyp HTTP/1.1 --> 204 NO_CONTENT (referrer: -; agent: python-requests/2.9.1)
May 11 05:16:32 mas01 sh[3159]: 2019-05-11 05:16:32 regiond: [info] 192.168.11.39 POST /MAAS/metadata/status/6xwfyp HTTP/1.1 --> 204 NO_CONTENT (referrer: -; agent: python-requests/2.9.1)
May 11 05:16:32 mas01 sh[3159]: 2019-05-11 05:16:32 regiond: [info] 192.168.11.39 POST /MAAS/metadata/status/6xwfyp HTTP/1.1 --> 204 NO_CONTENT (referrer: -; agent: python-requests/2.9.1)
May 11 05:16:32 mas01 sh[3165]: 2019-05-11 05:16:32 regiond: [info] 192.168.11.39 GET /MAAS/metadata/2012-03-01/meta-data/instance-id HTTP/1.1 --> 200 OK (referrer: -; agent: Cloud-Init/18.5-45-g3554ffe8-0ubuntu1~16.04.1)
May 11 05:16:33 mas01 sh[3162]: 2019-05-11 05:16:33 regiond: [info] 192.168.11.41 GET /MAAS/metadata/latest/by-id/arswn8/?op=get_preseed HTTP/1.1 --> 200 OK (referrer: -; agent: Cloud-Init/18.5-45-g3554ffe8-0ubuntu1~16.04.1)
May 11 05:16:33 mas01 sh[3159]: 2019-05-11 05:16:33 regiond: [info] 192.168.11.39 GET /MAAS/metadata/2012-03-01/meta-data/instance-id HTTP/1.1 --> 200 OK (referrer: -; agent: python-requests/2.9.1)
May 11 05:16:33 mas01 sh[3159]: 2019-05-11 05:16:33 regiond: [info] 192.168.11.41 POST /MAAS/metadata/status/arswn8 HTTP/1.1 --> 204 NO_CONTENT (referrer: -; agent: python-requests/2.9.1)
May 11 05:16:33 mas01 sh[3162]: 2019-05-11 05:16:33 regiond: [info] 192.168.11.41 POST /MAAS/metadata/status/arswn8 HTTP/1.1 --> 204 NO_CONTENT (referrer: -; agent: python-requests/2.9.1)
May 11 05:16:33 mas01 sh[3169]: 2019-05-11 05:16:33 regiond: [info] 192.168.11.40 POST /MAAS/metadata/status/xmw6kb HTTP/1.1 --> 204 NO_CONTENT (referrer: -; agent: python-requests/2.9.1)
May 11 05:16:33 mas01 sh[3169]: 2019-05-11 05:16:33 regiond: [info] 192.168.11.40 POST /MAAS/metadata/status/xmw6kb HTTP/1.1 --> 204 NO_CONTENT (referrer: -; agent: python-requests/2.9.1)
May 11 05:16:33 mas01 sh[3169]: 2019-05-11 05:16:33 regiond: [info] 192.168.11.42 POST /MAAS/metadata/status/c73npq HTTP/1.1 --> 204 NO_CONTENT (referrer: -; agent: python-requests/2.9.1)
May 11 05:16:33 mas01 sh[3162]: 2019-05-11 05:16:33 regiond: [info] 192.168.11.41 POST /MAAS/metadata/status/arswn8 HTTP/1.1 --> 204 NO_CONTENT (referrer: -; agent: python-requests/2.9.1)
May 11 05:16:33 mas01 sh[3165]: 2019-05-11 05:16:33 regiond: [info] 192.168.11.40 POST /MAAS/metadata/status/xmw6kb HTTP/1.1 --> 204 NO_CONTENT (referrer: -; agent: python-requests/2.9.1)
May 11 05:16:33 mas01 sh[3165]: 2019-05-11 05:16:33 regiond: [info] 192.168.11.42 POST /MAAS/metadata/status/c73npq HTTP/1.1 --> 204 NO_CONTENT (referrer: -; agent: python-requests/2.9.1)
May 11 05:16:33 mas01 sh[3162]: 2019-05-11 05:16:33 regiond: [info] 192.168.11.39 GET /MAAS/metadata/2012-03-01/meta-data/local-hostname HTTP/1.1 --> 200 OK (referrer: -; agent: python-requests/2.9.1)
May 11 05:16:33 mas01 sh[3165]: 2019-05-11 05:16:33 regiond: [info] 192.168.11.42 POST /MAAS/metadata/status/c73npq HTTP/1.1 --> 204 NO_CONTENT (referrer: -; agent: python-requests/2.9.1)
May 11 05:16:33 mas01 sh[3165]: 2019-05-11 05:16:33 regiond: [info] 192.168.11.40 GET /MAAS/metadata/2012-03-01/meta-data/instance-id HTTP/1.1 --> 200 OK (referrer: -; agent: Cloud-Init/18.5-45-g3554ffe8-0ubuntu1~16.04.1)
May 11 05:16:33 mas01 sh[3159]: 2019-05-11 05:16:33 regiond: [info] 192.168.11.41 GET /MAAS/metadata/2012-03-01/meta-data/instance-id HTTP/1.1 --> 200 OK (referrer: -; agent: Cloud-Init/18.5-45-g3554ffe8-0ubuntu1~16.04.1)
May 11 05:16:33 mas01 sh[3162]: 2019-05-11 05:16:33 regiond: [info] 192.168.11.42 GET /MAAS/metadata/2012-03-01/meta-data/instance-id HTTP/1.1 --> 200 OK (referrer: -; agent: Cloud-Init/18.5-45-g3554ffe8-0ubuntu1~16.04.1)
May 11 05:16:33 mas01 sh[3159]: 2019-05-11 05:16:33 regiond: [info] 192.168.11.39 GET /MAAS/metadata/2012-03-01/meta-data/public-keys HTTP/1.1 --> 200 OK (referrer: -; agent: python-requests/2.9.1)
May 11 05:16:33 mas01 sh[3169]: 2019-05-11 05:16:33 regiond: [info] 192.168.11.41 GET /MAAS/metadata/2012-03-01/meta-data/instance-id HTTP/1.1 --> 200 OK (referrer: -; agent: python-requests/2.9.1)
May 11 05:16:33 mas01 sh[3162]: 2019-05-11 05:16:33 regiond: [info] 192.168.11.42 GET /MAAS/metadata/2012-03-01/meta-data/instance-id HTTP/1.1 --> 200 OK (referrer: -; agent: python-requests/2.9.1)
May 11 05:16:33 mas01 sh[3165]: 2019-05-11 05:16:33 regiond: [info] 192.168.11.40 GET /MAAS/metadata/2012-03-01/meta-data/instance-id HTTP/1.1 --> 200 OK (referrer: -; agent: python-requests/2.9.1)
May 11 05:16:33 mas01 sh[3159]: 2019-05-11 05:16:33 regiond: [info] 192.168.11.39 GET /MAAS/metadata/2012-03-01/meta-data/vendor-data HTTP/1.1 --> 200 OK (referrer: -; agent: python-requests/2.9.1)
May 11 05:16:33 mas01 sh[3169]: 2019-05-11 05:16:33 regiond: [info] 192.168.11.42 GET /MAAS/metadata/2012-03-01/meta-data/local-hostname HTTP/1.1 --> 200 OK (referrer: -; agent: python-requests/2.9.1)
May 11 05:16:33 mas01 sh[3165]: 2019-05-11 05:16:33 regiond: [info] 192.168.11.41 GET /MAAS/metadata/2012-03-01/meta-data/local-hostname HTTP/1.1 --> 200 OK (referrer: -; agent: python-requests/2.9.1)
May 11 05:16:33 mas01 sh[3159]: 2019-05-11 05:16:33 regiond: [info] 192.168.11.39 GET /MAAS/metadata/2012-03-01/user-data HTTP/1.1 --> 200 OK (referrer: -; agent: python-requests/2.9.1)
May 11 05:16:33 mas01 sh[3169]: 2019-05-11 05:16:33 regiond: [info] 192.168.11.39 POST /MAAS/metadata/status/6xwfyp HTTP/1.1 --> 204 NO_CONTENT (referrer: -; agent: python-requests/2.9.1)
May 11 05:16:33 mas01 sh[3165]: 2019-05-11 05:16:33 regiond: [info] 192.168.11.40 GET /MAAS/metadata/2012-03-01/meta-data/local-hostname HTTP/1.1 --> 200 OK (referrer: -; agent: python-requests/2.9.1)
May 11 05:16:33 mas01 sh[3162]: 2019-05-11 05:16:33 regiond: [info] 192.168.11.42 GET /MAAS/metadata/2012-03-01/meta-data/public-keys HTTP/1.1 --> 200 OK (referrer: -; agent: python-requests/2.9.1)
May 11 05:16:33 mas01 sh[3165]: 2019-05-11 05:16:33 regiond: [info] 192.168.11.41 GET /MAAS/metadata/2012-03-01/meta-data/public-keys HTTP/1.1 --> 200 OK (referrer: -; agent: python-requests/2.9.1)
May 11 05:16:33 mas01 sh[3165]: 2019-05-11 05:16:33 regiond: [info] 192.168.11.40 GET /MAAS/metadata/2012-03-01/meta-data/public-keys HTTP/1.1 --> 200 OK (referrer: -; agent: python-requests/2.9.1)
May 11 05:16:33 mas01 sh[3165]: 2019-05-11 05:16:33 regiond: [info] 192.168.11.42 GET /MAAS/metadata/2012-03-01/meta-data/vendor-data HTTP/1.1 --> 200 OK (referrer: -; agent: python-requests/2.9.1)
May 11 05:16:33 mas01 sh[3162]: 2019-05-11 05:16:33 regiond: [info] 192.168.11.39 POST /MAAS/metadata/status/6xwfyp HTTP/1.1 --> 204 NO_CONTENT (referrer: -; agent: python-requests/2.9.1)
May 11 05:16:33 mas01 sh[3169]: 2019-05-11 05:16:33 regiond: [info] 192.168.11.39 POST /MAAS/metadata/status/6xwfyp HTTP/1.1 --> 204 NO_CONTENT (referrer: -; agent: python-requests/2.9.1)
May 11 05:16:33 mas01 sh[3169]: 2019-05-11 05:16:33 regiond: [info] 192.168.11.41 GET /MAAS/metadata/2012-03-01/meta-data/vendor-data HTTP/1.1 --> 200 OK (referrer: -; agent: python-requests/2.9.1)
May 11 05:16:33 mas01 sh[3162]: 2019-05-11 05:16:33 regiond: [info] 192.168.11.39 POST /MAAS/metadata/status/6xwfyp HTTP/1.1 --> 204 NO_CONTENT (referrer: -; agent: python-requests/2.9.1)
May 11 05:16:33 mas01 sh[3159]: 2019-05-11 05:16:33 regiond: [info] 192.168.11.39 POST /MAAS/metadata/status/6xwfyp HTTP/1.1 --> 204 NO_CONTENT (referrer: -; agent: python-requests/2.9.1)
May 11 05:16:33 mas01 sh[3162]: 2019-05-11 05:16:33 regiond: [info] 192.168.11.39 POST /MAAS/metadata/status/6xwfyp HTTP/1.1 --> 204 NO_CONTENT (referrer: -; agent: python-requests/2.9.1)
May 11 05:16:33 mas01 sh[3162]: 2019-05-11 05:16:33 regiond: [info] 192.168.11.39 POST /MAAS/metadata/status/6xwfyp HTTP/1.1 --> 204 NO_CONTENT (referrer: -; agent: python-requests/2.9.1)
May 11 05:16:33 mas01 sh[3165]: 2019-05-11 05:16:33 regiond: [info] 192.168.11.40 GET /MAAS/metadata/2012-03-01/meta-data/vendor-data HTTP/1.1 --> 200 OK (referrer: -; agent: python-requests/2.9.1)
May 11 05:16:33 mas01 sh[3162]: 2019-05-11 05:16:33 regiond: [info] 192.168.11.41 GET /MAAS/metadata/2012-03-01/user-data HTTP/1.1 --> 200 OK (referrer: -; agent: python-requests/2.9.1)
May 11 05:16:33 mas01 sh[3159]: 2019-05-11 05:16:33 regiond: [info] 192.168.11.41 POST /MAAS/metadata/status/arswn8 HTTP/1.1 --> 204 NO_CONTENT (referrer: -; agent: python-requests/2.9.1)
May 11 05:16:33 mas01 sh[3165]: 2019-05-11 05:16:33 regiond: [info] 192.168.11.42 GET /MAAS/metadata/2012-03-01/user-data HTTP/1.1 --> 200 OK (referrer: -; agent: python-requests/2.9.1)
May 11 05:16:33 mas01 sh[3162]: 2019-05-11 05:16:33 regiond: [info] 192.168.11.42 POST /MAAS/metadata/status/c73npq HTTP/1.1 --> 204 NO_CONTENT (referrer: -; agent: python-requests/2.9.1)
May 11 05:16:33 mas01 sh[3159]: 2019-05-11 05:16:33 regiond: [info] 192.168.11.39 POST /MAAS/metadata/status/6xwfyp HTTP/1.1 --> 204 NO_CONTENT (referrer: -; agent: python-requests/2.9.1)
May 11 05:16:33 mas01 sh[3162]: 2019-05-11 05:16:33 regiond: [info] 192.168.11.39 POST /MAAS/metadata/status/6xwfyp HTTP/1.1 --> 204 NO_CONTENT (referrer: -; agent: python-requests/2.9.1)
May 11 05:16:33 mas01 sh[3165]: 2019-05-11 05:16:33 regiond: [info] 192.168.11.40 GET /MAAS/metadata/2012-03-01/user-data HTTP/1.1 --> 200 OK (referrer: -; agent: python-requests/2.9.1)
May 11 05:16:33 mas01 sh[3165]: 2019-05-11 05:16:33 regiond: [info] 192.168.11.40 POST /MAAS/metadata/status/xmw6kb HTTP/1.1 --> 204 NO_CONTENT (referrer: -; agent: python-requests/2.9.1)
May 11 05:16:33 mas01 sh[3169]: 2019-05-11 05:16:33 regiond: [info] 192.168.11.39 POST /MAAS/metadata/status/6xwfyp HTTP/1.1 --> 204 NO_CONTENT (referrer: -; agent: python-requests/2.9.1)
May 11 05:16:33 mas01 sh[3169]: 2019-05-11 05:16:33 regiond: [info] 192.168.11.39 POST /MAAS/metadata/status/6xwfyp HTTP/1.1 --> 204 NO_CONTENT (referrer: -; agent: python-requests/2.9.1)
May 11 05:16:33 mas01 sh[3165]: 2019-05-11 05:16:33 regiond: [info] 192.168.11.39 POST /MAAS/metadata/status/6xwfyp HTTP/1.1 --> 204 NO_CONTENT (referrer: -; agent: python-requests/2.9.1)
May 11 05:16:33 mas01 sh[3159]: 2019-05-11 05:16:33 regiond: [info] 192.168.11.42 POST /MAAS/metadata/status/c73npq HTTP/1.1 --> 204 NO_CONTENT (referrer: -; agent: python-requests/2.9.1)
May 11 05:16:33 mas01 sh[3169]: 2019-05-11 05:16:33 regiond: [info] 192.168.11.39 POST /MAAS/metadata/status/6xwfyp HTTP/1.1 --> 204 NO_CONTENT (referrer: -; agent: python-requests/2.9.1)
May 11 05:16:33 mas01 sh[3165]: 2019-05-11 05:16:33 regiond: [info] 192.168.11.42 POST /MAAS/metadata/status/c73npq HTTP/1.1 --> 204 NO_CONTENT (referrer: -; agent: python-requests/2.9.1)
May 11 05:16:33 mas01 sh[3169]: 2019-05-11 05:16:33 regiond: [info] 192.168.11.39 POST /MAAS/metadata/status/6xwfyp HTTP/1.1 --> 204 NO_CONTENT (referrer: -; agent: python-requests/2.9.1)
May 11 05:16:33 mas01 sh[3169]: 2019-05-11 05:16:33 regiond: [info] 192.168.11.41 POST /MAAS/metadata/status/arswn8 HTTP/1.1 --> 204 NO_CONTENT (referrer: -; agent: python-requests/2.9.1)
May 11 05:16:33 mas01 sh[3169]: 2019-05-11 05:16:33 regiond: [info] 192.168.11.39 POST /MAAS/metadata/status/6xwfyp HTTP/1.1 --> 204 NO_CONTENT (referrer: -; agent: python-requests/2.9.1)
May 11 05:16:33 mas01 sh[3165]: 2019-05-11 05:16:33 regiond: [info] 192.168.11.41 POST /MAAS/metadata/status/arswn8 HTTP/1.1 --> 204 NO_CONTENT (referrer: -; agent: python-requests/2.9.1)
May 11 05:16:33 mas01 sh[3162]: 2019-05-11 05:16:33 regiond: [info] 192.168.11.39 POST /MAAS/metadata/status/6xwfyp HTTP/1.1 --> 204 NO_CONTENT (referrer: -; agent: python-requests/2.9.1)
May 11 05:16:33 mas01 sh[3162]: 2019-05-11 05:16:33 regiond: [info] 192.168.11.39 POST /MAAS/metadata/status/6xwfyp HTTP/1.1 --> 204 NO_CONTENT (referrer: -; agent: python-requests/2.9.1)
May 11 05:16:33 mas01 sh[3159]: 2019-05-11 05:16:33 regiond: [info] 192.168.11.39 POST /MAAS/metadata/status/6xwfyp HTTP/1.1 --> 204 NO_CONTENT (referrer: -; agent: python-requests/2.9.1)
May 11 05:16:33 mas01 sh[3159]: 2019-05-11 05:16:33 regiond: [info] 192.168.11.42 POST /MAAS/metadata/status/c73npq HTTP/1.1 --> 204 NO_CONTENT (referrer: -; agent: python-requests/2.9.1)
May 11 05:16:33 mas01 sh[3165]: 2019-05-11 05:16:33 regiond: [info] 192.168.11.42 POST /MAAS/metadata/status/c73npq HTTP/1.1 --> 204 NO_CONTENT (referrer: -; agent: python-requests/2.9.1)
May 11 05:16:33 mas01 sh[3169]: 2019-05-11 05:16:33 regiond: [info] 192.168.11.41 POST /MAAS/metadata/status/arswn8 HTTP/1.1 --> 204 NO_CONTENT (referrer: -; agent: python-requests/2.9.1)
May 11 05:16:33 mas01 sh[3169]: 2019-05-11 05:16:33 regiond: [info] 192.168.11.39 POST /MAAS/metadata/status/6xwfyp HTTP/1.1 --> 204 NO_CONTENT (referrer: -; agent: python-requests/2.9.1)
May 11 05:16:33 mas01 sh[3169]: 2019-05-11 05:16:33 regiond: [info] 192.168.11.42 POST /MAAS/metadata/status/c73npq HTTP/1.1 --> 204 NO_CONTENT (referrer: -; agent: python-requests/2.9.1)
May 11 05:16:33 mas01 sh[3162]: 2019-05-11 05:16:33 regiond: [info] 192.168.11.39 POST /MAAS/metadata/status/6xwfyp HTTP/1.1 --> 204 NO_CONTENT (referrer: -; agent: python-requests/2.9.1)
May 11 05:16:33 mas01 sh[3169]: 2019-05-11 05:16:33 regiond: [info] 192.168.11.41 POST /MAAS/metadata/status/arswn8 HTTP/1.1 --> 204 NO_CONTENT (referrer: -; agent: python-requests/2.9.1)
May 11 05:16:33 mas01 sh[3169]: 2019-05-11 05:16:33 regiond: [info] 192.168.11.42 POST /MAAS/metadata/status/c73npq HTTP/1.1 --> 204 NO_CONTENT (referrer: -; agent: python-requests/2.9.1)
May 11 05:16:33 mas01 sh[3162]: 2019-05-11 05:16:33 regiond: [info] 192.168.11.41 POST /MAAS/metadata/status/arswn8 HTTP/1.1 --> 204 NO_CONTENT (referrer: -; agent: python-requests/2.9.1)
May 11 05:16:33 mas01 sh[3159]: 2019-05-11 05:16:33 regiond: [info] 192.168.11.39 POST /MAAS/metadata/status/6xwfyp HTTP/1.1 --> 204 NO_CONTENT (referrer: -; agent: python-requests/2.9.1)
May 11 05:16:33 mas01 sh[3162]: 2019-05-11 05:16:33 regiond: [info] 192.168.11.41 POST /MAAS/metadata/status/arswn8 HTTP/1.1 --> 204 NO_CONTENT (referrer: -; agent: python-requests/2.9.1)
May 11 05:16:33 mas01 sh[3165]: 2019-05-11 05:16:33 regiond: [info] 192.168.11.39 POST /MAAS/metadata/status/6xwfyp HTTP/1.1 --> 204 NO_CONTENT (referrer: -; agent: python-requests/2.9.1)
May 11 05:16:33 mas01 sh[3162]: 2019-05-11 05:16:33 regiond: [info] 192.168.11.40 POST /MAAS/metadata/status/xmw6kb HTTP/1.1 --> 204 NO_CONTENT (referrer: -; agent: python-requests/2.9.1)
May 11 05:16:33 mas01 sh[3162]: 2019-05-11 05:16:33 regiond: [info] 192.168.11.39 POST /MAAS/metadata/status/6xwfyp HTTP/1.1 --> 204 NO_CONTENT (referrer: -; agent: python-requests/2.9.1)
May 11 05:16:33 mas01 sh[3169]: 2019-05-11 05:16:33 regiond: [info] 192.168.11.40 POST /MAAS/metadata/status/xmw6kb HTTP/1.1 --> 204 NO_CONTENT (referrer: -; agent: python-requests/2.9.1)
May 11 05:16:33 mas01 sh[3159]: 2019-05-11 05:16:33 regiond: [info] 192.168.11.39 POST /MAAS/metadata/status/6xwfyp HTTP/1.1 --> 204 NO_CONTENT (referrer: -; agent: python-requests/2.9.1)
May 11 05:16:33 mas01 sh[3159]: 2019-05-11 05:16:33 regiond: [info] 192.168.11.39 POST /MAAS/metadata/status/6xwfyp HTTP/1.1 --> 204 NO_CONTENT (referrer: -; agent: python-requests/2.9.1)
May 11 05:16:33 mas01 sh[3169]: 2019-05-11 05:16:33 regiond: [info] 192.168.11.39 POST /MAAS/metadata/status/6xwfyp HTTP/1.1 --> 204 NO_CONTENT (referrer: -; agent: python-requests/2.9.1)
May 11 05:16:33 mas01 sh[3165]: 2019-05-11 05:16:33 regiond: [info] 192.168.11.39 POST /MAAS/metadata/status/6xwfyp HTTP/1.1 --> 204 NO_CONTENT (referrer: -; agent: python-requests/2.9.1)
May 11 05:16:33 mas01 sh[3165]: 2019-05-11 05:16:33 regiond: [info] 192.168.11.42 POST /MAAS/metadata/status/c73npq HTTP/1.1 --> 204 NO_CONTENT (referrer: -; agent: python-requests/2.9.1)
May 11 05:16:33 mas01 sh[3159]: 2019-05-11 05:16:33 regiond: [info] 192.168.11.39 POST /MAAS/metadata/status/6xwfyp HTTP/1.1 --> 204 NO_CONTENT (referrer: -; agent: python-requests/2.9.1)
May 11 05:16:33 mas01 sh[3165]: 2019-05-11 05:16:33 regiond: [info] 192.168.11.42 POST /MAAS/metadata/status/c73npq HTTP/1.1 --> 204 NO_CONTENT (referrer: -; agent: python-requests/2.9.1)
May 11 05:16:33 mas01 sh[3159]: 2019-05-11 05:16:33 regiond: [info] 192.168.11.39 POST /MAAS/metadata/status/6xwfyp HTTP/1.1 --> 204 NO_CONTENT (referrer: -; agent: python-requests/2.9.1)
May 11 05:16:33 mas01 sh[3162]: 2019-05-11 05:16:33 regiond: [info] 192.168.11.41 POST /MAAS/metadata/status/arswn8 HTTP/1.1 --> 204 NO_CONTENT (referrer: -; agent: python-requests/2.9.1)
