Apr 30 20:59:56 mas01 sh[3413]: 2019-04-30 20:59:56 regiond: [info] 10.20.0.3 GET /MAAS/images-stream/ubuntu/s390x/hwe-18.04/bionic/20190429/boot-kernel HTTP/1.1 --> 200 OK (referrer: -; agent: python-simplestreams/0.1)
Apr 30 20:59:56 mas01 sh[3413]: 2019-04-30 20:59:56 regiond: [info] 10.20.0.3 GET /MAAS/images-stream/ubuntu/s390x/hwe-18.04/bionic/20190429/boot-initrd HTTP/1.1 --> 200 OK (referrer: -; agent: python-simplestreams/0.1)
Apr 30 20:59:56 mas01 sh[3045]: 2019-04-30 20:59:56 sstreams: [info] maas:v2:download/maas:boot:ubuntu:amd64:ga-18.10:cosmic: to_add=['20190419'] to_remove=[]
Apr 30 20:59:56 mas01 salt-minion[124]:       fun:
Apr 30 20:59:57 mas01 sh[3413]: 2019-04-30 20:59:57 regiond: [info] 10.20.0.3 GET /MAAS/images-stream/ubuntu/amd64/ga-18.10/cosmic/20190419/boot-kernel HTTP/1.1 --> 200 OK (referrer: -; agent: python-simplestreams/0.1)
Apr 30 20:59:57 mas01 sh[3416]: 2019-04-30 20:59:57 regiond: [info] 127.0.0.1 GET /MAAS/api/2.0/boot-resources/?op=is_importing HTTP/1.1 --> 200 OK (referrer: -; agent: Python-urllib/2.7)
Apr 30 20:59:58 mas01 salt-minion[124]:       fun:
Apr 30 21:00:00 mas01 salt-minion[124]:       fun:
Apr 30 21:00:00 mas01 sh[3416]: 2019-04-30 21:00:00 regiond: [info] 10.20.0.3 GET /MAAS/images-stream/ubuntu/amd64/ga-18.10/cosmic/20190419/boot-initrd HTTP/1.1 --> 200 OK (referrer: -; agent: python-simplestreams/0.1)
Apr 30 21:00:00 mas01 sh[3045]: 2019-04-30 21:00:00 sstreams: [info] maas:v2:download/maas:boot:ubuntu:amd64:ga-18.04:bionic: to_add=['20190429'] to_remove=[]
Apr 30 21:00:00 mas01 sh[3045]: 2019-04-30 21:00:00 sstreams: [info] maas:v2:download/maas:boot:ubuntu:armhf:hwe-w:trusty: to_add=['20190409'] to_remove=[]
Apr 30 21:00:00 mas01 sh[3045]: 2019-04-30 21:00:00 sstreams: [info] maas:v2:download/maas:boot:ubuntu:amd64:ga-16.10-lowlatency:yakkety: to_add=['20170719.1'] to_remove=[]
Apr 30 21:00:00 mas01 sh[3416]: 2019-04-30 21:00:00 regiond: [info] 10.20.0.3 GET /MAAS/images-stream/ubuntu/amd64/ga-16.10-lowlatency/yakkety/20170719.1/boot-kernel HTTP/1.1 --> 200 OK (referrer: -; agent: python-simplestreams/0.1)
Apr 30 21:00:02 mas01 salt-minion[124]:       fun:
Apr 30 21:00:02 mas01 sh[3413]: 2019-04-30 21:00:02 regiond: [info] 10.20.0.3 GET /MAAS/images-stream/ubuntu/amd64/ga-16.10-lowlatency/yakkety/20170719.1/boot-initrd HTTP/1.1 --> 200 OK (referrer: -; agent: python-simplestreams/0.1)
Apr 30 21:00:02 mas01 sh[3045]: 2019-04-30 21:00:02 sstreams: [info] maas:v2:download/maas:boot:ubuntu:amd64:hwe-u:trusty: to_add=['20190409'] to_remove=[]
Apr 30 21:00:02 mas01 sh[3045]: 2019-04-30 21:00:02 sstreams: [info] maas:v2:download/maas:boot:ubuntu:i386:hwe-18.04-lowlatency:bionic: to_add=['20190429'] to_remove=[]
Apr 30 21:00:02 mas01 sh[3045]: 2019-04-30 21:00:02 sstreams: [info] maas:v2:download/maas:boot:ubuntu:s390x:ga-17.04:zesty: to_add=['20171219'] to_remove=[]
Apr 30 21:00:02 mas01 sh[3428]: 2019-04-30 21:00:02 regiond: [info] 127.0.0.1 GET /MAAS/api/2.0/boot-resources/?op=is_importing HTTP/1.1 --> 200 OK (referrer: -; agent: Python-urllib/2.7)
Apr 30 21:00:02 mas01 sh[3416]: 2019-04-30 21:00:02 regiond: [info] 10.20.0.3 GET /MAAS/images-stream/ubuntu/s390x/ga-17.04/zesty/20171219/boot-kernel HTTP/1.1 --> 200 OK (referrer: -; agent: python-simplestreams/0.1)
Apr 30 21:00:03 mas01 sh[3416]: 2019-04-30 21:00:03 regiond: [info] 10.20.0.3 GET /MAAS/images-stream/ubuntu/s390x/ga-17.04/zesty/20171219/boot-initrd HTTP/1.1 --> 200 OK (referrer: -; agent: python-simplestreams/0.1)
Apr 30 21:00:03 mas01 salt-minion[124]:       fun:
Apr 30 21:00:06 mas01 salt-minion[124]: message repeated 2 times: [       fun:]
Apr 30 21:00:07 mas01 sh[3413]: 2019-04-30 21:00:07 regiond: [info] 127.0.0.1 GET /MAAS/api/2.0/boot-resources/?op=is_importing HTTP/1.1 --> 200 OK (referrer: -; agent: Python-urllib/2.7)
Apr 30 21:00:08 mas01 salt-minion[124]:       fun:
Apr 30 21:00:10 mas01 sh[3413]: 2019-04-30 21:00:10 regiond: [info] 10.20.0.3 GET /MAAS/images-stream/ubuntu/s390x/ga-17.04/zesty/20171219/squashfs HTTP/1.1 --> 200 OK (referrer: -; agent: python-simplestreams/0.1)
Apr 30 21:00:10 mas01 sh[3045]: 2019-04-30 21:00:10 sstreams: [info] maas:v2:download/maas:boot:ubuntu:arm64:xgene-uboot:bionic: to_add=['20190429'] to_remove=[]
Apr 30 21:00:10 mas01 sh[3045]: 2019-04-30 21:00:10 sstreams: [info] maas:v2:download/maas:boot:ubuntu:arm64:hwe-16.04-edge:xenial: to_add=['20190425'] to_remove=[]
Apr 30 21:00:10 mas01 salt-minion[124]:       fun:
Apr 30 21:00:10 mas01 sh[3413]: 2019-04-30 21:00:10 regiond: [info] 10.20.0.3 GET /MAAS/images-stream/ubuntu/arm64/hwe-16.04-edge/xenial/20190425/boot-kernel HTTP/1.1 --> 200 OK (referrer: -; agent: python-simplestreams/0.1)
Apr 30 21:00:11 mas01 salt-minion[124]:       fun:
Apr 30 21:00:13 mas01 sh[3428]: 2019-04-30 21:00:13 regiond: [info] 10.20.0.3 GET /MAAS/images-stream/ubuntu/arm64/hwe-16.04-edge/xenial/20190425/boot-initrd HTTP/1.1 --> 200 OK (referrer: -; agent: python-simplestreams/0.1)
Apr 30 21:00:13 mas01 sh[3045]: 2019-04-30 21:00:13 sstreams: [info] maas:v2:download/maas:boot:ubuntu:armhf:generic-lpae:disco: to_add=['20190430'] to_remove=[]
Apr 30 21:00:13 mas01 sh[3428]: 2019-04-30 21:00:13 regiond: [info] 127.0.0.1 GET /MAAS/api/2.0/boot-resources/?op=is_importing HTTP/1.1 --> 200 OK (referrer: -; agent: Python-urllib/2.7)
Apr 30 21:00:13 mas01 sh[3432]: 2019-04-30 21:00:13 regiond: [info] 10.20.0.3 GET /MAAS/images-stream/ubuntu/armhf/generic-lpae/disco/20190430/boot-kernel HTTP/1.1 --> 200 OK (referrer: -; agent: python-simplestreams/0.1)
Apr 30 21:00:13 mas01 salt-minion[124]:       fun:
Apr 30 21:00:15 mas01 salt-minion[124]:       fun:
Apr 30 21:00:16 mas01 sh[3428]: 2019-04-30 21:00:16 regiond: [info] 10.20.0.3 GET /MAAS/images-stream/ubuntu/armhf/generic-lpae/disco/20190430/boot-initrd HTTP/1.1 --> 200 OK (referrer: -; agent: python-simplestreams/0.1)
Apr 30 21:00:16 mas01 sh[3428]: 2019-04-30 21:00:16 regiond: [info] 10.20.0.3 GET /MAAS/rpc/ HTTP/1.0 --> 200 OK (referrer: -; agent: provisioningserver.rpc.clusterservice.ClusterClientService)
Apr 30 21:00:17 mas01 salt-minion[124]:       fun:
Apr 30 21:00:18 mas01 sh[3413]: 2019-04-30 21:00:18 regiond: [info] 127.0.0.1 GET /MAAS/api/2.0/boot-resources/?op=is_importing HTTP/1.1 --> 200 OK (referrer: -; agent: Python-urllib/2.7)
Apr 30 21:00:18 mas01 salt-minion[124]:       fun:
Apr 30 21:00:22 mas01 salt-minion[124]: message repeated 2 times: [       fun:]
Apr 30 21:00:23 mas01 sh[3416]: 2019-04-30 21:00:23 regiond: [info] 127.0.0.1 GET /MAAS/api/2.0/boot-resources/?op=is_importing HTTP/1.1 --> 200 OK (referrer: -; agent: Python-urllib/2.7)
Apr 30 21:00:24 mas01 salt-minion[124]:       fun:
Apr 30 21:00:28 mas01 salt-minion[124]: message repeated 2 times: [       fun:]
Apr 30 21:00:28 mas01 sh[3416]: 2019-04-30 21:00:28 regiond: [info] 127.0.0.1 GET /MAAS/api/2.0/boot-resources/?op=is_importing HTTP/1.1 --> 200 OK (referrer: -; agent: Python-urllib/2.7)
Apr 30 21:00:29 mas01 sh[3413]: 2019-04-30 21:00:29 regiond: [info] 10.20.0.3 GET /MAAS/images-stream/ubuntu/armhf/generic-lpae/disco/20190430/squashfs HTTP/1.1 --> 200 OK (referrer: -; agent: python-simplestreams/0.1)
Apr 30 21:00:29 mas01 sh[3045]: 2019-04-30 21:00:29 sstreams: [info] maas:v2:download/maas:boot:ubuntu:i386:ga-16.04:xenial: to_add=['20190425'] to_remove=[]
Apr 30 21:00:29 mas01 sh[3413]: 2019-04-30 21:00:29 regiond: [info] 10.20.0.3 GET /MAAS/images-stream/ubuntu/i386/ga-16.04/xenial/20190425/boot-kernel HTTP/1.1 --> 200 OK (referrer: -; agent: python-simplestreams/0.1)
Apr 30 21:00:30 mas01 salt-minion[124]:       fun:
Apr 30 21:00:31 mas01 sh[3413]: 2019-04-30 21:00:31 regiond: [info] 10.20.0.3 GET /MAAS/images-stream/ubuntu/i386/ga-16.04/xenial/20190425/boot-initrd HTTP/1.1 --> 200 OK (referrer: -; agent: python-simplestreams/0.1)
Apr 30 21:00:31 mas01 sh[3045]: 2019-04-30 21:00:31 sstreams: [info] maas:v2:download/maas:boot:ubuntu:arm64:ga-17.04:zesty: to_add=['20171219'] to_remove=[]
Apr 30 21:00:31 mas01 ntpd[3761]: Soliciting pool server 2001:67c:1560:8003::c8
Apr 30 21:00:31 mas01 sh[3428]: 2019-04-30 21:00:31 regiond: [info] 10.20.0.3 GET /MAAS/images-stream/ubuntu/arm64/ga-17.04/zesty/20171219/boot-kernel HTTP/1.1 --> 200 OK (referrer: -; agent: python-simplestreams/0.1)
Apr 30 21:00:31 mas01 salt-minion[124]:       fun:
Apr 30 21:00:33 mas01 sh[3428]: 2019-04-30 21:00:33 regiond: [info] 127.0.0.1 GET /MAAS/api/2.0/boot-resources/?op=is_importing HTTP/1.1 --> 200 OK (referrer: -; agent: Python-urllib/2.7)
Apr 30 21:00:33 mas01 salt-minion[124]:       fun:
Apr 30 21:00:33 mas01 sh[3432]: 2019-04-30 21:00:33 regiond: [info] 10.20.0.3 GET /MAAS/images-stream/ubuntu/arm64/ga-17.04/zesty/20171219/boot-initrd HTTP/1.1 --> 200 OK (referrer: -; agent: python-simplestreams/0.1)
Apr 30 21:00:33 mas01 sh[3045]: 2019-04-30 21:00:33 sstreams: [info] maas:v2:download/maas:boot:ubuntu:armhf:generic-lpae:yakkety: to_add=['20170719.1'] to_remove=[]
Apr 30 21:00:33 mas01 sh[3045]: 2019-04-30 21:00:33 sstreams: [info] maas:v2:download/maas:boot:pxelinux:i386:generic:pxe: to_add=['20180807.0'] to_remove=[]
Apr 30 21:00:33 mas01 sh[3045]: 2019-04-30 21:00:33 sstreams: [info] maas:v2:download/maas:boot:ubuntu:ppc64el:ga-16.10:yakkety: to_add=['20170719.1'] to_remove=[]
Apr 30 21:00:35 mas01 sh[3413]: 2019-04-30 21:00:35 regiond: [info] 10.20.0.3 GET /MAAS/images-stream/ubuntu/ppc64el/ga-16.10/yakkety/20170719.1/boot-kernel HTTP/1.1 --> 200 OK (referrer: -; agent: python-simplestreams/0.1)
Apr 30 21:00:35 mas01 salt-minion[124]:       fun:
Apr 30 21:00:36 mas01 salt-minion[124]:       fun:
Apr 30 21:00:37 mas01 sh[3416]: 2019-04-30 21:00:37 regiond: [info] 10.20.0.3 GET /MAAS/images-stream/ubuntu/ppc64el/ga-16.10/yakkety/20170719.1/boot-initrd HTTP/1.1 --> 200 OK (referrer: -; agent: python-simplestreams/0.1)
Apr 30 21:00:38 mas01 salt-minion[124]:       fun:
Apr 30 21:00:38 mas01 sh[3428]: 2019-04-30 21:00:38 regiond: [info] 127.0.0.1 GET /MAAS/api/2.0/boot-resources/?op=is_importing HTTP/1.1 --> 200 OK (referrer: -; agent: Python-urllib/2.7)
Apr 30 21:00:40 mas01 salt-minion[124]:       fun:
Apr 30 21:00:43 mas01 salt-minion[124]: message repeated 2 times: [       fun:]
Apr 30 21:00:43 mas01 sh[3413]: 2019-04-30 21:00:43 regiond: [info] 127.0.0.1 GET /MAAS/api/2.0/boot-resources/?op=is_importing HTTP/1.1 --> 200 OK (referrer: -; agent: Python-urllib/2.7)
Apr 30 21:00:44 mas01 sh[3432]: 2019-04-30 21:00:44 regiond: [info] 10.20.0.3 GET /MAAS/images-stream/ubuntu/ppc64el/ga-16.10/yakkety/20170719.1/squashfs HTTP/1.1 --> 200 OK (referrer: -; agent: python-simplestreams/0.1)
Apr 30 21:00:44 mas01 sh[3045]: 2019-04-30 21:00:44 sstreams: [info] maas:v2:download/maas:boot:ubuntu:i386:hwe-v:trusty: to_add=['20190409'] to_remove=[]
Apr 30 21:00:44 mas01 sh[3432]: 2019-04-30 21:00:44 regiond: [info] 10.20.0.3 GET /MAAS/images-stream/ubuntu/i386/hwe-v/trusty/20190409/boot-kernel HTTP/1.1 --> 200 OK (referrer: -; agent: python-simplestreams/0.1)
Apr 30 21:00:45 mas01 salt-minion[124]:       fun:
Apr 30 21:00:46 mas01 sh[3416]: 2019-04-30 21:00:46 regiond: [info] 10.20.0.3 GET /MAAS/images-stream/ubuntu/i386/hwe-v/trusty/20190409/boot-initrd HTTP/1.1 --> 200 OK (referrer: -; agent: python-simplestreams/0.1)
Apr 30 21:00:46 mas01 sh[3045]: 2019-04-30 21:00:46 sstreams: [info] maas:v2:download/maas:boot:ubuntu:i386:ga-17.10-lowlatency:artful: to_add=['20180718'] to_remove=[]
Apr 30 21:00:46 mas01 sh[3416]: 2019-04-30 21:00:46 regiond: [info] 10.20.0.3 GET /MAAS/rpc/ HTTP/1.0 --> 200 OK (referrer: -; agent: provisioningserver.rpc.clusterservice.ClusterClientService)
Apr 30 21:00:46 mas01 sh[3428]: 2019-04-30 21:00:46 regiond: [info] 10.20.0.3 GET /MAAS/images-stream/ubuntu/i386/ga-17.10-lowlatency/artful/20180718/boot-kernel HTTP/1.1 --> 200 OK (referrer: -; agent: python-simplestreams/0.1)
Apr 30 21:00:46 mas01 salt-minion[124]:       fun:
Apr 30 21:00:48 mas01 sh[3428]: 2019-04-30 21:00:48 regiond: [info] 10.20.0.3 GET /MAAS/images-stream/ubuntu/i386/ga-17.10-lowlatency/artful/20180718/boot-initrd HTTP/1.1 --> 200 OK (referrer: -; agent: python-simplestreams/0.1)
Apr 30 21:00:48 mas01 salt-minion[124]:       fun:
Apr 30 21:00:48 mas01 sh[3416]: 2019-04-30 21:00:48 regiond: [info] 127.0.0.1 GET /MAAS/api/2.0/boot-resources/?op=is_importing HTTP/1.1 --> 200 OK (referrer: -; agent: Python-urllib/2.7)
Apr 30 21:00:50 mas01 salt-minion[124]:       fun:
Apr 30 21:00:51 mas01 salt-minion[124]:       fun:
Apr 30 21:00:53 mas01 salt-minion[124]:       fun:
Apr 30 21:00:53 mas01 sh[3428]: 2019-04-30 21:00:53 regiond: [info] 127.0.0.1 GET /MAAS/api/2.0/boot-resources/?op=is_importing HTTP/1.1 --> 200 OK (referrer: -; agent: Python-urllib/2.7)
Apr 30 21:00:55 mas01 salt-minion[124]:       fun:
Apr 30 21:00:55 mas01 sh[3432]: 2019-04-30 21:00:55 regiond: [info] 10.20.0.3 GET /MAAS/images-stream/ubuntu/i386/ga-17.10-lowlatency/artful/20180718/squashfs HTTP/1.1 --> 200 OK (referrer: -; agent: python-simplestreams/0.1)
Apr 30 21:00:55 mas01 sh[3045]: 2019-04-30 21:00:55 sstreams: [info] maas:v2:download/maas:boot:ubuntu:arm64:ga-19.04:disco: to_add=['20190430'] to_remove=[]
Apr 30 21:00:56 mas01 sh[3413]: 2019-04-30 21:00:56 regiond: [info] 10.20.0.3 GET /MAAS/images-stream/ubuntu/arm64/ga-19.04/disco/20190430/boot-kernel HTTP/1.1 --> 200 OK (referrer: -; agent: python-simplestreams/0.1)
Apr 30 21:00:56 mas01 salt-minion[124]:       fun:
Apr 30 21:00:58 mas01 salt-minion[124]:       fun:
Apr 30 21:00:58 mas01 sh[3432]: 2019-04-30 21:00:58 regiond: [info] 127.0.0.1 GET /MAAS/api/2.0/boot-resources/?op=is_importing HTTP/1.1 --> 200 OK (referrer: -; agent: Python-urllib/2.7)
Apr 30 21:00:59 mas01 sh[3428]: 2019-04-30 21:00:59 regiond: [info] 10.20.0.3 GET /MAAS/images-stream/ubuntu/arm64/ga-19.04/disco/20190430/boot-initrd HTTP/1.1 --> 200 OK (referrer: -; agent: python-simplestreams/0.1)
Apr 30 21:01:00 mas01 salt-minion[124]:       fun:
Apr 30 21:01:03 mas01 salt-minion[124]: message repeated 2 times: [       fun:]
Apr 30 21:01:04 mas01 sh[3416]: 2019-04-30 21:01:04 regiond: [info] 127.0.0.1 GET /MAAS/api/2.0/boot-resources/?op=is_importing HTTP/1.1 --> 200 OK (referrer: -; agent: Python-urllib/2.7)
Apr 30 21:01:05 mas01 salt-minion[124]:       fun:
Apr 30 21:01:08 mas01 salt-minion[124]: message repeated 2 times: [       fun:]
Apr 30 21:01:09 mas01 sh[3432]: 2019-04-30 21:01:09 regiond: [info] 127.0.0.1 GET /MAAS/api/2.0/boot-resources/?op=is_importing HTTP/1.1 --> 200 OK (referrer: -; agent: Python-urllib/2.7)
Apr 30 21:01:10 mas01 salt-minion[124]:       fun:
Apr 30 21:01:11 mas01 sh[3428]: 2019-04-30 21:01:11 regiond: [info] 10.20.0.3 GET /MAAS/images-stream/ubuntu/arm64/ga-19.04/disco/20190430/squashfs HTTP/1.1 --> 200 OK (referrer: -; agent: python-simplestreams/0.1)
Apr 30 21:01:11 mas01 sh[3045]: 2019-04-30 21:01:11 sstreams: [info] maas:v2:download/maas:boot:ubuntu:i386:hwe-18.04:bionic: to_add=['20190429'] to_remove=[]
Apr 30 21:01:11 mas01 sh[3045]: 2019-04-30 21:01:11 sstreams: [info] maas:v2:download/maas:boot:ubuntu:i386:hwe-16.10-lowlatency:yakkety: to_add=['20170207'] to_remove=[]
Apr 30 21:01:11 mas01 sh[3045]: 2019-04-30 21:01:11 sstreams: [info] maas:v2:download/maas:boot:ubuntu:armhf:generic-lpae:artful: to_add=['20180718'] to_remove=[]
Apr 30 21:01:11 mas01 sh[3045]: 2019-04-30 21:01:11 sstreams: [info] maas:v2:download/maas:boot:ubuntu:armhf:hwe-x:trusty: to_add=['20190409'] to_remove=[]
Apr 30 21:01:11 mas01 sh[3045]: 2019-04-30 21:01:11 sstreams: [info] maas:v2:download/maas:boot:ubuntu:amd64:ga-17.10:artful: to_add=['20180718'] to_remove=[]
Apr 30 21:01:11 mas01 sh[3428]: 2019-04-30 21:01:11 regiond: [info] 10.20.0.3 GET /MAAS/images-stream/ubuntu/amd64/ga-17.10/artful/20180718/boot-kernel HTTP/1.1 --> 200 OK (referrer: -; agent: python-simplestreams/0.1)
Apr 30 21:01:12 mas01 salt-minion[124]:       fun:
Apr 30 21:01:13 mas01 sh[3432]: 2019-04-30 21:01:13 regiond: [info] 10.20.0.3 GET /MAAS/images-stream/ubuntu/amd64/ga-17.10/artful/20180718/boot-initrd HTTP/1.1 --> 200 OK (referrer: -; agent: python-simplestreams/0.1)
Apr 30 21:01:14 mas01 salt-minion[124]:       fun:
Apr 30 21:01:14 mas01 sh[3416]: 2019-04-30 21:01:14 regiond: [info] 127.0.0.1 GET /MAAS/api/2.0/boot-resources/?op=is_importing HTTP/1.1 --> 200 OK (referrer: -; agent: Python-urllib/2.7)
Apr 30 21:01:15 mas01 salt-minion[124]:       fun:
Apr 30 21:01:16 mas01 sh[3416]: 2019-04-30 21:01:16 regiond: [info] 10.20.0.3 GET /MAAS/rpc/ HTTP/1.0 --> 200 OK (referrer: -; agent: provisioningserver.rpc.clusterservice.ClusterClientService)
Apr 30 21:01:17 mas01 salt-minion[124]:       fun:
Apr 30 21:01:19 mas01 sh[3416]: 2019-04-30 21:01:19 regiond: [info] 127.0.0.1 GET /MAAS/api/2.0/boot-resources/?op=is_importing HTTP/1.1 --> 200 OK (referrer: -; agent: Python-urllib/2.7)
Apr 30 21:01:19 mas01 salt-minion[124]:       fun:
Apr 30 21:01:20 mas01 sh[3416]: 2019-04-30 21:01:20 regiond: [info] 10.20.0.3 GET /MAAS/images-stream/ubuntu/amd64/ga-17.10/artful/20180718/squashfs HTTP/1.1 --> 200 OK (referrer: -; agent: python-simplestreams/0.1)
Apr 30 21:01:20 mas01 sh[3045]: 2019-04-30 21:01:20 sstreams: [info] maas:v2:download/maas:boot:ubuntu:arm64:xgene-uboot:artful: to_add=['20180718'] to_remove=[]
Apr 30 21:01:21 mas01 salt-minion[124]:       fun:
Apr 30 21:01:23 mas01 salt-minion[124]:       fun:
Apr 30 21:01:24 mas01 sh[3416]: 2019-04-30 21:01:24 regiond: [info] 127.0.0.1 GET /MAAS/api/2.0/boot-resources/?op=is_importing HTTP/1.1 --> 200 OK (referrer: -; agent: Python-urllib/2.7)
Apr 30 21:01:24 mas01 salt-minion[124]:       fun:
Apr 30 21:01:27 mas01 salt-minion[124]: message repeated 2 times: [       fun:]
Apr 30 21:01:28 mas01 sh[3413]: 2019-04-30 21:01:28 regiond: [info] 10.20.0.3 GET /MAAS/images-stream/ubuntu/arm64/xgene-uboot/artful/20180718/squashfs HTTP/1.1 --> 200 OK (referrer: -; agent: python-simplestreams/0.1)
Apr 30 21:01:29 mas01 salt-minion[124]:       fun:
Apr 30 21:01:30 mas01 sh[3413]: 2019-04-30 21:01:30 regiond: [info] 10.20.0.3 GET /MAAS/images-stream/ubuntu/arm64/xgene-uboot/artful/20180718/boot-initrd.xgene HTTP/1.1 --> 200 OK (referrer: -; agent: python-simplestreams/0.1)
Apr 30 21:01:31 mas01 salt-minion[124]:       fun:
Apr 30 21:01:31 mas01 sh[3413]: 2019-04-30 21:01:31 regiond: [info] 10.20.0.3 GET /MAAS/images-stream/ubuntu/arm64/xgene-uboot/artful/20180718/boot-kernel.xgene HTTP/1.1 --> 200 OK (referrer: -; agent: python-simplestreams/0.1)
Apr 30 21:01:31 mas01 sh[3045]: 2019-04-30 21:01:31 sstreams: [info] maas:v2:download/maas:boot:ubuntu:arm64:xgene-uboot-mustang:bionic: to_add=['20190429'] to_remove=[]
Apr 30 21:01:31 mas01 sh[3416]: 2019-04-30 21:01:31 regiond: [info] 127.0.0.1 GET /MAAS/api/2.0/boot-resources/?op=is_importing HTTP/1.1 --> 200 OK (referrer: -; agent: Python-urllib/2.7)
Apr 30 21:01:32 mas01 salt-minion[124]:       fun:
Apr 30 21:01:33 mas01 sh[3428]: 2019-04-30 21:01:33 regiond: [info] 10.20.0.3 GET /MAAS/images-stream/ubuntu/arm64/xgene-uboot-mustang/bionic/20190429/boot-initrd.xgene-mustang HTTP/1.1 --> 200 OK (referrer: -; agent: python-simplestreams/0.1)
Apr 30 21:01:34 mas01 sh[3413]: 2019-04-30 21:01:34 regiond: [info] 10.20.0.3 GET /MAAS/images-stream/ubuntu/arm64/xgene-uboot-mustang/bionic/20190429/boot-kernel.xgene-mustang HTTP/1.1 --> 200 OK (referrer: -; agent: python-simplestreams/0.1)
Apr 30 21:01:34 mas01 sh[3045]: 2019-04-30 21:01:34 sstreams: [info] maas:v2:download/maas:boot:ubuntu:arm64:xgene-uboot:zesty: to_add=['20171219'] to_remove=[]
Apr 30 21:01:34 mas01 salt-minion[124]:       fun:
Apr 30 21:01:36 mas01 salt-minion[124]:       fun:
Apr 30 21:01:36 mas01 sh[3428]: 2019-04-30 21:01:36 regiond: [info] 10.20.0.3 GET /MAAS/images-stream/ubuntu/arm64/xgene-uboot/zesty/20171219/boot-initrd.xgene HTTP/1.1 --> 200 OK (referrer: -; agent: python-simplestreams/0.1)
Apr 30 21:01:36 mas01 sh[3428]: 2019-04-30 21:01:36 regiond: [info] 10.20.0.3 GET /MAAS/images-stream/ubuntu/arm64/xgene-uboot/zesty/20171219/boot-kernel.xgene HTTP/1.1 --> 200 OK (referrer: -; agent: python-simplestreams/0.1)
Apr 30 21:01:36 mas01 sh[3045]: 2019-04-30 21:01:36 sstreams: [info] maas:v2:download/maas:boot:ubuntu:arm64:hwe-v:trusty: to_add=['20190409'] to_remove=[]
Apr 30 21:01:37 mas01 sh[3413]: 2019-04-30 21:01:37 regiond: [info] 127.0.0.1 GET /MAAS/api/2.0/boot-resources/?op=is_importing HTTP/1.1 --> 200 OK (referrer: -; agent: Python-urllib/2.7)
Apr 30 21:01:37 mas01 sh[3416]: 2019-04-30 21:01:37 regiond: [info] 10.20.0.3 GET /MAAS/images-stream/ubuntu/arm64/hwe-v/trusty/20190409/boot-kernel HTTP/1.1 --> 200 OK (referrer: -; agent: python-simplestreams/0.1)
Apr 30 21:01:37 mas01 salt-minion[124]:       fun:
Apr 30 21:01:38 mas01 ntpd[3761]: Soliciting pool server 2001:67c:1560:8003::c8
Apr 30 21:01:38 mas01 sh[3413]: 2019-04-30 21:01:38 regiond: [info] 10.20.0.3 GET /MAAS/images-stream/ubuntu/arm64/hwe-v/trusty/20190409/boot-initrd HTTP/1.1 --> 200 OK (referrer: -; agent: python-simplestreams/0.1)
Apr 30 21:01:38 mas01 sh[3045]: 2019-04-30 21:01:38 sstreams: [info] maas:v2:download/maas:boot:ubuntu:i386:ga-16.10-lowlatency:yakkety: to_add=['20170719.1'] to_remove=[]
Apr 30 21:01:39 mas01 sh[3428]: 2019-04-30 21:01:39 regiond: [info] 10.20.0.3 GET /MAAS/images-stream/ubuntu/i386/ga-16.10-lowlatency/yakkety/20170719.1/boot-kernel HTTP/1.1 --> 200 OK (referrer: -; agent: python-simplestreams/0.1)
Apr 30 21:01:39 mas01 salt-minion[124]:       fun:
Apr 30 21:01:41 mas01 sh[3428]: 2019-04-30 21:01:41 regiond: [info] 10.20.0.3 GET /MAAS/images-stream/ubuntu/i386/ga-16.10-lowlatency/yakkety/20170719.1/boot-initrd HTTP/1.1 --> 200 OK (referrer: -; agent: python-simplestreams/0.1)
Apr 30 21:01:41 mas01 sh[3045]: 2019-04-30 21:01:41 sstreams: [info] maas:v2:download/maas:boot:ubuntu:i386:hwe-16.04-edge:xenial: to_add=['20190425'] to_remove=[]
Apr 30 21:01:41 mas01 salt-minion[124]:       fun:
Apr 30 21:01:42 mas01 sh[3416]: 2019-04-30 21:01:42 regiond: [info] 127.0.0.1 GET /MAAS/api/2.0/boot-resources/?op=is_importing HTTP/1.1 --> 200 OK (referrer: -; agent: Python-urllib/2.7)
Apr 30 21:01:43 mas01 salt-minion[124]:       fun:
Apr 30 21:01:43 mas01 sh[3413]: 2019-04-30 21:01:43 regiond: [info] 10.20.0.3 GET /MAAS/images-stream/ubuntu/i386/hwe-16.04-edge/xenial/20190425/boot-initrd HTTP/1.1 --> 200 OK (referrer: -; agent: python-simplestreams/0.1)
Apr 30 21:01:43 mas01 sh[3045]: 2019-04-30 21:01:43 sstreams: [info] maas:v2:download/maas:boot:ubuntu:i386:ga-19.04-lowlatency:disco: to_add=['20190430'] to_remove=[]
Apr 30 21:01:44 mas01 sh[3413]: 2019-04-30 21:01:44 regiond: [info] 10.20.0.3 GET /MAAS/images-stream/ubuntu/i386/ga-19.04-lowlatency/disco/20190430/boot-kernel HTTP/1.1 --> 200 OK (referrer: -; agent: python-simplestreams/0.1)
Apr 30 21:01:45 mas01 salt-minion[124]:       fun:
Apr 30 21:01:46 mas01 sh[3432]: 2019-04-30 21:01:46 regiond: [info] 10.20.0.3 GET /MAAS/rpc/ HTTP/1.0 --> 200 OK (referrer: -; agent: provisioningserver.rpc.clusterservice.ClusterClientService)
Apr 30 21:01:46 mas01 salt-minion[124]:       fun:
Apr 30 21:01:47 mas01 sh[3413]: 2019-04-30 21:01:47 regiond: [info] 10.20.0.3 GET /MAAS/images-stream/ubuntu/i386/ga-19.04-lowlatency/disco/20190430/boot-initrd HTTP/1.1 --> 200 OK (referrer: -; agent: python-simplestreams/0.1)
Apr 30 21:01:48 mas01 salt-minion[124]:       fun:
Apr 30 21:01:48 mas01 sh[3432]: 2019-04-30 21:01:48 regiond: [info] 127.0.0.1 GET /MAAS/api/2.0/boot-resources/?op=is_importing HTTP/1.1 --> 200 OK (referrer: -; agent: Python-urllib/2.7)
Apr 30 21:01:49 mas01 salt-minion[124]:       fun:
Apr 30 21:01:51 mas01 salt-minion[124]:       fun:
Apr 30 21:01:53 mas01 salt-minion[124]:       fun:
Apr 30 21:01:53 mas01 sh[3428]: 2019-04-30 21:01:53 regiond: [info] 127.0.0.1 GET /MAAS/api/2.0/boot-resources/?op=is_importing HTTP/1.1 --> 200 OK (referrer: -; agent: Python-urllib/2.7)
Apr 30 21:01:55 mas01 salt-minion[124]:       fun:
Apr 30 21:01:58 mas01 salt-minion[124]: message repeated 2 times: [       fun:]
Apr 30 21:01:59 mas01 sh[3432]: 2019-04-30 21:01:59 regiond: [info] 127.0.0.1 GET /MAAS/api/2.0/boot-resources/?op=is_importing HTTP/1.1 --> 200 OK (referrer: -; agent: Python-urllib/2.7)
Apr 30 21:02:00 mas01 salt-minion[124]:       fun:
Apr 30 21:02:01 mas01 sh[3428]: 2019-04-30 21:02:01 regiond: [info] 10.20.0.3 GET /MAAS/images-stream/ubuntu/i386/ga-19.04-lowlatency/disco/20190430/squashfs HTTP/1.1 --> 200 OK (referrer: -; agent: python-simplestreams/0.1)
Apr 30 21:02:01 mas01 sh[3045]: 2019-04-30 21:02:01 sstreams: [info] maas:v2:download/maas:boot:ubuntu:amd64:ga-19.04:disco: to_add=['20190430'] to_remove=[]
Apr 30 21:02:01 mas01 sh[3045]: 2019-04-30 21:02:01 sstreams: [info] maas:v2:download/maas:boot:ubuntu:amd64:ga-19.04-lowlatency:disco: to_add=['20190430'] to_remove=[]
Apr 30 21:02:01 mas01 sh[3045]: 2019-04-30 21:02:01 sstreams: [info] maas:v2:download/maas:boot:ubuntu:s390x:ga-16.10:yakkety: to_add=['20170719.1'] to_remove=[]
Apr 30 21:02:01 mas01 sh[3428]: 2019-04-30 21:02:01 regiond: [info] 10.20.0.3 GET /MAAS/images-stream/ubuntu/s390x/ga-16.10/yakkety/20170719.1/boot-kernel HTTP/1.1 --> 200 OK (referrer: -; agent: python-simplestreams/0.1)
Apr 30 21:02:02 mas01 sh[3413]: 2019-04-30 21:02:02 regiond: [info] 10.20.0.3 GET /MAAS/images-stream/ubuntu/s390x/ga-16.10/yakkety/20170719.1/boot-initrd HTTP/1.1 --> 200 OK (referrer: -; agent: python-simplestreams/0.1)
Apr 30 21:02:02 mas01 salt-minion[124]:       fun:
Apr 30 21:02:04 mas01 salt-minion[124]:       fun:
Apr 30 21:02:04 mas01 sh[3416]: 2019-04-30 21:02:04 regiond: [info] 127.0.0.1 GET /MAAS/api/2.0/boot-resources/?op=is_importing HTTP/1.1 --> 200 OK (referrer: -; agent: Python-urllib/2.7)
Apr 30 21:02:05 mas01 salt-minion[124]:       fun:
Apr 30 21:02:07 mas01 salt-minion[124]:       fun:
Apr 30 21:02:08 mas01 sh[3416]: 2019-04-30 21:02:08 regiond: [info] 10.20.0.3 GET /MAAS/images-stream/ubuntu/s390x/ga-16.10/yakkety/20170719.1/squashfs HTTP/1.1 --> 200 OK (referrer: -; agent: python-simplestreams/0.1)
Apr 30 21:02:08 mas01 sh[3045]: 2019-04-30 21:02:08 sstreams: [info] maas:v2:download/maas:boot:ubuntu:arm64:hwe-16.04:xenial: to_add=['20190425'] to_remove=[]
Apr 30 21:02:09 mas01 sh[3432]: 2019-04-30 21:02:09 regiond: [info] 127.0.0.1 GET /MAAS/api/2.0/boot-resources/?op=is_importing HTTP/1.1 --> 200 OK (referrer: -; agent: Python-urllib/2.7)
Apr 30 21:02:09 mas01 salt-minion[124]:       fun:
Apr 30 21:02:10 mas01 sh[3416]: 2019-04-30 21:02:10 regiond: [info] 10.20.0.3 GET /MAAS/images-stream/ubuntu/arm64/hwe-16.04/xenial/20190425/boot-initrd HTTP/1.1 --> 200 OK (referrer: -; agent: python-simplestreams/0.1)
Apr 30 21:02:10 mas01 sh[3045]: 2019-04-30 21:02:10 sstreams: [info] maas:v2:download/maas:boot:ubuntu:arm64:ga-16.10:yakkety: to_add=['20170719.1'] to_remove=[]
Apr 30 21:02:11 mas01 sh[3413]: 2019-04-30 21:02:11 regiond: [info] 10.20.0.3 GET /MAAS/images-stream/ubuntu/arm64/ga-16.10/yakkety/20170719.1/boot-kernel HTTP/1.1 --> 200 OK (referrer: -; agent: python-simplestreams/0.1)
Apr 30 21:02:11 mas01 salt-minion[124]:       fun:
Apr 30 21:02:12 mas01 salt-minion[124]:       fun:
Apr 30 21:02:13 mas01 sh[3428]: 2019-04-30 21:02:13 regiond: [info] 10.20.0.3 GET /MAAS/images-stream/ubuntu/arm64/ga-16.10/yakkety/20170719.1/boot-initrd HTTP/1.1 --> 200 OK (referrer: -; agent: python-simplestreams/0.1)
Apr 30 21:02:14 mas01 sh[3428]: 2019-04-30 21:02:14 regiond: [info] 127.0.0.1 GET /MAAS/api/2.0/boot-resources/?op=is_importing HTTP/1.1 --> 200 OK (referrer: -; agent: Python-urllib/2.7)
Apr 30 21:02:14 mas01 salt-minion[124]:       fun:
Apr 30 21:02:16 mas01 sh[3416]: 2019-04-30 21:02:16 regiond: [info] 10.20.0.3 GET /MAAS/rpc/ HTTP/1.0 --> 200 OK (referrer: -; agent: provisioningserver.rpc.clusterservice.ClusterClientService)
Apr 30 21:02:16 mas01 salt-minion[124]:       fun:
Apr 30 21:02:17 mas01 salt-minion[124]:       fun:
Apr 30 21:02:18 mas01 sh[3428]: 2019-04-30 21:02:18 regiond: [info] 10.20.0.3 GET /MAAS/images-stream/ubuntu/arm64/ga-16.10/yakkety/20170719.1/squashfs HTTP/1.1 --> 200 OK (referrer: -; agent: python-simplestreams/0.1)
Apr 30 21:02:18 mas01 sh[3045]: 2019-04-30 21:02:18 sstreams: [info] maas:v2:download/maas:boot:ubuntu:i386:hwe-x-lowlatency:trusty: to_add=['20190409'] to_remove=[]
Apr 30 21:02:18 mas01 sh[3045]: 2019-04-30 21:02:18 sstreams: [info] maas:v2:download/maas:boot:ubuntu:s390x:ga-19.04:disco: to_add=['20190430'] to_remove=[]
Apr 30 21:02:18 mas01 sh[3045]: 2019-04-30 21:02:18 sstreams: [info] maas:v2:download/maas:boot:ubuntu:armhf:ga-16.04:xenial: to_add=['20190425'] to_remove=[]
Apr 30 21:02:18 mas01 sh[3416]: 2019-04-30 21:02:18 regiond: [info] 10.20.0.3 GET /MAAS/images-stream/ubuntu/armhf/ga-16.04/xenial/20190425/boot-kernel HTTP/1.1 --> 200 OK (referrer: -; agent: python-simplestreams/0.1)
Apr 30 21:02:19 mas01 salt-minion[124]:       fun:
Apr 30 21:02:19 mas01 sh[3416]: 2019-04-30 21:02:19 regiond: [info] 127.0.0.1 GET /MAAS/api/2.0/boot-resources/?op=is_importing HTTP/1.1 --> 200 OK (referrer: -; agent: Python-urllib/2.7)
Apr 30 21:02:20 mas01 sh[3413]: 2019-04-30 21:02:20 regiond: [info] 10.20.0.3 GET /MAAS/images-stream/ubuntu/armhf/ga-16.04/xenial/20190425/boot-initrd HTTP/1.1 --> 200 OK (referrer: -; agent: python-simplestreams/0.1)
Apr 30 21:02:20 mas01 sh[3045]: 2019-04-30 21:02:20 sstreams: [info] maas:v2:download/maas:boot:centos:amd64:generic:centos70: to_add=['20180901_02'] to_remove=[]
Apr 30 21:02:20 mas01 sh[3045]: 2019-04-30 21:02:20 sstreams: [info] maas:v2:download/maas:boot:ubuntu:ppc64el:hwe-u:trusty: to_add=['20190409'] to_remove=[]
Apr 30 21:02:21 mas01 salt-minion[124]:       fun:
Apr 30 21:02:21 mas01 sh[3413]: 2019-04-30 21:02:21 regiond: [info] 10.20.0.3 GET /MAAS/images-stream/ubuntu/ppc64el/hwe-u/trusty/20190409/boot-kernel HTTP/1.1 --> 200 OK (referrer: -; agent: python-simplestreams/0.1)
Apr 30 21:02:22 mas01 salt-minion[124]:       fun:
Apr 30 21:02:23 mas01 sh[3413]: 2019-04-30 21:02:23 regiond: [info] 10.20.0.3 GET /MAAS/images-stream/ubuntu/ppc64el/hwe-u/trusty/20190409/boot-initrd HTTP/1.1 --> 200 OK (referrer: -; agent: python-simplestreams/0.1)
Apr 30 21:02:24 mas01 sh[3416]: 2019-04-30 21:02:24 regiond: [info] 127.0.0.1 GET /MAAS/api/2.0/boot-resources/?op=is_importing HTTP/1.1 --> 200 OK (referrer: -; agent: Python-urllib/2.7)
Apr 30 21:02:24 mas01 salt-minion[124]:       fun:
Apr 30 21:02:30 mas01 salt-minion[124]: message repeated 3 times: [       fun:]
Apr 30 21:02:30 mas01 sh[3413]: 2019-04-30 21:02:30 regiond: [info] 127.0.0.1 GET /MAAS/api/2.0/boot-resources/?op=is_importing HTTP/1.1 --> 200 OK (referrer: -; agent: Python-urllib/2.7)
Apr 30 21:02:31 mas01 salt-minion[124]:       fun:
Apr 30 21:02:33 mas01 salt-minion[124]:       fun:
Apr 30 21:02:34 mas01 sh[3428]: 2019-04-30 21:02:34 regiond: [info] 10.20.0.3 GET /MAAS/images-stream/ubuntu/ppc64el/hwe-u/trusty/20190409/squashfs HTTP/1.1 --> 200 OK (referrer: -; agent: python-simplestreams/0.1)
Apr 30 21:02:34 mas01 sh[3045]: 2019-04-30 21:02:34 sstreams: [info] maas:v2:download/maas:boot:ubuntu:arm64:xgene-uboot-mustang:yakkety: to_add=['20170719.1'] to_remove=[]
Apr 30 21:02:35 mas01 sh[3428]: 2019-04-30 21:02:35 regiond: [info] 127.0.0.1 GET /MAAS/api/2.0/boot-resources/?op=is_importing HTTP/1.1 --> 200 OK (referrer: -; agent: Python-urllib/2.7)
Apr 30 21:02:35 mas01 salt-minion[124]:       fun:
Apr 30 21:02:36 mas01 sh[3416]: 2019-04-30 21:02:36 regiond: [info] 10.20.0.3 GET /MAAS/images-stream/ubuntu/arm64/xgene-uboot-mustang/yakkety/20170719.1/boot-initrd.xgene-mustang HTTP/1.1 --> 200 OK (referrer: -; agent: python-simplestreams/0.1)
Apr 30 21:02:36 mas01 salt-minion[124]:       fun:
Apr 30 21:02:37 mas01 sh[3428]: 2019-04-30 21:02:37 regiond: [info] 10.20.0.3 GET /MAAS/images-stream/ubuntu/arm64/xgene-uboot-mustang/yakkety/20170719.1/boot-kernel.xgene-mustang HTTP/1.1 --> 200 OK (referrer: -; agent: python-simplestreams/0.1)
Apr 30 21:02:37 mas01 sh[3432]: 2019-04-30 21:02:37 regiond: [info] 10.20.0.3 GET /MAAS/images-stream/ubuntu/arm64/xgene-uboot-mustang/yakkety/20170719.1/boot-dtb.xgene-mustang HTTP/1.1 --> 200 OK (referrer: -; agent: python-simplestreams/0.1)
Apr 30 21:02:37 mas01 sh[3045]: 2019-04-30 21:02:37 sstreams: [info] maas:v2:download/maas:boot:ubuntu:amd64:hwe-t:trusty: to_add=['20190409'] to_remove=[]
Apr 30 21:02:37 mas01 sh[3416]: 2019-04-30 21:02:37 regiond: [info] 10.20.0.3 GET /MAAS/images-stream/ubuntu/amd64/hwe-t/trusty/20190409/boot-kernel HTTP/1.1 --> 200 OK (referrer: -; agent: python-simplestreams/0.1)
Apr 30 21:02:38 mas01 salt-minion[124]:       fun:
Apr 30 21:02:38 mas01 sh[3413]: 2019-04-30 21:02:38 regiond: [info] 10.20.0.3 GET /MAAS/images-stream/ubuntu/amd64/hwe-t/trusty/20190409/boot-initrd HTTP/1.1 --> 200 OK (referrer: -; agent: python-simplestreams/0.1)
Apr 30 21:02:38 mas01 sh[3045]: 2019-04-30 21:02:38 sstreams: [info] maas:v2:download/maas:boot:ubuntu:armhf:hwe-16.10:yakkety: to_add=['20170207'] to_remove=[]
Apr 30 21:02:39 mas01 sh[3413]: 2019-04-30 21:02:39 regiond: [info] 10.20.0.3 GET /MAAS/images-stream/ubuntu/armhf/hwe-16.10/yakkety/20170207/boot-kernel HTTP/1.1 --> 200 OK (referrer: -; agent: python-simplestreams/0.1)
Apr 30 21:02:40 mas01 sh[3428]: 2019-04-30 21:02:40 regiond: [info] 127.0.0.1 GET /MAAS/api/2.0/boot-resources/?op=is_importing HTTP/1.1 --> 200 OK (referrer: -; agent: Python-urllib/2.7)
Apr 30 21:02:40 mas01 salt-minion[124]:       fun:
Apr 30 21:02:40 mas01 sh[3416]: 2019-04-30 21:02:40 regiond: [info] 10.20.0.3 GET /MAAS/images-stream/ubuntu/armhf/hwe-16.10/yakkety/20170207/boot-initrd HTTP/1.1 --> 200 OK (referrer: -; agent: python-simplestreams/0.1)
Apr 30 21:02:42 mas01 salt-minion[124]:       fun:
Apr 30 21:02:43 mas01 salt-minion[124]:       fun:
Apr 30 21:02:44 mas01 ntpd[3761]: Soliciting pool server 2001:67c:1560:8003::c7
Apr 30 21:02:45 mas01 sh[3416]: 2019-04-30 21:02:45 regiond: [info] 127.0.0.1 GET /MAAS/api/2.0/boot-resources/?op=is_importing HTTP/1.1 --> 200 OK (referrer: -; agent: Python-urllib/2.7)
Apr 30 21:02:45 mas01 salt-minion[124]:       fun:
Apr 30 21:02:46 mas01 sh[3428]: 2019-04-30 21:02:46 regiond: [info] 10.20.0.3 GET /MAAS/rpc/ HTTP/1.0 --> 200 OK (referrer: -; agent: provisioningserver.rpc.clusterservice.ClusterClientService)
Apr 30 21:02:46 mas01 sh[3432]: 2019-04-30 21:02:46 regiond: [info] 10.20.0.3 GET /MAAS/images-stream/ubuntu/armhf/hwe-16.10/yakkety/20170207/squashfs HTTP/1.1 --> 200 OK (referrer: -; agent: python-simplestreams/0.1)
Apr 30 21:02:46 mas01 sh[3045]: 2019-04-30 21:02:46 sstreams: [info] maas:v2:download/maas:boot:ubuntu:amd64:hwe-16.04-edge:xenial: to_add=['20190425'] to_remove=[]
Apr 30 21:02:46 mas01 sh[3045]: 2019-04-30 21:02:46 sstreams: [info] maas:v2:download/maas:boot:ubuntu:amd64:ga-18.10-lowlatency:cosmic: to_add=['20190419'] to_remove=[]
Apr 30 21:02:46 mas01 sh[3045]: 2019-04-30 21:02:46 sstreams: [info] maas:v2:download/maas:boot:ubuntu:amd64:ga-16.04-lowlatency:xenial: to_add=['20190425'] to_remove=[]
Apr 30 21:02:46 mas01 sh[3045]: 2019-04-30 21:02:46 sstreams: [info] maas:v2:download/maas:boot:ubuntu:amd64:hwe-w:trusty: to_add=['20190409'] to_remove=[]
Apr 30 21:02:46 mas01 sh[3045]: 2019-04-30 21:02:46 sstreams: [info] maas:v2:download/maas:boot:ubuntu:arm64:ga-17.10:artful: to_add=['20180718'] to_remove=[]
Apr 30 21:02:47 mas01 salt-minion[124]:       fun:
Apr 30 21:02:47 mas01 sh[3413]: 2019-04-30 21:02:47 regiond: [info] 10.20.0.3 GET /MAAS/images-stream/ubuntu/arm64/ga-17.10/artful/20180718/boot-kernel HTTP/1.1 --> 200 OK (referrer: -; agent: python-simplestreams/0.1)
Apr 30 21:02:49 mas01 salt-minion[124]:       fun:
Apr 30 21:02:49 mas01 sh[3432]: 2019-04-30 21:02:49 regiond: [info] 10.20.0.3 GET /MAAS/images-stream/ubuntu/arm64/ga-17.10/artful/20180718/boot-initrd HTTP/1.1 --> 200 OK (referrer: -; agent: python-simplestreams/0.1)
Apr 30 21:02:49 mas01 sh[3045]: 2019-04-30 21:02:49 sstreams: [info] maas:v2:download/maas:boot:ubuntu:armhf:generic-lpae:xenial: to_add=['20190425'] to_remove=[]
Apr 30 21:02:49 mas01 sh[3045]: 2019-04-30 21:02:49 sstreams: [info] maas:v2:download/maas:boot:ubuntu:s390x:ga-18.04:bionic: to_add=['20190429'] to_remove=[]
Apr 30 21:02:49 mas01 sh[3045]: 2019-04-30 21:02:49 sstreams: [info] maas:v2:download/maas:boot:ubuntu:amd64:hwe-16.04:xenial: to_add=['20190425'] to_remove=[]
Apr 30 21:02:49 mas01 sh[3045]: 2019-04-30 21:02:49 sstreams: [info] maas:v2:download/maas:boot:ubuntu:amd64:hwe-18.04-edge:bionic: to_add=['20190429'] to_remove=[]
Apr 30 21:02:50 mas01 sh[3428]: 2019-04-30 21:02:50 regiond: [info] 10.20.0.3 GET /MAAS/images-stream/ubuntu/amd64/hwe-18.04-edge/bionic/20190429/boot-kernel HTTP/1.1 --> 200 OK (referrer: -; agent: python-simplestreams/0.1)
Apr 30 21:02:50 mas01 sh[3428]: 2019-04-30 21:02:50 regiond: [info] 127.0.0.1 GET /MAAS/api/2.0/boot-resources/?op=is_importing HTTP/1.1 --> 200 OK (referrer: -; agent: Python-urllib/2.7)
Apr 30 21:02:51 mas01 salt-minion[124]:       fun:
Apr 30 21:02:53 mas01 salt-minion[124]:       fun:
Apr 30 21:02:53 mas01 sh[3413]: 2019-04-30 21:02:53 regiond: [info] 10.20.0.3 GET /MAAS/images-stream/ubuntu/amd64/hwe-18.04-edge/bionic/20190429/boot-initrd HTTP/1.1 --> 200 OK (referrer: -; agent: python-simplestreams/0.1)
Apr 30 21:02:53 mas01 sh[3045]: 2019-04-30 21:02:53 sstreams: [info] maas:v2:download/maas:boot:ubuntu:armhf:ga-19.04:disco: to_add=['20190430'] to_remove=[]
Apr 30 21:02:53 mas01 sh[3413]: 2019-04-30 21:02:53 regiond: [info] 10.20.0.3 GET /MAAS/images-stream/ubuntu/armhf/ga-19.04/disco/20190430/boot-kernel HTTP/1.1 --> 200 OK (referrer: -; agent: python-simplestreams/0.1)
Apr 30 21:02:54 mas01 salt-minion[124]:       fun:
Apr 30 21:02:56 mas01 sh[3432]: 2019-04-30 21:02:56 regiond: [info] 10.20.0.3 GET /MAAS/images-stream/ubuntu/armhf/ga-19.04/disco/20190430/boot-initrd HTTP/1.1 --> 200 OK (referrer: -; agent: python-simplestreams/0.1)
Apr 30 21:02:56 mas01 sh[3045]: 2019-04-30 21:02:56 sstreams: [info] maas:v2:download/maas:boot:ubuntu:amd64:hwe-s:precise: to_add=['20170424'] to_remove=[]
Apr 30 21:02:56 mas01 salt-minion[124]:       fun:
Apr 30 21:02:56 mas01 sh[3428]: 2019-04-30 21:02:56 regiond: [info] 10.20.0.3 GET /MAAS/images-stream/ubuntu/amd64/hwe-s/precise/20170424/boot-kernel HTTP/1.1 --> 200 OK (referrer: -; agent: python-simplestreams/0.1)
Apr 30 21:02:56 mas01 sh[3416]: 2019-04-30 21:02:56 regiond: [info] 127.0.0.1 GET /MAAS/api/2.0/boot-resources/?op=is_importing HTTP/1.1 --> 200 OK (referrer: -; agent: Python-urllib/2.7)
Apr 30 21:02:57 mas01 sh[3428]: 2019-04-30 21:02:57 regiond: [info] 10.20.0.3 GET /MAAS/images-stream/ubuntu/amd64/hwe-s/precise/20170424/boot-initrd HTTP/1.1 --> 200 OK (referrer: -; agent: python-simplestreams/0.1)
Apr 30 21:02:57 mas01 salt-minion[124]:       fun:
Apr 30 21:03:01 mas01 salt-minion[124]: message repeated 2 times: [       fun:]
Apr 30 21:03:01 mas01 sh[3413]: 2019-04-30 21:03:01 regiond: [info] 127.0.0.1 GET /MAAS/api/2.0/boot-resources/?op=is_importing HTTP/1.1 --> 200 OK (referrer: -; agent: Python-urllib/2.7)
Apr 30 21:03:02 mas01 salt-minion[124]:       fun:
Apr 30 21:03:06 mas01 salt-minion[124]: message repeated 2 times: [       fun:]
Apr 30 21:03:06 mas01 sh[3432]: 2019-04-30 21:03:06 regiond: [info] 127.0.0.1 GET /MAAS/api/2.0/boot-resources/?op=is_importing HTTP/1.1 --> 200 OK (referrer: -; agent: Python-urllib/2.7)
Apr 30 21:03:07 mas01 salt-minion[124]:       fun:
Apr 30 21:03:08 mas01 sh[3432]: 2019-04-30 21:03:08 regiond: [info] 10.20.0.3 GET /MAAS/images-stream/ubuntu/amd64/hwe-s/precise/20170424/root-image.gz HTTP/1.1 --> 200 OK (referrer: -; agent: python-simplestreams/0.1)
Apr 30 21:03:09 mas01 salt-minion[124]:       fun:
Apr 30 21:03:11 mas01 salt-minion[124]:       fun:
Apr 30 21:03:11 mas01 sh[3416]: 2019-04-30 21:03:11 regiond: [info] 127.0.0.1 GET /MAAS/api/2.0/boot-resources/?op=is_importing HTTP/1.1 --> 200 OK (referrer: -; agent: Python-urllib/2.7)
Apr 30 21:03:13 mas01 salt-minion[124]:       fun:
Apr 30 21:03:15 mas01 salt-minion[124]:       fun:
Apr 30 21:03:16 mas01 sh[3432]: 2019-04-30 21:03:16 regiond: [info] 10.20.0.3 GET /MAAS/rpc/ HTTP/1.0 --> 200 OK (referrer: -; agent: provisioningserver.rpc.clusterservice.ClusterClientService)
Apr 30 21:03:16 mas01 sh[3413]: 2019-04-30 21:03:16 regiond: [info] 127.0.0.1 GET /MAAS/api/2.0/boot-resources/?op=is_importing HTTP/1.1 --> 200 OK (referrer: -; agent: Python-urllib/2.7)
Apr 30 21:03:17 mas01 salt-minion[124]:       fun:
Apr 30 21:03:18 mas01 maas.import-images: [info] Updating boot image iSCSI targets.
Apr 30 21:03:18 mas01 tgtd[118]: tgtd: device_mgmt(246) sz:114 params:path=/var/lib/maas/boot-resources/snapshot-20190430-203347/ubuntu/amd64/ga-16.04-lowlatency/xenial/daily/squashfs
Apr 30 21:03:18 mas01 tgtd[118]: tgtd: bs_thread_open(409) 16
Apr 30 21:03:18 mas01 tgtd[118]: tgtd: device_mgmt(246) sz:103 params:path=/var/lib/maas/boot-resources/snapshot-20190430-203347/ubuntu/amd64/ga-16.04/xenial/daily/squashfs
Apr 30 21:03:18 mas01 tgtd[118]: tgtd: bs_thread_open(409) 16
Apr 30 21:03:18 mas01 tgtd[118]: tgtd: device_mgmt(246) sz:104 params:path=/var/lib/maas/boot-resources/snapshot-20190430-203347/ubuntu/amd64/ga-16.10/yakkety/daily/squashfs
Apr 30 21:03:18 mas01 tgtd[118]: tgtd: bs_thread_open(409) 16
Apr 30 21:03:18 mas01 tgtd[118]: tgtd: device_mgmt(246) sz:103 params:path=/var/lib/maas/boot-resources/snapshot-20190430-203347/ubuntu/amd64/ga-18.04/bionic/daily/squashfs
Apr 30 21:03:18 mas01 tgtd[118]: tgtd: bs_thread_open(409) 16
Apr 30 21:03:18 mas01 tgtd[118]: tgtd: device_mgmt(246) sz:114 params:path=/var/lib/maas/boot-resources/snapshot-20190430-203347/ubuntu/amd64/ga-18.10-lowlatency/cosmic/daily/squashfs
Apr 30 21:03:18 mas01 tgtd[118]: tgtd: bs_thread_open(409) 16
Apr 30 21:03:18 mas01 tgtd[118]: tgtd: device_mgmt(246) sz:102 params:path=/var/lib/maas/boot-resources/snapshot-20190430-203347/ubuntu/amd64/ga-19.04/disco/daily/squashfs
Apr 30 21:03:18 mas01 tgtd[118]: tgtd: bs_thread_open(409) 16
Apr 30 21:03:18 mas01 tgtd[118]: tgtd: device_mgmt(246) sz:113 params:path=/var/lib/maas/boot-resources/snapshot-20190430-203347/ubuntu/amd64/ga-19.04-lowlatency/disco/daily/squashfs
Apr 30 21:03:18 mas01 tgtd[118]: tgtd: bs_thread_open(409) 16
Apr 30 21:03:18 mas01 tgtd[118]: tgtd: device_mgmt(246) sz:102 params:path=/var/lib/maas/boot-resources/snapshot-20190430-203347/ubuntu/amd64/generic/bionic/daily/squashfs
Apr 30 21:03:18 mas01 tgtd[118]: tgtd: bs_thread_open(409) 16
Apr 30 21:03:18 mas01 tgtd[118]: tgtd: device_mgmt(246) sz:101 params:path=/var/lib/maas/boot-resources/snapshot-20190430-203347/ubuntu/amd64/generic/disco/daily/squashfs
Apr 30 21:03:18 mas01 tgtd[118]: tgtd: bs_thread_open(409) 16
Apr 30 21:03:18 mas01 tgtd[118]: tgtd: device_mgmt(246) sz:102 params:path=/var/lib/maas/boot-resources/snapshot-20190430-203347/ubuntu/amd64/generic/xenial/daily/squashfs
Apr 30 21:03:18 mas01 tgtd[118]: tgtd: bs_thread_open(409) 16
Apr 30 21:03:18 mas01 tgtd[118]: tgtd: device_mgmt(246) sz:103 params:path=/var/lib/maas/boot-resources/snapshot-20190430-203347/ubuntu/amd64/generic/yakkety/daily/squashfs
Apr 30 21:03:18 mas01 tgtd[118]: tgtd: bs_thread_open(409) 16
Apr 30 21:03:18 mas01 tgtd[118]: tgtd: device_mgmt(246) sz:109 params:path=/var/lib/maas/boot-resources/snapshot-20190430-203347/ubuntu/amd64/hwe-16.04-edge/xenial/daily/squashfs
Apr 30 21:03:18 mas01 tgtd[118]: tgtd: bs_thread_open(409) 16
Apr 30 21:03:18 mas01 tgtd[118]: tgtd: device_mgmt(246) sz:120 params:path=/var/lib/maas/boot-resources/snapshot-20190430-203347/ubuntu/amd64/hwe-16.04-lowlatency-edge/xenial/daily/squashfs
Apr 30 21:03:18 mas01 tgtd[118]: tgtd: bs_thread_open(409) 16
Apr 30 21:03:18 mas01 tgtd[118]: tgtd: device_mgmt(246) sz:115 params:path=/var/lib/maas/boot-resources/snapshot-20190430-203347/ubuntu/amd64/hwe-16.04-lowlatency/xenial/daily/squashfs
Apr 30 21:03:18 mas01 tgtd[118]: tgtd: bs_thread_open(409) 16
Apr 30 21:03:18 mas01 tgtd[118]: tgtd: device_mgmt(246) sz:104 params:path=/var/lib/maas/boot-resources/snapshot-20190430-203347/ubuntu/amd64/hwe-16.04/xenial/daily/squashfs
Apr 30 21:03:18 mas01 tgtd[118]: tgtd: bs_thread_open(409) 16
Apr 30 21:03:18 mas01 tgtd[118]: tgtd: device_mgmt(246) sz:100 params:path=/var/lib/maas/boot-resources/snapshot-20190430-203347/ubuntu/amd64/hwe-u/trusty/daily/squashfs
Apr 30 21:03:18 mas01 tgtd[118]: tgtd: bs_thread_open(409) 16
Apr 30 21:03:18 mas01 tgtd[118]: tgtd: device_mgmt(246) sz:100 params:path=/var/lib/maas/boot-resources/snapshot-20190430-203347/ubuntu/amd64/hwe-w/trusty/daily/squashfs
Apr 30 21:03:18 mas01 tgtd[118]: tgtd: bs_thread_open(409) 16
Apr 30 21:03:18 mas01 tgtd[118]: tgtd: device_mgmt(246) sz:103 params:path=/var/lib/maas/boot-resources/snapshot-20190430-203347/ubuntu/arm64/ga-16.04/xenial/daily/squashfs
Apr 30 21:03:18 mas01 tgtd[118]: tgtd: bs_thread_open(409) 16
Apr 30 21:03:18 mas01 tgtd[118]: tgtd: device_mgmt(246) sz:102 params:path=/var/lib/maas/boot-resources/snapshot-20190430-203347/ubuntu/arm64/generic/trusty/daily/squashfs
Apr 30 21:03:18 mas01 tgtd[118]: tgtd: bs_thread_open(409) 16
Apr 30 21:03:18 mas01 tgtd[118]: tgtd: device_mgmt(246) sz:102 params:path=/var/lib/maas/boot-resources/snapshot-20190430-203347/ubuntu/arm64/generic/xenial/daily/squashfs
Apr 30 21:03:18 mas01 tgtd[118]: tgtd: bs_thread_open(409) 16
Apr 30 21:03:18 mas01 tgtd[118]: tgtd: device_mgmt(246) sz:109 params:path=/var/lib/maas/boot-resources/snapshot-20190430-203347/ubuntu/arm64/hwe-18.04-edge/bionic/daily/squashfs
Apr 30 21:03:18 mas01 tgtd[118]: tgtd: bs_thread_open(409) 16
Apr 30 21:03:18 mas01 tgtd[118]: tgtd: device_mgmt(246) sz:100 params:path=/var/lib/maas/boot-resources/snapshot-20190430-203347/ubuntu/arm64/hwe-t/trusty/daily/squashfs
Apr 30 21:03:18 mas01 tgtd[118]: tgtd: bs_thread_open(409) 16
Apr 30 21:03:18 mas01 tgtd[118]: tgtd: device_mgmt(246) sz:106 params:path=/var/lib/maas/boot-resources/snapshot-20190430-203347/ubuntu/arm64/xgene-uboot/bionic/daily/squashfs
Apr 30 21:03:18 mas01 tgtd[118]: tgtd: bs_thread_open(409) 16
Apr 30 21:03:18 mas01 tgtd[118]: tgtd: device_mgmt(246) sz:102 params:path=/var/lib/maas/boot-resources/snapshot-20190430-203347/ubuntu/armhf/ga-17.04/zesty/daily/squashfs
Apr 30 21:03:18 mas01 tgtd[118]: tgtd: bs_thread_open(409) 16
Apr 30 21:03:18 mas01 tgtd[118]: tgtd: device_mgmt(246) sz:107 params:path=/var/lib/maas/boot-resources/snapshot-20190430-203347/ubuntu/armhf/generic-lpae/artful/daily/squashfs
Apr 30 21:03:18 mas01 tgtd[118]: tgtd: bs_thread_open(409) 16
Apr 30 21:03:18 mas01 tgtd[118]: tgtd: device_mgmt(246) sz:107 params:path=/var/lib/maas/boot-resources/snapshot-20190430-203347/ubuntu/armhf/generic-lpae/trusty/daily/squashfs
Apr 30 21:03:18 mas01 tgtd[118]: tgtd: bs_thread_open(409) 16
Apr 30 21:03:18 mas01 tgtd[118]: tgtd: device_mgmt(246) sz:107 params:path=/var/lib/maas/boot-resources/snapshot-20190430-203347/ubuntu/armhf/generic-lpae/xenial/daily/squashfs
Apr 30 21:03:18 mas01 tgtd[118]: tgtd: bs_thread_open(409) 16
Apr 30 21:03:18 mas01 tgtd[118]: tgtd: device_mgmt(246) sz:108 params:path=/var/lib/maas/boot-resources/snapshot-20190430-203347/ubuntu/armhf/generic-lpae/yakkety/daily/squashfs
Apr 30 21:03:18 mas01 tgtd[118]: tgtd: bs_thread_open(409) 16
Apr 30 21:03:18 mas01 tgtd[118]: tgtd: device_mgmt(246) sz:101 params:path=/var/lib/maas/boot-resources/snapshot-20190430-203347/ubuntu/armhf/generic/zesty/daily/squashfs
Apr 30 21:03:18 mas01 tgtd[118]: tgtd: bs_thread_open(409) 16
Apr 30 21:03:18 mas01 tgtd[118]: tgtd: device_mgmt(246) sz:104 params:path=/var/lib/maas/boot-resources/snapshot-20190430-203347/ubuntu/armhf/hwe-18.04/bionic/daily/squashfs
Apr 30 21:03:18 mas01 tgtd[118]: tgtd: bs_thread_open(409) 16
Apr 30 21:03:18 mas01 tgtd[118]: tgtd: device_mgmt(246) sz:100 params:path=/var/lib/maas/boot-resources/snapshot-20190430-203347/ubuntu/armhf/hwe-w/trusty/daily/squashfs
Apr 30 21:03:18 mas01 tgtd[118]: tgtd: bs_thread_open(409) 16
Apr 30 21:03:18 mas01 tgtd[118]: tgtd: device_mgmt(246) sz:100 params:path=/var/lib/maas/boot-resources/snapshot-20190430-203347/ubuntu/armhf/hwe-x/trusty/daily/squashfs
Apr 30 21:03:18 mas01 tgtd[118]: tgtd: bs_thread_open(409) 16
Apr 30 21:03:18 mas01 tgtd[118]: tgtd: device_mgmt(246) sz:102 params:path=/var/lib/maas/boot-resources/snapshot-20190430-203347/ubuntu/i386/ga-18.10/cosmic/daily/squashfs
Apr 30 21:03:18 mas01 tgtd[118]: tgtd: bs_thread_open(409) 16
Apr 30 21:03:18 mas01 tgtd[118]: tgtd: device_mgmt(246) sz:101 params:path=/var/lib/maas/boot-resources/snapshot-20190430-203347/ubuntu/i386/generic/cosmic/daily/squashfs
Apr 30 21:03:18 mas01 tgtd[118]: tgtd: bs_thread_open(409) 16
Apr 30 21:03:18 mas01 tgtd[118]: tgtd: device_mgmt(246) sz:115 params:path=/var/lib/maas/boot-resources/snapshot-20190430-203347/ubuntu/i386/hwe-16.10-lowlatency/yakkety/daily/squashfs
Apr 30 21:03:18 mas01 tgtd[118]: tgtd: bs_thread_open(409) 16
Apr 30 21:03:18 mas01 tgtd[118]: tgtd: device_mgmt(246) sz:103 params:path=/var/lib/maas/boot-resources/snapshot-20190430-203347/ubuntu/i386/hwe-18.04/bionic/daily/squashfs
Apr 30 21:03:18 mas01 tgtd[118]: tgtd: bs_thread_open(409) 16
Apr 30 21:03:18 mas01 tgtd[118]: tgtd: device_mgmt(246) sz:108 params:path=/var/lib/maas/boot-resources/snapshot-20190430-203347/ubuntu/i386/hwe-18.04-edge/bionic/daily/squashfs
Apr 30 21:03:18 mas01 tgtd[118]: tgtd: bs_thread_open(409) 16
Apr 30 21:03:18 mas01 tgtd[118]: tgtd: device_mgmt(246) sz:114 params:path=/var/lib/maas/boot-resources/snapshot-20190430-203347/ubuntu/i386/hwe-18.04-lowlatency/bionic/daily/squashfs
Apr 30 21:03:18 mas01 tgtd[118]: tgtd: bs_thread_open(409) 16
Apr 30 21:03:18 mas01 tgtd[118]: tgtd: device_mgmt(246) sz:110 params:path=/var/lib/maas/boot-resources/snapshot-20190430-203347/ubuntu/i386/hwe-x-lowlatency/trusty/daily/squashfs
Apr 30 21:03:18 mas01 tgtd[118]: tgtd: bs_thread_open(409) 16
Apr 30 21:03:18 mas01 tgtd[118]: tgtd: device_mgmt(246) sz:104 params:path=/var/lib/maas/boot-resources/snapshot-20190430-203347/ubuntu/ppc64el/ga-19.04/disco/daily/squashfs
Apr 30 21:03:18 mas01 tgtd[118]: tgtd: bs_thread_open(409) 16
