Jan 17 02:32:55 mas01 named[18390]: zone 0.20.10.in-addr.arpa/IN: loaded serial 15
Jan 17 02:32:55 mas01 named[18390]: zone 11.168.192.in-addr.arpa/IN: loaded serial 15
Jan 17 02:32:55 mas01 named[18390]: zone 10.168.192.in-addr.arpa/IN: loaded serial 15
Jan 17 02:32:55 mas01 named[18390]: all zones loaded
Jan 17 02:32:55 mas01 named[18390]: running
Jan 17 02:32:55 mas01 named[18390]: zone maas/IN: loaded serial 15
Jan 17 02:32:56 mas01 sh[18464]: 2019-01-17 02:32:56 regiond: [info] 192.168.11.39 POST /MAAS/metadata/2012-03-01/ HTTP/1.1 --> 200 OK (referrer: -; agent: Python-urllib/3.5)
Jan 17 02:32:56 mas01 sh[18464]: 2019-01-17 02:32:56 regiond: [info] 192.168.11.39 POST /MAAS/metadata/2012-03-01/ HTTP/1.1 --> 200 OK (referrer: -; agent: Python-urllib/3.5)
Jan 17 02:32:56 mas01 sh[18460]: 2019-01-17 02:32:56 regiond: [info] 192.168.11.39 GET /MAAS/metadata/2012-03-01/maas-scripts/ HTTP/1.1 --> 200 OK (referrer: -; agent: Python-urllib/3.5)
Jan 17 02:32:57 mas01 sh[18469]: 2019-01-17 02:32:57 regiond: [info] 192.168.11.39 POST /MAAS/metadata/2012-03-01/ HTTP/1.1 --> 200 OK (referrer: -; agent: Python-urllib/3.5)
Jan 17 02:32:57 mas01 sh[19303]: 2019-01-17 02:32:57 regiond: [info] 192.168.11.39 GET /MAAS/metadata/latest/by-id/sx3ahe/?op=get_preseed HTTP/1.1 --> 200 OK (referrer: -; agent: curl/7.47.0)
Jan 17 02:32:57 mas01 sh[18464]: 2019-01-17 02:32:57 regiond: [info] 192.168.11.39 POST /MAAS/metadata/2012-03-01/ HTTP/1.1 --> 200 OK (referrer: -; agent: Python-urllib/3.5)
Jan 17 02:32:57 mas01 sh[18460]: 2019-01-17 02:32:57 regiond: [info] 192.168.11.39 POST /MAAS/metadata/2012-03-01/ HTTP/1.1 --> 200 OK (referrer: -; agent: Python-urllib/3.5)
Jan 17 02:32:57 mas01 sh[19303]: 2019-01-17 02:32:57 maasserver.region_controller: [info] Reloaded DNS configuration; ip 192.168.11.42 connected to kvm03 on eth0
Jan 17 02:32:57 mas01 sh[18073]: 2019-01-17 02:32:57 provisioningserver.rackdservices.tftp: [info] ubuntu/amd64/ga-16.04/xenial/daily/boot-initrd requested by 14:58:d0:54:7a:28
Jan 17 02:32:57 mas01 sh[19303]: 2019-01-17 02:32:57 regiond: [info] 192.168.11.39 POST /MAAS/metadata/2012-03-01/ HTTP/1.1 --> 200 OK (referrer: -; agent: Python-urllib/3.5)
Jan 17 02:32:57 mas01 sh[18469]: 2019-01-17 02:32:57 regiond: [info] 192.168.11.39 POST /MAAS/metadata/2012-03-01/ HTTP/1.1 --> 200 OK (referrer: -; agent: Python-urllib/3.5)
Jan 17 02:32:58 mas01 sh[18464]: 2019-01-17 02:32:58 regiond: [info] 192.168.11.39 POST /MAAS/metadata/2012-03-01/ HTTP/1.1 --> 200 OK (referrer: -; agent: Python-urllib/3.5)
Jan 17 02:32:58 mas01 sh[18469]: 2019-01-17 02:32:58 regiond: [info] 192.168.11.39 POST /MAAS/metadata/2012-03-01/ HTTP/1.1 --> 200 OK (referrer: -; agent: Python-urllib/3.5)
Jan 17 02:32:58 mas01 sh[18460]: 2019-01-17 02:32:58 regiond: [info] 192.168.11.39 POST /MAAS/metadata/2012-03-01/ HTTP/1.1 --> 200 OK (referrer: -; agent: Python-urllib/3.5)
Jan 17 02:32:58 mas01 sh[19303]: 2019-01-17 02:32:58 regiond: [info] 192.168.11.39 POST /MAAS/metadata/2012-03-01/ HTTP/1.1 --> 200 OK (referrer: -; agent: Python-urllib/3.5)
Jan 17 02:33:00 mas01 sh[19303]: 2019-01-17 02:33:00 regiond: [info] 127.0.0.1 GET /MAAS/rpc/ HTTP/1.0 --> 200 OK (referrer: -; agent: provisioningserver.rpc.clusterservice.ClusterClientService)
Jan 17 02:33:00 mas01 sh[18464]: 2019-01-17 02:33:00 regiond: [info] 192.168.11.39 POST /MAAS/metadata/2012-03-01/ HTTP/1.1 --> 200 OK (referrer: -; agent: Python-urllib/3.5)
Jan 17 02:33:01 mas01 sh[18469]: 2019-01-17 02:33:01 regiond: [info] 192.168.11.39 POST /MAAS/metadata/2012-03-01/ HTTP/1.1 --> 200 OK (referrer: -; agent: Python-urllib/3.5)
Jan 17 02:33:01 mas01 sh[18464]: 2019-01-17 02:33:01 regiond: [info] 192.168.11.39 POST /MAAS/metadata/2012-03-01/ HTTP/1.1 --> 200 OK (referrer: -; agent: Python-urllib/3.5)
Jan 17 02:33:01 mas01 sh[18464]: 2019-01-17 02:33:01 regiond: [info] 192.168.11.39 POST /MAAS/metadata/2012-03-01/ HTTP/1.1 --> 200 OK (referrer: -; agent: Python-urllib/3.5)
Jan 17 02:33:01 mas01 sh[19303]: 2019-01-17 02:33:01 regiond: [info] 192.168.11.39 POST /MAAS/metadata/2012-03-01/ HTTP/1.1 --> 200 OK (referrer: -; agent: Python-urllib/3.5)
Jan 17 02:33:03 mas01 sh[18464]: 2019-01-17 02:33:03 regiond: [info] 192.168.11.39 POST /MAAS/metadata/2012-03-01/ HTTP/1.1 --> 200 OK (referrer: -; agent: Python-urllib/3.5)
Jan 17 02:33:03 mas01 sh[18460]: 2019-01-17 02:33:03 regiond: [info] 192.168.11.39 POST /MAAS/metadata/2012-03-01/ HTTP/1.1 --> 200 OK (referrer: -; agent: Python-urllib/3.5)
Jan 17 02:33:03 mas01 salt-minion[5357]: [INFO    ] User sudo_ubuntu Executing command saltutil.find_job with jid 20190117023303738795
Jan 17 02:33:03 mas01 salt-minion[5357]: [INFO    ] Starting a new job with PID 22370
Jan 17 02:33:03 mas01 salt-minion[5357]: [INFO    ] Returning information for job: 20190117023303738795
Jan 17 02:33:05 mas01 dhcpd[21232]: DHCPDISCOVER from 9c:b6:54:8a:95:a4 via ens5
Jan 17 02:33:06 mas01 dhcpd[21232]: DHCPOFFER on 192.168.11.43 to 9c:b6:54:8a:95:a4 (cmp001) via ens5
Jan 17 02:33:06 mas01 dhcpd[21232]: execute_statement argv[0] = /usr/sbin/maas-dhcp-helper
Jan 17 02:33:06 mas01 dhcpd[21232]: execute_statement argv[1] = notify
Jan 17 02:33:06 mas01 dhcpd[21232]: execute_statement argv[2] = --action
Jan 17 02:33:06 mas01 dhcpd[21232]: execute_statement argv[3] = commit
Jan 17 02:33:06 mas01 dhcpd[21232]: execute_statement argv[4] = --mac
Jan 17 02:33:06 mas01 dhcpd[21232]: execute_statement argv[5] = 9c:b6:54:8a:95:a4
Jan 17 02:33:06 mas01 dhcpd[21232]: execute_statement argv[6] = --ip-family
Jan 17 02:33:06 mas01 dhcpd[21232]: execute_statement argv[7] = ipv4
Jan 17 02:33:06 mas01 dhcpd[21232]: execute_statement argv[8] = --ip
Jan 17 02:33:06 mas01 dhcpd[21232]: execute_statement argv[9] = 192.168.11.43
Jan 17 02:33:06 mas01 dhcpd[21232]: execute_statement argv[10] = --lease-time
Jan 17 02:33:06 mas01 dhcpd[21232]: execute_statement argv[11] = 600
Jan 17 02:33:06 mas01 dhcpd[21232]: execute_statement argv[12] = --hostname
Jan 17 02:33:06 mas01 dhcpd[21232]: execute_statement argv[13] = cmp001
Jan 17 02:33:06 mas01 dhcpd[21232]: execute_statement argv[14] = --socket
Jan 17 02:33:06 mas01 dhcpd[21232]: execute_statement argv[15] = /var/lib/maas/dhcpd.sock
Jan 17 02:33:06 mas01 dhcpd[21232]: DHCPREQUEST for 192.168.11.43 (192.168.11.3) from 9c:b6:54:8a:95:a4 (cmp001) via ens5
Jan 17 02:33:06 mas01 dhcpd[21232]: DHCPACK on 192.168.11.43 to 9c:b6:54:8a:95:a4 (cmp001) via ens5
Jan 17 02:33:06 mas01 sh[18464]: 2019-01-17 02:33:06 maasserver.rpc.leases: [info] Lease update: commit for 192.168.11.43 on 9c:b6:54:8a:95:a4 at 2019-01-17 02:33:06 (lease time: 600s) (hostname: cmp001)
Jan 17 02:33:07 mas01 sh[19303]: 2019-01-17 02:33:07 regiond: [info] 192.168.11.38 POST /MAAS/metadata/2012-03-01/ HTTP/1.1 --> 200 OK (referrer: -; agent: Python-urllib/3.5)
Jan 17 02:33:07 mas01 maas.interface: [info] ens5 (physical) on mas01: New MAC, IP binding observed: 9c:b6:54:8a:95:a0, 192.168.11.43
Jan 17 02:33:07 mas01 sh[19303]: 2019-01-17 02:33:07 regiond: [info] 192.168.11.38 POST /MAAS/metadata/2012-03-01/ HTTP/1.1 --> 200 OK (referrer: -; agent: Python-urllib/3.5)
Jan 17 02:33:07 mas01 maas.interface: [info] eno2 (physical) on cmp002: Observed connected to pxe_admin via 192.168.11.0/24.
Jan 17 02:33:07 mas01 sh[18464]: 2019-01-17 02:33:07 maasserver.models.signals.interfaces: [info] eno2 (physical) on cmp002: deleted IP addresses due to VLAN update (5001 -> 5003).
Jan 17 02:33:07 mas01 sh[18464]: 2019-01-17 02:33:07 maasserver.models.signals.interfaces: [info] ens1f0 (physical) on cmp002: deleted IP addresses due to VLAN update (5001 -> None).
Jan 17 02:33:07 mas01 sh[18464]: 2019-01-17 02:33:07 maasserver.models.signals.interfaces: [info] ens1f1 (physical) on cmp002: deleted IP addresses due to VLAN update (5001 -> None).
Jan 17 02:33:07 mas01 sh[18464]: 2019-01-17 02:33:07 regiond: [info] 192.168.11.38 POST /MAAS/metadata/2012-03-01/ HTTP/1.1 --> 200 OK (referrer: -; agent: Python-urllib/3.5)
Jan 17 02:33:07 mas01 sh[18464]: 2019-01-17 02:33:07 regiond: [info] 192.168.11.38 POST /MAAS/metadata/2012-03-01/ HTTP/1.1 --> 200 OK (referrer: -; agent: Python-urllib/3.5)
Jan 17 02:33:08 mas01 named[18390]: received control channel command 'reload'
Jan 17 02:33:08 mas01 named[18390]: loading configuration from '/etc/bind/named.conf'
Jan 17 02:33:08 mas01 named[18390]: reading built-in trusted keys from file '/etc/bind/bind.keys'
Jan 17 02:33:08 mas01 named[18390]: initializing GeoIP Country (IPv4) (type 1) DB
Jan 17 02:33:08 mas01 named[18390]: GEO-106FREE 20160408 Bu
Jan 17 02:33:08 mas01 named[18390]: initializing GeoIP Country (IPv6) (type 12) DB
Jan 17 02:33:08 mas01 named[18390]: GEO-106FREE 20160408 Bu
Jan 17 02:33:08 mas01 named[18390]: GeoIP City (IPv4) (type 2) DB not available
Jan 17 02:33:08 mas01 named[18390]: GeoIP City (IPv4) (type 6) DB not available
Jan 17 02:33:08 mas01 named[18390]: GeoIP City (IPv6) (type 30) DB not available
Jan 17 02:33:08 mas01 named[18390]: GeoIP City (IPv6) (type 31) DB not available
Jan 17 02:33:08 mas01 named[18390]: GeoIP Region (type 3) DB not available
Jan 17 02:33:08 mas01 named[18390]: GeoIP Region (type 7) DB not available
Jan 17 02:33:08 mas01 named[18390]: GeoIP ISP (type 4) DB not available
Jan 17 02:33:08 mas01 named[18390]: GeoIP Org (type 5) DB not available
Jan 17 02:33:08 mas01 named[18390]: GeoIP AS (type 9) DB not available
Jan 17 02:33:08 mas01 named[18390]: GeoIP Domain (type 11) DB not available
Jan 17 02:33:08 mas01 named[18390]: GeoIP NetSpeed (type 10) DB not available
Jan 17 02:33:08 mas01 named[18390]: using default UDP/IPv4 port range: [32768, 60999]
Jan 17 02:33:08 mas01 named[18390]: using default UDP/IPv6 port range: [32768, 60999]
Jan 17 02:33:08 mas01 named[18390]: sizing zone task pool based on 9 zones
Jan 17 02:33:08 mas01 named[18390]: automatic empty zone: 10.IN-ADDR.ARPA
Jan 17 02:33:08 mas01 named[18390]: automatic empty zone: 16.172.IN-ADDR.ARPA
Jan 17 02:33:08 mas01 named[18390]: automatic empty zone: 17.172.IN-ADDR.ARPA
Jan 17 02:33:08 mas01 named[18390]: automatic empty zone: 18.172.IN-ADDR.ARPA
Jan 17 02:33:08 mas01 named[18390]: automatic empty zone: 19.172.IN-ADDR.ARPA
Jan 17 02:33:08 mas01 named[18390]: automatic empty zone: 20.172.IN-ADDR.ARPA
Jan 17 02:33:08 mas01 named[18390]: automatic empty zone: 21.172.IN-ADDR.ARPA
Jan 17 02:33:08 mas01 named[18390]: automatic empty zone: 22.172.IN-ADDR.ARPA
Jan 17 02:33:08 mas01 named[18390]: automatic empty zone: 23.172.IN-ADDR.ARPA
Jan 17 02:33:08 mas01 named[18390]: automatic empty zone: 24.172.IN-ADDR.ARPA
Jan 17 02:33:08 mas01 named[18390]: automatic empty zone: 25.172.IN-ADDR.ARPA
Jan 17 02:33:08 mas01 named[18390]: automatic empty zone: 26.172.IN-ADDR.ARPA
Jan 17 02:33:08 mas01 named[18390]: automatic empty zone: 27.172.IN-ADDR.ARPA
Jan 17 02:33:08 mas01 named[18390]: automatic empty zone: 28.172.IN-ADDR.ARPA
Jan 17 02:33:08 mas01 named[18390]: automatic empty zone: 29.172.IN-ADDR.ARPA
Jan 17 02:33:08 mas01 named[18390]: automatic empty zone: 30.172.IN-ADDR.ARPA
Jan 17 02:33:08 mas01 named[18390]: automatic empty zone: 31.172.IN-ADDR.ARPA
Jan 17 02:33:08 mas01 named[18390]: automatic empty zone: 168.192.IN-ADDR.ARPA
Jan 17 02:33:08 mas01 named[18390]: automatic empty zone: 64.100.IN-ADDR.ARPA
Jan 17 02:33:08 mas01 named[18390]: automatic empty zone: 65.100.IN-ADDR.ARPA
Jan 17 02:33:08 mas01 named[18390]: automatic empty zone: 66.100.IN-ADDR.ARPA
Jan 17 02:33:08 mas01 named[18390]: automatic empty zone: 67.100.IN-ADDR.ARPA
Jan 17 02:33:08 mas01 named[18390]: automatic empty zone: 68.100.IN-ADDR.ARPA
Jan 17 02:33:08 mas01 named[18390]: automatic empty zone: 69.100.IN-ADDR.ARPA
Jan 17 02:33:08 mas01 named[18390]: automatic empty zone: 70.100.IN-ADDR.ARPA
Jan 17 02:33:08 mas01 named[18390]: automatic empty zone: 71.100.IN-ADDR.ARPA
Jan 17 02:33:08 mas01 named[18390]: automatic empty zone: 72.100.IN-ADDR.ARPA
Jan 17 02:33:08 mas01 named[18390]: automatic empty zone: 73.100.IN-ADDR.ARPA
Jan 17 02:33:08 mas01 named[18390]: automatic empty zone: 74.100.IN-ADDR.ARPA
Jan 17 02:33:08 mas01 named[18390]: automatic empty zone: 75.100.IN-ADDR.ARPA
Jan 17 02:33:08 mas01 named[18390]: automatic empty zone: 76.100.IN-ADDR.ARPA
Jan 17 02:33:08 mas01 named[18390]: automatic empty zone: 77.100.IN-ADDR.ARPA
Jan 17 02:33:08 mas01 named[18390]: automatic empty zone: 78.100.IN-ADDR.ARPA
Jan 17 02:33:08 mas01 named[18390]: automatic empty zone: 79.100.IN-ADDR.ARPA
Jan 17 02:33:08 mas01 named[18390]: automatic empty zone: 80.100.IN-ADDR.ARPA
Jan 17 02:33:08 mas01 named[18390]: automatic empty zone: 81.100.IN-ADDR.ARPA
Jan 17 02:33:08 mas01 named[18390]: automatic empty zone: 82.100.IN-ADDR.ARPA
Jan 17 02:33:08 mas01 named[18390]: automatic empty zone: 83.100.IN-ADDR.ARPA
Jan 17 02:33:08 mas01 named[18390]: automatic empty zone: 84.100.IN-ADDR.ARPA
Jan 17 02:33:08 mas01 named[18390]: automatic empty zone: 85.100.IN-ADDR.ARPA
Jan 17 02:33:08 mas01 named[18390]: automatic empty zone: 86.100.IN-ADDR.ARPA
Jan 17 02:33:08 mas01 named[18390]: automatic empty zone: 87.100.IN-ADDR.ARPA
Jan 17 02:33:08 mas01 named[18390]: automatic empty zone: 88.100.IN-ADDR.ARPA
Jan 17 02:33:08 mas01 named[18390]: automatic empty zone: 89.100.IN-ADDR.ARPA
Jan 17 02:33:08 mas01 named[18390]: automatic empty zone: 90.100.IN-ADDR.ARPA
Jan 17 02:33:08 mas01 named[18390]: automatic empty zone: 91.100.IN-ADDR.ARPA
Jan 17 02:33:08 mas01 named[18390]: automatic empty zone: 92.100.IN-ADDR.ARPA
Jan 17 02:33:08 mas01 named[18390]: automatic empty zone: 93.100.IN-ADDR.ARPA
Jan 17 02:33:08 mas01 named[18390]: automatic empty zone: 94.100.IN-ADDR.ARPA
Jan 17 02:33:08 mas01 named[18390]: automatic empty zone: 95.100.IN-ADDR.ARPA
Jan 17 02:33:08 mas01 named[18390]: automatic empty zone: 96.100.IN-ADDR.ARPA
Jan 17 02:33:08 mas01 named[18390]: automatic empty zone: 97.100.IN-ADDR.ARPA
Jan 17 02:33:08 mas01 named[18390]: automatic empty zone: 98.100.IN-ADDR.ARPA
Jan 17 02:33:08 mas01 named[18390]: automatic empty zone: 99.100.IN-ADDR.ARPA
Jan 17 02:33:08 mas01 named[18390]: automatic empty zone: 100.100.IN-ADDR.ARPA
Jan 17 02:33:08 mas01 named[18390]: automatic empty zone: 101.100.IN-ADDR.ARPA
Jan 17 02:33:08 mas01 named[18390]: automatic empty zone: 102.100.IN-ADDR.ARPA
Jan 17 02:33:08 mas01 named[18390]: automatic empty zone: 103.100.IN-ADDR.ARPA
Jan 17 02:33:08 mas01 named[18390]: automatic empty zone: 104.100.IN-ADDR.ARPA
Jan 17 02:33:08 mas01 named[18390]: automatic empty zone: 105.100.IN-ADDR.ARPA
Jan 17 02:33:08 mas01 named[18390]: automatic empty zone: 106.100.IN-ADDR.ARPA
Jan 17 02:33:08 mas01 named[18390]: automatic empty zone: 107.100.IN-ADDR.ARPA
Jan 17 02:33:08 mas01 named[18390]: automatic empty zone: 108.100.IN-ADDR.ARPA
Jan 17 02:33:08 mas01 named[18390]: automatic empty zone: 109.100.IN-ADDR.ARPA
Jan 17 02:33:08 mas01 named[18390]: automatic empty zone: 110.100.IN-ADDR.ARPA
Jan 17 02:33:08 mas01 named[18390]: automatic empty zone: 111.100.IN-ADDR.ARPA
Jan 17 02:33:08 mas01 named[18390]: automatic empty zone: 112.100.IN-ADDR.ARPA
Jan 17 02:33:08 mas01 named[18390]: automatic empty zone: 113.100.IN-ADDR.ARPA
Jan 17 02:33:08 mas01 named[18390]: automatic empty zone: 114.100.IN-ADDR.ARPA
Jan 17 02:33:08 mas01 named[18390]: automatic empty zone: 115.100.IN-ADDR.ARPA
Jan 17 02:33:08 mas01 named[18390]: automatic empty zone: 116.100.IN-ADDR.ARPA
Jan 17 02:33:08 mas01 named[18390]: automatic empty zone: 117.100.IN-ADDR.ARPA
Jan 17 02:33:08 mas01 named[18390]: automatic empty zone: 118.100.IN-ADDR.ARPA
Jan 17 02:33:08 mas01 named[18390]: automatic empty zone: 119.100.IN-ADDR.ARPA
Jan 17 02:33:08 mas01 named[18390]: automatic empty zone: 120.100.IN-ADDR.ARPA
Jan 17 02:33:08 mas01 named[18390]: automatic empty zone: 121.100.IN-ADDR.ARPA
Jan 17 02:33:08 mas01 named[18390]: automatic empty zone: 122.100.IN-ADDR.ARPA
Jan 17 02:33:08 mas01 named[18390]: automatic empty zone: 123.100.IN-ADDR.ARPA
Jan 17 02:33:08 mas01 named[18390]: automatic empty zone: 124.100.IN-ADDR.ARPA
Jan 17 02:33:08 mas01 named[18390]: automatic empty zone: 125.100.IN-ADDR.ARPA
Jan 17 02:33:08 mas01 named[18390]: automatic empty zone: 126.100.IN-ADDR.ARPA
Jan 17 02:33:08 mas01 named[18390]: automatic empty zone: 127.100.IN-ADDR.ARPA
Jan 17 02:33:08 mas01 named[18390]: automatic empty zone: 254.169.IN-ADDR.ARPA
Jan 17 02:33:08 mas01 named[18390]: automatic empty zone: 2.0.192.IN-ADDR.ARPA
Jan 17 02:33:08 mas01 named[18390]: automatic empty zone: 100.51.198.IN-ADDR.ARPA
Jan 17 02:33:08 mas01 named[18390]: automatic empty zone: 113.0.203.IN-ADDR.ARPA
Jan 17 02:33:08 mas01 named[18390]: automatic empty zone: 255.255.255.255.IN-ADDR.ARPA
Jan 17 02:33:08 mas01 named[18390]: automatic empty zone: 0.0.0.0.0.0.0.0.0.0.0.0.0.0.0.0.0.0.0.0.0.0.0.0.0.0.0.0.0.0.0.0.IP6.ARPA
Jan 17 02:33:08 mas01 named[18390]: automatic empty zone: 1.0.0.0.0.0.0.0.0.0.0.0.0.0.0.0.0.0.0.0.0.0.0.0.0.0.0.0.0.0.0.0.IP6.ARPA
Jan 17 02:33:08 mas01 named[18390]: automatic empty zone: D.F.IP6.ARPA
Jan 17 02:33:08 mas01 named[18390]: automatic empty zone: 8.E.F.IP6.ARPA
Jan 17 02:33:08 mas01 named[18390]: automatic empty zone: 9.E.F.IP6.ARPA
Jan 17 02:33:08 mas01 named[18390]: automatic empty zone: A.E.F.IP6.ARPA
Jan 17 02:33:08 mas01 named[18390]: automatic empty zone: B.E.F.IP6.ARPA
Jan 17 02:33:08 mas01 named[18390]: automatic empty zone: 8.B.D.0.1.0.0.2.IP6.ARPA
Jan 17 02:33:08 mas01 named[18390]: automatic empty zone: EMPTY.AS112.ARPA
Jan 17 02:33:08 mas01 named[18390]: configuring command channel from '/etc/bind/rndc.key'
Jan 17 02:33:08 mas01 named[18390]: reloading configuration succeeded
Jan 17 02:33:08 mas01 named[18390]: reloading zones succeeded
Jan 17 02:33:08 mas01 named[18390]: zone 0.20.10.in-addr.arpa/IN: loaded serial 19
Jan 17 02:33:08 mas01 named[18390]: zone maas/IN: loaded serial 19
Jan 17 02:33:08 mas01 named[18390]: zone 10.168.192.in-addr.arpa/IN: loaded serial 19
Jan 17 02:33:08 mas01 named[18390]: all zones loaded
Jan 17 02:33:08 mas01 named[18390]: running
Jan 17 02:33:08 mas01 named[18390]: zone 11.168.192.in-addr.arpa/IN: loaded serial 19
Jan 17 02:33:08 mas01 sh[19303]: 2019-01-17 02:33:08 regiond: [info] 192.168.11.38 POST /MAAS/metadata/2012-03-01/ HTTP/1.1 --> 200 OK (referrer: -; agent: Python-urllib/3.5)
Jan 17 02:33:08 mas01 maas.node: [info] cmp002: Storage layout was set to lvm.
Jan 17 02:33:08 mas01 maas.node: [info] cmp002: Status transition from COMMISSIONING to TESTING
Jan 17 02:33:08 mas01 sh[19303]: 2019-01-17 02:33:08 regiond: [info] 192.168.11.38 POST /MAAS/metadata/2012-03-01/ HTTP/1.1 --> 200 OK (referrer: -; agent: Python-urllib/3.5)
Jan 17 02:33:08 mas01 sh[19303]: 2019-01-17 02:33:08 regiond: [info] 192.168.11.38 GET /MAAS/metadata/2012-03-01/maas-scripts/ HTTP/1.1 --> 200 OK (referrer: -; agent: Python-urllib/3.5)
Jan 17 02:33:08 mas01 sh[18464]: 2019-01-17 02:33:08 regiond: [info] 192.168.11.38 POST /MAAS/metadata/2012-03-01/ HTTP/1.1 --> 200 OK (referrer: -; agent: Python-urllib/3.5)
Jan 17 02:33:08 mas01 sh[18469]: 2019-01-17 02:33:08 regiond: [info] 192.168.11.38 POST /MAAS/metadata/2012-03-01/ HTTP/1.1 --> 200 OK (referrer: -; agent: Python-urllib/3.5)
Jan 17 02:33:08 mas01 systemd[1]: Stopping MAAS instance of ISC DHCP server for IPv4...
Jan 17 02:33:09 mas01 systemd[1]: Stopped MAAS instance of ISC DHCP server for IPv4.
Jan 17 02:33:09 mas01 systemd[1]: Starting MAAS instance of ISC DHCP server for IPv4...
Jan 17 02:33:09 mas01 systemd[1]: Started MAAS instance of ISC DHCP server for IPv4.
Jan 17 02:33:09 mas01 maas.service_monitor: [info] Service 'maas-dhcpd' has been restarted. Its current state is 'on' and 'running'.
Jan 17 02:33:09 mas01 sh[18469]: 2019-01-17 02:33:09 maasserver.dhcp: [info] Successfully configured DHCPv4 on rack controller 'dk8wxh'.
Jan 17 02:33:09 mas01 sh[18469]: 2019-01-17 02:33:09 maasserver.dhcp: [info] Successfully configured DHCPv6 on rack controller 'dk8wxh'.
Jan 17 02:33:09 mas01 dhcpd[22429]: Wrote 0 class decls to leases file.
Jan 17 02:33:09 mas01 dhcpd[22429]: Wrote 0 deleted host decls to leases file.
Jan 17 02:33:09 mas01 dhcpd[22429]: Wrote 0 new dynamic host decls to leases file.
Jan 17 02:33:09 mas01 dhcpd[22429]: Wrote 6 leases to leases file.
Jan 17 02:33:09 mas01 dhcpd[22429]: Server starting service.
Jan 17 02:33:10 mas01 sh[19303]: 2019-01-17 02:33:10 maasserver.region_controller: [info] Reloaded DNS configuration:
Jan 17 02:33:10 mas01 sh[19303]: #011 * ip 192.168.11.38 connected to cmp002 on eno1
Jan 17 02:33:10 mas01 sh[19303]: #011 * ip 192.168.11.38 disconnected from cmp002 on eno1
Jan 17 02:33:10 mas01 sh[19303]: #011 * node cmp002 renamed interface eth0 to eno1
Jan 17 02:33:10 mas01 sh[19303]: #011 * ip 192.168.11.40 connected to cmp002 on eno2
Jan 17 02:33:12 mas01 sh[19303]: 2019-01-17 02:33:12 regiond: [info] 192.168.11.39 POST /MAAS/metadata/2012-03-01/ HTTP/1.1 --> 200 OK (referrer: -; agent: Python-urllib/3.5)
Jan 17 02:33:12 mas01 sh[18469]: 2019-01-17 02:33:12 regiond: [info] 192.168.11.39 POST /MAAS/metadata/2012-03-01/ HTTP/1.1 --> 200 OK (referrer: -; agent: Python-urllib/3.5)
Jan 17 02:33:12 mas01 sh[18460]: 2019-01-17 02:33:12 regiond: [info] 192.168.11.39 POST /MAAS/metadata/2012-03-01/ HTTP/1.1 --> 200 OK (referrer: -; agent: Python-urllib/3.5)
Jan 17 02:33:12 mas01 sh[18469]: 2019-01-17 02:33:12 regiond: [info] 192.168.11.39 POST /MAAS/metadata/2012-03-01/ HTTP/1.1 --> 200 OK (referrer: -; agent: Python-urllib/3.5)
Jan 17 02:33:12 mas01 sh[18469]: 2019-01-17 02:33:12 regiond: [info] 192.168.11.39 POST /MAAS/metadata/2012-03-01/ HTTP/1.1 --> 200 OK (referrer: -; agent: Python-urllib/3.5)
Jan 17 02:33:12 mas01 sh[19303]: 2019-01-17 02:33:12 regiond: [info] 192.168.11.39 POST /MAAS/metadata/2012-03-01/ HTTP/1.1 --> 200 OK (referrer: -; agent: Python-urllib/3.5)
Jan 17 02:33:13 mas01 salt-minion[5357]: [INFO    ] User sudo_ubuntu Executing command saltutil.find_job with jid 20190117023313944488
Jan 17 02:33:14 mas01 salt-minion[5357]: [INFO    ] Starting a new job with PID 22468
Jan 17 02:33:14 mas01 salt-minion[5357]: [INFO    ] Returning information for job: 20190117023313944488
Jan 17 02:33:14 mas01 sh[18464]: 2019-01-17 02:33:14 regiond: [info] 192.168.11.38 POST /MAAS/metadata/2012-03-01/ HTTP/1.1 --> 200 OK (referrer: -; agent: Python-urllib/3.5)
Jan 17 02:33:14 mas01 sh[19303]: 2019-01-17 02:33:14 regiond: [info] 192.168.11.38 POST /MAAS/metadata/2012-03-01/ HTTP/1.1 --> 200 OK (referrer: -; agent: Python-urllib/3.5)
Jan 17 02:33:14 mas01 maas.node: [info] cmp002: Status transition from TESTING to READY
Jan 17 02:33:15 mas01 sh[19303]: 2019-01-17 02:33:15 regiond: [info] 192.168.11.38 POST /MAAS/metadata/2012-03-01/ HTTP/1.1 --> 200 OK (referrer: -; agent: Python-urllib/3.5)
Jan 17 02:33:15 mas01 sh[18464]: 2019-01-17 02:33:15 regiond: [info] 192.168.11.38 POST /MAAS/metadata/status/pqx7qy HTTP/1.1 --> 204 NO_CONTENT (referrer: -; agent: python-requests/2.9.1)
Jan 17 02:33:15 mas01 sh[18464]: 2019-01-17 02:33:15 regiond: [info] 192.168.11.38 POST /MAAS/metadata/status/pqx7qy HTTP/1.1 --> 204 NO_CONTENT (referrer: -; agent: python-requests/2.9.1)
Jan 17 02:33:15 mas01 sh[18469]: 2019-01-17 02:33:15 regiond: [info] 192.168.11.38 POST /MAAS/metadata/status/pqx7qy HTTP/1.1 --> 204 NO_CONTENT (referrer: -; agent: python-requests/2.9.1)
Jan 17 02:33:15 mas01 sh[18460]: 2019-01-17 02:33:15 regiond: [info] 192.168.11.38 POST /MAAS/metadata/status/pqx7qy HTTP/1.1 --> 204 NO_CONTENT (referrer: -; agent: python-requests/2.9.1)
Jan 17 02:33:15 mas01 sh[18464]: 2019-01-17 02:33:15 regiond: [info] 192.168.11.38 POST /MAAS/metadata/status/pqx7qy HTTP/1.1 --> 204 NO_CONTENT (referrer: -; agent: python-requests/2.9.1)
Jan 17 02:33:15 mas01 sh[18464]: message repeated 2 times: [ 2019-01-17 02:33:15 regiond: [info] 192.168.11.38 POST /MAAS/metadata/status/pqx7qy HTTP/1.1 --> 204 NO_CONTENT (referrer: -; agent: python-requests/2.9.1)]
Jan 17 02:33:15 mas01 sh[19303]: 2019-01-17 02:33:15 regiond: [info] 192.168.11.38 POST /MAAS/metadata/status/pqx7qy HTTP/1.1 --> 204 NO_CONTENT (referrer: -; agent: python-requests/2.9.1)
Jan 17 02:33:15 mas01 sh[18464]: 2019-01-17 02:33:15 regiond: [info] 192.168.11.38 POST /MAAS/metadata/status/pqx7qy HTTP/1.1 --> 204 NO_CONTENT (referrer: -; agent: python-requests/2.9.1)
Jan 17 02:33:15 mas01 sh[18464]: message repeated 2 times: [ 2019-01-17 02:33:15 regiond: [info] 192.168.11.38 POST /MAAS/metadata/status/pqx7qy HTTP/1.1 --> 204 NO_CONTENT (referrer: -; agent: python-requests/2.9.1)]
Jan 17 02:33:15 mas01 sh[19303]: 2019-01-17 02:33:15 regiond: [info] 192.168.11.38 POST /MAAS/metadata/status/pqx7qy HTTP/1.1 --> 204 NO_CONTENT (referrer: -; agent: python-requests/2.9.1)
Jan 17 02:33:16 mas01 sh[18469]: 2019-01-17 02:33:16 regiond: [info] 127.0.0.1 GET /MAAS/api/2.0/machines/ HTTP/1.1 --> 200 OK (referrer: -; agent: Python-urllib/2.7)
Jan 17 02:33:17 mas01 sh[18469]: 2019-01-17 02:33:17 regiond: [info] 127.0.0.1 GET /MAAS/api/2.0/machines/ HTTP/1.1 --> 200 OK (referrer: -; agent: Python-urllib/2.7)
Jan 17 02:33:17 mas01 sh[19303]: 2019-01-17 02:33:17 regiond: [info] 127.0.0.1 GET /MAAS/api/2.0/machines/ HTTP/1.1 --> 200 OK (referrer: -; agent: Python-urllib/2.7)
Jan 17 02:33:17 mas01 dhcpd[22429]: DHCPDISCOVER from 14:58:d0:54:7a:28 via ens5
Jan 17 02:33:17 mas01 dhcpd[22429]: DHCPOFFER on 192.168.11.42 to 14:58:d0:54:7a:28 (kvm03) via ens5
Jan 17 02:33:17 mas01 dhcpd[22429]: execute_statement argv[0] = /usr/sbin/maas-dhcp-helper
Jan 17 02:33:17 mas01 dhcpd[22429]: execute_statement argv[1] = notify
Jan 17 02:33:17 mas01 dhcpd[22429]: execute_statement argv[2] = --action
Jan 17 02:33:17 mas01 dhcpd[22429]: execute_statement argv[3] = commit
Jan 17 02:33:17 mas01 dhcpd[22429]: execute_statement argv[4] = --mac
Jan 17 02:33:17 mas01 dhcpd[22429]: execute_statement argv[5] = 14:58:d0:54:7a:28
Jan 17 02:33:17 mas01 dhcpd[22429]: execute_statement argv[6] = --ip-family
Jan 17 02:33:17 mas01 dhcpd[22429]: execute_statement argv[7] = ipv4
Jan 17 02:33:17 mas01 dhcpd[22429]: execute_statement argv[8] = --ip
Jan 17 02:33:17 mas01 dhcpd[22429]: execute_statement argv[9] = 192.168.11.42
Jan 17 02:33:17 mas01 dhcpd[22429]: execute_statement argv[10] = --lease-time
Jan 17 02:33:17 mas01 dhcpd[22429]: execute_statement argv[11] = 600
Jan 17 02:33:17 mas01 dhcpd[22429]: execute_statement argv[12] = --hostname
Jan 17 02:33:17 mas01 dhcpd[22429]: execute_statement argv[13] = kvm03
Jan 17 02:33:17 mas01 dhcpd[22429]: execute_statement argv[14] = --socket
Jan 17 02:33:17 mas01 dhcpd[22429]: execute_statement argv[15] = /var/lib/maas/dhcpd.sock
Jan 17 02:33:18 mas01 dhcpd[22429]: DHCPREQUEST for 192.168.11.42 (192.168.11.3) from 14:58:d0:54:7a:28 (kvm03) via ens5
Jan 17 02:33:18 mas01 dhcpd[22429]: DHCPACK on 192.168.11.42 to 14:58:d0:54:7a:28 (kvm03) via ens5
Jan 17 02:33:18 mas01 dhcpd[22429]: DHCPDISCOVER from 14:58:d0:54:e7:88 via ens5
Jan 17 02:33:18 mas01 dhcpd[22429]: DHCPOFFER on 192.168.11.41 to 14:58:d0:54:e7:88 (kvm01) via ens5
Jan 17 02:33:18 mas01 dhcpd[22429]: execute_statement argv[0] = /usr/sbin/maas-dhcp-helper
Jan 17 02:33:18 mas01 dhcpd[22429]: execute_statement argv[1] = notify
Jan 17 02:33:18 mas01 dhcpd[22429]: execute_statement argv[2] = --action
Jan 17 02:33:18 mas01 dhcpd[22429]: execute_statement argv[3] = commit
Jan 17 02:33:18 mas01 dhcpd[22429]: execute_statement argv[4] = --mac
Jan 17 02:33:18 mas01 dhcpd[22429]: execute_statement argv[5] = 14:58:d0:54:e7:88
Jan 17 02:33:18 mas01 dhcpd[22429]: execute_statement argv[6] = --ip-family
Jan 17 02:33:18 mas01 dhcpd[22429]: execute_statement argv[7] = ipv4
Jan 17 02:33:18 mas01 dhcpd[22429]: execute_statement argv[8] = --ip
Jan 17 02:33:18 mas01 dhcpd[22429]: execute_statement argv[9] = 192.168.11.41
Jan 17 02:33:18 mas01 dhcpd[22429]: execute_statement argv[10] = --lease-time
Jan 17 02:33:18 mas01 dhcpd[22429]: execute_statement argv[11] = 600
Jan 17 02:33:18 mas01 dhcpd[22429]: execute_statement argv[12] = --hostname
Jan 17 02:33:18 mas01 dhcpd[22429]: execute_statement argv[13] = kvm01
Jan 17 02:33:18 mas01 dhcpd[22429]: execute_statement argv[14] = --socket
Jan 17 02:33:18 mas01 dhcpd[22429]: execute_statement argv[15] = /var/lib/maas/dhcpd.sock
Jan 17 02:33:18 mas01 salt-minion[5357]: [INFO    ] Waiting status:Ready|Deployed for machines:['cmp001', 'kvm01', 'kvm03', 'kvm02']
Jan 17 02:33:18 mas01 salt-minion[5357]: sleep for:30s Timeout:1500s (1280.61956906s left)
Jan 17 02:33:18 mas01 sh[18464]: 2019-01-17 02:33:18 maasserver.rpc.leases: [info] Lease update: commit for 192.168.11.42 on 14:58:d0:54:7a:28 at 2019-01-17 02:33:18 (lease time: 600s) (hostname: kvm03)
Jan 17 02:33:18 mas01 dhcpd[22429]: DHCPREQUEST for 192.168.11.41 (192.168.11.3) from 14:58:d0:54:e7:88 (kvm01) via ens5
Jan 17 02:33:18 mas01 dhcpd[22429]: DHCPACK on 192.168.11.41 to 14:58:d0:54:e7:88 (kvm01) via ens5
Jan 17 02:33:18 mas01 sh[18469]: 2019-01-17 02:33:18 maasserver.rpc.leases: [info] Lease update: commit for 192.168.11.41 on 14:58:d0:54:e7:88 at 2019-01-17 02:33:18 (lease time: 600s) (hostname: kvm01)
Jan 17 02:33:18 mas01 sh[18073]: 2019-01-17 02:33:18 rackd: [info] 192.168.11.42 GET /images/ubuntu/amd64/ga-16.04/xenial/daily/squashfs HTTP/1.1 --> 200 OK (referrer: -; agent: Wget)
Jan 17 02:33:18 mas01 sh[18073]: 2019-01-17 02:33:18 rackd: [info] 192.168.11.41 GET /images/ubuntu/amd64/ga-16.04/xenial/daily/squashfs HTTP/1.1 --> 200 OK (referrer: -; agent: Wget)
Jan 17 02:33:21 mas01 sh[18464]: 2019-01-17 02:33:21 regiond: [info] 192.168.11.42 GET /MAAS/metadata/latest/by-id/mbbqag/?op=get_preseed HTTP/1.1 --> 200 OK (referrer: -; agent: Cloud-Init/18.4-0ubuntu1~16.04.2)
Jan 17 02:33:21 mas01 sh[18460]: 2019-01-17 02:33:21 regiond: [info] 192.168.11.41 GET /MAAS/metadata/latest/by-id/ma6ddy/?op=get_preseed HTTP/1.1 --> 200 OK (referrer: -; agent: Cloud-Init/18.4-0ubuntu1~16.04.2)
Jan 17 02:33:21 mas01 sh[19303]: 2019-01-17 02:33:21 regiond: [info] 192.168.11.42 POST /MAAS/metadata/status/mbbqag HTTP/1.1 --> 204 NO_CONTENT (referrer: -; agent: python-requests/2.9.1)
Jan 17 02:33:21 mas01 sh[19303]: 2019-01-17 02:33:21 regiond: [info] 192.168.11.42 POST /MAAS/metadata/status/mbbqag HTTP/1.1 --> 204 NO_CONTENT (referrer: -; agent: python-requests/2.9.1)
Jan 17 02:33:21 mas01 sh[18469]: 2019-01-17 02:33:21 regiond: [info] 192.168.11.41 POST /MAAS/metadata/status/ma6ddy HTTP/1.1 --> 204 NO_CONTENT (referrer: -; agent: python-requests/2.9.1)
Jan 17 02:33:21 mas01 sh[18464]: 2019-01-17 02:33:21 regiond: [info] 192.168.11.41 POST /MAAS/metadata/status/ma6ddy HTTP/1.1 --> 204 NO_CONTENT (referrer: -; agent: python-requests/2.9.1)
Jan 17 02:33:22 mas01 sh[18464]: 2019-01-17 02:33:22 regiond: [info] 192.168.11.42 POST /MAAS/metadata/status/mbbqag HTTP/1.1 --> 204 NO_CONTENT (referrer: -; agent: python-requests/2.9.1)
Jan 17 02:33:22 mas01 sh[18460]: 2019-01-17 02:33:22 regiond: [info] 192.168.11.41 POST /MAAS/metadata/status/ma6ddy HTTP/1.1 --> 204 NO_CONTENT (referrer: -; agent: python-requests/2.9.1)
Jan 17 02:33:22 mas01 sh[19303]: 2019-01-17 02:33:22 regiond: [info] 192.168.11.42 POST /MAAS/metadata/status/mbbqag HTTP/1.1 --> 204 NO_CONTENT (referrer: -; agent: python-requests/2.9.1)
Jan 17 02:33:22 mas01 sh[18460]: 2019-01-17 02:33:22 regiond: [info] 192.168.11.42 POST /MAAS/metadata/status/mbbqag HTTP/1.1 --> 204 NO_CONTENT (referrer: -; agent: python-requests/2.9.1)
Jan 17 02:33:22 mas01 sh[18469]: 2019-01-17 02:33:22 regiond: [info] 192.168.11.41 GET /MAAS/metadata/latest/by-id/ma6ddy/?op=get_preseed HTTP/1.1 --> 200 OK (referrer: -; agent: Cloud-Init/18.4-0ubuntu1~16.04.2)
Jan 17 02:33:22 mas01 sh[18469]: 2019-01-17 02:33:22 regiond: [info] 192.168.11.42 POST /MAAS/metadata/status/mbbqag HTTP/1.1 --> 204 NO_CONTENT (referrer: -; agent: python-requests/2.9.1)
Jan 17 02:33:22 mas01 sh[19303]: 2019-01-17 02:33:22 regiond: [info] 192.168.11.42 GET /MAAS/metadata/2012-03-01/meta-data/instance-id HTTP/1.1 --> 200 OK (referrer: -; agent: Cloud-Init/18.4-0ubuntu1~16.04.2)
Jan 17 02:33:22 mas01 sh[18464]: 2019-01-17 02:33:22 regiond: [info] 192.168.11.41 POST /MAAS/metadata/status/ma6ddy HTTP/1.1 --> 204 NO_CONTENT (referrer: -; agent: python-requests/2.9.1)
Jan 17 02:33:22 mas01 sh[18464]: message repeated 2 times: [ 2019-01-17 02:33:22 regiond: [info] 192.168.11.41 POST /MAAS/metadata/status/ma6ddy HTTP/1.1 --> 204 NO_CONTENT (referrer: -; agent: python-requests/2.9.1)]
Jan 17 02:33:22 mas01 sh[18460]: 2019-01-17 02:33:22 regiond: [info] 192.168.11.42 GET /MAAS/metadata/2012-03-01/meta-data/instance-id HTTP/1.1 --> 200 OK (referrer: -; agent: python-requests/2.9.1)
Jan 17 02:33:22 mas01 sh[19303]: 2019-01-17 02:33:22 regiond: [info] 192.168.11.41 GET /MAAS/metadata/2012-03-01/meta-data/instance-id HTTP/1.1 --> 200 OK (referrer: -; agent: Cloud-Init/18.4-0ubuntu1~16.04.2)
Jan 17 02:33:22 mas01 sh[18460]: 2019-01-17 02:33:22 regiond: [info] 192.168.11.42 GET /MAAS/metadata/2012-03-01/meta-data/local-hostname HTTP/1.1 --> 200 OK (referrer: -; agent: python-requests/2.9.1)
Jan 17 02:33:22 mas01 sh[19303]: 2019-01-17 02:33:22 regiond: [info] 192.168.11.41 GET /MAAS/metadata/2012-03-01/meta-data/instance-id HTTP/1.1 --> 200 OK (referrer: -; agent: python-requests/2.9.1)
Jan 17 02:33:22 mas01 sh[18460]: 2019-01-17 02:33:22 regiond: [info] 192.168.11.41 GET /MAAS/metadata/2012-03-01/meta-data/local-hostname HTTP/1.1 --> 200 OK (referrer: -; agent: python-requests/2.9.1)
Jan 17 02:33:22 mas01 sh[18464]: 2019-01-17 02:33:22 regiond: [info] 192.168.11.42 GET /MAAS/metadata/2012-03-01/meta-data/vendor-data HTTP/1.1 --> 200 OK (referrer: -; agent: python-requests/2.9.1)
Jan 17 02:33:22 mas01 sh[18464]: 2019-01-17 02:33:22 regiond: [info] 192.168.11.42 GET /MAAS/metadata/2012-03-01/user-data HTTP/1.1 --> 200 OK (referrer: -; agent: python-requests/2.9.1)
Jan 17 02:33:22 mas01 sh[18469]: 2019-01-17 02:33:22 regiond: [info] 192.168.11.42 POST /MAAS/metadata/status/mbbqag HTTP/1.1 --> 204 NO_CONTENT (referrer: -; agent: python-requests/2.9.1)
Jan 17 02:33:22 mas01 sh[19303]: 2019-01-17 02:33:22 regiond: [info] 192.168.11.41 GET /MAAS/metadata/2012-03-01/meta-data/vendor-data HTTP/1.1 --> 200 OK (referrer: -; agent: python-requests/2.9.1)
Jan 17 02:33:22 mas01 sh[19303]: 2019-01-17 02:33:22 regiond: [info] 192.168.11.41 GET /MAAS/metadata/2012-03-01/user-data HTTP/1.1 --> 200 OK (referrer: -; agent: python-requests/2.9.1)
Jan 17 02:33:22 mas01 sh[18460]: 2019-01-17 02:33:22 regiond: [info] 192.168.11.41 POST /MAAS/metadata/status/ma6ddy HTTP/1.1 --> 204 NO_CONTENT (referrer: -; agent: python-requests/2.9.1)
Jan 17 02:33:22 mas01 sh[19303]: 2019-01-17 02:33:22 regiond: [info] 192.168.11.42 POST /MAAS/metadata/status/mbbqag HTTP/1.1 --> 204 NO_CONTENT (referrer: -; agent: python-requests/2.9.1)
Jan 17 02:33:22 mas01 sh[18464]: 2019-01-17 02:33:22 regiond: [info] 192.168.11.42 POST /MAAS/metadata/status/mbbqag HTTP/1.1 --> 204 NO_CONTENT (referrer: -; agent: python-requests/2.9.1)
Jan 17 02:33:22 mas01 sh[18469]: 2019-01-17 02:33:22 regiond: [info] 192.168.11.42 POST /MAAS/metadata/status/mbbqag HTTP/1.1 --> 204 NO_CONTENT (referrer: -; agent: python-requests/2.9.1)
Jan 17 02:33:22 mas01 sh[18464]: 2019-01-17 02:33:22 regiond: [info] 192.168.11.42 POST /MAAS/metadata/status/mbbqag HTTP/1.1 --> 204 NO_CONTENT (referrer: -; agent: python-requests/2.9.1)
Jan 17 02:33:22 mas01 sh[18460]: 2019-01-17 02:33:22 regiond: [info] 192.168.11.42 POST /MAAS/metadata/status/mbbqag HTTP/1.1 --> 204 NO_CONTENT (referrer: -; agent: python-requests/2.9.1)
Jan 17 02:33:22 mas01 sh[19303]: 2019-01-17 02:33:22 regiond: [info] 192.168.11.42 POST /MAAS/metadata/status/mbbqag HTTP/1.1 --> 204 NO_CONTENT (referrer: -; agent: python-requests/2.9.1)
Jan 17 02:33:22 mas01 sh[18469]: 2019-01-17 02:33:22 regiond: [info] 192.168.11.41 POST /MAAS/metadata/status/ma6ddy HTTP/1.1 --> 204 NO_CONTENT (referrer: -; agent: python-requests/2.9.1)
Jan 17 02:33:23 mas01 sh[18464]: 2019-01-17 02:33:23 regiond: [info] 192.168.11.41 POST /MAAS/metadata/status/ma6ddy HTTP/1.1 --> 204 NO_CONTENT (referrer: -; agent: python-requests/2.9.1)
Jan 17 02:33:23 mas01 sh[18469]: 2019-01-17 02:33:23 regiond: [info] 192.168.11.42 POST /MAAS/metadata/status/mbbqag HTTP/1.1 --> 204 NO_CONTENT (referrer: -; agent: python-requests/2.9.1)
Jan 17 02:33:23 mas01 sh[18464]: 2019-01-17 02:33:23 regiond: [info] 192.168.11.41 POST /MAAS/metadata/status/ma6ddy HTTP/1.1 --> 204 NO_CONTENT (referrer: -; agent: python-requests/2.9.1)
Jan 17 02:33:23 mas01 sh[18469]: 2019-01-17 02:33:23 regiond: [info] 192.168.11.42 POST /MAAS/metadata/status/mbbqag HTTP/1.1 --> 204 NO_CONTENT (referrer: -; agent: python-requests/2.9.1)
Jan 17 02:33:23 mas01 sh[18460]: 2019-01-17 02:33:23 regiond: [info] 192.168.11.41 POST /MAAS/metadata/status/ma6ddy HTTP/1.1 --> 204 NO_CONTENT (referrer: -; agent: python-requests/2.9.1)
Jan 17 02:33:23 mas01 sh[19303]: 2019-01-17 02:33:23 regiond: [info] 192.168.11.41 POST /MAAS/metadata/status/ma6ddy HTTP/1.1 --> 204 NO_CONTENT (referrer: -; agent: python-requests/2.9.1)
Jan 17 02:33:23 mas01 sh[18469]: 2019-01-17 02:33:23 regiond: [info] 192.168.11.41 POST /MAAS/metadata/status/ma6ddy HTTP/1.1 --> 204 NO_CONTENT (referrer: -; agent: python-requests/2.9.1)
Jan 17 02:33:23 mas01 sh[19303]: 2019-01-17 02:33:23 regiond: [info] 192.168.11.42 POST /MAAS/metadata/status/mbbqag HTTP/1.1 --> 204 NO_CONTENT (referrer: -; agent: python-requests/2.9.1)
Jan 17 02:33:23 mas01 sh[18464]: 2019-01-17 02:33:23 regiond: [info] 192.168.11.42 POST /MAAS/metadata/status/mbbqag HTTP/1.1 --> 204 NO_CONTENT (referrer: -; agent: python-requests/2.9.1)
Jan 17 02:33:23 mas01 sh[19303]: 2019-01-17 02:33:23 regiond: [info] 192.168.11.41 POST /MAAS/metadata/status/ma6ddy HTTP/1.1 --> 204 NO_CONTENT (referrer: -; agent: python-requests/2.9.1)
Jan 17 02:33:23 mas01 sh[19303]: 2019-01-17 02:33:23 regiond: [info] 192.168.11.42 POST /MAAS/metadata/status/mbbqag HTTP/1.1 --> 204 NO_CONTENT (referrer: -; agent: python-requests/2.9.1)
Jan 17 02:33:23 mas01 sh[18464]: 2019-01-17 02:33:23 regiond: [info] 192.168.11.41 POST /MAAS/metadata/status/ma6ddy HTTP/1.1 --> 204 NO_CONTENT (referrer: -; agent: python-requests/2.9.1)
Jan 17 02:33:23 mas01 sh[18469]: 2019-01-17 02:33:23 regiond: [info] 192.168.11.42 POST /MAAS/metadata/status/mbbqag HTTP/1.1 --> 204 NO_CONTENT (referrer: -; agent: python-requests/2.9.1)
Jan 17 02:33:23 mas01 sh[18469]: 2019-01-17 02:33:23 regiond: [info] 192.168.11.42 POST /MAAS/metadata/status/mbbqag HTTP/1.1 --> 204 NO_CONTENT (referrer: -; agent: python-requests/2.9.1)
Jan 17 02:33:23 mas01 sh[18464]: 2019-01-17 02:33:23 regiond: [info] 192.168.11.42 POST /MAAS/metadata/status/mbbqag HTTP/1.1 --> 204 NO_CONTENT (referrer: -; agent: python-requests/2.9.1)
Jan 17 02:33:23 mas01 sh[18460]: 2019-01-17 02:33:23 regiond: [info] 192.168.11.42 POST /MAAS/metadata/status/mbbqag HTTP/1.1 --> 204 NO_CONTENT (referrer: -; agent: python-requests/2.9.1)
Jan 17 02:33:23 mas01 sh[19303]: 2019-01-17 02:33:23 regiond: [info] 192.168.11.42 POST /MAAS/metadata/status/mbbqag HTTP/1.1 --> 204 NO_CONTENT (referrer: -; agent: python-requests/2.9.1)
Jan 17 02:33:23 mas01 sh[18460]: 2019-01-17 02:33:23 regiond: [info] 192.168.11.42 POST /MAAS/metadata/status/mbbqag HTTP/1.1 --> 204 NO_CONTENT (referrer: -; agent: python-requests/2.9.1)
Jan 17 02:33:23 mas01 sh[18464]: 2019-01-17 02:33:23 regiond: [info] 192.168.11.42 POST /MAAS/metadata/status/mbbqag HTTP/1.1 --> 204 NO_CONTENT (referrer: -; agent: python-requests/2.9.1)
Jan 17 02:33:23 mas01 sh[19303]: 2019-01-17 02:33:23 regiond: [info] 192.168.11.42 POST /MAAS/metadata/status/mbbqag HTTP/1.1 --> 204 NO_CONTENT (referrer: -; agent: python-requests/2.9.1)
Jan 17 02:33:23 mas01 sh[18460]: 2019-01-17 02:33:23 regiond: [info] 192.168.11.41 POST /MAAS/metadata/status/ma6ddy HTTP/1.1 --> 204 NO_CONTENT (referrer: -; agent: python-requests/2.9.1)
Jan 17 02:33:23 mas01 sh[18464]: 2019-01-17 02:33:23 regiond: [info] 192.168.11.41 POST /MAAS/metadata/status/ma6ddy HTTP/1.1 --> 204 NO_CONTENT (referrer: -; agent: python-requests/2.9.1)
Jan 17 02:33:23 mas01 sh[18460]: 2019-01-17 02:33:23 regiond: [info] 192.168.11.42 POST /MAAS/metadata/status/mbbqag HTTP/1.1 --> 204 NO_CONTENT (referrer: -; agent: python-requests/2.9.1)
Jan 17 02:33:23 mas01 sh[18460]: 2019-01-17 02:33:23 regiond: [info] 192.168.11.41 POST /MAAS/metadata/status/ma6ddy HTTP/1.1 --> 204 NO_CONTENT (referrer: -; agent: python-requests/2.9.1)
Jan 17 02:33:23 mas01 sh[18469]: 2019-01-17 02:33:23 regiond: [info] 192.168.11.42 POST /MAAS/metadata/status/mbbqag HTTP/1.1 --> 204 NO_CONTENT (referrer: -; agent: python-requests/2.9.1)
Jan 17 02:33:23 mas01 sh[19303]: 2019-01-17 02:33:23 regiond: [info] 192.168.11.41 POST /MAAS/metadata/status/ma6ddy HTTP/1.1 --> 204 NO_CONTENT (referrer: -; agent: python-requests/2.9.1)
Jan 17 02:33:23 mas01 sh[18469]: 2019-01-17 02:33:23 regiond: [info] 192.168.11.42 POST /MAAS/metadata/status/mbbqag HTTP/1.1 --> 204 NO_CONTENT (referrer: -; agent: python-requests/2.9.1)
Jan 17 02:33:23 mas01 sh[19303]: 2019-01-17 02:33:23 regiond: [info] 192.168.11.41 POST /MAAS/metadata/status/ma6ddy HTTP/1.1 --> 204 NO_CONTENT (referrer: -; agent: python-requests/2.9.1)
Jan 17 02:33:23 mas01 sh[18460]: 2019-01-17 02:33:23 regiond: [info] 192.168.11.42 POST /MAAS/metadata/status/mbbqag HTTP/1.1 --> 204 NO_CONTENT (referrer: -; agent: python-requests/2.9.1)
Jan 17 02:33:23 mas01 sh[18464]: 2019-01-17 02:33:23 regiond: [info] 192.168.11.41 POST /MAAS/metadata/status/ma6ddy HTTP/1.1 --> 204 NO_CONTENT (referrer: -; agent: python-requests/2.9.1)
Jan 17 02:33:23 mas01 sh[18469]: 2019-01-17 02:33:23 regiond: [info] 192.168.11.42 POST /MAAS/metadata/status/mbbqag HTTP/1.1 --> 204 NO_CONTENT (referrer: -; agent: python-requests/2.9.1)
Jan 17 02:33:23 mas01 sh[19303]: 2019-01-17 02:33:23 regiond: [info] 192.168.11.41 POST /MAAS/metadata/status/ma6ddy HTTP/1.1 --> 204 NO_CONTENT (referrer: -; agent: python-requests/2.9.1)
Jan 17 02:33:23 mas01 sh[18464]: 2019-01-17 02:33:23 regiond: [info] 192.168.11.42 POST /MAAS/metadata/status/mbbqag HTTP/1.1 --> 204 NO_CONTENT (referrer: -; agent: python-requests/2.9.1)
Jan 17 02:33:23 mas01 sh[19303]: 2019-01-17 02:33:23 regiond: [info] 192.168.11.41 POST /MAAS/metadata/status/ma6ddy HTTP/1.1 --> 204 NO_CONTENT (referrer: -; agent: python-requests/2.9.1)
Jan 17 02:33:23 mas01 sh[18469]: 2019-01-17 02:33:23 regiond: [info] 192.168.11.42 POST /MAAS/metadata/status/mbbqag HTTP/1.1 --> 204 NO_CONTENT (referrer: -; agent: python-requests/2.9.1)
Jan 17 02:33:23 mas01 sh[18464]: 2019-01-17 02:33:23 regiond: [info] 192.168.11.41 POST /MAAS/metadata/status/ma6ddy HTTP/1.1 --> 204 NO_CONTENT (referrer: -; agent: python-requests/2.9.1)
Jan 17 02:33:23 mas01 sh[19303]: 2019-01-17 02:33:23 regiond: [info] 192.168.11.42 POST /MAAS/metadata/status/mbbqag HTTP/1.1 --> 204 NO_CONTENT (referrer: -; agent: python-requests/2.9.1)
Jan 17 02:33:23 mas01 sh[19303]: 2019-01-17 02:33:23 regiond: [info] 192.168.11.42 POST /MAAS/metadata/status/mbbqag HTTP/1.1 --> 204 NO_CONTENT (referrer: -; agent: python-requests/2.9.1)
Jan 17 02:33:23 mas01 sh[19303]: 2019-01-17 02:33:23 regiond: [info] 192.168.11.41 POST /MAAS/metadata/status/ma6ddy HTTP/1.1 --> 204 NO_CONTENT (referrer: -; agent: python-requests/2.9.1)
Jan 17 02:33:23 mas01 sh[18469]: 2019-01-17 02:33:23 regiond: [info] 192.168.11.42 POST /MAAS/metadata/status/mbbqag HTTP/1.1 --> 204 NO_CONTENT (referrer: -; agent: python-requests/2.9.1)
Jan 17 02:33:23 mas01 sh[18460]: 2019-01-17 02:33:23 regiond: [info] 192.168.11.41 POST /MAAS/metadata/status/ma6ddy HTTP/1.1 --> 204 NO_CONTENT (referrer: -; agent: python-requests/2.9.1)
Jan 17 02:33:23 mas01 sh[18464]: 2019-01-17 02:33:23 regiond: [info] 192.168.11.42 POST /MAAS/metadata/status/mbbqag HTTP/1.1 --> 204 NO_CONTENT (referrer: -; agent: python-requests/2.9.1)
Jan 17 02:33:23 mas01 sh[18460]: 2019-01-17 02:33:23 regiond: [info] 192.168.11.41 POST /MAAS/metadata/status/ma6ddy HTTP/1.1 --> 204 NO_CONTENT (referrer: -; agent: python-requests/2.9.1)
Jan 17 02:33:23 mas01 sh[18469]: 2019-01-17 02:33:23 regiond: [info] 192.168.11.42 POST /MAAS/metadata/status/mbbqag HTTP/1.1 --> 204 NO_CONTENT (referrer: -; agent: python-requests/2.9.1)
Jan 17 02:33:23 mas01 sh[18469]: 2019-01-17 02:33:23 regiond: [info] 192.168.11.41 POST /MAAS/metadata/status/ma6ddy HTTP/1.1 --> 204 NO_CONTENT (referrer: -; agent: python-requests/2.9.1)
Jan 17 02:33:23 mas01 sh[18460]: 2019-01-17 02:33:23 regiond: [info] 192.168.11.42 POST /MAAS/metadata/status/mbbqag HTTP/1.1 --> 204 NO_CONTENT (referrer: -; agent: python-requests/2.9.1)
Jan 17 02:33:23 mas01 sh[19303]: 2019-01-17 02:33:23 regiond: [info] 192.168.11.41 POST /MAAS/metadata/status/ma6ddy HTTP/1.1 --> 204 NO_CONTENT (referrer: -; agent: python-requests/2.9.1)
Jan 17 02:33:23 mas01 sh[18464]: 2019-01-17 02:33:23 regiond: [info] 192.168.11.42 POST /MAAS/metadata/status/mbbqag HTTP/1.1 --> 204 NO_CONTENT (referrer: -; agent: python-requests/2.9.1)
Jan 17 02:33:23 mas01 sh[18469]: 2019-01-17 02:33:23 regiond: [info] 192.168.11.41 POST /MAAS/metadata/status/ma6ddy HTTP/1.1 --> 204 NO_CONTENT (referrer: -; agent: python-requests/2.9.1)
Jan 17 02:33:23 mas01 sh[18464]: 2019-01-17 02:33:23 regiond: [info] 192.168.11.41 POST /MAAS/metadata/status/ma6ddy HTTP/1.1 --> 204 NO_CONTENT (referrer: -; agent: python-requests/2.9.1)
Jan 17 02:33:23 mas01 sh[18464]: 2019-01-17 02:33:23 regiond: [info] 192.168.11.41 POST /MAAS/metadata/status/ma6ddy HTTP/1.1 --> 204 NO_CONTENT (referrer: -; agent: python-requests/2.9.1)
Jan 17 02:33:23 mas01 sh[18464]: 2019-01-17 02:33:23 regiond: [info] 192.168.11.42 POST /MAAS/metadata/status/mbbqag HTTP/1.1 --> 204 NO_CONTENT (referrer: -; agent: python-requests/2.9.1)
Jan 17 02:33:23 mas01 sh[18469]: 2019-01-17 02:33:23 regiond: [info] 192.168.11.41 POST /MAAS/metadata/status/ma6ddy HTTP/1.1 --> 204 NO_CONTENT (referrer: -; agent: python-requests/2.9.1)
Jan 17 02:33:23 mas01 sh[18464]: 2019-01-17 02:33:23 regiond: [info] 192.168.11.42 POST /MAAS/metadata/status/mbbqag HTTP/1.1 --> 204 NO_CONTENT (referrer: -; agent: python-requests/2.9.1)
Jan 17 02:33:23 mas01 sh[18464]: 2019-01-17 02:33:23 regiond: [info] 192.168.11.41 POST /MAAS/metadata/status/ma6ddy HTTP/1.1 --> 204 NO_CONTENT (referrer: -; agent: python-requests/2.9.1)
Jan 17 02:33:23 mas01 sh[18469]: 2019-01-17 02:33:23 regiond: [info] 192.168.11.41 POST /MAAS/metadata/status/ma6ddy HTTP/1.1 --> 204 NO_CONTENT (referrer: -; agent: python-requests/2.9.1)
Jan 17 02:33:23 mas01 sh[19303]: 2019-01-17 02:33:23 regiond: [info] 192.168.11.41 POST /MAAS/metadata/status/ma6ddy HTTP/1.1 --> 204 NO_CONTENT (referrer: -; agent: python-requests/2.9.1)
Jan 17 02:33:23 mas01 sh[19303]: 2019-01-17 02:33:23 regiond: [info] 192.168.11.41 POST /MAAS/metadata/status/ma6ddy HTTP/1.1 --> 204 NO_CONTENT (referrer: -; agent: python-requests/2.9.1)
Jan 17 02:33:23 mas01 sh[18460]: 2019-01-17 02:33:23 regiond: [info] 192.168.11.41 POST /MAAS/metadata/status/ma6ddy HTTP/1.1 --> 204 NO_CONTENT (referrer: -; agent: python-requests/2.9.1)
Jan 17 02:33:23 mas01 sh[18460]: 2019-01-17 02:33:23 regiond: [info] 192.168.11.41 POST /MAAS/metadata/status/ma6ddy HTTP/1.1 --> 204 NO_CONTENT (referrer: -; agent: python-requests/2.9.1)
Jan 17 02:33:23 mas01 sh[19303]: 2019-01-17 02:33:23 regiond: [info] 192.168.11.41 POST /MAAS/metadata/status/ma6ddy HTTP/1.1 --> 204 NO_CONTENT (referrer: -; agent: python-requests/2.9.1)
Jan 17 02:33:23 mas01 sh[18464]: 2019-01-17 02:33:23 regiond: [info] 192.168.11.41 POST /MAAS/metadata/status/ma6ddy HTTP/1.1 --> 204 NO_CONTENT (referrer: -; agent: python-requests/2.9.1)
Jan 17 02:33:23 mas01 sh[18460]: 2019-01-17 02:33:23 regiond: [info] 192.168.11.41 POST /MAAS/metadata/status/ma6ddy HTTP/1.1 --> 204 NO_CONTENT (referrer: -; agent: python-requests/2.9.1)
Jan 17 02:33:23 mas01 sh[18469]: 2019-01-17 02:33:23 regiond: [info] 192.168.11.42 POST /MAAS/metadata/status/mbbqag HTTP/1.1 --> 204 NO_CONTENT (referrer: -; agent: python-requests/2.9.1)
Jan 17 02:33:23 mas01 sh[18464]: 2019-01-17 02:33:23 regiond: [info] 192.168.11.42 POST /MAAS/metadata/status/mbbqag HTTP/1.1 --> 204 NO_CONTENT (referrer: -; agent: python-requests/2.9.1)
Jan 17 02:33:23 mas01 sh[18460]: 2019-01-17 02:33:23 regiond: [info] 192.168.11.41 POST /MAAS/metadata/status/ma6ddy HTTP/1.1 --> 204 NO_CONTENT (referrer: -; agent: python-requests/2.9.1)
Jan 17 02:33:23 mas01 sh[18460]: 2019-01-17 02:33:23 regiond: [info] 192.168.11.41 POST /MAAS/metadata/status/ma6ddy HTTP/1.1 --> 204 NO_CONTENT (referrer: -; agent: python-requests/2.9.1)
Jan 17 02:33:23 mas01 sh[18469]: 2019-01-17 02:33:23 regiond: [info] 192.168.11.41 POST /MAAS/metadata/status/ma6ddy HTTP/1.1 --> 204 NO_CONTENT (referrer: -; agent: python-requests/2.9.1)
Jan 17 02:33:23 mas01 sh[18464]: 2019-01-17 02:33:23 regiond: [info] 192.168.11.42 POST /MAAS/metadata/status/mbbqag HTTP/1.1 --> 204 NO_CONTENT (referrer: -; agent: python-requests/2.9.1)
Jan 17 02:33:23 mas01 sh[18469]: 2019-01-17 02:33:23 regiond: [info] 192.168.11.41 POST /MAAS/metadata/status/ma6ddy HTTP/1.1 --> 204 NO_CONTENT (referrer: -; agent: python-requests/2.9.1)
Jan 17 02:33:23 mas01 sh[19303]: 2019-01-17 02:33:23 regiond: [info] 192.168.11.42 POST /MAAS/metadata/status/mbbqag HTTP/1.1 --> 204 NO_CONTENT (referrer: -; agent: python-requests/2.9.1)
Jan 17 02:33:24 mas01 salt-minion[5357]: [INFO    ] User sudo_ubuntu Executing command saltutil.find_job with jid 20190117023324170509
Jan 17 02:33:24 mas01 salt-minion[5357]: [INFO    ] Starting a new job with PID 22515
Jan 17 02:33:24 mas01 salt-minion[5357]: [INFO    ] Returning information for job: 20190117023324170509
Jan 17 02:33:26 mas01 sh[18469]: 2019-01-17 02:33:26 regiond: [info] 192.168.11.41 POST /MAAS/metadata/status/ma6ddy HTTP/1.1 --> 204 NO_CONTENT (referrer: -; agent: python-requests/2.9.1)
Jan 17 02:33:26 mas01 sh[18464]: 2019-01-17 02:33:26 regiond: [info] 192.168.11.41 POST /MAAS/metadata/status/ma6ddy HTTP/1.1 --> 204 NO_CONTENT (referrer: -; agent: python-requests/2.9.1)
