Jan  6 11:03:29 mas01 named[17783]: automatic empty zone: 113.0.203.IN-ADDR.ARPA
Jan  6 11:03:29 mas01 named[17783]: automatic empty zone: 255.255.255.255.IN-ADDR.ARPA
Jan  6 11:03:29 mas01 named[17783]: automatic empty zone: 0.0.0.0.0.0.0.0.0.0.0.0.0.0.0.0.0.0.0.0.0.0.0.0.0.0.0.0.0.0.0.0.IP6.ARPA
Jan  6 11:03:29 mas01 named[17783]: automatic empty zone: 1.0.0.0.0.0.0.0.0.0.0.0.0.0.0.0.0.0.0.0.0.0.0.0.0.0.0.0.0.0.0.0.IP6.ARPA
Jan  6 11:03:29 mas01 named[17783]: automatic empty zone: D.F.IP6.ARPA
Jan  6 11:03:29 mas01 named[17783]: automatic empty zone: 8.E.F.IP6.ARPA
Jan  6 11:03:29 mas01 named[17783]: automatic empty zone: 9.E.F.IP6.ARPA
Jan  6 11:03:29 mas01 named[17783]: automatic empty zone: A.E.F.IP6.ARPA
Jan  6 11:03:29 mas01 named[17783]: automatic empty zone: B.E.F.IP6.ARPA
Jan  6 11:03:29 mas01 named[17783]: automatic empty zone: 8.B.D.0.1.0.0.2.IP6.ARPA
Jan  6 11:03:29 mas01 named[17783]: automatic empty zone: EMPTY.AS112.ARPA
Jan  6 11:03:29 mas01 named[17783]: configuring command channel from '/etc/bind/rndc.key'
Jan  6 11:03:29 mas01 named[17783]: reloading configuration succeeded
Jan  6 11:03:29 mas01 named[17783]: reloading zones succeeded
Jan  6 11:03:29 mas01 named[17783]: zone 0.20.10.in-addr.arpa/IN: loaded serial 26
Jan  6 11:03:29 mas01 named[17783]: zone 11.168.192.in-addr.arpa/IN: loaded serial 26
Jan  6 11:03:29 mas01 named[17783]: zone 10.168.192.in-addr.arpa/IN: loaded serial 26
Jan  6 11:03:29 mas01 named[17783]: all zones loaded
Jan  6 11:03:29 mas01 named[17783]: running
Jan  6 11:03:29 mas01 named[17783]: zone maas/IN: loaded serial 26
Jan  6 11:03:29 mas01 sh[17862]: 2019-01-06 11:03:29 regiond: [info] 192.168.11.39 POST /MAAS/metadata/2012-03-01/ HTTP/1.1 --> 200 OK (referrer: -; agent: Python-urllib/3.5)
Jan  6 11:03:29 mas01 maas.node: [info] cmp001: Storage layout was set to lvm.
Jan  6 11:03:30 mas01 maas.node: [info] cmp001: Status transition from COMMISSIONING to TESTING
Jan  6 11:03:30 mas01 sh[17867]: 2019-01-06 11:03:30 regiond: [info] 192.168.11.39 POST /MAAS/metadata/2012-03-01/ HTTP/1.1 --> 200 OK (referrer: -; agent: Python-urllib/3.5)
Jan  6 11:03:30 mas01 sh[17862]: 2019-01-06 11:03:30 regiond: [info] 192.168.11.39 GET /MAAS/metadata/2012-03-01/maas-scripts/ HTTP/1.1 --> 200 OK (referrer: -; agent: Python-urllib/3.5)
Jan  6 11:03:30 mas01 sh[18627]: 2019-01-06 11:03:30 regiond: [info] 192.168.11.39 POST /MAAS/metadata/2012-03-01/ HTTP/1.1 --> 200 OK (referrer: -; agent: Python-urllib/3.5)
Jan  6 11:03:30 mas01 systemd[1]: Stopping MAAS instance of ISC DHCP server for IPv4...
Jan  6 11:03:30 mas01 systemd[1]: Stopped MAAS instance of ISC DHCP server for IPv4.
Jan  6 11:03:30 mas01 systemd[1]: Starting MAAS instance of ISC DHCP server for IPv4...
Jan  6 11:03:30 mas01 systemd[1]: Started MAAS instance of ISC DHCP server for IPv4.
Jan  6 11:03:30 mas01 maas.service_monitor: [info] Service 'maas-dhcpd' has been restarted. Its current state is 'on' and 'running'.
Jan  6 11:03:30 mas01 sh[17978]: 2019-01-06 11:03:30 maasserver.dhcp: [info] Successfully configured DHCPv4 on rack controller 'n7mhcp'.
Jan  6 11:03:30 mas01 sh[18627]: 2019-01-06 11:03:30 regiond: [info] 192.168.11.39 POST /MAAS/metadata/2012-03-01/ HTTP/1.1 --> 200 OK (referrer: -; agent: Python-urllib/3.5)
Jan  6 11:03:30 mas01 sh[17978]: 2019-01-06 11:03:30 maasserver.dhcp: [info] Successfully configured DHCPv6 on rack controller 'n7mhcp'.
Jan  6 11:03:30 mas01 dhcpd[21861]: Wrote 0 class decls to leases file.
Jan  6 11:03:30 mas01 dhcpd[21861]: Wrote 0 deleted host decls to leases file.
Jan  6 11:03:30 mas01 dhcpd[21861]: Wrote 0 new dynamic host decls to leases file.
Jan  6 11:03:30 mas01 dhcpd[21861]: Wrote 7 leases to leases file.
Jan  6 11:03:30 mas01 dhcpd[21861]: Server starting service.
Jan  6 11:03:31 mas01 sh[18627]: 2019-01-06 11:03:31 maasserver.region_controller: [info] Reloaded DNS configuration:
Jan  6 11:03:31 mas01 sh[18627]: #011 * ip 192.168.11.41 connected to cmp001 on eno2
Jan  6 11:03:31 mas01 sh[18627]: #011 * ip 192.168.11.39 connected to cmp001 on eno1
Jan  6 11:03:31 mas01 sh[18627]: #011 * ip 192.168.11.39 disconnected from cmp001 on eno1
Jan  6 11:03:31 mas01 sh[18627]: #011 * node cmp001 renamed interface eth0 to eno1
Jan  6 11:03:33 mas01 salt-minion[4704]: [INFO    ] User sudo_ubuntu Executing command saltutil.find_job with jid 20190106110333788536
Jan  6 11:03:33 mas01 salt-minion[4704]: [INFO    ] Starting a new job with PID 21956
Jan  6 11:03:33 mas01 salt-minion[4704]: [INFO    ] Returning information for job: 20190106110333788536
Jan  6 11:03:34 mas01 sh[17978]: 2019-01-06 11:03:34 regiond: [info] 192.168.11.42 POST /MAAS/metadata/status/g67t6x HTTP/1.1 --> 204 NO_CONTENT (referrer: -; agent: python-requests/2.9.1)
Jan  6 11:03:34 mas01 sh[17862]: 2019-01-06 11:03:34 regiond: [info] 192.168.11.42 POST /MAAS/metadata/status/g67t6x HTTP/1.1 --> 204 NO_CONTENT (referrer: -; agent: python-requests/2.9.1)
Jan  6 11:03:34 mas01 sh[17867]: 2019-01-06 11:03:34 regiond: [info] 192.168.11.42 POST /MAAS/metadata/status/g67t6x HTTP/1.1 --> 204 NO_CONTENT (referrer: -; agent: python-requests/2.9.1)
Jan  6 11:03:34 mas01 sh[18627]: 2019-01-06 11:03:34 regiond: [info] 192.168.11.42 POST /MAAS/metadata/status/g67t6x HTTP/1.1 --> 204 NO_CONTENT (referrer: -; agent: python-requests/2.9.1)
Jan  6 11:03:34 mas01 sh[17867]: 2019-01-06 11:03:34 regiond: [info] 192.168.11.42 POST /MAAS/metadata/status/g67t6x HTTP/1.1 --> 204 NO_CONTENT (referrer: -; agent: python-requests/2.9.1)
Jan  6 11:03:34 mas01 sh[17862]: 2019-01-06 11:03:34 regiond: [info] 192.168.11.42 POST /MAAS/metadata/status/g67t6x HTTP/1.1 --> 204 NO_CONTENT (referrer: -; agent: python-requests/2.9.1)
Jan  6 11:03:34 mas01 sh[17862]: 2019-01-06 11:03:34 regiond: [info] 192.168.11.42 POST /MAAS/metadata/status/g67t6x HTTP/1.1 --> 204 NO_CONTENT (referrer: -; agent: python-requests/2.9.1)
Jan  6 11:03:34 mas01 sh[18627]: 2019-01-06 11:03:34 regiond: [info] 192.168.11.42 POST /MAAS/metadata/status/g67t6x HTTP/1.1 --> 204 NO_CONTENT (referrer: -; agent: python-requests/2.9.1)
Jan  6 11:03:34 mas01 sh[17867]: 2019-01-06 11:03:34 regiond: [info] 192.168.11.42 POST /MAAS/metadata/status/g67t6x HTTP/1.1 --> 204 NO_CONTENT (referrer: -; agent: python-requests/2.9.1)
Jan  6 11:03:34 mas01 sh[18627]: 2019-01-06 11:03:34 regiond: [info] 192.168.11.42 POST /MAAS/metadata/status/g67t6x HTTP/1.1 --> 204 NO_CONTENT (referrer: -; agent: python-requests/2.9.1)
Jan  6 11:03:34 mas01 sh[17862]: 2019-01-06 11:03:34 regiond: [info] 192.168.11.39 POST /MAAS/metadata/2012-03-01/ HTTP/1.1 --> 200 OK (referrer: -; agent: Python-urllib/3.5)
Jan  6 11:03:34 mas01 sh[17867]: 2019-01-06 11:03:34 regiond: [info] 192.168.11.42 POST /MAAS/metadata/status/g67t6x HTTP/1.1 --> 204 NO_CONTENT (referrer: -; agent: python-requests/2.9.1)
Jan  6 11:03:34 mas01 sh[17978]: 2019-01-06 11:03:34 regiond: [info] 192.168.11.42 POST /MAAS/metadata/status/g67t6x HTTP/1.1 --> 204 NO_CONTENT (referrer: -; agent: python-requests/2.9.1)
Jan  6 11:03:34 mas01 sh[17867]: 2019-01-06 11:03:34 regiond: [info] 192.168.11.42 POST /MAAS/metadata/status/g67t6x HTTP/1.1 --> 204 NO_CONTENT (referrer: -; agent: python-requests/2.9.1)
Jan  6 11:03:34 mas01 sh[17862]: 2019-01-06 11:03:34 regiond: [info] 192.168.11.42 POST /MAAS/metadata/status/g67t6x HTTP/1.1 --> 204 NO_CONTENT (referrer: -; agent: python-requests/2.9.1)
Jan  6 11:03:34 mas01 sh[17862]: 2019-01-06 11:03:34 regiond: [info] 192.168.11.42 POST /MAAS/metadata/status/g67t6x HTTP/1.1 --> 204 NO_CONTENT (referrer: -; agent: python-requests/2.9.1)
Jan  6 11:03:34 mas01 sh[17867]: 2019-01-06 11:03:34 regiond: [info] 192.168.11.42 POST /MAAS/metadata/status/g67t6x HTTP/1.1 --> 204 NO_CONTENT (referrer: -; agent: python-requests/2.9.1)
Jan  6 11:03:34 mas01 sh[17867]: 2019-01-06 11:03:34 regiond: [info] 192.168.11.42 POST /MAAS/metadata/status/g67t6x HTTP/1.1 --> 204 NO_CONTENT (referrer: -; agent: python-requests/2.9.1)
Jan  6 11:03:34 mas01 sh[18627]: 2019-01-06 11:03:34 regiond: [info] 192.168.11.42 POST /MAAS/metadata/status/g67t6x HTTP/1.1 --> 204 NO_CONTENT (referrer: -; agent: python-requests/2.9.1)
Jan  6 11:03:34 mas01 sh[18627]: 2019-01-06 11:03:34 regiond: [info] 192.168.11.42 POST /MAAS/metadata/status/g67t6x HTTP/1.1 --> 204 NO_CONTENT (referrer: -; agent: python-requests/2.9.1)
Jan  6 11:03:34 mas01 sh[17867]: 2019-01-06 11:03:34 regiond: [info] 192.168.11.42 POST /MAAS/metadata/status/g67t6x HTTP/1.1 --> 204 NO_CONTENT (referrer: -; agent: python-requests/2.9.1)
Jan  6 11:03:34 mas01 sh[17862]: 2019-01-06 11:03:34 regiond: [info] 192.168.11.42 POST /MAAS/metadata/status/g67t6x HTTP/1.1 --> 204 NO_CONTENT (referrer: -; agent: python-requests/2.9.1)
Jan  6 11:03:34 mas01 sh[18627]: 2019-01-06 11:03:34 regiond: [info] 192.168.11.42 POST /MAAS/metadata/status/g67t6x HTTP/1.1 --> 204 NO_CONTENT (referrer: -; agent: python-requests/2.9.1)
Jan  6 11:03:34 mas01 sh[17862]: 2019-01-06 11:03:34 regiond: [info] 192.168.11.42 POST /MAAS/metadata/status/g67t6x HTTP/1.1 --> 204 NO_CONTENT (referrer: -; agent: python-requests/2.9.1)
Jan  6 11:03:34 mas01 sh[17862]: 2019-01-06 11:03:34 regiond: [info] 192.168.11.42 POST /MAAS/metadata/status/g67t6x HTTP/1.1 --> 204 NO_CONTENT (referrer: -; agent: python-requests/2.9.1)
Jan  6 11:03:34 mas01 sh[17978]: 2019-01-06 11:03:34 regiond: [info] 192.168.11.42 POST /MAAS/metadata/status/g67t6x HTTP/1.1 --> 204 NO_CONTENT (referrer: -; agent: python-requests/2.9.1)
Jan  6 11:03:34 mas01 sh[18627]: 2019-01-06 11:03:34 regiond: [info] 192.168.11.42 POST /MAAS/metadata/status/g67t6x HTTP/1.1 --> 204 NO_CONTENT (referrer: -; agent: python-requests/2.9.1)
Jan  6 11:03:34 mas01 sh[17867]: 2019-01-06 11:03:34 regiond: [info] 192.168.11.42 POST /MAAS/metadata/status/g67t6x HTTP/1.1 --> 204 NO_CONTENT (referrer: -; agent: python-requests/2.9.1)
Jan  6 11:03:34 mas01 sh[17978]: 2019-01-06 11:03:34 regiond: [info] 192.168.11.42 POST /MAAS/metadata/status/g67t6x HTTP/1.1 --> 204 NO_CONTENT (referrer: -; agent: python-requests/2.9.1)
Jan  6 11:03:34 mas01 sh[17862]: 2019-01-06 11:03:34 regiond: [info] 192.168.11.42 POST /MAAS/metadata/status/g67t6x HTTP/1.1 --> 204 NO_CONTENT (referrer: -; agent: python-requests/2.9.1)
Jan  6 11:03:34 mas01 sh[17978]: 2019-01-06 11:03:34 regiond: [info] 192.168.11.42 POST /MAAS/metadata/status/g67t6x HTTP/1.1 --> 204 NO_CONTENT (referrer: -; agent: python-requests/2.9.1)
Jan  6 11:03:34 mas01 sh[18627]: 2019-01-06 11:03:34 regiond: [info] 192.168.11.42 POST /MAAS/metadata/status/g67t6x HTTP/1.1 --> 204 NO_CONTENT (referrer: -; agent: python-requests/2.9.1)
Jan  6 11:03:34 mas01 sh[17867]: 2019-01-06 11:03:34 regiond: [info] 192.168.11.42 POST /MAAS/metadata/status/g67t6x HTTP/1.1 --> 204 NO_CONTENT (referrer: -; agent: python-requests/2.9.1)
Jan  6 11:03:34 mas01 sh[18627]: 2019-01-06 11:03:34 regiond: [info] 192.168.11.42 POST /MAAS/metadata/status/g67t6x HTTP/1.1 --> 204 NO_CONTENT (referrer: -; agent: python-requests/2.9.1)
Jan  6 11:03:34 mas01 sh[17862]: 2019-01-06 11:03:34 regiond: [info] 192.168.11.42 POST /MAAS/metadata/status/g67t6x HTTP/1.1 --> 204 NO_CONTENT (referrer: -; agent: python-requests/2.9.1)
Jan  6 11:03:34 mas01 sh[17862]: 2019-01-06 11:03:34 regiond: [info] 192.168.11.42 POST /MAAS/metadata/status/g67t6x HTTP/1.1 --> 204 NO_CONTENT (referrer: -; agent: python-requests/2.9.1)
Jan  6 11:03:34 mas01 sh[18627]: 2019-01-06 11:03:34 regiond: [info] 192.168.11.42 POST /MAAS/metadata/status/g67t6x HTTP/1.1 --> 204 NO_CONTENT (referrer: -; agent: python-requests/2.9.1)
Jan  6 11:03:34 mas01 sh[18627]: 2019-01-06 11:03:34 regiond: [info] 192.168.11.42 POST /MAAS/metadata/status/g67t6x HTTP/1.1 --> 204 NO_CONTENT (referrer: -; agent: python-requests/2.9.1)
Jan  6 11:03:34 mas01 sh[17978]: 2019-01-06 11:03:34 regiond: [info] 192.168.11.42 POST /MAAS/metadata/status/g67t6x HTTP/1.1 --> 204 NO_CONTENT (referrer: -; agent: python-requests/2.9.1)
Jan  6 11:03:34 mas01 sh[17867]: 2019-01-06 11:03:34 regiond: [info] 192.168.11.42 POST /MAAS/metadata/status/g67t6x HTTP/1.1 --> 204 NO_CONTENT (referrer: -; agent: python-requests/2.9.1)
Jan  6 11:03:34 mas01 sh[17978]: 2019-01-06 11:03:34 regiond: [info] 192.168.11.39 POST /MAAS/metadata/2012-03-01/ HTTP/1.1 --> 200 OK (referrer: -; agent: Python-urllib/3.5)
Jan  6 11:03:35 mas01 maas.node: [info] cmp001: Status transition from TESTING to READY
Jan  6 11:03:35 mas01 sh[17862]: 2019-01-06 11:03:35 regiond: [info] 192.168.11.39 POST /MAAS/metadata/2012-03-01/ HTTP/1.1 --> 200 OK (referrer: -; agent: Python-urllib/3.5)
Jan  6 11:03:35 mas01 sh[17862]: 2019-01-06 11:03:35 regiond: [info] 192.168.11.39 POST /MAAS/metadata/status/betdbn HTTP/1.1 --> 204 NO_CONTENT (referrer: -; agent: python-requests/2.9.1)
Jan  6 11:03:35 mas01 sh[17862]: 2019-01-06 11:03:35 regiond: [info] 192.168.11.39 POST /MAAS/metadata/status/betdbn HTTP/1.1 --> 204 NO_CONTENT (referrer: -; agent: python-requests/2.9.1)
Jan  6 11:03:35 mas01 sh[18627]: 2019-01-06 11:03:35 regiond: [info] 192.168.11.39 POST /MAAS/metadata/status/betdbn HTTP/1.1 --> 204 NO_CONTENT (referrer: -; agent: python-requests/2.9.1)
Jan  6 11:03:35 mas01 sh[17867]: 2019-01-06 11:03:35 regiond: [info] 192.168.11.39 POST /MAAS/metadata/status/betdbn HTTP/1.1 --> 204 NO_CONTENT (referrer: -; agent: python-requests/2.9.1)
Jan  6 11:03:35 mas01 sh[17862]: 2019-01-06 11:03:35 regiond: [info] 192.168.11.39 POST /MAAS/metadata/status/betdbn HTTP/1.1 --> 204 NO_CONTENT (referrer: -; agent: python-requests/2.9.1)
Jan  6 11:03:35 mas01 sh[17867]: 2019-01-06 11:03:35 regiond: [info] 192.168.11.39 POST /MAAS/metadata/status/betdbn HTTP/1.1 --> 204 NO_CONTENT (referrer: -; agent: python-requests/2.9.1)
Jan  6 11:03:35 mas01 sh[17862]: 2019-01-06 11:03:35 regiond: [info] 192.168.11.39 POST /MAAS/metadata/status/betdbn HTTP/1.1 --> 204 NO_CONTENT (referrer: -; agent: python-requests/2.9.1)
Jan  6 11:03:35 mas01 sh[17862]: 2019-01-06 11:03:35 regiond: [info] 192.168.11.39 POST /MAAS/metadata/status/betdbn HTTP/1.1 --> 204 NO_CONTENT (referrer: -; agent: python-requests/2.9.1)
Jan  6 11:03:35 mas01 sh[17867]: 2019-01-06 11:03:35 regiond: [info] 192.168.11.39 POST /MAAS/metadata/status/betdbn HTTP/1.1 --> 204 NO_CONTENT (referrer: -; agent: python-requests/2.9.1)
Jan  6 11:03:35 mas01 sh[17867]: 2019-01-06 11:03:35 regiond: [info] 192.168.11.39 POST /MAAS/metadata/status/betdbn HTTP/1.1 --> 204 NO_CONTENT (referrer: -; agent: python-requests/2.9.1)
Jan  6 11:03:35 mas01 sh[17862]: 2019-01-06 11:03:35 regiond: [info] 192.168.11.39 POST /MAAS/metadata/status/betdbn HTTP/1.1 --> 204 NO_CONTENT (referrer: -; agent: python-requests/2.9.1)
Jan  6 11:03:35 mas01 sh[18627]: 2019-01-06 11:03:35 regiond: [info] 192.168.11.39 POST /MAAS/metadata/status/betdbn HTTP/1.1 --> 204 NO_CONTENT (referrer: -; agent: python-requests/2.9.1)
Jan  6 11:03:36 mas01 sh[17862]: 2019-01-06 11:03:36 regiond: [info] 192.168.11.42 POST /MAAS/metadata/2012-03-01/ HTTP/1.1 --> 200 OK (referrer: -; agent: Python-urllib/3.5)
Jan  6 11:03:37 mas01 sh[17978]: 2019-01-06 11:03:37 regiond: [info] 192.168.11.44 POST /MAAS/metadata/status/rrgg4a HTTP/1.1 --> 204 NO_CONTENT (referrer: -; agent: python-requests/2.9.1)
Jan  6 11:03:37 mas01 sh[17978]: 2019-01-06 11:03:37 regiond: [info] 192.168.11.44 POST /MAAS/metadata/status/rrgg4a HTTP/1.1 --> 204 NO_CONTENT (referrer: -; agent: python-requests/2.9.1)
Jan  6 11:03:37 mas01 sh[17862]: 2019-01-06 11:03:37 regiond: [info] 192.168.11.44 POST /MAAS/metadata/status/rrgg4a HTTP/1.1 --> 204 NO_CONTENT (referrer: -; agent: python-requests/2.9.1)
Jan  6 11:03:37 mas01 sh[17862]: 2019-01-06 11:03:37 regiond: [info] 192.168.11.44 POST /MAAS/metadata/status/rrgg4a HTTP/1.1 --> 204 NO_CONTENT (referrer: -; agent: python-requests/2.9.1)
Jan  6 11:03:37 mas01 sh[17978]: 2019-01-06 11:03:37 regiond: [info] 192.168.11.44 POST /MAAS/metadata/status/rrgg4a HTTP/1.1 --> 204 NO_CONTENT (referrer: -; agent: python-requests/2.9.1)
Jan  6 11:03:37 mas01 sh[17862]: 2019-01-06 11:03:37 regiond: [info] 192.168.11.44 POST /MAAS/metadata/status/rrgg4a HTTP/1.1 --> 204 NO_CONTENT (referrer: -; agent: python-requests/2.9.1)
Jan  6 11:03:37 mas01 sh[17978]: 2019-01-06 11:03:37 regiond: [info] 192.168.11.44 POST /MAAS/metadata/status/rrgg4a HTTP/1.1 --> 204 NO_CONTENT (referrer: -; agent: python-requests/2.9.1)
Jan  6 11:03:37 mas01 sh[17862]: 2019-01-06 11:03:37 regiond: [info] 192.168.11.44 POST /MAAS/metadata/status/rrgg4a HTTP/1.1 --> 204 NO_CONTENT (referrer: -; agent: python-requests/2.9.1)
Jan  6 11:03:37 mas01 sh[17867]: 2019-01-06 11:03:37 regiond: [info] 192.168.11.44 POST /MAAS/metadata/status/rrgg4a HTTP/1.1 --> 204 NO_CONTENT (referrer: -; agent: python-requests/2.9.1)
Jan  6 11:03:37 mas01 sh[17978]: 2019-01-06 11:03:37 regiond: [info] 192.168.11.43 POST /MAAS/metadata/status/8wcn4f HTTP/1.1 --> 204 NO_CONTENT (referrer: -; agent: python-requests/2.9.1)
Jan  6 11:03:37 mas01 sh[17867]: 2019-01-06 11:03:37 regiond: [info] 192.168.11.43 POST /MAAS/metadata/status/8wcn4f HTTP/1.1 --> 204 NO_CONTENT (referrer: -; agent: python-requests/2.9.1)
Jan  6 11:03:37 mas01 sh[17978]: 2019-01-06 11:03:37 regiond: [info] 192.168.11.43 POST /MAAS/metadata/status/8wcn4f HTTP/1.1 --> 204 NO_CONTENT (referrer: -; agent: python-requests/2.9.1)
Jan  6 11:03:37 mas01 sh[17867]: 2019-01-06 11:03:37 regiond: [info] 192.168.11.43 POST /MAAS/metadata/status/8wcn4f HTTP/1.1 --> 204 NO_CONTENT (referrer: -; agent: python-requests/2.9.1)
Jan  6 11:03:37 mas01 sh[17862]: 2019-01-06 11:03:37 regiond: [info] 192.168.11.43 POST /MAAS/metadata/status/8wcn4f HTTP/1.1 --> 204 NO_CONTENT (referrer: -; agent: python-requests/2.9.1)
Jan  6 11:03:37 mas01 sh[18627]: 2019-01-06 11:03:37 regiond: [info] 192.168.11.43 POST /MAAS/metadata/status/8wcn4f HTTP/1.1 --> 204 NO_CONTENT (referrer: -; agent: python-requests/2.9.1)
Jan  6 11:03:37 mas01 sh[17862]: 2019-01-06 11:03:37 regiond: [info] 192.168.11.43 POST /MAAS/metadata/status/8wcn4f HTTP/1.1 --> 204 NO_CONTENT (referrer: -; agent: python-requests/2.9.1)
Jan  6 11:03:37 mas01 sh[17867]: 2019-01-06 11:03:37 regiond: [info] 192.168.11.43 POST /MAAS/metadata/status/8wcn4f HTTP/1.1 --> 204 NO_CONTENT (referrer: -; agent: python-requests/2.9.1)
Jan  6 11:03:37 mas01 sh[17978]: 2019-01-06 11:03:37 regiond: [info] 192.168.11.43 POST /MAAS/metadata/status/8wcn4f HTTP/1.1 --> 204 NO_CONTENT (referrer: -; agent: python-requests/2.9.1)
Jan  6 11:03:37 mas01 sh[17978]: 2019-01-06 11:03:37 regiond: [info] 192.168.11.44 POST /MAAS/metadata/status/rrgg4a HTTP/1.1 --> 204 NO_CONTENT (referrer: -; agent: python-requests/2.9.1)
Jan  6 11:03:37 mas01 sh[18627]: 2019-01-06 11:03:37 regiond: [info] 192.168.11.43 POST /MAAS/metadata/status/8wcn4f HTTP/1.1 --> 204 NO_CONTENT (referrer: -; agent: python-requests/2.9.1)
Jan  6 11:03:37 mas01 sh[18627]: 2019-01-06 11:03:37 regiond: [info] 192.168.11.44 POST /MAAS/metadata/status/rrgg4a HTTP/1.1 --> 204 NO_CONTENT (referrer: -; agent: python-requests/2.9.1)
Jan  6 11:03:37 mas01 sh[18627]: 2019-01-06 11:03:37 regiond: [info] 192.168.11.44 POST /MAAS/metadata/status/rrgg4a HTTP/1.1 --> 204 NO_CONTENT (referrer: -; agent: python-requests/2.9.1)
Jan  6 11:03:37 mas01 sh[17862]: 2019-01-06 11:03:37 regiond: [info] 192.168.11.44 POST /MAAS/metadata/status/rrgg4a HTTP/1.1 --> 204 NO_CONTENT (referrer: -; agent: python-requests/2.9.1)
Jan  6 11:03:37 mas01 sh[18627]: 2019-01-06 11:03:37 regiond: [info] 192.168.11.44 POST /MAAS/metadata/status/rrgg4a HTTP/1.1 --> 204 NO_CONTENT (referrer: -; agent: python-requests/2.9.1)
Jan  6 11:03:37 mas01 sh[17867]: 2019-01-06 11:03:37 regiond: [info] 192.168.11.43 POST /MAAS/metadata/status/8wcn4f HTTP/1.1 --> 204 NO_CONTENT (referrer: -; agent: python-requests/2.9.1)
Jan  6 11:03:37 mas01 sh[17862]: 2019-01-06 11:03:37 regiond: [info] 192.168.11.44 POST /MAAS/metadata/status/rrgg4a HTTP/1.1 --> 204 NO_CONTENT (referrer: -; agent: python-requests/2.9.1)
Jan  6 11:03:37 mas01 sh[17862]: 2019-01-06 11:03:37 regiond: [info] 192.168.11.43 POST /MAAS/metadata/status/8wcn4f HTTP/1.1 --> 204 NO_CONTENT (referrer: -; agent: python-requests/2.9.1)
Jan  6 11:03:37 mas01 sh[17867]: 2019-01-06 11:03:37 regiond: [info] 192.168.11.44 POST /MAAS/metadata/status/rrgg4a HTTP/1.1 --> 204 NO_CONTENT (referrer: -; agent: python-requests/2.9.1)
Jan  6 11:03:37 mas01 sh[18627]: 2019-01-06 11:03:37 regiond: [info] 192.168.11.43 POST /MAAS/metadata/status/8wcn4f HTTP/1.1 --> 204 NO_CONTENT (referrer: -; agent: python-requests/2.9.1)
Jan  6 11:03:37 mas01 sh[18627]: 2019-01-06 11:03:37 regiond: [info] 192.168.11.44 POST /MAAS/metadata/status/rrgg4a HTTP/1.1 --> 204 NO_CONTENT (referrer: -; agent: python-requests/2.9.1)
Jan  6 11:03:37 mas01 sh[17862]: 2019-01-06 11:03:37 regiond: [info] 192.168.11.43 POST /MAAS/metadata/status/8wcn4f HTTP/1.1 --> 204 NO_CONTENT (referrer: -; agent: python-requests/2.9.1)
Jan  6 11:03:37 mas01 sh[17978]: 2019-01-06 11:03:37 regiond: [info] 192.168.11.44 POST /MAAS/metadata/status/rrgg4a HTTP/1.1 --> 204 NO_CONTENT (referrer: -; agent: python-requests/2.9.1)
Jan  6 11:03:37 mas01 sh[18627]: 2019-01-06 11:03:37 regiond: [info] 192.168.11.43 POST /MAAS/metadata/status/8wcn4f HTTP/1.1 --> 204 NO_CONTENT (referrer: -; agent: python-requests/2.9.1)
Jan  6 11:03:37 mas01 sh[17867]: 2019-01-06 11:03:37 regiond: [info] 192.168.11.44 POST /MAAS/metadata/status/rrgg4a HTTP/1.1 --> 204 NO_CONTENT (referrer: -; agent: python-requests/2.9.1)
Jan  6 11:03:37 mas01 sh[17978]: 2019-01-06 11:03:37 regiond: [info] 192.168.11.43 POST /MAAS/metadata/status/8wcn4f HTTP/1.1 --> 204 NO_CONTENT (referrer: -; agent: python-requests/2.9.1)
Jan  6 11:03:37 mas01 sh[18627]: 2019-01-06 11:03:37 regiond: [info] 192.168.11.43 POST /MAAS/metadata/status/8wcn4f HTTP/1.1 --> 204 NO_CONTENT (referrer: -; agent: python-requests/2.9.1)
Jan  6 11:03:37 mas01 sh[17978]: 2019-01-06 11:03:37 regiond: [info] 192.168.11.44 POST /MAAS/metadata/status/rrgg4a HTTP/1.1 --> 204 NO_CONTENT (referrer: -; agent: python-requests/2.9.1)
Jan  6 11:03:37 mas01 sh[17978]: 2019-01-06 11:03:37 regiond: [info] 192.168.11.44 POST /MAAS/metadata/status/rrgg4a HTTP/1.1 --> 204 NO_CONTENT (referrer: -; agent: python-requests/2.9.1)
Jan  6 11:03:37 mas01 sh[18627]: 2019-01-06 11:03:37 regiond: [info] 192.168.11.43 POST /MAAS/metadata/status/8wcn4f HTTP/1.1 --> 204 NO_CONTENT (referrer: -; agent: python-requests/2.9.1)
Jan  6 11:03:37 mas01 sh[17867]: 2019-01-06 11:03:37 regiond: [info] 192.168.11.43 POST /MAAS/metadata/status/8wcn4f HTTP/1.1 --> 204 NO_CONTENT (referrer: -; agent: python-requests/2.9.1)
Jan  6 11:03:37 mas01 sh[17867]: 2019-01-06 11:03:37 regiond: [info] 192.168.11.44 POST /MAAS/metadata/status/rrgg4a HTTP/1.1 --> 204 NO_CONTENT (referrer: -; agent: python-requests/2.9.1)
Jan  6 11:03:37 mas01 sh[17978]: 2019-01-06 11:03:37 regiond: [info] 192.168.11.43 POST /MAAS/metadata/status/8wcn4f HTTP/1.1 --> 204 NO_CONTENT (referrer: -; agent: python-requests/2.9.1)
Jan  6 11:03:37 mas01 sh[18627]: 2019-01-06 11:03:37 regiond: [info] 192.168.11.44 POST /MAAS/metadata/status/rrgg4a HTTP/1.1 --> 204 NO_CONTENT (referrer: -; agent: python-requests/2.9.1)
Jan  6 11:03:37 mas01 sh[17867]: 2019-01-06 11:03:37 regiond: [info] 192.168.11.43 POST /MAAS/metadata/status/8wcn4f HTTP/1.1 --> 204 NO_CONTENT (referrer: -; agent: python-requests/2.9.1)
Jan  6 11:03:37 mas01 sh[17862]: 2019-01-06 11:03:37 regiond: [info] 192.168.11.44 POST /MAAS/metadata/status/rrgg4a HTTP/1.1 --> 204 NO_CONTENT (referrer: -; agent: python-requests/2.9.1)
Jan  6 11:03:37 mas01 sh[17867]: 2019-01-06 11:03:37 regiond: [info] 192.168.11.43 POST /MAAS/metadata/status/8wcn4f HTTP/1.1 --> 204 NO_CONTENT (referrer: -; agent: python-requests/2.9.1)
Jan  6 11:03:37 mas01 sh[18627]: 2019-01-06 11:03:37 regiond: [info] 192.168.11.44 POST /MAAS/metadata/status/rrgg4a HTTP/1.1 --> 204 NO_CONTENT (referrer: -; agent: python-requests/2.9.1)
Jan  6 11:03:37 mas01 sh[18627]: 2019-01-06 11:03:37 regiond: [info] 192.168.11.43 POST /MAAS/metadata/status/8wcn4f HTTP/1.1 --> 204 NO_CONTENT (referrer: -; agent: python-requests/2.9.1)
Jan  6 11:03:37 mas01 sh[18627]: 2019-01-06 11:03:37 regiond: [info] 192.168.11.44 POST /MAAS/metadata/status/rrgg4a HTTP/1.1 --> 204 NO_CONTENT (referrer: -; agent: python-requests/2.9.1)
Jan  6 11:03:37 mas01 sh[17978]: 2019-01-06 11:03:37 regiond: [info] 192.168.11.43 POST /MAAS/metadata/status/8wcn4f HTTP/1.1 --> 204 NO_CONTENT (referrer: -; agent: python-requests/2.9.1)
Jan  6 11:03:37 mas01 sh[17978]: 2019-01-06 11:03:37 regiond: [info] 192.168.11.44 POST /MAAS/metadata/status/rrgg4a HTTP/1.1 --> 204 NO_CONTENT (referrer: -; agent: python-requests/2.9.1)
Jan  6 11:03:37 mas01 sh[18627]: 2019-01-06 11:03:37 regiond: [info] 192.168.11.43 POST /MAAS/metadata/status/8wcn4f HTTP/1.1 --> 204 NO_CONTENT (referrer: -; agent: python-requests/2.9.1)
Jan  6 11:03:37 mas01 sh[18627]: 2019-01-06 11:03:37 regiond: [info] 192.168.11.44 POST /MAAS/metadata/status/rrgg4a HTTP/1.1 --> 204 NO_CONTENT (referrer: -; agent: python-requests/2.9.1)
Jan  6 11:03:37 mas01 sh[17978]: 2019-01-06 11:03:37 regiond: [info] 192.168.11.43 POST /MAAS/metadata/status/8wcn4f HTTP/1.1 --> 204 NO_CONTENT (referrer: -; agent: python-requests/2.9.1)
Jan  6 11:03:37 mas01 sh[17862]: 2019-01-06 11:03:37 regiond: [info] 192.168.11.44 POST /MAAS/metadata/status/rrgg4a HTTP/1.1 --> 204 NO_CONTENT (referrer: -; agent: python-requests/2.9.1)
Jan  6 11:03:37 mas01 sh[17978]: 2019-01-06 11:03:37 regiond: [info] 192.168.11.43 POST /MAAS/metadata/status/8wcn4f HTTP/1.1 --> 204 NO_CONTENT (referrer: -; agent: python-requests/2.9.1)
Jan  6 11:03:37 mas01 sh[18627]: 2019-01-06 11:03:37 regiond: [info] 192.168.11.44 POST /MAAS/metadata/status/rrgg4a HTTP/1.1 --> 204 NO_CONTENT (referrer: -; agent: python-requests/2.9.1)
Jan  6 11:03:37 mas01 sh[17867]: 2019-01-06 11:03:37 regiond: [info] 192.168.11.43 POST /MAAS/metadata/status/8wcn4f HTTP/1.1 --> 204 NO_CONTENT (referrer: -; agent: python-requests/2.9.1)
Jan  6 11:03:37 mas01 sh[17978]: 2019-01-06 11:03:37 regiond: [info] 192.168.11.44 POST /MAAS/metadata/status/rrgg4a HTTP/1.1 --> 204 NO_CONTENT (referrer: -; agent: python-requests/2.9.1)
Jan  6 11:03:37 mas01 sh[18627]: 2019-01-06 11:03:37 regiond: [info] 192.168.11.43 POST /MAAS/metadata/status/8wcn4f HTTP/1.1 --> 204 NO_CONTENT (referrer: -; agent: python-requests/2.9.1)
Jan  6 11:03:37 mas01 sh[18627]: 2019-01-06 11:03:37 regiond: [info] 192.168.11.44 POST /MAAS/metadata/status/rrgg4a HTTP/1.1 --> 204 NO_CONTENT (referrer: -; agent: python-requests/2.9.1)
Jan  6 11:03:37 mas01 sh[17862]: 2019-01-06 11:03:37 regiond: [info] 192.168.11.43 POST /MAAS/metadata/status/8wcn4f HTTP/1.1 --> 204 NO_CONTENT (referrer: -; agent: python-requests/2.9.1)
Jan  6 11:03:37 mas01 sh[18627]: 2019-01-06 11:03:37 regiond: [info] 192.168.11.44 POST /MAAS/metadata/status/rrgg4a HTTP/1.1 --> 204 NO_CONTENT (referrer: -; agent: python-requests/2.9.1)
Jan  6 11:03:37 mas01 sh[17978]: 2019-01-06 11:03:37 regiond: [info] 192.168.11.43 POST /MAAS/metadata/status/8wcn4f HTTP/1.1 --> 204 NO_CONTENT (referrer: -; agent: python-requests/2.9.1)
Jan  6 11:03:37 mas01 sh[17978]: 2019-01-06 11:03:37 regiond: [info] 192.168.11.44 POST /MAAS/metadata/status/rrgg4a HTTP/1.1 --> 204 NO_CONTENT (referrer: -; agent: python-requests/2.9.1)
Jan  6 11:03:37 mas01 sh[17978]: 2019-01-06 11:03:37 regiond: [info] 192.168.11.43 POST /MAAS/metadata/status/8wcn4f HTTP/1.1 --> 204 NO_CONTENT (referrer: -; agent: python-requests/2.9.1)
Jan  6 11:03:37 mas01 sh[18627]: 2019-01-06 11:03:37 regiond: [info] 192.168.11.44 POST /MAAS/metadata/status/rrgg4a HTTP/1.1 --> 204 NO_CONTENT (referrer: -; agent: python-requests/2.9.1)
Jan  6 11:03:37 mas01 sh[17978]: 2019-01-06 11:03:37 regiond: [info] 192.168.11.43 POST /MAAS/metadata/status/8wcn4f HTTP/1.1 --> 204 NO_CONTENT (referrer: -; agent: python-requests/2.9.1)
Jan  6 11:03:37 mas01 sh[18627]: 2019-01-06 11:03:37 regiond: [info] 192.168.11.44 POST /MAAS/metadata/status/rrgg4a HTTP/1.1 --> 204 NO_CONTENT (referrer: -; agent: python-requests/2.9.1)
Jan  6 11:03:37 mas01 sh[17867]: 2019-01-06 11:03:37 regiond: [info] 192.168.11.43 POST /MAAS/metadata/status/8wcn4f HTTP/1.1 --> 204 NO_CONTENT (referrer: -; agent: python-requests/2.9.1)
Jan  6 11:03:37 mas01 sh[17978]: 2019-01-06 11:03:37 regiond: [info] 192.168.11.44 POST /MAAS/metadata/status/rrgg4a HTTP/1.1 --> 204 NO_CONTENT (referrer: -; agent: python-requests/2.9.1)
Jan  6 11:03:37 mas01 sh[17862]: 2019-01-06 11:03:37 regiond: [info] 192.168.11.43 POST /MAAS/metadata/status/8wcn4f HTTP/1.1 --> 204 NO_CONTENT (referrer: -; agent: python-requests/2.9.1)
Jan  6 11:03:37 mas01 sh[17862]: 2019-01-06 11:03:37 regiond: [info] 192.168.11.44 POST /MAAS/metadata/status/rrgg4a HTTP/1.1 --> 204 NO_CONTENT (referrer: -; agent: python-requests/2.9.1)
Jan  6 11:03:37 mas01 sh[18627]: 2019-01-06 11:03:37 regiond: [info] 192.168.11.43 POST /MAAS/metadata/status/8wcn4f HTTP/1.1 --> 204 NO_CONTENT (referrer: -; agent: python-requests/2.9.1)
Jan  6 11:03:37 mas01 sh[18627]: 2019-01-06 11:03:37 regiond: [info] 192.168.11.44 POST /MAAS/metadata/status/rrgg4a HTTP/1.1 --> 204 NO_CONTENT (referrer: -; agent: python-requests/2.9.1)
Jan  6 11:03:37 mas01 sh[18627]: 2019-01-06 11:03:37 regiond: [info] 192.168.11.43 POST /MAAS/metadata/status/8wcn4f HTTP/1.1 --> 204 NO_CONTENT (referrer: -; agent: python-requests/2.9.1)
Jan  6 11:03:37 mas01 sh[17867]: 2019-01-06 11:03:37 regiond: [info] 192.168.11.43 POST /MAAS/metadata/status/8wcn4f HTTP/1.1 --> 204 NO_CONTENT (referrer: -; agent: python-requests/2.9.1)
Jan  6 11:03:37 mas01 sh[17862]: 2019-01-06 11:03:37 regiond: [info] 192.168.11.43 POST /MAAS/metadata/status/8wcn4f HTTP/1.1 --> 204 NO_CONTENT (referrer: -; agent: python-requests/2.9.1)
Jan  6 11:03:39 mas01 sh[18627]: 2019-01-06 11:03:39 regiond: [info] 192.168.11.44 POST /MAAS/metadata/2012-03-01/ HTTP/1.1 --> 200 OK (referrer: -; agent: Python-urllib/3.5)
Jan  6 11:03:39 mas01 sh[18627]: 2019-01-06 11:03:39 regiond: [info] 192.168.11.43 POST /MAAS/metadata/2012-03-01/ HTTP/1.1 --> 200 OK (referrer: -; agent: Python-urllib/3.5)
Jan  6 11:03:41 mas01 sh[18627]: 2019-01-06 11:03:41 regiond: [info] 192.168.11.42 POST /MAAS/metadata/2012-03-01/ HTTP/1.1 --> 200 OK (referrer: -; agent: Python-urllib/3.5)
Jan  6 11:03:42 mas01 sh[17862]: 2019-01-06 11:03:42 regiond: [info] 192.168.11.42 POST /MAAS/metadata/2012-03-01/ HTTP/1.1 --> 200 OK (referrer: -; agent: Python-urllib/3.5)
Jan  6 11:03:42 mas01 sh[17978]: 2019-01-06 11:03:42 regiond: [info] 192.168.11.42 GET /MAAS/metadata/2012-03-01/maas-scripts/ HTTP/1.1 --> 200 OK (referrer: -; agent: Python-urllib/3.5)
Jan  6 11:03:42 mas01 sh[17978]: 2019-01-06 11:03:42 regiond: [info] 192.168.11.42 POST /MAAS/metadata/2012-03-01/ HTTP/1.1 --> 200 OK (referrer: -; agent: Python-urllib/3.5)
Jan  6 11:03:42 mas01 sh[17978]: 2019-01-06 11:03:42 regiond: [info] 192.168.11.42 GET /MAAS/metadata/latest/by-id/g67t6x/?op=get_preseed HTTP/1.1 --> 200 OK (referrer: -; agent: curl/7.47.0)
Jan  6 11:03:42 mas01 sh[18627]: 2019-01-06 11:03:42 regiond: [info] 192.168.11.42 POST /MAAS/metadata/2012-03-01/ HTTP/1.1 --> 200 OK (referrer: -; agent: Python-urllib/3.5)
Jan  6 11:03:42 mas01 sh[17978]: 2019-01-06 11:03:42 regiond: [info] 192.168.11.42 POST /MAAS/metadata/2012-03-01/ HTTP/1.1 --> 200 OK (referrer: -; agent: Python-urllib/3.5)
Jan  6 11:03:42 mas01 sh[17862]: 2019-01-06 11:03:42 regiond: [info] 192.168.11.42 POST /MAAS/metadata/2012-03-01/ HTTP/1.1 --> 200 OK (referrer: -; agent: Python-urllib/3.5)
Jan  6 11:03:42 mas01 sh[17862]: 2019-01-06 11:03:42 regiond: [info] 192.168.11.42 POST /MAAS/metadata/2012-03-01/ HTTP/1.1 --> 200 OK (referrer: -; agent: Python-urllib/3.5)
Jan  6 11:03:43 mas01 salt-minion[4704]: [INFO    ] User sudo_ubuntu Executing command saltutil.find_job with jid 20190106110343805325
Jan  6 11:03:43 mas01 salt-minion[4704]: [INFO    ] Starting a new job with PID 21998
Jan  6 11:03:43 mas01 sh[17867]: 2019-01-06 11:03:43 regiond: [info] 192.168.11.42 POST /MAAS/metadata/2012-03-01/ HTTP/1.1 --> 200 OK (referrer: -; agent: Python-urllib/3.5)
Jan  6 11:03:43 mas01 salt-minion[4704]: [INFO    ] Returning information for job: 20190106110343805325
Jan  6 11:03:43 mas01 sh[17867]: 2019-01-06 11:03:43 regiond: [info] 192.168.11.42 POST /MAAS/metadata/2012-03-01/ HTTP/1.1 --> 200 OK (referrer: -; agent: Python-urllib/3.5)
Jan  6 11:03:43 mas01 sh[18627]: 2019-01-06 11:03:43 regiond: [info] 192.168.11.42 POST /MAAS/metadata/2012-03-01/ HTTP/1.1 --> 200 OK (referrer: -; agent: Python-urllib/3.5)
Jan  6 11:03:44 mas01 sh[17867]: 2019-01-06 11:03:44 regiond: [info] 192.168.11.42 POST /MAAS/metadata/2012-03-01/ HTTP/1.1 --> 200 OK (referrer: -; agent: Python-urllib/3.5)
Jan  6 11:03:44 mas01 sh[17978]: 2019-01-06 11:03:44 regiond: [info] 192.168.11.44 POST /MAAS/metadata/2012-03-01/ HTTP/1.1 --> 200 OK (referrer: -; agent: Python-urllib/3.5)
Jan  6 11:03:45 mas01 sh[17978]: 2019-01-06 11:03:45 regiond: [info] 192.168.11.44 POST /MAAS/metadata/2012-03-01/ HTTP/1.1 --> 200 OK (referrer: -; agent: Python-urllib/3.5)
Jan  6 11:03:45 mas01 sh[17867]: 2019-01-06 11:03:45 regiond: [info] 192.168.11.44 GET /MAAS/metadata/2012-03-01/maas-scripts/ HTTP/1.1 --> 200 OK (referrer: -; agent: Python-urllib/3.5)
Jan  6 11:03:45 mas01 sh[17867]: 2019-01-06 11:03:45 regiond: [info] 192.168.11.43 POST /MAAS/metadata/2012-03-01/ HTTP/1.1 --> 200 OK (referrer: -; agent: Python-urllib/3.5)
Jan  6 11:03:45 mas01 sh[18627]: 2019-01-06 11:03:45 regiond: [info] 192.168.11.44 POST /MAAS/metadata/2012-03-01/ HTTP/1.1 --> 200 OK (referrer: -; agent: Python-urllib/3.5)
Jan  6 11:03:45 mas01 sh[17978]: 2019-01-06 11:03:45 regiond: [info] 192.168.11.43 GET /MAAS/metadata/2012-03-01/maas-scripts/ HTTP/1.1 --> 200 OK (referrer: -; agent: Python-urllib/3.5)
Jan  6 11:03:45 mas01 sh[17867]: 2019-01-06 11:03:45 regiond: [info] 192.168.11.43 POST /MAAS/metadata/2012-03-01/ HTTP/1.1 --> 200 OK (referrer: -; agent: Python-urllib/3.5)
Jan  6 11:03:45 mas01 sh[17867]: 2019-01-06 11:03:45 regiond: [info] 192.168.11.44 GET /MAAS/metadata/latest/by-id/rrgg4a/?op=get_preseed HTTP/1.1 --> 200 OK (referrer: -; agent: curl/7.47.0)
Jan  6 11:03:45 mas01 sh[18627]: 2019-01-06 11:03:45 regiond: [info] 192.168.11.43 POST /MAAS/metadata/2012-03-01/ HTTP/1.1 --> 200 OK (referrer: -; agent: Python-urllib/3.5)
Jan  6 11:03:45 mas01 sh[17862]: 2019-01-06 11:03:45 regiond: [info] 192.168.11.43 GET /MAAS/metadata/latest/by-id/8wcn4f/?op=get_preseed HTTP/1.1 --> 200 OK (referrer: -; agent: curl/7.47.0)
Jan  6 11:03:45 mas01 sh[17862]: 2019-01-06 11:03:45 regiond: [info] 192.168.11.44 POST /MAAS/metadata/2012-03-01/ HTTP/1.1 --> 200 OK (referrer: -; agent: Python-urllib/3.5)
Jan  6 11:03:45 mas01 sh[17862]: message repeated 2 times: [ 2019-01-06 11:03:45 regiond: [info] 192.168.11.44 POST /MAAS/metadata/2012-03-01/ HTTP/1.1 --> 200 OK (referrer: -; agent: Python-urllib/3.5)]
Jan  6 11:03:45 mas01 sh[17862]: 2019-01-06 11:03:45 regiond: [info] 192.168.11.43 POST /MAAS/metadata/2012-03-01/ HTTP/1.1 --> 200 OK (referrer: -; agent: Python-urllib/3.5)
Jan  6 11:03:45 mas01 sh[17862]: 2019-01-06 11:03:45 regiond: [info] 192.168.11.44 POST /MAAS/metadata/2012-03-01/ HTTP/1.1 --> 200 OK (referrer: -; agent: Python-urllib/3.5)
Jan  6 11:03:45 mas01 sh[17867]: 2019-01-06 11:03:45 regiond: [info] 192.168.11.43 POST /MAAS/metadata/2012-03-01/ HTTP/1.1 --> 200 OK (referrer: -; agent: Python-urllib/3.5)
Jan  6 11:03:46 mas01 sh[17978]: 2019-01-06 11:03:46 regiond: [info] 192.168.11.42 POST /MAAS/metadata/2012-03-01/ HTTP/1.1 --> 200 OK (referrer: -; agent: Python-urllib/3.5)
Jan  6 11:03:46 mas01 sh[17978]: 2019-01-06 11:03:46 regiond: [info] 192.168.11.43 POST /MAAS/metadata/2012-03-01/ HTTP/1.1 --> 200 OK (referrer: -; agent: Python-urllib/3.5)
Jan  6 11:03:46 mas01 sh[17867]: 2019-01-06 11:03:46 regiond: [info] 192.168.11.43 POST /MAAS/metadata/2012-03-01/ HTTP/1.1 --> 200 OK (referrer: -; agent: Python-urllib/3.5)
Jan  6 11:03:46 mas01 sh[18627]: 2019-01-06 11:03:46 regiond: [info] 192.168.11.42 POST /MAAS/metadata/2012-03-01/ HTTP/1.1 --> 200 OK (referrer: -; agent: Python-urllib/3.5)
Jan  6 11:03:46 mas01 sh[18627]: 2019-01-06 11:03:46 regiond: [info] 192.168.11.42 POST /MAAS/metadata/2012-03-01/ HTTP/1.1 --> 200 OK (referrer: -; agent: Python-urllib/3.5)
Jan  6 11:03:46 mas01 sh[17862]: 2019-01-06 11:03:46 regiond: [info] 192.168.11.42 POST /MAAS/metadata/2012-03-01/ HTTP/1.1 --> 200 OK (referrer: -; agent: Python-urllib/3.5)
Jan  6 11:03:46 mas01 sh[17862]: 2019-01-06 11:03:46 regiond: [info] 192.168.11.42 POST /MAAS/metadata/2012-03-01/ HTTP/1.1 --> 200 OK (referrer: -; agent: Python-urllib/3.5)
Jan  6 11:03:46 mas01 sh[17978]: 2019-01-06 11:03:46 regiond: [info] 192.168.11.44 POST /MAAS/metadata/2012-03-01/ HTTP/1.1 --> 200 OK (referrer: -; agent: Python-urllib/3.5)
Jan  6 11:03:46 mas01 sh[18627]: 2019-01-06 11:03:46 regiond: [info] 192.168.11.44 POST /MAAS/metadata/2012-03-01/ HTTP/1.1 --> 200 OK (referrer: -; agent: Python-urllib/3.5)
Jan  6 11:03:47 mas01 sh[17978]: 2019-01-06 11:03:47 regiond: [info] 192.168.11.44 POST /MAAS/metadata/2012-03-01/ HTTP/1.1 --> 200 OK (referrer: -; agent: Python-urllib/3.5)
Jan  6 11:03:47 mas01 sh[17978]: 2019-01-06 11:03:47 regiond: [info] 192.168.11.44 POST /MAAS/metadata/2012-03-01/ HTTP/1.1 --> 200 OK (referrer: -; agent: Python-urllib/3.5)
Jan  6 11:03:47 mas01 sh[18627]: 2019-01-06 11:03:47 regiond: [info] 192.168.11.43 POST /MAAS/metadata/2012-03-01/ HTTP/1.1 --> 200 OK (referrer: -; agent: Python-urllib/3.5)
Jan  6 11:03:47 mas01 sh[18627]: message repeated 2 times: [ 2019-01-06 11:03:47 regiond: [info] 192.168.11.43 POST /MAAS/metadata/2012-03-01/ HTTP/1.1 --> 200 OK (referrer: -; agent: Python-urllib/3.5)]
Jan  6 11:03:47 mas01 sh[17978]: 2019-01-06 11:03:47 regiond: [info] 192.168.11.43 POST /MAAS/metadata/2012-03-01/ HTTP/1.1 --> 200 OK (referrer: -; agent: Python-urllib/3.5)
Jan  6 11:03:48 mas01 sh[17867]: 2019-01-06 11:03:48 regiond: [info] 192.168.11.42 POST /MAAS/metadata/2012-03-01/ HTTP/1.1 --> 200 OK (referrer: -; agent: Python-urllib/3.5)
Jan  6 11:03:48 mas01 sh[17978]: 2019-01-06 11:03:48 regiond: [info] 192.168.11.42 POST /MAAS/metadata/2012-03-01/ HTTP/1.1 --> 200 OK (referrer: -; agent: Python-urllib/3.5)
Jan  6 11:03:49 mas01 sh[17978]: 2019-01-06 11:03:49 regiond: [info] 192.168.11.44 POST /MAAS/metadata/2012-03-01/ HTTP/1.1 --> 200 OK (referrer: -; agent: Python-urllib/3.5)
Jan  6 11:03:49 mas01 sh[17862]: 2019-01-06 11:03:49 regiond: [info] 192.168.11.44 POST /MAAS/metadata/2012-03-01/ HTTP/1.1 --> 200 OK (referrer: -; agent: Python-urllib/3.5)
Jan  6 11:03:49 mas01 sh[17978]: 2019-01-06 11:03:49 regiond: [info] 192.168.11.44 POST /MAAS/metadata/2012-03-01/ HTTP/1.1 --> 200 OK (referrer: -; agent: Python-urllib/3.5)
Jan  6 11:03:49 mas01 sh[18627]: 2019-01-06 11:03:49 regiond: [info] 192.168.11.43 POST /MAAS/metadata/2012-03-01/ HTTP/1.1 --> 200 OK (referrer: -; agent: Python-urllib/3.5)
Jan  6 11:03:49 mas01 sh[17978]: 2019-01-06 11:03:49 regiond: [info] 192.168.11.44 POST /MAAS/metadata/2012-03-01/ HTTP/1.1 --> 200 OK (referrer: -; agent: Python-urllib/3.5)
Jan  6 11:03:49 mas01 sh[17978]: 2019-01-06 11:03:49 regiond: [info] 192.168.11.43 POST /MAAS/metadata/2012-03-01/ HTTP/1.1 --> 200 OK (referrer: -; agent: Python-urllib/3.5)
Jan  6 11:03:49 mas01 sh[17862]: 2019-01-06 11:03:49 regiond: [info] 192.168.11.44 POST /MAAS/metadata/2012-03-01/ HTTP/1.1 --> 200 OK (referrer: -; agent: Python-urllib/3.5)
Jan  6 11:03:49 mas01 sh[17867]: 2019-01-06 11:03:49 regiond: [info] 192.168.11.43 POST /MAAS/metadata/2012-03-01/ HTTP/1.1 --> 200 OK (referrer: -; agent: Python-urllib/3.5)
Jan  6 11:03:49 mas01 sh[18627]: 2019-01-06 11:03:49 regiond: [info] 127.0.0.1 GET /MAAS/api/2.0/machines/ HTTP/1.1 --> 200 OK (referrer: -; agent: Python-urllib/2.7)
Jan  6 11:03:49 mas01 sh[17978]: 2019-01-06 11:03:49 regiond: [info] 192.168.11.43 POST /MAAS/metadata/2012-03-01/ HTTP/1.1 --> 200 OK (referrer: -; agent: Python-urllib/3.5)
Jan  6 11:03:49 mas01 sh[17867]: 2019-01-06 11:03:49 regiond: [info] 192.168.11.43 POST /MAAS/metadata/2012-03-01/ HTTP/1.1 --> 200 OK (referrer: -; agent: Python-urllib/3.5)
Jan  6 11:03:50 mas01 sh[17862]: 2019-01-06 11:03:50 regiond: [info] 127.0.0.1 GET /MAAS/api/2.0/machines/ HTTP/1.1 --> 200 OK (referrer: -; agent: Python-urllib/2.7)
Jan  6 11:03:50 mas01 sh[17867]: 2019-01-06 11:03:50 regiond: [info] 127.0.0.1 GET /MAAS/rpc/ HTTP/1.0 --> 200 OK (referrer: -; agent: provisioningserver.rpc.clusterservice.ClusterClientService)
Jan  6 11:03:50 mas01 sh[17862]: 2019-01-06 11:03:50 regiond: [info] 127.0.0.1 GET /MAAS/api/2.0/machines/ HTTP/1.1 --> 200 OK (referrer: -; agent: Python-urllib/2.7)
Jan  6 11:03:50 mas01 salt-minion[4704]: [INFO    ] Waiting status:Ready|Deployed for machines:['kvm01', 'kvm03', 'kvm02']
Jan  6 11:03:50 mas01 salt-minion[4704]: sleep for:30s Timeout:1500s (1248.5363729s left)
Jan  6 11:03:50 mas01 dhcpd[21861]: DHCPDISCOVER from 14:58:d0:54:e7:8c via ens5
Jan  6 11:03:51 mas01 sh[17862]: 2019-01-06 11:03:51 regiond: [info] 192.168.11.44 POST /MAAS/metadata/2012-03-01/ HTTP/1.1 --> 200 OK (referrer: -; agent: Python-urllib/3.5)
Jan  6 11:03:51 mas01 sh[17978]: 2019-01-06 11:03:51 regiond: [info] 192.168.11.44 POST /MAAS/metadata/2012-03-01/ HTTP/1.1 --> 200 OK (referrer: -; agent: Python-urllib/3.5)
Jan  6 11:03:51 mas01 sh[17862]: 2019-01-06 11:03:51 regiond: [info] 192.168.11.43 POST /MAAS/metadata/2012-03-01/ HTTP/1.1 --> 200 OK (referrer: -; agent: Python-urllib/3.5)
Jan  6 11:03:51 mas01 sh[17867]: 2019-01-06 11:03:51 regiond: [info] 192.168.11.43 POST /MAAS/metadata/2012-03-01/ HTTP/1.1 --> 200 OK (referrer: -; agent: Python-urllib/3.5)
Jan  6 11:03:51 mas01 dhcpd[21861]: DHCPOFFER on 192.168.11.45 to 14:58:d0:54:e7:8c (kvm01) via ens5
Jan  6 11:03:51 mas01 dhcpd[21861]: execute_statement argv[0] = /usr/sbin/maas-dhcp-helper
Jan  6 11:03:51 mas01 dhcpd[21861]: execute_statement argv[1] = notify
Jan  6 11:03:51 mas01 dhcpd[21861]: execute_statement argv[2] = --action
Jan  6 11:03:51 mas01 dhcpd[21861]: execute_statement argv[3] = commit
Jan  6 11:03:51 mas01 dhcpd[21861]: execute_statement argv[4] = --mac
Jan  6 11:03:51 mas01 dhcpd[21861]: execute_statement argv[5] = 14:58:d0:54:e7:8c
Jan  6 11:03:51 mas01 dhcpd[21861]: execute_statement argv[6] = --ip-family
Jan  6 11:03:51 mas01 dhcpd[21861]: execute_statement argv[7] = ipv4
Jan  6 11:03:51 mas01 dhcpd[21861]: execute_statement argv[8] = --ip
Jan  6 11:03:51 mas01 dhcpd[21861]: execute_statement argv[9] = 192.168.11.45
Jan  6 11:03:51 mas01 dhcpd[21861]: execute_statement argv[10] = --lease-time
Jan  6 11:03:51 mas01 dhcpd[21861]: execute_statement argv[11] = 600
Jan  6 11:03:51 mas01 dhcpd[21861]: execute_statement argv[12] = --hostname
Jan  6 11:03:51 mas01 dhcpd[21861]: execute_statement argv[13] = kvm01
Jan  6 11:03:51 mas01 dhcpd[21861]: execute_statement argv[14] = --socket
Jan  6 11:03:51 mas01 dhcpd[21861]: execute_statement argv[15] = /var/lib/maas/dhcpd.sock
Jan  6 11:03:51 mas01 dhcpd[21861]: DHCPREQUEST for 192.168.11.45 (192.168.11.3) from 14:58:d0:54:e7:8c (kvm01) via ens5
Jan  6 11:03:51 mas01 dhcpd[21861]: DHCPACK on 192.168.11.45 to 14:58:d0:54:e7:8c (kvm01) via ens5
Jan  6 11:03:52 mas01 sh[17862]: 2019-01-06 11:03:52 maasserver.rpc.leases: [info] Lease update: commit for 192.168.11.45 on 14:58:d0:54:e7:8c at 2019-01-06 11:03:51 (lease time: 600s) (hostname: kvm01)
Jan  6 11:03:53 mas01 maas.interface: [info] ens5 (physical) on mas01: New MAC, IP binding observed: 14:58:d0:54:e7:88, 192.168.11.45
Jan  6 11:03:53 mas01 dhcpd[21861]: DHCPDISCOVER from 14:58:d0:54:6a:64 via ens5
Jan  6 11:03:53 mas01 dhcpd[21861]: DHCPDISCOVER from 14:58:d0:54:7a:2c via ens5
Jan  6 11:03:53 mas01 salt-minion[4704]: [INFO    ] User sudo_ubuntu Executing command saltutil.find_job with jid 20190106110353836990
Jan  6 11:03:53 mas01 salt-minion[4704]: [INFO    ] Starting a new job with PID 22086
Jan  6 11:03:53 mas01 salt-minion[4704]: [INFO    ] Returning information for job: 20190106110353836990
Jan  6 11:03:54 mas01 dhcpd[21861]: DHCPOFFER on 192.168.11.46 to 14:58:d0:54:6a:64 (kvm02) via ens5
Jan  6 11:03:54 mas01 dhcpd[21861]: execute_statement argv[0] = /usr/sbin/maas-dhcp-helper
Jan  6 11:03:54 mas01 dhcpd[21861]: execute_statement argv[1] = notify
Jan  6 11:03:54 mas01 dhcpd[21861]: execute_statement argv[2] = --action
Jan  6 11:03:54 mas01 dhcpd[21861]: execute_statement argv[3] = commit
Jan  6 11:03:54 mas01 dhcpd[21861]: execute_statement argv[4] = --mac
Jan  6 11:03:54 mas01 dhcpd[21861]: execute_statement argv[5] = 14:58:d0:54:6a:64
Jan  6 11:03:54 mas01 dhcpd[21861]: execute_statement argv[6] = --ip-family
Jan  6 11:03:54 mas01 dhcpd[21861]: execute_statement argv[7] = ipv4
Jan  6 11:03:54 mas01 dhcpd[21861]: execute_statement argv[8] = --ip
Jan  6 11:03:54 mas01 dhcpd[21861]: execute_statement argv[9] = 192.168.11.46
Jan  6 11:03:54 mas01 dhcpd[21861]: execute_statement argv[10] = --lease-time
Jan  6 11:03:54 mas01 dhcpd[21861]: execute_statement argv[11] = 600
Jan  6 11:03:54 mas01 dhcpd[21861]: execute_statement argv[12] = --hostname
Jan  6 11:03:54 mas01 dhcpd[21861]: execute_statement argv[13] = kvm02
Jan  6 11:03:54 mas01 dhcpd[21861]: execute_statement argv[14] = --socket
Jan  6 11:03:54 mas01 dhcpd[21861]: execute_statement argv[15] = /var/lib/maas/dhcpd.sock
Jan  6 11:03:54 mas01 dhcpd[21861]: DHCPREQUEST for 192.168.11.46 (192.168.11.3) from 14:58:d0:54:6a:64 (kvm02) via ens5
Jan  6 11:03:54 mas01 dhcpd[21861]: DHCPACK on 192.168.11.46 to 14:58:d0:54:6a:64 (kvm02) via ens5
Jan  6 11:03:54 mas01 sh[17862]: 2019-01-06 11:03:54 maasserver.rpc.leases: [info] Lease update: commit for 192.168.11.46 on 14:58:d0:54:6a:64 at 2019-01-06 11:03:54 (lease time: 600s) (hostname: kvm02)
Jan  6 11:03:54 mas01 dhcpd[21861]: DHCPOFFER on 192.168.11.47 to 14:58:d0:54:7a:2c (kvm03) via ens5
Jan  6 11:03:54 mas01 dhcpd[21861]: execute_statement argv[0] = /usr/sbin/maas-dhcp-helper
Jan  6 11:03:54 mas01 dhcpd[21861]: execute_statement argv[1] = notify
Jan  6 11:03:54 mas01 dhcpd[21861]: execute_statement argv[2] = --action
Jan  6 11:03:54 mas01 dhcpd[21861]: execute_statement argv[3] = commit
Jan  6 11:03:54 mas01 dhcpd[21861]: execute_statement argv[4] = --mac
Jan  6 11:03:54 mas01 dhcpd[21861]: execute_statement argv[5] = 14:58:d0:54:7a:2c
Jan  6 11:03:54 mas01 dhcpd[21861]: execute_statement argv[6] = --ip-family
Jan  6 11:03:54 mas01 dhcpd[21861]: execute_statement argv[7] = ipv4
Jan  6 11:03:54 mas01 dhcpd[21861]: execute_statement argv[8] = --ip
Jan  6 11:03:54 mas01 dhcpd[21861]: execute_statement argv[9] = 192.168.11.47
Jan  6 11:03:54 mas01 dhcpd[21861]: execute_statement argv[10] = --lease-time
Jan  6 11:03:54 mas01 dhcpd[21861]: execute_statement argv[11] = 600
Jan  6 11:03:54 mas01 dhcpd[21861]: execute_statement argv[12] = --hostname
Jan  6 11:03:54 mas01 dhcpd[21861]: execute_statement argv[13] = kvm03
Jan  6 11:03:54 mas01 dhcpd[21861]: execute_statement argv[14] = --socket
Jan  6 11:03:54 mas01 dhcpd[21861]: execute_statement argv[15] = /var/lib/maas/dhcpd.sock
Jan  6 11:03:54 mas01 dhcpd[21861]: DHCPREQUEST for 192.168.11.47 (192.168.11.3) from 14:58:d0:54:7a:2c (kvm03) via ens5
Jan  6 11:03:54 mas01 dhcpd[21861]: DHCPACK on 192.168.11.47 to 14:58:d0:54:7a:2c (kvm03) via ens5
Jan  6 11:03:54 mas01 sh[17867]: 2019-01-06 11:03:54 maasserver.rpc.leases: [info] Lease update: commit for 192.168.11.47 on 14:58:d0:54:7a:2c at 2019-01-06 11:03:54 (lease time: 600s) (hostname: kvm03)
Jan  6 11:03:55 mas01 maas.interface: [info] ens5 (physical) on mas01: New MAC, IP binding observed: 14:58:d0:54:6a:60, 192.168.11.46
Jan  6 11:03:55 mas01 maas.interface: [info] ens5 (physical) on mas01: New MAC, IP binding observed: 14:58:d0:54:7a:28, 192.168.11.47
Jan  6 11:03:57 mas01 sh[18627]: 2019-01-06 11:03:57 regiond: [info] 192.168.11.42 POST /MAAS/metadata/2012-03-01/ HTTP/1.1 --> 200 OK (referrer: -; agent: Python-urllib/3.5)
Jan  6 11:03:57 mas01 sh[17978]: 2019-01-06 11:03:57 regiond: [info] 192.168.11.42 POST /MAAS/metadata/2012-03-01/ HTTP/1.1 --> 200 OK (referrer: -; agent: Python-urllib/3.5)
Jan  6 11:03:57 mas01 sh[17978]: message repeated 3 times: [ 2019-01-06 11:03:57 regiond: [info] 192.168.11.42 POST /MAAS/metadata/2012-03-01/ HTTP/1.1 --> 200 OK (referrer: -; agent: Python-urllib/3.5)]
Jan  6 11:03:57 mas01 sh[17862]: 2019-01-06 11:03:57 regiond: [info] 192.168.11.42 POST /MAAS/metadata/2012-03-01/ HTTP/1.1 --> 200 OK (referrer: -; agent: Python-urllib/3.5)
Jan  6 11:04:00 mas01 sh[17862]: 2019-01-06 11:04:00 regiond: [info] 192.168.11.44 POST /MAAS/metadata/2012-03-01/ HTTP/1.1 --> 200 OK (referrer: -; agent: Python-urllib/3.5)
Jan  6 11:04:00 mas01 sh[17862]: 2019-01-06 11:04:00 regiond: [info] 192.168.11.44 POST /MAAS/metadata/2012-03-01/ HTTP/1.1 --> 200 OK (referrer: -; agent: Python-urllib/3.5)
Jan  6 11:04:00 mas01 sh[18627]: 2019-01-06 11:04:00 regiond: [info] 192.168.11.44 POST /MAAS/metadata/2012-03-01/ HTTP/1.1 --> 200 OK (referrer: -; agent: Python-urllib/3.5)
Jan  6 11:04:00 mas01 sh[17978]: 2019-01-06 11:04:00 regiond: [info] 192.168.11.44 POST /MAAS/metadata/2012-03-01/ HTTP/1.1 --> 200 OK (referrer: -; agent: Python-urllib/3.5)
Jan  6 11:04:00 mas01 sh[17978]: 2019-01-06 11:04:00 regiond: [info] 192.168.11.44 POST /MAAS/metadata/2012-03-01/ HTTP/1.1 --> 200 OK (referrer: -; agent: Python-urllib/3.5)
Jan  6 11:04:00 mas01 sh[17862]: 2019-01-06 11:04:00 regiond: [info] 192.168.11.43 POST /MAAS/metadata/2012-03-01/ HTTP/1.1 --> 200 OK (referrer: -; agent: Python-urllib/3.5)
Jan  6 11:04:00 mas01 sh[17867]: 2019-01-06 11:04:00 regiond: [info] 192.168.11.44 POST /MAAS/metadata/2012-03-01/ HTTP/1.1 --> 200 OK (referrer: -; agent: Python-urllib/3.5)
Jan  6 11:04:00 mas01 sh[17862]: 2019-01-06 11:04:00 regiond: [info] 192.168.11.43 POST /MAAS/metadata/2012-03-01/ HTTP/1.1 --> 200 OK (referrer: -; agent: Python-urllib/3.5)
