Jan  3 12:29:42 mas01 sh[17801]: 2019-01-03 12:29:42 regiond: [info] 192.168.11.42 POST /MAAS/metadata/status/qh7476 HTTP/1.1 --> 204 NO_CONTENT (referrer: -; agent: python-requests/2.9.1)
Jan  3 12:29:42 mas01 sh[17801]: 2019-01-03 12:29:42 regiond: [info] 192.168.11.42 POST /MAAS/metadata/status/qh7476 HTTP/1.1 --> 204 NO_CONTENT (referrer: -; agent: python-requests/2.9.1)
Jan  3 12:29:43 mas01 sh[17796]: 2019-01-03 12:29:43 regiond: [info] 192.168.11.43 POST /MAAS/metadata/status/bpgfgm HTTP/1.1 --> 204 NO_CONTENT (referrer: -; agent: python-requests/2.9.1)
Jan  3 12:29:43 mas01 sh[17801]: 2019-01-03 12:29:43 regiond: [info] 192.168.11.43 POST /MAAS/metadata/status/bpgfgm HTTP/1.1 --> 204 NO_CONTENT (referrer: -; agent: python-requests/2.9.1)
Jan  3 12:29:43 mas01 sh[17796]: 2019-01-03 12:29:43 regiond: [info] 192.168.11.43 POST /MAAS/metadata/status/bpgfgm HTTP/1.1 --> 204 NO_CONTENT (referrer: -; agent: python-requests/2.9.1)
Jan  3 12:29:43 mas01 sh[17801]: 2019-01-03 12:29:43 regiond: [info] 192.168.11.43 POST /MAAS/metadata/status/bpgfgm HTTP/1.1 --> 204 NO_CONTENT (referrer: -; agent: python-requests/2.9.1)
Jan  3 12:29:43 mas01 sh[17801]: 2019-01-03 12:29:43 regiond: [info] 192.168.11.43 POST /MAAS/metadata/status/bpgfgm HTTP/1.1 --> 204 NO_CONTENT (referrer: -; agent: python-requests/2.9.1)
Jan  3 12:29:43 mas01 sh[17805]: 2019-01-03 12:29:43 regiond: [info] 192.168.11.43 POST /MAAS/metadata/status/bpgfgm HTTP/1.1 --> 204 NO_CONTENT (referrer: -; agent: python-requests/2.9.1)
Jan  3 12:29:43 mas01 sh[18597]: 2019-01-03 12:29:43 regiond: [info] 192.168.11.43 POST /MAAS/metadata/status/bpgfgm HTTP/1.1 --> 204 NO_CONTENT (referrer: -; agent: python-requests/2.9.1)
Jan  3 12:29:43 mas01 sh[17801]: 2019-01-03 12:29:43 regiond: [info] 192.168.11.43 POST /MAAS/metadata/status/bpgfgm HTTP/1.1 --> 204 NO_CONTENT (referrer: -; agent: python-requests/2.9.1)
Jan  3 12:29:44 mas01 sh[17796]: 2019-01-03 12:29:44 regiond: [info] 192.168.11.44 POST /MAAS/metadata/status/m87wbq HTTP/1.1 --> 204 NO_CONTENT (referrer: -; agent: python-requests/2.9.1)
Jan  3 12:29:44 mas01 sh[18597]: 2019-01-03 12:29:44 regiond: [info] 192.168.11.44 POST /MAAS/metadata/status/m87wbq HTTP/1.1 --> 204 NO_CONTENT (referrer: -; agent: python-requests/2.9.1)
Jan  3 12:29:44 mas01 sh[18597]: 2019-01-03 12:29:44 regiond: [info] 192.168.11.44 POST /MAAS/metadata/status/m87wbq HTTP/1.1 --> 204 NO_CONTENT (referrer: -; agent: python-requests/2.9.1)
Jan  3 12:29:44 mas01 sh[17805]: 2019-01-03 12:29:44 regiond: [info] 192.168.11.44 POST /MAAS/metadata/status/m87wbq HTTP/1.1 --> 204 NO_CONTENT (referrer: -; agent: python-requests/2.9.1)
Jan  3 12:29:44 mas01 sh[18597]: 2019-01-03 12:29:44 regiond: [info] 192.168.11.44 POST /MAAS/metadata/status/m87wbq HTTP/1.1 --> 204 NO_CONTENT (referrer: -; agent: python-requests/2.9.1)
Jan  3 12:29:44 mas01 sh[18597]: 2019-01-03 12:29:44 regiond: [info] 192.168.11.44 POST /MAAS/metadata/status/m87wbq HTTP/1.1 --> 204 NO_CONTENT (referrer: -; agent: python-requests/2.9.1)
Jan  3 12:29:44 mas01 sh[17805]: 2019-01-03 12:29:44 regiond: [info] 192.168.11.44 POST /MAAS/metadata/status/m87wbq HTTP/1.1 --> 204 NO_CONTENT (referrer: -; agent: python-requests/2.9.1)
Jan  3 12:29:44 mas01 sh[17796]: 2019-01-03 12:29:44 regiond: [info] 192.168.11.44 POST /MAAS/metadata/status/m87wbq HTTP/1.1 --> 204 NO_CONTENT (referrer: -; agent: python-requests/2.9.1)
Jan  3 12:29:44 mas01 sh[17796]: message repeated 2 times: [ 2019-01-03 12:29:44 regiond: [info] 192.168.11.44 POST /MAAS/metadata/status/m87wbq HTTP/1.1 --> 204 NO_CONTENT (referrer: -; agent: python-requests/2.9.1)]
Jan  3 12:29:44 mas01 sh[17805]: 2019-01-03 12:29:44 regiond: [info] 192.168.11.44 POST /MAAS/metadata/status/m87wbq HTTP/1.1 --> 204 NO_CONTENT (referrer: -; agent: python-requests/2.9.1)
Jan  3 12:29:44 mas01 sh[17796]: 2019-01-03 12:29:44 regiond: [info] 192.168.11.44 POST /MAAS/metadata/status/m87wbq HTTP/1.1 --> 204 NO_CONTENT (referrer: -; agent: python-requests/2.9.1)
Jan  3 12:29:44 mas01 sh[17801]: 2019-01-03 12:29:44 regiond: [info] 192.168.11.44 POST /MAAS/metadata/status/m87wbq HTTP/1.1 --> 204 NO_CONTENT (referrer: -; agent: python-requests/2.9.1)
Jan  3 12:29:45 mas01 sh[18597]: 2019-01-03 12:29:45 regiond: [info] 192.168.11.44 POST /MAAS/metadata/status/m87wbq HTTP/1.1 --> 204 NO_CONTENT (referrer: -; agent: python-requests/2.9.1)
Jan  3 12:29:45 mas01 sh[17796]: 2019-01-03 12:29:45 regiond: [info] 192.168.11.44 POST /MAAS/metadata/status/m87wbq HTTP/1.1 --> 204 NO_CONTENT (referrer: -; agent: python-requests/2.9.1)
Jan  3 12:29:45 mas01 sh[17801]: 2019-01-03 12:29:45 regiond: [info] 192.168.11.44 POST /MAAS/metadata/status/m87wbq HTTP/1.1 --> 204 NO_CONTENT (referrer: -; agent: python-requests/2.9.1)
Jan  3 12:29:45 mas01 sh[17796]: 2019-01-03 12:29:45 regiond: [info] 192.168.11.44 POST /MAAS/metadata/status/m87wbq HTTP/1.1 --> 204 NO_CONTENT (referrer: -; agent: python-requests/2.9.1)
Jan  3 12:29:45 mas01 sh[17801]: 2019-01-03 12:29:45 regiond: [info] 192.168.11.44 POST /MAAS/metadata/status/m87wbq HTTP/1.1 --> 204 NO_CONTENT (referrer: -; agent: python-requests/2.9.1)
Jan  3 12:29:45 mas01 sh[17805]: 2019-01-03 12:29:45 regiond: [info] 192.168.11.44 POST /MAAS/metadata/status/m87wbq HTTP/1.1 --> 204 NO_CONTENT (referrer: -; agent: python-requests/2.9.1)
Jan  3 12:29:45 mas01 sh[18597]: 2019-01-03 12:29:45 regiond: [info] 192.168.11.44 POST /MAAS/metadata/status/m87wbq HTTP/1.1 --> 204 NO_CONTENT (referrer: -; agent: python-requests/2.9.1)
Jan  3 12:29:45 mas01 sh[18597]: 2019-01-03 12:29:45 regiond: [info] 192.168.11.44 POST /MAAS/metadata/status/m87wbq HTTP/1.1 --> 204 NO_CONTENT (referrer: -; agent: python-requests/2.9.1)
Jan  3 12:29:45 mas01 sh[17796]: 2019-01-03 12:29:45 regiond: [info] 192.168.11.39 POST /MAAS/metadata/2012-03-01/ HTTP/1.1 --> 200 OK (referrer: -; agent: Python-urllib/3.5)
Jan  3 12:29:45 mas01 sh[17801]: 2019-01-03 12:29:45 regiond: [info] 192.168.11.39 POST /MAAS/metadata/2012-03-01/ HTTP/1.1 --> 200 OK (referrer: -; agent: Python-urllib/3.5)
Jan  3 12:29:46 mas01 sh[17805]: 2019-01-03 12:29:46 maasserver.models.signals.interfaces: [info] ens1f0 (physical) on cmp001: deleted IP addresses due to VLAN update (5001 -> None).
Jan  3 12:29:46 mas01 maas.interface: [info] eno2 (physical) on cmp001: Observed connected to pxe_admin via 192.168.11.0/24.
Jan  3 12:29:46 mas01 sh[17805]: 2019-01-03 12:29:46 maasserver.models.signals.interfaces: [info] eno2 (physical) on cmp001: deleted IP addresses due to VLAN update (5001 -> 5003).
Jan  3 12:29:46 mas01 sh[17805]: 2019-01-03 12:29:46 maasserver.models.signals.interfaces: [info] ens1f1 (physical) on cmp001: deleted IP addresses due to VLAN update (5001 -> None).
Jan  3 12:29:46 mas01 sh[17805]: 2019-01-03 12:29:46 regiond: [info] 192.168.11.39 POST /MAAS/metadata/2012-03-01/ HTTP/1.1 --> 200 OK (referrer: -; agent: Python-urllib/3.5)
Jan  3 12:29:46 mas01 sh[17805]: 2019-01-03 12:29:46 regiond: [info] 192.168.11.39 POST /MAAS/metadata/2012-03-01/ HTTP/1.1 --> 200 OK (referrer: -; agent: Python-urllib/3.5)
Jan  3 12:29:46 mas01 named[17727]: received control channel command 'reload'
Jan  3 12:29:46 mas01 named[17727]: loading configuration from '/etc/bind/named.conf'
Jan  3 12:29:46 mas01 named[17727]: reading built-in trusted keys from file '/etc/bind/bind.keys'
Jan  3 12:29:46 mas01 named[17727]: initializing GeoIP Country (IPv4) (type 1) DB
Jan  3 12:29:46 mas01 named[17727]: GEO-106FREE 20160408 Bu
Jan  3 12:29:46 mas01 named[17727]: initializing GeoIP Country (IPv6) (type 12) DB
Jan  3 12:29:46 mas01 named[17727]: GEO-106FREE 20160408 Bu
Jan  3 12:29:46 mas01 named[17727]: GeoIP City (IPv4) (type 2) DB not available
Jan  3 12:29:46 mas01 named[17727]: GeoIP City (IPv4) (type 6) DB not available
Jan  3 12:29:46 mas01 named[17727]: GeoIP City (IPv6) (type 30) DB not available
Jan  3 12:29:46 mas01 named[17727]: GeoIP City (IPv6) (type 31) DB not available
Jan  3 12:29:46 mas01 named[17727]: GeoIP Region (type 3) DB not available
Jan  3 12:29:46 mas01 named[17727]: GeoIP Region (type 7) DB not available
Jan  3 12:29:46 mas01 named[17727]: GeoIP ISP (type 4) DB not available
Jan  3 12:29:46 mas01 named[17727]: GeoIP Org (type 5) DB not available
Jan  3 12:29:46 mas01 named[17727]: GeoIP AS (type 9) DB not available
Jan  3 12:29:46 mas01 named[17727]: GeoIP Domain (type 11) DB not available
Jan  3 12:29:46 mas01 named[17727]: GeoIP NetSpeed (type 10) DB not available
Jan  3 12:29:46 mas01 named[17727]: using default UDP/IPv4 port range: [32768, 60999]
Jan  3 12:29:46 mas01 named[17727]: using default UDP/IPv6 port range: [32768, 60999]
Jan  3 12:29:46 mas01 named[17727]: sizing zone task pool based on 9 zones
Jan  3 12:29:46 mas01 named[17727]: automatic empty zone: 10.IN-ADDR.ARPA
Jan  3 12:29:46 mas01 named[17727]: automatic empty zone: 16.172.IN-ADDR.ARPA
Jan  3 12:29:46 mas01 named[17727]: automatic empty zone: 17.172.IN-ADDR.ARPA
Jan  3 12:29:46 mas01 named[17727]: automatic empty zone: 18.172.IN-ADDR.ARPA
Jan  3 12:29:46 mas01 named[17727]: automatic empty zone: 19.172.IN-ADDR.ARPA
Jan  3 12:29:46 mas01 named[17727]: automatic empty zone: 20.172.IN-ADDR.ARPA
Jan  3 12:29:46 mas01 named[17727]: automatic empty zone: 21.172.IN-ADDR.ARPA
Jan  3 12:29:46 mas01 named[17727]: automatic empty zone: 22.172.IN-ADDR.ARPA
Jan  3 12:29:46 mas01 named[17727]: automatic empty zone: 23.172.IN-ADDR.ARPA
Jan  3 12:29:46 mas01 named[17727]: automatic empty zone: 24.172.IN-ADDR.ARPA
Jan  3 12:29:46 mas01 named[17727]: automatic empty zone: 25.172.IN-ADDR.ARPA
Jan  3 12:29:46 mas01 named[17727]: automatic empty zone: 26.172.IN-ADDR.ARPA
Jan  3 12:29:46 mas01 named[17727]: automatic empty zone: 27.172.IN-ADDR.ARPA
Jan  3 12:29:46 mas01 named[17727]: automatic empty zone: 28.172.IN-ADDR.ARPA
Jan  3 12:29:46 mas01 named[17727]: automatic empty zone: 29.172.IN-ADDR.ARPA
Jan  3 12:29:46 mas01 named[17727]: automatic empty zone: 30.172.IN-ADDR.ARPA
Jan  3 12:29:46 mas01 named[17727]: automatic empty zone: 31.172.IN-ADDR.ARPA
Jan  3 12:29:46 mas01 named[17727]: automatic empty zone: 168.192.IN-ADDR.ARPA
Jan  3 12:29:46 mas01 named[17727]: automatic empty zone: 64.100.IN-ADDR.ARPA
Jan  3 12:29:46 mas01 named[17727]: automatic empty zone: 65.100.IN-ADDR.ARPA
Jan  3 12:29:46 mas01 named[17727]: automatic empty zone: 66.100.IN-ADDR.ARPA
Jan  3 12:29:46 mas01 named[17727]: automatic empty zone: 67.100.IN-ADDR.ARPA
Jan  3 12:29:46 mas01 named[17727]: automatic empty zone: 68.100.IN-ADDR.ARPA
Jan  3 12:29:46 mas01 named[17727]: automatic empty zone: 69.100.IN-ADDR.ARPA
Jan  3 12:29:46 mas01 named[17727]: automatic empty zone: 70.100.IN-ADDR.ARPA
Jan  3 12:29:46 mas01 named[17727]: automatic empty zone: 71.100.IN-ADDR.ARPA
Jan  3 12:29:46 mas01 named[17727]: automatic empty zone: 72.100.IN-ADDR.ARPA
Jan  3 12:29:46 mas01 named[17727]: automatic empty zone: 73.100.IN-ADDR.ARPA
Jan  3 12:29:46 mas01 named[17727]: automatic empty zone: 74.100.IN-ADDR.ARPA
Jan  3 12:29:46 mas01 named[17727]: automatic empty zone: 75.100.IN-ADDR.ARPA
Jan  3 12:29:46 mas01 named[17727]: automatic empty zone: 76.100.IN-ADDR.ARPA
Jan  3 12:29:46 mas01 named[17727]: automatic empty zone: 77.100.IN-ADDR.ARPA
Jan  3 12:29:46 mas01 named[17727]: automatic empty zone: 78.100.IN-ADDR.ARPA
Jan  3 12:29:46 mas01 named[17727]: automatic empty zone: 79.100.IN-ADDR.ARPA
Jan  3 12:29:46 mas01 named[17727]: automatic empty zone: 80.100.IN-ADDR.ARPA
Jan  3 12:29:46 mas01 named[17727]: automatic empty zone: 81.100.IN-ADDR.ARPA
Jan  3 12:29:46 mas01 named[17727]: automatic empty zone: 82.100.IN-ADDR.ARPA
Jan  3 12:29:46 mas01 named[17727]: automatic empty zone: 83.100.IN-ADDR.ARPA
Jan  3 12:29:46 mas01 named[17727]: automatic empty zone: 84.100.IN-ADDR.ARPA
Jan  3 12:29:46 mas01 named[17727]: automatic empty zone: 85.100.IN-ADDR.ARPA
Jan  3 12:29:46 mas01 named[17727]: automatic empty zone: 86.100.IN-ADDR.ARPA
Jan  3 12:29:46 mas01 named[17727]: automatic empty zone: 87.100.IN-ADDR.ARPA
Jan  3 12:29:46 mas01 named[17727]: automatic empty zone: 88.100.IN-ADDR.ARPA
Jan  3 12:29:46 mas01 named[17727]: automatic empty zone: 89.100.IN-ADDR.ARPA
Jan  3 12:29:46 mas01 named[17727]: automatic empty zone: 90.100.IN-ADDR.ARPA
Jan  3 12:29:46 mas01 named[17727]: automatic empty zone: 91.100.IN-ADDR.ARPA
Jan  3 12:29:46 mas01 named[17727]: automatic empty zone: 92.100.IN-ADDR.ARPA
Jan  3 12:29:46 mas01 named[17727]: automatic empty zone: 93.100.IN-ADDR.ARPA
Jan  3 12:29:46 mas01 named[17727]: automatic empty zone: 94.100.IN-ADDR.ARPA
Jan  3 12:29:46 mas01 named[17727]: automatic empty zone: 95.100.IN-ADDR.ARPA
Jan  3 12:29:46 mas01 named[17727]: automatic empty zone: 96.100.IN-ADDR.ARPA
Jan  3 12:29:46 mas01 named[17727]: automatic empty zone: 97.100.IN-ADDR.ARPA
Jan  3 12:29:46 mas01 named[17727]: automatic empty zone: 98.100.IN-ADDR.ARPA
Jan  3 12:29:46 mas01 named[17727]: automatic empty zone: 99.100.IN-ADDR.ARPA
Jan  3 12:29:46 mas01 named[17727]: automatic empty zone: 100.100.IN-ADDR.ARPA
Jan  3 12:29:46 mas01 named[17727]: automatic empty zone: 101.100.IN-ADDR.ARPA
Jan  3 12:29:46 mas01 named[17727]: automatic empty zone: 102.100.IN-ADDR.ARPA
Jan  3 12:29:46 mas01 named[17727]: automatic empty zone: 103.100.IN-ADDR.ARPA
Jan  3 12:29:46 mas01 named[17727]: automatic empty zone: 104.100.IN-ADDR.ARPA
Jan  3 12:29:46 mas01 named[17727]: automatic empty zone: 105.100.IN-ADDR.ARPA
Jan  3 12:29:46 mas01 named[17727]: automatic empty zone: 106.100.IN-ADDR.ARPA
Jan  3 12:29:46 mas01 named[17727]: automatic empty zone: 107.100.IN-ADDR.ARPA
Jan  3 12:29:46 mas01 named[17727]: automatic empty zone: 108.100.IN-ADDR.ARPA
Jan  3 12:29:46 mas01 named[17727]: automatic empty zone: 109.100.IN-ADDR.ARPA
Jan  3 12:29:46 mas01 named[17727]: automatic empty zone: 110.100.IN-ADDR.ARPA
Jan  3 12:29:46 mas01 named[17727]: automatic empty zone: 111.100.IN-ADDR.ARPA
Jan  3 12:29:46 mas01 named[17727]: automatic empty zone: 112.100.IN-ADDR.ARPA
Jan  3 12:29:46 mas01 named[17727]: automatic empty zone: 113.100.IN-ADDR.ARPA
Jan  3 12:29:46 mas01 named[17727]: automatic empty zone: 114.100.IN-ADDR.ARPA
Jan  3 12:29:46 mas01 named[17727]: automatic empty zone: 115.100.IN-ADDR.ARPA
Jan  3 12:29:46 mas01 named[17727]: automatic empty zone: 116.100.IN-ADDR.ARPA
Jan  3 12:29:46 mas01 named[17727]: automatic empty zone: 117.100.IN-ADDR.ARPA
Jan  3 12:29:46 mas01 named[17727]: automatic empty zone: 118.100.IN-ADDR.ARPA
Jan  3 12:29:46 mas01 named[17727]: automatic empty zone: 119.100.IN-ADDR.ARPA
Jan  3 12:29:46 mas01 named[17727]: automatic empty zone: 120.100.IN-ADDR.ARPA
Jan  3 12:29:46 mas01 named[17727]: automatic empty zone: 121.100.IN-ADDR.ARPA
Jan  3 12:29:46 mas01 named[17727]: automatic empty zone: 122.100.IN-ADDR.ARPA
Jan  3 12:29:46 mas01 named[17727]: automatic empty zone: 123.100.IN-ADDR.ARPA
Jan  3 12:29:46 mas01 named[17727]: automatic empty zone: 124.100.IN-ADDR.ARPA
Jan  3 12:29:46 mas01 named[17727]: automatic empty zone: 125.100.IN-ADDR.ARPA
Jan  3 12:29:46 mas01 named[17727]: automatic empty zone: 126.100.IN-ADDR.ARPA
Jan  3 12:29:46 mas01 named[17727]: automatic empty zone: 127.100.IN-ADDR.ARPA
Jan  3 12:29:46 mas01 named[17727]: automatic empty zone: 254.169.IN-ADDR.ARPA
Jan  3 12:29:46 mas01 named[17727]: automatic empty zone: 2.0.192.IN-ADDR.ARPA
Jan  3 12:29:46 mas01 named[17727]: automatic empty zone: 100.51.198.IN-ADDR.ARPA
Jan  3 12:29:46 mas01 named[17727]: automatic empty zone: 113.0.203.IN-ADDR.ARPA
Jan  3 12:29:46 mas01 named[17727]: automatic empty zone: 255.255.255.255.IN-ADDR.ARPA
Jan  3 12:29:46 mas01 named[17727]: automatic empty zone: 0.0.0.0.0.0.0.0.0.0.0.0.0.0.0.0.0.0.0.0.0.0.0.0.0.0.0.0.0.0.0.0.IP6.ARPA
Jan  3 12:29:46 mas01 named[17727]: automatic empty zone: 1.0.0.0.0.0.0.0.0.0.0.0.0.0.0.0.0.0.0.0.0.0.0.0.0.0.0.0.0.0.0.0.IP6.ARPA
Jan  3 12:29:46 mas01 named[17727]: automatic empty zone: D.F.IP6.ARPA
Jan  3 12:29:46 mas01 named[17727]: automatic empty zone: 8.E.F.IP6.ARPA
Jan  3 12:29:46 mas01 named[17727]: automatic empty zone: 9.E.F.IP6.ARPA
Jan  3 12:29:46 mas01 named[17727]: automatic empty zone: A.E.F.IP6.ARPA
Jan  3 12:29:46 mas01 named[17727]: automatic empty zone: B.E.F.IP6.ARPA
Jan  3 12:29:46 mas01 named[17727]: automatic empty zone: 8.B.D.0.1.0.0.2.IP6.ARPA
Jan  3 12:29:46 mas01 named[17727]: automatic empty zone: EMPTY.AS112.ARPA
Jan  3 12:29:46 mas01 named[17727]: configuring command channel from '/etc/bind/rndc.key'
Jan  3 12:29:46 mas01 named[17727]: reloading configuration succeeded
Jan  3 12:29:46 mas01 named[17727]: reloading zones succeeded
Jan  3 12:29:46 mas01 named[17727]: zone 0.20.10.in-addr.arpa/IN: loaded serial 24
Jan  3 12:29:46 mas01 named[17727]: all zones loaded
Jan  3 12:29:46 mas01 named[17727]: running
Jan  3 12:29:46 mas01 named[17727]: zone 11.168.192.in-addr.arpa/IN: loaded serial 24
Jan  3 12:29:46 mas01 named[17727]: zone 10.168.192.in-addr.arpa/IN: loaded serial 24
Jan  3 12:29:46 mas01 named[17727]: zone maas/IN: loaded serial 24
Jan  3 12:29:46 mas01 sh[17805]: 2019-01-03 12:29:46 regiond: [info] 192.168.11.39 POST /MAAS/metadata/2012-03-01/ HTTP/1.1 --> 200 OK (referrer: -; agent: Python-urllib/3.5)
Jan  3 12:29:46 mas01 maas.node: [info] cmp001: Storage layout was set to lvm.
Jan  3 12:29:46 mas01 maas.node: [info] cmp001: Status transition from COMMISSIONING to TESTING
Jan  3 12:29:47 mas01 sh[17805]: 2019-01-03 12:29:47 regiond: [info] 192.168.11.39 POST /MAAS/metadata/2012-03-01/ HTTP/1.1 --> 200 OK (referrer: -; agent: Python-urllib/3.5)
Jan  3 12:29:47 mas01 sh[17801]: 2019-01-03 12:29:47 regiond: [info] 192.168.11.39 GET /MAAS/metadata/2012-03-01/maas-scripts/ HTTP/1.1 --> 200 OK (referrer: -; agent: Python-urllib/3.5)
Jan  3 12:29:47 mas01 sh[18597]: 2019-01-03 12:29:47 regiond: [info] 192.168.11.39 POST /MAAS/metadata/2012-03-01/ HTTP/1.1 --> 200 OK (referrer: -; agent: Python-urllib/3.5)
Jan  3 12:29:47 mas01 sh[18597]: 2019-01-03 12:29:47 regiond: [info] 192.168.11.39 POST /MAAS/metadata/2012-03-01/ HTTP/1.1 --> 200 OK (referrer: -; agent: Python-urllib/3.5)
Jan  3 12:29:47 mas01 systemd[1]: Stopping MAAS instance of ISC DHCP server for IPv4...
Jan  3 12:29:47 mas01 systemd[1]: Stopped MAAS instance of ISC DHCP server for IPv4.
Jan  3 12:29:47 mas01 systemd[1]: Starting MAAS instance of ISC DHCP server for IPv4...
Jan  3 12:29:47 mas01 systemd[1]: Started MAAS instance of ISC DHCP server for IPv4.
Jan  3 12:29:47 mas01 maas.service_monitor: [info] Service 'maas-dhcpd' has been restarted. Its current state is 'on' and 'running'.
Jan  3 12:29:47 mas01 sh[17805]: 2019-01-03 12:29:47 maasserver.dhcp: [info] Successfully configured DHCPv4 on rack controller 'nfaaec'.
Jan  3 12:29:47 mas01 sh[17805]: 2019-01-03 12:29:47 maasserver.dhcp: [info] Successfully configured DHCPv6 on rack controller 'nfaaec'.
Jan  3 12:29:47 mas01 dhcpd[22018]: Wrote 0 class decls to leases file.
Jan  3 12:29:47 mas01 dhcpd[22018]: Wrote 0 deleted host decls to leases file.
Jan  3 12:29:47 mas01 dhcpd[22018]: Wrote 0 new dynamic host decls to leases file.
Jan  3 12:29:47 mas01 dhcpd[22018]: Wrote 7 leases to leases file.
Jan  3 12:29:47 mas01 dhcpd[22018]: Server starting service.
Jan  3 12:29:48 mas01 sh[18597]: 2019-01-03 12:29:48 maasserver.region_controller: [info] Reloaded DNS configuration:
Jan  3 12:29:48 mas01 sh[18597]: #011 * ip 192.168.11.41 connected to cmp001 on eno2
Jan  3 12:29:48 mas01 sh[18597]: #011 * ip 192.168.11.39 connected to cmp001 on eno1
Jan  3 12:29:48 mas01 sh[18597]: #011 * ip 192.168.11.39 disconnected from cmp001 on eno1
Jan  3 12:29:48 mas01 sh[18597]: #011 * node cmp001 renamed interface eth0 to eno1
Jan  3 12:29:50 mas01 salt-minion[4726]: [INFO    ] User sudo_ubuntu Executing command saltutil.find_job with jid 20190103122950458308
Jan  3 12:29:50 mas01 salt-minion[4726]: [INFO    ] Starting a new job with PID 22051
Jan  3 12:29:50 mas01 salt-minion[4726]: [INFO    ] Returning information for job: 20190103122950458308
Jan  3 12:29:51 mas01 sh[17796]: 2019-01-03 12:29:51 regiond: [info] 192.168.11.39 POST /MAAS/metadata/2012-03-01/ HTTP/1.1 --> 200 OK (referrer: -; agent: Python-urllib/3.5)
Jan  3 12:29:51 mas01 sh[17796]: 2019-01-03 12:29:51 regiond: [info] 192.168.11.39 POST /MAAS/metadata/2012-03-01/ HTTP/1.1 --> 200 OK (referrer: -; agent: Python-urllib/3.5)
Jan  3 12:29:51 mas01 maas.node: [info] cmp001: Status transition from TESTING to READY
Jan  3 12:29:51 mas01 sh[17805]: 2019-01-03 12:29:51 regiond: [info] 192.168.11.39 POST /MAAS/metadata/2012-03-01/ HTTP/1.1 --> 200 OK (referrer: -; agent: Python-urllib/3.5)
Jan  3 12:29:51 mas01 sh[18597]: 2019-01-03 12:29:51 regiond: [info] 192.168.11.39 POST /MAAS/metadata/status/ntt334 HTTP/1.1 --> 204 NO_CONTENT (referrer: -; agent: python-requests/2.9.1)
Jan  3 12:29:51 mas01 sh[17796]: 2019-01-03 12:29:51 regiond: [info] 192.168.11.39 POST /MAAS/metadata/status/ntt334 HTTP/1.1 --> 204 NO_CONTENT (referrer: -; agent: python-requests/2.9.1)
Jan  3 12:29:51 mas01 sh[17796]: 2019-01-03 12:29:51 regiond: [info] 192.168.11.39 POST /MAAS/metadata/status/ntt334 HTTP/1.1 --> 204 NO_CONTENT (referrer: -; agent: python-requests/2.9.1)
Jan  3 12:29:51 mas01 sh[17801]: 2019-01-03 12:29:51 regiond: [info] 192.168.11.39 POST /MAAS/metadata/status/ntt334 HTTP/1.1 --> 204 NO_CONTENT (referrer: -; agent: python-requests/2.9.1)
Jan  3 12:29:51 mas01 sh[18597]: 2019-01-03 12:29:51 regiond: [info] 192.168.11.39 POST /MAAS/metadata/status/ntt334 HTTP/1.1 --> 204 NO_CONTENT (referrer: -; agent: python-requests/2.9.1)
Jan  3 12:29:51 mas01 sh[17805]: 2019-01-03 12:29:51 regiond: [info] 192.168.11.39 POST /MAAS/metadata/status/ntt334 HTTP/1.1 --> 204 NO_CONTENT (referrer: -; agent: python-requests/2.9.1)
Jan  3 12:29:51 mas01 sh[17796]: 2019-01-03 12:29:51 regiond: [info] 192.168.11.39 POST /MAAS/metadata/status/ntt334 HTTP/1.1 --> 204 NO_CONTENT (referrer: -; agent: python-requests/2.9.1)
Jan  3 12:29:51 mas01 sh[17796]: 2019-01-03 12:29:51 regiond: [info] 192.168.11.39 POST /MAAS/metadata/status/ntt334 HTTP/1.1 --> 204 NO_CONTENT (referrer: -; agent: python-requests/2.9.1)
Jan  3 12:29:51 mas01 sh[17801]: 2019-01-03 12:29:51 regiond: [info] 192.168.11.39 POST /MAAS/metadata/status/ntt334 HTTP/1.1 --> 204 NO_CONTENT (referrer: -; agent: python-requests/2.9.1)
Jan  3 12:29:51 mas01 sh[18597]: 2019-01-03 12:29:51 regiond: [info] 192.168.11.39 POST /MAAS/metadata/status/ntt334 HTTP/1.1 --> 204 NO_CONTENT (referrer: -; agent: python-requests/2.9.1)
Jan  3 12:29:51 mas01 sh[17801]: 2019-01-03 12:29:51 regiond: [info] 192.168.11.39 POST /MAAS/metadata/status/ntt334 HTTP/1.1 --> 204 NO_CONTENT (referrer: -; agent: python-requests/2.9.1)
Jan  3 12:29:51 mas01 sh[17801]: 2019-01-03 12:29:51 regiond: [info] 192.168.11.39 POST /MAAS/metadata/status/ntt334 HTTP/1.1 --> 204 NO_CONTENT (referrer: -; agent: python-requests/2.9.1)
Jan  3 12:29:52 mas01 sh[17805]: 2019-01-03 12:29:52 regiond: [info] 192.168.11.42 POST /MAAS/metadata/status/qh7476 HTTP/1.1 --> 204 NO_CONTENT (referrer: -; agent: python-requests/2.9.1)
Jan  3 12:29:52 mas01 sh[17796]: 2019-01-03 12:29:52 regiond: [info] 192.168.11.42 POST /MAAS/metadata/status/qh7476 HTTP/1.1 --> 204 NO_CONTENT (referrer: -; agent: python-requests/2.9.1)
Jan  3 12:29:52 mas01 sh[17801]: 2019-01-03 12:29:52 regiond: [info] 192.168.11.42 POST /MAAS/metadata/status/qh7476 HTTP/1.1 --> 204 NO_CONTENT (referrer: -; agent: python-requests/2.9.1)
Jan  3 12:29:52 mas01 sh[17796]: 2019-01-03 12:29:52 regiond: [info] 192.168.11.42 POST /MAAS/metadata/status/qh7476 HTTP/1.1 --> 204 NO_CONTENT (referrer: -; agent: python-requests/2.9.1)
Jan  3 12:29:52 mas01 sh[17805]: 2019-01-03 12:29:52 regiond: [info] 192.168.11.42 POST /MAAS/metadata/status/qh7476 HTTP/1.1 --> 204 NO_CONTENT (referrer: -; agent: python-requests/2.9.1)
Jan  3 12:29:52 mas01 sh[18597]: 2019-01-03 12:29:52 regiond: [info] 192.168.11.42 POST /MAAS/metadata/status/qh7476 HTTP/1.1 --> 204 NO_CONTENT (referrer: -; agent: python-requests/2.9.1)
Jan  3 12:29:52 mas01 sh[17805]: 2019-01-03 12:29:52 regiond: [info] 192.168.11.42 POST /MAAS/metadata/status/qh7476 HTTP/1.1 --> 204 NO_CONTENT (referrer: -; agent: python-requests/2.9.1)
Jan  3 12:29:52 mas01 sh[17801]: 2019-01-03 12:29:52 regiond: [info] 192.168.11.42 POST /MAAS/metadata/status/qh7476 HTTP/1.1 --> 204 NO_CONTENT (referrer: -; agent: python-requests/2.9.1)
Jan  3 12:29:52 mas01 sh[18597]: 2019-01-03 12:29:52 regiond: [info] 192.168.11.42 POST /MAAS/metadata/status/qh7476 HTTP/1.1 --> 204 NO_CONTENT (referrer: -; agent: python-requests/2.9.1)
Jan  3 12:29:52 mas01 sh[18597]: 2019-01-03 12:29:52 regiond: [info] 192.168.11.43 POST /MAAS/metadata/status/bpgfgm HTTP/1.1 --> 204 NO_CONTENT (referrer: -; agent: python-requests/2.9.1)
Jan  3 12:29:52 mas01 sh[17805]: 2019-01-03 12:29:52 regiond: [info] 192.168.11.43 POST /MAAS/metadata/status/bpgfgm HTTP/1.1 --> 204 NO_CONTENT (referrer: -; agent: python-requests/2.9.1)
Jan  3 12:29:52 mas01 sh[17805]: 2019-01-03 12:29:52 regiond: [info] 192.168.11.43 POST /MAAS/metadata/status/bpgfgm HTTP/1.1 --> 204 NO_CONTENT (referrer: -; agent: python-requests/2.9.1)
Jan  3 12:29:52 mas01 sh[17801]: 2019-01-03 12:29:52 regiond: [info] 192.168.11.43 POST /MAAS/metadata/status/bpgfgm HTTP/1.1 --> 204 NO_CONTENT (referrer: -; agent: python-requests/2.9.1)
Jan  3 12:29:52 mas01 sh[17805]: 2019-01-03 12:29:52 regiond: [info] 192.168.11.43 POST /MAAS/metadata/status/bpgfgm HTTP/1.1 --> 204 NO_CONTENT (referrer: -; agent: python-requests/2.9.1)
Jan  3 12:29:52 mas01 sh[18597]: 2019-01-03 12:29:52 regiond: [info] 192.168.11.43 POST /MAAS/metadata/status/bpgfgm HTTP/1.1 --> 204 NO_CONTENT (referrer: -; agent: python-requests/2.9.1)
Jan  3 12:29:52 mas01 sh[18597]: 2019-01-03 12:29:52 regiond: [info] 192.168.11.43 POST /MAAS/metadata/status/bpgfgm HTTP/1.1 --> 204 NO_CONTENT (referrer: -; agent: python-requests/2.9.1)
Jan  3 12:29:52 mas01 sh[17801]: 2019-01-03 12:29:52 regiond: [info] 192.168.11.43 POST /MAAS/metadata/status/bpgfgm HTTP/1.1 --> 204 NO_CONTENT (referrer: -; agent: python-requests/2.9.1)
Jan  3 12:29:52 mas01 sh[17805]: 2019-01-03 12:29:52 regiond: [info] 192.168.11.43 POST /MAAS/metadata/status/bpgfgm HTTP/1.1 --> 204 NO_CONTENT (referrer: -; agent: python-requests/2.9.1)
Jan  3 12:29:52 mas01 sh[17796]: 2019-01-03 12:29:52 regiond: [info] 192.168.11.42 POST /MAAS/metadata/status/qh7476 HTTP/1.1 --> 204 NO_CONTENT (referrer: -; agent: python-requests/2.9.1)
Jan  3 12:29:52 mas01 sh[17805]: 2019-01-03 12:29:52 regiond: [info] 192.168.11.43 POST /MAAS/metadata/status/bpgfgm HTTP/1.1 --> 204 NO_CONTENT (referrer: -; agent: python-requests/2.9.1)
Jan  3 12:29:53 mas01 sh[17805]: 2019-01-03 12:29:53 regiond: [info] 192.168.11.42 POST /MAAS/metadata/status/qh7476 HTTP/1.1 --> 204 NO_CONTENT (referrer: -; agent: python-requests/2.9.1)
Jan  3 12:29:53 mas01 sh[17796]: 2019-01-03 12:29:53 regiond: [info] 192.168.11.42 POST /MAAS/metadata/status/qh7476 HTTP/1.1 --> 204 NO_CONTENT (referrer: -; agent: python-requests/2.9.1)
Jan  3 12:29:53 mas01 sh[17801]: 2019-01-03 12:29:53 regiond: [info] 192.168.11.42 POST /MAAS/metadata/status/qh7476 HTTP/1.1 --> 204 NO_CONTENT (referrer: -; agent: python-requests/2.9.1)
Jan  3 12:29:53 mas01 sh[18597]: 2019-01-03 12:29:53 regiond: [info] 192.168.11.42 POST /MAAS/metadata/status/qh7476 HTTP/1.1 --> 204 NO_CONTENT (referrer: -; agent: python-requests/2.9.1)
Jan  3 12:29:53 mas01 sh[18597]: 2019-01-03 12:29:53 regiond: [info] 192.168.11.43 POST /MAAS/metadata/status/bpgfgm HTTP/1.1 --> 204 NO_CONTENT (referrer: -; agent: python-requests/2.9.1)
Jan  3 12:29:53 mas01 sh[18597]: 2019-01-03 12:29:53 regiond: [info] 192.168.11.42 POST /MAAS/metadata/status/qh7476 HTTP/1.1 --> 204 NO_CONTENT (referrer: -; agent: python-requests/2.9.1)
Jan  3 12:29:53 mas01 sh[17801]: 2019-01-03 12:29:53 regiond: [info] 192.168.11.43 POST /MAAS/metadata/status/bpgfgm HTTP/1.1 --> 204 NO_CONTENT (referrer: -; agent: python-requests/2.9.1)
Jan  3 12:29:53 mas01 sh[17805]: 2019-01-03 12:29:53 regiond: [info] 192.168.11.42 POST /MAAS/metadata/status/qh7476 HTTP/1.1 --> 204 NO_CONTENT (referrer: -; agent: python-requests/2.9.1)
Jan  3 12:29:53 mas01 sh[17796]: 2019-01-03 12:29:53 regiond: [info] 192.168.11.43 POST /MAAS/metadata/status/bpgfgm HTTP/1.1 --> 204 NO_CONTENT (referrer: -; agent: python-requests/2.9.1)
Jan  3 12:29:53 mas01 sh[17796]: 2019-01-03 12:29:53 regiond: [info] 192.168.11.42 POST /MAAS/metadata/status/qh7476 HTTP/1.1 --> 204 NO_CONTENT (referrer: -; agent: python-requests/2.9.1)
Jan  3 12:29:53 mas01 sh[17805]: 2019-01-03 12:29:53 regiond: [info] 192.168.11.43 POST /MAAS/metadata/status/bpgfgm HTTP/1.1 --> 204 NO_CONTENT (referrer: -; agent: python-requests/2.9.1)
Jan  3 12:29:53 mas01 sh[17801]: 2019-01-03 12:29:53 regiond: [info] 192.168.11.42 POST /MAAS/metadata/status/qh7476 HTTP/1.1 --> 204 NO_CONTENT (referrer: -; agent: python-requests/2.9.1)
Jan  3 12:29:53 mas01 sh[18597]: 2019-01-03 12:29:53 regiond: [info] 192.168.11.43 POST /MAAS/metadata/status/bpgfgm HTTP/1.1 --> 204 NO_CONTENT (referrer: -; agent: python-requests/2.9.1)
Jan  3 12:29:53 mas01 sh[17796]: 2019-01-03 12:29:53 regiond: [info] 192.168.11.42 POST /MAAS/metadata/status/qh7476 HTTP/1.1 --> 204 NO_CONTENT (referrer: -; agent: python-requests/2.9.1)
Jan  3 12:29:53 mas01 sh[17801]: 2019-01-03 12:29:53 regiond: [info] 192.168.11.43 POST /MAAS/metadata/status/bpgfgm HTTP/1.1 --> 204 NO_CONTENT (referrer: -; agent: python-requests/2.9.1)
Jan  3 12:29:53 mas01 sh[17801]: 2019-01-03 12:29:53 regiond: [info] 192.168.11.42 POST /MAAS/metadata/status/qh7476 HTTP/1.1 --> 204 NO_CONTENT (referrer: -; agent: python-requests/2.9.1)
Jan  3 12:29:53 mas01 sh[17796]: 2019-01-03 12:29:53 regiond: [info] 192.168.11.43 POST /MAAS/metadata/status/bpgfgm HTTP/1.1 --> 204 NO_CONTENT (referrer: -; agent: python-requests/2.9.1)
Jan  3 12:29:53 mas01 sh[17805]: 2019-01-03 12:29:53 regiond: [info] 192.168.11.42 POST /MAAS/metadata/status/qh7476 HTTP/1.1 --> 204 NO_CONTENT (referrer: -; agent: python-requests/2.9.1)
Jan  3 12:29:53 mas01 sh[17796]: 2019-01-03 12:29:53 regiond: [info] 192.168.11.43 POST /MAAS/metadata/status/bpgfgm HTTP/1.1 --> 204 NO_CONTENT (referrer: -; agent: python-requests/2.9.1)
Jan  3 12:29:53 mas01 sh[17796]: 2019-01-03 12:29:53 regiond: [info] 192.168.11.42 POST /MAAS/metadata/status/qh7476 HTTP/1.1 --> 204 NO_CONTENT (referrer: -; agent: python-requests/2.9.1)
Jan  3 12:29:53 mas01 sh[17801]: 2019-01-03 12:29:53 regiond: [info] 192.168.11.43 POST /MAAS/metadata/status/bpgfgm HTTP/1.1 --> 204 NO_CONTENT (referrer: -; agent: python-requests/2.9.1)
Jan  3 12:29:53 mas01 sh[17801]: 2019-01-03 12:29:53 regiond: [info] 192.168.11.42 POST /MAAS/metadata/status/qh7476 HTTP/1.1 --> 204 NO_CONTENT (referrer: -; agent: python-requests/2.9.1)
Jan  3 12:29:53 mas01 sh[17796]: 2019-01-03 12:29:53 regiond: [info] 192.168.11.43 POST /MAAS/metadata/status/bpgfgm HTTP/1.1 --> 204 NO_CONTENT (referrer: -; agent: python-requests/2.9.1)
Jan  3 12:29:53 mas01 sh[17801]: 2019-01-03 12:29:53 regiond: [info] 192.168.11.42 POST /MAAS/metadata/status/qh7476 HTTP/1.1 --> 204 NO_CONTENT (referrer: -; agent: python-requests/2.9.1)
Jan  3 12:29:53 mas01 sh[17805]: 2019-01-03 12:29:53 regiond: [info] 192.168.11.43 POST /MAAS/metadata/status/bpgfgm HTTP/1.1 --> 204 NO_CONTENT (referrer: -; agent: python-requests/2.9.1)
Jan  3 12:29:53 mas01 sh[17801]: 2019-01-03 12:29:53 regiond: [info] 192.168.11.42 POST /MAAS/metadata/status/qh7476 HTTP/1.1 --> 204 NO_CONTENT (referrer: -; agent: python-requests/2.9.1)
Jan  3 12:29:53 mas01 sh[17796]: 2019-01-03 12:29:53 regiond: [info] 192.168.11.43 POST /MAAS/metadata/status/bpgfgm HTTP/1.1 --> 204 NO_CONTENT (referrer: -; agent: python-requests/2.9.1)
Jan  3 12:29:53 mas01 sh[17805]: 2019-01-03 12:29:53 regiond: [info] 192.168.11.42 POST /MAAS/metadata/status/qh7476 HTTP/1.1 --> 204 NO_CONTENT (referrer: -; agent: python-requests/2.9.1)
Jan  3 12:29:53 mas01 sh[17796]: 2019-01-03 12:29:53 regiond: [info] 192.168.11.43 POST /MAAS/metadata/status/bpgfgm HTTP/1.1 --> 204 NO_CONTENT (referrer: -; agent: python-requests/2.9.1)
Jan  3 12:29:53 mas01 sh[17801]: 2019-01-03 12:29:53 regiond: [info] 192.168.11.42 POST /MAAS/metadata/status/qh7476 HTTP/1.1 --> 204 NO_CONTENT (referrer: -; agent: python-requests/2.9.1)
Jan  3 12:29:53 mas01 sh[17801]: 2019-01-03 12:29:53 regiond: [info] 192.168.11.43 POST /MAAS/metadata/status/bpgfgm HTTP/1.1 --> 204 NO_CONTENT (referrer: -; agent: python-requests/2.9.1)
Jan  3 12:29:53 mas01 sh[17801]: 2019-01-03 12:29:53 regiond: [info] 192.168.11.42 POST /MAAS/metadata/status/qh7476 HTTP/1.1 --> 204 NO_CONTENT (referrer: -; agent: python-requests/2.9.1)
Jan  3 12:29:53 mas01 sh[17796]: 2019-01-03 12:29:53 regiond: [info] 192.168.11.43 POST /MAAS/metadata/status/bpgfgm HTTP/1.1 --> 204 NO_CONTENT (referrer: -; agent: python-requests/2.9.1)
Jan  3 12:29:53 mas01 sh[17801]: 2019-01-03 12:29:53 regiond: [info] 192.168.11.42 POST /MAAS/metadata/status/qh7476 HTTP/1.1 --> 204 NO_CONTENT (referrer: -; agent: python-requests/2.9.1)
Jan  3 12:29:53 mas01 sh[17801]: 2019-01-03 12:29:53 regiond: [info] 192.168.11.43 POST /MAAS/metadata/status/bpgfgm HTTP/1.1 --> 204 NO_CONTENT (referrer: -; agent: python-requests/2.9.1)
Jan  3 12:29:53 mas01 sh[17805]: 2019-01-03 12:29:53 regiond: [info] 192.168.11.42 POST /MAAS/metadata/status/qh7476 HTTP/1.1 --> 204 NO_CONTENT (referrer: -; agent: python-requests/2.9.1)
Jan  3 12:29:53 mas01 sh[17796]: 2019-01-03 12:29:53 regiond: [info] 192.168.11.43 POST /MAAS/metadata/status/bpgfgm HTTP/1.1 --> 204 NO_CONTENT (referrer: -; agent: python-requests/2.9.1)
Jan  3 12:29:53 mas01 sh[18597]: 2019-01-03 12:29:53 regiond: [info] 192.168.11.42 POST /MAAS/metadata/status/qh7476 HTTP/1.1 --> 204 NO_CONTENT (referrer: -; agent: python-requests/2.9.1)
Jan  3 12:29:53 mas01 sh[17796]: 2019-01-03 12:29:53 regiond: [info] 192.168.11.43 POST /MAAS/metadata/status/bpgfgm HTTP/1.1 --> 204 NO_CONTENT (referrer: -; agent: python-requests/2.9.1)
Jan  3 12:29:53 mas01 sh[17801]: 2019-01-03 12:29:53 regiond: [info] 192.168.11.42 POST /MAAS/metadata/status/qh7476 HTTP/1.1 --> 204 NO_CONTENT (referrer: -; agent: python-requests/2.9.1)
Jan  3 12:29:53 mas01 sh[17805]: 2019-01-03 12:29:53 regiond: [info] 192.168.11.43 POST /MAAS/metadata/status/bpgfgm HTTP/1.1 --> 204 NO_CONTENT (referrer: -; agent: python-requests/2.9.1)
Jan  3 12:29:53 mas01 sh[17796]: 2019-01-03 12:29:53 regiond: [info] 192.168.11.42 POST /MAAS/metadata/status/qh7476 HTTP/1.1 --> 204 NO_CONTENT (referrer: -; agent: python-requests/2.9.1)
Jan  3 12:29:53 mas01 sh[17805]: 2019-01-03 12:29:53 regiond: [info] 192.168.11.43 POST /MAAS/metadata/status/bpgfgm HTTP/1.1 --> 204 NO_CONTENT (referrer: -; agent: python-requests/2.9.1)
Jan  3 12:29:53 mas01 sh[18597]: 2019-01-03 12:29:53 regiond: [info] 192.168.11.42 POST /MAAS/metadata/status/qh7476 HTTP/1.1 --> 204 NO_CONTENT (referrer: -; agent: python-requests/2.9.1)
Jan  3 12:29:53 mas01 sh[17796]: 2019-01-03 12:29:53 regiond: [info] 192.168.11.43 POST /MAAS/metadata/status/bpgfgm HTTP/1.1 --> 204 NO_CONTENT (referrer: -; agent: python-requests/2.9.1)
Jan  3 12:29:53 mas01 sh[17801]: 2019-01-03 12:29:53 regiond: [info] 192.168.11.42 POST /MAAS/metadata/status/qh7476 HTTP/1.1 --> 204 NO_CONTENT (referrer: -; agent: python-requests/2.9.1)
Jan  3 12:29:53 mas01 sh[17805]: 2019-01-03 12:29:53 regiond: [info] 192.168.11.42 POST /MAAS/metadata/status/qh7476 HTTP/1.1 --> 204 NO_CONTENT (referrer: -; agent: python-requests/2.9.1)
Jan  3 12:29:53 mas01 sh[17805]: 2019-01-03 12:29:53 regiond: [info] 192.168.11.43 POST /MAAS/metadata/status/bpgfgm HTTP/1.1 --> 204 NO_CONTENT (referrer: -; agent: python-requests/2.9.1)
Jan  3 12:29:53 mas01 sh[17805]: 2019-01-03 12:29:53 regiond: [info] 192.168.11.42 POST /MAAS/metadata/status/qh7476 HTTP/1.1 --> 204 NO_CONTENT (referrer: -; agent: python-requests/2.9.1)
Jan  3 12:29:53 mas01 sh[17805]: 2019-01-03 12:29:53 regiond: [info] 192.168.11.43 POST /MAAS/metadata/status/bpgfgm HTTP/1.1 --> 204 NO_CONTENT (referrer: -; agent: python-requests/2.9.1)
Jan  3 12:29:53 mas01 sh[17796]: 2019-01-03 12:29:53 regiond: [info] 192.168.11.42 POST /MAAS/metadata/status/qh7476 HTTP/1.1 --> 204 NO_CONTENT (referrer: -; agent: python-requests/2.9.1)
Jan  3 12:29:53 mas01 sh[18597]: 2019-01-03 12:29:53 regiond: [info] 192.168.11.43 POST /MAAS/metadata/status/bpgfgm HTTP/1.1 --> 204 NO_CONTENT (referrer: -; agent: python-requests/2.9.1)
Jan  3 12:29:53 mas01 sh[17796]: 2019-01-03 12:29:53 regiond: [info] 192.168.11.42 POST /MAAS/metadata/status/qh7476 HTTP/1.1 --> 204 NO_CONTENT (referrer: -; agent: python-requests/2.9.1)
Jan  3 12:29:53 mas01 sh[17801]: 2019-01-03 12:29:53 regiond: [info] 192.168.11.43 POST /MAAS/metadata/status/bpgfgm HTTP/1.1 --> 204 NO_CONTENT (referrer: -; agent: python-requests/2.9.1)
Jan  3 12:29:53 mas01 sh[17796]: 2019-01-03 12:29:53 regiond: [info] 192.168.11.43 POST /MAAS/metadata/status/bpgfgm HTTP/1.1 --> 204 NO_CONTENT (referrer: -; agent: python-requests/2.9.1)
Jan  3 12:29:53 mas01 sh[17796]: message repeated 2 times: [ 2019-01-03 12:29:53 regiond: [info] 192.168.11.43 POST /MAAS/metadata/status/bpgfgm HTTP/1.1 --> 204 NO_CONTENT (referrer: -; agent: python-requests/2.9.1)]
Jan  3 12:29:53 mas01 sh[18597]: 2019-01-03 12:29:53 regiond: [info] 192.168.11.43 POST /MAAS/metadata/status/bpgfgm HTTP/1.1 --> 204 NO_CONTENT (referrer: -; agent: python-requests/2.9.1)
Jan  3 12:29:54 mas01 sh[18597]: 2019-01-03 12:29:54 regiond: [info] 127.0.0.1 GET /MAAS/rpc/ HTTP/1.0 --> 200 OK (referrer: -; agent: provisioningserver.rpc.clusterservice.ClusterClientService)
Jan  3 12:29:54 mas01 sh[17796]: 2019-01-03 12:29:54 regiond: [info] 192.168.11.42 POST /MAAS/metadata/2012-03-01/ HTTP/1.1 --> 200 OK (referrer: -; agent: Python-urllib/3.5)
Jan  3 12:29:54 mas01 sh[18597]: 2019-01-03 12:29:54 regiond: [info] 192.168.11.43 POST /MAAS/metadata/2012-03-01/ HTTP/1.1 --> 200 OK (referrer: -; agent: Python-urllib/3.5)
Jan  3 12:29:55 mas01 sh[17796]: 2019-01-03 12:29:55 regiond: [info] 192.168.11.44 POST /MAAS/metadata/status/m87wbq HTTP/1.1 --> 204 NO_CONTENT (referrer: -; agent: python-requests/2.9.1)
Jan  3 12:29:55 mas01 sh[17805]: 2019-01-03 12:29:55 regiond: [info] 192.168.11.44 POST /MAAS/metadata/status/m87wbq HTTP/1.1 --> 204 NO_CONTENT (referrer: -; agent: python-requests/2.9.1)
Jan  3 12:29:55 mas01 sh[18597]: 2019-01-03 12:29:55 regiond: [info] 192.168.11.44 POST /MAAS/metadata/status/m87wbq HTTP/1.1 --> 204 NO_CONTENT (referrer: -; agent: python-requests/2.9.1)
Jan  3 12:29:55 mas01 sh[17796]: 2019-01-03 12:29:55 regiond: [info] 192.168.11.44 POST /MAAS/metadata/status/m87wbq HTTP/1.1 --> 204 NO_CONTENT (referrer: -; agent: python-requests/2.9.1)
Jan  3 12:29:55 mas01 sh[18597]: 2019-01-03 12:29:55 regiond: [info] 192.168.11.44 POST /MAAS/metadata/status/m87wbq HTTP/1.1 --> 204 NO_CONTENT (referrer: -; agent: python-requests/2.9.1)
Jan  3 12:29:55 mas01 sh[18597]: 2019-01-03 12:29:55 regiond: [info] 192.168.11.44 POST /MAAS/metadata/status/m87wbq HTTP/1.1 --> 204 NO_CONTENT (referrer: -; agent: python-requests/2.9.1)
Jan  3 12:29:55 mas01 sh[17796]: 2019-01-03 12:29:55 regiond: [info] 192.168.11.44 POST /MAAS/metadata/status/m87wbq HTTP/1.1 --> 204 NO_CONTENT (referrer: -; agent: python-requests/2.9.1)
Jan  3 12:29:55 mas01 sh[17796]: 2019-01-03 12:29:55 regiond: [info] 192.168.11.44 POST /MAAS/metadata/status/m87wbq HTTP/1.1 --> 204 NO_CONTENT (referrer: -; agent: python-requests/2.9.1)
Jan  3 12:29:55 mas01 sh[18597]: 2019-01-03 12:29:55 regiond: [info] 192.168.11.44 POST /MAAS/metadata/status/m87wbq HTTP/1.1 --> 204 NO_CONTENT (referrer: -; agent: python-requests/2.9.1)
Jan  3 12:29:55 mas01 sh[17801]: 2019-01-03 12:29:55 regiond: [info] 192.168.11.44 POST /MAAS/metadata/status/m87wbq HTTP/1.1 --> 204 NO_CONTENT (referrer: -; agent: python-requests/2.9.1)
Jan  3 12:29:56 mas01 sh[17801]: 2019-01-03 12:29:56 regiond: [info] 192.168.11.44 POST /MAAS/metadata/status/m87wbq HTTP/1.1 --> 204 NO_CONTENT (referrer: -; agent: python-requests/2.9.1)
Jan  3 12:29:56 mas01 sh[17796]: 2019-01-03 12:29:56 regiond: [info] 192.168.11.44 POST /MAAS/metadata/status/m87wbq HTTP/1.1 --> 204 NO_CONTENT (referrer: -; agent: python-requests/2.9.1)
Jan  3 12:29:56 mas01 sh[17801]: 2019-01-03 12:29:56 regiond: [info] 192.168.11.44 POST /MAAS/metadata/status/m87wbq HTTP/1.1 --> 204 NO_CONTENT (referrer: -; agent: python-requests/2.9.1)
Jan  3 12:29:56 mas01 sh[17801]: 2019-01-03 12:29:56 regiond: [info] 192.168.11.44 POST /MAAS/metadata/status/m87wbq HTTP/1.1 --> 204 NO_CONTENT (referrer: -; agent: python-requests/2.9.1)
Jan  3 12:29:56 mas01 sh[17805]: 2019-01-03 12:29:56 regiond: [info] 192.168.11.44 POST /MAAS/metadata/status/m87wbq HTTP/1.1 --> 204 NO_CONTENT (referrer: -; agent: python-requests/2.9.1)
Jan  3 12:29:56 mas01 sh[17805]: 2019-01-03 12:29:56 regiond: [info] 192.168.11.44 POST /MAAS/metadata/status/m87wbq HTTP/1.1 --> 204 NO_CONTENT (referrer: -; agent: python-requests/2.9.1)
Jan  3 12:29:56 mas01 sh[18597]: 2019-01-03 12:29:56 regiond: [info] 192.168.11.44 POST /MAAS/metadata/status/m87wbq HTTP/1.1 --> 204 NO_CONTENT (referrer: -; agent: python-requests/2.9.1)
Jan  3 12:29:56 mas01 sh[18597]: 2019-01-03 12:29:56 regiond: [info] 192.168.11.44 POST /MAAS/metadata/status/m87wbq HTTP/1.1 --> 204 NO_CONTENT (referrer: -; agent: python-requests/2.9.1)
Jan  3 12:29:56 mas01 sh[17796]: 2019-01-03 12:29:56 regiond: [info] 192.168.11.44 POST /MAAS/metadata/status/m87wbq HTTP/1.1 --> 204 NO_CONTENT (referrer: -; agent: python-requests/2.9.1)
Jan  3 12:29:56 mas01 sh[18597]: 2019-01-03 12:29:56 regiond: [info] 192.168.11.44 POST /MAAS/metadata/status/m87wbq HTTP/1.1 --> 204 NO_CONTENT (referrer: -; agent: python-requests/2.9.1)
Jan  3 12:29:56 mas01 sh[18597]: 2019-01-03 12:29:56 regiond: [info] 192.168.11.44 POST /MAAS/metadata/status/m87wbq HTTP/1.1 --> 204 NO_CONTENT (referrer: -; agent: python-requests/2.9.1)
Jan  3 12:29:56 mas01 sh[17805]: 2019-01-03 12:29:56 regiond: [info] 192.168.11.44 POST /MAAS/metadata/status/m87wbq HTTP/1.1 --> 204 NO_CONTENT (referrer: -; agent: python-requests/2.9.1)
Jan  3 12:29:56 mas01 sh[18597]: 2019-01-03 12:29:56 regiond: [info] 192.168.11.44 POST /MAAS/metadata/status/m87wbq HTTP/1.1 --> 204 NO_CONTENT (referrer: -; agent: python-requests/2.9.1)
Jan  3 12:29:56 mas01 sh[17801]: 2019-01-03 12:29:56 regiond: [info] 192.168.11.44 POST /MAAS/metadata/status/m87wbq HTTP/1.1 --> 204 NO_CONTENT (referrer: -; agent: python-requests/2.9.1)
Jan  3 12:29:56 mas01 sh[17801]: 2019-01-03 12:29:56 regiond: [info] 192.168.11.44 POST /MAAS/metadata/status/m87wbq HTTP/1.1 --> 204 NO_CONTENT (referrer: -; agent: python-requests/2.9.1)
Jan  3 12:29:56 mas01 sh[17805]: 2019-01-03 12:29:56 regiond: [info] 192.168.11.44 POST /MAAS/metadata/status/m87wbq HTTP/1.1 --> 204 NO_CONTENT (referrer: -; agent: python-requests/2.9.1)
Jan  3 12:29:56 mas01 sh[18597]: 2019-01-03 12:29:56 regiond: [info] 192.168.11.44 POST /MAAS/metadata/status/m87wbq HTTP/1.1 --> 204 NO_CONTENT (referrer: -; agent: python-requests/2.9.1)
Jan  3 12:29:56 mas01 sh[17796]: 2019-01-03 12:29:56 regiond: [info] 192.168.11.44 POST /MAAS/metadata/status/m87wbq HTTP/1.1 --> 204 NO_CONTENT (referrer: -; agent: python-requests/2.9.1)
Jan  3 12:29:56 mas01 sh[17801]: 2019-01-03 12:29:56 regiond: [info] 192.168.11.44 POST /MAAS/metadata/status/m87wbq HTTP/1.1 --> 204 NO_CONTENT (referrer: -; agent: python-requests/2.9.1)
Jan  3 12:29:56 mas01 sh[18597]: 2019-01-03 12:29:56 regiond: [info] 192.168.11.44 POST /MAAS/metadata/status/m87wbq HTTP/1.1 --> 204 NO_CONTENT (referrer: -; agent: python-requests/2.9.1)
Jan  3 12:29:56 mas01 sh[18597]: message repeated 2 times: [ 2019-01-03 12:29:56 regiond: [info] 192.168.11.44 POST /MAAS/metadata/status/m87wbq HTTP/1.1 --> 204 NO_CONTENT (referrer: -; agent: python-requests/2.9.1)]
Jan  3 12:29:56 mas01 sh[17796]: 2019-01-03 12:29:56 regiond: [info] 192.168.11.44 POST /MAAS/metadata/status/m87wbq HTTP/1.1 --> 204 NO_CONTENT (referrer: -; agent: python-requests/2.9.1)
Jan  3 12:29:56 mas01 sh[17805]: 2019-01-03 12:29:56 regiond: [info] 192.168.11.44 POST /MAAS/metadata/status/m87wbq HTTP/1.1 --> 204 NO_CONTENT (referrer: -; agent: python-requests/2.9.1)
Jan  3 12:29:56 mas01 sh[18597]: 2019-01-03 12:29:56 regiond: [info] 192.168.11.44 POST /MAAS/metadata/status/m87wbq HTTP/1.1 --> 204 NO_CONTENT (referrer: -; agent: python-requests/2.9.1)
Jan  3 12:29:56 mas01 sh[17805]: 2019-01-03 12:29:56 regiond: [info] 192.168.11.44 POST /MAAS/metadata/status/m87wbq HTTP/1.1 --> 204 NO_CONTENT (referrer: -; agent: python-requests/2.9.1)
Jan  3 12:29:56 mas01 sh[18597]: 2019-01-03 12:29:56 regiond: [info] 192.168.11.44 POST /MAAS/metadata/status/m87wbq HTTP/1.1 --> 204 NO_CONTENT (referrer: -; agent: python-requests/2.9.1)
Jan  3 12:29:56 mas01 sh[18597]: 2019-01-03 12:29:56 regiond: [info] 192.168.11.44 POST /MAAS/metadata/status/m87wbq HTTP/1.1 --> 204 NO_CONTENT (referrer: -; agent: python-requests/2.9.1)
Jan  3 12:29:56 mas01 sh[17805]: 2019-01-03 12:29:56 regiond: [info] 192.168.11.44 POST /MAAS/metadata/status/m87wbq HTTP/1.1 --> 204 NO_CONTENT (referrer: -; agent: python-requests/2.9.1)
Jan  3 12:29:57 mas01 sh[17796]: 2019-01-03 12:29:57 regiond: [info] 192.168.11.44 POST /MAAS/metadata/2012-03-01/ HTTP/1.1 --> 200 OK (referrer: -; agent: Python-urllib/3.5)
Jan  3 12:30:00 mas01 sh[17801]: 2019-01-03 12:30:00 regiond: [info] 192.168.11.42 POST /MAAS/metadata/2012-03-01/ HTTP/1.1 --> 200 OK (referrer: -; agent: Python-urllib/3.5)
Jan  3 12:30:00 mas01 salt-minion[4726]: [INFO    ] User sudo_ubuntu Executing command saltutil.find_job with jid 20190103123000493059
Jan  3 12:30:00 mas01 salt-minion[4726]: [INFO    ] Starting a new job with PID 22100
Jan  3 12:30:00 mas01 salt-minion[4726]: [INFO    ] Returning information for job: 20190103123000493059
Jan  3 12:30:00 mas01 sh[17805]: 2019-01-03 12:30:00 regiond: [info] 192.168.11.42 POST /MAAS/metadata/2012-03-01/ HTTP/1.1 --> 200 OK (referrer: -; agent: Python-urllib/3.5)
Jan  3 12:30:00 mas01 sh[18597]: 2019-01-03 12:30:00 regiond: [info] 192.168.11.42 GET /MAAS/metadata/2012-03-01/maas-scripts/ HTTP/1.1 --> 200 OK (referrer: -; agent: Python-urllib/3.5)
Jan  3 12:30:00 mas01 sh[17796]: 2019-01-03 12:30:00 regiond: [info] 192.168.11.43 POST /MAAS/metadata/2012-03-01/ HTTP/1.1 --> 200 OK (referrer: -; agent: Python-urllib/3.5)
Jan  3 12:30:00 mas01 sh[17801]: 2019-01-03 12:30:00 regiond: [info] 192.168.11.42 POST /MAAS/metadata/2012-03-01/ HTTP/1.1 --> 200 OK (referrer: -; agent: Python-urllib/3.5)
Jan  3 12:30:00 mas01 sh[17796]: 2019-01-03 12:30:00 regiond: [info] 192.168.11.43 POST /MAAS/metadata/2012-03-01/ HTTP/1.1 --> 200 OK (referrer: -; agent: Python-urllib/3.5)
Jan  3 12:30:00 mas01 sh[17801]: 2019-01-03 12:30:00 regiond: [info] 192.168.11.42 GET /MAAS/metadata/latest/by-id/qh7476/?op=get_preseed HTTP/1.1 --> 200 OK (referrer: -; agent: curl/7.47.0)
Jan  3 12:30:00 mas01 sh[17796]: 2019-01-03 12:30:00 regiond: [info] 192.168.11.43 GET /MAAS/metadata/2012-03-01/maas-scripts/ HTTP/1.1 --> 200 OK (referrer: -; agent: Python-urllib/3.5)
Jan  3 12:30:00 mas01 sh[17796]: 2019-01-03 12:30:00 regiond: [info] 192.168.11.43 POST /MAAS/metadata/2012-03-01/ HTTP/1.1 --> 200 OK (referrer: -; agent: Python-urllib/3.5)
Jan  3 12:30:00 mas01 sh[17801]: 2019-01-03 12:30:00 regiond: [info] 192.168.11.43 GET /MAAS/metadata/latest/by-id/bpgfgm/?op=get_preseed HTTP/1.1 --> 200 OK (referrer: -; agent: curl/7.47.0)
Jan  3 12:30:01 mas01 sh[17801]: 2019-01-03 12:30:01 regiond: [info] 192.168.11.42 POST /MAAS/metadata/2012-03-01/ HTTP/1.1 --> 200 OK (referrer: -; agent: Python-urllib/3.5)
Jan  3 12:30:01 mas01 sh[17805]: 2019-01-03 12:30:01 regiond: [info] 192.168.11.42 POST /MAAS/metadata/2012-03-01/ HTTP/1.1 --> 200 OK (referrer: -; agent: Python-urllib/3.5)
Jan  3 12:30:01 mas01 sh[17796]: 2019-01-03 12:30:01 regiond: [info] 192.168.11.43 POST /MAAS/metadata/2012-03-01/ HTTP/1.1 --> 200 OK (referrer: -; agent: Python-urllib/3.5)
Jan  3 12:30:01 mas01 sh[17801]: 2019-01-03 12:30:01 regiond: [info] 192.168.11.42 POST /MAAS/metadata/2012-03-01/ HTTP/1.1 --> 200 OK (referrer: -; agent: Python-urllib/3.5)
Jan  3 12:30:01 mas01 sh[17805]: 2019-01-03 12:30:01 regiond: [info] 192.168.11.42 POST /MAAS/metadata/2012-03-01/ HTTP/1.1 --> 200 OK (referrer: -; agent: Python-urllib/3.5)
Jan  3 12:30:01 mas01 sh[17805]: 2019-01-03 12:30:01 regiond: [info] 192.168.11.43 POST /MAAS/metadata/2012-03-01/ HTTP/1.1 --> 200 OK (referrer: -; agent: Python-urllib/3.5)
Jan  3 12:30:01 mas01 sh[17801]: 2019-01-03 12:30:01 regiond: [info] 192.168.11.43 POST /MAAS/metadata/2012-03-01/ HTTP/1.1 --> 200 OK (referrer: -; agent: Python-urllib/3.5)
Jan  3 12:30:01 mas01 sh[17801]: 2019-01-03 12:30:01 regiond: [info] 192.168.11.43 POST /MAAS/metadata/2012-03-01/ HTTP/1.1 --> 200 OK (referrer: -; agent: Python-urllib/3.5)
Jan  3 12:30:02 mas01 sh[18597]: 2019-01-03 12:30:02 regiond: [info] 192.168.11.42 POST /MAAS/metadata/2012-03-01/ HTTP/1.1 --> 200 OK (referrer: -; agent: Python-urllib/3.5)
Jan  3 12:30:02 mas01 sh[17805]: 2019-01-03 12:30:02 regiond: [info] 192.168.11.43 POST /MAAS/metadata/2012-03-01/ HTTP/1.1 --> 200 OK (referrer: -; agent: Python-urllib/3.5)
Jan  3 12:30:02 mas01 sh[17805]: 2019-01-03 12:30:02 regiond: [info] 192.168.11.42 POST /MAAS/metadata/2012-03-01/ HTTP/1.1 --> 200 OK (referrer: -; agent: Python-urllib/3.5)
Jan  3 12:30:02 mas01 sh[17796]: 2019-01-03 12:30:02 regiond: [info] 192.168.11.43 POST /MAAS/metadata/2012-03-01/ HTTP/1.1 --> 200 OK (referrer: -; agent: Python-urllib/3.5)
Jan  3 12:30:02 mas01 sh[17805]: 2019-01-03 12:30:02 regiond: [info] 192.168.11.42 POST /MAAS/metadata/2012-03-01/ HTTP/1.1 --> 200 OK (referrer: -; agent: Python-urllib/3.5)
Jan  3 12:30:02 mas01 sh[17805]: 2019-01-03 12:30:02 regiond: [info] 192.168.11.43 POST /MAAS/metadata/2012-03-01/ HTTP/1.1 --> 200 OK (referrer: -; agent: Python-urllib/3.5)
