Nov  6 21:49:57 mas01 sh[8943]: 2018-11-06 21:49:57 regiond: [info] 192.168.11.42 POST /MAAS/metadata/status/txb8rs HTTP/1.1 --> 204 NO_CONTENT (referrer: -; agent: Curtin/18.1-17-gae48e86f-0ubuntu1~16.04.1)
Nov  6 21:49:58 mas01 sh[8965]: 2018-11-06 21:49:58 regiond: [info] 192.168.11.40 POST /MAAS/metadata/status/we8tyw HTTP/1.1 --> 204 NO_CONTENT (referrer: -; agent: Curtin/18.1-17-gae48e86f-0ubuntu1~16.04.1)
Nov  6 21:49:58 mas01 sh[8965]: 2018-11-06 21:49:58 regiond: [info] 192.168.11.40 POST /MAAS/metadata/status/we8tyw HTTP/1.1 --> 204 NO_CONTENT (referrer: -; agent: Curtin/18.1-17-gae48e86f-0ubuntu1~16.04.1)
Nov  6 21:49:58 mas01 sh[8793]: 2018-11-06 21:49:58 regiond: [info] 192.168.11.40 POST /MAAS/metadata/status/we8tyw HTTP/1.1 --> 204 NO_CONTENT (referrer: -; agent: Curtin/18.1-17-gae48e86f-0ubuntu1~16.04.1)
Nov  6 21:49:58 mas01 sh[8965]: 2018-11-06 21:49:58 regiond: [info] 192.168.11.40 POST /MAAS/metadata/status/we8tyw HTTP/1.1 --> 204 NO_CONTENT (referrer: -; agent: Curtin/18.1-17-gae48e86f-0ubuntu1~16.04.1)
Nov  6 21:49:58 mas01 sh[8965]: 2018-11-06 21:49:58 regiond: [info] 192.168.11.42 POST /MAAS/metadata/status/txb8rs HTTP/1.1 --> 204 NO_CONTENT (referrer: -; agent: Curtin/18.1-17-gae48e86f-0ubuntu1~16.04.1)
Nov  6 21:49:58 mas01 sh[8793]: 2018-11-06 21:49:58 regiond: [info] 192.168.11.42 POST /MAAS/metadata/status/txb8rs HTTP/1.1 --> 204 NO_CONTENT (referrer: -; agent: Curtin/18.1-17-gae48e86f-0ubuntu1~16.04.1)
Nov  6 21:49:58 mas01 sh[8943]: 2018-11-06 21:49:58 regiond: [info] 192.168.11.42 POST /MAAS/metadata/status/txb8rs HTTP/1.1 --> 204 NO_CONTENT (referrer: -; agent: Curtin/18.1-17-gae48e86f-0ubuntu1~16.04.1)
Nov  6 21:49:58 mas01 sh[8965]: 2018-11-06 21:49:58 regiond: [info] 192.168.11.42 POST /MAAS/metadata/status/txb8rs HTTP/1.1 --> 204 NO_CONTENT (referrer: -; agent: Curtin/18.1-17-gae48e86f-0ubuntu1~16.04.1)
Nov  6 21:49:58 mas01 sh[8793]: 2018-11-06 21:49:58 regiond: [info] 192.168.11.44 POST /MAAS/metadata/status/y8wyhr HTTP/1.1 --> 204 NO_CONTENT (referrer: -; agent: Curtin/18.1-17-gae48e86f-0ubuntu1~16.04.1)
Nov  6 21:49:58 mas01 sh[8943]: 2018-11-06 21:49:58 regiond: [info] 192.168.11.44 POST /MAAS/metadata/status/y8wyhr HTTP/1.1 --> 204 NO_CONTENT (referrer: -; agent: Curtin/18.1-17-gae48e86f-0ubuntu1~16.04.1)
Nov  6 21:49:58 mas01 sh[8943]: 2018-11-06 21:49:58 regiond: [info] 192.168.11.44 POST /MAAS/metadata/status/y8wyhr HTTP/1.1 --> 204 NO_CONTENT (referrer: -; agent: Curtin/18.1-17-gae48e86f-0ubuntu1~16.04.1)
Nov  6 21:49:59 mas01 sh[8793]: 2018-11-06 21:49:59 regiond: [info] 192.168.11.42 POST /MAAS/metadata/status/txb8rs HTTP/1.1 --> 204 NO_CONTENT (referrer: -; agent: Curtin/18.1-17-gae48e86f-0ubuntu1~16.04.1)
Nov  6 21:49:59 mas01 sh[8965]: 2018-11-06 21:49:59 regiond: [info] 192.168.11.42 POST /MAAS/metadata/status/txb8rs HTTP/1.1 --> 204 NO_CONTENT (referrer: -; agent: Curtin/18.1-17-gae48e86f-0ubuntu1~16.04.1)
Nov  6 21:49:59 mas01 sh[9276]: 2018-11-06 21:49:59 regiond: [info] 192.168.11.42 POST /MAAS/metadata/status/txb8rs HTTP/1.1 --> 204 NO_CONTENT (referrer: -; agent: Curtin/18.1-17-gae48e86f-0ubuntu1~16.04.1)
Nov  6 21:49:59 mas01 sh[8965]: 2018-11-06 21:49:59 regiond: [info] 192.168.11.42 POST /MAAS/metadata/status/txb8rs HTTP/1.1 --> 204 NO_CONTENT (referrer: -; agent: Curtin/18.1-17-gae48e86f-0ubuntu1~16.04.1)
Nov  6 21:49:59 mas01 sh[8943]: 2018-11-06 21:49:59 regiond: [info] 192.168.11.41 POST /MAAS/metadata/status/7cymta HTTP/1.1 --> 204 NO_CONTENT (referrer: -; agent: Curtin/18.1-17-gae48e86f-0ubuntu1~16.04.1)
Nov  6 21:49:59 mas01 sh[9276]: 2018-11-06 21:49:59 regiond: [info] 192.168.11.41 POST /MAAS/metadata/status/7cymta HTTP/1.1 --> 204 NO_CONTENT (referrer: -; agent: python-requests/2.9.1)
Nov  6 21:49:59 mas01 sh[8943]: 2018-11-06 21:49:59 regiond: [info] 192.168.11.41 POST /MAAS/metadata/status/7cymta HTTP/1.1 --> 204 NO_CONTENT (referrer: -; agent: python-requests/2.9.1)
Nov  6 21:49:59 mas01 sh[8965]: 2018-11-06 21:49:59 regiond: [info] 192.168.11.41 POST /MAAS/metadata/status/7cymta HTTP/1.1 --> 204 NO_CONTENT (referrer: -; agent: python-requests/2.9.1)
Nov  6 21:49:59 mas01 sh[8943]: 2018-11-06 21:49:59 regiond: [info] 192.168.11.41 POST /MAAS/metadata/status/7cymta HTTP/1.1 --> 204 NO_CONTENT (referrer: -; agent: python-requests/2.9.1)
Nov  6 21:49:59 mas01 sh[8793]: 2018-11-06 21:49:59 regiond: [info] 192.168.11.41 POST /MAAS/metadata/status/7cymta HTTP/1.1 --> 204 NO_CONTENT (referrer: -; agent: python-requests/2.9.1)
Nov  6 21:49:59 mas01 sh[9276]: 2018-11-06 21:49:59 regiond: [info] 192.168.11.41 POST /MAAS/metadata/status/7cymta HTTP/1.1 --> 204 NO_CONTENT (referrer: -; agent: python-requests/2.9.1)
Nov  6 21:49:59 mas01 sh[8793]: 2018-11-06 21:49:59 regiond: [info] 192.168.11.41 POST /MAAS/metadata/status/7cymta HTTP/1.1 --> 204 NO_CONTENT (referrer: -; agent: python-requests/2.9.1)
Nov  6 21:49:59 mas01 sh[8793]: message repeated 2 times: [ 2018-11-06 21:49:59 regiond: [info] 192.168.11.41 POST /MAAS/metadata/status/7cymta HTTP/1.1 --> 204 NO_CONTENT (referrer: -; agent: python-requests/2.9.1)]
Nov  6 21:49:59 mas01 sh[9276]: 2018-11-06 21:49:59 regiond: [info] 192.168.11.41 POST /MAAS/metadata/status/7cymta HTTP/1.1 --> 204 NO_CONTENT (referrer: -; agent: python-requests/2.9.1)
Nov  6 21:49:59 mas01 sh[9276]: 2018-11-06 21:49:59 regiond: [info] 192.168.11.44 POST /MAAS/metadata/status/y8wyhr HTTP/1.1 --> 204 NO_CONTENT (referrer: -; agent: Curtin/18.1-17-gae48e86f-0ubuntu1~16.04.1)
Nov  6 21:49:59 mas01 sh[8793]: 2018-11-06 21:49:59 regiond: [info] 192.168.11.41 POST /MAAS/metadata/status/7cymta HTTP/1.1 --> 204 NO_CONTENT (referrer: -; agent: python-requests/2.9.1)
Nov  6 21:49:59 mas01 sh[8793]: 2018-11-06 21:49:59 regiond: [info] 192.168.11.41 POST /MAAS/metadata/status/7cymta HTTP/1.1 --> 204 NO_CONTENT (referrer: -; agent: python-requests/2.9.1)
Nov  6 21:49:59 mas01 sh[9276]: 2018-11-06 21:49:59 regiond: [info] 192.168.11.44 POST /MAAS/metadata/status/y8wyhr HTTP/1.1 --> 204 NO_CONTENT (referrer: -; agent: Curtin/18.1-17-gae48e86f-0ubuntu1~16.04.1)
Nov  6 21:49:59 mas01 sh[9276]: message repeated 2 times: [ 2018-11-06 21:49:59 regiond: [info] 192.168.11.44 POST /MAAS/metadata/status/y8wyhr HTTP/1.1 --> 204 NO_CONTENT (referrer: -; agent: Curtin/18.1-17-gae48e86f-0ubuntu1~16.04.1)]
Nov  6 21:49:59 mas01 sh[8943]: 2018-11-06 21:49:59 regiond: [info] 192.168.11.42 POST /MAAS/metadata/status/txb8rs HTTP/1.1 --> 204 NO_CONTENT (referrer: -; agent: Curtin/18.1-17-gae48e86f-0ubuntu1~16.04.1)
Nov  6 21:49:59 mas01 sh[9276]: 2018-11-06 21:49:59 regiond: [info] 192.168.11.42 POST /MAAS/metadata/status/txb8rs HTTP/1.1 --> 204 NO_CONTENT (referrer: -; agent: Curtin/18.1-17-gae48e86f-0ubuntu1~16.04.1)
Nov  6 21:49:59 mas01 sh[8793]: 2018-11-06 21:49:59 regiond: [info] 192.168.11.42 POST /MAAS/metadata/status/txb8rs HTTP/1.1 --> 204 NO_CONTENT (referrer: -; agent: Curtin/18.1-17-gae48e86f-0ubuntu1~16.04.1)
Nov  6 21:49:59 mas01 sh[8943]: 2018-11-06 21:49:59 regiond: [info] 192.168.11.42 POST /MAAS/metadata/status/txb8rs HTTP/1.1 --> 204 NO_CONTENT (referrer: -; agent: Curtin/18.1-17-gae48e86f-0ubuntu1~16.04.1)
Nov  6 21:50:00 mas01 sh[8793]: 2018-11-06 21:50:00 regiond: [info] 192.168.11.44 POST /MAAS/metadata/status/y8wyhr HTTP/1.1 --> 204 NO_CONTENT (referrer: -; agent: Curtin/18.1-17-gae48e86f-0ubuntu1~16.04.1)
Nov  6 21:50:00 mas01 sh[8793]: 2018-11-06 21:50:00 regiond: [info] 192.168.11.40 POST /MAAS/metadata/status/we8tyw HTTP/1.1 --> 204 NO_CONTENT (referrer: -; agent: Curtin/18.1-17-gae48e86f-0ubuntu1~16.04.1)
Nov  6 21:50:00 mas01 sh[9276]: 2018-11-06 21:50:00 regiond: [info] 192.168.11.40 POST /MAAS/metadata/status/we8tyw HTTP/1.1 --> 204 NO_CONTENT (referrer: -; agent: python-requests/2.9.1)
Nov  6 21:50:00 mas01 sh[8965]: 2018-11-06 21:50:00 regiond: [info] 192.168.11.40 POST /MAAS/metadata/status/we8tyw HTTP/1.1 --> 204 NO_CONTENT (referrer: -; agent: python-requests/2.9.1)
Nov  6 21:50:00 mas01 sh[8793]: 2018-11-06 21:50:00 regiond: [info] 192.168.11.40 POST /MAAS/metadata/status/we8tyw HTTP/1.1 --> 204 NO_CONTENT (referrer: -; agent: python-requests/2.9.1)
Nov  6 21:50:00 mas01 sh[8965]: 2018-11-06 21:50:00 regiond: [info] 192.168.11.40 POST /MAAS/metadata/status/we8tyw HTTP/1.1 --> 204 NO_CONTENT (referrer: -; agent: python-requests/2.9.1)
Nov  6 21:50:00 mas01 sh[8965]: 2018-11-06 21:50:00 regiond: [info] 192.168.11.44 POST /MAAS/metadata/status/y8wyhr HTTP/1.1 --> 204 NO_CONTENT (referrer: -; agent: Curtin/18.1-17-gae48e86f-0ubuntu1~16.04.1)
Nov  6 21:50:00 mas01 sh[8943]: 2018-11-06 21:50:00 regiond: [info] 192.168.11.40 POST /MAAS/metadata/status/we8tyw HTTP/1.1 --> 204 NO_CONTENT (referrer: -; agent: python-requests/2.9.1)
Nov  6 21:50:00 mas01 sh[9276]: 2018-11-06 21:50:00 regiond: [info] 192.168.11.40 POST /MAAS/metadata/status/we8tyw HTTP/1.1 --> 204 NO_CONTENT (referrer: -; agent: python-requests/2.9.1)
Nov  6 21:50:00 mas01 sh[8793]: 2018-11-06 21:50:00 regiond: [info] 192.168.11.44 POST /MAAS/metadata/status/y8wyhr HTTP/1.1 --> 204 NO_CONTENT (referrer: -; agent: Curtin/18.1-17-gae48e86f-0ubuntu1~16.04.1)
Nov  6 21:50:00 mas01 sh[8793]: 2018-11-06 21:50:00 regiond: [info] 192.168.11.40 POST /MAAS/metadata/status/we8tyw HTTP/1.1 --> 204 NO_CONTENT (referrer: -; agent: python-requests/2.9.1)
Nov  6 21:50:00 mas01 sh[8965]: 2018-11-06 21:50:00 regiond: [info] 192.168.11.44 POST /MAAS/metadata/status/y8wyhr HTTP/1.1 --> 204 NO_CONTENT (referrer: -; agent: Curtin/18.1-17-gae48e86f-0ubuntu1~16.04.1)
Nov  6 21:50:00 mas01 sh[8943]: 2018-11-06 21:50:00 regiond: [info] 192.168.11.40 POST /MAAS/metadata/status/we8tyw HTTP/1.1 --> 204 NO_CONTENT (referrer: -; agent: python-requests/2.9.1)
Nov  6 21:50:00 mas01 sh[8943]: 2018-11-06 21:50:00 regiond: [info] 192.168.11.40 POST /MAAS/metadata/status/we8tyw HTTP/1.1 --> 204 NO_CONTENT (referrer: -; agent: python-requests/2.9.1)
Nov  6 21:50:00 mas01 sh[8965]: 2018-11-06 21:50:00 regiond: [info] 192.168.11.40 POST /MAAS/metadata/status/we8tyw HTTP/1.1 --> 204 NO_CONTENT (referrer: -; agent: python-requests/2.9.1)
Nov  6 21:50:00 mas01 sh[8965]: 2018-11-06 21:50:00 regiond: [info] 192.168.11.40 POST /MAAS/metadata/status/we8tyw HTTP/1.1 --> 204 NO_CONTENT (referrer: -; agent: python-requests/2.9.1)
Nov  6 21:50:00 mas01 sh[8965]: 2018-11-06 21:50:00 regiond: [info] 192.168.11.42 POST /MAAS/metadata/status/txb8rs HTTP/1.1 --> 204 NO_CONTENT (referrer: -; agent: Curtin/18.1-17-gae48e86f-0ubuntu1~16.04.1)
Nov  6 21:50:00 mas01 sh[8965]: 2018-11-06 21:50:00 regiond: [info] 192.168.11.40 POST /MAAS/metadata/status/we8tyw HTTP/1.1 --> 204 NO_CONTENT (referrer: -; agent: python-requests/2.9.1)
Nov  6 21:50:00 mas01 sh[8793]: 2018-11-06 21:50:00 regiond: [info] 192.168.11.42 POST /MAAS/metadata/status/txb8rs HTTP/1.1 --> 204 NO_CONTENT (referrer: -; agent: Curtin/18.1-17-gae48e86f-0ubuntu1~16.04.1)
Nov  6 21:50:00 mas01 sh[8793]: 2018-11-06 21:50:00 regiond: [info] 192.168.11.42 POST /MAAS/metadata/status/txb8rs HTTP/1.1 --> 204 NO_CONTENT (referrer: -; agent: Curtin/18.1-17-gae48e86f-0ubuntu1~16.04.1)
Nov  6 21:50:00 mas01 sh[9276]: 2018-11-06 21:50:00 regiond: [info] 192.168.11.42 POST /MAAS/metadata/status/txb8rs HTTP/1.1 --> 204 NO_CONTENT (referrer: -; agent: Curtin/18.1-17-gae48e86f-0ubuntu1~16.04.1)
Nov  6 21:50:00 mas01 sh[8793]: 2018-11-06 21:50:00 regiond: [info] 192.168.11.44 POST /MAAS/metadata/status/y8wyhr HTTP/1.1 --> 204 NO_CONTENT (referrer: -; agent: Curtin/18.1-17-gae48e86f-0ubuntu1~16.04.1)
Nov  6 21:50:00 mas01 sh[8793]: 2018-11-06 21:50:00 regiond: [info] 192.168.11.44 POST /MAAS/metadata/status/y8wyhr HTTP/1.1 --> 204 NO_CONTENT (referrer: -; agent: Curtin/18.1-17-gae48e86f-0ubuntu1~16.04.1)
Nov  6 21:50:00 mas01 sh[8943]: 2018-11-06 21:50:00 regiond: [info] 192.168.11.44 POST /MAAS/metadata/status/y8wyhr HTTP/1.1 --> 204 NO_CONTENT (referrer: -; agent: Curtin/18.1-17-gae48e86f-0ubuntu1~16.04.1)
Nov  6 21:50:00 mas01 sh[8965]: 2018-11-06 21:50:00 regiond: [info] 192.168.11.44 POST /MAAS/metadata/status/y8wyhr HTTP/1.1 --> 204 NO_CONTENT (referrer: -; agent: Curtin/18.1-17-gae48e86f-0ubuntu1~16.04.1)
Nov  6 21:50:01 mas01 sh[9276]: 2018-11-06 21:50:01 regiond: [info] 192.168.11.42 POST /MAAS/metadata/status/txb8rs HTTP/1.1 --> 204 NO_CONTENT (referrer: -; agent: Curtin/18.1-17-gae48e86f-0ubuntu1~16.04.1)
Nov  6 21:50:01 mas01 sh[9276]: message repeated 2 times: [ 2018-11-06 21:50:01 regiond: [info] 192.168.11.42 POST /MAAS/metadata/status/txb8rs HTTP/1.1 --> 204 NO_CONTENT (referrer: -; agent: Curtin/18.1-17-gae48e86f-0ubuntu1~16.04.1)]
Nov  6 21:50:01 mas01 sh[8943]: 2018-11-06 21:50:01 regiond: [info] 192.168.11.42 POST /MAAS/metadata/status/txb8rs HTTP/1.1 --> 204 NO_CONTENT (referrer: -; agent: Curtin/18.1-17-gae48e86f-0ubuntu1~16.04.1)
Nov  6 21:50:01 mas01 sh[8965]: 2018-11-06 21:50:01 regiond: [info] 192.168.11.44 POST /MAAS/metadata/status/y8wyhr HTTP/1.1 --> 204 NO_CONTENT (referrer: -; agent: Curtin/18.1-17-gae48e86f-0ubuntu1~16.04.1)
Nov  6 21:50:01 mas01 sh[8793]: 2018-11-06 21:50:01 regiond: [info] 192.168.11.44 POST /MAAS/metadata/status/y8wyhr HTTP/1.1 --> 204 NO_CONTENT (referrer: -; agent: Curtin/18.1-17-gae48e86f-0ubuntu1~16.04.1)
Nov  6 21:50:01 mas01 sh[8793]: 2018-11-06 21:50:01 regiond: [info] 192.168.11.44 POST /MAAS/metadata/status/y8wyhr HTTP/1.1 --> 204 NO_CONTENT (referrer: -; agent: Curtin/18.1-17-gae48e86f-0ubuntu1~16.04.1)
Nov  6 21:50:01 mas01 sh[9276]: 2018-11-06 21:50:01 regiond: [info] 192.168.11.44 POST /MAAS/metadata/status/y8wyhr HTTP/1.1 --> 204 NO_CONTENT (referrer: -; agent: Curtin/18.1-17-gae48e86f-0ubuntu1~16.04.1)
Nov  6 21:50:01 mas01 sh[8965]: 2018-11-06 21:50:01 regiond: [info] 192.168.11.42 POST /MAAS/metadata/status/txb8rs HTTP/1.1 --> 204 NO_CONTENT (referrer: -; agent: Curtin/18.1-17-gae48e86f-0ubuntu1~16.04.1)
Nov  6 21:50:01 mas01 sh[8793]: 2018-11-06 21:50:01 regiond: [info] 192.168.11.43 POST /MAAS/metadata/status/q8qdsk HTTP/1.1 --> 204 NO_CONTENT (referrer: -; agent: Curtin/18.1-17-gae48e86f-0ubuntu1~16.04.1)
Nov  6 21:50:01 mas01 sh[8793]: message repeated 2 times: [ 2018-11-06 21:50:01 regiond: [info] 192.168.11.43 POST /MAAS/metadata/status/q8qdsk HTTP/1.1 --> 204 NO_CONTENT (referrer: -; agent: Curtin/18.1-17-gae48e86f-0ubuntu1~16.04.1)]
Nov  6 21:50:01 mas01 sh[8943]: 2018-11-06 21:50:01 regiond: [info] 192.168.11.42 POST /MAAS/metadata/status/txb8rs HTTP/1.1 --> 204 NO_CONTENT (referrer: -; agent: Curtin/18.1-17-gae48e86f-0ubuntu1~16.04.1)
Nov  6 21:50:01 mas01 sh[8793]: 2018-11-06 21:50:01 regiond: [info] 192.168.11.42 POST /MAAS/metadata/status/txb8rs HTTP/1.1 --> 204 NO_CONTENT (referrer: -; agent: Curtin/18.1-17-gae48e86f-0ubuntu1~16.04.1)
Nov  6 21:50:01 mas01 sh[8943]: 2018-11-06 21:50:01 regiond: [info] 192.168.11.42 POST /MAAS/metadata/status/txb8rs HTTP/1.1 --> 204 NO_CONTENT (referrer: -; agent: Curtin/18.1-17-gae48e86f-0ubuntu1~16.04.1)
Nov  6 21:50:02 mas01 sh[8965]: 2018-11-06 21:50:02 regiond: [info] 192.168.11.44 POST /MAAS/metadata/status/y8wyhr HTTP/1.1 --> 204 NO_CONTENT (referrer: -; agent: Curtin/18.1-17-gae48e86f-0ubuntu1~16.04.1)
Nov  6 21:50:02 mas01 sh[9276]: 2018-11-06 21:50:02 regiond: [info] 192.168.11.43 POST /MAAS/metadata/status/q8qdsk HTTP/1.1 --> 204 NO_CONTENT (referrer: -; agent: Curtin/18.1-17-gae48e86f-0ubuntu1~16.04.1)
Nov  6 21:50:02 mas01 sh[9276]: 2018-11-06 21:50:02 regiond: [info] 192.168.11.44 POST /MAAS/metadata/status/y8wyhr HTTP/1.1 --> 204 NO_CONTENT (referrer: -; agent: Curtin/18.1-17-gae48e86f-0ubuntu1~16.04.1)
Nov  6 21:50:02 mas01 sh[8943]: 2018-11-06 21:50:02 regiond: [info] 192.168.11.44 POST /MAAS/metadata/status/y8wyhr HTTP/1.1 --> 204 NO_CONTENT (referrer: -; agent: Curtin/18.1-17-gae48e86f-0ubuntu1~16.04.1)
Nov  6 21:50:02 mas01 sh[8965]: 2018-11-06 21:50:02 regiond: [info] 192.168.11.44 POST /MAAS/metadata/status/y8wyhr HTTP/1.1 --> 204 NO_CONTENT (referrer: -; agent: Curtin/18.1-17-gae48e86f-0ubuntu1~16.04.1)
Nov  6 21:50:02 mas01 sh[8965]: 2018-11-06 21:50:02 regiond: [info] 192.168.11.43 POST /MAAS/metadata/status/q8qdsk HTTP/1.1 --> 204 NO_CONTENT (referrer: -; agent: Curtin/18.1-17-gae48e86f-0ubuntu1~16.04.1)
Nov  6 21:50:02 mas01 sh[8965]: 2018-11-06 21:50:02 regiond: [info] 192.168.11.43 POST /MAAS/metadata/status/q8qdsk HTTP/1.1 --> 204 NO_CONTENT (referrer: -; agent: Curtin/18.1-17-gae48e86f-0ubuntu1~16.04.1)
Nov  6 21:50:02 mas01 sh[9276]: 2018-11-06 21:50:02 regiond: [info] 192.168.11.43 POST /MAAS/metadata/status/q8qdsk HTTP/1.1 --> 204 NO_CONTENT (referrer: -; agent: Curtin/18.1-17-gae48e86f-0ubuntu1~16.04.1)
Nov  6 21:50:02 mas01 salt-minion[16921]: [INFO    ] User sudo_ubuntu Executing command state.apply with jid 20181106215002465058
Nov  6 21:50:02 mas01 salt-minion[16921]: [INFO    ] Starting a new job with PID 21133
Nov  6 21:50:02 mas01 sh[9276]: 2018-11-06 21:50:02 regiond: [info] 192.168.11.44 POST /MAAS/metadata/status/y8wyhr HTTP/1.1 --> 204 NO_CONTENT (referrer: -; agent: Curtin/18.1-17-gae48e86f-0ubuntu1~16.04.1)
Nov  6 21:50:02 mas01 sh[8943]: 2018-11-06 21:50:02 regiond: [info] 192.168.11.43 POST /MAAS/metadata/status/q8qdsk HTTP/1.1 --> 204 NO_CONTENT (referrer: -; agent: Curtin/18.1-17-gae48e86f-0ubuntu1~16.04.1)
Nov  6 21:50:02 mas01 sh[8943]: 2018-11-06 21:50:02 regiond: [info] 192.168.11.44 POST /MAAS/metadata/status/y8wyhr HTTP/1.1 --> 204 NO_CONTENT (referrer: -; agent: Curtin/18.1-17-gae48e86f-0ubuntu1~16.04.1)
Nov  6 21:50:02 mas01 sh[8943]: 2018-11-06 21:50:02 regiond: [info] 192.168.11.44 POST /MAAS/metadata/status/y8wyhr HTTP/1.1 --> 204 NO_CONTENT (referrer: -; agent: Curtin/18.1-17-gae48e86f-0ubuntu1~16.04.1)
Nov  6 21:50:02 mas01 sh[9276]: 2018-11-06 21:50:02 regiond: [info] 192.168.11.44 POST /MAAS/metadata/status/y8wyhr HTTP/1.1 --> 204 NO_CONTENT (referrer: -; agent: Curtin/18.1-17-gae48e86f-0ubuntu1~16.04.1)
Nov  6 21:50:02 mas01 sh[8965]: 2018-11-06 21:50:02 regiond: [info] 192.168.11.43 POST /MAAS/metadata/status/q8qdsk HTTP/1.1 --> 204 NO_CONTENT (referrer: -; agent: Curtin/18.1-17-gae48e86f-0ubuntu1~16.04.1)
Nov  6 21:50:03 mas01 sh[9276]: 2018-11-06 21:50:03 regiond: [info] 192.168.11.43 POST /MAAS/metadata/status/q8qdsk HTTP/1.1 --> 204 NO_CONTENT (referrer: -; agent: Curtin/18.1-17-gae48e86f-0ubuntu1~16.04.1)
Nov  6 21:50:03 mas01 sh[9276]: 2018-11-06 21:50:03 regiond: [info] 192.168.11.43 POST /MAAS/metadata/status/q8qdsk HTTP/1.1 --> 204 NO_CONTENT (referrer: -; agent: Curtin/18.1-17-gae48e86f-0ubuntu1~16.04.1)
Nov  6 21:50:03 mas01 sh[8965]: 2018-11-06 21:50:03 regiond: [info] 192.168.11.42 POST /MAAS/metadata/status/txb8rs HTTP/1.1 --> 204 NO_CONTENT (referrer: -; agent: Curtin/18.1-17-gae48e86f-0ubuntu1~16.04.1)
Nov  6 21:50:03 mas01 sh[9276]: 2018-11-06 21:50:03 regiond: [info] 192.168.11.42 POST /MAAS/metadata/status/txb8rs HTTP/1.1 --> 204 NO_CONTENT (referrer: -; agent: python-requests/2.9.1)
Nov  6 21:50:03 mas01 sh[8965]: 2018-11-06 21:50:03 regiond: [info] 192.168.11.42 POST /MAAS/metadata/status/txb8rs HTTP/1.1 --> 204 NO_CONTENT (referrer: -; agent: python-requests/2.9.1)
Nov  6 21:50:03 mas01 sh[8965]: 2018-11-06 21:50:03 regiond: [info] 192.168.11.42 POST /MAAS/metadata/status/txb8rs HTTP/1.1 --> 204 NO_CONTENT (referrer: -; agent: python-requests/2.9.1)
Nov  6 21:50:03 mas01 sh[8943]: 2018-11-06 21:50:03 regiond: [info] 192.168.11.42 POST /MAAS/metadata/status/txb8rs HTTP/1.1 --> 204 NO_CONTENT (referrer: -; agent: python-requests/2.9.1)
Nov  6 21:50:03 mas01 sh[9276]: 2018-11-06 21:50:03 regiond: [info] 192.168.11.42 POST /MAAS/metadata/status/txb8rs HTTP/1.1 --> 204 NO_CONTENT (referrer: -; agent: python-requests/2.9.1)
Nov  6 21:50:03 mas01 sh[9276]: 2018-11-06 21:50:03 regiond: [info] 192.168.11.42 POST /MAAS/metadata/status/txb8rs HTTP/1.1 --> 204 NO_CONTENT (referrer: -; agent: python-requests/2.9.1)
Nov  6 21:50:03 mas01 sh[8965]: 2018-11-06 21:50:03 regiond: [info] 192.168.11.42 POST /MAAS/metadata/status/txb8rs HTTP/1.1 --> 204 NO_CONTENT (referrer: -; agent: python-requests/2.9.1)
Nov  6 21:50:03 mas01 sh[8793]: 2018-11-06 21:50:03 regiond: [info] 192.168.11.42 POST /MAAS/metadata/status/txb8rs HTTP/1.1 --> 204 NO_CONTENT (referrer: -; agent: python-requests/2.9.1)
Nov  6 21:50:03 mas01 sh[8793]: message repeated 2 times: [ 2018-11-06 21:50:03 regiond: [info] 192.168.11.42 POST /MAAS/metadata/status/txb8rs HTTP/1.1 --> 204 NO_CONTENT (referrer: -; agent: python-requests/2.9.1)]
Nov  6 21:50:03 mas01 sh[8943]: 2018-11-06 21:50:03 regiond: [info] 192.168.11.42 POST /MAAS/metadata/status/txb8rs HTTP/1.1 --> 204 NO_CONTENT (referrer: -; agent: python-requests/2.9.1)
Nov  6 21:50:03 mas01 sh[9276]: 2018-11-06 21:50:03 regiond: [info] 192.168.11.44 POST /MAAS/metadata/status/y8wyhr HTTP/1.1 --> 204 NO_CONTENT (referrer: -; agent: Curtin/18.1-17-gae48e86f-0ubuntu1~16.04.1)
Nov  6 21:50:03 mas01 sh[8965]: 2018-11-06 21:50:03 regiond: [info] 192.168.11.42 POST /MAAS/metadata/status/txb8rs HTTP/1.1 --> 204 NO_CONTENT (referrer: -; agent: python-requests/2.9.1)
Nov  6 21:50:03 mas01 sh[8943]: 2018-11-06 21:50:03 regiond: [info] 192.168.11.43 POST /MAAS/metadata/status/q8qdsk HTTP/1.1 --> 204 NO_CONTENT (referrer: -; agent: Curtin/18.1-17-gae48e86f-0ubuntu1~16.04.1)
Nov  6 21:50:03 mas01 sh[8793]: 2018-11-06 21:50:03 regiond: [info] 192.168.11.44 POST /MAAS/metadata/status/y8wyhr HTTP/1.1 --> 204 NO_CONTENT (referrer: -; agent: Curtin/18.1-17-gae48e86f-0ubuntu1~16.04.1)
Nov  6 21:50:03 mas01 sh[8943]: 2018-11-06 21:50:03 regiond: [info] 192.168.11.44 POST /MAAS/metadata/status/y8wyhr HTTP/1.1 --> 204 NO_CONTENT (referrer: -; agent: Curtin/18.1-17-gae48e86f-0ubuntu1~16.04.1)
Nov  6 21:50:03 mas01 sh[9276]: 2018-11-06 21:50:03 regiond: [info] 192.168.11.44 POST /MAAS/metadata/status/y8wyhr HTTP/1.1 --> 204 NO_CONTENT (referrer: -; agent: Curtin/18.1-17-gae48e86f-0ubuntu1~16.04.1)
Nov  6 21:50:03 mas01 sh[9276]: 2018-11-06 21:50:03 regiond: [info] 192.168.11.43 POST /MAAS/metadata/status/q8qdsk HTTP/1.1 --> 204 NO_CONTENT (referrer: -; agent: Curtin/18.1-17-gae48e86f-0ubuntu1~16.04.1)
Nov  6 21:50:03 mas01 sh[8793]: 2018-11-06 21:50:03 regiond: [info] 192.168.11.43 POST /MAAS/metadata/status/q8qdsk HTTP/1.1 --> 204 NO_CONTENT (referrer: -; agent: Curtin/18.1-17-gae48e86f-0ubuntu1~16.04.1)
Nov  6 21:50:03 mas01 sh[8965]: 2018-11-06 21:50:03 regiond: [info] 192.168.11.43 POST /MAAS/metadata/status/q8qdsk HTTP/1.1 --> 204 NO_CONTENT (referrer: -; agent: Curtin/18.1-17-gae48e86f-0ubuntu1~16.04.1)
Nov  6 21:50:04 mas01 sh[8965]: 2018-11-06 21:50:04 regiond: [info] 192.168.11.44 POST /MAAS/metadata/status/y8wyhr HTTP/1.1 --> 204 NO_CONTENT (referrer: -; agent: Curtin/18.1-17-gae48e86f-0ubuntu1~16.04.1)
Nov  6 21:50:04 mas01 sh[8965]: 2018-11-06 21:50:04 regiond: [info] 192.168.11.43 POST /MAAS/metadata/status/q8qdsk HTTP/1.1 --> 204 NO_CONTENT (referrer: -; agent: Curtin/18.1-17-gae48e86f-0ubuntu1~16.04.1)
Nov  6 21:50:04 mas01 sh[8943]: 2018-11-06 21:50:04 regiond: [info] 192.168.11.44 POST /MAAS/metadata/status/y8wyhr HTTP/1.1 --> 204 NO_CONTENT (referrer: -; agent: Curtin/18.1-17-gae48e86f-0ubuntu1~16.04.1)
Nov  6 21:50:04 mas01 sh[8793]: 2018-11-06 21:50:04 regiond: [info] 192.168.11.44 POST /MAAS/metadata/status/y8wyhr HTTP/1.1 --> 204 NO_CONTENT (referrer: -; agent: Curtin/18.1-17-gae48e86f-0ubuntu1~16.04.1)
Nov  6 21:50:04 mas01 sh[8965]: 2018-11-06 21:50:04 regiond: [info] 192.168.11.44 POST /MAAS/metadata/status/y8wyhr HTTP/1.1 --> 204 NO_CONTENT (referrer: -; agent: Curtin/18.1-17-gae48e86f-0ubuntu1~16.04.1)
Nov  6 21:50:04 mas01 sh[9276]: 2018-11-06 21:50:04 regiond: [info] 192.168.11.43 POST /MAAS/metadata/status/q8qdsk HTTP/1.1 --> 204 NO_CONTENT (referrer: -; agent: Curtin/18.1-17-gae48e86f-0ubuntu1~16.04.1)
Nov  6 21:50:04 mas01 sh[8965]: 2018-11-06 21:50:04 regiond: [info] 192.168.11.43 POST /MAAS/metadata/status/q8qdsk HTTP/1.1 --> 204 NO_CONTENT (referrer: -; agent: Curtin/18.1-17-gae48e86f-0ubuntu1~16.04.1)
Nov  6 21:50:04 mas01 sh[8943]: 2018-11-06 21:50:04 regiond: [info] 192.168.11.43 POST /MAAS/metadata/status/q8qdsk HTTP/1.1 --> 204 NO_CONTENT (referrer: -; agent: Curtin/18.1-17-gae48e86f-0ubuntu1~16.04.1)
Nov  6 21:50:04 mas01 sh[9276]: 2018-11-06 21:50:04 regiond: [info] 192.168.11.44 POST /MAAS/metadata/status/y8wyhr HTTP/1.1 --> 204 NO_CONTENT (referrer: -; agent: Curtin/18.1-17-gae48e86f-0ubuntu1~16.04.1)
Nov  6 21:50:04 mas01 sh[8965]: 2018-11-06 21:50:04 regiond: [info] 192.168.11.43 POST /MAAS/metadata/status/q8qdsk HTTP/1.1 --> 204 NO_CONTENT (referrer: -; agent: Curtin/18.1-17-gae48e86f-0ubuntu1~16.04.1)
Nov  6 21:50:04 mas01 sh[9276]: 2018-11-06 21:50:04 regiond: [info] 192.168.11.44 POST /MAAS/metadata/status/y8wyhr HTTP/1.1 --> 204 NO_CONTENT (referrer: -; agent: Curtin/18.1-17-gae48e86f-0ubuntu1~16.04.1)
Nov  6 21:50:04 mas01 sh[9276]: message repeated 2 times: [ 2018-11-06 21:50:04 regiond: [info] 192.168.11.44 POST /MAAS/metadata/status/y8wyhr HTTP/1.1 --> 204 NO_CONTENT (referrer: -; agent: Curtin/18.1-17-gae48e86f-0ubuntu1~16.04.1)]
Nov  6 21:50:04 mas01 sh[8943]: 2018-11-06 21:50:04 regiond: [info] 192.168.11.43 POST /MAAS/metadata/status/q8qdsk HTTP/1.1 --> 204 NO_CONTENT (referrer: -; agent: Curtin/18.1-17-gae48e86f-0ubuntu1~16.04.1)
Nov  6 21:50:05 mas01 sh[8943]: 2018-11-06 21:50:05 regiond: [info] 192.168.11.43 POST /MAAS/metadata/status/q8qdsk HTTP/1.1 --> 204 NO_CONTENT (referrer: -; agent: Curtin/18.1-17-gae48e86f-0ubuntu1~16.04.1)
Nov  6 21:50:05 mas01 sh[8943]: 2018-11-06 21:50:05 regiond: [info] 192.168.11.43 POST /MAAS/metadata/status/q8qdsk HTTP/1.1 --> 204 NO_CONTENT (referrer: -; agent: Curtin/18.1-17-gae48e86f-0ubuntu1~16.04.1)
Nov  6 21:50:05 mas01 sh[8793]: 2018-11-06 21:50:05 regiond: [info] 192.168.11.44 POST /MAAS/metadata/status/y8wyhr HTTP/1.1 --> 204 NO_CONTENT (referrer: -; agent: Curtin/18.1-17-gae48e86f-0ubuntu1~16.04.1)
Nov  6 21:50:05 mas01 sh[8965]: 2018-11-06 21:50:05 regiond: [info] 192.168.11.43 POST /MAAS/metadata/status/q8qdsk HTTP/1.1 --> 204 NO_CONTENT (referrer: -; agent: Curtin/18.1-17-gae48e86f-0ubuntu1~16.04.1)
Nov  6 21:50:05 mas01 sh[8793]: 2018-11-06 21:50:05 regiond: [info] 192.168.11.44 POST /MAAS/metadata/status/y8wyhr HTTP/1.1 --> 204 NO_CONTENT (referrer: -; agent: Curtin/18.1-17-gae48e86f-0ubuntu1~16.04.1)
Nov  6 21:50:05 mas01 sh[9276]: 2018-11-06 21:50:05 regiond: [info] 192.168.11.44 POST /MAAS/metadata/status/y8wyhr HTTP/1.1 --> 204 NO_CONTENT (referrer: -; agent: Curtin/18.1-17-gae48e86f-0ubuntu1~16.04.1)
Nov  6 21:50:05 mas01 sh[9276]: 2018-11-06 21:50:05 regiond: [info] 192.168.11.44 POST /MAAS/metadata/status/y8wyhr HTTP/1.1 --> 204 NO_CONTENT (referrer: -; agent: Curtin/18.1-17-gae48e86f-0ubuntu1~16.04.1)
Nov  6 21:50:05 mas01 sh[8965]: 2018-11-06 21:50:05 regiond: [info] 192.168.11.43 POST /MAAS/metadata/status/q8qdsk HTTP/1.1 --> 204 NO_CONTENT (referrer: -; agent: Curtin/18.1-17-gae48e86f-0ubuntu1~16.04.1)
Nov  6 21:50:05 mas01 sh[8943]: 2018-11-06 21:50:05 regiond: [info] 192.168.11.43 POST /MAAS/metadata/status/q8qdsk HTTP/1.1 --> 204 NO_CONTENT (referrer: -; agent: Curtin/18.1-17-gae48e86f-0ubuntu1~16.04.1)
Nov  6 21:50:05 mas01 sh[8965]: 2018-11-06 21:50:05 regiond: [info] 192.168.11.43 POST /MAAS/metadata/status/q8qdsk HTTP/1.1 --> 204 NO_CONTENT (referrer: -; agent: Curtin/18.1-17-gae48e86f-0ubuntu1~16.04.1)
Nov  6 21:50:06 mas01 sh[8793]: 2018-11-06 21:50:06 regiond: [info] 192.168.11.44 POST /MAAS/metadata/status/y8wyhr HTTP/1.1 --> 204 NO_CONTENT (referrer: -; agent: Curtin/18.1-17-gae48e86f-0ubuntu1~16.04.1)
Nov  6 21:50:06 mas01 sh[8943]: 2018-11-06 21:50:06 regiond: [info] 192.168.11.43 POST /MAAS/metadata/status/q8qdsk HTTP/1.1 --> 204 NO_CONTENT (referrer: -; agent: Curtin/18.1-17-gae48e86f-0ubuntu1~16.04.1)
Nov  6 21:50:06 mas01 sh[8793]: 2018-11-06 21:50:06 regiond: [info] 192.168.11.44 POST /MAAS/metadata/status/y8wyhr HTTP/1.1 --> 204 NO_CONTENT (referrer: -; agent: Curtin/18.1-17-gae48e86f-0ubuntu1~16.04.1)
Nov  6 21:50:06 mas01 sh[8943]: 2018-11-06 21:50:06 regiond: [info] 192.168.11.43 POST /MAAS/metadata/status/q8qdsk HTTP/1.1 --> 204 NO_CONTENT (referrer: -; agent: Curtin/18.1-17-gae48e86f-0ubuntu1~16.04.1)
Nov  6 21:50:06 mas01 sh[8793]: 2018-11-06 21:50:06 regiond: [info] 192.168.11.44 POST /MAAS/metadata/status/y8wyhr HTTP/1.1 --> 204 NO_CONTENT (referrer: -; agent: Curtin/18.1-17-gae48e86f-0ubuntu1~16.04.1)
Nov  6 21:50:06 mas01 sh[8793]: 2018-11-06 21:50:06 regiond: [info] 192.168.11.44 POST /MAAS/metadata/status/y8wyhr HTTP/1.1 --> 204 NO_CONTENT (referrer: -; agent: Curtin/18.1-17-gae48e86f-0ubuntu1~16.04.1)
Nov  6 21:50:06 mas01 sh[8793]: 2018-11-06 21:50:06 regiond: [info] 192.168.11.43 POST /MAAS/metadata/status/q8qdsk HTTP/1.1 --> 204 NO_CONTENT (referrer: -; agent: Curtin/18.1-17-gae48e86f-0ubuntu1~16.04.1)
Nov  6 21:50:06 mas01 sh[8793]: 2018-11-06 21:50:06 regiond: [info] 192.168.11.43 POST /MAAS/metadata/status/q8qdsk HTTP/1.1 --> 204 NO_CONTENT (referrer: -; agent: Curtin/18.1-17-gae48e86f-0ubuntu1~16.04.1)
Nov  6 21:50:06 mas01 salt-minion[16921]: [INFO    ] Loading fresh modules for state activity
Nov  6 21:50:06 mas01 salt-minion[16921]: [INFO    ] Running state [maas-region apikey --username opnfv > /var/lib/maas/.maas_credentials] at time 21:50:06.699364
Nov  6 21:50:06 mas01 salt-minion[16921]: [INFO    ] Executing state cmd.run for [maas-region apikey --username opnfv > /var/lib/maas/.maas_credentials]
Nov  6 21:50:06 mas01 salt-minion[16921]: [INFO    ] Executing command 'maas-region apikey --username opnfv > /var/lib/maas/.maas_credentials' in directory '/root'
Nov  6 21:50:06 mas01 sh[8943]: 2018-11-06 21:50:06 regiond: [info] 192.168.11.43 POST /MAAS/metadata/status/q8qdsk HTTP/1.1 --> 204 NO_CONTENT (referrer: -; agent: Curtin/18.1-17-gae48e86f-0ubuntu1~16.04.1)
Nov  6 21:50:06 mas01 sh[8793]: 2018-11-06 21:50:06 regiond: [info] 192.168.11.43 POST /MAAS/metadata/status/q8qdsk HTTP/1.1 --> 204 NO_CONTENT (referrer: -; agent: Curtin/18.1-17-gae48e86f-0ubuntu1~16.04.1)
Nov  6 21:50:06 mas01 sh[8793]: message repeated 2 times: [ 2018-11-06 21:50:06 regiond: [info] 192.168.11.43 POST /MAAS/metadata/status/q8qdsk HTTP/1.1 --> 204 NO_CONTENT (referrer: -; agent: Curtin/18.1-17-gae48e86f-0ubuntu1~16.04.1)]
Nov  6 21:50:07 mas01 sh[8943]: 2018-11-06 21:50:07 regiond: [info] 192.168.11.43 POST /MAAS/metadata/status/q8qdsk HTTP/1.1 --> 204 NO_CONTENT (referrer: -; agent: Curtin/18.1-17-gae48e86f-0ubuntu1~16.04.1)
Nov  6 21:50:07 mas01 salt-minion[16921]: [INFO    ] User sudo_ubuntu Executing command saltutil.find_job with jid 20181106215007489047
Nov  6 21:50:07 mas01 salt-minion[16921]: [INFO    ] Starting a new job with PID 21154
Nov  6 21:50:07 mas01 sh[8943]: 2018-11-06 21:50:07 regiond: [info] 192.168.11.43 POST /MAAS/metadata/status/q8qdsk HTTP/1.1 --> 204 NO_CONTENT (referrer: -; agent: Curtin/18.1-17-gae48e86f-0ubuntu1~16.04.1)
Nov  6 21:50:07 mas01 salt-minion[16921]: [INFO    ] Returning information for job: 20181106215007489047
Nov  6 21:50:07 mas01 sh[9276]: 2018-11-06 21:50:07 regiond: [info] 192.168.11.43 POST /MAAS/metadata/status/q8qdsk HTTP/1.1 --> 204 NO_CONTENT (referrer: -; agent: Curtin/18.1-17-gae48e86f-0ubuntu1~16.04.1)
Nov  6 21:50:07 mas01 sh[8793]: 2018-11-06 21:50:07 regiond: [info] 192.168.11.43 POST /MAAS/metadata/status/q8qdsk HTTP/1.1 --> 204 NO_CONTENT (referrer: -; agent: Curtin/18.1-17-gae48e86f-0ubuntu1~16.04.1)
Nov  6 21:50:08 mas01 salt-minion[16921]: [INFO    ] {'pid': 21146, 'retcode': 0, 'stderr': '', 'stdout': ''}
Nov  6 21:50:08 mas01 salt-minion[16921]: [INFO    ] Completed state [maas-region apikey --username opnfv > /var/lib/maas/.maas_credentials] at time 21:50:08.030563 duration_in_ms=1331.198
Nov  6 21:50:08 mas01 salt-minion[16921]: [INFO    ] Running state [maas.machines_status] at time 21:50:08.037729
Nov  6 21:50:08 mas01 salt-minion[16921]: [INFO    ] Executing state module.run for [maas.machines_status]
Nov  6 21:50:08 mas01 salt-minion[16921]: [WARNING ] The function "module.run" is using its deprecated version and will expire in version "Sodium".
Nov  6 21:50:08 mas01 sh[8793]: 2018-11-06 21:50:08 regiond: [info] 192.168.11.43 POST /MAAS/metadata/status/q8qdsk HTTP/1.1 --> 204 NO_CONTENT (referrer: -; agent: Curtin/18.1-17-gae48e86f-0ubuntu1~16.04.1)
Nov  6 21:50:08 mas01 sh[8943]: 2018-11-06 21:50:08 regiond: [info] 192.168.11.43 POST /MAAS/metadata/status/q8qdsk HTTP/1.1 --> 204 NO_CONTENT (referrer: -; agent: Curtin/18.1-17-gae48e86f-0ubuntu1~16.04.1)
Nov  6 21:50:08 mas01 sh[8965]: 2018-11-06 21:50:08 regiond: [info] 192.168.11.43 POST /MAAS/metadata/status/q8qdsk HTTP/1.1 --> 204 NO_CONTENT (referrer: -; agent: Curtin/18.1-17-gae48e86f-0ubuntu1~16.04.1)
Nov  6 21:50:08 mas01 sh[8793]: 2018-11-06 21:50:08 regiond: [info] 192.168.11.43 POST /MAAS/metadata/status/q8qdsk HTTP/1.1 --> 204 NO_CONTENT (referrer: -; agent: Curtin/18.1-17-gae48e86f-0ubuntu1~16.04.1)
Nov  6 21:50:08 mas01 sh[9276]: 2018-11-06 21:50:08 regiond: [info] 192.168.11.44 POST /MAAS/metadata/status/y8wyhr HTTP/1.1 --> 204 NO_CONTENT (referrer: -; agent: Curtin/18.1-17-gae48e86f-0ubuntu1~16.04.1)
Nov  6 21:50:08 mas01 sh[8793]: 2018-11-06 21:50:08 regiond: [info] 192.168.11.44 POST /MAAS/metadata/status/y8wyhr HTTP/1.1 --> 204 NO_CONTENT (referrer: -; agent: python-requests/2.9.1)
Nov  6 21:50:08 mas01 sh[8965]: 2018-11-06 21:50:08 regiond: [info] 192.168.11.44 POST /MAAS/metadata/status/y8wyhr HTTP/1.1 --> 204 NO_CONTENT (referrer: -; agent: python-requests/2.9.1)
Nov  6 21:50:08 mas01 sh[8793]: 2018-11-06 21:50:08 regiond: [info] 192.168.11.44 POST /MAAS/metadata/status/y8wyhr HTTP/1.1 --> 204 NO_CONTENT (referrer: -; agent: python-requests/2.9.1)
Nov  6 21:50:08 mas01 sh[8943]: 2018-11-06 21:50:08 regiond: [info] 192.168.11.44 POST /MAAS/metadata/status/y8wyhr HTTP/1.1 --> 204 NO_CONTENT (referrer: -; agent: python-requests/2.9.1)
Nov  6 21:50:08 mas01 sh[8943]: message repeated 2 times: [ 2018-11-06 21:50:08 regiond: [info] 192.168.11.44 POST /MAAS/metadata/status/y8wyhr HTTP/1.1 --> 204 NO_CONTENT (referrer: -; agent: python-requests/2.9.1)]
Nov  6 21:50:08 mas01 sh[8793]: 2018-11-06 21:50:08 regiond: [info] 192.168.11.44 POST /MAAS/metadata/status/y8wyhr HTTP/1.1 --> 204 NO_CONTENT (referrer: -; agent: python-requests/2.9.1)
Nov  6 21:50:08 mas01 sh[8965]: 2018-11-06 21:50:08 regiond: [info] 192.168.11.44 POST /MAAS/metadata/status/y8wyhr HTTP/1.1 --> 204 NO_CONTENT (referrer: -; agent: python-requests/2.9.1)
Nov  6 21:50:08 mas01 sh[9276]: 2018-11-06 21:50:08 regiond: [info] 192.168.11.44 POST /MAAS/metadata/status/y8wyhr HTTP/1.1 --> 204 NO_CONTENT (referrer: -; agent: python-requests/2.9.1)
Nov  6 21:50:08 mas01 sh[9276]: 2018-11-06 21:50:08 regiond: [info] 192.168.11.44 POST /MAAS/metadata/status/y8wyhr HTTP/1.1 --> 204 NO_CONTENT (referrer: -; agent: python-requests/2.9.1)
Nov  6 21:50:08 mas01 sh[8793]: 2018-11-06 21:50:08 regiond: [info] 192.168.11.44 POST /MAAS/metadata/status/y8wyhr HTTP/1.1 --> 204 NO_CONTENT (referrer: -; agent: python-requests/2.9.1)
Nov  6 21:50:08 mas01 sh[9276]: 2018-11-06 21:50:08 regiond: [info] 192.168.11.44 POST /MAAS/metadata/status/y8wyhr HTTP/1.1 --> 204 NO_CONTENT (referrer: -; agent: python-requests/2.9.1)
Nov  6 21:50:08 mas01 sh[8943]: 2018-11-06 21:50:08 regiond: [info] 192.168.11.43 POST /MAAS/metadata/status/q8qdsk HTTP/1.1 --> 204 NO_CONTENT (referrer: -; agent: Curtin/18.1-17-gae48e86f-0ubuntu1~16.04.1)
Nov  6 21:50:08 mas01 salt-minion[16921]: [INFO    ] {'ret': {'machines': [{'status': 'Deploying', 'hostname': u'cmp002', 'system_id': u'we8tyw'}, {'status': 'Deploying', 'hostname': u'cmp001', 'system_id': u'7cymta'}, {'status': 'Deploying', 'hostname': u'kvm01', 'system_id': u'txb8rs'}, {'status': 'Deploying', 'hostname': u'kvm03', 'system_id': u'q8qdsk'}, {'status': 'Deploying', 'hostname': u'kvm02', 'system_id': u'y8wyhr'}], 'summary': Counter({'Deploying': 5})}}
Nov  6 21:50:08 mas01 salt-minion[16921]: [INFO    ] Completed state [maas.machines_status] at time 21:50:08.807843 duration_in_ms=770.114
Nov  6 21:50:08 mas01 salt-minion[16921]: [INFO    ] Returning information for job: 20181106215002465058
Nov  6 21:50:08 mas01 sh[8965]: 2018-11-06 21:50:08 regiond: [info] 192.168.11.43 POST /MAAS/metadata/status/q8qdsk HTTP/1.1 --> 204 NO_CONTENT (referrer: -; agent: Curtin/18.1-17-gae48e86f-0ubuntu1~16.04.1)
Nov  6 21:50:08 mas01 sh[8943]: 2018-11-06 21:50:08 regiond: [info] 192.168.11.43 POST /MAAS/metadata/status/q8qdsk HTTP/1.1 --> 204 NO_CONTENT (referrer: -; agent: Curtin/18.1-17-gae48e86f-0ubuntu1~16.04.1)
Nov  6 21:50:08 mas01 sh[8943]: 2018-11-06 21:50:08 regiond: [info] 192.168.11.43 POST /MAAS/metadata/status/q8qdsk HTTP/1.1 --> 204 NO_CONTENT (referrer: -; agent: Curtin/18.1-17-gae48e86f-0ubuntu1~16.04.1)
Nov  6 21:50:11 mas01 sh[9276]: 2018-11-06 21:50:11 regiond: [info] 192.168.11.43 POST /MAAS/metadata/status/q8qdsk HTTP/1.1 --> 204 NO_CONTENT (referrer: -; agent: Curtin/18.1-17-gae48e86f-0ubuntu1~16.04.1)
Nov  6 21:50:11 mas01 sh[8965]: 2018-11-06 21:50:11 regiond: [info] 192.168.11.43 POST /MAAS/metadata/status/q8qdsk HTTP/1.1 --> 204 NO_CONTENT (referrer: -; agent: python-requests/2.9.1)
Nov  6 21:50:11 mas01 sh[8793]: 2018-11-06 21:50:11 regiond: [info] 192.168.11.43 POST /MAAS/metadata/status/q8qdsk HTTP/1.1 --> 204 NO_CONTENT (referrer: -; agent: python-requests/2.9.1)
Nov  6 21:50:11 mas01 sh[8943]: 2018-11-06 21:50:11 regiond: [info] 192.168.11.43 POST /MAAS/metadata/status/q8qdsk HTTP/1.1 --> 204 NO_CONTENT (referrer: -; agent: python-requests/2.9.1)
Nov  6 21:50:11 mas01 sh[9276]: 2018-11-06 21:50:11 regiond: [info] 192.168.11.43 POST /MAAS/metadata/status/q8qdsk HTTP/1.1 --> 204 NO_CONTENT (referrer: -; agent: python-requests/2.9.1)
Nov  6 21:50:11 mas01 sh[8793]: 2018-11-06 21:50:11 regiond: [info] 192.168.11.43 POST /MAAS/metadata/status/q8qdsk HTTP/1.1 --> 204 NO_CONTENT (referrer: -; agent: python-requests/2.9.1)
Nov  6 21:50:11 mas01 sh[8943]: 2018-11-06 21:50:11 regiond: [info] 192.168.11.43 POST /MAAS/metadata/status/q8qdsk HTTP/1.1 --> 204 NO_CONTENT (referrer: -; agent: python-requests/2.9.1)
Nov  6 21:50:11 mas01 sh[8965]: 2018-11-06 21:50:11 regiond: [info] 192.168.11.43 POST /MAAS/metadata/status/q8qdsk HTTP/1.1 --> 204 NO_CONTENT (referrer: -; agent: python-requests/2.9.1)
Nov  6 21:50:11 mas01 sh[8943]: 2018-11-06 21:50:11 regiond: [info] 192.168.11.43 POST /MAAS/metadata/status/q8qdsk HTTP/1.1 --> 204 NO_CONTENT (referrer: -; agent: python-requests/2.9.1)
Nov  6 21:50:11 mas01 sh[8793]: 2018-11-06 21:50:11 regiond: [info] 192.168.11.43 POST /MAAS/metadata/status/q8qdsk HTTP/1.1 --> 204 NO_CONTENT (referrer: -; agent: python-requests/2.9.1)
Nov  6 21:50:11 mas01 sh[9276]: 2018-11-06 21:50:11 regiond: [info] 192.168.11.43 POST /MAAS/metadata/status/q8qdsk HTTP/1.1 --> 204 NO_CONTENT (referrer: -; agent: python-requests/2.9.1)
Nov  6 21:50:11 mas01 sh[8793]: 2018-11-06 21:50:11 regiond: [info] 192.168.11.43 POST /MAAS/metadata/status/q8qdsk HTTP/1.1 --> 204 NO_CONTENT (referrer: -; agent: python-requests/2.9.1)
Nov  6 21:50:11 mas01 sh[8793]: 2018-11-06 21:50:11 regiond: [info] 192.168.11.43 POST /MAAS/metadata/status/q8qdsk HTTP/1.1 --> 204 NO_CONTENT (referrer: -; agent: python-requests/2.9.1)
Nov  6 21:50:16 mas01 sh[9276]: 2018-11-06 21:50:16 regiond: [info] 127.0.0.1 GET /MAAS/rpc/ HTTP/1.0 --> 200 OK (referrer: -; agent: provisioningserver.rpc.clusterservice.ClusterClientService)
Nov  6 21:50:19 mas01 salt-minion[16921]: [INFO    ] User sudo_ubuntu Executing command state.apply with jid 20181106215019361432
Nov  6 21:50:19 mas01 salt-minion[16921]: [INFO    ] Starting a new job with PID 21189
Nov  6 21:50:20 mas01 salt-minion[16921]: [INFO    ] Loading fresh modules for state activity
Nov  6 21:50:20 mas01 salt-minion[16921]: [INFO    ] Running state [maas-region apikey --username opnfv > /var/lib/maas/.maas_credentials] at time 21:50:20.152221
Nov  6 21:50:20 mas01 salt-minion[16921]: [INFO    ] Executing state cmd.run for [maas-region apikey --username opnfv > /var/lib/maas/.maas_credentials]
Nov  6 21:50:20 mas01 salt-minion[16921]: [INFO    ] Executing command 'maas-region apikey --username opnfv > /var/lib/maas/.maas_credentials' in directory '/root'
Nov  6 21:50:21 mas01 salt-minion[16921]: [INFO    ] {'pid': 21196, 'retcode': 0, 'stderr': '', 'stdout': ''}
Nov  6 21:50:21 mas01 salt-minion[16921]: [INFO    ] Completed state [maas-region apikey --username opnfv > /var/lib/maas/.maas_credentials] at time 21:50:21.559352 duration_in_ms=1407.131
Nov  6 21:50:21 mas01 salt-minion[16921]: [INFO    ] Running state [maas.machines_status] at time 21:50:21.561954
Nov  6 21:50:21 mas01 salt-minion[16921]: [INFO    ] Executing state module.run for [maas.machines_status]
Nov  6 21:50:21 mas01 salt-minion[16921]: [WARNING ] The function "module.run" is using its deprecated version and will expire in version "Sodium".
Nov  6 21:50:22 mas01 sh[9276]: 2018-11-06 21:50:22 regiond: [info] 127.0.0.1 GET /MAAS/api/2.0/machines/ HTTP/1.1 --> 200 OK (referrer: -; agent: Python-urllib/2.7)
Nov  6 21:50:22 mas01 salt-minion[16921]: [INFO    ] {'ret': {'machines': [{'status': 'Deploying', 'hostname': u'cmp002', 'system_id': u'we8tyw'}, {'status': 'Deploying', 'hostname': u'cmp001', 'system_id': u'7cymta'}, {'status': 'Deploying', 'hostname': u'kvm01', 'system_id': u'txb8rs'}, {'status': 'Deploying', 'hostname': u'kvm03', 'system_id': u'q8qdsk'}, {'status': 'Deploying', 'hostname': u'kvm02', 'system_id': u'y8wyhr'}], 'summary': Counter({'Deploying': 5})}}
Nov  6 21:50:22 mas01 salt-minion[16921]: [INFO    ] Completed state [maas.machines_status] at time 21:50:22.129034 duration_in_ms=567.08
Nov  6 21:50:22 mas01 salt-minion[16921]: [INFO    ] Returning information for job: 20181106215019361432
Nov  6 21:50:32 mas01 salt-minion[16921]: [INFO    ] User sudo_ubuntu Executing command state.apply with jid 20181106215032725762
Nov  6 21:50:32 mas01 salt-minion[16921]: [INFO    ] Starting a new job with PID 21544
Nov  6 21:50:36 mas01 salt-minion[16921]: [INFO    ] Loading fresh modules for state activity
Nov  6 21:50:36 mas01 salt-minion[16921]: [INFO    ] Running state [maas-region apikey --username opnfv > /var/lib/maas/.maas_credentials] at time 21:50:36.875537
Nov  6 21:50:36 mas01 salt-minion[16921]: [INFO    ] Executing state cmd.run for [maas-region apikey --username opnfv > /var/lib/maas/.maas_credentials]
Nov  6 21:50:36 mas01 salt-minion[16921]: [INFO    ] Executing command 'maas-region apikey --username opnfv > /var/lib/maas/.maas_credentials' in directory '/root'
Nov  6 21:50:37 mas01 salt-minion[16921]: [INFO    ] User sudo_ubuntu Executing command saltutil.find_job with jid 20181106215037798197
Nov  6 21:50:37 mas01 salt-minion[16921]: [INFO    ] Starting a new job with PID 21559
Nov  6 21:50:37 mas01 salt-minion[16921]: [INFO    ] Returning information for job: 20181106215037798197
Nov  6 21:50:38 mas01 dhcpd[18735]: execute_statement argv[0] = /usr/sbin/maas-dhcp-helper
Nov  6 21:50:38 mas01 dhcpd[18735]: execute_statement argv[1] = notify
Nov  6 21:50:38 mas01 dhcpd[18735]: execute_statement argv[2] = --action
Nov  6 21:50:38 mas01 dhcpd[18735]: execute_statement argv[3] = expiry
Nov  6 21:50:38 mas01 dhcpd[18735]: execute_statement argv[4] = --mac
Nov  6 21:50:38 mas01 dhcpd[18735]: execute_statement argv[5] = ac:de:48:8f:0:4b
Nov  6 21:50:38 mas01 dhcpd[18735]: execute_statement argv[6] = --ip-family
Nov  6 21:50:38 mas01 dhcpd[18735]: execute_statement argv[7] = ipv4
Nov  6 21:50:38 mas01 dhcpd[18735]: execute_statement argv[8] = --ip
Nov  6 21:50:38 mas01 dhcpd[18735]: execute_statement argv[9] = 192.168.11.38
Nov  6 21:50:38 mas01 dhcpd[18735]: execute_statement argv[10] = --socket
Nov  6 21:50:38 mas01 dhcpd[18735]: execute_statement argv[11] = /var/lib/maas/dhcpd.sock
Nov  6 21:50:38 mas01 sh[9276]: 2018-11-06 21:50:38 maasserver.rpc.leases: [info] Lease update: expiry for 192.168.11.38 on ac:de:48:8f:0:4b at 2018-11-06 21:50:38
Nov  6 21:50:38 mas01 salt-minion[16921]: [INFO    ] {'pid': 21551, 'retcode': 0, 'stderr': '', 'stdout': ''}
Nov  6 21:50:38 mas01 salt-minion[16921]: [INFO    ] Completed state [maas-region apikey --username opnfv > /var/lib/maas/.maas_credentials] at time 21:50:38.364764 duration_in_ms=1489.225
Nov  6 21:50:38 mas01 salt-minion[16921]: [INFO    ] Running state [maas.machines_status] at time 21:50:38.367433
Nov  6 21:50:38 mas01 salt-minion[16921]: [INFO    ] Executing state module.run for [maas.machines_status]
Nov  6 21:50:38 mas01 salt-minion[16921]: [WARNING ] The function "module.run" is using its deprecated version and will expire in version "Sodium".
Nov  6 21:50:38 mas01 named[8672]: received control channel command 'reload'
Nov  6 21:50:38 mas01 named[8672]: loading configuration from '/etc/bind/named.conf'
Nov  6 21:50:38 mas01 named[8672]: reading built-in trusted keys from file '/etc/bind/bind.keys'
Nov  6 21:50:38 mas01 named[8672]: initializing GeoIP Country (IPv4) (type 1) DB
Nov  6 21:50:38 mas01 named[8672]: GEO-106FREE 20160408 Bu
Nov  6 21:50:38 mas01 named[8672]: initializing GeoIP Country (IPv6) (type 12) DB
Nov  6 21:50:38 mas01 named[8672]: GEO-106FREE 20160408 Bu
Nov  6 21:50:38 mas01 named[8672]: GeoIP City (IPv4) (type 2) DB not available
Nov  6 21:50:38 mas01 named[8672]: GeoIP City (IPv4) (type 6) DB not available
Nov  6 21:50:38 mas01 named[8672]: GeoIP City (IPv6) (type 30) DB not available
Nov  6 21:50:38 mas01 named[8672]: GeoIP City (IPv6) (type 31) DB not available
Nov  6 21:50:38 mas01 named[8672]: GeoIP Region (type 3) DB not available
Nov  6 21:50:38 mas01 named[8672]: GeoIP Region (type 7) DB not available
Nov  6 21:50:38 mas01 named[8672]: GeoIP ISP (type 4) DB not available
Nov  6 21:50:38 mas01 named[8672]: GeoIP Org (type 5) DB not available
Nov  6 21:50:38 mas01 named[8672]: GeoIP AS (type 9) DB not available
Nov  6 21:50:38 mas01 named[8672]: GeoIP Domain (type 11) DB not available
Nov  6 21:50:38 mas01 named[8672]: GeoIP NetSpeed (type 10) DB not available
Nov  6 21:50:38 mas01 named[8672]: using default UDP/IPv4 port range: [32768, 60999]
Nov  6 21:50:38 mas01 named[8672]: using default UDP/IPv6 port range: [32768, 60999]
Nov  6 21:50:38 mas01 named[8672]: sizing zone task pool based on 9 zones
Nov  6 21:50:38 mas01 named[8672]: automatic empty zone: 10.IN-ADDR.ARPA
Nov  6 21:50:38 mas01 named[8672]: automatic empty zone: 16.172.IN-ADDR.ARPA
Nov  6 21:50:38 mas01 named[8672]: automatic empty zone: 17.172.IN-ADDR.ARPA
Nov  6 21:50:38 mas01 named[8672]: automatic empty zone: 18.172.IN-ADDR.ARPA
Nov  6 21:50:38 mas01 named[8672]: automatic empty zone: 19.172.IN-ADDR.ARPA
Nov  6 21:50:38 mas01 named[8672]: automatic empty zone: 20.172.IN-ADDR.ARPA
Nov  6 21:50:38 mas01 named[8672]: automatic empty zone: 21.172.IN-ADDR.ARPA
Nov  6 21:50:38 mas01 named[8672]: automatic empty zone: 22.172.IN-ADDR.ARPA
Nov  6 21:50:38 mas01 named[8672]: automatic empty zone: 23.172.IN-ADDR.ARPA
Nov  6 21:50:38 mas01 named[8672]: automatic empty zone: 24.172.IN-ADDR.ARPA
Nov  6 21:50:38 mas01 named[8672]: automatic empty zone: 25.172.IN-ADDR.ARPA
Nov  6 21:50:38 mas01 named[8672]: automatic empty zone: 26.172.IN-ADDR.ARPA
Nov  6 21:50:38 mas01 named[8672]: automatic empty zone: 27.172.IN-ADDR.ARPA
Nov  6 21:50:38 mas01 named[8672]: automatic empty zone: 28.172.IN-ADDR.ARPA
Nov  6 21:50:38 mas01 named[8672]: automatic empty zone: 29.172.IN-ADDR.ARPA
Nov  6 21:50:38 mas01 named[8672]: automatic empty zone: 30.172.IN-ADDR.ARPA
Nov  6 21:50:38 mas01 named[8672]: automatic empty zone: 31.172.IN-ADDR.ARPA
Nov  6 21:50:38 mas01 named[8672]: automatic empty zone: 168.192.IN-ADDR.ARPA
Nov  6 21:50:38 mas01 named[8672]: automatic empty zone: 64.100.IN-ADDR.ARPA
Nov  6 21:50:38 mas01 named[8672]: automatic empty zone: 65.100.IN-ADDR.ARPA
Nov  6 21:50:38 mas01 named[8672]: automatic empty zone: 66.100.IN-ADDR.ARPA
Nov  6 21:50:38 mas01 named[8672]: automatic empty zone: 67.100.IN-ADDR.ARPA
Nov  6 21:50:38 mas01 named[8672]: automatic empty zone: 68.100.IN-ADDR.ARPA
Nov  6 21:50:38 mas01 named[8672]: automatic empty zone: 69.100.IN-ADDR.ARPA
Nov  6 21:50:38 mas01 named[8672]: automatic empty zone: 70.100.IN-ADDR.ARPA
Nov  6 21:50:38 mas01 named[8672]: automatic empty zone: 71.100.IN-ADDR.ARPA
Nov  6 21:50:38 mas01 named[8672]: automatic empty zone: 72.100.IN-ADDR.ARPA
Nov  6 21:50:38 mas01 named[8672]: automatic empty zone: 73.100.IN-ADDR.ARPA
Nov  6 21:50:38 mas01 named[8672]: automatic empty zone: 74.100.IN-ADDR.ARPA
Nov  6 21:50:38 mas01 named[8672]: automatic empty zone: 75.100.IN-ADDR.ARPA
Nov  6 21:50:38 mas01 named[8672]: automatic empty zone: 76.100.IN-ADDR.ARPA
Nov  6 21:50:38 mas01 named[8672]: automatic empty zone: 77.100.IN-ADDR.ARPA
Nov  6 21:50:38 mas01 named[8672]: automatic empty zone: 78.100.IN-ADDR.ARPA
Nov  6 21:50:38 mas01 named[8672]: automatic empty zone: 79.100.IN-ADDR.ARPA
Nov  6 21:50:38 mas01 named[8672]: automatic empty zone: 80.100.IN-ADDR.ARPA
Nov  6 21:50:38 mas01 named[8672]: automatic empty zone: 81.100.IN-ADDR.ARPA
Nov  6 21:50:38 mas01 named[8672]: automatic empty zone: 82.100.IN-ADDR.ARPA
Nov  6 21:50:38 mas01 named[8672]: automatic empty zone: 83.100.IN-ADDR.ARPA
Nov  6 21:50:38 mas01 named[8672]: automatic empty zone: 84.100.IN-ADDR.ARPA
Nov  6 21:50:38 mas01 named[8672]: automatic empty zone: 85.100.IN-ADDR.ARPA
Nov  6 21:50:38 mas01 named[8672]: automatic empty zone: 86.100.IN-ADDR.ARPA
Nov  6 21:50:38 mas01 named[8672]: automatic empty zone: 87.100.IN-ADDR.ARPA
Nov  6 21:50:38 mas01 named[8672]: automatic empty zone: 88.100.IN-ADDR.ARPA
Nov  6 21:50:38 mas01 named[8672]: automatic empty zone: 89.100.IN-ADDR.ARPA
Nov  6 21:50:38 mas01 named[8672]: automatic empty zone: 90.100.IN-ADDR.ARPA
Nov  6 21:50:38 mas01 named[8672]: automatic empty zone: 91.100.IN-ADDR.ARPA
Nov  6 21:50:38 mas01 named[8672]: automatic empty zone: 92.100.IN-ADDR.ARPA
Nov  6 21:50:38 mas01 named[8672]: automatic empty zone: 93.100.IN-ADDR.ARPA
Nov  6 21:50:38 mas01 named[8672]: automatic empty zone: 94.100.IN-ADDR.ARPA
Nov  6 21:50:38 mas01 named[8672]: automatic empty zone: 95.100.IN-ADDR.ARPA
Nov  6 21:50:38 mas01 named[8672]: automatic empty zone: 96.100.IN-ADDR.ARPA
