Nov  6 21:43:04 mas01 sh[9276]: 2018-11-06 21:43:04 regiond: [info] 192.168.11.40 POST /MAAS/metadata/status/we8tyw HTTP/1.1 --> 204 NO_CONTENT (referrer: -; agent: python-requests/2.9.1)
Nov  6 21:43:04 mas01 dhcpd[16157]: DHCPREQUEST for 192.168.11.42 (192.168.11.3) from 00:25:b5:a0:00:2a (kvm01) via ens5
Nov  6 21:43:04 mas01 dhcpd[16157]: DHCPACK on 192.168.11.42 to 00:25:b5:a0:00:2a (kvm01) via ens5
Nov  6 21:43:04 mas01 dhcpd[16157]: execute_statement argv[0] = /usr/sbin/maas-dhcp-helper
Nov  6 21:43:04 mas01 dhcpd[16157]: execute_statement argv[1] = notify
Nov  6 21:43:04 mas01 dhcpd[16157]: execute_statement argv[2] = --action
Nov  6 21:43:04 mas01 dhcpd[16157]: execute_statement argv[3] = commit
Nov  6 21:43:04 mas01 dhcpd[16157]: execute_statement argv[4] = --mac
Nov  6 21:43:04 mas01 dhcpd[16157]: execute_statement argv[5] = 0:25:b5:a0:0:4a
Nov  6 21:43:04 mas01 dhcpd[16157]: execute_statement argv[6] = --ip-family
Nov  6 21:43:04 mas01 dhcpd[16157]: execute_statement argv[7] = ipv4
Nov  6 21:43:04 mas01 dhcpd[16157]: execute_statement argv[8] = --ip
Nov  6 21:43:04 mas01 sh[8793]: 2018-11-06 21:43:04 regiond: [info] 192.168.11.40 POST /MAAS/metadata/status/we8tyw HTTP/1.1 --> 204 NO_CONTENT (referrer: -; agent: python-requests/2.9.1)
Nov  6 21:43:04 mas01 dhcpd[16157]: execute_statement argv[9] = 192.168.11.43
Nov  6 21:43:04 mas01 dhcpd[16157]: execute_statement argv[10] = --lease-time
Nov  6 21:43:04 mas01 dhcpd[16157]: execute_statement argv[11] = 600
Nov  6 21:43:04 mas01 dhcpd[16157]: execute_statement argv[12] = --hostname
Nov  6 21:43:04 mas01 dhcpd[16157]: execute_statement argv[13] = kvm03
Nov  6 21:43:04 mas01 dhcpd[16157]: execute_statement argv[14] = --socket
Nov  6 21:43:04 mas01 dhcpd[16157]: execute_statement argv[15] = /var/lib/maas/dhcpd.sock
Nov  6 21:43:04 mas01 sh[8965]: 2018-11-06 21:43:04 regiond: [info] 192.168.11.40 POST /MAAS/metadata/status/we8tyw HTTP/1.1 --> 204 NO_CONTENT (referrer: -; agent: python-requests/2.9.1)
Nov  6 21:43:04 mas01 sh[8965]: 2018-11-06 21:43:04 regiond: [info] 192.168.11.40 POST /MAAS/metadata/status/we8tyw HTTP/1.1 --> 204 NO_CONTENT (referrer: -; agent: python-requests/2.9.1)
Nov  6 21:43:04 mas01 sh[8793]: 2018-11-06 21:43:04 maasserver.rpc.leases: [info] Lease update: commit for 192.168.11.42 on 0:25:b5:a0:0:2a at 2018-11-06 21:43:04 (lease time: 600s) (hostname: kvm01)
Nov  6 21:43:04 mas01 dhcpd[16157]: DHCPREQUEST for 192.168.11.43 (192.168.11.3) from 00:25:b5:a0:00:4a (kvm03) via ens5
Nov  6 21:43:04 mas01 dhcpd[16157]: DHCPACK on 192.168.11.43 to 00:25:b5:a0:00:4a (kvm03) via ens5
Nov  6 21:43:04 mas01 dhcpd[16157]: execute_statement argv[0] = /usr/sbin/maas-dhcp-helper
Nov  6 21:43:04 mas01 dhcpd[16157]: execute_statement argv[1] = notify
Nov  6 21:43:04 mas01 dhcpd[16157]: execute_statement argv[2] = --action
Nov  6 21:43:04 mas01 dhcpd[16157]: execute_statement argv[3] = commit
Nov  6 21:43:04 mas01 dhcpd[16157]: execute_statement argv[4] = --mac
Nov  6 21:43:04 mas01 dhcpd[16157]: execute_statement argv[5] = 0:25:b5:a0:0:3a
Nov  6 21:43:04 mas01 dhcpd[16157]: execute_statement argv[6] = --ip-family
Nov  6 21:43:04 mas01 dhcpd[16157]: execute_statement argv[7] = ipv4
Nov  6 21:43:04 mas01 dhcpd[16157]: execute_statement argv[8] = --ip
Nov  6 21:43:04 mas01 dhcpd[16157]: execute_statement argv[9] = 192.168.11.44
Nov  6 21:43:04 mas01 dhcpd[16157]: execute_statement argv[10] = --lease-time
Nov  6 21:43:04 mas01 dhcpd[16157]: execute_statement argv[11] = 600
Nov  6 21:43:04 mas01 dhcpd[16157]: execute_statement argv[12] = --hostname
Nov  6 21:43:04 mas01 dhcpd[16157]: execute_statement argv[13] = kvm02
Nov  6 21:43:04 mas01 dhcpd[16157]: execute_statement argv[14] = --socket
Nov  6 21:43:04 mas01 dhcpd[16157]: execute_statement argv[15] = /var/lib/maas/dhcpd.sock
Nov  6 21:43:04 mas01 sh[8965]: 2018-11-06 21:43:04 maasserver.rpc.leases: [info] Lease update: commit for 192.168.11.43 on 0:25:b5:a0:0:4a at 2018-11-06 21:43:04 (lease time: 600s) (hostname: kvm03)
Nov  6 21:43:04 mas01 dhcpd[16157]: DHCPREQUEST for 192.168.11.44 (192.168.11.3) from 00:25:b5:a0:00:3a (kvm02) via ens5
Nov  6 21:43:04 mas01 dhcpd[16157]: DHCPACK on 192.168.11.44 to 00:25:b5:a0:00:3a (kvm02) via ens5
Nov  6 21:43:04 mas01 sh[8943]: 2018-11-06 21:43:04 maasserver.rpc.leases: [info] Lease update: commit for 192.168.11.44 on 0:25:b5:a0:0:3a at 2018-11-06 21:43:04 (lease time: 600s) (hostname: kvm02)
Nov  6 21:43:05 mas01 sh[7965]: 2018-11-06 21:43:05 rackd: [info] 192.168.11.41 GET /images/ubuntu/amd64/hwe-16.04/xenial/daily/squashfs HTTP/1.1 --> 200 OK (referrer: -; agent: Wget)
Nov  6 21:43:05 mas01 sh[7965]: 2018-11-06 21:43:05 rackd: [info] 192.168.11.42 GET /images/ubuntu/amd64/hwe-16.04/xenial/daily/squashfs HTTP/1.1 --> 200 OK (referrer: -; agent: Wget)
Nov  6 21:43:05 mas01 sh[7965]: 2018-11-06 21:43:05 rackd: [info] 192.168.11.43 GET /images/ubuntu/amd64/hwe-16.04/xenial/daily/squashfs HTTP/1.1 --> 200 OK (referrer: -; agent: Wget)
Nov  6 21:43:05 mas01 sh[7965]: 2018-11-06 21:43:05 rackd: [info] 192.168.11.44 GET /images/ubuntu/amd64/hwe-16.04/xenial/daily/squashfs HTTP/1.1 --> 200 OK (referrer: -; agent: Wget)
Nov  6 21:43:05 mas01 sh[9276]: 2018-11-06 21:43:05 maasserver.region_controller: [info] Reloaded DNS configuration; ip 192.168.11.41 released
Nov  6 21:43:06 mas01 named[8672]: received control channel command 'reload'
Nov  6 21:43:06 mas01 named[8672]: loading configuration from '/etc/bind/named.conf'
Nov  6 21:43:06 mas01 named[8672]: reading built-in trusted keys from file '/etc/bind/bind.keys'
Nov  6 21:43:06 mas01 named[8672]: initializing GeoIP Country (IPv4) (type 1) DB
Nov  6 21:43:06 mas01 named[8672]: GEO-106FREE 20160408 Bu
Nov  6 21:43:06 mas01 named[8672]: initializing GeoIP Country (IPv6) (type 12) DB
Nov  6 21:43:06 mas01 named[8672]: GEO-106FREE 20160408 Bu
Nov  6 21:43:06 mas01 named[8672]: GeoIP City (IPv4) (type 2) DB not available
Nov  6 21:43:06 mas01 named[8672]: GeoIP City (IPv4) (type 6) DB not available
Nov  6 21:43:06 mas01 named[8672]: GeoIP City (IPv6) (type 30) DB not available
Nov  6 21:43:06 mas01 named[8672]: GeoIP City (IPv6) (type 31) DB not available
Nov  6 21:43:06 mas01 named[8672]: GeoIP Region (type 3) DB not available
Nov  6 21:43:06 mas01 named[8672]: GeoIP Region (type 7) DB not available
Nov  6 21:43:06 mas01 named[8672]: GeoIP ISP (type 4) DB not available
Nov  6 21:43:06 mas01 named[8672]: GeoIP Org (type 5) DB not available
Nov  6 21:43:06 mas01 named[8672]: GeoIP AS (type 9) DB not available
Nov  6 21:43:06 mas01 named[8672]: GeoIP Domain (type 11) DB not available
Nov  6 21:43:06 mas01 named[8672]: GeoIP NetSpeed (type 10) DB not available
Nov  6 21:43:06 mas01 named[8672]: using default UDP/IPv4 port range: [32768, 60999]
Nov  6 21:43:06 mas01 named[8672]: using default UDP/IPv6 port range: [32768, 60999]
Nov  6 21:43:06 mas01 named[8672]: sizing zone task pool based on 9 zones
Nov  6 21:43:06 mas01 named[8672]: automatic empty zone: 10.IN-ADDR.ARPA
Nov  6 21:43:06 mas01 named[8672]: automatic empty zone: 16.172.IN-ADDR.ARPA
Nov  6 21:43:06 mas01 named[8672]: automatic empty zone: 17.172.IN-ADDR.ARPA
Nov  6 21:43:06 mas01 named[8672]: automatic empty zone: 18.172.IN-ADDR.ARPA
Nov  6 21:43:06 mas01 named[8672]: automatic empty zone: 19.172.IN-ADDR.ARPA
Nov  6 21:43:06 mas01 named[8672]: automatic empty zone: 20.172.IN-ADDR.ARPA
Nov  6 21:43:06 mas01 named[8672]: automatic empty zone: 21.172.IN-ADDR.ARPA
Nov  6 21:43:06 mas01 named[8672]: automatic empty zone: 22.172.IN-ADDR.ARPA
Nov  6 21:43:06 mas01 named[8672]: automatic empty zone: 23.172.IN-ADDR.ARPA
Nov  6 21:43:06 mas01 named[8672]: automatic empty zone: 24.172.IN-ADDR.ARPA
Nov  6 21:43:06 mas01 named[8672]: automatic empty zone: 25.172.IN-ADDR.ARPA
Nov  6 21:43:06 mas01 named[8672]: automatic empty zone: 26.172.IN-ADDR.ARPA
Nov  6 21:43:06 mas01 named[8672]: automatic empty zone: 27.172.IN-ADDR.ARPA
Nov  6 21:43:06 mas01 named[8672]: automatic empty zone: 28.172.IN-ADDR.ARPA
Nov  6 21:43:06 mas01 named[8672]: automatic empty zone: 29.172.IN-ADDR.ARPA
Nov  6 21:43:06 mas01 named[8672]: automatic empty zone: 30.172.IN-ADDR.ARPA
Nov  6 21:43:06 mas01 named[8672]: automatic empty zone: 31.172.IN-ADDR.ARPA
Nov  6 21:43:06 mas01 named[8672]: automatic empty zone: 168.192.IN-ADDR.ARPA
Nov  6 21:43:06 mas01 named[8672]: automatic empty zone: 64.100.IN-ADDR.ARPA
Nov  6 21:43:06 mas01 named[8672]: automatic empty zone: 65.100.IN-ADDR.ARPA
Nov  6 21:43:06 mas01 named[8672]: automatic empty zone: 66.100.IN-ADDR.ARPA
Nov  6 21:43:06 mas01 named[8672]: automatic empty zone: 67.100.IN-ADDR.ARPA
Nov  6 21:43:06 mas01 named[8672]: automatic empty zone: 68.100.IN-ADDR.ARPA
Nov  6 21:43:06 mas01 named[8672]: automatic empty zone: 69.100.IN-ADDR.ARPA
Nov  6 21:43:06 mas01 named[8672]: automatic empty zone: 70.100.IN-ADDR.ARPA
Nov  6 21:43:06 mas01 named[8672]: automatic empty zone: 71.100.IN-ADDR.ARPA
Nov  6 21:43:06 mas01 named[8672]: automatic empty zone: 72.100.IN-ADDR.ARPA
Nov  6 21:43:06 mas01 named[8672]: automatic empty zone: 73.100.IN-ADDR.ARPA
Nov  6 21:43:06 mas01 named[8672]: automatic empty zone: 74.100.IN-ADDR.ARPA
Nov  6 21:43:06 mas01 named[8672]: automatic empty zone: 75.100.IN-ADDR.ARPA
Nov  6 21:43:06 mas01 named[8672]: automatic empty zone: 76.100.IN-ADDR.ARPA
Nov  6 21:43:06 mas01 named[8672]: automatic empty zone: 77.100.IN-ADDR.ARPA
Nov  6 21:43:06 mas01 named[8672]: automatic empty zone: 78.100.IN-ADDR.ARPA
Nov  6 21:43:06 mas01 named[8672]: automatic empty zone: 79.100.IN-ADDR.ARPA
Nov  6 21:43:06 mas01 named[8672]: automatic empty zone: 80.100.IN-ADDR.ARPA
Nov  6 21:43:06 mas01 named[8672]: automatic empty zone: 81.100.IN-ADDR.ARPA
Nov  6 21:43:06 mas01 named[8672]: automatic empty zone: 82.100.IN-ADDR.ARPA
Nov  6 21:43:06 mas01 named[8672]: automatic empty zone: 83.100.IN-ADDR.ARPA
Nov  6 21:43:06 mas01 named[8672]: automatic empty zone: 84.100.IN-ADDR.ARPA
Nov  6 21:43:06 mas01 named[8672]: automatic empty zone: 85.100.IN-ADDR.ARPA
Nov  6 21:43:06 mas01 named[8672]: automatic empty zone: 86.100.IN-ADDR.ARPA
Nov  6 21:43:06 mas01 named[8672]: automatic empty zone: 87.100.IN-ADDR.ARPA
Nov  6 21:43:06 mas01 named[8672]: automatic empty zone: 88.100.IN-ADDR.ARPA
Nov  6 21:43:06 mas01 named[8672]: automatic empty zone: 89.100.IN-ADDR.ARPA
Nov  6 21:43:06 mas01 named[8672]: automatic empty zone: 90.100.IN-ADDR.ARPA
Nov  6 21:43:06 mas01 named[8672]: automatic empty zone: 91.100.IN-ADDR.ARPA
Nov  6 21:43:06 mas01 named[8672]: automatic empty zone: 92.100.IN-ADDR.ARPA
Nov  6 21:43:06 mas01 named[8672]: automatic empty zone: 93.100.IN-ADDR.ARPA
Nov  6 21:43:06 mas01 named[8672]: automatic empty zone: 94.100.IN-ADDR.ARPA
Nov  6 21:43:06 mas01 named[8672]: automatic empty zone: 95.100.IN-ADDR.ARPA
Nov  6 21:43:06 mas01 named[8672]: automatic empty zone: 96.100.IN-ADDR.ARPA
Nov  6 21:43:06 mas01 named[8672]: automatic empty zone: 97.100.IN-ADDR.ARPA
Nov  6 21:43:06 mas01 named[8672]: automatic empty zone: 98.100.IN-ADDR.ARPA
Nov  6 21:43:06 mas01 named[8672]: automatic empty zone: 99.100.IN-ADDR.ARPA
Nov  6 21:43:06 mas01 named[8672]: automatic empty zone: 100.100.IN-ADDR.ARPA
Nov  6 21:43:06 mas01 named[8672]: automatic empty zone: 101.100.IN-ADDR.ARPA
Nov  6 21:43:06 mas01 named[8672]: automatic empty zone: 102.100.IN-ADDR.ARPA
Nov  6 21:43:06 mas01 named[8672]: automatic empty zone: 103.100.IN-ADDR.ARPA
Nov  6 21:43:06 mas01 named[8672]: automatic empty zone: 104.100.IN-ADDR.ARPA
Nov  6 21:43:06 mas01 named[8672]: automatic empty zone: 105.100.IN-ADDR.ARPA
Nov  6 21:43:06 mas01 named[8672]: automatic empty zone: 106.100.IN-ADDR.ARPA
Nov  6 21:43:06 mas01 named[8672]: automatic empty zone: 107.100.IN-ADDR.ARPA
Nov  6 21:43:06 mas01 named[8672]: automatic empty zone: 108.100.IN-ADDR.ARPA
Nov  6 21:43:06 mas01 named[8672]: automatic empty zone: 109.100.IN-ADDR.ARPA
Nov  6 21:43:06 mas01 named[8672]: automatic empty zone: 110.100.IN-ADDR.ARPA
Nov  6 21:43:06 mas01 named[8672]: automatic empty zone: 111.100.IN-ADDR.ARPA
Nov  6 21:43:06 mas01 named[8672]: automatic empty zone: 112.100.IN-ADDR.ARPA
Nov  6 21:43:06 mas01 named[8672]: automatic empty zone: 113.100.IN-ADDR.ARPA
Nov  6 21:43:06 mas01 named[8672]: automatic empty zone: 114.100.IN-ADDR.ARPA
Nov  6 21:43:06 mas01 named[8672]: automatic empty zone: 115.100.IN-ADDR.ARPA
Nov  6 21:43:06 mas01 named[8672]: automatic empty zone: 116.100.IN-ADDR.ARPA
Nov  6 21:43:06 mas01 named[8672]: automatic empty zone: 117.100.IN-ADDR.ARPA
Nov  6 21:43:06 mas01 named[8672]: automatic empty zone: 118.100.IN-ADDR.ARPA
Nov  6 21:43:06 mas01 named[8672]: automatic empty zone: 119.100.IN-ADDR.ARPA
Nov  6 21:43:06 mas01 named[8672]: automatic empty zone: 120.100.IN-ADDR.ARPA
Nov  6 21:43:06 mas01 named[8672]: automatic empty zone: 121.100.IN-ADDR.ARPA
Nov  6 21:43:06 mas01 named[8672]: automatic empty zone: 122.100.IN-ADDR.ARPA
Nov  6 21:43:06 mas01 named[8672]: automatic empty zone: 123.100.IN-ADDR.ARPA
Nov  6 21:43:06 mas01 named[8672]: automatic empty zone: 124.100.IN-ADDR.ARPA
Nov  6 21:43:06 mas01 named[8672]: automatic empty zone: 125.100.IN-ADDR.ARPA
Nov  6 21:43:06 mas01 named[8672]: automatic empty zone: 126.100.IN-ADDR.ARPA
Nov  6 21:43:06 mas01 named[8672]: automatic empty zone: 127.100.IN-ADDR.ARPA
Nov  6 21:43:06 mas01 named[8672]: automatic empty zone: 254.169.IN-ADDR.ARPA
Nov  6 21:43:06 mas01 named[8672]: automatic empty zone: 2.0.192.IN-ADDR.ARPA
Nov  6 21:43:06 mas01 named[8672]: automatic empty zone: 100.51.198.IN-ADDR.ARPA
Nov  6 21:43:06 mas01 named[8672]: automatic empty zone: 113.0.203.IN-ADDR.ARPA
Nov  6 21:43:06 mas01 named[8672]: automatic empty zone: 255.255.255.255.IN-ADDR.ARPA
Nov  6 21:43:06 mas01 named[8672]: automatic empty zone: 0.0.0.0.0.0.0.0.0.0.0.0.0.0.0.0.0.0.0.0.0.0.0.0.0.0.0.0.0.0.0.0.IP6.ARPA
Nov  6 21:43:06 mas01 named[8672]: automatic empty zone: 1.0.0.0.0.0.0.0.0.0.0.0.0.0.0.0.0.0.0.0.0.0.0.0.0.0.0.0.0.0.0.0.IP6.ARPA
Nov  6 21:43:06 mas01 named[8672]: automatic empty zone: D.F.IP6.ARPA
Nov  6 21:43:06 mas01 named[8672]: automatic empty zone: 8.E.F.IP6.ARPA
Nov  6 21:43:06 mas01 named[8672]: automatic empty zone: 9.E.F.IP6.ARPA
Nov  6 21:43:06 mas01 named[8672]: automatic empty zone: A.E.F.IP6.ARPA
Nov  6 21:43:06 mas01 named[8672]: automatic empty zone: B.E.F.IP6.ARPA
Nov  6 21:43:06 mas01 named[8672]: automatic empty zone: 8.B.D.0.1.0.0.2.IP6.ARPA
Nov  6 21:43:06 mas01 named[8672]: automatic empty zone: EMPTY.AS112.ARPA
Nov  6 21:43:06 mas01 named[8672]: configuring command channel from '/etc/bind/rndc.key'
Nov  6 21:43:06 mas01 named[8672]: reloading configuration succeeded
Nov  6 21:43:06 mas01 named[8672]: reloading zones succeeded
Nov  6 21:43:06 mas01 named[8672]: zone 4.167.10.in-addr.arpa/IN: loaded serial 30
Nov  6 21:43:06 mas01 named[8672]: zone 0.20.10.in-addr.arpa/IN: loaded serial 30
Nov  6 21:43:06 mas01 named[8672]: zone maas/IN: loaded serial 30
Nov  6 21:43:06 mas01 named[8672]: zone 11.168.192.in-addr.arpa/IN: loaded serial 30
Nov  6 21:43:06 mas01 named[8672]: all zones loaded
Nov  6 21:43:06 mas01 named[8672]: running
Nov  6 21:43:07 mas01 sh[8793]: 2018-11-06 21:43:07 regiond: [info] 192.168.11.41 GET /MAAS/metadata/latest/by-id/7cymta/?op=get_preseed HTTP/1.1 --> 200 OK (referrer: -; agent: Cloud-Init/18.4-0ubuntu1~16.04.2)
Nov  6 21:43:08 mas01 sh[8965]: 2018-11-06 21:43:08 regiond: [info] 192.168.11.41 POST /MAAS/metadata/status/7cymta HTTP/1.1 --> 204 NO_CONTENT (referrer: -; agent: python-requests/2.9.1)
Nov  6 21:43:08 mas01 sh[8965]: 2018-11-06 21:43:08 regiond: [info] 192.168.11.41 POST /MAAS/metadata/status/7cymta HTTP/1.1 --> 204 NO_CONTENT (referrer: -; agent: python-requests/2.9.1)
Nov  6 21:43:08 mas01 sh[8793]: 2018-11-06 21:43:08 regiond: [info] 192.168.11.41 POST /MAAS/metadata/status/7cymta HTTP/1.1 --> 204 NO_CONTENT (referrer: -; agent: python-requests/2.9.1)
Nov  6 21:43:08 mas01 sh[9276]: 2018-11-06 21:43:08 regiond: [info] 192.168.11.42 GET /MAAS/metadata/latest/by-id/txb8rs/?op=get_preseed HTTP/1.1 --> 200 OK (referrer: -; agent: Cloud-Init/18.4-0ubuntu1~16.04.2)
Nov  6 21:43:08 mas01 sh[9276]: 2018-11-06 21:43:08 regiond: [info] 192.168.11.42 POST /MAAS/metadata/status/txb8rs HTTP/1.1 --> 204 NO_CONTENT (referrer: -; agent: python-requests/2.9.1)
Nov  6 21:43:08 mas01 sh[8943]: 2018-11-06 21:43:08 regiond: [info] 192.168.11.42 POST /MAAS/metadata/status/txb8rs HTTP/1.1 --> 204 NO_CONTENT (referrer: -; agent: python-requests/2.9.1)
Nov  6 21:43:08 mas01 sh[8965]: 2018-11-06 21:43:08 regiond: [info] 192.168.11.44 GET /MAAS/metadata/latest/by-id/y8wyhr/?op=get_preseed HTTP/1.1 --> 200 OK (referrer: -; agent: Cloud-Init/18.4-0ubuntu1~16.04.2)
Nov  6 21:43:08 mas01 sh[8793]: 2018-11-06 21:43:08 regiond: [info] 192.168.11.43 POST /MAAS/metadata/status/q8qdsk HTTP/1.1 --> 204 NO_CONTENT (referrer: -; agent: python-requests/2.9.1)
Nov  6 21:43:08 mas01 sh[8793]: 2018-11-06 21:43:08 regiond: [info] 192.168.11.43 POST /MAAS/metadata/status/q8qdsk HTTP/1.1 --> 204 NO_CONTENT (referrer: -; agent: python-requests/2.9.1)
Nov  6 21:43:08 mas01 sh[8965]: 2018-11-06 21:43:08 regiond: [info] 192.168.11.44 POST /MAAS/metadata/status/y8wyhr HTTP/1.1 --> 204 NO_CONTENT (referrer: -; agent: python-requests/2.9.1)
Nov  6 21:43:08 mas01 sh[8965]: 2018-11-06 21:43:08 regiond: [info] 192.168.11.44 POST /MAAS/metadata/status/y8wyhr HTTP/1.1 --> 204 NO_CONTENT (referrer: -; agent: python-requests/2.9.1)
Nov  6 21:43:08 mas01 sh[9276]: 2018-11-06 21:43:08 regiond: [info] 192.168.11.42 POST /MAAS/metadata/status/txb8rs HTTP/1.1 --> 204 NO_CONTENT (referrer: -; agent: python-requests/2.9.1)
Nov  6 21:43:08 mas01 sh[9276]: 2018-11-06 21:43:08 regiond: [info] 192.168.11.43 POST /MAAS/metadata/status/q8qdsk HTTP/1.1 --> 204 NO_CONTENT (referrer: -; agent: python-requests/2.9.1)
Nov  6 21:43:08 mas01 sh[8793]: 2018-11-06 21:43:08 regiond: [info] 192.168.11.44 POST /MAAS/metadata/status/y8wyhr HTTP/1.1 --> 204 NO_CONTENT (referrer: -; agent: python-requests/2.9.1)
Nov  6 21:43:08 mas01 sh[9276]: 2018-11-06 21:43:08 regiond: [info] 192.168.11.41 GET /MAAS/metadata/latest/by-id/7cymta/?op=get_preseed HTTP/1.1 --> 200 OK (referrer: -; agent: Cloud-Init/18.4-0ubuntu1~16.04.2)
Nov  6 21:43:08 mas01 sh[8943]: 2018-11-06 21:43:08 regiond: [info] 192.168.11.41 POST /MAAS/metadata/status/7cymta HTTP/1.1 --> 204 NO_CONTENT (referrer: -; agent: python-requests/2.9.1)
Nov  6 21:43:08 mas01 sh[8793]: 2018-11-06 21:43:08 regiond: [info] 192.168.11.41 POST /MAAS/metadata/status/7cymta HTTP/1.1 --> 204 NO_CONTENT (referrer: -; agent: python-requests/2.9.1)
Nov  6 21:43:08 mas01 sh[8793]: 2018-11-06 21:43:08 regiond: [info] 192.168.11.41 POST /MAAS/metadata/status/7cymta HTTP/1.1 --> 204 NO_CONTENT (referrer: -; agent: python-requests/2.9.1)
Nov  6 21:43:08 mas01 sh[9276]: 2018-11-06 21:43:08 regiond: [info] 192.168.11.41 GET /MAAS/metadata/2012-03-01/meta-data/instance-id HTTP/1.1 --> 200 OK (referrer: -; agent: Cloud-Init/18.4-0ubuntu1~16.04.2)
Nov  6 21:43:08 mas01 sh[8793]: 2018-11-06 21:43:08 regiond: [info] 192.168.11.41 GET /MAAS/metadata/2012-03-01/meta-data/instance-id HTTP/1.1 --> 200 OK (referrer: -; agent: python-requests/2.9.1)
Nov  6 21:43:08 mas01 sh[8793]: 2018-11-06 21:43:08 regiond: [info] 192.168.11.42 GET /MAAS/metadata/latest/by-id/txb8rs/?op=get_preseed HTTP/1.1 --> 200 OK (referrer: -; agent: Cloud-Init/18.4-0ubuntu1~16.04.2)
Nov  6 21:43:08 mas01 sh[8965]: 2018-11-06 21:43:08 regiond: [info] 192.168.11.41 GET /MAAS/metadata/2012-03-01/meta-data/local-hostname HTTP/1.1 --> 200 OK (referrer: -; agent: python-requests/2.9.1)
Nov  6 21:43:08 mas01 sh[8793]: 2018-11-06 21:43:08 regiond: [info] 192.168.11.43 POST /MAAS/metadata/status/q8qdsk HTTP/1.1 --> 204 NO_CONTENT (referrer: -; agent: python-requests/2.9.1)
Nov  6 21:43:08 mas01 sh[8965]: 2018-11-06 21:43:08 regiond: [info] 192.168.11.43 POST /MAAS/metadata/status/q8qdsk HTTP/1.1 --> 204 NO_CONTENT (referrer: -; agent: python-requests/2.9.1)
Nov  6 21:43:08 mas01 sh[8965]: 2018-11-06 21:43:08 regiond: [info] 192.168.11.43 POST /MAAS/metadata/status/q8qdsk HTTP/1.1 --> 204 NO_CONTENT (referrer: -; agent: python-requests/2.9.1)
Nov  6 21:43:08 mas01 sh[9276]: 2018-11-06 21:43:08 regiond: [info] 192.168.11.44 GET /MAAS/metadata/latest/by-id/y8wyhr/?op=get_preseed HTTP/1.1 --> 200 OK (referrer: -; agent: Cloud-Init/18.4-0ubuntu1~16.04.2)
Nov  6 21:43:08 mas01 sh[8965]: 2018-11-06 21:43:08 regiond: [info] 192.168.11.42 POST /MAAS/metadata/status/txb8rs HTTP/1.1 --> 204 NO_CONTENT (referrer: -; agent: python-requests/2.9.1)
Nov  6 21:43:08 mas01 sh[8943]: 2018-11-06 21:43:08 regiond: [info] 192.168.11.42 POST /MAAS/metadata/status/txb8rs HTTP/1.1 --> 204 NO_CONTENT (referrer: -; agent: python-requests/2.9.1)
Nov  6 21:43:08 mas01 sh[8943]: 2018-11-06 21:43:08 regiond: [info] 192.168.11.42 POST /MAAS/metadata/status/txb8rs HTTP/1.1 --> 204 NO_CONTENT (referrer: -; agent: python-requests/2.9.1)
Nov  6 21:43:09 mas01 sh[9276]: 2018-11-06 21:43:09 regiond: [info] 192.168.11.44 POST /MAAS/metadata/status/y8wyhr HTTP/1.1 --> 204 NO_CONTENT (referrer: -; agent: python-requests/2.9.1)
Nov  6 21:43:09 mas01 sh[8965]: 2018-11-06 21:43:09 regiond: [info] 192.168.11.44 POST /MAAS/metadata/status/y8wyhr HTTP/1.1 --> 204 NO_CONTENT (referrer: -; agent: python-requests/2.9.1)
Nov  6 21:43:09 mas01 sh[9276]: 2018-11-06 21:43:09 regiond: [info] 192.168.11.44 POST /MAAS/metadata/status/y8wyhr HTTP/1.1 --> 204 NO_CONTENT (referrer: -; agent: python-requests/2.9.1)
Nov  6 21:43:09 mas01 sh[8793]: 2018-11-06 21:43:09 regiond: [info] 192.168.11.41 GET /MAAS/metadata/2012-03-01/meta-data/vendor-data HTTP/1.1 --> 200 OK (referrer: -; agent: python-requests/2.9.1)
Nov  6 21:43:09 mas01 sh[8793]: 2018-11-06 21:43:09 regiond: [info] 192.168.11.43 GET /MAAS/metadata/2012-03-01/meta-data/instance-id HTTP/1.1 --> 200 OK (referrer: -; agent: Cloud-Init/18.4-0ubuntu1~16.04.2)
Nov  6 21:43:09 mas01 sh[8793]: 2018-11-06 21:43:09 regiond: [info] 192.168.11.42 GET /MAAS/metadata/2012-03-01/meta-data/instance-id HTTP/1.1 --> 200 OK (referrer: -; agent: Cloud-Init/18.4-0ubuntu1~16.04.2)
Nov  6 21:43:09 mas01 sh[8965]: 2018-11-06 21:43:09 regiond: [info] 192.168.11.44 GET /MAAS/metadata/2012-03-01/meta-data/instance-id HTTP/1.1 --> 200 OK (referrer: -; agent: Cloud-Init/18.4-0ubuntu1~16.04.2)
Nov  6 21:43:09 mas01 sh[8943]: 2018-11-06 21:43:09 regiond: [info] 192.168.11.42 GET /MAAS/metadata/2012-03-01/meta-data/instance-id HTTP/1.1 --> 200 OK (referrer: -; agent: python-requests/2.9.1)
Nov  6 21:43:09 mas01 sh[8943]: 2018-11-06 21:43:09 regiond: [info] 192.168.11.43 GET /MAAS/metadata/2012-03-01/meta-data/instance-id HTTP/1.1 --> 200 OK (referrer: -; agent: python-requests/2.9.1)
Nov  6 21:43:09 mas01 sh[8793]: 2018-11-06 21:43:09 regiond: [info] 192.168.11.41 GET /MAAS/metadata/2012-03-01/user-data HTTP/1.1 --> 200 OK (referrer: -; agent: python-requests/2.9.1)
Nov  6 21:43:09 mas01 sh[9276]: 2018-11-06 21:43:09 regiond: [info] 192.168.11.41 POST /MAAS/metadata/status/7cymta HTTP/1.1 --> 204 NO_CONTENT (referrer: -; agent: python-requests/2.9.1)
Nov  6 21:43:09 mas01 sh[9276]: 2018-11-06 21:43:09 regiond: [info] 192.168.11.44 GET /MAAS/metadata/2012-03-01/meta-data/instance-id HTTP/1.1 --> 200 OK (referrer: -; agent: python-requests/2.9.1)
Nov  6 21:43:09 mas01 sh[8943]: 2018-11-06 21:43:09 regiond: [info] 192.168.11.42 GET /MAAS/metadata/2012-03-01/meta-data/local-hostname HTTP/1.1 --> 200 OK (referrer: -; agent: python-requests/2.9.1)
Nov  6 21:43:09 mas01 sh[8965]: 2018-11-06 21:43:09 regiond: [info] 192.168.11.43 GET /MAAS/metadata/2012-03-01/meta-data/local-hostname HTTP/1.1 --> 200 OK (referrer: -; agent: python-requests/2.9.1)
Nov  6 21:43:09 mas01 sh[9276]: 2018-11-06 21:43:09 regiond: [info] 192.168.11.44 GET /MAAS/metadata/2012-03-01/meta-data/local-hostname HTTP/1.1 --> 200 OK (referrer: -; agent: python-requests/2.9.1)
Nov  6 21:43:09 mas01 sh[9276]: 2018-11-06 21:43:09 regiond: [info] 192.168.11.41 POST /MAAS/metadata/status/7cymta HTTP/1.1 --> 204 NO_CONTENT (referrer: -; agent: python-requests/2.9.1)
Nov  6 21:43:09 mas01 sh[8965]: 2018-11-06 21:43:09 regiond: [info] 192.168.11.41 POST /MAAS/metadata/status/7cymta HTTP/1.1 --> 204 NO_CONTENT (referrer: -; agent: python-requests/2.9.1)
Nov  6 21:43:09 mas01 sh[9276]: 2018-11-06 21:43:09 regiond: [info] 192.168.11.41 POST /MAAS/metadata/status/7cymta HTTP/1.1 --> 204 NO_CONTENT (referrer: -; agent: python-requests/2.9.1)
Nov  6 21:43:09 mas01 sh[9276]: message repeated 2 times: [ 2018-11-06 21:43:09 regiond: [info] 192.168.11.41 POST /MAAS/metadata/status/7cymta HTTP/1.1 --> 204 NO_CONTENT (referrer: -; agent: python-requests/2.9.1)]
Nov  6 21:43:09 mas01 sh[8793]: 2018-11-06 21:43:09 regiond: [info] 192.168.11.41 POST /MAAS/metadata/status/7cymta HTTP/1.1 --> 204 NO_CONTENT (referrer: -; agent: python-requests/2.9.1)
Nov  6 21:43:09 mas01 sh[8965]: 2018-11-06 21:43:09 regiond: [info] 192.168.11.41 POST /MAAS/metadata/status/7cymta HTTP/1.1 --> 204 NO_CONTENT (referrer: -; agent: python-requests/2.9.1)
Nov  6 21:43:09 mas01 sh[8965]: 2018-11-06 21:43:09 regiond: [info] 192.168.11.41 POST /MAAS/metadata/status/7cymta HTTP/1.1 --> 204 NO_CONTENT (referrer: -; agent: python-requests/2.9.1)
Nov  6 21:43:09 mas01 sh[8965]: 2018-11-06 21:43:09 regiond: [info] 192.168.11.42 GET /MAAS/metadata/2012-03-01/meta-data/vendor-data HTTP/1.1 --> 200 OK (referrer: -; agent: python-requests/2.9.1)
Nov  6 21:43:09 mas01 sh[9276]: 2018-11-06 21:43:09 regiond: [info] 192.168.11.43 GET /MAAS/metadata/2012-03-01/meta-data/vendor-data HTTP/1.1 --> 200 OK (referrer: -; agent: python-requests/2.9.1)
Nov  6 21:43:09 mas01 sh[8965]: 2018-11-06 21:43:09 regiond: [info] 192.168.11.44 GET /MAAS/metadata/2012-03-01/meta-data/vendor-data HTTP/1.1 --> 200 OK (referrer: -; agent: python-requests/2.9.1)
Nov  6 21:43:09 mas01 sh[8793]: 2018-11-06 21:43:09 regiond: [info] 192.168.11.41 POST /MAAS/metadata/status/7cymta HTTP/1.1 --> 204 NO_CONTENT (referrer: -; agent: python-requests/2.9.1)
Nov  6 21:43:09 mas01 sh[8793]: message repeated 2 times: [ 2018-11-06 21:43:09 regiond: [info] 192.168.11.41 POST /MAAS/metadata/status/7cymta HTTP/1.1 --> 204 NO_CONTENT (referrer: -; agent: python-requests/2.9.1)]
Nov  6 21:43:09 mas01 sh[8943]: 2018-11-06 21:43:09 regiond: [info] 192.168.11.41 POST /MAAS/metadata/status/7cymta HTTP/1.1 --> 204 NO_CONTENT (referrer: -; agent: python-requests/2.9.1)
Nov  6 21:43:09 mas01 sh[8965]: 2018-11-06 21:43:09 regiond: [info] 192.168.11.41 POST /MAAS/metadata/status/7cymta HTTP/1.1 --> 204 NO_CONTENT (referrer: -; agent: python-requests/2.9.1)
Nov  6 21:43:09 mas01 sh[9276]: 2018-11-06 21:43:09 regiond: [info] 192.168.11.43 POST /MAAS/metadata/status/q8qdsk HTTP/1.1 --> 204 NO_CONTENT (referrer: -; agent: python-requests/2.9.1)
Nov  6 21:43:09 mas01 sh[8793]: 2018-11-06 21:43:09 regiond: [info] 192.168.11.41 POST /MAAS/metadata/status/7cymta HTTP/1.1 --> 204 NO_CONTENT (referrer: -; agent: python-requests/2.9.1)
Nov  6 21:43:09 mas01 sh[9276]: 2018-11-06 21:43:09 regiond: [info] 192.168.11.41 POST /MAAS/metadata/status/7cymta HTTP/1.1 --> 204 NO_CONTENT (referrer: -; agent: python-requests/2.9.1)
Nov  6 21:43:09 mas01 sh[8793]: 2018-11-06 21:43:09 regiond: [info] 192.168.11.42 POST /MAAS/metadata/status/txb8rs HTTP/1.1 --> 204 NO_CONTENT (referrer: -; agent: python-requests/2.9.1)
Nov  6 21:43:09 mas01 sh[8793]: 2018-11-06 21:43:09 regiond: [info] 192.168.11.41 POST /MAAS/metadata/status/7cymta HTTP/1.1 --> 204 NO_CONTENT (referrer: -; agent: python-requests/2.9.1)
Nov  6 21:43:09 mas01 sh[8793]: 2018-11-06 21:43:09 regiond: [info] 192.168.11.41 POST /MAAS/metadata/status/7cymta HTTP/1.1 --> 204 NO_CONTENT (referrer: -; agent: python-requests/2.9.1)
Nov  6 21:43:09 mas01 sh[8793]: 2018-11-06 21:43:09 regiond: [info] 192.168.11.44 GET /MAAS/metadata/2012-03-01/user-data HTTP/1.1 --> 200 OK (referrer: -; agent: python-requests/2.9.1)
Nov  6 21:43:09 mas01 sh[9276]: 2018-11-06 21:43:09 regiond: [info] 192.168.11.44 POST /MAAS/metadata/status/y8wyhr HTTP/1.1 --> 204 NO_CONTENT (referrer: -; agent: python-requests/2.9.1)
Nov  6 21:43:09 mas01 sh[8793]: 2018-11-06 21:43:09 regiond: [info] 192.168.11.41 POST /MAAS/metadata/status/7cymta HTTP/1.1 --> 204 NO_CONTENT (referrer: -; agent: python-requests/2.9.1)
Nov  6 21:43:09 mas01 sh[8943]: 2018-11-06 21:43:09 regiond: [info] 192.168.11.41 POST /MAAS/metadata/status/7cymta HTTP/1.1 --> 204 NO_CONTENT (referrer: -; agent: python-requests/2.9.1)
Nov  6 21:43:09 mas01 sh[8793]: 2018-11-06 21:43:09 regiond: [info] 192.168.11.41 POST /MAAS/metadata/status/7cymta HTTP/1.1 --> 204 NO_CONTENT (referrer: -; agent: python-requests/2.9.1)
Nov  6 21:43:09 mas01 sh[8943]: 2018-11-06 21:43:09 regiond: [info] 192.168.11.41 POST /MAAS/metadata/status/7cymta HTTP/1.1 --> 204 NO_CONTENT (referrer: -; agent: python-requests/2.9.1)
Nov  6 21:43:09 mas01 sh[9276]: 2018-11-06 21:43:09 regiond: [info] 192.168.11.41 POST /MAAS/metadata/status/7cymta HTTP/1.1 --> 204 NO_CONTENT (referrer: -; agent: python-requests/2.9.1)
Nov  6 21:43:09 mas01 sh[8965]: 2018-11-06 21:43:09 regiond: [info] 192.168.11.41 POST /MAAS/metadata/status/7cymta HTTP/1.1 --> 204 NO_CONTENT (referrer: -; agent: python-requests/2.9.1)
Nov  6 21:43:09 mas01 sh[9276]: 2018-11-06 21:43:09 regiond: [info] 192.168.11.41 POST /MAAS/metadata/status/7cymta HTTP/1.1 --> 204 NO_CONTENT (referrer: -; agent: python-requests/2.9.1)
Nov  6 21:43:09 mas01 sh[9276]: 2018-11-06 21:43:09 regiond: [info] 192.168.11.43 POST /MAAS/metadata/status/q8qdsk HTTP/1.1 --> 204 NO_CONTENT (referrer: -; agent: python-requests/2.9.1)
Nov  6 21:43:09 mas01 sh[9276]: 2018-11-06 21:43:09 regiond: [info] 192.168.11.41 POST /MAAS/metadata/status/7cymta HTTP/1.1 --> 204 NO_CONTENT (referrer: -; agent: python-requests/2.9.1)
Nov  6 21:43:09 mas01 sh[8965]: 2018-11-06 21:43:09 regiond: [info] 192.168.11.43 POST /MAAS/metadata/status/q8qdsk HTTP/1.1 --> 204 NO_CONTENT (referrer: -; agent: python-requests/2.9.1)
Nov  6 21:43:09 mas01 sh[8793]: 2018-11-06 21:43:09 regiond: [info] 192.168.11.41 POST /MAAS/metadata/status/7cymta HTTP/1.1 --> 204 NO_CONTENT (referrer: -; agent: python-requests/2.9.1)
Nov  6 21:43:09 mas01 sh[9276]: 2018-11-06 21:43:09 regiond: [info] 192.168.11.41 POST /MAAS/metadata/status/7cymta HTTP/1.1 --> 204 NO_CONTENT (referrer: -; agent: python-requests/2.9.1)
Nov  6 21:43:09 mas01 sh[9276]: 2018-11-06 21:43:09 regiond: [info] 192.168.11.41 POST /MAAS/metadata/status/7cymta HTTP/1.1 --> 204 NO_CONTENT (referrer: -; agent: python-requests/2.9.1)
Nov  6 21:43:09 mas01 sh[9276]: 2018-11-06 21:43:09 regiond: [info] 192.168.11.42 POST /MAAS/metadata/status/txb8rs HTTP/1.1 --> 204 NO_CONTENT (referrer: -; agent: python-requests/2.9.1)
Nov  6 21:43:09 mas01 sh[8943]: 2018-11-06 21:43:09 regiond: [info] 192.168.11.42 POST /MAAS/metadata/status/txb8rs HTTP/1.1 --> 204 NO_CONTENT (referrer: -; agent: python-requests/2.9.1)
Nov  6 21:43:09 mas01 sh[9276]: 2018-11-06 21:43:09 regiond: [info] 192.168.11.41 POST /MAAS/metadata/status/7cymta HTTP/1.1 --> 204 NO_CONTENT (referrer: -; agent: python-requests/2.9.1)
Nov  6 21:43:09 mas01 sh[8943]: 2018-11-06 21:43:09 regiond: [info] 192.168.11.43 POST /MAAS/metadata/status/q8qdsk HTTP/1.1 --> 204 NO_CONTENT (referrer: -; agent: python-requests/2.9.1)
Nov  6 21:43:09 mas01 sh[8793]: 2018-11-06 21:43:09 regiond: [info] 192.168.11.41 POST /MAAS/metadata/status/7cymta HTTP/1.1 --> 204 NO_CONTENT (referrer: -; agent: python-requests/2.9.1)
Nov  6 21:43:09 mas01 sh[8793]: 2018-11-06 21:43:09 regiond: [info] 192.168.11.44 POST /MAAS/metadata/status/y8wyhr HTTP/1.1 --> 204 NO_CONTENT (referrer: -; agent: python-requests/2.9.1)
Nov  6 21:43:09 mas01 sh[8793]: 2018-11-06 21:43:09 regiond: [info] 192.168.11.41 POST /MAAS/metadata/status/7cymta HTTP/1.1 --> 204 NO_CONTENT (referrer: -; agent: python-requests/2.9.1)
Nov  6 21:43:09 mas01 sh[8943]: 2018-11-06 21:43:09 regiond: [info] 192.168.11.43 POST /MAAS/metadata/status/q8qdsk HTTP/1.1 --> 204 NO_CONTENT (referrer: -; agent: python-requests/2.9.1)
Nov  6 21:43:09 mas01 sh[8965]: 2018-11-06 21:43:09 regiond: [info] 192.168.11.44 POST /MAAS/metadata/status/y8wyhr HTTP/1.1 --> 204 NO_CONTENT (referrer: -; agent: python-requests/2.9.1)
Nov  6 21:43:09 mas01 sh[8943]: 2018-11-06 21:43:09 regiond: [info] 192.168.11.43 POST /MAAS/metadata/status/q8qdsk HTTP/1.1 --> 204 NO_CONTENT (referrer: -; agent: python-requests/2.9.1)
Nov  6 21:43:09 mas01 sh[9276]: 2018-11-06 21:43:09 regiond: [info] 192.168.11.41 POST /MAAS/metadata/status/7cymta HTTP/1.1 --> 204 NO_CONTENT (referrer: -; agent: python-requests/2.9.1)
Nov  6 21:43:09 mas01 sh[9276]: 2018-11-06 21:43:09 regiond: [info] 192.168.11.41 POST /MAAS/metadata/status/7cymta HTTP/1.1 --> 204 NO_CONTENT (referrer: -; agent: python-requests/2.9.1)
Nov  6 21:43:09 mas01 sh[9276]: 2018-11-06 21:43:09 regiond: [info] 192.168.11.42 POST /MAAS/metadata/status/txb8rs HTTP/1.1 --> 204 NO_CONTENT (referrer: -; agent: python-requests/2.9.1)
Nov  6 21:43:09 mas01 sh[9276]: 2018-11-06 21:43:09 regiond: [info] 192.168.11.43 POST /MAAS/metadata/status/q8qdsk HTTP/1.1 --> 204 NO_CONTENT (referrer: -; agent: python-requests/2.9.1)
Nov  6 21:43:09 mas01 sh[8943]: 2018-11-06 21:43:09 regiond: [info] 192.168.11.42 POST /MAAS/metadata/status/txb8rs HTTP/1.1 --> 204 NO_CONTENT (referrer: -; agent: python-requests/2.9.1)
Nov  6 21:43:09 mas01 sh[8793]: 2018-11-06 21:43:09 regiond: [info] 192.168.11.42 POST /MAAS/metadata/status/txb8rs HTTP/1.1 --> 204 NO_CONTENT (referrer: -; agent: python-requests/2.9.1)
Nov  6 21:43:09 mas01 sh[8793]: 2018-11-06 21:43:09 regiond: [info] 192.168.11.41 POST /MAAS/metadata/status/7cymta HTTP/1.1 --> 204 NO_CONTENT (referrer: -; agent: python-requests/2.9.1)
Nov  6 21:43:09 mas01 sh[8943]: 2018-11-06 21:43:09 regiond: [info] 192.168.11.44 POST /MAAS/metadata/status/y8wyhr HTTP/1.1 --> 204 NO_CONTENT (referrer: -; agent: python-requests/2.9.1)
Nov  6 21:43:09 mas01 sh[9276]: 2018-11-06 21:43:09 regiond: [info] 192.168.11.41 POST /MAAS/metadata/status/7cymta HTTP/1.1 --> 204 NO_CONTENT (referrer: -; agent: python-requests/2.9.1)
Nov  6 21:43:09 mas01 sh[8965]: 2018-11-06 21:43:09 regiond: [info] 192.168.11.42 POST /MAAS/metadata/status/txb8rs HTTP/1.1 --> 204 NO_CONTENT (referrer: -; agent: python-requests/2.9.1)
Nov  6 21:43:09 mas01 sh[8943]: 2018-11-06 21:43:09 regiond: [info] 192.168.11.44 POST /MAAS/metadata/status/y8wyhr HTTP/1.1 --> 204 NO_CONTENT (referrer: -; agent: python-requests/2.9.1)
Nov  6 21:43:09 mas01 sh[8943]: 2018-11-06 21:43:09 regiond: [info] 192.168.11.44 POST /MAAS/metadata/status/y8wyhr HTTP/1.1 --> 204 NO_CONTENT (referrer: -; agent: python-requests/2.9.1)
Nov  6 21:43:09 mas01 sh[9276]: 2018-11-06 21:43:09 regiond: [info] 192.168.11.43 POST /MAAS/metadata/status/q8qdsk HTTP/1.1 --> 204 NO_CONTENT (referrer: -; agent: python-requests/2.9.1)
Nov  6 21:43:09 mas01 sh[8793]: 2018-11-06 21:43:09 regiond: [info] 192.168.11.44 POST /MAAS/metadata/status/y8wyhr HTTP/1.1 --> 204 NO_CONTENT (referrer: -; agent: python-requests/2.9.1)
Nov  6 21:43:09 mas01 sh[8943]: 2018-11-06 21:43:09 regiond: [info] 192.168.11.43 POST /MAAS/metadata/status/q8qdsk HTTP/1.1 --> 204 NO_CONTENT (referrer: -; agent: python-requests/2.9.1)
Nov  6 21:43:09 mas01 sh[8793]: 2018-11-06 21:43:09 regiond: [info] 192.168.11.42 POST /MAAS/metadata/status/txb8rs HTTP/1.1 --> 204 NO_CONTENT (referrer: -; agent: python-requests/2.9.1)
Nov  6 21:43:09 mas01 sh[8793]: 2018-11-06 21:43:09 regiond: [info] 192.168.11.42 POST /MAAS/metadata/status/txb8rs HTTP/1.1 --> 204 NO_CONTENT (referrer: -; agent: python-requests/2.9.1)
Nov  6 21:43:09 mas01 sh[8943]: 2018-11-06 21:43:09 regiond: [info] 192.168.11.44 POST /MAAS/metadata/status/y8wyhr HTTP/1.1 --> 204 NO_CONTENT (referrer: -; agent: python-requests/2.9.1)
Nov  6 21:43:09 mas01 sh[8943]: 2018-11-06 21:43:09 regiond: [info] 192.168.11.44 POST /MAAS/metadata/status/y8wyhr HTTP/1.1 --> 204 NO_CONTENT (referrer: -; agent: python-requests/2.9.1)
Nov  6 21:43:09 mas01 sh[8793]: 2018-11-06 21:43:09 regiond: [info] 192.168.11.41 POST /MAAS/metadata/status/7cymta HTTP/1.1 --> 204 NO_CONTENT (referrer: -; agent: python-requests/2.9.1)
Nov  6 21:43:09 mas01 sh[8793]: 2018-11-06 21:43:09 regiond: [info] 192.168.11.43 POST /MAAS/metadata/status/q8qdsk HTTP/1.1 --> 204 NO_CONTENT (referrer: -; agent: python-requests/2.9.1)
Nov  6 21:43:09 mas01 sh[8943]: 2018-11-06 21:43:09 regiond: [info] 192.168.11.41 POST /MAAS/metadata/status/7cymta HTTP/1.1 --> 204 NO_CONTENT (referrer: -; agent: python-requests/2.9.1)
Nov  6 21:43:09 mas01 sh[9276]: 2018-11-06 21:43:09 regiond: [info] 192.168.11.43 POST /MAAS/metadata/status/q8qdsk HTTP/1.1 --> 204 NO_CONTENT (referrer: -; agent: python-requests/2.9.1)
Nov  6 21:43:09 mas01 sh[8943]: 2018-11-06 21:43:09 regiond: [info] 192.168.11.43 POST /MAAS/metadata/status/q8qdsk HTTP/1.1 --> 204 NO_CONTENT (referrer: -; agent: python-requests/2.9.1)
Nov  6 21:43:09 mas01 sh[8965]: 2018-11-06 21:43:09 regiond: [info] 192.168.11.43 POST /MAAS/metadata/status/q8qdsk HTTP/1.1 --> 204 NO_CONTENT (referrer: -; agent: python-requests/2.9.1)
Nov  6 21:43:09 mas01 sh[8965]: 2018-11-06 21:43:09 regiond: [info] 192.168.11.43 POST /MAAS/metadata/status/q8qdsk HTTP/1.1 --> 204 NO_CONTENT (referrer: -; agent: python-requests/2.9.1)
Nov  6 21:43:09 mas01 sh[8965]: 2018-11-06 21:43:09 regiond: [info] 192.168.11.42 POST /MAAS/metadata/status/txb8rs HTTP/1.1 --> 204 NO_CONTENT (referrer: -; agent: python-requests/2.9.1)
Nov  6 21:43:09 mas01 sh[9276]: 2018-11-06 21:43:09 regiond: [info] 192.168.11.43 POST /MAAS/metadata/status/q8qdsk HTTP/1.1 --> 204 NO_CONTENT (referrer: -; agent: python-requests/2.9.1)
Nov  6 21:43:09 mas01 sh[8793]: 2018-11-06 21:43:09 regiond: [info] 192.168.11.43 POST /MAAS/metadata/status/q8qdsk HTTP/1.1 --> 204 NO_CONTENT (referrer: -; agent: python-requests/2.9.1)
Nov  6 21:43:09 mas01 sh[9276]: 2018-11-06 21:43:09 regiond: [info] 192.168.11.42 POST /MAAS/metadata/status/txb8rs HTTP/1.1 --> 204 NO_CONTENT (referrer: -; agent: python-requests/2.9.1)
Nov  6 21:43:09 mas01 sh[9276]: 2018-11-06 21:43:09 regiond: [info] 192.168.11.42 POST /MAAS/metadata/status/txb8rs HTTP/1.1 --> 204 NO_CONTENT (referrer: -; agent: python-requests/2.9.1)
Nov  6 21:43:09 mas01 sh[9276]: 2018-11-06 21:43:09 regiond: [info] 192.168.11.43 POST /MAAS/metadata/status/q8qdsk HTTP/1.1 --> 204 NO_CONTENT (referrer: -; agent: python-requests/2.9.1)
Nov  6 21:43:09 mas01 sh[8793]: 2018-11-06 21:43:09 regiond: [info] 192.168.11.43 POST /MAAS/metadata/status/q8qdsk HTTP/1.1 --> 204 NO_CONTENT (referrer: -; agent: python-requests/2.9.1)
Nov  6 21:43:09 mas01 sh[9276]: 2018-11-06 21:43:09 regiond: [info] 192.168.11.42 POST /MAAS/metadata/status/txb8rs HTTP/1.1 --> 204 NO_CONTENT (referrer: -; agent: python-requests/2.9.1)
Nov  6 21:43:09 mas01 sh[9276]: 2018-11-06 21:43:09 regiond: [info] 192.168.11.42 POST /MAAS/metadata/status/txb8rs HTTP/1.1 --> 204 NO_CONTENT (referrer: -; agent: python-requests/2.9.1)
Nov  6 21:43:09 mas01 sh[8965]: 2018-11-06 21:43:09 regiond: [info] 192.168.11.44 POST /MAAS/metadata/status/y8wyhr HTTP/1.1 --> 204 NO_CONTENT (referrer: -; agent: python-requests/2.9.1)
Nov  6 21:43:09 mas01 sh[8793]: 2018-11-06 21:43:09 regiond: [info] 192.168.11.42 POST /MAAS/metadata/status/txb8rs HTTP/1.1 --> 204 NO_CONTENT (referrer: -; agent: python-requests/2.9.1)
Nov  6 21:43:09 mas01 sh[8793]: 2018-11-06 21:43:09 regiond: [info] 192.168.11.44 POST /MAAS/metadata/status/y8wyhr HTTP/1.1 --> 204 NO_CONTENT (referrer: -; agent: python-requests/2.9.1)
Nov  6 21:43:09 mas01 sh[8793]: 2018-11-06 21:43:09 regiond: [info] 192.168.11.42 POST /MAAS/metadata/status/txb8rs HTTP/1.1 --> 204 NO_CONTENT (referrer: -; agent: python-requests/2.9.1)
Nov  6 21:43:09 mas01 sh[8793]: 2018-11-06 21:43:09 regiond: [info] 192.168.11.44 POST /MAAS/metadata/status/y8wyhr HTTP/1.1 --> 204 NO_CONTENT (referrer: -; agent: python-requests/2.9.1)
Nov  6 21:43:09 mas01 sh[9276]: 2018-11-06 21:43:09 regiond: [info] 192.168.11.42 POST /MAAS/metadata/status/txb8rs HTTP/1.1 --> 204 NO_CONTENT (referrer: -; agent: python-requests/2.9.1)
Nov  6 21:43:09 mas01 sh[8943]: 2018-11-06 21:43:09 regiond: [info] 192.168.11.44 POST /MAAS/metadata/status/y8wyhr HTTP/1.1 --> 204 NO_CONTENT (referrer: -; agent: python-requests/2.9.1)
Nov  6 21:43:09 mas01 sh[8943]: 2018-11-06 21:43:09 regiond: [info] 192.168.11.43 POST /MAAS/metadata/status/q8qdsk HTTP/1.1 --> 204 NO_CONTENT (referrer: -; agent: python-requests/2.9.1)
Nov  6 21:43:09 mas01 sh[8793]: 2018-11-06 21:43:09 regiond: [info] 192.168.11.42 POST /MAAS/metadata/status/txb8rs HTTP/1.1 --> 204 NO_CONTENT (referrer: -; agent: python-requests/2.9.1)
Nov  6 21:43:09 mas01 sh[8793]: 2018-11-06 21:43:09 regiond: [info] 192.168.11.44 POST /MAAS/metadata/status/y8wyhr HTTP/1.1 --> 204 NO_CONTENT (referrer: -; agent: python-requests/2.9.1)
Nov  6 21:43:09 mas01 sh[8965]: 2018-11-06 21:43:09 regiond: [info] 192.168.11.43 POST /MAAS/metadata/status/q8qdsk HTTP/1.1 --> 204 NO_CONTENT (referrer: -; agent: python-requests/2.9.1)
Nov  6 21:43:09 mas01 sh[8943]: 2018-11-06 21:43:09 regiond: [info] 192.168.11.44 POST /MAAS/metadata/status/y8wyhr HTTP/1.1 --> 204 NO_CONTENT (referrer: -; agent: python-requests/2.9.1)
Nov  6 21:43:09 mas01 sh[8943]: 2018-11-06 21:43:09 regiond: [info] 192.168.11.44 POST /MAAS/metadata/status/y8wyhr HTTP/1.1 --> 204 NO_CONTENT (referrer: -; agent: python-requests/2.9.1)
Nov  6 21:43:09 mas01 sh[8965]: 2018-11-06 21:43:09 regiond: [info] 192.168.11.44 POST /MAAS/metadata/status/y8wyhr HTTP/1.1 --> 204 NO_CONTENT (referrer: -; agent: python-requests/2.9.1)
Nov  6 21:43:09 mas01 sh[8943]: 2018-11-06 21:43:09 regiond: [info] 192.168.11.43 POST /MAAS/metadata/status/q8qdsk HTTP/1.1 --> 204 NO_CONTENT (referrer: -; agent: python-requests/2.9.1)
Nov  6 21:43:09 mas01 sh[9276]: 2018-11-06 21:43:09 regiond: [info] 192.168.11.44 POST /MAAS/metadata/status/y8wyhr HTTP/1.1 --> 204 NO_CONTENT (referrer: -; agent: python-requests/2.9.1)
Nov  6 21:43:09 mas01 sh[8793]: 2018-11-06 21:43:09 regiond: [info] 192.168.11.43 POST /MAAS/metadata/status/q8qdsk HTTP/1.1 --> 204 NO_CONTENT (referrer: -; agent: python-requests/2.9.1)
Nov  6 21:43:09 mas01 sh[8965]: 2018-11-06 21:43:09 regiond: [info] 192.168.11.42 POST /MAAS/metadata/status/txb8rs HTTP/1.1 --> 204 NO_CONTENT (referrer: -; agent: python-requests/2.9.1)
Nov  6 21:43:09 mas01 sh[9276]: 2018-11-06 21:43:09 regiond: [info] 192.168.11.43 POST /MAAS/metadata/status/q8qdsk HTTP/1.1 --> 204 NO_CONTENT (referrer: -; agent: python-requests/2.9.1)
Nov  6 21:43:09 mas01 sh[8943]: 2018-11-06 21:43:09 regiond: [info] 192.168.11.42 POST /MAAS/metadata/status/txb8rs HTTP/1.1 --> 204 NO_CONTENT (referrer: -; agent: python-requests/2.9.1)
Nov  6 21:43:09 mas01 sh[8793]: 2018-11-06 21:43:09 regiond: [info] 192.168.11.43 POST /MAAS/metadata/status/q8qdsk HTTP/1.1 --> 204 NO_CONTENT (referrer: -; agent: python-requests/2.9.1)
Nov  6 21:43:09 mas01 sh[8965]: 2018-11-06 21:43:09 regiond: [info] 192.168.11.43 POST /MAAS/metadata/status/q8qdsk HTTP/1.1 --> 204 NO_CONTENT (referrer: -; agent: python-requests/2.9.1)
Nov  6 21:43:09 mas01 sh[8793]: 2018-11-06 21:43:09 regiond: [info] 192.168.11.43 POST /MAAS/metadata/status/q8qdsk HTTP/1.1 --> 204 NO_CONTENT (referrer: -; agent: python-requests/2.9.1)
Nov  6 21:43:09 mas01 sh[8943]: 2018-11-06 21:43:09 regiond: [info] 192.168.11.44 POST /MAAS/metadata/status/y8wyhr HTTP/1.1 --> 204 NO_CONTENT (referrer: -; agent: python-requests/2.9.1)
Nov  6 21:43:09 mas01 sh[8793]: 2018-11-06 21:43:09 regiond: [info] 192.168.11.42 POST /MAAS/metadata/status/txb8rs HTTP/1.1 --> 204 NO_CONTENT (referrer: -; agent: python-requests/2.9.1)
Nov  6 21:43:09 mas01 sh[9276]: 2018-11-06 21:43:09 regiond: [info] 192.168.11.43 POST /MAAS/metadata/status/q8qdsk HTTP/1.1 --> 204 NO_CONTENT (referrer: -; agent: python-requests/2.9.1)
Nov  6 21:43:09 mas01 sh[9276]: 2018-11-06 21:43:09 regiond: [info] 192.168.11.44 POST /MAAS/metadata/status/y8wyhr HTTP/1.1 --> 204 NO_CONTENT (referrer: -; agent: python-requests/2.9.1)
Nov  6 21:43:09 mas01 sh[8965]: 2018-11-06 21:43:09 regiond: [info] 192.168.11.42 POST /MAAS/metadata/status/txb8rs HTTP/1.1 --> 204 NO_CONTENT (referrer: -; agent: python-requests/2.9.1)
Nov  6 21:43:09 mas01 sh[8943]: 2018-11-06 21:43:09 regiond: [info] 192.168.11.43 POST /MAAS/metadata/status/q8qdsk HTTP/1.1 --> 204 NO_CONTENT (referrer: -; agent: python-requests/2.9.1)
Nov  6 21:43:09 mas01 sh[8943]: 2018-11-06 21:43:09 regiond: [info] 192.168.11.42 POST /MAAS/metadata/status/txb8rs HTTP/1.1 --> 204 NO_CONTENT (referrer: -; agent: python-requests/2.9.1)
Nov  6 21:43:09 mas01 sh[8943]: 2018-11-06 21:43:09 regiond: [info] 192.168.11.43 POST /MAAS/metadata/status/q8qdsk HTTP/1.1 --> 204 NO_CONTENT (referrer: -; agent: python-requests/2.9.1)
Nov  6 21:43:09 mas01 sh[8943]: 2018-11-06 21:43:09 regiond: [info] 192.168.11.42 POST /MAAS/metadata/status/txb8rs HTTP/1.1 --> 204 NO_CONTENT (referrer: -; agent: python-requests/2.9.1)
Nov  6 21:43:09 mas01 sh[9276]: 2018-11-06 21:43:09 regiond: [info] 192.168.11.43 POST /MAAS/metadata/status/q8qdsk HTTP/1.1 --> 204 NO_CONTENT (referrer: -; agent: python-requests/2.9.1)
Nov  6 21:43:09 mas01 sh[8793]: 2018-11-06 21:43:09 regiond: [info] 192.168.11.44 POST /MAAS/metadata/status/y8wyhr HTTP/1.1 --> 204 NO_CONTENT (referrer: -; agent: python-requests/2.9.1)
Nov  6 21:43:09 mas01 sh[8943]: 2018-11-06 21:43:09 regiond: [info] 192.168.11.42 POST /MAAS/metadata/status/txb8rs HTTP/1.1 --> 204 NO_CONTENT (referrer: -; agent: python-requests/2.9.1)
Nov  6 21:43:09 mas01 sh[8793]: 2018-11-06 21:43:09 regiond: [info] 192.168.11.44 POST /MAAS/metadata/status/y8wyhr HTTP/1.1 --> 204 NO_CONTENT (referrer: -; agent: python-requests/2.9.1)
Nov  6 21:43:09 mas01 sh[9276]: 2018-11-06 21:43:09 regiond: [info] 192.168.11.42 POST /MAAS/metadata/status/txb8rs HTTP/1.1 --> 204 NO_CONTENT (referrer: -; agent: python-requests/2.9.1)
Nov  6 21:43:09 mas01 sh[8793]: 2018-11-06 21:43:09 regiond: [info] 192.168.11.44 POST /MAAS/metadata/status/y8wyhr HTTP/1.1 --> 204 NO_CONTENT (referrer: -; agent: python-requests/2.9.1)
Nov  6 21:43:09 mas01 sh[9276]: 2018-11-06 21:43:09 regiond: [info] 192.168.11.43 POST /MAAS/metadata/status/q8qdsk HTTP/1.1 --> 204 NO_CONTENT (referrer: -; agent: python-requests/2.9.1)
Nov  6 21:43:09 mas01 sh[9276]: 2018-11-06 21:43:09 regiond: [info] 192.168.11.42 POST /MAAS/metadata/status/txb8rs HTTP/1.1 --> 204 NO_CONTENT (referrer: -; agent: python-requests/2.9.1)
Nov  6 21:43:09 mas01 sh[8793]: 2018-11-06 21:43:09 regiond: [info] 192.168.11.44 POST /MAAS/metadata/status/y8wyhr HTTP/1.1 --> 204 NO_CONTENT (referrer: -; agent: python-requests/2.9.1)
Nov  6 21:43:09 mas01 sh[8965]: 2018-11-06 21:43:09 regiond: [info] 192.168.11.43 POST /MAAS/metadata/status/q8qdsk HTTP/1.1 --> 204 NO_CONTENT (referrer: -; agent: python-requests/2.9.1)
Nov  6 21:43:09 mas01 sh[8793]: 2018-11-06 21:43:09 regiond: [info] 192.168.11.42 POST /MAAS/metadata/status/txb8rs HTTP/1.1 --> 204 NO_CONTENT (referrer: -; agent: python-requests/2.9.1)
Nov  6 21:43:09 mas01 sh[8943]: 2018-11-06 21:43:09 regiond: [info] 192.168.11.44 POST /MAAS/metadata/status/y8wyhr HTTP/1.1 --> 204 NO_CONTENT (referrer: -; agent: python-requests/2.9.1)
Nov  6 21:43:09 mas01 sh[8793]: 2018-11-06 21:43:09 regiond: [info] 192.168.11.43 POST /MAAS/metadata/status/q8qdsk HTTP/1.1 --> 204 NO_CONTENT (referrer: -; agent: python-requests/2.9.1)
Nov  6 21:43:09 mas01 sh[8943]: 2018-11-06 21:43:09 regiond: [info] 192.168.11.42 POST /MAAS/metadata/status/txb8rs HTTP/1.1 --> 204 NO_CONTENT (referrer: -; agent: python-requests/2.9.1)
Nov  6 21:43:09 mas01 sh[8793]: 2018-11-06 21:43:09 regiond: [info] 192.168.11.44 POST /MAAS/metadata/status/y8wyhr HTTP/1.1 --> 204 NO_CONTENT (referrer: -; agent: python-requests/2.9.1)
Nov  6 21:43:09 mas01 sh[9276]: 2018-11-06 21:43:09 regiond: [info] 192.168.11.43 POST /MAAS/metadata/status/q8qdsk HTTP/1.1 --> 204 NO_CONTENT (referrer: -; agent: python-requests/2.9.1)
Nov  6 21:43:09 mas01 sh[8943]: 2018-11-06 21:43:09 regiond: [info] 192.168.11.42 POST /MAAS/metadata/status/txb8rs HTTP/1.1 --> 204 NO_CONTENT (referrer: -; agent: python-requests/2.9.1)
Nov  6 21:43:09 mas01 sh[8943]: 2018-11-06 21:43:09 regiond: [info] 192.168.11.44 POST /MAAS/metadata/status/y8wyhr HTTP/1.1 --> 204 NO_CONTENT (referrer: -; agent: python-requests/2.9.1)
Nov  6 21:43:09 mas01 sh[8943]: 2018-11-06 21:43:09 regiond: [info] 192.168.11.44 POST /MAAS/metadata/status/y8wyhr HTTP/1.1 --> 204 NO_CONTENT (referrer: -; agent: python-requests/2.9.1)
Nov  6 21:43:09 mas01 sh[8793]: 2018-11-06 21:43:09 regiond: [info] 192.168.11.44 POST /MAAS/metadata/status/y8wyhr HTTP/1.1 --> 204 NO_CONTENT (referrer: -; agent: python-requests/2.9.1)
Nov  6 21:43:09 mas01 sh[8965]: 2018-11-06 21:43:09 regiond: [info] 192.168.11.42 POST /MAAS/metadata/status/txb8rs HTTP/1.1 --> 204 NO_CONTENT (referrer: -; agent: python-requests/2.9.1)
Nov  6 21:43:09 mas01 sh[8943]: 2018-11-06 21:43:09 regiond: [info] 192.168.11.43 POST /MAAS/metadata/status/q8qdsk HTTP/1.1 --> 204 NO_CONTENT (referrer: -; agent: python-requests/2.9.1)
Nov  6 21:43:09 mas01 sh[8965]: 2018-11-06 21:43:09 regiond: [info] 192.168.11.42 POST /MAAS/metadata/status/txb8rs HTTP/1.1 --> 204 NO_CONTENT (referrer: -; agent: python-requests/2.9.1)
Nov  6 21:43:09 mas01 sh[8943]: 2018-11-06 21:43:09 regiond: [info] 192.168.11.43 POST /MAAS/metadata/status/q8qdsk HTTP/1.1 --> 204 NO_CONTENT (referrer: -; agent: python-requests/2.9.1)
Nov  6 21:43:09 mas01 sh[8965]: 2018-11-06 21:43:09 regiond: [info] 192.168.11.44 POST /MAAS/metadata/status/y8wyhr HTTP/1.1 --> 204 NO_CONTENT (referrer: -; agent: python-requests/2.9.1)
Nov  6 21:43:09 mas01 sh[9276]: 2018-11-06 21:43:09 regiond: [info] 192.168.11.42 POST /MAAS/metadata/status/txb8rs HTTP/1.1 --> 204 NO_CONTENT (referrer: -; agent: python-requests/2.9.1)
