Nov  5 05:14:15 mas01 sh[18303]: 2018-11-05 05:14:15 provisioningserver.rackdservices.tftp: [info] ubuntu/amd64/ga-16.04/xenial/daily/boot-initrd requested by 00:25:b5:a0:00:3a
Nov  5 05:14:16 mas01 sh[18831]: 2018-11-05 05:14:16 regiond: [info] 127.0.0.1 GET /MAAS/rpc/ HTTP/1.0 --> 200 OK (referrer: -; agent: provisioningserver.rpc.clusterservice.ClusterClientService)
Nov  5 05:14:16 mas01 dhcpd[22753]: DHCPDISCOVER from 00:25:b5:a0:00:6a via ens5
Nov  5 05:14:16 mas01 dhcpd[22753]: DHCPOFFER on 192.168.11.47 to 00:25:b5:a0:00:6a (cmp002) via ens5
Nov  5 05:14:16 mas01 dhcpd[22753]: execute_statement argv[0] = /usr/sbin/maas-dhcp-helper
Nov  5 05:14:16 mas01 dhcpd[22753]: execute_statement argv[1] = notify
Nov  5 05:14:16 mas01 dhcpd[22753]: execute_statement argv[2] = --action
Nov  5 05:14:16 mas01 dhcpd[22753]: execute_statement argv[3] = commit
Nov  5 05:14:16 mas01 dhcpd[22753]: execute_statement argv[4] = --mac
Nov  5 05:14:16 mas01 dhcpd[22753]: execute_statement argv[5] = 0:25:b5:a0:0:6a
Nov  5 05:14:16 mas01 dhcpd[22753]: execute_statement argv[6] = --ip-family
Nov  5 05:14:16 mas01 dhcpd[22753]: execute_statement argv[7] = ipv4
Nov  5 05:14:16 mas01 dhcpd[22753]: execute_statement argv[8] = --ip
Nov  5 05:14:16 mas01 dhcpd[22753]: execute_statement argv[9] = 192.168.11.47
Nov  5 05:14:16 mas01 dhcpd[22753]: execute_statement argv[10] = --lease-time
Nov  5 05:14:16 mas01 dhcpd[22753]: execute_statement argv[11] = 600
Nov  5 05:14:16 mas01 dhcpd[22753]: execute_statement argv[12] = --hostname
Nov  5 05:14:16 mas01 dhcpd[22753]: execute_statement argv[13] = cmp002
Nov  5 05:14:16 mas01 dhcpd[22753]: execute_statement argv[14] = --socket
Nov  5 05:14:16 mas01 dhcpd[22753]: execute_statement argv[15] = /var/lib/maas/dhcpd.sock
Nov  5 05:14:16 mas01 dhcpd[22753]: DHCPREQUEST for 192.168.11.47 (192.168.11.3) from 00:25:b5:a0:00:6a (cmp002) via ens5
Nov  5 05:14:16 mas01 dhcpd[22753]: DHCPACK on 192.168.11.47 to 00:25:b5:a0:00:6a (cmp002) via ens5
Nov  5 05:14:16 mas01 sh[18840]: 2018-11-05 05:14:16 maasserver.rpc.leases: [info] Lease update: commit for 192.168.11.47 on 0:25:b5:a0:0:6a at 2018-11-05 05:14:16 (lease time: 600s) (hostname: cmp002)
Nov  5 05:14:16 mas01 sh[18303]: 2018-11-05 05:14:16 rackd: [info] 192.168.11.47 GET /images/ubuntu/amd64/ga-16.04/xenial/daily/squashfs HTTP/1.1 --> 200 OK (referrer: -; agent: Wget)
Nov  5 05:14:18 mas01 dhcpd[22753]: execute_statement argv[0] = /usr/sbin/maas-dhcp-helper
Nov  5 05:14:18 mas01 dhcpd[22753]: execute_statement argv[1] = notify
Nov  5 05:14:18 mas01 dhcpd[22753]: execute_statement argv[2] = --action
Nov  5 05:14:18 mas01 dhcpd[22753]: execute_statement argv[3] = commit
Nov  5 05:14:18 mas01 dhcpd[22753]: execute_statement argv[4] = --mac
Nov  5 05:14:18 mas01 dhcpd[22753]: execute_statement argv[5] = 0:25:b5:a0:0:4a
Nov  5 05:14:18 mas01 dhcpd[22753]: execute_statement argv[6] = --ip-family
Nov  5 05:14:18 mas01 dhcpd[22753]: execute_statement argv[7] = ipv4
Nov  5 05:14:18 mas01 dhcpd[22753]: execute_statement argv[8] = --ip
Nov  5 05:14:18 mas01 dhcpd[22753]: execute_statement argv[9] = 192.168.11.49
Nov  5 05:14:18 mas01 dhcpd[22753]: execute_statement argv[10] = --lease-time
Nov  5 05:14:18 mas01 dhcpd[22753]: execute_statement argv[11] = 30
Nov  5 05:14:18 mas01 dhcpd[22753]: execute_statement argv[12] = --hostname
Nov  5 05:14:18 mas01 dhcpd[22753]: execute_statement argv[13] = (none)
Nov  5 05:14:18 mas01 dhcpd[22753]: execute_statement argv[14] = --socket
Nov  5 05:14:18 mas01 dhcpd[22753]: execute_statement argv[15] = /var/lib/maas/dhcpd.sock
Nov  5 05:14:18 mas01 dhcpd[22753]: DHCPREQUEST for 192.168.11.49 (192.168.11.3) from 00:25:b5:a0:00:4a via ens5
Nov  5 05:14:18 mas01 dhcpd[22753]: DHCPACK on 192.168.11.49 to 00:25:b5:a0:00:4a via ens5
Nov  5 05:14:18 mas01 sh[18303]: 2018-11-05 05:14:18 provisioningserver.rackdservices.tftp: [info] pxelinux.0 requested by 00:25:b5:a0:00:4a
Nov  5 05:14:18 mas01 sh[18303]: 2018-11-05 05:14:18 provisioningserver.rackdservices.tftp: [info] pxelinux.0 requested by 00:25:b5:a0:00:4a
Nov  5 05:14:18 mas01 sh[18835]: 2018-11-05 05:14:18 maasserver.rpc.leases: [info] Lease update: commit for 192.168.11.49 on 0:25:b5:a0:0:4a at 2018-11-05 05:14:18 (lease time: 30s)
Nov  5 05:14:18 mas01 sh[18303]: 2018-11-05 05:14:18 provisioningserver.rackdservices.tftp: [info] ldlinux.c32 requested by 00:25:b5:a0:00:4a
Nov  5 05:14:18 mas01 sh[18303]: 2018-11-05 05:14:18 provisioningserver.rackdservices.tftp: [info] pxelinux.cfg/f0c9cf06-d8ce-11e4-0000-10000000004f requested by 00:25:b5:a0:00:4a
Nov  5 05:14:18 mas01 sh[18303]: 2018-11-05 05:14:18 provisioningserver.rackdservices.tftp: [info] pxelinux.cfg/01-00-25-b5-a0-00-4a requested by 00:25:b5:a0:00:4a
Nov  5 05:14:18 mas01 sh[18303]: 2018-11-05 05:14:18 provisioningserver.rackdservices.tftp: [info] pxelinux.cfg/01-00-25-b5-a0-00-4a requested by 00:25:b5:a0:00:4a
Nov  5 05:14:18 mas01 sh[18303]: 2018-11-05 05:14:18 provisioningserver.rackdservices.tftp: [info] ubuntu/amd64/ga-16.04/xenial/daily/boot-kernel requested by 00:25:b5:a0:00:4a
Nov  5 05:14:19 mas01 sh[18831]: 2018-11-05 05:14:19 regiond: [info] 192.168.11.47 GET /MAAS/metadata/latest/by-id/fdfayb/?op=get_preseed HTTP/1.1 --> 200 OK (referrer: -; agent: Cloud-Init/18.3-9-g2e62cb8a-0ubuntu1~16.04.2)
Nov  5 05:14:19 mas01 sh[18840]: 2018-11-05 05:14:19 regiond: [info] 192.168.11.47 POST /MAAS/metadata/status/fdfayb HTTP/1.1 --> 204 NO_CONTENT (referrer: -; agent: python-requests/2.9.1)
Nov  5 05:14:19 mas01 sh[18840]: 2018-11-05 05:14:19 regiond: [info] 192.168.11.47 POST /MAAS/metadata/status/fdfayb HTTP/1.1 --> 204 NO_CONTENT (referrer: -; agent: python-requests/2.9.1)
Nov  5 05:14:19 mas01 sh[19713]: 2018-11-05 05:14:19 regiond: [info] 192.168.11.47 POST /MAAS/metadata/status/fdfayb HTTP/1.1 --> 204 NO_CONTENT (referrer: -; agent: python-requests/2.9.1)
Nov  5 05:14:19 mas01 sh[18303]: 2018-11-05 05:14:19 provisioningserver.rackdservices.tftp: [info] ubuntu/amd64/ga-16.04/xenial/daily/boot-initrd requested by 00:25:b5:a0:00:4a
Nov  5 05:14:19 mas01 sh[19713]: 2018-11-05 05:14:19 regiond: [info] 192.168.11.47 GET /MAAS/metadata/latest/by-id/fdfayb/?op=get_preseed HTTP/1.1 --> 200 OK (referrer: -; agent: Cloud-Init/18.3-9-g2e62cb8a-0ubuntu1~16.04.2)
Nov  5 05:14:19 mas01 sh[18835]: 2018-11-05 05:14:19 regiond: [info] 192.168.11.47 POST /MAAS/metadata/status/fdfayb HTTP/1.1 --> 204 NO_CONTENT (referrer: -; agent: python-requests/2.9.1)
Nov  5 05:14:19 mas01 sh[18831]: 2018-11-05 05:14:19 regiond: [info] 192.168.11.47 POST /MAAS/metadata/status/fdfayb HTTP/1.1 --> 204 NO_CONTENT (referrer: -; agent: python-requests/2.9.1)
Nov  5 05:14:19 mas01 sh[18835]: 2018-11-05 05:14:19 regiond: [info] 192.168.11.47 POST /MAAS/metadata/status/fdfayb HTTP/1.1 --> 204 NO_CONTENT (referrer: -; agent: python-requests/2.9.1)
Nov  5 05:14:20 mas01 sh[19713]: 2018-11-05 05:14:20 regiond: [info] 192.168.11.47 GET /MAAS/metadata/curtin/2012-03-01/meta-data/instance-id HTTP/1.1 --> 200 OK (referrer: -; agent: Cloud-Init/18.3-9-g2e62cb8a-0ubuntu1~16.04.2)
Nov  5 05:14:20 mas01 sh[18835]: 2018-11-05 05:14:20 regiond: [info] 192.168.11.47 GET /MAAS/metadata/curtin/2012-03-01/meta-data/instance-id HTTP/1.1 --> 200 OK (referrer: -; agent: python-requests/2.9.1)
Nov  5 05:14:20 mas01 sh[18840]: 2018-11-05 05:14:20 regiond: [info] 192.168.11.47 GET /MAAS/metadata/curtin/2012-03-01/meta-data/local-hostname HTTP/1.1 --> 200 OK (referrer: -; agent: python-requests/2.9.1)
Nov  5 05:14:20 mas01 sh[19713]: 2018-11-05 05:14:20 regiond: [info] 192.168.11.47 GET /MAAS/metadata/curtin/2012-03-01/meta-data/public-keys HTTP/1.1 --> 200 OK (referrer: -; agent: python-requests/2.9.1)
Nov  5 05:14:20 mas01 sh[18831]: 2018-11-05 05:14:20 regiond: [info] 192.168.11.47 GET /MAAS/metadata/curtin/2012-03-01/meta-data/vendor-data HTTP/1.1 --> 200 OK (referrer: -; agent: python-requests/2.9.1)
Nov  5 05:14:20 mas01 sh[18831]: 2018-11-05 05:14:20 maasserver.preseed: [warn] WARNING: '/etc/maas/preseeds/curtin_userdata_amd64_generic_xenial' contains deprecated preseed variables. Please remove: main_archive_directory, ports_archive_directory, http_proxy
Nov  5 05:14:20 mas01 sh[18831]: 2018-11-05 05:14:20 regiond: [info] 192.168.11.47 GET /MAAS/metadata/curtin/2012-03-01/user-data HTTP/1.1 --> 200 OK (referrer: -; agent: python-requests/2.9.1)
Nov  5 05:14:20 mas01 sh[18831]: 2018-11-05 05:14:20 regiond: [info] 192.168.11.47 POST /MAAS/metadata/status/fdfayb HTTP/1.1 --> 204 NO_CONTENT (referrer: -; agent: python-requests/2.9.1)
Nov  5 05:14:20 mas01 sh[19713]: 2018-11-05 05:14:20 regiond: [info] 192.168.11.47 POST /MAAS/metadata/status/fdfayb HTTP/1.1 --> 204 NO_CONTENT (referrer: -; agent: python-requests/2.9.1)
Nov  5 05:14:20 mas01 sh[18835]: 2018-11-05 05:14:20 regiond: [info] 192.168.11.47 POST /MAAS/metadata/status/fdfayb HTTP/1.1 --> 204 NO_CONTENT (referrer: -; agent: python-requests/2.9.1)
Nov  5 05:14:20 mas01 sh[18835]: 2018-11-05 05:14:20 regiond: [info] 192.168.11.47 POST /MAAS/metadata/status/fdfayb HTTP/1.1 --> 204 NO_CONTENT (referrer: -; agent: python-requests/2.9.1)
Nov  5 05:14:20 mas01 sh[18831]: 2018-11-05 05:14:20 regiond: [info] 192.168.11.47 POST /MAAS/metadata/status/fdfayb HTTP/1.1 --> 204 NO_CONTENT (referrer: -; agent: python-requests/2.9.1)
Nov  5 05:14:20 mas01 sh[19713]: 2018-11-05 05:14:20 regiond: [info] 192.168.11.47 POST /MAAS/metadata/status/fdfayb HTTP/1.1 --> 204 NO_CONTENT (referrer: -; agent: python-requests/2.9.1)
Nov  5 05:14:20 mas01 sh[18835]: 2018-11-05 05:14:20 regiond: [info] 192.168.11.47 POST /MAAS/metadata/status/fdfayb HTTP/1.1 --> 204 NO_CONTENT (referrer: -; agent: python-requests/2.9.1)
Nov  5 05:14:20 mas01 salt-minion[6072]: [INFO    ] User sudo_ubuntu Executing command state.apply with jid 20181105051420701906
Nov  5 05:14:20 mas01 sh[18835]: 2018-11-05 05:14:20 regiond: [info] 192.168.11.47 POST /MAAS/metadata/status/fdfayb HTTP/1.1 --> 204 NO_CONTENT (referrer: -; agent: python-requests/2.9.1)
Nov  5 05:14:20 mas01 sh[18840]: 2018-11-05 05:14:20 regiond: [info] 192.168.11.47 POST /MAAS/metadata/status/fdfayb HTTP/1.1 --> 204 NO_CONTENT (referrer: -; agent: python-requests/2.9.1)
Nov  5 05:14:20 mas01 salt-minion[6072]: [INFO    ] Starting a new job with PID 23671
Nov  5 05:14:20 mas01 sh[19713]: 2018-11-05 05:14:20 regiond: [info] 192.168.11.47 POST /MAAS/metadata/status/fdfayb HTTP/1.1 --> 204 NO_CONTENT (referrer: -; agent: python-requests/2.9.1)
Nov  5 05:14:20 mas01 sh[18835]: 2018-11-05 05:14:20 regiond: [info] 192.168.11.47 POST /MAAS/metadata/status/fdfayb HTTP/1.1 --> 204 NO_CONTENT (referrer: -; agent: python-requests/2.9.1)
Nov  5 05:14:20 mas01 sh[18840]: 2018-11-05 05:14:20 regiond: [info] 192.168.11.47 POST /MAAS/metadata/status/fdfayb HTTP/1.1 --> 204 NO_CONTENT (referrer: -; agent: python-requests/2.9.1)
Nov  5 05:14:20 mas01 sh[18835]: 2018-11-05 05:14:20 regiond: [info] 192.168.11.47 POST /MAAS/metadata/status/fdfayb HTTP/1.1 --> 204 NO_CONTENT (referrer: -; agent: python-requests/2.9.1)
Nov  5 05:14:20 mas01 sh[19713]: 2018-11-05 05:14:20 regiond: [info] 192.168.11.47 POST /MAAS/metadata/status/fdfayb HTTP/1.1 --> 204 NO_CONTENT (referrer: -; agent: python-requests/2.9.1)
Nov  5 05:14:20 mas01 sh[18835]: 2018-11-05 05:14:20 regiond: [info] 192.168.11.47 POST /MAAS/metadata/status/fdfayb HTTP/1.1 --> 204 NO_CONTENT (referrer: -; agent: python-requests/2.9.1)
Nov  5 05:14:20 mas01 sh[19713]: 2018-11-05 05:14:20 regiond: [info] 192.168.11.47 POST /MAAS/metadata/status/fdfayb HTTP/1.1 --> 204 NO_CONTENT (referrer: -; agent: python-requests/2.9.1)
Nov  5 05:14:20 mas01 sh[18835]: 2018-11-05 05:14:20 regiond: [info] 192.168.11.47 POST /MAAS/metadata/status/fdfayb HTTP/1.1 --> 204 NO_CONTENT (referrer: -; agent: python-requests/2.9.1)
Nov  5 05:14:20 mas01 sh[19713]: 2018-11-05 05:14:20 regiond: [info] 192.168.11.47 POST /MAAS/metadata/status/fdfayb HTTP/1.1 --> 204 NO_CONTENT (referrer: -; agent: python-requests/2.9.1)
Nov  5 05:14:20 mas01 sh[19713]: 2018-11-05 05:14:20 regiond: [info] 192.168.11.47 POST /MAAS/metadata/status/fdfayb HTTP/1.1 --> 204 NO_CONTENT (referrer: -; agent: python-requests/2.9.1)
Nov  5 05:14:20 mas01 sh[18835]: 2018-11-05 05:14:20 regiond: [info] 192.168.11.47 POST /MAAS/metadata/status/fdfayb HTTP/1.1 --> 204 NO_CONTENT (referrer: -; agent: python-requests/2.9.1)
Nov  5 05:14:20 mas01 sh[18840]: 2018-11-05 05:14:20 regiond: [info] 192.168.11.47 POST /MAAS/metadata/status/fdfayb HTTP/1.1 --> 204 NO_CONTENT (referrer: -; agent: python-requests/2.9.1)
Nov  5 05:14:20 mas01 sh[18831]: 2018-11-05 05:14:20 regiond: [info] 192.168.11.47 POST /MAAS/metadata/status/fdfayb HTTP/1.1 --> 204 NO_CONTENT (referrer: -; agent: python-requests/2.9.1)
Nov  5 05:14:20 mas01 sh[18831]: message repeated 2 times: [ 2018-11-05 05:14:20 regiond: [info] 192.168.11.47 POST /MAAS/metadata/status/fdfayb HTTP/1.1 --> 204 NO_CONTENT (referrer: -; agent: python-requests/2.9.1)]
Nov  5 05:14:20 mas01 sh[18835]: 2018-11-05 05:14:20 regiond: [info] 192.168.11.47 POST /MAAS/metadata/status/fdfayb HTTP/1.1 --> 204 NO_CONTENT (referrer: -; agent: python-requests/2.9.1)
Nov  5 05:14:20 mas01 sh[18831]: 2018-11-05 05:14:20 regiond: [info] 192.168.11.47 POST /MAAS/metadata/status/fdfayb HTTP/1.1 --> 204 NO_CONTENT (referrer: -; agent: python-requests/2.9.1)
Nov  5 05:14:20 mas01 sh[19713]: 2018-11-05 05:14:20 regiond: [info] 192.168.11.47 POST /MAAS/metadata/status/fdfayb HTTP/1.1 --> 204 NO_CONTENT (referrer: -; agent: python-requests/2.9.1)
Nov  5 05:14:20 mas01 sh[18831]: 2018-11-05 05:14:20 regiond: [info] 192.168.11.47 POST /MAAS/metadata/status/fdfayb HTTP/1.1 --> 204 NO_CONTENT (referrer: -; agent: python-requests/2.9.1)
Nov  5 05:14:20 mas01 sh[19713]: 2018-11-05 05:14:20 regiond: [info] 192.168.11.47 POST /MAAS/metadata/status/fdfayb HTTP/1.1 --> 204 NO_CONTENT (referrer: -; agent: python-requests/2.9.1)
Nov  5 05:14:20 mas01 sh[19713]: 2018-11-05 05:14:20 regiond: [info] 192.168.11.47 POST /MAAS/metadata/status/fdfayb HTTP/1.1 --> 204 NO_CONTENT (referrer: -; agent: python-requests/2.9.1)
Nov  5 05:14:20 mas01 sh[18835]: 2018-11-05 05:14:20 regiond: [info] 192.168.11.47 POST /MAAS/metadata/status/fdfayb HTTP/1.1 --> 204 NO_CONTENT (referrer: -; agent: python-requests/2.9.1)
Nov  5 05:14:20 mas01 sh[18835]: 2018-11-05 05:14:20 regiond: [info] 192.168.11.47 POST /MAAS/metadata/status/fdfayb HTTP/1.1 --> 204 NO_CONTENT (referrer: -; agent: python-requests/2.9.1)
Nov  5 05:14:20 mas01 sh[19713]: 2018-11-05 05:14:20 regiond: [info] 192.168.11.47 POST /MAAS/metadata/status/fdfayb HTTP/1.1 --> 204 NO_CONTENT (referrer: -; agent: python-requests/2.9.1)
Nov  5 05:14:20 mas01 sh[19713]: 2018-11-05 05:14:20 regiond: [info] 192.168.11.47 POST /MAAS/metadata/status/fdfayb HTTP/1.1 --> 204 NO_CONTENT (referrer: -; agent: python-requests/2.9.1)
Nov  5 05:14:20 mas01 sh[18835]: 2018-11-05 05:14:20 regiond: [info] 192.168.11.47 POST /MAAS/metadata/status/fdfayb HTTP/1.1 --> 204 NO_CONTENT (referrer: -; agent: python-requests/2.9.1)
Nov  5 05:14:20 mas01 sh[18840]: 2018-11-05 05:14:20 regiond: [info] 192.168.11.47 POST /MAAS/metadata/status/fdfayb HTTP/1.1 --> 204 NO_CONTENT (referrer: -; agent: python-requests/2.9.1)
Nov  5 05:14:21 mas01 sh[18831]: 2018-11-05 05:14:21 regiond: [info] 192.168.11.47 POST /MAAS/metadata/status/fdfayb HTTP/1.1 --> 204 NO_CONTENT (referrer: -; agent: python-requests/2.9.1)
Nov  5 05:14:21 mas01 sh[19713]: 2018-11-05 05:14:21 regiond: [info] 192.168.11.47 POST /MAAS/metadata/status/fdfayb HTTP/1.1 --> 204 NO_CONTENT (referrer: -; agent: python-requests/2.9.1)
Nov  5 05:14:21 mas01 sh[19713]: 2018-11-05 05:14:21 regiond: [info] 192.168.11.47 POST /MAAS/metadata/status/fdfayb HTTP/1.1 --> 204 NO_CONTENT (referrer: -; agent: python-requests/2.9.1)
Nov  5 05:14:21 mas01 sh[18840]: 2018-11-05 05:14:21 regiond: [info] 192.168.11.47 POST /MAAS/metadata/status/fdfayb HTTP/1.1 --> 204 NO_CONTENT (referrer: -; agent: python-requests/2.9.1)
Nov  5 05:14:24 mas01 salt-minion[6072]: [INFO    ] Loading fresh modules for state activity
Nov  5 05:14:24 mas01 salt-minion[6072]: [INFO    ] Running state [maas-region apikey --username opnfv > /var/lib/maas/.maas_credentials] at time 05:14:24.431182
Nov  5 05:14:24 mas01 salt-minion[6072]: [INFO    ] Executing state cmd.run for [maas-region apikey --username opnfv > /var/lib/maas/.maas_credentials]
Nov  5 05:14:24 mas01 salt-minion[6072]: [INFO    ] Executing command 'maas-region apikey --username opnfv > /var/lib/maas/.maas_credentials' in directory '/root'
Nov  5 05:14:25 mas01 salt-minion[6072]: [INFO    ] User sudo_ubuntu Executing command saltutil.find_job with jid 20181105051425780783
Nov  5 05:14:25 mas01 salt-minion[6072]: [INFO    ] Starting a new job with PID 23723
Nov  5 05:14:25 mas01 salt-minion[6072]: [INFO    ] Returning information for job: 20181105051425780783
Nov  5 05:14:25 mas01 salt-minion[6072]: [INFO    ] {'pid': 23714, 'retcode': 0, 'stderr': '', 'stdout': ''}
Nov  5 05:14:25 mas01 salt-minion[6072]: [INFO    ] Completed state [maas-region apikey --username opnfv > /var/lib/maas/.maas_credentials] at time 05:14:25.914117 duration_in_ms=1482.934
Nov  5 05:14:25 mas01 salt-minion[6072]: [INFO    ] Running state [maas.machines_status] at time 05:14:25.916937
Nov  5 05:14:25 mas01 salt-minion[6072]: [INFO    ] Executing state module.run for [maas.machines_status]
Nov  5 05:14:25 mas01 salt-minion[6072]: [WARNING ] The function "module.run" is using its deprecated version and will expire in version "Sodium".
Nov  5 05:14:26 mas01 sh[18835]: 2018-11-05 05:14:26 regiond: [info] 127.0.0.1 GET /MAAS/api/2.0/machines/ HTTP/1.1 --> 200 OK (referrer: -; agent: Python-urllib/2.7)
Nov  5 05:14:26 mas01 salt-minion[6072]: [INFO    ] {'ret': {'machines': [{'status': 'Deploying', 'hostname': u'cmp002', 'system_id': u'fdfayb'}, {'status': 'Deploying', 'hostname': u'cmp001', 'system_id': u'yr8y67'}, {'status': 'Deploying', 'hostname': u'kvm01', 'system_id': u'ycbsfm'}, {'status': 'Deploying', 'hostname': u'kvm03', 'system_id': u'hb4nfg'}, {'status': 'Deploying', 'hostname': u'kvm02', 'system_id': u'ear4te'}], 'summary': Counter({'Deploying': 5})}}
Nov  5 05:14:26 mas01 salt-minion[6072]: [INFO    ] Completed state [maas.machines_status] at time 05:14:26.655645 duration_in_ms=738.708
Nov  5 05:14:26 mas01 salt-minion[6072]: [INFO    ] Returning information for job: 20181105051420701906
Nov  5 05:14:27 mas01 dhcpd[22753]: DHCPDISCOVER from 00:25:b5:a0:00:5a via ens5
Nov  5 05:14:27 mas01 dhcpd[22753]: DHCPOFFER on 192.168.11.48 to 00:25:b5:a0:00:5a (cmp001) via ens5
Nov  5 05:14:27 mas01 dhcpd[22753]: execute_statement argv[0] = /usr/sbin/maas-dhcp-helper
Nov  5 05:14:27 mas01 dhcpd[22753]: execute_statement argv[1] = notify
Nov  5 05:14:27 mas01 dhcpd[22753]: execute_statement argv[2] = --action
Nov  5 05:14:27 mas01 dhcpd[22753]: execute_statement argv[3] = commit
Nov  5 05:14:27 mas01 dhcpd[22753]: execute_statement argv[4] = --mac
Nov  5 05:14:27 mas01 dhcpd[22753]: execute_statement argv[5] = 0:25:b5:a0:0:5a
Nov  5 05:14:27 mas01 dhcpd[22753]: execute_statement argv[6] = --ip-family
Nov  5 05:14:27 mas01 dhcpd[22753]: execute_statement argv[7] = ipv4
Nov  5 05:14:27 mas01 dhcpd[22753]: execute_statement argv[8] = --ip
Nov  5 05:14:27 mas01 dhcpd[22753]: execute_statement argv[9] = 192.168.11.48
Nov  5 05:14:27 mas01 dhcpd[22753]: execute_statement argv[10] = --lease-time
Nov  5 05:14:27 mas01 dhcpd[22753]: execute_statement argv[11] = 600
Nov  5 05:14:27 mas01 dhcpd[22753]: execute_statement argv[12] = --hostname
Nov  5 05:14:27 mas01 dhcpd[22753]: execute_statement argv[13] = cmp001
Nov  5 05:14:27 mas01 dhcpd[22753]: execute_statement argv[14] = --socket
Nov  5 05:14:27 mas01 dhcpd[22753]: execute_statement argv[15] = /var/lib/maas/dhcpd.sock
Nov  5 05:14:27 mas01 dhcpd[22753]: DHCPREQUEST for 192.168.11.48 (192.168.11.3) from 00:25:b5:a0:00:5a (cmp001) via ens5
Nov  5 05:14:27 mas01 dhcpd[22753]: DHCPACK on 192.168.11.48 to 00:25:b5:a0:00:5a (cmp001) via ens5
Nov  5 05:14:27 mas01 dhcpd[22753]: DHCPDISCOVER from 00:25:b5:a0:00:3a via ens5
Nov  5 05:14:27 mas01 dhcpd[22753]: DHCPOFFER on 192.168.11.51 to 00:25:b5:a0:00:3a (kvm02) via ens5
Nov  5 05:14:27 mas01 dhcpd[22753]: DHCPDISCOVER from 00:25:b5:a0:00:2a via ens5
Nov  5 05:14:27 mas01 dhcpd[22753]: DHCPOFFER on 192.168.11.50 to 00:25:b5:a0:00:2a (kvm01) via ens5
Nov  5 05:14:27 mas01 dhcpd[22753]: execute_statement argv[0] = /usr/sbin/maas-dhcp-helper
Nov  5 05:14:27 mas01 dhcpd[22753]: execute_statement argv[1] = notify
Nov  5 05:14:27 mas01 dhcpd[22753]: execute_statement argv[2] = --action
Nov  5 05:14:27 mas01 dhcpd[22753]: execute_statement argv[3] = commit
Nov  5 05:14:27 mas01 dhcpd[22753]: execute_statement argv[4] = --mac
Nov  5 05:14:27 mas01 dhcpd[22753]: execute_statement argv[5] = 0:25:b5:a0:0:3a
Nov  5 05:14:27 mas01 dhcpd[22753]: execute_statement argv[6] = --ip-family
Nov  5 05:14:27 mas01 dhcpd[22753]: execute_statement argv[7] = ipv4
Nov  5 05:14:27 mas01 dhcpd[22753]: execute_statement argv[8] = --ip
Nov  5 05:14:27 mas01 dhcpd[22753]: execute_statement argv[9] = 192.168.11.51
Nov  5 05:14:27 mas01 dhcpd[22753]: execute_statement argv[10] = --lease-time
Nov  5 05:14:27 mas01 dhcpd[22753]: execute_statement argv[11] = 600
Nov  5 05:14:27 mas01 dhcpd[22753]: execute_statement argv[12] = --hostname
Nov  5 05:14:27 mas01 sh[18835]: 2018-11-05 05:14:27 maasserver.rpc.leases: [info] Lease update: commit for 192.168.11.48 on 0:25:b5:a0:0:5a at 2018-11-05 05:14:27 (lease time: 600s) (hostname: cmp001)
Nov  5 05:14:27 mas01 dhcpd[22753]: execute_statement argv[13] = kvm02
Nov  5 05:14:27 mas01 dhcpd[22753]: execute_statement argv[14] = --socket
Nov  5 05:14:27 mas01 dhcpd[22753]: execute_statement argv[15] = /var/lib/maas/dhcpd.sock
Nov  5 05:14:27 mas01 sh[18835]: 2018-11-05 05:14:27 regiond: [info] 192.168.11.47 POST /MAAS/metadata/status/fdfayb HTTP/1.1 --> 204 NO_CONTENT (referrer: -; agent: python-requests/2.9.1)
Nov  5 05:14:27 mas01 sh[19713]: 2018-11-05 05:14:27 regiond: [info] 192.168.11.47 POST /MAAS/metadata/status/fdfayb HTTP/1.1 --> 204 NO_CONTENT (referrer: -; agent: python-requests/2.9.1)
Nov  5 05:14:27 mas01 sh[18831]: 2018-11-05 05:14:27 regiond: [info] 192.168.11.47 POST /MAAS/metadata/status/fdfayb HTTP/1.1 --> 204 NO_CONTENT (referrer: -; agent: python-requests/2.9.1)
Nov  5 05:14:27 mas01 sh[19713]: 2018-11-05 05:14:27 regiond: [info] 192.168.11.47 POST /MAAS/metadata/status/fdfayb HTTP/1.1 --> 204 NO_CONTENT (referrer: -; agent: python-requests/2.9.1)
Nov  5 05:14:27 mas01 sh[19713]: 2018-11-05 05:14:27 regiond: [info] 192.168.11.47 POST /MAAS/metadata/status/fdfayb HTTP/1.1 --> 204 NO_CONTENT (referrer: -; agent: python-requests/2.9.1)
Nov  5 05:14:27 mas01 sh[18835]: 2018-11-05 05:14:27 regiond: [info] 192.168.11.47 POST /MAAS/metadata/status/fdfayb HTTP/1.1 --> 204 NO_CONTENT (referrer: -; agent: python-requests/2.9.1)
Nov  5 05:14:27 mas01 sh[19713]: 2018-11-05 05:14:27 regiond: [info] 192.168.11.47 POST /MAAS/metadata/status/fdfayb HTTP/1.1 --> 204 NO_CONTENT (referrer: -; agent: python-requests/2.9.1)
Nov  5 05:14:27 mas01 dhcpd[22753]: DHCPREQUEST for 192.168.11.51 (192.168.11.3) from 00:25:b5:a0:00:3a (kvm02) via ens5
Nov  5 05:14:27 mas01 dhcpd[22753]: DHCPACK on 192.168.11.51 to 00:25:b5:a0:00:3a (kvm02) via ens5
Nov  5 05:14:27 mas01 dhcpd[22753]: execute_statement argv[0] = /usr/sbin/maas-dhcp-helper
Nov  5 05:14:27 mas01 dhcpd[22753]: execute_statement argv[1] = notify
Nov  5 05:14:27 mas01 dhcpd[22753]: execute_statement argv[2] = --action
Nov  5 05:14:27 mas01 dhcpd[22753]: execute_statement argv[3] = commit
Nov  5 05:14:27 mas01 dhcpd[22753]: execute_statement argv[4] = --mac
Nov  5 05:14:27 mas01 dhcpd[22753]: execute_statement argv[5] = 0:25:b5:a0:0:2a
Nov  5 05:14:27 mas01 dhcpd[22753]: execute_statement argv[6] = --ip-family
Nov  5 05:14:27 mas01 dhcpd[22753]: execute_statement argv[7] = ipv4
Nov  5 05:14:27 mas01 dhcpd[22753]: execute_statement argv[8] = --ip
Nov  5 05:14:27 mas01 dhcpd[22753]: execute_statement argv[9] = 192.168.11.50
Nov  5 05:14:27 mas01 dhcpd[22753]: execute_statement argv[10] = --lease-time
Nov  5 05:14:27 mas01 dhcpd[22753]: execute_statement argv[11] = 600
Nov  5 05:14:27 mas01 dhcpd[22753]: execute_statement argv[12] = --hostname
Nov  5 05:14:27 mas01 dhcpd[22753]: execute_statement argv[13] = kvm01
Nov  5 05:14:27 mas01 dhcpd[22753]: execute_statement argv[14] = --socket
Nov  5 05:14:27 mas01 dhcpd[22753]: execute_statement argv[15] = /var/lib/maas/dhcpd.sock
Nov  5 05:14:27 mas01 sh[19713]: 2018-11-05 05:14:27 regiond: [info] 192.168.11.47 POST /MAAS/metadata/status/fdfayb HTTP/1.1 --> 204 NO_CONTENT (referrer: -; agent: python-requests/2.9.1)
Nov  5 05:14:27 mas01 sh[18831]: 2018-11-05 05:14:27 regiond: [info] 192.168.11.47 POST /MAAS/metadata/status/fdfayb HTTP/1.1 --> 204 NO_CONTENT (referrer: -; agent: python-requests/2.9.1)
Nov  5 05:14:27 mas01 sh[18831]: 2018-11-05 05:14:27 maasserver.rpc.leases: [info] Lease update: commit for 192.168.11.51 on 0:25:b5:a0:0:3a at 2018-11-05 05:14:27 (lease time: 600s) (hostname: kvm02)
Nov  5 05:14:28 mas01 dhcpd[22753]: DHCPREQUEST for 192.168.11.50 (192.168.11.3) from 00:25:b5:a0:00:2a (kvm01) via ens5
Nov  5 05:14:28 mas01 dhcpd[22753]: DHCPACK on 192.168.11.50 to 00:25:b5:a0:00:2a (kvm01) via ens5
Nov  5 05:14:28 mas01 sh[19713]: 2018-11-05 05:14:28 maasserver.rpc.leases: [info] Lease update: commit for 192.168.11.50 on 0:25:b5:a0:0:2a at 2018-11-05 05:14:28 (lease time: 600s) (hostname: kvm01)
Nov  5 05:14:28 mas01 sh[18303]: 2018-11-05 05:14:28 rackd: [info] 192.168.11.48 GET /images/ubuntu/amd64/ga-16.04/xenial/daily/squashfs HTTP/1.1 --> 200 OK (referrer: -; agent: Wget)
Nov  5 05:14:28 mas01 sh[18303]: 2018-11-05 05:14:28 rackd: [info] 192.168.11.51 GET /images/ubuntu/amd64/ga-16.04/xenial/daily/squashfs HTTP/1.1 --> 200 OK (referrer: -; agent: Wget)
Nov  5 05:14:28 mas01 sh[18303]: 2018-11-05 05:14:28 rackd: [info] 192.168.11.50 GET /images/ubuntu/amd64/ga-16.04/xenial/daily/squashfs HTTP/1.1 --> 200 OK (referrer: -; agent: Wget)
Nov  5 05:14:28 mas01 sh[18835]: 2018-11-05 05:14:28 regiond: [info] 192.168.11.47 POST /MAAS/metadata/status/fdfayb HTTP/1.1 --> 204 NO_CONTENT (referrer: -; agent: python-requests/2.9.1)
Nov  5 05:14:28 mas01 sh[18831]: 2018-11-05 05:14:28 regiond: [info] 192.168.11.47 POST /MAAS/metadata/status/fdfayb HTTP/1.1 --> 204 NO_CONTENT (referrer: -; agent: python-requests/2.9.1)
Nov  5 05:14:28 mas01 sh[18840]: 2018-11-05 05:14:28 regiond: [info] 192.168.11.47 POST /MAAS/metadata/status/fdfayb HTTP/1.1 --> 204 NO_CONTENT (referrer: -; agent: python-requests/2.9.1)
Nov  5 05:14:28 mas01 sh[18831]: 2018-11-05 05:14:28 regiond: [info] 192.168.11.47 POST /MAAS/metadata/status/fdfayb HTTP/1.1 --> 204 NO_CONTENT (referrer: -; agent: python-requests/2.9.1)
Nov  5 05:14:29 mas01 sh[18835]: 2018-11-05 05:14:29 regiond: [info] 192.168.11.47 POST /MAAS/metadata/status/fdfayb HTTP/1.1 --> 204 NO_CONTENT (referrer: -; agent: python-requests/2.9.1)
Nov  5 05:14:29 mas01 sh[18835]: message repeated 2 times: [ 2018-11-05 05:14:29 regiond: [info] 192.168.11.47 POST /MAAS/metadata/status/fdfayb HTTP/1.1 --> 204 NO_CONTENT (referrer: -; agent: python-requests/2.9.1)]
Nov  5 05:14:29 mas01 sh[18831]: 2018-11-05 05:14:29 regiond: [info] 192.168.11.47 POST /MAAS/metadata/status/fdfayb HTTP/1.1 --> 204 NO_CONTENT (referrer: -; agent: python-requests/2.9.1)
Nov  5 05:14:29 mas01 sh[19713]: 2018-11-05 05:14:29 regiond: [info] 192.168.11.47 POST /MAAS/metadata/status/fdfayb HTTP/1.1 --> 204 NO_CONTENT (referrer: -; agent: python-requests/2.9.1)
Nov  5 05:14:29 mas01 sh[18831]: 2018-11-05 05:14:29 regiond: [info] 192.168.11.47 POST /MAAS/metadata/status/fdfayb HTTP/1.1 --> 204 NO_CONTENT (referrer: -; agent: python-requests/2.9.1)
Nov  5 05:14:29 mas01 sh[18840]: 2018-11-05 05:14:29 regiond: [info] 192.168.11.47 POST /MAAS/metadata/status/fdfayb HTTP/1.1 --> 204 NO_CONTENT (referrer: -; agent: python-requests/2.9.1)
Nov  5 05:14:29 mas01 sh[18835]: 2018-11-05 05:14:29 regiond: [info] 192.168.11.47 POST /MAAS/metadata/status/fdfayb HTTP/1.1 --> 204 NO_CONTENT (referrer: -; agent: python-requests/2.9.1)
Nov  5 05:14:31 mas01 sh[18840]: 2018-11-05 05:14:31 regiond: [info] 192.168.11.50 POST /MAAS/metadata/status/ycbsfm HTTP/1.1 --> 204 NO_CONTENT (referrer: -; agent: python-requests/2.9.1)
Nov  5 05:14:31 mas01 sh[19713]: 2018-11-05 05:14:31 regiond: [info] 192.168.11.50 POST /MAAS/metadata/status/ycbsfm HTTP/1.1 --> 204 NO_CONTENT (referrer: -; agent: python-requests/2.9.1)
Nov  5 05:14:31 mas01 sh[18831]: 2018-11-05 05:14:31 regiond: [info] 192.168.11.51 GET /MAAS/metadata/latest/by-id/ear4te/?op=get_preseed HTTP/1.1 --> 200 OK (referrer: -; agent: Cloud-Init/18.3-9-g2e62cb8a-0ubuntu1~16.04.2)
Nov  5 05:14:31 mas01 sh[18840]: 2018-11-05 05:14:31 regiond: [info] 192.168.11.48 POST /MAAS/metadata/status/yr8y67 HTTP/1.1 --> 204 NO_CONTENT (referrer: -; agent: python-requests/2.9.1)
Nov  5 05:14:31 mas01 sh[18840]: 2018-11-05 05:14:31 regiond: [info] 192.168.11.48 POST /MAAS/metadata/status/yr8y67 HTTP/1.1 --> 204 NO_CONTENT (referrer: -; agent: python-requests/2.9.1)
Nov  5 05:14:31 mas01 sh[18835]: 2018-11-05 05:14:31 regiond: [info] 192.168.11.51 POST /MAAS/metadata/status/ear4te HTTP/1.1 --> 204 NO_CONTENT (referrer: -; agent: python-requests/2.9.1)
Nov  5 05:14:31 mas01 sh[19713]: 2018-11-05 05:14:31 regiond: [info] 192.168.11.51 POST /MAAS/metadata/status/ear4te HTTP/1.1 --> 204 NO_CONTENT (referrer: -; agent: python-requests/2.9.1)
Nov  5 05:14:31 mas01 sh[18835]: 2018-11-05 05:14:31 regiond: [info] 192.168.11.50 POST /MAAS/metadata/status/ycbsfm HTTP/1.1 --> 204 NO_CONTENT (referrer: -; agent: python-requests/2.9.1)
Nov  5 05:14:31 mas01 sh[19713]: 2018-11-05 05:14:31 regiond: [info] 192.168.11.48 POST /MAAS/metadata/status/yr8y67 HTTP/1.1 --> 204 NO_CONTENT (referrer: -; agent: python-requests/2.9.1)
Nov  5 05:14:31 mas01 sh[18840]: 2018-11-05 05:14:31 regiond: [info] 192.168.11.51 POST /MAAS/metadata/status/ear4te HTTP/1.1 --> 204 NO_CONTENT (referrer: -; agent: python-requests/2.9.1)
Nov  5 05:14:31 mas01 sh[19713]: 2018-11-05 05:14:31 regiond: [info] 192.168.11.51 GET /MAAS/metadata/latest/by-id/ear4te/?op=get_preseed HTTP/1.1 --> 200 OK (referrer: -; agent: Cloud-Init/18.3-9-g2e62cb8a-0ubuntu1~16.04.2)
Nov  5 05:14:31 mas01 sh[18831]: 2018-11-05 05:14:31 regiond: [info] 192.168.11.51 POST /MAAS/metadata/status/ear4te HTTP/1.1 --> 204 NO_CONTENT (referrer: -; agent: python-requests/2.9.1)
Nov  5 05:14:31 mas01 sh[18835]: 2018-11-05 05:14:31 regiond: [info] 192.168.11.51 POST /MAAS/metadata/status/ear4te HTTP/1.1 --> 204 NO_CONTENT (referrer: -; agent: python-requests/2.9.1)
Nov  5 05:14:31 mas01 sh[18840]: 2018-11-05 05:14:31 regiond: [info] 192.168.11.51 POST /MAAS/metadata/status/ear4te HTTP/1.1 --> 204 NO_CONTENT (referrer: -; agent: python-requests/2.9.1)
Nov  5 05:14:31 mas01 sh[18835]: 2018-11-05 05:14:31 regiond: [info] 192.168.11.50 POST /MAAS/metadata/status/ycbsfm HTTP/1.1 --> 204 NO_CONTENT (referrer: -; agent: python-requests/2.9.1)
Nov  5 05:14:31 mas01 sh[18831]: 2018-11-05 05:14:31 regiond: [info] 192.168.11.50 POST /MAAS/metadata/status/ycbsfm HTTP/1.1 --> 204 NO_CONTENT (referrer: -; agent: python-requests/2.9.1)
Nov  5 05:14:31 mas01 sh[18835]: 2018-11-05 05:14:31 regiond: [info] 192.168.11.50 POST /MAAS/metadata/status/ycbsfm HTTP/1.1 --> 204 NO_CONTENT (referrer: -; agent: python-requests/2.9.1)
Nov  5 05:14:31 mas01 sh[18835]: 2018-11-05 05:14:31 regiond: [info] 192.168.11.48 POST /MAAS/metadata/status/yr8y67 HTTP/1.1 --> 204 NO_CONTENT (referrer: -; agent: python-requests/2.9.1)
Nov  5 05:14:31 mas01 sh[18840]: 2018-11-05 05:14:31 regiond: [info] 192.168.11.48 POST /MAAS/metadata/status/yr8y67 HTTP/1.1 --> 204 NO_CONTENT (referrer: -; agent: python-requests/2.9.1)
Nov  5 05:14:31 mas01 sh[19713]: 2018-11-05 05:14:31 regiond: [info] 192.168.11.48 POST /MAAS/metadata/status/yr8y67 HTTP/1.1 --> 204 NO_CONTENT (referrer: -; agent: python-requests/2.9.1)
Nov  5 05:14:31 mas01 sh[18831]: 2018-11-05 05:14:31 regiond: [info] 192.168.11.51 GET /MAAS/metadata/curtin/2012-03-01/meta-data/instance-id HTTP/1.1 --> 200 OK (referrer: -; agent: Cloud-Init/18.3-9-g2e62cb8a-0ubuntu1~16.04.2)
Nov  5 05:14:32 mas01 sh[18840]: 2018-11-05 05:14:32 regiond: [info] 192.168.11.50 GET /MAAS/metadata/curtin/2012-03-01/meta-data/instance-id HTTP/1.1 --> 200 OK (referrer: -; agent: Cloud-Init/18.3-9-g2e62cb8a-0ubuntu1~16.04.2)
Nov  5 05:14:32 mas01 sh[18835]: 2018-11-05 05:14:32 regiond: [info] 192.168.11.51 GET /MAAS/metadata/curtin/2012-03-01/meta-data/instance-id HTTP/1.1 --> 200 OK (referrer: -; agent: python-requests/2.9.1)
Nov  5 05:14:32 mas01 sh[18831]: 2018-11-05 05:14:32 regiond: [info] 192.168.11.48 GET /MAAS/metadata/curtin/2012-03-01/meta-data/instance-id HTTP/1.1 --> 200 OK (referrer: -; agent: Cloud-Init/18.3-9-g2e62cb8a-0ubuntu1~16.04.2)
Nov  5 05:14:32 mas01 sh[18831]: 2018-11-05 05:14:32 regiond: [info] 192.168.11.50 GET /MAAS/metadata/curtin/2012-03-01/meta-data/instance-id HTTP/1.1 --> 200 OK (referrer: -; agent: python-requests/2.9.1)
Nov  5 05:14:32 mas01 sh[18831]: 2018-11-05 05:14:32 regiond: [info] 192.168.11.48 GET /MAAS/metadata/curtin/2012-03-01/meta-data/instance-id HTTP/1.1 --> 200 OK (referrer: -; agent: python-requests/2.9.1)
Nov  5 05:14:32 mas01 sh[19713]: 2018-11-05 05:14:32 regiond: [info] 192.168.11.51 GET /MAAS/metadata/curtin/2012-03-01/meta-data/local-hostname HTTP/1.1 --> 200 OK (referrer: -; agent: python-requests/2.9.1)
Nov  5 05:14:32 mas01 sh[18835]: 2018-11-05 05:14:32 regiond: [info] 192.168.11.50 GET /MAAS/metadata/curtin/2012-03-01/meta-data/local-hostname HTTP/1.1 --> 200 OK (referrer: -; agent: python-requests/2.9.1)
Nov  5 05:14:32 mas01 sh[18835]: 2018-11-05 05:14:32 regiond: [info] 192.168.11.48 GET /MAAS/metadata/curtin/2012-03-01/meta-data/local-hostname HTTP/1.1 --> 200 OK (referrer: -; agent: python-requests/2.9.1)
Nov  5 05:14:32 mas01 sh[18840]: 2018-11-05 05:14:32 regiond: [info] 192.168.11.51 GET /MAAS/metadata/curtin/2012-03-01/meta-data/public-keys HTTP/1.1 --> 200 OK (referrer: -; agent: python-requests/2.9.1)
Nov  5 05:14:32 mas01 sh[18835]: 2018-11-05 05:14:32 regiond: [info] 192.168.11.50 GET /MAAS/metadata/curtin/2012-03-01/meta-data/public-keys HTTP/1.1 --> 200 OK (referrer: -; agent: python-requests/2.9.1)
Nov  5 05:14:32 mas01 sh[19713]: 2018-11-05 05:14:32 regiond: [info] 192.168.11.51 GET /MAAS/metadata/curtin/2012-03-01/meta-data/vendor-data HTTP/1.1 --> 200 OK (referrer: -; agent: python-requests/2.9.1)
Nov  5 05:14:32 mas01 sh[18831]: 2018-11-05 05:14:32 regiond: [info] 192.168.11.50 GET /MAAS/metadata/curtin/2012-03-01/meta-data/vendor-data HTTP/1.1 --> 200 OK (referrer: -; agent: python-requests/2.9.1)
Nov  5 05:14:32 mas01 sh[18831]: 2018-11-05 05:14:32 regiond: [info] 192.168.11.48 GET /MAAS/metadata/curtin/2012-03-01/meta-data/vendor-data HTTP/1.1 --> 200 OK (referrer: -; agent: python-requests/2.9.1)
Nov  5 05:14:32 mas01 sh[19713]: 2018-11-05 05:14:32 maasserver.preseed: [warn] WARNING: '/etc/maas/preseeds/curtin_userdata_amd64_generic_xenial' contains deprecated preseed variables. Please remove: main_archive_directory, ports_archive_directory, http_proxy
Nov  5 05:14:32 mas01 sh[18831]: 2018-11-05 05:14:32 maasserver.preseed: [warn] WARNING: '/etc/maas/preseeds/curtin_userdata_amd64_generic_xenial' contains deprecated preseed variables. Please remove: main_archive_directory, ports_archive_directory, http_proxy
Nov  5 05:14:32 mas01 sh[18835]: 2018-11-05 05:14:32 maasserver.preseed: [warn] WARNING: '/etc/maas/preseeds/curtin_userdata_amd64_generic_xenial' contains deprecated preseed variables. Please remove: main_archive_directory, ports_archive_directory, http_proxy
Nov  5 05:14:32 mas01 sh[18831]: 2018-11-05 05:14:32 regiond: [info] 192.168.11.48 GET /MAAS/metadata/curtin/2012-03-01/user-data HTTP/1.1 --> 200 OK (referrer: -; agent: python-requests/2.9.1)
Nov  5 05:14:32 mas01 sh[18835]: 2018-11-05 05:14:32 regiond: [info] 192.168.11.51 POST /MAAS/metadata/status/ear4te HTTP/1.1 --> 204 NO_CONTENT (referrer: -; agent: python-requests/2.9.1)
Nov  5 05:14:32 mas01 sh[18831]: 2018-11-05 05:14:32 regiond: [info] 192.168.11.48 POST /MAAS/metadata/status/yr8y67 HTTP/1.1 --> 204 NO_CONTENT (referrer: -; agent: python-requests/2.9.1)
Nov  5 05:14:32 mas01 sh[18835]: 2018-11-05 05:14:32 regiond: [info] 192.168.11.50 GET /MAAS/metadata/curtin/2012-03-01/user-data HTTP/1.1 --> 200 OK (referrer: -; agent: python-requests/2.9.1)
Nov  5 05:14:32 mas01 sh[18840]: 2018-11-05 05:14:32 regiond: [info] 192.168.11.50 POST /MAAS/metadata/status/ycbsfm HTTP/1.1 --> 204 NO_CONTENT (referrer: -; agent: python-requests/2.9.1)
Nov  5 05:14:32 mas01 sh[18840]: 2018-11-05 05:14:32 regiond: [info] 192.168.11.48 POST /MAAS/metadata/status/yr8y67 HTTP/1.1 --> 204 NO_CONTENT (referrer: -; agent: python-requests/2.9.1)
Nov  5 05:14:32 mas01 sh[19713]: 2018-11-05 05:14:32 regiond: [info] 192.168.11.51 POST /MAAS/metadata/status/ear4te HTTP/1.1 --> 204 NO_CONTENT (referrer: -; agent: python-requests/2.9.1)
Nov  5 05:14:32 mas01 sh[18831]: 2018-11-05 05:14:32 regiond: [info] 192.168.11.48 POST /MAAS/metadata/status/yr8y67 HTTP/1.1 --> 204 NO_CONTENT (referrer: -; agent: python-requests/2.9.1)
Nov  5 05:14:32 mas01 sh[18831]: 2018-11-05 05:14:32 regiond: [info] 192.168.11.51 POST /MAAS/metadata/status/ear4te HTTP/1.1 --> 204 NO_CONTENT (referrer: -; agent: python-requests/2.9.1)
Nov  5 05:14:32 mas01 sh[18840]: 2018-11-05 05:14:32 regiond: [info] 192.168.11.48 POST /MAAS/metadata/status/yr8y67 HTTP/1.1 --> 204 NO_CONTENT (referrer: -; agent: python-requests/2.9.1)
Nov  5 05:14:32 mas01 sh[18840]: 2018-11-05 05:14:32 regiond: [info] 192.168.11.51 POST /MAAS/metadata/status/ear4te HTTP/1.1 --> 204 NO_CONTENT (referrer: -; agent: python-requests/2.9.1)
Nov  5 05:14:32 mas01 sh[18831]: 2018-11-05 05:14:32 regiond: [info] 192.168.11.48 POST /MAAS/metadata/status/yr8y67 HTTP/1.1 --> 204 NO_CONTENT (referrer: -; agent: python-requests/2.9.1)
Nov  5 05:14:32 mas01 sh[19713]: 2018-11-05 05:14:32 regiond: [info] 192.168.11.48 POST /MAAS/metadata/status/yr8y67 HTTP/1.1 --> 204 NO_CONTENT (referrer: -; agent: python-requests/2.9.1)
Nov  5 05:14:32 mas01 sh[18835]: 2018-11-05 05:14:32 regiond: [info] 192.168.11.51 POST /MAAS/metadata/status/ear4te HTTP/1.1 --> 204 NO_CONTENT (referrer: -; agent: python-requests/2.9.1)
Nov  5 05:14:32 mas01 sh[19713]: 2018-11-05 05:14:32 regiond: [info] 192.168.11.51 POST /MAAS/metadata/status/ear4te HTTP/1.1 --> 204 NO_CONTENT (referrer: -; agent: python-requests/2.9.1)
Nov  5 05:14:32 mas01 sh[18831]: 2018-11-05 05:14:32 regiond: [info] 192.168.11.48 POST /MAAS/metadata/status/yr8y67 HTTP/1.1 --> 204 NO_CONTENT (referrer: -; agent: python-requests/2.9.1)
Nov  5 05:14:32 mas01 sh[18835]: 2018-11-05 05:14:32 regiond: [info] 192.168.11.51 POST /MAAS/metadata/status/ear4te HTTP/1.1 --> 204 NO_CONTENT (referrer: -; agent: python-requests/2.9.1)
Nov  5 05:14:32 mas01 sh[19713]: 2018-11-05 05:14:32 regiond: [info] 192.168.11.50 POST /MAAS/metadata/status/ycbsfm HTTP/1.1 --> 204 NO_CONTENT (referrer: -; agent: python-requests/2.9.1)
Nov  5 05:14:32 mas01 sh[18831]: 2018-11-05 05:14:32 regiond: [info] 192.168.11.50 POST /MAAS/metadata/status/ycbsfm HTTP/1.1 --> 204 NO_CONTENT (referrer: -; agent: python-requests/2.9.1)
Nov  5 05:14:32 mas01 sh[19713]: 2018-11-05 05:14:32 regiond: [info] 192.168.11.48 POST /MAAS/metadata/status/yr8y67 HTTP/1.1 --> 204 NO_CONTENT (referrer: -; agent: python-requests/2.9.1)
Nov  5 05:14:32 mas01 sh[18835]: 2018-11-05 05:14:32 regiond: [info] 192.168.11.50 POST /MAAS/metadata/status/ycbsfm HTTP/1.1 --> 204 NO_CONTENT (referrer: -; agent: python-requests/2.9.1)
Nov  5 05:14:32 mas01 sh[18831]: 2018-11-05 05:14:32 regiond: [info] 192.168.11.48 POST /MAAS/metadata/status/yr8y67 HTTP/1.1 --> 204 NO_CONTENT (referrer: -; agent: python-requests/2.9.1)
Nov  5 05:14:32 mas01 sh[19713]: 2018-11-05 05:14:32 regiond: [info] 192.168.11.51 POST /MAAS/metadata/status/ear4te HTTP/1.1 --> 204 NO_CONTENT (referrer: -; agent: python-requests/2.9.1)
Nov  5 05:14:32 mas01 sh[18835]: 2018-11-05 05:14:32 regiond: [info] 192.168.11.51 POST /MAAS/metadata/status/ear4te HTTP/1.1 --> 204 NO_CONTENT (referrer: -; agent: python-requests/2.9.1)
Nov  5 05:14:32 mas01 sh[19713]: 2018-11-05 05:14:32 regiond: [info] 192.168.11.50 POST /MAAS/metadata/status/ycbsfm HTTP/1.1 --> 204 NO_CONTENT (referrer: -; agent: python-requests/2.9.1)
Nov  5 05:14:32 mas01 sh[18831]: 2018-11-05 05:14:32 regiond: [info] 192.168.11.50 POST /MAAS/metadata/status/ycbsfm HTTP/1.1 --> 204 NO_CONTENT (referrer: -; agent: python-requests/2.9.1)
Nov  5 05:14:32 mas01 sh[18831]: message repeated 3 times: [ 2018-11-05 05:14:32 regiond: [info] 192.168.11.50 POST /MAAS/metadata/status/ycbsfm HTTP/1.1 --> 204 NO_CONTENT (referrer: -; agent: python-requests/2.9.1)]
Nov  5 05:14:33 mas01 sh[18835]: 2018-11-05 05:14:33 regiond: [info] 192.168.11.48 POST /MAAS/metadata/status/yr8y67 HTTP/1.1 --> 204 NO_CONTENT (referrer: -; agent: python-requests/2.9.1)
Nov  5 05:14:33 mas01 sh[18840]: 2018-11-05 05:14:33 regiond: [info] 192.168.11.51 POST /MAAS/metadata/status/ear4te HTTP/1.1 --> 204 NO_CONTENT (referrer: -; agent: python-requests/2.9.1)
Nov  5 05:14:33 mas01 sh[18835]: 2018-11-05 05:14:33 regiond: [info] 192.168.11.51 POST /MAAS/metadata/status/ear4te HTTP/1.1 --> 204 NO_CONTENT (referrer: -; agent: python-requests/2.9.1)
Nov  5 05:14:33 mas01 sh[19713]: 2018-11-05 05:14:33 regiond: [info] 192.168.11.48 POST /MAAS/metadata/status/yr8y67 HTTP/1.1 --> 204 NO_CONTENT (referrer: -; agent: python-requests/2.9.1)
Nov  5 05:14:33 mas01 sh[18840]: 2018-11-05 05:14:33 regiond: [info] 192.168.11.51 POST /MAAS/metadata/status/ear4te HTTP/1.1 --> 204 NO_CONTENT (referrer: -; agent: python-requests/2.9.1)
Nov  5 05:14:33 mas01 sh[19713]: 2018-11-05 05:14:33 regiond: [info] 192.168.11.48 POST /MAAS/metadata/status/yr8y67 HTTP/1.1 --> 204 NO_CONTENT (referrer: -; agent: python-requests/2.9.1)
Nov  5 05:14:33 mas01 sh[18840]: 2018-11-05 05:14:33 regiond: [info] 192.168.11.51 POST /MAAS/metadata/status/ear4te HTTP/1.1 --> 204 NO_CONTENT (referrer: -; agent: python-requests/2.9.1)
Nov  5 05:14:33 mas01 sh[18835]: 2018-11-05 05:14:33 regiond: [info] 192.168.11.48 POST /MAAS/metadata/status/yr8y67 HTTP/1.1 --> 204 NO_CONTENT (referrer: -; agent: python-requests/2.9.1)
Nov  5 05:14:33 mas01 sh[18831]: 2018-11-05 05:14:33 regiond: [info] 192.168.11.51 POST /MAAS/metadata/status/ear4te HTTP/1.1 --> 204 NO_CONTENT (referrer: -; agent: python-requests/2.9.1)
Nov  5 05:14:33 mas01 sh[19713]: 2018-11-05 05:14:33 regiond: [info] 192.168.11.48 POST /MAAS/metadata/status/yr8y67 HTTP/1.1 --> 204 NO_CONTENT (referrer: -; agent: python-requests/2.9.1)
Nov  5 05:14:33 mas01 sh[18840]: 2018-11-05 05:14:33 regiond: [info] 192.168.11.51 POST /MAAS/metadata/status/ear4te HTTP/1.1 --> 204 NO_CONTENT (referrer: -; agent: python-requests/2.9.1)
Nov  5 05:14:33 mas01 sh[18835]: 2018-11-05 05:14:33 regiond: [info] 192.168.11.48 POST /MAAS/metadata/status/yr8y67 HTTP/1.1 --> 204 NO_CONTENT (referrer: -; agent: python-requests/2.9.1)
Nov  5 05:14:33 mas01 sh[19713]: 2018-11-05 05:14:33 regiond: [info] 192.168.11.51 POST /MAAS/metadata/status/ear4te HTTP/1.1 --> 204 NO_CONTENT (referrer: -; agent: python-requests/2.9.1)
Nov  5 05:14:33 mas01 sh[18840]: 2018-11-05 05:14:33 regiond: [info] 192.168.11.48 POST /MAAS/metadata/status/yr8y67 HTTP/1.1 --> 204 NO_CONTENT (referrer: -; agent: python-requests/2.9.1)
Nov  5 05:14:33 mas01 sh[19713]: 2018-11-05 05:14:33 regiond: [info] 192.168.11.51 POST /MAAS/metadata/status/ear4te HTTP/1.1 --> 204 NO_CONTENT (referrer: -; agent: python-requests/2.9.1)
Nov  5 05:14:33 mas01 sh[18840]: 2018-11-05 05:14:33 regiond: [info] 192.168.11.48 POST /MAAS/metadata/status/yr8y67 HTTP/1.1 --> 204 NO_CONTENT (referrer: -; agent: python-requests/2.9.1)
Nov  5 05:14:33 mas01 sh[19713]: 2018-11-05 05:14:33 regiond: [info] 192.168.11.51 POST /MAAS/metadata/status/ear4te HTTP/1.1 --> 204 NO_CONTENT (referrer: -; agent: python-requests/2.9.1)
Nov  5 05:14:33 mas01 sh[19713]: 2018-11-05 05:14:33 regiond: [info] 192.168.11.48 POST /MAAS/metadata/status/yr8y67 HTTP/1.1 --> 204 NO_CONTENT (referrer: -; agent: python-requests/2.9.1)
Nov  5 05:14:33 mas01 sh[18831]: 2018-11-05 05:14:33 regiond: [info] 192.168.11.50 POST /MAAS/metadata/status/ycbsfm HTTP/1.1 --> 204 NO_CONTENT (referrer: -; agent: python-requests/2.9.1)
Nov  5 05:14:33 mas01 sh[18835]: 2018-11-05 05:14:33 regiond: [info] 192.168.11.50 POST /MAAS/metadata/status/ycbsfm HTTP/1.1 --> 204 NO_CONTENT (referrer: -; agent: python-requests/2.9.1)
Nov  5 05:14:33 mas01 sh[18840]: 2018-11-05 05:14:33 regiond: [info] 192.168.11.51 POST /MAAS/metadata/status/ear4te HTTP/1.1 --> 204 NO_CONTENT (referrer: -; agent: python-requests/2.9.1)
Nov  5 05:14:33 mas01 sh[18835]: 2018-11-05 05:14:33 regiond: [info] 192.168.11.50 POST /MAAS/metadata/status/ycbsfm HTTP/1.1 --> 204 NO_CONTENT (referrer: -; agent: python-requests/2.9.1)
Nov  5 05:14:33 mas01 sh[18840]: 2018-11-05 05:14:33 regiond: [info] 192.168.11.48 POST /MAAS/metadata/status/yr8y67 HTTP/1.1 --> 204 NO_CONTENT (referrer: -; agent: python-requests/2.9.1)
Nov  5 05:14:33 mas01 sh[19713]: 2018-11-05 05:14:33 regiond: [info] 192.168.11.51 POST /MAAS/metadata/status/ear4te HTTP/1.1 --> 204 NO_CONTENT (referrer: -; agent: python-requests/2.9.1)
Nov  5 05:14:33 mas01 sh[18835]: 2018-11-05 05:14:33 regiond: [info] 192.168.11.50 POST /MAAS/metadata/status/ycbsfm HTTP/1.1 --> 204 NO_CONTENT (referrer: -; agent: python-requests/2.9.1)
Nov  5 05:14:33 mas01 sh[18835]: 2018-11-05 05:14:33 regiond: [info] 192.168.11.48 POST /MAAS/metadata/status/yr8y67 HTTP/1.1 --> 204 NO_CONTENT (referrer: -; agent: python-requests/2.9.1)
Nov  5 05:14:33 mas01 sh[18831]: 2018-11-05 05:14:33 regiond: [info] 192.168.11.50 POST /MAAS/metadata/status/ycbsfm HTTP/1.1 --> 204 NO_CONTENT (referrer: -; agent: python-requests/2.9.1)
Nov  5 05:14:33 mas01 sh[18840]: 2018-11-05 05:14:33 regiond: [info] 192.168.11.50 POST /MAAS/metadata/status/ycbsfm HTTP/1.1 --> 204 NO_CONTENT (referrer: -; agent: python-requests/2.9.1)
Nov  5 05:14:33 mas01 sh[18831]: 2018-11-05 05:14:33 regiond: [info] 192.168.11.51 POST /MAAS/metadata/status/ear4te HTTP/1.1 --> 204 NO_CONTENT (referrer: -; agent: python-requests/2.9.1)
Nov  5 05:14:33 mas01 sh[18831]: 2018-11-05 05:14:33 regiond: [info] 192.168.11.50 POST /MAAS/metadata/status/ycbsfm HTTP/1.1 --> 204 NO_CONTENT (referrer: -; agent: python-requests/2.9.1)
Nov  5 05:14:33 mas01 sh[18840]: 2018-11-05 05:14:33 regiond: [info] 192.168.11.48 POST /MAAS/metadata/status/yr8y67 HTTP/1.1 --> 204 NO_CONTENT (referrer: -; agent: python-requests/2.9.1)
Nov  5 05:14:33 mas01 sh[18840]: 2018-11-05 05:14:33 regiond: [info] 192.168.11.51 POST /MAAS/metadata/status/ear4te HTTP/1.1 --> 204 NO_CONTENT (referrer: -; agent: python-requests/2.9.1)
Nov  5 05:14:33 mas01 sh[18840]: 2018-11-05 05:14:33 regiond: [info] 192.168.11.50 POST /MAAS/metadata/status/ycbsfm HTTP/1.1 --> 204 NO_CONTENT (referrer: -; agent: python-requests/2.9.1)
Nov  5 05:14:33 mas01 sh[18835]: 2018-11-05 05:14:33 regiond: [info] 192.168.11.48 POST /MAAS/metadata/status/yr8y67 HTTP/1.1 --> 204 NO_CONTENT (referrer: -; agent: python-requests/2.9.1)
Nov  5 05:14:33 mas01 sh[19713]: 2018-11-05 05:14:33 regiond: [info] 192.168.11.51 POST /MAAS/metadata/status/ear4te HTTP/1.1 --> 204 NO_CONTENT (referrer: -; agent: python-requests/2.9.1)
Nov  5 05:14:33 mas01 sh[18831]: 2018-11-05 05:14:33 regiond: [info] 192.168.11.50 POST /MAAS/metadata/status/ycbsfm HTTP/1.1 --> 204 NO_CONTENT (referrer: -; agent: python-requests/2.9.1)
Nov  5 05:14:33 mas01 sh[19713]: 2018-11-05 05:14:33 regiond: [info] 192.168.11.48 POST /MAAS/metadata/status/yr8y67 HTTP/1.1 --> 204 NO_CONTENT (referrer: -; agent: python-requests/2.9.1)
Nov  5 05:14:33 mas01 sh[19713]: 2018-11-05 05:14:33 regiond: [info] 192.168.11.51 POST /MAAS/metadata/status/ear4te HTTP/1.1 --> 204 NO_CONTENT (referrer: -; agent: python-requests/2.9.1)
Nov  5 05:14:33 mas01 sh[18831]: 2018-11-05 05:14:33 regiond: [info] 192.168.11.48 POST /MAAS/metadata/status/yr8y67 HTTP/1.1 --> 204 NO_CONTENT (referrer: -; agent: python-requests/2.9.1)
Nov  5 05:14:33 mas01 sh[18831]: 2018-11-05 05:14:33 regiond: [info] 192.168.11.51 POST /MAAS/metadata/status/ear4te HTTP/1.1 --> 204 NO_CONTENT (referrer: -; agent: python-requests/2.9.1)
Nov  5 05:14:33 mas01 sh[19713]: 2018-11-05 05:14:33 regiond: [info] 192.168.11.48 POST /MAAS/metadata/status/yr8y67 HTTP/1.1 --> 204 NO_CONTENT (referrer: -; agent: python-requests/2.9.1)
Nov  5 05:14:33 mas01 sh[18840]: 2018-11-05 05:14:33 regiond: [info] 192.168.11.51 POST /MAAS/metadata/status/ear4te HTTP/1.1 --> 204 NO_CONTENT (referrer: -; agent: python-requests/2.9.1)
Nov  5 05:14:33 mas01 sh[18831]: 2018-11-05 05:14:33 regiond: [info] 192.168.11.48 POST /MAAS/metadata/status/yr8y67 HTTP/1.1 --> 204 NO_CONTENT (referrer: -; agent: python-requests/2.9.1)
Nov  5 05:14:33 mas01 sh[18840]: 2018-11-05 05:14:33 regiond: [info] 192.168.11.51 POST /MAAS/metadata/status/ear4te HTTP/1.1 --> 204 NO_CONTENT (referrer: -; agent: python-requests/2.9.1)
Nov  5 05:14:33 mas01 sh[19713]: 2018-11-05 05:14:33 regiond: [info] 192.168.11.50 POST /MAAS/metadata/status/ycbsfm HTTP/1.1 --> 204 NO_CONTENT (referrer: -; agent: python-requests/2.9.1)
Nov  5 05:14:33 mas01 sh[18840]: 2018-11-05 05:14:33 regiond: [info] 192.168.11.51 POST /MAAS/metadata/status/ear4te HTTP/1.1 --> 204 NO_CONTENT (referrer: -; agent: python-requests/2.9.1)
Nov  5 05:14:33 mas01 sh[18840]: 2018-11-05 05:14:33 regiond: [info] 192.168.11.48 POST /MAAS/metadata/status/yr8y67 HTTP/1.1 --> 204 NO_CONTENT (referrer: -; agent: python-requests/2.9.1)
Nov  5 05:14:33 mas01 sh[18840]: 2018-11-05 05:14:33 regiond: [info] 192.168.11.50 POST /MAAS/metadata/status/ycbsfm HTTP/1.1 --> 204 NO_CONTENT (referrer: -; agent: python-requests/2.9.1)
