Nov  2 03:55:59 mas01 salt-minion[6118]: [INFO    ] {'ret': {'machines': [{'status': 'Commissioning', 'hostname': u'cmp002', 'system_id': u'yehpbe'}, {'status': 'Commissioning', 'hostname': u'cmp001', 'system_id': u'k8qnny'}, {'status': 'Commissioning', 'hostname': u'kvm01', 'system_id': u'deqyyt'}, {'status': 'Commissioning', 'hostname': u'kvm03', 'system_id': u'wbcsw7'}, {'status': 'Commissioning', 'hostname': u'kvm02', 'system_id': u'wqm3ef'}], 'summary': Counter({'Commissioning': 5})}}
Nov  2 03:55:59 mas01 salt-minion[6118]: [INFO    ] Completed state [maas.machines_status] at time 03:55:59.803866 duration_in_ms=154.702
Nov  2 03:55:59 mas01 salt-minion[6118]: [INFO    ] Returning information for job: 20181102035557706939
Nov  2 03:55:59 mas01 sh[18916]: 2018-11-02 03:55:59 regiond: [info] 127.0.0.1 GET /MAAS/api/2.0/machines/ HTTP/1.1 --> 200 OK (referrer: -; agent: Python-urllib/2.7)
Nov  2 03:56:10 mas01 sh[18910]: 2018-11-02 03:56:10 regiond: [info] 127.0.0.1 GET /MAAS/rpc/ HTTP/1.0 --> 200 OK (referrer: -; agent: provisioningserver.rpc.clusterservice.ClusterClientService)
Nov  2 03:56:10 mas01 dhcpd[20558]: DHCPDISCOVER from 00:25:b5:a0:00:4a via ens5
Nov  2 03:56:10 mas01 dhcpd[20558]: DHCPOFFER on 192.168.11.40 to 00:25:b5:a0:00:4a (kvm03) via ens5
Nov  2 03:56:10 mas01 dhcpd[20558]: execute_statement argv[0] = /usr/sbin/maas-dhcp-helper
Nov  2 03:56:10 mas01 dhcpd[20558]: execute_statement argv[1] = notify
Nov  2 03:56:10 mas01 dhcpd[20558]: execute_statement argv[2] = --action
Nov  2 03:56:10 mas01 dhcpd[20558]: execute_statement argv[3] = commit
Nov  2 03:56:10 mas01 dhcpd[20558]: execute_statement argv[4] = --mac
Nov  2 03:56:10 mas01 dhcpd[20558]: execute_statement argv[5] = 0:25:b5:a0:0:4a
Nov  2 03:56:10 mas01 dhcpd[20558]: execute_statement argv[6] = --ip-family
Nov  2 03:56:10 mas01 dhcpd[20558]: execute_statement argv[7] = ipv4
Nov  2 03:56:10 mas01 dhcpd[20558]: execute_statement argv[8] = --ip
Nov  2 03:56:10 mas01 dhcpd[20558]: execute_statement argv[9] = 192.168.11.40
Nov  2 03:56:10 mas01 dhcpd[20558]: execute_statement argv[10] = --lease-time
Nov  2 03:56:10 mas01 dhcpd[20558]: execute_statement argv[11] = 600
Nov  2 03:56:10 mas01 dhcpd[20558]: execute_statement argv[12] = --hostname
Nov  2 03:56:10 mas01 dhcpd[20558]: execute_statement argv[13] = kvm03
Nov  2 03:56:10 mas01 dhcpd[20558]: execute_statement argv[14] = --socket
Nov  2 03:56:10 mas01 dhcpd[20558]: execute_statement argv[15] = /var/lib/maas/dhcpd.sock
Nov  2 03:56:10 mas01 dhcpd[20558]: DHCPREQUEST for 192.168.11.40 (192.168.11.3) from 00:25:b5:a0:00:4a (kvm03) via ens5
Nov  2 03:56:10 mas01 dhcpd[20558]: DHCPACK on 192.168.11.40 to 00:25:b5:a0:00:4a (kvm03) via ens5
Nov  2 03:56:10 mas01 dhcpd[20558]: DHCPDISCOVER from 00:25:b5:a0:00:5a via ens5
Nov  2 03:56:10 mas01 dhcpd[20558]: DHCPOFFER on 192.168.11.39 to 00:25:b5:a0:00:5a (cmp001) via ens5
Nov  2 03:56:10 mas01 dhcpd[20558]: DHCPDISCOVER from 00:25:b5:a0:00:6a via ens5
Nov  2 03:56:10 mas01 dhcpd[20558]: DHCPOFFER on 192.168.11.38 to 00:25:b5:a0:00:6a (cmp002) via ens5
Nov  2 03:56:10 mas01 dhcpd[20558]: execute_statement argv[0] = /usr/sbin/maas-dhcp-helper
Nov  2 03:56:10 mas01 dhcpd[20558]: execute_statement argv[1] = notify
Nov  2 03:56:10 mas01 dhcpd[20558]: execute_statement argv[2] = --action
Nov  2 03:56:10 mas01 dhcpd[20558]: execute_statement argv[3] = commit
Nov  2 03:56:10 mas01 dhcpd[20558]: execute_statement argv[4] = --mac
Nov  2 03:56:10 mas01 dhcpd[20558]: execute_statement argv[5] = 0:25:b5:a0:0:5a
Nov  2 03:56:10 mas01 dhcpd[20558]: execute_statement argv[6] = --ip-family
Nov  2 03:56:10 mas01 dhcpd[20558]: execute_statement argv[7] = ipv4
Nov  2 03:56:10 mas01 dhcpd[20558]: execute_statement argv[8] = --ip
Nov  2 03:56:10 mas01 dhcpd[20558]: execute_statement argv[9] = 192.168.11.39
Nov  2 03:56:10 mas01 dhcpd[20558]: execute_statement argv[10] = --lease-time
Nov  2 03:56:10 mas01 dhcpd[20558]: execute_statement argv[11] = 600
Nov  2 03:56:10 mas01 dhcpd[20558]: execute_statement argv[12] = --hostname
Nov  2 03:56:10 mas01 dhcpd[20558]: execute_statement argv[13] = cmp001
Nov  2 03:56:10 mas01 dhcpd[20558]: execute_statement argv[14] = --socket
Nov  2 03:56:10 mas01 dhcpd[20558]: execute_statement argv[15] = /var/lib/maas/dhcpd.sock
Nov  2 03:56:10 mas01 sh[19866]: 2018-11-02 03:56:10 maasserver.rpc.leases: [info] Lease update: commit for 192.168.11.40 on 0:25:b5:a0:0:4a at 2018-11-02 03:56:10 (lease time: 600s) (hostname: kvm03)
Nov  2 03:56:10 mas01 dhcpd[20558]: DHCPREQUEST for 192.168.11.39 (192.168.11.3) from 00:25:b5:a0:00:5a (cmp001) via ens5
Nov  2 03:56:10 mas01 dhcpd[20558]: DHCPACK on 192.168.11.39 to 00:25:b5:a0:00:5a (cmp001) via ens5
Nov  2 03:56:10 mas01 dhcpd[20558]: execute_statement argv[0] = /usr/sbin/maas-dhcp-helper
Nov  2 03:56:10 mas01 dhcpd[20558]: execute_statement argv[1] = notify
Nov  2 03:56:10 mas01 dhcpd[20558]: execute_statement argv[2] = --action
Nov  2 03:56:10 mas01 dhcpd[20558]: execute_statement argv[3] = commit
Nov  2 03:56:10 mas01 dhcpd[20558]: execute_statement argv[4] = --mac
Nov  2 03:56:10 mas01 dhcpd[20558]: execute_statement argv[5] = 0:25:b5:a0:0:6a
Nov  2 03:56:10 mas01 dhcpd[20558]: execute_statement argv[6] = --ip-family
Nov  2 03:56:10 mas01 dhcpd[20558]: execute_statement argv[7] = ipv4
Nov  2 03:56:10 mas01 dhcpd[20558]: execute_statement argv[8] = --ip
Nov  2 03:56:10 mas01 dhcpd[20558]: execute_statement argv[9] = 192.168.11.38
Nov  2 03:56:10 mas01 dhcpd[20558]: execute_statement argv[10] = --lease-time
Nov  2 03:56:10 mas01 dhcpd[20558]: execute_statement argv[11] = 600
Nov  2 03:56:10 mas01 dhcpd[20558]: execute_statement argv[12] = --hostname
Nov  2 03:56:10 mas01 dhcpd[20558]: execute_statement argv[13] = cmp002
Nov  2 03:56:10 mas01 dhcpd[20558]: execute_statement argv[14] = --socket
Nov  2 03:56:10 mas01 dhcpd[20558]: execute_statement argv[15] = /var/lib/maas/dhcpd.sock
Nov  2 03:56:10 mas01 sh[19866]: 2018-11-02 03:56:10 maasserver.rpc.leases: [info] Lease update: commit for 192.168.11.39 on 0:25:b5:a0:0:5a at 2018-11-02 03:56:10 (lease time: 600s) (hostname: cmp001)
Nov  2 03:56:10 mas01 dhcpd[20558]: DHCPREQUEST for 192.168.11.38 (192.168.11.3) from 00:25:b5:a0:00:6a (cmp002) via ens5
Nov  2 03:56:10 mas01 dhcpd[20558]: DHCPACK on 192.168.11.38 to 00:25:b5:a0:00:6a (cmp002) via ens5
Nov  2 03:56:10 mas01 salt-minion[6118]: [INFO    ] User sudo_ubuntu Executing command state.apply with jid 20181102035610499526
Nov  2 03:56:10 mas01 sh[19866]: 2018-11-02 03:56:10 maasserver.rpc.leases: [info] Lease update: commit for 192.168.11.38 on 0:25:b5:a0:0:6a at 2018-11-02 03:56:10 (lease time: 600s) (hostname: cmp002)
Nov  2 03:56:10 mas01 salt-minion[6118]: [INFO    ] Starting a new job with PID 21273
Nov  2 03:56:10 mas01 dhcpd[20558]: DHCPDISCOVER from 00:25:b5:a0:00:3a via ens5
Nov  2 03:56:10 mas01 dhcpd[20558]: DHCPOFFER on 192.168.11.42 to 00:25:b5:a0:00:3a (kvm02) via ens5
Nov  2 03:56:10 mas01 dhcpd[20558]: execute_statement argv[0] = /usr/sbin/maas-dhcp-helper
Nov  2 03:56:10 mas01 dhcpd[20558]: execute_statement argv[1] = notify
Nov  2 03:56:10 mas01 dhcpd[20558]: execute_statement argv[2] = --action
Nov  2 03:56:10 mas01 dhcpd[20558]: execute_statement argv[3] = commit
Nov  2 03:56:10 mas01 dhcpd[20558]: execute_statement argv[4] = --mac
Nov  2 03:56:10 mas01 dhcpd[20558]: execute_statement argv[5] = 0:25:b5:a0:0:3a
Nov  2 03:56:10 mas01 dhcpd[20558]: execute_statement argv[6] = --ip-family
Nov  2 03:56:10 mas01 dhcpd[20558]: execute_statement argv[7] = ipv4
Nov  2 03:56:10 mas01 dhcpd[20558]: execute_statement argv[8] = --ip
Nov  2 03:56:10 mas01 dhcpd[20558]: execute_statement argv[9] = 192.168.11.42
Nov  2 03:56:10 mas01 dhcpd[20558]: execute_statement argv[10] = --lease-time
Nov  2 03:56:10 mas01 dhcpd[20558]: execute_statement argv[11] = 600
Nov  2 03:56:10 mas01 dhcpd[20558]: execute_statement argv[12] = --hostname
Nov  2 03:56:10 mas01 dhcpd[20558]: execute_statement argv[13] = kvm02
Nov  2 03:56:10 mas01 dhcpd[20558]: execute_statement argv[14] = --socket
Nov  2 03:56:10 mas01 dhcpd[20558]: execute_statement argv[15] = /var/lib/maas/dhcpd.sock
Nov  2 03:56:10 mas01 sh[18308]: 2018-11-02 03:56:10 rackd: [info] 192.168.11.40 GET /images/ubuntu/amd64/hwe-16.04/xenial/daily/squashfs HTTP/1.1 --> 200 OK (referrer: -; agent: Wget)
Nov  2 03:56:10 mas01 dhcpd[20558]: DHCPREQUEST for 192.168.11.42 (192.168.11.3) from 00:25:b5:a0:00:3a (kvm02) via ens5
Nov  2 03:56:10 mas01 dhcpd[20558]: DHCPACK on 192.168.11.42 to 00:25:b5:a0:00:3a (kvm02) via ens5
Nov  2 03:56:10 mas01 sh[18916]: 2018-11-02 03:56:10 maasserver.rpc.leases: [info] Lease update: commit for 192.168.11.42 on 0:25:b5:a0:0:3a at 2018-11-02 03:56:10 (lease time: 600s) (hostname: kvm02)
Nov  2 03:56:11 mas01 sh[18308]: 2018-11-02 03:56:11 rackd: [info] 192.168.11.39 GET /images/ubuntu/amd64/hwe-16.04/xenial/daily/squashfs HTTP/1.1 --> 200 OK (referrer: -; agent: Wget)
Nov  2 03:56:11 mas01 sh[18308]: 2018-11-02 03:56:11 rackd: [info] 192.168.11.38 GET /images/ubuntu/amd64/hwe-16.04/xenial/daily/squashfs HTTP/1.1 --> 200 OK (referrer: -; agent: Wget)
Nov  2 03:56:11 mas01 sh[18308]: 2018-11-02 03:56:11 rackd: [info] 192.168.11.42 GET /images/ubuntu/amd64/hwe-16.04/xenial/daily/squashfs HTTP/1.1 --> 200 OK (referrer: -; agent: Wget)
Nov  2 03:56:13 mas01 sh[18916]: 2018-11-02 03:56:13 regiond: [info] 192.168.11.39 GET /MAAS/metadata/latest/by-id/k8qnny/?op=get_preseed HTTP/1.1 --> 200 OK (referrer: -; agent: Cloud-Init/18.3-9-g2e62cb8a-0ubuntu1~16.04.2)
Nov  2 03:56:13 mas01 sh[19866]: 2018-11-02 03:56:13 regiond: [info] 192.168.11.38 GET /MAAS/metadata/latest/by-id/yehpbe/?op=get_preseed HTTP/1.1 --> 200 OK (referrer: -; agent: Cloud-Init/18.3-9-g2e62cb8a-0ubuntu1~16.04.2)
Nov  2 03:56:13 mas01 sh[18910]: 2018-11-02 03:56:13 regiond: [info] 192.168.11.39 POST /MAAS/metadata/status/k8qnny HTTP/1.1 --> 204 NO_CONTENT (referrer: -; agent: python-requests/2.9.1)
Nov  2 03:56:13 mas01 sh[18910]: 2018-11-02 03:56:13 regiond: [info] 192.168.11.39 POST /MAAS/metadata/status/k8qnny HTTP/1.1 --> 204 NO_CONTENT (referrer: -; agent: python-requests/2.9.1)
Nov  2 03:56:13 mas01 sh[19866]: 2018-11-02 03:56:13 regiond: [info] 192.168.11.40 POST /MAAS/metadata/status/wbcsw7 HTTP/1.1 --> 204 NO_CONTENT (referrer: -; agent: python-requests/2.9.1)
Nov  2 03:56:13 mas01 sh[19866]: 2018-11-02 03:56:13 regiond: [info] 192.168.11.40 POST /MAAS/metadata/status/wbcsw7 HTTP/1.1 --> 204 NO_CONTENT (referrer: -; agent: python-requests/2.9.1)
Nov  2 03:56:14 mas01 sh[19866]: 2018-11-02 03:56:14 regiond: [info] 192.168.11.38 POST /MAAS/metadata/status/yehpbe HTTP/1.1 --> 204 NO_CONTENT (referrer: -; agent: python-requests/2.9.1)
Nov  2 03:56:14 mas01 sh[18921]: 2018-11-02 03:56:14 regiond: [info] 192.168.11.38 POST /MAAS/metadata/status/yehpbe HTTP/1.1 --> 204 NO_CONTENT (referrer: -; agent: python-requests/2.9.1)
Nov  2 03:56:14 mas01 sh[18921]: 2018-11-02 03:56:14 regiond: [info] 192.168.11.39 POST /MAAS/metadata/status/k8qnny HTTP/1.1 --> 204 NO_CONTENT (referrer: -; agent: python-requests/2.9.1)
Nov  2 03:56:14 mas01 sh[18910]: 2018-11-02 03:56:14 regiond: [info] 192.168.11.38 POST /MAAS/metadata/status/yehpbe HTTP/1.1 --> 204 NO_CONTENT (referrer: -; agent: python-requests/2.9.1)
Nov  2 03:56:14 mas01 sh[18910]: 2018-11-02 03:56:14 regiond: [info] 192.168.11.40 POST /MAAS/metadata/status/wbcsw7 HTTP/1.1 --> 204 NO_CONTENT (referrer: -; agent: python-requests/2.9.1)
Nov  2 03:56:14 mas01 sh[19866]: 2018-11-02 03:56:14 regiond: [info] 192.168.11.42 POST /MAAS/metadata/status/wqm3ef HTTP/1.1 --> 204 NO_CONTENT (referrer: -; agent: python-requests/2.9.1)
Nov  2 03:56:14 mas01 sh[18916]: 2018-11-02 03:56:14 regiond: [info] 192.168.11.42 POST /MAAS/metadata/status/wqm3ef HTTP/1.1 --> 204 NO_CONTENT (referrer: -; agent: python-requests/2.9.1)
Nov  2 03:56:14 mas01 sh[18910]: 2018-11-02 03:56:14 regiond: [info] 192.168.11.42 POST /MAAS/metadata/status/wqm3ef HTTP/1.1 --> 204 NO_CONTENT (referrer: -; agent: python-requests/2.9.1)
Nov  2 03:56:14 mas01 salt-minion[6118]: [INFO    ] Loading fresh modules for state activity
Nov  2 03:56:14 mas01 salt-minion[6118]: [INFO    ] Running state [maas-region apikey --username opnfv > /var/lib/maas/.maas_credentials] at time 03:56:14.558140
Nov  2 03:56:14 mas01 salt-minion[6118]: [INFO    ] Executing state cmd.run for [maas-region apikey --username opnfv > /var/lib/maas/.maas_credentials]
Nov  2 03:56:14 mas01 salt-minion[6118]: [INFO    ] Executing command 'maas-region apikey --username opnfv > /var/lib/maas/.maas_credentials' in directory '/root'
Nov  2 03:56:14 mas01 sh[18910]: 2018-11-02 03:56:14 regiond: [info] 192.168.11.39 POST /MAAS/metadata/status/k8qnny HTTP/1.1 --> 204 NO_CONTENT (referrer: -; agent: python-requests/2.9.1)
Nov  2 03:56:14 mas01 sh[18921]: 2018-11-02 03:56:14 regiond: [info] 192.168.11.40 GET /MAAS/metadata/latest/by-id/wbcsw7/?op=get_preseed HTTP/1.1 --> 200 OK (referrer: -; agent: Cloud-Init/18.3-9-g2e62cb8a-0ubuntu1~16.04.2)
Nov  2 03:56:14 mas01 sh[18916]: 2018-11-02 03:56:14 regiond: [info] 192.168.11.39 POST /MAAS/metadata/status/k8qnny HTTP/1.1 --> 204 NO_CONTENT (referrer: -; agent: python-requests/2.9.1)
Nov  2 03:56:14 mas01 sh[19866]: 2018-11-02 03:56:14 regiond: [info] 192.168.11.39 POST /MAAS/metadata/status/k8qnny HTTP/1.1 --> 204 NO_CONTENT (referrer: -; agent: python-requests/2.9.1)
Nov  2 03:56:14 mas01 sh[18916]: 2018-11-02 03:56:14 regiond: [info] 192.168.11.38 POST /MAAS/metadata/status/yehpbe HTTP/1.1 --> 204 NO_CONTENT (referrer: -; agent: python-requests/2.9.1)
Nov  2 03:56:14 mas01 sh[19866]: 2018-11-02 03:56:14 regiond: [info] 192.168.11.42 POST /MAAS/metadata/status/wqm3ef HTTP/1.1 --> 204 NO_CONTENT (referrer: -; agent: python-requests/2.9.1)
Nov  2 03:56:14 mas01 sh[18921]: 2018-11-02 03:56:14 regiond: [info] 192.168.11.38 POST /MAAS/metadata/status/yehpbe HTTP/1.1 --> 204 NO_CONTENT (referrer: -; agent: python-requests/2.9.1)
Nov  2 03:56:14 mas01 sh[19866]: 2018-11-02 03:56:14 regiond: [info] 192.168.11.42 POST /MAAS/metadata/status/wqm3ef HTTP/1.1 --> 204 NO_CONTENT (referrer: -; agent: python-requests/2.9.1)
Nov  2 03:56:14 mas01 sh[18916]: 2018-11-02 03:56:14 regiond: [info] 192.168.11.38 POST /MAAS/metadata/status/yehpbe HTTP/1.1 --> 204 NO_CONTENT (referrer: -; agent: python-requests/2.9.1)
Nov  2 03:56:14 mas01 sh[18916]: 2018-11-02 03:56:14 regiond: [info] 192.168.11.42 POST /MAAS/metadata/status/wqm3ef HTTP/1.1 --> 204 NO_CONTENT (referrer: -; agent: python-requests/2.9.1)
Nov  2 03:56:14 mas01 sh[18910]: 2018-11-02 03:56:14 regiond: [info] 192.168.11.40 POST /MAAS/metadata/status/wbcsw7 HTTP/1.1 --> 204 NO_CONTENT (referrer: -; agent: python-requests/2.9.1)
Nov  2 03:56:14 mas01 sh[18916]: 2018-11-02 03:56:14 regiond: [info] 192.168.11.40 POST /MAAS/metadata/status/wbcsw7 HTTP/1.1 --> 204 NO_CONTENT (referrer: -; agent: python-requests/2.9.1)
Nov  2 03:56:14 mas01 sh[18910]: 2018-11-02 03:56:14 regiond: [info] 192.168.11.40 POST /MAAS/metadata/status/wbcsw7 HTTP/1.1 --> 204 NO_CONTENT (referrer: -; agent: python-requests/2.9.1)
Nov  2 03:56:14 mas01 sh[18910]: 2018-11-02 03:56:14 regiond: [info] 192.168.11.39 GET /MAAS/metadata/2012-03-01/meta-data/instance-id HTTP/1.1 --> 200 OK (referrer: -; agent: Cloud-Init/18.3-9-g2e62cb8a-0ubuntu1~16.04.2)
Nov  2 03:56:14 mas01 sh[18910]: 2018-11-02 03:56:14 regiond: [info] 192.168.11.38 GET /MAAS/metadata/2012-03-01/meta-data/instance-id HTTP/1.1 --> 200 OK (referrer: -; agent: Cloud-Init/18.3-9-g2e62cb8a-0ubuntu1~16.04.2)
Nov  2 03:56:14 mas01 sh[18921]: 2018-11-02 03:56:14 regiond: [info] 192.168.11.42 GET /MAAS/metadata/2012-03-01/meta-data/instance-id HTTP/1.1 --> 200 OK (referrer: -; agent: Cloud-Init/18.3-9-g2e62cb8a-0ubuntu1~16.04.2)
Nov  2 03:56:14 mas01 sh[19866]: 2018-11-02 03:56:14 regiond: [info] 192.168.11.40 GET /MAAS/metadata/2012-03-01/meta-data/instance-id HTTP/1.1 --> 200 OK (referrer: -; agent: Cloud-Init/18.3-9-g2e62cb8a-0ubuntu1~16.04.2)
Nov  2 03:56:14 mas01 sh[19866]: 2018-11-02 03:56:14 regiond: [info] 192.168.11.39 GET /MAAS/metadata/2012-03-01/meta-data/instance-id HTTP/1.1 --> 200 OK (referrer: -; agent: python-requests/2.9.1)
Nov  2 03:56:14 mas01 sh[18910]: 2018-11-02 03:56:14 regiond: [info] 192.168.11.42 GET /MAAS/metadata/2012-03-01/meta-data/instance-id HTTP/1.1 --> 200 OK (referrer: -; agent: python-requests/2.9.1)
Nov  2 03:56:14 mas01 sh[19866]: 2018-11-02 03:56:14 regiond: [info] 192.168.11.38 GET /MAAS/metadata/2012-03-01/meta-data/instance-id HTTP/1.1 --> 200 OK (referrer: -; agent: python-requests/2.9.1)
Nov  2 03:56:14 mas01 sh[18910]: 2018-11-02 03:56:14 regiond: [info] 192.168.11.40 GET /MAAS/metadata/2012-03-01/meta-data/instance-id HTTP/1.1 --> 200 OK (referrer: -; agent: python-requests/2.9.1)
Nov  2 03:56:14 mas01 sh[18910]: 2018-11-02 03:56:14 regiond: [info] 192.168.11.39 GET /MAAS/metadata/2012-03-01/meta-data/local-hostname HTTP/1.1 --> 200 OK (referrer: -; agent: python-requests/2.9.1)
Nov  2 03:56:14 mas01 sh[18916]: 2018-11-02 03:56:14 regiond: [info] 192.168.11.42 GET /MAAS/metadata/2012-03-01/meta-data/local-hostname HTTP/1.1 --> 200 OK (referrer: -; agent: python-requests/2.9.1)
Nov  2 03:56:14 mas01 sh[18910]: 2018-11-02 03:56:14 regiond: [info] 192.168.11.38 GET /MAAS/metadata/2012-03-01/meta-data/local-hostname HTTP/1.1 --> 200 OK (referrer: -; agent: python-requests/2.9.1)
Nov  2 03:56:14 mas01 sh[18921]: 2018-11-02 03:56:14 regiond: [info] 192.168.11.40 GET /MAAS/metadata/2012-03-01/meta-data/local-hostname HTTP/1.1 --> 200 OK (referrer: -; agent: python-requests/2.9.1)
Nov  2 03:56:14 mas01 sh[18921]: 2018-11-02 03:56:14 regiond: [info] 192.168.11.42 GET /MAAS/metadata/2012-03-01/meta-data/public-keys HTTP/1.1 --> 200 OK (referrer: -; agent: python-requests/2.9.1)
Nov  2 03:56:15 mas01 sh[18910]: 2018-11-02 03:56:15 regiond: [info] 192.168.11.42 GET /MAAS/metadata/2012-03-01/meta-data/vendor-data HTTP/1.1 --> 200 OK (referrer: -; agent: python-requests/2.9.1)
Nov  2 03:56:15 mas01 sh[18921]: 2018-11-02 03:56:15 regiond: [info] 192.168.11.38 GET /MAAS/metadata/2012-03-01/meta-data/vendor-data HTTP/1.1 --> 200 OK (referrer: -; agent: python-requests/2.9.1)
Nov  2 03:56:15 mas01 sh[18921]: 2018-11-02 03:56:15 regiond: [info] 192.168.11.39 GET /MAAS/metadata/2012-03-01/meta-data/vendor-data HTTP/1.1 --> 200 OK (referrer: -; agent: python-requests/2.9.1)
Nov  2 03:56:15 mas01 sh[18921]: 2018-11-02 03:56:15 regiond: [info] 192.168.11.40 GET /MAAS/metadata/2012-03-01/meta-data/vendor-data HTTP/1.1 --> 200 OK (referrer: -; agent: python-requests/2.9.1)
Nov  2 03:56:15 mas01 sh[18916]: 2018-11-02 03:56:15 regiond: [info] 192.168.11.42 POST /MAAS/metadata/status/wqm3ef HTTP/1.1 --> 204 NO_CONTENT (referrer: -; agent: python-requests/2.9.1)
Nov  2 03:56:15 mas01 salt-minion[6118]: [INFO    ] User sudo_ubuntu Executing command saltutil.find_job with jid 20181102035615573486
Nov  2 03:56:15 mas01 sh[18921]: 2018-11-02 03:56:15 regiond: [info] 192.168.11.40 POST /MAAS/metadata/status/wbcsw7 HTTP/1.1 --> 204 NO_CONTENT (referrer: -; agent: python-requests/2.9.1)
Nov  2 03:56:15 mas01 sh[18921]: 2018-11-02 03:56:15 regiond: [info] 192.168.11.38 POST /MAAS/metadata/status/yehpbe HTTP/1.1 --> 204 NO_CONTENT (referrer: -; agent: python-requests/2.9.1)
Nov  2 03:56:15 mas01 sh[19866]: 2018-11-02 03:56:15 regiond: [info] 192.168.11.39 POST /MAAS/metadata/status/k8qnny HTTP/1.1 --> 204 NO_CONTENT (referrer: -; agent: python-requests/2.9.1)
Nov  2 03:56:15 mas01 sh[19866]: 2018-11-02 03:56:15 regiond: [info] 192.168.11.42 POST /MAAS/metadata/status/wqm3ef HTTP/1.1 --> 204 NO_CONTENT (referrer: -; agent: python-requests/2.9.1)
Nov  2 03:56:15 mas01 sh[18910]: 2018-11-02 03:56:15 regiond: [info] 192.168.11.42 POST /MAAS/metadata/status/wqm3ef HTTP/1.1 --> 204 NO_CONTENT (referrer: -; agent: python-requests/2.9.1)
Nov  2 03:56:15 mas01 salt-minion[6118]: [INFO    ] Starting a new job with PID 21331
Nov  2 03:56:15 mas01 sh[18921]: 2018-11-02 03:56:15 regiond: [info] 192.168.11.42 POST /MAAS/metadata/status/wqm3ef HTTP/1.1 --> 204 NO_CONTENT (referrer: -; agent: python-requests/2.9.1)
Nov  2 03:56:15 mas01 sh[18921]: 2018-11-02 03:56:15 regiond: [info] 192.168.11.42 POST /MAAS/metadata/status/wqm3ef HTTP/1.1 --> 204 NO_CONTENT (referrer: -; agent: python-requests/2.9.1)
Nov  2 03:56:15 mas01 salt-minion[6118]: [INFO    ] Returning information for job: 20181102035615573486
Nov  2 03:56:15 mas01 sh[18921]: 2018-11-02 03:56:15 regiond: [info] 192.168.11.42 POST /MAAS/metadata/status/wqm3ef HTTP/1.1 --> 204 NO_CONTENT (referrer: -; agent: python-requests/2.9.1)
Nov  2 03:56:15 mas01 sh[18910]: 2018-11-02 03:56:15 regiond: [info] 192.168.11.42 POST /MAAS/metadata/status/wqm3ef HTTP/1.1 --> 204 NO_CONTENT (referrer: -; agent: python-requests/2.9.1)
Nov  2 03:56:15 mas01 sh[19866]: 2018-11-02 03:56:15 regiond: [info] 192.168.11.40 POST /MAAS/metadata/status/wbcsw7 HTTP/1.1 --> 204 NO_CONTENT (referrer: -; agent: python-requests/2.9.1)
Nov  2 03:56:15 mas01 sh[18910]: 2018-11-02 03:56:15 regiond: [info] 192.168.11.38 POST /MAAS/metadata/status/yehpbe HTTP/1.1 --> 204 NO_CONTENT (referrer: -; agent: python-requests/2.9.1)
Nov  2 03:56:15 mas01 sh[19866]: 2018-11-02 03:56:15 regiond: [info] 192.168.11.40 POST /MAAS/metadata/status/wbcsw7 HTTP/1.1 --> 204 NO_CONTENT (referrer: -; agent: python-requests/2.9.1)
Nov  2 03:56:15 mas01 sh[18916]: 2018-11-02 03:56:15 regiond: [info] 192.168.11.38 POST /MAAS/metadata/status/yehpbe HTTP/1.1 --> 204 NO_CONTENT (referrer: -; agent: python-requests/2.9.1)
Nov  2 03:56:15 mas01 sh[18916]: 2018-11-02 03:56:15 regiond: [info] 192.168.11.39 POST /MAAS/metadata/status/k8qnny HTTP/1.1 --> 204 NO_CONTENT (referrer: -; agent: python-requests/2.9.1)
Nov  2 03:56:15 mas01 sh[19866]: 2018-11-02 03:56:15 regiond: [info] 192.168.11.39 POST /MAAS/metadata/status/k8qnny HTTP/1.1 --> 204 NO_CONTENT (referrer: -; agent: python-requests/2.9.1)
Nov  2 03:56:15 mas01 sh[18916]: 2018-11-02 03:56:15 regiond: [info] 192.168.11.42 POST /MAAS/metadata/status/wqm3ef HTTP/1.1 --> 204 NO_CONTENT (referrer: -; agent: python-requests/2.9.1)
Nov  2 03:56:15 mas01 sh[18916]: 2018-11-02 03:56:15 regiond: [info] 192.168.11.42 POST /MAAS/metadata/status/wqm3ef HTTP/1.1 --> 204 NO_CONTENT (referrer: -; agent: python-requests/2.9.1)
Nov  2 03:56:15 mas01 sh[18921]: 2018-11-02 03:56:15 regiond: [info] 192.168.11.40 POST /MAAS/metadata/status/wbcsw7 HTTP/1.1 --> 204 NO_CONTENT (referrer: -; agent: python-requests/2.9.1)
Nov  2 03:56:15 mas01 sh[18916]: 2018-11-02 03:56:15 regiond: [info] 192.168.11.38 POST /MAAS/metadata/status/yehpbe HTTP/1.1 --> 204 NO_CONTENT (referrer: -; agent: python-requests/2.9.1)
Nov  2 03:56:15 mas01 sh[18910]: 2018-11-02 03:56:15 regiond: [info] 192.168.11.39 POST /MAAS/metadata/status/k8qnny HTTP/1.1 --> 204 NO_CONTENT (referrer: -; agent: python-requests/2.9.1)
Nov  2 03:56:15 mas01 sh[18910]: 2018-11-02 03:56:15 regiond: [info] 192.168.11.40 POST /MAAS/metadata/status/wbcsw7 HTTP/1.1 --> 204 NO_CONTENT (referrer: -; agent: python-requests/2.9.1)
Nov  2 03:56:15 mas01 sh[19866]: 2018-11-02 03:56:15 regiond: [info] 192.168.11.38 POST /MAAS/metadata/status/yehpbe HTTP/1.1 --> 204 NO_CONTENT (referrer: -; agent: python-requests/2.9.1)
Nov  2 03:56:15 mas01 sh[19866]: 2018-11-02 03:56:15 regiond: [info] 192.168.11.40 POST /MAAS/metadata/status/wbcsw7 HTTP/1.1 --> 204 NO_CONTENT (referrer: -; agent: python-requests/2.9.1)
Nov  2 03:56:15 mas01 sh[18921]: 2018-11-02 03:56:15 regiond: [info] 192.168.11.38 POST /MAAS/metadata/status/yehpbe HTTP/1.1 --> 204 NO_CONTENT (referrer: -; agent: python-requests/2.9.1)
Nov  2 03:56:15 mas01 sh[18910]: 2018-11-02 03:56:15 regiond: [info] 192.168.11.39 POST /MAAS/metadata/status/k8qnny HTTP/1.1 --> 204 NO_CONTENT (referrer: -; agent: python-requests/2.9.1)
Nov  2 03:56:15 mas01 sh[18921]: 2018-11-02 03:56:15 regiond: [info] 192.168.11.39 POST /MAAS/metadata/status/k8qnny HTTP/1.1 --> 204 NO_CONTENT (referrer: -; agent: python-requests/2.9.1)
Nov  2 03:56:15 mas01 sh[18916]: 2018-11-02 03:56:15 regiond: [info] 192.168.11.40 POST /MAAS/metadata/status/wbcsw7 HTTP/1.1 --> 204 NO_CONTENT (referrer: -; agent: python-requests/2.9.1)
Nov  2 03:56:15 mas01 sh[18910]: 2018-11-02 03:56:15 regiond: [info] 192.168.11.38 POST /MAAS/metadata/status/yehpbe HTTP/1.1 --> 204 NO_CONTENT (referrer: -; agent: python-requests/2.9.1)
Nov  2 03:56:15 mas01 sh[18910]: 2018-11-02 03:56:15 regiond: [info] 192.168.11.39 POST /MAAS/metadata/status/k8qnny HTTP/1.1 --> 204 NO_CONTENT (referrer: -; agent: python-requests/2.9.1)
Nov  2 03:56:15 mas01 sh[18916]: 2018-11-02 03:56:15 regiond: [info] 192.168.11.40 POST /MAAS/metadata/status/wbcsw7 HTTP/1.1 --> 204 NO_CONTENT (referrer: -; agent: python-requests/2.9.1)
Nov  2 03:56:15 mas01 sh[18921]: 2018-11-02 03:56:15 regiond: [info] 192.168.11.40 POST /MAAS/metadata/status/wbcsw7 HTTP/1.1 --> 204 NO_CONTENT (referrer: -; agent: python-requests/2.9.1)
Nov  2 03:56:15 mas01 sh[18910]: 2018-11-02 03:56:15 regiond: [info] 192.168.11.38 POST /MAAS/metadata/status/yehpbe HTTP/1.1 --> 204 NO_CONTENT (referrer: -; agent: python-requests/2.9.1)
Nov  2 03:56:15 mas01 sh[18921]: 2018-11-02 03:56:15 regiond: [info] 192.168.11.39 POST /MAAS/metadata/status/k8qnny HTTP/1.1 --> 204 NO_CONTENT (referrer: -; agent: python-requests/2.9.1)
Nov  2 03:56:15 mas01 sh[18916]: 2018-11-02 03:56:15 regiond: [info] 192.168.11.38 POST /MAAS/metadata/status/yehpbe HTTP/1.1 --> 204 NO_CONTENT (referrer: -; agent: python-requests/2.9.1)
Nov  2 03:56:15 mas01 sh[18910]: 2018-11-02 03:56:15 regiond: [info] 192.168.11.39 POST /MAAS/metadata/status/k8qnny HTTP/1.1 --> 204 NO_CONTENT (referrer: -; agent: python-requests/2.9.1)
Nov  2 03:56:15 mas01 sh[18921]: 2018-11-02 03:56:15 regiond: [info] 192.168.11.42 POST /MAAS/metadata/status/wqm3ef HTTP/1.1 --> 204 NO_CONTENT (referrer: -; agent: python-requests/2.9.1)
Nov  2 03:56:15 mas01 sh[18921]: 2018-11-02 03:56:15 regiond: [info] 192.168.11.42 POST /MAAS/metadata/status/wqm3ef HTTP/1.1 --> 204 NO_CONTENT (referrer: -; agent: python-requests/2.9.1)
Nov  2 03:56:15 mas01 sh[19866]: 2018-11-02 03:56:15 regiond: [info] 192.168.11.42 POST /MAAS/metadata/status/wqm3ef HTTP/1.1 --> 204 NO_CONTENT (referrer: -; agent: python-requests/2.9.1)
Nov  2 03:56:15 mas01 sh[18921]: 2018-11-02 03:56:15 regiond: [info] 192.168.11.42 POST /MAAS/metadata/status/wqm3ef HTTP/1.1 --> 204 NO_CONTENT (referrer: -; agent: python-requests/2.9.1)
Nov  2 03:56:15 mas01 sh[18916]: 2018-11-02 03:56:15 regiond: [info] 192.168.11.42 POST /MAAS/metadata/status/wqm3ef HTTP/1.1 --> 204 NO_CONTENT (referrer: -; agent: python-requests/2.9.1)
Nov  2 03:56:15 mas01 sh[18910]: 2018-11-02 03:56:15 regiond: [info] 192.168.11.42 POST /MAAS/metadata/status/wqm3ef HTTP/1.1 --> 204 NO_CONTENT (referrer: -; agent: python-requests/2.9.1)
Nov  2 03:56:15 mas01 sh[18910]: message repeated 2 times: [ 2018-11-02 03:56:15 regiond: [info] 192.168.11.42 POST /MAAS/metadata/status/wqm3ef HTTP/1.1 --> 204 NO_CONTENT (referrer: -; agent: python-requests/2.9.1)]
Nov  2 03:56:15 mas01 sh[18916]: 2018-11-02 03:56:15 regiond: [info] 192.168.11.42 POST /MAAS/metadata/status/wqm3ef HTTP/1.1 --> 204 NO_CONTENT (referrer: -; agent: python-requests/2.9.1)
Nov  2 03:56:15 mas01 sh[18921]: 2018-11-02 03:56:15 regiond: [info] 192.168.11.42 POST /MAAS/metadata/status/wqm3ef HTTP/1.1 --> 204 NO_CONTENT (referrer: -; agent: python-requests/2.9.1)
Nov  2 03:56:15 mas01 sh[18921]: 2018-11-02 03:56:15 regiond: [info] 192.168.11.42 POST /MAAS/metadata/status/wqm3ef HTTP/1.1 --> 204 NO_CONTENT (referrer: -; agent: python-requests/2.9.1)
Nov  2 03:56:15 mas01 sh[18910]: 2018-11-02 03:56:15 regiond: [info] 192.168.11.42 POST /MAAS/metadata/status/wqm3ef HTTP/1.1 --> 204 NO_CONTENT (referrer: -; agent: python-requests/2.9.1)
Nov  2 03:56:15 mas01 sh[18921]: 2018-11-02 03:56:15 regiond: [info] 192.168.11.40 POST /MAAS/metadata/status/wbcsw7 HTTP/1.1 --> 204 NO_CONTENT (referrer: -; agent: python-requests/2.9.1)
Nov  2 03:56:15 mas01 sh[18921]: 2018-11-02 03:56:15 regiond: [info] 192.168.11.42 POST /MAAS/metadata/status/wqm3ef HTTP/1.1 --> 204 NO_CONTENT (referrer: -; agent: python-requests/2.9.1)
Nov  2 03:56:15 mas01 sh[19866]: 2018-11-02 03:56:15 regiond: [info] 192.168.11.40 POST /MAAS/metadata/status/wbcsw7 HTTP/1.1 --> 204 NO_CONTENT (referrer: -; agent: python-requests/2.9.1)
Nov  2 03:56:15 mas01 sh[18916]: 2018-11-02 03:56:15 regiond: [info] 192.168.11.42 POST /MAAS/metadata/status/wqm3ef HTTP/1.1 --> 204 NO_CONTENT (referrer: -; agent: python-requests/2.9.1)
Nov  2 03:56:15 mas01 sh[19866]: 2018-11-02 03:56:15 regiond: [info] 192.168.11.38 POST /MAAS/metadata/status/yehpbe HTTP/1.1 --> 204 NO_CONTENT (referrer: -; agent: python-requests/2.9.1)
Nov  2 03:56:15 mas01 sh[19866]: 2018-11-02 03:56:15 regiond: [info] 192.168.11.40 POST /MAAS/metadata/status/wbcsw7 HTTP/1.1 --> 204 NO_CONTENT (referrer: -; agent: python-requests/2.9.1)
Nov  2 03:56:15 mas01 sh[18921]: 2018-11-02 03:56:15 regiond: [info] 192.168.11.39 POST /MAAS/metadata/status/k8qnny HTTP/1.1 --> 204 NO_CONTENT (referrer: -; agent: python-requests/2.9.1)
Nov  2 03:56:15 mas01 sh[18921]: 2018-11-02 03:56:15 regiond: [info] 192.168.11.42 POST /MAAS/metadata/status/wqm3ef HTTP/1.1 --> 204 NO_CONTENT (referrer: -; agent: python-requests/2.9.1)
Nov  2 03:56:15 mas01 sh[19866]: 2018-11-02 03:56:15 regiond: [info] 192.168.11.39 POST /MAAS/metadata/status/k8qnny HTTP/1.1 --> 204 NO_CONTENT (referrer: -; agent: python-requests/2.9.1)
Nov  2 03:56:15 mas01 sh[18921]: 2018-11-02 03:56:15 regiond: [info] 192.168.11.38 POST /MAAS/metadata/status/yehpbe HTTP/1.1 --> 204 NO_CONTENT (referrer: -; agent: python-requests/2.9.1)
Nov  2 03:56:15 mas01 sh[19866]: 2018-11-02 03:56:15 regiond: [info] 192.168.11.40 POST /MAAS/metadata/status/wbcsw7 HTTP/1.1 --> 204 NO_CONTENT (referrer: -; agent: python-requests/2.9.1)
Nov  2 03:56:15 mas01 sh[19866]: 2018-11-02 03:56:15 regiond: [info] 192.168.11.42 POST /MAAS/metadata/status/wqm3ef HTTP/1.1 --> 204 NO_CONTENT (referrer: -; agent: python-requests/2.9.1)
Nov  2 03:56:15 mas01 sh[18916]: 2018-11-02 03:56:15 regiond: [info] 192.168.11.38 POST /MAAS/metadata/status/yehpbe HTTP/1.1 --> 204 NO_CONTENT (referrer: -; agent: python-requests/2.9.1)
Nov  2 03:56:15 mas01 sh[18921]: 2018-11-02 03:56:15 regiond: [info] 192.168.11.39 POST /MAAS/metadata/status/k8qnny HTTP/1.1 --> 204 NO_CONTENT (referrer: -; agent: python-requests/2.9.1)
Nov  2 03:56:15 mas01 sh[18916]: 2018-11-02 03:56:15 regiond: [info] 192.168.11.40 POST /MAAS/metadata/status/wbcsw7 HTTP/1.1 --> 204 NO_CONTENT (referrer: -; agent: python-requests/2.9.1)
Nov  2 03:56:15 mas01 sh[19866]: 2018-11-02 03:56:15 regiond: [info] 192.168.11.42 POST /MAAS/metadata/status/wqm3ef HTTP/1.1 --> 204 NO_CONTENT (referrer: -; agent: python-requests/2.9.1)
Nov  2 03:56:15 mas01 sh[19866]: 2018-11-02 03:56:15 regiond: [info] 192.168.11.39 POST /MAAS/metadata/status/k8qnny HTTP/1.1 --> 204 NO_CONTENT (referrer: -; agent: python-requests/2.9.1)
Nov  2 03:56:15 mas01 sh[18910]: 2018-11-02 03:56:15 regiond: [info] 192.168.11.38 POST /MAAS/metadata/status/yehpbe HTTP/1.1 --> 204 NO_CONTENT (referrer: -; agent: python-requests/2.9.1)
Nov  2 03:56:15 mas01 sh[18910]: 2018-11-02 03:56:15 regiond: [info] 192.168.11.40 POST /MAAS/metadata/status/wbcsw7 HTTP/1.1 --> 204 NO_CONTENT (referrer: -; agent: python-requests/2.9.1)
Nov  2 03:56:15 mas01 sh[18916]: 2018-11-02 03:56:15 regiond: [info] 192.168.11.42 POST /MAAS/metadata/status/wqm3ef HTTP/1.1 --> 204 NO_CONTENT (referrer: -; agent: python-requests/2.9.1)
Nov  2 03:56:15 mas01 sh[18916]: 2018-11-02 03:56:15 regiond: [info] 192.168.11.38 POST /MAAS/metadata/status/yehpbe HTTP/1.1 --> 204 NO_CONTENT (referrer: -; agent: python-requests/2.9.1)
Nov  2 03:56:15 mas01 sh[18921]: 2018-11-02 03:56:15 regiond: [info] 192.168.11.39 POST /MAAS/metadata/status/k8qnny HTTP/1.1 --> 204 NO_CONTENT (referrer: -; agent: python-requests/2.9.1)
Nov  2 03:56:15 mas01 sh[18910]: 2018-11-02 03:56:15 regiond: [info] 192.168.11.42 POST /MAAS/metadata/status/wqm3ef HTTP/1.1 --> 204 NO_CONTENT (referrer: -; agent: python-requests/2.9.1)
Nov  2 03:56:15 mas01 sh[18916]: 2018-11-02 03:56:15 regiond: [info] 192.168.11.40 POST /MAAS/metadata/status/wbcsw7 HTTP/1.1 --> 204 NO_CONTENT (referrer: -; agent: python-requests/2.9.1)
Nov  2 03:56:15 mas01 sh[19866]: 2018-11-02 03:56:15 regiond: [info] 192.168.11.39 POST /MAAS/metadata/status/k8qnny HTTP/1.1 --> 204 NO_CONTENT (referrer: -; agent: python-requests/2.9.1)
Nov  2 03:56:15 mas01 sh[18910]: 2018-11-02 03:56:15 regiond: [info] 192.168.11.38 POST /MAAS/metadata/status/yehpbe HTTP/1.1 --> 204 NO_CONTENT (referrer: -; agent: python-requests/2.9.1)
Nov  2 03:56:15 mas01 sh[18916]: 2018-11-02 03:56:15 regiond: [info] 192.168.11.42 POST /MAAS/metadata/status/wqm3ef HTTP/1.1 --> 204 NO_CONTENT (referrer: -; agent: python-requests/2.9.1)
Nov  2 03:56:15 mas01 sh[18910]: 2018-11-02 03:56:15 regiond: [info] 192.168.11.39 POST /MAAS/metadata/status/k8qnny HTTP/1.1 --> 204 NO_CONTENT (referrer: -; agent: python-requests/2.9.1)
Nov  2 03:56:15 mas01 sh[18921]: 2018-11-02 03:56:15 regiond: [info] 192.168.11.40 POST /MAAS/metadata/status/wbcsw7 HTTP/1.1 --> 204 NO_CONTENT (referrer: -; agent: python-requests/2.9.1)
Nov  2 03:56:15 mas01 sh[18921]: 2018-11-02 03:56:15 regiond: [info] 192.168.11.38 POST /MAAS/metadata/status/yehpbe HTTP/1.1 --> 204 NO_CONTENT (referrer: -; agent: python-requests/2.9.1)
Nov  2 03:56:15 mas01 sh[19866]: 2018-11-02 03:56:15 regiond: [info] 192.168.11.42 POST /MAAS/metadata/status/wqm3ef HTTP/1.1 --> 204 NO_CONTENT (referrer: -; agent: python-requests/2.9.1)
Nov  2 03:56:15 mas01 sh[18916]: 2018-11-02 03:56:15 regiond: [info] 192.168.11.40 POST /MAAS/metadata/status/wbcsw7 HTTP/1.1 --> 204 NO_CONTENT (referrer: -; agent: python-requests/2.9.1)
Nov  2 03:56:15 mas01 sh[18921]: 2018-11-02 03:56:15 regiond: [info] 192.168.11.38 POST /MAAS/metadata/status/yehpbe HTTP/1.1 --> 204 NO_CONTENT (referrer: -; agent: python-requests/2.9.1)
Nov  2 03:56:15 mas01 sh[18916]: 2018-11-02 03:56:15 regiond: [info] 192.168.11.39 POST /MAAS/metadata/status/k8qnny HTTP/1.1 --> 204 NO_CONTENT (referrer: -; agent: python-requests/2.9.1)
Nov  2 03:56:15 mas01 sh[19866]: 2018-11-02 03:56:15 regiond: [info] 192.168.11.38 POST /MAAS/metadata/status/yehpbe HTTP/1.1 --> 204 NO_CONTENT (referrer: -; agent: python-requests/2.9.1)
Nov  2 03:56:15 mas01 sh[19866]: 2018-11-02 03:56:15 regiond: [info] 192.168.11.39 POST /MAAS/metadata/status/k8qnny HTTP/1.1 --> 204 NO_CONTENT (referrer: -; agent: python-requests/2.9.1)
Nov  2 03:56:15 mas01 sh[19866]: 2018-11-02 03:56:15 regiond: [info] 192.168.11.42 POST /MAAS/metadata/status/wqm3ef HTTP/1.1 --> 204 NO_CONTENT (referrer: -; agent: python-requests/2.9.1)
Nov  2 03:56:15 mas01 sh[18916]: 2018-11-02 03:56:15 regiond: [info] 192.168.11.42 POST /MAAS/metadata/status/wqm3ef HTTP/1.1 --> 204 NO_CONTENT (referrer: -; agent: python-requests/2.9.1)
Nov  2 03:56:15 mas01 sh[19866]: 2018-11-02 03:56:15 regiond: [info] 192.168.11.42 POST /MAAS/metadata/status/wqm3ef HTTP/1.1 --> 204 NO_CONTENT (referrer: -; agent: python-requests/2.9.1)
Nov  2 03:56:15 mas01 sh[19866]: 2018-11-02 03:56:15 regiond: [info] 192.168.11.42 POST /MAAS/metadata/status/wqm3ef HTTP/1.1 --> 204 NO_CONTENT (referrer: -; agent: python-requests/2.9.1)
Nov  2 03:56:15 mas01 sh[18910]: 2018-11-02 03:56:15 regiond: [info] 192.168.11.40 POST /MAAS/metadata/status/wbcsw7 HTTP/1.1 --> 204 NO_CONTENT (referrer: -; agent: python-requests/2.9.1)
Nov  2 03:56:15 mas01 sh[18910]: 2018-11-02 03:56:15 regiond: [info] 192.168.11.40 POST /MAAS/metadata/status/wbcsw7 HTTP/1.1 --> 204 NO_CONTENT (referrer: -; agent: python-requests/2.9.1)
Nov  2 03:56:15 mas01 sh[18910]: 2018-11-02 03:56:15 regiond: [info] 192.168.11.38 POST /MAAS/metadata/status/yehpbe HTTP/1.1 --> 204 NO_CONTENT (referrer: -; agent: python-requests/2.9.1)
Nov  2 03:56:15 mas01 sh[19866]: 2018-11-02 03:56:15 regiond: [info] 192.168.11.39 POST /MAAS/metadata/status/k8qnny HTTP/1.1 --> 204 NO_CONTENT (referrer: -; agent: python-requests/2.9.1)
Nov  2 03:56:15 mas01 sh[19866]: 2018-11-02 03:56:15 regiond: [info] 192.168.11.38 POST /MAAS/metadata/status/yehpbe HTTP/1.1 --> 204 NO_CONTENT (referrer: -; agent: python-requests/2.9.1)
Nov  2 03:56:15 mas01 sh[18916]: 2018-11-02 03:56:15 regiond: [info] 192.168.11.39 POST /MAAS/metadata/status/k8qnny HTTP/1.1 --> 204 NO_CONTENT (referrer: -; agent: python-requests/2.9.1)
Nov  2 03:56:15 mas01 sh[18916]: 2018-11-02 03:56:15 regiond: [info] 192.168.11.42 POST /MAAS/metadata/status/wqm3ef HTTP/1.1 --> 204 NO_CONTENT (referrer: -; agent: python-requests/2.9.1)
Nov  2 03:56:15 mas01 sh[18921]: 2018-11-02 03:56:15 regiond: [info] 192.168.11.40 POST /MAAS/metadata/status/wbcsw7 HTTP/1.1 --> 204 NO_CONTENT (referrer: -; agent: python-requests/2.9.1)
Nov  2 03:56:15 mas01 sh[18916]: 2018-11-02 03:56:15 regiond: [info] 192.168.11.42 POST /MAAS/metadata/status/wqm3ef HTTP/1.1 --> 204 NO_CONTENT (referrer: -; agent: python-requests/2.9.1)
Nov  2 03:56:15 mas01 sh[18921]: 2018-11-02 03:56:15 regiond: [info] 192.168.11.40 POST /MAAS/metadata/status/wbcsw7 HTTP/1.1 --> 204 NO_CONTENT (referrer: -; agent: python-requests/2.9.1)
Nov  2 03:56:15 mas01 sh[18910]: 2018-11-02 03:56:15 regiond: [info] 192.168.11.38 POST /MAAS/metadata/status/yehpbe HTTP/1.1 --> 204 NO_CONTENT (referrer: -; agent: python-requests/2.9.1)
Nov  2 03:56:15 mas01 sh[18910]: 2018-11-02 03:56:15 regiond: [info] 192.168.11.39 POST /MAAS/metadata/status/k8qnny HTTP/1.1 --> 204 NO_CONTENT (referrer: -; agent: python-requests/2.9.1)
Nov  2 03:56:15 mas01 sh[18910]: 2018-11-02 03:56:15 regiond: [info] 192.168.11.40 POST /MAAS/metadata/status/wbcsw7 HTTP/1.1 --> 204 NO_CONTENT (referrer: -; agent: python-requests/2.9.1)
Nov  2 03:56:15 mas01 sh[19866]: 2018-11-02 03:56:15 regiond: [info] 192.168.11.38 POST /MAAS/metadata/status/yehpbe HTTP/1.1 --> 204 NO_CONTENT (referrer: -; agent: python-requests/2.9.1)
Nov  2 03:56:15 mas01 sh[18910]: 2018-11-02 03:56:15 regiond: [info] 192.168.11.40 POST /MAAS/metadata/status/wbcsw7 HTTP/1.1 --> 204 NO_CONTENT (referrer: -; agent: python-requests/2.9.1)
Nov  2 03:56:15 mas01 sh[19866]: 2018-11-02 03:56:15 regiond: [info] 192.168.11.39 POST /MAAS/metadata/status/k8qnny HTTP/1.1 --> 204 NO_CONTENT (referrer: -; agent: python-requests/2.9.1)
Nov  2 03:56:15 mas01 sh[18916]: 2018-11-02 03:56:15 regiond: [info] 192.168.11.38 POST /MAAS/metadata/status/yehpbe HTTP/1.1 --> 204 NO_CONTENT (referrer: -; agent: python-requests/2.9.1)
Nov  2 03:56:15 mas01 sh[18916]: 2018-11-02 03:56:15 regiond: [info] 192.168.11.40 POST /MAAS/metadata/status/wbcsw7 HTTP/1.1 --> 204 NO_CONTENT (referrer: -; agent: python-requests/2.9.1)
Nov  2 03:56:15 mas01 sh[18910]: 2018-11-02 03:56:15 regiond: [info] 192.168.11.38 POST /MAAS/metadata/status/yehpbe HTTP/1.1 --> 204 NO_CONTENT (referrer: -; agent: python-requests/2.9.1)
Nov  2 03:56:15 mas01 sh[18916]: 2018-11-02 03:56:15 regiond: [info] 192.168.11.39 POST /MAAS/metadata/status/k8qnny HTTP/1.1 --> 204 NO_CONTENT (referrer: -; agent: python-requests/2.9.1)
Nov  2 03:56:15 mas01 sh[18910]: 2018-11-02 03:56:15 regiond: [info] 192.168.11.40 POST /MAAS/metadata/status/wbcsw7 HTTP/1.1 --> 204 NO_CONTENT (referrer: -; agent: python-requests/2.9.1)
Nov  2 03:56:15 mas01 sh[18921]: 2018-11-02 03:56:15 regiond: [info] 192.168.11.38 POST /MAAS/metadata/status/yehpbe HTTP/1.1 --> 204 NO_CONTENT (referrer: -; agent: python-requests/2.9.1)
Nov  2 03:56:15 mas01 sh[19866]: 2018-11-02 03:56:15 regiond: [info] 192.168.11.39 POST /MAAS/metadata/status/k8qnny HTTP/1.1 --> 204 NO_CONTENT (referrer: -; agent: python-requests/2.9.1)
Nov  2 03:56:15 mas01 sh[18910]: 2018-11-02 03:56:15 regiond: [info] 192.168.11.40 POST /MAAS/metadata/status/wbcsw7 HTTP/1.1 --> 204 NO_CONTENT (referrer: -; agent: python-requests/2.9.1)
Nov  2 03:56:15 mas01 sh[18921]: 2018-11-02 03:56:15 regiond: [info] 192.168.11.38 POST /MAAS/metadata/status/yehpbe HTTP/1.1 --> 204 NO_CONTENT (referrer: -; agent: python-requests/2.9.1)
Nov  2 03:56:15 mas01 sh[19866]: 2018-11-02 03:56:15 regiond: [info] 192.168.11.39 POST /MAAS/metadata/status/k8qnny HTTP/1.1 --> 204 NO_CONTENT (referrer: -; agent: python-requests/2.9.1)
Nov  2 03:56:15 mas01 sh[18916]: 2018-11-02 03:56:15 regiond: [info] 192.168.11.40 POST /MAAS/metadata/status/wbcsw7 HTTP/1.1 --> 204 NO_CONTENT (referrer: -; agent: python-requests/2.9.1)
Nov  2 03:56:15 mas01 sh[18921]: 2018-11-02 03:56:15 regiond: [info] 192.168.11.39 POST /MAAS/metadata/status/k8qnny HTTP/1.1 --> 204 NO_CONTENT (referrer: -; agent: python-requests/2.9.1)
Nov  2 03:56:15 mas01 sh[18916]: 2018-11-02 03:56:15 regiond: [info] 192.168.11.38 POST /MAAS/metadata/status/yehpbe HTTP/1.1 --> 204 NO_CONTENT (referrer: -; agent: python-requests/2.9.1)
Nov  2 03:56:15 mas01 sh[18916]: 2018-11-02 03:56:15 regiond: [info] 192.168.11.40 POST /MAAS/metadata/status/wbcsw7 HTTP/1.1 --> 204 NO_CONTENT (referrer: -; agent: python-requests/2.9.1)
Nov  2 03:56:15 mas01 sh[18910]: 2018-11-02 03:56:15 regiond: [info] 192.168.11.38 POST /MAAS/metadata/status/yehpbe HTTP/1.1 --> 204 NO_CONTENT (referrer: -; agent: python-requests/2.9.1)
Nov  2 03:56:15 mas01 sh[18921]: 2018-11-02 03:56:15 regiond: [info] 192.168.11.40 POST /MAAS/metadata/status/wbcsw7 HTTP/1.1 --> 204 NO_CONTENT (referrer: -; agent: python-requests/2.9.1)
Nov  2 03:56:15 mas01 sh[18910]: 2018-11-02 03:56:15 regiond: [info] 192.168.11.39 POST /MAAS/metadata/status/k8qnny HTTP/1.1 --> 204 NO_CONTENT (referrer: -; agent: python-requests/2.9.1)
Nov  2 03:56:15 mas01 sh[18910]: 2018-11-02 03:56:15 regiond: [info] 192.168.11.39 POST /MAAS/metadata/status/k8qnny HTTP/1.1 --> 204 NO_CONTENT (referrer: -; agent: python-requests/2.9.1)
Nov  2 03:56:15 mas01 sh[18916]: 2018-11-02 03:56:15 regiond: [info] 192.168.11.38 POST /MAAS/metadata/status/yehpbe HTTP/1.1 --> 204 NO_CONTENT (referrer: -; agent: python-requests/2.9.1)
Nov  2 03:56:15 mas01 sh[18921]: 2018-11-02 03:56:15 regiond: [info] 192.168.11.39 POST /MAAS/metadata/status/k8qnny HTTP/1.1 --> 204 NO_CONTENT (referrer: -; agent: python-requests/2.9.1)
Nov  2 03:56:15 mas01 sh[18921]: 2018-11-02 03:56:15 regiond: [info] 192.168.11.38 POST /MAAS/metadata/status/yehpbe HTTP/1.1 --> 204 NO_CONTENT (referrer: -; agent: python-requests/2.9.1)
Nov  2 03:56:15 mas01 sh[18921]: 2018-11-02 03:56:15 regiond: [info] 192.168.11.40 POST /MAAS/metadata/status/wbcsw7 HTTP/1.1 --> 204 NO_CONTENT (referrer: -; agent: python-requests/2.9.1)
Nov  2 03:56:15 mas01 sh[19866]: 2018-11-02 03:56:15 regiond: [info] 192.168.11.39 POST /MAAS/metadata/status/k8qnny HTTP/1.1 --> 204 NO_CONTENT (referrer: -; agent: python-requests/2.9.1)
Nov  2 03:56:15 mas01 sh[19866]: 2018-11-02 03:56:15 regiond: [info] 192.168.11.40 POST /MAAS/metadata/status/wbcsw7 HTTP/1.1 --> 204 NO_CONTENT (referrer: -; agent: python-requests/2.9.1)
Nov  2 03:56:15 mas01 sh[19866]: 2018-11-02 03:56:15 regiond: [info] 192.168.11.40 POST /MAAS/metadata/status/wbcsw7 HTTP/1.1 --> 204 NO_CONTENT (referrer: -; agent: python-requests/2.9.1)
Nov  2 03:56:15 mas01 sh[18910]: 2018-11-02 03:56:15 regiond: [info] 192.168.11.38 POST /MAAS/metadata/status/yehpbe HTTP/1.1 --> 204 NO_CONTENT (referrer: -; agent: python-requests/2.9.1)
Nov  2 03:56:15 mas01 sh[18916]: 2018-11-02 03:56:15 regiond: [info] 192.168.11.40 POST /MAAS/metadata/status/wbcsw7 HTTP/1.1 --> 204 NO_CONTENT (referrer: -; agent: python-requests/2.9.1)
Nov  2 03:56:15 mas01 sh[18921]: 2018-11-02 03:56:15 regiond: [info] 192.168.11.38 POST /MAAS/metadata/status/yehpbe HTTP/1.1 --> 204 NO_CONTENT (referrer: -; agent: python-requests/2.9.1)
Nov  2 03:56:15 mas01 sh[19866]: 2018-11-02 03:56:15 regiond: [info] 192.168.11.39 POST /MAAS/metadata/status/k8qnny HTTP/1.1 --> 204 NO_CONTENT (referrer: -; agent: python-requests/2.9.1)
Nov  2 03:56:15 mas01 sh[19866]: 2018-11-02 03:56:15 regiond: [info] 192.168.11.39 POST /MAAS/metadata/status/k8qnny HTTP/1.1 --> 204 NO_CONTENT (referrer: -; agent: python-requests/2.9.1)
Nov  2 03:56:15 mas01 sh[19866]: 2018-11-02 03:56:15 regiond: [info] 192.168.11.38 POST /MAAS/metadata/status/yehpbe HTTP/1.1 --> 204 NO_CONTENT (referrer: -; agent: python-requests/2.9.1)
Nov  2 03:56:15 mas01 sh[18916]: 2018-11-02 03:56:15 regiond: [info] 192.168.11.42 POST /MAAS/metadata/status/wqm3ef HTTP/1.1 --> 204 NO_CONTENT (referrer: -; agent: python-requests/2.9.1)
Nov  2 03:56:15 mas01 sh[18910]: 2018-11-02 03:56:15 regiond: [info] 192.168.11.38 POST /MAAS/metadata/status/yehpbe HTTP/1.1 --> 204 NO_CONTENT (referrer: -; agent: python-requests/2.9.1)
Nov  2 03:56:15 mas01 sh[19866]: 2018-11-02 03:56:15 regiond: [info] 192.168.11.39 POST /MAAS/metadata/status/k8qnny HTTP/1.1 --> 204 NO_CONTENT (referrer: -; agent: python-requests/2.9.1)
Nov  2 03:56:15 mas01 sh[19866]: 2018-11-02 03:56:15 regiond: [info] 192.168.11.40 POST /MAAS/metadata/status/wbcsw7 HTTP/1.1 --> 204 NO_CONTENT (referrer: -; agent: python-requests/2.9.1)
Nov  2 03:56:15 mas01 sh[18921]: 2018-11-02 03:56:15 regiond: [info] 192.168.11.42 POST /MAAS/metadata/status/wqm3ef HTTP/1.1 --> 204 NO_CONTENT (referrer: -; agent: python-requests/2.9.1)
Nov  2 03:56:15 mas01 sh[18921]: 2018-11-02 03:56:15 regiond: [info] 192.168.11.39 POST /MAAS/metadata/status/k8qnny HTTP/1.1 --> 204 NO_CONTENT (referrer: -; agent: python-requests/2.9.1)
Nov  2 03:56:15 mas01 sh[18916]: 2018-11-02 03:56:15 regiond: [info] 192.168.11.40 POST /MAAS/metadata/status/wbcsw7 HTTP/1.1 --> 204 NO_CONTENT (referrer: -; agent: python-requests/2.9.1)
Nov  2 03:56:15 mas01 sh[18921]: 2018-11-02 03:56:15 regiond: [info] 192.168.11.38 POST /MAAS/metadata/status/yehpbe HTTP/1.1 --> 204 NO_CONTENT (referrer: -; agent: python-requests/2.9.1)
Nov  2 03:56:15 mas01 sh[18921]: 2018-11-02 03:56:15 regiond: [info] 192.168.11.39 POST /MAAS/metadata/status/k8qnny HTTP/1.1 --> 204 NO_CONTENT (referrer: -; agent: python-requests/2.9.1)
Nov  2 03:56:15 mas01 sh[18910]: 2018-11-02 03:56:15 regiond: [info] 192.168.11.38 POST /MAAS/metadata/status/yehpbe HTTP/1.1 --> 204 NO_CONTENT (referrer: -; agent: python-requests/2.9.1)
Nov  2 03:56:15 mas01 sh[19866]: 2018-11-02 03:56:15 regiond: [info] 192.168.11.39 POST /MAAS/metadata/status/k8qnny HTTP/1.1 --> 204 NO_CONTENT (referrer: -; agent: python-requests/2.9.1)
Nov  2 03:56:16 mas01 sh[18910]: 2018-11-02 03:56:16 regiond: [info] 192.168.11.40 POST /MAAS/metadata/status/wbcsw7 HTTP/1.1 --> 204 NO_CONTENT (referrer: -; agent: python-requests/2.9.1)
Nov  2 03:56:16 mas01 sh[18910]: 2018-11-02 03:56:16 regiond: [info] 192.168.11.38 POST /MAAS/metadata/status/yehpbe HTTP/1.1 --> 204 NO_CONTENT (referrer: -; agent: python-requests/2.9.1)
Nov  2 03:56:16 mas01 sh[18921]: 2018-11-02 03:56:16 regiond: [info] 192.168.11.39 POST /MAAS/metadata/status/k8qnny HTTP/1.1 --> 204 NO_CONTENT (referrer: -; agent: python-requests/2.9.1)
Nov  2 03:56:16 mas01 sh[19866]: 2018-11-02 03:56:16 regiond: [info] 192.168.11.40 POST /MAAS/metadata/status/wbcsw7 HTTP/1.1 --> 204 NO_CONTENT (referrer: -; agent: python-requests/2.9.1)
Nov  2 03:56:16 mas01 sh[19866]: 2018-11-02 03:56:16 regiond: [info] 192.168.11.39 POST /MAAS/metadata/status/k8qnny HTTP/1.1 --> 204 NO_CONTENT (referrer: -; agent: python-requests/2.9.1)
Nov  2 03:56:16 mas01 sh[18916]: 2018-11-02 03:56:16 regiond: [info] 192.168.11.38 POST /MAAS/metadata/status/yehpbe HTTP/1.1 --> 204 NO_CONTENT (referrer: -; agent: python-requests/2.9.1)
Nov  2 03:56:16 mas01 salt-minion[6118]: [INFO    ] {'pid': 21296, 'retcode': 0, 'stderr': '', 'stdout': ''}
Nov  2 03:56:16 mas01 salt-minion[6118]: [INFO    ] Completed state [maas-region apikey --username opnfv > /var/lib/maas/.maas_credentials] at time 03:56:16.031388 duration_in_ms=1473.247
Nov  2 03:56:16 mas01 salt-minion[6118]: [INFO    ] Running state [maas.machines_status] at time 03:56:16.034124
Nov  2 03:56:16 mas01 salt-minion[6118]: [INFO    ] Executing state module.run for [maas.machines_status]
Nov  2 03:56:16 mas01 salt-minion[6118]: [WARNING ] The function "module.run" is using its deprecated version and will expire in version "Sodium".
Nov  2 03:56:16 mas01 sh[18921]: 2018-11-02 03:56:16 regiond: [info] 192.168.11.42 POST /MAAS/metadata/status/wqm3ef HTTP/1.1 --> 204 NO_CONTENT (referrer: -; agent: python-requests/2.9.1)
Nov  2 03:56:16 mas01 sh[19866]: 2018-11-02 03:56:16 regiond: [info] 192.168.11.38 POST /MAAS/metadata/status/yehpbe HTTP/1.1 --> 204 NO_CONTENT (referrer: -; agent: python-requests/2.9.1)
Nov  2 03:56:16 mas01 sh[18910]: 2018-11-02 03:56:16 regiond: [info] 192.168.11.42 POST /MAAS/metadata/status/wqm3ef HTTP/1.1 --> 204 NO_CONTENT (referrer: -; agent: python-requests/2.9.1)
Nov  2 03:56:16 mas01 sh[18921]: 2018-11-02 03:56:16 regiond: [info] 192.168.11.39 POST /MAAS/metadata/status/k8qnny HTTP/1.1 --> 204 NO_CONTENT (referrer: -; agent: python-requests/2.9.1)
Nov  2 03:56:16 mas01 sh[18916]: 2018-11-02 03:56:16 regiond: [info] 192.168.11.38 POST /MAAS/metadata/status/yehpbe HTTP/1.1 --> 204 NO_CONTENT (referrer: -; agent: python-requests/2.9.1)
Nov  2 03:56:16 mas01 sh[18921]: 2018-11-02 03:56:16 regiond: [info] 192.168.11.39 POST /MAAS/metadata/status/k8qnny HTTP/1.1 --> 204 NO_CONTENT (referrer: -; agent: python-requests/2.9.1)
Nov  2 03:56:16 mas01 sh[18910]: 2018-11-02 03:56:16 regiond: [info] 192.168.11.40 POST /MAAS/metadata/status/wbcsw7 HTTP/1.1 --> 204 NO_CONTENT (referrer: -; agent: python-requests/2.9.1)
Nov  2 03:56:16 mas01 salt-minion[6118]: [INFO    ] {'ret': {'machines': [{'status': 'Commissioning', 'hostname': u'cmp002', 'system_id': u'yehpbe'}, {'status': 'Commissioning', 'hostname': u'cmp001', 'system_id': u'k8qnny'}, {'status': 'Commissioning', 'hostname': u'kvm01', 'system_id': u'deqyyt'}, {'status': 'Commissioning', 'hostname': u'kvm03', 'system_id': u'wbcsw7'}, {'status': 'Commissioning', 'hostname': u'kvm02', 'system_id': u'wqm3ef'}], 'summary': Counter({'Commissioning': 5})}}
