Oct 30 14:47:43 mas01 salt-minion[8088]: [INFO    ] {'ret': {'machines': [{'status': 'Deploying', 'hostname': u'cmp002', 'system_id': u'4c6fdh'}, {'status': 'Deploying', 'hostname': u'cmp001', 'system_id': u'eswecg'}, {'status': 'Deploying', 'hostname': u'kvm01', 'system_id': u'c86wmr'}, {'status': 'Deploying', 'hostname': u'kvm03', 'system_id': u'cb8k6c'}, {'status': 'Deploying', 'hostname': u'kvm02', 'system_id': u'bf7fwn'}], 'summary': Counter({'Deploying': 5})}}
Oct 30 14:47:43 mas01 salt-minion[8088]: [INFO    ] Completed state [maas.machines_status] at time 14:47:43.644840 duration_in_ms=530.643
Oct 30 14:47:43 mas01 salt-minion[8088]: [INFO    ] Returning information for job: 20181030144740757937
Oct 30 14:47:43 mas01 sh[20192]: 2018-10-30 14:47:43 provisioningserver.rackdservices.tftp: [info] ubuntu/amd64/hwe-16.04/xenial/daily/boot-initrd requested by 00:25:b5:a0:00:4a
Oct 30 14:47:45 mas01 dhcpd[28047]: execute_statement argv[0] = /usr/sbin/maas-dhcp-helper
Oct 30 14:47:45 mas01 dhcpd[28047]: execute_statement argv[1] = notify
Oct 30 14:47:45 mas01 dhcpd[28047]: execute_statement argv[2] = --action
Oct 30 14:47:45 mas01 dhcpd[28047]: execute_statement argv[3] = commit
Oct 30 14:47:45 mas01 dhcpd[28047]: execute_statement argv[4] = --mac
Oct 30 14:47:45 mas01 dhcpd[28047]: execute_statement argv[5] = 0:25:b5:a0:0:3a
Oct 30 14:47:45 mas01 dhcpd[28047]: execute_statement argv[6] = --ip-family
Oct 30 14:47:45 mas01 dhcpd[28047]: execute_statement argv[7] = ipv4
Oct 30 14:47:45 mas01 dhcpd[28047]: execute_statement argv[8] = --ip
Oct 30 14:47:45 mas01 dhcpd[28047]: execute_statement argv[9] = 192.168.11.55
Oct 30 14:47:45 mas01 dhcpd[28047]: execute_statement argv[10] = --lease-time
Oct 30 14:47:45 mas01 dhcpd[28047]: execute_statement argv[11] = 30
Oct 30 14:47:45 mas01 dhcpd[28047]: execute_statement argv[12] = --hostname
Oct 30 14:47:45 mas01 dhcpd[28047]: execute_statement argv[13] = (none)
Oct 30 14:47:45 mas01 dhcpd[28047]: execute_statement argv[14] = --socket
Oct 30 14:47:45 mas01 dhcpd[28047]: execute_statement argv[15] = /var/lib/maas/dhcpd.sock
Oct 30 14:47:45 mas01 sh[20878]: 2018-10-30 14:47:45 maasserver.rpc.leases: [info] Lease update: commit for 192.168.11.55 on 0:25:b5:a0:0:3a at 2018-10-30 14:47:45 (lease time: 30s)
Oct 30 14:47:45 mas01 dhcpd[28047]: DHCPREQUEST for 192.168.11.55 (192.168.11.3) from 00:25:b5:a0:00:3a via ens5
Oct 30 14:47:45 mas01 dhcpd[28047]: DHCPACK on 192.168.11.55 to 00:25:b5:a0:00:3a via ens5
Oct 30 14:47:45 mas01 sh[20192]: 2018-10-30 14:47:45 provisioningserver.rackdservices.tftp: [info] pxelinux.0 requested by 00:25:b5:a0:00:3a
Oct 30 14:47:45 mas01 sh[20192]: 2018-10-30 14:47:45 provisioningserver.rackdservices.tftp: [info] pxelinux.0 requested by 00:25:b5:a0:00:3a
Oct 30 14:47:45 mas01 sh[20192]: 2018-10-30 14:47:45 provisioningserver.rackdservices.tftp: [info] ldlinux.c32 requested by 00:25:b5:a0:00:3a
Oct 30 14:47:45 mas01 sh[20192]: 2018-10-30 14:47:45 provisioningserver.rackdservices.tftp: [info] pxelinux.cfg/f0c9cf06-d8ce-11e4-0000-10000000007f requested by 00:25:b5:a0:00:3a
Oct 30 14:47:45 mas01 sh[20192]: 2018-10-30 14:47:45 provisioningserver.rackdservices.tftp: [info] pxelinux.cfg/01-00-25-b5-a0-00-3a requested by 00:25:b5:a0:00:3a
Oct 30 14:47:45 mas01 sh[20192]: 2018-10-30 14:47:45 provisioningserver.rackdservices.tftp: [info] pxelinux.cfg/01-00-25-b5-a0-00-3a requested by 00:25:b5:a0:00:3a
Oct 30 14:47:45 mas01 sh[20192]: 2018-10-30 14:47:45 provisioningserver.rackdservices.tftp: [info] ubuntu/amd64/hwe-16.04/xenial/daily/boot-kernel requested by 00:25:b5:a0:00:3a
Oct 30 14:47:47 mas01 sh[20192]: 2018-10-30 14:47:47 provisioningserver.rackdservices.tftp: [info] ubuntu/amd64/hwe-16.04/xenial/daily/boot-initrd requested by 00:25:b5:a0:00:3a
Oct 30 14:47:54 mas01 salt-minion[8088]: [INFO    ] User sudo_ubuntu Executing command state.apply with jid 20181030144754173843
Oct 30 14:47:54 mas01 salt-minion[8088]: [INFO    ] Starting a new job with PID 28879
Oct 30 14:47:56 mas01 dhcpd[28047]: DHCPDISCOVER from 00:25:b5:a0:00:6a via ens5
Oct 30 14:47:56 mas01 dhcpd[28047]: DHCPOFFER on 192.168.11.51 to 00:25:b5:a0:00:6a (cmp002) via ens5
Oct 30 14:47:56 mas01 dhcpd[28047]: execute_statement argv[0] = /usr/sbin/maas-dhcp-helper
Oct 30 14:47:56 mas01 dhcpd[28047]: execute_statement argv[1] = notify
Oct 30 14:47:56 mas01 dhcpd[28047]: execute_statement argv[2] = --action
Oct 30 14:47:56 mas01 dhcpd[28047]: execute_statement argv[3] = commit
Oct 30 14:47:56 mas01 dhcpd[28047]: execute_statement argv[4] = --mac
Oct 30 14:47:56 mas01 dhcpd[28047]: execute_statement argv[5] = 0:25:b5:a0:0:6a
Oct 30 14:47:56 mas01 dhcpd[28047]: execute_statement argv[6] = --ip-family
Oct 30 14:47:56 mas01 dhcpd[28047]: execute_statement argv[7] = ipv4
Oct 30 14:47:56 mas01 dhcpd[28047]: execute_statement argv[8] = --ip
Oct 30 14:47:56 mas01 dhcpd[28047]: execute_statement argv[9] = 192.168.11.51
Oct 30 14:47:56 mas01 dhcpd[28047]: execute_statement argv[10] = --lease-time
Oct 30 14:47:56 mas01 dhcpd[28047]: execute_statement argv[11] = 600
Oct 30 14:47:56 mas01 dhcpd[28047]: execute_statement argv[12] = --hostname
Oct 30 14:47:56 mas01 dhcpd[28047]: execute_statement argv[13] = cmp002
Oct 30 14:47:56 mas01 dhcpd[28047]: execute_statement argv[14] = --socket
Oct 30 14:47:56 mas01 dhcpd[28047]: execute_statement argv[15] = /var/lib/maas/dhcpd.sock
Oct 30 14:47:56 mas01 dhcpd[28047]: DHCPREQUEST for 192.168.11.51 (192.168.11.3) from 00:25:b5:a0:00:6a (cmp002) via ens5
Oct 30 14:47:56 mas01 dhcpd[28047]: DHCPACK on 192.168.11.51 to 00:25:b5:a0:00:6a (cmp002) via ens5
Oct 30 14:47:56 mas01 dhcpd[28047]: DHCPDISCOVER from 00:25:b5:a0:00:5a via ens5
Oct 30 14:47:56 mas01 dhcpd[28047]: DHCPOFFER on 192.168.11.52 to 00:25:b5:a0:00:5a (cmp001) via ens5
Oct 30 14:47:56 mas01 dhcpd[28047]: execute_statement argv[0] = /usr/sbin/maas-dhcp-helper
Oct 30 14:47:56 mas01 dhcpd[28047]: execute_statement argv[1] = notify
Oct 30 14:47:56 mas01 dhcpd[28047]: execute_statement argv[2] = --action
Oct 30 14:47:56 mas01 dhcpd[28047]: execute_statement argv[3] = commit
Oct 30 14:47:56 mas01 dhcpd[28047]: execute_statement argv[4] = --mac
Oct 30 14:47:56 mas01 dhcpd[28047]: execute_statement argv[5] = 0:25:b5:a0:0:5a
Oct 30 14:47:56 mas01 dhcpd[28047]: execute_statement argv[6] = --ip-family
Oct 30 14:47:56 mas01 dhcpd[28047]: execute_statement argv[7] = ipv4
Oct 30 14:47:56 mas01 dhcpd[28047]: execute_statement argv[8] = --ip
Oct 30 14:47:56 mas01 dhcpd[28047]: execute_statement argv[9] = 192.168.11.52
Oct 30 14:47:56 mas01 dhcpd[28047]: execute_statement argv[10] = --lease-time
Oct 30 14:47:56 mas01 dhcpd[28047]: execute_statement argv[11] = 600
Oct 30 14:47:56 mas01 dhcpd[28047]: execute_statement argv[12] = --hostname
Oct 30 14:47:56 mas01 dhcpd[28047]: execute_statement argv[13] = cmp001
Oct 30 14:47:56 mas01 dhcpd[28047]: execute_statement argv[14] = --socket
Oct 30 14:47:56 mas01 dhcpd[28047]: execute_statement argv[15] = /var/lib/maas/dhcpd.sock
Oct 30 14:47:56 mas01 sh[21739]: 2018-10-30 14:47:56 maasserver.rpc.leases: [info] Lease update: commit for 192.168.11.51 on 0:25:b5:a0:0:6a at 2018-10-30 14:47:56 (lease time: 600s) (hostname: cmp002)
Oct 30 14:47:56 mas01 dhcpd[28047]: DHCPREQUEST for 192.168.11.52 (192.168.11.3) from 00:25:b5:a0:00:5a (cmp001) via ens5
Oct 30 14:47:56 mas01 dhcpd[28047]: DHCPACK on 192.168.11.52 to 00:25:b5:a0:00:5a (cmp001) via ens5
Oct 30 14:47:56 mas01 sh[21739]: 2018-10-30 14:47:56 maasserver.rpc.leases: [info] Lease update: commit for 192.168.11.52 on 0:25:b5:a0:0:5a at 2018-10-30 14:47:56 (lease time: 600s) (hostname: cmp001)
Oct 30 14:47:57 mas01 sh[20192]: 2018-10-30 14:47:57 rackd: [info] 192.168.11.51 GET /images/ubuntu/amd64/hwe-16.04/xenial/daily/squashfs HTTP/1.1 --> 200 OK (referrer: -; agent: Wget)
Oct 30 14:47:57 mas01 sh[20192]: 2018-10-30 14:47:57 rackd: [info] 192.168.11.52 GET /images/ubuntu/amd64/hwe-16.04/xenial/daily/squashfs HTTP/1.1 --> 200 OK (referrer: -; agent: Wget)
Oct 30 14:47:57 mas01 salt-minion[8088]: [INFO    ] Loading fresh modules for state activity
Oct 30 14:47:58 mas01 salt-minion[8088]: [INFO    ] Running state [maas-region apikey --username opnfv > /var/lib/maas/.maas_credentials] at time 14:47:58.041172
Oct 30 14:47:58 mas01 salt-minion[8088]: [INFO    ] Executing state cmd.run for [maas-region apikey --username opnfv > /var/lib/maas/.maas_credentials]
Oct 30 14:47:58 mas01 salt-minion[8088]: [INFO    ] Executing command 'maas-region apikey --username opnfv > /var/lib/maas/.maas_credentials' in directory '/root'
Oct 30 14:47:59 mas01 salt-minion[8088]: [INFO    ] User sudo_ubuntu Executing command saltutil.find_job with jid 20181030144759206919
Oct 30 14:47:59 mas01 salt-minion[8088]: [INFO    ] Starting a new job with PID 28898
Oct 30 14:47:59 mas01 salt-minion[8088]: [INFO    ] Returning information for job: 20181030144759206919
Oct 30 14:47:59 mas01 salt-minion[8088]: [INFO    ] {'pid': 28890, 'retcode': 0, 'stderr': '', 'stdout': ''}
Oct 30 14:47:59 mas01 salt-minion[8088]: [INFO    ] Completed state [maas-region apikey --username opnfv > /var/lib/maas/.maas_credentials] at time 14:47:59.541080 duration_in_ms=1499.906
Oct 30 14:47:59 mas01 salt-minion[8088]: [INFO    ] Running state [maas.machines_status] at time 14:47:59.544813
Oct 30 14:47:59 mas01 salt-minion[8088]: [INFO    ] Executing state module.run for [maas.machines_status]
Oct 30 14:47:59 mas01 salt-minion[8088]: [WARNING ] The function "module.run" is using its deprecated version and will expire in version "Sodium".
Oct 30 14:48:00 mas01 sh[21739]: 2018-10-30 14:48:00 regiond: [info] 192.168.11.51 POST /MAAS/metadata/status/4c6fdh HTTP/1.1 --> 204 NO_CONTENT (referrer: -; agent: python-requests/2.9.1)
Oct 30 14:48:00 mas01 sh[20765]: 2018-10-30 14:48:00 regiond: [info] 192.168.11.52 POST /MAAS/metadata/status/eswecg HTTP/1.1 --> 204 NO_CONTENT (referrer: -; agent: python-requests/2.9.1)
Oct 30 14:48:00 mas01 sh[20878]: 2018-10-30 14:48:00 regiond: [info] 192.168.11.51 POST /MAAS/metadata/status/4c6fdh HTTP/1.1 --> 204 NO_CONTENT (referrer: -; agent: python-requests/2.9.1)
Oct 30 14:48:00 mas01 sh[20878]: 2018-10-30 14:48:00 regiond: [info] 192.168.11.52 POST /MAAS/metadata/status/eswecg HTTP/1.1 --> 204 NO_CONTENT (referrer: -; agent: python-requests/2.9.1)
Oct 30 14:48:00 mas01 sh[20878]: 2018-10-30 14:48:00 regiond: [info] 127.0.0.1 GET /MAAS/api/2.0/machines/ HTTP/1.1 --> 200 OK (referrer: -; agent: Python-urllib/2.7)
Oct 30 14:48:00 mas01 salt-minion[8088]: [INFO    ] {'ret': {'machines': [{'status': 'Deploying', 'hostname': u'cmp002', 'system_id': u'4c6fdh'}, {'status': 'Deploying', 'hostname': u'cmp001', 'system_id': u'eswecg'}, {'status': 'Deploying', 'hostname': u'kvm01', 'system_id': u'c86wmr'}, {'status': 'Deploying', 'hostname': u'kvm03', 'system_id': u'cb8k6c'}, {'status': 'Deploying', 'hostname': u'kvm02', 'system_id': u'bf7fwn'}], 'summary': Counter({'Deploying': 5})}}
Oct 30 14:48:00 mas01 salt-minion[8088]: [INFO    ] Completed state [maas.machines_status] at time 14:48:00.289710 duration_in_ms=744.897
Oct 30 14:48:00 mas01 salt-minion[8088]: [INFO    ] Returning information for job: 20181030144754173843
Oct 30 14:48:00 mas01 sh[20765]: 2018-10-30 14:48:00 regiond: [info] 192.168.11.52 POST /MAAS/metadata/status/eswecg HTTP/1.1 --> 204 NO_CONTENT (referrer: -; agent: python-requests/2.9.1)
Oct 30 14:48:00 mas01 sh[20765]: 2018-10-30 14:48:00 regiond: [info] 192.168.11.51 POST /MAAS/metadata/status/4c6fdh HTTP/1.1 --> 204 NO_CONTENT (referrer: -; agent: python-requests/2.9.1)
Oct 30 14:48:00 mas01 sh[20878]: 2018-10-30 14:48:00 regiond: [info] 192.168.11.52 POST /MAAS/metadata/status/eswecg HTTP/1.1 --> 204 NO_CONTENT (referrer: -; agent: python-requests/2.9.1)
Oct 30 14:48:00 mas01 sh[21739]: 2018-10-30 14:48:00 regiond: [info] 192.168.11.52 POST /MAAS/metadata/status/eswecg HTTP/1.1 --> 204 NO_CONTENT (referrer: -; agent: python-requests/2.9.1)
Oct 30 14:48:00 mas01 sh[20878]: 2018-10-30 14:48:00 regiond: [info] 192.168.11.51 GET /MAAS/metadata/latest/by-id/4c6fdh/?op=get_preseed HTTP/1.1 --> 200 OK (referrer: -; agent: Cloud-Init/18.3-9-g2e62cb8a-0ubuntu1~16.04.2)
Oct 30 14:48:00 mas01 sh[20765]: 2018-10-30 14:48:00 regiond: [info] 192.168.11.52 POST /MAAS/metadata/status/eswecg HTTP/1.1 --> 204 NO_CONTENT (referrer: -; agent: python-requests/2.9.1)
Oct 30 14:48:00 mas01 sh[20878]: 2018-10-30 14:48:00 regiond: [info] 192.168.11.52 GET /MAAS/metadata/curtin/2012-03-01/meta-data/instance-id HTTP/1.1 --> 200 OK (referrer: -; agent: Cloud-Init/18.3-9-g2e62cb8a-0ubuntu1~16.04.2)
Oct 30 14:48:01 mas01 sh[20761]: 2018-10-30 14:48:01 regiond: [info] 192.168.11.51 POST /MAAS/metadata/status/4c6fdh HTTP/1.1 --> 204 NO_CONTENT (referrer: -; agent: python-requests/2.9.1)
Oct 30 14:48:01 mas01 sh[20878]: 2018-10-30 14:48:01 regiond: [info] 192.168.11.51 POST /MAAS/metadata/status/4c6fdh HTTP/1.1 --> 204 NO_CONTENT (referrer: -; agent: python-requests/2.9.1)
Oct 30 14:48:01 mas01 sh[21739]: 2018-10-30 14:48:01 regiond: [info] 192.168.11.51 POST /MAAS/metadata/status/4c6fdh HTTP/1.1 --> 204 NO_CONTENT (referrer: -; agent: python-requests/2.9.1)
Oct 30 14:48:01 mas01 sh[21739]: 2018-10-30 14:48:01 regiond: [info] 192.168.11.52 GET /MAAS/metadata/curtin/2012-03-01/meta-data/instance-id HTTP/1.1 --> 200 OK (referrer: -; agent: python-requests/2.9.1)
Oct 30 14:48:01 mas01 sh[21739]: 2018-10-30 14:48:01 regiond: [info] 192.168.11.51 GET /MAAS/metadata/curtin/2012-03-01/meta-data/instance-id HTTP/1.1 --> 200 OK (referrer: -; agent: Cloud-Init/18.3-9-g2e62cb8a-0ubuntu1~16.04.2)
Oct 30 14:48:01 mas01 sh[21739]: 2018-10-30 14:48:01 regiond: [info] 192.168.11.52 GET /MAAS/metadata/curtin/2012-03-01/meta-data/local-hostname HTTP/1.1 --> 200 OK (referrer: -; agent: python-requests/2.9.1)
Oct 30 14:48:01 mas01 sh[21739]: 2018-10-30 14:48:01 regiond: [info] 192.168.11.51 GET /MAAS/metadata/curtin/2012-03-01/meta-data/instance-id HTTP/1.1 --> 200 OK (referrer: -; agent: python-requests/2.9.1)
Oct 30 14:48:01 mas01 sh[20878]: 2018-10-30 14:48:01 regiond: [info] 192.168.11.51 GET /MAAS/metadata/curtin/2012-03-01/meta-data/local-hostname HTTP/1.1 --> 200 OK (referrer: -; agent: python-requests/2.9.1)
Oct 30 14:48:01 mas01 sh[20878]: 2018-10-30 14:48:01 regiond: [info] 192.168.11.52 GET /MAAS/metadata/curtin/2012-03-01/meta-data/vendor-data HTTP/1.1 --> 200 OK (referrer: -; agent: python-requests/2.9.1)
Oct 30 14:48:01 mas01 sh[20878]: 2018-10-30 14:48:01 regiond: [info] 192.168.11.51 GET /MAAS/metadata/curtin/2012-03-01/meta-data/vendor-data HTTP/1.1 --> 200 OK (referrer: -; agent: python-requests/2.9.1)
Oct 30 14:48:01 mas01 sh[21739]: 2018-10-30 14:48:01 maasserver.preseed: [warn] WARNING: '/etc/maas/preseeds/curtin_userdata_amd64_generic_xenial' contains deprecated preseed variables. Please remove: main_archive_directory, ports_archive_directory, http_proxy
Oct 30 14:48:01 mas01 sh[20761]: 2018-10-30 14:48:01 maasserver.preseed: [warn] WARNING: '/etc/maas/preseeds/curtin_userdata_amd64_generic_xenial' contains deprecated preseed variables. Please remove: main_archive_directory, ports_archive_directory, http_proxy
Oct 30 14:48:02 mas01 sh[20761]: 2018-10-30 14:48:02 regiond: [info] 192.168.11.51 GET /MAAS/metadata/curtin/2012-03-01/user-data HTTP/1.1 --> 200 OK (referrer: -; agent: python-requests/2.9.1)
Oct 30 14:48:02 mas01 sh[21739]: 2018-10-30 14:48:02 regiond: [info] 192.168.11.51 POST /MAAS/metadata/status/4c6fdh HTTP/1.1 --> 204 NO_CONTENT (referrer: -; agent: python-requests/2.9.1)
Oct 30 14:48:02 mas01 sh[20761]: 2018-10-30 14:48:02 regiond: [info] 192.168.11.52 POST /MAAS/metadata/status/eswecg HTTP/1.1 --> 204 NO_CONTENT (referrer: -; agent: python-requests/2.9.1)
Oct 30 14:48:02 mas01 sh[20761]: 2018-10-30 14:48:02 regiond: [info] 192.168.11.51 POST /MAAS/metadata/status/4c6fdh HTTP/1.1 --> 204 NO_CONTENT (referrer: -; agent: python-requests/2.9.1)
Oct 30 14:48:02 mas01 sh[21739]: 2018-10-30 14:48:02 regiond: [info] 192.168.11.52 POST /MAAS/metadata/status/eswecg HTTP/1.1 --> 204 NO_CONTENT (referrer: -; agent: python-requests/2.9.1)
Oct 30 14:48:02 mas01 sh[21739]: 2018-10-30 14:48:02 regiond: [info] 192.168.11.51 POST /MAAS/metadata/status/4c6fdh HTTP/1.1 --> 204 NO_CONTENT (referrer: -; agent: python-requests/2.9.1)
Oct 30 14:48:02 mas01 sh[21739]: 2018-10-30 14:48:02 regiond: [info] 192.168.11.52 POST /MAAS/metadata/status/eswecg HTTP/1.1 --> 204 NO_CONTENT (referrer: -; agent: python-requests/2.9.1)
Oct 30 14:48:02 mas01 sh[20761]: 2018-10-30 14:48:02 regiond: [info] 192.168.11.51 POST /MAAS/metadata/status/4c6fdh HTTP/1.1 --> 204 NO_CONTENT (referrer: -; agent: python-requests/2.9.1)
Oct 30 14:48:02 mas01 sh[20765]: 2018-10-30 14:48:02 regiond: [info] 192.168.11.52 POST /MAAS/metadata/status/eswecg HTTP/1.1 --> 204 NO_CONTENT (referrer: -; agent: python-requests/2.9.1)
Oct 30 14:48:02 mas01 sh[20761]: 2018-10-30 14:48:02 regiond: [info] 192.168.11.51 POST /MAAS/metadata/status/4c6fdh HTTP/1.1 --> 204 NO_CONTENT (referrer: -; agent: python-requests/2.9.1)
Oct 30 14:48:02 mas01 sh[20765]: 2018-10-30 14:48:02 regiond: [info] 192.168.11.52 POST /MAAS/metadata/status/eswecg HTTP/1.1 --> 204 NO_CONTENT (referrer: -; agent: python-requests/2.9.1)
Oct 30 14:48:02 mas01 sh[21739]: 2018-10-30 14:48:02 regiond: [info] 192.168.11.51 POST /MAAS/metadata/status/4c6fdh HTTP/1.1 --> 204 NO_CONTENT (referrer: -; agent: python-requests/2.9.1)
Oct 30 14:48:02 mas01 sh[21739]: 2018-10-30 14:48:02 regiond: [info] 192.168.11.52 POST /MAAS/metadata/status/eswecg HTTP/1.1 --> 204 NO_CONTENT (referrer: -; agent: python-requests/2.9.1)
Oct 30 14:48:02 mas01 sh[20761]: 2018-10-30 14:48:02 regiond: [info] 192.168.11.51 POST /MAAS/metadata/status/4c6fdh HTTP/1.1 --> 204 NO_CONTENT (referrer: -; agent: python-requests/2.9.1)
Oct 30 14:48:02 mas01 sh[20878]: 2018-10-30 14:48:02 regiond: [info] 192.168.11.52 POST /MAAS/metadata/status/eswecg HTTP/1.1 --> 204 NO_CONTENT (referrer: -; agent: python-requests/2.9.1)
Oct 30 14:48:02 mas01 sh[20878]: 2018-10-30 14:48:02 regiond: [info] 192.168.11.51 POST /MAAS/metadata/status/4c6fdh HTTP/1.1 --> 204 NO_CONTENT (referrer: -; agent: python-requests/2.9.1)
Oct 30 14:48:02 mas01 sh[20878]: 2018-10-30 14:48:02 regiond: [info] 192.168.11.52 POST /MAAS/metadata/status/eswecg HTTP/1.1 --> 204 NO_CONTENT (referrer: -; agent: python-requests/2.9.1)
Oct 30 14:48:02 mas01 sh[20761]: 2018-10-30 14:48:02 regiond: [info] 192.168.11.51 POST /MAAS/metadata/status/4c6fdh HTTP/1.1 --> 204 NO_CONTENT (referrer: -; agent: python-requests/2.9.1)
Oct 30 14:48:02 mas01 sh[20761]: 2018-10-30 14:48:02 regiond: [info] 192.168.11.52 POST /MAAS/metadata/status/eswecg HTTP/1.1 --> 204 NO_CONTENT (referrer: -; agent: python-requests/2.9.1)
Oct 30 14:48:02 mas01 sh[20761]: 2018-10-30 14:48:02 regiond: [info] 192.168.11.51 POST /MAAS/metadata/status/4c6fdh HTTP/1.1 --> 204 NO_CONTENT (referrer: -; agent: python-requests/2.9.1)
Oct 30 14:48:02 mas01 sh[20878]: 2018-10-30 14:48:02 regiond: [info] 192.168.11.52 POST /MAAS/metadata/status/eswecg HTTP/1.1 --> 204 NO_CONTENT (referrer: -; agent: python-requests/2.9.1)
Oct 30 14:48:02 mas01 sh[21739]: 2018-10-30 14:48:02 regiond: [info] 192.168.11.51 POST /MAAS/metadata/status/4c6fdh HTTP/1.1 --> 204 NO_CONTENT (referrer: -; agent: python-requests/2.9.1)
Oct 30 14:48:02 mas01 sh[21739]: 2018-10-30 14:48:02 regiond: [info] 192.168.11.52 POST /MAAS/metadata/status/eswecg HTTP/1.1 --> 204 NO_CONTENT (referrer: -; agent: python-requests/2.9.1)
Oct 30 14:48:02 mas01 sh[20878]: 2018-10-30 14:48:02 regiond: [info] 192.168.11.51 POST /MAAS/metadata/status/4c6fdh HTTP/1.1 --> 204 NO_CONTENT (referrer: -; agent: python-requests/2.9.1)
Oct 30 14:48:02 mas01 sh[21739]: 2018-10-30 14:48:02 regiond: [info] 192.168.11.52 POST /MAAS/metadata/status/eswecg HTTP/1.1 --> 204 NO_CONTENT (referrer: -; agent: python-requests/2.9.1)
Oct 30 14:48:02 mas01 sh[20765]: 2018-10-30 14:48:02 regiond: [info] 192.168.11.51 POST /MAAS/metadata/status/4c6fdh HTTP/1.1 --> 204 NO_CONTENT (referrer: -; agent: python-requests/2.9.1)
Oct 30 14:48:02 mas01 sh[20761]: 2018-10-30 14:48:02 regiond: [info] 192.168.11.52 POST /MAAS/metadata/status/eswecg HTTP/1.1 --> 204 NO_CONTENT (referrer: -; agent: python-requests/2.9.1)
Oct 30 14:48:02 mas01 sh[21739]: 2018-10-30 14:48:02 regiond: [info] 192.168.11.51 POST /MAAS/metadata/status/4c6fdh HTTP/1.1 --> 204 NO_CONTENT (referrer: -; agent: python-requests/2.9.1)
Oct 30 14:48:02 mas01 sh[20878]: 2018-10-30 14:48:02 regiond: [info] 192.168.11.52 POST /MAAS/metadata/status/eswecg HTTP/1.1 --> 204 NO_CONTENT (referrer: -; agent: python-requests/2.9.1)
Oct 30 14:48:02 mas01 sh[21739]: 2018-10-30 14:48:02 regiond: [info] 192.168.11.51 POST /MAAS/metadata/status/4c6fdh HTTP/1.1 --> 204 NO_CONTENT (referrer: -; agent: python-requests/2.9.1)
Oct 30 14:48:02 mas01 sh[20765]: 2018-10-30 14:48:02 regiond: [info] 192.168.11.52 POST /MAAS/metadata/status/eswecg HTTP/1.1 --> 204 NO_CONTENT (referrer: -; agent: python-requests/2.9.1)
Oct 30 14:48:02 mas01 sh[20761]: 2018-10-30 14:48:02 regiond: [info] 192.168.11.51 POST /MAAS/metadata/status/4c6fdh HTTP/1.1 --> 204 NO_CONTENT (referrer: -; agent: python-requests/2.9.1)
Oct 30 14:48:02 mas01 sh[20878]: 2018-10-30 14:48:02 regiond: [info] 192.168.11.52 POST /MAAS/metadata/status/eswecg HTTP/1.1 --> 204 NO_CONTENT (referrer: -; agent: python-requests/2.9.1)
Oct 30 14:48:02 mas01 sh[21739]: 2018-10-30 14:48:02 regiond: [info] 192.168.11.51 POST /MAAS/metadata/status/4c6fdh HTTP/1.1 --> 204 NO_CONTENT (referrer: -; agent: python-requests/2.9.1)
Oct 30 14:48:02 mas01 sh[21739]: 2018-10-30 14:48:02 regiond: [info] 192.168.11.52 POST /MAAS/metadata/status/eswecg HTTP/1.1 --> 204 NO_CONTENT (referrer: -; agent: python-requests/2.9.1)
Oct 30 14:48:02 mas01 sh[21739]: 2018-10-30 14:48:02 regiond: [info] 192.168.11.51 POST /MAAS/metadata/status/4c6fdh HTTP/1.1 --> 204 NO_CONTENT (referrer: -; agent: python-requests/2.9.1)
Oct 30 14:48:02 mas01 sh[20761]: 2018-10-30 14:48:02 regiond: [info] 192.168.11.52 POST /MAAS/metadata/status/eswecg HTTP/1.1 --> 204 NO_CONTENT (referrer: -; agent: python-requests/2.9.1)
Oct 30 14:48:02 mas01 sh[20765]: 2018-10-30 14:48:02 regiond: [info] 192.168.11.52 POST /MAAS/metadata/status/eswecg HTTP/1.1 --> 204 NO_CONTENT (referrer: -; agent: python-requests/2.9.1)
Oct 30 14:48:02 mas01 sh[21739]: 2018-10-30 14:48:02 regiond: [info] 192.168.11.51 POST /MAAS/metadata/status/4c6fdh HTTP/1.1 --> 204 NO_CONTENT (referrer: -; agent: python-requests/2.9.1)
Oct 30 14:48:02 mas01 sh[20761]: 2018-10-30 14:48:02 regiond: [info] 192.168.11.52 POST /MAAS/metadata/status/eswecg HTTP/1.1 --> 204 NO_CONTENT (referrer: -; agent: python-requests/2.9.1)
Oct 30 14:48:02 mas01 sh[20761]: 2018-10-30 14:48:02 regiond: [info] 192.168.11.51 POST /MAAS/metadata/status/4c6fdh HTTP/1.1 --> 204 NO_CONTENT (referrer: -; agent: python-requests/2.9.1)
Oct 30 14:48:02 mas01 sh[20761]: 2018-10-30 14:48:02 regiond: [info] 192.168.11.52 POST /MAAS/metadata/status/eswecg HTTP/1.1 --> 204 NO_CONTENT (referrer: -; agent: python-requests/2.9.1)
Oct 30 14:48:02 mas01 sh[20761]: 2018-10-30 14:48:02 regiond: [info] 192.168.11.51 POST /MAAS/metadata/status/4c6fdh HTTP/1.1 --> 204 NO_CONTENT (referrer: -; agent: python-requests/2.9.1)
Oct 30 14:48:02 mas01 sh[20878]: 2018-10-30 14:48:02 regiond: [info] 192.168.11.52 POST /MAAS/metadata/status/eswecg HTTP/1.1 --> 204 NO_CONTENT (referrer: -; agent: python-requests/2.9.1)
Oct 30 14:48:02 mas01 sh[20765]: 2018-10-30 14:48:02 regiond: [info] 192.168.11.51 POST /MAAS/metadata/status/4c6fdh HTTP/1.1 --> 204 NO_CONTENT (referrer: -; agent: python-requests/2.9.1)
Oct 30 14:48:02 mas01 sh[20878]: 2018-10-30 14:48:02 regiond: [info] 192.168.11.52 POST /MAAS/metadata/status/eswecg HTTP/1.1 --> 204 NO_CONTENT (referrer: -; agent: python-requests/2.9.1)
Oct 30 14:48:02 mas01 sh[20765]: 2018-10-30 14:48:02 regiond: [info] 192.168.11.51 POST /MAAS/metadata/status/4c6fdh HTTP/1.1 --> 204 NO_CONTENT (referrer: -; agent: python-requests/2.9.1)
Oct 30 14:48:02 mas01 sh[20765]: 2018-10-30 14:48:02 regiond: [info] 192.168.11.52 POST /MAAS/metadata/status/eswecg HTTP/1.1 --> 204 NO_CONTENT (referrer: -; agent: python-requests/2.9.1)
Oct 30 14:48:02 mas01 sh[20765]: 2018-10-30 14:48:02 regiond: [info] 192.168.11.51 POST /MAAS/metadata/status/4c6fdh HTTP/1.1 --> 204 NO_CONTENT (referrer: -; agent: python-requests/2.9.1)
Oct 30 14:48:02 mas01 sh[20878]: 2018-10-30 14:48:02 regiond: [info] 192.168.11.52 POST /MAAS/metadata/status/eswecg HTTP/1.1 --> 204 NO_CONTENT (referrer: -; agent: python-requests/2.9.1)
Oct 30 14:48:02 mas01 sh[20765]: 2018-10-30 14:48:02 regiond: [info] 192.168.11.51 POST /MAAS/metadata/status/4c6fdh HTTP/1.1 --> 204 NO_CONTENT (referrer: -; agent: python-requests/2.9.1)
Oct 30 14:48:02 mas01 sh[21739]: 2018-10-30 14:48:02 regiond: [info] 192.168.11.52 POST /MAAS/metadata/status/eswecg HTTP/1.1 --> 204 NO_CONTENT (referrer: -; agent: python-requests/2.9.1)
Oct 30 14:48:02 mas01 sh[20765]: 2018-10-30 14:48:02 regiond: [info] 192.168.11.51 POST /MAAS/metadata/status/4c6fdh HTTP/1.1 --> 204 NO_CONTENT (referrer: -; agent: python-requests/2.9.1)
Oct 30 14:48:02 mas01 sh[20878]: 2018-10-30 14:48:02 regiond: [info] 192.168.11.52 POST /MAAS/metadata/status/eswecg HTTP/1.1 --> 204 NO_CONTENT (referrer: -; agent: python-requests/2.9.1)
Oct 30 14:48:02 mas01 sh[20761]: 2018-10-30 14:48:02 regiond: [info] 192.168.11.52 POST /MAAS/metadata/status/eswecg HTTP/1.1 --> 204 NO_CONTENT (referrer: -; agent: python-requests/2.9.1)
Oct 30 14:48:02 mas01 sh[21739]: 2018-10-30 14:48:02 regiond: [info] 192.168.11.51 POST /MAAS/metadata/status/4c6fdh HTTP/1.1 --> 204 NO_CONTENT (referrer: -; agent: python-requests/2.9.1)
Oct 30 14:48:02 mas01 sh[20878]: 2018-10-30 14:48:02 regiond: [info] 192.168.11.52 POST /MAAS/metadata/status/eswecg HTTP/1.1 --> 204 NO_CONTENT (referrer: -; agent: python-requests/2.9.1)
Oct 30 14:48:02 mas01 sh[20765]: 2018-10-30 14:48:02 regiond: [info] 192.168.11.51 POST /MAAS/metadata/status/4c6fdh HTTP/1.1 --> 204 NO_CONTENT (referrer: -; agent: python-requests/2.9.1)
Oct 30 14:48:02 mas01 sh[20765]: 2018-10-30 14:48:02 regiond: [info] 192.168.11.52 POST /MAAS/metadata/status/eswecg HTTP/1.1 --> 204 NO_CONTENT (referrer: -; agent: python-requests/2.9.1)
Oct 30 14:48:02 mas01 sh[21739]: 2018-10-30 14:48:02 regiond: [info] 192.168.11.51 POST /MAAS/metadata/status/4c6fdh HTTP/1.1 --> 204 NO_CONTENT (referrer: -; agent: python-requests/2.9.1)
Oct 30 14:48:02 mas01 sh[20761]: 2018-10-30 14:48:02 regiond: [info] 192.168.11.51 POST /MAAS/metadata/status/4c6fdh HTTP/1.1 --> 204 NO_CONTENT (referrer: -; agent: python-requests/2.9.1)
Oct 30 14:48:02 mas01 sh[20765]: 2018-10-30 14:48:02 regiond: [info] 192.168.11.52 POST /MAAS/metadata/status/eswecg HTTP/1.1 --> 204 NO_CONTENT (referrer: -; agent: python-requests/2.9.1)
Oct 30 14:48:02 mas01 sh[20761]: 2018-10-30 14:48:02 regiond: [info] 192.168.11.52 POST /MAAS/metadata/status/eswecg HTTP/1.1 --> 204 NO_CONTENT (referrer: -; agent: python-requests/2.9.1)
Oct 30 14:48:02 mas01 sh[21739]: 2018-10-30 14:48:02 regiond: [info] 192.168.11.51 POST /MAAS/metadata/status/4c6fdh HTTP/1.1 --> 204 NO_CONTENT (referrer: -; agent: python-requests/2.9.1)
Oct 30 14:48:02 mas01 sh[21739]: 2018-10-30 14:48:02 regiond: [info] 192.168.11.52 POST /MAAS/metadata/status/eswecg HTTP/1.1 --> 204 NO_CONTENT (referrer: -; agent: python-requests/2.9.1)
Oct 30 14:48:02 mas01 sh[20761]: 2018-10-30 14:48:02 regiond: [info] 192.168.11.51 POST /MAAS/metadata/status/4c6fdh HTTP/1.1 --> 204 NO_CONTENT (referrer: -; agent: python-requests/2.9.1)
Oct 30 14:48:02 mas01 sh[20761]: 2018-10-30 14:48:02 regiond: [info] 192.168.11.52 POST /MAAS/metadata/status/eswecg HTTP/1.1 --> 204 NO_CONTENT (referrer: -; agent: python-requests/2.9.1)
Oct 30 14:48:02 mas01 sh[21739]: 2018-10-30 14:48:02 regiond: [info] 192.168.11.51 POST /MAAS/metadata/status/4c6fdh HTTP/1.1 --> 204 NO_CONTENT (referrer: -; agent: python-requests/2.9.1)
Oct 30 14:48:02 mas01 sh[21739]: 2018-10-30 14:48:02 regiond: [info] 192.168.11.51 POST /MAAS/metadata/status/4c6fdh HTTP/1.1 --> 204 NO_CONTENT (referrer: -; agent: python-requests/2.9.1)
Oct 30 14:48:02 mas01 sh[20765]: 2018-10-30 14:48:02 regiond: [info] 192.168.11.52 POST /MAAS/metadata/status/eswecg HTTP/1.1 --> 204 NO_CONTENT (referrer: -; agent: python-requests/2.9.1)
Oct 30 14:48:02 mas01 sh[20765]: 2018-10-30 14:48:02 regiond: [info] 192.168.11.52 POST /MAAS/metadata/status/eswecg HTTP/1.1 --> 204 NO_CONTENT (referrer: -; agent: python-requests/2.9.1)
Oct 30 14:48:02 mas01 sh[21739]: 2018-10-30 14:48:02 regiond: [info] 192.168.11.51 POST /MAAS/metadata/status/4c6fdh HTTP/1.1 --> 204 NO_CONTENT (referrer: -; agent: python-requests/2.9.1)
Oct 30 14:48:02 mas01 sh[21739]: 2018-10-30 14:48:02 regiond: [info] 192.168.11.51 POST /MAAS/metadata/status/4c6fdh HTTP/1.1 --> 204 NO_CONTENT (referrer: -; agent: python-requests/2.9.1)
Oct 30 14:48:02 mas01 sh[20878]: 2018-10-30 14:48:02 regiond: [info] 192.168.11.52 POST /MAAS/metadata/status/eswecg HTTP/1.1 --> 204 NO_CONTENT (referrer: -; agent: python-requests/2.9.1)
Oct 30 14:48:02 mas01 sh[20765]: 2018-10-30 14:48:02 regiond: [info] 192.168.11.52 POST /MAAS/metadata/status/eswecg HTTP/1.1 --> 204 NO_CONTENT (referrer: -; agent: python-requests/2.9.1)
Oct 30 14:48:02 mas01 sh[21739]: 2018-10-30 14:48:02 regiond: [info] 192.168.11.51 POST /MAAS/metadata/status/4c6fdh HTTP/1.1 --> 204 NO_CONTENT (referrer: -; agent: python-requests/2.9.1)
Oct 30 14:48:02 mas01 sh[20765]: 2018-10-30 14:48:02 regiond: [info] 192.168.11.51 POST /MAAS/metadata/status/4c6fdh HTTP/1.1 --> 204 NO_CONTENT (referrer: -; agent: python-requests/2.9.1)
Oct 30 14:48:02 mas01 sh[20761]: 2018-10-30 14:48:02 regiond: [info] 192.168.11.51 POST /MAAS/metadata/status/4c6fdh HTTP/1.1 --> 204 NO_CONTENT (referrer: -; agent: python-requests/2.9.1)
Oct 30 14:48:02 mas01 sh[20765]: 2018-10-30 14:48:02 regiond: [info] 192.168.11.52 POST /MAAS/metadata/status/eswecg HTTP/1.1 --> 204 NO_CONTENT (referrer: -; agent: python-requests/2.9.1)
Oct 30 14:48:02 mas01 sh[20761]: 2018-10-30 14:48:02 regiond: [info] 192.168.11.51 POST /MAAS/metadata/status/4c6fdh HTTP/1.1 --> 204 NO_CONTENT (referrer: -; agent: python-requests/2.9.1)
Oct 30 14:48:02 mas01 sh[20761]: 2018-10-30 14:48:02 regiond: [info] 192.168.11.52 POST /MAAS/metadata/status/eswecg HTTP/1.1 --> 204 NO_CONTENT (referrer: -; agent: python-requests/2.9.1)
Oct 30 14:48:04 mas01 sh[20765]: 2018-10-30 14:48:04 regiond: [info] 127.0.0.1 GET /MAAS/rpc/ HTTP/1.0 --> 200 OK (referrer: -; agent: provisioningserver.rpc.clusterservice.ClusterClientService)
Oct 30 14:48:06 mas01 dhcpd[28047]: DHCPDISCOVER from 00:25:b5:a0:00:2a via ens5
Oct 30 14:48:06 mas01 dhcpd[28047]: DHCPOFFER on 192.168.11.53 to 00:25:b5:a0:00:2a (kvm01) via ens5
Oct 30 14:48:06 mas01 dhcpd[28047]: execute_statement argv[0] = /usr/sbin/maas-dhcp-helper
Oct 30 14:48:06 mas01 dhcpd[28047]: execute_statement argv[1] = notify
Oct 30 14:48:06 mas01 dhcpd[28047]: execute_statement argv[2] = --action
Oct 30 14:48:06 mas01 dhcpd[28047]: execute_statement argv[3] = commit
Oct 30 14:48:06 mas01 dhcpd[28047]: execute_statement argv[4] = --mac
Oct 30 14:48:06 mas01 dhcpd[28047]: execute_statement argv[5] = 0:25:b5:a0:0:2a
Oct 30 14:48:06 mas01 dhcpd[28047]: execute_statement argv[6] = --ip-family
Oct 30 14:48:06 mas01 dhcpd[28047]: execute_statement argv[7] = ipv4
Oct 30 14:48:06 mas01 dhcpd[28047]: execute_statement argv[8] = --ip
Oct 30 14:48:06 mas01 dhcpd[28047]: execute_statement argv[9] = 192.168.11.53
Oct 30 14:48:06 mas01 dhcpd[28047]: execute_statement argv[10] = --lease-time
Oct 30 14:48:06 mas01 dhcpd[28047]: execute_statement argv[11] = 600
Oct 30 14:48:06 mas01 dhcpd[28047]: execute_statement argv[12] = --hostname
Oct 30 14:48:06 mas01 dhcpd[28047]: execute_statement argv[13] = kvm01
Oct 30 14:48:06 mas01 dhcpd[28047]: execute_statement argv[14] = --socket
Oct 30 14:48:06 mas01 dhcpd[28047]: execute_statement argv[15] = /var/lib/maas/dhcpd.sock
Oct 30 14:48:06 mas01 dhcpd[28047]: DHCPREQUEST for 192.168.11.53 (192.168.11.3) from 00:25:b5:a0:00:2a (kvm01) via ens5
Oct 30 14:48:06 mas01 dhcpd[28047]: DHCPACK on 192.168.11.53 to 00:25:b5:a0:00:2a (kvm01) via ens5
Oct 30 14:48:06 mas01 dhcpd[28047]: DHCPDISCOVER from 00:25:b5:a0:00:4a via ens5
Oct 30 14:48:06 mas01 dhcpd[28047]: DHCPOFFER on 192.168.11.54 to 00:25:b5:a0:00:4a (kvm03) via ens5
Oct 30 14:48:06 mas01 dhcpd[28047]: DHCPDISCOVER from 00:25:b5:a0:00:3a via ens5
Oct 30 14:48:06 mas01 dhcpd[28047]: DHCPOFFER on 192.168.11.55 to 00:25:b5:a0:00:3a (kvm02) via ens5
Oct 30 14:48:06 mas01 dhcpd[28047]: execute_statement argv[0] = /usr/sbin/maas-dhcp-helper
Oct 30 14:48:06 mas01 dhcpd[28047]: execute_statement argv[1] = notify
Oct 30 14:48:06 mas01 dhcpd[28047]: execute_statement argv[2] = --action
Oct 30 14:48:06 mas01 dhcpd[28047]: execute_statement argv[3] = commit
Oct 30 14:48:06 mas01 dhcpd[28047]: execute_statement argv[4] = --mac
Oct 30 14:48:06 mas01 dhcpd[28047]: execute_statement argv[5] = 0:25:b5:a0:0:4a
Oct 30 14:48:06 mas01 dhcpd[28047]: execute_statement argv[6] = --ip-family
Oct 30 14:48:06 mas01 dhcpd[28047]: execute_statement argv[7] = ipv4
Oct 30 14:48:06 mas01 dhcpd[28047]: execute_statement argv[8] = --ip
Oct 30 14:48:06 mas01 dhcpd[28047]: execute_statement argv[9] = 192.168.11.54
Oct 30 14:48:06 mas01 dhcpd[28047]: execute_statement argv[10] = --lease-time
Oct 30 14:48:06 mas01 dhcpd[28047]: execute_statement argv[11] = 600
Oct 30 14:48:06 mas01 dhcpd[28047]: execute_statement argv[12] = --hostname
Oct 30 14:48:06 mas01 dhcpd[28047]: execute_statement argv[13] = kvm03
Oct 30 14:48:06 mas01 dhcpd[28047]: execute_statement argv[14] = --socket
Oct 30 14:48:06 mas01 dhcpd[28047]: execute_statement argv[15] = /var/lib/maas/dhcpd.sock
Oct 30 14:48:06 mas01 sh[21739]: 2018-10-30 14:48:06 maasserver.rpc.leases: [info] Lease update: commit for 192.168.11.53 on 0:25:b5:a0:0:2a at 2018-10-30 14:48:06 (lease time: 600s) (hostname: kvm01)
Oct 30 14:48:06 mas01 dhcpd[28047]: DHCPREQUEST for 192.168.11.54 (192.168.11.3) from 00:25:b5:a0:00:4a (kvm03) via ens5
Oct 30 14:48:06 mas01 dhcpd[28047]: DHCPACK on 192.168.11.54 to 00:25:b5:a0:00:4a (kvm03) via ens5
Oct 30 14:48:06 mas01 dhcpd[28047]: execute_statement argv[0] = /usr/sbin/maas-dhcp-helper
Oct 30 14:48:06 mas01 dhcpd[28047]: execute_statement argv[1] = notify
Oct 30 14:48:06 mas01 dhcpd[28047]: execute_statement argv[2] = --action
Oct 30 14:48:06 mas01 dhcpd[28047]: execute_statement argv[3] = commit
Oct 30 14:48:06 mas01 dhcpd[28047]: execute_statement argv[4] = --mac
Oct 30 14:48:06 mas01 dhcpd[28047]: execute_statement argv[5] = 0:25:b5:a0:0:3a
Oct 30 14:48:06 mas01 dhcpd[28047]: execute_statement argv[6] = --ip-family
Oct 30 14:48:06 mas01 dhcpd[28047]: execute_statement argv[7] = ipv4
Oct 30 14:48:06 mas01 dhcpd[28047]: execute_statement argv[8] = --ip
Oct 30 14:48:06 mas01 dhcpd[28047]: execute_statement argv[9] = 192.168.11.55
Oct 30 14:48:06 mas01 dhcpd[28047]: execute_statement argv[10] = --lease-time
Oct 30 14:48:06 mas01 dhcpd[28047]: execute_statement argv[11] = 600
Oct 30 14:48:06 mas01 dhcpd[28047]: execute_statement argv[12] = --hostname
Oct 30 14:48:06 mas01 dhcpd[28047]: execute_statement argv[13] = kvm02
Oct 30 14:48:06 mas01 dhcpd[28047]: execute_statement argv[14] = --socket
Oct 30 14:48:06 mas01 dhcpd[28047]: execute_statement argv[15] = /var/lib/maas/dhcpd.sock
Oct 30 14:48:06 mas01 sh[20761]: 2018-10-30 14:48:06 maasserver.rpc.leases: [info] Lease update: commit for 192.168.11.54 on 0:25:b5:a0:0:4a at 2018-10-30 14:48:06 (lease time: 600s) (hostname: kvm03)
Oct 30 14:48:06 mas01 sh[21739]: 2018-10-30 14:48:06 maasserver.rpc.leases: [info] Lease update: commit for 192.168.11.55 on 0:25:b5:a0:0:3a at 2018-10-30 14:48:06 (lease time: 600s) (hostname: kvm02)
Oct 30 14:48:06 mas01 dhcpd[28047]: DHCPREQUEST for 192.168.11.55 (192.168.11.3) from 00:25:b5:a0:00:3a (kvm02) via ens5
Oct 30 14:48:06 mas01 dhcpd[28047]: DHCPACK on 192.168.11.55 to 00:25:b5:a0:00:3a (kvm02) via ens5
Oct 30 14:48:06 mas01 sh[21739]: 2018-10-30 14:48:06 regiond: [info] 192.168.11.52 POST /MAAS/metadata/status/eswecg HTTP/1.1 --> 204 NO_CONTENT (referrer: -; agent: python-requests/2.9.1)
Oct 30 14:48:06 mas01 sh[20761]: 2018-10-30 14:48:06 regiond: [info] 192.168.11.52 POST /MAAS/metadata/status/eswecg HTTP/1.1 --> 204 NO_CONTENT (referrer: -; agent: python-requests/2.9.1)
Oct 30 14:48:06 mas01 sh[20765]: 2018-10-30 14:48:06 regiond: [info] 192.168.11.52 POST /MAAS/metadata/status/eswecg HTTP/1.1 --> 204 NO_CONTENT (referrer: -; agent: python-requests/2.9.1)
Oct 30 14:48:06 mas01 sh[21739]: 2018-10-30 14:48:06 regiond: [info] 192.168.11.52 POST /MAAS/metadata/status/eswecg HTTP/1.1 --> 204 NO_CONTENT (referrer: -; agent: python-requests/2.9.1)
Oct 30 14:48:06 mas01 sh[20765]: 2018-10-30 14:48:06 regiond: [info] 192.168.11.52 POST /MAAS/metadata/status/eswecg HTTP/1.1 --> 204 NO_CONTENT (referrer: -; agent: python-requests/2.9.1)
Oct 30 14:48:06 mas01 sh[20765]: 2018-10-30 14:48:06 regiond: [info] 192.168.11.52 POST /MAAS/metadata/status/eswecg HTTP/1.1 --> 204 NO_CONTENT (referrer: -; agent: python-requests/2.9.1)
Oct 30 14:48:06 mas01 sh[20878]: 2018-10-30 14:48:06 regiond: [info] 192.168.11.52 POST /MAAS/metadata/status/eswecg HTTP/1.1 --> 204 NO_CONTENT (referrer: -; agent: python-requests/2.9.1)
Oct 30 14:48:06 mas01 sh[21739]: 2018-10-30 14:48:06 regiond: [info] 192.168.11.52 POST /MAAS/metadata/status/eswecg HTTP/1.1 --> 204 NO_CONTENT (referrer: -; agent: python-requests/2.9.1)
Oct 30 14:48:06 mas01 sh[20765]: 2018-10-30 14:48:06 regiond: [info] 192.168.11.52 POST /MAAS/metadata/status/eswecg HTTP/1.1 --> 204 NO_CONTENT (referrer: -; agent: python-requests/2.9.1)
Oct 30 14:48:07 mas01 sh[20192]: 2018-10-30 14:48:07 rackd: [info] 192.168.11.53 GET /images/ubuntu/amd64/hwe-16.04/xenial/daily/squashfs HTTP/1.1 --> 200 OK (referrer: -; agent: Wget)
Oct 30 14:48:07 mas01 sh[20192]: 2018-10-30 14:48:07 rackd: [info] 192.168.11.54 GET /images/ubuntu/amd64/hwe-16.04/xenial/daily/squashfs HTTP/1.1 --> 200 OK (referrer: -; agent: Wget)
Oct 30 14:48:07 mas01 sh[20192]: 2018-10-30 14:48:07 rackd: [info] 192.168.11.55 GET /images/ubuntu/amd64/hwe-16.04/xenial/daily/squashfs HTTP/1.1 --> 200 OK (referrer: -; agent: Wget)
Oct 30 14:48:07 mas01 sh[20761]: 2018-10-30 14:48:07 regiond: [info] 192.168.11.52 POST /MAAS/metadata/status/eswecg HTTP/1.1 --> 204 NO_CONTENT (referrer: -; agent: python-requests/2.9.1)
Oct 30 14:48:07 mas01 sh[20761]: message repeated 2 times: [ 2018-10-30 14:48:07 regiond: [info] 192.168.11.52 POST /MAAS/metadata/status/eswecg HTTP/1.1 --> 204 NO_CONTENT (referrer: -; agent: python-requests/2.9.1)]
Oct 30 14:48:07 mas01 sh[20765]: 2018-10-30 14:48:07 regiond: [info] 192.168.11.52 POST /MAAS/metadata/status/eswecg HTTP/1.1 --> 204 NO_CONTENT (referrer: -; agent: python-requests/2.9.1)
Oct 30 14:48:07 mas01 sh[21739]: 2018-10-30 14:48:07 regiond: [info] 192.168.11.52 POST /MAAS/metadata/status/eswecg HTTP/1.1 --> 204 NO_CONTENT (referrer: -; agent: python-requests/2.9.1)
Oct 30 14:48:07 mas01 sh[20878]: 2018-10-30 14:48:07 regiond: [info] 192.168.11.52 POST /MAAS/metadata/status/eswecg HTTP/1.1 --> 204 NO_CONTENT (referrer: -; agent: python-requests/2.9.1)
Oct 30 14:48:07 mas01 sh[20878]: 2018-10-30 14:48:07 regiond: [info] 192.168.11.52 POST /MAAS/metadata/status/eswecg HTTP/1.1 --> 204 NO_CONTENT (referrer: -; agent: python-requests/2.9.1)
Oct 30 14:48:07 mas01 sh[20761]: 2018-10-30 14:48:07 regiond: [info] 192.168.11.52 POST /MAAS/metadata/status/eswecg HTTP/1.1 --> 204 NO_CONTENT (referrer: -; agent: python-requests/2.9.1)
Oct 30 14:48:07 mas01 sh[20878]: 2018-10-30 14:48:07 regiond: [info] 192.168.11.52 POST /MAAS/metadata/status/eswecg HTTP/1.1 --> 204 NO_CONTENT (referrer: -; agent: python-requests/2.9.1)
Oct 30 14:48:07 mas01 sh[21739]: 2018-10-30 14:48:07 regiond: [info] 192.168.11.52 POST /MAAS/metadata/status/eswecg HTTP/1.1 --> 204 NO_CONTENT (referrer: -; agent: python-requests/2.9.1)
Oct 30 14:48:07 mas01 sh[21739]: 2018-10-30 14:48:07 regiond: [info] 192.168.11.52 POST /MAAS/metadata/status/eswecg HTTP/1.1 --> 204 NO_CONTENT (referrer: -; agent: python-requests/2.9.1)
Oct 30 14:48:07 mas01 sh[20878]: 2018-10-30 14:48:07 regiond: [info] 192.168.11.52 POST /MAAS/metadata/status/eswecg HTTP/1.1 --> 204 NO_CONTENT (referrer: -; agent: python-requests/2.9.1)
Oct 30 14:48:09 mas01 sh[20761]: 2018-10-30 14:48:09 regiond: [info] 192.168.11.51 POST /MAAS/metadata/status/4c6fdh HTTP/1.1 --> 204 NO_CONTENT (referrer: -; agent: python-requests/2.9.1)
Oct 30 14:48:09 mas01 sh[20878]: 2018-10-30 14:48:09 regiond: [info] 192.168.11.51 POST /MAAS/metadata/status/4c6fdh HTTP/1.1 --> 204 NO_CONTENT (referrer: -; agent: python-requests/2.9.1)
Oct 30 14:48:09 mas01 sh[21739]: 2018-10-30 14:48:09 regiond: [info] 192.168.11.51 POST /MAAS/metadata/status/4c6fdh HTTP/1.1 --> 204 NO_CONTENT (referrer: -; agent: python-requests/2.9.1)
Oct 30 14:48:09 mas01 sh[20878]: 2018-10-30 14:48:09 regiond: [info] 192.168.11.51 POST /MAAS/metadata/status/4c6fdh HTTP/1.1 --> 204 NO_CONTENT (referrer: -; agent: python-requests/2.9.1)
Oct 30 14:48:09 mas01 sh[20765]: 2018-10-30 14:48:09 regiond: [info] 192.168.11.51 POST /MAAS/metadata/status/4c6fdh HTTP/1.1 --> 204 NO_CONTENT (referrer: -; agent: python-requests/2.9.1)
Oct 30 14:48:09 mas01 sh[20878]: 2018-10-30 14:48:09 regiond: [info] 192.168.11.51 POST /MAAS/metadata/status/4c6fdh HTTP/1.1 --> 204 NO_CONTENT (referrer: -; agent: python-requests/2.9.1)
Oct 30 14:48:09 mas01 sh[21739]: 2018-10-30 14:48:09 regiond: [info] 192.168.11.51 POST /MAAS/metadata/status/4c6fdh HTTP/1.1 --> 204 NO_CONTENT (referrer: -; agent: python-requests/2.9.1)
Oct 30 14:48:09 mas01 sh[20878]: 2018-10-30 14:48:09 regiond: [info] 192.168.11.51 POST /MAAS/metadata/status/4c6fdh HTTP/1.1 --> 204 NO_CONTENT (referrer: -; agent: python-requests/2.9.1)
Oct 30 14:48:09 mas01 sh[20878]: message repeated 2 times: [ 2018-10-30 14:48:09 regiond: [info] 192.168.11.51 POST /MAAS/metadata/status/4c6fdh HTTP/1.1 --> 204 NO_CONTENT (referrer: -; agent: python-requests/2.9.1)]
Oct 30 14:48:09 mas01 sh[20761]: 2018-10-30 14:48:09 regiond: [info] 192.168.11.51 POST /MAAS/metadata/status/4c6fdh HTTP/1.1 --> 204 NO_CONTENT (referrer: -; agent: python-requests/2.9.1)
Oct 30 14:48:09 mas01 sh[20878]: 2018-10-30 14:48:09 regiond: [info] 192.168.11.51 POST /MAAS/metadata/status/4c6fdh HTTP/1.1 --> 204 NO_CONTENT (referrer: -; agent: python-requests/2.9.1)
Oct 30 14:48:09 mas01 sh[21739]: 2018-10-30 14:48:09 regiond: [info] 192.168.11.51 POST /MAAS/metadata/status/4c6fdh HTTP/1.1 --> 204 NO_CONTENT (referrer: -; agent: python-requests/2.9.1)
Oct 30 14:48:09 mas01 sh[21739]: 2018-10-30 14:48:09 regiond: [info] 192.168.11.53 GET /MAAS/metadata/latest/by-id/c86wmr/?op=get_preseed HTTP/1.1 --> 200 OK (referrer: -; agent: Cloud-Init/18.3-9-g2e62cb8a-0ubuntu1~16.04.2)
Oct 30 14:48:09 mas01 sh[21739]: 2018-10-30 14:48:09 regiond: [info] 192.168.11.53 POST /MAAS/metadata/status/c86wmr HTTP/1.1 --> 204 NO_CONTENT (referrer: -; agent: python-requests/2.9.1)
Oct 30 14:48:09 mas01 sh[20878]: 2018-10-30 14:48:09 regiond: [info] 192.168.11.53 POST /MAAS/metadata/status/c86wmr HTTP/1.1 --> 204 NO_CONTENT (referrer: -; agent: python-requests/2.9.1)
Oct 30 14:48:09 mas01 sh[21739]: 2018-10-30 14:48:09 regiond: [info] 192.168.11.55 GET /MAAS/metadata/latest/by-id/bf7fwn/?op=get_preseed HTTP/1.1 --> 200 OK (referrer: -; agent: Cloud-Init/18.3-9-g2e62cb8a-0ubuntu1~16.04.2)
Oct 30 14:48:09 mas01 sh[20761]: 2018-10-30 14:48:09 regiond: [info] 192.168.11.54 POST /MAAS/metadata/status/cb8k6c HTTP/1.1 --> 204 NO_CONTENT (referrer: -; agent: python-requests/2.9.1)
Oct 30 14:48:10 mas01 sh[20878]: 2018-10-30 14:48:10 regiond: [info] 192.168.11.54 POST /MAAS/metadata/status/cb8k6c HTTP/1.1 --> 204 NO_CONTENT (referrer: -; agent: python-requests/2.9.1)
Oct 30 14:48:10 mas01 sh[20878]: 2018-10-30 14:48:10 regiond: [info] 192.168.11.53 POST /MAAS/metadata/status/c86wmr HTTP/1.1 --> 204 NO_CONTENT (referrer: -; agent: python-requests/2.9.1)
Oct 30 14:48:10 mas01 sh[20765]: 2018-10-30 14:48:10 regiond: [info] 192.168.11.55 POST /MAAS/metadata/status/bf7fwn HTTP/1.1 --> 204 NO_CONTENT (referrer: -; agent: python-requests/2.9.1)
Oct 30 14:48:10 mas01 sh[20765]: 2018-10-30 14:48:10 regiond: [info] 192.168.11.55 POST /MAAS/metadata/status/bf7fwn HTTP/1.1 --> 204 NO_CONTENT (referrer: -; agent: python-requests/2.9.1)
Oct 30 14:48:10 mas01 sh[20765]: 2018-10-30 14:48:10 regiond: [info] 192.168.11.51 POST /MAAS/metadata/status/4c6fdh HTTP/1.1 --> 204 NO_CONTENT (referrer: -; agent: python-requests/2.9.1)
Oct 30 14:48:10 mas01 sh[20765]: 2018-10-30 14:48:10 regiond: [info] 192.168.11.51 POST /MAAS/metadata/status/4c6fdh HTTP/1.1 --> 204 NO_CONTENT (referrer: -; agent: python-requests/2.9.1)
Oct 30 14:48:10 mas01 sh[21739]: 2018-10-30 14:48:10 regiond: [info] 192.168.11.51 POST /MAAS/metadata/status/4c6fdh HTTP/1.1 --> 204 NO_CONTENT (referrer: -; agent: python-requests/2.9.1)
Oct 30 14:48:10 mas01 sh[20765]: 2018-10-30 14:48:10 regiond: [info] 192.168.11.54 POST /MAAS/metadata/status/cb8k6c HTTP/1.1 --> 204 NO_CONTENT (referrer: -; agent: python-requests/2.9.1)
Oct 30 14:48:10 mas01 sh[21739]: 2018-10-30 14:48:10 regiond: [info] 192.168.11.51 POST /MAAS/metadata/status/4c6fdh HTTP/1.1 --> 204 NO_CONTENT (referrer: -; agent: python-requests/2.9.1)
Oct 30 14:48:10 mas01 sh[20878]: 2018-10-30 14:48:10 regiond: [info] 192.168.11.55 POST /MAAS/metadata/status/bf7fwn HTTP/1.1 --> 204 NO_CONTENT (referrer: -; agent: python-requests/2.9.1)
Oct 30 14:48:10 mas01 sh[20761]: 2018-10-30 14:48:10 regiond: [info] 192.168.11.51 POST /MAAS/metadata/status/4c6fdh HTTP/1.1 --> 204 NO_CONTENT (referrer: -; agent: python-requests/2.9.1)
Oct 30 14:48:10 mas01 sh[21739]: 2018-10-30 14:48:10 regiond: [info] 192.168.11.51 POST /MAAS/metadata/status/4c6fdh HTTP/1.1 --> 204 NO_CONTENT (referrer: -; agent: python-requests/2.9.1)
Oct 30 14:48:10 mas01 sh[21739]: 2018-10-30 14:48:10 regiond: [info] 192.168.11.51 POST /MAAS/metadata/status/4c6fdh HTTP/1.1 --> 204 NO_CONTENT (referrer: -; agent: python-requests/2.9.1)
Oct 30 14:48:10 mas01 sh[20878]: 2018-10-30 14:48:10 regiond: [info] 192.168.11.51 POST /MAAS/metadata/status/4c6fdh HTTP/1.1 --> 204 NO_CONTENT (referrer: -; agent: python-requests/2.9.1)
Oct 30 14:48:10 mas01 sh[20765]: 2018-10-30 14:48:10 regiond: [info] 192.168.11.53 POST /MAAS/metadata/status/c86wmr HTTP/1.1 --> 204 NO_CONTENT (referrer: -; agent: python-requests/2.9.1)
Oct 30 14:48:10 mas01 sh[20878]: 2018-10-30 14:48:10 regiond: [info] 192.168.11.53 POST /MAAS/metadata/status/c86wmr HTTP/1.1 --> 204 NO_CONTENT (referrer: -; agent: python-requests/2.9.1)
Oct 30 14:48:10 mas01 sh[20878]: 2018-10-30 14:48:10 regiond: [info] 192.168.11.53 POST /MAAS/metadata/status/c86wmr HTTP/1.1 --> 204 NO_CONTENT (referrer: -; agent: python-requests/2.9.1)
Oct 30 14:48:10 mas01 sh[20765]: 2018-10-30 14:48:10 regiond: [info] 192.168.11.54 GET /MAAS/metadata/latest/by-id/cb8k6c/?op=get_preseed HTTP/1.1 --> 200 OK (referrer: -; agent: Cloud-Init/18.3-9-g2e62cb8a-0ubuntu1~16.04.2)
Oct 30 14:48:10 mas01 sh[20765]: 2018-10-30 14:48:10 regiond: [info] 192.168.11.53 GET /MAAS/metadata/curtin/2012-03-01/meta-data/instance-id HTTP/1.1 --> 200 OK (referrer: -; agent: Cloud-Init/18.3-9-g2e62cb8a-0ubuntu1~16.04.2)
Oct 30 14:48:10 mas01 sh[20761]: 2018-10-30 14:48:10 regiond: [info] 192.168.11.54 POST /MAAS/metadata/status/cb8k6c HTTP/1.1 --> 204 NO_CONTENT (referrer: -; agent: python-requests/2.9.1)
Oct 30 14:48:10 mas01 sh[20765]: 2018-10-30 14:48:10 regiond: [info] 192.168.11.54 POST /MAAS/metadata/status/cb8k6c HTTP/1.1 --> 204 NO_CONTENT (referrer: -; agent: python-requests/2.9.1)
Oct 30 14:48:10 mas01 sh[20765]: 2018-10-30 14:48:10 regiond: [info] 192.168.11.54 POST /MAAS/metadata/status/cb8k6c HTTP/1.1 --> 204 NO_CONTENT (referrer: -; agent: python-requests/2.9.1)
Oct 30 14:48:10 mas01 sh[21739]: 2018-10-30 14:48:10 regiond: [info] 192.168.11.53 GET /MAAS/metadata/curtin/2012-03-01/meta-data/instance-id HTTP/1.1 --> 200 OK (referrer: -; agent: python-requests/2.9.1)
Oct 30 14:48:10 mas01 sh[20765]: 2018-10-30 14:48:10 regiond: [info] 192.168.11.55 POST /MAAS/metadata/status/bf7fwn HTTP/1.1 --> 204 NO_CONTENT (referrer: -; agent: python-requests/2.9.1)
Oct 30 14:48:10 mas01 sh[20878]: 2018-10-30 14:48:10 regiond: [info] 192.168.11.55 POST /MAAS/metadata/status/bf7fwn HTTP/1.1 --> 204 NO_CONTENT (referrer: -; agent: python-requests/2.9.1)
Oct 30 14:48:10 mas01 sh[21739]: 2018-10-30 14:48:10 regiond: [info] 192.168.11.55 POST /MAAS/metadata/status/bf7fwn HTTP/1.1 --> 204 NO_CONTENT (referrer: -; agent: python-requests/2.9.1)
Oct 30 14:48:10 mas01 sh[20761]: 2018-10-30 14:48:10 regiond: [info] 192.168.11.54 GET /MAAS/metadata/curtin/2012-03-01/meta-data/instance-id HTTP/1.1 --> 200 OK (referrer: -; agent: Cloud-Init/18.3-9-g2e62cb8a-0ubuntu1~16.04.2)
Oct 30 14:48:10 mas01 sh[20765]: 2018-10-30 14:48:10 regiond: [info] 192.168.11.53 GET /MAAS/metadata/curtin/2012-03-01/meta-data/local-hostname HTTP/1.1 --> 200 OK (referrer: -; agent: python-requests/2.9.1)
Oct 30 14:48:10 mas01 sh[20878]: 2018-10-30 14:48:10 regiond: [info] 192.168.11.55 GET /MAAS/metadata/curtin/2012-03-01/meta-data/instance-id HTTP/1.1 --> 200 OK (referrer: -; agent: Cloud-Init/18.3-9-g2e62cb8a-0ubuntu1~16.04.2)
Oct 30 14:48:10 mas01 sh[21739]: 2018-10-30 14:48:10 regiond: [info] 192.168.11.54 GET /MAAS/metadata/curtin/2012-03-01/meta-data/instance-id HTTP/1.1 --> 200 OK (referrer: -; agent: python-requests/2.9.1)
Oct 30 14:48:10 mas01 sh[20765]: 2018-10-30 14:48:10 regiond: [info] 192.168.11.53 GET /MAAS/metadata/curtin/2012-03-01/meta-data/public-keys HTTP/1.1 --> 200 OK (referrer: -; agent: python-requests/2.9.1)
