Oct 26 09:50:13 mas01 sh[28692]: 2018-10-26 09:50:13 provisioningserver.rackdservices.tftp: [info] ubuntu/amd64/hwe-16.04/xenial/daily/boot-initrd requested by 00:25:b5:a0:00:4a
Oct 26 09:50:13 mas01 sh[30274]: 2018-10-26 09:50:13 maasserver.region_controller: [info] Reloaded DNS configuration:
Oct 26 09:50:13 mas01 sh[30274]: #011 * ip 192.168.11.42 connected to kvm03 on eth0
Oct 26 09:50:13 mas01 sh[30274]: #011 * ip 192.168.11.41 connected to kvm01 on eth0
Oct 26 09:50:13 mas01 sh[30274]: #011 * ip 192.168.11.40 connected to cmp001 on eth0
Oct 26 09:50:14 mas01 named[29171]: received control channel command 'reload'
Oct 26 09:50:14 mas01 named[29171]: loading configuration from '/etc/bind/named.conf'
Oct 26 09:50:14 mas01 named[29171]: reading built-in trusted keys from file '/etc/bind/bind.keys'
Oct 26 09:50:14 mas01 named[29171]: initializing GeoIP Country (IPv4) (type 1) DB
Oct 26 09:50:14 mas01 named[29171]: GEO-106FREE 20160408 Bu
Oct 26 09:50:14 mas01 named[29171]: initializing GeoIP Country (IPv6) (type 12) DB
Oct 26 09:50:14 mas01 named[29171]: GEO-106FREE 20160408 Bu
Oct 26 09:50:14 mas01 named[29171]: GeoIP City (IPv4) (type 2) DB not available
Oct 26 09:50:14 mas01 named[29171]: GeoIP City (IPv4) (type 6) DB not available
Oct 26 09:50:14 mas01 named[29171]: GeoIP City (IPv6) (type 30) DB not available
Oct 26 09:50:14 mas01 named[29171]: GeoIP City (IPv6) (type 31) DB not available
Oct 26 09:50:14 mas01 named[29171]: GeoIP Region (type 3) DB not available
Oct 26 09:50:14 mas01 named[29171]: GeoIP Region (type 7) DB not available
Oct 26 09:50:14 mas01 named[29171]: GeoIP ISP (type 4) DB not available
Oct 26 09:50:14 mas01 named[29171]: GeoIP Org (type 5) DB not available
Oct 26 09:50:14 mas01 named[29171]: GeoIP AS (type 9) DB not available
Oct 26 09:50:14 mas01 named[29171]: GeoIP Domain (type 11) DB not available
Oct 26 09:50:14 mas01 named[29171]: GeoIP NetSpeed (type 10) DB not available
Oct 26 09:50:14 mas01 named[29171]: using default UDP/IPv4 port range: [32768, 60999]
Oct 26 09:50:14 mas01 named[29171]: using default UDP/IPv6 port range: [32768, 60999]
Oct 26 09:50:14 mas01 named[29171]: sizing zone task pool based on 9 zones
Oct 26 09:50:14 mas01 named[29171]: automatic empty zone: 10.IN-ADDR.ARPA
Oct 26 09:50:14 mas01 named[29171]: automatic empty zone: 16.172.IN-ADDR.ARPA
Oct 26 09:50:14 mas01 named[29171]: automatic empty zone: 17.172.IN-ADDR.ARPA
Oct 26 09:50:14 mas01 named[29171]: automatic empty zone: 18.172.IN-ADDR.ARPA
Oct 26 09:50:14 mas01 named[29171]: automatic empty zone: 19.172.IN-ADDR.ARPA
Oct 26 09:50:14 mas01 named[29171]: automatic empty zone: 20.172.IN-ADDR.ARPA
Oct 26 09:50:14 mas01 named[29171]: automatic empty zone: 21.172.IN-ADDR.ARPA
Oct 26 09:50:14 mas01 named[29171]: automatic empty zone: 22.172.IN-ADDR.ARPA
Oct 26 09:50:14 mas01 named[29171]: automatic empty zone: 23.172.IN-ADDR.ARPA
Oct 26 09:50:14 mas01 named[29171]: automatic empty zone: 24.172.IN-ADDR.ARPA
Oct 26 09:50:14 mas01 named[29171]: automatic empty zone: 25.172.IN-ADDR.ARPA
Oct 26 09:50:14 mas01 named[29171]: automatic empty zone: 26.172.IN-ADDR.ARPA
Oct 26 09:50:14 mas01 named[29171]: automatic empty zone: 27.172.IN-ADDR.ARPA
Oct 26 09:50:14 mas01 named[29171]: automatic empty zone: 28.172.IN-ADDR.ARPA
Oct 26 09:50:14 mas01 named[29171]: automatic empty zone: 29.172.IN-ADDR.ARPA
Oct 26 09:50:14 mas01 named[29171]: automatic empty zone: 30.172.IN-ADDR.ARPA
Oct 26 09:50:14 mas01 named[29171]: automatic empty zone: 31.172.IN-ADDR.ARPA
Oct 26 09:50:14 mas01 named[29171]: automatic empty zone: 168.192.IN-ADDR.ARPA
Oct 26 09:50:14 mas01 named[29171]: automatic empty zone: 64.100.IN-ADDR.ARPA
Oct 26 09:50:14 mas01 named[29171]: automatic empty zone: 65.100.IN-ADDR.ARPA
Oct 26 09:50:14 mas01 named[29171]: automatic empty zone: 66.100.IN-ADDR.ARPA
Oct 26 09:50:14 mas01 named[29171]: automatic empty zone: 67.100.IN-ADDR.ARPA
Oct 26 09:50:14 mas01 named[29171]: automatic empty zone: 68.100.IN-ADDR.ARPA
Oct 26 09:50:14 mas01 named[29171]: automatic empty zone: 69.100.IN-ADDR.ARPA
Oct 26 09:50:14 mas01 named[29171]: automatic empty zone: 70.100.IN-ADDR.ARPA
Oct 26 09:50:14 mas01 named[29171]: automatic empty zone: 71.100.IN-ADDR.ARPA
Oct 26 09:50:14 mas01 named[29171]: automatic empty zone: 72.100.IN-ADDR.ARPA
Oct 26 09:50:14 mas01 named[29171]: automatic empty zone: 73.100.IN-ADDR.ARPA
Oct 26 09:50:14 mas01 named[29171]: automatic empty zone: 74.100.IN-ADDR.ARPA
Oct 26 09:50:14 mas01 named[29171]: automatic empty zone: 75.100.IN-ADDR.ARPA
Oct 26 09:50:14 mas01 named[29171]: automatic empty zone: 76.100.IN-ADDR.ARPA
Oct 26 09:50:14 mas01 named[29171]: automatic empty zone: 77.100.IN-ADDR.ARPA
Oct 26 09:50:14 mas01 named[29171]: automatic empty zone: 78.100.IN-ADDR.ARPA
Oct 26 09:50:14 mas01 named[29171]: automatic empty zone: 79.100.IN-ADDR.ARPA
Oct 26 09:50:14 mas01 named[29171]: automatic empty zone: 80.100.IN-ADDR.ARPA
Oct 26 09:50:14 mas01 named[29171]: automatic empty zone: 81.100.IN-ADDR.ARPA
Oct 26 09:50:14 mas01 named[29171]: automatic empty zone: 82.100.IN-ADDR.ARPA
Oct 26 09:50:14 mas01 named[29171]: automatic empty zone: 83.100.IN-ADDR.ARPA
Oct 26 09:50:14 mas01 named[29171]: automatic empty zone: 84.100.IN-ADDR.ARPA
Oct 26 09:50:14 mas01 named[29171]: automatic empty zone: 85.100.IN-ADDR.ARPA
Oct 26 09:50:14 mas01 named[29171]: automatic empty zone: 86.100.IN-ADDR.ARPA
Oct 26 09:50:14 mas01 named[29171]: automatic empty zone: 87.100.IN-ADDR.ARPA
Oct 26 09:50:14 mas01 named[29171]: automatic empty zone: 88.100.IN-ADDR.ARPA
Oct 26 09:50:14 mas01 named[29171]: automatic empty zone: 89.100.IN-ADDR.ARPA
Oct 26 09:50:14 mas01 named[29171]: automatic empty zone: 90.100.IN-ADDR.ARPA
Oct 26 09:50:14 mas01 named[29171]: automatic empty zone: 91.100.IN-ADDR.ARPA
Oct 26 09:50:14 mas01 named[29171]: automatic empty zone: 92.100.IN-ADDR.ARPA
Oct 26 09:50:14 mas01 named[29171]: automatic empty zone: 93.100.IN-ADDR.ARPA
Oct 26 09:50:14 mas01 named[29171]: automatic empty zone: 94.100.IN-ADDR.ARPA
Oct 26 09:50:14 mas01 named[29171]: automatic empty zone: 95.100.IN-ADDR.ARPA
Oct 26 09:50:14 mas01 named[29171]: automatic empty zone: 96.100.IN-ADDR.ARPA
Oct 26 09:50:14 mas01 named[29171]: automatic empty zone: 97.100.IN-ADDR.ARPA
Oct 26 09:50:14 mas01 named[29171]: automatic empty zone: 98.100.IN-ADDR.ARPA
Oct 26 09:50:14 mas01 named[29171]: automatic empty zone: 99.100.IN-ADDR.ARPA
Oct 26 09:50:14 mas01 named[29171]: automatic empty zone: 100.100.IN-ADDR.ARPA
Oct 26 09:50:14 mas01 named[29171]: automatic empty zone: 101.100.IN-ADDR.ARPA
Oct 26 09:50:14 mas01 named[29171]: automatic empty zone: 102.100.IN-ADDR.ARPA
Oct 26 09:50:14 mas01 named[29171]: automatic empty zone: 103.100.IN-ADDR.ARPA
Oct 26 09:50:14 mas01 named[29171]: automatic empty zone: 104.100.IN-ADDR.ARPA
Oct 26 09:50:14 mas01 named[29171]: automatic empty zone: 105.100.IN-ADDR.ARPA
Oct 26 09:50:14 mas01 named[29171]: automatic empty zone: 106.100.IN-ADDR.ARPA
Oct 26 09:50:14 mas01 named[29171]: automatic empty zone: 107.100.IN-ADDR.ARPA
Oct 26 09:50:14 mas01 named[29171]: automatic empty zone: 108.100.IN-ADDR.ARPA
Oct 26 09:50:14 mas01 named[29171]: automatic empty zone: 109.100.IN-ADDR.ARPA
Oct 26 09:50:14 mas01 named[29171]: automatic empty zone: 110.100.IN-ADDR.ARPA
Oct 26 09:50:14 mas01 named[29171]: automatic empty zone: 111.100.IN-ADDR.ARPA
Oct 26 09:50:14 mas01 named[29171]: automatic empty zone: 112.100.IN-ADDR.ARPA
Oct 26 09:50:14 mas01 named[29171]: automatic empty zone: 113.100.IN-ADDR.ARPA
Oct 26 09:50:14 mas01 named[29171]: automatic empty zone: 114.100.IN-ADDR.ARPA
Oct 26 09:50:14 mas01 named[29171]: automatic empty zone: 115.100.IN-ADDR.ARPA
Oct 26 09:50:14 mas01 named[29171]: automatic empty zone: 116.100.IN-ADDR.ARPA
Oct 26 09:50:14 mas01 named[29171]: automatic empty zone: 117.100.IN-ADDR.ARPA
Oct 26 09:50:14 mas01 named[29171]: automatic empty zone: 118.100.IN-ADDR.ARPA
Oct 26 09:50:14 mas01 named[29171]: automatic empty zone: 119.100.IN-ADDR.ARPA
Oct 26 09:50:14 mas01 named[29171]: automatic empty zone: 120.100.IN-ADDR.ARPA
Oct 26 09:50:14 mas01 named[29171]: automatic empty zone: 121.100.IN-ADDR.ARPA
Oct 26 09:50:14 mas01 named[29171]: automatic empty zone: 122.100.IN-ADDR.ARPA
Oct 26 09:50:14 mas01 named[29171]: automatic empty zone: 123.100.IN-ADDR.ARPA
Oct 26 09:50:14 mas01 named[29171]: automatic empty zone: 124.100.IN-ADDR.ARPA
Oct 26 09:50:14 mas01 named[29171]: automatic empty zone: 125.100.IN-ADDR.ARPA
Oct 26 09:50:14 mas01 named[29171]: automatic empty zone: 126.100.IN-ADDR.ARPA
Oct 26 09:50:14 mas01 named[29171]: automatic empty zone: 127.100.IN-ADDR.ARPA
Oct 26 09:50:14 mas01 named[29171]: automatic empty zone: 254.169.IN-ADDR.ARPA
Oct 26 09:50:14 mas01 named[29171]: automatic empty zone: 2.0.192.IN-ADDR.ARPA
Oct 26 09:50:14 mas01 named[29171]: automatic empty zone: 100.51.198.IN-ADDR.ARPA
Oct 26 09:50:14 mas01 named[29171]: automatic empty zone: 113.0.203.IN-ADDR.ARPA
Oct 26 09:50:14 mas01 named[29171]: automatic empty zone: 255.255.255.255.IN-ADDR.ARPA
Oct 26 09:50:14 mas01 named[29171]: automatic empty zone: 0.0.0.0.0.0.0.0.0.0.0.0.0.0.0.0.0.0.0.0.0.0.0.0.0.0.0.0.0.0.0.0.IP6.ARPA
Oct 26 09:50:14 mas01 named[29171]: automatic empty zone: 1.0.0.0.0.0.0.0.0.0.0.0.0.0.0.0.0.0.0.0.0.0.0.0.0.0.0.0.0.0.0.0.IP6.ARPA
Oct 26 09:50:14 mas01 named[29171]: automatic empty zone: D.F.IP6.ARPA
Oct 26 09:50:14 mas01 named[29171]: automatic empty zone: 8.E.F.IP6.ARPA
Oct 26 09:50:14 mas01 named[29171]: automatic empty zone: 9.E.F.IP6.ARPA
Oct 26 09:50:14 mas01 named[29171]: automatic empty zone: A.E.F.IP6.ARPA
Oct 26 09:50:14 mas01 named[29171]: automatic empty zone: B.E.F.IP6.ARPA
Oct 26 09:50:14 mas01 named[29171]: automatic empty zone: 8.B.D.0.1.0.0.2.IP6.ARPA
Oct 26 09:50:14 mas01 named[29171]: automatic empty zone: EMPTY.AS112.ARPA
Oct 26 09:50:14 mas01 named[29171]: configuring command channel from '/etc/bind/rndc.key'
Oct 26 09:50:14 mas01 named[29171]: reloading configuration succeeded
Oct 26 09:50:14 mas01 named[29171]: reloading zones succeeded
Oct 26 09:50:14 mas01 named[29171]: zone 0.20.10.in-addr.arpa/IN: loaded serial 18
Oct 26 09:50:14 mas01 named[29171]: all zones loaded
Oct 26 09:50:14 mas01 named[29171]: running
Oct 26 09:50:14 mas01 named[29171]: zone 4.167.10.in-addr.arpa/IN: loaded serial 18
Oct 26 09:50:14 mas01 named[29171]: zone 11.168.192.in-addr.arpa/IN: loaded serial 18
Oct 26 09:50:14 mas01 named[29171]: zone maas/IN: loaded serial 18
Oct 26 09:50:15 mas01 sh[28692]: 2018-10-26 09:50:15 provisioningserver.rackdservices.tftp: [info] ubuntu/amd64/hwe-16.04/xenial/daily/boot-initrd requested by 00:25:b5:a0:00:3a
Oct 26 09:50:18 mas01 sh[30274]: 2018-10-26 09:50:18 maasserver.region_controller: [info] Reloaded DNS configuration; ip 192.168.11.43 connected to kvm02 on eth0
Oct 26 09:50:19 mas01 salt-minion[16616]: [INFO    ] User sudo_ubuntu Executing command state.apply with jid 20181026095019092641
Oct 26 09:50:19 mas01 salt-minion[16616]: [INFO    ] Starting a new job with PID 31750
Oct 26 09:50:19 mas01 salt-minion[16616]: [INFO    ] Loading fresh modules for state activity
Oct 26 09:50:19 mas01 salt-minion[16616]: [INFO    ] Running state [maas-region apikey --username opnfv > /var/lib/maas/.maas_credentials] at time 09:50:19.828624
Oct 26 09:50:19 mas01 salt-minion[16616]: [INFO    ] Executing state cmd.run for [maas-region apikey --username opnfv > /var/lib/maas/.maas_credentials]
Oct 26 09:50:19 mas01 salt-minion[16616]: [INFO    ] Executing command 'maas-region apikey --username opnfv > /var/lib/maas/.maas_credentials' in directory '/root'
Oct 26 09:50:21 mas01 salt-minion[16616]: [INFO    ] {'pid': 31758, 'retcode': 0, 'stderr': '', 'stdout': ''}
Oct 26 09:50:21 mas01 salt-minion[16616]: [INFO    ] Completed state [maas-region apikey --username opnfv > /var/lib/maas/.maas_credentials] at time 09:50:21.101455 duration_in_ms=1272.83
Oct 26 09:50:21 mas01 salt-minion[16616]: [INFO    ] Running state [maas.machines_status] at time 09:50:21.103965
Oct 26 09:50:21 mas01 salt-minion[16616]: [INFO    ] Executing state module.run for [maas.machines_status]
Oct 26 09:50:21 mas01 salt-minion[16616]: [WARNING ] The function "module.run" is using its deprecated version and will expire in version "Sodium".
Oct 26 09:50:21 mas01 salt-minion[16616]: [INFO    ] {'ret': {'machines': [{'status': 'Commissioning', 'hostname': u'cmp002', 'system_id': u'aa3rkt'}, {'status': 'Commissioning', 'hostname': u'cmp001', 'system_id': u'wf83nb'}, {'status': 'Commissioning', 'hostname': u'kvm01', 'system_id': u'ebfg8t'}, {'status': 'Commissioning', 'hostname': u'kvm03', 'system_id': u'c8pmqq'}, {'status': 'Commissioning', 'hostname': u'kvm02', 'system_id': u'e7wy43'}], 'summary': Counter({'Commissioning': 5})}}
Oct 26 09:50:21 mas01 salt-minion[16616]: [INFO    ] Completed state [maas.machines_status] at time 09:50:21.395728 duration_in_ms=291.763
Oct 26 09:50:21 mas01 salt-minion[16616]: [INFO    ] Returning information for job: 20181026095019092641
Oct 26 09:50:31 mas01 salt-minion[16616]: [INFO    ] User sudo_ubuntu Executing command state.apply with jid 20181026095032001913
Oct 26 09:50:32 mas01 salt-minion[16616]: [INFO    ] Starting a new job with PID 31770
Oct 26 09:50:32 mas01 dhcpd[31056]: DHCPDISCOVER from 00:25:b5:a0:00:2a via ens5
Oct 26 09:50:32 mas01 dhcpd[31056]: DHCPOFFER on 192.168.11.41 to 00:25:b5:a0:00:2a (kvm01) via ens5
Oct 26 09:50:32 mas01 dhcpd[31056]: execute_statement argv[0] = /usr/sbin/maas-dhcp-helper
Oct 26 09:50:32 mas01 dhcpd[31056]: execute_statement argv[1] = notify
Oct 26 09:50:32 mas01 dhcpd[31056]: execute_statement argv[2] = --action
Oct 26 09:50:32 mas01 dhcpd[31056]: execute_statement argv[3] = commit
Oct 26 09:50:32 mas01 dhcpd[31056]: execute_statement argv[4] = --mac
Oct 26 09:50:32 mas01 dhcpd[31056]: execute_statement argv[5] = 0:25:b5:a0:0:2a
Oct 26 09:50:32 mas01 dhcpd[31056]: execute_statement argv[6] = --ip-family
Oct 26 09:50:32 mas01 dhcpd[31056]: execute_statement argv[7] = ipv4
Oct 26 09:50:32 mas01 dhcpd[31056]: execute_statement argv[8] = --ip
Oct 26 09:50:32 mas01 dhcpd[31056]: execute_statement argv[9] = 192.168.11.41
Oct 26 09:50:32 mas01 dhcpd[31056]: execute_statement argv[10] = --lease-time
Oct 26 09:50:32 mas01 dhcpd[31056]: execute_statement argv[11] = 600
Oct 26 09:50:32 mas01 dhcpd[31056]: execute_statement argv[12] = --hostname
Oct 26 09:50:32 mas01 dhcpd[31056]: execute_statement argv[13] = kvm01
Oct 26 09:50:32 mas01 dhcpd[31056]: execute_statement argv[14] = --socket
Oct 26 09:50:32 mas01 dhcpd[31056]: execute_statement argv[15] = /var/lib/maas/dhcpd.sock
Oct 26 09:50:32 mas01 dhcpd[31056]: DHCPREQUEST for 192.168.11.41 (192.168.11.3) from 00:25:b5:a0:00:2a (kvm01) via ens5
Oct 26 09:50:32 mas01 dhcpd[31056]: DHCPACK on 192.168.11.41 to 00:25:b5:a0:00:2a (kvm01) via ens5
Oct 26 09:50:32 mas01 dhcpd[31056]: DHCPDISCOVER from 00:25:b5:a0:00:6a via ens5
Oct 26 09:50:32 mas01 dhcpd[31056]: DHCPOFFER on 192.168.11.39 to 00:25:b5:a0:00:6a (cmp002) via ens5
Oct 26 09:50:32 mas01 dhcpd[31056]: DHCPDISCOVER from 00:25:b5:a0:00:5a via ens5
Oct 26 09:50:32 mas01 dhcpd[31056]: DHCPOFFER on 192.168.11.40 to 00:25:b5:a0:00:5a (cmp001) via ens5
Oct 26 09:50:32 mas01 dhcpd[31056]: execute_statement argv[0] = /usr/sbin/maas-dhcp-helper
Oct 26 09:50:32 mas01 dhcpd[31056]: execute_statement argv[1] = notify
Oct 26 09:50:32 mas01 dhcpd[31056]: execute_statement argv[2] = --action
Oct 26 09:50:32 mas01 dhcpd[31056]: execute_statement argv[3] = commit
Oct 26 09:50:32 mas01 dhcpd[31056]: execute_statement argv[4] = --mac
Oct 26 09:50:32 mas01 dhcpd[31056]: execute_statement argv[5] = 0:25:b5:a0:0:6a
Oct 26 09:50:32 mas01 dhcpd[31056]: execute_statement argv[6] = --ip-family
Oct 26 09:50:32 mas01 dhcpd[31056]: execute_statement argv[7] = ipv4
Oct 26 09:50:32 mas01 dhcpd[31056]: execute_statement argv[8] = --ip
Oct 26 09:50:32 mas01 dhcpd[31056]: execute_statement argv[9] = 192.168.11.39
Oct 26 09:50:32 mas01 dhcpd[31056]: execute_statement argv[10] = --lease-time
Oct 26 09:50:32 mas01 dhcpd[31056]: execute_statement argv[11] = 600
Oct 26 09:50:32 mas01 dhcpd[31056]: execute_statement argv[12] = --hostname
Oct 26 09:50:32 mas01 dhcpd[31056]: execute_statement argv[13] = cmp002
Oct 26 09:50:32 mas01 dhcpd[31056]: execute_statement argv[14] = --socket
Oct 26 09:50:32 mas01 dhcpd[31056]: execute_statement argv[15] = /var/lib/maas/dhcpd.sock
Oct 26 09:50:32 mas01 sh[29378]: 2018-10-26 09:50:32 maasserver.rpc.leases: [info] Lease update: commit for 192.168.11.41 on 0:25:b5:a0:0:2a at 2018-10-26 09:50:32 (lease time: 600s) (hostname: kvm01)
Oct 26 09:50:32 mas01 dhcpd[31056]: DHCPREQUEST for 192.168.11.39 (192.168.11.3) from 00:25:b5:a0:00:6a (cmp002) via ens5
Oct 26 09:50:32 mas01 dhcpd[31056]: DHCPACK on 192.168.11.39 to 00:25:b5:a0:00:6a (cmp002) via ens5
Oct 26 09:50:32 mas01 dhcpd[31056]: execute_statement argv[0] = /usr/sbin/maas-dhcp-helper
Oct 26 09:50:32 mas01 dhcpd[31056]: execute_statement argv[1] = notify
Oct 26 09:50:32 mas01 dhcpd[31056]: execute_statement argv[2] = --action
Oct 26 09:50:32 mas01 dhcpd[31056]: execute_statement argv[3] = commit
Oct 26 09:50:32 mas01 dhcpd[31056]: execute_statement argv[4] = --mac
Oct 26 09:50:32 mas01 dhcpd[31056]: execute_statement argv[5] = 0:25:b5:a0:0:5a
Oct 26 09:50:32 mas01 dhcpd[31056]: execute_statement argv[6] = --ip-family
Oct 26 09:50:32 mas01 dhcpd[31056]: execute_statement argv[7] = ipv4
Oct 26 09:50:32 mas01 dhcpd[31056]: execute_statement argv[8] = --ip
Oct 26 09:50:32 mas01 dhcpd[31056]: execute_statement argv[9] = 192.168.11.40
Oct 26 09:50:32 mas01 dhcpd[31056]: execute_statement argv[10] = --lease-time
Oct 26 09:50:32 mas01 dhcpd[31056]: execute_statement argv[11] = 600
Oct 26 09:50:32 mas01 sh[29267]: 2018-10-26 09:50:32 maasserver.rpc.leases: [info] Lease update: commit for 192.168.11.39 on 0:25:b5:a0:0:6a at 2018-10-26 09:50:32 (lease time: 600s) (hostname: cmp002)
Oct 26 09:50:32 mas01 dhcpd[31056]: execute_statement argv[12] = --hostname
Oct 26 09:50:32 mas01 dhcpd[31056]: execute_statement argv[13] = cmp001
Oct 26 09:50:32 mas01 dhcpd[31056]: execute_statement argv[14] = --socket
Oct 26 09:50:32 mas01 dhcpd[31056]: execute_statement argv[15] = /var/lib/maas/dhcpd.sock
Oct 26 09:50:33 mas01 dhcpd[31056]: DHCPREQUEST for 192.168.11.40 (192.168.11.3) from 00:25:b5:a0:00:5a (cmp001) via ens5
Oct 26 09:50:33 mas01 dhcpd[31056]: DHCPACK on 192.168.11.40 to 00:25:b5:a0:00:5a (cmp001) via ens5
Oct 26 09:50:33 mas01 dhcpd[31056]: DHCPDISCOVER from 00:25:b5:a0:00:3a via ens5
Oct 26 09:50:33 mas01 dhcpd[31056]: DHCPOFFER on 192.168.11.43 to 00:25:b5:a0:00:3a (kvm02) via ens5
Oct 26 09:50:33 mas01 sh[29267]: 2018-10-26 09:50:33 maasserver.rpc.leases: [info] Lease update: commit for 192.168.11.40 on 0:25:b5:a0:0:5a at 2018-10-26 09:50:32 (lease time: 600s) (hostname: cmp001)
Oct 26 09:50:33 mas01 sh[28692]: 2018-10-26 09:50:33 rackd: [info] 192.168.11.41 GET /images/ubuntu/amd64/hwe-16.04/xenial/daily/squashfs HTTP/1.1 --> 200 OK (referrer: -; agent: Wget)
Oct 26 09:50:33 mas01 sh[28692]: 2018-10-26 09:50:33 rackd: [info] 192.168.11.39 GET /images/ubuntu/amd64/hwe-16.04/xenial/daily/squashfs HTTP/1.1 --> 200 OK (referrer: -; agent: Wget)
Oct 26 09:50:33 mas01 sh[28692]: 2018-10-26 09:50:33 rackd: [info] 192.168.11.40 GET /images/ubuntu/amd64/hwe-16.04/xenial/daily/squashfs HTTP/1.1 --> 200 OK (referrer: -; agent: Wget)
Oct 26 09:50:33 mas01 dhcpd[31056]: DHCPDISCOVER from 00:25:b5:a0:00:3a (kvm02) via ens5
Oct 26 09:50:33 mas01 dhcpd[31056]: DHCPOFFER on 192.168.11.43 to 00:25:b5:a0:00:3a (kvm02) via ens5
Oct 26 09:50:33 mas01 dhcpd[31056]: DHCPDISCOVER from 00:25:b5:a0:00:4a via ens5
Oct 26 09:50:33 mas01 dhcpd[31056]: DHCPOFFER on 192.168.11.42 to 00:25:b5:a0:00:4a (kvm03) via ens5
Oct 26 09:50:33 mas01 dhcpd[31056]: execute_statement argv[0] = /usr/sbin/maas-dhcp-helper
Oct 26 09:50:33 mas01 dhcpd[31056]: execute_statement argv[1] = notify
Oct 26 09:50:33 mas01 dhcpd[31056]: execute_statement argv[2] = --action
Oct 26 09:50:33 mas01 dhcpd[31056]: execute_statement argv[3] = commit
Oct 26 09:50:33 mas01 dhcpd[31056]: execute_statement argv[4] = --mac
Oct 26 09:50:33 mas01 dhcpd[31056]: execute_statement argv[5] = 0:25:b5:a0:0:4a
Oct 26 09:50:33 mas01 dhcpd[31056]: execute_statement argv[6] = --ip-family
Oct 26 09:50:33 mas01 dhcpd[31056]: execute_statement argv[7] = ipv4
Oct 26 09:50:33 mas01 dhcpd[31056]: execute_statement argv[8] = --ip
Oct 26 09:50:33 mas01 dhcpd[31056]: execute_statement argv[9] = 192.168.11.42
Oct 26 09:50:33 mas01 dhcpd[31056]: execute_statement argv[10] = --lease-time
Oct 26 09:50:33 mas01 dhcpd[31056]: execute_statement argv[11] = 600
Oct 26 09:50:33 mas01 dhcpd[31056]: execute_statement argv[12] = --hostname
Oct 26 09:50:33 mas01 dhcpd[31056]: execute_statement argv[13] = kvm03
Oct 26 09:50:33 mas01 dhcpd[31056]: execute_statement argv[14] = --socket
Oct 26 09:50:33 mas01 dhcpd[31056]: execute_statement argv[15] = /var/lib/maas/dhcpd.sock
Oct 26 09:50:34 mas01 dhcpd[31056]: DHCPREQUEST for 192.168.11.42 (192.168.11.3) from 00:25:b5:a0:00:4a (kvm03) via ens5
Oct 26 09:50:34 mas01 dhcpd[31056]: DHCPACK on 192.168.11.42 to 00:25:b5:a0:00:4a (kvm03) via ens5
Oct 26 09:50:34 mas01 sh[29267]: 2018-10-26 09:50:34 maasserver.rpc.leases: [info] Lease update: commit for 192.168.11.42 on 0:25:b5:a0:0:4a at 2018-10-26 09:50:34 (lease time: 600s) (hostname: kvm03)
Oct 26 09:50:34 mas01 sh[29267]: 2018-10-26 09:50:34 regiond: [info] 127.0.0.1 GET /MAAS/rpc/ HTTP/1.0 --> 200 OK (referrer: -; agent: provisioningserver.rpc.clusterservice.ClusterClientService)
Oct 26 09:50:34 mas01 sh[28692]: 2018-10-26 09:50:34 rackd: [info] 192.168.11.42 GET /images/ubuntu/amd64/hwe-16.04/xenial/daily/squashfs HTTP/1.1 --> 200 OK (referrer: -; agent: Wget)
Oct 26 09:50:36 mas01 sh[29267]: 2018-10-26 09:50:36 regiond: [info] 192.168.11.39 GET /MAAS/metadata/latest/by-id/aa3rkt/?op=get_preseed HTTP/1.1 --> 200 OK (referrer: -; agent: Cloud-Init/18.3-9-g2e62cb8a-0ubuntu1~16.04.2)
Oct 26 09:50:36 mas01 sh[29267]: 2018-10-26 09:50:36 regiond: [info] 192.168.11.41 POST /MAAS/metadata/status/ebfg8t HTTP/1.1 --> 204 NO_CONTENT (referrer: -; agent: python-requests/2.9.1)
Oct 26 09:50:36 mas01 dhcpd[31056]: DHCPDISCOVER from 00:25:b5:a0:00:3a (kvm02) via ens5
Oct 26 09:50:36 mas01 dhcpd[31056]: DHCPOFFER on 192.168.11.43 to 00:25:b5:a0:00:3a (kvm02) via ens5
Oct 26 09:50:36 mas01 dhcpd[31056]: execute_statement argv[0] = /usr/sbin/maas-dhcp-helper
Oct 26 09:50:36 mas01 dhcpd[31056]: execute_statement argv[1] = notify
Oct 26 09:50:36 mas01 dhcpd[31056]: execute_statement argv[2] = --action
Oct 26 09:50:36 mas01 dhcpd[31056]: execute_statement argv[3] = commit
Oct 26 09:50:36 mas01 dhcpd[31056]: execute_statement argv[4] = --mac
Oct 26 09:50:36 mas01 dhcpd[31056]: execute_statement argv[5] = 0:25:b5:a0:0:3a
Oct 26 09:50:36 mas01 dhcpd[31056]: execute_statement argv[6] = --ip-family
Oct 26 09:50:36 mas01 dhcpd[31056]: execute_statement argv[7] = ipv4
Oct 26 09:50:36 mas01 dhcpd[31056]: execute_statement argv[8] = --ip
Oct 26 09:50:36 mas01 dhcpd[31056]: execute_statement argv[9] = 192.168.11.43
Oct 26 09:50:36 mas01 dhcpd[31056]: execute_statement argv[10] = --lease-time
Oct 26 09:50:36 mas01 dhcpd[31056]: execute_statement argv[11] = 600
Oct 26 09:50:36 mas01 dhcpd[31056]: execute_statement argv[12] = --hostname
Oct 26 09:50:36 mas01 dhcpd[31056]: execute_statement argv[13] = kvm02
Oct 26 09:50:36 mas01 dhcpd[31056]: execute_statement argv[14] = --socket
Oct 26 09:50:36 mas01 dhcpd[31056]: execute_statement argv[15] = /var/lib/maas/dhcpd.sock
Oct 26 09:50:36 mas01 sh[29267]: 2018-10-26 09:50:36 regiond: [info] 192.168.11.41 POST /MAAS/metadata/status/ebfg8t HTTP/1.1 --> 204 NO_CONTENT (referrer: -; agent: python-requests/2.9.1)
Oct 26 09:50:36 mas01 sh[29267]: 2018-10-26 09:50:36 regiond: [info] 192.168.11.39 POST /MAAS/metadata/status/aa3rkt HTTP/1.1 --> 204 NO_CONTENT (referrer: -; agent: python-requests/2.9.1)
Oct 26 09:50:36 mas01 sh[29260]: 2018-10-26 09:50:36 regiond: [info] 192.168.11.40 POST /MAAS/metadata/status/wf83nb HTTP/1.1 --> 204 NO_CONTENT (referrer: -; agent: python-requests/2.9.1)
Oct 26 09:50:36 mas01 salt-minion[16616]: [INFO    ] Loading fresh modules for state activity
Oct 26 09:50:36 mas01 sh[29267]: 2018-10-26 09:50:36 regiond: [info] 192.168.11.39 POST /MAAS/metadata/status/aa3rkt HTTP/1.1 --> 204 NO_CONTENT (referrer: -; agent: python-requests/2.9.1)
Oct 26 09:50:36 mas01 sh[29378]: 2018-10-26 09:50:36 regiond: [info] 192.168.11.40 POST /MAAS/metadata/status/wf83nb HTTP/1.1 --> 204 NO_CONTENT (referrer: -; agent: python-requests/2.9.1)
Oct 26 09:50:36 mas01 salt-minion[16616]: [INFO    ] Running state [maas-region apikey --username opnfv > /var/lib/maas/.maas_credentials] at time 09:50:36.432627
Oct 26 09:50:36 mas01 salt-minion[16616]: [INFO    ] Executing state cmd.run for [maas-region apikey --username opnfv > /var/lib/maas/.maas_credentials]
Oct 26 09:50:36 mas01 salt-minion[16616]: [INFO    ] Executing command 'maas-region apikey --username opnfv > /var/lib/maas/.maas_credentials' in directory '/root'
Oct 26 09:50:36 mas01 dhcpd[31056]: DHCPREQUEST for 192.168.11.43 (192.168.11.3) from 00:25:b5:a0:00:3a (kvm02) via ens5
Oct 26 09:50:36 mas01 dhcpd[31056]: DHCPACK on 192.168.11.43 to 00:25:b5:a0:00:3a (kvm02) via ens5
Oct 26 09:50:36 mas01 sh[29260]: 2018-10-26 09:50:36 maasserver.rpc.leases: [info] Lease update: commit for 192.168.11.43 on 0:25:b5:a0:0:3a at 2018-10-26 09:50:36 (lease time: 600s) (hostname: kvm02)
Oct 26 09:50:36 mas01 sh[29267]: 2018-10-26 09:50:36 regiond: [info] 192.168.11.41 POST /MAAS/metadata/status/ebfg8t HTTP/1.1 --> 204 NO_CONTENT (referrer: -; agent: python-requests/2.9.1)
Oct 26 09:50:36 mas01 sh[29378]: 2018-10-26 09:50:36 regiond: [info] 192.168.11.39 POST /MAAS/metadata/status/aa3rkt HTTP/1.1 --> 204 NO_CONTENT (referrer: -; agent: python-requests/2.9.1)
Oct 26 09:50:36 mas01 sh[29267]: 2018-10-26 09:50:36 regiond: [info] 192.168.11.40 POST /MAAS/metadata/status/wf83nb HTTP/1.1 --> 204 NO_CONTENT (referrer: -; agent: python-requests/2.9.1)
Oct 26 09:50:36 mas01 sh[28692]: 2018-10-26 09:50:36 rackd: [info] 192.168.11.43 GET /images/ubuntu/amd64/hwe-16.04/xenial/daily/squashfs HTTP/1.1 --> 200 OK (referrer: -; agent: Wget)
Oct 26 09:50:36 mas01 sh[29260]: 2018-10-26 09:50:36 regiond: [info] 192.168.11.41 GET /MAAS/metadata/latest/by-id/ebfg8t/?op=get_preseed HTTP/1.1 --> 200 OK (referrer: -; agent: Cloud-Init/18.3-9-g2e62cb8a-0ubuntu1~16.04.2)
Oct 26 09:50:36 mas01 sh[30274]: 2018-10-26 09:50:36 regiond: [info] 192.168.11.41 POST /MAAS/metadata/status/ebfg8t HTTP/1.1 --> 204 NO_CONTENT (referrer: -; agent: python-requests/2.9.1)
Oct 26 09:50:36 mas01 sh[29267]: 2018-10-26 09:50:36 regiond: [info] 192.168.11.41 POST /MAAS/metadata/status/ebfg8t HTTP/1.1 --> 204 NO_CONTENT (referrer: -; agent: python-requests/2.9.1)
Oct 26 09:50:36 mas01 sh[29378]: 2018-10-26 09:50:36 regiond: [info] 192.168.11.41 POST /MAAS/metadata/status/ebfg8t HTTP/1.1 --> 204 NO_CONTENT (referrer: -; agent: python-requests/2.9.1)
Oct 26 09:50:37 mas01 sh[29260]: 2018-10-26 09:50:36 regiond: [info] 192.168.11.41 GET /MAAS/metadata/2012-03-01/meta-data/instance-id HTTP/1.1 --> 200 OK (referrer: -; agent: Cloud-Init/18.3-9-g2e62cb8a-0ubuntu1~16.04.2)
Oct 26 09:50:37 mas01 sh[30274]: 2018-10-26 09:50:37 regiond: [info] 192.168.11.39 POST /MAAS/metadata/status/aa3rkt HTTP/1.1 --> 204 NO_CONTENT (referrer: -; agent: python-requests/2.9.1)
Oct 26 09:50:37 mas01 sh[29260]: 2018-10-26 09:50:37 regiond: [info] 192.168.11.39 POST /MAAS/metadata/status/aa3rkt HTTP/1.1 --> 204 NO_CONTENT (referrer: -; agent: python-requests/2.9.1)
Oct 26 09:50:37 mas01 sh[29260]: 2018-10-26 09:50:37 regiond: [info] 192.168.11.40 POST /MAAS/metadata/status/wf83nb HTTP/1.1 --> 204 NO_CONTENT (referrer: -; agent: python-requests/2.9.1)
Oct 26 09:50:37 mas01 sh[30274]: 2018-10-26 09:50:37 regiond: [info] 192.168.11.39 POST /MAAS/metadata/status/aa3rkt HTTP/1.1 --> 204 NO_CONTENT (referrer: -; agent: python-requests/2.9.1)
Oct 26 09:50:37 mas01 sh[29267]: 2018-10-26 09:50:37 regiond: [info] 192.168.11.40 POST /MAAS/metadata/status/wf83nb HTTP/1.1 --> 204 NO_CONTENT (referrer: -; agent: python-requests/2.9.1)
Oct 26 09:50:37 mas01 sh[29260]: 2018-10-26 09:50:37 regiond: [info] 192.168.11.40 POST /MAAS/metadata/status/wf83nb HTTP/1.1 --> 204 NO_CONTENT (referrer: -; agent: python-requests/2.9.1)
Oct 26 09:50:37 mas01 sh[30274]: 2018-10-26 09:50:37 regiond: [info] 192.168.11.39 GET /MAAS/metadata/2012-03-01/meta-data/instance-id HTTP/1.1 --> 200 OK (referrer: -; agent: Cloud-Init/18.3-9-g2e62cb8a-0ubuntu1~16.04.2)
Oct 26 09:50:37 mas01 salt-minion[16616]: [INFO    ] User sudo_ubuntu Executing command saltutil.find_job with jid 20181026095037105348
Oct 26 09:50:37 mas01 sh[29260]: 2018-10-26 09:50:37 regiond: [info] 192.168.11.41 GET /MAAS/metadata/2012-03-01/meta-data/instance-id HTTP/1.1 --> 200 OK (referrer: -; agent: python-requests/2.9.1)
Oct 26 09:50:37 mas01 salt-minion[16616]: [INFO    ] Starting a new job with PID 31830
Oct 26 09:50:37 mas01 sh[29260]: 2018-10-26 09:50:37 regiond: [info] 192.168.11.40 GET /MAAS/metadata/2012-03-01/meta-data/instance-id HTTP/1.1 --> 200 OK (referrer: -; agent: Cloud-Init/18.3-9-g2e62cb8a-0ubuntu1~16.04.2)
Oct 26 09:50:37 mas01 sh[29378]: 2018-10-26 09:50:37 regiond: [info] 192.168.11.39 GET /MAAS/metadata/2012-03-01/meta-data/instance-id HTTP/1.1 --> 200 OK (referrer: -; agent: python-requests/2.9.1)
Oct 26 09:50:37 mas01 salt-minion[16616]: [INFO    ] Returning information for job: 20181026095037105348
Oct 26 09:50:37 mas01 sh[30274]: 2018-10-26 09:50:37 regiond: [info] 192.168.11.41 GET /MAAS/metadata/2012-03-01/meta-data/local-hostname HTTP/1.1 --> 200 OK (referrer: -; agent: python-requests/2.9.1)
Oct 26 09:50:37 mas01 sh[29267]: 2018-10-26 09:50:37 regiond: [info] 192.168.11.39 GET /MAAS/metadata/2012-03-01/meta-data/local-hostname HTTP/1.1 --> 200 OK (referrer: -; agent: python-requests/2.9.1)
Oct 26 09:50:37 mas01 sh[29260]: 2018-10-26 09:50:37 regiond: [info] 192.168.11.40 GET /MAAS/metadata/2012-03-01/meta-data/instance-id HTTP/1.1 --> 200 OK (referrer: -; agent: python-requests/2.9.1)
Oct 26 09:50:37 mas01 sh[29378]: 2018-10-26 09:50:37 regiond: [info] 192.168.11.42 POST /MAAS/metadata/status/c8pmqq HTTP/1.1 --> 204 NO_CONTENT (referrer: -; agent: python-requests/2.9.1)
Oct 26 09:50:37 mas01 sh[29267]: 2018-10-26 09:50:37 regiond: [info] 192.168.11.42 POST /MAAS/metadata/status/c8pmqq HTTP/1.1 --> 204 NO_CONTENT (referrer: -; agent: python-requests/2.9.1)
Oct 26 09:50:37 mas01 sh[29267]: 2018-10-26 09:50:37 regiond: [info] 192.168.11.40 GET /MAAS/metadata/2012-03-01/meta-data/local-hostname HTTP/1.1 --> 200 OK (referrer: -; agent: python-requests/2.9.1)
Oct 26 09:50:37 mas01 sh[30274]: 2018-10-26 09:50:37 regiond: [info] 192.168.11.39 GET /MAAS/metadata/2012-03-01/meta-data/vendor-data HTTP/1.1 --> 200 OK (referrer: -; agent: python-requests/2.9.1)
Oct 26 09:50:37 mas01 sh[29267]: 2018-10-26 09:50:37 regiond: [info] 192.168.11.41 GET /MAAS/metadata/2012-03-01/meta-data/vendor-data HTTP/1.1 --> 200 OK (referrer: -; agent: python-requests/2.9.1)
Oct 26 09:50:37 mas01 sh[30274]: 2018-10-26 09:50:37 regiond: [info] 192.168.11.39 GET /MAAS/metadata/2012-03-01/user-data HTTP/1.1 --> 200 OK (referrer: -; agent: python-requests/2.9.1)
Oct 26 09:50:37 mas01 sh[29260]: 2018-10-26 09:50:37 regiond: [info] 192.168.11.41 GET /MAAS/metadata/2012-03-01/user-data HTTP/1.1 --> 200 OK (referrer: -; agent: python-requests/2.9.1)
Oct 26 09:50:37 mas01 sh[29378]: 2018-10-26 09:50:37 regiond: [info] 192.168.11.39 POST /MAAS/metadata/status/aa3rkt HTTP/1.1 --> 204 NO_CONTENT (referrer: -; agent: python-requests/2.9.1)
Oct 26 09:50:37 mas01 sh[29267]: 2018-10-26 09:50:37 regiond: [info] 192.168.11.41 POST /MAAS/metadata/status/ebfg8t HTTP/1.1 --> 204 NO_CONTENT (referrer: -; agent: python-requests/2.9.1)
Oct 26 09:50:37 mas01 sh[29378]: 2018-10-26 09:50:37 regiond: [info] 192.168.11.42 POST /MAAS/metadata/status/c8pmqq HTTP/1.1 --> 204 NO_CONTENT (referrer: -; agent: python-requests/2.9.1)
Oct 26 09:50:37 mas01 sh[29378]: 2018-10-26 09:50:37 regiond: [info] 192.168.11.40 GET /MAAS/metadata/2012-03-01/meta-data/vendor-data HTTP/1.1 --> 200 OK (referrer: -; agent: python-requests/2.9.1)
Oct 26 09:50:37 mas01 sh[29267]: 2018-10-26 09:50:37 regiond: [info] 192.168.11.39 POST /MAAS/metadata/status/aa3rkt HTTP/1.1 --> 204 NO_CONTENT (referrer: -; agent: python-requests/2.9.1)
Oct 26 09:50:37 mas01 sh[29260]: 2018-10-26 09:50:37 regiond: [info] 192.168.11.40 POST /MAAS/metadata/status/wf83nb HTTP/1.1 --> 204 NO_CONTENT (referrer: -; agent: python-requests/2.9.1)
Oct 26 09:50:37 mas01 sh[29260]: 2018-10-26 09:50:37 regiond: [info] 192.168.11.39 POST /MAAS/metadata/status/aa3rkt HTTP/1.1 --> 204 NO_CONTENT (referrer: -; agent: python-requests/2.9.1)
Oct 26 09:50:37 mas01 sh[29260]: 2018-10-26 09:50:37 regiond: [info] 192.168.11.41 POST /MAAS/metadata/status/ebfg8t HTTP/1.1 --> 204 NO_CONTENT (referrer: -; agent: python-requests/2.9.1)
Oct 26 09:50:37 mas01 sh[29267]: 2018-10-26 09:50:37 regiond: [info] 192.168.11.41 POST /MAAS/metadata/status/ebfg8t HTTP/1.1 --> 204 NO_CONTENT (referrer: -; agent: python-requests/2.9.1)
Oct 26 09:50:37 mas01 sh[29267]: 2018-10-26 09:50:37 regiond: [info] 192.168.11.39 POST /MAAS/metadata/status/aa3rkt HTTP/1.1 --> 204 NO_CONTENT (referrer: -; agent: python-requests/2.9.1)
Oct 26 09:50:37 mas01 sh[30274]: 2018-10-26 09:50:37 regiond: [info] 192.168.11.41 POST /MAAS/metadata/status/ebfg8t HTTP/1.1 --> 204 NO_CONTENT (referrer: -; agent: python-requests/2.9.1)
Oct 26 09:50:37 mas01 sh[30274]: 2018-10-26 09:50:37 regiond: [info] 192.168.11.39 POST /MAAS/metadata/status/aa3rkt HTTP/1.1 --> 204 NO_CONTENT (referrer: -; agent: python-requests/2.9.1)
Oct 26 09:50:37 mas01 sh[29267]: 2018-10-26 09:50:37 regiond: [info] 192.168.11.39 POST /MAAS/metadata/status/aa3rkt HTTP/1.1 --> 204 NO_CONTENT (referrer: -; agent: python-requests/2.9.1)
Oct 26 09:50:37 mas01 sh[29260]: 2018-10-26 09:50:37 regiond: [info] 192.168.11.41 POST /MAAS/metadata/status/ebfg8t HTTP/1.1 --> 204 NO_CONTENT (referrer: -; agent: python-requests/2.9.1)
Oct 26 09:50:37 mas01 sh[30274]: 2018-10-26 09:50:37 regiond: [info] 192.168.11.41 POST /MAAS/metadata/status/ebfg8t HTTP/1.1 --> 204 NO_CONTENT (referrer: -; agent: python-requests/2.9.1)
Oct 26 09:50:37 mas01 sh[29260]: 2018-10-26 09:50:37 regiond: [info] 192.168.11.39 POST /MAAS/metadata/status/aa3rkt HTTP/1.1 --> 204 NO_CONTENT (referrer: -; agent: python-requests/2.9.1)
Oct 26 09:50:37 mas01 sh[29267]: 2018-10-26 09:50:37 regiond: [info] 192.168.11.41 POST /MAAS/metadata/status/ebfg8t HTTP/1.1 --> 204 NO_CONTENT (referrer: -; agent: python-requests/2.9.1)
Oct 26 09:50:37 mas01 sh[29267]: 2018-10-26 09:50:37 regiond: [info] 192.168.11.40 POST /MAAS/metadata/status/wf83nb HTTP/1.1 --> 204 NO_CONTENT (referrer: -; agent: python-requests/2.9.1)
Oct 26 09:50:37 mas01 sh[29378]: 2018-10-26 09:50:37 regiond: [info] 192.168.11.40 POST /MAAS/metadata/status/wf83nb HTTP/1.1 --> 204 NO_CONTENT (referrer: -; agent: python-requests/2.9.1)
Oct 26 09:50:37 mas01 sh[30274]: 2018-10-26 09:50:37 regiond: [info] 192.168.11.39 POST /MAAS/metadata/status/aa3rkt HTTP/1.1 --> 204 NO_CONTENT (referrer: -; agent: python-requests/2.9.1)
Oct 26 09:50:37 mas01 sh[30274]: 2018-10-26 09:50:37 regiond: [info] 192.168.11.41 POST /MAAS/metadata/status/ebfg8t HTTP/1.1 --> 204 NO_CONTENT (referrer: -; agent: python-requests/2.9.1)
Oct 26 09:50:37 mas01 sh[29267]: 2018-10-26 09:50:37 regiond: [info] 192.168.11.39 POST /MAAS/metadata/status/aa3rkt HTTP/1.1 --> 204 NO_CONTENT (referrer: -; agent: python-requests/2.9.1)
Oct 26 09:50:37 mas01 sh[30274]: 2018-10-26 09:50:37 regiond: [info] 192.168.11.41 POST /MAAS/metadata/status/ebfg8t HTTP/1.1 --> 204 NO_CONTENT (referrer: -; agent: python-requests/2.9.1)
Oct 26 09:50:37 mas01 sh[29378]: 2018-10-26 09:50:37 regiond: [info] 192.168.11.40 POST /MAAS/metadata/status/wf83nb HTTP/1.1 --> 204 NO_CONTENT (referrer: -; agent: python-requests/2.9.1)
Oct 26 09:50:37 mas01 sh[30274]: 2018-10-26 09:50:37 regiond: [info] 192.168.11.40 POST /MAAS/metadata/status/wf83nb HTTP/1.1 --> 204 NO_CONTENT (referrer: -; agent: python-requests/2.9.1)
Oct 26 09:50:37 mas01 sh[29267]: 2018-10-26 09:50:37 regiond: [info] 192.168.11.40 POST /MAAS/metadata/status/wf83nb HTTP/1.1 --> 204 NO_CONTENT (referrer: -; agent: python-requests/2.9.1)
Oct 26 09:50:37 mas01 sh[29378]: 2018-10-26 09:50:37 regiond: [info] 192.168.11.40 POST /MAAS/metadata/status/wf83nb HTTP/1.1 --> 204 NO_CONTENT (referrer: -; agent: python-requests/2.9.1)
Oct 26 09:50:37 mas01 sh[29267]: 2018-10-26 09:50:37 regiond: [info] 192.168.11.40 POST /MAAS/metadata/status/wf83nb HTTP/1.1 --> 204 NO_CONTENT (referrer: -; agent: python-requests/2.9.1)
Oct 26 09:50:37 mas01 sh[29267]: 2018-10-26 09:50:37 regiond: [info] 192.168.11.40 POST /MAAS/metadata/status/wf83nb HTTP/1.1 --> 204 NO_CONTENT (referrer: -; agent: python-requests/2.9.1)
Oct 26 09:50:37 mas01 sh[30274]: 2018-10-26 09:50:37 regiond: [info] 192.168.11.41 POST /MAAS/metadata/status/ebfg8t HTTP/1.1 --> 204 NO_CONTENT (referrer: -; agent: python-requests/2.9.1)
Oct 26 09:50:37 mas01 sh[29378]: 2018-10-26 09:50:37 regiond: [info] 192.168.11.41 POST /MAAS/metadata/status/ebfg8t HTTP/1.1 --> 204 NO_CONTENT (referrer: -; agent: python-requests/2.9.1)
Oct 26 09:50:37 mas01 sh[30274]: 2018-10-26 09:50:37 regiond: [info] 192.168.11.39 POST /MAAS/metadata/status/aa3rkt HTTP/1.1 --> 204 NO_CONTENT (referrer: -; agent: python-requests/2.9.1)
Oct 26 09:50:37 mas01 sh[29260]: 2018-10-26 09:50:37 regiond: [info] 192.168.11.41 POST /MAAS/metadata/status/ebfg8t HTTP/1.1 --> 204 NO_CONTENT (referrer: -; agent: python-requests/2.9.1)
Oct 26 09:50:37 mas01 sh[30274]: 2018-10-26 09:50:37 regiond: [info] 192.168.11.39 POST /MAAS/metadata/status/aa3rkt HTTP/1.1 --> 204 NO_CONTENT (referrer: -; agent: python-requests/2.9.1)
Oct 26 09:50:37 mas01 sh[29267]: 2018-10-26 09:50:37 regiond: [info] 192.168.11.41 POST /MAAS/metadata/status/ebfg8t HTTP/1.1 --> 204 NO_CONTENT (referrer: -; agent: python-requests/2.9.1)
Oct 26 09:50:37 mas01 sh[29267]: 2018-10-26 09:50:37 regiond: [info] 192.168.11.39 POST /MAAS/metadata/status/aa3rkt HTTP/1.1 --> 204 NO_CONTENT (referrer: -; agent: python-requests/2.9.1)
Oct 26 09:50:37 mas01 sh[30274]: 2018-10-26 09:50:37 regiond: [info] 192.168.11.41 POST /MAAS/metadata/status/ebfg8t HTTP/1.1 --> 204 NO_CONTENT (referrer: -; agent: python-requests/2.9.1)
Oct 26 09:50:37 mas01 sh[29267]: 2018-10-26 09:50:37 regiond: [info] 192.168.11.39 POST /MAAS/metadata/status/aa3rkt HTTP/1.1 --> 204 NO_CONTENT (referrer: -; agent: python-requests/2.9.1)
Oct 26 09:50:37 mas01 sh[29378]: 2018-10-26 09:50:37 regiond: [info] 192.168.11.41 POST /MAAS/metadata/status/ebfg8t HTTP/1.1 --> 204 NO_CONTENT (referrer: -; agent: python-requests/2.9.1)
Oct 26 09:50:37 mas01 sh[30274]: 2018-10-26 09:50:37 regiond: [info] 192.168.11.39 POST /MAAS/metadata/status/aa3rkt HTTP/1.1 --> 204 NO_CONTENT (referrer: -; agent: python-requests/2.9.1)
Oct 26 09:50:37 mas01 sh[29267]: 2018-10-26 09:50:37 regiond: [info] 192.168.11.41 POST /MAAS/metadata/status/ebfg8t HTTP/1.1 --> 204 NO_CONTENT (referrer: -; agent: python-requests/2.9.1)
Oct 26 09:50:37 mas01 sh[30274]: 2018-10-26 09:50:37 regiond: [info] 192.168.11.39 POST /MAAS/metadata/status/aa3rkt HTTP/1.1 --> 204 NO_CONTENT (referrer: -; agent: python-requests/2.9.1)
Oct 26 09:50:37 mas01 sh[29378]: 2018-10-26 09:50:37 regiond: [info] 192.168.11.41 POST /MAAS/metadata/status/ebfg8t HTTP/1.1 --> 204 NO_CONTENT (referrer: -; agent: python-requests/2.9.1)
Oct 26 09:50:37 mas01 sh[29267]: 2018-10-26 09:50:37 regiond: [info] 192.168.11.39 POST /MAAS/metadata/status/aa3rkt HTTP/1.1 --> 204 NO_CONTENT (referrer: -; agent: python-requests/2.9.1)
Oct 26 09:50:37 mas01 sh[29378]: 2018-10-26 09:50:37 regiond: [info] 192.168.11.41 POST /MAAS/metadata/status/ebfg8t HTTP/1.1 --> 204 NO_CONTENT (referrer: -; agent: python-requests/2.9.1)
Oct 26 09:50:37 mas01 sh[29378]: 2018-10-26 09:50:37 regiond: [info] 192.168.11.39 POST /MAAS/metadata/status/aa3rkt HTTP/1.1 --> 204 NO_CONTENT (referrer: -; agent: python-requests/2.9.1)
Oct 26 09:50:37 mas01 sh[29378]: 2018-10-26 09:50:37 regiond: [info] 192.168.11.39 POST /MAAS/metadata/status/aa3rkt HTTP/1.1 --> 204 NO_CONTENT (referrer: -; agent: python-requests/2.9.1)
Oct 26 09:50:37 mas01 sh[29260]: 2018-10-26 09:50:37 regiond: [info] 192.168.11.41 POST /MAAS/metadata/status/ebfg8t HTTP/1.1 --> 204 NO_CONTENT (referrer: -; agent: python-requests/2.9.1)
Oct 26 09:50:37 mas01 sh[29267]: 2018-10-26 09:50:37 regiond: [info] 192.168.11.41 POST /MAAS/metadata/status/ebfg8t HTTP/1.1 --> 204 NO_CONTENT (referrer: -; agent: python-requests/2.9.1)
Oct 26 09:50:37 mas01 sh[30274]: 2018-10-26 09:50:37 regiond: [info] 192.168.11.39 POST /MAAS/metadata/status/aa3rkt HTTP/1.1 --> 204 NO_CONTENT (referrer: -; agent: python-requests/2.9.1)
Oct 26 09:50:37 mas01 sh[29378]: 2018-10-26 09:50:37 regiond: [info] 192.168.11.39 POST /MAAS/metadata/status/aa3rkt HTTP/1.1 --> 204 NO_CONTENT (referrer: -; agent: python-requests/2.9.1)
Oct 26 09:50:37 mas01 sh[29267]: 2018-10-26 09:50:37 regiond: [info] 192.168.11.41 POST /MAAS/metadata/status/ebfg8t HTTP/1.1 --> 204 NO_CONTENT (referrer: -; agent: python-requests/2.9.1)
Oct 26 09:50:37 mas01 sh[29267]: 2018-10-26 09:50:37 regiond: [info] 192.168.11.39 POST /MAAS/metadata/status/aa3rkt HTTP/1.1 --> 204 NO_CONTENT (referrer: -; agent: python-requests/2.9.1)
Oct 26 09:50:37 mas01 sh[29260]: 2018-10-26 09:50:37 regiond: [info] 192.168.11.41 POST /MAAS/metadata/status/ebfg8t HTTP/1.1 --> 204 NO_CONTENT (referrer: -; agent: python-requests/2.9.1)
Oct 26 09:50:37 mas01 sh[29378]: 2018-10-26 09:50:37 regiond: [info] 192.168.11.39 POST /MAAS/metadata/status/aa3rkt HTTP/1.1 --> 204 NO_CONTENT (referrer: -; agent: python-requests/2.9.1)
Oct 26 09:50:37 mas01 sh[30274]: 2018-10-26 09:50:37 regiond: [info] 192.168.11.40 POST /MAAS/metadata/status/wf83nb HTTP/1.1 --> 204 NO_CONTENT (referrer: -; agent: python-requests/2.9.1)
Oct 26 09:50:37 mas01 sh[30274]: 2018-10-26 09:50:37 regiond: [info] 192.168.11.41 POST /MAAS/metadata/status/ebfg8t HTTP/1.1 --> 204 NO_CONTENT (referrer: -; agent: python-requests/2.9.1)
Oct 26 09:50:37 mas01 sh[29267]: 2018-10-26 09:50:37 regiond: [info] 192.168.11.39 POST /MAAS/metadata/status/aa3rkt HTTP/1.1 --> 204 NO_CONTENT (referrer: -; agent: python-requests/2.9.1)
Oct 26 09:50:37 mas01 sh[30274]: 2018-10-26 09:50:37 regiond: [info] 192.168.11.41 POST /MAAS/metadata/status/ebfg8t HTTP/1.1 --> 204 NO_CONTENT (referrer: -; agent: python-requests/2.9.1)
Oct 26 09:50:37 mas01 sh[29267]: 2018-10-26 09:50:37 regiond: [info] 192.168.11.40 POST /MAAS/metadata/status/wf83nb HTTP/1.1 --> 204 NO_CONTENT (referrer: -; agent: python-requests/2.9.1)
Oct 26 09:50:37 mas01 sh[29260]: 2018-10-26 09:50:37 regiond: [info] 192.168.11.39 POST /MAAS/metadata/status/aa3rkt HTTP/1.1 --> 204 NO_CONTENT (referrer: -; agent: python-requests/2.9.1)
Oct 26 09:50:37 mas01 sh[29378]: 2018-10-26 09:50:37 regiond: [info] 192.168.11.41 POST /MAAS/metadata/status/ebfg8t HTTP/1.1 --> 204 NO_CONTENT (referrer: -; agent: python-requests/2.9.1)
Oct 26 09:50:37 mas01 sh[29378]: 2018-10-26 09:50:37 regiond: [info] 192.168.11.39 POST /MAAS/metadata/status/aa3rkt HTTP/1.1 --> 204 NO_CONTENT (referrer: -; agent: python-requests/2.9.1)
Oct 26 09:50:37 mas01 sh[29260]: 2018-10-26 09:50:37 regiond: [info] 192.168.11.41 POST /MAAS/metadata/status/ebfg8t HTTP/1.1 --> 204 NO_CONTENT (referrer: -; agent: python-requests/2.9.1)
Oct 26 09:50:37 mas01 sh[29378]: 2018-10-26 09:50:37 regiond: [info] 192.168.11.40 POST /MAAS/metadata/status/wf83nb HTTP/1.1 --> 204 NO_CONTENT (referrer: -; agent: python-requests/2.9.1)
Oct 26 09:50:37 mas01 sh[29260]: 2018-10-26 09:50:37 regiond: [info] 192.168.11.39 POST /MAAS/metadata/status/aa3rkt HTTP/1.1 --> 204 NO_CONTENT (referrer: -; agent: python-requests/2.9.1)
Oct 26 09:50:37 mas01 sh[29267]: 2018-10-26 09:50:37 regiond: [info] 192.168.11.41 POST /MAAS/metadata/status/ebfg8t HTTP/1.1 --> 204 NO_CONTENT (referrer: -; agent: python-requests/2.9.1)
Oct 26 09:50:37 mas01 sh[29260]: 2018-10-26 09:50:37 regiond: [info] 192.168.11.40 POST /MAAS/metadata/status/wf83nb HTTP/1.1 --> 204 NO_CONTENT (referrer: -; agent: python-requests/2.9.1)
Oct 26 09:50:37 mas01 sh[29378]: 2018-10-26 09:50:37 regiond: [info] 192.168.11.39 POST /MAAS/metadata/status/aa3rkt HTTP/1.1 --> 204 NO_CONTENT (referrer: -; agent: python-requests/2.9.1)
Oct 26 09:50:37 mas01 sh[29260]: 2018-10-26 09:50:37 regiond: [info] 192.168.11.40 POST /MAAS/metadata/status/wf83nb HTTP/1.1 --> 204 NO_CONTENT (referrer: -; agent: python-requests/2.9.1)
Oct 26 09:50:37 mas01 sh[30274]: 2018-10-26 09:50:37 regiond: [info] 192.168.11.39 POST /MAAS/metadata/status/aa3rkt HTTP/1.1 --> 204 NO_CONTENT (referrer: -; agent: python-requests/2.9.1)
Oct 26 09:50:37 mas01 sh[30274]: 2018-10-26 09:50:37 regiond: [info] 192.168.11.40 POST /MAAS/metadata/status/wf83nb HTTP/1.1 --> 204 NO_CONTENT (referrer: -; agent: python-requests/2.9.1)
Oct 26 09:50:37 mas01 sh[29267]: 2018-10-26 09:50:37 regiond: [info] 192.168.11.41 POST /MAAS/metadata/status/ebfg8t HTTP/1.1 --> 204 NO_CONTENT (referrer: -; agent: python-requests/2.9.1)
Oct 26 09:50:37 mas01 sh[29267]: 2018-10-26 09:50:37 regiond: [info] 192.168.11.39 POST /MAAS/metadata/status/aa3rkt HTTP/1.1 --> 204 NO_CONTENT (referrer: -; agent: python-requests/2.9.1)
Oct 26 09:50:37 mas01 sh[29378]: 2018-10-26 09:50:37 regiond: [info] 192.168.11.40 POST /MAAS/metadata/status/wf83nb HTTP/1.1 --> 204 NO_CONTENT (referrer: -; agent: python-requests/2.9.1)
Oct 26 09:50:37 mas01 sh[29378]: 2018-10-26 09:50:37 regiond: [info] 192.168.11.39 POST /MAAS/metadata/status/aa3rkt HTTP/1.1 --> 204 NO_CONTENT (referrer: -; agent: python-requests/2.9.1)
Oct 26 09:50:37 mas01 sh[30274]: 2018-10-26 09:50:37 regiond: [info] 192.168.11.40 POST /MAAS/metadata/status/wf83nb HTTP/1.1 --> 204 NO_CONTENT (referrer: -; agent: python-requests/2.9.1)
Oct 26 09:50:37 mas01 sh[29378]: 2018-10-26 09:50:37 regiond: [info] 192.168.11.40 POST /MAAS/metadata/status/wf83nb HTTP/1.1 --> 204 NO_CONTENT (referrer: -; agent: python-requests/2.9.1)
Oct 26 09:50:37 mas01 sh[29267]: 2018-10-26 09:50:37 regiond: [info] 192.168.11.41 POST /MAAS/metadata/status/ebfg8t HTTP/1.1 --> 204 NO_CONTENT (referrer: -; agent: python-requests/2.9.1)
Oct 26 09:50:37 mas01 sh[29267]: 2018-10-26 09:50:37 regiond: [info] 192.168.11.41 POST /MAAS/metadata/status/ebfg8t HTTP/1.1 --> 204 NO_CONTENT (referrer: -; agent: python-requests/2.9.1)
Oct 26 09:50:37 mas01 sh[29267]: 2018-10-26 09:50:37 regiond: [info] 192.168.11.39 POST /MAAS/metadata/status/aa3rkt HTTP/1.1 --> 204 NO_CONTENT (referrer: -; agent: python-requests/2.9.1)
Oct 26 09:50:37 mas01 sh[29260]: 2018-10-26 09:50:37 regiond: [info] 192.168.11.39 POST /MAAS/metadata/status/aa3rkt HTTP/1.1 --> 204 NO_CONTENT (referrer: -; agent: python-requests/2.9.1)
Oct 26 09:50:37 mas01 sh[29260]: 2018-10-26 09:50:37 regiond: [info] 192.168.11.41 POST /MAAS/metadata/status/ebfg8t HTTP/1.1 --> 204 NO_CONTENT (referrer: -; agent: python-requests/2.9.1)
Oct 26 09:50:37 mas01 sh[30274]: 2018-10-26 09:50:37 regiond: [info] 192.168.11.40 POST /MAAS/metadata/status/wf83nb HTTP/1.1 --> 204 NO_CONTENT (referrer: -; agent: python-requests/2.9.1)
Oct 26 09:50:37 mas01 sh[30274]: 2018-10-26 09:50:37 regiond: [info] 192.168.11.39 POST /MAAS/metadata/status/aa3rkt HTTP/1.1 --> 204 NO_CONTENT (referrer: -; agent: python-requests/2.9.1)
Oct 26 09:50:37 mas01 sh[30274]: 2018-10-26 09:50:37 regiond: [info] 192.168.11.39 POST /MAAS/metadata/status/aa3rkt HTTP/1.1 --> 204 NO_CONTENT (referrer: -; agent: python-requests/2.9.1)
Oct 26 09:50:37 mas01 sh[29267]: 2018-10-26 09:50:37 regiond: [info] 192.168.11.41 POST /MAAS/metadata/status/ebfg8t HTTP/1.1 --> 204 NO_CONTENT (referrer: -; agent: python-requests/2.9.1)
Oct 26 09:50:37 mas01 sh[29267]: 2018-10-26 09:50:37 regiond: [info] 192.168.11.41 POST /MAAS/metadata/status/ebfg8t HTTP/1.1 --> 204 NO_CONTENT (referrer: -; agent: python-requests/2.9.1)
Oct 26 09:50:37 mas01 sh[29260]: 2018-10-26 09:50:37 regiond: [info] 192.168.11.40 POST /MAAS/metadata/status/wf83nb HTTP/1.1 --> 204 NO_CONTENT (referrer: -; agent: python-requests/2.9.1)
Oct 26 09:50:37 mas01 sh[29378]: 2018-10-26 09:50:37 regiond: [info] 192.168.11.41 POST /MAAS/metadata/status/ebfg8t HTTP/1.1 --> 204 NO_CONTENT (referrer: -; agent: python-requests/2.9.1)
Oct 26 09:50:37 mas01 sh[29260]: 2018-10-26 09:50:37 regiond: [info] 192.168.11.39 POST /MAAS/metadata/status/aa3rkt HTTP/1.1 --> 204 NO_CONTENT (referrer: -; agent: python-requests/2.9.1)
Oct 26 09:50:37 mas01 sh[29378]: 2018-10-26 09:50:37 regiond: [info] 192.168.11.40 POST /MAAS/metadata/status/wf83nb HTTP/1.1 --> 204 NO_CONTENT (referrer: -; agent: python-requests/2.9.1)
Oct 26 09:50:37 mas01 sh[29378]: 2018-10-26 09:50:37 regiond: [info] 192.168.11.39 POST /MAAS/metadata/status/aa3rkt HTTP/1.1 --> 204 NO_CONTENT (referrer: -; agent: python-requests/2.9.1)
Oct 26 09:50:37 mas01 sh[29378]: 2018-10-26 09:50:37 regiond: [info] 192.168.11.40 POST /MAAS/metadata/status/wf83nb HTTP/1.1 --> 204 NO_CONTENT (referrer: -; agent: python-requests/2.9.1)
Oct 26 09:50:37 mas01 sh[29260]: 2018-10-26 09:50:37 regiond: [info] 192.168.11.41 POST /MAAS/metadata/status/ebfg8t HTTP/1.1 --> 204 NO_CONTENT (referrer: -; agent: python-requests/2.9.1)
Oct 26 09:50:37 mas01 sh[29260]: 2018-10-26 09:50:37 regiond: [info] 192.168.11.40 POST /MAAS/metadata/status/wf83nb HTTP/1.1 --> 204 NO_CONTENT (referrer: -; agent: python-requests/2.9.1)
Oct 26 09:50:37 mas01 sh[30274]: 2018-10-26 09:50:37 regiond: [info] 192.168.11.41 POST /MAAS/metadata/status/ebfg8t HTTP/1.1 --> 204 NO_CONTENT (referrer: -; agent: python-requests/2.9.1)
