Oct 23 10:23:29 mas01 dhcpd[6470]: execute_statement argv[13] = (none)
Oct 23 10:23:29 mas01 dhcpd[6470]: execute_statement argv[14] = --socket
Oct 23 10:23:29 mas01 dhcpd[6470]: execute_statement argv[15] = /var/lib/maas/dhcpd.sock
Oct 23 10:23:29 mas01 sh[1812]: 2018-10-23 10:23:29 maasserver.rpc.leases: [info] Lease update: commit for 192.168.11.48 on 0:25:b5:a0:0:4a at 2018-10-23 10:23:29 (lease time: 30s)
Oct 23 10:23:29 mas01 dhcpd[6470]: DHCPREQUEST for 192.168.11.48 (192.168.11.3) from 00:25:b5:a0:00:4a via ens5
Oct 23 10:23:29 mas01 dhcpd[6470]: DHCPACK on 192.168.11.48 to 00:25:b5:a0:00:4a via ens5
Oct 23 10:23:29 mas01 sh[1336]: 2018-10-23 10:23:29 provisioningserver.rackdservices.tftp: [info] pxelinux.0 requested by 00:25:b5:a0:00:4a
Oct 23 10:23:29 mas01 sh[1336]: 2018-10-23 10:23:29 provisioningserver.rackdservices.tftp: [info] pxelinux.0 requested by 00:25:b5:a0:00:4a
Oct 23 10:23:29 mas01 sh[1336]: 2018-10-23 10:23:29 provisioningserver.rackdservices.tftp: [info] ldlinux.c32 requested by 00:25:b5:a0:00:4a
Oct 23 10:23:29 mas01 sh[1336]: 2018-10-23 10:23:29 provisioningserver.rackdservices.tftp: [info] pxelinux.cfg/f0c9cf06-d8ce-11e4-0000-10000000004f requested by 00:25:b5:a0:00:4a
Oct 23 10:23:29 mas01 sh[1336]: 2018-10-23 10:23:29 provisioningserver.rackdservices.tftp: [info] pxelinux.cfg/01-00-25-b5-a0-00-4a requested by 00:25:b5:a0:00:4a
Oct 23 10:23:29 mas01 sh[1336]: 2018-10-23 10:23:29 provisioningserver.rackdservices.tftp: [info] pxelinux.cfg/01-00-25-b5-a0-00-4a requested by 00:25:b5:a0:00:4a
Oct 23 10:23:29 mas01 sh[1336]: 2018-10-23 10:23:29 provisioningserver.rackdservices.tftp: [info] ubuntu/amd64/hwe-16.04/xenial/daily/boot-kernel requested by 00:25:b5:a0:00:4a
Oct 23 10:23:29 mas01 dhcpd[6470]: DHCPOFFER on 192.168.11.49 to 00:25:b5:a0:00:3a via ens5
Oct 23 10:23:30 mas01 sh[1812]: 2018-10-23 10:23:30 regiond: [info] 127.0.0.1 GET /MAAS/rpc/ HTTP/1.0 --> 200 OK (referrer: -; agent: provisioningserver.rpc.clusterservice.ClusterClientService)
Oct 23 10:23:31 mas01 sh[1336]: 2018-10-23 10:23:31 provisioningserver.rackdservices.tftp: [info] ubuntu/amd64/hwe-16.04/xenial/daily/boot-initrd requested by 00:25:b5:a0:00:4a
Oct 23 10:23:32 mas01 dhcpd[6470]: execute_statement argv[0] = /usr/sbin/maas-dhcp-helper
Oct 23 10:23:32 mas01 dhcpd[6470]: execute_statement argv[1] = notify
Oct 23 10:23:32 mas01 dhcpd[6470]: execute_statement argv[2] = --action
Oct 23 10:23:32 mas01 dhcpd[6470]: execute_statement argv[3] = commit
Oct 23 10:23:32 mas01 dhcpd[6470]: execute_statement argv[4] = --mac
Oct 23 10:23:32 mas01 dhcpd[6470]: execute_statement argv[5] = 0:25:b5:a0:0:3a
Oct 23 10:23:32 mas01 dhcpd[6470]: execute_statement argv[6] = --ip-family
Oct 23 10:23:32 mas01 dhcpd[6470]: execute_statement argv[7] = ipv4
Oct 23 10:23:32 mas01 dhcpd[6470]: execute_statement argv[8] = --ip
Oct 23 10:23:32 mas01 dhcpd[6470]: execute_statement argv[9] = 192.168.11.49
Oct 23 10:23:32 mas01 dhcpd[6470]: execute_statement argv[10] = --lease-time
Oct 23 10:23:32 mas01 dhcpd[6470]: execute_statement argv[11] = 30
Oct 23 10:23:33 mas01 dhcpd[6470]: execute_statement argv[12] = --hostname
Oct 23 10:23:33 mas01 dhcpd[6470]: execute_statement argv[13] = (none)
Oct 23 10:23:33 mas01 dhcpd[6470]: execute_statement argv[14] = --socket
Oct 23 10:23:33 mas01 dhcpd[6470]: execute_statement argv[15] = /var/lib/maas/dhcpd.sock
Oct 23 10:23:33 mas01 dhcpd[6470]: DHCPREQUEST for 192.168.11.49 (192.168.11.3) from 00:25:b5:a0:00:3a via ens5
Oct 23 10:23:33 mas01 dhcpd[6470]: DHCPACK on 192.168.11.49 to 00:25:b5:a0:00:3a via ens5
Oct 23 10:23:33 mas01 sh[1336]: 2018-10-23 10:23:33 provisioningserver.rackdservices.tftp: [info] pxelinux.0 requested by 00:25:b5:a0:00:3a
Oct 23 10:23:33 mas01 sh[1336]: 2018-10-23 10:23:33 provisioningserver.rackdservices.tftp: [info] pxelinux.0 requested by 00:25:b5:a0:00:3a
Oct 23 10:23:33 mas01 sh[1812]: 2018-10-23 10:23:33 maasserver.rpc.leases: [info] Lease update: commit for 192.168.11.49 on 0:25:b5:a0:0:3a at 2018-10-23 10:23:33 (lease time: 30s)
Oct 23 10:23:33 mas01 sh[1336]: 2018-10-23 10:23:33 provisioningserver.rackdservices.tftp: [info] ldlinux.c32 requested by 00:25:b5:a0:00:3a
Oct 23 10:23:33 mas01 sh[1336]: 2018-10-23 10:23:33 provisioningserver.rackdservices.tftp: [info] pxelinux.cfg/f0c9cf06-d8ce-11e4-0000-10000000007f requested by 00:25:b5:a0:00:3a
Oct 23 10:23:33 mas01 sh[1336]: 2018-10-23 10:23:33 provisioningserver.rackdservices.tftp: [info] pxelinux.cfg/01-00-25-b5-a0-00-3a requested by 00:25:b5:a0:00:3a
Oct 23 10:23:33 mas01 sh[1336]: 2018-10-23 10:23:33 provisioningserver.rackdservices.tftp: [info] pxelinux.cfg/01-00-25-b5-a0-00-3a requested by 00:25:b5:a0:00:3a
Oct 23 10:23:33 mas01 sh[1336]: 2018-10-23 10:23:33 provisioningserver.rackdservices.tftp: [info] ubuntu/amd64/hwe-16.04/xenial/daily/boot-kernel requested by 00:25:b5:a0:00:3a
Oct 23 10:23:35 mas01 sh[1336]: 2018-10-23 10:23:35 provisioningserver.rackdservices.tftp: [info] ubuntu/amd64/hwe-16.04/xenial/daily/boot-initrd requested by 00:25:b5:a0:00:3a
Oct 23 10:23:39 mas01 salt-minion[21596]: [INFO    ] User sudo_ubuntu Executing command state.apply with jid 20181023102339620858
Oct 23 10:23:39 mas01 salt-minion[21596]: [INFO    ] Starting a new job with PID 7334
Oct 23 10:23:43 mas01 salt-minion[21596]: [INFO    ] Loading fresh modules for state activity
Oct 23 10:23:43 mas01 salt-minion[21596]: [INFO    ] Running state [maas-region apikey --username opnfv > /var/lib/maas/.maas_credentials] at time 10:23:43.513311
Oct 23 10:23:43 mas01 salt-minion[21596]: [INFO    ] Executing state cmd.run for [maas-region apikey --username opnfv > /var/lib/maas/.maas_credentials]
Oct 23 10:23:43 mas01 salt-minion[21596]: [INFO    ] Executing command 'maas-region apikey --username opnfv > /var/lib/maas/.maas_credentials' in directory '/root'
Oct 23 10:23:44 mas01 salt-minion[21596]: [INFO    ] User sudo_ubuntu Executing command saltutil.find_job with jid 20181023102344663584
Oct 23 10:23:44 mas01 salt-minion[21596]: [INFO    ] Starting a new job with PID 7350
Oct 23 10:23:44 mas01 salt-minion[21596]: [INFO    ] Returning information for job: 20181023102344663584
Oct 23 10:23:44 mas01 salt-minion[21596]: [INFO    ] {'pid': 7341, 'retcode': 0, 'stderr': '', 'stdout': ''}
Oct 23 10:23:44 mas01 salt-minion[21596]: [INFO    ] Completed state [maas-region apikey --username opnfv > /var/lib/maas/.maas_credentials] at time 10:23:44.930303 duration_in_ms=1416.99
Oct 23 10:23:44 mas01 salt-minion[21596]: [INFO    ] Running state [maas.machines_status] at time 10:23:44.933311
Oct 23 10:23:44 mas01 salt-minion[21596]: [INFO    ] Executing state module.run for [maas.machines_status]
Oct 23 10:23:44 mas01 salt-minion[21596]: [WARNING ] The function "module.run" is using its deprecated version and will expire in version "Sodium".
Oct 23 10:23:45 mas01 dhcpd[6470]: DHCPDISCOVER from 00:25:b5:a0:00:6a via ens5
Oct 23 10:23:45 mas01 dhcpd[6470]: DHCPOFFER on 192.168.11.45 to 00:25:b5:a0:00:6a (cmp002) via ens5
Oct 23 10:23:45 mas01 dhcpd[6470]: execute_statement argv[0] = /usr/sbin/maas-dhcp-helper
Oct 23 10:23:45 mas01 dhcpd[6470]: execute_statement argv[1] = notify
Oct 23 10:23:45 mas01 dhcpd[6470]: execute_statement argv[2] = --action
Oct 23 10:23:45 mas01 dhcpd[6470]: execute_statement argv[3] = commit
Oct 23 10:23:45 mas01 dhcpd[6470]: execute_statement argv[4] = --mac
Oct 23 10:23:45 mas01 dhcpd[6470]: execute_statement argv[5] = 0:25:b5:a0:0:6a
Oct 23 10:23:45 mas01 dhcpd[6470]: execute_statement argv[6] = --ip-family
Oct 23 10:23:45 mas01 dhcpd[6470]: execute_statement argv[7] = ipv4
Oct 23 10:23:45 mas01 dhcpd[6470]: execute_statement argv[8] = --ip
Oct 23 10:23:45 mas01 dhcpd[6470]: execute_statement argv[9] = 192.168.11.45
Oct 23 10:23:45 mas01 dhcpd[6470]: execute_statement argv[10] = --lease-time
Oct 23 10:23:45 mas01 dhcpd[6470]: execute_statement argv[11] = 600
Oct 23 10:23:45 mas01 dhcpd[6470]: execute_statement argv[12] = --hostname
Oct 23 10:23:45 mas01 dhcpd[6470]: execute_statement argv[13] = cmp002
Oct 23 10:23:45 mas01 dhcpd[6470]: execute_statement argv[14] = --socket
Oct 23 10:23:45 mas01 dhcpd[6470]: execute_statement argv[15] = /var/lib/maas/dhcpd.sock
Oct 23 10:23:45 mas01 dhcpd[6470]: DHCPREQUEST for 192.168.11.45 (192.168.11.3) from 00:25:b5:a0:00:6a (cmp002) via ens5
Oct 23 10:23:45 mas01 dhcpd[6470]: DHCPACK on 192.168.11.45 to 00:25:b5:a0:00:6a (cmp002) via ens5
Oct 23 10:23:45 mas01 dhcpd[6470]: DHCPDISCOVER from 00:25:b5:a0:00:5a via ens5
Oct 23 10:23:45 mas01 dhcpd[6470]: DHCPOFFER on 192.168.11.46 to 00:25:b5:a0:00:5a (cmp001) via ens5
Oct 23 10:23:45 mas01 dhcpd[6470]: execute_statement argv[0] = /usr/sbin/maas-dhcp-helper
Oct 23 10:23:45 mas01 dhcpd[6470]: execute_statement argv[1] = notify
Oct 23 10:23:45 mas01 dhcpd[6470]: execute_statement argv[2] = --action
Oct 23 10:23:45 mas01 dhcpd[6470]: execute_statement argv[3] = commit
Oct 23 10:23:45 mas01 dhcpd[6470]: execute_statement argv[4] = --mac
Oct 23 10:23:45 mas01 dhcpd[6470]: execute_statement argv[5] = 0:25:b5:a0:0:5a
Oct 23 10:23:45 mas01 dhcpd[6470]: execute_statement argv[6] = --ip-family
Oct 23 10:23:45 mas01 dhcpd[6470]: execute_statement argv[7] = ipv4
Oct 23 10:23:45 mas01 dhcpd[6470]: execute_statement argv[8] = --ip
Oct 23 10:23:45 mas01 dhcpd[6470]: execute_statement argv[9] = 192.168.11.46
Oct 23 10:23:45 mas01 dhcpd[6470]: execute_statement argv[10] = --lease-time
Oct 23 10:23:45 mas01 dhcpd[6470]: execute_statement argv[11] = 600
Oct 23 10:23:45 mas01 dhcpd[6470]: execute_statement argv[12] = --hostname
Oct 23 10:23:45 mas01 dhcpd[6470]: execute_statement argv[13] = cmp001
Oct 23 10:23:45 mas01 dhcpd[6470]: execute_statement argv[14] = --socket
Oct 23 10:23:45 mas01 dhcpd[6470]: execute_statement argv[15] = /var/lib/maas/dhcpd.sock
Oct 23 10:23:45 mas01 sh[1808]: 2018-10-23 10:23:45 maasserver.rpc.leases: [info] Lease update: commit for 192.168.11.45 on 0:25:b5:a0:0:6a at 2018-10-23 10:23:45 (lease time: 600s) (hostname: cmp002)
Oct 23 10:23:45 mas01 dhcpd[6470]: DHCPREQUEST for 192.168.11.46 (192.168.11.3) from 00:25:b5:a0:00:5a (cmp001) via ens5
Oct 23 10:23:45 mas01 dhcpd[6470]: DHCPACK on 192.168.11.46 to 00:25:b5:a0:00:5a (cmp001) via ens5
Oct 23 10:23:45 mas01 sh[1808]: 2018-10-23 10:23:45 maasserver.rpc.leases: [info] Lease update: commit for 192.168.11.46 on 0:25:b5:a0:0:5a at 2018-10-23 10:23:45 (lease time: 600s) (hostname: cmp001)
Oct 23 10:23:45 mas01 salt-minion[21596]: [INFO    ] {'ret': {'machines': [{'status': 'Deploying', 'hostname': u'cmp002', 'system_id': u'wbwdmh'}, {'status': 'Deploying', 'hostname': u'cmp001', 'system_id': u'q66fbg'}, {'status': 'Deploying', 'hostname': u'kvm01', 'system_id': u'6gdrgk'}, {'status': 'Deploying', 'hostname': u'kvm03', 'system_id': u'hcdsn3'}, {'status': 'Deploying', 'hostname': u'kvm02', 'system_id': u'qg3h8p'}], 'summary': Counter({'Deploying': 5})}}
Oct 23 10:23:45 mas01 salt-minion[21596]: [INFO    ] Completed state [maas.machines_status] at time 10:23:45.742215 duration_in_ms=808.905
Oct 23 10:23:45 mas01 sh[2740]: 2018-10-23 10:23:45 regiond: [info] 127.0.0.1 GET /MAAS/api/2.0/machines/ HTTP/1.1 --> 200 OK (referrer: -; agent: Python-urllib/2.7)
Oct 23 10:23:45 mas01 salt-minion[21596]: [INFO    ] Returning information for job: 20181023102339620858
Oct 23 10:23:46 mas01 sh[1336]: 2018-10-23 10:23:46 rackd: [info] 192.168.11.45 GET /images/ubuntu/amd64/hwe-16.04/xenial/daily/squashfs HTTP/1.1 --> 200 OK (referrer: -; agent: Wget)
Oct 23 10:23:46 mas01 sh[1336]: 2018-10-23 10:23:46 rackd: [info] 192.168.11.46 GET /images/ubuntu/amd64/hwe-16.04/xenial/daily/squashfs HTTP/1.1 --> 200 OK (referrer: -; agent: Wget)
Oct 23 10:23:47 mas01 ntpd[2842]: Soliciting pool server 91.189.89.199
Oct 23 10:23:48 mas01 sh[1816]: 2018-10-23 10:23:48 regiond: [info] 192.168.11.45 GET /MAAS/metadata/latest/by-id/wbwdmh/?op=get_preseed HTTP/1.1 --> 200 OK (referrer: -; agent: Cloud-Init/18.3-9-g2e62cb8a-0ubuntu1~16.04.2)
Oct 23 10:23:48 mas01 sh[1812]: 2018-10-23 10:23:48 regiond: [info] 192.168.11.45 POST /MAAS/metadata/status/wbwdmh HTTP/1.1 --> 204 NO_CONTENT (referrer: -; agent: python-requests/2.9.1)
Oct 23 10:23:48 mas01 sh[2740]: 2018-10-23 10:23:48 regiond: [info] 192.168.11.45 POST /MAAS/metadata/status/wbwdmh HTTP/1.1 --> 204 NO_CONTENT (referrer: -; agent: python-requests/2.9.1)
Oct 23 10:23:48 mas01 sh[1808]: 2018-10-23 10:23:48 regiond: [info] 192.168.11.46 POST /MAAS/metadata/status/q66fbg HTTP/1.1 --> 204 NO_CONTENT (referrer: -; agent: python-requests/2.9.1)
Oct 23 10:23:48 mas01 sh[1808]: 2018-10-23 10:23:48 regiond: [info] 192.168.11.46 POST /MAAS/metadata/status/q66fbg HTTP/1.1 --> 204 NO_CONTENT (referrer: -; agent: python-requests/2.9.1)
Oct 23 10:23:48 mas01 sh[1816]: 2018-10-23 10:23:48 regiond: [info] 192.168.11.45 POST /MAAS/metadata/status/wbwdmh HTTP/1.1 --> 204 NO_CONTENT (referrer: -; agent: python-requests/2.9.1)
Oct 23 10:23:49 mas01 sh[1808]: 2018-10-23 10:23:49 regiond: [info] 192.168.11.46 POST /MAAS/metadata/status/q66fbg HTTP/1.1 --> 204 NO_CONTENT (referrer: -; agent: python-requests/2.9.1)
Oct 23 10:23:49 mas01 sh[2740]: 2018-10-23 10:23:49 regiond: [info] 192.168.11.46 GET /MAAS/metadata/latest/by-id/q66fbg/?op=get_preseed HTTP/1.1 --> 200 OK (referrer: -; agent: Cloud-Init/18.3-9-g2e62cb8a-0ubuntu1~16.04.2)
Oct 23 10:23:49 mas01 sh[2740]: 2018-10-23 10:23:49 regiond: [info] 192.168.11.45 POST /MAAS/metadata/status/wbwdmh HTTP/1.1 --> 204 NO_CONTENT (referrer: -; agent: python-requests/2.9.1)
Oct 23 10:23:49 mas01 sh[1816]: 2018-10-23 10:23:49 regiond: [info] 192.168.11.45 POST /MAAS/metadata/status/wbwdmh HTTP/1.1 --> 204 NO_CONTENT (referrer: -; agent: python-requests/2.9.1)
Oct 23 10:23:49 mas01 sh[2740]: 2018-10-23 10:23:49 regiond: [info] 192.168.11.45 POST /MAAS/metadata/status/wbwdmh HTTP/1.1 --> 204 NO_CONTENT (referrer: -; agent: python-requests/2.9.1)
Oct 23 10:23:49 mas01 sh[1808]: 2018-10-23 10:23:49 regiond: [info] 192.168.11.46 POST /MAAS/metadata/status/q66fbg HTTP/1.1 --> 204 NO_CONTENT (referrer: -; agent: python-requests/2.9.1)
Oct 23 10:23:49 mas01 sh[2740]: 2018-10-23 10:23:49 regiond: [info] 192.168.11.46 POST /MAAS/metadata/status/q66fbg HTTP/1.1 --> 204 NO_CONTENT (referrer: -; agent: python-requests/2.9.1)
Oct 23 10:23:49 mas01 sh[1816]: 2018-10-23 10:23:49 regiond: [info] 192.168.11.45 GET /MAAS/metadata/curtin/2012-03-01/meta-data/instance-id HTTP/1.1 --> 200 OK (referrer: -; agent: Cloud-Init/18.3-9-g2e62cb8a-0ubuntu1~16.04.2)
Oct 23 10:23:49 mas01 sh[1816]: 2018-10-23 10:23:49 regiond: [info] 192.168.11.46 POST /MAAS/metadata/status/q66fbg HTTP/1.1 --> 204 NO_CONTENT (referrer: -; agent: python-requests/2.9.1)
Oct 23 10:23:49 mas01 sh[1816]: 2018-10-23 10:23:49 regiond: [info] 192.168.11.46 GET /MAAS/metadata/curtin/2012-03-01/meta-data/instance-id HTTP/1.1 --> 200 OK (referrer: -; agent: Cloud-Init/18.3-9-g2e62cb8a-0ubuntu1~16.04.2)
Oct 23 10:23:49 mas01 sh[1808]: 2018-10-23 10:23:49 regiond: [info] 192.168.11.45 GET /MAAS/metadata/curtin/2012-03-01/meta-data/instance-id HTTP/1.1 --> 200 OK (referrer: -; agent: python-requests/2.9.1)
Oct 23 10:23:49 mas01 sh[1808]: 2018-10-23 10:23:49 regiond: [info] 192.168.11.46 GET /MAAS/metadata/curtin/2012-03-01/meta-data/instance-id HTTP/1.1 --> 200 OK (referrer: -; agent: python-requests/2.9.1)
Oct 23 10:23:49 mas01 sh[1808]: 2018-10-23 10:23:49 regiond: [info] 192.168.11.45 GET /MAAS/metadata/curtin/2012-03-01/meta-data/local-hostname HTTP/1.1 --> 200 OK (referrer: -; agent: python-requests/2.9.1)
Oct 23 10:23:49 mas01 sh[1812]: 2018-10-23 10:23:49 regiond: [info] 192.168.11.46 GET /MAAS/metadata/curtin/2012-03-01/meta-data/local-hostname HTTP/1.1 --> 200 OK (referrer: -; agent: python-requests/2.9.1)
Oct 23 10:23:49 mas01 sh[1808]: 2018-10-23 10:23:49 regiond: [info] 192.168.11.45 GET /MAAS/metadata/curtin/2012-03-01/meta-data/public-keys HTTP/1.1 --> 200 OK (referrer: -; agent: python-requests/2.9.1)
Oct 23 10:23:49 mas01 sh[1816]: 2018-10-23 10:23:49 regiond: [info] 192.168.11.46 GET /MAAS/metadata/curtin/2012-03-01/meta-data/public-keys HTTP/1.1 --> 200 OK (referrer: -; agent: python-requests/2.9.1)
Oct 23 10:23:49 mas01 sh[2740]: 2018-10-23 10:23:49 regiond: [info] 192.168.11.45 GET /MAAS/metadata/curtin/2012-03-01/meta-data/vendor-data HTTP/1.1 --> 200 OK (referrer: -; agent: python-requests/2.9.1)
Oct 23 10:23:49 mas01 sh[1816]: 2018-10-23 10:23:49 regiond: [info] 192.168.11.46 GET /MAAS/metadata/curtin/2012-03-01/meta-data/vendor-data HTTP/1.1 --> 200 OK (referrer: -; agent: python-requests/2.9.1)
Oct 23 10:23:50 mas01 sh[2740]: 2018-10-23 10:23:50 maasserver.preseed: [warn] WARNING: '/etc/maas/preseeds/curtin_userdata_amd64_generic_xenial' contains deprecated preseed variables. Please remove: main_archive_directory, ports_archive_directory, http_proxy
Oct 23 10:23:50 mas01 sh[2740]: 2018-10-23 10:23:50 maasserver.preseed: [warn] WARNING: '/etc/maas/preseeds/curtin_userdata_amd64_generic_xenial' contains deprecated preseed variables. Please remove: main_archive_directory, ports_archive_directory, http_proxy
Oct 23 10:23:50 mas01 sh[2740]: 2018-10-23 10:23:50 regiond: [info] 192.168.11.45 GET /MAAS/metadata/curtin/2012-03-01/user-data HTTP/1.1 --> 200 OK (referrer: -; agent: python-requests/2.9.1)
Oct 23 10:23:50 mas01 sh[2740]: 2018-10-23 10:23:50 regiond: [info] 192.168.11.46 GET /MAAS/metadata/curtin/2012-03-01/user-data HTTP/1.1 --> 200 OK (referrer: -; agent: python-requests/2.9.1)
Oct 23 10:23:50 mas01 sh[1812]: 2018-10-23 10:23:50 regiond: [info] 192.168.11.45 POST /MAAS/metadata/status/wbwdmh HTTP/1.1 --> 204 NO_CONTENT (referrer: -; agent: python-requests/2.9.1)
Oct 23 10:23:50 mas01 sh[2740]: 2018-10-23 10:23:50 regiond: [info] 192.168.11.46 POST /MAAS/metadata/status/q66fbg HTTP/1.1 --> 204 NO_CONTENT (referrer: -; agent: python-requests/2.9.1)
Oct 23 10:23:50 mas01 sh[2740]: 2018-10-23 10:23:50 regiond: [info] 192.168.11.45 POST /MAAS/metadata/status/wbwdmh HTTP/1.1 --> 204 NO_CONTENT (referrer: -; agent: python-requests/2.9.1)
Oct 23 10:23:50 mas01 sh[1812]: 2018-10-23 10:23:50 regiond: [info] 192.168.11.46 POST /MAAS/metadata/status/q66fbg HTTP/1.1 --> 204 NO_CONTENT (referrer: -; agent: python-requests/2.9.1)
Oct 23 10:23:50 mas01 sh[2740]: 2018-10-23 10:23:50 regiond: [info] 192.168.11.45 POST /MAAS/metadata/status/wbwdmh HTTP/1.1 --> 204 NO_CONTENT (referrer: -; agent: python-requests/2.9.1)
Oct 23 10:23:50 mas01 sh[1812]: 2018-10-23 10:23:50 regiond: [info] 192.168.11.46 POST /MAAS/metadata/status/q66fbg HTTP/1.1 --> 204 NO_CONTENT (referrer: -; agent: python-requests/2.9.1)
Oct 23 10:23:50 mas01 sh[2740]: 2018-10-23 10:23:50 regiond: [info] 192.168.11.45 POST /MAAS/metadata/status/wbwdmh HTTP/1.1 --> 204 NO_CONTENT (referrer: -; agent: python-requests/2.9.1)
Oct 23 10:23:50 mas01 sh[1816]: 2018-10-23 10:23:50 regiond: [info] 192.168.11.46 POST /MAAS/metadata/status/q66fbg HTTP/1.1 --> 204 NO_CONTENT (referrer: -; agent: python-requests/2.9.1)
Oct 23 10:23:50 mas01 sh[1816]: 2018-10-23 10:23:50 regiond: [info] 192.168.11.45 POST /MAAS/metadata/status/wbwdmh HTTP/1.1 --> 204 NO_CONTENT (referrer: -; agent: python-requests/2.9.1)
Oct 23 10:23:50 mas01 sh[1808]: 2018-10-23 10:23:50 regiond: [info] 192.168.11.46 POST /MAAS/metadata/status/q66fbg HTTP/1.1 --> 204 NO_CONTENT (referrer: -; agent: python-requests/2.9.1)
Oct 23 10:23:50 mas01 sh[1808]: 2018-10-23 10:23:50 regiond: [info] 192.168.11.45 POST /MAAS/metadata/status/wbwdmh HTTP/1.1 --> 204 NO_CONTENT (referrer: -; agent: python-requests/2.9.1)
Oct 23 10:23:50 mas01 sh[1816]: 2018-10-23 10:23:50 regiond: [info] 192.168.11.46 POST /MAAS/metadata/status/q66fbg HTTP/1.1 --> 204 NO_CONTENT (referrer: -; agent: python-requests/2.9.1)
Oct 23 10:23:50 mas01 sh[2740]: 2018-10-23 10:23:50 regiond: [info] 192.168.11.45 POST /MAAS/metadata/status/wbwdmh HTTP/1.1 --> 204 NO_CONTENT (referrer: -; agent: python-requests/2.9.1)
Oct 23 10:23:50 mas01 sh[1816]: 2018-10-23 10:23:50 regiond: [info] 192.168.11.46 POST /MAAS/metadata/status/q66fbg HTTP/1.1 --> 204 NO_CONTENT (referrer: -; agent: python-requests/2.9.1)
Oct 23 10:23:50 mas01 sh[1812]: 2018-10-23 10:23:50 regiond: [info] 192.168.11.45 POST /MAAS/metadata/status/wbwdmh HTTP/1.1 --> 204 NO_CONTENT (referrer: -; agent: python-requests/2.9.1)
Oct 23 10:23:50 mas01 sh[1808]: 2018-10-23 10:23:50 regiond: [info] 192.168.11.46 POST /MAAS/metadata/status/q66fbg HTTP/1.1 --> 204 NO_CONTENT (referrer: -; agent: python-requests/2.9.1)
Oct 23 10:23:50 mas01 sh[2740]: 2018-10-23 10:23:50 regiond: [info] 192.168.11.45 POST /MAAS/metadata/status/wbwdmh HTTP/1.1 --> 204 NO_CONTENT (referrer: -; agent: python-requests/2.9.1)
Oct 23 10:23:50 mas01 sh[1816]: 2018-10-23 10:23:50 regiond: [info] 192.168.11.46 POST /MAAS/metadata/status/q66fbg HTTP/1.1 --> 204 NO_CONTENT (referrer: -; agent: python-requests/2.9.1)
Oct 23 10:23:51 mas01 sh[1808]: 2018-10-23 10:23:51 regiond: [info] 192.168.11.45 POST /MAAS/metadata/status/wbwdmh HTTP/1.1 --> 204 NO_CONTENT (referrer: -; agent: python-requests/2.9.1)
Oct 23 10:23:51 mas01 sh[1816]: 2018-10-23 10:23:51 regiond: [info] 192.168.11.46 POST /MAAS/metadata/status/q66fbg HTTP/1.1 --> 204 NO_CONTENT (referrer: -; agent: python-requests/2.9.1)
Oct 23 10:23:51 mas01 sh[1812]: 2018-10-23 10:23:51 regiond: [info] 192.168.11.46 POST /MAAS/metadata/status/q66fbg HTTP/1.1 --> 204 NO_CONTENT (referrer: -; agent: python-requests/2.9.1)
Oct 23 10:23:51 mas01 sh[1812]: 2018-10-23 10:23:51 regiond: [info] 192.168.11.45 POST /MAAS/metadata/status/wbwdmh HTTP/1.1 --> 204 NO_CONTENT (referrer: -; agent: python-requests/2.9.1)
Oct 23 10:23:51 mas01 sh[2740]: 2018-10-23 10:23:51 regiond: [info] 192.168.11.46 POST /MAAS/metadata/status/q66fbg HTTP/1.1 --> 204 NO_CONTENT (referrer: -; agent: python-requests/2.9.1)
Oct 23 10:23:51 mas01 sh[1816]: 2018-10-23 10:23:51 regiond: [info] 192.168.11.45 POST /MAAS/metadata/status/wbwdmh HTTP/1.1 --> 204 NO_CONTENT (referrer: -; agent: python-requests/2.9.1)
Oct 23 10:23:51 mas01 sh[1816]: 2018-10-23 10:23:51 regiond: [info] 192.168.11.46 POST /MAAS/metadata/status/q66fbg HTTP/1.1 --> 204 NO_CONTENT (referrer: -; agent: python-requests/2.9.1)
Oct 23 10:23:51 mas01 sh[1812]: 2018-10-23 10:23:51 regiond: [info] 192.168.11.45 POST /MAAS/metadata/status/wbwdmh HTTP/1.1 --> 204 NO_CONTENT (referrer: -; agent: python-requests/2.9.1)
Oct 23 10:23:51 mas01 sh[1816]: 2018-10-23 10:23:51 regiond: [info] 192.168.11.46 POST /MAAS/metadata/status/q66fbg HTTP/1.1 --> 204 NO_CONTENT (referrer: -; agent: python-requests/2.9.1)
Oct 23 10:23:51 mas01 sh[1816]: 2018-10-23 10:23:51 regiond: [info] 192.168.11.45 POST /MAAS/metadata/status/wbwdmh HTTP/1.1 --> 204 NO_CONTENT (referrer: -; agent: python-requests/2.9.1)
Oct 23 10:23:51 mas01 sh[1812]: 2018-10-23 10:23:51 regiond: [info] 192.168.11.46 POST /MAAS/metadata/status/q66fbg HTTP/1.1 --> 204 NO_CONTENT (referrer: -; agent: python-requests/2.9.1)
Oct 23 10:23:51 mas01 sh[2740]: 2018-10-23 10:23:51 regiond: [info] 192.168.11.45 POST /MAAS/metadata/status/wbwdmh HTTP/1.1 --> 204 NO_CONTENT (referrer: -; agent: python-requests/2.9.1)
Oct 23 10:23:51 mas01 sh[1808]: 2018-10-23 10:23:51 regiond: [info] 192.168.11.46 POST /MAAS/metadata/status/q66fbg HTTP/1.1 --> 204 NO_CONTENT (referrer: -; agent: python-requests/2.9.1)
Oct 23 10:23:51 mas01 sh[1808]: 2018-10-23 10:23:51 regiond: [info] 192.168.11.45 POST /MAAS/metadata/status/wbwdmh HTTP/1.1 --> 204 NO_CONTENT (referrer: -; agent: python-requests/2.9.1)
Oct 23 10:23:51 mas01 sh[1812]: 2018-10-23 10:23:51 regiond: [info] 192.168.11.46 POST /MAAS/metadata/status/q66fbg HTTP/1.1 --> 204 NO_CONTENT (referrer: -; agent: python-requests/2.9.1)
Oct 23 10:23:51 mas01 sh[2740]: 2018-10-23 10:23:51 regiond: [info] 192.168.11.45 POST /MAAS/metadata/status/wbwdmh HTTP/1.1 --> 204 NO_CONTENT (referrer: -; agent: python-requests/2.9.1)
Oct 23 10:23:51 mas01 sh[1816]: 2018-10-23 10:23:51 regiond: [info] 192.168.11.46 POST /MAAS/metadata/status/q66fbg HTTP/1.1 --> 204 NO_CONTENT (referrer: -; agent: python-requests/2.9.1)
Oct 23 10:23:51 mas01 sh[1808]: 2018-10-23 10:23:51 regiond: [info] 192.168.11.45 POST /MAAS/metadata/status/wbwdmh HTTP/1.1 --> 204 NO_CONTENT (referrer: -; agent: python-requests/2.9.1)
Oct 23 10:23:51 mas01 sh[1816]: 2018-10-23 10:23:51 regiond: [info] 192.168.11.46 POST /MAAS/metadata/status/q66fbg HTTP/1.1 --> 204 NO_CONTENT (referrer: -; agent: python-requests/2.9.1)
Oct 23 10:23:51 mas01 sh[1816]: 2018-10-23 10:23:51 regiond: [info] 192.168.11.45 POST /MAAS/metadata/status/wbwdmh HTTP/1.1 --> 204 NO_CONTENT (referrer: -; agent: python-requests/2.9.1)
Oct 23 10:23:51 mas01 sh[2740]: 2018-10-23 10:23:51 regiond: [info] 192.168.11.45 POST /MAAS/metadata/status/wbwdmh HTTP/1.1 --> 204 NO_CONTENT (referrer: -; agent: python-requests/2.9.1)
Oct 23 10:23:51 mas01 sh[1816]: 2018-10-23 10:23:51 regiond: [info] 192.168.11.46 POST /MAAS/metadata/status/q66fbg HTTP/1.1 --> 204 NO_CONTENT (referrer: -; agent: python-requests/2.9.1)
Oct 23 10:23:51 mas01 sh[1808]: 2018-10-23 10:23:51 regiond: [info] 192.168.11.45 POST /MAAS/metadata/status/wbwdmh HTTP/1.1 --> 204 NO_CONTENT (referrer: -; agent: python-requests/2.9.1)
Oct 23 10:23:51 mas01 sh[1808]: 2018-10-23 10:23:51 regiond: [info] 192.168.11.46 POST /MAAS/metadata/status/q66fbg HTTP/1.1 --> 204 NO_CONTENT (referrer: -; agent: python-requests/2.9.1)
Oct 23 10:23:51 mas01 sh[1808]: 2018-10-23 10:23:51 regiond: [info] 192.168.11.45 POST /MAAS/metadata/status/wbwdmh HTTP/1.1 --> 204 NO_CONTENT (referrer: -; agent: python-requests/2.9.1)
Oct 23 10:23:51 mas01 sh[1816]: 2018-10-23 10:23:51 regiond: [info] 192.168.11.46 POST /MAAS/metadata/status/q66fbg HTTP/1.1 --> 204 NO_CONTENT (referrer: -; agent: python-requests/2.9.1)
Oct 23 10:23:51 mas01 sh[1808]: 2018-10-23 10:23:51 regiond: [info] 192.168.11.45 POST /MAAS/metadata/status/wbwdmh HTTP/1.1 --> 204 NO_CONTENT (referrer: -; agent: python-requests/2.9.1)
Oct 23 10:23:51 mas01 sh[2740]: 2018-10-23 10:23:51 regiond: [info] 192.168.11.46 POST /MAAS/metadata/status/q66fbg HTTP/1.1 --> 204 NO_CONTENT (referrer: -; agent: python-requests/2.9.1)
Oct 23 10:23:51 mas01 sh[1812]: 2018-10-23 10:23:51 regiond: [info] 192.168.11.45 POST /MAAS/metadata/status/wbwdmh HTTP/1.1 --> 204 NO_CONTENT (referrer: -; agent: python-requests/2.9.1)
Oct 23 10:23:51 mas01 sh[1812]: 2018-10-23 10:23:51 regiond: [info] 192.168.11.46 POST /MAAS/metadata/status/q66fbg HTTP/1.1 --> 204 NO_CONTENT (referrer: -; agent: python-requests/2.9.1)
Oct 23 10:23:51 mas01 sh[1816]: 2018-10-23 10:23:51 regiond: [info] 192.168.11.45 POST /MAAS/metadata/status/wbwdmh HTTP/1.1 --> 204 NO_CONTENT (referrer: -; agent: python-requests/2.9.1)
Oct 23 10:23:51 mas01 sh[1808]: 2018-10-23 10:23:51 regiond: [info] 192.168.11.46 POST /MAAS/metadata/status/q66fbg HTTP/1.1 --> 204 NO_CONTENT (referrer: -; agent: python-requests/2.9.1)
Oct 23 10:23:51 mas01 sh[1808]: 2018-10-23 10:23:51 regiond: [info] 192.168.11.45 POST /MAAS/metadata/status/wbwdmh HTTP/1.1 --> 204 NO_CONTENT (referrer: -; agent: python-requests/2.9.1)
Oct 23 10:23:51 mas01 sh[2740]: 2018-10-23 10:23:51 regiond: [info] 192.168.11.46 POST /MAAS/metadata/status/q66fbg HTTP/1.1 --> 204 NO_CONTENT (referrer: -; agent: python-requests/2.9.1)
Oct 23 10:23:51 mas01 sh[1812]: 2018-10-23 10:23:51 regiond: [info] 192.168.11.45 POST /MAAS/metadata/status/wbwdmh HTTP/1.1 --> 204 NO_CONTENT (referrer: -; agent: python-requests/2.9.1)
Oct 23 10:23:51 mas01 sh[2740]: 2018-10-23 10:23:51 regiond: [info] 192.168.11.46 POST /MAAS/metadata/status/q66fbg HTTP/1.1 --> 204 NO_CONTENT (referrer: -; agent: python-requests/2.9.1)
Oct 23 10:23:51 mas01 sh[1812]: 2018-10-23 10:23:51 regiond: [info] 192.168.11.45 POST /MAAS/metadata/status/wbwdmh HTTP/1.1 --> 204 NO_CONTENT (referrer: -; agent: python-requests/2.9.1)
Oct 23 10:23:51 mas01 sh[1808]: 2018-10-23 10:23:51 regiond: [info] 192.168.11.46 POST /MAAS/metadata/status/q66fbg HTTP/1.1 --> 204 NO_CONTENT (referrer: -; agent: python-requests/2.9.1)
Oct 23 10:23:51 mas01 sh[1808]: 2018-10-23 10:23:51 regiond: [info] 192.168.11.45 POST /MAAS/metadata/status/wbwdmh HTTP/1.1 --> 204 NO_CONTENT (referrer: -; agent: python-requests/2.9.1)
Oct 23 10:23:51 mas01 sh[2740]: 2018-10-23 10:23:51 regiond: [info] 192.168.11.46 POST /MAAS/metadata/status/q66fbg HTTP/1.1 --> 204 NO_CONTENT (referrer: -; agent: python-requests/2.9.1)
Oct 23 10:23:51 mas01 sh[1808]: 2018-10-23 10:23:51 regiond: [info] 192.168.11.45 POST /MAAS/metadata/status/wbwdmh HTTP/1.1 --> 204 NO_CONTENT (referrer: -; agent: python-requests/2.9.1)
Oct 23 10:23:51 mas01 sh[1816]: 2018-10-23 10:23:51 regiond: [info] 192.168.11.46 POST /MAAS/metadata/status/q66fbg HTTP/1.1 --> 204 NO_CONTENT (referrer: -; agent: python-requests/2.9.1)
Oct 23 10:23:51 mas01 sh[1812]: 2018-10-23 10:23:51 regiond: [info] 192.168.11.45 POST /MAAS/metadata/status/wbwdmh HTTP/1.1 --> 204 NO_CONTENT (referrer: -; agent: python-requests/2.9.1)
Oct 23 10:23:51 mas01 sh[1808]: 2018-10-23 10:23:51 regiond: [info] 192.168.11.45 POST /MAAS/metadata/status/wbwdmh HTTP/1.1 --> 204 NO_CONTENT (referrer: -; agent: python-requests/2.9.1)
Oct 23 10:23:51 mas01 sh[1808]: 2018-10-23 10:23:51 regiond: [info] 192.168.11.46 POST /MAAS/metadata/status/q66fbg HTTP/1.1 --> 204 NO_CONTENT (referrer: -; agent: python-requests/2.9.1)
Oct 23 10:23:51 mas01 sh[1816]: 2018-10-23 10:23:51 regiond: [info] 192.168.11.45 POST /MAAS/metadata/status/wbwdmh HTTP/1.1 --> 204 NO_CONTENT (referrer: -; agent: python-requests/2.9.1)
Oct 23 10:23:51 mas01 sh[2740]: 2018-10-23 10:23:51 regiond: [info] 192.168.11.46 POST /MAAS/metadata/status/q66fbg HTTP/1.1 --> 204 NO_CONTENT (referrer: -; agent: python-requests/2.9.1)
Oct 23 10:23:51 mas01 sh[2740]: 2018-10-23 10:23:51 regiond: [info] 192.168.11.45 POST /MAAS/metadata/status/wbwdmh HTTP/1.1 --> 204 NO_CONTENT (referrer: -; agent: python-requests/2.9.1)
Oct 23 10:23:51 mas01 sh[1816]: 2018-10-23 10:23:51 regiond: [info] 192.168.11.46 POST /MAAS/metadata/status/q66fbg HTTP/1.1 --> 204 NO_CONTENT (referrer: -; agent: python-requests/2.9.1)
Oct 23 10:23:51 mas01 sh[2740]: 2018-10-23 10:23:51 regiond: [info] 192.168.11.46 POST /MAAS/metadata/status/q66fbg HTTP/1.1 --> 204 NO_CONTENT (referrer: -; agent: python-requests/2.9.1)
Oct 23 10:23:51 mas01 sh[2740]: 2018-10-23 10:23:51 regiond: [info] 192.168.11.45 POST /MAAS/metadata/status/wbwdmh HTTP/1.1 --> 204 NO_CONTENT (referrer: -; agent: python-requests/2.9.1)
Oct 23 10:23:51 mas01 sh[1816]: 2018-10-23 10:23:51 regiond: [info] 192.168.11.45 POST /MAAS/metadata/status/wbwdmh HTTP/1.1 --> 204 NO_CONTENT (referrer: -; agent: python-requests/2.9.1)
Oct 23 10:23:51 mas01 sh[1808]: 2018-10-23 10:23:51 regiond: [info] 192.168.11.46 POST /MAAS/metadata/status/q66fbg HTTP/1.1 --> 204 NO_CONTENT (referrer: -; agent: python-requests/2.9.1)
Oct 23 10:23:51 mas01 sh[1812]: 2018-10-23 10:23:51 regiond: [info] 192.168.11.46 POST /MAAS/metadata/status/q66fbg HTTP/1.1 --> 204 NO_CONTENT (referrer: -; agent: python-requests/2.9.1)
Oct 23 10:23:51 mas01 sh[1816]: 2018-10-23 10:23:51 regiond: [info] 192.168.11.45 POST /MAAS/metadata/status/wbwdmh HTTP/1.1 --> 204 NO_CONTENT (referrer: -; agent: python-requests/2.9.1)
Oct 23 10:23:51 mas01 sh[1812]: 2018-10-23 10:23:51 regiond: [info] 192.168.11.45 POST /MAAS/metadata/status/wbwdmh HTTP/1.1 --> 204 NO_CONTENT (referrer: -; agent: python-requests/2.9.1)
Oct 23 10:23:51 mas01 sh[1808]: 2018-10-23 10:23:51 regiond: [info] 192.168.11.46 POST /MAAS/metadata/status/q66fbg HTTP/1.1 --> 204 NO_CONTENT (referrer: -; agent: python-requests/2.9.1)
Oct 23 10:23:51 mas01 sh[1808]: 2018-10-23 10:23:51 regiond: [info] 192.168.11.46 POST /MAAS/metadata/status/q66fbg HTTP/1.1 --> 204 NO_CONTENT (referrer: -; agent: python-requests/2.9.1)
Oct 23 10:23:51 mas01 sh[1808]: 2018-10-23 10:23:51 regiond: [info] 192.168.11.45 POST /MAAS/metadata/status/wbwdmh HTTP/1.1 --> 204 NO_CONTENT (referrer: -; agent: python-requests/2.9.1)
Oct 23 10:23:51 mas01 sh[1816]: 2018-10-23 10:23:51 regiond: [info] 192.168.11.45 POST /MAAS/metadata/status/wbwdmh HTTP/1.1 --> 204 NO_CONTENT (referrer: -; agent: python-requests/2.9.1)
Oct 23 10:23:51 mas01 sh[1816]: 2018-10-23 10:23:51 regiond: [info] 192.168.11.46 POST /MAAS/metadata/status/q66fbg HTTP/1.1 --> 204 NO_CONTENT (referrer: -; agent: python-requests/2.9.1)
Oct 23 10:23:51 mas01 sh[1812]: 2018-10-23 10:23:51 regiond: [info] 192.168.11.46 POST /MAAS/metadata/status/q66fbg HTTP/1.1 --> 204 NO_CONTENT (referrer: -; agent: python-requests/2.9.1)
Oct 23 10:23:55 mas01 sh[1816]: 2018-10-23 10:23:55 regiond: [info] 192.168.11.45 POST /MAAS/metadata/status/wbwdmh HTTP/1.1 --> 204 NO_CONTENT (referrer: -; agent: python-requests/2.9.1)
Oct 23 10:23:55 mas01 sh[1816]: 2018-10-23 10:23:55 regiond: [info] 192.168.11.45 POST /MAAS/metadata/status/wbwdmh HTTP/1.1 --> 204 NO_CONTENT (referrer: -; agent: python-requests/2.9.1)
Oct 23 10:23:55 mas01 sh[2740]: 2018-10-23 10:23:55 regiond: [info] 192.168.11.45 POST /MAAS/metadata/status/wbwdmh HTTP/1.1 --> 204 NO_CONTENT (referrer: -; agent: python-requests/2.9.1)
Oct 23 10:23:55 mas01 sh[2740]: 2018-10-23 10:23:55 regiond: [info] 192.168.11.45 POST /MAAS/metadata/status/wbwdmh HTTP/1.1 --> 204 NO_CONTENT (referrer: -; agent: python-requests/2.9.1)
Oct 23 10:23:55 mas01 sh[1808]: 2018-10-23 10:23:55 regiond: [info] 192.168.11.45 POST /MAAS/metadata/status/wbwdmh HTTP/1.1 --> 204 NO_CONTENT (referrer: -; agent: python-requests/2.9.1)
Oct 23 10:23:55 mas01 sh[2740]: 2018-10-23 10:23:55 regiond: [info] 192.168.11.45 POST /MAAS/metadata/status/wbwdmh HTTP/1.1 --> 204 NO_CONTENT (referrer: -; agent: python-requests/2.9.1)
Oct 23 10:23:55 mas01 sh[1808]: 2018-10-23 10:23:55 regiond: [info] 192.168.11.45 POST /MAAS/metadata/status/wbwdmh HTTP/1.1 --> 204 NO_CONTENT (referrer: -; agent: python-requests/2.9.1)
Oct 23 10:23:55 mas01 sh[1812]: 2018-10-23 10:23:55 regiond: [info] 192.168.11.45 POST /MAAS/metadata/status/wbwdmh HTTP/1.1 --> 204 NO_CONTENT (referrer: -; agent: python-requests/2.9.1)
Oct 23 10:23:55 mas01 sh[2740]: 2018-10-23 10:23:55 regiond: [info] 192.168.11.45 POST /MAAS/metadata/status/wbwdmh HTTP/1.1 --> 204 NO_CONTENT (referrer: -; agent: python-requests/2.9.1)
Oct 23 10:23:55 mas01 dhcpd[6470]: DHCPDISCOVER from 00:25:b5:a0:00:2a via ens5
Oct 23 10:23:55 mas01 dhcpd[6470]: DHCPOFFER on 192.168.11.47 to 00:25:b5:a0:00:2a (kvm01) via ens5
Oct 23 10:23:55 mas01 dhcpd[6470]: execute_statement argv[0] = /usr/sbin/maas-dhcp-helper
Oct 23 10:23:55 mas01 dhcpd[6470]: execute_statement argv[1] = notify
Oct 23 10:23:55 mas01 dhcpd[6470]: execute_statement argv[2] = --action
Oct 23 10:23:55 mas01 dhcpd[6470]: execute_statement argv[3] = commit
Oct 23 10:23:55 mas01 dhcpd[6470]: execute_statement argv[4] = --mac
Oct 23 10:23:55 mas01 dhcpd[6470]: execute_statement argv[5] = 0:25:b5:a0:0:2a
Oct 23 10:23:55 mas01 dhcpd[6470]: execute_statement argv[6] = --ip-family
Oct 23 10:23:55 mas01 dhcpd[6470]: execute_statement argv[7] = ipv4
Oct 23 10:23:55 mas01 dhcpd[6470]: execute_statement argv[8] = --ip
Oct 23 10:23:55 mas01 dhcpd[6470]: execute_statement argv[9] = 192.168.11.47
Oct 23 10:23:55 mas01 dhcpd[6470]: execute_statement argv[10] = --lease-time
Oct 23 10:23:55 mas01 dhcpd[6470]: execute_statement argv[11] = 600
Oct 23 10:23:55 mas01 dhcpd[6470]: execute_statement argv[12] = --hostname
Oct 23 10:23:55 mas01 dhcpd[6470]: execute_statement argv[13] = kvm01
Oct 23 10:23:55 mas01 dhcpd[6470]: execute_statement argv[14] = --socket
Oct 23 10:23:55 mas01 dhcpd[6470]: execute_statement argv[15] = /var/lib/maas/dhcpd.sock
Oct 23 10:23:55 mas01 dhcpd[6470]: DHCPREQUEST for 192.168.11.47 (192.168.11.3) from 00:25:b5:a0:00:2a (kvm01) via ens5
Oct 23 10:23:55 mas01 dhcpd[6470]: DHCPACK on 192.168.11.47 to 00:25:b5:a0:00:2a (kvm01) via ens5
Oct 23 10:23:55 mas01 dhcpd[6470]: DHCPDISCOVER from 00:25:b5:a0:00:3a via ens5
Oct 23 10:23:55 mas01 dhcpd[6470]: DHCPOFFER on 192.168.11.49 to 00:25:b5:a0:00:3a (kvm02) via ens5
Oct 23 10:23:55 mas01 dhcpd[6470]: DHCPDISCOVER from 00:25:b5:a0:00:4a via ens5
Oct 23 10:23:55 mas01 dhcpd[6470]: DHCPOFFER on 192.168.11.48 to 00:25:b5:a0:00:4a (kvm03) via ens5
Oct 23 10:23:55 mas01 dhcpd[6470]: execute_statement argv[0] = /usr/sbin/maas-dhcp-helper
Oct 23 10:23:55 mas01 dhcpd[6470]: execute_statement argv[1] = notify
Oct 23 10:23:55 mas01 dhcpd[6470]: execute_statement argv[2] = --action
Oct 23 10:23:55 mas01 dhcpd[6470]: execute_statement argv[3] = commit
Oct 23 10:23:55 mas01 dhcpd[6470]: execute_statement argv[4] = --mac
Oct 23 10:23:55 mas01 dhcpd[6470]: execute_statement argv[5] = 0:25:b5:a0:0:3a
Oct 23 10:23:55 mas01 dhcpd[6470]: execute_statement argv[6] = --ip-family
Oct 23 10:23:55 mas01 dhcpd[6470]: execute_statement argv[7] = ipv4
Oct 23 10:23:55 mas01 dhcpd[6470]: execute_statement argv[8] = --ip
Oct 23 10:23:55 mas01 dhcpd[6470]: execute_statement argv[9] = 192.168.11.49
Oct 23 10:23:55 mas01 dhcpd[6470]: execute_statement argv[10] = --lease-time
Oct 23 10:23:55 mas01 dhcpd[6470]: execute_statement argv[11] = 600
Oct 23 10:23:55 mas01 dhcpd[6470]: execute_statement argv[12] = --hostname
Oct 23 10:23:55 mas01 dhcpd[6470]: execute_statement argv[13] = kvm02
Oct 23 10:23:55 mas01 dhcpd[6470]: execute_statement argv[14] = --socket
Oct 23 10:23:55 mas01 dhcpd[6470]: execute_statement argv[15] = /var/lib/maas/dhcpd.sock
Oct 23 10:23:55 mas01 sh[1808]: 2018-10-23 10:23:55 maasserver.rpc.leases: [info] Lease update: commit for 192.168.11.47 on 0:25:b5:a0:0:2a at 2018-10-23 10:23:55 (lease time: 600s) (hostname: kvm01)
Oct 23 10:23:55 mas01 dhcpd[6470]: DHCPREQUEST for 192.168.11.49 (192.168.11.3) from 00:25:b5:a0:00:3a (kvm02) via ens5
Oct 23 10:23:55 mas01 dhcpd[6470]: DHCPACK on 192.168.11.49 to 00:25:b5:a0:00:3a (kvm02) via ens5
Oct 23 10:23:55 mas01 dhcpd[6470]: execute_statement argv[0] = /usr/sbin/maas-dhcp-helper
Oct 23 10:23:55 mas01 dhcpd[6470]: execute_statement argv[1] = notify
Oct 23 10:23:55 mas01 dhcpd[6470]: execute_statement argv[2] = --action
Oct 23 10:23:55 mas01 dhcpd[6470]: execute_statement argv[3] = commit
Oct 23 10:23:55 mas01 dhcpd[6470]: execute_statement argv[4] = --mac
Oct 23 10:23:55 mas01 dhcpd[6470]: execute_statement argv[5] = 0:25:b5:a0:0:4a
Oct 23 10:23:55 mas01 dhcpd[6470]: execute_statement argv[6] = --ip-family
Oct 23 10:23:55 mas01 dhcpd[6470]: execute_statement argv[7] = ipv4
Oct 23 10:23:55 mas01 dhcpd[6470]: execute_statement argv[8] = --ip
Oct 23 10:23:55 mas01 dhcpd[6470]: execute_statement argv[9] = 192.168.11.48
Oct 23 10:23:55 mas01 dhcpd[6470]: execute_statement argv[10] = --lease-time
Oct 23 10:23:55 mas01 dhcpd[6470]: execute_statement argv[11] = 600
Oct 23 10:23:55 mas01 dhcpd[6470]: execute_statement argv[12] = --hostname
Oct 23 10:23:55 mas01 dhcpd[6470]: execute_statement argv[13] = kvm03
Oct 23 10:23:55 mas01 dhcpd[6470]: execute_statement argv[14] = --socket
Oct 23 10:23:55 mas01 dhcpd[6470]: execute_statement argv[15] = /var/lib/maas/dhcpd.sock
Oct 23 10:23:55 mas01 sh[1808]: 2018-10-23 10:23:55 maasserver.rpc.leases: [info] Lease update: commit for 192.168.11.49 on 0:25:b5:a0:0:3a at 2018-10-23 10:23:55 (lease time: 600s) (hostname: kvm02)
Oct 23 10:23:55 mas01 sh[1812]: 2018-10-23 10:23:55 maasserver.rpc.leases: [info] Lease update: commit for 192.168.11.48 on 0:25:b5:a0:0:4a at 2018-10-23 10:23:55 (lease time: 600s) (hostname: kvm03)
Oct 23 10:23:55 mas01 dhcpd[6470]: DHCPREQUEST for 192.168.11.48 (192.168.11.3) from 00:25:b5:a0:00:4a (kvm03) via ens5
Oct 23 10:23:55 mas01 dhcpd[6470]: DHCPACK on 192.168.11.48 to 00:25:b5:a0:00:4a (kvm03) via ens5
Oct 23 10:23:55 mas01 sh[2740]: 2018-10-23 10:23:55 regiond: [info] 192.168.11.46 POST /MAAS/metadata/status/q66fbg HTTP/1.1 --> 204 NO_CONTENT (referrer: -; agent: python-requests/2.9.1)
Oct 23 10:23:55 mas01 sh[2740]: 2018-10-23 10:23:55 regiond: [info] 192.168.11.46 POST /MAAS/metadata/status/q66fbg HTTP/1.1 --> 204 NO_CONTENT (referrer: -; agent: python-requests/2.9.1)
Oct 23 10:23:55 mas01 sh[1808]: 2018-10-23 10:23:55 regiond: [info] 192.168.11.46 POST /MAAS/metadata/status/q66fbg HTTP/1.1 --> 204 NO_CONTENT (referrer: -; agent: python-requests/2.9.1)
Oct 23 10:23:55 mas01 sh[1808]: 2018-10-23 10:23:55 regiond: [info] 192.168.11.46 POST /MAAS/metadata/status/q66fbg HTTP/1.1 --> 204 NO_CONTENT (referrer: -; agent: python-requests/2.9.1)
Oct 23 10:23:55 mas01 sh[1816]: 2018-10-23 10:23:55 regiond: [info] 192.168.11.46 POST /MAAS/metadata/status/q66fbg HTTP/1.1 --> 204 NO_CONTENT (referrer: -; agent: python-requests/2.9.1)
Oct 23 10:23:55 mas01 sh[1812]: 2018-10-23 10:23:55 regiond: [info] 192.168.11.46 POST /MAAS/metadata/status/q66fbg HTTP/1.1 --> 204 NO_CONTENT (referrer: -; agent: python-requests/2.9.1)
Oct 23 10:23:55 mas01 sh[2740]: 2018-10-23 10:23:55 regiond: [info] 192.168.11.46 POST /MAAS/metadata/status/q66fbg HTTP/1.1 --> 204 NO_CONTENT (referrer: -; agent: python-requests/2.9.1)
Oct 23 10:23:55 mas01 sh[1812]: 2018-10-23 10:23:55 regiond: [info] 192.168.11.46 POST /MAAS/metadata/status/q66fbg HTTP/1.1 --> 204 NO_CONTENT (referrer: -; agent: python-requests/2.9.1)
Oct 23 10:23:55 mas01 sh[2740]: 2018-10-23 10:23:55 regiond: [info] 192.168.11.46 POST /MAAS/metadata/status/q66fbg HTTP/1.1 --> 204 NO_CONTENT (referrer: -; agent: python-requests/2.9.1)
Oct 23 10:23:55 mas01 sh[1812]: 2018-10-23 10:23:55 regiond: [info] 192.168.11.45 POST /MAAS/metadata/status/wbwdmh HTTP/1.1 --> 204 NO_CONTENT (referrer: -; agent: python-requests/2.9.1)
Oct 23 10:23:55 mas01 sh[1816]: 2018-10-23 10:23:55 regiond: [info] 192.168.11.45 POST /MAAS/metadata/status/wbwdmh HTTP/1.1 --> 204 NO_CONTENT (referrer: -; agent: python-requests/2.9.1)
Oct 23 10:23:55 mas01 sh[2740]: 2018-10-23 10:23:55 regiond: [info] 192.168.11.45 POST /MAAS/metadata/status/wbwdmh HTTP/1.1 --> 204 NO_CONTENT (referrer: -; agent: python-requests/2.9.1)
Oct 23 10:23:55 mas01 sh[1812]: 2018-10-23 10:23:55 regiond: [info] 192.168.11.45 POST /MAAS/metadata/status/wbwdmh HTTP/1.1 --> 204 NO_CONTENT (referrer: -; agent: python-requests/2.9.1)
Oct 23 10:23:56 mas01 sh[1336]: 2018-10-23 10:23:56 rackd: [info] 192.168.11.47 GET /images/ubuntu/amd64/hwe-16.04/xenial/daily/squashfs HTTP/1.1 --> 200 OK (referrer: -; agent: Wget)
Oct 23 10:23:56 mas01 sh[2740]: 2018-10-23 10:23:56 regiond: [info] 192.168.11.45 POST /MAAS/metadata/status/wbwdmh HTTP/1.1 --> 204 NO_CONTENT (referrer: -; agent: python-requests/2.9.1)
Oct 23 10:23:56 mas01 sh[1808]: 2018-10-23 10:23:56 regiond: [info] 192.168.11.45 POST /MAAS/metadata/status/wbwdmh HTTP/1.1 --> 204 NO_CONTENT (referrer: -; agent: python-requests/2.9.1)
Oct 23 10:23:56 mas01 sh[1808]: 2018-10-23 10:23:56 regiond: [info] 192.168.11.45 POST /MAAS/metadata/status/wbwdmh HTTP/1.1 --> 204 NO_CONTENT (referrer: -; agent: python-requests/2.9.1)
Oct 23 10:23:56 mas01 sh[1816]: 2018-10-23 10:23:56 regiond: [info] 192.168.11.45 POST /MAAS/metadata/status/wbwdmh HTTP/1.1 --> 204 NO_CONTENT (referrer: -; agent: python-requests/2.9.1)
Oct 23 10:23:56 mas01 sh[2740]: 2018-10-23 10:23:56 regiond: [info] 192.168.11.46 POST /MAAS/metadata/status/q66fbg HTTP/1.1 --> 204 NO_CONTENT (referrer: -; agent: python-requests/2.9.1)
Oct 23 10:23:56 mas01 sh[2740]: 2018-10-23 10:23:56 regiond: [info] 192.168.11.46 POST /MAAS/metadata/status/q66fbg HTTP/1.1 --> 204 NO_CONTENT (referrer: -; agent: python-requests/2.9.1)
Oct 23 10:23:56 mas01 sh[1816]: 2018-10-23 10:23:56 regiond: [info] 192.168.11.46 POST /MAAS/metadata/status/q66fbg HTTP/1.1 --> 204 NO_CONTENT (referrer: -; agent: python-requests/2.9.1)
Oct 23 10:23:56 mas01 sh[1808]: 2018-10-23 10:23:56 regiond: [info] 192.168.11.46 POST /MAAS/metadata/status/q66fbg HTTP/1.1 --> 204 NO_CONTENT (referrer: -; agent: python-requests/2.9.1)
Oct 23 10:23:56 mas01 sh[1336]: 2018-10-23 10:23:56 rackd: [info] 192.168.11.49 GET /images/ubuntu/amd64/hwe-16.04/xenial/daily/squashfs HTTP/1.1 --> 200 OK (referrer: -; agent: Wget)
Oct 23 10:23:56 mas01 salt-minion[21596]: [INFO    ] User sudo_ubuntu Executing command state.apply with jid 20181023102356337098
Oct 23 10:23:56 mas01 sh[1336]: 2018-10-23 10:23:56 rackd: [info] 192.168.11.48 GET /images/ubuntu/amd64/hwe-16.04/xenial/daily/squashfs HTTP/1.1 --> 200 OK (referrer: -; agent: Wget)
Oct 23 10:23:56 mas01 salt-minion[21596]: [INFO    ] Starting a new job with PID 7421
Oct 23 10:23:56 mas01 sh[1812]: 2018-10-23 10:23:56 regiond: [info] 192.168.11.45 POST /MAAS/metadata/status/wbwdmh HTTP/1.1 --> 204 NO_CONTENT (referrer: -; agent: python-requests/2.9.1)
Oct 23 10:23:56 mas01 sh[1812]: message repeated 2 times: [ 2018-10-23 10:23:56 regiond: [info] 192.168.11.45 POST /MAAS/metadata/status/wbwdmh HTTP/1.1 --> 204 NO_CONTENT (referrer: -; agent: python-requests/2.9.1)]
Oct 23 10:23:56 mas01 sh[2740]: 2018-10-23 10:23:56 regiond: [info] 192.168.11.45 POST /MAAS/metadata/status/wbwdmh HTTP/1.1 --> 204 NO_CONTENT (referrer: -; agent: python-requests/2.9.1)
Oct 23 10:23:56 mas01 sh[2740]: 2018-10-23 10:23:56 regiond: [info] 192.168.11.46 POST /MAAS/metadata/status/q66fbg HTTP/1.1 --> 204 NO_CONTENT (referrer: -; agent: python-requests/2.9.1)
Oct 23 10:23:56 mas01 sh[2740]: 2018-10-23 10:23:56 regiond: [info] 192.168.11.46 POST /MAAS/metadata/status/q66fbg HTTP/1.1 --> 204 NO_CONTENT (referrer: -; agent: python-requests/2.9.1)
Oct 23 10:23:56 mas01 sh[1816]: 2018-10-23 10:23:56 regiond: [info] 192.168.11.46 POST /MAAS/metadata/status/q66fbg HTTP/1.1 --> 204 NO_CONTENT (referrer: -; agent: python-requests/2.9.1)
Oct 23 10:23:56 mas01 sh[1812]: 2018-10-23 10:23:56 regiond: [info] 192.168.11.46 POST /MAAS/metadata/status/q66fbg HTTP/1.1 --> 204 NO_CONTENT (referrer: -; agent: python-requests/2.9.1)
Oct 23 10:23:56 mas01 sh[1812]: 2018-10-23 10:23:56 regiond: [info] 192.168.11.46 POST /MAAS/metadata/status/q66fbg HTTP/1.1 --> 204 NO_CONTENT (referrer: -; agent: python-requests/2.9.1)
Oct 23 10:23:56 mas01 sh[2740]: 2018-10-23 10:23:56 regiond: [info] 192.168.11.46 POST /MAAS/metadata/status/q66fbg HTTP/1.1 --> 204 NO_CONTENT (referrer: -; agent: python-requests/2.9.1)
Oct 23 10:23:56 mas01 sh[1816]: 2018-10-23 10:23:56 regiond: [info] 192.168.11.46 POST /MAAS/metadata/status/q66fbg HTTP/1.1 --> 204 NO_CONTENT (referrer: -; agent: python-requests/2.9.1)
Oct 23 10:23:56 mas01 sh[1812]: 2018-10-23 10:23:56 regiond: [info] 192.168.11.46 POST /MAAS/metadata/status/q66fbg HTTP/1.1 --> 204 NO_CONTENT (referrer: -; agent: python-requests/2.9.1)
Oct 23 10:23:56 mas01 salt-minion[21596]: [INFO    ] Loading fresh modules for state activity
Oct 23 10:23:57 mas01 salt-minion[21596]: [INFO    ] Running state [maas-region apikey --username opnfv > /var/lib/maas/.maas_credentials] at time 10:23:57.050810
Oct 23 10:23:57 mas01 salt-minion[21596]: [INFO    ] Executing state cmd.run for [maas-region apikey --username opnfv > /var/lib/maas/.maas_credentials]
Oct 23 10:23:57 mas01 salt-minion[21596]: [INFO    ] Executing command 'maas-region apikey --username opnfv > /var/lib/maas/.maas_credentials' in directory '/root'
Oct 23 10:23:58 mas01 salt-minion[21596]: [INFO    ] {'pid': 7428, 'retcode': 0, 'stderr': '', 'stdout': ''}
Oct 23 10:23:58 mas01 salt-minion[21596]: [INFO    ] Completed state [maas-region apikey --username opnfv > /var/lib/maas/.maas_credentials] at time 10:23:58.473610 duration_in_ms=1422.798
Oct 23 10:23:58 mas01 salt-minion[21596]: [INFO    ] Running state [maas.machines_status] at time 10:23:58.476579
Oct 23 10:23:58 mas01 salt-minion[21596]: [INFO    ] Executing state module.run for [maas.machines_status]
Oct 23 10:23:58 mas01 salt-minion[21596]: [WARNING ] The function "module.run" is using its deprecated version and will expire in version "Sodium".
Oct 23 10:23:58 mas01 sh[1816]: 2018-10-23 10:23:58 regiond: [info] 192.168.11.47 POST /MAAS/metadata/status/6gdrgk HTTP/1.1 --> 204 NO_CONTENT (referrer: -; agent: python-requests/2.9.1)
Oct 23 10:23:58 mas01 sh[1808]: 2018-10-23 10:23:58 regiond: [info] 192.168.11.47 POST /MAAS/metadata/status/6gdrgk HTTP/1.1 --> 204 NO_CONTENT (referrer: -; agent: python-requests/2.9.1)
Oct 23 10:23:59 mas01 sh[1808]: 2018-10-23 10:23:59 regiond: [info] 192.168.11.49 POST /MAAS/metadata/status/qg3h8p HTTP/1.1 --> 204 NO_CONTENT (referrer: -; agent: python-requests/2.9.1)
Oct 23 10:23:59 mas01 sh[1808]: 2018-10-23 10:23:59 regiond: [info] 192.168.11.49 POST /MAAS/metadata/status/qg3h8p HTTP/1.1 --> 204 NO_CONTENT (referrer: -; agent: python-requests/2.9.1)
Oct 23 10:23:59 mas01 sh[1808]: 2018-10-23 10:23:59 regiond: [info] 192.168.11.47 POST /MAAS/metadata/status/6gdrgk HTTP/1.1 --> 204 NO_CONTENT (referrer: -; agent: python-requests/2.9.1)
Oct 23 10:23:59 mas01 sh[1812]: 2018-10-23 10:23:59 regiond: [info] 192.168.11.48 POST /MAAS/metadata/status/hcdsn3 HTTP/1.1 --> 204 NO_CONTENT (referrer: -; agent: python-requests/2.9.1)
Oct 23 10:23:59 mas01 sh[1816]: 2018-10-23 10:23:59 regiond: [info] 192.168.11.48 POST /MAAS/metadata/status/hcdsn3 HTTP/1.1 --> 204 NO_CONTENT (referrer: -; agent: python-requests/2.9.1)
Oct 23 10:23:59 mas01 sh[2740]: 2018-10-23 10:23:59 regiond: [info] 192.168.11.49 POST /MAAS/metadata/status/qg3h8p HTTP/1.1 --> 204 NO_CONTENT (referrer: -; agent: python-requests/2.9.1)
Oct 23 10:23:59 mas01 sh[2740]: 2018-10-23 10:23:59 regiond: [info] 127.0.0.1 GET /MAAS/api/2.0/machines/ HTTP/1.1 --> 200 OK (referrer: -; agent: Python-urllib/2.7)
Oct 23 10:23:59 mas01 salt-minion[21596]: [INFO    ] {'ret': {'machines': [{'status': 'Deploying', 'hostname': u'cmp002', 'system_id': u'wbwdmh'}, {'status': 'Deploying', 'hostname': u'cmp001', 'system_id': u'q66fbg'}, {'status': 'Deploying', 'hostname': u'kvm01', 'system_id': u'6gdrgk'}, {'status': 'Deploying', 'hostname': u'kvm03', 'system_id': u'hcdsn3'}, {'status': 'Deploying', 'hostname': u'kvm02', 'system_id': u'qg3h8p'}], 'summary': Counter({'Deploying': 5})}}
Oct 23 10:23:59 mas01 salt-minion[21596]: [INFO    ] Completed state [maas.machines_status] at time 10:23:59.281658 duration_in_ms=805.079
Oct 23 10:23:59 mas01 salt-minion[21596]: [INFO    ] Returning information for job: 20181023102356337098
