Sep 17 16:19:00 mas01 named[18155]: initializing GeoIP Country (IPv4) (type 1) DB
Sep 17 16:19:00 mas01 named[18155]: GEO-106FREE 20160408 Bu
Sep 17 16:19:00 mas01 named[18155]: initializing GeoIP Country (IPv6) (type 12) DB
Sep 17 16:19:00 mas01 named[18155]: GEO-106FREE 20160408 Bu
Sep 17 16:19:00 mas01 named[18155]: GeoIP City (IPv4) (type 2) DB not available
Sep 17 16:19:00 mas01 named[18155]: GeoIP City (IPv4) (type 6) DB not available
Sep 17 16:19:00 mas01 named[18155]: GeoIP City (IPv6) (type 30) DB not available
Sep 17 16:19:00 mas01 named[18155]: GeoIP City (IPv6) (type 31) DB not available
Sep 17 16:19:00 mas01 named[18155]: GeoIP Region (type 3) DB not available
Sep 17 16:19:00 mas01 named[18155]: GeoIP Region (type 7) DB not available
Sep 17 16:19:00 mas01 named[18155]: GeoIP ISP (type 4) DB not available
Sep 17 16:19:00 mas01 named[18155]: GeoIP Org (type 5) DB not available
Sep 17 16:19:00 mas01 named[18155]: GeoIP AS (type 9) DB not available
Sep 17 16:19:00 mas01 named[18155]: GeoIP Domain (type 11) DB not available
Sep 17 16:19:00 mas01 named[18155]: GeoIP NetSpeed (type 10) DB not available
Sep 17 16:19:00 mas01 named[18155]: using default UDP/IPv4 port range: [32768, 60999]
Sep 17 16:19:00 mas01 named[18155]: using default UDP/IPv6 port range: [32768, 60999]
Sep 17 16:19:00 mas01 named[18155]: sizing zone task pool based on 9 zones
Sep 17 16:19:00 mas01 named[18155]: automatic empty zone: 10.IN-ADDR.ARPA
Sep 17 16:19:00 mas01 named[18155]: automatic empty zone: 16.172.IN-ADDR.ARPA
Sep 17 16:19:00 mas01 named[18155]: automatic empty zone: 17.172.IN-ADDR.ARPA
Sep 17 16:19:00 mas01 named[18155]: automatic empty zone: 18.172.IN-ADDR.ARPA
Sep 17 16:19:00 mas01 named[18155]: automatic empty zone: 19.172.IN-ADDR.ARPA
Sep 17 16:19:00 mas01 systemd[1]: Stopping MAAS instance of ISC DHCP server for IPv4...
Sep 17 16:19:00 mas01 named[18155]: automatic empty zone: 20.172.IN-ADDR.ARPA
Sep 17 16:19:00 mas01 named[18155]: automatic empty zone: 21.172.IN-ADDR.ARPA
Sep 17 16:19:00 mas01 named[18155]: automatic empty zone: 22.172.IN-ADDR.ARPA
Sep 17 16:19:00 mas01 named[18155]: automatic empty zone: 23.172.IN-ADDR.ARPA
Sep 17 16:19:00 mas01 named[18155]: automatic empty zone: 24.172.IN-ADDR.ARPA
Sep 17 16:19:00 mas01 named[18155]: automatic empty zone: 25.172.IN-ADDR.ARPA
Sep 17 16:19:00 mas01 named[18155]: automatic empty zone: 26.172.IN-ADDR.ARPA
Sep 17 16:19:00 mas01 named[18155]: automatic empty zone: 27.172.IN-ADDR.ARPA
Sep 17 16:19:00 mas01 named[18155]: automatic empty zone: 28.172.IN-ADDR.ARPA
Sep 17 16:19:00 mas01 named[18155]: automatic empty zone: 29.172.IN-ADDR.ARPA
Sep 17 16:19:00 mas01 named[18155]: automatic empty zone: 30.172.IN-ADDR.ARPA
Sep 17 16:19:00 mas01 named[18155]: automatic empty zone: 31.172.IN-ADDR.ARPA
Sep 17 16:19:00 mas01 named[18155]: automatic empty zone: 168.192.IN-ADDR.ARPA
Sep 17 16:19:00 mas01 named[18155]: automatic empty zone: 64.100.IN-ADDR.ARPA
Sep 17 16:19:00 mas01 named[18155]: automatic empty zone: 65.100.IN-ADDR.ARPA
Sep 17 16:19:00 mas01 named[18155]: automatic empty zone: 66.100.IN-ADDR.ARPA
Sep 17 16:19:00 mas01 named[18155]: automatic empty zone: 67.100.IN-ADDR.ARPA
Sep 17 16:19:00 mas01 named[18155]: automatic empty zone: 68.100.IN-ADDR.ARPA
Sep 17 16:19:00 mas01 named[18155]: automatic empty zone: 69.100.IN-ADDR.ARPA
Sep 17 16:19:00 mas01 named[18155]: automatic empty zone: 70.100.IN-ADDR.ARPA
Sep 17 16:19:00 mas01 named[18155]: automatic empty zone: 71.100.IN-ADDR.ARPA
Sep 17 16:19:00 mas01 named[18155]: automatic empty zone: 72.100.IN-ADDR.ARPA
Sep 17 16:19:00 mas01 named[18155]: automatic empty zone: 73.100.IN-ADDR.ARPA
Sep 17 16:19:00 mas01 named[18155]: automatic empty zone: 74.100.IN-ADDR.ARPA
Sep 17 16:19:00 mas01 named[18155]: automatic empty zone: 75.100.IN-ADDR.ARPA
Sep 17 16:19:00 mas01 named[18155]: automatic empty zone: 76.100.IN-ADDR.ARPA
Sep 17 16:19:00 mas01 named[18155]: automatic empty zone: 77.100.IN-ADDR.ARPA
Sep 17 16:19:00 mas01 named[18155]: automatic empty zone: 78.100.IN-ADDR.ARPA
Sep 17 16:19:00 mas01 named[18155]: automatic empty zone: 79.100.IN-ADDR.ARPA
Sep 17 16:19:00 mas01 named[18155]: automatic empty zone: 80.100.IN-ADDR.ARPA
Sep 17 16:19:00 mas01 named[18155]: automatic empty zone: 81.100.IN-ADDR.ARPA
Sep 17 16:19:00 mas01 named[18155]: automatic empty zone: 82.100.IN-ADDR.ARPA
Sep 17 16:19:00 mas01 named[18155]: automatic empty zone: 83.100.IN-ADDR.ARPA
Sep 17 16:19:00 mas01 named[18155]: automatic empty zone: 84.100.IN-ADDR.ARPA
Sep 17 16:19:00 mas01 named[18155]: automatic empty zone: 85.100.IN-ADDR.ARPA
Sep 17 16:19:00 mas01 named[18155]: automatic empty zone: 86.100.IN-ADDR.ARPA
Sep 17 16:19:00 mas01 named[18155]: automatic empty zone: 87.100.IN-ADDR.ARPA
Sep 17 16:19:00 mas01 named[18155]: automatic empty zone: 88.100.IN-ADDR.ARPA
Sep 17 16:19:00 mas01 named[18155]: automatic empty zone: 89.100.IN-ADDR.ARPA
Sep 17 16:19:00 mas01 named[18155]: automatic empty zone: 90.100.IN-ADDR.ARPA
Sep 17 16:19:00 mas01 named[18155]: automatic empty zone: 91.100.IN-ADDR.ARPA
Sep 17 16:19:00 mas01 named[18155]: automatic empty zone: 92.100.IN-ADDR.ARPA
Sep 17 16:19:00 mas01 named[18155]: automatic empty zone: 93.100.IN-ADDR.ARPA
Sep 17 16:19:00 mas01 named[18155]: automatic empty zone: 94.100.IN-ADDR.ARPA
Sep 17 16:19:00 mas01 named[18155]: automatic empty zone: 95.100.IN-ADDR.ARPA
Sep 17 16:19:00 mas01 named[18155]: automatic empty zone: 96.100.IN-ADDR.ARPA
Sep 17 16:19:00 mas01 named[18155]: automatic empty zone: 97.100.IN-ADDR.ARPA
Sep 17 16:19:00 mas01 named[18155]: automatic empty zone: 98.100.IN-ADDR.ARPA
Sep 17 16:19:00 mas01 named[18155]: automatic empty zone: 99.100.IN-ADDR.ARPA
Sep 17 16:19:00 mas01 named[18155]: automatic empty zone: 100.100.IN-ADDR.ARPA
Sep 17 16:19:00 mas01 named[18155]: automatic empty zone: 101.100.IN-ADDR.ARPA
Sep 17 16:19:00 mas01 named[18155]: automatic empty zone: 102.100.IN-ADDR.ARPA
Sep 17 16:19:00 mas01 named[18155]: automatic empty zone: 103.100.IN-ADDR.ARPA
Sep 17 16:19:00 mas01 named[18155]: automatic empty zone: 104.100.IN-ADDR.ARPA
Sep 17 16:19:00 mas01 named[18155]: automatic empty zone: 105.100.IN-ADDR.ARPA
Sep 17 16:19:00 mas01 named[18155]: automatic empty zone: 106.100.IN-ADDR.ARPA
Sep 17 16:19:00 mas01 named[18155]: automatic empty zone: 107.100.IN-ADDR.ARPA
Sep 17 16:19:00 mas01 named[18155]: automatic empty zone: 108.100.IN-ADDR.ARPA
Sep 17 16:19:00 mas01 named[18155]: automatic empty zone: 109.100.IN-ADDR.ARPA
Sep 17 16:19:00 mas01 named[18155]: automatic empty zone: 110.100.IN-ADDR.ARPA
Sep 17 16:19:00 mas01 named[18155]: automatic empty zone: 111.100.IN-ADDR.ARPA
Sep 17 16:19:00 mas01 named[18155]: automatic empty zone: 112.100.IN-ADDR.ARPA
Sep 17 16:19:00 mas01 named[18155]: automatic empty zone: 113.100.IN-ADDR.ARPA
Sep 17 16:19:00 mas01 named[18155]: automatic empty zone: 114.100.IN-ADDR.ARPA
Sep 17 16:19:00 mas01 named[18155]: automatic empty zone: 115.100.IN-ADDR.ARPA
Sep 17 16:19:00 mas01 systemd[1]: Stopped MAAS instance of ISC DHCP server for IPv4.
Sep 17 16:19:00 mas01 named[18155]: automatic empty zone: 116.100.IN-ADDR.ARPA
Sep 17 16:19:00 mas01 systemd[1]: Starting MAAS instance of ISC DHCP server for IPv4...
Sep 17 16:19:00 mas01 named[18155]: automatic empty zone: 117.100.IN-ADDR.ARPA
Sep 17 16:19:00 mas01 systemd[1]: Started MAAS instance of ISC DHCP server for IPv4.
Sep 17 16:19:00 mas01 named[18155]: automatic empty zone: 118.100.IN-ADDR.ARPA
Sep 17 16:19:00 mas01 named[18155]: automatic empty zone: 119.100.IN-ADDR.ARPA
Sep 17 16:19:00 mas01 named[18155]: automatic empty zone: 120.100.IN-ADDR.ARPA
Sep 17 16:19:00 mas01 named[18155]: automatic empty zone: 121.100.IN-ADDR.ARPA
Sep 17 16:19:00 mas01 named[18155]: automatic empty zone: 122.100.IN-ADDR.ARPA
Sep 17 16:19:00 mas01 named[18155]: automatic empty zone: 123.100.IN-ADDR.ARPA
Sep 17 16:19:00 mas01 named[18155]: automatic empty zone: 124.100.IN-ADDR.ARPA
Sep 17 16:19:00 mas01 named[18155]: automatic empty zone: 125.100.IN-ADDR.ARPA
Sep 17 16:19:00 mas01 named[18155]: automatic empty zone: 126.100.IN-ADDR.ARPA
Sep 17 16:19:00 mas01 named[18155]: automatic empty zone: 127.100.IN-ADDR.ARPA
Sep 17 16:19:00 mas01 named[18155]: automatic empty zone: 254.169.IN-ADDR.ARPA
Sep 17 16:19:00 mas01 named[18155]: automatic empty zone: 2.0.192.IN-ADDR.ARPA
Sep 17 16:19:00 mas01 named[18155]: automatic empty zone: 100.51.198.IN-ADDR.ARPA
Sep 17 16:19:00 mas01 named[18155]: automatic empty zone: 113.0.203.IN-ADDR.ARPA
Sep 17 16:19:00 mas01 named[18155]: automatic empty zone: 255.255.255.255.IN-ADDR.ARPA
Sep 17 16:19:00 mas01 named[18155]: automatic empty zone: 0.0.0.0.0.0.0.0.0.0.0.0.0.0.0.0.0.0.0.0.0.0.0.0.0.0.0.0.0.0.0.0.IP6.ARPA
Sep 17 16:19:00 mas01 named[18155]: automatic empty zone: 1.0.0.0.0.0.0.0.0.0.0.0.0.0.0.0.0.0.0.0.0.0.0.0.0.0.0.0.0.0.0.0.IP6.ARPA
Sep 17 16:19:00 mas01 named[18155]: automatic empty zone: D.F.IP6.ARPA
Sep 17 16:19:00 mas01 named[18155]: automatic empty zone: 8.E.F.IP6.ARPA
Sep 17 16:19:00 mas01 named[18155]: automatic empty zone: 9.E.F.IP6.ARPA
Sep 17 16:19:00 mas01 named[18155]: automatic empty zone: A.E.F.IP6.ARPA
Sep 17 16:19:00 mas01 named[18155]: automatic empty zone: B.E.F.IP6.ARPA
Sep 17 16:19:00 mas01 named[18155]: automatic empty zone: 8.B.D.0.1.0.0.2.IP6.ARPA
Sep 17 16:19:00 mas01 named[18155]: automatic empty zone: EMPTY.AS112.ARPA
Sep 17 16:19:00 mas01 named[18155]: configuring command channel from '/etc/bind/rndc.key'
Sep 17 16:19:00 mas01 named[18155]: reloading configuration succeeded
Sep 17 16:19:00 mas01 named[18155]: reloading zones succeeded
Sep 17 16:19:00 mas01 named[18155]: zone 0.20.10.in-addr.arpa/IN: loaded serial 29
Sep 17 16:19:00 mas01 named[18155]: zone 10.168.192.in-addr.arpa/IN: loaded serial 29
Sep 17 16:19:00 mas01 named[18155]: all zones loaded
Sep 17 16:19:00 mas01 named[18155]: running
Sep 17 16:19:00 mas01 named[18155]: zone 11.168.192.in-addr.arpa/IN: loaded serial 29
Sep 17 16:19:00 mas01 named[18155]: zone maas/IN: loaded serial 29
Sep 17 16:19:00 mas01 maas.service_monitor: [info] Service 'maas-dhcpd' has been restarted. Its current state is 'on' and 'running'.
Sep 17 16:19:00 mas01 sh[18231]: 2018-09-17 16:19:00 maasserver.dhcp: [info] Successfully configured DHCPv4 on rack controller 'pn47fw'.
Sep 17 16:19:00 mas01 sh[18231]: 2018-09-17 16:19:00 maasserver.dhcp: [info] Successfully configured DHCPv6 on rack controller 'pn47fw'.
Sep 17 16:19:00 mas01 dhcpd[21153]: Wrote 0 class decls to leases file.
Sep 17 16:19:00 mas01 dhcpd[21153]: Wrote 0 deleted host decls to leases file.
Sep 17 16:19:00 mas01 dhcpd[21153]: Wrote 0 new dynamic host decls to leases file.
Sep 17 16:19:00 mas01 dhcpd[21153]: Wrote 7 leases to leases file.
Sep 17 16:19:00 mas01 dhcpd[21153]: Server starting service.
Sep 17 16:19:00 mas01 dhcpd[21153]: Discarding packet with bogus hlen.
Sep 17 16:19:04 mas01 sh[18240]: 2018-09-17 16:19:04 regiond: [info] 192.168.11.40 POST /MAAS/metadata/2012-03-01/ HTTP/1.1 --> 200 OK (referrer: -; agent: Python-urllib/3.5)
Sep 17 16:19:04 mas01 sh[18578]: 2018-09-17 16:19:04 maasserver.region_controller: [info] Reloaded DNS configuration:
Sep 17 16:19:04 mas01 sh[18578]: #011 * ip 192.168.11.42 connected to cmp002 on eno2
Sep 17 16:19:04 mas01 sh[18578]: #011 * ip 192.168.11.40 connected to cmp002 on eno1
Sep 17 16:19:04 mas01 sh[18578]: #011 * ip 192.168.11.40 disconnected from cmp002 on eno1
Sep 17 16:19:04 mas01 sh[18578]: #011 * node cmp002 renamed interface eth0 to eno1
Sep 17 16:19:04 mas01 sh[18231]: 2018-09-17 16:19:04 regiond: [info] 192.168.11.40 POST /MAAS/metadata/2012-03-01/ HTTP/1.1 --> 200 OK (referrer: -; agent: Python-urllib/3.5)
Sep 17 16:19:04 mas01 maas.node: [info] cmp002: Status transition from TESTING to READY
Sep 17 16:19:04 mas01 sh[18231]: 2018-09-17 16:19:04 regiond: [info] 192.168.11.40 POST /MAAS/metadata/2012-03-01/ HTTP/1.1 --> 200 OK (referrer: -; agent: Python-urllib/3.5)
Sep 17 16:19:04 mas01 sh[18235]: 2018-09-17 16:19:04 regiond: [info] 192.168.11.40 POST /MAAS/metadata/status/fpwnq6 HTTP/1.1 --> 204 NO_CONTENT (referrer: -; agent: python-requests/2.9.1)
Sep 17 16:19:04 mas01 sh[18240]: 2018-09-17 16:19:04 regiond: [info] 192.168.11.40 POST /MAAS/metadata/status/fpwnq6 HTTP/1.1 --> 204 NO_CONTENT (referrer: -; agent: python-requests/2.9.1)
Sep 17 16:19:04 mas01 sh[18578]: 2018-09-17 16:19:04 regiond: [info] 192.168.11.40 POST /MAAS/metadata/status/fpwnq6 HTTP/1.1 --> 204 NO_CONTENT (referrer: -; agent: python-requests/2.9.1)
Sep 17 16:19:04 mas01 sh[18235]: 2018-09-17 16:19:04 regiond: [info] 192.168.11.40 POST /MAAS/metadata/status/fpwnq6 HTTP/1.1 --> 204 NO_CONTENT (referrer: -; agent: python-requests/2.9.1)
Sep 17 16:19:05 mas01 sh[18578]: 2018-09-17 16:19:05 regiond: [info] 192.168.11.40 POST /MAAS/metadata/status/fpwnq6 HTTP/1.1 --> 204 NO_CONTENT (referrer: -; agent: python-requests/2.9.1)
Sep 17 16:19:05 mas01 sh[18235]: 2018-09-17 16:19:05 regiond: [info] 192.168.11.40 POST /MAAS/metadata/status/fpwnq6 HTTP/1.1 --> 204 NO_CONTENT (referrer: -; agent: python-requests/2.9.1)
Sep 17 16:19:05 mas01 sh[18235]: 2018-09-17 16:19:05 regiond: [info] 192.168.11.40 POST /MAAS/metadata/status/fpwnq6 HTTP/1.1 --> 204 NO_CONTENT (referrer: -; agent: python-requests/2.9.1)
Sep 17 16:19:05 mas01 sh[18231]: 2018-09-17 16:19:05 regiond: [info] 192.168.11.40 POST /MAAS/metadata/status/fpwnq6 HTTP/1.1 --> 204 NO_CONTENT (referrer: -; agent: python-requests/2.9.1)
Sep 17 16:19:05 mas01 sh[18578]: 2018-09-17 16:19:05 regiond: [info] 192.168.11.40 POST /MAAS/metadata/status/fpwnq6 HTTP/1.1 --> 204 NO_CONTENT (referrer: -; agent: python-requests/2.9.1)
Sep 17 16:19:05 mas01 sh[18578]: 2018-09-17 16:19:05 regiond: [info] 192.168.11.40 POST /MAAS/metadata/status/fpwnq6 HTTP/1.1 --> 204 NO_CONTENT (referrer: -; agent: python-requests/2.9.1)
Sep 17 16:19:05 mas01 sh[18231]: 2018-09-17 16:19:05 regiond: [info] 192.168.11.40 POST /MAAS/metadata/status/fpwnq6 HTTP/1.1 --> 204 NO_CONTENT (referrer: -; agent: python-requests/2.9.1)
Sep 17 16:19:05 mas01 sh[18235]: 2018-09-17 16:19:05 regiond: [info] 192.168.11.40 POST /MAAS/metadata/status/fpwnq6 HTTP/1.1 --> 204 NO_CONTENT (referrer: -; agent: python-requests/2.9.1)
Sep 17 16:19:06 mas01 ntpd[18680]: Soliciting pool server 91.189.89.198
Sep 17 16:19:08 mas01 salt-minion[5811]: [INFO    ] User sudo_ubuntu Executing command state.apply with jid 20180917161908235396
Sep 17 16:19:08 mas01 salt-minion[5811]: [INFO    ] Starting a new job with PID 21199
Sep 17 16:19:08 mas01 sh[18235]: 2018-09-17 16:19:08 regiond: [info] 127.0.0.1 GET /MAAS/rpc/ HTTP/1.0 --> 200 OK (referrer: -; agent: provisioningserver.rpc.clusterservice.ClusterClientService)
Sep 17 16:19:09 mas01 salt-minion[5811]: [INFO    ] Loading fresh modules for state activity
Sep 17 16:19:09 mas01 salt-minion[5811]: [INFO    ] Running state [maas-region apikey --username opnfv > /var/lib/maas/.maas_credentials] at time 16:19:09.288814
Sep 17 16:19:09 mas01 salt-minion[5811]: [INFO    ] Executing state cmd.run for [maas-region apikey --username opnfv > /var/lib/maas/.maas_credentials]
Sep 17 16:19:09 mas01 salt-minion[5811]: [INFO    ] Executing command 'maas-region apikey --username opnfv > /var/lib/maas/.maas_credentials' in directory '/root'
Sep 17 16:19:11 mas01 salt-minion[5811]: [INFO    ] {'pid': 21218, 'retcode': 0, 'stderr': '', 'stdout': ''}
Sep 17 16:19:11 mas01 salt-minion[5811]: [INFO    ] Completed state [maas-region apikey --username opnfv > /var/lib/maas/.maas_credentials] at time 16:19:11.094179 duration_in_ms=1805.363
Sep 17 16:19:11 mas01 salt-minion[5811]: [INFO    ] Running state [maas.machines_status] at time 16:19:11.097265
Sep 17 16:19:11 mas01 salt-minion[5811]: [INFO    ] Executing state module.run for [maas.machines_status]
Sep 17 16:19:11 mas01 salt-minion[5811]: [WARNING ] The function "module.run" is using its deprecated version and will expire in version "Sodium".
Sep 17 16:19:11 mas01 salt-minion[5811]: [INFO    ] {'ret': {'machines': [{'status': 'Ready', 'hostname': u'cmp002', 'system_id': u'fpwnq6'}, {'status': 'Commissioning', 'hostname': u'cmp001', 'system_id': u'gthq7c'}, {'status': 'Commissioning', 'hostname': u'kvm01', 'system_id': u'8ct3hb'}, {'status': 'Commissioning', 'hostname': u'kvm03', 'system_id': u'fkfxd8'}, {'status': 'Commissioning', 'hostname': u'kvm02', 'system_id': u'83t3ke'}], 'summary': Counter({'Commissioning': 4, 'Ready': 1})}}
Sep 17 16:19:11 mas01 salt-minion[5811]: [INFO    ] Completed state [maas.machines_status] at time 16:19:11.504818 duration_in_ms=407.55
Sep 17 16:19:11 mas01 salt-minion[5811]: [INFO    ] Returning information for job: 20180917161908235396
Sep 17 16:19:15 mas01 dhcpd[21153]: DHCPDISCOVER from 14:58:d0:54:e7:88 via ens5
Sep 17 16:19:15 mas01 dhcpd[21153]: DHCPOFFER on 192.168.11.36 to 14:58:d0:54:e7:88 (kvm01) via ens5
Sep 17 16:19:15 mas01 dhcpd[21153]: execute_statement argv[0] = /usr/sbin/maas-dhcp-helper
Sep 17 16:19:15 mas01 dhcpd[21153]: execute_statement argv[1] = notify
Sep 17 16:19:15 mas01 dhcpd[21153]: execute_statement argv[2] = --action
Sep 17 16:19:15 mas01 dhcpd[21153]: execute_statement argv[3] = commit
Sep 17 16:19:15 mas01 dhcpd[21153]: execute_statement argv[4] = --mac
Sep 17 16:19:15 mas01 dhcpd[21153]: execute_statement argv[5] = 14:58:d0:54:e7:88
Sep 17 16:19:15 mas01 dhcpd[21153]: execute_statement argv[6] = --ip-family
Sep 17 16:19:15 mas01 dhcpd[21153]: execute_statement argv[7] = ipv4
Sep 17 16:19:15 mas01 dhcpd[21153]: execute_statement argv[8] = --ip
Sep 17 16:19:15 mas01 dhcpd[21153]: execute_statement argv[9] = 192.168.11.36
Sep 17 16:19:15 mas01 dhcpd[21153]: execute_statement argv[10] = --lease-time
Sep 17 16:19:15 mas01 dhcpd[21153]: execute_statement argv[11] = 600
Sep 17 16:19:15 mas01 dhcpd[21153]: execute_statement argv[12] = --hostname
Sep 17 16:19:15 mas01 dhcpd[21153]: execute_statement argv[13] = kvm01
Sep 17 16:19:15 mas01 dhcpd[21153]: execute_statement argv[14] = --socket
Sep 17 16:19:15 mas01 dhcpd[21153]: execute_statement argv[15] = /var/lib/maas/dhcpd.sock
Sep 17 16:19:15 mas01 dhcpd[21153]: DHCPREQUEST for 192.168.11.36 (192.168.11.3) from 14:58:d0:54:e7:88 (kvm01) via ens5
Sep 17 16:19:15 mas01 dhcpd[21153]: DHCPACK on 192.168.11.36 to 14:58:d0:54:e7:88 (kvm01) via ens5
Sep 17 16:19:15 mas01 dhcpd[21153]: DHCPDISCOVER from 14:58:d0:54:7a:28 via ens5
Sep 17 16:19:15 mas01 dhcpd[21153]: DHCPOFFER on 192.168.11.37 to 14:58:d0:54:7a:28 (kvm03) via ens5
Sep 17 16:19:15 mas01 dhcpd[21153]: execute_statement argv[0] = /usr/sbin/maas-dhcp-helper
Sep 17 16:19:15 mas01 dhcpd[21153]: execute_statement argv[1] = notify
Sep 17 16:19:15 mas01 dhcpd[21153]: execute_statement argv[2] = --action
Sep 17 16:19:15 mas01 dhcpd[21153]: execute_statement argv[3] = commit
Sep 17 16:19:15 mas01 dhcpd[21153]: execute_statement argv[4] = --mac
Sep 17 16:19:15 mas01 dhcpd[21153]: execute_statement argv[5] = 14:58:d0:54:7a:28
Sep 17 16:19:15 mas01 dhcpd[21153]: execute_statement argv[6] = --ip-family
Sep 17 16:19:15 mas01 dhcpd[21153]: execute_statement argv[7] = ipv4
Sep 17 16:19:15 mas01 dhcpd[21153]: execute_statement argv[8] = --ip
Sep 17 16:19:15 mas01 dhcpd[21153]: execute_statement argv[9] = 192.168.11.37
Sep 17 16:19:15 mas01 dhcpd[21153]: execute_statement argv[10] = --lease-time
Sep 17 16:19:15 mas01 dhcpd[21153]: execute_statement argv[11] = 600
Sep 17 16:19:15 mas01 dhcpd[21153]: execute_statement argv[12] = --hostname
Sep 17 16:19:15 mas01 dhcpd[21153]: execute_statement argv[13] = kvm03
Sep 17 16:19:15 mas01 dhcpd[21153]: execute_statement argv[14] = --socket
Sep 17 16:19:15 mas01 dhcpd[21153]: execute_statement argv[15] = /var/lib/maas/dhcpd.sock
Sep 17 16:19:15 mas01 dhcpd[21153]: DHCPREQUEST for 192.168.11.37 (192.168.11.3) from 14:58:d0:54:7a:28 (kvm03) via ens5
Sep 17 16:19:15 mas01 dhcpd[21153]: DHCPACK on 192.168.11.37 to 14:58:d0:54:7a:28 (kvm03) via ens5
Sep 17 16:19:15 mas01 sh[18240]: 2018-09-17 16:19:15 maasserver.rpc.leases: [info] Lease update: commit for 192.168.11.36 on 14:58:d0:54:e7:88 at 2018-09-17 16:19:15 (lease time: 600s) (hostname: kvm01)
Sep 17 16:19:15 mas01 sh[18235]: 2018-09-17 16:19:15 maasserver.rpc.leases: [info] Lease update: commit for 192.168.11.37 on 14:58:d0:54:7a:28 at 2018-09-17 16:19:15 (lease time: 600s) (hostname: kvm03)
Sep 17 16:19:16 mas01 sh[17861]: 2018-09-17 16:19:16 rackd: [info] 192.168.11.36 GET /images/ubuntu/amd64/ga-16.04/xenial/daily/squashfs HTTP/1.1 --> 200 OK (referrer: -; agent: Wget)
Sep 17 16:19:16 mas01 sh[17861]: 2018-09-17 16:19:16 rackd: [info] 192.168.11.37 GET /images/ubuntu/amd64/ga-16.04/xenial/daily/squashfs HTTP/1.1 --> 200 OK (referrer: -; agent: Wget)
Sep 17 16:19:16 mas01 dhcpd[21153]: DHCPDISCOVER from 14:58:d0:54:6a:60 via ens5
Sep 17 16:19:16 mas01 dhcpd[21153]: DHCPOFFER on 192.168.11.39 to 14:58:d0:54:6a:60 (kvm02) via ens5
Sep 17 16:19:16 mas01 dhcpd[21153]: execute_statement argv[0] = /usr/sbin/maas-dhcp-helper
Sep 17 16:19:16 mas01 dhcpd[21153]: execute_statement argv[1] = notify
Sep 17 16:19:16 mas01 dhcpd[21153]: execute_statement argv[2] = --action
Sep 17 16:19:16 mas01 dhcpd[21153]: execute_statement argv[3] = commit
Sep 17 16:19:16 mas01 dhcpd[21153]: execute_statement argv[4] = --mac
Sep 17 16:19:16 mas01 dhcpd[21153]: execute_statement argv[5] = 14:58:d0:54:6a:60
Sep 17 16:19:16 mas01 dhcpd[21153]: execute_statement argv[6] = --ip-family
Sep 17 16:19:16 mas01 dhcpd[21153]: execute_statement argv[7] = ipv4
Sep 17 16:19:16 mas01 dhcpd[21153]: execute_statement argv[8] = --ip
Sep 17 16:19:16 mas01 dhcpd[21153]: execute_statement argv[9] = 192.168.11.39
Sep 17 16:19:16 mas01 dhcpd[21153]: execute_statement argv[10] = --lease-time
Sep 17 16:19:16 mas01 dhcpd[21153]: execute_statement argv[11] = 600
Sep 17 16:19:16 mas01 dhcpd[21153]: execute_statement argv[12] = --hostname
Sep 17 16:19:16 mas01 dhcpd[21153]: execute_statement argv[13] = kvm02
Sep 17 16:19:16 mas01 dhcpd[21153]: execute_statement argv[14] = --socket
Sep 17 16:19:16 mas01 dhcpd[21153]: execute_statement argv[15] = /var/lib/maas/dhcpd.sock
Sep 17 16:19:16 mas01 dhcpd[21153]: DHCPREQUEST for 192.168.11.39 (192.168.11.3) from 14:58:d0:54:6a:60 (kvm02) via ens5
Sep 17 16:19:16 mas01 dhcpd[21153]: DHCPACK on 192.168.11.39 to 14:58:d0:54:6a:60 (kvm02) via ens5
Sep 17 16:19:16 mas01 sh[18240]: 2018-09-17 16:19:16 maasserver.rpc.leases: [info] Lease update: commit for 192.168.11.39 on 14:58:d0:54:6a:60 at 2018-09-17 16:19:16 (lease time: 600s) (hostname: kvm02)
Sep 17 16:19:17 mas01 sh[17861]: 2018-09-17 16:19:17 rackd: [info] 192.168.11.39 GET /images/ubuntu/amd64/ga-16.04/xenial/daily/squashfs HTTP/1.1 --> 200 OK (referrer: -; agent: Wget)
Sep 17 16:19:19 mas01 sh[18235]: 2018-09-17 16:19:19 regiond: [info] 192.168.11.37 GET /MAAS/metadata/latest/by-id/fkfxd8/?op=get_preseed HTTP/1.1 --> 200 OK (referrer: -; agent: Cloud-Init/18.3-9-g2e62cb8a-0ubuntu1~16.04.2)
Sep 17 16:19:19 mas01 sh[18240]: 2018-09-17 16:19:19 regiond: [info] 192.168.11.36 POST /MAAS/metadata/status/8ct3hb HTTP/1.1 --> 204 NO_CONTENT (referrer: -; agent: python-requests/2.9.1)
Sep 17 16:19:19 mas01 sh[18231]: 2018-09-17 16:19:19 regiond: [info] 192.168.11.37 POST /MAAS/metadata/status/fkfxd8 HTTP/1.1 --> 204 NO_CONTENT (referrer: -; agent: python-requests/2.9.1)
Sep 17 16:19:19 mas01 sh[18240]: 2018-09-17 16:19:19 regiond: [info] 192.168.11.36 POST /MAAS/metadata/status/8ct3hb HTTP/1.1 --> 204 NO_CONTENT (referrer: -; agent: python-requests/2.9.1)
Sep 17 16:19:19 mas01 sh[18578]: 2018-09-17 16:19:19 regiond: [info] 192.168.11.37 POST /MAAS/metadata/status/fkfxd8 HTTP/1.1 --> 204 NO_CONTENT (referrer: -; agent: python-requests/2.9.1)
Sep 17 16:19:19 mas01 sh[18578]: 2018-09-17 16:19:19 regiond: [info] 192.168.11.36 POST /MAAS/metadata/status/8ct3hb HTTP/1.1 --> 204 NO_CONTENT (referrer: -; agent: python-requests/2.9.1)
Sep 17 16:19:19 mas01 sh[18231]: 2018-09-17 16:19:19 regiond: [info] 192.168.11.37 POST /MAAS/metadata/status/fkfxd8 HTTP/1.1 --> 204 NO_CONTENT (referrer: -; agent: python-requests/2.9.1)
Sep 17 16:19:19 mas01 sh[18235]: 2018-09-17 16:19:19 regiond: [info] 192.168.11.37 GET /MAAS/metadata/latest/by-id/fkfxd8/?op=get_preseed HTTP/1.1 --> 200 OK (referrer: -; agent: Cloud-Init/18.3-9-g2e62cb8a-0ubuntu1~16.04.2)
Sep 17 16:19:19 mas01 sh[18235]: 2018-09-17 16:19:19 regiond: [info] 192.168.11.36 POST /MAAS/metadata/status/8ct3hb HTTP/1.1 --> 204 NO_CONTENT (referrer: -; agent: python-requests/2.9.1)
Sep 17 16:19:19 mas01 sh[18578]: 2018-09-17 16:19:19 regiond: [info] 192.168.11.36 POST /MAAS/metadata/status/8ct3hb HTTP/1.1 --> 204 NO_CONTENT (referrer: -; agent: python-requests/2.9.1)
Sep 17 16:19:19 mas01 sh[18231]: 2018-09-17 16:19:19 regiond: [info] 192.168.11.36 POST /MAAS/metadata/status/8ct3hb HTTP/1.1 --> 204 NO_CONTENT (referrer: -; agent: python-requests/2.9.1)
Sep 17 16:19:19 mas01 sh[18231]: 2018-09-17 16:19:19 regiond: [info] 192.168.11.37 POST /MAAS/metadata/status/fkfxd8 HTTP/1.1 --> 204 NO_CONTENT (referrer: -; agent: python-requests/2.9.1)
Sep 17 16:19:19 mas01 sh[18235]: 2018-09-17 16:19:19 regiond: [info] 192.168.11.37 POST /MAAS/metadata/status/fkfxd8 HTTP/1.1 --> 204 NO_CONTENT (referrer: -; agent: python-requests/2.9.1)
Sep 17 16:19:20 mas01 sh[18235]: 2018-09-17 16:19:20 regiond: [info] 192.168.11.37 POST /MAAS/metadata/status/fkfxd8 HTTP/1.1 --> 204 NO_CONTENT (referrer: -; agent: python-requests/2.9.1)
Sep 17 16:19:20 mas01 sh[18235]: 2018-09-17 16:19:20 regiond: [info] 192.168.11.36 GET /MAAS/metadata/2012-03-01/meta-data/instance-id HTTP/1.1 --> 200 OK (referrer: -; agent: Cloud-Init/18.3-9-g2e62cb8a-0ubuntu1~16.04.2)
Sep 17 16:19:20 mas01 sh[18578]: 2018-09-17 16:19:20 regiond: [info] 192.168.11.37 GET /MAAS/metadata/2012-03-01/meta-data/instance-id HTTP/1.1 --> 200 OK (referrer: -; agent: Cloud-Init/18.3-9-g2e62cb8a-0ubuntu1~16.04.2)
Sep 17 16:19:20 mas01 sh[18235]: 2018-09-17 16:19:20 regiond: [info] 192.168.11.39 POST /MAAS/metadata/status/83t3ke HTTP/1.1 --> 204 NO_CONTENT (referrer: -; agent: python-requests/2.9.1)
Sep 17 16:19:20 mas01 sh[18231]: 2018-09-17 16:19:20 regiond: [info] 192.168.11.39 POST /MAAS/metadata/status/83t3ke HTTP/1.1 --> 204 NO_CONTENT (referrer: -; agent: python-requests/2.9.1)
Sep 17 16:19:20 mas01 sh[18578]: 2018-09-17 16:19:20 regiond: [info] 192.168.11.36 GET /MAAS/metadata/2012-03-01/meta-data/instance-id HTTP/1.1 --> 200 OK (referrer: -; agent: python-requests/2.9.1)
Sep 17 16:19:20 mas01 sh[18578]: 2018-09-17 16:19:20 regiond: [info] 192.168.11.37 GET /MAAS/metadata/2012-03-01/meta-data/instance-id HTTP/1.1 --> 200 OK (referrer: -; agent: python-requests/2.9.1)
Sep 17 16:19:20 mas01 sh[18235]: 2018-09-17 16:19:20 regiond: [info] 192.168.11.37 GET /MAAS/metadata/2012-03-01/meta-data/local-hostname HTTP/1.1 --> 200 OK (referrer: -; agent: python-requests/2.9.1)
Sep 17 16:19:20 mas01 sh[18578]: 2018-09-17 16:19:20 regiond: [info] 192.168.11.36 GET /MAAS/metadata/2012-03-01/meta-data/local-hostname HTTP/1.1 --> 200 OK (referrer: -; agent: python-requests/2.9.1)
Sep 17 16:19:20 mas01 sh[18240]: 2018-09-17 16:19:20 regiond: [info] 192.168.11.37 GET /MAAS/metadata/2012-03-01/meta-data/public-keys HTTP/1.1 --> 200 OK (referrer: -; agent: python-requests/2.9.1)
Sep 17 16:19:20 mas01 sh[18240]: 2018-09-17 16:19:20 regiond: [info] 192.168.11.36 GET /MAAS/metadata/2012-03-01/meta-data/public-keys HTTP/1.1 --> 200 OK (referrer: -; agent: python-requests/2.9.1)
Sep 17 16:19:20 mas01 sh[18240]: 2018-09-17 16:19:20 regiond: [info] 192.168.11.39 POST /MAAS/metadata/status/83t3ke HTTP/1.1 --> 204 NO_CONTENT (referrer: -; agent: python-requests/2.9.1)
Sep 17 16:19:20 mas01 sh[18235]: 2018-09-17 16:19:20 regiond: [info] 192.168.11.37 GET /MAAS/metadata/2012-03-01/meta-data/vendor-data HTTP/1.1 --> 200 OK (referrer: -; agent: python-requests/2.9.1)
Sep 17 16:19:20 mas01 sh[18231]: 2018-09-17 16:19:20 regiond: [info] 192.168.11.36 GET /MAAS/metadata/2012-03-01/meta-data/vendor-data HTTP/1.1 --> 200 OK (referrer: -; agent: python-requests/2.9.1)
Sep 17 16:19:20 mas01 sh[18231]: 2018-09-17 16:19:20 regiond: [info] 192.168.11.37 POST /MAAS/metadata/status/fkfxd8 HTTP/1.1 --> 204 NO_CONTENT (referrer: -; agent: python-requests/2.9.1)
Sep 17 16:19:20 mas01 sh[18578]: 2018-09-17 16:19:20 regiond: [info] 192.168.11.36 GET /MAAS/metadata/2012-03-01/user-data HTTP/1.1 --> 200 OK (referrer: -; agent: python-requests/2.9.1)
Sep 17 16:19:20 mas01 sh[18231]: 2018-09-17 16:19:20 regiond: [info] 192.168.11.36 POST /MAAS/metadata/status/8ct3hb HTTP/1.1 --> 204 NO_CONTENT (referrer: -; agent: python-requests/2.9.1)
Sep 17 16:19:20 mas01 sh[18235]: 2018-09-17 16:19:20 regiond: [info] 192.168.11.37 POST /MAAS/metadata/status/fkfxd8 HTTP/1.1 --> 204 NO_CONTENT (referrer: -; agent: python-requests/2.9.1)
Sep 17 16:19:20 mas01 sh[18578]: 2018-09-17 16:19:20 regiond: [info] 192.168.11.37 POST /MAAS/metadata/status/fkfxd8 HTTP/1.1 --> 204 NO_CONTENT (referrer: -; agent: python-requests/2.9.1)
Sep 17 16:19:20 mas01 sh[18231]: 2018-09-17 16:19:20 regiond: [info] 192.168.11.36 POST /MAAS/metadata/status/8ct3hb HTTP/1.1 --> 204 NO_CONTENT (referrer: -; agent: python-requests/2.9.1)
Sep 17 16:19:20 mas01 sh[18578]: 2018-09-17 16:19:20 regiond: [info] 192.168.11.36 POST /MAAS/metadata/status/8ct3hb HTTP/1.1 --> 204 NO_CONTENT (referrer: -; agent: python-requests/2.9.1)
Sep 17 16:19:20 mas01 sh[18578]: 2018-09-17 16:19:20 regiond: [info] 192.168.11.37 POST /MAAS/metadata/status/fkfxd8 HTTP/1.1 --> 204 NO_CONTENT (referrer: -; agent: python-requests/2.9.1)
Sep 17 16:19:20 mas01 sh[18231]: 2018-09-17 16:19:20 regiond: [info] 192.168.11.36 POST /MAAS/metadata/status/8ct3hb HTTP/1.1 --> 204 NO_CONTENT (referrer: -; agent: python-requests/2.9.1)
Sep 17 16:19:20 mas01 sh[18231]: 2018-09-17 16:19:20 regiond: [info] 192.168.11.37 POST /MAAS/metadata/status/fkfxd8 HTTP/1.1 --> 204 NO_CONTENT (referrer: -; agent: python-requests/2.9.1)
Sep 17 16:19:20 mas01 sh[18578]: 2018-09-17 16:19:20 regiond: [info] 192.168.11.37 POST /MAAS/metadata/status/fkfxd8 HTTP/1.1 --> 204 NO_CONTENT (referrer: -; agent: python-requests/2.9.1)
Sep 17 16:19:20 mas01 sh[18240]: 2018-09-17 16:19:20 regiond: [info] 192.168.11.36 POST /MAAS/metadata/status/8ct3hb HTTP/1.1 --> 204 NO_CONTENT (referrer: -; agent: python-requests/2.9.1)
Sep 17 16:19:20 mas01 sh[18235]: 2018-09-17 16:19:20 regiond: [info] 192.168.11.36 POST /MAAS/metadata/status/8ct3hb HTTP/1.1 --> 204 NO_CONTENT (referrer: -; agent: python-requests/2.9.1)
Sep 17 16:19:20 mas01 sh[18578]: 2018-09-17 16:19:20 regiond: [info] 192.168.11.37 POST /MAAS/metadata/status/fkfxd8 HTTP/1.1 --> 204 NO_CONTENT (referrer: -; agent: python-requests/2.9.1)
Sep 17 16:19:20 mas01 sh[18578]: 2018-09-17 16:19:20 regiond: [info] 192.168.11.36 POST /MAAS/metadata/status/8ct3hb HTTP/1.1 --> 204 NO_CONTENT (referrer: -; agent: python-requests/2.9.1)
Sep 17 16:19:20 mas01 sh[18240]: 2018-09-17 16:19:20 regiond: [info] 192.168.11.37 POST /MAAS/metadata/status/fkfxd8 HTTP/1.1 --> 204 NO_CONTENT (referrer: -; agent: python-requests/2.9.1)
Sep 17 16:19:20 mas01 sh[18235]: 2018-09-17 16:19:20 regiond: [info] 192.168.11.36 POST /MAAS/metadata/status/8ct3hb HTTP/1.1 --> 204 NO_CONTENT (referrer: -; agent: python-requests/2.9.1)
Sep 17 16:19:20 mas01 sh[18231]: 2018-09-17 16:19:20 regiond: [info] 192.168.11.37 POST /MAAS/metadata/status/fkfxd8 HTTP/1.1 --> 204 NO_CONTENT (referrer: -; agent: python-requests/2.9.1)
Sep 17 16:19:20 mas01 sh[18240]: 2018-09-17 16:19:20 regiond: [info] 192.168.11.36 POST /MAAS/metadata/status/8ct3hb HTTP/1.1 --> 204 NO_CONTENT (referrer: -; agent: python-requests/2.9.1)
Sep 17 16:19:20 mas01 sh[18578]: 2018-09-17 16:19:20 regiond: [info] 192.168.11.37 POST /MAAS/metadata/status/fkfxd8 HTTP/1.1 --> 204 NO_CONTENT (referrer: -; agent: python-requests/2.9.1)
Sep 17 16:19:20 mas01 sh[18578]: 2018-09-17 16:19:20 regiond: [info] 192.168.11.37 POST /MAAS/metadata/status/fkfxd8 HTTP/1.1 --> 204 NO_CONTENT (referrer: -; agent: python-requests/2.9.1)
Sep 17 16:19:20 mas01 sh[18578]: 2018-09-17 16:19:20 regiond: [info] 192.168.11.36 POST /MAAS/metadata/status/8ct3hb HTTP/1.1 --> 204 NO_CONTENT (referrer: -; agent: python-requests/2.9.1)
Sep 17 16:19:20 mas01 sh[18235]: 2018-09-17 16:19:20 regiond: [info] 192.168.11.37 POST /MAAS/metadata/status/fkfxd8 HTTP/1.1 --> 204 NO_CONTENT (referrer: -; agent: python-requests/2.9.1)
Sep 17 16:19:20 mas01 sh[18578]: 2018-09-17 16:19:20 regiond: [info] 192.168.11.36 POST /MAAS/metadata/status/8ct3hb HTTP/1.1 --> 204 NO_CONTENT (referrer: -; agent: python-requests/2.9.1)
Sep 17 16:19:20 mas01 sh[18578]: 2018-09-17 16:19:20 regiond: [info] 192.168.11.37 POST /MAAS/metadata/status/fkfxd8 HTTP/1.1 --> 204 NO_CONTENT (referrer: -; agent: python-requests/2.9.1)
Sep 17 16:19:20 mas01 sh[18578]: 2018-09-17 16:19:20 regiond: [info] 192.168.11.36 POST /MAAS/metadata/status/8ct3hb HTTP/1.1 --> 204 NO_CONTENT (referrer: -; agent: python-requests/2.9.1)
Sep 17 16:19:20 mas01 sh[18231]: 2018-09-17 16:19:20 regiond: [info] 192.168.11.37 POST /MAAS/metadata/status/fkfxd8 HTTP/1.1 --> 204 NO_CONTENT (referrer: -; agent: python-requests/2.9.1)
Sep 17 16:19:20 mas01 sh[18240]: 2018-09-17 16:19:20 regiond: [info] 192.168.11.37 POST /MAAS/metadata/status/fkfxd8 HTTP/1.1 --> 204 NO_CONTENT (referrer: -; agent: python-requests/2.9.1)
Sep 17 16:19:20 mas01 sh[18235]: 2018-09-17 16:19:20 regiond: [info] 192.168.11.36 POST /MAAS/metadata/status/8ct3hb HTTP/1.1 --> 204 NO_CONTENT (referrer: -; agent: python-requests/2.9.1)
Sep 17 16:19:20 mas01 sh[18578]: 2018-09-17 16:19:20 regiond: [info] 192.168.11.37 POST /MAAS/metadata/status/fkfxd8 HTTP/1.1 --> 204 NO_CONTENT (referrer: -; agent: python-requests/2.9.1)
Sep 17 16:19:20 mas01 sh[18231]: 2018-09-17 16:19:20 regiond: [info] 192.168.11.36 POST /MAAS/metadata/status/8ct3hb HTTP/1.1 --> 204 NO_CONTENT (referrer: -; agent: python-requests/2.9.1)
Sep 17 16:19:20 mas01 sh[18240]: 2018-09-17 16:19:20 regiond: [info] 192.168.11.37 POST /MAAS/metadata/status/fkfxd8 HTTP/1.1 --> 204 NO_CONTENT (referrer: -; agent: python-requests/2.9.1)
Sep 17 16:19:20 mas01 sh[18578]: 2018-09-17 16:19:20 regiond: [info] 192.168.11.36 POST /MAAS/metadata/status/8ct3hb HTTP/1.1 --> 204 NO_CONTENT (referrer: -; agent: python-requests/2.9.1)
Sep 17 16:19:20 mas01 sh[18578]: 2018-09-17 16:19:20 regiond: [info] 192.168.11.37 POST /MAAS/metadata/status/fkfxd8 HTTP/1.1 --> 204 NO_CONTENT (referrer: -; agent: python-requests/2.9.1)
Sep 17 16:19:20 mas01 sh[18231]: 2018-09-17 16:19:20 regiond: [info] 192.168.11.36 POST /MAAS/metadata/status/8ct3hb HTTP/1.1 --> 204 NO_CONTENT (referrer: -; agent: python-requests/2.9.1)
Sep 17 16:19:20 mas01 sh[18231]: message repeated 2 times: [ 2018-09-17 16:19:20 regiond: [info] 192.168.11.36 POST /MAAS/metadata/status/8ct3hb HTTP/1.1 --> 204 NO_CONTENT (referrer: -; agent: python-requests/2.9.1)]
Sep 17 16:19:20 mas01 sh[18240]: 2018-09-17 16:19:20 regiond: [info] 192.168.11.37 POST /MAAS/metadata/status/fkfxd8 HTTP/1.1 --> 204 NO_CONTENT (referrer: -; agent: python-requests/2.9.1)
Sep 17 16:19:20 mas01 sh[18578]: 2018-09-17 16:19:20 regiond: [info] 192.168.11.37 POST /MAAS/metadata/status/fkfxd8 HTTP/1.1 --> 204 NO_CONTENT (referrer: -; agent: python-requests/2.9.1)
Sep 17 16:19:20 mas01 sh[18231]: 2018-09-17 16:19:20 regiond: [info] 192.168.11.36 POST /MAAS/metadata/status/8ct3hb HTTP/1.1 --> 204 NO_CONTENT (referrer: -; agent: python-requests/2.9.1)
Sep 17 16:19:20 mas01 sh[18240]: 2018-09-17 16:19:20 regiond: [info] 192.168.11.36 POST /MAAS/metadata/status/8ct3hb HTTP/1.1 --> 204 NO_CONTENT (referrer: -; agent: python-requests/2.9.1)
Sep 17 16:19:20 mas01 sh[18578]: 2018-09-17 16:19:20 regiond: [info] 192.168.11.37 POST /MAAS/metadata/status/fkfxd8 HTTP/1.1 --> 204 NO_CONTENT (referrer: -; agent: python-requests/2.9.1)
Sep 17 16:19:20 mas01 sh[18235]: 2018-09-17 16:19:20 regiond: [info] 192.168.11.36 POST /MAAS/metadata/status/8ct3hb HTTP/1.1 --> 204 NO_CONTENT (referrer: -; agent: python-requests/2.9.1)
Sep 17 16:19:20 mas01 sh[18240]: 2018-09-17 16:19:20 regiond: [info] 192.168.11.37 POST /MAAS/metadata/status/fkfxd8 HTTP/1.1 --> 204 NO_CONTENT (referrer: -; agent: python-requests/2.9.1)
Sep 17 16:19:20 mas01 sh[18231]: 2018-09-17 16:19:20 regiond: [info] 192.168.11.36 POST /MAAS/metadata/status/8ct3hb HTTP/1.1 --> 204 NO_CONTENT (referrer: -; agent: python-requests/2.9.1)
Sep 17 16:19:20 mas01 sh[18578]: 2018-09-17 16:19:20 regiond: [info] 192.168.11.37 POST /MAAS/metadata/status/fkfxd8 HTTP/1.1 --> 204 NO_CONTENT (referrer: -; agent: python-requests/2.9.1)
Sep 17 16:19:20 mas01 sh[18235]: 2018-09-17 16:19:20 regiond: [info] 192.168.11.37 POST /MAAS/metadata/status/fkfxd8 HTTP/1.1 --> 204 NO_CONTENT (referrer: -; agent: python-requests/2.9.1)
Sep 17 16:19:20 mas01 sh[18578]: 2018-09-17 16:19:20 regiond: [info] 192.168.11.36 POST /MAAS/metadata/status/8ct3hb HTTP/1.1 --> 204 NO_CONTENT (referrer: -; agent: python-requests/2.9.1)
Sep 17 16:19:20 mas01 sh[18235]: 2018-09-17 16:19:20 regiond: [info] 192.168.11.37 POST /MAAS/metadata/status/fkfxd8 HTTP/1.1 --> 204 NO_CONTENT (referrer: -; agent: python-requests/2.9.1)
Sep 17 16:19:20 mas01 sh[18235]: 2018-09-17 16:19:20 regiond: [info] 192.168.11.37 POST /MAAS/metadata/status/fkfxd8 HTTP/1.1 --> 204 NO_CONTENT (referrer: -; agent: python-requests/2.9.1)
Sep 17 16:19:20 mas01 sh[18578]: 2018-09-17 16:19:20 regiond: [info] 192.168.11.36 POST /MAAS/metadata/status/8ct3hb HTTP/1.1 --> 204 NO_CONTENT (referrer: -; agent: python-requests/2.9.1)
Sep 17 16:19:20 mas01 sh[18240]: 2018-09-17 16:19:20 regiond: [info] 192.168.11.37 POST /MAAS/metadata/status/fkfxd8 HTTP/1.1 --> 204 NO_CONTENT (referrer: -; agent: python-requests/2.9.1)
Sep 17 16:19:20 mas01 sh[18235]: 2018-09-17 16:19:20 regiond: [info] 192.168.11.36 POST /MAAS/metadata/status/8ct3hb HTTP/1.1 --> 204 NO_CONTENT (referrer: -; agent: python-requests/2.9.1)
Sep 17 16:19:20 mas01 sh[18231]: 2018-09-17 16:19:20 regiond: [info] 192.168.11.37 POST /MAAS/metadata/status/fkfxd8 HTTP/1.1 --> 204 NO_CONTENT (referrer: -; agent: python-requests/2.9.1)
Sep 17 16:19:20 mas01 sh[18231]: 2018-09-17 16:19:20 regiond: [info] 192.168.11.36 POST /MAAS/metadata/status/8ct3hb HTTP/1.1 --> 204 NO_CONTENT (referrer: -; agent: python-requests/2.9.1)
Sep 17 16:19:20 mas01 sh[18578]: 2018-09-17 16:19:20 regiond: [info] 192.168.11.37 POST /MAAS/metadata/status/fkfxd8 HTTP/1.1 --> 204 NO_CONTENT (referrer: -; agent: python-requests/2.9.1)
Sep 17 16:19:20 mas01 sh[18235]: 2018-09-17 16:19:20 regiond: [info] 192.168.11.36 POST /MAAS/metadata/status/8ct3hb HTTP/1.1 --> 204 NO_CONTENT (referrer: -; agent: python-requests/2.9.1)
Sep 17 16:19:20 mas01 sh[18578]: 2018-09-17 16:19:20 regiond: [info] 192.168.11.37 POST /MAAS/metadata/status/fkfxd8 HTTP/1.1 --> 204 NO_CONTENT (referrer: -; agent: python-requests/2.9.1)
Sep 17 16:19:20 mas01 sh[18578]: 2018-09-17 16:19:20 regiond: [info] 192.168.11.36 POST /MAAS/metadata/status/8ct3hb HTTP/1.1 --> 204 NO_CONTENT (referrer: -; agent: python-requests/2.9.1)
Sep 17 16:19:20 mas01 sh[18235]: 2018-09-17 16:19:20 regiond: [info] 192.168.11.36 POST /MAAS/metadata/status/8ct3hb HTTP/1.1 --> 204 NO_CONTENT (referrer: -; agent: python-requests/2.9.1)
Sep 17 16:19:20 mas01 sh[18240]: 2018-09-17 16:19:20 regiond: [info] 192.168.11.37 POST /MAAS/metadata/status/fkfxd8 HTTP/1.1 --> 204 NO_CONTENT (referrer: -; agent: python-requests/2.9.1)
Sep 17 16:19:20 mas01 sh[18240]: 2018-09-17 16:19:20 regiond: [info] 192.168.11.36 POST /MAAS/metadata/status/8ct3hb HTTP/1.1 --> 204 NO_CONTENT (referrer: -; agent: python-requests/2.9.1)
Sep 17 16:19:20 mas01 sh[18578]: 2018-09-17 16:19:20 regiond: [info] 192.168.11.37 POST /MAAS/metadata/status/fkfxd8 HTTP/1.1 --> 204 NO_CONTENT (referrer: -; agent: python-requests/2.9.1)
Sep 17 16:19:20 mas01 sh[18231]: 2018-09-17 16:19:20 regiond: [info] 192.168.11.37 POST /MAAS/metadata/status/fkfxd8 HTTP/1.1 --> 204 NO_CONTENT (referrer: -; agent: python-requests/2.9.1)
Sep 17 16:19:20 mas01 sh[18240]: 2018-09-17 16:19:20 regiond: [info] 192.168.11.36 POST /MAAS/metadata/status/8ct3hb HTTP/1.1 --> 204 NO_CONTENT (referrer: -; agent: python-requests/2.9.1)
Sep 17 16:19:20 mas01 sh[18240]: 2018-09-17 16:19:20 regiond: [info] 192.168.11.37 POST /MAAS/metadata/status/fkfxd8 HTTP/1.1 --> 204 NO_CONTENT (referrer: -; agent: python-requests/2.9.1)
Sep 17 16:19:20 mas01 sh[18235]: 2018-09-17 16:19:20 regiond: [info] 192.168.11.36 POST /MAAS/metadata/status/8ct3hb HTTP/1.1 --> 204 NO_CONTENT (referrer: -; agent: python-requests/2.9.1)
Sep 17 16:19:20 mas01 sh[18240]: 2018-09-17 16:19:20 regiond: [info] 192.168.11.36 POST /MAAS/metadata/status/8ct3hb HTTP/1.1 --> 204 NO_CONTENT (referrer: -; agent: python-requests/2.9.1)
Sep 17 16:19:20 mas01 sh[18240]: 2018-09-17 16:19:20 regiond: [info] 192.168.11.36 POST /MAAS/metadata/status/8ct3hb HTTP/1.1 --> 204 NO_CONTENT (referrer: -; agent: python-requests/2.9.1)
Sep 17 16:19:20 mas01 sh[18578]: 2018-09-17 16:19:20 regiond: [info] 192.168.11.37 POST /MAAS/metadata/status/fkfxd8 HTTP/1.1 --> 204 NO_CONTENT (referrer: -; agent: python-requests/2.9.1)
Sep 17 16:19:20 mas01 sh[18240]: 2018-09-17 16:19:20 regiond: [info] 192.168.11.37 POST /MAAS/metadata/status/fkfxd8 HTTP/1.1 --> 204 NO_CONTENT (referrer: -; agent: python-requests/2.9.1)
Sep 17 16:19:20 mas01 sh[18578]: 2018-09-17 16:19:20 regiond: [info] 192.168.11.36 POST /MAAS/metadata/status/8ct3hb HTTP/1.1 --> 204 NO_CONTENT (referrer: -; agent: python-requests/2.9.1)
Sep 17 16:19:20 mas01 sh[18235]: 2018-09-17 16:19:20 regiond: [info] 192.168.11.36 POST /MAAS/metadata/status/8ct3hb HTTP/1.1 --> 204 NO_CONTENT (referrer: -; agent: python-requests/2.9.1)
Sep 17 16:19:20 mas01 sh[18578]: 2018-09-17 16:19:20 regiond: [info] 192.168.11.37 POST /MAAS/metadata/status/fkfxd8 HTTP/1.1 --> 204 NO_CONTENT (referrer: -; agent: python-requests/2.9.1)
Sep 17 16:19:20 mas01 sh[18240]: 2018-09-17 16:19:20 regiond: [info] 192.168.11.37 POST /MAAS/metadata/status/fkfxd8 HTTP/1.1 --> 204 NO_CONTENT (referrer: -; agent: python-requests/2.9.1)
Sep 17 16:19:20 mas01 sh[18235]: 2018-09-17 16:19:20 regiond: [info] 192.168.11.36 POST /MAAS/metadata/status/8ct3hb HTTP/1.1 --> 204 NO_CONTENT (referrer: -; agent: python-requests/2.9.1)
Sep 17 16:19:20 mas01 sh[18240]: 2018-09-17 16:19:20 regiond: [info] 192.168.11.39 POST /MAAS/metadata/status/83t3ke HTTP/1.1 --> 204 NO_CONTENT (referrer: -; agent: python-requests/2.9.1)
Sep 17 16:19:20 mas01 sh[18578]: 2018-09-17 16:19:20 regiond: [info] 192.168.11.36 POST /MAAS/metadata/status/8ct3hb HTTP/1.1 --> 204 NO_CONTENT (referrer: -; agent: python-requests/2.9.1)
Sep 17 16:19:20 mas01 sh[18235]: 2018-09-17 16:19:20 regiond: [info] 192.168.11.39 POST /MAAS/metadata/status/83t3ke HTTP/1.1 --> 204 NO_CONTENT (referrer: -; agent: python-requests/2.9.1)
Sep 17 16:19:20 mas01 sh[18231]: 2018-09-17 16:19:20 regiond: [info] 192.168.11.39 POST /MAAS/metadata/status/83t3ke HTTP/1.1 --> 204 NO_CONTENT (referrer: -; agent: python-requests/2.9.1)
Sep 17 16:19:20 mas01 sh[18231]: 2018-09-17 16:19:20 regiond: [info] 192.168.11.39 GET /MAAS/metadata/2012-03-01/meta-data/instance-id HTTP/1.1 --> 200 OK (referrer: -; agent: Cloud-Init/18.3-9-g2e62cb8a-0ubuntu1~16.04.2)
Sep 17 16:19:20 mas01 sh[18578]: 2018-09-17 16:19:20 regiond: [info] 192.168.11.39 GET /MAAS/metadata/2012-03-01/meta-data/instance-id HTTP/1.1 --> 200 OK (referrer: -; agent: python-requests/2.9.1)
Sep 17 16:19:21 mas01 sh[18231]: 2018-09-17 16:19:21 regiond: [info] 192.168.11.37 POST /MAAS/metadata/status/fkfxd8 HTTP/1.1 --> 204 NO_CONTENT (referrer: -; agent: python-requests/2.9.1)
Sep 17 16:19:21 mas01 sh[18231]: 2018-09-17 16:19:21 regiond: [info] 192.168.11.39 GET /MAAS/metadata/2012-03-01/meta-data/local-hostname HTTP/1.1 --> 200 OK (referrer: -; agent: python-requests/2.9.1)
Sep 17 16:19:21 mas01 sh[18240]: 2018-09-17 16:19:21 regiond: [info] 192.168.11.37 POST /MAAS/metadata/status/fkfxd8 HTTP/1.1 --> 204 NO_CONTENT (referrer: -; agent: python-requests/2.9.1)
Sep 17 16:19:21 mas01 sh[18235]: 2018-09-17 16:19:21 regiond: [info] 192.168.11.39 GET /MAAS/metadata/2012-03-01/meta-data/vendor-data HTTP/1.1 --> 200 OK (referrer: -; agent: python-requests/2.9.1)
Sep 17 16:19:21 mas01 sh[18240]: 2018-09-17 16:19:21 regiond: [info] 192.168.11.36 POST /MAAS/metadata/status/8ct3hb HTTP/1.1 --> 204 NO_CONTENT (referrer: -; agent: python-requests/2.9.1)
Sep 17 16:19:21 mas01 sh[18231]: 2018-09-17 16:19:21 regiond: [info] 192.168.11.39 GET /MAAS/metadata/2012-03-01/user-data HTTP/1.1 --> 200 OK (referrer: -; agent: python-requests/2.9.1)
Sep 17 16:19:21 mas01 sh[18578]: 2018-09-17 16:19:21 regiond: [info] 192.168.11.39 POST /MAAS/metadata/status/83t3ke HTTP/1.1 --> 204 NO_CONTENT (referrer: -; agent: python-requests/2.9.1)
Sep 17 16:19:21 mas01 sh[18231]: 2018-09-17 16:19:21 regiond: [info] 192.168.11.36 POST /MAAS/metadata/status/8ct3hb HTTP/1.1 --> 204 NO_CONTENT (referrer: -; agent: python-requests/2.9.1)
Sep 17 16:19:21 mas01 sh[18240]: 2018-09-17 16:19:21 regiond: [info] 192.168.11.39 POST /MAAS/metadata/status/83t3ke HTTP/1.1 --> 204 NO_CONTENT (referrer: -; agent: python-requests/2.9.1)
Sep 17 16:19:21 mas01 sh[18578]: 2018-09-17 16:19:21 regiond: [info] 192.168.11.39 POST /MAAS/metadata/status/83t3ke HTTP/1.1 --> 204 NO_CONTENT (referrer: -; agent: python-requests/2.9.1)
Sep 17 16:19:21 mas01 sh[18578]: 2018-09-17 16:19:21 regiond: [info] 192.168.11.39 POST /MAAS/metadata/status/83t3ke HTTP/1.1 --> 204 NO_CONTENT (referrer: -; agent: python-requests/2.9.1)
Sep 17 16:19:21 mas01 sh[18231]: 2018-09-17 16:19:21 regiond: [info] 192.168.11.39 POST /MAAS/metadata/status/83t3ke HTTP/1.1 --> 204 NO_CONTENT (referrer: -; agent: python-requests/2.9.1)
Sep 17 16:19:21 mas01 sh[18231]: 2018-09-17 16:19:21 regiond: [info] 192.168.11.39 POST /MAAS/metadata/status/83t3ke HTTP/1.1 --> 204 NO_CONTENT (referrer: -; agent: python-requests/2.9.1)
Sep 17 16:19:21 mas01 sh[18578]: 2018-09-17 16:19:21 regiond: [info] 192.168.11.39 POST /MAAS/metadata/status/83t3ke HTTP/1.1 --> 204 NO_CONTENT (referrer: -; agent: python-requests/2.9.1)
Sep 17 16:19:21 mas01 sh[18240]: 2018-09-17 16:19:21 regiond: [info] 192.168.11.39 POST /MAAS/metadata/status/83t3ke HTTP/1.1 --> 204 NO_CONTENT (referrer: -; agent: python-requests/2.9.1)
Sep 17 16:19:21 mas01 sh[18578]: 2018-09-17 16:19:21 regiond: [info] 192.168.11.39 POST /MAAS/metadata/status/83t3ke HTTP/1.1 --> 204 NO_CONTENT (referrer: -; agent: python-requests/2.9.1)
Sep 17 16:19:21 mas01 sh[18578]: message repeated 2 times: [ 2018-09-17 16:19:21 regiond: [info] 192.168.11.39 POST /MAAS/metadata/status/83t3ke HTTP/1.1 --> 204 NO_CONTENT (referrer: -; agent: python-requests/2.9.1)]
Sep 17 16:19:21 mas01 sh[18240]: 2018-09-17 16:19:21 regiond: [info] 192.168.11.39 POST /MAAS/metadata/status/83t3ke HTTP/1.1 --> 204 NO_CONTENT (referrer: -; agent: python-requests/2.9.1)
Sep 17 16:19:21 mas01 sh[18235]: 2018-09-17 16:19:21 regiond: [info] 192.168.11.39 POST /MAAS/metadata/status/83t3ke HTTP/1.1 --> 204 NO_CONTENT (referrer: -; agent: python-requests/2.9.1)
Sep 17 16:19:21 mas01 sh[18578]: 2018-09-17 16:19:21 regiond: [info] 192.168.11.39 POST /MAAS/metadata/status/83t3ke HTTP/1.1 --> 204 NO_CONTENT (referrer: -; agent: python-requests/2.9.1)
Sep 17 16:19:21 mas01 sh[18240]: 2018-09-17 16:19:21 regiond: [info] 192.168.11.39 POST /MAAS/metadata/status/83t3ke HTTP/1.1 --> 204 NO_CONTENT (referrer: -; agent: python-requests/2.9.1)
Sep 17 16:19:21 mas01 sh[18235]: 2018-09-17 16:19:21 regiond: [info] 192.168.11.39 POST /MAAS/metadata/status/83t3ke HTTP/1.1 --> 204 NO_CONTENT (referrer: -; agent: python-requests/2.9.1)
Sep 17 16:19:21 mas01 sh[18578]: 2018-09-17 16:19:21 regiond: [info] 192.168.11.39 POST /MAAS/metadata/status/83t3ke HTTP/1.1 --> 204 NO_CONTENT (referrer: -; agent: python-requests/2.9.1)
Sep 17 16:19:21 mas01 sh[18578]: message repeated 3 times: [ 2018-09-17 16:19:21 regiond: [info] 192.168.11.39 POST /MAAS/metadata/status/83t3ke HTTP/1.1 --> 204 NO_CONTENT (referrer: -; agent: python-requests/2.9.1)]
Sep 17 16:19:21 mas01 sh[18240]: 2018-09-17 16:19:21 regiond: [info] 192.168.11.39 POST /MAAS/metadata/status/83t3ke HTTP/1.1 --> 204 NO_CONTENT (referrer: -; agent: python-requests/2.9.1)
Sep 17 16:19:21 mas01 sh[18578]: 2018-09-17 16:19:21 regiond: [info] 192.168.11.39 POST /MAAS/metadata/status/83t3ke HTTP/1.1 --> 204 NO_CONTENT (referrer: -; agent: python-requests/2.9.1)
Sep 17 16:19:21 mas01 sh[18578]: 2018-09-17 16:19:21 regiond: [info] 192.168.11.39 POST /MAAS/metadata/status/83t3ke HTTP/1.1 --> 204 NO_CONTENT (referrer: -; agent: python-requests/2.9.1)
Sep 17 16:19:21 mas01 sh[18240]: 2018-09-17 16:19:21 regiond: [info] 192.168.11.39 POST /MAAS/metadata/status/83t3ke HTTP/1.1 --> 204 NO_CONTENT (referrer: -; agent: python-requests/2.9.1)
Sep 17 16:19:21 mas01 sh[18240]: 2018-09-17 16:19:21 regiond: [info] 192.168.11.39 POST /MAAS/metadata/status/83t3ke HTTP/1.1 --> 204 NO_CONTENT (referrer: -; agent: python-requests/2.9.1)
Sep 17 16:19:21 mas01 sh[18231]: 2018-09-17 16:19:21 regiond: [info] 192.168.11.39 POST /MAAS/metadata/status/83t3ke HTTP/1.1 --> 204 NO_CONTENT (referrer: -; agent: python-requests/2.9.1)
Sep 17 16:19:21 mas01 sh[18235]: 2018-09-17 16:19:21 regiond: [info] 192.168.11.39 POST /MAAS/metadata/status/83t3ke HTTP/1.1 --> 204 NO_CONTENT (referrer: -; agent: python-requests/2.9.1)
Sep 17 16:19:21 mas01 sh[18235]: message repeated 2 times: [ 2018-09-17 16:19:21 regiond: [info] 192.168.11.39 POST /MAAS/metadata/status/83t3ke HTTP/1.1 --> 204 NO_CONTENT (referrer: -; agent: python-requests/2.9.1)]
Sep 17 16:19:21 mas01 sh[18240]: 2018-09-17 16:19:21 regiond: [info] 192.168.11.39 POST /MAAS/metadata/status/83t3ke HTTP/1.1 --> 204 NO_CONTENT (referrer: -; agent: python-requests/2.9.1)
Sep 17 16:19:21 mas01 sh[18231]: 2018-09-17 16:19:21 regiond: [info] 192.168.11.39 POST /MAAS/metadata/status/83t3ke HTTP/1.1 --> 204 NO_CONTENT (referrer: -; agent: python-requests/2.9.1)
