Sep 10 13:47:43 mas01 dhcpd[22929]: execute_statement argv[6] = --ip-family
Sep 10 13:47:43 mas01 dhcpd[22929]: execute_statement argv[7] = ipv4
Sep 10 13:47:43 mas01 dhcpd[22929]: execute_statement argv[8] = --ip
Sep 10 13:47:43 mas01 dhcpd[22929]: execute_statement argv[9] = 192.168.11.37
Sep 10 13:47:43 mas01 dhcpd[22929]: execute_statement argv[10] = --lease-time
Sep 10 13:47:43 mas01 dhcpd[22929]: execute_statement argv[11] = 30
Sep 10 13:47:43 mas01 dhcpd[22929]: execute_statement argv[12] = --hostname
Sep 10 13:47:43 mas01 dhcpd[22929]: execute_statement argv[13] = (none)
Sep 10 13:47:43 mas01 dhcpd[22929]: execute_statement argv[14] = --socket
Sep 10 13:47:43 mas01 dhcpd[22929]: execute_statement argv[15] = /var/lib/maas/dhcpd.sock
Sep 10 13:47:43 mas01 dhcpd[22929]: DHCPREQUEST for 192.168.11.37 (192.168.11.3) from 00:25:b5:a0:00:5a via ens5
Sep 10 13:47:43 mas01 dhcpd[22929]: DHCPACK on 192.168.11.37 to 00:25:b5:a0:00:5a via ens5
Sep 10 13:47:43 mas01 sh[18514]: 2018-09-10 13:47:43 provisioningserver.rackdservices.tftp: [info] pxelinux.0 requested by 00:25:b5:a0:00:5a
Sep 10 13:47:43 mas01 sh[18514]: 2018-09-10 13:47:43 provisioningserver.rackdservices.tftp: [info] pxelinux.0 requested by 00:25:b5:a0:00:5a
Sep 10 13:47:43 mas01 sh[19837]: 2018-09-10 13:47:43 maasserver.rpc.leases: [info] Lease update: commit for 192.168.11.37 on 0:25:b5:a0:0:5a at 2018-09-10 13:47:43 (lease time: 30s)
Sep 10 13:47:43 mas01 sh[18514]: 2018-09-10 13:47:43 provisioningserver.rackdservices.tftp: [info] ldlinux.c32 requested by 00:25:b5:a0:00:5a
Sep 10 13:47:43 mas01 sh[18514]: 2018-09-10 13:47:43 provisioningserver.rackdservices.tftp: [info] pxelinux.cfg/f0c9cf06-d8ce-11e4-0000-10000000005f requested by 00:25:b5:a0:00:5a
Sep 10 13:47:43 mas01 sh[18514]: 2018-09-10 13:47:43 provisioningserver.rackdservices.tftp: [info] pxelinux.cfg/01-00-25-b5-a0-00-5a requested by 00:25:b5:a0:00:5a
Sep 10 13:47:43 mas01 sh[18514]: 2018-09-10 13:47:43 provisioningserver.rackdservices.tftp: [info] pxelinux.cfg/01-00-25-b5-a0-00-5a requested by 00:25:b5:a0:00:5a
Sep 10 13:47:43 mas01 sh[18514]: 2018-09-10 13:47:43 provisioningserver.rackdservices.tftp: [info] ubuntu/amd64/hwe-16.04/xenial/daily/boot-kernel requested by 00:25:b5:a0:00:5a
Sep 10 13:47:44 mas01 sh[18514]: 2018-09-10 13:47:44 provisioningserver.rackdservices.tftp: [info] ubuntu/amd64/hwe-16.04/xenial/daily/boot-initrd requested by 00:25:b5:a0:00:5a
Sep 10 13:47:45 mas01 dhcpd[22929]: DHCPDISCOVER from 00:25:b5:a0:00:4a (kvm03) via ens5
Sep 10 13:47:45 mas01 dhcpd[22929]: execute_statement argv[0] = /usr/sbin/maas-dhcp-helper
Sep 10 13:47:45 mas01 dhcpd[22929]: execute_statement argv[1] = notify
Sep 10 13:47:45 mas01 dhcpd[22929]: execute_statement argv[2] = --action
Sep 10 13:47:45 mas01 dhcpd[22929]: execute_statement argv[3] = commit
Sep 10 13:47:45 mas01 dhcpd[22929]: execute_statement argv[4] = --mac
Sep 10 13:47:45 mas01 dhcpd[22929]: execute_statement argv[5] = 0:25:b5:a0:0:2a
Sep 10 13:47:45 mas01 dhcpd[22929]: execute_statement argv[6] = --ip-family
Sep 10 13:47:45 mas01 dhcpd[22929]: execute_statement argv[7] = ipv4
Sep 10 13:47:45 mas01 dhcpd[22929]: execute_statement argv[8] = --ip
Sep 10 13:47:45 mas01 dhcpd[22929]: execute_statement argv[9] = 192.168.11.38
Sep 10 13:47:45 mas01 dhcpd[22929]: execute_statement argv[10] = --lease-time
Sep 10 13:47:45 mas01 dhcpd[22929]: execute_statement argv[11] = 30
Sep 10 13:47:45 mas01 dhcpd[22929]: execute_statement argv[12] = --hostname
Sep 10 13:47:45 mas01 dhcpd[22929]: execute_statement argv[13] = (none)
Sep 10 13:47:45 mas01 dhcpd[22929]: execute_statement argv[14] = --socket
Sep 10 13:47:45 mas01 dhcpd[22929]: execute_statement argv[15] = /var/lib/maas/dhcpd.sock
Sep 10 13:47:45 mas01 dhcpd[22929]: DHCPREQUEST for 192.168.11.38 (192.168.11.3) from 00:25:b5:a0:00:2a via ens5
Sep 10 13:47:45 mas01 dhcpd[22929]: DHCPACK on 192.168.11.38 to 00:25:b5:a0:00:2a via ens5
Sep 10 13:47:45 mas01 sh[18514]: 2018-09-10 13:47:45 provisioningserver.rackdservices.tftp: [info] pxelinux.0 requested by 00:25:b5:a0:00:2a
Sep 10 13:47:45 mas01 sh[18514]: 2018-09-10 13:47:45 provisioningserver.rackdservices.tftp: [info] pxelinux.0 requested by 00:25:b5:a0:00:2a
Sep 10 13:47:45 mas01 sh[19837]: 2018-09-10 13:47:45 maasserver.rpc.leases: [info] Lease update: commit for 192.168.11.38 on 0:25:b5:a0:0:2a at 2018-09-10 13:47:45 (lease time: 30s)
Sep 10 13:47:45 mas01 sh[18514]: 2018-09-10 13:47:45 provisioningserver.rackdservices.tftp: [info] ldlinux.c32 requested by 00:25:b5:a0:00:2a
Sep 10 13:47:45 mas01 sh[18514]: 2018-09-10 13:47:45 provisioningserver.rackdservices.tftp: [info] pxelinux.cfg/f0c9cf06-d8ce-11e4-0000-10000000006f requested by 00:25:b5:a0:00:2a
Sep 10 13:47:45 mas01 sh[18514]: 2018-09-10 13:47:45 provisioningserver.rackdservices.tftp: [info] pxelinux.cfg/01-00-25-b5-a0-00-2a requested by 00:25:b5:a0:00:2a
Sep 10 13:47:46 mas01 sh[18514]: 2018-09-10 13:47:46 provisioningserver.rackdservices.tftp: [info] ubuntu/amd64/hwe-16.04/xenial/daily/boot-kernel requested by 00:25:b5:a0:00:2a
Sep 10 13:47:46 mas01 dhcpd[22929]: DHCPOFFER on 192.168.11.39 to 00:25:b5:a0:00:4a via ens5
Sep 10 13:47:47 mas01 sh[19010]: 2018-09-10 13:47:47 regiond: [info] 127.0.0.1 GET /MAAS/rpc/ HTTP/1.0 --> 200 OK (referrer: -; agent: provisioningserver.rpc.clusterservice.ClusterClientService)
Sep 10 13:47:47 mas01 salt-minion[7183]: [INFO    ] User sudo_ubuntu Executing command state.apply with jid 20180910134747475224
Sep 10 13:47:47 mas01 salt-minion[7183]: [INFO    ] Starting a new job with PID 23759
Sep 10 13:47:48 mas01 sh[18514]: 2018-09-10 13:47:48 provisioningserver.rackdservices.tftp: [info] ubuntu/amd64/hwe-16.04/xenial/daily/boot-initrd requested by 00:25:b5:a0:00:2a
Sep 10 13:47:48 mas01 salt-minion[7183]: [INFO    ] Loading fresh modules for state activity
Sep 10 13:47:48 mas01 salt-minion[7183]: [INFO    ] Running state [maas-region apikey --username opnfv > /var/lib/maas/.maas_credentials] at time 13:47:48.154708
Sep 10 13:47:48 mas01 salt-minion[7183]: [INFO    ] Executing state cmd.run for [maas-region apikey --username opnfv > /var/lib/maas/.maas_credentials]
Sep 10 13:47:48 mas01 salt-minion[7183]: [INFO    ] Executing command 'maas-region apikey --username opnfv > /var/lib/maas/.maas_credentials' in directory '/root'
Sep 10 13:47:48 mas01 dhcpd[22929]: DHCPDISCOVER from 00:25:b5:a0:00:3a (kvm02) via ens5
Sep 10 13:47:49 mas01 dhcpd[22929]: execute_statement argv[0] = /usr/sbin/maas-dhcp-helper
Sep 10 13:47:49 mas01 dhcpd[22929]: execute_statement argv[1] = notify
Sep 10 13:47:49 mas01 dhcpd[22929]: execute_statement argv[2] = --action
Sep 10 13:47:49 mas01 dhcpd[22929]: execute_statement argv[3] = commit
Sep 10 13:47:49 mas01 dhcpd[22929]: execute_statement argv[4] = --mac
Sep 10 13:47:49 mas01 dhcpd[22929]: execute_statement argv[5] = 0:25:b5:a0:0:4a
Sep 10 13:47:49 mas01 dhcpd[22929]: execute_statement argv[6] = --ip-family
Sep 10 13:47:49 mas01 dhcpd[22929]: execute_statement argv[7] = ipv4
Sep 10 13:47:49 mas01 dhcpd[22929]: execute_statement argv[8] = --ip
Sep 10 13:47:49 mas01 dhcpd[22929]: execute_statement argv[9] = 192.168.11.39
Sep 10 13:47:49 mas01 dhcpd[22929]: execute_statement argv[10] = --lease-time
Sep 10 13:47:49 mas01 dhcpd[22929]: execute_statement argv[11] = 30
Sep 10 13:47:49 mas01 dhcpd[22929]: execute_statement argv[12] = --hostname
Sep 10 13:47:49 mas01 dhcpd[22929]: execute_statement argv[13] = (none)
Sep 10 13:47:49 mas01 dhcpd[22929]: execute_statement argv[14] = --socket
Sep 10 13:47:49 mas01 dhcpd[22929]: execute_statement argv[15] = /var/lib/maas/dhcpd.sock
Sep 10 13:47:49 mas01 sh[19006]: 2018-09-10 13:47:49 maasserver.rpc.leases: [info] Lease update: commit for 192.168.11.39 on 0:25:b5:a0:0:4a at 2018-09-10 13:47:49 (lease time: 30s)
Sep 10 13:47:49 mas01 dhcpd[22929]: DHCPREQUEST for 192.168.11.39 (192.168.11.3) from 00:25:b5:a0:00:4a via ens5
Sep 10 13:47:49 mas01 dhcpd[22929]: DHCPACK on 192.168.11.39 to 00:25:b5:a0:00:4a via ens5
Sep 10 13:47:49 mas01 sh[18514]: 2018-09-10 13:47:49 provisioningserver.rackdservices.tftp: [info] pxelinux.0 requested by 00:25:b5:a0:00:4a
Sep 10 13:47:49 mas01 sh[18514]: 2018-09-10 13:47:49 provisioningserver.rackdservices.tftp: [info] pxelinux.0 requested by 00:25:b5:a0:00:4a
Sep 10 13:47:49 mas01 sh[18514]: 2018-09-10 13:47:49 provisioningserver.rackdservices.tftp: [info] ldlinux.c32 requested by 00:25:b5:a0:00:4a
Sep 10 13:47:49 mas01 sh[18514]: 2018-09-10 13:47:49 provisioningserver.rackdservices.tftp: [info] pxelinux.cfg/f0c9cf06-d8ce-11e4-0000-10000000004f requested by 00:25:b5:a0:00:4a
Sep 10 13:47:49 mas01 sh[18514]: 2018-09-10 13:47:49 provisioningserver.rackdservices.tftp: [info] pxelinux.cfg/01-00-25-b5-a0-00-4a requested by 00:25:b5:a0:00:4a
Sep 10 13:47:49 mas01 sh[18514]: 2018-09-10 13:47:49 provisioningserver.rackdservices.tftp: [info] pxelinux.cfg/01-00-25-b5-a0-00-4a requested by 00:25:b5:a0:00:4a
Sep 10 13:47:49 mas01 dhcpd[22929]: DHCPOFFER on 192.168.11.40 to 00:25:b5:a0:00:3a via ens5
Sep 10 13:47:49 mas01 sh[18514]: 2018-09-10 13:47:49 provisioningserver.rackdservices.tftp: [info] ubuntu/amd64/hwe-16.04/xenial/daily/boot-kernel requested by 00:25:b5:a0:00:4a
Sep 10 13:47:49 mas01 salt-minion[7183]: [INFO    ] {'pid': 23768, 'retcode': 0, 'stderr': '', 'stdout': ''}
Sep 10 13:47:49 mas01 salt-minion[7183]: [INFO    ] Completed state [maas-region apikey --username opnfv > /var/lib/maas/.maas_credentials] at time 13:47:49.814954 duration_in_ms=1660.245
Sep 10 13:47:49 mas01 salt-minion[7183]: [INFO    ] Running state [maas.machines_status] at time 13:47:49.816503
Sep 10 13:47:49 mas01 salt-minion[7183]: [INFO    ] Executing state module.run for [maas.machines_status]
Sep 10 13:47:49 mas01 salt-minion[7183]: [WARNING ] The function "module.run" is using its deprecated version and will expire in version "Sodium".
Sep 10 13:47:50 mas01 ntpd[19969]: Soliciting pool server 91.189.91.157
Sep 10 13:47:50 mas01 salt-minion[7183]: [INFO    ] {'ret': {'machines': [{'status': 'Deploying', 'hostname': u'cmp002', 'system_id': u'kqcngr'}, {'status': 'Deploying', 'hostname': u'cmp001', 'system_id': u'6epfhh'}, {'status': 'Deploying', 'hostname': u'kvm01', 'system_id': u'n34ckr'}, {'status': 'Deploying', 'hostname': u'kvm03', 'system_id': u'nngcrb'}, {'status': 'Deploying', 'hostname': u'kvm02', 'system_id': u'nr7b7y'}], 'summary': Counter({'Deploying': 5})}}
Sep 10 13:47:50 mas01 salt-minion[7183]: [INFO    ] Completed state [maas.machines_status] at time 13:47:50.228588 duration_in_ms=412.084
Sep 10 13:47:50 mas01 salt-minion[7183]: [INFO    ] Returning information for job: 20180910134747475224
Sep 10 13:47:51 mas01 sh[18514]: 2018-09-10 13:47:51 provisioningserver.rackdservices.tftp: [info] ubuntu/amd64/hwe-16.04/xenial/daily/boot-initrd requested by 00:25:b5:a0:00:4a
Sep 10 13:47:52 mas01 dhcpd[22929]: execute_statement argv[0] = /usr/sbin/maas-dhcp-helper
Sep 10 13:47:52 mas01 dhcpd[22929]: execute_statement argv[1] = notify
Sep 10 13:47:52 mas01 dhcpd[22929]: execute_statement argv[2] = --action
Sep 10 13:47:52 mas01 dhcpd[22929]: execute_statement argv[3] = commit
Sep 10 13:47:52 mas01 dhcpd[22929]: execute_statement argv[4] = --mac
Sep 10 13:47:52 mas01 dhcpd[22929]: execute_statement argv[5] = 0:25:b5:a0:0:3a
Sep 10 13:47:52 mas01 dhcpd[22929]: execute_statement argv[6] = --ip-family
Sep 10 13:47:52 mas01 dhcpd[22929]: execute_statement argv[7] = ipv4
Sep 10 13:47:52 mas01 dhcpd[22929]: execute_statement argv[8] = --ip
Sep 10 13:47:52 mas01 dhcpd[22929]: execute_statement argv[9] = 192.168.11.40
Sep 10 13:47:52 mas01 dhcpd[22929]: execute_statement argv[10] = --lease-time
Sep 10 13:47:52 mas01 dhcpd[22929]: execute_statement argv[11] = 30
Sep 10 13:47:52 mas01 dhcpd[22929]: execute_statement argv[12] = --hostname
Sep 10 13:47:52 mas01 dhcpd[22929]: execute_statement argv[13] = (none)
Sep 10 13:47:52 mas01 dhcpd[22929]: execute_statement argv[14] = --socket
Sep 10 13:47:52 mas01 dhcpd[22929]: execute_statement argv[15] = /var/lib/maas/dhcpd.sock
Sep 10 13:47:52 mas01 dhcpd[22929]: DHCPREQUEST for 192.168.11.40 (192.168.11.3) from 00:25:b5:a0:00:3a via ens5
Sep 10 13:47:52 mas01 dhcpd[22929]: DHCPACK on 192.168.11.40 to 00:25:b5:a0:00:3a via ens5
Sep 10 13:47:52 mas01 sh[18514]: 2018-09-10 13:47:52 provisioningserver.rackdservices.tftp: [info] pxelinux.0 requested by 00:25:b5:a0:00:3a
Sep 10 13:47:52 mas01 sh[18514]: 2018-09-10 13:47:52 provisioningserver.rackdservices.tftp: [info] pxelinux.0 requested by 00:25:b5:a0:00:3a
Sep 10 13:47:52 mas01 sh[18514]: 2018-09-10 13:47:52 provisioningserver.rackdservices.tftp: [info] ldlinux.c32 requested by 00:25:b5:a0:00:3a
Sep 10 13:47:52 mas01 sh[19837]: 2018-09-10 13:47:52 maasserver.rpc.leases: [info] Lease update: commit for 192.168.11.40 on 0:25:b5:a0:0:3a at 2018-09-10 13:47:52 (lease time: 30s)
Sep 10 13:47:52 mas01 sh[18514]: 2018-09-10 13:47:52 provisioningserver.rackdservices.tftp: [info] pxelinux.cfg/f0c9cf06-d8ce-11e4-0000-10000000007f requested by 00:25:b5:a0:00:3a
Sep 10 13:47:52 mas01 sh[18514]: 2018-09-10 13:47:52 provisioningserver.rackdservices.tftp: [info] pxelinux.cfg/01-00-25-b5-a0-00-3a requested by 00:25:b5:a0:00:3a
Sep 10 13:47:53 mas01 sh[18514]: 2018-09-10 13:47:53 provisioningserver.rackdservices.tftp: [info] pxelinux.cfg/01-00-25-b5-a0-00-3a requested by 00:25:b5:a0:00:3a
Sep 10 13:47:53 mas01 sh[18514]: 2018-09-10 13:47:53 provisioningserver.rackdservices.tftp: [info] ubuntu/amd64/hwe-16.04/xenial/daily/boot-kernel requested by 00:25:b5:a0:00:3a
Sep 10 13:47:55 mas01 sh[18514]: 2018-09-10 13:47:55 provisioningserver.rackdservices.tftp: [info] ubuntu/amd64/hwe-16.04/xenial/daily/boot-initrd requested by 00:25:b5:a0:00:3a
Sep 10 13:47:58 mas01 sh[19837]: 2018-09-10 13:47:58 maasserver.regiondservices.active_discovery: [info] Active network discovery: Active scanning is not enabled on any subnet. Skipping periodic scan.
Sep 10 13:48:00 mas01 salt-minion[7183]: [INFO    ] User sudo_ubuntu Executing command state.apply with jid 20180910134800744163
Sep 10 13:48:00 mas01 salt-minion[7183]: [INFO    ] Starting a new job with PID 23839
Sep 10 13:48:04 mas01 salt-minion[7183]: [INFO    ] Loading fresh modules for state activity
Sep 10 13:48:04 mas01 salt-minion[7183]: [INFO    ] Running state [maas-region apikey --username opnfv > /var/lib/maas/.maas_credentials] at time 13:48:04.543859
Sep 10 13:48:04 mas01 salt-minion[7183]: [INFO    ] Executing state cmd.run for [maas-region apikey --username opnfv > /var/lib/maas/.maas_credentials]
Sep 10 13:48:04 mas01 salt-minion[7183]: [INFO    ] Executing command 'maas-region apikey --username opnfv > /var/lib/maas/.maas_credentials' in directory '/root'
Sep 10 13:48:05 mas01 dhcpd[22929]: DHCPDISCOVER from 00:25:b5:a0:00:6a via ens5
Sep 10 13:48:05 mas01 dhcpd[22929]: DHCPOFFER on 192.168.11.36 to 00:25:b5:a0:00:6a (cmp002) via ens5
Sep 10 13:48:05 mas01 dhcpd[22929]: execute_statement argv[0] = /usr/sbin/maas-dhcp-helper
Sep 10 13:48:05 mas01 dhcpd[22929]: execute_statement argv[1] = notify
Sep 10 13:48:05 mas01 dhcpd[22929]: execute_statement argv[2] = --action
Sep 10 13:48:05 mas01 dhcpd[22929]: execute_statement argv[3] = commit
Sep 10 13:48:05 mas01 dhcpd[22929]: execute_statement argv[4] = --mac
Sep 10 13:48:05 mas01 dhcpd[22929]: execute_statement argv[5] = 0:25:b5:a0:0:6a
Sep 10 13:48:05 mas01 dhcpd[22929]: execute_statement argv[6] = --ip-family
Sep 10 13:48:05 mas01 dhcpd[22929]: execute_statement argv[7] = ipv4
Sep 10 13:48:05 mas01 dhcpd[22929]: execute_statement argv[8] = --ip
Sep 10 13:48:05 mas01 dhcpd[22929]: execute_statement argv[9] = 192.168.11.36
Sep 10 13:48:05 mas01 dhcpd[22929]: execute_statement argv[10] = --lease-time
Sep 10 13:48:05 mas01 dhcpd[22929]: execute_statement argv[11] = 600
Sep 10 13:48:05 mas01 dhcpd[22929]: execute_statement argv[12] = --hostname
Sep 10 13:48:05 mas01 dhcpd[22929]: execute_statement argv[13] = cmp002
Sep 10 13:48:05 mas01 dhcpd[22929]: execute_statement argv[14] = --socket
Sep 10 13:48:05 mas01 dhcpd[22929]: execute_statement argv[15] = /var/lib/maas/dhcpd.sock
Sep 10 13:48:05 mas01 dhcpd[22929]: DHCPREQUEST for 192.168.11.36 (192.168.11.3) from 00:25:b5:a0:00:6a (cmp002) via ens5
Sep 10 13:48:05 mas01 dhcpd[22929]: DHCPACK on 192.168.11.36 to 00:25:b5:a0:00:6a (cmp002) via ens5
Sep 10 13:48:05 mas01 dhcpd[22929]: DHCPDISCOVER from 00:25:b5:a0:00:5a via ens5
Sep 10 13:48:05 mas01 dhcpd[22929]: DHCPOFFER on 192.168.11.37 to 00:25:b5:a0:00:5a (cmp001) via ens5
Sep 10 13:48:05 mas01 dhcpd[22929]: execute_statement argv[0] = /usr/sbin/maas-dhcp-helper
Sep 10 13:48:05 mas01 dhcpd[22929]: execute_statement argv[1] = notify
Sep 10 13:48:05 mas01 dhcpd[22929]: execute_statement argv[2] = --action
Sep 10 13:48:05 mas01 dhcpd[22929]: execute_statement argv[3] = commit
Sep 10 13:48:05 mas01 dhcpd[22929]: execute_statement argv[4] = --mac
Sep 10 13:48:05 mas01 dhcpd[22929]: execute_statement argv[5] = 0:25:b5:a0:0:5a
Sep 10 13:48:05 mas01 dhcpd[22929]: execute_statement argv[6] = --ip-family
Sep 10 13:48:05 mas01 dhcpd[22929]: execute_statement argv[7] = ipv4
Sep 10 13:48:05 mas01 dhcpd[22929]: execute_statement argv[8] = --ip
Sep 10 13:48:05 mas01 dhcpd[22929]: execute_statement argv[9] = 192.168.11.37
Sep 10 13:48:05 mas01 dhcpd[22929]: execute_statement argv[10] = --lease-time
Sep 10 13:48:05 mas01 dhcpd[22929]: execute_statement argv[11] = 600
Sep 10 13:48:05 mas01 dhcpd[22929]: execute_statement argv[12] = --hostname
Sep 10 13:48:05 mas01 dhcpd[22929]: execute_statement argv[13] = cmp001
Sep 10 13:48:05 mas01 dhcpd[22929]: execute_statement argv[14] = --socket
Sep 10 13:48:05 mas01 dhcpd[22929]: execute_statement argv[15] = /var/lib/maas/dhcpd.sock
Sep 10 13:48:05 mas01 sh[19837]: 2018-09-10 13:48:05 maasserver.rpc.leases: [info] Lease update: commit for 192.168.11.36 on 0:25:b5:a0:0:6a at 2018-09-10 13:48:05 (lease time: 600s) (hostname: cmp002)
Sep 10 13:48:05 mas01 dhcpd[22929]: DHCPREQUEST for 192.168.11.37 (192.168.11.3) from 00:25:b5:a0:00:5a (cmp001) via ens5
Sep 10 13:48:05 mas01 dhcpd[22929]: DHCPACK on 192.168.11.37 to 00:25:b5:a0:00:5a (cmp001) via ens5
Sep 10 13:48:05 mas01 sh[19061]: 2018-09-10 13:48:05 maasserver.rpc.leases: [info] Lease update: commit for 192.168.11.37 on 0:25:b5:a0:0:5a at 2018-09-10 13:48:05 (lease time: 600s) (hostname: cmp001)
Sep 10 13:48:05 mas01 salt-minion[7183]: [INFO    ] User sudo_ubuntu Executing command saltutil.find_job with jid 20180910134805779302
Sep 10 13:48:05 mas01 salt-minion[7183]: [INFO    ] Starting a new job with PID 23860
Sep 10 13:48:05 mas01 salt-minion[7183]: [INFO    ] Returning information for job: 20180910134805779302
Sep 10 13:48:06 mas01 sh[18514]: 2018-09-10 13:48:06 rackd: [info] 192.168.11.36 GET /images/ubuntu/amd64/hwe-16.04/xenial/daily/squashfs HTTP/1.1 --> 200 OK (referrer: -; agent: Wget)
Sep 10 13:48:06 mas01 sh[18514]: 2018-09-10 13:48:06 rackd: [info] 192.168.11.37 GET /images/ubuntu/amd64/hwe-16.04/xenial/daily/squashfs HTTP/1.1 --> 200 OK (referrer: -; agent: Wget)
Sep 10 13:48:06 mas01 salt-minion[7183]: [INFO    ] {'pid': 23847, 'retcode': 0, 'stderr': '', 'stdout': ''}
Sep 10 13:48:06 mas01 salt-minion[7183]: [INFO    ] Completed state [maas-region apikey --username opnfv > /var/lib/maas/.maas_credentials] at time 13:48:06.249306 duration_in_ms=1705.447
Sep 10 13:48:06 mas01 salt-minion[7183]: [INFO    ] Running state [maas.machines_status] at time 13:48:06.250806
Sep 10 13:48:06 mas01 salt-minion[7183]: [INFO    ] Executing state module.run for [maas.machines_status]
Sep 10 13:48:06 mas01 salt-minion[7183]: [WARNING ] The function "module.run" is using its deprecated version and will expire in version "Sodium".
Sep 10 13:48:07 mas01 sh[19837]: 2018-09-10 13:48:07 regiond: [info] 127.0.0.1 GET /MAAS/api/2.0/machines/ HTTP/1.1 --> 200 OK (referrer: -; agent: Python-urllib/2.7)
Sep 10 13:48:07 mas01 salt-minion[7183]: [INFO    ] {'ret': {'machines': [{'status': 'Deploying', 'hostname': u'cmp002', 'system_id': u'kqcngr'}, {'status': 'Deploying', 'hostname': u'cmp001', 'system_id': u'6epfhh'}, {'status': 'Deploying', 'hostname': u'kvm01', 'system_id': u'n34ckr'}, {'status': 'Deploying', 'hostname': u'kvm03', 'system_id': u'nngcrb'}, {'status': 'Deploying', 'hostname': u'kvm02', 'system_id': u'nr7b7y'}], 'summary': Counter({'Deploying': 5})}}
Sep 10 13:48:07 mas01 salt-minion[7183]: [INFO    ] Completed state [maas.machines_status] at time 13:48:07.138527 duration_in_ms=887.718
Sep 10 13:48:07 mas01 salt-minion[7183]: [INFO    ] Returning information for job: 20180910134800744163
Sep 10 13:48:08 mas01 sh[19006]: 2018-09-10 13:48:08 regiond: [info] 192.168.11.36 POST /MAAS/metadata/status/kqcngr HTTP/1.1 --> 204 NO_CONTENT (referrer: -; agent: python-requests/2.9.1)
Sep 10 13:48:08 mas01 sh[19837]: 2018-09-10 13:48:08 regiond: [info] 192.168.11.36 POST /MAAS/metadata/status/kqcngr HTTP/1.1 --> 204 NO_CONTENT (referrer: -; agent: python-requests/2.9.1)
Sep 10 13:48:08 mas01 sh[19061]: 2018-09-10 13:48:08 regiond: [info] 192.168.11.37 POST /MAAS/metadata/status/6epfhh HTTP/1.1 --> 204 NO_CONTENT (referrer: -; agent: python-requests/2.9.1)
Sep 10 13:48:09 mas01 sh[19061]: 2018-09-10 13:48:09 regiond: [info] 192.168.11.37 POST /MAAS/metadata/status/6epfhh HTTP/1.1 --> 204 NO_CONTENT (referrer: -; agent: python-requests/2.9.1)
Sep 10 13:48:09 mas01 sh[19006]: 2018-09-10 13:48:09 regiond: [info] 192.168.11.36 POST /MAAS/metadata/status/kqcngr HTTP/1.1 --> 204 NO_CONTENT (referrer: -; agent: python-requests/2.9.1)
Sep 10 13:48:09 mas01 sh[19010]: 2018-09-10 13:48:09 regiond: [info] 192.168.11.37 POST /MAAS/metadata/status/6epfhh HTTP/1.1 --> 204 NO_CONTENT (referrer: -; agent: python-requests/2.9.1)
Sep 10 13:48:09 mas01 sh[19006]: 2018-09-10 13:48:09 regiond: [info] 192.168.11.36 GET /MAAS/metadata/latest/by-id/kqcngr/?op=get_preseed HTTP/1.1 --> 200 OK (referrer: -; agent: Cloud-Init/18.3-9-g2e62cb8a-0ubuntu1~16.04.2)
Sep 10 13:48:09 mas01 sh[19010]: 2018-09-10 13:48:09 regiond: [info] 192.168.11.36 POST /MAAS/metadata/status/kqcngr HTTP/1.1 --> 204 NO_CONTENT (referrer: -; agent: python-requests/2.9.1)
Sep 10 13:48:09 mas01 sh[19837]: 2018-09-10 13:48:09 regiond: [info] 192.168.11.36 POST /MAAS/metadata/status/kqcngr HTTP/1.1 --> 204 NO_CONTENT (referrer: -; agent: python-requests/2.9.1)
Sep 10 13:48:09 mas01 sh[19061]: 2018-09-10 13:48:09 regiond: [info] 192.168.11.36 POST /MAAS/metadata/status/kqcngr HTTP/1.1 --> 204 NO_CONTENT (referrer: -; agent: python-requests/2.9.1)
Sep 10 13:48:09 mas01 sh[19006]: 2018-09-10 13:48:09 regiond: [info] 192.168.11.37 GET /MAAS/metadata/latest/by-id/6epfhh/?op=get_preseed HTTP/1.1 --> 200 OK (referrer: -; agent: Cloud-Init/18.3-9-g2e62cb8a-0ubuntu1~16.04.2)
Sep 10 13:48:09 mas01 sh[19837]: 2018-09-10 13:48:09 regiond: [info] 192.168.11.36 GET /MAAS/metadata/curtin/2012-03-01/meta-data/instance-id HTTP/1.1 --> 200 OK (referrer: -; agent: Cloud-Init/18.3-9-g2e62cb8a-0ubuntu1~16.04.2)
Sep 10 13:48:09 mas01 sh[19837]: 2018-09-10 13:48:09 regiond: [info] 192.168.11.37 POST /MAAS/metadata/status/6epfhh HTTP/1.1 --> 204 NO_CONTENT (referrer: -; agent: python-requests/2.9.1)
Sep 10 13:48:09 mas01 sh[19837]: message repeated 2 times: [ 2018-09-10 13:48:09 regiond: [info] 192.168.11.37 POST /MAAS/metadata/status/6epfhh HTTP/1.1 --> 204 NO_CONTENT (referrer: -; agent: python-requests/2.9.1)]
Sep 10 13:48:09 mas01 sh[19006]: 2018-09-10 13:48:09 regiond: [info] 192.168.11.36 GET /MAAS/metadata/curtin/2012-03-01/meta-data/instance-id HTTP/1.1 --> 200 OK (referrer: -; agent: python-requests/2.9.1)
Sep 10 13:48:09 mas01 sh[19061]: 2018-09-10 13:48:09 regiond: [info] 192.168.11.37 GET /MAAS/metadata/curtin/2012-03-01/meta-data/instance-id HTTP/1.1 --> 200 OK (referrer: -; agent: Cloud-Init/18.3-9-g2e62cb8a-0ubuntu1~16.04.2)
Sep 10 13:48:09 mas01 sh[19061]: 2018-09-10 13:48:09 regiond: [info] 192.168.11.36 GET /MAAS/metadata/curtin/2012-03-01/meta-data/local-hostname HTTP/1.1 --> 200 OK (referrer: -; agent: python-requests/2.9.1)
Sep 10 13:48:09 mas01 sh[19061]: 2018-09-10 13:48:09 regiond: [info] 192.168.11.37 GET /MAAS/metadata/curtin/2012-03-01/meta-data/instance-id HTTP/1.1 --> 200 OK (referrer: -; agent: python-requests/2.9.1)
Sep 10 13:48:09 mas01 sh[19010]: 2018-09-10 13:48:09 regiond: [info] 192.168.11.36 GET /MAAS/metadata/curtin/2012-03-01/meta-data/public-keys HTTP/1.1 --> 200 OK (referrer: -; agent: python-requests/2.9.1)
Sep 10 13:48:09 mas01 sh[19837]: 2018-09-10 13:48:09 regiond: [info] 192.168.11.37 GET /MAAS/metadata/curtin/2012-03-01/meta-data/local-hostname HTTP/1.1 --> 200 OK (referrer: -; agent: python-requests/2.9.1)
Sep 10 13:48:09 mas01 sh[19006]: 2018-09-10 13:48:09 regiond: [info] 192.168.11.36 GET /MAAS/metadata/curtin/2012-03-01/meta-data/vendor-data HTTP/1.1 --> 200 OK (referrer: -; agent: python-requests/2.9.1)
Sep 10 13:48:10 mas01 sh[19837]: 2018-09-10 13:48:10 regiond: [info] 192.168.11.37 GET /MAAS/metadata/curtin/2012-03-01/meta-data/public-keys HTTP/1.1 --> 200 OK (referrer: -; agent: python-requests/2.9.1)
Sep 10 13:48:10 mas01 sh[19837]: 2018-09-10 13:48:10 regiond: [info] 192.168.11.37 GET /MAAS/metadata/curtin/2012-03-01/meta-data/vendor-data HTTP/1.1 --> 200 OK (referrer: -; agent: python-requests/2.9.1)
Sep 10 13:48:10 mas01 sh[19010]: 2018-09-10 13:48:10 maasserver.preseed: [warn] WARNING: '/etc/maas/preseeds/curtin_userdata_amd64_generic_xenial' contains deprecated preseed variables. Please remove: main_archive_directory, ports_archive_directory, http_proxy
Sep 10 13:48:10 mas01 sh[19010]: 2018-09-10 13:48:10 maasserver.preseed: [warn] WARNING: '/etc/maas/preseeds/curtin_userdata_amd64_generic_xenial' contains deprecated preseed variables. Please remove: main_archive_directory, ports_archive_directory, http_proxy
Sep 10 13:48:11 mas01 sh[19006]: 2018-09-10 13:48:11 regiond: [info] 192.168.11.36 POST /MAAS/metadata/status/kqcngr HTTP/1.1 --> 204 NO_CONTENT (referrer: -; agent: python-requests/2.9.1)
Sep 10 13:48:11 mas01 sh[19010]: 2018-09-10 13:48:11 regiond: [info] 192.168.11.37 GET /MAAS/metadata/curtin/2012-03-01/user-data HTTP/1.1 --> 200 OK (referrer: -; agent: python-requests/2.9.1)
Sep 10 13:48:11 mas01 sh[19010]: 2018-09-10 13:48:11 regiond: [info] 192.168.11.37 POST /MAAS/metadata/status/6epfhh HTTP/1.1 --> 204 NO_CONTENT (referrer: -; agent: python-requests/2.9.1)
Sep 10 13:48:11 mas01 sh[19010]: message repeated 2 times: [ 2018-09-10 13:48:11 regiond: [info] 192.168.11.37 POST /MAAS/metadata/status/6epfhh HTTP/1.1 --> 204 NO_CONTENT (referrer: -; agent: python-requests/2.9.1)]
Sep 10 13:48:11 mas01 sh[19010]: 2018-09-10 13:48:11 regiond: [info] 192.168.11.36 POST /MAAS/metadata/status/kqcngr HTTP/1.1 --> 204 NO_CONTENT (referrer: -; agent: python-requests/2.9.1)
Sep 10 13:48:11 mas01 sh[19006]: 2018-09-10 13:48:11 regiond: [info] 192.168.11.36 POST /MAAS/metadata/status/kqcngr HTTP/1.1 --> 204 NO_CONTENT (referrer: -; agent: python-requests/2.9.1)
Sep 10 13:48:11 mas01 sh[19010]: 2018-09-10 13:48:11 regiond: [info] 192.168.11.37 POST /MAAS/metadata/status/6epfhh HTTP/1.1 --> 204 NO_CONTENT (referrer: -; agent: python-requests/2.9.1)
Sep 10 13:48:11 mas01 sh[19837]: 2018-09-10 13:48:11 regiond: [info] 192.168.11.37 POST /MAAS/metadata/status/6epfhh HTTP/1.1 --> 204 NO_CONTENT (referrer: -; agent: python-requests/2.9.1)
Sep 10 13:48:11 mas01 sh[19010]: 2018-09-10 13:48:11 regiond: [info] 192.168.11.36 POST /MAAS/metadata/status/kqcngr HTTP/1.1 --> 204 NO_CONTENT (referrer: -; agent: python-requests/2.9.1)
Sep 10 13:48:11 mas01 sh[19837]: 2018-09-10 13:48:11 regiond: [info] 192.168.11.37 POST /MAAS/metadata/status/6epfhh HTTP/1.1 --> 204 NO_CONTENT (referrer: -; agent: python-requests/2.9.1)
Sep 10 13:48:11 mas01 sh[19837]: 2018-09-10 13:48:11 regiond: [info] 192.168.11.36 POST /MAAS/metadata/status/kqcngr HTTP/1.1 --> 204 NO_CONTENT (referrer: -; agent: python-requests/2.9.1)
Sep 10 13:48:11 mas01 sh[19010]: 2018-09-10 13:48:11 regiond: [info] 192.168.11.37 POST /MAAS/metadata/status/6epfhh HTTP/1.1 --> 204 NO_CONTENT (referrer: -; agent: python-requests/2.9.1)
Sep 10 13:48:11 mas01 sh[19006]: 2018-09-10 13:48:11 regiond: [info] 192.168.11.36 POST /MAAS/metadata/status/kqcngr HTTP/1.1 --> 204 NO_CONTENT (referrer: -; agent: python-requests/2.9.1)
Sep 10 13:48:11 mas01 sh[19010]: 2018-09-10 13:48:11 regiond: [info] 192.168.11.36 POST /MAAS/metadata/status/kqcngr HTTP/1.1 --> 204 NO_CONTENT (referrer: -; agent: python-requests/2.9.1)
Sep 10 13:48:11 mas01 sh[19061]: 2018-09-10 13:48:11 regiond: [info] 192.168.11.37 POST /MAAS/metadata/status/6epfhh HTTP/1.1 --> 204 NO_CONTENT (referrer: -; agent: python-requests/2.9.1)
Sep 10 13:48:11 mas01 sh[19837]: 2018-09-10 13:48:11 regiond: [info] 192.168.11.37 POST /MAAS/metadata/status/6epfhh HTTP/1.1 --> 204 NO_CONTENT (referrer: -; agent: python-requests/2.9.1)
Sep 10 13:48:11 mas01 sh[19061]: 2018-09-10 13:48:11 regiond: [info] 192.168.11.36 POST /MAAS/metadata/status/kqcngr HTTP/1.1 --> 204 NO_CONTENT (referrer: -; agent: python-requests/2.9.1)
Sep 10 13:48:11 mas01 sh[19010]: 2018-09-10 13:48:11 regiond: [info] 192.168.11.36 POST /MAAS/metadata/status/kqcngr HTTP/1.1 --> 204 NO_CONTENT (referrer: -; agent: python-requests/2.9.1)
Sep 10 13:48:11 mas01 sh[19061]: 2018-09-10 13:48:11 regiond: [info] 192.168.11.37 POST /MAAS/metadata/status/6epfhh HTTP/1.1 --> 204 NO_CONTENT (referrer: -; agent: python-requests/2.9.1)
Sep 10 13:48:11 mas01 sh[19006]: 2018-09-10 13:48:11 regiond: [info] 192.168.11.37 POST /MAAS/metadata/status/6epfhh HTTP/1.1 --> 204 NO_CONTENT (referrer: -; agent: python-requests/2.9.1)
Sep 10 13:48:11 mas01 sh[19061]: 2018-09-10 13:48:11 regiond: [info] 192.168.11.37 POST /MAAS/metadata/status/6epfhh HTTP/1.1 --> 204 NO_CONTENT (referrer: -; agent: python-requests/2.9.1)
Sep 10 13:48:11 mas01 sh[19837]: 2018-09-10 13:48:11 regiond: [info] 192.168.11.37 POST /MAAS/metadata/status/6epfhh HTTP/1.1 --> 204 NO_CONTENT (referrer: -; agent: python-requests/2.9.1)
Sep 10 13:48:11 mas01 sh[19061]: 2018-09-10 13:48:11 regiond: [info] 192.168.11.37 POST /MAAS/metadata/status/6epfhh HTTP/1.1 --> 204 NO_CONTENT (referrer: -; agent: python-requests/2.9.1)
Sep 10 13:48:11 mas01 sh[19061]: message repeated 3 times: [ 2018-09-10 13:48:11 regiond: [info] 192.168.11.37 POST /MAAS/metadata/status/6epfhh HTTP/1.1 --> 204 NO_CONTENT (referrer: -; agent: python-requests/2.9.1)]
Sep 10 13:48:11 mas01 sh[19010]: 2018-09-10 13:48:11 regiond: [info] 192.168.11.37 POST /MAAS/metadata/status/6epfhh HTTP/1.1 --> 204 NO_CONTENT (referrer: -; agent: python-requests/2.9.1)
Sep 10 13:48:11 mas01 sh[19010]: 2018-09-10 13:48:11 regiond: [info] 192.168.11.37 POST /MAAS/metadata/status/6epfhh HTTP/1.1 --> 204 NO_CONTENT (referrer: -; agent: python-requests/2.9.1)
Sep 10 13:48:11 mas01 sh[19006]: 2018-09-10 13:48:11 regiond: [info] 192.168.11.37 POST /MAAS/metadata/status/6epfhh HTTP/1.1 --> 204 NO_CONTENT (referrer: -; agent: python-requests/2.9.1)
Sep 10 13:48:11 mas01 sh[19010]: 2018-09-10 13:48:11 regiond: [info] 192.168.11.36 POST /MAAS/metadata/status/kqcngr HTTP/1.1 --> 204 NO_CONTENT (referrer: -; agent: python-requests/2.9.1)
Sep 10 13:48:11 mas01 sh[19010]: 2018-09-10 13:48:11 regiond: [info] 192.168.11.37 POST /MAAS/metadata/status/6epfhh HTTP/1.1 --> 204 NO_CONTENT (referrer: -; agent: python-requests/2.9.1)
Sep 10 13:48:11 mas01 sh[19837]: 2018-09-10 13:48:11 regiond: [info] 192.168.11.36 POST /MAAS/metadata/status/kqcngr HTTP/1.1 --> 204 NO_CONTENT (referrer: -; agent: python-requests/2.9.1)
Sep 10 13:48:11 mas01 sh[19006]: 2018-09-10 13:48:11 regiond: [info] 192.168.11.37 POST /MAAS/metadata/status/6epfhh HTTP/1.1 --> 204 NO_CONTENT (referrer: -; agent: python-requests/2.9.1)
Sep 10 13:48:11 mas01 sh[19837]: 2018-09-10 13:48:11 regiond: [info] 192.168.11.36 POST /MAAS/metadata/status/kqcngr HTTP/1.1 --> 204 NO_CONTENT (referrer: -; agent: python-requests/2.9.1)
Sep 10 13:48:11 mas01 sh[19010]: 2018-09-10 13:48:11 regiond: [info] 192.168.11.37 POST /MAAS/metadata/status/6epfhh HTTP/1.1 --> 204 NO_CONTENT (referrer: -; agent: python-requests/2.9.1)
Sep 10 13:48:11 mas01 sh[19006]: 2018-09-10 13:48:11 regiond: [info] 192.168.11.36 POST /MAAS/metadata/status/kqcngr HTTP/1.1 --> 204 NO_CONTENT (referrer: -; agent: python-requests/2.9.1)
Sep 10 13:48:11 mas01 sh[19006]: 2018-09-10 13:48:11 regiond: [info] 192.168.11.37 POST /MAAS/metadata/status/6epfhh HTTP/1.1 --> 204 NO_CONTENT (referrer: -; agent: python-requests/2.9.1)
Sep 10 13:48:11 mas01 sh[19837]: 2018-09-10 13:48:11 regiond: [info] 192.168.11.36 POST /MAAS/metadata/status/kqcngr HTTP/1.1 --> 204 NO_CONTENT (referrer: -; agent: python-requests/2.9.1)
Sep 10 13:48:11 mas01 sh[19010]: 2018-09-10 13:48:11 regiond: [info] 192.168.11.37 POST /MAAS/metadata/status/6epfhh HTTP/1.1 --> 204 NO_CONTENT (referrer: -; agent: python-requests/2.9.1)
Sep 10 13:48:11 mas01 sh[19837]: 2018-09-10 13:48:11 regiond: [info] 192.168.11.36 POST /MAAS/metadata/status/kqcngr HTTP/1.1 --> 204 NO_CONTENT (referrer: -; agent: python-requests/2.9.1)
Sep 10 13:48:11 mas01 sh[19006]: 2018-09-10 13:48:11 regiond: [info] 192.168.11.37 POST /MAAS/metadata/status/6epfhh HTTP/1.1 --> 204 NO_CONTENT (referrer: -; agent: python-requests/2.9.1)
Sep 10 13:48:11 mas01 sh[19006]: 2018-09-10 13:48:11 regiond: [info] 192.168.11.36 POST /MAAS/metadata/status/kqcngr HTTP/1.1 --> 204 NO_CONTENT (referrer: -; agent: python-requests/2.9.1)
Sep 10 13:48:11 mas01 sh[19061]: 2018-09-10 13:48:11 regiond: [info] 192.168.11.37 POST /MAAS/metadata/status/6epfhh HTTP/1.1 --> 204 NO_CONTENT (referrer: -; agent: python-requests/2.9.1)
Sep 10 13:48:11 mas01 sh[19006]: 2018-09-10 13:48:11 regiond: [info] 192.168.11.36 POST /MAAS/metadata/status/kqcngr HTTP/1.1 --> 204 NO_CONTENT (referrer: -; agent: python-requests/2.9.1)
Sep 10 13:48:11 mas01 sh[19061]: 2018-09-10 13:48:11 regiond: [info] 192.168.11.37 POST /MAAS/metadata/status/6epfhh HTTP/1.1 --> 204 NO_CONTENT (referrer: -; agent: python-requests/2.9.1)
Sep 10 13:48:11 mas01 sh[19006]: 2018-09-10 13:48:11 regiond: [info] 192.168.11.36 POST /MAAS/metadata/status/kqcngr HTTP/1.1 --> 204 NO_CONTENT (referrer: -; agent: python-requests/2.9.1)
Sep 10 13:48:11 mas01 sh[19006]: 2018-09-10 13:48:11 regiond: [info] 192.168.11.37 POST /MAAS/metadata/status/6epfhh HTTP/1.1 --> 204 NO_CONTENT (referrer: -; agent: python-requests/2.9.1)
Sep 10 13:48:11 mas01 sh[19061]: 2018-09-10 13:48:11 regiond: [info] 192.168.11.37 POST /MAAS/metadata/status/6epfhh HTTP/1.1 --> 204 NO_CONTENT (referrer: -; agent: python-requests/2.9.1)
Sep 10 13:48:11 mas01 sh[19010]: 2018-09-10 13:48:11 regiond: [info] 192.168.11.37 POST /MAAS/metadata/status/6epfhh HTTP/1.1 --> 204 NO_CONTENT (referrer: -; agent: python-requests/2.9.1)
Sep 10 13:48:11 mas01 sh[19837]: 2018-09-10 13:48:11 regiond: [info] 192.168.11.36 POST /MAAS/metadata/status/kqcngr HTTP/1.1 --> 204 NO_CONTENT (referrer: -; agent: python-requests/2.9.1)
Sep 10 13:48:11 mas01 sh[19006]: 2018-09-10 13:48:11 regiond: [info] 192.168.11.37 POST /MAAS/metadata/status/6epfhh HTTP/1.1 --> 204 NO_CONTENT (referrer: -; agent: python-requests/2.9.1)
Sep 10 13:48:11 mas01 sh[19061]: 2018-09-10 13:48:11 regiond: [info] 192.168.11.36 POST /MAAS/metadata/status/kqcngr HTTP/1.1 --> 204 NO_CONTENT (referrer: -; agent: python-requests/2.9.1)
Sep 10 13:48:11 mas01 sh[19061]: 2018-09-10 13:48:11 regiond: [info] 192.168.11.37 POST /MAAS/metadata/status/6epfhh HTTP/1.1 --> 204 NO_CONTENT (referrer: -; agent: python-requests/2.9.1)
Sep 10 13:48:11 mas01 sh[19010]: 2018-09-10 13:48:11 regiond: [info] 192.168.11.37 POST /MAAS/metadata/status/6epfhh HTTP/1.1 --> 204 NO_CONTENT (referrer: -; agent: python-requests/2.9.1)
Sep 10 13:48:11 mas01 sh[19837]: 2018-09-10 13:48:11 regiond: [info] 192.168.11.36 POST /MAAS/metadata/status/kqcngr HTTP/1.1 --> 204 NO_CONTENT (referrer: -; agent: python-requests/2.9.1)
Sep 10 13:48:11 mas01 sh[19010]: 2018-09-10 13:48:11 regiond: [info] 192.168.11.36 POST /MAAS/metadata/status/kqcngr HTTP/1.1 --> 204 NO_CONTENT (referrer: -; agent: python-requests/2.9.1)
Sep 10 13:48:11 mas01 sh[19061]: 2018-09-10 13:48:11 regiond: [info] 192.168.11.36 POST /MAAS/metadata/status/kqcngr HTTP/1.1 --> 204 NO_CONTENT (referrer: -; agent: python-requests/2.9.1)
Sep 10 13:48:11 mas01 sh[19837]: 2018-09-10 13:48:11 regiond: [info] 192.168.11.37 POST /MAAS/metadata/status/6epfhh HTTP/1.1 --> 204 NO_CONTENT (referrer: -; agent: python-requests/2.9.1)
Sep 10 13:48:11 mas01 sh[19837]: 2018-09-10 13:48:11 regiond: [info] 192.168.11.36 POST /MAAS/metadata/status/kqcngr HTTP/1.1 --> 204 NO_CONTENT (referrer: -; agent: python-requests/2.9.1)
Sep 10 13:48:11 mas01 sh[19006]: 2018-09-10 13:48:11 regiond: [info] 192.168.11.37 POST /MAAS/metadata/status/6epfhh HTTP/1.1 --> 204 NO_CONTENT (referrer: -; agent: python-requests/2.9.1)
Sep 10 13:48:11 mas01 sh[19010]: 2018-09-10 13:48:11 regiond: [info] 192.168.11.36 POST /MAAS/metadata/status/kqcngr HTTP/1.1 --> 204 NO_CONTENT (referrer: -; agent: python-requests/2.9.1)
Sep 10 13:48:11 mas01 sh[19006]: 2018-09-10 13:48:11 regiond: [info] 192.168.11.36 POST /MAAS/metadata/status/kqcngr HTTP/1.1 --> 204 NO_CONTENT (referrer: -; agent: python-requests/2.9.1)
Sep 10 13:48:11 mas01 sh[19006]: message repeated 2 times: [ 2018-09-10 13:48:11 regiond: [info] 192.168.11.36 POST /MAAS/metadata/status/kqcngr HTTP/1.1 --> 204 NO_CONTENT (referrer: -; agent: python-requests/2.9.1)]
Sep 10 13:48:11 mas01 sh[19010]: 2018-09-10 13:48:11 regiond: [info] 192.168.11.36 POST /MAAS/metadata/status/kqcngr HTTP/1.1 --> 204 NO_CONTENT (referrer: -; agent: python-requests/2.9.1)
Sep 10 13:48:11 mas01 sh[19061]: 2018-09-10 13:48:11 regiond: [info] 192.168.11.36 POST /MAAS/metadata/status/kqcngr HTTP/1.1 --> 204 NO_CONTENT (referrer: -; agent: python-requests/2.9.1)
Sep 10 13:48:11 mas01 sh[19006]: 2018-09-10 13:48:11 regiond: [info] 192.168.11.36 POST /MAAS/metadata/status/kqcngr HTTP/1.1 --> 204 NO_CONTENT (referrer: -; agent: python-requests/2.9.1)
Sep 10 13:48:11 mas01 sh[19061]: 2018-09-10 13:48:11 regiond: [info] 192.168.11.36 POST /MAAS/metadata/status/kqcngr HTTP/1.1 --> 204 NO_CONTENT (referrer: -; agent: python-requests/2.9.1)
Sep 10 13:48:11 mas01 sh[19010]: 2018-09-10 13:48:11 regiond: [info] 192.168.11.36 POST /MAAS/metadata/status/kqcngr HTTP/1.1 --> 204 NO_CONTENT (referrer: -; agent: python-requests/2.9.1)
Sep 10 13:48:11 mas01 sh[19006]: 2018-09-10 13:48:11 regiond: [info] 192.168.11.36 POST /MAAS/metadata/status/kqcngr HTTP/1.1 --> 204 NO_CONTENT (referrer: -; agent: python-requests/2.9.1)
Sep 10 13:48:11 mas01 sh[19837]: 2018-09-10 13:48:11 regiond: [info] 192.168.11.37 POST /MAAS/metadata/status/6epfhh HTTP/1.1 --> 204 NO_CONTENT (referrer: -; agent: python-requests/2.9.1)
Sep 10 13:48:11 mas01 sh[19837]: 2018-09-10 13:48:11 regiond: [info] 192.168.11.36 POST /MAAS/metadata/status/kqcngr HTTP/1.1 --> 204 NO_CONTENT (referrer: -; agent: python-requests/2.9.1)
Sep 10 13:48:11 mas01 sh[19010]: 2018-09-10 13:48:11 regiond: [info] 192.168.11.37 POST /MAAS/metadata/status/6epfhh HTTP/1.1 --> 204 NO_CONTENT (referrer: -; agent: python-requests/2.9.1)
Sep 10 13:48:11 mas01 sh[19006]: 2018-09-10 13:48:11 regiond: [info] 192.168.11.36 POST /MAAS/metadata/status/kqcngr HTTP/1.1 --> 204 NO_CONTENT (referrer: -; agent: python-requests/2.9.1)
Sep 10 13:48:11 mas01 sh[19006]: message repeated 2 times: [ 2018-09-10 13:48:11 regiond: [info] 192.168.11.36 POST /MAAS/metadata/status/kqcngr HTTP/1.1 --> 204 NO_CONTENT (referrer: -; agent: python-requests/2.9.1)]
Sep 10 13:48:11 mas01 sh[19010]: 2018-09-10 13:48:11 regiond: [info] 192.168.11.37 POST /MAAS/metadata/status/6epfhh HTTP/1.1 --> 204 NO_CONTENT (referrer: -; agent: python-requests/2.9.1)
Sep 10 13:48:11 mas01 sh[19010]: 2018-09-10 13:48:11 regiond: [info] 192.168.11.37 POST /MAAS/metadata/status/6epfhh HTTP/1.1 --> 204 NO_CONTENT (referrer: -; agent: python-requests/2.9.1)
Sep 10 13:48:11 mas01 sh[19010]: 2018-09-10 13:48:11 regiond: [info] 192.168.11.36 POST /MAAS/metadata/status/kqcngr HTTP/1.1 --> 204 NO_CONTENT (referrer: -; agent: python-requests/2.9.1)
Sep 10 13:48:12 mas01 sh[19010]: 2018-09-10 13:48:12 regiond: [info] 192.168.11.36 POST /MAAS/metadata/status/kqcngr HTTP/1.1 --> 204 NO_CONTENT (referrer: -; agent: python-requests/2.9.1)
Sep 10 13:48:15 mas01 dhcpd[22929]: DHCPDISCOVER from 00:25:b5:a0:00:2a via ens5
Sep 10 13:48:15 mas01 dhcpd[22929]: DHCPOFFER on 192.168.11.38 to 00:25:b5:a0:00:2a (kvm01) via ens5
Sep 10 13:48:15 mas01 dhcpd[22929]: execute_statement argv[0] = /usr/sbin/maas-dhcp-helper
Sep 10 13:48:15 mas01 dhcpd[22929]: execute_statement argv[1] = notify
Sep 10 13:48:15 mas01 dhcpd[22929]: execute_statement argv[2] = --action
Sep 10 13:48:15 mas01 dhcpd[22929]: execute_statement argv[3] = commit
Sep 10 13:48:15 mas01 dhcpd[22929]: execute_statement argv[4] = --mac
Sep 10 13:48:15 mas01 dhcpd[22929]: execute_statement argv[5] = 0:25:b5:a0:0:2a
Sep 10 13:48:15 mas01 dhcpd[22929]: execute_statement argv[6] = --ip-family
Sep 10 13:48:15 mas01 dhcpd[22929]: execute_statement argv[7] = ipv4
Sep 10 13:48:15 mas01 dhcpd[22929]: execute_statement argv[8] = --ip
Sep 10 13:48:15 mas01 dhcpd[22929]: execute_statement argv[9] = 192.168.11.38
Sep 10 13:48:15 mas01 dhcpd[22929]: execute_statement argv[10] = --lease-time
Sep 10 13:48:15 mas01 dhcpd[22929]: execute_statement argv[11] = 600
Sep 10 13:48:15 mas01 dhcpd[22929]: execute_statement argv[12] = --hostname
Sep 10 13:48:15 mas01 dhcpd[22929]: execute_statement argv[13] = kvm01
Sep 10 13:48:15 mas01 dhcpd[22929]: execute_statement argv[14] = --socket
Sep 10 13:48:15 mas01 dhcpd[22929]: execute_statement argv[15] = /var/lib/maas/dhcpd.sock
Sep 10 13:48:15 mas01 dhcpd[22929]: DHCPREQUEST for 192.168.11.38 (192.168.11.3) from 00:25:b5:a0:00:2a (kvm01) via ens5
Sep 10 13:48:15 mas01 dhcpd[22929]: DHCPACK on 192.168.11.38 to 00:25:b5:a0:00:2a (kvm01) via ens5
Sep 10 13:48:15 mas01 dhcpd[22929]: DHCPDISCOVER from 00:25:b5:a0:00:3a via ens5
Sep 10 13:48:15 mas01 dhcpd[22929]: DHCPOFFER on 192.168.11.40 to 00:25:b5:a0:00:3a (kvm02) via ens5
Sep 10 13:48:15 mas01 dhcpd[22929]: DHCPDISCOVER from 00:25:b5:a0:00:4a via ens5
Sep 10 13:48:15 mas01 dhcpd[22929]: DHCPOFFER on 192.168.11.39 to 00:25:b5:a0:00:4a (kvm03) via ens5
Sep 10 13:48:15 mas01 dhcpd[22929]: execute_statement argv[0] = /usr/sbin/maas-dhcp-helper
Sep 10 13:48:15 mas01 dhcpd[22929]: execute_statement argv[1] = notify
Sep 10 13:48:15 mas01 dhcpd[22929]: execute_statement argv[2] = --action
Sep 10 13:48:15 mas01 dhcpd[22929]: execute_statement argv[3] = commit
Sep 10 13:48:15 mas01 dhcpd[22929]: execute_statement argv[4] = --mac
Sep 10 13:48:15 mas01 dhcpd[22929]: execute_statement argv[5] = 0:25:b5:a0:0:3a
Sep 10 13:48:15 mas01 dhcpd[22929]: execute_statement argv[6] = --ip-family
Sep 10 13:48:15 mas01 dhcpd[22929]: execute_statement argv[7] = ipv4
Sep 10 13:48:15 mas01 dhcpd[22929]: execute_statement argv[8] = --ip
Sep 10 13:48:15 mas01 dhcpd[22929]: execute_statement argv[9] = 192.168.11.40
Sep 10 13:48:15 mas01 dhcpd[22929]: execute_statement argv[10] = --lease-time
Sep 10 13:48:15 mas01 dhcpd[22929]: execute_statement argv[11] = 600
Sep 10 13:48:15 mas01 dhcpd[22929]: execute_statement argv[12] = --hostname
Sep 10 13:48:15 mas01 dhcpd[22929]: execute_statement argv[13] = kvm02
Sep 10 13:48:15 mas01 dhcpd[22929]: execute_statement argv[14] = --socket
Sep 10 13:48:15 mas01 dhcpd[22929]: execute_statement argv[15] = /var/lib/maas/dhcpd.sock
Sep 10 13:48:15 mas01 sh[19006]: 2018-09-10 13:48:15 maasserver.rpc.leases: [info] Lease update: commit for 192.168.11.38 on 0:25:b5:a0:0:2a at 2018-09-10 13:48:15 (lease time: 600s) (hostname: kvm01)
Sep 10 13:48:15 mas01 dhcpd[22929]: DHCPREQUEST for 192.168.11.40 (192.168.11.3) from 00:25:b5:a0:00:3a (kvm02) via ens5
Sep 10 13:48:15 mas01 dhcpd[22929]: DHCPACK on 192.168.11.40 to 00:25:b5:a0:00:3a (kvm02) via ens5
Sep 10 13:48:15 mas01 dhcpd[22929]: execute_statement argv[0] = /usr/sbin/maas-dhcp-helper
Sep 10 13:48:15 mas01 dhcpd[22929]: execute_statement argv[1] = notify
Sep 10 13:48:15 mas01 dhcpd[22929]: execute_statement argv[2] = --action
Sep 10 13:48:15 mas01 dhcpd[22929]: execute_statement argv[3] = commit
Sep 10 13:48:15 mas01 dhcpd[22929]: execute_statement argv[4] = --mac
Sep 10 13:48:15 mas01 dhcpd[22929]: execute_statement argv[5] = 0:25:b5:a0:0:4a
Sep 10 13:48:15 mas01 dhcpd[22929]: execute_statement argv[6] = --ip-family
Sep 10 13:48:15 mas01 dhcpd[22929]: execute_statement argv[7] = ipv4
Sep 10 13:48:15 mas01 dhcpd[22929]: execute_statement argv[8] = --ip
Sep 10 13:48:15 mas01 dhcpd[22929]: execute_statement argv[9] = 192.168.11.39
Sep 10 13:48:15 mas01 dhcpd[22929]: execute_statement argv[10] = --lease-time
Sep 10 13:48:15 mas01 dhcpd[22929]: execute_statement argv[11] = 600
Sep 10 13:48:15 mas01 dhcpd[22929]: execute_statement argv[12] = --hostname
Sep 10 13:48:15 mas01 dhcpd[22929]: execute_statement argv[13] = kvm03
Sep 10 13:48:15 mas01 dhcpd[22929]: execute_statement argv[14] = --socket
Sep 10 13:48:15 mas01 dhcpd[22929]: execute_statement argv[15] = /var/lib/maas/dhcpd.sock
Sep 10 13:48:15 mas01 sh[19061]: 2018-09-10 13:48:15 maasserver.rpc.leases: [info] Lease update: commit for 192.168.11.40 on 0:25:b5:a0:0:3a at 2018-09-10 13:48:15 (lease time: 600s) (hostname: kvm02)
Sep 10 13:48:15 mas01 dhcpd[22929]: DHCPREQUEST for 192.168.11.39 (192.168.11.3) from 00:25:b5:a0:00:4a (kvm03) via ens5
Sep 10 13:48:15 mas01 dhcpd[22929]: DHCPACK on 192.168.11.39 to 00:25:b5:a0:00:4a (kvm03) via ens5
Sep 10 13:48:15 mas01 sh[19010]: 2018-09-10 13:48:15 maasserver.rpc.leases: [info] Lease update: commit for 192.168.11.39 on 0:25:b5:a0:0:4a at 2018-09-10 13:48:15 (lease time: 600s) (hostname: kvm03)
Sep 10 13:48:15 mas01 sh[19837]: 2018-09-10 13:48:15 regiond: [info] 192.168.11.37 POST /MAAS/metadata/status/6epfhh HTTP/1.1 --> 204 NO_CONTENT (referrer: -; agent: python-requests/2.9.1)
Sep 10 13:48:15 mas01 sh[19061]: 2018-09-10 13:48:15 regiond: [info] 192.168.11.37 POST /MAAS/metadata/status/6epfhh HTTP/1.1 --> 204 NO_CONTENT (referrer: -; agent: python-requests/2.9.1)
Sep 10 13:48:15 mas01 sh[19837]: 2018-09-10 13:48:15 regiond: [info] 192.168.11.37 POST /MAAS/metadata/status/6epfhh HTTP/1.1 --> 204 NO_CONTENT (referrer: -; agent: python-requests/2.9.1)
Sep 10 13:48:15 mas01 sh[19006]: 2018-09-10 13:48:15 regiond: [info] 192.168.11.37 POST /MAAS/metadata/status/6epfhh HTTP/1.1 --> 204 NO_CONTENT (referrer: -; agent: python-requests/2.9.1)
Sep 10 13:48:15 mas01 sh[19006]: message repeated 3 times: [ 2018-09-10 13:48:15 regiond: [info] 192.168.11.37 POST /MAAS/metadata/status/6epfhh HTTP/1.1 --> 204 NO_CONTENT (referrer: -; agent: python-requests/2.9.1)]
Sep 10 13:48:15 mas01 sh[19837]: 2018-09-10 13:48:15 regiond: [info] 192.168.11.37 POST /MAAS/metadata/status/6epfhh HTTP/1.1 --> 204 NO_CONTENT (referrer: -; agent: python-requests/2.9.1)
Sep 10 13:48:15 mas01 sh[19010]: 2018-09-10 13:48:15 regiond: [info] 192.168.11.37 POST /MAAS/metadata/status/6epfhh HTTP/1.1 --> 204 NO_CONTENT (referrer: -; agent: python-requests/2.9.1)
Sep 10 13:48:16 mas01 sh[18514]: 2018-09-10 13:48:16 rackd: [info] 192.168.11.38 GET /images/ubuntu/amd64/hwe-16.04/xenial/daily/squashfs HTTP/1.1 --> 200 OK (referrer: -; agent: Wget)
Sep 10 13:48:16 mas01 sh[19006]: 2018-09-10 13:48:16 regiond: [info] 192.168.11.36 POST /MAAS/metadata/status/kqcngr HTTP/1.1 --> 204 NO_CONTENT (referrer: -; agent: python-requests/2.9.1)
Sep 10 13:48:16 mas01 sh[19006]: 2018-09-10 13:48:16 regiond: [info] 192.168.11.36 POST /MAAS/metadata/status/kqcngr HTTP/1.1 --> 204 NO_CONTENT (referrer: -; agent: python-requests/2.9.1)
Sep 10 13:48:16 mas01 sh[19061]: 2018-09-10 13:48:16 regiond: [info] 192.168.11.36 POST /MAAS/metadata/status/kqcngr HTTP/1.1 --> 204 NO_CONTENT (referrer: -; agent: python-requests/2.9.1)
Sep 10 13:48:16 mas01 sh[19837]: 2018-09-10 13:48:16 regiond: [info] 192.168.11.36 POST /MAAS/metadata/status/kqcngr HTTP/1.1 --> 204 NO_CONTENT (referrer: -; agent: python-requests/2.9.1)
Sep 10 13:48:16 mas01 sh[18514]: 2018-09-10 13:48:16 rackd: [info] 192.168.11.40 GET /images/ubuntu/amd64/hwe-16.04/xenial/daily/squashfs HTTP/1.1 --> 200 OK (referrer: -; agent: Wget)
Sep 10 13:48:16 mas01 sh[19006]: 2018-09-10 13:48:16 regiond: [info] 192.168.11.36 POST /MAAS/metadata/status/kqcngr HTTP/1.1 --> 204 NO_CONTENT (referrer: -; agent: python-requests/2.9.1)
Sep 10 13:48:16 mas01 sh[19010]: 2018-09-10 13:48:16 regiond: [info] 192.168.11.36 POST /MAAS/metadata/status/kqcngr HTTP/1.1 --> 204 NO_CONTENT (referrer: -; agent: python-requests/2.9.1)
Sep 10 13:48:16 mas01 sh[19010]: message repeated 2 times: [ 2018-09-10 13:48:16 regiond: [info] 192.168.11.36 POST /MAAS/metadata/status/kqcngr HTTP/1.1 --> 204 NO_CONTENT (referrer: -; agent: python-requests/2.9.1)]
Sep 10 13:48:16 mas01 sh[19006]: 2018-09-10 13:48:16 regiond: [info] 192.168.11.36 POST /MAAS/metadata/status/kqcngr HTTP/1.1 --> 204 NO_CONTENT (referrer: -; agent: python-requests/2.9.1)
Sep 10 13:48:16 mas01 sh[18514]: 2018-09-10 13:48:16 rackd: [info] 192.168.11.39 GET /images/ubuntu/amd64/hwe-16.04/xenial/daily/squashfs HTTP/1.1 --> 200 OK (referrer: -; agent: Wget)
Sep 10 13:48:16 mas01 sh[19061]: 2018-09-10 13:48:16 regiond: [info] 192.168.11.37 POST /MAAS/metadata/status/6epfhh HTTP/1.1 --> 204 NO_CONTENT (referrer: -; agent: python-requests/2.9.1)
Sep 10 13:48:16 mas01 sh[19010]: 2018-09-10 13:48:16 regiond: [info] 192.168.11.37 POST /MAAS/metadata/status/6epfhh HTTP/1.1 --> 204 NO_CONTENT (referrer: -; agent: python-requests/2.9.1)
Sep 10 13:48:16 mas01 sh[19010]: 2018-09-10 13:48:16 regiond: [info] 192.168.11.37 POST /MAAS/metadata/status/6epfhh HTTP/1.1 --> 204 NO_CONTENT (referrer: -; agent: python-requests/2.9.1)
Sep 10 13:48:16 mas01 sh[19837]: 2018-09-10 13:48:16 regiond: [info] 192.168.11.37 POST /MAAS/metadata/status/6epfhh HTTP/1.1 --> 204 NO_CONTENT (referrer: -; agent: python-requests/2.9.1)
