Sep  1 21:47:30 mas01 named[18254]: automatic empty zone: 86.100.IN-ADDR.ARPA
Sep  1 21:47:30 mas01 named[18254]: automatic empty zone: 87.100.IN-ADDR.ARPA
Sep  1 21:47:30 mas01 named[18254]: automatic empty zone: 88.100.IN-ADDR.ARPA
Sep  1 21:47:30 mas01 named[18254]: automatic empty zone: 89.100.IN-ADDR.ARPA
Sep  1 21:47:30 mas01 named[18254]: automatic empty zone: 90.100.IN-ADDR.ARPA
Sep  1 21:47:30 mas01 named[18254]: automatic empty zone: 91.100.IN-ADDR.ARPA
Sep  1 21:47:30 mas01 named[18254]: automatic empty zone: 92.100.IN-ADDR.ARPA
Sep  1 21:47:30 mas01 named[18254]: automatic empty zone: 93.100.IN-ADDR.ARPA
Sep  1 21:47:30 mas01 named[18254]: automatic empty zone: 94.100.IN-ADDR.ARPA
Sep  1 21:47:30 mas01 named[18254]: automatic empty zone: 95.100.IN-ADDR.ARPA
Sep  1 21:47:30 mas01 named[18254]: automatic empty zone: 96.100.IN-ADDR.ARPA
Sep  1 21:47:30 mas01 named[18254]: automatic empty zone: 97.100.IN-ADDR.ARPA
Sep  1 21:47:30 mas01 named[18254]: automatic empty zone: 98.100.IN-ADDR.ARPA
Sep  1 21:47:30 mas01 named[18254]: automatic empty zone: 99.100.IN-ADDR.ARPA
Sep  1 21:47:30 mas01 named[18254]: automatic empty zone: 100.100.IN-ADDR.ARPA
Sep  1 21:47:30 mas01 named[18254]: automatic empty zone: 101.100.IN-ADDR.ARPA
Sep  1 21:47:30 mas01 named[18254]: automatic empty zone: 102.100.IN-ADDR.ARPA
Sep  1 21:47:30 mas01 named[18254]: automatic empty zone: 103.100.IN-ADDR.ARPA
Sep  1 21:47:30 mas01 named[18254]: automatic empty zone: 104.100.IN-ADDR.ARPA
Sep  1 21:47:30 mas01 named[18254]: automatic empty zone: 105.100.IN-ADDR.ARPA
Sep  1 21:47:30 mas01 named[18254]: automatic empty zone: 106.100.IN-ADDR.ARPA
Sep  1 21:47:30 mas01 named[18254]: automatic empty zone: 107.100.IN-ADDR.ARPA
Sep  1 21:47:30 mas01 named[18254]: automatic empty zone: 108.100.IN-ADDR.ARPA
Sep  1 21:47:30 mas01 named[18254]: automatic empty zone: 109.100.IN-ADDR.ARPA
Sep  1 21:47:30 mas01 named[18254]: automatic empty zone: 110.100.IN-ADDR.ARPA
Sep  1 21:47:30 mas01 named[18254]: automatic empty zone: 111.100.IN-ADDR.ARPA
Sep  1 21:47:30 mas01 named[18254]: automatic empty zone: 112.100.IN-ADDR.ARPA
Sep  1 21:47:30 mas01 named[18254]: automatic empty zone: 113.100.IN-ADDR.ARPA
Sep  1 21:47:30 mas01 named[18254]: automatic empty zone: 114.100.IN-ADDR.ARPA
Sep  1 21:47:30 mas01 named[18254]: automatic empty zone: 115.100.IN-ADDR.ARPA
Sep  1 21:47:30 mas01 named[18254]: automatic empty zone: 116.100.IN-ADDR.ARPA
Sep  1 21:47:30 mas01 named[18254]: automatic empty zone: 117.100.IN-ADDR.ARPA
Sep  1 21:47:30 mas01 named[18254]: automatic empty zone: 118.100.IN-ADDR.ARPA
Sep  1 21:47:30 mas01 named[18254]: automatic empty zone: 119.100.IN-ADDR.ARPA
Sep  1 21:47:30 mas01 named[18254]: automatic empty zone: 120.100.IN-ADDR.ARPA
Sep  1 21:47:30 mas01 named[18254]: automatic empty zone: 121.100.IN-ADDR.ARPA
Sep  1 21:47:30 mas01 named[18254]: automatic empty zone: 122.100.IN-ADDR.ARPA
Sep  1 21:47:30 mas01 named[18254]: automatic empty zone: 123.100.IN-ADDR.ARPA
Sep  1 21:47:30 mas01 named[18254]: automatic empty zone: 124.100.IN-ADDR.ARPA
Sep  1 21:47:30 mas01 named[18254]: automatic empty zone: 125.100.IN-ADDR.ARPA
Sep  1 21:47:30 mas01 named[18254]: automatic empty zone: 126.100.IN-ADDR.ARPA
Sep  1 21:47:30 mas01 named[18254]: automatic empty zone: 127.100.IN-ADDR.ARPA
Sep  1 21:47:30 mas01 named[18254]: automatic empty zone: 254.169.IN-ADDR.ARPA
Sep  1 21:47:30 mas01 named[18254]: automatic empty zone: 2.0.192.IN-ADDR.ARPA
Sep  1 21:47:30 mas01 named[18254]: automatic empty zone: 100.51.198.IN-ADDR.ARPA
Sep  1 21:47:30 mas01 named[18254]: automatic empty zone: 113.0.203.IN-ADDR.ARPA
Sep  1 21:47:30 mas01 named[18254]: automatic empty zone: 255.255.255.255.IN-ADDR.ARPA
Sep  1 21:47:30 mas01 named[18254]: automatic empty zone: 0.0.0.0.0.0.0.0.0.0.0.0.0.0.0.0.0.0.0.0.0.0.0.0.0.0.0.0.0.0.0.0.IP6.ARPA
Sep  1 21:47:30 mas01 named[18254]: automatic empty zone: 1.0.0.0.0.0.0.0.0.0.0.0.0.0.0.0.0.0.0.0.0.0.0.0.0.0.0.0.0.0.0.0.IP6.ARPA
Sep  1 21:47:30 mas01 named[18254]: automatic empty zone: D.F.IP6.ARPA
Sep  1 21:47:30 mas01 named[18254]: automatic empty zone: 8.E.F.IP6.ARPA
Sep  1 21:47:30 mas01 named[18254]: automatic empty zone: 9.E.F.IP6.ARPA
Sep  1 21:47:30 mas01 named[18254]: automatic empty zone: A.E.F.IP6.ARPA
Sep  1 21:47:30 mas01 named[18254]: automatic empty zone: B.E.F.IP6.ARPA
Sep  1 21:47:30 mas01 named[18254]: automatic empty zone: 8.B.D.0.1.0.0.2.IP6.ARPA
Sep  1 21:47:30 mas01 named[18254]: automatic empty zone: EMPTY.AS112.ARPA
Sep  1 21:47:30 mas01 named[18254]: configuring command channel from '/etc/bind/rndc.key'
Sep  1 21:47:30 mas01 named[18254]: reloading configuration succeeded
Sep  1 21:47:30 mas01 named[18254]: reloading zones succeeded
Sep  1 21:47:30 mas01 named[18254]: zone 0.20.10.in-addr.arpa/IN: loaded serial 31
Sep  1 21:47:30 mas01 named[18254]: zone 4.167.10.in-addr.arpa/IN: loaded serial 31
Sep  1 21:47:30 mas01 named[18254]: all zones loaded
Sep  1 21:47:30 mas01 named[18254]: running
Sep  1 21:47:30 mas01 named[18254]: zone 11.168.192.in-addr.arpa/IN: loaded serial 31
Sep  1 21:47:30 mas01 named[18254]: zone maas/IN: loaded serial 31
Sep  1 21:47:32 mas01 sh[19107]: 2018-09-01 21:47:32 maasserver.region_controller: [info] Reloaded DNS configuration; ip 192.168.11.40 connected to kvm03 on eth0
Sep  1 21:47:37 mas01 dhcpd[20486]: DHCPDISCOVER from 00:25:b5:a0:00:2a via ens5
Sep  1 21:47:37 mas01 dhcpd[20486]: DHCPOFFER on 192.168.11.38 to 00:25:b5:a0:00:2a (kvm01) via ens5
Sep  1 21:47:37 mas01 dhcpd[20486]: execute_statement argv[0] = /usr/sbin/maas-dhcp-helper
Sep  1 21:47:37 mas01 dhcpd[20486]: execute_statement argv[1] = notify
Sep  1 21:47:37 mas01 dhcpd[20486]: execute_statement argv[2] = --action
Sep  1 21:47:37 mas01 dhcpd[20486]: execute_statement argv[3] = commit
Sep  1 21:47:37 mas01 dhcpd[20486]: execute_statement argv[4] = --mac
Sep  1 21:47:37 mas01 dhcpd[20486]: execute_statement argv[5] = 0:25:b5:a0:0:2a
Sep  1 21:47:37 mas01 dhcpd[20486]: execute_statement argv[6] = --ip-family
Sep  1 21:47:37 mas01 dhcpd[20486]: execute_statement argv[7] = ipv4
Sep  1 21:47:37 mas01 dhcpd[20486]: execute_statement argv[8] = --ip
Sep  1 21:47:37 mas01 dhcpd[20486]: execute_statement argv[9] = 192.168.11.38
Sep  1 21:47:37 mas01 dhcpd[20486]: execute_statement argv[10] = --lease-time
Sep  1 21:47:37 mas01 dhcpd[20486]: execute_statement argv[11] = 600
Sep  1 21:47:37 mas01 dhcpd[20486]: execute_statement argv[12] = --hostname
Sep  1 21:47:37 mas01 dhcpd[20486]: execute_statement argv[13] = kvm01
Sep  1 21:47:37 mas01 dhcpd[20486]: execute_statement argv[14] = --socket
Sep  1 21:47:37 mas01 dhcpd[20486]: execute_statement argv[15] = /var/lib/maas/dhcpd.sock
Sep  1 21:47:37 mas01 dhcpd[20486]: DHCPREQUEST for 192.168.11.38 (192.168.11.3) from 00:25:b5:a0:00:2a (kvm01) via ens5
Sep  1 21:47:37 mas01 dhcpd[20486]: DHCPACK on 192.168.11.38 to 00:25:b5:a0:00:2a (kvm01) via ens5
Sep  1 21:47:37 mas01 dhcpd[20486]: DHCPDISCOVER from 00:25:b5:a0:00:3a via ens5
Sep  1 21:47:37 mas01 dhcpd[20486]: DHCPOFFER on 192.168.11.39 to 00:25:b5:a0:00:3a (kvm02) via ens5
Sep  1 21:47:37 mas01 dhcpd[20486]: execute_statement argv[0] = /usr/sbin/maas-dhcp-helper
Sep  1 21:47:37 mas01 dhcpd[20486]: execute_statement argv[1] = notify
Sep  1 21:47:37 mas01 dhcpd[20486]: execute_statement argv[2] = --action
Sep  1 21:47:37 mas01 dhcpd[20486]: execute_statement argv[3] = commit
Sep  1 21:47:37 mas01 dhcpd[20486]: execute_statement argv[4] = --mac
Sep  1 21:47:37 mas01 dhcpd[20486]: execute_statement argv[5] = 0:25:b5:a0:0:3a
Sep  1 21:47:37 mas01 dhcpd[20486]: execute_statement argv[6] = --ip-family
Sep  1 21:47:37 mas01 dhcpd[20486]: execute_statement argv[7] = ipv4
Sep  1 21:47:37 mas01 dhcpd[20486]: execute_statement argv[8] = --ip
Sep  1 21:47:37 mas01 dhcpd[20486]: execute_statement argv[9] = 192.168.11.39
Sep  1 21:47:37 mas01 dhcpd[20486]: execute_statement argv[10] = --lease-time
Sep  1 21:47:37 mas01 dhcpd[20486]: execute_statement argv[11] = 600
Sep  1 21:47:37 mas01 dhcpd[20486]: execute_statement argv[12] = --hostname
Sep  1 21:47:37 mas01 dhcpd[20486]: execute_statement argv[13] = kvm02
Sep  1 21:47:37 mas01 dhcpd[20486]: execute_statement argv[14] = --socket
Sep  1 21:47:37 mas01 dhcpd[20486]: execute_statement argv[15] = /var/lib/maas/dhcpd.sock
Sep  1 21:47:37 mas01 sh[18324]: 2018-09-01 21:47:37 maasserver.rpc.leases: [info] Lease update: commit for 192.168.11.38 on 0:25:b5:a0:0:2a at 2018-09-01 21:47:37 (lease time: 600s) (hostname: kvm01)
Sep  1 21:47:37 mas01 dhcpd[20486]: DHCPREQUEST for 192.168.11.39 (192.168.11.3) from 00:25:b5:a0:00:3a (kvm02) via ens5
Sep  1 21:47:37 mas01 dhcpd[20486]: DHCPACK on 192.168.11.39 to 00:25:b5:a0:00:3a (kvm02) via ens5
Sep  1 21:47:37 mas01 sh[19107]: 2018-09-01 21:47:37 maasserver.rpc.leases: [info] Lease update: commit for 192.168.11.39 on 0:25:b5:a0:0:3a at 2018-09-01 21:47:37 (lease time: 600s) (hostname: kvm02)
Sep  1 21:47:38 mas01 sh[17854]: 2018-09-01 21:47:38 rackd: [info] 192.168.11.39 GET /images/ubuntu/amd64/hwe-16.04/xenial/daily/squashfs HTTP/1.1 --> 200 OK (referrer: -; agent: Wget)
Sep  1 21:47:38 mas01 sh[17854]: 2018-09-01 21:47:38 rackd: [info] 192.168.11.38 GET /images/ubuntu/amd64/hwe-16.04/xenial/daily/squashfs HTTP/1.1 --> 200 OK (referrer: -; agent: Wget)
Sep  1 21:47:40 mas01 salt-minion[5986]: [INFO    ] User sudo_ubuntu Executing command state.apply with jid 20180901214740326601
Sep  1 21:47:40 mas01 salt-minion[5986]: [INFO    ] Starting a new job with PID 21041
Sep  1 21:47:40 mas01 sh[18320]: 2018-09-01 21:47:40 regiond: [info] 192.168.11.39 GET /MAAS/metadata/latest/by-id/dqx7ct/?op=get_preseed HTTP/1.1 --> 200 OK (referrer: -; agent: Cloud-Init/18.3-9-g2e62cb8a-0ubuntu1~16.04.2)
Sep  1 21:47:41 mas01 sh[18324]: 2018-09-01 21:47:41 regiond: [info] 192.168.11.39 POST /MAAS/metadata/status/dqx7ct HTTP/1.1 --> 204 NO_CONTENT (referrer: -; agent: python-requests/2.9.1)
Sep  1 21:47:41 mas01 sh[18320]: 2018-09-01 21:47:41 regiond: [info] 192.168.11.39 POST /MAAS/metadata/status/dqx7ct HTTP/1.1 --> 204 NO_CONTENT (referrer: -; agent: python-requests/2.9.1)
Sep  1 21:47:41 mas01 sh[18320]: 2018-09-01 21:47:41 regiond: [info] 192.168.11.38 GET /MAAS/metadata/latest/by-id/f4rftg/?op=get_preseed HTTP/1.1 --> 200 OK (referrer: -; agent: Cloud-Init/18.3-9-g2e62cb8a-0ubuntu1~16.04.2)
Sep  1 21:47:41 mas01 sh[18324]: 2018-09-01 21:47:41 regiond: [info] 192.168.11.39 POST /MAAS/metadata/status/dqx7ct HTTP/1.1 --> 204 NO_CONTENT (referrer: -; agent: python-requests/2.9.1)
Sep  1 21:47:41 mas01 sh[18324]: 2018-09-01 21:47:41 regiond: [info] 192.168.11.38 POST /MAAS/metadata/status/f4rftg HTTP/1.1 --> 204 NO_CONTENT (referrer: -; agent: python-requests/2.9.1)
Sep  1 21:47:41 mas01 sh[18320]: 2018-09-01 21:47:41 regiond: [info] 192.168.11.38 POST /MAAS/metadata/status/f4rftg HTTP/1.1 --> 204 NO_CONTENT (referrer: -; agent: python-requests/2.9.1)
Sep  1 21:47:41 mas01 sh[19107]: 2018-09-01 21:47:41 regiond: [info] 192.168.11.38 POST /MAAS/metadata/status/f4rftg HTTP/1.1 --> 204 NO_CONTENT (referrer: -; agent: python-requests/2.9.1)
Sep  1 21:47:41 mas01 sh[18328]: 2018-09-01 21:47:41 regiond: [info] 192.168.11.39 GET /MAAS/metadata/latest/by-id/dqx7ct/?op=get_preseed HTTP/1.1 --> 200 OK (referrer: -; agent: Cloud-Init/18.3-9-g2e62cb8a-0ubuntu1~16.04.2)
Sep  1 21:47:41 mas01 sh[18328]: 2018-09-01 21:47:41 regiond: [info] 192.168.11.39 POST /MAAS/metadata/status/dqx7ct HTTP/1.1 --> 204 NO_CONTENT (referrer: -; agent: python-requests/2.9.1)
Sep  1 21:47:41 mas01 sh[18320]: 2018-09-01 21:47:41 regiond: [info] 192.168.11.39 POST /MAAS/metadata/status/dqx7ct HTTP/1.1 --> 204 NO_CONTENT (referrer: -; agent: python-requests/2.9.1)
Sep  1 21:47:41 mas01 sh[18328]: 2018-09-01 21:47:41 regiond: [info] 192.168.11.39 POST /MAAS/metadata/status/dqx7ct HTTP/1.1 --> 204 NO_CONTENT (referrer: -; agent: python-requests/2.9.1)
Sep  1 21:47:41 mas01 sh[18320]: 2018-09-01 21:47:41 regiond: [info] 192.168.11.39 GET /MAAS/metadata/2012-03-01/meta-data/instance-id HTTP/1.1 --> 200 OK (referrer: -; agent: Cloud-Init/18.3-9-g2e62cb8a-0ubuntu1~16.04.2)
Sep  1 21:47:41 mas01 sh[18324]: 2018-09-01 21:47:41 regiond: [info] 192.168.11.39 GET /MAAS/metadata/2012-03-01/meta-data/instance-id HTTP/1.1 --> 200 OK (referrer: -; agent: python-requests/2.9.1)
Sep  1 21:47:41 mas01 sh[19107]: 2018-09-01 21:47:41 regiond: [info] 192.168.11.38 POST /MAAS/metadata/status/f4rftg HTTP/1.1 --> 204 NO_CONTENT (referrer: -; agent: python-requests/2.9.1)
Sep  1 21:47:41 mas01 sh[18320]: 2018-09-01 21:47:41 regiond: [info] 192.168.11.38 POST /MAAS/metadata/status/f4rftg HTTP/1.1 --> 204 NO_CONTENT (referrer: -; agent: python-requests/2.9.1)
Sep  1 21:47:41 mas01 sh[18324]: 2018-09-01 21:47:41 regiond: [info] 192.168.11.38 POST /MAAS/metadata/status/f4rftg HTTP/1.1 --> 204 NO_CONTENT (referrer: -; agent: python-requests/2.9.1)
Sep  1 21:47:41 mas01 sh[18328]: 2018-09-01 21:47:41 regiond: [info] 192.168.11.39 GET /MAAS/metadata/2012-03-01/meta-data/local-hostname HTTP/1.1 --> 200 OK (referrer: -; agent: python-requests/2.9.1)
Sep  1 21:47:41 mas01 sh[19107]: 2018-09-01 21:47:41 regiond: [info] 192.168.11.38 GET /MAAS/metadata/2012-03-01/meta-data/instance-id HTTP/1.1 --> 200 OK (referrer: -; agent: Cloud-Init/18.3-9-g2e62cb8a-0ubuntu1~16.04.2)
Sep  1 21:47:41 mas01 sh[18324]: 2018-09-01 21:47:41 regiond: [info] 192.168.11.38 GET /MAAS/metadata/2012-03-01/meta-data/instance-id HTTP/1.1 --> 200 OK (referrer: -; agent: python-requests/2.9.1)
Sep  1 21:47:42 mas01 sh[18320]: 2018-09-01 21:47:42 regiond: [info] 192.168.11.38 GET /MAAS/metadata/2012-03-01/meta-data/local-hostname HTTP/1.1 --> 200 OK (referrer: -; agent: python-requests/2.9.1)
Sep  1 21:47:42 mas01 sh[18328]: 2018-09-01 21:47:42 regiond: [info] 192.168.11.39 GET /MAAS/metadata/2012-03-01/meta-data/vendor-data HTTP/1.1 --> 200 OK (referrer: -; agent: python-requests/2.9.1)
Sep  1 21:47:42 mas01 sh[18320]: 2018-09-01 21:47:42 regiond: [info] 192.168.11.38 GET /MAAS/metadata/2012-03-01/meta-data/public-keys HTTP/1.1 --> 200 OK (referrer: -; agent: python-requests/2.9.1)
Sep  1 21:47:42 mas01 sh[19107]: 2018-09-01 21:47:42 regiond: [info] 192.168.11.39 GET /MAAS/metadata/2012-03-01/user-data HTTP/1.1 --> 200 OK (referrer: -; agent: python-requests/2.9.1)
Sep  1 21:47:42 mas01 sh[18320]: 2018-09-01 21:47:42 regiond: [info] 192.168.11.39 POST /MAAS/metadata/status/dqx7ct HTTP/1.1 --> 204 NO_CONTENT (referrer: -; agent: python-requests/2.9.1)
Sep  1 21:47:42 mas01 sh[18320]: 2018-09-01 21:47:42 regiond: [info] 192.168.11.38 GET /MAAS/metadata/2012-03-01/meta-data/vendor-data HTTP/1.1 --> 200 OK (referrer: -; agent: python-requests/2.9.1)
Sep  1 21:47:42 mas01 sh[18328]: 2018-09-01 21:47:42 regiond: [info] 192.168.11.38 GET /MAAS/metadata/2012-03-01/user-data HTTP/1.1 --> 200 OK (referrer: -; agent: python-requests/2.9.1)
Sep  1 21:47:42 mas01 sh[19107]: 2018-09-01 21:47:42 regiond: [info] 192.168.11.38 POST /MAAS/metadata/status/f4rftg HTTP/1.1 --> 204 NO_CONTENT (referrer: -; agent: python-requests/2.9.1)
Sep  1 21:47:42 mas01 sh[18320]: 2018-09-01 21:47:42 regiond: [info] 192.168.11.39 POST /MAAS/metadata/status/dqx7ct HTTP/1.1 --> 204 NO_CONTENT (referrer: -; agent: python-requests/2.9.1)
Sep  1 21:47:42 mas01 sh[18320]: message repeated 2 times: [ 2018-09-01 21:47:42 regiond: [info] 192.168.11.39 POST /MAAS/metadata/status/dqx7ct HTTP/1.1 --> 204 NO_CONTENT (referrer: -; agent: python-requests/2.9.1)]
Sep  1 21:47:42 mas01 sh[18328]: 2018-09-01 21:47:42 regiond: [info] 192.168.11.39 POST /MAAS/metadata/status/dqx7ct HTTP/1.1 --> 204 NO_CONTENT (referrer: -; agent: python-requests/2.9.1)
Sep  1 21:47:42 mas01 sh[18320]: 2018-09-01 21:47:42 regiond: [info] 192.168.11.39 POST /MAAS/metadata/status/dqx7ct HTTP/1.1 --> 204 NO_CONTENT (referrer: -; agent: python-requests/2.9.1)
Sep  1 21:47:42 mas01 sh[18324]: 2018-09-01 21:47:42 regiond: [info] 192.168.11.39 POST /MAAS/metadata/status/dqx7ct HTTP/1.1 --> 204 NO_CONTENT (referrer: -; agent: python-requests/2.9.1)
Sep  1 21:47:42 mas01 sh[18324]: 2018-09-01 21:47:42 regiond: [info] 192.168.11.38 POST /MAAS/metadata/status/f4rftg HTTP/1.1 --> 204 NO_CONTENT (referrer: -; agent: python-requests/2.9.1)
Sep  1 21:47:42 mas01 sh[18320]: 2018-09-01 21:47:42 regiond: [info] 192.168.11.38 POST /MAAS/metadata/status/f4rftg HTTP/1.1 --> 204 NO_CONTENT (referrer: -; agent: python-requests/2.9.1)
Sep  1 21:47:42 mas01 sh[18324]: 2018-09-01 21:47:42 regiond: [info] 192.168.11.39 POST /MAAS/metadata/status/dqx7ct HTTP/1.1 --> 204 NO_CONTENT (referrer: -; agent: python-requests/2.9.1)
Sep  1 21:47:42 mas01 sh[18320]: 2018-09-01 21:47:42 regiond: [info] 192.168.11.38 POST /MAAS/metadata/status/f4rftg HTTP/1.1 --> 204 NO_CONTENT (referrer: -; agent: python-requests/2.9.1)
Sep  1 21:47:42 mas01 sh[18328]: 2018-09-01 21:47:42 regiond: [info] 192.168.11.39 POST /MAAS/metadata/status/dqx7ct HTTP/1.1 --> 204 NO_CONTENT (referrer: -; agent: python-requests/2.9.1)
Sep  1 21:47:42 mas01 sh[18320]: 2018-09-01 21:47:42 regiond: [info] 192.168.11.38 POST /MAAS/metadata/status/f4rftg HTTP/1.1 --> 204 NO_CONTENT (referrer: -; agent: python-requests/2.9.1)
Sep  1 21:47:42 mas01 sh[18320]: 2018-09-01 21:47:42 regiond: [info] 192.168.11.38 POST /MAAS/metadata/status/f4rftg HTTP/1.1 --> 204 NO_CONTENT (referrer: -; agent: python-requests/2.9.1)
Sep  1 21:47:42 mas01 sh[18328]: 2018-09-01 21:47:42 regiond: [info] 192.168.11.38 POST /MAAS/metadata/status/f4rftg HTTP/1.1 --> 204 NO_CONTENT (referrer: -; agent: python-requests/2.9.1)
Sep  1 21:47:42 mas01 sh[18328]: message repeated 2 times: [ 2018-09-01 21:47:42 regiond: [info] 192.168.11.38 POST /MAAS/metadata/status/f4rftg HTTP/1.1 --> 204 NO_CONTENT (referrer: -; agent: python-requests/2.9.1)]
Sep  1 21:47:42 mas01 sh[18324]: 2018-09-01 21:47:42 regiond: [info] 192.168.11.39 POST /MAAS/metadata/status/dqx7ct HTTP/1.1 --> 204 NO_CONTENT (referrer: -; agent: python-requests/2.9.1)
Sep  1 21:47:42 mas01 sh[18324]: 2018-09-01 21:47:42 regiond: [info] 192.168.11.39 POST /MAAS/metadata/status/dqx7ct HTTP/1.1 --> 204 NO_CONTENT (referrer: -; agent: python-requests/2.9.1)
Sep  1 21:47:42 mas01 sh[18328]: 2018-09-01 21:47:42 regiond: [info] 192.168.11.38 POST /MAAS/metadata/status/f4rftg HTTP/1.1 --> 204 NO_CONTENT (referrer: -; agent: python-requests/2.9.1)
Sep  1 21:47:42 mas01 sh[18320]: 2018-09-01 21:47:42 regiond: [info] 192.168.11.39 POST /MAAS/metadata/status/dqx7ct HTTP/1.1 --> 204 NO_CONTENT (referrer: -; agent: python-requests/2.9.1)
Sep  1 21:47:42 mas01 sh[18324]: 2018-09-01 21:47:42 regiond: [info] 192.168.11.38 POST /MAAS/metadata/status/f4rftg HTTP/1.1 --> 204 NO_CONTENT (referrer: -; agent: python-requests/2.9.1)
Sep  1 21:47:42 mas01 sh[18328]: 2018-09-01 21:47:42 regiond: [info] 192.168.11.39 POST /MAAS/metadata/status/dqx7ct HTTP/1.1 --> 204 NO_CONTENT (referrer: -; agent: python-requests/2.9.1)
Sep  1 21:47:42 mas01 sh[18324]: 2018-09-01 21:47:42 regiond: [info] 192.168.11.38 POST /MAAS/metadata/status/f4rftg HTTP/1.1 --> 204 NO_CONTENT (referrer: -; agent: python-requests/2.9.1)
Sep  1 21:47:42 mas01 sh[18324]: 2018-09-01 21:47:42 regiond: [info] 192.168.11.39 POST /MAAS/metadata/status/dqx7ct HTTP/1.1 --> 204 NO_CONTENT (referrer: -; agent: python-requests/2.9.1)
Sep  1 21:47:42 mas01 sh[19107]: 2018-09-01 21:47:42 regiond: [info] 192.168.11.38 POST /MAAS/metadata/status/f4rftg HTTP/1.1 --> 204 NO_CONTENT (referrer: -; agent: python-requests/2.9.1)
Sep  1 21:47:42 mas01 sh[18320]: 2018-09-01 21:47:42 regiond: [info] 192.168.11.39 POST /MAAS/metadata/status/dqx7ct HTTP/1.1 --> 204 NO_CONTENT (referrer: -; agent: python-requests/2.9.1)
Sep  1 21:47:42 mas01 sh[18324]: 2018-09-01 21:47:42 regiond: [info] 192.168.11.38 POST /MAAS/metadata/status/f4rftg HTTP/1.1 --> 204 NO_CONTENT (referrer: -; agent: python-requests/2.9.1)
Sep  1 21:47:42 mas01 sh[19107]: 2018-09-01 21:47:42 regiond: [info] 192.168.11.39 POST /MAAS/metadata/status/dqx7ct HTTP/1.1 --> 204 NO_CONTENT (referrer: -; agent: python-requests/2.9.1)
Sep  1 21:47:42 mas01 sh[19107]: 2018-09-01 21:47:42 regiond: [info] 192.168.11.38 POST /MAAS/metadata/status/f4rftg HTTP/1.1 --> 204 NO_CONTENT (referrer: -; agent: python-requests/2.9.1)
Sep  1 21:47:42 mas01 sh[18328]: 2018-09-01 21:47:42 regiond: [info] 192.168.11.39 POST /MAAS/metadata/status/dqx7ct HTTP/1.1 --> 204 NO_CONTENT (referrer: -; agent: python-requests/2.9.1)
Sep  1 21:47:42 mas01 sh[19107]: 2018-09-01 21:47:42 regiond: [info] 192.168.11.38 POST /MAAS/metadata/status/f4rftg HTTP/1.1 --> 204 NO_CONTENT (referrer: -; agent: python-requests/2.9.1)
Sep  1 21:47:42 mas01 sh[19107]: 2018-09-01 21:47:42 regiond: [info] 192.168.11.39 POST /MAAS/metadata/status/dqx7ct HTTP/1.1 --> 204 NO_CONTENT (referrer: -; agent: python-requests/2.9.1)
Sep  1 21:47:42 mas01 sh[18320]: 2018-09-01 21:47:42 regiond: [info] 192.168.11.38 POST /MAAS/metadata/status/f4rftg HTTP/1.1 --> 204 NO_CONTENT (referrer: -; agent: python-requests/2.9.1)
Sep  1 21:47:42 mas01 sh[18324]: 2018-09-01 21:47:42 regiond: [info] 192.168.11.38 POST /MAAS/metadata/status/f4rftg HTTP/1.1 --> 204 NO_CONTENT (referrer: -; agent: python-requests/2.9.1)
Sep  1 21:47:42 mas01 sh[19107]: 2018-09-01 21:47:42 regiond: [info] 192.168.11.39 POST /MAAS/metadata/status/dqx7ct HTTP/1.1 --> 204 NO_CONTENT (referrer: -; agent: python-requests/2.9.1)
Sep  1 21:47:42 mas01 sh[18320]: 2018-09-01 21:47:42 regiond: [info] 192.168.11.39 POST /MAAS/metadata/status/dqx7ct HTTP/1.1 --> 204 NO_CONTENT (referrer: -; agent: python-requests/2.9.1)
Sep  1 21:47:42 mas01 sh[18320]: 2018-09-01 21:47:42 regiond: [info] 192.168.11.38 POST /MAAS/metadata/status/f4rftg HTTP/1.1 --> 204 NO_CONTENT (referrer: -; agent: python-requests/2.9.1)
Sep  1 21:47:42 mas01 sh[18328]: 2018-09-01 21:47:42 regiond: [info] 192.168.11.38 POST /MAAS/metadata/status/f4rftg HTTP/1.1 --> 204 NO_CONTENT (referrer: -; agent: python-requests/2.9.1)
Sep  1 21:47:42 mas01 sh[18320]: 2018-09-01 21:47:42 regiond: [info] 192.168.11.39 POST /MAAS/metadata/status/dqx7ct HTTP/1.1 --> 204 NO_CONTENT (referrer: -; agent: python-requests/2.9.1)
Sep  1 21:47:42 mas01 sh[18328]: 2018-09-01 21:47:42 regiond: [info] 192.168.11.39 POST /MAAS/metadata/status/dqx7ct HTTP/1.1 --> 204 NO_CONTENT (referrer: -; agent: python-requests/2.9.1)
Sep  1 21:47:42 mas01 sh[18320]: 2018-09-01 21:47:42 regiond: [info] 192.168.11.38 POST /MAAS/metadata/status/f4rftg HTTP/1.1 --> 204 NO_CONTENT (referrer: -; agent: python-requests/2.9.1)
Sep  1 21:47:42 mas01 sh[19107]: 2018-09-01 21:47:42 regiond: [info] 192.168.11.39 POST /MAAS/metadata/status/dqx7ct HTTP/1.1 --> 204 NO_CONTENT (referrer: -; agent: python-requests/2.9.1)
Sep  1 21:47:42 mas01 sh[18324]: 2018-09-01 21:47:42 regiond: [info] 192.168.11.38 POST /MAAS/metadata/status/f4rftg HTTP/1.1 --> 204 NO_CONTENT (referrer: -; agent: python-requests/2.9.1)
Sep  1 21:47:42 mas01 sh[18324]: 2018-09-01 21:47:42 regiond: [info] 192.168.11.39 POST /MAAS/metadata/status/dqx7ct HTTP/1.1 --> 204 NO_CONTENT (referrer: -; agent: python-requests/2.9.1)
Sep  1 21:47:42 mas01 sh[18324]: 2018-09-01 21:47:42 regiond: [info] 192.168.11.38 POST /MAAS/metadata/status/f4rftg HTTP/1.1 --> 204 NO_CONTENT (referrer: -; agent: python-requests/2.9.1)
Sep  1 21:47:42 mas01 sh[18320]: 2018-09-01 21:47:42 regiond: [info] 192.168.11.39 POST /MAAS/metadata/status/dqx7ct HTTP/1.1 --> 204 NO_CONTENT (referrer: -; agent: python-requests/2.9.1)
Sep  1 21:47:42 mas01 sh[18320]: 2018-09-01 21:47:42 regiond: [info] 192.168.11.38 POST /MAAS/metadata/status/f4rftg HTTP/1.1 --> 204 NO_CONTENT (referrer: -; agent: python-requests/2.9.1)
Sep  1 21:47:42 mas01 sh[19107]: 2018-09-01 21:47:42 regiond: [info] 192.168.11.39 POST /MAAS/metadata/status/dqx7ct HTTP/1.1 --> 204 NO_CONTENT (referrer: -; agent: python-requests/2.9.1)
Sep  1 21:47:42 mas01 sh[19107]: 2018-09-01 21:47:42 regiond: [info] 192.168.11.38 POST /MAAS/metadata/status/f4rftg HTTP/1.1 --> 204 NO_CONTENT (referrer: -; agent: python-requests/2.9.1)
Sep  1 21:47:42 mas01 sh[19107]: 2018-09-01 21:47:42 regiond: [info] 192.168.11.39 POST /MAAS/metadata/status/dqx7ct HTTP/1.1 --> 204 NO_CONTENT (referrer: -; agent: python-requests/2.9.1)
Sep  1 21:47:42 mas01 sh[19107]: 2018-09-01 21:47:42 regiond: [info] 192.168.11.38 POST /MAAS/metadata/status/f4rftg HTTP/1.1 --> 204 NO_CONTENT (referrer: -; agent: python-requests/2.9.1)
Sep  1 21:47:42 mas01 sh[18324]: 2018-09-01 21:47:42 regiond: [info] 192.168.11.39 POST /MAAS/metadata/status/dqx7ct HTTP/1.1 --> 204 NO_CONTENT (referrer: -; agent: python-requests/2.9.1)
Sep  1 21:47:42 mas01 sh[18328]: 2018-09-01 21:47:42 regiond: [info] 192.168.11.38 POST /MAAS/metadata/status/f4rftg HTTP/1.1 --> 204 NO_CONTENT (referrer: -; agent: python-requests/2.9.1)
Sep  1 21:47:42 mas01 sh[18328]: 2018-09-01 21:47:42 regiond: [info] 192.168.11.39 POST /MAAS/metadata/status/dqx7ct HTTP/1.1 --> 204 NO_CONTENT (referrer: -; agent: python-requests/2.9.1)
Sep  1 21:47:42 mas01 sh[19107]: 2018-09-01 21:47:42 regiond: [info] 192.168.11.38 POST /MAAS/metadata/status/f4rftg HTTP/1.1 --> 204 NO_CONTENT (referrer: -; agent: python-requests/2.9.1)
Sep  1 21:47:42 mas01 sh[18320]: 2018-09-01 21:47:42 regiond: [info] 192.168.11.39 POST /MAAS/metadata/status/dqx7ct HTTP/1.1 --> 204 NO_CONTENT (referrer: -; agent: python-requests/2.9.1)
Sep  1 21:47:42 mas01 sh[18324]: 2018-09-01 21:47:42 regiond: [info] 192.168.11.38 POST /MAAS/metadata/status/f4rftg HTTP/1.1 --> 204 NO_CONTENT (referrer: -; agent: python-requests/2.9.1)
Sep  1 21:47:42 mas01 sh[19107]: 2018-09-01 21:47:42 regiond: [info] 192.168.11.38 POST /MAAS/metadata/status/f4rftg HTTP/1.1 --> 204 NO_CONTENT (referrer: -; agent: python-requests/2.9.1)
Sep  1 21:47:42 mas01 sh[19107]: 2018-09-01 21:47:42 regiond: [info] 192.168.11.39 POST /MAAS/metadata/status/dqx7ct HTTP/1.1 --> 204 NO_CONTENT (referrer: -; agent: python-requests/2.9.1)
Sep  1 21:47:42 mas01 sh[18320]: 2018-09-01 21:47:42 regiond: [info] 192.168.11.38 POST /MAAS/metadata/status/f4rftg HTTP/1.1 --> 204 NO_CONTENT (referrer: -; agent: python-requests/2.9.1)
Sep  1 21:47:42 mas01 sh[19107]: 2018-09-01 21:47:42 regiond: [info] 192.168.11.39 POST /MAAS/metadata/status/dqx7ct HTTP/1.1 --> 204 NO_CONTENT (referrer: -; agent: python-requests/2.9.1)
Sep  1 21:47:42 mas01 sh[18320]: 2018-09-01 21:47:42 regiond: [info] 192.168.11.38 POST /MAAS/metadata/status/f4rftg HTTP/1.1 --> 204 NO_CONTENT (referrer: -; agent: python-requests/2.9.1)
Sep  1 21:47:42 mas01 sh[18328]: 2018-09-01 21:47:42 regiond: [info] 192.168.11.39 POST /MAAS/metadata/status/dqx7ct HTTP/1.1 --> 204 NO_CONTENT (referrer: -; agent: python-requests/2.9.1)
Sep  1 21:47:42 mas01 sh[19107]: 2018-09-01 21:47:42 regiond: [info] 192.168.11.38 POST /MAAS/metadata/status/f4rftg HTTP/1.1 --> 204 NO_CONTENT (referrer: -; agent: python-requests/2.9.1)
Sep  1 21:47:42 mas01 sh[18328]: 2018-09-01 21:47:42 regiond: [info] 192.168.11.39 POST /MAAS/metadata/status/dqx7ct HTTP/1.1 --> 204 NO_CONTENT (referrer: -; agent: python-requests/2.9.1)
Sep  1 21:47:42 mas01 sh[18320]: 2018-09-01 21:47:42 regiond: [info] 192.168.11.38 POST /MAAS/metadata/status/f4rftg HTTP/1.1 --> 204 NO_CONTENT (referrer: -; agent: python-requests/2.9.1)
Sep  1 21:47:42 mas01 sh[19107]: 2018-09-01 21:47:42 regiond: [info] 192.168.11.38 POST /MAAS/metadata/status/f4rftg HTTP/1.1 --> 204 NO_CONTENT (referrer: -; agent: python-requests/2.9.1)
Sep  1 21:47:42 mas01 sh[18328]: 2018-09-01 21:47:42 regiond: [info] 192.168.11.39 POST /MAAS/metadata/status/dqx7ct HTTP/1.1 --> 204 NO_CONTENT (referrer: -; agent: python-requests/2.9.1)
Sep  1 21:47:42 mas01 sh[18324]: 2018-09-01 21:47:42 regiond: [info] 192.168.11.38 POST /MAAS/metadata/status/f4rftg HTTP/1.1 --> 204 NO_CONTENT (referrer: -; agent: python-requests/2.9.1)
Sep  1 21:47:42 mas01 sh[19107]: 2018-09-01 21:47:42 regiond: [info] 192.168.11.39 POST /MAAS/metadata/status/dqx7ct HTTP/1.1 --> 204 NO_CONTENT (referrer: -; agent: python-requests/2.9.1)
Sep  1 21:47:42 mas01 sh[18320]: 2018-09-01 21:47:42 regiond: [info] 192.168.11.38 POST /MAAS/metadata/status/f4rftg HTTP/1.1 --> 204 NO_CONTENT (referrer: -; agent: python-requests/2.9.1)
Sep  1 21:47:42 mas01 sh[19107]: 2018-09-01 21:47:42 regiond: [info] 192.168.11.38 POST /MAAS/metadata/status/f4rftg HTTP/1.1 --> 204 NO_CONTENT (referrer: -; agent: python-requests/2.9.1)
Sep  1 21:47:42 mas01 sh[18324]: 2018-09-01 21:47:42 regiond: [info] 192.168.11.39 POST /MAAS/metadata/status/dqx7ct HTTP/1.1 --> 204 NO_CONTENT (referrer: -; agent: python-requests/2.9.1)
Sep  1 21:47:42 mas01 sh[18328]: 2018-09-01 21:47:42 regiond: [info] 192.168.11.39 POST /MAAS/metadata/status/dqx7ct HTTP/1.1 --> 204 NO_CONTENT (referrer: -; agent: python-requests/2.9.1)
Sep  1 21:47:43 mas01 sh[18320]: 2018-09-01 21:47:43 regiond: [info] 192.168.11.39 POST /MAAS/metadata/status/dqx7ct HTTP/1.1 --> 204 NO_CONTENT (referrer: -; agent: python-requests/2.9.1)
Sep  1 21:47:43 mas01 sh[19107]: 2018-09-01 21:47:43 regiond: [info] 192.168.11.39 POST /MAAS/metadata/status/dqx7ct HTTP/1.1 --> 204 NO_CONTENT (referrer: -; agent: python-requests/2.9.1)
Sep  1 21:47:43 mas01 sh[18324]: 2018-09-01 21:47:43 regiond: [info] 192.168.11.38 POST /MAAS/metadata/status/f4rftg HTTP/1.1 --> 204 NO_CONTENT (referrer: -; agent: python-requests/2.9.1)
Sep  1 21:47:43 mas01 sh[18320]: 2018-09-01 21:47:43 regiond: [info] 192.168.11.38 POST /MAAS/metadata/status/f4rftg HTTP/1.1 --> 204 NO_CONTENT (referrer: -; agent: python-requests/2.9.1)
Sep  1 21:47:44 mas01 salt-minion[5986]: [INFO    ] Loading fresh modules for state activity
Sep  1 21:47:44 mas01 salt-minion[5986]: [INFO    ] Running state [maas-region apikey --username opnfv > /var/lib/maas/.maas_credentials] at time 21:47:44.182891
Sep  1 21:47:44 mas01 salt-minion[5986]: [INFO    ] Executing state cmd.run for [maas-region apikey --username opnfv > /var/lib/maas/.maas_credentials]
Sep  1 21:47:44 mas01 salt-minion[5986]: [INFO    ] Executing command 'maas-region apikey --username opnfv > /var/lib/maas/.maas_credentials' in directory '/root'
Sep  1 21:47:44 mas01 ntpd[19257]: Soliciting pool server 2001:67c:1560:8003::c7
Sep  1 21:47:45 mas01 salt-minion[5986]: [INFO    ] User sudo_ubuntu Executing command saltutil.find_job with jid 20180901214745404217
Sep  1 21:47:45 mas01 salt-minion[5986]: [INFO    ] Starting a new job with PID 21079
Sep  1 21:47:45 mas01 salt-minion[5986]: [INFO    ] Returning information for job: 20180901214745404217
Sep  1 21:47:45 mas01 salt-minion[5986]: [INFO    ] {'pid': 21071, 'retcode': 0, 'stderr': '', 'stdout': ''}
Sep  1 21:47:45 mas01 salt-minion[5986]: [INFO    ] Completed state [maas-region apikey --username opnfv > /var/lib/maas/.maas_credentials] at time 21:47:45.821919 duration_in_ms=1639.027
Sep  1 21:47:45 mas01 salt-minion[5986]: [INFO    ] Running state [maas.machines_status] at time 21:47:45.825071
Sep  1 21:47:45 mas01 salt-minion[5986]: [INFO    ] Executing state module.run for [maas.machines_status]
Sep  1 21:47:45 mas01 salt-minion[5986]: [WARNING ] The function "module.run" is using its deprecated version and will expire in version "Sodium".
Sep  1 21:47:46 mas01 sh[18320]: 2018-09-01 21:47:46 regiond: [info] 127.0.0.1 GET /MAAS/api/2.0/machines/ HTTP/1.1 --> 200 OK (referrer: -; agent: Python-urllib/2.7)
Sep  1 21:47:46 mas01 salt-minion[5986]: [INFO    ] {'ret': {'machines': [{'status': 'Commissioning', 'hostname': u'cmp002', 'system_id': u'p46dc6'}, {'status': 'Commissioning', 'hostname': u'cmp001', 'system_id': u'rdrp8h'}, {'status': 'Commissioning', 'hostname': u'kvm01', 'system_id': u'f4rftg'}, {'status': 'Commissioning', 'hostname': u'kvm03', 'system_id': u'acg3px'}, {'status': 'Commissioning', 'hostname': u'kvm02', 'system_id': u'dqx7ct'}], 'summary': Counter({'Commissioning': 5})}}
Sep  1 21:47:46 mas01 salt-minion[5986]: [INFO    ] Completed state [maas.machines_status] at time 21:47:46.202187 duration_in_ms=377.114
Sep  1 21:47:46 mas01 salt-minion[5986]: [INFO    ] Returning information for job: 20180901214740326601
Sep  1 21:47:46 mas01 sh[18324]: 2018-09-01 21:47:46 regiond: [info] 192.168.11.39 POST /MAAS/metadata/status/dqx7ct HTTP/1.1 --> 204 NO_CONTENT (referrer: -; agent: python-requests/2.9.1)
Sep  1 21:47:46 mas01 sh[18320]: 2018-09-01 21:47:46 regiond: [info] 192.168.11.39 POST /MAAS/metadata/status/dqx7ct HTTP/1.1 --> 204 NO_CONTENT (referrer: -; agent: python-requests/2.9.1)
Sep  1 21:47:46 mas01 sh[18328]: 2018-09-01 21:47:46 regiond: [info] 192.168.11.39 POST /MAAS/metadata/status/dqx7ct HTTP/1.1 --> 204 NO_CONTENT (referrer: -; agent: python-requests/2.9.1)
Sep  1 21:47:46 mas01 sh[18320]: 2018-09-01 21:47:46 regiond: [info] 192.168.11.39 POST /MAAS/metadata/status/dqx7ct HTTP/1.1 --> 204 NO_CONTENT (referrer: -; agent: python-requests/2.9.1)
Sep  1 21:47:46 mas01 sh[18324]: 2018-09-01 21:47:46 regiond: [info] 192.168.11.39 POST /MAAS/metadata/status/dqx7ct HTTP/1.1 --> 204 NO_CONTENT (referrer: -; agent: python-requests/2.9.1)
Sep  1 21:47:46 mas01 sh[18324]: 2018-09-01 21:47:46 regiond: [info] 192.168.11.39 POST /MAAS/metadata/status/dqx7ct HTTP/1.1 --> 204 NO_CONTENT (referrer: -; agent: python-requests/2.9.1)
Sep  1 21:47:46 mas01 sh[19107]: 2018-09-01 21:47:46 regiond: [info] 192.168.11.39 POST /MAAS/metadata/status/dqx7ct HTTP/1.1 --> 204 NO_CONTENT (referrer: -; agent: python-requests/2.9.1)
Sep  1 21:47:47 mas01 sh[18324]: 2018-09-01 21:47:46 regiond: [info] 192.168.11.39 POST /MAAS/metadata/status/dqx7ct HTTP/1.1 --> 204 NO_CONTENT (referrer: -; agent: python-requests/2.9.1)
Sep  1 21:47:47 mas01 sh[18324]: 2018-09-01 21:47:47 regiond: [info] 192.168.11.39 POST /MAAS/metadata/status/dqx7ct HTTP/1.1 --> 204 NO_CONTENT (referrer: -; agent: python-requests/2.9.1)
Sep  1 21:47:47 mas01 sh[19107]: 2018-09-01 21:47:47 regiond: [info] 192.168.11.38 POST /MAAS/metadata/status/f4rftg HTTP/1.1 --> 204 NO_CONTENT (referrer: -; agent: python-requests/2.9.1)
Sep  1 21:47:47 mas01 sh[18324]: 2018-09-01 21:47:47 regiond: [info] 192.168.11.38 POST /MAAS/metadata/status/f4rftg HTTP/1.1 --> 204 NO_CONTENT (referrer: -; agent: python-requests/2.9.1)
Sep  1 21:47:47 mas01 sh[18324]: message repeated 3 times: [ 2018-09-01 21:47:47 regiond: [info] 192.168.11.38 POST /MAAS/metadata/status/f4rftg HTTP/1.1 --> 204 NO_CONTENT (referrer: -; agent: python-requests/2.9.1)]
Sep  1 21:47:47 mas01 sh[18328]: 2018-09-01 21:47:47 regiond: [info] 192.168.11.38 POST /MAAS/metadata/status/f4rftg HTTP/1.1 --> 204 NO_CONTENT (referrer: -; agent: python-requests/2.9.1)
Sep  1 21:47:47 mas01 sh[18328]: message repeated 2 times: [ 2018-09-01 21:47:47 regiond: [info] 192.168.11.38 POST /MAAS/metadata/status/f4rftg HTTP/1.1 --> 204 NO_CONTENT (referrer: -; agent: python-requests/2.9.1)]
Sep  1 21:47:47 mas01 sh[19107]: 2018-09-01 21:47:47 regiond: [info] 192.168.11.38 POST /MAAS/metadata/status/f4rftg HTTP/1.1 --> 204 NO_CONTENT (referrer: -; agent: python-requests/2.9.1)
Sep  1 21:47:47 mas01 sh[18320]: 2018-09-01 21:47:47 regiond: [info] 192.168.11.39 POST /MAAS/metadata/status/dqx7ct HTTP/1.1 --> 204 NO_CONTENT (referrer: -; agent: python-requests/2.9.1)
Sep  1 21:47:47 mas01 sh[18324]: 2018-09-01 21:47:47 regiond: [info] 192.168.11.39 POST /MAAS/metadata/status/dqx7ct HTTP/1.1 --> 204 NO_CONTENT (referrer: -; agent: python-requests/2.9.1)
Sep  1 21:47:47 mas01 sh[18324]: message repeated 2 times: [ 2018-09-01 21:47:47 regiond: [info] 192.168.11.39 POST /MAAS/metadata/status/dqx7ct HTTP/1.1 --> 204 NO_CONTENT (referrer: -; agent: python-requests/2.9.1)]
Sep  1 21:47:47 mas01 sh[18328]: 2018-09-01 21:47:47 regiond: [info] 192.168.11.38 POST /MAAS/metadata/status/f4rftg HTTP/1.1 --> 204 NO_CONTENT (referrer: -; agent: python-requests/2.9.1)
Sep  1 21:47:47 mas01 sh[19107]: 2018-09-01 21:47:47 regiond: [info] 192.168.11.38 POST /MAAS/metadata/status/f4rftg HTTP/1.1 --> 204 NO_CONTENT (referrer: -; agent: python-requests/2.9.1)
Sep  1 21:47:47 mas01 sh[19107]: 2018-09-01 21:47:47 regiond: [info] 192.168.11.38 POST /MAAS/metadata/status/f4rftg HTTP/1.1 --> 204 NO_CONTENT (referrer: -; agent: python-requests/2.9.1)
Sep  1 21:47:47 mas01 sh[18320]: 2018-09-01 21:47:47 regiond: [info] 192.168.11.38 POST /MAAS/metadata/status/f4rftg HTTP/1.1 --> 204 NO_CONTENT (referrer: -; agent: python-requests/2.9.1)
Sep  1 21:47:48 mas01 sh[18324]: 2018-09-01 21:47:48 regiond: [info] 192.168.11.38 POST /MAAS/metadata/status/f4rftg HTTP/1.1 --> 204 NO_CONTENT (referrer: -; agent: python-requests/2.9.1)
Sep  1 21:47:48 mas01 sh[18328]: 2018-09-01 21:47:48 regiond: [info] 192.168.11.38 POST /MAAS/metadata/status/f4rftg HTTP/1.1 --> 204 NO_CONTENT (referrer: -; agent: python-requests/2.9.1)
Sep  1 21:47:48 mas01 sh[18324]: 2018-09-01 21:47:48 regiond: [info] 192.168.11.39 POST /MAAS/metadata/status/dqx7ct HTTP/1.1 --> 204 NO_CONTENT (referrer: -; agent: python-requests/2.9.1)
Sep  1 21:47:48 mas01 sh[18320]: 2018-09-01 21:47:48 regiond: [info] 192.168.11.38 POST /MAAS/metadata/status/f4rftg HTTP/1.1 --> 204 NO_CONTENT (referrer: -; agent: python-requests/2.9.1)
Sep  1 21:47:48 mas01 sh[18324]: 2018-09-01 21:47:48 regiond: [info] 192.168.11.38 POST /MAAS/metadata/status/f4rftg HTTP/1.1 --> 204 NO_CONTENT (referrer: -; agent: python-requests/2.9.1)
Sep  1 21:47:48 mas01 sh[19107]: 2018-09-01 21:47:48 regiond: [info] 192.168.11.39 POST /MAAS/metadata/status/dqx7ct HTTP/1.1 --> 204 NO_CONTENT (referrer: -; agent: python-requests/2.9.1)
Sep  1 21:47:48 mas01 sh[18328]: 2018-09-01 21:47:48 regiond: [info] 192.168.11.39 POST /MAAS/metadata/status/dqx7ct HTTP/1.1 --> 204 NO_CONTENT (referrer: -; agent: python-requests/2.9.1)
Sep  1 21:47:48 mas01 sh[18320]: 2018-09-01 21:47:48 regiond: [info] 192.168.11.39 POST /MAAS/metadata/status/dqx7ct HTTP/1.1 --> 204 NO_CONTENT (referrer: -; agent: python-requests/2.9.1)
Sep  1 21:47:48 mas01 sh[18328]: 2018-09-01 21:47:48 regiond: [info] 192.168.11.38 POST /MAAS/metadata/status/f4rftg HTTP/1.1 --> 204 NO_CONTENT (referrer: -; agent: python-requests/2.9.1)
Sep  1 21:47:48 mas01 sh[18328]: 2018-09-01 21:47:48 regiond: [info] 192.168.11.38 POST /MAAS/metadata/status/f4rftg HTTP/1.1 --> 204 NO_CONTENT (referrer: -; agent: python-requests/2.9.1)
Sep  1 21:47:48 mas01 sh[19107]: 2018-09-01 21:47:48 regiond: [info] 192.168.11.38 POST /MAAS/metadata/status/f4rftg HTTP/1.1 --> 204 NO_CONTENT (referrer: -; agent: python-requests/2.9.1)
Sep  1 21:47:48 mas01 sh[18328]: 2018-09-01 21:47:48 regiond: [info] 192.168.11.38 POST /MAAS/metadata/status/f4rftg HTTP/1.1 --> 204 NO_CONTENT (referrer: -; agent: python-requests/2.9.1)
Sep  1 21:47:48 mas01 sh[18324]: 2018-09-01 21:47:48 regiond: [info] 192.168.11.39 POST /MAAS/metadata/status/dqx7ct HTTP/1.1 --> 204 NO_CONTENT (referrer: -; agent: python-requests/2.9.1)
Sep  1 21:47:48 mas01 sh[18328]: 2018-09-01 21:47:48 regiond: [info] 192.168.11.39 POST /MAAS/metadata/status/dqx7ct HTTP/1.1 --> 204 NO_CONTENT (referrer: -; agent: python-requests/2.9.1)
Sep  1 21:47:48 mas01 sh[18320]: 2018-09-01 21:47:48 regiond: [info] 192.168.11.39 POST /MAAS/metadata/status/dqx7ct HTTP/1.1 --> 204 NO_CONTENT (referrer: -; agent: python-requests/2.9.1)
Sep  1 21:47:48 mas01 sh[18328]: 2018-09-01 21:47:48 regiond: [info] 192.168.11.39 POST /MAAS/metadata/status/dqx7ct HTTP/1.1 --> 204 NO_CONTENT (referrer: -; agent: python-requests/2.9.1)
Sep  1 21:47:50 mas01 dhcpd[20486]: DHCPDISCOVER from 00:25:b5:a0:00:6a via ens5
Sep  1 21:47:50 mas01 dhcpd[20486]: DHCPOFFER on 192.168.11.36 to 00:25:b5:a0:00:6a (cmp002) via ens5
Sep  1 21:47:50 mas01 dhcpd[20486]: execute_statement argv[0] = /usr/sbin/maas-dhcp-helper
Sep  1 21:47:50 mas01 dhcpd[20486]: execute_statement argv[1] = notify
Sep  1 21:47:50 mas01 dhcpd[20486]: execute_statement argv[2] = --action
Sep  1 21:47:50 mas01 dhcpd[20486]: execute_statement argv[3] = commit
Sep  1 21:47:50 mas01 dhcpd[20486]: execute_statement argv[4] = --mac
Sep  1 21:47:50 mas01 dhcpd[20486]: execute_statement argv[5] = 0:25:b5:a0:0:6a
Sep  1 21:47:50 mas01 dhcpd[20486]: execute_statement argv[6] = --ip-family
Sep  1 21:47:50 mas01 dhcpd[20486]: execute_statement argv[7] = ipv4
Sep  1 21:47:50 mas01 dhcpd[20486]: execute_statement argv[8] = --ip
Sep  1 21:47:50 mas01 dhcpd[20486]: execute_statement argv[9] = 192.168.11.36
Sep  1 21:47:50 mas01 dhcpd[20486]: execute_statement argv[10] = --lease-time
Sep  1 21:47:50 mas01 dhcpd[20486]: execute_statement argv[11] = 600
Sep  1 21:47:50 mas01 dhcpd[20486]: execute_statement argv[12] = --hostname
Sep  1 21:47:50 mas01 dhcpd[20486]: execute_statement argv[13] = cmp002
Sep  1 21:47:50 mas01 dhcpd[20486]: execute_statement argv[14] = --socket
Sep  1 21:47:50 mas01 dhcpd[20486]: execute_statement argv[15] = /var/lib/maas/dhcpd.sock
Sep  1 21:47:50 mas01 dhcpd[20486]: DHCPREQUEST for 192.168.11.36 (192.168.11.3) from 00:25:b5:a0:00:6a (cmp002) via ens5
Sep  1 21:47:50 mas01 dhcpd[20486]: DHCPACK on 192.168.11.36 to 00:25:b5:a0:00:6a (cmp002) via ens5
Sep  1 21:47:50 mas01 dhcpd[20486]: DHCPDISCOVER from 00:25:b5:a0:00:5a via ens5
Sep  1 21:47:50 mas01 dhcpd[20486]: DHCPOFFER on 192.168.11.37 to 00:25:b5:a0:00:5a (cmp001) via ens5
Sep  1 21:47:50 mas01 dhcpd[20486]: DHCPDISCOVER from 00:25:b5:a0:00:4a via ens5
Sep  1 21:47:50 mas01 dhcpd[20486]: DHCPOFFER on 192.168.11.40 to 00:25:b5:a0:00:4a (kvm03) via ens5
Sep  1 21:47:50 mas01 dhcpd[20486]: execute_statement argv[0] = /usr/sbin/maas-dhcp-helper
Sep  1 21:47:50 mas01 dhcpd[20486]: execute_statement argv[1] = notify
Sep  1 21:47:50 mas01 dhcpd[20486]: execute_statement argv[2] = --action
Sep  1 21:47:50 mas01 dhcpd[20486]: execute_statement argv[3] = commit
Sep  1 21:47:50 mas01 dhcpd[20486]: execute_statement argv[4] = --mac
Sep  1 21:47:50 mas01 dhcpd[20486]: execute_statement argv[5] = 0:25:b5:a0:0:5a
Sep  1 21:47:50 mas01 dhcpd[20486]: execute_statement argv[6] = --ip-family
Sep  1 21:47:50 mas01 dhcpd[20486]: execute_statement argv[7] = ipv4
Sep  1 21:47:50 mas01 dhcpd[20486]: execute_statement argv[8] = --ip
Sep  1 21:47:50 mas01 dhcpd[20486]: execute_statement argv[9] = 192.168.11.37
Sep  1 21:47:50 mas01 dhcpd[20486]: execute_statement argv[10] = --lease-time
Sep  1 21:47:50 mas01 dhcpd[20486]: execute_statement argv[11] = 600
Sep  1 21:47:50 mas01 dhcpd[20486]: execute_statement argv[12] = --hostname
Sep  1 21:47:50 mas01 dhcpd[20486]: execute_statement argv[13] = cmp001
Sep  1 21:47:50 mas01 dhcpd[20486]: execute_statement argv[14] = --socket
Sep  1 21:47:50 mas01 dhcpd[20486]: execute_statement argv[15] = /var/lib/maas/dhcpd.sock
Sep  1 21:47:50 mas01 sh[18328]: 2018-09-01 21:47:50 maasserver.rpc.leases: [info] Lease update: commit for 192.168.11.36 on 0:25:b5:a0:0:6a at 2018-09-01 21:47:50 (lease time: 600s) (hostname: cmp002)
Sep  1 21:47:50 mas01 dhcpd[20486]: DHCPREQUEST for 192.168.11.37 (192.168.11.3) from 00:25:b5:a0:00:5a (cmp001) via ens5
Sep  1 21:47:50 mas01 dhcpd[20486]: DHCPACK on 192.168.11.37 to 00:25:b5:a0:00:5a (cmp001) via ens5
Sep  1 21:47:50 mas01 dhcpd[20486]: execute_statement argv[0] = /usr/sbin/maas-dhcp-helper
Sep  1 21:47:50 mas01 dhcpd[20486]: execute_statement argv[1] = notify
Sep  1 21:47:50 mas01 dhcpd[20486]: execute_statement argv[2] = --action
Sep  1 21:47:50 mas01 dhcpd[20486]: execute_statement argv[3] = commit
Sep  1 21:47:50 mas01 dhcpd[20486]: execute_statement argv[4] = --mac
Sep  1 21:47:50 mas01 dhcpd[20486]: execute_statement argv[5] = 0:25:b5:a0:0:4a
Sep  1 21:47:50 mas01 dhcpd[20486]: execute_statement argv[6] = --ip-family
Sep  1 21:47:50 mas01 dhcpd[20486]: execute_statement argv[7] = ipv4
Sep  1 21:47:50 mas01 dhcpd[20486]: execute_statement argv[8] = --ip
Sep  1 21:47:50 mas01 dhcpd[20486]: execute_statement argv[9] = 192.168.11.40
Sep  1 21:47:50 mas01 dhcpd[20486]: execute_statement argv[10] = --lease-time
Sep  1 21:47:50 mas01 dhcpd[20486]: execute_statement argv[11] = 600
Sep  1 21:47:50 mas01 dhcpd[20486]: execute_statement argv[12] = --hostname
Sep  1 21:47:50 mas01 dhcpd[20486]: execute_statement argv[13] = kvm03
Sep  1 21:47:50 mas01 dhcpd[20486]: execute_statement argv[14] = --socket
Sep  1 21:47:50 mas01 dhcpd[20486]: execute_statement argv[15] = /var/lib/maas/dhcpd.sock
Sep  1 21:47:50 mas01 sh[18320]: 2018-09-01 21:47:50 maasserver.rpc.leases: [info] Lease update: commit for 192.168.11.37 on 0:25:b5:a0:0:5a at 2018-09-01 21:47:50 (lease time: 600s) (hostname: cmp001)
Sep  1 21:47:50 mas01 dhcpd[20486]: DHCPREQUEST for 192.168.11.40 (192.168.11.3) from 00:25:b5:a0:00:4a (kvm03) via ens5
Sep  1 21:47:50 mas01 dhcpd[20486]: DHCPACK on 192.168.11.40 to 00:25:b5:a0:00:4a (kvm03) via ens5
Sep  1 21:47:50 mas01 sh[19107]: 2018-09-01 21:47:50 maasserver.rpc.leases: [info] Lease update: commit for 192.168.11.40 on 0:25:b5:a0:0:4a at 2018-09-01 21:47:50 (lease time: 600s) (hostname: kvm03)
Sep  1 21:47:51 mas01 sh[17854]: 2018-09-01 21:47:51 rackd: [info] 192.168.11.36 GET /images/ubuntu/amd64/hwe-16.04/xenial/daily/squashfs HTTP/1.1 --> 200 OK (referrer: -; agent: Wget)
Sep  1 21:47:51 mas01 sh[17854]: 2018-09-01 21:47:51 rackd: [info] 192.168.11.37 GET /images/ubuntu/amd64/hwe-16.04/xenial/daily/squashfs HTTP/1.1 --> 200 OK (referrer: -; agent: Wget)
Sep  1 21:47:51 mas01 sh[17854]: 2018-09-01 21:47:51 rackd: [info] 192.168.11.40 GET /images/ubuntu/amd64/hwe-16.04/xenial/daily/squashfs HTTP/1.1 --> 200 OK (referrer: -; agent: Wget)
Sep  1 21:47:53 mas01 sh[18328]: 2018-09-01 21:47:53 regiond: [info] 192.168.11.36 GET /MAAS/metadata/latest/by-id/p46dc6/?op=get_preseed HTTP/1.1 --> 200 OK (referrer: -; agent: Cloud-Init/18.3-9-g2e62cb8a-0ubuntu1~16.04.2)
Sep  1 21:47:54 mas01 sh[18324]: 2018-09-01 21:47:54 regiond: [info] 192.168.11.36 POST /MAAS/metadata/status/p46dc6 HTTP/1.1 --> 204 NO_CONTENT (referrer: -; agent: python-requests/2.9.1)
Sep  1 21:47:54 mas01 sh[18328]: 2018-09-01 21:47:54 regiond: [info] 192.168.11.36 POST /MAAS/metadata/status/p46dc6 HTTP/1.1 --> 204 NO_CONTENT (referrer: -; agent: python-requests/2.9.1)
Sep  1 21:47:54 mas01 sh[19107]: 2018-09-01 21:47:54 regiond: [info] 192.168.11.37 POST /MAAS/metadata/status/rdrp8h HTTP/1.1 --> 204 NO_CONTENT (referrer: -; agent: python-requests/2.9.1)
Sep  1 21:47:54 mas01 sh[18328]: 2018-09-01 21:47:54 regiond: [info] 192.168.11.37 POST /MAAS/metadata/status/rdrp8h HTTP/1.1 --> 204 NO_CONTENT (referrer: -; agent: python-requests/2.9.1)
Sep  1 21:47:54 mas01 sh[19107]: 2018-09-01 21:47:54 regiond: [info] 192.168.11.36 POST /MAAS/metadata/status/p46dc6 HTTP/1.1 --> 204 NO_CONTENT (referrer: -; agent: python-requests/2.9.1)
Sep  1 21:47:54 mas01 sh[18324]: 2018-09-01 21:47:54 regiond: [info] 192.168.11.37 POST /MAAS/metadata/status/rdrp8h HTTP/1.1 --> 204 NO_CONTENT (referrer: -; agent: python-requests/2.9.1)
Sep  1 21:47:54 mas01 sh[18320]: 2018-09-01 21:47:54 regiond: [info] 192.168.11.40 POST /MAAS/metadata/status/acg3px HTTP/1.1 --> 204 NO_CONTENT (referrer: -; agent: python-requests/2.9.1)
Sep  1 21:47:54 mas01 sh[19107]: 2018-09-01 21:47:54 regiond: [info] 192.168.11.40 POST /MAAS/metadata/status/acg3px HTTP/1.1 --> 204 NO_CONTENT (referrer: -; agent: python-requests/2.9.1)
Sep  1 21:47:54 mas01 sh[19107]: 2018-09-01 21:47:54 regiond: [info] 192.168.11.40 POST /MAAS/metadata/status/acg3px HTTP/1.1 --> 204 NO_CONTENT (referrer: -; agent: python-requests/2.9.1)
Sep  1 21:47:54 mas01 sh[19107]: 2018-09-01 21:47:54 regiond: [info] 192.168.11.36 GET /MAAS/metadata/latest/by-id/p46dc6/?op=get_preseed HTTP/1.1 --> 200 OK (referrer: -; agent: Cloud-Init/18.3-9-g2e62cb8a-0ubuntu1~16.04.2)
Sep  1 21:47:54 mas01 sh[18320]: 2018-09-01 21:47:54 regiond: [info] 192.168.11.36 POST /MAAS/metadata/status/p46dc6 HTTP/1.1 --> 204 NO_CONTENT (referrer: -; agent: python-requests/2.9.1)
Sep  1 21:47:54 mas01 sh[18324]: 2018-09-01 21:47:54 regiond: [info] 192.168.11.36 POST /MAAS/metadata/status/p46dc6 HTTP/1.1 --> 204 NO_CONTENT (referrer: -; agent: python-requests/2.9.1)
Sep  1 21:47:54 mas01 sh[18320]: 2018-09-01 21:47:54 regiond: [info] 192.168.11.36 POST /MAAS/metadata/status/p46dc6 HTTP/1.1 --> 204 NO_CONTENT (referrer: -; agent: python-requests/2.9.1)
Sep  1 21:47:54 mas01 sh[18320]: 2018-09-01 21:47:54 regiond: [info] 192.168.11.37 POST /MAAS/metadata/status/rdrp8h HTTP/1.1 --> 204 NO_CONTENT (referrer: -; agent: python-requests/2.9.1)
Sep  1 21:47:54 mas01 sh[18324]: 2018-09-01 21:47:54 regiond: [info] 192.168.11.37 POST /MAAS/metadata/status/rdrp8h HTTP/1.1 --> 204 NO_CONTENT (referrer: -; agent: python-requests/2.9.1)
Sep  1 21:47:54 mas01 sh[18324]: 2018-09-01 21:47:54 regiond: [info] 192.168.11.36 GET /MAAS/metadata/2012-03-01/meta-data/instance-id HTTP/1.1 --> 200 OK (referrer: -; agent: Cloud-Init/18.3-9-g2e62cb8a-0ubuntu1~16.04.2)
Sep  1 21:47:54 mas01 sh[18324]: 2018-09-01 21:47:54 regiond: [info] 192.168.11.37 POST /MAAS/metadata/status/rdrp8h HTTP/1.1 --> 204 NO_CONTENT (referrer: -; agent: python-requests/2.9.1)
Sep  1 21:47:54 mas01 sh[18324]: 2018-09-01 21:47:54 regiond: [info] 192.168.11.36 GET /MAAS/metadata/2012-03-01/meta-data/instance-id HTTP/1.1 --> 200 OK (referrer: -; agent: python-requests/2.9.1)
Sep  1 21:47:54 mas01 sh[19107]: 2018-09-01 21:47:54 regiond: [info] 192.168.11.37 GET /MAAS/metadata/2012-03-01/meta-data/instance-id HTTP/1.1 --> 200 OK (referrer: -; agent: Cloud-Init/18.3-9-g2e62cb8a-0ubuntu1~16.04.2)
Sep  1 21:47:54 mas01 sh[18320]: 2018-09-01 21:47:54 regiond: [info] 192.168.11.36 GET /MAAS/metadata/2012-03-01/meta-data/local-hostname HTTP/1.1 --> 200 OK (referrer: -; agent: python-requests/2.9.1)
Sep  1 21:47:54 mas01 sh[18324]: 2018-09-01 21:47:54 regiond: [info] 192.168.11.37 GET /MAAS/metadata/2012-03-01/meta-data/instance-id HTTP/1.1 --> 200 OK (referrer: -; agent: python-requests/2.9.1)
Sep  1 21:47:54 mas01 sh[18328]: 2018-09-01 21:47:54 regiond: [info] 192.168.11.40 POST /MAAS/metadata/status/acg3px HTTP/1.1 --> 204 NO_CONTENT (referrer: -; agent: python-requests/2.9.1)
Sep  1 21:47:54 mas01 sh[19107]: 2018-09-01 21:47:54 regiond: [info] 192.168.11.37 GET /MAAS/metadata/2012-03-01/meta-data/local-hostname HTTP/1.1 --> 200 OK (referrer: -; agent: python-requests/2.9.1)
