Sep  1 21:52:07 mas01 salt-minion[5986]: [INFO    ] Running state [maas-region apikey --username opnfv > /var/lib/maas/.maas_credentials] at time 21:52:07.611501
Sep  1 21:52:07 mas01 salt-minion[5986]: [INFO    ] Executing state cmd.run for [maas-region apikey --username opnfv > /var/lib/maas/.maas_credentials]
Sep  1 21:52:07 mas01 salt-minion[5986]: [INFO    ] Executing command 'maas-region apikey --username opnfv > /var/lib/maas/.maas_credentials' in directory '/root'
Sep  1 21:52:07 mas01 dhcpd[22327]: DHCPDISCOVER from 00:25:b5:a0:00:6a via ens5
Sep  1 21:52:07 mas01 dhcpd[22327]: DHCPOFFER on 192.168.11.36 to 00:25:b5:a0:00:6a (cmp002) via ens5
Sep  1 21:52:07 mas01 dhcpd[22327]: execute_statement argv[0] = /usr/sbin/maas-dhcp-helper
Sep  1 21:52:07 mas01 dhcpd[22327]: execute_statement argv[1] = notify
Sep  1 21:52:07 mas01 dhcpd[22327]: execute_statement argv[2] = --action
Sep  1 21:52:07 mas01 dhcpd[22327]: execute_statement argv[3] = commit
Sep  1 21:52:07 mas01 dhcpd[22327]: execute_statement argv[4] = --mac
Sep  1 21:52:07 mas01 dhcpd[22327]: execute_statement argv[5] = 0:25:b5:a0:0:6a
Sep  1 21:52:07 mas01 dhcpd[22327]: execute_statement argv[6] = --ip-family
Sep  1 21:52:07 mas01 dhcpd[22327]: execute_statement argv[7] = ipv4
Sep  1 21:52:07 mas01 dhcpd[22327]: execute_statement argv[8] = --ip
Sep  1 21:52:07 mas01 dhcpd[22327]: execute_statement argv[9] = 192.168.11.36
Sep  1 21:52:07 mas01 dhcpd[22327]: execute_statement argv[10] = --lease-time
Sep  1 21:52:07 mas01 dhcpd[22327]: execute_statement argv[11] = 600
Sep  1 21:52:07 mas01 dhcpd[22327]: execute_statement argv[12] = --hostname
Sep  1 21:52:07 mas01 dhcpd[22327]: execute_statement argv[13] = cmp002
Sep  1 21:52:07 mas01 dhcpd[22327]: execute_statement argv[14] = --socket
Sep  1 21:52:07 mas01 dhcpd[22327]: execute_statement argv[15] = /var/lib/maas/dhcpd.sock
Sep  1 21:52:07 mas01 sh[18328]: 2018-09-01 21:52:07 maasserver.rpc.leases: [info] Lease update: commit for 192.168.11.36 on 0:25:b5:a0:0:6a at 2018-09-01 21:52:07 (lease time: 600s) (hostname: cmp002)
Sep  1 21:52:07 mas01 dhcpd[22327]: DHCPREQUEST for 192.168.11.36 (192.168.11.3) from 00:25:b5:a0:00:6a (cmp002) via ens5
Sep  1 21:52:07 mas01 dhcpd[22327]: DHCPACK on 192.168.11.36 to 00:25:b5:a0:00:6a (cmp002) via ens5
Sep  1 21:52:07 mas01 dhcpd[22327]: DHCPDISCOVER from 00:25:b5:a0:00:5a via ens5
Sep  1 21:52:07 mas01 dhcpd[22327]: DHCPOFFER on 192.168.11.37 to 00:25:b5:a0:00:5a (cmp001) via ens5
Sep  1 21:52:07 mas01 dhcpd[22327]: execute_statement argv[0] = /usr/sbin/maas-dhcp-helper
Sep  1 21:52:07 mas01 dhcpd[22327]: execute_statement argv[1] = notify
Sep  1 21:52:07 mas01 dhcpd[22327]: execute_statement argv[2] = --action
Sep  1 21:52:07 mas01 dhcpd[22327]: execute_statement argv[3] = commit
Sep  1 21:52:07 mas01 dhcpd[22327]: execute_statement argv[4] = --mac
Sep  1 21:52:07 mas01 dhcpd[22327]: execute_statement argv[5] = 0:25:b5:a0:0:5a
Sep  1 21:52:07 mas01 dhcpd[22327]: execute_statement argv[6] = --ip-family
Sep  1 21:52:07 mas01 dhcpd[22327]: execute_statement argv[7] = ipv4
Sep  1 21:52:07 mas01 dhcpd[22327]: execute_statement argv[8] = --ip
Sep  1 21:52:07 mas01 dhcpd[22327]: execute_statement argv[9] = 192.168.11.37
Sep  1 21:52:07 mas01 dhcpd[22327]: execute_statement argv[10] = --lease-time
Sep  1 21:52:07 mas01 dhcpd[22327]: execute_statement argv[11] = 600
Sep  1 21:52:07 mas01 dhcpd[22327]: execute_statement argv[12] = --hostname
Sep  1 21:52:07 mas01 dhcpd[22327]: execute_statement argv[13] = cmp001
Sep  1 21:52:07 mas01 dhcpd[22327]: execute_statement argv[14] = --socket
Sep  1 21:52:07 mas01 dhcpd[22327]: execute_statement argv[15] = /var/lib/maas/dhcpd.sock
Sep  1 21:52:07 mas01 dhcpd[22327]: DHCPREQUEST for 192.168.11.37 (192.168.11.3) from 00:25:b5:a0:00:5a (cmp001) via ens5
Sep  1 21:52:07 mas01 dhcpd[22327]: DHCPACK on 192.168.11.37 to 00:25:b5:a0:00:5a (cmp001) via ens5
Sep  1 21:52:08 mas01 sh[18324]: 2018-09-01 21:52:07 maasserver.rpc.leases: [info] Lease update: commit for 192.168.11.37 on 0:25:b5:a0:0:5a at 2018-09-01 21:52:07 (lease time: 600s) (hostname: cmp001)
Sep  1 21:52:08 mas01 dhcpd[22327]: execute_statement argv[0] = /usr/sbin/maas-dhcp-helper
Sep  1 21:52:08 mas01 dhcpd[22327]: execute_statement argv[1] = notify
Sep  1 21:52:08 mas01 dhcpd[22327]: execute_statement argv[2] = --action
Sep  1 21:52:08 mas01 dhcpd[22327]: execute_statement argv[3] = commit
Sep  1 21:52:08 mas01 dhcpd[22327]: execute_statement argv[4] = --mac
Sep  1 21:52:08 mas01 dhcpd[22327]: execute_statement argv[5] = 0:25:b5:a0:0:5a
Sep  1 21:52:08 mas01 dhcpd[22327]: execute_statement argv[6] = --ip-family
Sep  1 21:52:08 mas01 dhcpd[22327]: execute_statement argv[7] = ipv4
Sep  1 21:52:08 mas01 dhcpd[22327]: execute_statement argv[8] = --ip
Sep  1 21:52:08 mas01 dhcpd[22327]: execute_statement argv[9] = 192.168.11.37
Sep  1 21:52:08 mas01 dhcpd[22327]: execute_statement argv[10] = --lease-time
Sep  1 21:52:08 mas01 dhcpd[22327]: execute_statement argv[11] = 600
Sep  1 21:52:08 mas01 dhcpd[22327]: execute_statement argv[12] = --hostname
Sep  1 21:52:08 mas01 dhcpd[22327]: execute_statement argv[13] = cmp001
Sep  1 21:52:08 mas01 dhcpd[22327]: execute_statement argv[14] = --socket
Sep  1 21:52:08 mas01 dhcpd[22327]: execute_statement argv[15] = /var/lib/maas/dhcpd.sock
Sep  1 21:52:08 mas01 dhcpd[22327]: reuse_lease: lease age 0 (secs) under 25% threshold, reply with unaltered, existing lease
Sep  1 21:52:08 mas01 dhcpd[22327]: DHCPREQUEST for 192.168.11.37 (192.168.11.3) from 00:25:b5:a0:00:5a (cmp001) via ens5
Sep  1 21:52:08 mas01 dhcpd[22327]: DHCPACK on 192.168.11.37 to 00:25:b5:a0:00:5a via ens5
Sep  1 21:52:08 mas01 sh[18328]: 2018-09-01 21:52:08 maasserver.rpc.leases: [info] Lease update: commit for 192.168.11.37 on 0:25:b5:a0:0:5a at 2018-09-01 21:52:08 (lease time: 600s) (hostname: cmp001)
Sep  1 21:52:08 mas01 sh[17854]: 2018-09-01 21:52:08 rackd: [info] 192.168.11.36 GET /images/ubuntu/amd64/hwe-16.04/xenial/daily/squashfs HTTP/1.1 --> 200 OK (referrer: -; agent: Wget)
Sep  1 21:52:08 mas01 sh[17854]: 2018-09-01 21:52:08 rackd: [info] 192.168.11.37 GET /images/ubuntu/amd64/hwe-16.04/xenial/daily/squashfs HTTP/1.1 --> 200 OK (referrer: -; agent: Wget)
Sep  1 21:52:08 mas01 salt-minion[5986]: [INFO    ] User sudo_ubuntu Executing command saltutil.find_job with jid 20180901215208763109
Sep  1 21:52:08 mas01 salt-minion[5986]: [INFO    ] Starting a new job with PID 23195
Sep  1 21:52:08 mas01 salt-minion[5986]: [INFO    ] Returning information for job: 20180901215208763109
Sep  1 21:52:09 mas01 salt-minion[5986]: [INFO    ] {'pid': 23183, 'retcode': 0, 'stderr': '', 'stdout': ''}
Sep  1 21:52:09 mas01 salt-minion[5986]: [INFO    ] Completed state [maas-region apikey --username opnfv > /var/lib/maas/.maas_credentials] at time 21:52:09.634004 duration_in_ms=2022.501
Sep  1 21:52:09 mas01 salt-minion[5986]: [INFO    ] Running state [maas.machines_status] at time 21:52:09.638660
Sep  1 21:52:09 mas01 salt-minion[5986]: [INFO    ] Executing state module.run for [maas.machines_status]
Sep  1 21:52:09 mas01 salt-minion[5986]: [WARNING ] The function "module.run" is using its deprecated version and will expire in version "Sodium".
Sep  1 21:52:10 mas01 sh[18328]: 2018-09-01 21:52:10 regiond: [info] 127.0.0.1 GET /MAAS/api/2.0/machines/ HTTP/1.1 --> 200 OK (referrer: -; agent: Python-urllib/2.7)
Sep  1 21:52:10 mas01 salt-minion[5986]: [INFO    ] {'ret': {'machines': [{'status': 'Deploying', 'hostname': u'cmp002', 'system_id': u'p46dc6'}, {'status': 'Deploying', 'hostname': u'cmp001', 'system_id': u'rdrp8h'}, {'status': 'Deploying', 'hostname': u'kvm01', 'system_id': u'f4rftg'}, {'status': 'Deploying', 'hostname': u'kvm03', 'system_id': u'acg3px'}, {'status': 'Deploying', 'hostname': u'kvm02', 'system_id': u'dqx7ct'}], 'summary': Counter({'Deploying': 5})}}
Sep  1 21:52:10 mas01 salt-minion[5986]: [INFO    ] Completed state [maas.machines_status] at time 21:52:10.744551 duration_in_ms=1105.87
Sep  1 21:52:10 mas01 salt-minion[5986]: [INFO    ] Returning information for job: 20180901215203653125
Sep  1 21:52:11 mas01 sh[19107]: 2018-09-01 21:52:11 regiond: [info] 192.168.11.37 GET /MAAS/metadata/latest/by-id/rdrp8h/?op=get_preseed HTTP/1.1 --> 200 OK (referrer: -; agent: Cloud-Init/18.3-9-g2e62cb8a-0ubuntu1~16.04.2)
Sep  1 21:52:11 mas01 sh[18324]: 2018-09-01 21:52:11 regiond: [info] 192.168.11.37 POST /MAAS/metadata/status/rdrp8h HTTP/1.1 --> 204 NO_CONTENT (referrer: -; agent: python-requests/2.9.1)
Sep  1 21:52:11 mas01 sh[18324]: 2018-09-01 21:52:11 regiond: [info] 192.168.11.37 POST /MAAS/metadata/status/rdrp8h HTTP/1.1 --> 204 NO_CONTENT (referrer: -; agent: python-requests/2.9.1)
Sep  1 21:52:11 mas01 sh[19107]: 2018-09-01 21:52:11 regiond: [info] 192.168.11.36 POST /MAAS/metadata/status/p46dc6 HTTP/1.1 --> 204 NO_CONTENT (referrer: -; agent: python-requests/2.9.1)
Sep  1 21:52:11 mas01 sh[19107]: 2018-09-01 21:52:11 regiond: [info] 192.168.11.36 POST /MAAS/metadata/status/p46dc6 HTTP/1.1 --> 204 NO_CONTENT (referrer: -; agent: python-requests/2.9.1)
Sep  1 21:52:11 mas01 sh[19107]: 2018-09-01 21:52:11 regiond: [info] 192.168.11.37 POST /MAAS/metadata/status/rdrp8h HTTP/1.1 --> 204 NO_CONTENT (referrer: -; agent: python-requests/2.9.1)
Sep  1 21:52:11 mas01 sh[19107]: 2018-09-01 21:52:11 regiond: [info] 192.168.11.36 POST /MAAS/metadata/status/p46dc6 HTTP/1.1 --> 204 NO_CONTENT (referrer: -; agent: python-requests/2.9.1)
Sep  1 21:52:12 mas01 sh[19107]: 2018-09-01 21:52:12 regiond: [info] 192.168.11.36 GET /MAAS/metadata/latest/by-id/p46dc6/?op=get_preseed HTTP/1.1 --> 200 OK (referrer: -; agent: Cloud-Init/18.3-9-g2e62cb8a-0ubuntu1~16.04.2)
Sep  1 21:52:12 mas01 sh[18328]: 2018-09-01 21:52:12 regiond: [info] 192.168.11.37 POST /MAAS/metadata/status/rdrp8h HTTP/1.1 --> 204 NO_CONTENT (referrer: -; agent: python-requests/2.9.1)
Sep  1 21:52:12 mas01 sh[18328]: 2018-09-01 21:52:12 regiond: [info] 192.168.11.37 POST /MAAS/metadata/status/rdrp8h HTTP/1.1 --> 204 NO_CONTENT (referrer: -; agent: python-requests/2.9.1)
Sep  1 21:52:12 mas01 sh[18320]: 2018-09-01 21:52:12 regiond: [info] 192.168.11.37 POST /MAAS/metadata/status/rdrp8h HTTP/1.1 --> 204 NO_CONTENT (referrer: -; agent: python-requests/2.9.1)
Sep  1 21:52:12 mas01 sh[18328]: 2018-09-01 21:52:12 regiond: [info] 192.168.11.36 POST /MAAS/metadata/status/p46dc6 HTTP/1.1 --> 204 NO_CONTENT (referrer: -; agent: python-requests/2.9.1)
Sep  1 21:52:12 mas01 sh[19107]: 2018-09-01 21:52:12 regiond: [info] 192.168.11.36 POST /MAAS/metadata/status/p46dc6 HTTP/1.1 --> 204 NO_CONTENT (referrer: -; agent: python-requests/2.9.1)
Sep  1 21:52:12 mas01 sh[18320]: 2018-09-01 21:52:12 regiond: [info] 192.168.11.36 POST /MAAS/metadata/status/p46dc6 HTTP/1.1 --> 204 NO_CONTENT (referrer: -; agent: python-requests/2.9.1)
Sep  1 21:52:12 mas01 sh[18328]: 2018-09-01 21:52:12 regiond: [info] 192.168.11.37 GET /MAAS/metadata/curtin/2012-03-01/meta-data/instance-id HTTP/1.1 --> 200 OK (referrer: -; agent: Cloud-Init/18.3-9-g2e62cb8a-0ubuntu1~16.04.2)
Sep  1 21:52:12 mas01 sh[18324]: 2018-09-01 21:52:12 regiond: [info] 192.168.11.36 GET /MAAS/metadata/curtin/2012-03-01/meta-data/instance-id HTTP/1.1 --> 200 OK (referrer: -; agent: Cloud-Init/18.3-9-g2e62cb8a-0ubuntu1~16.04.2)
Sep  1 21:52:12 mas01 sh[18328]: 2018-09-01 21:52:12 regiond: [info] 192.168.11.37 GET /MAAS/metadata/curtin/2012-03-01/meta-data/instance-id HTTP/1.1 --> 200 OK (referrer: -; agent: python-requests/2.9.1)
Sep  1 21:52:12 mas01 sh[18324]: 2018-09-01 21:52:12 regiond: [info] 192.168.11.36 GET /MAAS/metadata/curtin/2012-03-01/meta-data/instance-id HTTP/1.1 --> 200 OK (referrer: -; agent: python-requests/2.9.1)
Sep  1 21:52:12 mas01 sh[18324]: 2018-09-01 21:52:12 regiond: [info] 192.168.11.37 GET /MAAS/metadata/curtin/2012-03-01/meta-data/local-hostname HTTP/1.1 --> 200 OK (referrer: -; agent: python-requests/2.9.1)
Sep  1 21:52:12 mas01 sh[18320]: 2018-09-01 21:52:12 regiond: [info] 192.168.11.36 GET /MAAS/metadata/curtin/2012-03-01/meta-data/local-hostname HTTP/1.1 --> 200 OK (referrer: -; agent: python-requests/2.9.1)
Sep  1 21:52:12 mas01 sh[18324]: 2018-09-01 21:52:12 regiond: [info] 192.168.11.37 GET /MAAS/metadata/curtin/2012-03-01/meta-data/public-keys HTTP/1.1 --> 200 OK (referrer: -; agent: python-requests/2.9.1)
Sep  1 21:52:12 mas01 sh[18324]: 2018-09-01 21:52:12 regiond: [info] 192.168.11.37 GET /MAAS/metadata/curtin/2012-03-01/meta-data/vendor-data HTTP/1.1 --> 200 OK (referrer: -; agent: python-requests/2.9.1)
Sep  1 21:52:12 mas01 sh[18320]: 2018-09-01 21:52:12 regiond: [info] 192.168.11.36 GET /MAAS/metadata/curtin/2012-03-01/meta-data/vendor-data HTTP/1.1 --> 200 OK (referrer: -; agent: python-requests/2.9.1)
Sep  1 21:52:12 mas01 sh[18324]: 2018-09-01 21:52:12 maasserver.preseed: [warn] WARNING: '/etc/maas/preseeds/curtin_userdata_amd64_generic_xenial' contains deprecated preseed variables. Please remove: main_archive_directory, ports_archive_directory, http_proxy
Sep  1 21:52:12 mas01 sh[18328]: 2018-09-01 21:52:12 maasserver.preseed: [warn] WARNING: '/etc/maas/preseeds/curtin_userdata_amd64_generic_xenial' contains deprecated preseed variables. Please remove: main_archive_directory, ports_archive_directory, http_proxy
Sep  1 21:52:13 mas01 sh[18324]: 2018-09-01 21:52:13 regiond: [info] 192.168.11.37 GET /MAAS/metadata/curtin/2012-03-01/user-data HTTP/1.1 --> 200 OK (referrer: -; agent: python-requests/2.9.1)
Sep  1 21:52:13 mas01 sh[19107]: 2018-09-01 21:52:13 regiond: [info] 192.168.11.37 POST /MAAS/metadata/status/rdrp8h HTTP/1.1 --> 204 NO_CONTENT (referrer: -; agent: python-requests/2.9.1)
Sep  1 21:52:13 mas01 sh[18328]: 2018-09-01 21:52:13 regiond: [info] 192.168.11.36 GET /MAAS/metadata/curtin/2012-03-01/user-data HTTP/1.1 --> 200 OK (referrer: -; agent: python-requests/2.9.1)
Sep  1 21:52:13 mas01 sh[18320]: 2018-09-01 21:52:13 regiond: [info] 192.168.11.36 POST /MAAS/metadata/status/p46dc6 HTTP/1.1 --> 204 NO_CONTENT (referrer: -; agent: python-requests/2.9.1)
Sep  1 21:52:13 mas01 sh[18324]: 2018-09-01 21:52:13 regiond: [info] 192.168.11.37 POST /MAAS/metadata/status/rdrp8h HTTP/1.1 --> 204 NO_CONTENT (referrer: -; agent: python-requests/2.9.1)
Sep  1 21:52:13 mas01 sh[18320]: 2018-09-01 21:52:13 regiond: [info] 192.168.11.37 POST /MAAS/metadata/status/rdrp8h HTTP/1.1 --> 204 NO_CONTENT (referrer: -; agent: python-requests/2.9.1)
Sep  1 21:52:13 mas01 sh[18320]: 2018-09-01 21:52:13 regiond: [info] 192.168.11.36 POST /MAAS/metadata/status/p46dc6 HTTP/1.1 --> 204 NO_CONTENT (referrer: -; agent: python-requests/2.9.1)
Sep  1 21:52:13 mas01 sh[18324]: 2018-09-01 21:52:13 regiond: [info] 192.168.11.36 POST /MAAS/metadata/status/p46dc6 HTTP/1.1 --> 204 NO_CONTENT (referrer: -; agent: python-requests/2.9.1)
Sep  1 21:52:13 mas01 sh[18328]: 2018-09-01 21:52:13 regiond: [info] 192.168.11.37 POST /MAAS/metadata/status/rdrp8h HTTP/1.1 --> 204 NO_CONTENT (referrer: -; agent: python-requests/2.9.1)
Sep  1 21:52:13 mas01 sh[19107]: 2018-09-01 21:52:13 regiond: [info] 192.168.11.36 POST /MAAS/metadata/status/p46dc6 HTTP/1.1 --> 204 NO_CONTENT (referrer: -; agent: python-requests/2.9.1)
Sep  1 21:52:13 mas01 sh[18324]: 2018-09-01 21:52:13 regiond: [info] 192.168.11.37 POST /MAAS/metadata/status/rdrp8h HTTP/1.1 --> 204 NO_CONTENT (referrer: -; agent: python-requests/2.9.1)
Sep  1 21:52:13 mas01 sh[18324]: 2018-09-01 21:52:13 regiond: [info] 192.168.11.36 POST /MAAS/metadata/status/p46dc6 HTTP/1.1 --> 204 NO_CONTENT (referrer: -; agent: python-requests/2.9.1)
Sep  1 21:52:13 mas01 sh[18320]: 2018-09-01 21:52:13 regiond: [info] 192.168.11.37 POST /MAAS/metadata/status/rdrp8h HTTP/1.1 --> 204 NO_CONTENT (referrer: -; agent: python-requests/2.9.1)
Sep  1 21:52:13 mas01 sh[18320]: 2018-09-01 21:52:13 regiond: [info] 192.168.11.36 POST /MAAS/metadata/status/p46dc6 HTTP/1.1 --> 204 NO_CONTENT (referrer: -; agent: python-requests/2.9.1)
Sep  1 21:52:13 mas01 sh[19107]: 2018-09-01 21:52:13 regiond: [info] 192.168.11.37 POST /MAAS/metadata/status/rdrp8h HTTP/1.1 --> 204 NO_CONTENT (referrer: -; agent: python-requests/2.9.1)
Sep  1 21:52:13 mas01 sh[18324]: 2018-09-01 21:52:13 regiond: [info] 192.168.11.36 POST /MAAS/metadata/status/p46dc6 HTTP/1.1 --> 204 NO_CONTENT (referrer: -; agent: python-requests/2.9.1)
Sep  1 21:52:13 mas01 sh[19107]: 2018-09-01 21:52:13 regiond: [info] 192.168.11.37 POST /MAAS/metadata/status/rdrp8h HTTP/1.1 --> 204 NO_CONTENT (referrer: -; agent: python-requests/2.9.1)
Sep  1 21:52:13 mas01 sh[18324]: 2018-09-01 21:52:13 regiond: [info] 192.168.11.36 POST /MAAS/metadata/status/p46dc6 HTTP/1.1 --> 204 NO_CONTENT (referrer: -; agent: python-requests/2.9.1)
Sep  1 21:52:13 mas01 sh[18320]: 2018-09-01 21:52:13 regiond: [info] 192.168.11.37 POST /MAAS/metadata/status/rdrp8h HTTP/1.1 --> 204 NO_CONTENT (referrer: -; agent: python-requests/2.9.1)
Sep  1 21:52:13 mas01 sh[18324]: 2018-09-01 21:52:13 regiond: [info] 192.168.11.36 POST /MAAS/metadata/status/p46dc6 HTTP/1.1 --> 204 NO_CONTENT (referrer: -; agent: python-requests/2.9.1)
Sep  1 21:52:13 mas01 sh[18320]: 2018-09-01 21:52:13 regiond: [info] 192.168.11.37 POST /MAAS/metadata/status/rdrp8h HTTP/1.1 --> 204 NO_CONTENT (referrer: -; agent: python-requests/2.9.1)
Sep  1 21:52:13 mas01 sh[18328]: 2018-09-01 21:52:13 regiond: [info] 192.168.11.36 POST /MAAS/metadata/status/p46dc6 HTTP/1.1 --> 204 NO_CONTENT (referrer: -; agent: python-requests/2.9.1)
Sep  1 21:52:13 mas01 sh[18328]: 2018-09-01 21:52:13 regiond: [info] 192.168.11.37 POST /MAAS/metadata/status/rdrp8h HTTP/1.1 --> 204 NO_CONTENT (referrer: -; agent: python-requests/2.9.1)
Sep  1 21:52:13 mas01 sh[19107]: 2018-09-01 21:52:13 regiond: [info] 192.168.11.36 POST /MAAS/metadata/status/p46dc6 HTTP/1.1 --> 204 NO_CONTENT (referrer: -; agent: python-requests/2.9.1)
Sep  1 21:52:13 mas01 sh[19107]: 2018-09-01 21:52:13 regiond: [info] 192.168.11.37 POST /MAAS/metadata/status/rdrp8h HTTP/1.1 --> 204 NO_CONTENT (referrer: -; agent: python-requests/2.9.1)
Sep  1 21:52:13 mas01 sh[18324]: 2018-09-01 21:52:13 regiond: [info] 192.168.11.36 POST /MAAS/metadata/status/p46dc6 HTTP/1.1 --> 204 NO_CONTENT (referrer: -; agent: python-requests/2.9.1)
Sep  1 21:52:13 mas01 sh[18328]: 2018-09-01 21:52:13 regiond: [info] 192.168.11.36 POST /MAAS/metadata/status/p46dc6 HTTP/1.1 --> 204 NO_CONTENT (referrer: -; agent: python-requests/2.9.1)
Sep  1 21:52:13 mas01 sh[18324]: 2018-09-01 21:52:13 regiond: [info] 192.168.11.36 POST /MAAS/metadata/status/p46dc6 HTTP/1.1 --> 204 NO_CONTENT (referrer: -; agent: python-requests/2.9.1)
Sep  1 21:52:13 mas01 sh[18328]: 2018-09-01 21:52:13 regiond: [info] 192.168.11.36 POST /MAAS/metadata/status/p46dc6 HTTP/1.1 --> 204 NO_CONTENT (referrer: -; agent: python-requests/2.9.1)
Sep  1 21:52:13 mas01 sh[18328]: 2018-09-01 21:52:13 regiond: [info] 192.168.11.36 POST /MAAS/metadata/status/p46dc6 HTTP/1.1 --> 204 NO_CONTENT (referrer: -; agent: python-requests/2.9.1)
Sep  1 21:52:13 mas01 sh[18328]: 2018-09-01 21:52:13 regiond: [info] 192.168.11.37 POST /MAAS/metadata/status/rdrp8h HTTP/1.1 --> 204 NO_CONTENT (referrer: -; agent: python-requests/2.9.1)
Sep  1 21:52:13 mas01 sh[18320]: 2018-09-01 21:52:13 regiond: [info] 192.168.11.37 POST /MAAS/metadata/status/rdrp8h HTTP/1.1 --> 204 NO_CONTENT (referrer: -; agent: python-requests/2.9.1)
Sep  1 21:52:13 mas01 sh[18320]: 2018-09-01 21:52:13 regiond: [info] 192.168.11.37 POST /MAAS/metadata/status/rdrp8h HTTP/1.1 --> 204 NO_CONTENT (referrer: -; agent: python-requests/2.9.1)
Sep  1 21:52:13 mas01 sh[19107]: 2018-09-01 21:52:13 regiond: [info] 192.168.11.36 POST /MAAS/metadata/status/p46dc6 HTTP/1.1 --> 204 NO_CONTENT (referrer: -; agent: python-requests/2.9.1)
Sep  1 21:52:13 mas01 sh[18320]: 2018-09-01 21:52:13 regiond: [info] 192.168.11.37 POST /MAAS/metadata/status/rdrp8h HTTP/1.1 --> 204 NO_CONTENT (referrer: -; agent: python-requests/2.9.1)
Sep  1 21:52:13 mas01 sh[18320]: 2018-09-01 21:52:13 regiond: [info] 192.168.11.37 POST /MAAS/metadata/status/rdrp8h HTTP/1.1 --> 204 NO_CONTENT (referrer: -; agent: python-requests/2.9.1)
Sep  1 21:52:13 mas01 sh[18324]: 2018-09-01 21:52:13 regiond: [info] 192.168.11.37 POST /MAAS/metadata/status/rdrp8h HTTP/1.1 --> 204 NO_CONTENT (referrer: -; agent: python-requests/2.9.1)
Sep  1 21:52:13 mas01 sh[19107]: 2018-09-01 21:52:13 maasserver.regiondservices.active_discovery: [info] Active network discovery: Active scanning is not enabled on any subnet. Skipping periodic scan.
Sep  1 21:52:13 mas01 sh[19107]: 2018-09-01 21:52:13 regiond: [info] 192.168.11.36 POST /MAAS/metadata/status/p46dc6 HTTP/1.1 --> 204 NO_CONTENT (referrer: -; agent: python-requests/2.9.1)
Sep  1 21:52:13 mas01 sh[19107]: 2018-09-01 21:52:13 regiond: [info] 192.168.11.37 POST /MAAS/metadata/status/rdrp8h HTTP/1.1 --> 204 NO_CONTENT (referrer: -; agent: python-requests/2.9.1)
Sep  1 21:52:13 mas01 sh[19107]: 2018-09-01 21:52:13 regiond: [info] 192.168.11.36 POST /MAAS/metadata/status/p46dc6 HTTP/1.1 --> 204 NO_CONTENT (referrer: -; agent: python-requests/2.9.1)
Sep  1 21:52:13 mas01 sh[18324]: 2018-09-01 21:52:13 regiond: [info] 192.168.11.37 POST /MAAS/metadata/status/rdrp8h HTTP/1.1 --> 204 NO_CONTENT (referrer: -; agent: python-requests/2.9.1)
Sep  1 21:52:13 mas01 sh[18320]: 2018-09-01 21:52:13 regiond: [info] 192.168.11.36 POST /MAAS/metadata/status/p46dc6 HTTP/1.1 --> 204 NO_CONTENT (referrer: -; agent: python-requests/2.9.1)
Sep  1 21:52:13 mas01 sh[18328]: 2018-09-01 21:52:13 regiond: [info] 192.168.11.37 POST /MAAS/metadata/status/rdrp8h HTTP/1.1 --> 204 NO_CONTENT (referrer: -; agent: python-requests/2.9.1)
Sep  1 21:52:13 mas01 sh[19107]: 2018-09-01 21:52:13 regiond: [info] 192.168.11.36 POST /MAAS/metadata/status/p46dc6 HTTP/1.1 --> 204 NO_CONTENT (referrer: -; agent: python-requests/2.9.1)
Sep  1 21:52:13 mas01 sh[18320]: 2018-09-01 21:52:13 regiond: [info] 192.168.11.37 POST /MAAS/metadata/status/rdrp8h HTTP/1.1 --> 204 NO_CONTENT (referrer: -; agent: python-requests/2.9.1)
Sep  1 21:52:13 mas01 sh[18328]: 2018-09-01 21:52:13 regiond: [info] 192.168.11.36 POST /MAAS/metadata/status/p46dc6 HTTP/1.1 --> 204 NO_CONTENT (referrer: -; agent: python-requests/2.9.1)
Sep  1 21:52:13 mas01 sh[18324]: 2018-09-01 21:52:13 regiond: [info] 192.168.11.37 POST /MAAS/metadata/status/rdrp8h HTTP/1.1 --> 204 NO_CONTENT (referrer: -; agent: python-requests/2.9.1)
Sep  1 21:52:13 mas01 sh[18328]: 2018-09-01 21:52:13 regiond: [info] 192.168.11.36 POST /MAAS/metadata/status/p46dc6 HTTP/1.1 --> 204 NO_CONTENT (referrer: -; agent: python-requests/2.9.1)
Sep  1 21:52:13 mas01 sh[18320]: 2018-09-01 21:52:13 regiond: [info] 192.168.11.37 POST /MAAS/metadata/status/rdrp8h HTTP/1.1 --> 204 NO_CONTENT (referrer: -; agent: python-requests/2.9.1)
Sep  1 21:52:13 mas01 sh[18320]: 2018-09-01 21:52:13 regiond: [info] 192.168.11.36 POST /MAAS/metadata/status/p46dc6 HTTP/1.1 --> 204 NO_CONTENT (referrer: -; agent: python-requests/2.9.1)
Sep  1 21:52:13 mas01 sh[18320]: 2018-09-01 21:52:13 regiond: [info] 192.168.11.37 POST /MAAS/metadata/status/rdrp8h HTTP/1.1 --> 204 NO_CONTENT (referrer: -; agent: python-requests/2.9.1)
Sep  1 21:52:13 mas01 sh[18320]: 2018-09-01 21:52:13 regiond: [info] 192.168.11.36 POST /MAAS/metadata/status/p46dc6 HTTP/1.1 --> 204 NO_CONTENT (referrer: -; agent: python-requests/2.9.1)
Sep  1 21:52:13 mas01 sh[18328]: 2018-09-01 21:52:13 regiond: [info] 192.168.11.37 POST /MAAS/metadata/status/rdrp8h HTTP/1.1 --> 204 NO_CONTENT (referrer: -; agent: python-requests/2.9.1)
Sep  1 21:52:13 mas01 sh[18320]: 2018-09-01 21:52:13 regiond: [info] 192.168.11.36 POST /MAAS/metadata/status/p46dc6 HTTP/1.1 --> 204 NO_CONTENT (referrer: -; agent: python-requests/2.9.1)
Sep  1 21:52:13 mas01 sh[18324]: 2018-09-01 21:52:13 regiond: [info] 192.168.11.37 POST /MAAS/metadata/status/rdrp8h HTTP/1.1 --> 204 NO_CONTENT (referrer: -; agent: python-requests/2.9.1)
Sep  1 21:52:13 mas01 sh[18324]: 2018-09-01 21:52:13 regiond: [info] 192.168.11.36 POST /MAAS/metadata/status/p46dc6 HTTP/1.1 --> 204 NO_CONTENT (referrer: -; agent: python-requests/2.9.1)
Sep  1 21:52:13 mas01 sh[18328]: 2018-09-01 21:52:13 regiond: [info] 192.168.11.37 POST /MAAS/metadata/status/rdrp8h HTTP/1.1 --> 204 NO_CONTENT (referrer: -; agent: python-requests/2.9.1)
Sep  1 21:52:13 mas01 sh[18320]: 2018-09-01 21:52:13 regiond: [info] 192.168.11.36 POST /MAAS/metadata/status/p46dc6 HTTP/1.1 --> 204 NO_CONTENT (referrer: -; agent: python-requests/2.9.1)
Sep  1 21:52:13 mas01 sh[18324]: 2018-09-01 21:52:13 regiond: [info] 192.168.11.37 POST /MAAS/metadata/status/rdrp8h HTTP/1.1 --> 204 NO_CONTENT (referrer: -; agent: python-requests/2.9.1)
Sep  1 21:52:13 mas01 sh[19107]: 2018-09-01 21:52:13 regiond: [info] 192.168.11.36 POST /MAAS/metadata/status/p46dc6 HTTP/1.1 --> 204 NO_CONTENT (referrer: -; agent: python-requests/2.9.1)
Sep  1 21:52:13 mas01 sh[18320]: 2018-09-01 21:52:13 regiond: [info] 192.168.11.37 POST /MAAS/metadata/status/rdrp8h HTTP/1.1 --> 204 NO_CONTENT (referrer: -; agent: python-requests/2.9.1)
Sep  1 21:52:13 mas01 sh[18320]: 2018-09-01 21:52:13 regiond: [info] 192.168.11.36 POST /MAAS/metadata/status/p46dc6 HTTP/1.1 --> 204 NO_CONTENT (referrer: -; agent: python-requests/2.9.1)
Sep  1 21:52:13 mas01 sh[18324]: 2018-09-01 21:52:13 regiond: [info] 192.168.11.37 POST /MAAS/metadata/status/rdrp8h HTTP/1.1 --> 204 NO_CONTENT (referrer: -; agent: python-requests/2.9.1)
Sep  1 21:52:13 mas01 sh[19107]: 2018-09-01 21:52:13 regiond: [info] 192.168.11.36 POST /MAAS/metadata/status/p46dc6 HTTP/1.1 --> 204 NO_CONTENT (referrer: -; agent: python-requests/2.9.1)
Sep  1 21:52:13 mas01 sh[18324]: 2018-09-01 21:52:13 regiond: [info] 192.168.11.37 POST /MAAS/metadata/status/rdrp8h HTTP/1.1 --> 204 NO_CONTENT (referrer: -; agent: python-requests/2.9.1)
Sep  1 21:52:13 mas01 sh[18320]: 2018-09-01 21:52:13 regiond: [info] 192.168.11.36 POST /MAAS/metadata/status/p46dc6 HTTP/1.1 --> 204 NO_CONTENT (referrer: -; agent: python-requests/2.9.1)
Sep  1 21:52:13 mas01 sh[18320]: 2018-09-01 21:52:13 regiond: [info] 192.168.11.37 POST /MAAS/metadata/status/rdrp8h HTTP/1.1 --> 204 NO_CONTENT (referrer: -; agent: python-requests/2.9.1)
Sep  1 21:52:13 mas01 sh[18324]: 2018-09-01 21:52:13 regiond: [info] 192.168.11.37 POST /MAAS/metadata/status/rdrp8h HTTP/1.1 --> 204 NO_CONTENT (referrer: -; agent: python-requests/2.9.1)
Sep  1 21:52:13 mas01 sh[18328]: 2018-09-01 21:52:13 regiond: [info] 192.168.11.36 POST /MAAS/metadata/status/p46dc6 HTTP/1.1 --> 204 NO_CONTENT (referrer: -; agent: python-requests/2.9.1)
Sep  1 21:52:14 mas01 sh[18320]: 2018-09-01 21:52:14 regiond: [info] 192.168.11.36 POST /MAAS/metadata/status/p46dc6 HTTP/1.1 --> 204 NO_CONTENT (referrer: -; agent: python-requests/2.9.1)
Sep  1 21:52:14 mas01 sh[18324]: 2018-09-01 21:52:14 regiond: [info] 192.168.11.37 POST /MAAS/metadata/status/rdrp8h HTTP/1.1 --> 204 NO_CONTENT (referrer: -; agent: python-requests/2.9.1)
Sep  1 21:52:14 mas01 sh[18320]: 2018-09-01 21:52:14 regiond: [info] 192.168.11.37 POST /MAAS/metadata/status/rdrp8h HTTP/1.1 --> 204 NO_CONTENT (referrer: -; agent: python-requests/2.9.1)
Sep  1 21:52:14 mas01 sh[18328]: 2018-09-01 21:52:14 regiond: [info] 192.168.11.36 POST /MAAS/metadata/status/p46dc6 HTTP/1.1 --> 204 NO_CONTENT (referrer: -; agent: python-requests/2.9.1)
Sep  1 21:52:14 mas01 sh[18320]: 2018-09-01 21:52:14 regiond: [info] 192.168.11.36 POST /MAAS/metadata/status/p46dc6 HTTP/1.1 --> 204 NO_CONTENT (referrer: -; agent: python-requests/2.9.1)
Sep  1 21:52:14 mas01 sh[19107]: 2018-09-01 21:52:14 regiond: [info] 192.168.11.37 POST /MAAS/metadata/status/rdrp8h HTTP/1.1 --> 204 NO_CONTENT (referrer: -; agent: python-requests/2.9.1)
Sep  1 21:52:14 mas01 sh[19107]: 2018-09-01 21:52:14 regiond: [info] 192.168.11.36 POST /MAAS/metadata/status/p46dc6 HTTP/1.1 --> 204 NO_CONTENT (referrer: -; agent: python-requests/2.9.1)
Sep  1 21:52:14 mas01 sh[18328]: 2018-09-01 21:52:14 regiond: [info] 192.168.11.37 POST /MAAS/metadata/status/rdrp8h HTTP/1.1 --> 204 NO_CONTENT (referrer: -; agent: python-requests/2.9.1)
Sep  1 21:52:14 mas01 sh[18320]: 2018-09-01 21:52:14 regiond: [info] 192.168.11.36 POST /MAAS/metadata/status/p46dc6 HTTP/1.1 --> 204 NO_CONTENT (referrer: -; agent: python-requests/2.9.1)
Sep  1 21:52:14 mas01 sh[18324]: 2018-09-01 21:52:14 regiond: [info] 192.168.11.36 POST /MAAS/metadata/status/p46dc6 HTTP/1.1 --> 204 NO_CONTENT (referrer: -; agent: python-requests/2.9.1)
Sep  1 21:52:14 mas01 sh[19107]: 2018-09-01 21:52:14 regiond: [info] 192.168.11.37 POST /MAAS/metadata/status/rdrp8h HTTP/1.1 --> 204 NO_CONTENT (referrer: -; agent: python-requests/2.9.1)
Sep  1 21:52:14 mas01 sh[18328]: 2018-09-01 21:52:14 regiond: [info] 192.168.11.36 POST /MAAS/metadata/status/p46dc6 HTTP/1.1 --> 204 NO_CONTENT (referrer: -; agent: python-requests/2.9.1)
Sep  1 21:52:14 mas01 sh[18320]: 2018-09-01 21:52:14 regiond: [info] 192.168.11.37 POST /MAAS/metadata/status/rdrp8h HTTP/1.1 --> 204 NO_CONTENT (referrer: -; agent: python-requests/2.9.1)
Sep  1 21:52:18 mas01 sh[18320]: 2018-09-01 21:52:18 regiond: [info] 192.168.11.36 POST /MAAS/metadata/status/p46dc6 HTTP/1.1 --> 204 NO_CONTENT (referrer: -; agent: python-requests/2.9.1)
Sep  1 21:52:18 mas01 sh[18324]: 2018-09-01 21:52:18 regiond: [info] 192.168.11.36 POST /MAAS/metadata/status/p46dc6 HTTP/1.1 --> 204 NO_CONTENT (referrer: -; agent: python-requests/2.9.1)
Sep  1 21:52:18 mas01 sh[18328]: 2018-09-01 21:52:18 regiond: [info] 192.168.11.36 POST /MAAS/metadata/status/p46dc6 HTTP/1.1 --> 204 NO_CONTENT (referrer: -; agent: python-requests/2.9.1)
Sep  1 21:52:18 mas01 sh[18320]: 2018-09-01 21:52:18 regiond: [info] 192.168.11.36 POST /MAAS/metadata/status/p46dc6 HTTP/1.1 --> 204 NO_CONTENT (referrer: -; agent: python-requests/2.9.1)
Sep  1 21:52:18 mas01 sh[18320]: 2018-09-01 21:52:18 regiond: [info] 192.168.11.36 POST /MAAS/metadata/status/p46dc6 HTTP/1.1 --> 204 NO_CONTENT (referrer: -; agent: python-requests/2.9.1)
Sep  1 21:52:18 mas01 sh[18324]: 2018-09-01 21:52:18 regiond: [info] 192.168.11.36 POST /MAAS/metadata/status/p46dc6 HTTP/1.1 --> 204 NO_CONTENT (referrer: -; agent: python-requests/2.9.1)
Sep  1 21:52:18 mas01 sh[18324]: message repeated 2 times: [ 2018-09-01 21:52:18 regiond: [info] 192.168.11.36 POST /MAAS/metadata/status/p46dc6 HTTP/1.1 --> 204 NO_CONTENT (referrer: -; agent: python-requests/2.9.1)]
Sep  1 21:52:18 mas01 sh[18328]: 2018-09-01 21:52:18 regiond: [info] 192.168.11.36 POST /MAAS/metadata/status/p46dc6 HTTP/1.1 --> 204 NO_CONTENT (referrer: -; agent: python-requests/2.9.1)
Sep  1 21:52:18 mas01 sh[19107]: 2018-09-01 21:52:18 regiond: [info] 192.168.11.37 POST /MAAS/metadata/status/rdrp8h HTTP/1.1 --> 204 NO_CONTENT (referrer: -; agent: python-requests/2.9.1)
Sep  1 21:52:18 mas01 sh[19107]: 2018-09-01 21:52:18 regiond: [info] 192.168.11.37 POST /MAAS/metadata/status/rdrp8h HTTP/1.1 --> 204 NO_CONTENT (referrer: -; agent: python-requests/2.9.1)
Sep  1 21:52:18 mas01 sh[18324]: 2018-09-01 21:52:18 regiond: [info] 192.168.11.37 POST /MAAS/metadata/status/rdrp8h HTTP/1.1 --> 204 NO_CONTENT (referrer: -; agent: python-requests/2.9.1)
Sep  1 21:52:18 mas01 sh[19107]: 2018-09-01 21:52:18 regiond: [info] 192.168.11.37 POST /MAAS/metadata/status/rdrp8h HTTP/1.1 --> 204 NO_CONTENT (referrer: -; agent: python-requests/2.9.1)
Sep  1 21:52:18 mas01 sh[18328]: 2018-09-01 21:52:18 regiond: [info] 192.168.11.37 POST /MAAS/metadata/status/rdrp8h HTTP/1.1 --> 204 NO_CONTENT (referrer: -; agent: python-requests/2.9.1)
Sep  1 21:52:18 mas01 sh[19107]: 2018-09-01 21:52:18 regiond: [info] 192.168.11.37 POST /MAAS/metadata/status/rdrp8h HTTP/1.1 --> 204 NO_CONTENT (referrer: -; agent: python-requests/2.9.1)
Sep  1 21:52:18 mas01 sh[18328]: 2018-09-01 21:52:18 regiond: [info] 192.168.11.37 POST /MAAS/metadata/status/rdrp8h HTTP/1.1 --> 204 NO_CONTENT (referrer: -; agent: python-requests/2.9.1)
Sep  1 21:52:18 mas01 sh[18320]: 2018-09-01 21:52:18 regiond: [info] 192.168.11.37 POST /MAAS/metadata/status/rdrp8h HTTP/1.1 --> 204 NO_CONTENT (referrer: -; agent: python-requests/2.9.1)
Sep  1 21:52:18 mas01 sh[18324]: 2018-09-01 21:52:18 regiond: [info] 192.168.11.37 POST /MAAS/metadata/status/rdrp8h HTTP/1.1 --> 204 NO_CONTENT (referrer: -; agent: python-requests/2.9.1)
Sep  1 21:52:18 mas01 dhcpd[22327]: DHCPDISCOVER from 00:25:b5:a0:00:2a via ens5
Sep  1 21:52:18 mas01 dhcpd[22327]: DHCPOFFER on 192.168.11.38 to 00:25:b5:a0:00:2a (kvm01) via ens5
Sep  1 21:52:18 mas01 dhcpd[22327]: execute_statement argv[0] = /usr/sbin/maas-dhcp-helper
Sep  1 21:52:18 mas01 dhcpd[22327]: execute_statement argv[1] = notify
Sep  1 21:52:18 mas01 dhcpd[22327]: execute_statement argv[2] = --action
Sep  1 21:52:18 mas01 dhcpd[22327]: execute_statement argv[3] = commit
Sep  1 21:52:18 mas01 dhcpd[22327]: execute_statement argv[4] = --mac
Sep  1 21:52:18 mas01 dhcpd[22327]: execute_statement argv[5] = 0:25:b5:a0:0:2a
Sep  1 21:52:18 mas01 dhcpd[22327]: execute_statement argv[6] = --ip-family
Sep  1 21:52:18 mas01 dhcpd[22327]: execute_statement argv[7] = ipv4
Sep  1 21:52:18 mas01 dhcpd[22327]: execute_statement argv[8] = --ip
Sep  1 21:52:18 mas01 dhcpd[22327]: execute_statement argv[9] = 192.168.11.38
Sep  1 21:52:18 mas01 dhcpd[22327]: execute_statement argv[10] = --lease-time
Sep  1 21:52:18 mas01 dhcpd[22327]: execute_statement argv[11] = 600
Sep  1 21:52:18 mas01 dhcpd[22327]: execute_statement argv[12] = --hostname
Sep  1 21:52:18 mas01 dhcpd[22327]: execute_statement argv[13] = kvm01
Sep  1 21:52:18 mas01 dhcpd[22327]: execute_statement argv[14] = --socket
Sep  1 21:52:18 mas01 dhcpd[22327]: execute_statement argv[15] = /var/lib/maas/dhcpd.sock
Sep  1 21:52:18 mas01 sh[18320]: 2018-09-01 21:52:18 regiond: [info] 192.168.11.36 POST /MAAS/metadata/status/p46dc6 HTTP/1.1 --> 204 NO_CONTENT (referrer: -; agent: python-requests/2.9.1)
Sep  1 21:52:18 mas01 sh[18324]: 2018-09-01 21:52:18 regiond: [info] 192.168.11.37 POST /MAAS/metadata/status/rdrp8h HTTP/1.1 --> 204 NO_CONTENT (referrer: -; agent: python-requests/2.9.1)
Sep  1 21:52:18 mas01 sh[18324]: 2018-09-01 21:52:18 regiond: [info] 192.168.11.36 POST /MAAS/metadata/status/p46dc6 HTTP/1.1 --> 204 NO_CONTENT (referrer: -; agent: python-requests/2.9.1)
Sep  1 21:52:18 mas01 sh[18320]: 2018-09-01 21:52:18 regiond: [info] 192.168.11.37 POST /MAAS/metadata/status/rdrp8h HTTP/1.1 --> 204 NO_CONTENT (referrer: -; agent: python-requests/2.9.1)
Sep  1 21:52:18 mas01 sh[19107]: 2018-09-01 21:52:18 regiond: [info] 192.168.11.36 POST /MAAS/metadata/status/p46dc6 HTTP/1.1 --> 204 NO_CONTENT (referrer: -; agent: python-requests/2.9.1)
Sep  1 21:52:18 mas01 sh[18324]: 2018-09-01 21:52:18 regiond: [info] 192.168.11.37 POST /MAAS/metadata/status/rdrp8h HTTP/1.1 --> 204 NO_CONTENT (referrer: -; agent: python-requests/2.9.1)
Sep  1 21:52:18 mas01 sh[19107]: 2018-09-01 21:52:18 regiond: [info] 192.168.11.36 POST /MAAS/metadata/status/p46dc6 HTTP/1.1 --> 204 NO_CONTENT (referrer: -; agent: python-requests/2.9.1)
Sep  1 21:52:18 mas01 sh[18328]: 2018-09-01 21:52:18 regiond: [info] 192.168.11.37 POST /MAAS/metadata/status/rdrp8h HTTP/1.1 --> 204 NO_CONTENT (referrer: -; agent: python-requests/2.9.1)
Sep  1 21:52:19 mas01 dhcpd[22327]: DHCPREQUEST for 192.168.11.38 (192.168.11.3) from 00:25:b5:a0:00:2a (kvm01) via ens5
Sep  1 21:52:19 mas01 dhcpd[22327]: DHCPACK on 192.168.11.38 to 00:25:b5:a0:00:2a (kvm01) via ens5
Sep  1 21:52:19 mas01 dhcpd[22327]: DHCPDISCOVER from 00:25:b5:a0:00:4a via ens5
Sep  1 21:52:19 mas01 dhcpd[22327]: DHCPOFFER on 192.168.11.40 to 00:25:b5:a0:00:4a (kvm03) via ens5
Sep  1 21:52:19 mas01 dhcpd[22327]: DHCPDISCOVER from 00:25:b5:a0:00:3a via ens5
Sep  1 21:52:19 mas01 dhcpd[22327]: DHCPOFFER on 192.168.11.39 to 00:25:b5:a0:00:3a (kvm02) via ens5
Sep  1 21:52:19 mas01 dhcpd[22327]: DHCPDISCOVER from 00:25:b5:a0:00:3a (kvm02) via ens5
Sep  1 21:52:19 mas01 dhcpd[22327]: DHCPOFFER on 192.168.11.39 to 00:25:b5:a0:00:3a (kvm02) via ens5
Sep  1 21:52:19 mas01 dhcpd[22327]: execute_statement argv[0] = /usr/sbin/maas-dhcp-helper
Sep  1 21:52:19 mas01 dhcpd[22327]: execute_statement argv[1] = notify
Sep  1 21:52:19 mas01 dhcpd[22327]: execute_statement argv[2] = --action
Sep  1 21:52:19 mas01 dhcpd[22327]: execute_statement argv[3] = commit
Sep  1 21:52:19 mas01 dhcpd[22327]: execute_statement argv[4] = --mac
Sep  1 21:52:19 mas01 dhcpd[22327]: execute_statement argv[5] = 0:25:b5:a0:0:4a
Sep  1 21:52:19 mas01 dhcpd[22327]: execute_statement argv[6] = --ip-family
Sep  1 21:52:19 mas01 dhcpd[22327]: execute_statement argv[7] = ipv4
Sep  1 21:52:19 mas01 dhcpd[22327]: execute_statement argv[8] = --ip
Sep  1 21:52:19 mas01 dhcpd[22327]: execute_statement argv[9] = 192.168.11.40
Sep  1 21:52:19 mas01 dhcpd[22327]: execute_statement argv[10] = --lease-time
Sep  1 21:52:19 mas01 dhcpd[22327]: execute_statement argv[11] = 600
Sep  1 21:52:19 mas01 dhcpd[22327]: execute_statement argv[12] = --hostname
Sep  1 21:52:19 mas01 dhcpd[22327]: execute_statement argv[13] = kvm03
Sep  1 21:52:19 mas01 dhcpd[22327]: execute_statement argv[14] = --socket
Sep  1 21:52:19 mas01 dhcpd[22327]: execute_statement argv[15] = /var/lib/maas/dhcpd.sock
Sep  1 21:52:19 mas01 sh[18324]: 2018-09-01 21:52:19 maasserver.rpc.leases: [info] Lease update: commit for 192.168.11.38 on 0:25:b5:a0:0:2a at 2018-09-01 21:52:19 (lease time: 600s) (hostname: kvm01)
Sep  1 21:52:19 mas01 dhcpd[22327]: DHCPREQUEST for 192.168.11.40 (192.168.11.3) from 00:25:b5:a0:00:4a (kvm03) via ens5
Sep  1 21:52:19 mas01 dhcpd[22327]: DHCPACK on 192.168.11.40 to 00:25:b5:a0:00:4a (kvm03) via ens5
Sep  1 21:52:19 mas01 dhcpd[22327]: execute_statement argv[0] = /usr/sbin/maas-dhcp-helper
Sep  1 21:52:19 mas01 dhcpd[22327]: execute_statement argv[1] = notify
Sep  1 21:52:19 mas01 dhcpd[22327]: execute_statement argv[2] = --action
Sep  1 21:52:19 mas01 dhcpd[22327]: execute_statement argv[3] = commit
Sep  1 21:52:19 mas01 dhcpd[22327]: execute_statement argv[4] = --mac
Sep  1 21:52:19 mas01 dhcpd[22327]: execute_statement argv[5] = 0:25:b5:a0:0:3a
Sep  1 21:52:19 mas01 dhcpd[22327]: execute_statement argv[6] = --ip-family
Sep  1 21:52:19 mas01 dhcpd[22327]: execute_statement argv[7] = ipv4
Sep  1 21:52:19 mas01 dhcpd[22327]: execute_statement argv[8] = --ip
Sep  1 21:52:19 mas01 dhcpd[22327]: execute_statement argv[9] = 192.168.11.39
Sep  1 21:52:19 mas01 dhcpd[22327]: execute_statement argv[10] = --lease-time
Sep  1 21:52:19 mas01 dhcpd[22327]: execute_statement argv[11] = 600
Sep  1 21:52:19 mas01 dhcpd[22327]: execute_statement argv[12] = --hostname
Sep  1 21:52:19 mas01 dhcpd[22327]: execute_statement argv[13] = kvm02
Sep  1 21:52:19 mas01 dhcpd[22327]: execute_statement argv[14] = --socket
Sep  1 21:52:19 mas01 dhcpd[22327]: execute_statement argv[15] = /var/lib/maas/dhcpd.sock
Sep  1 21:52:19 mas01 sh[19107]: 2018-09-01 21:52:19 regiond: [info] 192.168.11.37 POST /MAAS/metadata/status/rdrp8h HTTP/1.1 --> 204 NO_CONTENT (referrer: -; agent: python-requests/2.9.1)
Sep  1 21:52:19 mas01 sh[18328]: 2018-09-01 21:52:19 regiond: [info] 192.168.11.37 POST /MAAS/metadata/status/rdrp8h HTTP/1.1 --> 204 NO_CONTENT (referrer: -; agent: python-requests/2.9.1)
Sep  1 21:52:19 mas01 sh[18324]: 2018-09-01 21:52:19 regiond: [info] 192.168.11.36 POST /MAAS/metadata/status/p46dc6 HTTP/1.1 --> 204 NO_CONTENT (referrer: -; agent: python-requests/2.9.1)
Sep  1 21:52:19 mas01 sh[19107]: 2018-09-01 21:52:19 regiond: [info] 192.168.11.37 POST /MAAS/metadata/status/rdrp8h HTTP/1.1 --> 204 NO_CONTENT (referrer: -; agent: python-requests/2.9.1)
Sep  1 21:52:19 mas01 dhcpd[22327]: DHCPREQUEST for 192.168.11.39 (192.168.11.3) from 00:25:b5:a0:00:3a (kvm02) via ens5
Sep  1 21:52:19 mas01 dhcpd[22327]: DHCPACK on 192.168.11.39 to 00:25:b5:a0:00:3a (kvm02) via ens5
Sep  1 21:52:19 mas01 sh[18320]: 2018-09-01 21:52:19 regiond: [info] 192.168.11.37 POST /MAAS/metadata/status/rdrp8h HTTP/1.1 --> 204 NO_CONTENT (referrer: -; agent: python-requests/2.9.1)
Sep  1 21:52:19 mas01 sh[18328]: 2018-09-01 21:52:19 maasserver.rpc.leases: [info] Lease update: commit for 192.168.11.40 on 0:25:b5:a0:0:4a at 2018-09-01 21:52:19 (lease time: 600s) (hostname: kvm03)
Sep  1 21:52:19 mas01 sh[18324]: 2018-09-01 21:52:19 regiond: [info] 192.168.11.36 POST /MAAS/metadata/status/p46dc6 HTTP/1.1 --> 204 NO_CONTENT (referrer: -; agent: python-requests/2.9.1)
Sep  1 21:52:19 mas01 sh[18328]: 2018-09-01 21:52:19 regiond: [info] 192.168.11.36 POST /MAAS/metadata/status/p46dc6 HTTP/1.1 --> 204 NO_CONTENT (referrer: -; agent: python-requests/2.9.1)
Sep  1 21:52:19 mas01 sh[18320]: 2018-09-01 21:52:19 regiond: [info] 192.168.11.36 POST /MAAS/metadata/status/p46dc6 HTTP/1.1 --> 204 NO_CONTENT (referrer: -; agent: python-requests/2.9.1)
Sep  1 21:52:19 mas01 sh[18324]: 2018-09-01 21:52:19 maasserver.rpc.leases: [info] Lease update: commit for 192.168.11.39 on 0:25:b5:a0:0:3a at 2018-09-01 21:52:19 (lease time: 600s) (hostname: kvm02)
Sep  1 21:52:19 mas01 sh[18324]: 2018-09-01 21:52:19 regiond: [info] 192.168.11.37 POST /MAAS/metadata/status/rdrp8h HTTP/1.1 --> 204 NO_CONTENT (referrer: -; agent: python-requests/2.9.1)
Sep  1 21:52:19 mas01 sh[19107]: 2018-09-01 21:52:19 regiond: [info] 192.168.11.37 POST /MAAS/metadata/status/rdrp8h HTTP/1.1 --> 204 NO_CONTENT (referrer: -; agent: python-requests/2.9.1)
Sep  1 21:52:19 mas01 sh[18320]: 2018-09-01 21:52:19 regiond: [info] 192.168.11.37 POST /MAAS/metadata/status/rdrp8h HTTP/1.1 --> 204 NO_CONTENT (referrer: -; agent: python-requests/2.9.1)
Sep  1 21:52:19 mas01 sh[19107]: 2018-09-01 21:52:19 regiond: [info] 192.168.11.36 POST /MAAS/metadata/status/p46dc6 HTTP/1.1 --> 204 NO_CONTENT (referrer: -; agent: python-requests/2.9.1)
Sep  1 21:52:19 mas01 sh[18320]: 2018-09-01 21:52:19 regiond: [info] 192.168.11.37 POST /MAAS/metadata/status/rdrp8h HTTP/1.1 --> 204 NO_CONTENT (referrer: -; agent: python-requests/2.9.1)
Sep  1 21:52:19 mas01 sh[18320]: 2018-09-01 21:52:19 regiond: [info] 192.168.11.36 POST /MAAS/metadata/status/p46dc6 HTTP/1.1 --> 204 NO_CONTENT (referrer: -; agent: python-requests/2.9.1)
Sep  1 21:52:19 mas01 sh[18328]: 2018-09-01 21:52:19 regiond: [info] 192.168.11.36 POST /MAAS/metadata/status/p46dc6 HTTP/1.1 --> 204 NO_CONTENT (referrer: -; agent: python-requests/2.9.1)
Sep  1 21:52:19 mas01 sh[19107]: 2018-09-01 21:52:19 regiond: [info] 192.168.11.36 POST /MAAS/metadata/status/p46dc6 HTTP/1.1 --> 204 NO_CONTENT (referrer: -; agent: python-requests/2.9.1)
Sep  1 21:52:19 mas01 sh[17854]: 2018-09-01 21:52:19 rackd: [info] 192.168.11.38 GET /images/ubuntu/amd64/hwe-16.04/xenial/daily/squashfs HTTP/1.1 --> 200 OK (referrer: -; agent: Wget)
Sep  1 21:52:19 mas01 sh[17854]: 2018-09-01 21:52:19 rackd: [info] 192.168.11.40 GET /images/ubuntu/amd64/hwe-16.04/xenial/daily/squashfs HTTP/1.1 --> 200 OK (referrer: -; agent: Wget)
Sep  1 21:52:19 mas01 sh[17854]: 2018-09-01 21:52:19 rackd: [info] 192.168.11.39 GET /images/ubuntu/amd64/hwe-16.04/xenial/daily/squashfs HTTP/1.1 --> 200 OK (referrer: -; agent: Wget)
Sep  1 21:52:21 mas01 salt-minion[5986]: [INFO    ] User sudo_ubuntu Executing command state.apply with jid 20180901215221318713
Sep  1 21:52:21 mas01 salt-minion[5986]: [INFO    ] Starting a new job with PID 23285
Sep  1 21:52:22 mas01 salt-minion[5986]: [INFO    ] Loading fresh modules for state activity
Sep  1 21:52:22 mas01 salt-minion[5986]: [INFO    ] Running state [maas-region apikey --username opnfv > /var/lib/maas/.maas_credentials] at time 21:52:22.162381
Sep  1 21:52:22 mas01 salt-minion[5986]: [INFO    ] Executing state cmd.run for [maas-region apikey --username opnfv > /var/lib/maas/.maas_credentials]
Sep  1 21:52:22 mas01 salt-minion[5986]: [INFO    ] Executing command 'maas-region apikey --username opnfv > /var/lib/maas/.maas_credentials' in directory '/root'
Sep  1 21:52:22 mas01 sh[19107]: 2018-09-01 21:52:22 regiond: [info] 192.168.11.40 GET /MAAS/metadata/latest/by-id/acg3px/?op=get_preseed HTTP/1.1 --> 200 OK (referrer: -; agent: Cloud-Init/18.3-9-g2e62cb8a-0ubuntu1~16.04.2)
Sep  1 21:52:22 mas01 sh[18328]: 2018-09-01 21:52:22 regiond: [info] 192.168.11.38 POST /MAAS/metadata/status/f4rftg HTTP/1.1 --> 204 NO_CONTENT (referrer: -; agent: python-requests/2.9.1)
Sep  1 21:52:22 mas01 sh[19107]: 2018-09-01 21:52:22 regiond: [info] 192.168.11.38 POST /MAAS/metadata/status/f4rftg HTTP/1.1 --> 204 NO_CONTENT (referrer: -; agent: python-requests/2.9.1)
Sep  1 21:52:22 mas01 sh[18320]: 2018-09-01 21:52:22 regiond: [info] 192.168.11.40 POST /MAAS/metadata/status/acg3px HTTP/1.1 --> 204 NO_CONTENT (referrer: -; agent: python-requests/2.9.1)
Sep  1 21:52:22 mas01 sh[18324]: 2018-09-01 21:52:22 regiond: [info] 192.168.11.40 POST /MAAS/metadata/status/acg3px HTTP/1.1 --> 204 NO_CONTENT (referrer: -; agent: python-requests/2.9.1)
Sep  1 21:52:22 mas01 sh[18320]: 2018-09-01 21:52:22 regiond: [info] 192.168.11.39 POST /MAAS/metadata/status/dqx7ct HTTP/1.1 --> 204 NO_CONTENT (referrer: -; agent: python-requests/2.9.1)
Sep  1 21:52:22 mas01 sh[18324]: 2018-09-01 21:52:22 regiond: [info] 192.168.11.39 POST /MAAS/metadata/status/dqx7ct HTTP/1.1 --> 204 NO_CONTENT (referrer: -; agent: python-requests/2.9.1)
Sep  1 21:52:22 mas01 sh[18328]: 2018-09-01 21:52:22 regiond: [info] 192.168.11.40 POST /MAAS/metadata/status/acg3px HTTP/1.1 --> 204 NO_CONTENT (referrer: -; agent: python-requests/2.9.1)
Sep  1 21:52:22 mas01 sh[18324]: 2018-09-01 21:52:22 regiond: [info] 192.168.11.39 POST /MAAS/metadata/status/dqx7ct HTTP/1.1 --> 204 NO_CONTENT (referrer: -; agent: python-requests/2.9.1)
Sep  1 21:52:22 mas01 sh[18328]: 2018-09-01 21:52:22 regiond: [info] 192.168.11.38 POST /MAAS/metadata/status/f4rftg HTTP/1.1 --> 204 NO_CONTENT (referrer: -; agent: python-requests/2.9.1)
Sep  1 21:52:23 mas01 sh[19107]: 2018-09-01 21:52:23 regiond: [info] 192.168.11.40 POST /MAAS/metadata/status/acg3px HTTP/1.1 --> 204 NO_CONTENT (referrer: -; agent: python-requests/2.9.1)
Sep  1 21:52:23 mas01 sh[18320]: 2018-09-01 21:52:23 regiond: [info] 192.168.11.40 POST /MAAS/metadata/status/acg3px HTTP/1.1 --> 204 NO_CONTENT (referrer: -; agent: python-requests/2.9.1)
Sep  1 21:52:23 mas01 sh[18328]: 2018-09-01 21:52:23 regiond: [info] 192.168.11.40 POST /MAAS/metadata/status/acg3px HTTP/1.1 --> 204 NO_CONTENT (referrer: -; agent: python-requests/2.9.1)
Sep  1 21:52:23 mas01 sh[18324]: 2018-09-01 21:52:23 regiond: [info] 192.168.11.39 POST /MAAS/metadata/status/dqx7ct HTTP/1.1 --> 204 NO_CONTENT (referrer: -; agent: python-requests/2.9.1)
Sep  1 21:52:23 mas01 sh[18324]: 2018-09-01 21:52:23 regiond: [info] 192.168.11.39 POST /MAAS/metadata/status/dqx7ct HTTP/1.1 --> 204 NO_CONTENT (referrer: -; agent: python-requests/2.9.1)
Sep  1 21:52:23 mas01 sh[19107]: 2018-09-01 21:52:23 regiond: [info] 192.168.11.39 POST /MAAS/metadata/status/dqx7ct HTTP/1.1 --> 204 NO_CONTENT (referrer: -; agent: python-requests/2.9.1)
Sep  1 21:52:23 mas01 sh[18320]: 2018-09-01 21:52:23 regiond: [info] 192.168.11.40 GET /MAAS/metadata/curtin/2012-03-01/meta-data/instance-id HTTP/1.1 --> 200 OK (referrer: -; agent: Cloud-Init/18.3-9-g2e62cb8a-0ubuntu1~16.04.2)
Sep  1 21:52:23 mas01 sh[18324]: 2018-09-01 21:52:23 regiond: [info] 192.168.11.38 POST /MAAS/metadata/status/f4rftg HTTP/1.1 --> 204 NO_CONTENT (referrer: -; agent: python-requests/2.9.1)
Sep  1 21:52:23 mas01 sh[18320]: 2018-09-01 21:52:23 regiond: [info] 192.168.11.38 POST /MAAS/metadata/status/f4rftg HTTP/1.1 --> 204 NO_CONTENT (referrer: -; agent: python-requests/2.9.1)
Sep  1 21:52:23 mas01 sh[19107]: 2018-09-01 21:52:23 regiond: [info] 192.168.11.38 POST /MAAS/metadata/status/f4rftg HTTP/1.1 --> 204 NO_CONTENT (referrer: -; agent: python-requests/2.9.1)
Sep  1 21:52:23 mas01 sh[19107]: 2018-09-01 21:52:23 regiond: [info] 192.168.11.39 GET /MAAS/metadata/curtin/2012-03-01/meta-data/instance-id HTTP/1.1 --> 200 OK (referrer: -; agent: Cloud-Init/18.3-9-g2e62cb8a-0ubuntu1~16.04.2)
Sep  1 21:52:23 mas01 sh[18324]: 2018-09-01 21:52:23 regiond: [info] 192.168.11.40 GET /MAAS/metadata/curtin/2012-03-01/meta-data/instance-id HTTP/1.1 --> 200 OK (referrer: -; agent: python-requests/2.9.1)
Sep  1 21:52:23 mas01 sh[19107]: 2018-09-01 21:52:23 regiond: [info] 192.168.11.39 GET /MAAS/metadata/curtin/2012-03-01/meta-data/instance-id HTTP/1.1 --> 200 OK (referrer: -; agent: python-requests/2.9.1)
Sep  1 21:52:23 mas01 sh[18320]: 2018-09-01 21:52:23 regiond: [info] 192.168.11.40 GET /MAAS/metadata/curtin/2012-03-01/meta-data/local-hostname HTTP/1.1 --> 200 OK (referrer: -; agent: python-requests/2.9.1)
Sep  1 21:52:23 mas01 sh[19107]: 2018-09-01 21:52:23 regiond: [info] 192.168.11.38 GET /MAAS/metadata/curtin/2012-03-01/meta-data/instance-id HTTP/1.1 --> 200 OK (referrer: -; agent: Cloud-Init/18.3-9-g2e62cb8a-0ubuntu1~16.04.2)
Sep  1 21:52:23 mas01 sh[18324]: 2018-09-01 21:52:23 regiond: [info] 192.168.11.38 GET /MAAS/metadata/curtin/2012-03-01/meta-data/instance-id HTTP/1.1 --> 200 OK (referrer: -; agent: python-requests/2.9.1)
Sep  1 21:52:23 mas01 sh[18324]: 2018-09-01 21:52:23 regiond: [info] 192.168.11.39 GET /MAAS/metadata/curtin/2012-03-01/meta-data/local-hostname HTTP/1.1 --> 200 OK (referrer: -; agent: python-requests/2.9.1)
Sep  1 21:52:23 mas01 sh[18324]: 2018-09-01 21:52:23 regiond: [info] 192.168.11.40 GET /MAAS/metadata/curtin/2012-03-01/meta-data/public-keys HTTP/1.1 --> 200 OK (referrer: -; agent: python-requests/2.9.1)
Sep  1 21:52:23 mas01 sh[18324]: 2018-09-01 21:52:23 regiond: [info] 192.168.11.38 GET /MAAS/metadata/curtin/2012-03-01/meta-data/local-hostname HTTP/1.1 --> 200 OK (referrer: -; agent: python-requests/2.9.1)
Sep  1 21:52:23 mas01 sh[18324]: 2018-09-01 21:52:23 regiond: [info] 192.168.11.40 GET /MAAS/metadata/curtin/2012-03-01/meta-data/vendor-data HTTP/1.1 --> 200 OK (referrer: -; agent: python-requests/2.9.1)
Sep  1 21:52:23 mas01 sh[18328]: 2018-09-01 21:52:23 regiond: [info] 192.168.11.39 GET /MAAS/metadata/curtin/2012-03-01/meta-data/vendor-data HTTP/1.1 --> 200 OK (referrer: -; agent: python-requests/2.9.1)
