Aug 31 02:27:18 mas01 named[24049]: automatic empty zone: 127.100.IN-ADDR.ARPA
Aug 31 02:27:18 mas01 named[24049]: automatic empty zone: 254.169.IN-ADDR.ARPA
Aug 31 02:27:18 mas01 named[24049]: automatic empty zone: 2.0.192.IN-ADDR.ARPA
Aug 31 02:27:18 mas01 named[24049]: automatic empty zone: 100.51.198.IN-ADDR.ARPA
Aug 31 02:27:18 mas01 named[24049]: automatic empty zone: 113.0.203.IN-ADDR.ARPA
Aug 31 02:27:18 mas01 named[24049]: automatic empty zone: 255.255.255.255.IN-ADDR.ARPA
Aug 31 02:27:18 mas01 named[24049]: automatic empty zone: 0.0.0.0.0.0.0.0.0.0.0.0.0.0.0.0.0.0.0.0.0.0.0.0.0.0.0.0.0.0.0.0.IP6.ARPA
Aug 31 02:27:18 mas01 named[24049]: automatic empty zone: 1.0.0.0.0.0.0.0.0.0.0.0.0.0.0.0.0.0.0.0.0.0.0.0.0.0.0.0.0.0.0.0.IP6.ARPA
Aug 31 02:27:18 mas01 named[24049]: automatic empty zone: D.F.IP6.ARPA
Aug 31 02:27:18 mas01 named[24049]: automatic empty zone: 8.E.F.IP6.ARPA
Aug 31 02:27:18 mas01 named[24049]: automatic empty zone: 9.E.F.IP6.ARPA
Aug 31 02:27:18 mas01 named[24049]: automatic empty zone: A.E.F.IP6.ARPA
Aug 31 02:27:18 mas01 named[24049]: automatic empty zone: B.E.F.IP6.ARPA
Aug 31 02:27:18 mas01 named[24049]: automatic empty zone: 8.B.D.0.1.0.0.2.IP6.ARPA
Aug 31 02:27:18 mas01 named[24049]: automatic empty zone: EMPTY.AS112.ARPA
Aug 31 02:27:18 mas01 named[24049]: configuring command channel from '/etc/bind/rndc.key'
Aug 31 02:27:18 mas01 named[24049]: reloading configuration succeeded
Aug 31 02:27:18 mas01 named[24049]: reloading zones succeeded
Aug 31 02:27:18 mas01 named[24049]: zone 0.20.10.in-addr.arpa/IN: loaded serial 31
Aug 31 02:27:18 mas01 named[24049]: all zones loaded
Aug 31 02:27:18 mas01 named[24049]: running
Aug 31 02:27:18 mas01 named[24049]: zone 10.168.192.in-addr.arpa/IN: loaded serial 31
Aug 31 02:27:18 mas01 named[24049]: zone 11.168.192.in-addr.arpa/IN: loaded serial 31
Aug 31 02:27:18 mas01 named[24049]: zone maas/IN: loaded serial 31
Aug 31 02:27:19 mas01 sh[24131]: 2018-08-31 02:27:19 regiond: [info] 192.168.11.42 GET /MAAS/metadata/latest/by-id/qq8keg/?op=get_preseed HTTP/1.1 --> 200 OK (referrer: -; agent: Cloud-Init/18.3-9-g2e62cb8a-0ubuntu1~16.04.2)
Aug 31 02:27:20 mas01 sh[24369]: 2018-08-31 02:27:20 regiond: [info] 192.168.11.43 POST /MAAS/metadata/status/77mcxe HTTP/1.1 --> 204 NO_CONTENT (referrer: -; agent: python-requests/2.9.1)
Aug 31 02:27:20 mas01 sh[24127]: 2018-08-31 02:27:20 regiond: [info] 192.168.11.43 POST /MAAS/metadata/status/77mcxe HTTP/1.1 --> 204 NO_CONTENT (referrer: -; agent: python-requests/2.9.1)
Aug 31 02:27:20 mas01 sh[24259]: 2018-08-31 02:27:20 regiond: [info] 192.168.11.42 POST /MAAS/metadata/status/qq8keg HTTP/1.1 --> 204 NO_CONTENT (referrer: -; agent: python-requests/2.9.1)
Aug 31 02:27:20 mas01 sh[24369]: 2018-08-31 02:27:20 regiond: [info] 192.168.11.42 POST /MAAS/metadata/status/qq8keg HTTP/1.1 --> 204 NO_CONTENT (referrer: -; agent: python-requests/2.9.1)
Aug 31 02:27:20 mas01 sh[24259]: 2018-08-31 02:27:20 regiond: [info] 192.168.11.43 POST /MAAS/metadata/status/77mcxe HTTP/1.1 --> 204 NO_CONTENT (referrer: -; agent: python-requests/2.9.1)
Aug 31 02:27:20 mas01 sh[24369]: 2018-08-31 02:27:20 regiond: [info] 192.168.11.42 POST /MAAS/metadata/status/qq8keg HTTP/1.1 --> 204 NO_CONTENT (referrer: -; agent: python-requests/2.9.1)
Aug 31 02:27:20 mas01 sh[24127]: 2018-08-31 02:27:20 regiond: [info] 192.168.11.44 GET /MAAS/metadata/latest/by-id/ypqfkb/?op=get_preseed HTTP/1.1 --> 200 OK (referrer: -; agent: Cloud-Init/18.3-9-g2e62cb8a-0ubuntu1~16.04.2)
Aug 31 02:27:20 mas01 sh[24259]: 2018-08-31 02:27:20 regiond: [info] 192.168.11.42 GET /MAAS/metadata/latest/by-id/qq8keg/?op=get_preseed HTTP/1.1 --> 200 OK (referrer: -; agent: Cloud-Init/18.3-9-g2e62cb8a-0ubuntu1~16.04.2)
Aug 31 02:27:20 mas01 sh[24127]: 2018-08-31 02:27:20 regiond: [info] 192.168.11.44 POST /MAAS/metadata/status/ypqfkb HTTP/1.1 --> 204 NO_CONTENT (referrer: -; agent: python-requests/2.9.1)
Aug 31 02:27:20 mas01 sh[24131]: 2018-08-31 02:27:20 regiond: [info] 192.168.11.44 POST /MAAS/metadata/status/ypqfkb HTTP/1.1 --> 204 NO_CONTENT (referrer: -; agent: python-requests/2.9.1)
Aug 31 02:27:20 mas01 sh[24127]: 2018-08-31 02:27:20 regiond: [info] 192.168.11.43 POST /MAAS/metadata/status/77mcxe HTTP/1.1 --> 204 NO_CONTENT (referrer: -; agent: python-requests/2.9.1)
Aug 31 02:27:20 mas01 sh[24369]: 2018-08-31 02:27:20 regiond: [info] 192.168.11.43 POST /MAAS/metadata/status/77mcxe HTTP/1.1 --> 204 NO_CONTENT (referrer: -; agent: python-requests/2.9.1)
Aug 31 02:27:20 mas01 sh[24369]: 2018-08-31 02:27:20 regiond: [info] 192.168.11.43 POST /MAAS/metadata/status/77mcxe HTTP/1.1 --> 204 NO_CONTENT (referrer: -; agent: python-requests/2.9.1)
Aug 31 02:27:20 mas01 sh[24369]: 2018-08-31 02:27:20 regiond: [info] 192.168.11.42 POST /MAAS/metadata/status/qq8keg HTTP/1.1 --> 204 NO_CONTENT (referrer: -; agent: python-requests/2.9.1)
Aug 31 02:27:20 mas01 sh[24259]: 2018-08-31 02:27:20 regiond: [info] 192.168.11.42 POST /MAAS/metadata/status/qq8keg HTTP/1.1 --> 204 NO_CONTENT (referrer: -; agent: python-requests/2.9.1)
Aug 31 02:27:20 mas01 sh[24131]: 2018-08-31 02:27:20 regiond: [info] 192.168.11.42 POST /MAAS/metadata/status/qq8keg HTTP/1.1 --> 204 NO_CONTENT (referrer: -; agent: python-requests/2.9.1)
Aug 31 02:27:20 mas01 sh[24259]: 2018-08-31 02:27:20 regiond: [info] 192.168.11.43 GET /MAAS/metadata/2012-03-01/meta-data/instance-id HTTP/1.1 --> 200 OK (referrer: -; agent: Cloud-Init/18.3-9-g2e62cb8a-0ubuntu1~16.04.2)
Aug 31 02:27:20 mas01 sh[24369]: 2018-08-31 02:27:20 regiond: [info] 192.168.11.42 GET /MAAS/metadata/2012-03-01/meta-data/instance-id HTTP/1.1 --> 200 OK (referrer: -; agent: Cloud-Init/18.3-9-g2e62cb8a-0ubuntu1~16.04.2)
Aug 31 02:27:20 mas01 sh[24259]: 2018-08-31 02:27:20 regiond: [info] 192.168.11.44 POST /MAAS/metadata/status/ypqfkb HTTP/1.1 --> 204 NO_CONTENT (referrer: -; agent: python-requests/2.9.1)
Aug 31 02:27:20 mas01 sh[24131]: 2018-08-31 02:27:20 regiond: [info] 192.168.11.43 GET /MAAS/metadata/2012-03-01/meta-data/instance-id HTTP/1.1 --> 200 OK (referrer: -; agent: python-requests/2.9.1)
Aug 31 02:27:20 mas01 sh[24127]: 2018-08-31 02:27:20 regiond: [info] 192.168.11.42 GET /MAAS/metadata/2012-03-01/meta-data/instance-id HTTP/1.1 --> 200 OK (referrer: -; agent: python-requests/2.9.1)
Aug 31 02:27:20 mas01 sh[24127]: 2018-08-31 02:27:20 regiond: [info] 192.168.11.43 GET /MAAS/metadata/2012-03-01/meta-data/local-hostname HTTP/1.1 --> 200 OK (referrer: -; agent: python-requests/2.9.1)
Aug 31 02:27:20 mas01 sh[24369]: 2018-08-31 02:27:20 regiond: [info] 192.168.11.42 GET /MAAS/metadata/2012-03-01/meta-data/local-hostname HTTP/1.1 --> 200 OK (referrer: -; agent: python-requests/2.9.1)
Aug 31 02:27:20 mas01 sh[24131]: 2018-08-31 02:27:20 regiond: [info] 192.168.11.43 GET /MAAS/metadata/2012-03-01/meta-data/public-keys HTTP/1.1 --> 200 OK (referrer: -; agent: python-requests/2.9.1)
Aug 31 02:27:20 mas01 sh[24127]: 2018-08-31 02:27:20 regiond: [info] 192.168.11.43 GET /MAAS/metadata/2012-03-01/meta-data/vendor-data HTTP/1.1 --> 200 OK (referrer: -; agent: python-requests/2.9.1)
Aug 31 02:27:20 mas01 sh[24131]: 2018-08-31 02:27:20 regiond: [info] 192.168.11.42 GET /MAAS/metadata/2012-03-01/meta-data/vendor-data HTTP/1.1 --> 200 OK (referrer: -; agent: python-requests/2.9.1)
Aug 31 02:27:21 mas01 sh[24127]: 2018-08-31 02:27:21 regiond: [info] 192.168.11.43 GET /MAAS/metadata/2012-03-01/user-data HTTP/1.1 --> 200 OK (referrer: -; agent: python-requests/2.9.1)
Aug 31 02:27:21 mas01 sh[24369]: 2018-08-31 02:27:21 regiond: [info] 192.168.11.43 POST /MAAS/metadata/status/77mcxe HTTP/1.1 --> 204 NO_CONTENT (referrer: -; agent: python-requests/2.9.1)
Aug 31 02:27:21 mas01 sh[24369]: 2018-08-31 02:27:21 regiond: [info] 192.168.11.42 GET /MAAS/metadata/2012-03-01/user-data HTTP/1.1 --> 200 OK (referrer: -; agent: python-requests/2.9.1)
Aug 31 02:27:21 mas01 sh[24259]: 2018-08-31 02:27:21 regiond: [info] 192.168.11.42 POST /MAAS/metadata/status/qq8keg HTTP/1.1 --> 204 NO_CONTENT (referrer: -; agent: python-requests/2.9.1)
Aug 31 02:27:21 mas01 sh[24127]: 2018-08-31 02:27:21 regiond: [info] 192.168.11.43 POST /MAAS/metadata/status/77mcxe HTTP/1.1 --> 204 NO_CONTENT (referrer: -; agent: python-requests/2.9.1)
Aug 31 02:27:21 mas01 sh[24127]: 2018-08-31 02:27:21 regiond: [info] 192.168.11.43 POST /MAAS/metadata/status/77mcxe HTTP/1.1 --> 204 NO_CONTENT (referrer: -; agent: python-requests/2.9.1)
Aug 31 02:27:21 mas01 sh[24127]: 2018-08-31 02:27:21 regiond: [info] 192.168.11.42 POST /MAAS/metadata/status/qq8keg HTTP/1.1 --> 204 NO_CONTENT (referrer: -; agent: python-requests/2.9.1)
Aug 31 02:27:21 mas01 sh[24369]: 2018-08-31 02:27:21 regiond: [info] 192.168.11.42 POST /MAAS/metadata/status/qq8keg HTTP/1.1 --> 204 NO_CONTENT (referrer: -; agent: python-requests/2.9.1)
Aug 31 02:27:21 mas01 sh[24369]: 2018-08-31 02:27:21 regiond: [info] 192.168.11.43 POST /MAAS/metadata/status/77mcxe HTTP/1.1 --> 204 NO_CONTENT (referrer: -; agent: python-requests/2.9.1)
Aug 31 02:27:21 mas01 sh[24131]: 2018-08-31 02:27:21 regiond: [info] 192.168.11.43 POST /MAAS/metadata/status/77mcxe HTTP/1.1 --> 204 NO_CONTENT (referrer: -; agent: python-requests/2.9.1)
Aug 31 02:27:21 mas01 sh[24127]: 2018-08-31 02:27:21 regiond: [info] 192.168.11.43 POST /MAAS/metadata/status/77mcxe HTTP/1.1 --> 204 NO_CONTENT (referrer: -; agent: python-requests/2.9.1)
Aug 31 02:27:21 mas01 sh[24369]: 2018-08-31 02:27:21 regiond: [info] 192.168.11.42 POST /MAAS/metadata/status/qq8keg HTTP/1.1 --> 204 NO_CONTENT (referrer: -; agent: python-requests/2.9.1)
Aug 31 02:27:21 mas01 sh[24131]: 2018-08-31 02:27:21 regiond: [info] 192.168.11.43 POST /MAAS/metadata/status/77mcxe HTTP/1.1 --> 204 NO_CONTENT (referrer: -; agent: python-requests/2.9.1)
Aug 31 02:27:21 mas01 sh[24127]: 2018-08-31 02:27:21 regiond: [info] 192.168.11.42 POST /MAAS/metadata/status/qq8keg HTTP/1.1 --> 204 NO_CONTENT (referrer: -; agent: python-requests/2.9.1)
Aug 31 02:27:21 mas01 sh[24131]: 2018-08-31 02:27:21 regiond: [info] 192.168.11.42 POST /MAAS/metadata/status/qq8keg HTTP/1.1 --> 204 NO_CONTENT (referrer: -; agent: python-requests/2.9.1)
Aug 31 02:27:21 mas01 sh[24127]: 2018-08-31 02:27:21 regiond: [info] 192.168.11.42 POST /MAAS/metadata/status/qq8keg HTTP/1.1 --> 204 NO_CONTENT (referrer: -; agent: python-requests/2.9.1)
Aug 31 02:27:21 mas01 sh[24127]: 2018-08-31 02:27:21 regiond: [info] 192.168.11.42 POST /MAAS/metadata/status/qq8keg HTTP/1.1 --> 204 NO_CONTENT (referrer: -; agent: python-requests/2.9.1)
Aug 31 02:27:21 mas01 sh[24259]: 2018-08-31 02:27:21 regiond: [info] 192.168.11.42 POST /MAAS/metadata/status/qq8keg HTTP/1.1 --> 204 NO_CONTENT (referrer: -; agent: python-requests/2.9.1)
Aug 31 02:27:21 mas01 sh[24369]: 2018-08-31 02:27:21 regiond: [info] 192.168.11.43 POST /MAAS/metadata/status/77mcxe HTTP/1.1 --> 204 NO_CONTENT (referrer: -; agent: python-requests/2.9.1)
Aug 31 02:27:21 mas01 sh[24259]: 2018-08-31 02:27:21 regiond: [info] 192.168.11.43 POST /MAAS/metadata/status/77mcxe HTTP/1.1 --> 204 NO_CONTENT (referrer: -; agent: python-requests/2.9.1)
Aug 31 02:27:21 mas01 sh[24127]: 2018-08-31 02:27:21 regiond: [info] 192.168.11.44 GET /MAAS/metadata/latest/by-id/ypqfkb/?op=get_preseed HTTP/1.1 --> 200 OK (referrer: -; agent: Cloud-Init/18.3-9-g2e62cb8a-0ubuntu1~16.04.2)
Aug 31 02:27:21 mas01 sh[24369]: 2018-08-31 02:27:21 regiond: [info] 192.168.11.42 POST /MAAS/metadata/status/qq8keg HTTP/1.1 --> 204 NO_CONTENT (referrer: -; agent: python-requests/2.9.1)
Aug 31 02:27:21 mas01 sh[24127]: 2018-08-31 02:27:21 regiond: [info] 192.168.11.42 POST /MAAS/metadata/status/qq8keg HTTP/1.1 --> 204 NO_CONTENT (referrer: -; agent: python-requests/2.9.1)
Aug 31 02:27:21 mas01 sh[24369]: 2018-08-31 02:27:21 regiond: [info] 192.168.11.42 POST /MAAS/metadata/status/qq8keg HTTP/1.1 --> 204 NO_CONTENT (referrer: -; agent: python-requests/2.9.1)
Aug 31 02:27:21 mas01 sh[24259]: 2018-08-31 02:27:21 regiond: [info] 192.168.11.42 POST /MAAS/metadata/status/qq8keg HTTP/1.1 --> 204 NO_CONTENT (referrer: -; agent: python-requests/2.9.1)
Aug 31 02:27:21 mas01 sh[24369]: 2018-08-31 02:27:21 regiond: [info] 192.168.11.42 POST /MAAS/metadata/status/qq8keg HTTP/1.1 --> 204 NO_CONTENT (referrer: -; agent: python-requests/2.9.1)
Aug 31 02:27:21 mas01 sh[24369]: 2018-08-31 02:27:21 regiond: [info] 192.168.11.44 POST /MAAS/metadata/status/ypqfkb HTTP/1.1 --> 204 NO_CONTENT (referrer: -; agent: python-requests/2.9.1)
Aug 31 02:27:21 mas01 sh[24127]: 2018-08-31 02:27:21 regiond: [info] 192.168.11.42 POST /MAAS/metadata/status/qq8keg HTTP/1.1 --> 204 NO_CONTENT (referrer: -; agent: python-requests/2.9.1)
Aug 31 02:27:21 mas01 sh[24127]: 2018-08-31 02:27:21 regiond: [info] 192.168.11.43 POST /MAAS/metadata/status/77mcxe HTTP/1.1 --> 204 NO_CONTENT (referrer: -; agent: python-requests/2.9.1)
Aug 31 02:27:21 mas01 sh[24369]: 2018-08-31 02:27:21 regiond: [info] 192.168.11.42 POST /MAAS/metadata/status/qq8keg HTTP/1.1 --> 204 NO_CONTENT (referrer: -; agent: python-requests/2.9.1)
Aug 31 02:27:21 mas01 sh[24131]: 2018-08-31 02:27:21 regiond: [info] 192.168.11.44 POST /MAAS/metadata/status/ypqfkb HTTP/1.1 --> 204 NO_CONTENT (referrer: -; agent: python-requests/2.9.1)
Aug 31 02:27:21 mas01 sh[24259]: 2018-08-31 02:27:21 regiond: [info] 192.168.11.43 POST /MAAS/metadata/status/77mcxe HTTP/1.1 --> 204 NO_CONTENT (referrer: -; agent: python-requests/2.9.1)
Aug 31 02:27:21 mas01 sh[24127]: 2018-08-31 02:27:21 regiond: [info] 192.168.11.42 POST /MAAS/metadata/status/qq8keg HTTP/1.1 --> 204 NO_CONTENT (referrer: -; agent: python-requests/2.9.1)
Aug 31 02:27:21 mas01 sh[24369]: 2018-08-31 02:27:21 regiond: [info] 192.168.11.43 POST /MAAS/metadata/status/77mcxe HTTP/1.1 --> 204 NO_CONTENT (referrer: -; agent: python-requests/2.9.1)
Aug 31 02:27:21 mas01 sh[24127]: 2018-08-31 02:27:21 regiond: [info] 192.168.11.44 POST /MAAS/metadata/status/ypqfkb HTTP/1.1 --> 204 NO_CONTENT (referrer: -; agent: python-requests/2.9.1)
Aug 31 02:27:21 mas01 sh[24127]: 2018-08-31 02:27:21 regiond: [info] 192.168.11.42 POST /MAAS/metadata/status/qq8keg HTTP/1.1 --> 204 NO_CONTENT (referrer: -; agent: python-requests/2.9.1)
Aug 31 02:27:21 mas01 sh[24131]: 2018-08-31 02:27:21 regiond: [info] 192.168.11.43 POST /MAAS/metadata/status/77mcxe HTTP/1.1 --> 204 NO_CONTENT (referrer: -; agent: python-requests/2.9.1)
Aug 31 02:27:21 mas01 sh[24127]: 2018-08-31 02:27:21 regiond: [info] 192.168.11.43 POST /MAAS/metadata/status/77mcxe HTTP/1.1 --> 204 NO_CONTENT (referrer: -; agent: python-requests/2.9.1)
Aug 31 02:27:21 mas01 sh[24127]: message repeated 2 times: [ 2018-08-31 02:27:21 regiond: [info] 192.168.11.43 POST /MAAS/metadata/status/77mcxe HTTP/1.1 --> 204 NO_CONTENT (referrer: -; agent: python-requests/2.9.1)]
Aug 31 02:27:21 mas01 sh[24131]: 2018-08-31 02:27:21 regiond: [info] 192.168.11.43 POST /MAAS/metadata/status/77mcxe HTTP/1.1 --> 204 NO_CONTENT (referrer: -; agent: python-requests/2.9.1)
Aug 31 02:27:21 mas01 sh[24259]: 2018-08-31 02:27:21 regiond: [info] 192.168.11.42 POST /MAAS/metadata/status/qq8keg HTTP/1.1 --> 204 NO_CONTENT (referrer: -; agent: python-requests/2.9.1)
Aug 31 02:27:21 mas01 sh[24127]: 2018-08-31 02:27:21 regiond: [info] 192.168.11.42 POST /MAAS/metadata/status/qq8keg HTTP/1.1 --> 204 NO_CONTENT (referrer: -; agent: python-requests/2.9.1)
Aug 31 02:27:21 mas01 sh[24131]: 2018-08-31 02:27:21 regiond: [info] 192.168.11.43 POST /MAAS/metadata/status/77mcxe HTTP/1.1 --> 204 NO_CONTENT (referrer: -; agent: python-requests/2.9.1)
Aug 31 02:27:21 mas01 sh[24259]: 2018-08-31 02:27:21 regiond: [info] 192.168.11.42 POST /MAAS/metadata/status/qq8keg HTTP/1.1 --> 204 NO_CONTENT (referrer: -; agent: python-requests/2.9.1)
Aug 31 02:27:21 mas01 sh[24127]: 2018-08-31 02:27:21 regiond: [info] 192.168.11.42 POST /MAAS/metadata/status/qq8keg HTTP/1.1 --> 204 NO_CONTENT (referrer: -; agent: python-requests/2.9.1)
Aug 31 02:27:21 mas01 sh[24259]: 2018-08-31 02:27:21 regiond: [info] 192.168.11.43 POST /MAAS/metadata/status/77mcxe HTTP/1.1 --> 204 NO_CONTENT (referrer: -; agent: python-requests/2.9.1)
Aug 31 02:27:21 mas01 sh[24131]: 2018-08-31 02:27:21 regiond: [info] 192.168.11.42 POST /MAAS/metadata/status/qq8keg HTTP/1.1 --> 204 NO_CONTENT (referrer: -; agent: python-requests/2.9.1)
Aug 31 02:27:21 mas01 sh[24369]: 2018-08-31 02:27:21 regiond: [info] 192.168.11.43 POST /MAAS/metadata/status/77mcxe HTTP/1.1 --> 204 NO_CONTENT (referrer: -; agent: python-requests/2.9.1)
Aug 31 02:27:21 mas01 sh[24131]: 2018-08-31 02:27:21 regiond: [info] 192.168.11.44 GET /MAAS/metadata/2012-03-01/meta-data/instance-id HTTP/1.1 --> 200 OK (referrer: -; agent: Cloud-Init/18.3-9-g2e62cb8a-0ubuntu1~16.04.2)
Aug 31 02:27:21 mas01 sh[24127]: 2018-08-31 02:27:21 regiond: [info] 192.168.11.42 POST /MAAS/metadata/status/qq8keg HTTP/1.1 --> 204 NO_CONTENT (referrer: -; agent: python-requests/2.9.1)
Aug 31 02:27:21 mas01 sh[24127]: 2018-08-31 02:27:21 regiond: [info] 192.168.11.42 POST /MAAS/metadata/status/qq8keg HTTP/1.1 --> 204 NO_CONTENT (referrer: -; agent: python-requests/2.9.1)
Aug 31 02:27:21 mas01 sh[24369]: 2018-08-31 02:27:21 regiond: [info] 192.168.11.43 POST /MAAS/metadata/status/77mcxe HTTP/1.1 --> 204 NO_CONTENT (referrer: -; agent: python-requests/2.9.1)
Aug 31 02:27:21 mas01 sh[24369]: 2018-08-31 02:27:21 regiond: [info] 192.168.11.42 POST /MAAS/metadata/status/qq8keg HTTP/1.1 --> 204 NO_CONTENT (referrer: -; agent: python-requests/2.9.1)
Aug 31 02:27:21 mas01 sh[24131]: 2018-08-31 02:27:21 regiond: [info] 192.168.11.42 POST /MAAS/metadata/status/qq8keg HTTP/1.1 --> 204 NO_CONTENT (referrer: -; agent: python-requests/2.9.1)
Aug 31 02:27:21 mas01 sh[24369]: 2018-08-31 02:27:21 regiond: [info] 192.168.11.43 POST /MAAS/metadata/status/77mcxe HTTP/1.1 --> 204 NO_CONTENT (referrer: -; agent: python-requests/2.9.1)
Aug 31 02:27:21 mas01 sh[24369]: 2018-08-31 02:27:21 regiond: [info] 192.168.11.43 POST /MAAS/metadata/status/77mcxe HTTP/1.1 --> 204 NO_CONTENT (referrer: -; agent: python-requests/2.9.1)
Aug 31 02:27:21 mas01 sh[24131]: 2018-08-31 02:27:21 regiond: [info] 192.168.11.42 POST /MAAS/metadata/status/qq8keg HTTP/1.1 --> 204 NO_CONTENT (referrer: -; agent: python-requests/2.9.1)
Aug 31 02:27:21 mas01 sh[24369]: 2018-08-31 02:27:21 regiond: [info] 192.168.11.43 POST /MAAS/metadata/status/77mcxe HTTP/1.1 --> 204 NO_CONTENT (referrer: -; agent: python-requests/2.9.1)
Aug 31 02:27:21 mas01 sh[24131]: 2018-08-31 02:27:21 regiond: [info] 192.168.11.42 POST /MAAS/metadata/status/qq8keg HTTP/1.1 --> 204 NO_CONTENT (referrer: -; agent: python-requests/2.9.1)
Aug 31 02:27:21 mas01 sh[24369]: 2018-08-31 02:27:21 regiond: [info] 192.168.11.42 POST /MAAS/metadata/status/qq8keg HTTP/1.1 --> 204 NO_CONTENT (referrer: -; agent: python-requests/2.9.1)
Aug 31 02:27:21 mas01 sh[24259]: 2018-08-31 02:27:21 regiond: [info] 192.168.11.43 POST /MAAS/metadata/status/77mcxe HTTP/1.1 --> 204 NO_CONTENT (referrer: -; agent: python-requests/2.9.1)
Aug 31 02:27:21 mas01 sh[24131]: 2018-08-31 02:27:21 regiond: [info] 192.168.11.43 POST /MAAS/metadata/status/77mcxe HTTP/1.1 --> 204 NO_CONTENT (referrer: -; agent: python-requests/2.9.1)
Aug 31 02:27:21 mas01 sh[24259]: 2018-08-31 02:27:21 regiond: [info] 192.168.11.43 POST /MAAS/metadata/status/77mcxe HTTP/1.1 --> 204 NO_CONTENT (referrer: -; agent: python-requests/2.9.1)
Aug 31 02:27:21 mas01 sh[24369]: 2018-08-31 02:27:21 regiond: [info] 192.168.11.42 POST /MAAS/metadata/status/qq8keg HTTP/1.1 --> 204 NO_CONTENT (referrer: -; agent: python-requests/2.9.1)
Aug 31 02:27:21 mas01 sh[24369]: 2018-08-31 02:27:21 regiond: [info] 192.168.11.43 POST /MAAS/metadata/status/77mcxe HTTP/1.1 --> 204 NO_CONTENT (referrer: -; agent: python-requests/2.9.1)
Aug 31 02:27:21 mas01 sh[24259]: 2018-08-31 02:27:21 regiond: [info] 192.168.11.42 POST /MAAS/metadata/status/qq8keg HTTP/1.1 --> 204 NO_CONTENT (referrer: -; agent: python-requests/2.9.1)
Aug 31 02:27:21 mas01 sh[24259]: 2018-08-31 02:27:21 regiond: [info] 192.168.11.43 POST /MAAS/metadata/status/77mcxe HTTP/1.1 --> 204 NO_CONTENT (referrer: -; agent: python-requests/2.9.1)
Aug 31 02:27:21 mas01 sh[24131]: 2018-08-31 02:27:21 regiond: [info] 192.168.11.44 GET /MAAS/metadata/2012-03-01/meta-data/instance-id HTTP/1.1 --> 200 OK (referrer: -; agent: python-requests/2.9.1)
Aug 31 02:27:21 mas01 sh[24369]: 2018-08-31 02:27:21 regiond: [info] 192.168.11.42 POST /MAAS/metadata/status/qq8keg HTTP/1.1 --> 204 NO_CONTENT (referrer: -; agent: python-requests/2.9.1)
Aug 31 02:27:21 mas01 sh[24369]: 2018-08-31 02:27:21 regiond: [info] 192.168.11.43 POST /MAAS/metadata/status/77mcxe HTTP/1.1 --> 204 NO_CONTENT (referrer: -; agent: python-requests/2.9.1)
Aug 31 02:27:21 mas01 sh[24127]: 2018-08-31 02:27:21 regiond: [info] 192.168.11.42 POST /MAAS/metadata/status/qq8keg HTTP/1.1 --> 204 NO_CONTENT (referrer: -; agent: python-requests/2.9.1)
Aug 31 02:27:21 mas01 sh[24131]: 2018-08-31 02:27:21 regiond: [info] 192.168.11.43 POST /MAAS/metadata/status/77mcxe HTTP/1.1 --> 204 NO_CONTENT (referrer: -; agent: python-requests/2.9.1)
Aug 31 02:27:21 mas01 sh[24259]: 2018-08-31 02:27:21 regiond: [info] 192.168.11.42 POST /MAAS/metadata/status/qq8keg HTTP/1.1 --> 204 NO_CONTENT (referrer: -; agent: python-requests/2.9.1)
Aug 31 02:27:21 mas01 sh[24127]: 2018-08-31 02:27:21 regiond: [info] 192.168.11.43 POST /MAAS/metadata/status/77mcxe HTTP/1.1 --> 204 NO_CONTENT (referrer: -; agent: python-requests/2.9.1)
Aug 31 02:27:21 mas01 sh[24369]: 2018-08-31 02:27:21 regiond: [info] 192.168.11.42 POST /MAAS/metadata/status/qq8keg HTTP/1.1 --> 204 NO_CONTENT (referrer: -; agent: python-requests/2.9.1)
Aug 31 02:27:21 mas01 sh[24127]: 2018-08-31 02:27:21 regiond: [info] 192.168.11.43 POST /MAAS/metadata/status/77mcxe HTTP/1.1 --> 204 NO_CONTENT (referrer: -; agent: python-requests/2.9.1)
Aug 31 02:27:21 mas01 sh[24127]: message repeated 2 times: [ 2018-08-31 02:27:21 regiond: [info] 192.168.11.43 POST /MAAS/metadata/status/77mcxe HTTP/1.1 --> 204 NO_CONTENT (referrer: -; agent: python-requests/2.9.1)]
Aug 31 02:27:21 mas01 sh[24369]: 2018-08-31 02:27:21 regiond: [info] 192.168.11.43 POST /MAAS/metadata/status/77mcxe HTTP/1.1 --> 204 NO_CONTENT (referrer: -; agent: python-requests/2.9.1)
Aug 31 02:27:21 mas01 sh[24369]: 2018-08-31 02:27:21 regiond: [info] 192.168.11.44 GET /MAAS/metadata/2012-03-01/meta-data/local-hostname HTTP/1.1 --> 200 OK (referrer: -; agent: python-requests/2.9.1)
Aug 31 02:27:21 mas01 sh[24127]: 2018-08-31 02:27:21 regiond: [info] 192.168.11.42 POST /MAAS/metadata/status/qq8keg HTTP/1.1 --> 204 NO_CONTENT (referrer: -; agent: python-requests/2.9.1)
Aug 31 02:27:21 mas01 sh[24131]: 2018-08-31 02:27:21 regiond: [info] 192.168.11.42 POST /MAAS/metadata/status/qq8keg HTTP/1.1 --> 204 NO_CONTENT (referrer: -; agent: python-requests/2.9.1)
Aug 31 02:27:21 mas01 sh[24259]: 2018-08-31 02:27:21 regiond: [info] 192.168.11.44 GET /MAAS/metadata/2012-03-01/meta-data/public-keys HTTP/1.1 --> 200 OK (referrer: -; agent: python-requests/2.9.1)
Aug 31 02:27:21 mas01 sh[24127]: 2018-08-31 02:27:21 regiond: [info] 192.168.11.43 POST /MAAS/metadata/status/77mcxe HTTP/1.1 --> 204 NO_CONTENT (referrer: -; agent: python-requests/2.9.1)
Aug 31 02:27:21 mas01 sh[24131]: 2018-08-31 02:27:21 regiond: [info] 192.168.11.43 POST /MAAS/metadata/status/77mcxe HTTP/1.1 --> 204 NO_CONTENT (referrer: -; agent: python-requests/2.9.1)
Aug 31 02:27:21 mas01 sh[24369]: 2018-08-31 02:27:21 regiond: [info] 192.168.11.44 GET /MAAS/metadata/2012-03-01/meta-data/vendor-data HTTP/1.1 --> 200 OK (referrer: -; agent: python-requests/2.9.1)
Aug 31 02:27:21 mas01 sh[24369]: 2018-08-31 02:27:21 regiond: [info] 192.168.11.44 POST /MAAS/metadata/status/ypqfkb HTTP/1.1 --> 204 NO_CONTENT (referrer: -; agent: python-requests/2.9.1)
Aug 31 02:27:21 mas01 sh[24127]: 2018-08-31 02:27:21 regiond: [info] 192.168.11.42 POST /MAAS/metadata/status/qq8keg HTTP/1.1 --> 204 NO_CONTENT (referrer: -; agent: python-requests/2.9.1)
Aug 31 02:27:21 mas01 sh[24259]: 2018-08-31 02:27:21 regiond: [info] 192.168.11.43 POST /MAAS/metadata/status/77mcxe HTTP/1.1 --> 204 NO_CONTENT (referrer: -; agent: python-requests/2.9.1)
Aug 31 02:27:21 mas01 sh[24131]: 2018-08-31 02:27:21 regiond: [info] 192.168.11.42 POST /MAAS/metadata/status/qq8keg HTTP/1.1 --> 204 NO_CONTENT (referrer: -; agent: python-requests/2.9.1)
Aug 31 02:27:21 mas01 sh[24369]: 2018-08-31 02:27:21 regiond: [info] 192.168.11.44 POST /MAAS/metadata/status/ypqfkb HTTP/1.1 --> 204 NO_CONTENT (referrer: -; agent: python-requests/2.9.1)
Aug 31 02:27:21 mas01 sh[24369]: 2018-08-31 02:27:21 regiond: [info] 192.168.11.44 POST /MAAS/metadata/status/ypqfkb HTTP/1.1 --> 204 NO_CONTENT (referrer: -; agent: python-requests/2.9.1)
Aug 31 02:27:21 mas01 sh[24259]: 2018-08-31 02:27:21 regiond: [info] 192.168.11.43 POST /MAAS/metadata/status/77mcxe HTTP/1.1 --> 204 NO_CONTENT (referrer: -; agent: python-requests/2.9.1)
Aug 31 02:27:21 mas01 sh[24369]: 2018-08-31 02:27:21 regiond: [info] 192.168.11.44 POST /MAAS/metadata/status/ypqfkb HTTP/1.1 --> 204 NO_CONTENT (referrer: -; agent: python-requests/2.9.1)
Aug 31 02:27:21 mas01 sh[24369]: 2018-08-31 02:27:21 regiond: [info] 192.168.11.44 POST /MAAS/metadata/status/ypqfkb HTTP/1.1 --> 204 NO_CONTENT (referrer: -; agent: python-requests/2.9.1)
Aug 31 02:27:21 mas01 sh[24127]: 2018-08-31 02:27:21 regiond: [info] 192.168.11.44 POST /MAAS/metadata/status/ypqfkb HTTP/1.1 --> 204 NO_CONTENT (referrer: -; agent: python-requests/2.9.1)
Aug 31 02:27:21 mas01 sh[24131]: 2018-08-31 02:27:21 regiond: [info] 192.168.11.44 POST /MAAS/metadata/status/ypqfkb HTTP/1.1 --> 204 NO_CONTENT (referrer: -; agent: python-requests/2.9.1)
Aug 31 02:27:21 mas01 sh[24259]: 2018-08-31 02:27:21 regiond: [info] 192.168.11.44 POST /MAAS/metadata/status/ypqfkb HTTP/1.1 --> 204 NO_CONTENT (referrer: -; agent: python-requests/2.9.1)
Aug 31 02:27:21 mas01 sh[24127]: 2018-08-31 02:27:21 regiond: [info] 192.168.11.44 POST /MAAS/metadata/status/ypqfkb HTTP/1.1 --> 204 NO_CONTENT (referrer: -; agent: python-requests/2.9.1)
Aug 31 02:27:21 mas01 sh[24131]: 2018-08-31 02:27:21 regiond: [info] 192.168.11.44 POST /MAAS/metadata/status/ypqfkb HTTP/1.1 --> 204 NO_CONTENT (referrer: -; agent: python-requests/2.9.1)
Aug 31 02:27:21 mas01 sh[24369]: 2018-08-31 02:27:21 regiond: [info] 192.168.11.44 POST /MAAS/metadata/status/ypqfkb HTTP/1.1 --> 204 NO_CONTENT (referrer: -; agent: python-requests/2.9.1)
Aug 31 02:27:21 mas01 sh[24259]: 2018-08-31 02:27:21 regiond: [info] 192.168.11.44 POST /MAAS/metadata/status/ypqfkb HTTP/1.1 --> 204 NO_CONTENT (referrer: -; agent: python-requests/2.9.1)
Aug 31 02:27:21 mas01 sh[24127]: 2018-08-31 02:27:21 regiond: [info] 192.168.11.44 POST /MAAS/metadata/status/ypqfkb HTTP/1.1 --> 204 NO_CONTENT (referrer: -; agent: python-requests/2.9.1)
Aug 31 02:27:21 mas01 sh[24369]: 2018-08-31 02:27:21 regiond: [info] 192.168.11.44 POST /MAAS/metadata/status/ypqfkb HTTP/1.1 --> 204 NO_CONTENT (referrer: -; agent: python-requests/2.9.1)
Aug 31 02:27:21 mas01 sh[24127]: 2018-08-31 02:27:21 regiond: [info] 192.168.11.44 POST /MAAS/metadata/status/ypqfkb HTTP/1.1 --> 204 NO_CONTENT (referrer: -; agent: python-requests/2.9.1)
Aug 31 02:27:21 mas01 sh[24369]: 2018-08-31 02:27:21 regiond: [info] 192.168.11.44 POST /MAAS/metadata/status/ypqfkb HTTP/1.1 --> 204 NO_CONTENT (referrer: -; agent: python-requests/2.9.1)
Aug 31 02:27:21 mas01 sh[24259]: 2018-08-31 02:27:21 regiond: [info] 192.168.11.44 POST /MAAS/metadata/status/ypqfkb HTTP/1.1 --> 204 NO_CONTENT (referrer: -; agent: python-requests/2.9.1)
Aug 31 02:27:21 mas01 sh[24369]: 2018-08-31 02:27:21 regiond: [info] 192.168.11.44 POST /MAAS/metadata/status/ypqfkb HTTP/1.1 --> 204 NO_CONTENT (referrer: -; agent: python-requests/2.9.1)
Aug 31 02:27:22 mas01 sh[24131]: 2018-08-31 02:27:22 regiond: [info] 192.168.11.44 POST /MAAS/metadata/status/ypqfkb HTTP/1.1 --> 204 NO_CONTENT (referrer: -; agent: python-requests/2.9.1)
Aug 31 02:27:22 mas01 sh[24131]: 2018-08-31 02:27:22 regiond: [info] 192.168.11.44 POST /MAAS/metadata/status/ypqfkb HTTP/1.1 --> 204 NO_CONTENT (referrer: -; agent: python-requests/2.9.1)
Aug 31 02:27:22 mas01 sh[24127]: 2018-08-31 02:27:22 regiond: [info] 192.168.11.44 POST /MAAS/metadata/status/ypqfkb HTTP/1.1 --> 204 NO_CONTENT (referrer: -; agent: python-requests/2.9.1)
Aug 31 02:27:22 mas01 sh[24127]: 2018-08-31 02:27:22 regiond: [info] 192.168.11.44 POST /MAAS/metadata/status/ypqfkb HTTP/1.1 --> 204 NO_CONTENT (referrer: -; agent: python-requests/2.9.1)
Aug 31 02:27:22 mas01 sh[24131]: 2018-08-31 02:27:22 regiond: [info] 192.168.11.44 POST /MAAS/metadata/status/ypqfkb HTTP/1.1 --> 204 NO_CONTENT (referrer: -; agent: python-requests/2.9.1)
Aug 31 02:27:22 mas01 sh[24259]: 2018-08-31 02:27:22 regiond: [info] 192.168.11.44 POST /MAAS/metadata/status/ypqfkb HTTP/1.1 --> 204 NO_CONTENT (referrer: -; agent: python-requests/2.9.1)
Aug 31 02:27:22 mas01 sh[24127]: 2018-08-31 02:27:22 regiond: [info] 192.168.11.44 POST /MAAS/metadata/status/ypqfkb HTTP/1.1 --> 204 NO_CONTENT (referrer: -; agent: python-requests/2.9.1)
Aug 31 02:27:22 mas01 sh[24127]: 2018-08-31 02:27:22 regiond: [info] 192.168.11.44 POST /MAAS/metadata/status/ypqfkb HTTP/1.1 --> 204 NO_CONTENT (referrer: -; agent: python-requests/2.9.1)
Aug 31 02:27:22 mas01 sh[24259]: 2018-08-31 02:27:22 regiond: [info] 192.168.11.44 POST /MAAS/metadata/status/ypqfkb HTTP/1.1 --> 204 NO_CONTENT (referrer: -; agent: python-requests/2.9.1)
Aug 31 02:27:22 mas01 sh[24127]: 2018-08-31 02:27:22 regiond: [info] 192.168.11.44 POST /MAAS/metadata/status/ypqfkb HTTP/1.1 --> 204 NO_CONTENT (referrer: -; agent: python-requests/2.9.1)
Aug 31 02:27:22 mas01 sh[24259]: 2018-08-31 02:27:22 regiond: [info] 192.168.11.44 POST /MAAS/metadata/status/ypqfkb HTTP/1.1 --> 204 NO_CONTENT (referrer: -; agent: python-requests/2.9.1)
Aug 31 02:27:22 mas01 sh[24369]: 2018-08-31 02:27:22 regiond: [info] 192.168.11.44 POST /MAAS/metadata/status/ypqfkb HTTP/1.1 --> 204 NO_CONTENT (referrer: -; agent: python-requests/2.9.1)
Aug 31 02:27:22 mas01 sh[24369]: 2018-08-31 02:27:22 regiond: [info] 192.168.11.44 POST /MAAS/metadata/status/ypqfkb HTTP/1.1 --> 204 NO_CONTENT (referrer: -; agent: python-requests/2.9.1)
Aug 31 02:27:22 mas01 sh[24259]: 2018-08-31 02:27:22 regiond: [info] 192.168.11.44 POST /MAAS/metadata/status/ypqfkb HTTP/1.1 --> 204 NO_CONTENT (referrer: -; agent: python-requests/2.9.1)
Aug 31 02:27:22 mas01 sh[24369]: 2018-08-31 02:27:22 regiond: [info] 192.168.11.44 POST /MAAS/metadata/status/ypqfkb HTTP/1.1 --> 204 NO_CONTENT (referrer: -; agent: python-requests/2.9.1)
Aug 31 02:27:22 mas01 sh[24127]: 2018-08-31 02:27:22 regiond: [info] 192.168.11.44 POST /MAAS/metadata/status/ypqfkb HTTP/1.1 --> 204 NO_CONTENT (referrer: -; agent: python-requests/2.9.1)
Aug 31 02:27:22 mas01 sh[24131]: 2018-08-31 02:27:22 regiond: [info] 192.168.11.44 POST /MAAS/metadata/status/ypqfkb HTTP/1.1 --> 204 NO_CONTENT (referrer: -; agent: python-requests/2.9.1)
Aug 31 02:27:22 mas01 sh[24259]: 2018-08-31 02:27:22 regiond: [info] 192.168.11.44 POST /MAAS/metadata/status/ypqfkb HTTP/1.1 --> 204 NO_CONTENT (referrer: -; agent: python-requests/2.9.1)
Aug 31 02:27:22 mas01 sh[24369]: 2018-08-31 02:27:22 maasserver.region_controller: [info] Reloaded DNS configuration; ip 192.168.11.42 connected to kvm01 on eth0
Aug 31 02:27:22 mas01 sh[24369]: 2018-08-31 02:27:22 regiond: [info] 192.168.11.44 POST /MAAS/metadata/status/ypqfkb HTTP/1.1 --> 204 NO_CONTENT (referrer: -; agent: python-requests/2.9.1)
Aug 31 02:27:22 mas01 sh[24131]: 2018-08-31 02:27:22 regiond: [info] 192.168.11.44 POST /MAAS/metadata/status/ypqfkb HTTP/1.1 --> 204 NO_CONTENT (referrer: -; agent: python-requests/2.9.1)
Aug 31 02:27:22 mas01 sh[24259]: 2018-08-31 02:27:22 regiond: [info] 192.168.11.44 POST /MAAS/metadata/status/ypqfkb HTTP/1.1 --> 204 NO_CONTENT (referrer: -; agent: python-requests/2.9.1)
Aug 31 02:27:22 mas01 sh[24131]: 2018-08-31 02:27:22 regiond: [info] 192.168.11.44 POST /MAAS/metadata/status/ypqfkb HTTP/1.1 --> 204 NO_CONTENT (referrer: -; agent: python-requests/2.9.1)
Aug 31 02:27:23 mas01 sh[24259]: 2018-08-31 02:27:23 regiond: [info] 192.168.11.43 POST /MAAS/metadata/status/77mcxe HTTP/1.1 --> 204 NO_CONTENT (referrer: -; agent: python-requests/2.9.1)
Aug 31 02:27:23 mas01 sh[24131]: 2018-08-31 02:27:23 regiond: [info] 192.168.11.43 POST /MAAS/metadata/status/77mcxe HTTP/1.1 --> 204 NO_CONTENT (referrer: -; agent: python-requests/2.9.1)
Aug 31 02:27:23 mas01 sh[24259]: 2018-08-31 02:27:23 regiond: [info] 192.168.11.43 POST /MAAS/metadata/status/77mcxe HTTP/1.1 --> 204 NO_CONTENT (referrer: -; agent: python-requests/2.9.1)
Aug 31 02:27:23 mas01 sh[24131]: 2018-08-31 02:27:23 regiond: [info] 192.168.11.43 POST /MAAS/metadata/status/77mcxe HTTP/1.1 --> 204 NO_CONTENT (referrer: -; agent: python-requests/2.9.1)
Aug 31 02:27:24 mas01 sh[24369]: 2018-08-31 02:27:24 regiond: [info] 192.168.11.43 POST /MAAS/metadata/status/77mcxe HTTP/1.1 --> 204 NO_CONTENT (referrer: -; agent: python-requests/2.9.1)
Aug 31 02:27:24 mas01 sh[24259]: 2018-08-31 02:27:24 regiond: [info] 192.168.11.43 POST /MAAS/metadata/status/77mcxe HTTP/1.1 --> 204 NO_CONTENT (referrer: -; agent: python-requests/2.9.1)
Aug 31 02:27:24 mas01 sh[24259]: 2018-08-31 02:27:24 regiond: [info] 192.168.11.43 POST /MAAS/metadata/status/77mcxe HTTP/1.1 --> 204 NO_CONTENT (referrer: -; agent: python-requests/2.9.1)
Aug 31 02:27:24 mas01 sh[24131]: 2018-08-31 02:27:24 regiond: [info] 192.168.11.43 POST /MAAS/metadata/status/77mcxe HTTP/1.1 --> 204 NO_CONTENT (referrer: -; agent: python-requests/2.9.1)
Aug 31 02:27:24 mas01 sh[24259]: 2018-08-31 02:27:24 regiond: [info] 192.168.11.43 POST /MAAS/metadata/status/77mcxe HTTP/1.1 --> 204 NO_CONTENT (referrer: -; agent: python-requests/2.9.1)
Aug 31 02:27:24 mas01 sh[24127]: 2018-08-31 02:27:24 regiond: [info] 192.168.11.42 POST /MAAS/metadata/status/qq8keg HTTP/1.1 --> 204 NO_CONTENT (referrer: -; agent: python-requests/2.9.1)
Aug 31 02:27:24 mas01 sh[24259]: 2018-08-31 02:27:24 regiond: [info] 192.168.11.42 POST /MAAS/metadata/status/qq8keg HTTP/1.1 --> 204 NO_CONTENT (referrer: -; agent: python-requests/2.9.1)
Aug 31 02:27:24 mas01 sh[24369]: 2018-08-31 02:27:24 regiond: [info] 192.168.11.42 POST /MAAS/metadata/status/qq8keg HTTP/1.1 --> 204 NO_CONTENT (referrer: -; agent: python-requests/2.9.1)
Aug 31 02:27:24 mas01 sh[24259]: 2018-08-31 02:27:24 regiond: [info] 192.168.11.42 POST /MAAS/metadata/status/qq8keg HTTP/1.1 --> 204 NO_CONTENT (referrer: -; agent: python-requests/2.9.1)
Aug 31 02:27:24 mas01 sh[24127]: 2018-08-31 02:27:24 regiond: [info] 192.168.11.42 POST /MAAS/metadata/status/qq8keg HTTP/1.1 --> 204 NO_CONTENT (referrer: -; agent: python-requests/2.9.1)
Aug 31 02:27:24 mas01 sh[24127]: message repeated 2 times: [ 2018-08-31 02:27:24 regiond: [info] 192.168.11.42 POST /MAAS/metadata/status/qq8keg HTTP/1.1 --> 204 NO_CONTENT (referrer: -; agent: python-requests/2.9.1)]
Aug 31 02:27:24 mas01 sh[24131]: 2018-08-31 02:27:24 regiond: [info] 192.168.11.42 POST /MAAS/metadata/status/qq8keg HTTP/1.1 --> 204 NO_CONTENT (referrer: -; agent: python-requests/2.9.1)
Aug 31 02:27:24 mas01 sh[24131]: 2018-08-31 02:27:24 regiond: [info] 192.168.11.42 POST /MAAS/metadata/status/qq8keg HTTP/1.1 --> 204 NO_CONTENT (referrer: -; agent: python-requests/2.9.1)
Aug 31 02:27:24 mas01 salt-minion[1302]: [INFO    ] User sudo_ubuntu Executing command state.apply with jid 20180831022724324322
Aug 31 02:27:24 mas01 salt-minion[1302]: [INFO    ] Starting a new job with PID 27031
Aug 31 02:27:24 mas01 sh[24127]: 2018-08-31 02:27:24 regiond: [info] 192.168.11.43 POST /MAAS/metadata/status/77mcxe HTTP/1.1 --> 204 NO_CONTENT (referrer: -; agent: python-requests/2.9.1)
Aug 31 02:27:24 mas01 sh[24131]: 2018-08-31 02:27:24 regiond: [info] 192.168.11.43 POST /MAAS/metadata/status/77mcxe HTTP/1.1 --> 204 NO_CONTENT (referrer: -; agent: python-requests/2.9.1)
Aug 31 02:27:24 mas01 sh[24259]: 2018-08-31 02:27:24 regiond: [info] 192.168.11.43 POST /MAAS/metadata/status/77mcxe HTTP/1.1 --> 204 NO_CONTENT (referrer: -; agent: python-requests/2.9.1)
Aug 31 02:27:24 mas01 sh[24259]: 2018-08-31 02:27:24 regiond: [info] 192.168.11.43 POST /MAAS/metadata/status/77mcxe HTTP/1.1 --> 204 NO_CONTENT (referrer: -; agent: python-requests/2.9.1)
Aug 31 02:27:24 mas01 sh[24127]: 2018-08-31 02:27:24 regiond: [info] 192.168.11.42 POST /MAAS/metadata/status/qq8keg HTTP/1.1 --> 204 NO_CONTENT (referrer: -; agent: python-requests/2.9.1)
Aug 31 02:27:24 mas01 sh[24259]: 2018-08-31 02:27:24 regiond: [info] 192.168.11.42 POST /MAAS/metadata/status/qq8keg HTTP/1.1 --> 204 NO_CONTENT (referrer: -; agent: python-requests/2.9.1)
Aug 31 02:27:24 mas01 sh[24369]: 2018-08-31 02:27:24 regiond: [info] 192.168.11.42 POST /MAAS/metadata/status/qq8keg HTTP/1.1 --> 204 NO_CONTENT (referrer: -; agent: python-requests/2.9.1)
Aug 31 02:27:24 mas01 sh[24127]: 2018-08-31 02:27:24 regiond: [info] 192.168.11.42 POST /MAAS/metadata/status/qq8keg HTTP/1.1 --> 204 NO_CONTENT (referrer: -; agent: python-requests/2.9.1)
Aug 31 02:27:24 mas01 sh[24131]: 2018-08-31 02:27:24 regiond: [info] 192.168.11.43 POST /MAAS/metadata/status/77mcxe HTTP/1.1 --> 204 NO_CONTENT (referrer: -; agent: python-requests/2.9.1)
Aug 31 02:27:24 mas01 sh[24131]: 2018-08-31 02:27:24 regiond: [info] 192.168.11.43 POST /MAAS/metadata/status/77mcxe HTTP/1.1 --> 204 NO_CONTENT (referrer: -; agent: python-requests/2.9.1)
Aug 31 02:27:24 mas01 sh[24127]: 2018-08-31 02:27:24 regiond: [info] 192.168.11.43 POST /MAAS/metadata/status/77mcxe HTTP/1.1 --> 204 NO_CONTENT (referrer: -; agent: python-requests/2.9.1)
Aug 31 02:27:24 mas01 sh[24369]: 2018-08-31 02:27:24 regiond: [info] 192.168.11.43 POST /MAAS/metadata/status/77mcxe HTTP/1.1 --> 204 NO_CONTENT (referrer: -; agent: python-requests/2.9.1)
Aug 31 02:27:25 mas01 sh[24259]: 2018-08-31 02:27:25 regiond: [info] 192.168.11.42 POST /MAAS/metadata/status/qq8keg HTTP/1.1 --> 204 NO_CONTENT (referrer: -; agent: python-requests/2.9.1)
Aug 31 02:27:25 mas01 sh[24131]: 2018-08-31 02:27:25 regiond: [info] 192.168.11.42 POST /MAAS/metadata/status/qq8keg HTTP/1.1 --> 204 NO_CONTENT (referrer: -; agent: python-requests/2.9.1)
Aug 31 02:27:25 mas01 sh[24127]: 2018-08-31 02:27:25 regiond: [info] 192.168.11.42 POST /MAAS/metadata/status/qq8keg HTTP/1.1 --> 204 NO_CONTENT (referrer: -; agent: python-requests/2.9.1)
Aug 31 02:27:25 mas01 sh[24259]: 2018-08-31 02:27:25 regiond: [info] 192.168.11.42 POST /MAAS/metadata/status/qq8keg HTTP/1.1 --> 204 NO_CONTENT (referrer: -; agent: python-requests/2.9.1)
Aug 31 02:27:25 mas01 sh[24131]: 2018-08-31 02:27:25 regiond: [info] 192.168.11.43 POST /MAAS/metadata/status/77mcxe HTTP/1.1 --> 204 NO_CONTENT (referrer: -; agent: python-requests/2.9.1)
Aug 31 02:27:25 mas01 sh[24259]: 2018-08-31 02:27:25 regiond: [info] 192.168.11.43 POST /MAAS/metadata/status/77mcxe HTTP/1.1 --> 204 NO_CONTENT (referrer: -; agent: python-requests/2.9.1)
Aug 31 02:27:25 mas01 sh[24127]: 2018-08-31 02:27:25 regiond: [info] 192.168.11.43 POST /MAAS/metadata/status/77mcxe HTTP/1.1 --> 204 NO_CONTENT (referrer: -; agent: python-requests/2.9.1)
Aug 31 02:27:25 mas01 sh[24127]: 2018-08-31 02:27:25 regiond: [info] 192.168.11.43 POST /MAAS/metadata/status/77mcxe HTTP/1.1 --> 204 NO_CONTENT (referrer: -; agent: python-requests/2.9.1)
Aug 31 02:27:25 mas01 sh[24131]: 2018-08-31 02:27:25 regiond: [info] 192.168.11.42 POST /MAAS/metadata/status/qq8keg HTTP/1.1 --> 204 NO_CONTENT (referrer: -; agent: python-requests/2.9.1)
Aug 31 02:27:25 mas01 sh[24131]: 2018-08-31 02:27:25 regiond: [info] 192.168.11.42 POST /MAAS/metadata/status/qq8keg HTTP/1.1 --> 204 NO_CONTENT (referrer: -; agent: python-requests/2.9.1)
Aug 31 02:27:25 mas01 sh[24259]: 2018-08-31 02:27:25 regiond: [info] 192.168.11.42 POST /MAAS/metadata/status/qq8keg HTTP/1.1 --> 204 NO_CONTENT (referrer: -; agent: python-requests/2.9.1)
Aug 31 02:27:25 mas01 sh[24127]: 2018-08-31 02:27:25 regiond: [info] 192.168.11.42 POST /MAAS/metadata/status/qq8keg HTTP/1.1 --> 204 NO_CONTENT (referrer: -; agent: python-requests/2.9.1)
Aug 31 02:27:25 mas01 sh[24259]: 2018-08-31 02:27:25 regiond: [info] 192.168.11.44 POST /MAAS/metadata/status/ypqfkb HTTP/1.1 --> 204 NO_CONTENT (referrer: -; agent: python-requests/2.9.1)
Aug 31 02:27:25 mas01 sh[24259]: message repeated 2 times: [ 2018-08-31 02:27:25 regiond: [info] 192.168.11.44 POST /MAAS/metadata/status/ypqfkb HTTP/1.1 --> 204 NO_CONTENT (referrer: -; agent: python-requests/2.9.1)]
Aug 31 02:27:25 mas01 sh[24369]: 2018-08-31 02:27:25 regiond: [info] 192.168.11.44 POST /MAAS/metadata/status/ypqfkb HTTP/1.1 --> 204 NO_CONTENT (referrer: -; agent: python-requests/2.9.1)
Aug 31 02:27:25 mas01 sh[24131]: 2018-08-31 02:27:25 regiond: [info] 192.168.11.44 POST /MAAS/metadata/status/ypqfkb HTTP/1.1 --> 204 NO_CONTENT (referrer: -; agent: python-requests/2.9.1)
Aug 31 02:27:25 mas01 sh[24127]: 2018-08-31 02:27:25 regiond: [info] 192.168.11.44 POST /MAAS/metadata/status/ypqfkb HTTP/1.1 --> 204 NO_CONTENT (referrer: -; agent: python-requests/2.9.1)
Aug 31 02:27:25 mas01 sh[24259]: 2018-08-31 02:27:25 regiond: [info] 192.168.11.44 POST /MAAS/metadata/status/ypqfkb HTTP/1.1 --> 204 NO_CONTENT (referrer: -; agent: python-requests/2.9.1)
Aug 31 02:27:25 mas01 sh[24127]: 2018-08-31 02:27:25 regiond: [info] 192.168.11.44 POST /MAAS/metadata/status/ypqfkb HTTP/1.1 --> 204 NO_CONTENT (referrer: -; agent: python-requests/2.9.1)
Aug 31 02:27:25 mas01 sh[24369]: 2018-08-31 02:27:25 regiond: [info] 192.168.11.44 POST /MAAS/metadata/status/ypqfkb HTTP/1.1 --> 204 NO_CONTENT (referrer: -; agent: python-requests/2.9.1)
Aug 31 02:27:26 mas01 sh[24259]: 2018-08-31 02:27:26 regiond: [info] 192.168.11.39 POST /MAAS/metadata/2012-03-01/ HTTP/1.1 --> 200 OK (referrer: -; agent: Python-urllib/3.5)
Aug 31 02:27:26 mas01 sh[24127]: 2018-08-31 02:27:26 regiond: [info] 192.168.11.39 POST /MAAS/metadata/2012-03-01/ HTTP/1.1 --> 200 OK (referrer: -; agent: Python-urllib/3.5)
Aug 31 02:27:26 mas01 maas.interface: [info] eno2 (physical) on cmp001: Observed connected to pxe_admin via 192.168.11.0/24.
Aug 31 02:27:26 mas01 sh[24127]: 2018-08-31 02:27:26 maasserver.models.signals.interfaces: [info] eno2 (physical) on cmp001: deleted IP addresses due to VLAN update (5001 -> 5003).
Aug 31 02:27:26 mas01 sh[24127]: 2018-08-31 02:27:26 maasserver.models.signals.interfaces: [info] ens1f1 (physical) on cmp001: deleted IP addresses due to VLAN update (5001 -> None).
Aug 31 02:27:26 mas01 sh[24127]: 2018-08-31 02:27:26 maasserver.models.signals.interfaces: [info] ens1f0 (physical) on cmp001: deleted IP addresses due to VLAN update (5001 -> None).
Aug 31 02:27:26 mas01 sh[24127]: 2018-08-31 02:27:26 regiond: [info] 192.168.11.39 POST /MAAS/metadata/2012-03-01/ HTTP/1.1 --> 200 OK (referrer: -; agent: Python-urllib/3.5)
Aug 31 02:27:26 mas01 sh[24369]: 2018-08-31 02:27:26 regiond: [info] 192.168.11.44 POST /MAAS/metadata/status/ypqfkb HTTP/1.1 --> 204 NO_CONTENT (referrer: -; agent: python-requests/2.9.1)
Aug 31 02:27:26 mas01 sh[24131]: 2018-08-31 02:27:26 regiond: [info] 192.168.11.39 POST /MAAS/metadata/2012-03-01/ HTTP/1.1 --> 200 OK (referrer: -; agent: Python-urllib/3.5)
Aug 31 02:27:26 mas01 sh[24131]: 2018-08-31 02:27:26 regiond: [info] 192.168.11.44 POST /MAAS/metadata/status/ypqfkb HTTP/1.1 --> 204 NO_CONTENT (referrer: -; agent: python-requests/2.9.1)
Aug 31 02:27:26 mas01 sh[24369]: 2018-08-31 02:27:26 regiond: [info] 192.168.11.44 POST /MAAS/metadata/status/ypqfkb HTTP/1.1 --> 204 NO_CONTENT (referrer: -; agent: python-requests/2.9.1)
Aug 31 02:27:26 mas01 sh[24131]: 2018-08-31 02:27:26 regiond: [info] 192.168.11.44 POST /MAAS/metadata/status/ypqfkb HTTP/1.1 --> 204 NO_CONTENT (referrer: -; agent: python-requests/2.9.1)
Aug 31 02:27:26 mas01 named[24049]: received control channel command 'reload'
Aug 31 02:27:26 mas01 named[24049]: loading configuration from '/etc/bind/named.conf'
Aug 31 02:27:26 mas01 named[24049]: reading built-in trusted keys from file '/etc/bind/bind.keys'
Aug 31 02:27:26 mas01 named[24049]: initializing GeoIP Country (IPv4) (type 1) DB
Aug 31 02:27:26 mas01 named[24049]: GEO-106FREE 20160408 Bu
Aug 31 02:27:26 mas01 named[24049]: initializing GeoIP Country (IPv6) (type 12) DB
Aug 31 02:27:26 mas01 named[24049]: GEO-106FREE 20160408 Bu
Aug 31 02:27:26 mas01 named[24049]: GeoIP City (IPv4) (type 2) DB not available
Aug 31 02:27:26 mas01 named[24049]: GeoIP City (IPv4) (type 6) DB not available
Aug 31 02:27:26 mas01 named[24049]: GeoIP City (IPv6) (type 30) DB not available
Aug 31 02:27:26 mas01 named[24049]: GeoIP City (IPv6) (type 31) DB not available
Aug 31 02:27:26 mas01 named[24049]: GeoIP Region (type 3) DB not available
Aug 31 02:27:26 mas01 named[24049]: GeoIP Region (type 7) DB not available
Aug 31 02:27:26 mas01 named[24049]: GeoIP ISP (type 4) DB not available
Aug 31 02:27:26 mas01 named[24049]: GeoIP Org (type 5) DB not available
Aug 31 02:27:26 mas01 named[24049]: GeoIP AS (type 9) DB not available
Aug 31 02:27:26 mas01 named[24049]: GeoIP Domain (type 11) DB not available
Aug 31 02:27:26 mas01 named[24049]: GeoIP NetSpeed (type 10) DB not available
Aug 31 02:27:26 mas01 named[24049]: using default UDP/IPv4 port range: [32768, 60999]
Aug 31 02:27:26 mas01 named[24049]: using default UDP/IPv6 port range: [32768, 60999]
Aug 31 02:27:26 mas01 named[24049]: sizing zone task pool based on 9 zones
Aug 31 02:27:26 mas01 named[24049]: automatic empty zone: 10.IN-ADDR.ARPA
Aug 31 02:27:26 mas01 named[24049]: automatic empty zone: 16.172.IN-ADDR.ARPA
Aug 31 02:27:26 mas01 named[24049]: automatic empty zone: 17.172.IN-ADDR.ARPA
Aug 31 02:27:26 mas01 named[24049]: automatic empty zone: 18.172.IN-ADDR.ARPA
Aug 31 02:27:26 mas01 named[24049]: automatic empty zone: 19.172.IN-ADDR.ARPA
Aug 31 02:27:26 mas01 named[24049]: automatic empty zone: 20.172.IN-ADDR.ARPA
Aug 31 02:27:26 mas01 named[24049]: automatic empty zone: 21.172.IN-ADDR.ARPA
Aug 31 02:27:26 mas01 named[24049]: automatic empty zone: 22.172.IN-ADDR.ARPA
Aug 31 02:27:26 mas01 named[24049]: automatic empty zone: 23.172.IN-ADDR.ARPA
Aug 31 02:27:26 mas01 named[24049]: automatic empty zone: 24.172.IN-ADDR.ARPA
Aug 31 02:27:26 mas01 named[24049]: automatic empty zone: 25.172.IN-ADDR.ARPA
Aug 31 02:27:26 mas01 named[24049]: automatic empty zone: 26.172.IN-ADDR.ARPA
Aug 31 02:27:26 mas01 named[24049]: automatic empty zone: 27.172.IN-ADDR.ARPA
Aug 31 02:27:26 mas01 named[24049]: automatic empty zone: 28.172.IN-ADDR.ARPA
Aug 31 02:27:26 mas01 named[24049]: automatic empty zone: 29.172.IN-ADDR.ARPA
Aug 31 02:27:26 mas01 named[24049]: automatic empty zone: 30.172.IN-ADDR.ARPA
Aug 31 02:27:26 mas01 named[24049]: automatic empty zone: 31.172.IN-ADDR.ARPA
Aug 31 02:27:26 mas01 named[24049]: automatic empty zone: 168.192.IN-ADDR.ARPA
Aug 31 02:27:26 mas01 named[24049]: automatic empty zone: 64.100.IN-ADDR.ARPA
Aug 31 02:27:26 mas01 named[24049]: automatic empty zone: 65.100.IN-ADDR.ARPA
Aug 31 02:27:26 mas01 named[24049]: automatic empty zone: 66.100.IN-ADDR.ARPA
Aug 31 02:27:26 mas01 named[24049]: automatic empty zone: 67.100.IN-ADDR.ARPA
Aug 31 02:27:26 mas01 named[24049]: automatic empty zone: 68.100.IN-ADDR.ARPA
Aug 31 02:27:26 mas01 named[24049]: automatic empty zone: 69.100.IN-ADDR.ARPA
Aug 31 02:27:26 mas01 named[24049]: automatic empty zone: 70.100.IN-ADDR.ARPA
Aug 31 02:27:26 mas01 named[24049]: automatic empty zone: 71.100.IN-ADDR.ARPA
Aug 31 02:27:26 mas01 named[24049]: automatic empty zone: 72.100.IN-ADDR.ARPA
Aug 31 02:27:26 mas01 named[24049]: automatic empty zone: 73.100.IN-ADDR.ARPA
Aug 31 02:27:26 mas01 named[24049]: automatic empty zone: 74.100.IN-ADDR.ARPA
Aug 31 02:27:26 mas01 named[24049]: automatic empty zone: 75.100.IN-ADDR.ARPA
Aug 31 02:27:26 mas01 named[24049]: automatic empty zone: 76.100.IN-ADDR.ARPA
Aug 31 02:27:26 mas01 named[24049]: automatic empty zone: 77.100.IN-ADDR.ARPA
Aug 31 02:27:26 mas01 named[24049]: automatic empty zone: 78.100.IN-ADDR.ARPA
Aug 31 02:27:26 mas01 named[24049]: automatic empty zone: 79.100.IN-ADDR.ARPA
Aug 31 02:27:26 mas01 named[24049]: automatic empty zone: 80.100.IN-ADDR.ARPA
Aug 31 02:27:26 mas01 named[24049]: automatic empty zone: 81.100.IN-ADDR.ARPA
Aug 31 02:27:26 mas01 named[24049]: automatic empty zone: 82.100.IN-ADDR.ARPA
Aug 31 02:27:26 mas01 named[24049]: automatic empty zone: 83.100.IN-ADDR.ARPA
Aug 31 02:27:26 mas01 named[24049]: automatic empty zone: 84.100.IN-ADDR.ARPA
Aug 31 02:27:26 mas01 named[24049]: automatic empty zone: 85.100.IN-ADDR.ARPA
Aug 31 02:27:26 mas01 named[24049]: automatic empty zone: 86.100.IN-ADDR.ARPA
Aug 31 02:27:26 mas01 named[24049]: automatic empty zone: 87.100.IN-ADDR.ARPA
Aug 31 02:27:26 mas01 named[24049]: automatic empty zone: 88.100.IN-ADDR.ARPA
Aug 31 02:27:26 mas01 named[24049]: automatic empty zone: 89.100.IN-ADDR.ARPA
Aug 31 02:27:26 mas01 named[24049]: automatic empty zone: 90.100.IN-ADDR.ARPA
Aug 31 02:27:26 mas01 named[24049]: automatic empty zone: 91.100.IN-ADDR.ARPA
Aug 31 02:27:26 mas01 named[24049]: automatic empty zone: 92.100.IN-ADDR.ARPA
Aug 31 02:27:26 mas01 named[24049]: automatic empty zone: 93.100.IN-ADDR.ARPA
Aug 31 02:27:26 mas01 named[24049]: automatic empty zone: 94.100.IN-ADDR.ARPA
Aug 31 02:27:26 mas01 named[24049]: automatic empty zone: 95.100.IN-ADDR.ARPA
Aug 31 02:27:26 mas01 named[24049]: automatic empty zone: 96.100.IN-ADDR.ARPA
Aug 31 02:27:26 mas01 named[24049]: automatic empty zone: 97.100.IN-ADDR.ARPA
Aug 31 02:27:26 mas01 named[24049]: automatic empty zone: 98.100.IN-ADDR.ARPA
Aug 31 02:27:26 mas01 named[24049]: automatic empty zone: 99.100.IN-ADDR.ARPA
Aug 31 02:27:26 mas01 named[24049]: automatic empty zone: 100.100.IN-ADDR.ARPA
Aug 31 02:27:26 mas01 named[24049]: automatic empty zone: 101.100.IN-ADDR.ARPA
Aug 31 02:27:26 mas01 named[24049]: automatic empty zone: 102.100.IN-ADDR.ARPA
Aug 31 02:27:26 mas01 named[24049]: automatic empty zone: 103.100.IN-ADDR.ARPA
Aug 31 02:27:26 mas01 named[24049]: automatic empty zone: 104.100.IN-ADDR.ARPA
Aug 31 02:27:26 mas01 named[24049]: automatic empty zone: 105.100.IN-ADDR.ARPA
