Aug 25 11:41:22 mas01 salt-minion[1441]: [INFO    ] Executing command 'maas-region apikey --username opnfv > /var/lib/maas/.maas_credentials' in directory '/root'
Aug 25 11:41:24 mas01 salt-minion[1441]: [INFO    ] {'pid': 20987, 'retcode': 0, 'stderr': '', 'stdout': ''}
Aug 25 11:41:24 mas01 salt-minion[1441]: [INFO    ] Completed state [maas-region apikey --username opnfv > /var/lib/maas/.maas_credentials] at time 11:41:24.167674 duration_in_ms=1505.801
Aug 25 11:41:24 mas01 salt-minion[1441]: [INFO    ] Running state [maas.machines_status] at time 11:41:24.169243
Aug 25 11:41:24 mas01 salt-minion[1441]: [INFO    ] Executing state module.run for [maas.machines_status]
Aug 25 11:41:24 mas01 salt-minion[1441]: [WARNING ] The function "module.run" is using its deprecated version and will expire in version "Sodium".
Aug 25 11:41:24 mas01 sh[16742]: 2018-08-25 11:41:24 regiond: [info] 127.0.0.1 GET /MAAS/api/2.0/machines/ HTTP/1.1 --> 200 OK (referrer: -; agent: Python-urllib/2.7)
Aug 25 11:41:24 mas01 salt-minion[1441]: [INFO    ] {'ret': {'machines': [{'status': 'Deploying', 'hostname': u'cmp002', 'system_id': u'nnfctm'}, {'status': 'Deploying', 'hostname': u'cmp001', 'system_id': u'fsteme'}, {'status': 'Deploying', 'hostname': u'kvm01', 'system_id': u't3we73'}, {'status': 'Deploying', 'hostname': u'kvm03', 'system_id': u'k7kh3m'}, {'status': 'Deploying', 'hostname': u'kvm02', 'system_id': u'hq7ydp'}], 'summary': Counter({'Deploying': 5})}}
Aug 25 11:41:24 mas01 salt-minion[1441]: [INFO    ] Completed state [maas.machines_status] at time 11:41:24.976447 duration_in_ms=807.202
Aug 25 11:41:24 mas01 salt-minion[1441]: [INFO    ] Returning information for job: 20180825114121992349
Aug 25 11:41:28 mas01 sh[17116]: 2018-08-25 11:41:28 maasserver.regiondservices.active_discovery: [info] Active network discovery: Active scanning is not enabled on any subnet. Skipping periodic scan.
Aug 25 11:41:35 mas01 salt-minion[1441]: [INFO    ] User sudo_ubuntu Executing command state.apply with jid 20180825114135675784
Aug 25 11:41:35 mas01 salt-minion[1441]: [INFO    ] Starting a new job with PID 21017
Aug 25 11:41:37 mas01 salt-minion[1441]: [INFO    ] Loading fresh modules for state activity
Aug 25 11:41:37 mas01 salt-minion[1441]: [INFO    ] Running state [maas-region apikey --username opnfv > /var/lib/maas/.maas_credentials] at time 11:41:37.995440
Aug 25 11:41:37 mas01 salt-minion[1441]: [INFO    ] Executing state cmd.run for [maas-region apikey --username opnfv > /var/lib/maas/.maas_credentials]
Aug 25 11:41:37 mas01 salt-minion[1441]: [INFO    ] Executing command 'maas-region apikey --username opnfv > /var/lib/maas/.maas_credentials' in directory '/root'
Aug 25 11:41:39 mas01 salt-minion[1441]: [INFO    ] {'pid': 21024, 'retcode': 0, 'stderr': '', 'stdout': ''}
Aug 25 11:41:39 mas01 salt-minion[1441]: [INFO    ] Completed state [maas-region apikey --username opnfv > /var/lib/maas/.maas_credentials] at time 11:41:39.542310 duration_in_ms=1546.869
Aug 25 11:41:39 mas01 salt-minion[1441]: [INFO    ] Running state [maas.machines_status] at time 11:41:39.545173
Aug 25 11:41:39 mas01 salt-minion[1441]: [INFO    ] Executing state module.run for [maas.machines_status]
Aug 25 11:41:39 mas01 salt-minion[1441]: [WARNING ] The function "module.run" is using its deprecated version and will expire in version "Sodium".
Aug 25 11:41:40 mas01 sh[16698]: 2018-08-25 11:41:40 regiond: [info] 127.0.0.1 GET /MAAS/api/2.0/machines/ HTTP/1.1 --> 200 OK (referrer: -; agent: Python-urllib/2.7)
Aug 25 11:41:40 mas01 salt-minion[1441]: [INFO    ] {'ret': {'machines': [{'status': 'Deploying', 'hostname': u'cmp002', 'system_id': u'nnfctm'}, {'status': 'Deploying', 'hostname': u'cmp001', 'system_id': u'fsteme'}, {'status': 'Deploying', 'hostname': u'kvm01', 'system_id': u't3we73'}, {'status': 'Deploying', 'hostname': u'kvm03', 'system_id': u'k7kh3m'}, {'status': 'Deploying', 'hostname': u'kvm02', 'system_id': u'hq7ydp'}], 'summary': Counter({'Deploying': 5})}}
Aug 25 11:41:40 mas01 salt-minion[1441]: [INFO    ] Completed state [maas.machines_status] at time 11:41:40.326183 duration_in_ms=781.007
Aug 25 11:41:40 mas01 salt-minion[1441]: [INFO    ] Returning information for job: 20180825114135675784
Aug 25 11:41:43 mas01 dhcpd[20344]: DHCPDISCOVER from 00:25:b5:a0:00:6a (cmp002) via ens5
Aug 25 11:41:44 mas01 dhcpd[20344]: DHCPOFFER on 192.168.11.38 to 00:25:b5:a0:00:6a via ens5
Aug 25 11:41:45 mas01 sh[16742]: 2018-08-25 11:41:45 regiond: [info] 127.0.0.1 GET /MAAS/rpc/ HTTP/1.0 --> 200 OK (referrer: -; agent: provisioningserver.rpc.clusterservice.ClusterClientService)
Aug 25 11:41:46 mas01 dhcpd[20344]: DHCPDISCOVER from 00:25:b5:a0:00:5a (cmp001) via ens5
Aug 25 11:41:47 mas01 dhcpd[20344]: execute_statement argv[0] = /usr/sbin/maas-dhcp-helper
Aug 25 11:41:47 mas01 dhcpd[20344]: execute_statement argv[1] = notify
Aug 25 11:41:47 mas01 dhcpd[20344]: execute_statement argv[2] = --action
Aug 25 11:41:47 mas01 dhcpd[20344]: execute_statement argv[3] = commit
Aug 25 11:41:47 mas01 dhcpd[20344]: execute_statement argv[4] = --mac
Aug 25 11:41:47 mas01 dhcpd[20344]: execute_statement argv[5] = 0:25:b5:a0:0:6a
Aug 25 11:41:47 mas01 dhcpd[20344]: execute_statement argv[6] = --ip-family
Aug 25 11:41:47 mas01 dhcpd[20344]: execute_statement argv[7] = ipv4
Aug 25 11:41:47 mas01 dhcpd[20344]: execute_statement argv[8] = --ip
Aug 25 11:41:47 mas01 dhcpd[20344]: execute_statement argv[9] = 192.168.11.38
Aug 25 11:41:47 mas01 dhcpd[20344]: execute_statement argv[10] = --lease-time
Aug 25 11:41:47 mas01 dhcpd[20344]: execute_statement argv[11] = 30
Aug 25 11:41:47 mas01 dhcpd[20344]: execute_statement argv[12] = --hostname
Aug 25 11:41:47 mas01 dhcpd[20344]: execute_statement argv[13] = (none)
Aug 25 11:41:47 mas01 dhcpd[20344]: execute_statement argv[14] = --socket
Aug 25 11:41:47 mas01 dhcpd[20344]: execute_statement argv[15] = /var/lib/maas/dhcpd.sock
Aug 25 11:41:47 mas01 dhcpd[20344]: DHCPREQUEST for 192.168.11.38 (192.168.11.3) from 00:25:b5:a0:00:6a via ens5
Aug 25 11:41:47 mas01 dhcpd[20344]: DHCPACK on 192.168.11.38 to 00:25:b5:a0:00:6a via ens5
Aug 25 11:41:47 mas01 dhcpd[20344]: DHCPOFFER on 192.168.11.40 to 00:25:b5:a0:00:5a via ens5
Aug 25 11:41:47 mas01 sh[16295]: 2018-08-25 11:41:47 provisioningserver.rackdservices.tftp: [info] pxelinux.0 requested by 00:25:b5:a0:00:6a
Aug 25 11:41:47 mas01 sh[16295]: 2018-08-25 11:41:47 provisioningserver.rackdservices.tftp: [info] pxelinux.0 requested by 00:25:b5:a0:00:6a
Aug 25 11:41:47 mas01 sh[17116]: 2018-08-25 11:41:47 maasserver.rpc.leases: [info] Lease update: commit for 192.168.11.38 on 0:25:b5:a0:0:6a at 2018-08-25 11:41:47 (lease time: 30s)
Aug 25 11:41:47 mas01 sh[16295]: 2018-08-25 11:41:47 provisioningserver.rackdservices.tftp: [info] ldlinux.c32 requested by 00:25:b5:a0:00:6a
Aug 25 11:41:47 mas01 sh[16295]: 2018-08-25 11:41:47 provisioningserver.rackdservices.tftp: [info] pxelinux.cfg/f0c9cf06-d8ce-11e4-0000-10000000002f requested by 00:25:b5:a0:00:6a
Aug 25 11:41:47 mas01 sh[16295]: 2018-08-25 11:41:47 provisioningserver.rackdservices.tftp: [info] pxelinux.cfg/01-00-25-b5-a0-00-6a requested by 00:25:b5:a0:00:6a
Aug 25 11:41:47 mas01 sh[16295]: 2018-08-25 11:41:47 provisioningserver.rackdservices.tftp: [info] pxelinux.cfg/01-00-25-b5-a0-00-6a requested by 00:25:b5:a0:00:6a
Aug 25 11:41:47 mas01 sh[16295]: 2018-08-25 11:41:47 provisioningserver.rackdservices.tftp: [info] ubuntu/amd64/hwe-16.04/xenial/daily/boot-kernel requested by 00:25:b5:a0:00:6a
Aug 25 11:41:48 mas01 sh[16295]: 2018-08-25 11:41:48 provisioningserver.rackdservices.tftp: [info] ubuntu/amd64/hwe-16.04/xenial/daily/boot-initrd requested by 00:25:b5:a0:00:6a
Aug 25 11:41:49 mas01 dhcpd[20344]: DHCPDISCOVER from 00:25:b5:a0:00:2a (kvm01) via ens5
Aug 25 11:41:50 mas01 dhcpd[20344]: execute_statement argv[0] = /usr/sbin/maas-dhcp-helper
Aug 25 11:41:50 mas01 dhcpd[20344]: execute_statement argv[1] = notify
Aug 25 11:41:50 mas01 dhcpd[20344]: execute_statement argv[2] = --action
Aug 25 11:41:50 mas01 dhcpd[20344]: execute_statement argv[3] = commit
Aug 25 11:41:50 mas01 dhcpd[20344]: execute_statement argv[4] = --mac
Aug 25 11:41:50 mas01 dhcpd[20344]: execute_statement argv[5] = 0:25:b5:a0:0:5a
Aug 25 11:41:50 mas01 dhcpd[20344]: execute_statement argv[6] = --ip-family
Aug 25 11:41:50 mas01 dhcpd[20344]: execute_statement argv[7] = ipv4
Aug 25 11:41:50 mas01 dhcpd[20344]: execute_statement argv[8] = --ip
Aug 25 11:41:50 mas01 dhcpd[20344]: execute_statement argv[9] = 192.168.11.40
Aug 25 11:41:50 mas01 dhcpd[20344]: execute_statement argv[10] = --lease-time
Aug 25 11:41:50 mas01 dhcpd[20344]: execute_statement argv[11] = 30
Aug 25 11:41:50 mas01 dhcpd[20344]: execute_statement argv[12] = --hostname
Aug 25 11:41:50 mas01 dhcpd[20344]: execute_statement argv[13] = (none)
Aug 25 11:41:50 mas01 dhcpd[20344]: execute_statement argv[14] = --socket
Aug 25 11:41:50 mas01 dhcpd[20344]: execute_statement argv[15] = /var/lib/maas/dhcpd.sock
Aug 25 11:41:50 mas01 dhcpd[20344]: DHCPREQUEST for 192.168.11.40 (192.168.11.3) from 00:25:b5:a0:00:5a via ens5
Aug 25 11:41:50 mas01 dhcpd[20344]: DHCPACK on 192.168.11.40 to 00:25:b5:a0:00:5a via ens5
Aug 25 11:41:50 mas01 dhcpd[20344]: DHCPOFFER on 192.168.11.39 to 00:25:b5:a0:00:2a via ens5
Aug 25 11:41:50 mas01 sh[16295]: 2018-08-25 11:41:50 provisioningserver.rackdservices.tftp: [info] pxelinux.0 requested by 00:25:b5:a0:00:5a
Aug 25 11:41:50 mas01 sh[16295]: 2018-08-25 11:41:50 provisioningserver.rackdservices.tftp: [info] pxelinux.0 requested by 00:25:b5:a0:00:5a
Aug 25 11:41:50 mas01 sh[17116]: 2018-08-25 11:41:50 maasserver.rpc.leases: [info] Lease update: commit for 192.168.11.40 on 0:25:b5:a0:0:5a at 2018-08-25 11:41:50 (lease time: 30s)
Aug 25 11:41:50 mas01 sh[16295]: 2018-08-25 11:41:50 provisioningserver.rackdservices.tftp: [info] ldlinux.c32 requested by 00:25:b5:a0:00:5a
Aug 25 11:41:50 mas01 sh[16295]: 2018-08-25 11:41:50 provisioningserver.rackdservices.tftp: [info] pxelinux.cfg/f0c9cf06-d8ce-11e4-0000-10000000005f requested by 00:25:b5:a0:00:5a
Aug 25 11:41:50 mas01 sh[16295]: 2018-08-25 11:41:50 provisioningserver.rackdservices.tftp: [info] pxelinux.cfg/01-00-25-b5-a0-00-5a requested by 00:25:b5:a0:00:5a
Aug 25 11:41:50 mas01 sh[16295]: 2018-08-25 11:41:50 provisioningserver.rackdservices.tftp: [info] pxelinux.cfg/01-00-25-b5-a0-00-5a requested by 00:25:b5:a0:00:5a
Aug 25 11:41:50 mas01 sh[16295]: 2018-08-25 11:41:50 provisioningserver.rackdservices.tftp: [info] ubuntu/amd64/hwe-16.04/xenial/daily/boot-kernel requested by 00:25:b5:a0:00:5a
Aug 25 11:41:50 mas01 salt-minion[1441]: [INFO    ] User sudo_ubuntu Executing command state.apply with jid 20180825114150968264
Aug 25 11:41:50 mas01 salt-minion[1441]: [INFO    ] Starting a new job with PID 21080
Aug 25 11:41:51 mas01 salt-minion[1441]: [INFO    ] Loading fresh modules for state activity
Aug 25 11:41:51 mas01 salt-minion[1441]: [INFO    ] Running state [maas-region apikey --username opnfv > /var/lib/maas/.maas_credentials] at time 11:41:51.481864
Aug 25 11:41:51 mas01 salt-minion[1441]: [INFO    ] Executing state cmd.run for [maas-region apikey --username opnfv > /var/lib/maas/.maas_credentials]
Aug 25 11:41:51 mas01 salt-minion[1441]: [INFO    ] Executing command 'maas-region apikey --username opnfv > /var/lib/maas/.maas_credentials' in directory '/root'
Aug 25 11:41:52 mas01 sh[16295]: 2018-08-25 11:41:52 provisioningserver.rackdservices.tftp: [info] ubuntu/amd64/hwe-16.04/xenial/daily/boot-initrd requested by 00:25:b5:a0:00:5a
Aug 25 11:41:52 mas01 dhcpd[20344]: DHCPDISCOVER from 00:25:b5:a0:00:4a (kvm03) via ens5
Aug 25 11:41:53 mas01 salt-minion[1441]: [INFO    ] {'pid': 21087, 'retcode': 0, 'stderr': '', 'stdout': ''}
Aug 25 11:41:53 mas01 salt-minion[1441]: [INFO    ] Completed state [maas-region apikey --username opnfv > /var/lib/maas/.maas_credentials] at time 11:41:53.125680 duration_in_ms=1643.816
Aug 25 11:41:53 mas01 salt-minion[1441]: [INFO    ] Running state [maas.machines_status] at time 11:41:53.127651
Aug 25 11:41:53 mas01 salt-minion[1441]: [INFO    ] Executing state module.run for [maas.machines_status]
Aug 25 11:41:53 mas01 salt-minion[1441]: [WARNING ] The function "module.run" is using its deprecated version and will expire in version "Sodium".
Aug 25 11:41:53 mas01 dhcpd[20344]: DHCPOFFER on 192.168.11.41 to 00:25:b5:a0:00:4a via ens5
Aug 25 11:41:53 mas01 sh[16698]: 2018-08-25 11:41:53 regiond: [info] 127.0.0.1 GET /MAAS/api/2.0/machines/ HTTP/1.1 --> 200 OK (referrer: -; agent: Python-urllib/2.7)
Aug 25 11:41:53 mas01 salt-minion[1441]: [INFO    ] {'ret': {'machines': [{'status': 'Deploying', 'hostname': u'cmp002', 'system_id': u'nnfctm'}, {'status': 'Deploying', 'hostname': u'cmp001', 'system_id': u'fsteme'}, {'status': 'Deploying', 'hostname': u'kvm01', 'system_id': u't3we73'}, {'status': 'Deploying', 'hostname': u'kvm03', 'system_id': u'k7kh3m'}, {'status': 'Deploying', 'hostname': u'kvm02', 'system_id': u'hq7ydp'}], 'summary': Counter({'Deploying': 5})}}
Aug 25 11:41:53 mas01 salt-minion[1441]: [INFO    ] Completed state [maas.machines_status] at time 11:41:53.682951 duration_in_ms=555.297
Aug 25 11:41:53 mas01 salt-minion[1441]: [INFO    ] Returning information for job: 20180825114150968264
Aug 25 11:41:53 mas01 dhcpd[20344]: execute_statement argv[0] = /usr/sbin/maas-dhcp-helper
Aug 25 11:41:53 mas01 dhcpd[20344]: execute_statement argv[1] = notify
Aug 25 11:41:53 mas01 dhcpd[20344]: execute_statement argv[2] = --action
Aug 25 11:41:53 mas01 dhcpd[20344]: execute_statement argv[3] = commit
Aug 25 11:41:53 mas01 dhcpd[20344]: execute_statement argv[4] = --mac
Aug 25 11:41:53 mas01 dhcpd[20344]: execute_statement argv[5] = 0:25:b5:a0:0:2a
Aug 25 11:41:53 mas01 dhcpd[20344]: execute_statement argv[6] = --ip-family
Aug 25 11:41:53 mas01 dhcpd[20344]: execute_statement argv[7] = ipv4
Aug 25 11:41:53 mas01 dhcpd[20344]: execute_statement argv[8] = --ip
Aug 25 11:41:53 mas01 dhcpd[20344]: execute_statement argv[9] = 192.168.11.39
Aug 25 11:41:53 mas01 dhcpd[20344]: execute_statement argv[10] = --lease-time
Aug 25 11:41:53 mas01 dhcpd[20344]: execute_statement argv[11] = 30
Aug 25 11:41:53 mas01 dhcpd[20344]: execute_statement argv[12] = --hostname
Aug 25 11:41:53 mas01 dhcpd[20344]: execute_statement argv[13] = (none)
Aug 25 11:41:53 mas01 dhcpd[20344]: execute_statement argv[14] = --socket
Aug 25 11:41:53 mas01 dhcpd[20344]: execute_statement argv[15] = /var/lib/maas/dhcpd.sock
Aug 25 11:41:53 mas01 dhcpd[20344]: DHCPREQUEST for 192.168.11.39 (192.168.11.3) from 00:25:b5:a0:00:2a via ens5
Aug 25 11:41:53 mas01 dhcpd[20344]: DHCPACK on 192.168.11.39 to 00:25:b5:a0:00:2a via ens5
Aug 25 11:41:53 mas01 sh[16295]: 2018-08-25 11:41:53 provisioningserver.rackdservices.tftp: [info] pxelinux.0 requested by 00:25:b5:a0:00:2a
Aug 25 11:41:53 mas01 sh[16295]: 2018-08-25 11:41:53 provisioningserver.rackdservices.tftp: [info] pxelinux.0 requested by 00:25:b5:a0:00:2a
Aug 25 11:41:53 mas01 sh[17116]: 2018-08-25 11:41:53 maasserver.rpc.leases: [info] Lease update: commit for 192.168.11.39 on 0:25:b5:a0:0:2a at 2018-08-25 11:41:53 (lease time: 30s)
Aug 25 11:41:53 mas01 sh[16295]: 2018-08-25 11:41:53 provisioningserver.rackdservices.tftp: [info] ldlinux.c32 requested by 00:25:b5:a0:00:2a
Aug 25 11:41:53 mas01 sh[16295]: 2018-08-25 11:41:53 provisioningserver.rackdservices.tftp: [info] pxelinux.cfg/f0c9cf06-d8ce-11e4-0000-10000000006f requested by 00:25:b5:a0:00:2a
Aug 25 11:41:53 mas01 sh[16295]: 2018-08-25 11:41:53 provisioningserver.rackdservices.tftp: [info] pxelinux.cfg/01-00-25-b5-a0-00-2a requested by 00:25:b5:a0:00:2a
Aug 25 11:41:54 mas01 sh[16295]: 2018-08-25 11:41:53 provisioningserver.rackdservices.tftp: [info] pxelinux.cfg/01-00-25-b5-a0-00-2a requested by 00:25:b5:a0:00:2a
Aug 25 11:41:54 mas01 sh[16295]: 2018-08-25 11:41:54 provisioningserver.rackdservices.tftp: [info] ubuntu/amd64/hwe-16.04/xenial/daily/boot-kernel requested by 00:25:b5:a0:00:2a
Aug 25 11:41:55 mas01 dhcpd[20344]: DHCPDISCOVER from 00:25:b5:a0:00:3a (kvm02) via ens5
Aug 25 11:41:56 mas01 dhcpd[20344]: execute_statement argv[0] = /usr/sbin/maas-dhcp-helper
Aug 25 11:41:56 mas01 dhcpd[20344]: execute_statement argv[1] = notify
Aug 25 11:41:56 mas01 dhcpd[20344]: execute_statement argv[2] = --action
Aug 25 11:41:56 mas01 dhcpd[20344]: execute_statement argv[3] = commit
Aug 25 11:41:56 mas01 dhcpd[20344]: execute_statement argv[4] = --mac
Aug 25 11:41:56 mas01 dhcpd[20344]: execute_statement argv[5] = 0:25:b5:a0:0:4a
Aug 25 11:41:56 mas01 dhcpd[20344]: execute_statement argv[6] = --ip-family
Aug 25 11:41:56 mas01 dhcpd[20344]: execute_statement argv[7] = ipv4
Aug 25 11:41:56 mas01 dhcpd[20344]: execute_statement argv[8] = --ip
Aug 25 11:41:56 mas01 dhcpd[20344]: execute_statement argv[9] = 192.168.11.41
Aug 25 11:41:56 mas01 dhcpd[20344]: execute_statement argv[10] = --lease-time
Aug 25 11:41:56 mas01 dhcpd[20344]: execute_statement argv[11] = 30
Aug 25 11:41:56 mas01 dhcpd[20344]: execute_statement argv[12] = --hostname
Aug 25 11:41:56 mas01 dhcpd[20344]: execute_statement argv[13] = (none)
Aug 25 11:41:56 mas01 dhcpd[20344]: execute_statement argv[14] = --socket
Aug 25 11:41:56 mas01 dhcpd[20344]: execute_statement argv[15] = /var/lib/maas/dhcpd.sock
Aug 25 11:41:56 mas01 sh[16295]: 2018-08-25 11:41:56 provisioningserver.rackdservices.tftp: [info] ubuntu/amd64/hwe-16.04/xenial/daily/boot-initrd requested by 00:25:b5:a0:00:2a
Aug 25 11:41:56 mas01 dhcpd[20344]: DHCPREQUEST for 192.168.11.41 (192.168.11.3) from 00:25:b5:a0:00:4a via ens5
Aug 25 11:41:56 mas01 dhcpd[20344]: DHCPACK on 192.168.11.41 to 00:25:b5:a0:00:4a via ens5
Aug 25 11:41:56 mas01 sh[16295]: 2018-08-25 11:41:56 provisioningserver.rackdservices.tftp: [info] pxelinux.0 requested by 00:25:b5:a0:00:4a
Aug 25 11:41:56 mas01 sh[16295]: 2018-08-25 11:41:56 provisioningserver.rackdservices.tftp: [info] pxelinux.0 requested by 00:25:b5:a0:00:4a
Aug 25 11:41:56 mas01 sh[16742]: 2018-08-25 11:41:56 maasserver.rpc.leases: [info] Lease update: commit for 192.168.11.41 on 0:25:b5:a0:0:4a at 2018-08-25 11:41:56 (lease time: 30s)
Aug 25 11:41:56 mas01 sh[16295]: 2018-08-25 11:41:56 provisioningserver.rackdservices.tftp: [info] ldlinux.c32 requested by 00:25:b5:a0:00:4a
Aug 25 11:41:56 mas01 sh[16295]: 2018-08-25 11:41:56 provisioningserver.rackdservices.tftp: [info] pxelinux.cfg/f0c9cf06-d8ce-11e4-0000-10000000004f requested by 00:25:b5:a0:00:4a
Aug 25 11:41:56 mas01 sh[16295]: 2018-08-25 11:41:56 provisioningserver.rackdservices.tftp: [info] pxelinux.cfg/01-00-25-b5-a0-00-4a requested by 00:25:b5:a0:00:4a
Aug 25 11:41:56 mas01 sh[16295]: 2018-08-25 11:41:56 provisioningserver.rackdservices.tftp: [info] pxelinux.cfg/01-00-25-b5-a0-00-4a requested by 00:25:b5:a0:00:4a
Aug 25 11:41:56 mas01 sh[16295]: 2018-08-25 11:41:56 provisioningserver.rackdservices.tftp: [info] ubuntu/amd64/hwe-16.04/xenial/daily/boot-kernel requested by 00:25:b5:a0:00:4a
Aug 25 11:41:56 mas01 dhcpd[20344]: DHCPOFFER on 192.168.11.42 to 00:25:b5:a0:00:3a via ens5
Aug 25 11:41:58 mas01 sh[16295]: 2018-08-25 11:41:58 provisioningserver.rackdservices.tftp: [info] ubuntu/amd64/hwe-16.04/xenial/daily/boot-initrd requested by 00:25:b5:a0:00:4a
Aug 25 11:41:59 mas01 dhcpd[20344]: execute_statement argv[0] = /usr/sbin/maas-dhcp-helper
Aug 25 11:41:59 mas01 dhcpd[20344]: execute_statement argv[1] = notify
Aug 25 11:41:59 mas01 dhcpd[20344]: execute_statement argv[2] = --action
Aug 25 11:41:59 mas01 dhcpd[20344]: execute_statement argv[3] = commit
Aug 25 11:41:59 mas01 dhcpd[20344]: execute_statement argv[4] = --mac
Aug 25 11:41:59 mas01 dhcpd[20344]: execute_statement argv[5] = 0:25:b5:a0:0:3a
Aug 25 11:41:59 mas01 dhcpd[20344]: execute_statement argv[6] = --ip-family
Aug 25 11:41:59 mas01 dhcpd[20344]: execute_statement argv[7] = ipv4
Aug 25 11:41:59 mas01 dhcpd[20344]: execute_statement argv[8] = --ip
Aug 25 11:41:59 mas01 dhcpd[20344]: execute_statement argv[9] = 192.168.11.42
Aug 25 11:41:59 mas01 dhcpd[20344]: execute_statement argv[10] = --lease-time
Aug 25 11:41:59 mas01 dhcpd[20344]: execute_statement argv[11] = 30
Aug 25 11:41:59 mas01 dhcpd[20344]: execute_statement argv[12] = --hostname
Aug 25 11:41:59 mas01 dhcpd[20344]: execute_statement argv[13] = (none)
Aug 25 11:41:59 mas01 dhcpd[20344]: execute_statement argv[14] = --socket
Aug 25 11:41:59 mas01 dhcpd[20344]: execute_statement argv[15] = /var/lib/maas/dhcpd.sock
Aug 25 11:41:59 mas01 dhcpd[20344]: DHCPREQUEST for 192.168.11.42 (192.168.11.3) from 00:25:b5:a0:00:3a via ens5
Aug 25 11:41:59 mas01 dhcpd[20344]: DHCPACK on 192.168.11.42 to 00:25:b5:a0:00:3a via ens5
Aug 25 11:41:59 mas01 sh[16295]: 2018-08-25 11:41:59 provisioningserver.rackdservices.tftp: [info] pxelinux.0 requested by 00:25:b5:a0:00:3a
Aug 25 11:41:59 mas01 sh[16295]: 2018-08-25 11:41:59 provisioningserver.rackdservices.tftp: [info] pxelinux.0 requested by 00:25:b5:a0:00:3a
Aug 25 11:41:59 mas01 sh[17116]: 2018-08-25 11:41:59 maasserver.rpc.leases: [info] Lease update: commit for 192.168.11.42 on 0:25:b5:a0:0:3a at 2018-08-25 11:41:59 (lease time: 30s)
Aug 25 11:41:59 mas01 sh[16295]: 2018-08-25 11:41:59 provisioningserver.rackdservices.tftp: [info] ldlinux.c32 requested by 00:25:b5:a0:00:3a
Aug 25 11:41:59 mas01 sh[16295]: 2018-08-25 11:41:59 provisioningserver.rackdservices.tftp: [info] pxelinux.cfg/f0c9cf06-d8ce-11e4-0000-10000000007f requested by 00:25:b5:a0:00:3a
Aug 25 11:41:59 mas01 sh[16295]: 2018-08-25 11:41:59 provisioningserver.rackdservices.tftp: [info] pxelinux.cfg/01-00-25-b5-a0-00-3a requested by 00:25:b5:a0:00:3a
Aug 25 11:42:00 mas01 sh[16295]: 2018-08-25 11:42:00 provisioningserver.rackdservices.tftp: [info] pxelinux.cfg/01-00-25-b5-a0-00-3a requested by 00:25:b5:a0:00:3a
Aug 25 11:42:00 mas01 sh[16295]: 2018-08-25 11:42:00 provisioningserver.rackdservices.tftp: [info] ubuntu/amd64/hwe-16.04/xenial/daily/boot-kernel requested by 00:25:b5:a0:00:3a
Aug 25 11:42:02 mas01 sh[16295]: 2018-08-25 11:42:02 provisioningserver.rackdservices.tftp: [info] ubuntu/amd64/hwe-16.04/xenial/daily/boot-initrd requested by 00:25:b5:a0:00:3a
Aug 25 11:42:04 mas01 salt-minion[1441]: [INFO    ] User sudo_ubuntu Executing command state.apply with jid 20180825114204372698
Aug 25 11:42:04 mas01 salt-minion[1441]: [INFO    ] Starting a new job with PID 21172
Aug 25 11:42:06 mas01 salt-minion[1441]: [INFO    ] Loading fresh modules for state activity
Aug 25 11:42:06 mas01 salt-minion[1441]: [INFO    ] Running state [maas-region apikey --username opnfv > /var/lib/maas/.maas_credentials] at time 11:42:06.431477
Aug 25 11:42:06 mas01 salt-minion[1441]: [INFO    ] Executing state cmd.run for [maas-region apikey --username opnfv > /var/lib/maas/.maas_credentials]
Aug 25 11:42:06 mas01 salt-minion[1441]: [INFO    ] Executing command 'maas-region apikey --username opnfv > /var/lib/maas/.maas_credentials' in directory '/root'
Aug 25 11:42:07 mas01 salt-minion[1441]: [INFO    ] {'pid': 21179, 'retcode': 0, 'stderr': '', 'stdout': ''}
Aug 25 11:42:07 mas01 salt-minion[1441]: [INFO    ] Completed state [maas-region apikey --username opnfv > /var/lib/maas/.maas_credentials] at time 11:42:07.823896 duration_in_ms=1392.42
Aug 25 11:42:07 mas01 salt-minion[1441]: [INFO    ] Running state [maas.machines_status] at time 11:42:07.825908
Aug 25 11:42:07 mas01 salt-minion[1441]: [INFO    ] Executing state module.run for [maas.machines_status]
Aug 25 11:42:07 mas01 salt-minion[1441]: [WARNING ] The function "module.run" is using its deprecated version and will expire in version "Sodium".
Aug 25 11:42:08 mas01 sh[17116]: 2018-08-25 11:42:08 regiond: [info] 127.0.0.1 GET /MAAS/api/2.0/machines/ HTTP/1.1 --> 200 OK (referrer: -; agent: Python-urllib/2.7)
Aug 25 11:42:08 mas01 salt-minion[1441]: [INFO    ] {'ret': {'machines': [{'status': 'Deploying', 'hostname': u'cmp002', 'system_id': u'nnfctm'}, {'status': 'Deploying', 'hostname': u'cmp001', 'system_id': u'fsteme'}, {'status': 'Deploying', 'hostname': u'kvm01', 'system_id': u't3we73'}, {'status': 'Deploying', 'hostname': u'kvm03', 'system_id': u'k7kh3m'}, {'status': 'Deploying', 'hostname': u'kvm02', 'system_id': u'hq7ydp'}], 'summary': Counter({'Deploying': 5})}}
Aug 25 11:42:08 mas01 salt-minion[1441]: [INFO    ] Completed state [maas.machines_status] at time 11:42:08.258490 duration_in_ms=432.581
Aug 25 11:42:08 mas01 salt-minion[1441]: [INFO    ] Returning information for job: 20180825114204372698
Aug 25 11:42:14 mas01 dhcpd[20344]: DHCPDISCOVER from 00:25:b5:a0:00:6a via ens5
Aug 25 11:42:14 mas01 dhcpd[20344]: DHCPOFFER on 192.168.11.38 to 00:25:b5:a0:00:6a (cmp002) via ens5
Aug 25 11:42:14 mas01 dhcpd[20344]: execute_statement argv[0] = /usr/sbin/maas-dhcp-helper
Aug 25 11:42:14 mas01 dhcpd[20344]: execute_statement argv[1] = notify
Aug 25 11:42:14 mas01 dhcpd[20344]: execute_statement argv[2] = --action
Aug 25 11:42:14 mas01 dhcpd[20344]: execute_statement argv[3] = commit
Aug 25 11:42:14 mas01 dhcpd[20344]: execute_statement argv[4] = --mac
Aug 25 11:42:14 mas01 dhcpd[20344]: execute_statement argv[5] = 0:25:b5:a0:0:6a
Aug 25 11:42:14 mas01 dhcpd[20344]: execute_statement argv[6] = --ip-family
Aug 25 11:42:14 mas01 dhcpd[20344]: execute_statement argv[7] = ipv4
Aug 25 11:42:14 mas01 dhcpd[20344]: execute_statement argv[8] = --ip
Aug 25 11:42:14 mas01 dhcpd[20344]: execute_statement argv[9] = 192.168.11.38
Aug 25 11:42:14 mas01 dhcpd[20344]: execute_statement argv[10] = --lease-time
Aug 25 11:42:14 mas01 dhcpd[20344]: execute_statement argv[11] = 600
Aug 25 11:42:14 mas01 dhcpd[20344]: execute_statement argv[12] = --hostname
Aug 25 11:42:14 mas01 dhcpd[20344]: execute_statement argv[13] = cmp002
Aug 25 11:42:14 mas01 dhcpd[20344]: execute_statement argv[14] = --socket
Aug 25 11:42:14 mas01 dhcpd[20344]: execute_statement argv[15] = /var/lib/maas/dhcpd.sock
Aug 25 11:42:14 mas01 sh[16698]: 2018-08-25 11:42:14 maasserver.rpc.leases: [info] Lease update: commit for 192.168.11.38 on 0:25:b5:a0:0:6a at 2018-08-25 11:42:14 (lease time: 600s) (hostname: cmp002)
Aug 25 11:42:14 mas01 dhcpd[20344]: DHCPREQUEST for 192.168.11.38 (192.168.11.3) from 00:25:b5:a0:00:6a (cmp002) via ens5
Aug 25 11:42:14 mas01 dhcpd[20344]: DHCPACK on 192.168.11.38 to 00:25:b5:a0:00:6a (cmp002) via ens5
Aug 25 11:42:14 mas01 dhcpd[20344]: DHCPDISCOVER from 00:25:b5:a0:00:5a via ens5
Aug 25 11:42:14 mas01 dhcpd[20344]: DHCPOFFER on 192.168.11.40 to 00:25:b5:a0:00:5a (cmp001) via ens5
Aug 25 11:42:14 mas01 dhcpd[20344]: execute_statement argv[0] = /usr/sbin/maas-dhcp-helper
Aug 25 11:42:14 mas01 dhcpd[20344]: execute_statement argv[1] = notify
Aug 25 11:42:14 mas01 dhcpd[20344]: execute_statement argv[2] = --action
Aug 25 11:42:14 mas01 dhcpd[20344]: execute_statement argv[3] = commit
Aug 25 11:42:14 mas01 dhcpd[20344]: execute_statement argv[4] = --mac
Aug 25 11:42:14 mas01 dhcpd[20344]: execute_statement argv[5] = 0:25:b5:a0:0:5a
Aug 25 11:42:14 mas01 dhcpd[20344]: execute_statement argv[6] = --ip-family
Aug 25 11:42:14 mas01 dhcpd[20344]: execute_statement argv[7] = ipv4
Aug 25 11:42:14 mas01 dhcpd[20344]: execute_statement argv[8] = --ip
Aug 25 11:42:14 mas01 dhcpd[20344]: execute_statement argv[9] = 192.168.11.40
Aug 25 11:42:14 mas01 dhcpd[20344]: execute_statement argv[10] = --lease-time
Aug 25 11:42:14 mas01 dhcpd[20344]: execute_statement argv[11] = 600
Aug 25 11:42:14 mas01 dhcpd[20344]: execute_statement argv[12] = --hostname
Aug 25 11:42:14 mas01 dhcpd[20344]: execute_statement argv[13] = cmp001
Aug 25 11:42:14 mas01 dhcpd[20344]: execute_statement argv[14] = --socket
Aug 25 11:42:14 mas01 dhcpd[20344]: execute_statement argv[15] = /var/lib/maas/dhcpd.sock
Aug 25 11:42:14 mas01 dhcpd[20344]: DHCPREQUEST for 192.168.11.40 (192.168.11.3) from 00:25:b5:a0:00:5a (cmp001) via ens5
Aug 25 11:42:14 mas01 dhcpd[20344]: DHCPACK on 192.168.11.40 to 00:25:b5:a0:00:5a (cmp001) via ens5
Aug 25 11:42:14 mas01 sh[16698]: 2018-08-25 11:42:14 maasserver.rpc.leases: [info] Lease update: commit for 192.168.11.40 on 0:25:b5:a0:0:5a at 2018-08-25 11:42:14 (lease time: 600s) (hostname: cmp001)
Aug 25 11:42:15 mas01 sh[16295]: 2018-08-25 11:42:15 rackd: [info] 192.168.11.38 GET /images/ubuntu/amd64/hwe-16.04/xenial/daily/squashfs HTTP/1.1 --> 200 OK (referrer: -; agent: Wget)
Aug 25 11:42:15 mas01 sh[16295]: 2018-08-25 11:42:15 rackd: [info] 192.168.11.40 GET /images/ubuntu/amd64/hwe-16.04/xenial/daily/squashfs HTTP/1.1 --> 200 OK (referrer: -; agent: Wget)
Aug 25 11:42:15 mas01 sh[16814]: 2018-08-25 11:42:15 regiond: [info] 127.0.0.1 GET /MAAS/rpc/ HTTP/1.0 --> 200 OK (referrer: -; agent: provisioningserver.rpc.clusterservice.ClusterClientService)
Aug 25 11:42:18 mas01 sh[17116]: 2018-08-25 11:42:18 regiond: [info] 192.168.11.38 GET /MAAS/metadata/latest/by-id/nnfctm/?op=get_preseed HTTP/1.1 --> 200 OK (referrer: -; agent: Cloud-Init/18.3-9-g2e62cb8a-0ubuntu1~16.04.2)
Aug 25 11:42:18 mas01 sh[16742]: 2018-08-25 11:42:18 regiond: [info] 192.168.11.38 POST /MAAS/metadata/status/nnfctm HTTP/1.1 --> 204 NO_CONTENT (referrer: -; agent: python-requests/2.9.1)
Aug 25 11:42:18 mas01 sh[16698]: 2018-08-25 11:42:18 regiond: [info] 192.168.11.38 POST /MAAS/metadata/status/nnfctm HTTP/1.1 --> 204 NO_CONTENT (referrer: -; agent: python-requests/2.9.1)
Aug 25 11:42:18 mas01 sh[17116]: 2018-08-25 11:42:18 regiond: [info] 192.168.11.40 POST /MAAS/metadata/status/fsteme HTTP/1.1 --> 204 NO_CONTENT (referrer: -; agent: python-requests/2.9.1)
Aug 25 11:42:18 mas01 sh[16742]: 2018-08-25 11:42:18 regiond: [info] 192.168.11.40 POST /MAAS/metadata/status/fsteme HTTP/1.1 --> 204 NO_CONTENT (referrer: -; agent: python-requests/2.9.1)
Aug 25 11:42:18 mas01 sh[16814]: 2018-08-25 11:42:18 regiond: [info] 192.168.11.38 POST /MAAS/metadata/status/nnfctm HTTP/1.1 --> 204 NO_CONTENT (referrer: -; agent: python-requests/2.9.1)
Aug 25 11:42:18 mas01 sh[16698]: 2018-08-25 11:42:18 regiond: [info] 192.168.11.40 POST /MAAS/metadata/status/fsteme HTTP/1.1 --> 204 NO_CONTENT (referrer: -; agent: python-requests/2.9.1)
Aug 25 11:42:18 mas01 ntpd[17276]: Soliciting pool server 2001:67c:1560:8003::c8
Aug 25 11:42:18 mas01 sh[16698]: 2018-08-25 11:42:18 regiond: [info] 192.168.11.38 GET /MAAS/metadata/latest/by-id/nnfctm/?op=get_preseed HTTP/1.1 --> 200 OK (referrer: -; agent: Cloud-Init/18.3-9-g2e62cb8a-0ubuntu1~16.04.2)
Aug 25 11:42:18 mas01 sh[16814]: 2018-08-25 11:42:18 regiond: [info] 192.168.11.40 GET /MAAS/metadata/latest/by-id/fsteme/?op=get_preseed HTTP/1.1 --> 200 OK (referrer: -; agent: Cloud-Init/18.3-9-g2e62cb8a-0ubuntu1~16.04.2)
Aug 25 11:42:18 mas01 salt-minion[1441]: [INFO    ] User sudo_ubuntu Executing command state.apply with jid 20180825114218975836
Aug 25 11:42:18 mas01 sh[16742]: 2018-08-25 11:42:18 regiond: [info] 192.168.11.38 POST /MAAS/metadata/status/nnfctm HTTP/1.1 --> 204 NO_CONTENT (referrer: -; agent: python-requests/2.9.1)
Aug 25 11:42:18 mas01 sh[16742]: message repeated 2 times: [ 2018-08-25 11:42:18 regiond: [info] 192.168.11.38 POST /MAAS/metadata/status/nnfctm HTTP/1.1 --> 204 NO_CONTENT (referrer: -; agent: python-requests/2.9.1)]
Aug 25 11:42:18 mas01 sh[17116]: 2018-08-25 11:42:18 regiond: [info] 192.168.11.40 POST /MAAS/metadata/status/fsteme HTTP/1.1 --> 204 NO_CONTENT (referrer: -; agent: python-requests/2.9.1)
Aug 25 11:42:18 mas01 sh[17116]: 2018-08-25 11:42:18 regiond: [info] 192.168.11.40 POST /MAAS/metadata/status/fsteme HTTP/1.1 --> 204 NO_CONTENT (referrer: -; agent: python-requests/2.9.1)
Aug 25 11:42:19 mas01 salt-minion[1441]: [INFO    ] Starting a new job with PID 21208
Aug 25 11:42:19 mas01 sh[16742]: 2018-08-25 11:42:19 regiond: [info] 192.168.11.40 POST /MAAS/metadata/status/fsteme HTTP/1.1 --> 204 NO_CONTENT (referrer: -; agent: python-requests/2.9.1)
Aug 25 11:42:19 mas01 sh[16814]: 2018-08-25 11:42:19 regiond: [info] 192.168.11.40 GET /MAAS/metadata/curtin/2012-03-01/meta-data/instance-id HTTP/1.1 --> 200 OK (referrer: -; agent: Cloud-Init/18.3-9-g2e62cb8a-0ubuntu1~16.04.2)
Aug 25 11:42:19 mas01 sh[16742]: 2018-08-25 11:42:19 regiond: [info] 192.168.11.38 GET /MAAS/metadata/curtin/2012-03-01/meta-data/instance-id HTTP/1.1 --> 200 OK (referrer: -; agent: Cloud-Init/18.3-9-g2e62cb8a-0ubuntu1~16.04.2)
Aug 25 11:42:19 mas01 sh[16742]: 2018-08-25 11:42:19 regiond: [info] 192.168.11.38 GET /MAAS/metadata/curtin/2012-03-01/meta-data/instance-id HTTP/1.1 --> 200 OK (referrer: -; agent: python-requests/2.9.1)
Aug 25 11:42:19 mas01 sh[17116]: 2018-08-25 11:42:19 regiond: [info] 192.168.11.40 GET /MAAS/metadata/curtin/2012-03-01/meta-data/instance-id HTTP/1.1 --> 200 OK (referrer: -; agent: python-requests/2.9.1)
Aug 25 11:42:19 mas01 sh[16742]: 2018-08-25 11:42:19 regiond: [info] 192.168.11.38 GET /MAAS/metadata/curtin/2012-03-01/meta-data/local-hostname HTTP/1.1 --> 200 OK (referrer: -; agent: python-requests/2.9.1)
Aug 25 11:42:19 mas01 sh[17116]: 2018-08-25 11:42:19 regiond: [info] 192.168.11.40 GET /MAAS/metadata/curtin/2012-03-01/meta-data/local-hostname HTTP/1.1 --> 200 OK (referrer: -; agent: python-requests/2.9.1)
Aug 25 11:42:19 mas01 sh[16742]: 2018-08-25 11:42:19 regiond: [info] 192.168.11.38 GET /MAAS/metadata/curtin/2012-03-01/meta-data/public-keys HTTP/1.1 --> 200 OK (referrer: -; agent: python-requests/2.9.1)
Aug 25 11:42:19 mas01 sh[17116]: 2018-08-25 11:42:19 regiond: [info] 192.168.11.40 GET /MAAS/metadata/curtin/2012-03-01/meta-data/public-keys HTTP/1.1 --> 200 OK (referrer: -; agent: python-requests/2.9.1)
Aug 25 11:42:19 mas01 sh[16742]: 2018-08-25 11:42:19 regiond: [info] 192.168.11.38 GET /MAAS/metadata/curtin/2012-03-01/meta-data/vendor-data HTTP/1.1 --> 200 OK (referrer: -; agent: python-requests/2.9.1)
Aug 25 11:42:19 mas01 sh[16742]: 2018-08-25 11:42:19 regiond: [info] 192.168.11.40 GET /MAAS/metadata/curtin/2012-03-01/meta-data/vendor-data HTTP/1.1 --> 200 OK (referrer: -; agent: python-requests/2.9.1)
Aug 25 11:42:19 mas01 sh[16742]: 2018-08-25 11:42:19 maasserver.preseed: [warn] WARNING: '/etc/maas/preseeds/curtin_userdata_amd64_generic_xenial' contains deprecated preseed variables. Please remove: main_archive_directory, ports_archive_directory, http_proxy
Aug 25 11:42:19 mas01 sh[16698]: 2018-08-25 11:42:19 maasserver.preseed: [warn] WARNING: '/etc/maas/preseeds/curtin_userdata_amd64_generic_xenial' contains deprecated preseed variables. Please remove: main_archive_directory, ports_archive_directory, http_proxy
Aug 25 11:42:19 mas01 salt-minion[1441]: [INFO    ] Loading fresh modules for state activity
Aug 25 11:42:19 mas01 salt-minion[1441]: [INFO    ] Running state [maas-region apikey --username opnfv > /var/lib/maas/.maas_credentials] at time 11:42:19.692574
Aug 25 11:42:19 mas01 salt-minion[1441]: [INFO    ] Executing state cmd.run for [maas-region apikey --username opnfv > /var/lib/maas/.maas_credentials]
Aug 25 11:42:19 mas01 salt-minion[1441]: [INFO    ] Executing command 'maas-region apikey --username opnfv > /var/lib/maas/.maas_credentials' in directory '/root'
Aug 25 11:42:20 mas01 sh[16698]: 2018-08-25 11:42:20 regiond: [info] 192.168.11.40 GET /MAAS/metadata/curtin/2012-03-01/user-data HTTP/1.1 --> 200 OK (referrer: -; agent: python-requests/2.9.1)
Aug 25 11:42:20 mas01 sh[16742]: 2018-08-25 11:42:20 regiond: [info] 192.168.11.38 GET /MAAS/metadata/curtin/2012-03-01/user-data HTTP/1.1 --> 200 OK (referrer: -; agent: python-requests/2.9.1)
Aug 25 11:42:20 mas01 sh[17116]: 2018-08-25 11:42:20 regiond: [info] 192.168.11.40 POST /MAAS/metadata/status/fsteme HTTP/1.1 --> 204 NO_CONTENT (referrer: -; agent: python-requests/2.9.1)
Aug 25 11:42:20 mas01 sh[16814]: 2018-08-25 11:42:20 regiond: [info] 192.168.11.38 POST /MAAS/metadata/status/nnfctm HTTP/1.1 --> 204 NO_CONTENT (referrer: -; agent: python-requests/2.9.1)
Aug 25 11:42:20 mas01 sh[16742]: 2018-08-25 11:42:20 regiond: [info] 192.168.11.40 POST /MAAS/metadata/status/fsteme HTTP/1.1 --> 204 NO_CONTENT (referrer: -; agent: python-requests/2.9.1)
Aug 25 11:42:20 mas01 sh[16698]: 2018-08-25 11:42:20 regiond: [info] 192.168.11.38 POST /MAAS/metadata/status/nnfctm HTTP/1.1 --> 204 NO_CONTENT (referrer: -; agent: python-requests/2.9.1)
Aug 25 11:42:20 mas01 sh[17116]: 2018-08-25 11:42:20 regiond: [info] 192.168.11.38 POST /MAAS/metadata/status/nnfctm HTTP/1.1 --> 204 NO_CONTENT (referrer: -; agent: python-requests/2.9.1)
Aug 25 11:42:20 mas01 sh[16814]: 2018-08-25 11:42:20 regiond: [info] 192.168.11.40 POST /MAAS/metadata/status/fsteme HTTP/1.1 --> 204 NO_CONTENT (referrer: -; agent: python-requests/2.9.1)
Aug 25 11:42:20 mas01 sh[16742]: 2018-08-25 11:42:20 regiond: [info] 192.168.11.38 POST /MAAS/metadata/status/nnfctm HTTP/1.1 --> 204 NO_CONTENT (referrer: -; agent: python-requests/2.9.1)
Aug 25 11:42:20 mas01 sh[16814]: 2018-08-25 11:42:20 regiond: [info] 192.168.11.40 POST /MAAS/metadata/status/fsteme HTTP/1.1 --> 204 NO_CONTENT (referrer: -; agent: python-requests/2.9.1)
Aug 25 11:42:20 mas01 sh[16742]: 2018-08-25 11:42:20 regiond: [info] 192.168.11.38 POST /MAAS/metadata/status/nnfctm HTTP/1.1 --> 204 NO_CONTENT (referrer: -; agent: python-requests/2.9.1)
Aug 25 11:42:20 mas01 sh[17116]: 2018-08-25 11:42:20 regiond: [info] 192.168.11.40 POST /MAAS/metadata/status/fsteme HTTP/1.1 --> 204 NO_CONTENT (referrer: -; agent: python-requests/2.9.1)
Aug 25 11:42:20 mas01 sh[16742]: 2018-08-25 11:42:20 regiond: [info] 192.168.11.38 POST /MAAS/metadata/status/nnfctm HTTP/1.1 --> 204 NO_CONTENT (referrer: -; agent: python-requests/2.9.1)
Aug 25 11:42:20 mas01 sh[16742]: 2018-08-25 11:42:20 regiond: [info] 192.168.11.40 POST /MAAS/metadata/status/fsteme HTTP/1.1 --> 204 NO_CONTENT (referrer: -; agent: python-requests/2.9.1)
Aug 25 11:42:20 mas01 sh[17116]: 2018-08-25 11:42:20 regiond: [info] 192.168.11.38 POST /MAAS/metadata/status/nnfctm HTTP/1.1 --> 204 NO_CONTENT (referrer: -; agent: python-requests/2.9.1)
Aug 25 11:42:20 mas01 sh[16698]: 2018-08-25 11:42:20 regiond: [info] 192.168.11.40 POST /MAAS/metadata/status/fsteme HTTP/1.1 --> 204 NO_CONTENT (referrer: -; agent: python-requests/2.9.1)
Aug 25 11:42:20 mas01 sh[16698]: 2018-08-25 11:42:20 regiond: [info] 192.168.11.38 POST /MAAS/metadata/status/nnfctm HTTP/1.1 --> 204 NO_CONTENT (referrer: -; agent: python-requests/2.9.1)
Aug 25 11:42:20 mas01 sh[17116]: 2018-08-25 11:42:20 regiond: [info] 192.168.11.40 POST /MAAS/metadata/status/fsteme HTTP/1.1 --> 204 NO_CONTENT (referrer: -; agent: python-requests/2.9.1)
Aug 25 11:42:20 mas01 sh[16698]: 2018-08-25 11:42:20 regiond: [info] 192.168.11.38 POST /MAAS/metadata/status/nnfctm HTTP/1.1 --> 204 NO_CONTENT (referrer: -; agent: python-requests/2.9.1)
Aug 25 11:42:20 mas01 sh[16742]: 2018-08-25 11:42:20 regiond: [info] 192.168.11.40 POST /MAAS/metadata/status/fsteme HTTP/1.1 --> 204 NO_CONTENT (referrer: -; agent: python-requests/2.9.1)
Aug 25 11:42:20 mas01 sh[16698]: 2018-08-25 11:42:20 regiond: [info] 192.168.11.38 POST /MAAS/metadata/status/nnfctm HTTP/1.1 --> 204 NO_CONTENT (referrer: -; agent: python-requests/2.9.1)
Aug 25 11:42:20 mas01 sh[16742]: 2018-08-25 11:42:20 regiond: [info] 192.168.11.40 POST /MAAS/metadata/status/fsteme HTTP/1.1 --> 204 NO_CONTENT (referrer: -; agent: python-requests/2.9.1)
Aug 25 11:42:20 mas01 sh[16742]: 2018-08-25 11:42:20 regiond: [info] 192.168.11.38 POST /MAAS/metadata/status/nnfctm HTTP/1.1 --> 204 NO_CONTENT (referrer: -; agent: python-requests/2.9.1)
Aug 25 11:42:20 mas01 sh[16742]: 2018-08-25 11:42:20 regiond: [info] 192.168.11.40 POST /MAAS/metadata/status/fsteme HTTP/1.1 --> 204 NO_CONTENT (referrer: -; agent: python-requests/2.9.1)
Aug 25 11:42:20 mas01 sh[16698]: 2018-08-25 11:42:20 regiond: [info] 192.168.11.38 POST /MAAS/metadata/status/nnfctm HTTP/1.1 --> 204 NO_CONTENT (referrer: -; agent: python-requests/2.9.1)
Aug 25 11:42:20 mas01 sh[17116]: 2018-08-25 11:42:20 regiond: [info] 192.168.11.40 POST /MAAS/metadata/status/fsteme HTTP/1.1 --> 204 NO_CONTENT (referrer: -; agent: python-requests/2.9.1)
Aug 25 11:42:20 mas01 sh[17116]: 2018-08-25 11:42:20 regiond: [info] 192.168.11.40 POST /MAAS/metadata/status/fsteme HTTP/1.1 --> 204 NO_CONTENT (referrer: -; agent: python-requests/2.9.1)
Aug 25 11:42:20 mas01 sh[16698]: 2018-08-25 11:42:20 regiond: [info] 192.168.11.38 POST /MAAS/metadata/status/nnfctm HTTP/1.1 --> 204 NO_CONTENT (referrer: -; agent: python-requests/2.9.1)
Aug 25 11:42:20 mas01 sh[17116]: 2018-08-25 11:42:20 regiond: [info] 192.168.11.40 POST /MAAS/metadata/status/fsteme HTTP/1.1 --> 204 NO_CONTENT (referrer: -; agent: python-requests/2.9.1)
Aug 25 11:42:20 mas01 sh[16742]: 2018-08-25 11:42:20 regiond: [info] 192.168.11.38 POST /MAAS/metadata/status/nnfctm HTTP/1.1 --> 204 NO_CONTENT (referrer: -; agent: python-requests/2.9.1)
Aug 25 11:42:20 mas01 sh[16742]: 2018-08-25 11:42:20 regiond: [info] 192.168.11.40 POST /MAAS/metadata/status/fsteme HTTP/1.1 --> 204 NO_CONTENT (referrer: -; agent: python-requests/2.9.1)
Aug 25 11:42:20 mas01 sh[16742]: 2018-08-25 11:42:20 regiond: [info] 192.168.11.38 POST /MAAS/metadata/status/nnfctm HTTP/1.1 --> 204 NO_CONTENT (referrer: -; agent: python-requests/2.9.1)
Aug 25 11:42:20 mas01 sh[16742]: 2018-08-25 11:42:20 regiond: [info] 192.168.11.40 POST /MAAS/metadata/status/fsteme HTTP/1.1 --> 204 NO_CONTENT (referrer: -; agent: python-requests/2.9.1)
Aug 25 11:42:20 mas01 sh[16814]: 2018-08-25 11:42:20 regiond: [info] 192.168.11.38 POST /MAAS/metadata/status/nnfctm HTTP/1.1 --> 204 NO_CONTENT (referrer: -; agent: python-requests/2.9.1)
Aug 25 11:42:20 mas01 sh[16814]: 2018-08-25 11:42:20 regiond: [info] 192.168.11.40 POST /MAAS/metadata/status/fsteme HTTP/1.1 --> 204 NO_CONTENT (referrer: -; agent: python-requests/2.9.1)
Aug 25 11:42:20 mas01 sh[16742]: 2018-08-25 11:42:20 regiond: [info] 192.168.11.38 POST /MAAS/metadata/status/nnfctm HTTP/1.1 --> 204 NO_CONTENT (referrer: -; agent: python-requests/2.9.1)
Aug 25 11:42:20 mas01 sh[17116]: 2018-08-25 11:42:20 regiond: [info] 192.168.11.40 POST /MAAS/metadata/status/fsteme HTTP/1.1 --> 204 NO_CONTENT (referrer: -; agent: python-requests/2.9.1)
Aug 25 11:42:20 mas01 sh[16742]: 2018-08-25 11:42:20 regiond: [info] 192.168.11.38 POST /MAAS/metadata/status/nnfctm HTTP/1.1 --> 204 NO_CONTENT (referrer: -; agent: python-requests/2.9.1)
Aug 25 11:42:20 mas01 sh[16814]: 2018-08-25 11:42:20 regiond: [info] 192.168.11.40 POST /MAAS/metadata/status/fsteme HTTP/1.1 --> 204 NO_CONTENT (referrer: -; agent: python-requests/2.9.1)
Aug 25 11:42:20 mas01 sh[16814]: 2018-08-25 11:42:20 regiond: [info] 192.168.11.40 POST /MAAS/metadata/status/fsteme HTTP/1.1 --> 204 NO_CONTENT (referrer: -; agent: python-requests/2.9.1)
Aug 25 11:42:20 mas01 sh[16698]: 2018-08-25 11:42:20 regiond: [info] 192.168.11.38 POST /MAAS/metadata/status/nnfctm HTTP/1.1 --> 204 NO_CONTENT (referrer: -; agent: python-requests/2.9.1)
Aug 25 11:42:20 mas01 sh[17116]: 2018-08-25 11:42:20 regiond: [info] 192.168.11.38 POST /MAAS/metadata/status/nnfctm HTTP/1.1 --> 204 NO_CONTENT (referrer: -; agent: python-requests/2.9.1)
Aug 25 11:42:20 mas01 sh[16814]: 2018-08-25 11:42:20 regiond: [info] 192.168.11.40 POST /MAAS/metadata/status/fsteme HTTP/1.1 --> 204 NO_CONTENT (referrer: -; agent: python-requests/2.9.1)
Aug 25 11:42:20 mas01 sh[17116]: 2018-08-25 11:42:20 regiond: [info] 192.168.11.40 POST /MAAS/metadata/status/fsteme HTTP/1.1 --> 204 NO_CONTENT (referrer: -; agent: python-requests/2.9.1)
Aug 25 11:42:20 mas01 sh[16698]: 2018-08-25 11:42:20 regiond: [info] 192.168.11.38 POST /MAAS/metadata/status/nnfctm HTTP/1.1 --> 204 NO_CONTENT (referrer: -; agent: python-requests/2.9.1)
Aug 25 11:42:20 mas01 sh[16814]: 2018-08-25 11:42:20 regiond: [info] 192.168.11.38 POST /MAAS/metadata/status/nnfctm HTTP/1.1 --> 204 NO_CONTENT (referrer: -; agent: python-requests/2.9.1)
Aug 25 11:42:20 mas01 sh[16742]: 2018-08-25 11:42:20 regiond: [info] 192.168.11.40 POST /MAAS/metadata/status/fsteme HTTP/1.1 --> 204 NO_CONTENT (referrer: -; agent: python-requests/2.9.1)
Aug 25 11:42:20 mas01 sh[16742]: 2018-08-25 11:42:20 regiond: [info] 192.168.11.38 POST /MAAS/metadata/status/nnfctm HTTP/1.1 --> 204 NO_CONTENT (referrer: -; agent: python-requests/2.9.1)
Aug 25 11:42:20 mas01 sh[16742]: 2018-08-25 11:42:20 regiond: [info] 192.168.11.40 POST /MAAS/metadata/status/fsteme HTTP/1.1 --> 204 NO_CONTENT (referrer: -; agent: python-requests/2.9.1)
Aug 25 11:42:20 mas01 sh[17116]: 2018-08-25 11:42:20 regiond: [info] 192.168.11.38 POST /MAAS/metadata/status/nnfctm HTTP/1.1 --> 204 NO_CONTENT (referrer: -; agent: python-requests/2.9.1)
Aug 25 11:42:20 mas01 sh[16814]: 2018-08-25 11:42:20 regiond: [info] 192.168.11.40 POST /MAAS/metadata/status/fsteme HTTP/1.1 --> 204 NO_CONTENT (referrer: -; agent: python-requests/2.9.1)
Aug 25 11:42:20 mas01 sh[16742]: 2018-08-25 11:42:20 regiond: [info] 192.168.11.40 POST /MAAS/metadata/status/fsteme HTTP/1.1 --> 204 NO_CONTENT (referrer: -; agent: python-requests/2.9.1)
Aug 25 11:42:20 mas01 sh[17116]: 2018-08-25 11:42:20 regiond: [info] 192.168.11.38 POST /MAAS/metadata/status/nnfctm HTTP/1.1 --> 204 NO_CONTENT (referrer: -; agent: python-requests/2.9.1)
Aug 25 11:42:20 mas01 sh[16698]: 2018-08-25 11:42:20 regiond: [info] 192.168.11.40 POST /MAAS/metadata/status/fsteme HTTP/1.1 --> 204 NO_CONTENT (referrer: -; agent: python-requests/2.9.1)
Aug 25 11:42:20 mas01 sh[16742]: 2018-08-25 11:42:20 regiond: [info] 192.168.11.38 POST /MAAS/metadata/status/nnfctm HTTP/1.1 --> 204 NO_CONTENT (referrer: -; agent: python-requests/2.9.1)
Aug 25 11:42:20 mas01 sh[17116]: 2018-08-25 11:42:20 regiond: [info] 192.168.11.40 POST /MAAS/metadata/status/fsteme HTTP/1.1 --> 204 NO_CONTENT (referrer: -; agent: python-requests/2.9.1)
Aug 25 11:42:20 mas01 sh[16814]: 2018-08-25 11:42:20 regiond: [info] 192.168.11.38 POST /MAAS/metadata/status/nnfctm HTTP/1.1 --> 204 NO_CONTENT (referrer: -; agent: python-requests/2.9.1)
Aug 25 11:42:20 mas01 sh[16698]: 2018-08-25 11:42:20 regiond: [info] 192.168.11.40 POST /MAAS/metadata/status/fsteme HTTP/1.1 --> 204 NO_CONTENT (referrer: -; agent: python-requests/2.9.1)
Aug 25 11:42:20 mas01 sh[16742]: 2018-08-25 11:42:20 regiond: [info] 192.168.11.38 POST /MAAS/metadata/status/nnfctm HTTP/1.1 --> 204 NO_CONTENT (referrer: -; agent: python-requests/2.9.1)
Aug 25 11:42:20 mas01 sh[17116]: 2018-08-25 11:42:20 regiond: [info] 192.168.11.40 POST /MAAS/metadata/status/fsteme HTTP/1.1 --> 204 NO_CONTENT (referrer: -; agent: python-requests/2.9.1)
Aug 25 11:42:20 mas01 sh[16698]: 2018-08-25 11:42:20 regiond: [info] 192.168.11.38 POST /MAAS/metadata/status/nnfctm HTTP/1.1 --> 204 NO_CONTENT (referrer: -; agent: python-requests/2.9.1)
Aug 25 11:42:20 mas01 sh[16742]: 2018-08-25 11:42:20 regiond: [info] 192.168.11.38 POST /MAAS/metadata/status/nnfctm HTTP/1.1 --> 204 NO_CONTENT (referrer: -; agent: python-requests/2.9.1)
Aug 25 11:42:20 mas01 sh[16698]: 2018-08-25 11:42:20 regiond: [info] 192.168.11.40 POST /MAAS/metadata/status/fsteme HTTP/1.1 --> 204 NO_CONTENT (referrer: -; agent: python-requests/2.9.1)
Aug 25 11:42:20 mas01 sh[16742]: 2018-08-25 11:42:20 regiond: [info] 192.168.11.40 POST /MAAS/metadata/status/fsteme HTTP/1.1 --> 204 NO_CONTENT (referrer: -; agent: python-requests/2.9.1)
Aug 25 11:42:20 mas01 sh[16698]: 2018-08-25 11:42:20 regiond: [info] 192.168.11.38 POST /MAAS/metadata/status/nnfctm HTTP/1.1 --> 204 NO_CONTENT (referrer: -; agent: python-requests/2.9.1)
Aug 25 11:42:20 mas01 sh[16814]: 2018-08-25 11:42:20 regiond: [info] 192.168.11.38 POST /MAAS/metadata/status/nnfctm HTTP/1.1 --> 204 NO_CONTENT (referrer: -; agent: python-requests/2.9.1)
Aug 25 11:42:20 mas01 sh[16698]: 2018-08-25 11:42:20 regiond: [info] 192.168.11.40 POST /MAAS/metadata/status/fsteme HTTP/1.1 --> 204 NO_CONTENT (referrer: -; agent: python-requests/2.9.1)
Aug 25 11:42:20 mas01 sh[16698]: 2018-08-25 11:42:20 regiond: [info] 192.168.11.38 POST /MAAS/metadata/status/nnfctm HTTP/1.1 --> 204 NO_CONTENT (referrer: -; agent: python-requests/2.9.1)
Aug 25 11:42:20 mas01 sh[16698]: 2018-08-25 11:42:20 regiond: [info] 192.168.11.40 POST /MAAS/metadata/status/fsteme HTTP/1.1 --> 204 NO_CONTENT (referrer: -; agent: python-requests/2.9.1)
Aug 25 11:42:20 mas01 sh[16814]: 2018-08-25 11:42:20 regiond: [info] 192.168.11.38 POST /MAAS/metadata/status/nnfctm HTTP/1.1 --> 204 NO_CONTENT (referrer: -; agent: python-requests/2.9.1)
Aug 25 11:42:20 mas01 sh[17116]: 2018-08-25 11:42:20 regiond: [info] 192.168.11.40 POST /MAAS/metadata/status/fsteme HTTP/1.1 --> 204 NO_CONTENT (referrer: -; agent: python-requests/2.9.1)
Aug 25 11:42:20 mas01 sh[17116]: 2018-08-25 11:42:20 regiond: [info] 192.168.11.38 POST /MAAS/metadata/status/nnfctm HTTP/1.1 --> 204 NO_CONTENT (referrer: -; agent: python-requests/2.9.1)
Aug 25 11:42:20 mas01 sh[16742]: 2018-08-25 11:42:20 regiond: [info] 192.168.11.40 POST /MAAS/metadata/status/fsteme HTTP/1.1 --> 204 NO_CONTENT (referrer: -; agent: python-requests/2.9.1)
Aug 25 11:42:20 mas01 sh[17116]: 2018-08-25 11:42:20 regiond: [info] 192.168.11.38 POST /MAAS/metadata/status/nnfctm HTTP/1.1 --> 204 NO_CONTENT (referrer: -; agent: python-requests/2.9.1)
Aug 25 11:42:20 mas01 sh[17116]: 2018-08-25 11:42:20 regiond: [info] 192.168.11.40 POST /MAAS/metadata/status/fsteme HTTP/1.1 --> 204 NO_CONTENT (referrer: -; agent: python-requests/2.9.1)
Aug 25 11:42:20 mas01 sh[16698]: 2018-08-25 11:42:20 regiond: [info] 192.168.11.38 POST /MAAS/metadata/status/nnfctm HTTP/1.1 --> 204 NO_CONTENT (referrer: -; agent: python-requests/2.9.1)
Aug 25 11:42:20 mas01 sh[16742]: 2018-08-25 11:42:20 regiond: [info] 192.168.11.40 POST /MAAS/metadata/status/fsteme HTTP/1.1 --> 204 NO_CONTENT (referrer: -; agent: python-requests/2.9.1)
Aug 25 11:42:20 mas01 sh[16814]: 2018-08-25 11:42:20 regiond: [info] 192.168.11.38 POST /MAAS/metadata/status/nnfctm HTTP/1.1 --> 204 NO_CONTENT (referrer: -; agent: python-requests/2.9.1)
Aug 25 11:42:20 mas01 sh[17116]: 2018-08-25 11:42:20 regiond: [info] 192.168.11.40 POST /MAAS/metadata/status/fsteme HTTP/1.1 --> 204 NO_CONTENT (referrer: -; agent: python-requests/2.9.1)
