Aug 23 18:12:26 mas01 sh[8415]: 2018-08-23 18:12:26 regiond: [info] 192.168.11.44 POST /MAAS/metadata/status/xhsga7 HTTP/1.1 --> 204 NO_CONTENT (referrer: -; agent: python-requests/2.9.1)
Aug 23 18:12:26 mas01 sh[8409]: 2018-08-23 18:12:26 regiond: [info] 192.168.11.45 POST /MAAS/metadata/status/4tyxy4 HTTP/1.1 --> 204 NO_CONTENT (referrer: -; agent: python-requests/2.9.1)
Aug 23 18:12:26 mas01 sh[8415]: 2018-08-23 18:12:26 regiond: [info] 192.168.11.45 POST /MAAS/metadata/status/4tyxy4 HTTP/1.1 --> 204 NO_CONTENT (referrer: -; agent: python-requests/2.9.1)
Aug 23 18:12:26 mas01 sh[8528]: 2018-08-23 18:12:26 regiond: [info] 192.168.11.45 POST /MAAS/metadata/status/4tyxy4 HTTP/1.1 --> 204 NO_CONTENT (referrer: -; agent: python-requests/2.9.1)
Aug 23 18:12:26 mas01 sh[9274]: 2018-08-23 18:12:26 regiond: [info] 192.168.11.45 POST /MAAS/metadata/status/4tyxy4 HTTP/1.1 --> 204 NO_CONTENT (referrer: -; agent: python-requests/2.9.1)
Aug 23 18:12:26 mas01 sh[9274]: 2018-08-23 18:12:26 regiond: [info] 192.168.11.44 POST /MAAS/metadata/status/xhsga7 HTTP/1.1 --> 204 NO_CONTENT (referrer: -; agent: python-requests/2.9.1)
Aug 23 18:12:26 mas01 sh[8528]: 2018-08-23 18:12:26 regiond: [info] 192.168.11.45 POST /MAAS/metadata/status/4tyxy4 HTTP/1.1 --> 204 NO_CONTENT (referrer: -; agent: python-requests/2.9.1)
Aug 23 18:12:26 mas01 sh[9274]: 2018-08-23 18:12:26 regiond: [info] 192.168.11.44 POST /MAAS/metadata/status/xhsga7 HTTP/1.1 --> 204 NO_CONTENT (referrer: -; agent: python-requests/2.9.1)
Aug 23 18:12:26 mas01 sh[8409]: 2018-08-23 18:12:26 regiond: [info] 192.168.11.45 POST /MAAS/metadata/status/4tyxy4 HTTP/1.1 --> 204 NO_CONTENT (referrer: -; agent: python-requests/2.9.1)
Aug 23 18:12:26 mas01 sh[8415]: 2018-08-23 18:12:26 regiond: [info] 192.168.11.45 POST /MAAS/metadata/status/4tyxy4 HTTP/1.1 --> 204 NO_CONTENT (referrer: -; agent: python-requests/2.9.1)
Aug 23 18:12:26 mas01 sh[8409]: 2018-08-23 18:12:26 regiond: [info] 192.168.11.44 POST /MAAS/metadata/status/xhsga7 HTTP/1.1 --> 204 NO_CONTENT (referrer: -; agent: python-requests/2.9.1)
Aug 23 18:12:26 mas01 sh[8415]: 2018-08-23 18:12:26 regiond: [info] 192.168.11.44 POST /MAAS/metadata/status/xhsga7 HTTP/1.1 --> 204 NO_CONTENT (referrer: -; agent: python-requests/2.9.1)
Aug 23 18:12:26 mas01 sh[8415]: 2018-08-23 18:12:26 regiond: [info] 192.168.11.45 POST /MAAS/metadata/status/4tyxy4 HTTP/1.1 --> 204 NO_CONTENT (referrer: -; agent: python-requests/2.9.1)
Aug 23 18:12:26 mas01 sh[9274]: 2018-08-23 18:12:26 regiond: [info] 192.168.11.45 POST /MAAS/metadata/status/4tyxy4 HTTP/1.1 --> 204 NO_CONTENT (referrer: -; agent: python-requests/2.9.1)
Aug 23 18:12:26 mas01 sh[8409]: 2018-08-23 18:12:26 regiond: [info] 192.168.11.44 POST /MAAS/metadata/status/xhsga7 HTTP/1.1 --> 204 NO_CONTENT (referrer: -; agent: python-requests/2.9.1)
Aug 23 18:12:26 mas01 sh[8528]: 2018-08-23 18:12:26 regiond: [info] 192.168.11.45 POST /MAAS/metadata/status/4tyxy4 HTTP/1.1 --> 204 NO_CONTENT (referrer: -; agent: python-requests/2.9.1)
Aug 23 18:12:26 mas01 sh[8409]: 2018-08-23 18:12:26 regiond: [info] 192.168.11.44 POST /MAAS/metadata/status/xhsga7 HTTP/1.1 --> 204 NO_CONTENT (referrer: -; agent: python-requests/2.9.1)
Aug 23 18:12:26 mas01 sh[8415]: 2018-08-23 18:12:26 regiond: [info] 192.168.11.45 POST /MAAS/metadata/status/4tyxy4 HTTP/1.1 --> 204 NO_CONTENT (referrer: -; agent: python-requests/2.9.1)
Aug 23 18:12:26 mas01 sh[8409]: 2018-08-23 18:12:26 regiond: [info] 192.168.11.44 POST /MAAS/metadata/status/xhsga7 HTTP/1.1 --> 204 NO_CONTENT (referrer: -; agent: python-requests/2.9.1)
Aug 23 18:12:26 mas01 sh[8415]: 2018-08-23 18:12:26 regiond: [info] 192.168.11.44 POST /MAAS/metadata/status/xhsga7 HTTP/1.1 --> 204 NO_CONTENT (referrer: -; agent: python-requests/2.9.1)
Aug 23 18:12:26 mas01 sh[9274]: 2018-08-23 18:12:26 regiond: [info] 192.168.11.45 POST /MAAS/metadata/status/4tyxy4 HTTP/1.1 --> 204 NO_CONTENT (referrer: -; agent: python-requests/2.9.1)
Aug 23 18:12:26 mas01 sh[8409]: 2018-08-23 18:12:26 regiond: [info] 192.168.11.44 POST /MAAS/metadata/status/xhsga7 HTTP/1.1 --> 204 NO_CONTENT (referrer: -; agent: python-requests/2.9.1)
Aug 23 18:12:26 mas01 sh[8528]: 2018-08-23 18:12:26 regiond: [info] 192.168.11.45 POST /MAAS/metadata/status/4tyxy4 HTTP/1.1 --> 204 NO_CONTENT (referrer: -; agent: python-requests/2.9.1)
Aug 23 18:12:26 mas01 sh[9274]: 2018-08-23 18:12:26 regiond: [info] 192.168.11.44 POST /MAAS/metadata/status/xhsga7 HTTP/1.1 --> 204 NO_CONTENT (referrer: -; agent: python-requests/2.9.1)
Aug 23 18:12:26 mas01 sh[8415]: 2018-08-23 18:12:26 regiond: [info] 192.168.11.44 POST /MAAS/metadata/status/xhsga7 HTTP/1.1 --> 204 NO_CONTENT (referrer: -; agent: python-requests/2.9.1)
Aug 23 18:12:26 mas01 sh[8415]: message repeated 3 times: [ 2018-08-23 18:12:26 regiond: [info] 192.168.11.44 POST /MAAS/metadata/status/xhsga7 HTTP/1.1 --> 204 NO_CONTENT (referrer: -; agent: python-requests/2.9.1)]
Aug 23 18:12:26 mas01 sh[8528]: 2018-08-23 18:12:26 regiond: [info] 192.168.11.44 POST /MAAS/metadata/status/xhsga7 HTTP/1.1 --> 204 NO_CONTENT (referrer: -; agent: python-requests/2.9.1)
Aug 23 18:12:26 mas01 sh[9274]: 2018-08-23 18:12:26 regiond: [info] 192.168.11.44 POST /MAAS/metadata/status/xhsga7 HTTP/1.1 --> 204 NO_CONTENT (referrer: -; agent: python-requests/2.9.1)
Aug 23 18:12:26 mas01 sh[9274]: 2018-08-23 18:12:26 regiond: [info] 192.168.11.44 POST /MAAS/metadata/status/xhsga7 HTTP/1.1 --> 204 NO_CONTENT (referrer: -; agent: python-requests/2.9.1)
Aug 23 18:12:26 mas01 sh[8528]: 2018-08-23 18:12:26 regiond: [info] 192.168.11.44 POST /MAAS/metadata/status/xhsga7 HTTP/1.1 --> 204 NO_CONTENT (referrer: -; agent: python-requests/2.9.1)
Aug 23 18:12:26 mas01 sh[8528]: 2018-08-23 18:12:26 regiond: [info] 192.168.11.45 POST /MAAS/metadata/status/4tyxy4 HTTP/1.1 --> 204 NO_CONTENT (referrer: -; agent: python-requests/2.9.1)
Aug 23 18:12:26 mas01 sh[9274]: 2018-08-23 18:12:26 regiond: [info] 192.168.11.45 POST /MAAS/metadata/status/4tyxy4 HTTP/1.1 --> 204 NO_CONTENT (referrer: -; agent: python-requests/2.9.1)
Aug 23 18:12:26 mas01 sh[8415]: 2018-08-23 18:12:26 regiond: [info] 192.168.11.44 POST /MAAS/metadata/status/xhsga7 HTTP/1.1 --> 204 NO_CONTENT (referrer: -; agent: python-requests/2.9.1)
Aug 23 18:12:26 mas01 sh[9274]: 2018-08-23 18:12:26 regiond: [info] 192.168.11.44 POST /MAAS/metadata/status/xhsga7 HTTP/1.1 --> 204 NO_CONTENT (referrer: -; agent: python-requests/2.9.1)
Aug 23 18:12:26 mas01 sh[7880]: 2018-08-23 18:12:26 provisioningserver.rackdservices.tftp: [info] ubuntu/amd64/ga-16.04/xenial/daily/boot-initrd requested by 00:25:b5:a0:00:2a
Aug 23 18:12:26 mas01 sh[8528]: 2018-08-23 18:12:26 regiond: [info] 192.168.11.45 POST /MAAS/metadata/status/4tyxy4 HTTP/1.1 --> 204 NO_CONTENT (referrer: -; agent: python-requests/2.9.1)
Aug 23 18:12:26 mas01 sh[8415]: 2018-08-23 18:12:26 regiond: [info] 192.168.11.44 POST /MAAS/metadata/status/xhsga7 HTTP/1.1 --> 204 NO_CONTENT (referrer: -; agent: python-requests/2.9.1)
Aug 23 18:12:26 mas01 sh[8528]: 2018-08-23 18:12:26 regiond: [info] 192.168.11.45 POST /MAAS/metadata/status/4tyxy4 HTTP/1.1 --> 204 NO_CONTENT (referrer: -; agent: python-requests/2.9.1)
Aug 23 18:12:26 mas01 sh[8415]: 2018-08-23 18:12:26 regiond: [info] 192.168.11.44 POST /MAAS/metadata/status/xhsga7 HTTP/1.1 --> 204 NO_CONTENT (referrer: -; agent: python-requests/2.9.1)
Aug 23 18:12:26 mas01 dhcpd[10603]: execute_statement argv[0] = /usr/sbin/maas-dhcp-helper
Aug 23 18:12:26 mas01 dhcpd[10603]: execute_statement argv[1] = notify
Aug 23 18:12:26 mas01 dhcpd[10603]: execute_statement argv[2] = --action
Aug 23 18:12:26 mas01 dhcpd[10603]: execute_statement argv[3] = commit
Aug 23 18:12:26 mas01 dhcpd[10603]: execute_statement argv[4] = --mac
Aug 23 18:12:26 mas01 dhcpd[10603]: execute_statement argv[5] = 0:25:b5:a0:0:3a
Aug 23 18:12:26 mas01 dhcpd[10603]: execute_statement argv[6] = --ip-family
Aug 23 18:12:26 mas01 dhcpd[10603]: execute_statement argv[7] = ipv4
Aug 23 18:12:26 mas01 dhcpd[10603]: execute_statement argv[8] = --ip
Aug 23 18:12:26 mas01 dhcpd[10603]: execute_statement argv[9] = 192.168.11.47
Aug 23 18:12:26 mas01 dhcpd[10603]: execute_statement argv[10] = --lease-time
Aug 23 18:12:26 mas01 dhcpd[10603]: execute_statement argv[11] = 30
Aug 23 18:12:26 mas01 dhcpd[10603]: execute_statement argv[12] = --hostname
Aug 23 18:12:26 mas01 dhcpd[10603]: execute_statement argv[13] = (none)
Aug 23 18:12:26 mas01 dhcpd[10603]: execute_statement argv[14] = --socket
Aug 23 18:12:26 mas01 dhcpd[10603]: execute_statement argv[15] = /var/lib/maas/dhcpd.sock
Aug 23 18:12:27 mas01 sh[8409]: 2018-08-23 18:12:27 maasserver.rpc.leases: [info] Lease update: commit for 192.168.11.47 on 0:25:b5:a0:0:3a at 2018-08-23 18:12:27 (lease time: 30s)
Aug 23 18:12:27 mas01 dhcpd[10603]: DHCPREQUEST for 192.168.11.47 (192.168.11.3) from 00:25:b5:a0:00:3a via ens5
Aug 23 18:12:27 mas01 dhcpd[10603]: DHCPACK on 192.168.11.47 to 00:25:b5:a0:00:3a via ens5
Aug 23 18:12:27 mas01 sh[7880]: 2018-08-23 18:12:27 provisioningserver.rackdservices.tftp: [info] pxelinux.0 requested by 00:25:b5:a0:00:3a
Aug 23 18:12:27 mas01 sh[7880]: 2018-08-23 18:12:27 provisioningserver.rackdservices.tftp: [info] pxelinux.0 requested by 00:25:b5:a0:00:3a
Aug 23 18:12:27 mas01 maas.interface: [info] ens5 (physical) on mas01: New MAC, IP binding observed: 00:25:b5:a0:00:3a, 192.168.11.47
Aug 23 18:12:27 mas01 sh[7880]: 2018-08-23 18:12:27 provisioningserver.rackdservices.tftp: [info] ldlinux.c32 requested by 00:25:b5:a0:00:3a
Aug 23 18:12:27 mas01 sh[7880]: 2018-08-23 18:12:27 provisioningserver.rackdservices.tftp: [info] pxelinux.cfg/f0c9cf06-d8ce-11e4-0000-10000000007f requested by 00:25:b5:a0:00:3a
Aug 23 18:12:27 mas01 sh[7880]: 2018-08-23 18:12:27 provisioningserver.rackdservices.tftp: [info] pxelinux.cfg/01-00-25-b5-a0-00-3a requested by 00:25:b5:a0:00:3a
Aug 23 18:12:27 mas01 sh[8409]: 2018-08-23 18:12:27 maasserver.models.signals.interfaces: [info] eth0 (physical) on kvm02: deleted IP addresses due to VLAN update (None -> 5003).
Aug 23 18:12:27 mas01 sh[7880]: 2018-08-23 18:12:27 provisioningserver.rackdservices.tftp: [info] pxelinux.cfg/01-00-25-b5-a0-00-3a requested by 00:25:b5:a0:00:3a
Aug 23 18:12:27 mas01 sh[7880]: 2018-08-23 18:12:27 provisioningserver.rackdservices.tftp: [info] ubuntu/amd64/ga-16.04/xenial/daily/boot-kernel requested by 00:25:b5:a0:00:3a
Aug 23 18:12:27 mas01 sh[9274]: 2018-08-23 18:12:27 maasserver.region_controller: [info] Reloaded DNS configuration; ip 192.168.11.46 connected to kvm01 on eth0
Aug 23 18:12:27 mas01 named[8340]: received control channel command 'reload'
Aug 23 18:12:27 mas01 named[8340]: loading configuration from '/etc/bind/named.conf'
Aug 23 18:12:27 mas01 named[8340]: reading built-in trusted keys from file '/etc/bind/bind.keys'
Aug 23 18:12:27 mas01 named[8340]: initializing GeoIP Country (IPv4) (type 1) DB
Aug 23 18:12:27 mas01 named[8340]: GEO-106FREE 20160408 Bu
Aug 23 18:12:27 mas01 named[8340]: initializing GeoIP Country (IPv6) (type 12) DB
Aug 23 18:12:27 mas01 named[8340]: GEO-106FREE 20160408 Bu
Aug 23 18:12:27 mas01 named[8340]: GeoIP City (IPv4) (type 2) DB not available
Aug 23 18:12:27 mas01 named[8340]: GeoIP City (IPv4) (type 6) DB not available
Aug 23 18:12:27 mas01 named[8340]: GeoIP City (IPv6) (type 30) DB not available
Aug 23 18:12:27 mas01 named[8340]: GeoIP City (IPv6) (type 31) DB not available
Aug 23 18:12:27 mas01 named[8340]: GeoIP Region (type 3) DB not available
Aug 23 18:12:27 mas01 named[8340]: GeoIP Region (type 7) DB not available
Aug 23 18:12:27 mas01 named[8340]: GeoIP ISP (type 4) DB not available
Aug 23 18:12:27 mas01 named[8340]: GeoIP Org (type 5) DB not available
Aug 23 18:12:27 mas01 named[8340]: GeoIP AS (type 9) DB not available
Aug 23 18:12:27 mas01 named[8340]: GeoIP Domain (type 11) DB not available
Aug 23 18:12:27 mas01 named[8340]: GeoIP NetSpeed (type 10) DB not available
Aug 23 18:12:27 mas01 named[8340]: using default UDP/IPv4 port range: [32768, 60999]
Aug 23 18:12:27 mas01 named[8340]: using default UDP/IPv6 port range: [32768, 60999]
Aug 23 18:12:27 mas01 named[8340]: sizing zone task pool based on 9 zones
Aug 23 18:12:27 mas01 named[8340]: automatic empty zone: 10.IN-ADDR.ARPA
Aug 23 18:12:27 mas01 named[8340]: automatic empty zone: 16.172.IN-ADDR.ARPA
Aug 23 18:12:27 mas01 named[8340]: automatic empty zone: 17.172.IN-ADDR.ARPA
Aug 23 18:12:27 mas01 named[8340]: automatic empty zone: 18.172.IN-ADDR.ARPA
Aug 23 18:12:27 mas01 named[8340]: automatic empty zone: 19.172.IN-ADDR.ARPA
Aug 23 18:12:27 mas01 named[8340]: automatic empty zone: 20.172.IN-ADDR.ARPA
Aug 23 18:12:27 mas01 named[8340]: automatic empty zone: 21.172.IN-ADDR.ARPA
Aug 23 18:12:27 mas01 named[8340]: automatic empty zone: 22.172.IN-ADDR.ARPA
Aug 23 18:12:27 mas01 named[8340]: automatic empty zone: 23.172.IN-ADDR.ARPA
Aug 23 18:12:27 mas01 named[8340]: automatic empty zone: 24.172.IN-ADDR.ARPA
Aug 23 18:12:27 mas01 named[8340]: automatic empty zone: 25.172.IN-ADDR.ARPA
Aug 23 18:12:27 mas01 named[8340]: automatic empty zone: 26.172.IN-ADDR.ARPA
Aug 23 18:12:27 mas01 named[8340]: automatic empty zone: 27.172.IN-ADDR.ARPA
Aug 23 18:12:27 mas01 named[8340]: automatic empty zone: 28.172.IN-ADDR.ARPA
Aug 23 18:12:27 mas01 named[8340]: automatic empty zone: 29.172.IN-ADDR.ARPA
Aug 23 18:12:27 mas01 named[8340]: automatic empty zone: 30.172.IN-ADDR.ARPA
Aug 23 18:12:27 mas01 named[8340]: automatic empty zone: 31.172.IN-ADDR.ARPA
Aug 23 18:12:27 mas01 named[8340]: automatic empty zone: 168.192.IN-ADDR.ARPA
Aug 23 18:12:27 mas01 named[8340]: automatic empty zone: 64.100.IN-ADDR.ARPA
Aug 23 18:12:27 mas01 named[8340]: automatic empty zone: 65.100.IN-ADDR.ARPA
Aug 23 18:12:27 mas01 named[8340]: automatic empty zone: 66.100.IN-ADDR.ARPA
Aug 23 18:12:27 mas01 named[8340]: automatic empty zone: 67.100.IN-ADDR.ARPA
Aug 23 18:12:27 mas01 named[8340]: automatic empty zone: 68.100.IN-ADDR.ARPA
Aug 23 18:12:27 mas01 named[8340]: automatic empty zone: 69.100.IN-ADDR.ARPA
Aug 23 18:12:27 mas01 named[8340]: automatic empty zone: 70.100.IN-ADDR.ARPA
Aug 23 18:12:27 mas01 named[8340]: automatic empty zone: 71.100.IN-ADDR.ARPA
Aug 23 18:12:27 mas01 named[8340]: automatic empty zone: 72.100.IN-ADDR.ARPA
Aug 23 18:12:27 mas01 named[8340]: automatic empty zone: 73.100.IN-ADDR.ARPA
Aug 23 18:12:27 mas01 named[8340]: automatic empty zone: 74.100.IN-ADDR.ARPA
Aug 23 18:12:27 mas01 named[8340]: automatic empty zone: 75.100.IN-ADDR.ARPA
Aug 23 18:12:27 mas01 named[8340]: automatic empty zone: 76.100.IN-ADDR.ARPA
Aug 23 18:12:27 mas01 named[8340]: automatic empty zone: 77.100.IN-ADDR.ARPA
Aug 23 18:12:27 mas01 named[8340]: automatic empty zone: 78.100.IN-ADDR.ARPA
Aug 23 18:12:27 mas01 named[8340]: automatic empty zone: 79.100.IN-ADDR.ARPA
Aug 23 18:12:27 mas01 named[8340]: automatic empty zone: 80.100.IN-ADDR.ARPA
Aug 23 18:12:27 mas01 named[8340]: automatic empty zone: 81.100.IN-ADDR.ARPA
Aug 23 18:12:27 mas01 named[8340]: automatic empty zone: 82.100.IN-ADDR.ARPA
Aug 23 18:12:27 mas01 named[8340]: automatic empty zone: 83.100.IN-ADDR.ARPA
Aug 23 18:12:27 mas01 named[8340]: automatic empty zone: 84.100.IN-ADDR.ARPA
Aug 23 18:12:27 mas01 named[8340]: automatic empty zone: 85.100.IN-ADDR.ARPA
Aug 23 18:12:27 mas01 named[8340]: automatic empty zone: 86.100.IN-ADDR.ARPA
Aug 23 18:12:27 mas01 named[8340]: automatic empty zone: 87.100.IN-ADDR.ARPA
Aug 23 18:12:27 mas01 named[8340]: automatic empty zone: 88.100.IN-ADDR.ARPA
Aug 23 18:12:27 mas01 named[8340]: automatic empty zone: 89.100.IN-ADDR.ARPA
Aug 23 18:12:27 mas01 named[8340]: automatic empty zone: 90.100.IN-ADDR.ARPA
Aug 23 18:12:27 mas01 named[8340]: automatic empty zone: 91.100.IN-ADDR.ARPA
Aug 23 18:12:27 mas01 named[8340]: automatic empty zone: 92.100.IN-ADDR.ARPA
Aug 23 18:12:27 mas01 named[8340]: automatic empty zone: 93.100.IN-ADDR.ARPA
Aug 23 18:12:27 mas01 named[8340]: automatic empty zone: 94.100.IN-ADDR.ARPA
Aug 23 18:12:27 mas01 named[8340]: automatic empty zone: 95.100.IN-ADDR.ARPA
Aug 23 18:12:27 mas01 named[8340]: automatic empty zone: 96.100.IN-ADDR.ARPA
Aug 23 18:12:27 mas01 named[8340]: automatic empty zone: 97.100.IN-ADDR.ARPA
Aug 23 18:12:27 mas01 named[8340]: automatic empty zone: 98.100.IN-ADDR.ARPA
Aug 23 18:12:27 mas01 named[8340]: automatic empty zone: 99.100.IN-ADDR.ARPA
Aug 23 18:12:27 mas01 named[8340]: automatic empty zone: 100.100.IN-ADDR.ARPA
Aug 23 18:12:27 mas01 named[8340]: automatic empty zone: 101.100.IN-ADDR.ARPA
Aug 23 18:12:27 mas01 named[8340]: automatic empty zone: 102.100.IN-ADDR.ARPA
Aug 23 18:12:27 mas01 named[8340]: automatic empty zone: 103.100.IN-ADDR.ARPA
Aug 23 18:12:27 mas01 named[8340]: automatic empty zone: 104.100.IN-ADDR.ARPA
Aug 23 18:12:27 mas01 named[8340]: automatic empty zone: 105.100.IN-ADDR.ARPA
Aug 23 18:12:27 mas01 named[8340]: automatic empty zone: 106.100.IN-ADDR.ARPA
Aug 23 18:12:27 mas01 named[8340]: automatic empty zone: 107.100.IN-ADDR.ARPA
Aug 23 18:12:27 mas01 named[8340]: automatic empty zone: 108.100.IN-ADDR.ARPA
Aug 23 18:12:27 mas01 named[8340]: automatic empty zone: 109.100.IN-ADDR.ARPA
Aug 23 18:12:27 mas01 named[8340]: automatic empty zone: 110.100.IN-ADDR.ARPA
Aug 23 18:12:27 mas01 named[8340]: automatic empty zone: 111.100.IN-ADDR.ARPA
Aug 23 18:12:27 mas01 named[8340]: automatic empty zone: 112.100.IN-ADDR.ARPA
Aug 23 18:12:27 mas01 named[8340]: automatic empty zone: 113.100.IN-ADDR.ARPA
Aug 23 18:12:27 mas01 named[8340]: automatic empty zone: 114.100.IN-ADDR.ARPA
Aug 23 18:12:27 mas01 named[8340]: automatic empty zone: 115.100.IN-ADDR.ARPA
Aug 23 18:12:27 mas01 named[8340]: automatic empty zone: 116.100.IN-ADDR.ARPA
Aug 23 18:12:27 mas01 named[8340]: automatic empty zone: 117.100.IN-ADDR.ARPA
Aug 23 18:12:27 mas01 named[8340]: automatic empty zone: 118.100.IN-ADDR.ARPA
Aug 23 18:12:27 mas01 named[8340]: automatic empty zone: 119.100.IN-ADDR.ARPA
Aug 23 18:12:27 mas01 named[8340]: automatic empty zone: 120.100.IN-ADDR.ARPA
Aug 23 18:12:27 mas01 named[8340]: automatic empty zone: 121.100.IN-ADDR.ARPA
Aug 23 18:12:27 mas01 named[8340]: automatic empty zone: 122.100.IN-ADDR.ARPA
Aug 23 18:12:27 mas01 named[8340]: automatic empty zone: 123.100.IN-ADDR.ARPA
Aug 23 18:12:27 mas01 named[8340]: automatic empty zone: 124.100.IN-ADDR.ARPA
Aug 23 18:12:27 mas01 named[8340]: automatic empty zone: 125.100.IN-ADDR.ARPA
Aug 23 18:12:27 mas01 named[8340]: automatic empty zone: 126.100.IN-ADDR.ARPA
Aug 23 18:12:27 mas01 named[8340]: automatic empty zone: 127.100.IN-ADDR.ARPA
Aug 23 18:12:27 mas01 named[8340]: automatic empty zone: 254.169.IN-ADDR.ARPA
Aug 23 18:12:27 mas01 named[8340]: automatic empty zone: 2.0.192.IN-ADDR.ARPA
Aug 23 18:12:27 mas01 named[8340]: automatic empty zone: 100.51.198.IN-ADDR.ARPA
Aug 23 18:12:27 mas01 named[8340]: automatic empty zone: 113.0.203.IN-ADDR.ARPA
Aug 23 18:12:27 mas01 named[8340]: automatic empty zone: 255.255.255.255.IN-ADDR.ARPA
Aug 23 18:12:27 mas01 named[8340]: automatic empty zone: 0.0.0.0.0.0.0.0.0.0.0.0.0.0.0.0.0.0.0.0.0.0.0.0.0.0.0.0.0.0.0.0.IP6.ARPA
Aug 23 18:12:27 mas01 named[8340]: automatic empty zone: 1.0.0.0.0.0.0.0.0.0.0.0.0.0.0.0.0.0.0.0.0.0.0.0.0.0.0.0.0.0.0.0.IP6.ARPA
Aug 23 18:12:27 mas01 named[8340]: automatic empty zone: D.F.IP6.ARPA
Aug 23 18:12:27 mas01 named[8340]: automatic empty zone: 8.E.F.IP6.ARPA
Aug 23 18:12:27 mas01 named[8340]: automatic empty zone: 9.E.F.IP6.ARPA
Aug 23 18:12:27 mas01 named[8340]: automatic empty zone: A.E.F.IP6.ARPA
Aug 23 18:12:27 mas01 named[8340]: automatic empty zone: B.E.F.IP6.ARPA
Aug 23 18:12:27 mas01 named[8340]: automatic empty zone: 8.B.D.0.1.0.0.2.IP6.ARPA
Aug 23 18:12:27 mas01 named[8340]: automatic empty zone: EMPTY.AS112.ARPA
Aug 23 18:12:27 mas01 named[8340]: configuring command channel from '/etc/bind/rndc.key'
Aug 23 18:12:27 mas01 named[8340]: reloading configuration succeeded
Aug 23 18:12:27 mas01 named[8340]: reloading zones succeeded
Aug 23 18:12:27 mas01 named[8340]: zone 4.167.10.in-addr.arpa/IN: loaded serial 35
Aug 23 18:12:27 mas01 named[8340]: zone 0.20.10.in-addr.arpa/IN: loaded serial 35
Aug 23 18:12:27 mas01 named[8340]: zone maas/IN: loaded serial 35
Aug 23 18:12:27 mas01 named[8340]: zone 11.168.192.in-addr.arpa/IN: loaded serial 35
Aug 23 18:12:27 mas01 named[8340]: all zones loaded
Aug 23 18:12:27 mas01 named[8340]: running
Aug 23 18:12:28 mas01 sh[7880]: 2018-08-23 18:12:28 provisioningserver.rackdservices.tftp: [info] ubuntu/amd64/ga-16.04/xenial/daily/boot-initrd requested by 00:25:b5:a0:00:3a
Aug 23 18:12:29 mas01 salt-minion[1476]: [INFO    ] User sudo_ubuntu Executing command state.apply with jid 20180823181229717968
Aug 23 18:12:29 mas01 salt-minion[1476]: [INFO    ] Starting a new job with PID 11676
Aug 23 18:12:29 mas01 sh[8415]: 2018-08-23 18:12:29 regiond: [info] 192.168.11.45 POST /MAAS/metadata/status/4tyxy4 HTTP/1.1 --> 204 NO_CONTENT (referrer: -; agent: python-requests/2.9.1)
Aug 23 18:12:30 mas01 sh[8415]: 2018-08-23 18:12:30 regiond: [info] 192.168.11.45 POST /MAAS/metadata/status/4tyxy4 HTTP/1.1 --> 204 NO_CONTENT (referrer: -; agent: python-requests/2.9.1)
Aug 23 18:12:30 mas01 sh[8415]: 2018-08-23 18:12:30 regiond: [info] 192.168.11.45 POST /MAAS/metadata/status/4tyxy4 HTTP/1.1 --> 204 NO_CONTENT (referrer: -; agent: python-requests/2.9.1)
Aug 23 18:12:30 mas01 sh[8409]: 2018-08-23 18:12:30 regiond: [info] 192.168.11.45 POST /MAAS/metadata/status/4tyxy4 HTTP/1.1 --> 204 NO_CONTENT (referrer: -; agent: python-requests/2.9.1)
Aug 23 18:12:30 mas01 sh[8409]: 2018-08-23 18:12:30 regiond: [info] 192.168.11.45 POST /MAAS/metadata/status/4tyxy4 HTTP/1.1 --> 204 NO_CONTENT (referrer: -; agent: python-requests/2.9.1)
Aug 23 18:12:30 mas01 sh[8528]: 2018-08-23 18:12:30 regiond: [info] 192.168.11.45 POST /MAAS/metadata/status/4tyxy4 HTTP/1.1 --> 204 NO_CONTENT (referrer: -; agent: python-requests/2.9.1)
Aug 23 18:12:30 mas01 sh[9274]: 2018-08-23 18:12:30 regiond: [info] 192.168.11.45 POST /MAAS/metadata/status/4tyxy4 HTTP/1.1 --> 204 NO_CONTENT (referrer: -; agent: python-requests/2.9.1)
Aug 23 18:12:30 mas01 sh[8528]: 2018-08-23 18:12:30 regiond: [info] 192.168.11.45 POST /MAAS/metadata/status/4tyxy4 HTTP/1.1 --> 204 NO_CONTENT (referrer: -; agent: python-requests/2.9.1)
Aug 23 18:12:30 mas01 sh[8528]: 2018-08-23 18:12:30 regiond: [info] 192.168.11.45 POST /MAAS/metadata/status/4tyxy4 HTTP/1.1 --> 204 NO_CONTENT (referrer: -; agent: python-requests/2.9.1)
Aug 23 18:12:30 mas01 salt-minion[1476]: [INFO    ] Loading fresh modules for state activity
Aug 23 18:12:30 mas01 salt-minion[1476]: [INFO    ] Running state [maas-region apikey --username opnfv > /var/lib/maas/.maas_credentials] at time 18:12:30.351883
Aug 23 18:12:30 mas01 salt-minion[1476]: [INFO    ] Executing state cmd.run for [maas-region apikey --username opnfv > /var/lib/maas/.maas_credentials]
Aug 23 18:12:30 mas01 salt-minion[1476]: [INFO    ] Executing command 'maas-region apikey --username opnfv > /var/lib/maas/.maas_credentials' in directory '/root'
Aug 23 18:12:30 mas01 sh[8415]: 2018-08-23 18:12:30 regiond: [info] 192.168.11.45 POST /MAAS/metadata/status/4tyxy4 HTTP/1.1 --> 204 NO_CONTENT (referrer: -; agent: python-requests/2.9.1)
Aug 23 18:12:30 mas01 sh[9274]: 2018-08-23 18:12:30 regiond: [info] 192.168.11.45 POST /MAAS/metadata/status/4tyxy4 HTTP/1.1 --> 204 NO_CONTENT (referrer: -; agent: python-requests/2.9.1)
Aug 23 18:12:30 mas01 sh[8528]: 2018-08-23 18:12:30 regiond: [info] 192.168.11.45 POST /MAAS/metadata/status/4tyxy4 HTTP/1.1 --> 204 NO_CONTENT (referrer: -; agent: python-requests/2.9.1)
Aug 23 18:12:30 mas01 sh[9274]: 2018-08-23 18:12:30 regiond: [info] 192.168.11.45 POST /MAAS/metadata/status/4tyxy4 HTTP/1.1 --> 204 NO_CONTENT (referrer: -; agent: python-requests/2.9.1)
Aug 23 18:12:31 mas01 sh[8528]: 2018-08-23 18:12:31 regiond: [info] 192.168.11.45 POST /MAAS/metadata/status/4tyxy4 HTTP/1.1 --> 204 NO_CONTENT (referrer: -; agent: python-requests/2.9.1)
Aug 23 18:12:31 mas01 sh[9274]: 2018-08-23 18:12:31 regiond: [info] 192.168.11.45 POST /MAAS/metadata/status/4tyxy4 HTTP/1.1 --> 204 NO_CONTENT (referrer: -; agent: python-requests/2.9.1)
Aug 23 18:12:31 mas01 sh[8415]: 2018-08-23 18:12:31 regiond: [info] 192.168.11.45 POST /MAAS/metadata/status/4tyxy4 HTTP/1.1 --> 204 NO_CONTENT (referrer: -; agent: python-requests/2.9.1)
Aug 23 18:12:31 mas01 sh[9274]: 2018-08-23 18:12:31 regiond: [info] 192.168.11.45 POST /MAAS/metadata/status/4tyxy4 HTTP/1.1 --> 204 NO_CONTENT (referrer: -; agent: python-requests/2.9.1)
Aug 23 18:12:31 mas01 sh[8415]: 2018-08-23 18:12:31 regiond: [info] 192.168.11.45 POST /MAAS/metadata/status/4tyxy4 HTTP/1.1 --> 204 NO_CONTENT (referrer: -; agent: python-requests/2.9.1)
Aug 23 18:12:31 mas01 sh[8528]: 2018-08-23 18:12:31 regiond: [info] 192.168.11.45 POST /MAAS/metadata/status/4tyxy4 HTTP/1.1 --> 204 NO_CONTENT (referrer: -; agent: python-requests/2.9.1)
Aug 23 18:12:31 mas01 sh[8415]: 2018-08-23 18:12:31 regiond: [info] 192.168.11.45 POST /MAAS/metadata/status/4tyxy4 HTTP/1.1 --> 204 NO_CONTENT (referrer: -; agent: python-requests/2.9.1)
Aug 23 18:12:31 mas01 sh[9274]: 2018-08-23 18:12:31 regiond: [info] 192.168.11.45 POST /MAAS/metadata/status/4tyxy4 HTTP/1.1 --> 204 NO_CONTENT (referrer: -; agent: python-requests/2.9.1)
Aug 23 18:12:31 mas01 sh[9274]: 2018-08-23 18:12:31 maasserver.region_controller: [info] Reloaded DNS configuration; ip 192.168.11.47 connected to kvm02 on eth0
Aug 23 18:12:31 mas01 salt-minion[1476]: [INFO    ] {'pid': 11683, 'retcode': 0, 'stderr': '', 'stdout': ''}
Aug 23 18:12:31 mas01 salt-minion[1476]: [INFO    ] Completed state [maas-region apikey --username opnfv > /var/lib/maas/.maas_credentials] at time 18:12:31.955004 duration_in_ms=1603.121
Aug 23 18:12:31 mas01 salt-minion[1476]: [INFO    ] Running state [maas.machines_status] at time 18:12:31.959017
Aug 23 18:12:31 mas01 salt-minion[1476]: [INFO    ] Executing state module.run for [maas.machines_status]
Aug 23 18:12:31 mas01 salt-minion[1476]: [WARNING ] The function "module.run" is using its deprecated version and will expire in version "Sodium".
Aug 23 18:12:32 mas01 salt-minion[1476]: [INFO    ] {'ret': {'machines': [{'status': 'Commissioning', 'hostname': u'cmp001', 'system_id': u'xhsga7'}, {'status': 'Commissioning', 'hostname': u'kvm01', 'system_id': u'egefre'}, {'status': 'Commissioning', 'hostname': u'kvm03', 'system_id': u'4tyxy4'}, {'status': 'Commissioning', 'hostname': u'kvm02', 'system_id': u'rmgeyh'}, {'status': 'Commissioning', 'hostname': u'cmp002', 'system_id': u'csnb8s'}], 'summary': Counter({'Commissioning': 5})}}
Aug 23 18:12:32 mas01 salt-minion[1476]: [INFO    ] Completed state [maas.machines_status] at time 18:12:32.211156 duration_in_ms=252.139
Aug 23 18:12:32 mas01 salt-minion[1476]: [INFO    ] Returning information for job: 20180823181229717968
Aug 23 18:12:33 mas01 sh[8528]: 2018-08-23 18:12:33 regiond: [info] 192.168.11.44 POST /MAAS/metadata/status/xhsga7 HTTP/1.1 --> 204 NO_CONTENT (referrer: -; agent: python-requests/2.9.1)
Aug 23 18:12:33 mas01 sh[8409]: 2018-08-23 18:12:33 regiond: [info] 192.168.11.44 POST /MAAS/metadata/status/xhsga7 HTTP/1.1 --> 204 NO_CONTENT (referrer: -; agent: python-requests/2.9.1)
Aug 23 18:12:33 mas01 sh[9274]: 2018-08-23 18:12:33 regiond: [info] 192.168.11.44 POST /MAAS/metadata/status/xhsga7 HTTP/1.1 --> 204 NO_CONTENT (referrer: -; agent: python-requests/2.9.1)
Aug 23 18:12:33 mas01 sh[8528]: 2018-08-23 18:12:33 regiond: [info] 192.168.11.44 POST /MAAS/metadata/status/xhsga7 HTTP/1.1 --> 204 NO_CONTENT (referrer: -; agent: python-requests/2.9.1)
Aug 23 18:12:33 mas01 sh[9274]: 2018-08-23 18:12:33 regiond: [info] 192.168.11.44 POST /MAAS/metadata/status/xhsga7 HTTP/1.1 --> 204 NO_CONTENT (referrer: -; agent: python-requests/2.9.1)
Aug 23 18:12:33 mas01 sh[9274]: 2018-08-23 18:12:33 regiond: [info] 192.168.11.44 POST /MAAS/metadata/status/xhsga7 HTTP/1.1 --> 204 NO_CONTENT (referrer: -; agent: python-requests/2.9.1)
Aug 23 18:12:33 mas01 sh[8415]: 2018-08-23 18:12:33 regiond: [info] 192.168.11.44 POST /MAAS/metadata/status/xhsga7 HTTP/1.1 --> 204 NO_CONTENT (referrer: -; agent: python-requests/2.9.1)
Aug 23 18:12:33 mas01 sh[8528]: 2018-08-23 18:12:33 regiond: [info] 192.168.11.44 POST /MAAS/metadata/status/xhsga7 HTTP/1.1 --> 204 NO_CONTENT (referrer: -; agent: python-requests/2.9.1)
Aug 23 18:12:33 mas01 sh[8528]: message repeated 2 times: [ 2018-08-23 18:12:33 regiond: [info] 192.168.11.44 POST /MAAS/metadata/status/xhsga7 HTTP/1.1 --> 204 NO_CONTENT (referrer: -; agent: python-requests/2.9.1)]
Aug 23 18:12:33 mas01 sh[8415]: 2018-08-23 18:12:33 regiond: [info] 192.168.11.44 POST /MAAS/metadata/status/xhsga7 HTTP/1.1 --> 204 NO_CONTENT (referrer: -; agent: python-requests/2.9.1)
Aug 23 18:12:33 mas01 sh[8415]: 2018-08-23 18:12:33 regiond: [info] 192.168.11.44 POST /MAAS/metadata/status/xhsga7 HTTP/1.1 --> 204 NO_CONTENT (referrer: -; agent: python-requests/2.9.1)
Aug 23 18:12:33 mas01 sh[9274]: 2018-08-23 18:12:33 regiond: [info] 192.168.11.44 POST /MAAS/metadata/status/xhsga7 HTTP/1.1 --> 204 NO_CONTENT (referrer: -; agent: python-requests/2.9.1)
Aug 23 18:12:33 mas01 sh[8409]: 2018-08-23 18:12:33 regiond: [info] 127.0.0.1 GET /MAAS/rpc/ HTTP/1.0 --> 200 OK (referrer: -; agent: provisioningserver.rpc.clusterservice.ClusterClientService)
Aug 23 18:12:34 mas01 sh[8409]: 2018-08-23 18:12:34 regiond: [info] 192.168.11.44 POST /MAAS/metadata/status/xhsga7 HTTP/1.1 --> 204 NO_CONTENT (referrer: -; agent: python-requests/2.9.1)
Aug 23 18:12:34 mas01 sh[8409]: message repeated 3 times: [ 2018-08-23 18:12:34 regiond: [info] 192.168.11.44 POST /MAAS/metadata/status/xhsga7 HTTP/1.1 --> 204 NO_CONTENT (referrer: -; agent: python-requests/2.9.1)]
Aug 23 18:12:34 mas01 sh[9274]: 2018-08-23 18:12:34 regiond: [info] 192.168.11.44 POST /MAAS/metadata/status/xhsga7 HTTP/1.1 --> 204 NO_CONTENT (referrer: -; agent: python-requests/2.9.1)
Aug 23 18:12:34 mas01 sh[9274]: message repeated 2 times: [ 2018-08-23 18:12:34 regiond: [info] 192.168.11.44 POST /MAAS/metadata/status/xhsga7 HTTP/1.1 --> 204 NO_CONTENT (referrer: -; agent: python-requests/2.9.1)]
Aug 23 18:12:34 mas01 sh[8528]: 2018-08-23 18:12:34 regiond: [info] 192.168.11.44 POST /MAAS/metadata/status/xhsga7 HTTP/1.1 --> 204 NO_CONTENT (referrer: -; agent: python-requests/2.9.1)
Aug 23 18:12:36 mas01 maas.power: [info] Changed power state (on) of node: cmp002 (csnb8s)
Aug 23 18:12:41 mas01 dhcpd[10603]: DHCPDISCOVER from 00:25:b5:a0:00:2a via ens5
Aug 23 18:12:41 mas01 dhcpd[10603]: DHCPOFFER on 192.168.11.46 to 00:25:b5:a0:00:2a (kvm01) via ens5
Aug 23 18:12:41 mas01 dhcpd[10603]: execute_statement argv[0] = /usr/sbin/maas-dhcp-helper
Aug 23 18:12:41 mas01 dhcpd[10603]: execute_statement argv[1] = notify
Aug 23 18:12:41 mas01 dhcpd[10603]: execute_statement argv[2] = --action
Aug 23 18:12:41 mas01 dhcpd[10603]: execute_statement argv[3] = commit
Aug 23 18:12:41 mas01 dhcpd[10603]: execute_statement argv[4] = --mac
Aug 23 18:12:41 mas01 dhcpd[10603]: execute_statement argv[5] = 0:25:b5:a0:0:2a
Aug 23 18:12:41 mas01 dhcpd[10603]: execute_statement argv[6] = --ip-family
Aug 23 18:12:41 mas01 dhcpd[10603]: execute_statement argv[7] = ipv4
Aug 23 18:12:41 mas01 dhcpd[10603]: execute_statement argv[8] = --ip
Aug 23 18:12:41 mas01 dhcpd[10603]: execute_statement argv[9] = 192.168.11.46
Aug 23 18:12:41 mas01 dhcpd[10603]: execute_statement argv[10] = --lease-time
Aug 23 18:12:41 mas01 dhcpd[10603]: execute_statement argv[11] = 600
Aug 23 18:12:41 mas01 dhcpd[10603]: execute_statement argv[12] = --hostname
Aug 23 18:12:41 mas01 dhcpd[10603]: execute_statement argv[13] = kvm01
Aug 23 18:12:41 mas01 dhcpd[10603]: execute_statement argv[14] = --socket
Aug 23 18:12:41 mas01 dhcpd[10603]: execute_statement argv[15] = /var/lib/maas/dhcpd.sock
Aug 23 18:12:42 mas01 dhcpd[10603]: DHCPREQUEST for 192.168.11.46 (192.168.11.3) from 00:25:b5:a0:00:2a (kvm01) via ens5
Aug 23 18:12:42 mas01 dhcpd[10603]: DHCPACK on 192.168.11.46 to 00:25:b5:a0:00:2a (kvm01) via ens5
Aug 23 18:12:42 mas01 sh[8528]: 2018-08-23 18:12:42 maasserver.rpc.leases: [info] Lease update: commit for 192.168.11.46 on 0:25:b5:a0:0:2a at 2018-08-23 18:12:42 (lease time: 600s) (hostname: kvm01)
Aug 23 18:12:42 mas01 dhcpd[10603]: DHCPDISCOVER from 00:25:b5:a0:00:3a via ens5
Aug 23 18:12:42 mas01 dhcpd[10603]: DHCPOFFER on 192.168.11.47 to 00:25:b5:a0:00:3a (kvm02) via ens5
Aug 23 18:12:42 mas01 dhcpd[10603]: execute_statement argv[0] = /usr/sbin/maas-dhcp-helper
Aug 23 18:12:42 mas01 dhcpd[10603]: execute_statement argv[1] = notify
Aug 23 18:12:42 mas01 dhcpd[10603]: execute_statement argv[2] = --action
Aug 23 18:12:42 mas01 dhcpd[10603]: execute_statement argv[3] = commit
Aug 23 18:12:42 mas01 dhcpd[10603]: execute_statement argv[4] = --mac
Aug 23 18:12:42 mas01 dhcpd[10603]: execute_statement argv[5] = 0:25:b5:a0:0:3a
Aug 23 18:12:42 mas01 dhcpd[10603]: execute_statement argv[6] = --ip-family
Aug 23 18:12:42 mas01 dhcpd[10603]: execute_statement argv[7] = ipv4
Aug 23 18:12:42 mas01 dhcpd[10603]: execute_statement argv[8] = --ip
Aug 23 18:12:42 mas01 dhcpd[10603]: execute_statement argv[9] = 192.168.11.47
Aug 23 18:12:42 mas01 dhcpd[10603]: execute_statement argv[10] = --lease-time
Aug 23 18:12:42 mas01 dhcpd[10603]: execute_statement argv[11] = 600
Aug 23 18:12:42 mas01 dhcpd[10603]: execute_statement argv[12] = --hostname
Aug 23 18:12:42 mas01 dhcpd[10603]: execute_statement argv[13] = kvm02
Aug 23 18:12:42 mas01 dhcpd[10603]: execute_statement argv[14] = --socket
Aug 23 18:12:42 mas01 dhcpd[10603]: execute_statement argv[15] = /var/lib/maas/dhcpd.sock
Aug 23 18:12:42 mas01 sh[8415]: 2018-08-23 18:12:42 maasserver.rpc.leases: [info] Lease update: commit for 192.168.11.47 on 0:25:b5:a0:0:3a at 2018-08-23 18:12:42 (lease time: 600s) (hostname: kvm02)
Aug 23 18:12:42 mas01 dhcpd[10603]: DHCPREQUEST for 192.168.11.47 (192.168.11.3) from 00:25:b5:a0:00:3a (kvm02) via ens5
Aug 23 18:12:42 mas01 dhcpd[10603]: DHCPACK on 192.168.11.47 to 00:25:b5:a0:00:3a (kvm02) via ens5
Aug 23 18:12:42 mas01 sh[7880]: 2018-08-23 18:12:42 rackd: [info] 192.168.11.46 GET /images/ubuntu/amd64/ga-16.04/xenial/daily/squashfs HTTP/1.1 --> 200 OK (referrer: -; agent: Wget)
Aug 23 18:12:42 mas01 sh[7880]: 2018-08-23 18:12:42 rackd: [info] 192.168.11.47 GET /images/ubuntu/amd64/ga-16.04/xenial/daily/squashfs HTTP/1.1 --> 200 OK (referrer: -; agent: Wget)
Aug 23 18:12:42 mas01 salt-minion[1476]: [INFO    ] User sudo_ubuntu Executing command state.apply with jid 20180823181242941567
Aug 23 18:12:42 mas01 salt-minion[1476]: [INFO    ] Starting a new job with PID 11779
Aug 23 18:12:44 mas01 salt-minion[1476]: [INFO    ] Loading fresh modules for state activity
Aug 23 18:12:45 mas01 salt-minion[1476]: [INFO    ] Running state [maas-region apikey --username opnfv > /var/lib/maas/.maas_credentials] at time 18:12:45.017926
Aug 23 18:12:45 mas01 salt-minion[1476]: [INFO    ] Executing state cmd.run for [maas-region apikey --username opnfv > /var/lib/maas/.maas_credentials]
Aug 23 18:12:45 mas01 salt-minion[1476]: [INFO    ] Executing command 'maas-region apikey --username opnfv > /var/lib/maas/.maas_credentials' in directory '/root'
Aug 23 18:12:45 mas01 sh[8409]: 2018-08-23 18:12:45 regiond: [info] 192.168.11.46 GET /MAAS/metadata/latest/by-id/egefre/?op=get_preseed HTTP/1.1 --> 200 OK (referrer: -; agent: Cloud-Init/18.3-9-g2e62cb8a-0ubuntu1~16.04.2)
Aug 23 18:12:45 mas01 sh[8528]: 2018-08-23 18:12:45 regiond: [info] 192.168.11.46 POST /MAAS/metadata/status/egefre HTTP/1.1 --> 204 NO_CONTENT (referrer: -; agent: python-requests/2.9.1)
Aug 23 18:12:45 mas01 sh[9274]: 2018-08-23 18:12:45 regiond: [info] 192.168.11.46 POST /MAAS/metadata/status/egefre HTTP/1.1 --> 204 NO_CONTENT (referrer: -; agent: python-requests/2.9.1)
Aug 23 18:12:45 mas01 sh[8528]: 2018-08-23 18:12:45 regiond: [info] 192.168.11.46 POST /MAAS/metadata/status/egefre HTTP/1.1 --> 204 NO_CONTENT (referrer: -; agent: python-requests/2.9.1)
Aug 23 18:12:45 mas01 sh[8415]: 2018-08-23 18:12:45 regiond: [info] 192.168.11.47 GET /MAAS/metadata/latest/by-id/rmgeyh/?op=get_preseed HTTP/1.1 --> 200 OK (referrer: -; agent: Cloud-Init/18.3-9-g2e62cb8a-0ubuntu1~16.04.2)
Aug 23 18:12:45 mas01 sh[8415]: 2018-08-23 18:12:45 regiond: [info] 192.168.11.47 POST /MAAS/metadata/status/rmgeyh HTTP/1.1 --> 204 NO_CONTENT (referrer: -; agent: python-requests/2.9.1)
Aug 23 18:12:45 mas01 sh[9274]: 2018-08-23 18:12:45 regiond: [info] 192.168.11.47 POST /MAAS/metadata/status/rmgeyh HTTP/1.1 --> 204 NO_CONTENT (referrer: -; agent: python-requests/2.9.1)
Aug 23 18:12:45 mas01 sh[8415]: 2018-08-23 18:12:45 regiond: [info] 192.168.11.47 POST /MAAS/metadata/status/rmgeyh HTTP/1.1 --> 204 NO_CONTENT (referrer: -; agent: python-requests/2.9.1)
Aug 23 18:12:46 mas01 sh[8409]: 2018-08-23 18:12:46 regiond: [info] 192.168.11.46 GET /MAAS/metadata/latest/by-id/egefre/?op=get_preseed HTTP/1.1 --> 200 OK (referrer: -; agent: Cloud-Init/18.3-9-g2e62cb8a-0ubuntu1~16.04.2)
Aug 23 18:12:46 mas01 sh[9274]: 2018-08-23 18:12:46 regiond: [info] 192.168.11.46 POST /MAAS/metadata/status/egefre HTTP/1.1 --> 204 NO_CONTENT (referrer: -; agent: python-requests/2.9.1)
Aug 23 18:12:46 mas01 sh[8409]: 2018-08-23 18:12:46 regiond: [info] 192.168.11.46 POST /MAAS/metadata/status/egefre HTTP/1.1 --> 204 NO_CONTENT (referrer: -; agent: python-requests/2.9.1)
Aug 23 18:12:46 mas01 sh[9274]: 2018-08-23 18:12:46 regiond: [info] 192.168.11.46 POST /MAAS/metadata/status/egefre HTTP/1.1 --> 204 NO_CONTENT (referrer: -; agent: python-requests/2.9.1)
Aug 23 18:12:46 mas01 sh[9274]: 2018-08-23 18:12:46 regiond: [info] 192.168.11.46 GET /MAAS/metadata/2012-03-01/meta-data/instance-id HTTP/1.1 --> 200 OK (referrer: -; agent: Cloud-Init/18.3-9-g2e62cb8a-0ubuntu1~16.04.2)
Aug 23 18:12:46 mas01 sh[8528]: 2018-08-23 18:12:46 regiond: [info] 192.168.11.46 GET /MAAS/metadata/2012-03-01/meta-data/instance-id HTTP/1.1 --> 200 OK (referrer: -; agent: python-requests/2.9.1)
Aug 23 18:12:46 mas01 sh[8528]: 2018-08-23 18:12:46 regiond: [info] 192.168.11.46 GET /MAAS/metadata/2012-03-01/meta-data/local-hostname HTTP/1.1 --> 200 OK (referrer: -; agent: python-requests/2.9.1)
Aug 23 18:12:46 mas01 sh[8409]: 2018-08-23 18:12:46 regiond: [info] 192.168.11.47 POST /MAAS/metadata/status/rmgeyh HTTP/1.1 --> 204 NO_CONTENT (referrer: -; agent: python-requests/2.9.1)
Aug 23 18:12:46 mas01 sh[8528]: 2018-08-23 18:12:46 regiond: [info] 192.168.11.47 POST /MAAS/metadata/status/rmgeyh HTTP/1.1 --> 204 NO_CONTENT (referrer: -; agent: python-requests/2.9.1)
Aug 23 18:12:46 mas01 sh[8409]: 2018-08-23 18:12:46 regiond: [info] 192.168.11.46 GET /MAAS/metadata/2012-03-01/meta-data/public-keys HTTP/1.1 --> 200 OK (referrer: -; agent: python-requests/2.9.1)
Aug 23 18:12:46 mas01 sh[8528]: 2018-08-23 18:12:46 regiond: [info] 192.168.11.47 POST /MAAS/metadata/status/rmgeyh HTTP/1.1 --> 204 NO_CONTENT (referrer: -; agent: python-requests/2.9.1)
Aug 23 18:12:46 mas01 sh[8415]: 2018-08-23 18:12:46 regiond: [info] 192.168.11.45 POST /MAAS/metadata/status/4tyxy4 HTTP/1.1 --> 204 NO_CONTENT (referrer: -; agent: python-requests/2.9.1)
Aug 23 18:12:46 mas01 sh[8415]: 2018-08-23 18:12:46 regiond: [info] 192.168.11.45 POST /MAAS/metadata/status/4tyxy4 HTTP/1.1 --> 204 NO_CONTENT (referrer: -; agent: python-requests/2.9.1)
Aug 23 18:12:46 mas01 sh[8528]: 2018-08-23 18:12:46 regiond: [info] 192.168.11.45 POST /MAAS/metadata/status/4tyxy4 HTTP/1.1 --> 204 NO_CONTENT (referrer: -; agent: python-requests/2.9.1)
Aug 23 18:12:46 mas01 sh[8528]: message repeated 2 times: [ 2018-08-23 18:12:46 regiond: [info] 192.168.11.45 POST /MAAS/metadata/status/4tyxy4 HTTP/1.1 --> 204 NO_CONTENT (referrer: -; agent: python-requests/2.9.1)]
Aug 23 18:12:46 mas01 sh[8409]: 2018-08-23 18:12:46 regiond: [info] 192.168.11.45 POST /MAAS/metadata/status/4tyxy4 HTTP/1.1 --> 204 NO_CONTENT (referrer: -; agent: python-requests/2.9.1)
Aug 23 18:12:46 mas01 sh[8415]: 2018-08-23 18:12:46 regiond: [info] 192.168.11.45 POST /MAAS/metadata/status/4tyxy4 HTTP/1.1 --> 204 NO_CONTENT (referrer: -; agent: python-requests/2.9.1)
Aug 23 18:12:46 mas01 sh[8528]: 2018-08-23 18:12:46 regiond: [info] 192.168.11.45 POST /MAAS/metadata/status/4tyxy4 HTTP/1.1 --> 204 NO_CONTENT (referrer: -; agent: python-requests/2.9.1)
Aug 23 18:12:46 mas01 sh[9274]: 2018-08-23 18:12:46 regiond: [info] 192.168.11.45 POST /MAAS/metadata/status/4tyxy4 HTTP/1.1 --> 204 NO_CONTENT (referrer: -; agent: python-requests/2.9.1)
Aug 23 18:12:46 mas01 sh[9274]: 2018-08-23 18:12:46 regiond: [info] 192.168.11.47 GET /MAAS/metadata/2012-03-01/meta-data/instance-id HTTP/1.1 --> 200 OK (referrer: -; agent: Cloud-Init/18.3-9-g2e62cb8a-0ubuntu1~16.04.2)
Aug 23 18:12:46 mas01 sh[8528]: 2018-08-23 18:12:46 regiond: [info] 192.168.11.46 GET /MAAS/metadata/2012-03-01/meta-data/vendor-data HTTP/1.1 --> 200 OK (referrer: -; agent: python-requests/2.9.1)
Aug 23 18:12:46 mas01 sh[9274]: 2018-08-23 18:12:46 regiond: [info] 192.168.11.47 GET /MAAS/metadata/2012-03-01/meta-data/instance-id HTTP/1.1 --> 200 OK (referrer: -; agent: python-requests/2.9.1)
Aug 23 18:12:46 mas01 sh[9274]: 2018-08-23 18:12:46 regiond: [info] 192.168.11.45 POST /MAAS/metadata/status/4tyxy4 HTTP/1.1 --> 204 NO_CONTENT (referrer: -; agent: python-requests/2.9.1)
Aug 23 18:12:46 mas01 sh[8415]: 2018-08-23 18:12:46 regiond: [info] 192.168.11.46 POST /MAAS/metadata/status/egefre HTTP/1.1 --> 204 NO_CONTENT (referrer: -; agent: python-requests/2.9.1)
Aug 23 18:12:46 mas01 sh[8415]: 2018-08-23 18:12:46 regiond: [info] 192.168.11.47 GET /MAAS/metadata/2012-03-01/meta-data/local-hostname HTTP/1.1 --> 200 OK (referrer: -; agent: python-requests/2.9.1)
Aug 23 18:12:46 mas01 sh[9274]: 2018-08-23 18:12:46 regiond: [info] 192.168.11.47 GET /MAAS/metadata/2012-03-01/meta-data/public-keys HTTP/1.1 --> 200 OK (referrer: -; agent: python-requests/2.9.1)
Aug 23 18:12:46 mas01 sh[8409]: 2018-08-23 18:12:46 regiond: [info] 192.168.11.46 POST /MAAS/metadata/status/egefre HTTP/1.1 --> 204 NO_CONTENT (referrer: -; agent: python-requests/2.9.1)
Aug 23 18:12:46 mas01 sh[9274]: 2018-08-23 18:12:46 regiond: [info] 192.168.11.46 POST /MAAS/metadata/status/egefre HTTP/1.1 --> 204 NO_CONTENT (referrer: -; agent: python-requests/2.9.1)
Aug 23 18:12:46 mas01 sh[8528]: 2018-08-23 18:12:46 regiond: [info] 192.168.11.46 POST /MAAS/metadata/status/egefre HTTP/1.1 --> 204 NO_CONTENT (referrer: -; agent: python-requests/2.9.1)
Aug 23 18:12:46 mas01 sh[9274]: 2018-08-23 18:12:46 regiond: [info] 192.168.11.46 POST /MAAS/metadata/status/egefre HTTP/1.1 --> 204 NO_CONTENT (referrer: -; agent: python-requests/2.9.1)
Aug 23 18:12:46 mas01 sh[8528]: 2018-08-23 18:12:46 regiond: [info] 192.168.11.46 POST /MAAS/metadata/status/egefre HTTP/1.1 --> 204 NO_CONTENT (referrer: -; agent: python-requests/2.9.1)
Aug 23 18:12:46 mas01 sh[9274]: 2018-08-23 18:12:46 regiond: [info] 192.168.11.46 POST /MAAS/metadata/status/egefre HTTP/1.1 --> 204 NO_CONTENT (referrer: -; agent: python-requests/2.9.1)
Aug 23 18:12:46 mas01 sh[8528]: 2018-08-23 18:12:46 regiond: [info] 192.168.11.47 GET /MAAS/metadata/2012-03-01/meta-data/vendor-data HTTP/1.1 --> 200 OK (referrer: -; agent: python-requests/2.9.1)
Aug 23 18:12:46 mas01 sh[9274]: 2018-08-23 18:12:46 regiond: [info] 192.168.11.46 POST /MAAS/metadata/status/egefre HTTP/1.1 --> 204 NO_CONTENT (referrer: -; agent: python-requests/2.9.1)
Aug 23 18:12:46 mas01 sh[8528]: 2018-08-23 18:12:46 regiond: [info] 192.168.11.46 POST /MAAS/metadata/status/egefre HTTP/1.1 --> 204 NO_CONTENT (referrer: -; agent: python-requests/2.9.1)
Aug 23 18:12:46 mas01 sh[8409]: 2018-08-23 18:12:46 regiond: [info] 192.168.11.47 GET /MAAS/metadata/2012-03-01/user-data HTTP/1.1 --> 200 OK (referrer: -; agent: python-requests/2.9.1)
Aug 23 18:12:46 mas01 sh[9274]: 2018-08-23 18:12:46 regiond: [info] 192.168.11.47 POST /MAAS/metadata/status/rmgeyh HTTP/1.1 --> 204 NO_CONTENT (referrer: -; agent: python-requests/2.9.1)
Aug 23 18:12:46 mas01 sh[8415]: 2018-08-23 18:12:46 regiond: [info] 192.168.11.47 POST /MAAS/metadata/status/rmgeyh HTTP/1.1 --> 204 NO_CONTENT (referrer: -; agent: python-requests/2.9.1)
Aug 23 18:12:46 mas01 sh[8409]: 2018-08-23 18:12:46 regiond: [info] 192.168.11.47 POST /MAAS/metadata/status/rmgeyh HTTP/1.1 --> 204 NO_CONTENT (referrer: -; agent: python-requests/2.9.1)
Aug 23 18:12:46 mas01 sh[8415]: 2018-08-23 18:12:46 regiond: [info] 192.168.11.46 POST /MAAS/metadata/status/egefre HTTP/1.1 --> 204 NO_CONTENT (referrer: -; agent: python-requests/2.9.1)
Aug 23 18:12:46 mas01 sh[9274]: 2018-08-23 18:12:46 regiond: [info] 192.168.11.46 POST /MAAS/metadata/status/egefre HTTP/1.1 --> 204 NO_CONTENT (referrer: -; agent: python-requests/2.9.1)
Aug 23 18:12:46 mas01 sh[8415]: 2018-08-23 18:12:46 regiond: [info] 192.168.11.46 POST /MAAS/metadata/status/egefre HTTP/1.1 --> 204 NO_CONTENT (referrer: -; agent: python-requests/2.9.1)
Aug 23 18:12:46 mas01 sh[8409]: 2018-08-23 18:12:46 regiond: [info] 192.168.11.47 POST /MAAS/metadata/status/rmgeyh HTTP/1.1 --> 204 NO_CONTENT (referrer: -; agent: python-requests/2.9.1)
Aug 23 18:12:46 mas01 sh[8409]: 2018-08-23 18:12:46 regiond: [info] 192.168.11.46 POST /MAAS/metadata/status/egefre HTTP/1.1 --> 204 NO_CONTENT (referrer: -; agent: python-requests/2.9.1)
Aug 23 18:12:46 mas01 sh[8409]: 2018-08-23 18:12:46 regiond: [info] 192.168.11.47 POST /MAAS/metadata/status/rmgeyh HTTP/1.1 --> 204 NO_CONTENT (referrer: -; agent: python-requests/2.9.1)
Aug 23 18:12:46 mas01 sh[8415]: 2018-08-23 18:12:46 regiond: [info] 192.168.11.46 POST /MAAS/metadata/status/egefre HTTP/1.1 --> 204 NO_CONTENT (referrer: -; agent: python-requests/2.9.1)
Aug 23 18:12:46 mas01 sh[8409]: 2018-08-23 18:12:46 regiond: [info] 192.168.11.47 POST /MAAS/metadata/status/rmgeyh HTTP/1.1 --> 204 NO_CONTENT (referrer: -; agent: python-requests/2.9.1)
Aug 23 18:12:46 mas01 sh[8528]: 2018-08-23 18:12:46 regiond: [info] 192.168.11.46 POST /MAAS/metadata/status/egefre HTTP/1.1 --> 204 NO_CONTENT (referrer: -; agent: python-requests/2.9.1)
Aug 23 18:12:46 mas01 sh[8409]: 2018-08-23 18:12:46 regiond: [info] 192.168.11.46 POST /MAAS/metadata/status/egefre HTTP/1.1 --> 204 NO_CONTENT (referrer: -; agent: python-requests/2.9.1)
Aug 23 18:12:46 mas01 sh[8528]: 2018-08-23 18:12:46 regiond: [info] 192.168.11.47 POST /MAAS/metadata/status/rmgeyh HTTP/1.1 --> 204 NO_CONTENT (referrer: -; agent: python-requests/2.9.1)
Aug 23 18:12:46 mas01 sh[9274]: 2018-08-23 18:12:46 regiond: [info] 192.168.11.46 POST /MAAS/metadata/status/egefre HTTP/1.1 --> 204 NO_CONTENT (referrer: -; agent: python-requests/2.9.1)
Aug 23 18:12:46 mas01 sh[8415]: 2018-08-23 18:12:46 regiond: [info] 192.168.11.46 POST /MAAS/metadata/status/egefre HTTP/1.1 --> 204 NO_CONTENT (referrer: -; agent: python-requests/2.9.1)
Aug 23 18:12:46 mas01 sh[8415]: 2018-08-23 18:12:46 regiond: [info] 192.168.11.45 POST /MAAS/metadata/status/4tyxy4 HTTP/1.1 --> 204 NO_CONTENT (referrer: -; agent: python-requests/2.9.1)
Aug 23 18:12:46 mas01 sh[8415]: 2018-08-23 18:12:46 regiond: [info] 192.168.11.45 POST /MAAS/metadata/status/4tyxy4 HTTP/1.1 --> 204 NO_CONTENT (referrer: -; agent: python-requests/2.9.1)
Aug 23 18:12:46 mas01 sh[8528]: 2018-08-23 18:12:46 regiond: [info] 192.168.11.46 POST /MAAS/metadata/status/egefre HTTP/1.1 --> 204 NO_CONTENT (referrer: -; agent: python-requests/2.9.1)
Aug 23 18:12:46 mas01 sh[8415]: 2018-08-23 18:12:46 regiond: [info] 192.168.11.47 POST /MAAS/metadata/status/rmgeyh HTTP/1.1 --> 204 NO_CONTENT (referrer: -; agent: python-requests/2.9.1)
Aug 23 18:12:46 mas01 sh[8528]: 2018-08-23 18:12:46 regiond: [info] 192.168.11.46 POST /MAAS/metadata/status/egefre HTTP/1.1 --> 204 NO_CONTENT (referrer: -; agent: python-requests/2.9.1)
Aug 23 18:12:46 mas01 sh[8409]: 2018-08-23 18:12:46 regiond: [info] 192.168.11.45 POST /MAAS/metadata/status/4tyxy4 HTTP/1.1 --> 204 NO_CONTENT (referrer: -; agent: python-requests/2.9.1)
Aug 23 18:12:46 mas01 sh[8528]: 2018-08-23 18:12:46 regiond: [info] 192.168.11.47 POST /MAAS/metadata/status/rmgeyh HTTP/1.1 --> 204 NO_CONTENT (referrer: -; agent: python-requests/2.9.1)
Aug 23 18:12:46 mas01 sh[8528]: 2018-08-23 18:12:46 regiond: [info] 192.168.11.45 POST /MAAS/metadata/status/4tyxy4 HTTP/1.1 --> 204 NO_CONTENT (referrer: -; agent: python-requests/2.9.1)
Aug 23 18:12:46 mas01 sh[8415]: 2018-08-23 18:12:46 regiond: [info] 192.168.11.46 POST /MAAS/metadata/status/egefre HTTP/1.1 --> 204 NO_CONTENT (referrer: -; agent: python-requests/2.9.1)
Aug 23 18:12:46 mas01 sh[8528]: 2018-08-23 18:12:46 regiond: [info] 192.168.11.45 POST /MAAS/metadata/status/4tyxy4 HTTP/1.1 --> 204 NO_CONTENT (referrer: -; agent: python-requests/2.9.1)
Aug 23 18:12:46 mas01 sh[9274]: 2018-08-23 18:12:46 regiond: [info] 192.168.11.45 POST /MAAS/metadata/status/4tyxy4 HTTP/1.1 --> 204 NO_CONTENT (referrer: -; agent: python-requests/2.9.1)
Aug 23 18:12:46 mas01 sh[9274]: 2018-08-23 18:12:46 regiond: [info] 192.168.11.46 POST /MAAS/metadata/status/egefre HTTP/1.1 --> 204 NO_CONTENT (referrer: -; agent: python-requests/2.9.1)
Aug 23 18:12:46 mas01 sh[9274]: 2018-08-23 18:12:46 regiond: [info] 192.168.11.45 POST /MAAS/metadata/status/4tyxy4 HTTP/1.1 --> 204 NO_CONTENT (referrer: -; agent: python-requests/2.9.1)
Aug 23 18:12:46 mas01 sh[8409]: 2018-08-23 18:12:46 regiond: [info] 192.168.11.46 POST /MAAS/metadata/status/egefre HTTP/1.1 --> 204 NO_CONTENT (referrer: -; agent: python-requests/2.9.1)
Aug 23 18:12:46 mas01 sh[8528]: 2018-08-23 18:12:46 regiond: [info] 192.168.11.45 POST /MAAS/metadata/status/4tyxy4 HTTP/1.1 --> 204 NO_CONTENT (referrer: -; agent: python-requests/2.9.1)
Aug 23 18:12:46 mas01 sh[8409]: 2018-08-23 18:12:46 regiond: [info] 192.168.11.46 POST /MAAS/metadata/status/egefre HTTP/1.1 --> 204 NO_CONTENT (referrer: -; agent: python-requests/2.9.1)
Aug 23 18:12:46 mas01 sh[8528]: 2018-08-23 18:12:46 regiond: [info] 192.168.11.45 POST /MAAS/metadata/status/4tyxy4 HTTP/1.1 --> 204 NO_CONTENT (referrer: -; agent: python-requests/2.9.1)
