Aug 19 11:38:11 mas01 dhcpd[20354]: DHCPOFFER on 192.168.11.46 to 00:25:b5:a0:00:4a via ens5
Aug 19 11:38:11 mas01 sh[15950]: 2018-08-19 11:38:11 provisioningserver.rackdservices.tftp: [info] pxelinux.0 requested by 00:25:b5:a0:00:2a
Aug 19 11:38:11 mas01 sh[15950]: 2018-08-19 11:38:11 provisioningserver.rackdservices.tftp: [info] pxelinux.0 requested by 00:25:b5:a0:00:2a
Aug 19 11:38:12 mas01 sh[17173]: 2018-08-19 11:38:12 maasserver.rpc.leases: [info] Lease update: commit for 192.168.11.45 on 0:25:b5:a0:0:2a at 2018-08-19 11:38:11 (lease time: 30s)
Aug 19 11:38:12 mas01 sh[15950]: 2018-08-19 11:38:12 provisioningserver.rackdservices.tftp: [info] ldlinux.c32 requested by 00:25:b5:a0:00:2a
Aug 19 11:38:12 mas01 sh[15950]: 2018-08-19 11:38:12 provisioningserver.rackdservices.tftp: [info] pxelinux.cfg/f0c9cf06-d8ce-11e4-0000-10000000006f requested by 00:25:b5:a0:00:2a
Aug 19 11:38:12 mas01 sh[15950]: 2018-08-19 11:38:12 provisioningserver.rackdservices.tftp: [info] pxelinux.cfg/01-00-25-b5-a0-00-2a requested by 00:25:b5:a0:00:2a
Aug 19 11:38:12 mas01 sh[15950]: 2018-08-19 11:38:12 provisioningserver.rackdservices.tftp: [info] pxelinux.cfg/01-00-25-b5-a0-00-2a requested by 00:25:b5:a0:00:2a
Aug 19 11:38:12 mas01 sh[15950]: 2018-08-19 11:38:12 provisioningserver.rackdservices.tftp: [info] ubuntu/amd64/hwe-16.04/xenial/daily/boot-kernel requested by 00:25:b5:a0:00:2a
Aug 19 11:38:12 mas01 dhcpd[20354]: DHCPDISCOVER from 00:25:b5:a0:00:3a (kvm02) via ens5
Aug 19 11:38:13 mas01 dhcpd[20354]: DHCPOFFER on 192.168.11.47 to 00:25:b5:a0:00:3a via ens5
Aug 19 11:38:14 mas01 sh[15950]: 2018-08-19 11:38:14 provisioningserver.rackdservices.tftp: [info] ubuntu/amd64/hwe-16.04/xenial/daily/boot-initrd requested by 00:25:b5:a0:00:2a
Aug 19 11:38:14 mas01 ntpd[17341]: Soliciting pool server 91.189.94.4
Aug 19 11:38:14 mas01 dhcpd[20354]: execute_statement argv[0] = /usr/sbin/maas-dhcp-helper
Aug 19 11:38:14 mas01 dhcpd[20354]: execute_statement argv[1] = notify
Aug 19 11:38:14 mas01 dhcpd[20354]: execute_statement argv[2] = --action
Aug 19 11:38:14 mas01 dhcpd[20354]: execute_statement argv[3] = commit
Aug 19 11:38:14 mas01 dhcpd[20354]: execute_statement argv[4] = --mac
Aug 19 11:38:14 mas01 dhcpd[20354]: execute_statement argv[5] = 0:25:b5:a0:0:4a
Aug 19 11:38:14 mas01 dhcpd[20354]: execute_statement argv[6] = --ip-family
Aug 19 11:38:14 mas01 dhcpd[20354]: execute_statement argv[7] = ipv4
Aug 19 11:38:14 mas01 dhcpd[20354]: execute_statement argv[8] = --ip
Aug 19 11:38:14 mas01 dhcpd[20354]: execute_statement argv[9] = 192.168.11.46
Aug 19 11:38:14 mas01 dhcpd[20354]: execute_statement argv[10] = --lease-time
Aug 19 11:38:14 mas01 dhcpd[20354]: execute_statement argv[11] = 30
Aug 19 11:38:14 mas01 dhcpd[20354]: execute_statement argv[12] = --hostname
Aug 19 11:38:14 mas01 dhcpd[20354]: execute_statement argv[13] = (none)
Aug 19 11:38:14 mas01 dhcpd[20354]: execute_statement argv[14] = --socket
Aug 19 11:38:14 mas01 dhcpd[20354]: execute_statement argv[15] = /var/lib/maas/dhcpd.sock
Aug 19 11:38:15 mas01 dhcpd[20354]: DHCPREQUEST for 192.168.11.46 (192.168.11.3) from 00:25:b5:a0:00:4a via ens5
Aug 19 11:38:15 mas01 dhcpd[20354]: DHCPACK on 192.168.11.46 to 00:25:b5:a0:00:4a via ens5
Aug 19 11:38:15 mas01 sh[15950]: 2018-08-19 11:38:15 provisioningserver.rackdservices.tftp: [info] pxelinux.0 requested by 00:25:b5:a0:00:4a
Aug 19 11:38:15 mas01 sh[15950]: 2018-08-19 11:38:15 provisioningserver.rackdservices.tftp: [info] pxelinux.0 requested by 00:25:b5:a0:00:4a
Aug 19 11:38:15 mas01 sh[16615]: 2018-08-19 11:38:15 maasserver.rpc.leases: [info] Lease update: commit for 192.168.11.46 on 0:25:b5:a0:0:4a at 2018-08-19 11:38:15 (lease time: 30s)
Aug 19 11:38:15 mas01 sh[15950]: 2018-08-19 11:38:15 provisioningserver.rackdservices.tftp: [info] ldlinux.c32 requested by 00:25:b5:a0:00:4a
Aug 19 11:38:15 mas01 sh[15950]: 2018-08-19 11:38:15 provisioningserver.rackdservices.tftp: [info] pxelinux.cfg/f0c9cf06-d8ce-11e4-0000-10000000004f requested by 00:25:b5:a0:00:4a
Aug 19 11:38:15 mas01 sh[15950]: 2018-08-19 11:38:15 provisioningserver.rackdservices.tftp: [info] pxelinux.cfg/01-00-25-b5-a0-00-4a requested by 00:25:b5:a0:00:4a
Aug 19 11:38:15 mas01 sh[15950]: 2018-08-19 11:38:15 provisioningserver.rackdservices.tftp: [info] pxelinux.cfg/01-00-25-b5-a0-00-4a requested by 00:25:b5:a0:00:4a
Aug 19 11:38:15 mas01 sh[15950]: 2018-08-19 11:38:15 provisioningserver.rackdservices.tftp: [info] ubuntu/amd64/hwe-16.04/xenial/daily/boot-kernel requested by 00:25:b5:a0:00:4a
Aug 19 11:38:16 mas01 dhcpd[20354]: execute_statement argv[0] = /usr/sbin/maas-dhcp-helper
Aug 19 11:38:16 mas01 dhcpd[20354]: execute_statement argv[1] = notify
Aug 19 11:38:16 mas01 dhcpd[20354]: execute_statement argv[2] = --action
Aug 19 11:38:16 mas01 dhcpd[20354]: execute_statement argv[3] = commit
Aug 19 11:38:16 mas01 dhcpd[20354]: execute_statement argv[4] = --mac
Aug 19 11:38:16 mas01 dhcpd[20354]: execute_statement argv[5] = 0:25:b5:a0:0:3a
Aug 19 11:38:16 mas01 dhcpd[20354]: execute_statement argv[6] = --ip-family
Aug 19 11:38:16 mas01 dhcpd[20354]: execute_statement argv[7] = ipv4
Aug 19 11:38:16 mas01 dhcpd[20354]: execute_statement argv[8] = --ip
Aug 19 11:38:16 mas01 dhcpd[20354]: execute_statement argv[9] = 192.168.11.47
Aug 19 11:38:16 mas01 dhcpd[20354]: execute_statement argv[10] = --lease-time
Aug 19 11:38:16 mas01 dhcpd[20354]: execute_statement argv[11] = 30
Aug 19 11:38:16 mas01 dhcpd[20354]: execute_statement argv[12] = --hostname
Aug 19 11:38:16 mas01 dhcpd[20354]: execute_statement argv[13] = (none)
Aug 19 11:38:16 mas01 dhcpd[20354]: execute_statement argv[14] = --socket
Aug 19 11:38:16 mas01 dhcpd[20354]: execute_statement argv[15] = /var/lib/maas/dhcpd.sock
Aug 19 11:38:16 mas01 dhcpd[20354]: DHCPREQUEST for 192.168.11.47 (192.168.11.3) from 00:25:b5:a0:00:3a via ens5
Aug 19 11:38:16 mas01 dhcpd[20354]: DHCPACK on 192.168.11.47 to 00:25:b5:a0:00:3a via ens5
Aug 19 11:38:16 mas01 sh[15950]: 2018-08-19 11:38:16 provisioningserver.rackdservices.tftp: [info] pxelinux.0 requested by 00:25:b5:a0:00:3a
Aug 19 11:38:16 mas01 sh[15950]: 2018-08-19 11:38:16 provisioningserver.rackdservices.tftp: [info] pxelinux.0 requested by 00:25:b5:a0:00:3a
Aug 19 11:38:17 mas01 sh[17173]: 2018-08-19 11:38:17 maasserver.rpc.leases: [info] Lease update: commit for 192.168.11.47 on 0:25:b5:a0:0:3a at 2018-08-19 11:38:16 (lease time: 30s)
Aug 19 11:38:17 mas01 sh[16489]: 2018-08-19 11:38:17 regiond: [info] 127.0.0.1 GET /MAAS/rpc/ HTTP/1.0 --> 200 OK (referrer: -; agent: provisioningserver.rpc.clusterservice.ClusterClientService)
Aug 19 11:38:17 mas01 sh[15950]: 2018-08-19 11:38:17 provisioningserver.rackdservices.tftp: [info] ldlinux.c32 requested by 00:25:b5:a0:00:3a
Aug 19 11:38:17 mas01 sh[15950]: 2018-08-19 11:38:17 provisioningserver.rackdservices.tftp: [info] pxelinux.cfg/f0c9cf06-d8ce-11e4-0000-10000000007f requested by 00:25:b5:a0:00:3a
Aug 19 11:38:17 mas01 sh[15950]: 2018-08-19 11:38:17 provisioningserver.rackdservices.tftp: [info] pxelinux.cfg/01-00-25-b5-a0-00-3a requested by 00:25:b5:a0:00:3a
Aug 19 11:38:17 mas01 sh[15950]: 2018-08-19 11:38:17 provisioningserver.rackdservices.tftp: [info] pxelinux.cfg/01-00-25-b5-a0-00-3a requested by 00:25:b5:a0:00:3a
Aug 19 11:38:17 mas01 sh[15950]: 2018-08-19 11:38:17 provisioningserver.rackdservices.tftp: [info] ubuntu/amd64/hwe-16.04/xenial/daily/boot-kernel requested by 00:25:b5:a0:00:3a
Aug 19 11:38:17 mas01 sh[15950]: 2018-08-19 11:38:17 provisioningserver.rackdservices.tftp: [info] ubuntu/amd64/hwe-16.04/xenial/daily/boot-initrd requested by 00:25:b5:a0:00:4a
Aug 19 11:38:19 mas01 salt-minion[1304]: [INFO    ] User sudo_ubuntu Executing command state.apply with jid 20180819113819828133
Aug 19 11:38:19 mas01 salt-minion[1304]: [INFO    ] Starting a new job with PID 21137
Aug 19 11:38:19 mas01 sh[15950]: 2018-08-19 11:38:19 provisioningserver.rackdservices.tftp: [info] ubuntu/amd64/hwe-16.04/xenial/daily/boot-initrd requested by 00:25:b5:a0:00:3a
Aug 19 11:38:21 mas01 salt-minion[1304]: [INFO    ] Loading fresh modules for state activity
Aug 19 11:38:21 mas01 salt-minion[1304]: [INFO    ] Running state [maas-region apikey --username opnfv > /var/lib/maas/.maas_credentials] at time 11:38:21.844291
Aug 19 11:38:21 mas01 salt-minion[1304]: [INFO    ] Executing state cmd.run for [maas-region apikey --username opnfv > /var/lib/maas/.maas_credentials]
Aug 19 11:38:21 mas01 salt-minion[1304]: [INFO    ] Executing command 'maas-region apikey --username opnfv > /var/lib/maas/.maas_credentials' in directory '/root'
Aug 19 11:38:23 mas01 salt-minion[1304]: [INFO    ] {'pid': 21146, 'retcode': 0, 'stderr': '', 'stdout': ''}
Aug 19 11:38:23 mas01 salt-minion[1304]: [INFO    ] Completed state [maas-region apikey --username opnfv > /var/lib/maas/.maas_credentials] at time 11:38:23.433624 duration_in_ms=1589.329
Aug 19 11:38:23 mas01 salt-minion[1304]: [INFO    ] Running state [maas.machines_status] at time 11:38:23.437234
Aug 19 11:38:23 mas01 salt-minion[1304]: [INFO    ] Executing state module.run for [maas.machines_status]
Aug 19 11:38:23 mas01 salt-minion[1304]: [WARNING ] The function "module.run" is using its deprecated version and will expire in version "Sodium".
Aug 19 11:38:24 mas01 salt-minion[1304]: [INFO    ] {'ret': {'machines': [{'status': 'Deploying', 'hostname': u'cmp002', 'system_id': u'khnd4c'}, {'status': 'Deploying', 'hostname': u'cmp001', 'system_id': u'mccrdw'}, {'status': 'Deploying', 'hostname': u'kvm01', 'system_id': u'gpcr4k'}, {'status': 'Deploying', 'hostname': u'kvm03', 'system_id': u're6chr'}, {'status': 'Deploying', 'hostname': u'kvm02', 'system_id': u'aw7a3t'}], 'summary': Counter({'Deploying': 5})}}
Aug 19 11:38:24 mas01 salt-minion[1304]: [INFO    ] Completed state [maas.machines_status] at time 11:38:24.022878 duration_in_ms=585.632
Aug 19 11:38:24 mas01 salt-minion[1304]: [INFO    ] Returning information for job: 20180819113819828133
Aug 19 11:38:26 mas01 sh[17173]: 2018-08-19 11:38:26 maasserver.regiondservices.active_discovery: [info] Active network discovery: Active scanning is not enabled on any subnet. Skipping periodic scan.
Aug 19 11:38:33 mas01 dhcpd[20354]: DHCPDISCOVER from 00:25:b5:a0:00:6a via ens5
Aug 19 11:38:33 mas01 dhcpd[20354]: DHCPOFFER on 192.168.11.43 to 00:25:b5:a0:00:6a (cmp002) via ens5
Aug 19 11:38:33 mas01 dhcpd[20354]: execute_statement argv[0] = /usr/sbin/maas-dhcp-helper
Aug 19 11:38:33 mas01 dhcpd[20354]: execute_statement argv[1] = notify
Aug 19 11:38:33 mas01 dhcpd[20354]: execute_statement argv[2] = --action
Aug 19 11:38:33 mas01 dhcpd[20354]: execute_statement argv[3] = commit
Aug 19 11:38:33 mas01 dhcpd[20354]: execute_statement argv[4] = --mac
Aug 19 11:38:33 mas01 dhcpd[20354]: execute_statement argv[5] = 0:25:b5:a0:0:6a
Aug 19 11:38:33 mas01 dhcpd[20354]: execute_statement argv[6] = --ip-family
Aug 19 11:38:33 mas01 dhcpd[20354]: execute_statement argv[7] = ipv4
Aug 19 11:38:33 mas01 dhcpd[20354]: execute_statement argv[8] = --ip
Aug 19 11:38:33 mas01 dhcpd[20354]: execute_statement argv[9] = 192.168.11.43
Aug 19 11:38:33 mas01 dhcpd[20354]: execute_statement argv[10] = --lease-time
Aug 19 11:38:33 mas01 dhcpd[20354]: execute_statement argv[11] = 600
Aug 19 11:38:33 mas01 dhcpd[20354]: execute_statement argv[12] = --hostname
Aug 19 11:38:33 mas01 dhcpd[20354]: execute_statement argv[13] = cmp002
Aug 19 11:38:33 mas01 dhcpd[20354]: execute_statement argv[14] = --socket
Aug 19 11:38:33 mas01 dhcpd[20354]: execute_statement argv[15] = /var/lib/maas/dhcpd.sock
Aug 19 11:38:33 mas01 dhcpd[20354]: DHCPREQUEST for 192.168.11.43 (192.168.11.3) from 00:25:b5:a0:00:6a (cmp002) via ens5
Aug 19 11:38:33 mas01 dhcpd[20354]: DHCPACK on 192.168.11.43 to 00:25:b5:a0:00:6a (cmp002) via ens5
Aug 19 11:38:33 mas01 dhcpd[20354]: DHCPDISCOVER from 00:25:b5:a0:00:5a via ens5
Aug 19 11:38:33 mas01 dhcpd[20354]: DHCPOFFER on 192.168.11.44 to 00:25:b5:a0:00:5a (cmp001) via ens5
Aug 19 11:38:33 mas01 dhcpd[20354]: execute_statement argv[0] = /usr/sbin/maas-dhcp-helper
Aug 19 11:38:33 mas01 dhcpd[20354]: execute_statement argv[1] = notify
Aug 19 11:38:33 mas01 dhcpd[20354]: execute_statement argv[2] = --action
Aug 19 11:38:33 mas01 dhcpd[20354]: execute_statement argv[3] = commit
Aug 19 11:38:33 mas01 dhcpd[20354]: execute_statement argv[4] = --mac
Aug 19 11:38:33 mas01 dhcpd[20354]: execute_statement argv[5] = 0:25:b5:a0:0:5a
Aug 19 11:38:33 mas01 dhcpd[20354]: execute_statement argv[6] = --ip-family
Aug 19 11:38:33 mas01 dhcpd[20354]: execute_statement argv[7] = ipv4
Aug 19 11:38:33 mas01 dhcpd[20354]: execute_statement argv[8] = --ip
Aug 19 11:38:33 mas01 dhcpd[20354]: execute_statement argv[9] = 192.168.11.44
Aug 19 11:38:33 mas01 dhcpd[20354]: execute_statement argv[10] = --lease-time
Aug 19 11:38:33 mas01 dhcpd[20354]: execute_statement argv[11] = 600
Aug 19 11:38:33 mas01 dhcpd[20354]: execute_statement argv[12] = --hostname
Aug 19 11:38:33 mas01 dhcpd[20354]: execute_statement argv[13] = cmp001
Aug 19 11:38:33 mas01 dhcpd[20354]: execute_statement argv[14] = --socket
Aug 19 11:38:33 mas01 dhcpd[20354]: execute_statement argv[15] = /var/lib/maas/dhcpd.sock
Aug 19 11:38:33 mas01 sh[17173]: 2018-08-19 11:38:33 maasserver.rpc.leases: [info] Lease update: commit for 192.168.11.43 on 0:25:b5:a0:0:6a at 2018-08-19 11:38:33 (lease time: 600s) (hostname: cmp002)
Aug 19 11:38:33 mas01 dhcpd[20354]: DHCPREQUEST for 192.168.11.44 (192.168.11.3) from 00:25:b5:a0:00:5a (cmp001) via ens5
Aug 19 11:38:33 mas01 dhcpd[20354]: DHCPACK on 192.168.11.44 to 00:25:b5:a0:00:5a (cmp001) via ens5
Aug 19 11:38:33 mas01 sh[16493]: 2018-08-19 11:38:33 maasserver.rpc.leases: [info] Lease update: commit for 192.168.11.44 on 0:25:b5:a0:0:5a at 2018-08-19 11:38:33 (lease time: 600s) (hostname: cmp001)
Aug 19 11:38:34 mas01 sh[15950]: 2018-08-19 11:38:34 rackd: [info] 192.168.11.43 GET /images/ubuntu/amd64/hwe-16.04/xenial/daily/squashfs HTTP/1.1 --> 200 OK (referrer: -; agent: Wget)
Aug 19 11:38:34 mas01 sh[15950]: 2018-08-19 11:38:34 rackd: [info] 192.168.11.44 GET /images/ubuntu/amd64/hwe-16.04/xenial/daily/squashfs HTTP/1.1 --> 200 OK (referrer: -; agent: Wget)
Aug 19 11:38:34 mas01 salt-minion[1304]: [INFO    ] User sudo_ubuntu Executing command state.apply with jid 20180819113834689093
Aug 19 11:38:34 mas01 salt-minion[1304]: [INFO    ] Starting a new job with PID 21192
Aug 19 11:38:35 mas01 salt-minion[1304]: [INFO    ] Loading fresh modules for state activity
Aug 19 11:38:35 mas01 salt-minion[1304]: [INFO    ] Running state [maas-region apikey --username opnfv > /var/lib/maas/.maas_credentials] at time 11:38:35.402334
Aug 19 11:38:35 mas01 salt-minion[1304]: [INFO    ] Executing state cmd.run for [maas-region apikey --username opnfv > /var/lib/maas/.maas_credentials]
Aug 19 11:38:35 mas01 salt-minion[1304]: [INFO    ] Executing command 'maas-region apikey --username opnfv > /var/lib/maas/.maas_credentials' in directory '/root'
Aug 19 11:38:37 mas01 salt-minion[1304]: [INFO    ] {'pid': 21199, 'retcode': 0, 'stderr': '', 'stdout': ''}
Aug 19 11:38:37 mas01 salt-minion[1304]: [INFO    ] Completed state [maas-region apikey --username opnfv > /var/lib/maas/.maas_credentials] at time 11:38:37.117046 duration_in_ms=1714.711
Aug 19 11:38:37 mas01 salt-minion[1304]: [INFO    ] Running state [maas.machines_status] at time 11:38:37.119715
Aug 19 11:38:37 mas01 salt-minion[1304]: [INFO    ] Executing state module.run for [maas.machines_status]
Aug 19 11:38:37 mas01 salt-minion[1304]: [WARNING ] The function "module.run" is using its deprecated version and will expire in version "Sodium".
Aug 19 11:38:37 mas01 sh[16493]: 2018-08-19 11:38:37 regiond: [info] 192.168.11.43 GET /MAAS/metadata/latest/by-id/khnd4c/?op=get_preseed HTTP/1.1 --> 200 OK (referrer: -; agent: Cloud-Init/18.3-9-g2e62cb8a-0ubuntu1~16.04.2)
Aug 19 11:38:37 mas01 sh[17173]: 2018-08-19 11:38:37 regiond: [info] 192.168.11.43 POST /MAAS/metadata/status/khnd4c HTTP/1.1 --> 204 NO_CONTENT (referrer: -; agent: python-requests/2.9.1)
Aug 19 11:38:37 mas01 sh[17173]: 2018-08-19 11:38:37 regiond: [info] 192.168.11.43 POST /MAAS/metadata/status/khnd4c HTTP/1.1 --> 204 NO_CONTENT (referrer: -; agent: python-requests/2.9.1)
Aug 19 11:38:37 mas01 sh[17173]: 2018-08-19 11:38:37 regiond: [info] 192.168.11.44 GET /MAAS/metadata/latest/by-id/mccrdw/?op=get_preseed HTTP/1.1 --> 200 OK (referrer: -; agent: Cloud-Init/18.3-9-g2e62cb8a-0ubuntu1~16.04.2)
Aug 19 11:38:37 mas01 sh[16489]: 2018-08-19 11:38:37 regiond: [info] 192.168.11.44 POST /MAAS/metadata/status/mccrdw HTTP/1.1 --> 204 NO_CONTENT (referrer: -; agent: python-requests/2.9.1)
Aug 19 11:38:37 mas01 sh[16615]: 2018-08-19 11:38:37 regiond: [info] 192.168.11.44 POST /MAAS/metadata/status/mccrdw HTTP/1.1 --> 204 NO_CONTENT (referrer: -; agent: python-requests/2.9.1)
Aug 19 11:38:37 mas01 sh[17173]: 2018-08-19 11:38:37 regiond: [info] 192.168.11.43 POST /MAAS/metadata/status/khnd4c HTTP/1.1 --> 204 NO_CONTENT (referrer: -; agent: python-requests/2.9.1)
Aug 19 11:38:37 mas01 sh[16489]: 2018-08-19 11:38:37 regiond: [info] 192.168.11.44 POST /MAAS/metadata/status/mccrdw HTTP/1.1 --> 204 NO_CONTENT (referrer: -; agent: python-requests/2.9.1)
Aug 19 11:38:37 mas01 dhcpd[20354]: DHCPDISCOVER from 00:25:b5:a0:00:4a via ens5
Aug 19 11:38:37 mas01 dhcpd[20354]: DHCPOFFER on 192.168.11.46 to 00:25:b5:a0:00:4a (kvm03) via ens5
Aug 19 11:38:37 mas01 dhcpd[20354]: execute_statement argv[0] = /usr/sbin/maas-dhcp-helper
Aug 19 11:38:37 mas01 dhcpd[20354]: execute_statement argv[1] = notify
Aug 19 11:38:37 mas01 dhcpd[20354]: execute_statement argv[2] = --action
Aug 19 11:38:37 mas01 dhcpd[20354]: execute_statement argv[3] = commit
Aug 19 11:38:37 mas01 dhcpd[20354]: execute_statement argv[4] = --mac
Aug 19 11:38:37 mas01 dhcpd[20354]: execute_statement argv[5] = 0:25:b5:a0:0:4a
Aug 19 11:38:37 mas01 dhcpd[20354]: execute_statement argv[6] = --ip-family
Aug 19 11:38:37 mas01 dhcpd[20354]: execute_statement argv[7] = ipv4
Aug 19 11:38:37 mas01 dhcpd[20354]: execute_statement argv[8] = --ip
Aug 19 11:38:37 mas01 dhcpd[20354]: execute_statement argv[9] = 192.168.11.46
Aug 19 11:38:37 mas01 dhcpd[20354]: execute_statement argv[10] = --lease-time
Aug 19 11:38:37 mas01 dhcpd[20354]: execute_statement argv[11] = 600
Aug 19 11:38:37 mas01 dhcpd[20354]: execute_statement argv[12] = --hostname
Aug 19 11:38:37 mas01 dhcpd[20354]: execute_statement argv[13] = kvm03
Aug 19 11:38:37 mas01 dhcpd[20354]: execute_statement argv[14] = --socket
Aug 19 11:38:37 mas01 dhcpd[20354]: execute_statement argv[15] = /var/lib/maas/dhcpd.sock
Aug 19 11:38:38 mas01 sh[16489]: 2018-08-19 11:38:38 maasserver.rpc.leases: [info] Lease update: commit for 192.168.11.46 on 0:25:b5:a0:0:4a at 2018-08-19 11:38:38 (lease time: 600s) (hostname: kvm03)
Aug 19 11:38:38 mas01 dhcpd[20354]: DHCPREQUEST for 192.168.11.46 (192.168.11.3) from 00:25:b5:a0:00:4a (kvm03) via ens5
Aug 19 11:38:38 mas01 dhcpd[20354]: DHCPACK on 192.168.11.46 to 00:25:b5:a0:00:4a (kvm03) via ens5
Aug 19 11:38:38 mas01 dhcpd[20354]: DHCPDISCOVER from 00:25:b5:a0:00:2a via ens5
Aug 19 11:38:38 mas01 dhcpd[20354]: DHCPOFFER on 192.168.11.45 to 00:25:b5:a0:00:2a (kvm01) via ens5
Aug 19 11:38:38 mas01 dhcpd[20354]: execute_statement argv[0] = /usr/sbin/maas-dhcp-helper
Aug 19 11:38:38 mas01 dhcpd[20354]: execute_statement argv[1] = notify
Aug 19 11:38:38 mas01 dhcpd[20354]: execute_statement argv[2] = --action
Aug 19 11:38:38 mas01 dhcpd[20354]: execute_statement argv[3] = commit
Aug 19 11:38:38 mas01 dhcpd[20354]: execute_statement argv[4] = --mac
Aug 19 11:38:38 mas01 dhcpd[20354]: execute_statement argv[5] = 0:25:b5:a0:0:2a
Aug 19 11:38:38 mas01 dhcpd[20354]: execute_statement argv[6] = --ip-family
Aug 19 11:38:38 mas01 dhcpd[20354]: execute_statement argv[7] = ipv4
Aug 19 11:38:38 mas01 dhcpd[20354]: execute_statement argv[8] = --ip
Aug 19 11:38:38 mas01 dhcpd[20354]: execute_statement argv[9] = 192.168.11.45
Aug 19 11:38:38 mas01 dhcpd[20354]: execute_statement argv[10] = --lease-time
Aug 19 11:38:38 mas01 dhcpd[20354]: execute_statement argv[11] = 600
Aug 19 11:38:38 mas01 dhcpd[20354]: execute_statement argv[12] = --hostname
Aug 19 11:38:38 mas01 dhcpd[20354]: execute_statement argv[13] = kvm01
Aug 19 11:38:38 mas01 dhcpd[20354]: execute_statement argv[14] = --socket
Aug 19 11:38:38 mas01 dhcpd[20354]: execute_statement argv[15] = /var/lib/maas/dhcpd.sock
Aug 19 11:38:38 mas01 sh[16489]: 2018-08-19 11:38:38 maasserver.rpc.leases: [info] Lease update: commit for 192.168.11.45 on 0:25:b5:a0:0:2a at 2018-08-19 11:38:38 (lease time: 600s) (hostname: kvm01)
Aug 19 11:38:38 mas01 dhcpd[20354]: DHCPREQUEST for 192.168.11.45 (192.168.11.3) from 00:25:b5:a0:00:2a (kvm01) via ens5
Aug 19 11:38:38 mas01 dhcpd[20354]: DHCPACK on 192.168.11.45 to 00:25:b5:a0:00:2a (kvm01) via ens5
Aug 19 11:38:38 mas01 sh[17173]: 2018-08-19 11:38:38 regiond: [info] 192.168.11.44 POST /MAAS/metadata/status/mccrdw HTTP/1.1 --> 204 NO_CONTENT (referrer: -; agent: python-requests/2.9.1)
Aug 19 11:38:38 mas01 sh[16493]: 2018-08-19 11:38:38 regiond: [info] 192.168.11.44 POST /MAAS/metadata/status/mccrdw HTTP/1.1 --> 204 NO_CONTENT (referrer: -; agent: python-requests/2.9.1)
Aug 19 11:38:38 mas01 sh[17173]: 2018-08-19 11:38:38 regiond: [info] 192.168.11.44 POST /MAAS/metadata/status/mccrdw HTTP/1.1 --> 204 NO_CONTENT (referrer: -; agent: python-requests/2.9.1)
Aug 19 11:38:38 mas01 salt-minion[1304]: [INFO    ] {'ret': {'machines': [{'status': 'Deploying', 'hostname': u'cmp002', 'system_id': u'khnd4c'}, {'status': 'Deploying', 'hostname': u'cmp001', 'system_id': u'mccrdw'}, {'status': 'Deploying', 'hostname': u'kvm01', 'system_id': u'gpcr4k'}, {'status': 'Deploying', 'hostname': u'kvm03', 'system_id': u're6chr'}, {'status': 'Deploying', 'hostname': u'kvm02', 'system_id': u'aw7a3t'}], 'summary': Counter({'Deploying': 5})}}
Aug 19 11:38:38 mas01 salt-minion[1304]: [INFO    ] Completed state [maas.machines_status] at time 11:38:38.129385 duration_in_ms=1009.669
Aug 19 11:38:38 mas01 salt-minion[1304]: [INFO    ] Returning information for job: 20180819113834689093
Aug 19 11:38:38 mas01 sh[17173]: 2018-08-19 11:38:38 regiond: [info] 192.168.11.44 GET /MAAS/metadata/curtin/2012-03-01/meta-data/instance-id HTTP/1.1 --> 200 OK (referrer: -; agent: Cloud-Init/18.3-9-g2e62cb8a-0ubuntu1~16.04.2)
Aug 19 11:38:38 mas01 sh[16493]: 2018-08-19 11:38:38 regiond: [info] 192.168.11.43 POST /MAAS/metadata/status/khnd4c HTTP/1.1 --> 204 NO_CONTENT (referrer: -; agent: python-requests/2.9.1)
Aug 19 11:38:38 mas01 sh[16615]: 2018-08-19 11:38:38 regiond: [info] 192.168.11.43 POST /MAAS/metadata/status/khnd4c HTTP/1.1 --> 204 NO_CONTENT (referrer: -; agent: python-requests/2.9.1)
Aug 19 11:38:38 mas01 sh[16489]: 2018-08-19 11:38:38 regiond: [info] 192.168.11.43 POST /MAAS/metadata/status/khnd4c HTTP/1.1 --> 204 NO_CONTENT (referrer: -; agent: python-requests/2.9.1)
Aug 19 11:38:38 mas01 sh[17173]: 2018-08-19 11:38:38 regiond: [info] 192.168.11.44 GET /MAAS/metadata/curtin/2012-03-01/meta-data/instance-id HTTP/1.1 --> 200 OK (referrer: -; agent: python-requests/2.9.1)
Aug 19 11:38:38 mas01 sh[17173]: 2018-08-19 11:38:38 regiond: [info] 192.168.11.43 GET /MAAS/metadata/curtin/2012-03-01/meta-data/instance-id HTTP/1.1 --> 200 OK (referrer: -; agent: Cloud-Init/18.3-9-g2e62cb8a-0ubuntu1~16.04.2)
Aug 19 11:38:38 mas01 sh[16615]: 2018-08-19 11:38:38 regiond: [info] 192.168.11.43 GET /MAAS/metadata/curtin/2012-03-01/meta-data/instance-id HTTP/1.1 --> 200 OK (referrer: -; agent: python-requests/2.9.1)
Aug 19 11:38:38 mas01 sh[16489]: 2018-08-19 11:38:38 regiond: [info] 192.168.11.44 GET /MAAS/metadata/curtin/2012-03-01/meta-data/local-hostname HTTP/1.1 --> 200 OK (referrer: -; agent: python-requests/2.9.1)
Aug 19 11:38:38 mas01 sh[16615]: 2018-08-19 11:38:38 regiond: [info] 192.168.11.43 GET /MAAS/metadata/curtin/2012-03-01/meta-data/local-hostname HTTP/1.1 --> 200 OK (referrer: -; agent: python-requests/2.9.1)
Aug 19 11:38:38 mas01 sh[16615]: 2018-08-19 11:38:38 regiond: [info] 192.168.11.44 GET /MAAS/metadata/curtin/2012-03-01/meta-data/vendor-data HTTP/1.1 --> 200 OK (referrer: -; agent: python-requests/2.9.1)
Aug 19 11:38:38 mas01 sh[17173]: 2018-08-19 11:38:38 regiond: [info] 192.168.11.43 GET /MAAS/metadata/curtin/2012-03-01/meta-data/vendor-data HTTP/1.1 --> 200 OK (referrer: -; agent: python-requests/2.9.1)
Aug 19 11:38:38 mas01 sh[15950]: 2018-08-19 11:38:38 rackd: [info] 192.168.11.46 GET /images/ubuntu/amd64/hwe-16.04/xenial/daily/squashfs HTTP/1.1 --> 200 OK (referrer: -; agent: Wget)
Aug 19 11:38:38 mas01 sh[15950]: 2018-08-19 11:38:38 rackd: [info] 192.168.11.45 GET /images/ubuntu/amd64/hwe-16.04/xenial/daily/squashfs HTTP/1.1 --> 200 OK (referrer: -; agent: Wget)
Aug 19 11:38:38 mas01 sh[16615]: 2018-08-19 11:38:38 maasserver.preseed: [warn] WARNING: '/etc/maas/preseeds/curtin_userdata_amd64_generic_xenial' contains deprecated preseed variables. Please remove: main_archive_directory, ports_archive_directory, http_proxy
Aug 19 11:38:38 mas01 sh[16489]: 2018-08-19 11:38:38 maasserver.preseed: [warn] WARNING: '/etc/maas/preseeds/curtin_userdata_amd64_generic_xenial' contains deprecated preseed variables. Please remove: main_archive_directory, ports_archive_directory, http_proxy
Aug 19 11:38:39 mas01 sh[16489]: 2018-08-19 11:38:39 regiond: [info] 192.168.11.43 GET /MAAS/metadata/curtin/2012-03-01/user-data HTTP/1.1 --> 200 OK (referrer: -; agent: python-requests/2.9.1)
Aug 19 11:38:39 mas01 sh[17173]: 2018-08-19 11:38:39 regiond: [info] 192.168.11.43 POST /MAAS/metadata/status/khnd4c HTTP/1.1 --> 204 NO_CONTENT (referrer: -; agent: python-requests/2.9.1)
Aug 19 11:38:39 mas01 sh[16615]: 2018-08-19 11:38:39 regiond: [info] 192.168.11.44 GET /MAAS/metadata/curtin/2012-03-01/user-data HTTP/1.1 --> 200 OK (referrer: -; agent: python-requests/2.9.1)
Aug 19 11:38:39 mas01 sh[16489]: 2018-08-19 11:38:39 regiond: [info] 192.168.11.43 POST /MAAS/metadata/status/khnd4c HTTP/1.1 --> 204 NO_CONTENT (referrer: -; agent: python-requests/2.9.1)
Aug 19 11:38:39 mas01 sh[17173]: 2018-08-19 11:38:39 regiond: [info] 192.168.11.44 POST /MAAS/metadata/status/mccrdw HTTP/1.1 --> 204 NO_CONTENT (referrer: -; agent: python-requests/2.9.1)
Aug 19 11:38:39 mas01 sh[16615]: 2018-08-19 11:38:39 regiond: [info] 192.168.11.43 POST /MAAS/metadata/status/khnd4c HTTP/1.1 --> 204 NO_CONTENT (referrer: -; agent: python-requests/2.9.1)
Aug 19 11:38:39 mas01 sh[16493]: 2018-08-19 11:38:39 regiond: [info] 192.168.11.43 POST /MAAS/metadata/status/khnd4c HTTP/1.1 --> 204 NO_CONTENT (referrer: -; agent: python-requests/2.9.1)
Aug 19 11:38:39 mas01 sh[17173]: 2018-08-19 11:38:39 regiond: [info] 192.168.11.43 POST /MAAS/metadata/status/khnd4c HTTP/1.1 --> 204 NO_CONTENT (referrer: -; agent: python-requests/2.9.1)
Aug 19 11:38:39 mas01 sh[17173]: 2018-08-19 11:38:39 regiond: [info] 192.168.11.43 POST /MAAS/metadata/status/khnd4c HTTP/1.1 --> 204 NO_CONTENT (referrer: -; agent: python-requests/2.9.1)
Aug 19 11:38:39 mas01 sh[16489]: 2018-08-19 11:38:39 regiond: [info] 192.168.11.43 POST /MAAS/metadata/status/khnd4c HTTP/1.1 --> 204 NO_CONTENT (referrer: -; agent: python-requests/2.9.1)
Aug 19 11:38:39 mas01 sh[17173]: 2018-08-19 11:38:39 regiond: [info] 192.168.11.44 POST /MAAS/metadata/status/mccrdw HTTP/1.1 --> 204 NO_CONTENT (referrer: -; agent: python-requests/2.9.1)
Aug 19 11:38:39 mas01 sh[16493]: 2018-08-19 11:38:39 regiond: [info] 192.168.11.44 POST /MAAS/metadata/status/mccrdw HTTP/1.1 --> 204 NO_CONTENT (referrer: -; agent: python-requests/2.9.1)
Aug 19 11:38:39 mas01 sh[17173]: 2018-08-19 11:38:39 regiond: [info] 192.168.11.43 POST /MAAS/metadata/status/khnd4c HTTP/1.1 --> 204 NO_CONTENT (referrer: -; agent: python-requests/2.9.1)
Aug 19 11:38:39 mas01 sh[16489]: 2018-08-19 11:38:39 regiond: [info] 192.168.11.43 POST /MAAS/metadata/status/khnd4c HTTP/1.1 --> 204 NO_CONTENT (referrer: -; agent: python-requests/2.9.1)
Aug 19 11:38:39 mas01 sh[16615]: 2018-08-19 11:38:39 regiond: [info] 192.168.11.44 POST /MAAS/metadata/status/mccrdw HTTP/1.1 --> 204 NO_CONTENT (referrer: -; agent: python-requests/2.9.1)
Aug 19 11:38:39 mas01 sh[16615]: 2018-08-19 11:38:39 regiond: [info] 192.168.11.44 POST /MAAS/metadata/status/mccrdw HTTP/1.1 --> 204 NO_CONTENT (referrer: -; agent: python-requests/2.9.1)
Aug 19 11:38:39 mas01 sh[16489]: 2018-08-19 11:38:39 regiond: [info] 192.168.11.44 POST /MAAS/metadata/status/mccrdw HTTP/1.1 --> 204 NO_CONTENT (referrer: -; agent: python-requests/2.9.1)
Aug 19 11:38:39 mas01 sh[17173]: 2018-08-19 11:38:39 regiond: [info] 192.168.11.44 POST /MAAS/metadata/status/mccrdw HTTP/1.1 --> 204 NO_CONTENT (referrer: -; agent: python-requests/2.9.1)
Aug 19 11:38:39 mas01 sh[16489]: 2018-08-19 11:38:39 regiond: [info] 192.168.11.44 POST /MAAS/metadata/status/mccrdw HTTP/1.1 --> 204 NO_CONTENT (referrer: -; agent: python-requests/2.9.1)
Aug 19 11:38:39 mas01 sh[16615]: 2018-08-19 11:38:39 regiond: [info] 192.168.11.44 POST /MAAS/metadata/status/mccrdw HTTP/1.1 --> 204 NO_CONTENT (referrer: -; agent: python-requests/2.9.1)
Aug 19 11:38:39 mas01 sh[16489]: 2018-08-19 11:38:39 regiond: [info] 192.168.11.43 POST /MAAS/metadata/status/khnd4c HTTP/1.1 --> 204 NO_CONTENT (referrer: -; agent: python-requests/2.9.1)
Aug 19 11:38:39 mas01 sh[17173]: 2018-08-19 11:38:39 regiond: [info] 192.168.11.43 POST /MAAS/metadata/status/khnd4c HTTP/1.1 --> 204 NO_CONTENT (referrer: -; agent: python-requests/2.9.1)
Aug 19 11:38:39 mas01 sh[16615]: 2018-08-19 11:38:39 regiond: [info] 192.168.11.43 POST /MAAS/metadata/status/khnd4c HTTP/1.1 --> 204 NO_CONTENT (referrer: -; agent: python-requests/2.9.1)
Aug 19 11:38:39 mas01 sh[17173]: 2018-08-19 11:38:39 regiond: [info] 192.168.11.43 POST /MAAS/metadata/status/khnd4c HTTP/1.1 --> 204 NO_CONTENT (referrer: -; agent: python-requests/2.9.1)
Aug 19 11:38:39 mas01 sh[17173]: 2018-08-19 11:38:39 regiond: [info] 192.168.11.43 POST /MAAS/metadata/status/khnd4c HTTP/1.1 --> 204 NO_CONTENT (referrer: -; agent: python-requests/2.9.1)
Aug 19 11:38:39 mas01 sh[16489]: 2018-08-19 11:38:39 regiond: [info] 192.168.11.43 POST /MAAS/metadata/status/khnd4c HTTP/1.1 --> 204 NO_CONTENT (referrer: -; agent: python-requests/2.9.1)
Aug 19 11:38:39 mas01 sh[16615]: 2018-08-19 11:38:39 regiond: [info] 192.168.11.43 POST /MAAS/metadata/status/khnd4c HTTP/1.1 --> 204 NO_CONTENT (referrer: -; agent: python-requests/2.9.1)
Aug 19 11:38:39 mas01 sh[17173]: 2018-08-19 11:38:39 regiond: [info] 192.168.11.43 POST /MAAS/metadata/status/khnd4c HTTP/1.1 --> 204 NO_CONTENT (referrer: -; agent: python-requests/2.9.1)
Aug 19 11:38:39 mas01 sh[17173]: message repeated 2 times: [ 2018-08-19 11:38:39 regiond: [info] 192.168.11.43 POST /MAAS/metadata/status/khnd4c HTTP/1.1 --> 204 NO_CONTENT (referrer: -; agent: python-requests/2.9.1)]
Aug 19 11:38:39 mas01 sh[16493]: 2018-08-19 11:38:39 regiond: [info] 192.168.11.43 POST /MAAS/metadata/status/khnd4c HTTP/1.1 --> 204 NO_CONTENT (referrer: -; agent: python-requests/2.9.1)
Aug 19 11:38:39 mas01 sh[16489]: 2018-08-19 11:38:39 regiond: [info] 192.168.11.43 POST /MAAS/metadata/status/khnd4c HTTP/1.1 --> 204 NO_CONTENT (referrer: -; agent: python-requests/2.9.1)
Aug 19 11:38:39 mas01 sh[16615]: 2018-08-19 11:38:39 regiond: [info] 192.168.11.44 POST /MAAS/metadata/status/mccrdw HTTP/1.1 --> 204 NO_CONTENT (referrer: -; agent: python-requests/2.9.1)
Aug 19 11:38:39 mas01 sh[16615]: 2018-08-19 11:38:39 regiond: [info] 192.168.11.44 POST /MAAS/metadata/status/mccrdw HTTP/1.1 --> 204 NO_CONTENT (referrer: -; agent: python-requests/2.9.1)
Aug 19 11:38:39 mas01 sh[16493]: 2018-08-19 11:38:39 regiond: [info] 192.168.11.43 POST /MAAS/metadata/status/khnd4c HTTP/1.1 --> 204 NO_CONTENT (referrer: -; agent: python-requests/2.9.1)
Aug 19 11:38:39 mas01 sh[16493]: 2018-08-19 11:38:39 regiond: [info] 192.168.11.44 POST /MAAS/metadata/status/mccrdw HTTP/1.1 --> 204 NO_CONTENT (referrer: -; agent: python-requests/2.9.1)
Aug 19 11:38:39 mas01 sh[16489]: 2018-08-19 11:38:39 regiond: [info] 192.168.11.43 POST /MAAS/metadata/status/khnd4c HTTP/1.1 --> 204 NO_CONTENT (referrer: -; agent: python-requests/2.9.1)
Aug 19 11:38:39 mas01 sh[16493]: 2018-08-19 11:38:39 regiond: [info] 192.168.11.44 POST /MAAS/metadata/status/mccrdw HTTP/1.1 --> 204 NO_CONTENT (referrer: -; agent: python-requests/2.9.1)
Aug 19 11:38:39 mas01 sh[16489]: 2018-08-19 11:38:39 regiond: [info] 192.168.11.43 POST /MAAS/metadata/status/khnd4c HTTP/1.1 --> 204 NO_CONTENT (referrer: -; agent: python-requests/2.9.1)
Aug 19 11:38:39 mas01 sh[16615]: 2018-08-19 11:38:39 regiond: [info] 192.168.11.44 POST /MAAS/metadata/status/mccrdw HTTP/1.1 --> 204 NO_CONTENT (referrer: -; agent: python-requests/2.9.1)
Aug 19 11:38:39 mas01 sh[17173]: 2018-08-19 11:38:39 regiond: [info] 192.168.11.43 POST /MAAS/metadata/status/khnd4c HTTP/1.1 --> 204 NO_CONTENT (referrer: -; agent: python-requests/2.9.1)
Aug 19 11:38:39 mas01 sh[16489]: 2018-08-19 11:38:39 regiond: [info] 192.168.11.44 POST /MAAS/metadata/status/mccrdw HTTP/1.1 --> 204 NO_CONTENT (referrer: -; agent: python-requests/2.9.1)
Aug 19 11:38:39 mas01 sh[17173]: 2018-08-19 11:38:39 regiond: [info] 192.168.11.43 POST /MAAS/metadata/status/khnd4c HTTP/1.1 --> 204 NO_CONTENT (referrer: -; agent: python-requests/2.9.1)
Aug 19 11:38:39 mas01 sh[16489]: 2018-08-19 11:38:39 regiond: [info] 192.168.11.44 POST /MAAS/metadata/status/mccrdw HTTP/1.1 --> 204 NO_CONTENT (referrer: -; agent: python-requests/2.9.1)
Aug 19 11:38:39 mas01 sh[16489]: 2018-08-19 11:38:39 regiond: [info] 192.168.11.43 POST /MAAS/metadata/status/khnd4c HTTP/1.1 --> 204 NO_CONTENT (referrer: -; agent: python-requests/2.9.1)
Aug 19 11:38:39 mas01 sh[16489]: 2018-08-19 11:38:39 regiond: [info] 192.168.11.44 POST /MAAS/metadata/status/mccrdw HTTP/1.1 --> 204 NO_CONTENT (referrer: -; agent: python-requests/2.9.1)
Aug 19 11:38:39 mas01 sh[16489]: 2018-08-19 11:38:39 regiond: [info] 192.168.11.43 POST /MAAS/metadata/status/khnd4c HTTP/1.1 --> 204 NO_CONTENT (referrer: -; agent: python-requests/2.9.1)
Aug 19 11:38:39 mas01 sh[17173]: 2018-08-19 11:38:39 regiond: [info] 192.168.11.44 POST /MAAS/metadata/status/mccrdw HTTP/1.1 --> 204 NO_CONTENT (referrer: -; agent: python-requests/2.9.1)
Aug 19 11:38:39 mas01 sh[16489]: 2018-08-19 11:38:39 regiond: [info] 192.168.11.43 POST /MAAS/metadata/status/khnd4c HTTP/1.1 --> 204 NO_CONTENT (referrer: -; agent: python-requests/2.9.1)
Aug 19 11:38:39 mas01 sh[16489]: 2018-08-19 11:38:39 regiond: [info] 192.168.11.43 POST /MAAS/metadata/status/khnd4c HTTP/1.1 --> 204 NO_CONTENT (referrer: -; agent: python-requests/2.9.1)
Aug 19 11:38:39 mas01 sh[17173]: 2018-08-19 11:38:39 regiond: [info] 192.168.11.43 POST /MAAS/metadata/status/khnd4c HTTP/1.1 --> 204 NO_CONTENT (referrer: -; agent: python-requests/2.9.1)
Aug 19 11:38:39 mas01 sh[16493]: 2018-08-19 11:38:39 regiond: [info] 192.168.11.44 POST /MAAS/metadata/status/mccrdw HTTP/1.1 --> 204 NO_CONTENT (referrer: -; agent: python-requests/2.9.1)
Aug 19 11:38:39 mas01 sh[16615]: 2018-08-19 11:38:39 regiond: [info] 192.168.11.43 POST /MAAS/metadata/status/khnd4c HTTP/1.1 --> 204 NO_CONTENT (referrer: -; agent: python-requests/2.9.1)
Aug 19 11:38:39 mas01 sh[16493]: 2018-08-19 11:38:39 regiond: [info] 192.168.11.44 POST /MAAS/metadata/status/mccrdw HTTP/1.1 --> 204 NO_CONTENT (referrer: -; agent: python-requests/2.9.1)
Aug 19 11:38:39 mas01 sh[16493]: 2018-08-19 11:38:39 regiond: [info] 192.168.11.43 POST /MAAS/metadata/status/khnd4c HTTP/1.1 --> 204 NO_CONTENT (referrer: -; agent: python-requests/2.9.1)
Aug 19 11:38:39 mas01 sh[16493]: 2018-08-19 11:38:39 regiond: [info] 192.168.11.43 POST /MAAS/metadata/status/khnd4c HTTP/1.1 --> 204 NO_CONTENT (referrer: -; agent: python-requests/2.9.1)
Aug 19 11:38:39 mas01 sh[17173]: 2018-08-19 11:38:39 regiond: [info] 192.168.11.44 POST /MAAS/metadata/status/mccrdw HTTP/1.1 --> 204 NO_CONTENT (referrer: -; agent: python-requests/2.9.1)
Aug 19 11:38:39 mas01 sh[16489]: 2018-08-19 11:38:39 regiond: [info] 192.168.11.44 POST /MAAS/metadata/status/mccrdw HTTP/1.1 --> 204 NO_CONTENT (referrer: -; agent: python-requests/2.9.1)
Aug 19 11:38:39 mas01 sh[16489]: 2018-08-19 11:38:39 regiond: [info] 192.168.11.43 POST /MAAS/metadata/status/khnd4c HTTP/1.1 --> 204 NO_CONTENT (referrer: -; agent: python-requests/2.9.1)
Aug 19 11:38:39 mas01 sh[16615]: 2018-08-19 11:38:39 regiond: [info] 192.168.11.44 POST /MAAS/metadata/status/mccrdw HTTP/1.1 --> 204 NO_CONTENT (referrer: -; agent: python-requests/2.9.1)
Aug 19 11:38:39 mas01 sh[16615]: 2018-08-19 11:38:39 regiond: [info] 192.168.11.43 POST /MAAS/metadata/status/khnd4c HTTP/1.1 --> 204 NO_CONTENT (referrer: -; agent: python-requests/2.9.1)
Aug 19 11:38:39 mas01 sh[16615]: 2018-08-19 11:38:39 regiond: [info] 192.168.11.44 POST /MAAS/metadata/status/mccrdw HTTP/1.1 --> 204 NO_CONTENT (referrer: -; agent: python-requests/2.9.1)
Aug 19 11:38:39 mas01 sh[16493]: 2018-08-19 11:38:39 regiond: [info] 192.168.11.44 POST /MAAS/metadata/status/mccrdw HTTP/1.1 --> 204 NO_CONTENT (referrer: -; agent: python-requests/2.9.1)
Aug 19 11:38:39 mas01 sh[16615]: 2018-08-19 11:38:39 regiond: [info] 192.168.11.44 POST /MAAS/metadata/status/mccrdw HTTP/1.1 --> 204 NO_CONTENT (referrer: -; agent: python-requests/2.9.1)
Aug 19 11:38:39 mas01 sh[16489]: 2018-08-19 11:38:39 regiond: [info] 192.168.11.44 POST /MAAS/metadata/status/mccrdw HTTP/1.1 --> 204 NO_CONTENT (referrer: -; agent: python-requests/2.9.1)
Aug 19 11:38:39 mas01 sh[16489]: 2018-08-19 11:38:39 regiond: [info] 192.168.11.44 POST /MAAS/metadata/status/mccrdw HTTP/1.1 --> 204 NO_CONTENT (referrer: -; agent: python-requests/2.9.1)
Aug 19 11:38:39 mas01 sh[16493]: 2018-08-19 11:38:39 regiond: [info] 192.168.11.44 POST /MAAS/metadata/status/mccrdw HTTP/1.1 --> 204 NO_CONTENT (referrer: -; agent: python-requests/2.9.1)
Aug 19 11:38:39 mas01 sh[16493]: 2018-08-19 11:38:39 regiond: [info] 192.168.11.44 POST /MAAS/metadata/status/mccrdw HTTP/1.1 --> 204 NO_CONTENT (referrer: -; agent: python-requests/2.9.1)
Aug 19 11:38:39 mas01 sh[17173]: 2018-08-19 11:38:39 regiond: [info] 192.168.11.44 POST /MAAS/metadata/status/mccrdw HTTP/1.1 --> 204 NO_CONTENT (referrer: -; agent: python-requests/2.9.1)
Aug 19 11:38:39 mas01 sh[16489]: 2018-08-19 11:38:39 regiond: [info] 192.168.11.44 POST /MAAS/metadata/status/mccrdw HTTP/1.1 --> 204 NO_CONTENT (referrer: -; agent: python-requests/2.9.1)
Aug 19 11:38:39 mas01 sh[17173]: 2018-08-19 11:38:39 regiond: [info] 192.168.11.44 POST /MAAS/metadata/status/mccrdw HTTP/1.1 --> 204 NO_CONTENT (referrer: -; agent: python-requests/2.9.1)
Aug 19 11:38:39 mas01 sh[17173]: 2018-08-19 11:38:39 regiond: [info] 192.168.11.44 POST /MAAS/metadata/status/mccrdw HTTP/1.1 --> 204 NO_CONTENT (referrer: -; agent: python-requests/2.9.1)
Aug 19 11:38:39 mas01 sh[16615]: 2018-08-19 11:38:39 regiond: [info] 192.168.11.43 POST /MAAS/metadata/status/khnd4c HTTP/1.1 --> 204 NO_CONTENT (referrer: -; agent: python-requests/2.9.1)
Aug 19 11:38:39 mas01 sh[16615]: 2018-08-19 11:38:39 regiond: [info] 192.168.11.43 POST /MAAS/metadata/status/khnd4c HTTP/1.1 --> 204 NO_CONTENT (referrer: -; agent: python-requests/2.9.1)
Aug 19 11:38:39 mas01 sh[16615]: 2018-08-19 11:38:39 regiond: [info] 192.168.11.44 POST /MAAS/metadata/status/mccrdw HTTP/1.1 --> 204 NO_CONTENT (referrer: -; agent: python-requests/2.9.1)
Aug 19 11:38:39 mas01 sh[16489]: 2018-08-19 11:38:39 regiond: [info] 192.168.11.44 POST /MAAS/metadata/status/mccrdw HTTP/1.1 --> 204 NO_CONTENT (referrer: -; agent: python-requests/2.9.1)
Aug 19 11:38:39 mas01 sh[16493]: 2018-08-19 11:38:39 regiond: [info] 192.168.11.44 POST /MAAS/metadata/status/mccrdw HTTP/1.1 --> 204 NO_CONTENT (referrer: -; agent: python-requests/2.9.1)
Aug 19 11:38:39 mas01 sh[16489]: 2018-08-19 11:38:39 regiond: [info] 192.168.11.44 POST /MAAS/metadata/status/mccrdw HTTP/1.1 --> 204 NO_CONTENT (referrer: -; agent: python-requests/2.9.1)
Aug 19 11:38:39 mas01 sh[16493]: 2018-08-19 11:38:39 regiond: [info] 192.168.11.43 POST /MAAS/metadata/status/khnd4c HTTP/1.1 --> 204 NO_CONTENT (referrer: -; agent: python-requests/2.9.1)
Aug 19 11:38:39 mas01 sh[17173]: 2018-08-19 11:38:39 regiond: [info] 192.168.11.44 POST /MAAS/metadata/status/mccrdw HTTP/1.1 --> 204 NO_CONTENT (referrer: -; agent: python-requests/2.9.1)
Aug 19 11:38:39 mas01 sh[16615]: 2018-08-19 11:38:39 regiond: [info] 192.168.11.43 POST /MAAS/metadata/status/khnd4c HTTP/1.1 --> 204 NO_CONTENT (referrer: -; agent: python-requests/2.9.1)
Aug 19 11:38:40 mas01 sh[16489]: 2018-08-19 11:38:40 regiond: [info] 192.168.11.44 POST /MAAS/metadata/status/mccrdw HTTP/1.1 --> 204 NO_CONTENT (referrer: -; agent: python-requests/2.9.1)
Aug 19 11:38:41 mas01 sh[17173]: 2018-08-19 11:38:41 regiond: [info] 192.168.11.45 GET /MAAS/metadata/latest/by-id/gpcr4k/?op=get_preseed HTTP/1.1 --> 200 OK (referrer: -; agent: Cloud-Init/18.3-9-g2e62cb8a-0ubuntu1~16.04.2)
Aug 19 11:38:41 mas01 sh[16489]: 2018-08-19 11:38:41 regiond: [info] 192.168.11.45 POST /MAAS/metadata/status/gpcr4k HTTP/1.1 --> 204 NO_CONTENT (referrer: -; agent: python-requests/2.9.1)
Aug 19 11:38:41 mas01 sh[16489]: 2018-08-19 11:38:41 regiond: [info] 192.168.11.46 POST /MAAS/metadata/status/re6chr HTTP/1.1 --> 204 NO_CONTENT (referrer: -; agent: python-requests/2.9.1)
Aug 19 11:38:41 mas01 sh[16493]: 2018-08-19 11:38:41 regiond: [info] 192.168.11.45 POST /MAAS/metadata/status/gpcr4k HTTP/1.1 --> 204 NO_CONTENT (referrer: -; agent: python-requests/2.9.1)
Aug 19 11:38:41 mas01 sh[16493]: 2018-08-19 11:38:41 regiond: [info] 192.168.11.46 POST /MAAS/metadata/status/re6chr HTTP/1.1 --> 204 NO_CONTENT (referrer: -; agent: python-requests/2.9.1)
Aug 19 11:38:41 mas01 sh[16615]: 2018-08-19 11:38:41 regiond: [info] 192.168.11.45 POST /MAAS/metadata/status/gpcr4k HTTP/1.1 --> 204 NO_CONTENT (referrer: -; agent: python-requests/2.9.1)
Aug 19 11:38:41 mas01 sh[17173]: 2018-08-19 11:38:41 regiond: [info] 192.168.11.46 POST /MAAS/metadata/status/re6chr HTTP/1.1 --> 204 NO_CONTENT (referrer: -; agent: python-requests/2.9.1)
Aug 19 11:38:41 mas01 sh[16493]: 2018-08-19 11:38:41 regiond: [info] 192.168.11.46 GET /MAAS/metadata/latest/by-id/re6chr/?op=get_preseed HTTP/1.1 --> 200 OK (referrer: -; agent: Cloud-Init/18.3-9-g2e62cb8a-0ubuntu1~16.04.2)
Aug 19 11:38:42 mas01 sh[16489]: 2018-08-19 11:38:42 regiond: [info] 192.168.11.45 GET /MAAS/metadata/latest/by-id/gpcr4k/?op=get_preseed HTTP/1.1 --> 200 OK (referrer: -; agent: Cloud-Init/18.3-9-g2e62cb8a-0ubuntu1~16.04.2)
Aug 19 11:38:42 mas01 sh[16493]: 2018-08-19 11:38:42 regiond: [info] 192.168.11.46 POST /MAAS/metadata/status/re6chr HTTP/1.1 --> 204 NO_CONTENT (referrer: -; agent: python-requests/2.9.1)
Aug 19 11:38:42 mas01 sh[16489]: 2018-08-19 11:38:42 regiond: [info] 192.168.11.46 POST /MAAS/metadata/status/re6chr HTTP/1.1 --> 204 NO_CONTENT (referrer: -; agent: python-requests/2.9.1)
Aug 19 11:38:42 mas01 sh[16615]: 2018-08-19 11:38:42 regiond: [info] 192.168.11.46 POST /MAAS/metadata/status/re6chr HTTP/1.1 --> 204 NO_CONTENT (referrer: -; agent: python-requests/2.9.1)
Aug 19 11:38:42 mas01 sh[16493]: 2018-08-19 11:38:42 regiond: [info] 192.168.11.45 POST /MAAS/metadata/status/gpcr4k HTTP/1.1 --> 204 NO_CONTENT (referrer: -; agent: python-requests/2.9.1)
Aug 19 11:38:42 mas01 sh[16493]: 2018-08-19 11:38:42 regiond: [info] 192.168.11.45 POST /MAAS/metadata/status/gpcr4k HTTP/1.1 --> 204 NO_CONTENT (referrer: -; agent: python-requests/2.9.1)
Aug 19 11:38:42 mas01 sh[17173]: 2018-08-19 11:38:42 regiond: [info] 192.168.11.45 POST /MAAS/metadata/status/gpcr4k HTTP/1.1 --> 204 NO_CONTENT (referrer: -; agent: python-requests/2.9.1)
Aug 19 11:38:42 mas01 sh[16489]: 2018-08-19 11:38:42 regiond: [info] 192.168.11.46 GET /MAAS/metadata/curtin/2012-03-01/meta-data/instance-id HTTP/1.1 --> 200 OK (referrer: -; agent: Cloud-Init/18.3-9-g2e62cb8a-0ubuntu1~16.04.2)
Aug 19 11:38:42 mas01 sh[16489]: 2018-08-19 11:38:42 regiond: [info] 192.168.11.45 GET /MAAS/metadata/curtin/2012-03-01/meta-data/instance-id HTTP/1.1 --> 200 OK (referrer: -; agent: Cloud-Init/18.3-9-g2e62cb8a-0ubuntu1~16.04.2)
Aug 19 11:38:42 mas01 sh[16489]: 2018-08-19 11:38:42 regiond: [info] 192.168.11.46 GET /MAAS/metadata/curtin/2012-03-01/meta-data/instance-id HTTP/1.1 --> 200 OK (referrer: -; agent: python-requests/2.9.1)
Aug 19 11:38:42 mas01 sh[17173]: 2018-08-19 11:38:42 regiond: [info] 192.168.11.45 GET /MAAS/metadata/curtin/2012-03-01/meta-data/instance-id HTTP/1.1 --> 200 OK (referrer: -; agent: python-requests/2.9.1)
Aug 19 11:38:42 mas01 sh[16493]: 2018-08-19 11:38:42 regiond: [info] 192.168.11.46 GET /MAAS/metadata/curtin/2012-03-01/meta-data/local-hostname HTTP/1.1 --> 200 OK (referrer: -; agent: python-requests/2.9.1)
Aug 19 11:38:42 mas01 sh[16615]: 2018-08-19 11:38:42 regiond: [info] 192.168.11.45 GET /MAAS/metadata/curtin/2012-03-01/meta-data/local-hostname HTTP/1.1 --> 200 OK (referrer: -; agent: python-requests/2.9.1)
Aug 19 11:38:42 mas01 sh[16493]: 2018-08-19 11:38:42 regiond: [info] 192.168.11.46 GET /MAAS/metadata/curtin/2012-03-01/meta-data/public-keys HTTP/1.1 --> 200 OK (referrer: -; agent: python-requests/2.9.1)
Aug 19 11:38:42 mas01 sh[16489]: 2018-08-19 11:38:42 regiond: [info] 192.168.11.45 GET /MAAS/metadata/curtin/2012-03-01/meta-data/public-keys HTTP/1.1 --> 200 OK (referrer: -; agent: python-requests/2.9.1)
Aug 19 11:38:42 mas01 sh[16489]: 2018-08-19 11:38:42 regiond: [info] 192.168.11.46 GET /MAAS/metadata/curtin/2012-03-01/meta-data/vendor-data HTTP/1.1 --> 200 OK (referrer: -; agent: python-requests/2.9.1)
Aug 19 11:38:42 mas01 sh[16489]: 2018-08-19 11:38:42 regiond: [info] 192.168.11.45 GET /MAAS/metadata/curtin/2012-03-01/meta-data/vendor-data HTTP/1.1 --> 200 OK (referrer: -; agent: python-requests/2.9.1)
Aug 19 11:38:42 mas01 sh[16493]: 2018-08-19 11:38:42 maasserver.preseed: [warn] WARNING: '/etc/maas/preseeds/curtin_userdata_amd64_generic_xenial' contains deprecated preseed variables. Please remove: main_archive_directory, ports_archive_directory, http_proxy
Aug 19 11:38:42 mas01 sh[16489]: 2018-08-19 11:38:42 maasserver.preseed: [warn] WARNING: '/etc/maas/preseeds/curtin_userdata_amd64_generic_xenial' contains deprecated preseed variables. Please remove: main_archive_directory, ports_archive_directory, http_proxy
Aug 19 11:38:42 mas01 sh[16489]: 2018-08-19 11:38:42 regiond: [info] 192.168.11.45 GET /MAAS/metadata/curtin/2012-03-01/user-data HTTP/1.1 --> 200 OK (referrer: -; agent: python-requests/2.9.1)
Aug 19 11:38:42 mas01 sh[16615]: 2018-08-19 11:38:42 regiond: [info] 192.168.11.45 POST /MAAS/metadata/status/gpcr4k HTTP/1.1 --> 204 NO_CONTENT (referrer: -; agent: python-requests/2.9.1)
Aug 19 11:38:42 mas01 sh[16493]: 2018-08-19 11:38:42 regiond: [info] 192.168.11.46 GET /MAAS/metadata/curtin/2012-03-01/user-data HTTP/1.1 --> 200 OK (referrer: -; agent: python-requests/2.9.1)
Aug 19 11:38:42 mas01 sh[16615]: 2018-08-19 11:38:42 regiond: [info] 192.168.11.46 POST /MAAS/metadata/status/re6chr HTTP/1.1 --> 204 NO_CONTENT (referrer: -; agent: python-requests/2.9.1)
Aug 19 11:38:43 mas01 sh[17173]: 2018-08-19 11:38:43 regiond: [info] 192.168.11.45 POST /MAAS/metadata/status/gpcr4k HTTP/1.1 --> 204 NO_CONTENT (referrer: -; agent: python-requests/2.9.1)
Aug 19 11:38:43 mas01 sh[16489]: 2018-08-19 11:38:43 regiond: [info] 192.168.11.45 POST /MAAS/metadata/status/gpcr4k HTTP/1.1 --> 204 NO_CONTENT (referrer: -; agent: python-requests/2.9.1)
Aug 19 11:38:43 mas01 sh[17173]: 2018-08-19 11:38:43 regiond: [info] 192.168.11.46 POST /MAAS/metadata/status/re6chr HTTP/1.1 --> 204 NO_CONTENT (referrer: -; agent: python-requests/2.9.1)
Aug 19 11:38:43 mas01 sh[16493]: 2018-08-19 11:38:43 regiond: [info] 192.168.11.46 POST /MAAS/metadata/status/re6chr HTTP/1.1 --> 204 NO_CONTENT (referrer: -; agent: python-requests/2.9.1)
Aug 19 11:38:43 mas01 sh[17173]: 2018-08-19 11:38:43 regiond: [info] 192.168.11.45 POST /MAAS/metadata/status/gpcr4k HTTP/1.1 --> 204 NO_CONTENT (referrer: -; agent: python-requests/2.9.1)
Aug 19 11:38:43 mas01 sh[17173]: 2018-08-19 11:38:43 regiond: [info] 192.168.11.45 POST /MAAS/metadata/status/gpcr4k HTTP/1.1 --> 204 NO_CONTENT (referrer: -; agent: python-requests/2.9.1)
Aug 19 11:38:43 mas01 sh[16615]: 2018-08-19 11:38:43 regiond: [info] 192.168.11.45 POST /MAAS/metadata/status/gpcr4k HTTP/1.1 --> 204 NO_CONTENT (referrer: -; agent: python-requests/2.9.1)
Aug 19 11:38:43 mas01 sh[17173]: 2018-08-19 11:38:43 regiond: [info] 192.168.11.46 POST /MAAS/metadata/status/re6chr HTTP/1.1 --> 204 NO_CONTENT (referrer: -; agent: python-requests/2.9.1)
Aug 19 11:38:43 mas01 sh[16615]: 2018-08-19 11:38:43 regiond: [info] 192.168.11.45 POST /MAAS/metadata/status/gpcr4k HTTP/1.1 --> 204 NO_CONTENT (referrer: -; agent: python-requests/2.9.1)
Aug 19 11:38:43 mas01 sh[16493]: 2018-08-19 11:38:43 regiond: [info] 192.168.11.46 POST /MAAS/metadata/status/re6chr HTTP/1.1 --> 204 NO_CONTENT (referrer: -; agent: python-requests/2.9.1)
Aug 19 11:38:43 mas01 sh[17173]: 2018-08-19 11:38:43 regiond: [info] 192.168.11.46 POST /MAAS/metadata/status/re6chr HTTP/1.1 --> 204 NO_CONTENT (referrer: -; agent: python-requests/2.9.1)
Aug 19 11:38:43 mas01 sh[16489]: 2018-08-19 11:38:43 regiond: [info] 192.168.11.46 POST /MAAS/metadata/status/re6chr HTTP/1.1 --> 204 NO_CONTENT (referrer: -; agent: python-requests/2.9.1)
Aug 19 11:38:43 mas01 sh[17173]: 2018-08-19 11:38:43 regiond: [info] 192.168.11.45 POST /MAAS/metadata/status/gpcr4k HTTP/1.1 --> 204 NO_CONTENT (referrer: -; agent: python-requests/2.9.1)
Aug 19 11:38:43 mas01 sh[17173]: 2018-08-19 11:38:43 regiond: [info] 192.168.11.45 POST /MAAS/metadata/status/gpcr4k HTTP/1.1 --> 204 NO_CONTENT (referrer: -; agent: python-requests/2.9.1)
Aug 19 11:38:43 mas01 sh[16493]: 2018-08-19 11:38:43 regiond: [info] 192.168.11.46 POST /MAAS/metadata/status/re6chr HTTP/1.1 --> 204 NO_CONTENT (referrer: -; agent: python-requests/2.9.1)
Aug 19 11:38:43 mas01 sh[16489]: 2018-08-19 11:38:43 regiond: [info] 192.168.11.46 POST /MAAS/metadata/status/re6chr HTTP/1.1 --> 204 NO_CONTENT (referrer: -; agent: python-requests/2.9.1)
