Aug 17 09:40:13 mas01 named[16452]: automatic empty zone: 86.100.IN-ADDR.ARPA
Aug 17 09:40:13 mas01 named[16452]: automatic empty zone: 87.100.IN-ADDR.ARPA
Aug 17 09:40:13 mas01 named[16452]: automatic empty zone: 88.100.IN-ADDR.ARPA
Aug 17 09:40:13 mas01 named[16452]: automatic empty zone: 89.100.IN-ADDR.ARPA
Aug 17 09:40:13 mas01 named[16452]: automatic empty zone: 90.100.IN-ADDR.ARPA
Aug 17 09:40:13 mas01 named[16452]: automatic empty zone: 91.100.IN-ADDR.ARPA
Aug 17 09:40:13 mas01 named[16452]: automatic empty zone: 92.100.IN-ADDR.ARPA
Aug 17 09:40:13 mas01 named[16452]: automatic empty zone: 93.100.IN-ADDR.ARPA
Aug 17 09:40:13 mas01 named[16452]: automatic empty zone: 94.100.IN-ADDR.ARPA
Aug 17 09:40:13 mas01 named[16452]: automatic empty zone: 95.100.IN-ADDR.ARPA
Aug 17 09:40:13 mas01 named[16452]: automatic empty zone: 96.100.IN-ADDR.ARPA
Aug 17 09:40:13 mas01 named[16452]: automatic empty zone: 97.100.IN-ADDR.ARPA
Aug 17 09:40:13 mas01 named[16452]: automatic empty zone: 98.100.IN-ADDR.ARPA
Aug 17 09:40:13 mas01 named[16452]: automatic empty zone: 99.100.IN-ADDR.ARPA
Aug 17 09:40:13 mas01 named[16452]: automatic empty zone: 100.100.IN-ADDR.ARPA
Aug 17 09:40:13 mas01 named[16452]: automatic empty zone: 101.100.IN-ADDR.ARPA
Aug 17 09:40:13 mas01 named[16452]: automatic empty zone: 102.100.IN-ADDR.ARPA
Aug 17 09:40:13 mas01 named[16452]: automatic empty zone: 103.100.IN-ADDR.ARPA
Aug 17 09:40:13 mas01 named[16452]: automatic empty zone: 104.100.IN-ADDR.ARPA
Aug 17 09:40:13 mas01 named[16452]: automatic empty zone: 105.100.IN-ADDR.ARPA
Aug 17 09:40:13 mas01 named[16452]: automatic empty zone: 106.100.IN-ADDR.ARPA
Aug 17 09:40:13 mas01 named[16452]: automatic empty zone: 107.100.IN-ADDR.ARPA
Aug 17 09:40:13 mas01 named[16452]: automatic empty zone: 108.100.IN-ADDR.ARPA
Aug 17 09:40:13 mas01 named[16452]: automatic empty zone: 109.100.IN-ADDR.ARPA
Aug 17 09:40:13 mas01 named[16452]: automatic empty zone: 110.100.IN-ADDR.ARPA
Aug 17 09:40:13 mas01 named[16452]: automatic empty zone: 111.100.IN-ADDR.ARPA
Aug 17 09:40:13 mas01 named[16452]: automatic empty zone: 112.100.IN-ADDR.ARPA
Aug 17 09:40:13 mas01 named[16452]: automatic empty zone: 113.100.IN-ADDR.ARPA
Aug 17 09:40:13 mas01 named[16452]: automatic empty zone: 114.100.IN-ADDR.ARPA
Aug 17 09:40:13 mas01 named[16452]: automatic empty zone: 115.100.IN-ADDR.ARPA
Aug 17 09:40:13 mas01 named[16452]: automatic empty zone: 116.100.IN-ADDR.ARPA
Aug 17 09:40:13 mas01 named[16452]: automatic empty zone: 117.100.IN-ADDR.ARPA
Aug 17 09:40:13 mas01 named[16452]: automatic empty zone: 118.100.IN-ADDR.ARPA
Aug 17 09:40:13 mas01 named[16452]: automatic empty zone: 119.100.IN-ADDR.ARPA
Aug 17 09:40:13 mas01 named[16452]: automatic empty zone: 120.100.IN-ADDR.ARPA
Aug 17 09:40:13 mas01 named[16452]: automatic empty zone: 121.100.IN-ADDR.ARPA
Aug 17 09:40:13 mas01 named[16452]: automatic empty zone: 122.100.IN-ADDR.ARPA
Aug 17 09:40:13 mas01 named[16452]: automatic empty zone: 123.100.IN-ADDR.ARPA
Aug 17 09:40:13 mas01 named[16452]: automatic empty zone: 124.100.IN-ADDR.ARPA
Aug 17 09:40:13 mas01 named[16452]: automatic empty zone: 125.100.IN-ADDR.ARPA
Aug 17 09:40:13 mas01 named[16452]: automatic empty zone: 126.100.IN-ADDR.ARPA
Aug 17 09:40:13 mas01 named[16452]: automatic empty zone: 127.100.IN-ADDR.ARPA
Aug 17 09:40:13 mas01 named[16452]: automatic empty zone: 254.169.IN-ADDR.ARPA
Aug 17 09:40:13 mas01 named[16452]: automatic empty zone: 2.0.192.IN-ADDR.ARPA
Aug 17 09:40:13 mas01 named[16452]: automatic empty zone: 100.51.198.IN-ADDR.ARPA
Aug 17 09:40:13 mas01 named[16452]: automatic empty zone: 113.0.203.IN-ADDR.ARPA
Aug 17 09:40:13 mas01 named[16452]: automatic empty zone: 255.255.255.255.IN-ADDR.ARPA
Aug 17 09:40:13 mas01 named[16452]: automatic empty zone: 0.0.0.0.0.0.0.0.0.0.0.0.0.0.0.0.0.0.0.0.0.0.0.0.0.0.0.0.0.0.0.0.IP6.ARPA
Aug 17 09:40:13 mas01 named[16452]: automatic empty zone: 1.0.0.0.0.0.0.0.0.0.0.0.0.0.0.0.0.0.0.0.0.0.0.0.0.0.0.0.0.0.0.0.IP6.ARPA
Aug 17 09:40:13 mas01 named[16452]: automatic empty zone: D.F.IP6.ARPA
Aug 17 09:40:13 mas01 named[16452]: automatic empty zone: 8.E.F.IP6.ARPA
Aug 17 09:40:13 mas01 named[16452]: automatic empty zone: 9.E.F.IP6.ARPA
Aug 17 09:40:13 mas01 named[16452]: automatic empty zone: A.E.F.IP6.ARPA
Aug 17 09:40:13 mas01 named[16452]: automatic empty zone: B.E.F.IP6.ARPA
Aug 17 09:40:13 mas01 named[16452]: automatic empty zone: 8.B.D.0.1.0.0.2.IP6.ARPA
Aug 17 09:40:13 mas01 named[16452]: automatic empty zone: EMPTY.AS112.ARPA
Aug 17 09:40:13 mas01 named[16452]: configuring command channel from '/etc/bind/rndc.key'
Aug 17 09:40:13 mas01 named[16452]: reloading configuration succeeded
Aug 17 09:40:13 mas01 named[16452]: reloading zones succeeded
Aug 17 09:40:13 mas01 named[16452]: zone 0.20.10.in-addr.arpa/IN: loaded serial 55
Aug 17 09:40:13 mas01 named[16452]: zone 4.167.10.in-addr.arpa/IN: loaded serial 55
Aug 17 09:40:13 mas01 named[16452]: all zones loaded
Aug 17 09:40:13 mas01 named[16452]: running
Aug 17 09:40:13 mas01 named[16452]: zone 11.168.192.in-addr.arpa/IN: loaded serial 55
Aug 17 09:40:13 mas01 named[16452]: zone maas/IN: loaded serial 55
Aug 17 09:40:13 mas01 sh[16522]: 2018-08-17 09:40:13 regiond: [info] 192.168.11.46 POST /MAAS/metadata/status/bxfxma HTTP/1.1 --> 204 NO_CONTENT (referrer: -; agent: python-requests/2.9.1)
Aug 17 09:40:13 mas01 sh[16522]: message repeated 3 times: [ 2018-08-17 09:40:13 regiond: [info] 192.168.11.46 POST /MAAS/metadata/status/bxfxma HTTP/1.1 --> 204 NO_CONTENT (referrer: -; agent: python-requests/2.9.1)]
Aug 17 09:40:14 mas01 dhcpd[20132]: DHCPDISCOVER from 00:25:b5:a0:00:2a via ens5
Aug 17 09:40:14 mas01 dhcpd[20132]: DHCPOFFER on 192.168.11.47 to 00:25:b5:a0:00:2a (kvm01) via ens5
Aug 17 09:40:14 mas01 dhcpd[20132]: execute_statement argv[0] = /usr/sbin/maas-dhcp-helper
Aug 17 09:40:14 mas01 dhcpd[20132]: execute_statement argv[1] = notify
Aug 17 09:40:14 mas01 dhcpd[20132]: execute_statement argv[2] = --action
Aug 17 09:40:14 mas01 dhcpd[20132]: execute_statement argv[3] = commit
Aug 17 09:40:14 mas01 dhcpd[20132]: execute_statement argv[4] = --mac
Aug 17 09:40:14 mas01 dhcpd[20132]: execute_statement argv[5] = 0:25:b5:a0:0:2a
Aug 17 09:40:14 mas01 dhcpd[20132]: execute_statement argv[6] = --ip-family
Aug 17 09:40:14 mas01 dhcpd[20132]: execute_statement argv[7] = ipv4
Aug 17 09:40:14 mas01 dhcpd[20132]: execute_statement argv[8] = --ip
Aug 17 09:40:14 mas01 dhcpd[20132]: execute_statement argv[9] = 192.168.11.47
Aug 17 09:40:14 mas01 dhcpd[20132]: execute_statement argv[10] = --lease-time
Aug 17 09:40:14 mas01 dhcpd[20132]: execute_statement argv[11] = 600
Aug 17 09:40:14 mas01 dhcpd[20132]: execute_statement argv[12] = --hostname
Aug 17 09:40:14 mas01 dhcpd[20132]: execute_statement argv[13] = kvm01
Aug 17 09:40:14 mas01 dhcpd[20132]: execute_statement argv[14] = --socket
Aug 17 09:40:14 mas01 dhcpd[20132]: execute_statement argv[15] = /var/lib/maas/dhcpd.sock
Aug 17 09:40:14 mas01 sh[16526]: 2018-08-17 09:40:14 maasserver.rpc.leases: [info] Lease update: commit for 192.168.11.47 on 0:25:b5:a0:0:2a at 2018-08-17 09:40:14 (lease time: 600s) (hostname: kvm01)
Aug 17 09:40:14 mas01 dhcpd[20132]: DHCPREQUEST for 192.168.11.47 (192.168.11.3) from 00:25:b5:a0:00:2a (kvm01) via ens5
Aug 17 09:40:14 mas01 dhcpd[20132]: DHCPACK on 192.168.11.47 to 00:25:b5:a0:00:2a (kvm01) via ens5
Aug 17 09:40:14 mas01 dhcpd[20132]: DHCPDISCOVER from 00:25:b5:a0:00:3a via ens5
Aug 17 09:40:14 mas01 dhcpd[20132]: DHCPOFFER on 192.168.11.49 to 00:25:b5:a0:00:3a (kvm02) via ens5
Aug 17 09:40:14 mas01 dhcpd[20132]: DHCPDISCOVER from 00:25:b5:a0:00:4a via ens5
Aug 17 09:40:14 mas01 dhcpd[20132]: DHCPOFFER on 192.168.11.48 to 00:25:b5:a0:00:4a (kvm03) via ens5
Aug 17 09:40:14 mas01 dhcpd[20132]: execute_statement argv[0] = /usr/sbin/maas-dhcp-helper
Aug 17 09:40:14 mas01 dhcpd[20132]: execute_statement argv[1] = notify
Aug 17 09:40:14 mas01 dhcpd[20132]: execute_statement argv[2] = --action
Aug 17 09:40:14 mas01 dhcpd[20132]: execute_statement argv[3] = commit
Aug 17 09:40:14 mas01 dhcpd[20132]: execute_statement argv[4] = --mac
Aug 17 09:40:14 mas01 dhcpd[20132]: execute_statement argv[5] = 0:25:b5:a0:0:3a
Aug 17 09:40:14 mas01 dhcpd[20132]: execute_statement argv[6] = --ip-family
Aug 17 09:40:14 mas01 dhcpd[20132]: execute_statement argv[7] = ipv4
Aug 17 09:40:14 mas01 dhcpd[20132]: execute_statement argv[8] = --ip
Aug 17 09:40:14 mas01 dhcpd[20132]: execute_statement argv[9] = 192.168.11.49
Aug 17 09:40:14 mas01 dhcpd[20132]: execute_statement argv[10] = --lease-time
Aug 17 09:40:14 mas01 dhcpd[20132]: execute_statement argv[11] = 600
Aug 17 09:40:14 mas01 dhcpd[20132]: execute_statement argv[12] = --hostname
Aug 17 09:40:14 mas01 dhcpd[20132]: execute_statement argv[13] = kvm02
Aug 17 09:40:14 mas01 dhcpd[20132]: execute_statement argv[14] = --socket
Aug 17 09:40:14 mas01 dhcpd[20132]: execute_statement argv[15] = /var/lib/maas/dhcpd.sock
Aug 17 09:40:14 mas01 dhcpd[20132]: DHCPREQUEST for 192.168.11.49 (192.168.11.3) from 00:25:b5:a0:00:3a (kvm02) via ens5
Aug 17 09:40:14 mas01 dhcpd[20132]: DHCPACK on 192.168.11.49 to 00:25:b5:a0:00:3a (kvm02) via ens5
Aug 17 09:40:14 mas01 dhcpd[20132]: execute_statement argv[0] = /usr/sbin/maas-dhcp-helper
Aug 17 09:40:14 mas01 dhcpd[20132]: execute_statement argv[1] = notify
Aug 17 09:40:14 mas01 dhcpd[20132]: execute_statement argv[2] = --action
Aug 17 09:40:14 mas01 dhcpd[20132]: execute_statement argv[3] = commit
Aug 17 09:40:14 mas01 dhcpd[20132]: execute_statement argv[4] = --mac
Aug 17 09:40:14 mas01 dhcpd[20132]: execute_statement argv[5] = 0:25:b5:a0:0:4a
Aug 17 09:40:14 mas01 dhcpd[20132]: execute_statement argv[6] = --ip-family
Aug 17 09:40:14 mas01 dhcpd[20132]: execute_statement argv[7] = ipv4
Aug 17 09:40:14 mas01 dhcpd[20132]: execute_statement argv[8] = --ip
Aug 17 09:40:14 mas01 dhcpd[20132]: execute_statement argv[9] = 192.168.11.48
Aug 17 09:40:14 mas01 dhcpd[20132]: execute_statement argv[10] = --lease-time
Aug 17 09:40:14 mas01 dhcpd[20132]: execute_statement argv[11] = 600
Aug 17 09:40:14 mas01 dhcpd[20132]: execute_statement argv[12] = --hostname
Aug 17 09:40:14 mas01 dhcpd[20132]: execute_statement argv[13] = kvm03
Aug 17 09:40:14 mas01 dhcpd[20132]: execute_statement argv[14] = --socket
Aug 17 09:40:14 mas01 dhcpd[20132]: execute_statement argv[15] = /var/lib/maas/dhcpd.sock
Aug 17 09:40:14 mas01 sh[16522]: 2018-08-17 09:40:14 maasserver.rpc.leases: [info] Lease update: commit for 192.168.11.49 on 0:25:b5:a0:0:3a at 2018-08-17 09:40:14 (lease time: 600s) (hostname: kvm02)
Aug 17 09:40:14 mas01 dhcpd[20132]: DHCPREQUEST for 192.168.11.48 (192.168.11.3) from 00:25:b5:a0:00:4a (kvm03) via ens5
Aug 17 09:40:14 mas01 dhcpd[20132]: DHCPACK on 192.168.11.48 to 00:25:b5:a0:00:4a (kvm03) via ens5
Aug 17 09:40:14 mas01 sh[16814]: 2018-08-17 09:40:14 maasserver.rpc.leases: [info] Lease update: commit for 192.168.11.48 on 0:25:b5:a0:0:4a at 2018-08-17 09:40:14 (lease time: 600s) (hostname: kvm03)
Aug 17 09:40:15 mas01 sh[15994]: 2018-08-17 09:40:15 rackd: [info] 192.168.11.47 GET /images/ubuntu/amd64/hwe-16.04/xenial/daily/squashfs HTTP/1.1 --> 200 OK (referrer: -; agent: Wget)
Aug 17 09:40:15 mas01 sh[15994]: 2018-08-17 09:40:15 rackd: [info] 192.168.11.49 GET /images/ubuntu/amd64/hwe-16.04/xenial/daily/squashfs HTTP/1.1 --> 200 OK (referrer: -; agent: Wget)
Aug 17 09:40:15 mas01 sh[15994]: 2018-08-17 09:40:15 rackd: [info] 192.168.11.48 GET /images/ubuntu/amd64/hwe-16.04/xenial/daily/squashfs HTTP/1.1 --> 200 OK (referrer: -; agent: Wget)
Aug 17 09:40:17 mas01 sh[16814]: 2018-08-17 09:40:17 maasserver.region_controller: [info] Reloaded DNS configuration; ip 192.168.11.47 released
Aug 17 09:40:17 mas01 named[16452]: received control channel command 'reload'
Aug 17 09:40:17 mas01 named[16452]: loading configuration from '/etc/bind/named.conf'
Aug 17 09:40:17 mas01 named[16452]: reading built-in trusted keys from file '/etc/bind/bind.keys'
Aug 17 09:40:17 mas01 named[16452]: initializing GeoIP Country (IPv4) (type 1) DB
Aug 17 09:40:17 mas01 named[16452]: GEO-106FREE 20160408 Bu
Aug 17 09:40:17 mas01 named[16452]: initializing GeoIP Country (IPv6) (type 12) DB
Aug 17 09:40:17 mas01 named[16452]: GEO-106FREE 20160408 Bu
Aug 17 09:40:17 mas01 named[16452]: GeoIP City (IPv4) (type 2) DB not available
Aug 17 09:40:17 mas01 named[16452]: GeoIP City (IPv4) (type 6) DB not available
Aug 17 09:40:17 mas01 named[16452]: GeoIP City (IPv6) (type 30) DB not available
Aug 17 09:40:17 mas01 named[16452]: GeoIP City (IPv6) (type 31) DB not available
Aug 17 09:40:17 mas01 named[16452]: GeoIP Region (type 3) DB not available
Aug 17 09:40:17 mas01 named[16452]: GeoIP Region (type 7) DB not available
Aug 17 09:40:17 mas01 named[16452]: GeoIP ISP (type 4) DB not available
Aug 17 09:40:17 mas01 named[16452]: GeoIP Org (type 5) DB not available
Aug 17 09:40:17 mas01 named[16452]: GeoIP AS (type 9) DB not available
Aug 17 09:40:17 mas01 named[16452]: GeoIP Domain (type 11) DB not available
Aug 17 09:40:17 mas01 named[16452]: GeoIP NetSpeed (type 10) DB not available
Aug 17 09:40:17 mas01 named[16452]: using default UDP/IPv4 port range: [32768, 60999]
Aug 17 09:40:17 mas01 named[16452]: using default UDP/IPv6 port range: [32768, 60999]
Aug 17 09:40:17 mas01 named[16452]: sizing zone task pool based on 9 zones
Aug 17 09:40:17 mas01 named[16452]: automatic empty zone: 10.IN-ADDR.ARPA
Aug 17 09:40:17 mas01 named[16452]: automatic empty zone: 16.172.IN-ADDR.ARPA
Aug 17 09:40:17 mas01 named[16452]: automatic empty zone: 17.172.IN-ADDR.ARPA
Aug 17 09:40:17 mas01 named[16452]: automatic empty zone: 18.172.IN-ADDR.ARPA
Aug 17 09:40:17 mas01 named[16452]: automatic empty zone: 19.172.IN-ADDR.ARPA
Aug 17 09:40:17 mas01 named[16452]: automatic empty zone: 20.172.IN-ADDR.ARPA
Aug 17 09:40:17 mas01 named[16452]: automatic empty zone: 21.172.IN-ADDR.ARPA
Aug 17 09:40:17 mas01 named[16452]: automatic empty zone: 22.172.IN-ADDR.ARPA
Aug 17 09:40:17 mas01 named[16452]: automatic empty zone: 23.172.IN-ADDR.ARPA
Aug 17 09:40:17 mas01 named[16452]: automatic empty zone: 24.172.IN-ADDR.ARPA
Aug 17 09:40:17 mas01 named[16452]: automatic empty zone: 25.172.IN-ADDR.ARPA
Aug 17 09:40:17 mas01 named[16452]: automatic empty zone: 26.172.IN-ADDR.ARPA
Aug 17 09:40:17 mas01 named[16452]: automatic empty zone: 27.172.IN-ADDR.ARPA
Aug 17 09:40:17 mas01 named[16452]: automatic empty zone: 28.172.IN-ADDR.ARPA
Aug 17 09:40:17 mas01 named[16452]: automatic empty zone: 29.172.IN-ADDR.ARPA
Aug 17 09:40:17 mas01 named[16452]: automatic empty zone: 30.172.IN-ADDR.ARPA
Aug 17 09:40:17 mas01 named[16452]: automatic empty zone: 31.172.IN-ADDR.ARPA
Aug 17 09:40:17 mas01 named[16452]: automatic empty zone: 168.192.IN-ADDR.ARPA
Aug 17 09:40:17 mas01 named[16452]: automatic empty zone: 64.100.IN-ADDR.ARPA
Aug 17 09:40:17 mas01 named[16452]: automatic empty zone: 65.100.IN-ADDR.ARPA
Aug 17 09:40:17 mas01 named[16452]: automatic empty zone: 66.100.IN-ADDR.ARPA
Aug 17 09:40:17 mas01 named[16452]: automatic empty zone: 67.100.IN-ADDR.ARPA
Aug 17 09:40:17 mas01 named[16452]: automatic empty zone: 68.100.IN-ADDR.ARPA
Aug 17 09:40:17 mas01 named[16452]: automatic empty zone: 69.100.IN-ADDR.ARPA
Aug 17 09:40:17 mas01 named[16452]: automatic empty zone: 70.100.IN-ADDR.ARPA
Aug 17 09:40:17 mas01 named[16452]: automatic empty zone: 71.100.IN-ADDR.ARPA
Aug 17 09:40:17 mas01 named[16452]: automatic empty zone: 72.100.IN-ADDR.ARPA
Aug 17 09:40:17 mas01 named[16452]: automatic empty zone: 73.100.IN-ADDR.ARPA
Aug 17 09:40:17 mas01 named[16452]: automatic empty zone: 74.100.IN-ADDR.ARPA
Aug 17 09:40:17 mas01 named[16452]: automatic empty zone: 75.100.IN-ADDR.ARPA
Aug 17 09:40:17 mas01 named[16452]: automatic empty zone: 76.100.IN-ADDR.ARPA
Aug 17 09:40:17 mas01 named[16452]: automatic empty zone: 77.100.IN-ADDR.ARPA
Aug 17 09:40:17 mas01 named[16452]: automatic empty zone: 78.100.IN-ADDR.ARPA
Aug 17 09:40:17 mas01 named[16452]: automatic empty zone: 79.100.IN-ADDR.ARPA
Aug 17 09:40:17 mas01 named[16452]: automatic empty zone: 80.100.IN-ADDR.ARPA
Aug 17 09:40:17 mas01 named[16452]: automatic empty zone: 81.100.IN-ADDR.ARPA
Aug 17 09:40:17 mas01 named[16452]: automatic empty zone: 82.100.IN-ADDR.ARPA
Aug 17 09:40:17 mas01 named[16452]: automatic empty zone: 83.100.IN-ADDR.ARPA
Aug 17 09:40:17 mas01 named[16452]: automatic empty zone: 84.100.IN-ADDR.ARPA
Aug 17 09:40:17 mas01 named[16452]: automatic empty zone: 85.100.IN-ADDR.ARPA
Aug 17 09:40:17 mas01 named[16452]: automatic empty zone: 86.100.IN-ADDR.ARPA
Aug 17 09:40:17 mas01 named[16452]: automatic empty zone: 87.100.IN-ADDR.ARPA
Aug 17 09:40:17 mas01 named[16452]: automatic empty zone: 88.100.IN-ADDR.ARPA
Aug 17 09:40:17 mas01 named[16452]: automatic empty zone: 89.100.IN-ADDR.ARPA
Aug 17 09:40:17 mas01 named[16452]: automatic empty zone: 90.100.IN-ADDR.ARPA
Aug 17 09:40:17 mas01 named[16452]: automatic empty zone: 91.100.IN-ADDR.ARPA
Aug 17 09:40:17 mas01 named[16452]: automatic empty zone: 92.100.IN-ADDR.ARPA
Aug 17 09:40:17 mas01 named[16452]: automatic empty zone: 93.100.IN-ADDR.ARPA
Aug 17 09:40:17 mas01 named[16452]: automatic empty zone: 94.100.IN-ADDR.ARPA
Aug 17 09:40:17 mas01 named[16452]: automatic empty zone: 95.100.IN-ADDR.ARPA
Aug 17 09:40:17 mas01 named[16452]: automatic empty zone: 96.100.IN-ADDR.ARPA
Aug 17 09:40:17 mas01 named[16452]: automatic empty zone: 97.100.IN-ADDR.ARPA
Aug 17 09:40:17 mas01 named[16452]: automatic empty zone: 98.100.IN-ADDR.ARPA
Aug 17 09:40:17 mas01 named[16452]: automatic empty zone: 99.100.IN-ADDR.ARPA
Aug 17 09:40:17 mas01 named[16452]: automatic empty zone: 100.100.IN-ADDR.ARPA
Aug 17 09:40:17 mas01 named[16452]: automatic empty zone: 101.100.IN-ADDR.ARPA
Aug 17 09:40:17 mas01 named[16452]: automatic empty zone: 102.100.IN-ADDR.ARPA
Aug 17 09:40:17 mas01 named[16452]: automatic empty zone: 103.100.IN-ADDR.ARPA
Aug 17 09:40:17 mas01 named[16452]: automatic empty zone: 104.100.IN-ADDR.ARPA
Aug 17 09:40:17 mas01 named[16452]: automatic empty zone: 105.100.IN-ADDR.ARPA
Aug 17 09:40:17 mas01 named[16452]: automatic empty zone: 106.100.IN-ADDR.ARPA
Aug 17 09:40:17 mas01 named[16452]: automatic empty zone: 107.100.IN-ADDR.ARPA
Aug 17 09:40:17 mas01 named[16452]: automatic empty zone: 108.100.IN-ADDR.ARPA
Aug 17 09:40:17 mas01 named[16452]: automatic empty zone: 109.100.IN-ADDR.ARPA
Aug 17 09:40:17 mas01 named[16452]: automatic empty zone: 110.100.IN-ADDR.ARPA
Aug 17 09:40:17 mas01 named[16452]: automatic empty zone: 111.100.IN-ADDR.ARPA
Aug 17 09:40:17 mas01 named[16452]: automatic empty zone: 112.100.IN-ADDR.ARPA
Aug 17 09:40:17 mas01 named[16452]: automatic empty zone: 113.100.IN-ADDR.ARPA
Aug 17 09:40:17 mas01 named[16452]: automatic empty zone: 114.100.IN-ADDR.ARPA
Aug 17 09:40:17 mas01 named[16452]: automatic empty zone: 115.100.IN-ADDR.ARPA
Aug 17 09:40:17 mas01 named[16452]: automatic empty zone: 116.100.IN-ADDR.ARPA
Aug 17 09:40:17 mas01 named[16452]: automatic empty zone: 117.100.IN-ADDR.ARPA
Aug 17 09:40:17 mas01 named[16452]: automatic empty zone: 118.100.IN-ADDR.ARPA
Aug 17 09:40:17 mas01 named[16452]: automatic empty zone: 119.100.IN-ADDR.ARPA
Aug 17 09:40:17 mas01 named[16452]: automatic empty zone: 120.100.IN-ADDR.ARPA
Aug 17 09:40:17 mas01 named[16452]: automatic empty zone: 121.100.IN-ADDR.ARPA
Aug 17 09:40:17 mas01 named[16452]: automatic empty zone: 122.100.IN-ADDR.ARPA
Aug 17 09:40:17 mas01 named[16452]: automatic empty zone: 123.100.IN-ADDR.ARPA
Aug 17 09:40:17 mas01 named[16452]: automatic empty zone: 124.100.IN-ADDR.ARPA
Aug 17 09:40:17 mas01 named[16452]: automatic empty zone: 125.100.IN-ADDR.ARPA
Aug 17 09:40:17 mas01 named[16452]: automatic empty zone: 126.100.IN-ADDR.ARPA
Aug 17 09:40:17 mas01 named[16452]: automatic empty zone: 127.100.IN-ADDR.ARPA
Aug 17 09:40:17 mas01 named[16452]: automatic empty zone: 254.169.IN-ADDR.ARPA
Aug 17 09:40:17 mas01 named[16452]: automatic empty zone: 2.0.192.IN-ADDR.ARPA
Aug 17 09:40:17 mas01 named[16452]: automatic empty zone: 100.51.198.IN-ADDR.ARPA
Aug 17 09:40:17 mas01 named[16452]: automatic empty zone: 113.0.203.IN-ADDR.ARPA
Aug 17 09:40:17 mas01 named[16452]: automatic empty zone: 255.255.255.255.IN-ADDR.ARPA
Aug 17 09:40:17 mas01 named[16452]: automatic empty zone: 0.0.0.0.0.0.0.0.0.0.0.0.0.0.0.0.0.0.0.0.0.0.0.0.0.0.0.0.0.0.0.0.IP6.ARPA
Aug 17 09:40:17 mas01 named[16452]: automatic empty zone: 1.0.0.0.0.0.0.0.0.0.0.0.0.0.0.0.0.0.0.0.0.0.0.0.0.0.0.0.0.0.0.0.IP6.ARPA
Aug 17 09:40:17 mas01 named[16452]: automatic empty zone: D.F.IP6.ARPA
Aug 17 09:40:17 mas01 named[16452]: automatic empty zone: 8.E.F.IP6.ARPA
Aug 17 09:40:17 mas01 named[16452]: automatic empty zone: 9.E.F.IP6.ARPA
Aug 17 09:40:17 mas01 named[16452]: automatic empty zone: A.E.F.IP6.ARPA
Aug 17 09:40:17 mas01 named[16452]: automatic empty zone: B.E.F.IP6.ARPA
Aug 17 09:40:17 mas01 named[16452]: automatic empty zone: 8.B.D.0.1.0.0.2.IP6.ARPA
Aug 17 09:40:17 mas01 named[16452]: automatic empty zone: EMPTY.AS112.ARPA
Aug 17 09:40:17 mas01 named[16452]: configuring command channel from '/etc/bind/rndc.key'
Aug 17 09:40:17 mas01 named[16452]: reloading configuration succeeded
Aug 17 09:40:17 mas01 named[16452]: reloading zones succeeded
Aug 17 09:40:17 mas01 named[16452]: zone 0.20.10.in-addr.arpa/IN: loaded serial 56
Aug 17 09:40:17 mas01 named[16452]: zone 4.167.10.in-addr.arpa/IN: loaded serial 56
Aug 17 09:40:17 mas01 named[16452]: all zones loaded
Aug 17 09:40:17 mas01 named[16452]: running
Aug 17 09:40:17 mas01 named[16452]: zone maas/IN: loaded serial 56
Aug 17 09:40:17 mas01 named[16452]: zone 11.168.192.in-addr.arpa/IN: loaded serial 56
Aug 17 09:40:18 mas01 sh[16522]: 2018-08-17 09:40:18 regiond: [info] 192.168.11.47 POST /MAAS/metadata/status/88d3qe HTTP/1.1 --> 204 NO_CONTENT (referrer: -; agent: python-requests/2.9.1)
Aug 17 09:40:18 mas01 sh[16658]: 2018-08-17 09:40:18 regiond: [info] 192.168.11.47 POST /MAAS/metadata/status/88d3qe HTTP/1.1 --> 204 NO_CONTENT (referrer: -; agent: python-requests/2.9.1)
Aug 17 09:40:18 mas01 sh[16522]: 2018-08-17 09:40:18 regiond: [info] 192.168.11.48 GET /MAAS/metadata/latest/by-id/ppw48h/?op=get_preseed HTTP/1.1 --> 200 OK (referrer: -; agent: Cloud-Init/18.3-9-g2e62cb8a-0ubuntu1~16.04.2)
Aug 17 09:40:18 mas01 sh[16658]: 2018-08-17 09:40:18 regiond: [info] 192.168.11.49 POST /MAAS/metadata/status/6fyn4e HTTP/1.1 --> 204 NO_CONTENT (referrer: -; agent: python-requests/2.9.1)
Aug 17 09:40:18 mas01 sh[16522]: 2018-08-17 09:40:18 regiond: [info] 192.168.11.49 POST /MAAS/metadata/status/6fyn4e HTTP/1.1 --> 204 NO_CONTENT (referrer: -; agent: python-requests/2.9.1)
Aug 17 09:40:18 mas01 sh[16658]: 2018-08-17 09:40:18 regiond: [info] 192.168.11.48 POST /MAAS/metadata/status/ppw48h HTTP/1.1 --> 204 NO_CONTENT (referrer: -; agent: python-requests/2.9.1)
Aug 17 09:40:18 mas01 sh[16658]: 2018-08-17 09:40:18 regiond: [info] 192.168.11.48 POST /MAAS/metadata/status/ppw48h HTTP/1.1 --> 204 NO_CONTENT (referrer: -; agent: python-requests/2.9.1)
Aug 17 09:40:18 mas01 sh[16814]: 2018-08-17 09:40:18 regiond: [info] 192.168.11.47 POST /MAAS/metadata/status/88d3qe HTTP/1.1 --> 204 NO_CONTENT (referrer: -; agent: python-requests/2.9.1)
Aug 17 09:40:18 mas01 sh[16658]: 2018-08-17 09:40:18 regiond: [info] 192.168.11.49 POST /MAAS/metadata/status/6fyn4e HTTP/1.1 --> 204 NO_CONTENT (referrer: -; agent: python-requests/2.9.1)
Aug 17 09:40:18 mas01 sh[16814]: 2018-08-17 09:40:18 regiond: [info] 192.168.11.48 POST /MAAS/metadata/status/ppw48h HTTP/1.1 --> 204 NO_CONTENT (referrer: -; agent: python-requests/2.9.1)
Aug 17 09:40:19 mas01 sh[16658]: 2018-08-17 09:40:19 regiond: [info] 192.168.11.49 POST /MAAS/metadata/status/6fyn4e HTTP/1.1 --> 204 NO_CONTENT (referrer: -; agent: python-requests/2.9.1)
Aug 17 09:40:19 mas01 sh[16526]: 2018-08-17 09:40:19 regiond: [info] 192.168.11.49 POST /MAAS/metadata/status/6fyn4e HTTP/1.1 --> 204 NO_CONTENT (referrer: -; agent: python-requests/2.9.1)
Aug 17 09:40:19 mas01 sh[16522]: 2018-08-17 09:40:19 regiond: [info] 192.168.11.47 POST /MAAS/metadata/status/88d3qe HTTP/1.1 --> 204 NO_CONTENT (referrer: -; agent: python-requests/2.9.1)
Aug 17 09:40:19 mas01 sh[16522]: 2018-08-17 09:40:19 regiond: [info] 192.168.11.49 POST /MAAS/metadata/status/6fyn4e HTTP/1.1 --> 204 NO_CONTENT (referrer: -; agent: python-requests/2.9.1)
Aug 17 09:40:19 mas01 sh[16522]: 2018-08-17 09:40:19 regiond: [info] 192.168.11.47 POST /MAAS/metadata/status/88d3qe HTTP/1.1 --> 204 NO_CONTENT (referrer: -; agent: python-requests/2.9.1)
Aug 17 09:40:19 mas01 sh[16522]: 2018-08-17 09:40:19 regiond: [info] 192.168.11.48 GET /MAAS/metadata/latest/by-id/ppw48h/?op=get_preseed HTTP/1.1 --> 200 OK (referrer: -; agent: Cloud-Init/18.3-9-g2e62cb8a-0ubuntu1~16.04.2)
Aug 17 09:40:19 mas01 sh[16526]: 2018-08-17 09:40:19 regiond: [info] 192.168.11.47 POST /MAAS/metadata/status/88d3qe HTTP/1.1 --> 204 NO_CONTENT (referrer: -; agent: python-requests/2.9.1)
Aug 17 09:40:19 mas01 sh[16526]: 2018-08-17 09:40:19 regiond: [info] 192.168.11.48 POST /MAAS/metadata/status/ppw48h HTTP/1.1 --> 204 NO_CONTENT (referrer: -; agent: python-requests/2.9.1)
Aug 17 09:40:19 mas01 sh[16526]: 2018-08-17 09:40:19 regiond: [info] 192.168.11.48 POST /MAAS/metadata/status/ppw48h HTTP/1.1 --> 204 NO_CONTENT (referrer: -; agent: python-requests/2.9.1)
Aug 17 09:40:19 mas01 sh[16814]: 2018-08-17 09:40:19 regiond: [info] 192.168.11.48 POST /MAAS/metadata/status/ppw48h HTTP/1.1 --> 204 NO_CONTENT (referrer: -; agent: python-requests/2.9.1)
Aug 17 09:40:19 mas01 sh[16658]: 2018-08-17 09:40:19 regiond: [info] 192.168.11.49 GET /MAAS/metadata/curtin/2012-03-01/meta-data/instance-id HTTP/1.1 --> 200 OK (referrer: -; agent: Cloud-Init/18.3-9-g2e62cb8a-0ubuntu1~16.04.2)
Aug 17 09:40:19 mas01 sh[16526]: 2018-08-17 09:40:19 regiond: [info] 192.168.11.47 GET /MAAS/metadata/curtin/2012-03-01/meta-data/instance-id HTTP/1.1 --> 200 OK (referrer: -; agent: Cloud-Init/18.3-9-g2e62cb8a-0ubuntu1~16.04.2)
Aug 17 09:40:19 mas01 sh[16658]: 2018-08-17 09:40:19 regiond: [info] 192.168.11.47 GET /MAAS/metadata/curtin/2012-03-01/meta-data/instance-id HTTP/1.1 --> 200 OK (referrer: -; agent: python-requests/2.9.1)
Aug 17 09:40:19 mas01 sh[16522]: 2018-08-17 09:40:19 regiond: [info] 192.168.11.49 GET /MAAS/metadata/curtin/2012-03-01/meta-data/instance-id HTTP/1.1 --> 200 OK (referrer: -; agent: python-requests/2.9.1)
Aug 17 09:40:19 mas01 sh[16522]: 2018-08-17 09:40:19 regiond: [info] 192.168.11.48 GET /MAAS/metadata/curtin/2012-03-01/meta-data/instance-id HTTP/1.1 --> 200 OK (referrer: -; agent: Cloud-Init/18.3-9-g2e62cb8a-0ubuntu1~16.04.2)
Aug 17 09:40:19 mas01 sh[16526]: 2018-08-17 09:40:19 regiond: [info] 192.168.11.47 GET /MAAS/metadata/curtin/2012-03-01/meta-data/local-hostname HTTP/1.1 --> 200 OK (referrer: -; agent: python-requests/2.9.1)
Aug 17 09:40:19 mas01 sh[16658]: 2018-08-17 09:40:19 regiond: [info] 192.168.11.49 GET /MAAS/metadata/curtin/2012-03-01/meta-data/local-hostname HTTP/1.1 --> 200 OK (referrer: -; agent: python-requests/2.9.1)
Aug 17 09:40:19 mas01 sh[16658]: 2018-08-17 09:40:19 regiond: [info] 192.168.11.48 GET /MAAS/metadata/curtin/2012-03-01/meta-data/instance-id HTTP/1.1 --> 200 OK (referrer: -; agent: python-requests/2.9.1)
Aug 17 09:40:19 mas01 sh[16658]: 2018-08-17 09:40:19 regiond: [info] 192.168.11.48 GET /MAAS/metadata/curtin/2012-03-01/meta-data/local-hostname HTTP/1.1 --> 200 OK (referrer: -; agent: python-requests/2.9.1)
Aug 17 09:40:19 mas01 sh[16814]: 2018-08-17 09:40:19 regiond: [info] 192.168.11.47 GET /MAAS/metadata/curtin/2012-03-01/meta-data/vendor-data HTTP/1.1 --> 200 OK (referrer: -; agent: python-requests/2.9.1)
Aug 17 09:40:19 mas01 sh[16814]: 2018-08-17 09:40:19 regiond: [info] 192.168.11.48 GET /MAAS/metadata/curtin/2012-03-01/meta-data/public-keys HTTP/1.1 --> 200 OK (referrer: -; agent: python-requests/2.9.1)
Aug 17 09:40:19 mas01 sh[16522]: 2018-08-17 09:40:19 regiond: [info] 192.168.11.49 GET /MAAS/metadata/curtin/2012-03-01/meta-data/vendor-data HTTP/1.1 --> 200 OK (referrer: -; agent: python-requests/2.9.1)
Aug 17 09:40:19 mas01 sh[16658]: 2018-08-17 09:40:19 regiond: [info] 192.168.11.48 GET /MAAS/metadata/curtin/2012-03-01/meta-data/vendor-data HTTP/1.1 --> 200 OK (referrer: -; agent: python-requests/2.9.1)
Aug 17 09:40:19 mas01 sh[16522]: 2018-08-17 09:40:19 maasserver.preseed: [warn] WARNING: '/etc/maas/preseeds/curtin_userdata_amd64_generic_xenial' contains deprecated preseed variables. Please remove: main_archive_directory, ports_archive_directory, http_proxy
Aug 17 09:40:19 mas01 sh[16658]: 2018-08-17 09:40:19 maasserver.preseed: [warn] WARNING: '/etc/maas/preseeds/curtin_userdata_amd64_generic_xenial' contains deprecated preseed variables. Please remove: main_archive_directory, ports_archive_directory, http_proxy
Aug 17 09:40:19 mas01 sh[16814]: 2018-08-17 09:40:19 maasserver.preseed: [warn] WARNING: '/etc/maas/preseeds/curtin_userdata_amd64_generic_xenial' contains deprecated preseed variables. Please remove: main_archive_directory, ports_archive_directory, http_proxy
Aug 17 09:40:20 mas01 sh[16658]: 2018-08-17 09:40:20 regiond: [info] 192.168.11.49 POST /MAAS/metadata/status/6fyn4e HTTP/1.1 --> 204 NO_CONTENT (referrer: -; agent: python-requests/2.9.1)
Aug 17 09:40:20 mas01 sh[16658]: 2018-08-17 09:40:20 regiond: [info] 192.168.11.47 GET /MAAS/metadata/curtin/2012-03-01/user-data HTTP/1.1 --> 200 OK (referrer: -; agent: python-requests/2.9.1)
Aug 17 09:40:20 mas01 sh[16814]: 2018-08-17 09:40:20 regiond: [info] 192.168.11.47 POST /MAAS/metadata/status/88d3qe HTTP/1.1 --> 204 NO_CONTENT (referrer: -; agent: python-requests/2.9.1)
Aug 17 09:40:20 mas01 sh[16658]: 2018-08-17 09:40:20 regiond: [info] 192.168.11.49 POST /MAAS/metadata/status/6fyn4e HTTP/1.1 --> 204 NO_CONTENT (referrer: -; agent: python-requests/2.9.1)
Aug 17 09:40:20 mas01 sh[16814]: 2018-08-17 09:40:20 regiond: [info] 192.168.11.49 POST /MAAS/metadata/status/6fyn4e HTTP/1.1 --> 204 NO_CONTENT (referrer: -; agent: python-requests/2.9.1)
Aug 17 09:40:20 mas01 sh[16526]: 2018-08-17 09:40:20 regiond: [info] 192.168.11.49 POST /MAAS/metadata/status/6fyn4e HTTP/1.1 --> 204 NO_CONTENT (referrer: -; agent: python-requests/2.9.1)
Aug 17 09:40:20 mas01 sh[16522]: 2018-08-17 09:40:20 regiond: [info] 192.168.11.49 POST /MAAS/metadata/status/6fyn4e HTTP/1.1 --> 204 NO_CONTENT (referrer: -; agent: python-requests/2.9.1)
Aug 17 09:40:20 mas01 sh[16814]: 2018-08-17 09:40:20 regiond: [info] 192.168.11.49 POST /MAAS/metadata/status/6fyn4e HTTP/1.1 --> 204 NO_CONTENT (referrer: -; agent: python-requests/2.9.1)
Aug 17 09:40:20 mas01 sh[16522]: 2018-08-17 09:40:20 regiond: [info] 192.168.11.47 POST /MAAS/metadata/status/88d3qe HTTP/1.1 --> 204 NO_CONTENT (referrer: -; agent: python-requests/2.9.1)
Aug 17 09:40:20 mas01 sh[16526]: 2018-08-17 09:40:20 regiond: [info] 192.168.11.49 POST /MAAS/metadata/status/6fyn4e HTTP/1.1 --> 204 NO_CONTENT (referrer: -; agent: python-requests/2.9.1)
Aug 17 09:40:20 mas01 sh[16658]: 2018-08-17 09:40:20 regiond: [info] 192.168.11.47 POST /MAAS/metadata/status/88d3qe HTTP/1.1 --> 204 NO_CONTENT (referrer: -; agent: python-requests/2.9.1)
Aug 17 09:40:20 mas01 sh[16814]: 2018-08-17 09:40:20 regiond: [info] 192.168.11.49 POST /MAAS/metadata/status/6fyn4e HTTP/1.1 --> 204 NO_CONTENT (referrer: -; agent: python-requests/2.9.1)
Aug 17 09:40:20 mas01 sh[16526]: 2018-08-17 09:40:20 regiond: [info] 192.168.11.47 POST /MAAS/metadata/status/88d3qe HTTP/1.1 --> 204 NO_CONTENT (referrer: -; agent: python-requests/2.9.1)
Aug 17 09:40:20 mas01 sh[16814]: 2018-08-17 09:40:20 regiond: [info] 192.168.11.49 POST /MAAS/metadata/status/6fyn4e HTTP/1.1 --> 204 NO_CONTENT (referrer: -; agent: python-requests/2.9.1)
Aug 17 09:40:20 mas01 sh[16814]: 2018-08-17 09:40:20 regiond: [info] 192.168.11.48 GET /MAAS/metadata/curtin/2012-03-01/user-data HTTP/1.1 --> 200 OK (referrer: -; agent: python-requests/2.9.1)
Aug 17 09:40:20 mas01 sh[16658]: 2018-08-17 09:40:20 regiond: [info] 192.168.11.47 POST /MAAS/metadata/status/88d3qe HTTP/1.1 --> 204 NO_CONTENT (referrer: -; agent: python-requests/2.9.1)
Aug 17 09:40:20 mas01 sh[16526]: 2018-08-17 09:40:20 regiond: [info] 192.168.11.47 POST /MAAS/metadata/status/88d3qe HTTP/1.1 --> 204 NO_CONTENT (referrer: -; agent: python-requests/2.9.1)
Aug 17 09:40:20 mas01 sh[16526]: 2018-08-17 09:40:20 regiond: [info] 192.168.11.48 POST /MAAS/metadata/status/ppw48h HTTP/1.1 --> 204 NO_CONTENT (referrer: -; agent: python-requests/2.9.1)
Aug 17 09:40:20 mas01 sh[16814]: 2018-08-17 09:40:20 regiond: [info] 192.168.11.47 POST /MAAS/metadata/status/88d3qe HTTP/1.1 --> 204 NO_CONTENT (referrer: -; agent: python-requests/2.9.1)
Aug 17 09:40:20 mas01 sh[16526]: 2018-08-17 09:40:20 regiond: [info] 192.168.11.47 POST /MAAS/metadata/status/88d3qe HTTP/1.1 --> 204 NO_CONTENT (referrer: -; agent: python-requests/2.9.1)
Aug 17 09:40:20 mas01 sh[16814]: 2018-08-17 09:40:20 regiond: [info] 192.168.11.47 POST /MAAS/metadata/status/88d3qe HTTP/1.1 --> 204 NO_CONTENT (referrer: -; agent: python-requests/2.9.1)
Aug 17 09:40:20 mas01 sh[16814]: 2018-08-17 09:40:20 regiond: [info] 192.168.11.48 POST /MAAS/metadata/status/ppw48h HTTP/1.1 --> 204 NO_CONTENT (referrer: -; agent: python-requests/2.9.1)
Aug 17 09:40:20 mas01 sh[16658]: 2018-08-17 09:40:20 regiond: [info] 192.168.11.48 POST /MAAS/metadata/status/ppw48h HTTP/1.1 --> 204 NO_CONTENT (referrer: -; agent: python-requests/2.9.1)
Aug 17 09:40:20 mas01 sh[16658]: 2018-08-17 09:40:20 regiond: [info] 192.168.11.48 POST /MAAS/metadata/status/ppw48h HTTP/1.1 --> 204 NO_CONTENT (referrer: -; agent: python-requests/2.9.1)
Aug 17 09:40:20 mas01 sh[16522]: 2018-08-17 09:40:20 regiond: [info] 192.168.11.48 POST /MAAS/metadata/status/ppw48h HTTP/1.1 --> 204 NO_CONTENT (referrer: -; agent: python-requests/2.9.1)
Aug 17 09:40:20 mas01 sh[16814]: 2018-08-17 09:40:20 regiond: [info] 192.168.11.48 POST /MAAS/metadata/status/ppw48h HTTP/1.1 --> 204 NO_CONTENT (referrer: -; agent: python-requests/2.9.1)
Aug 17 09:40:20 mas01 sh[16522]: 2018-08-17 09:40:20 regiond: [info] 192.168.11.48 POST /MAAS/metadata/status/ppw48h HTTP/1.1 --> 204 NO_CONTENT (referrer: -; agent: python-requests/2.9.1)
Aug 17 09:40:20 mas01 sh[16814]: 2018-08-17 09:40:20 regiond: [info] 192.168.11.49 POST /MAAS/metadata/status/6fyn4e HTTP/1.1 --> 204 NO_CONTENT (referrer: -; agent: python-requests/2.9.1)
Aug 17 09:40:20 mas01 sh[16658]: 2018-08-17 09:40:20 regiond: [info] 192.168.11.49 POST /MAAS/metadata/status/6fyn4e HTTP/1.1 --> 204 NO_CONTENT (referrer: -; agent: python-requests/2.9.1)
Aug 17 09:40:20 mas01 sh[16658]: 2018-08-17 09:40:20 regiond: [info] 192.168.11.49 POST /MAAS/metadata/status/6fyn4e HTTP/1.1 --> 204 NO_CONTENT (referrer: -; agent: python-requests/2.9.1)
Aug 17 09:40:20 mas01 sh[16522]: 2018-08-17 09:40:20 regiond: [info] 192.168.11.49 POST /MAAS/metadata/status/6fyn4e HTTP/1.1 --> 204 NO_CONTENT (referrer: -; agent: python-requests/2.9.1)
Aug 17 09:40:20 mas01 sh[16814]: 2018-08-17 09:40:20 regiond: [info] 192.168.11.49 POST /MAAS/metadata/status/6fyn4e HTTP/1.1 --> 204 NO_CONTENT (referrer: -; agent: python-requests/2.9.1)
Aug 17 09:40:20 mas01 sh[16522]: 2018-08-17 09:40:20 regiond: [info] 192.168.11.49 POST /MAAS/metadata/status/6fyn4e HTTP/1.1 --> 204 NO_CONTENT (referrer: -; agent: python-requests/2.9.1)
Aug 17 09:40:20 mas01 sh[16658]: 2018-08-17 09:40:20 regiond: [info] 192.168.11.49 POST /MAAS/metadata/status/6fyn4e HTTP/1.1 --> 204 NO_CONTENT (referrer: -; agent: python-requests/2.9.1)
Aug 17 09:40:20 mas01 sh[16814]: 2018-08-17 09:40:20 regiond: [info] 192.168.11.49 POST /MAAS/metadata/status/6fyn4e HTTP/1.1 --> 204 NO_CONTENT (referrer: -; agent: python-requests/2.9.1)
Aug 17 09:40:20 mas01 sh[16658]: 2018-08-17 09:40:20 regiond: [info] 192.168.11.48 POST /MAAS/metadata/status/ppw48h HTTP/1.1 --> 204 NO_CONTENT (referrer: -; agent: python-requests/2.9.1)
Aug 17 09:40:20 mas01 sh[16522]: 2018-08-17 09:40:20 regiond: [info] 192.168.11.49 POST /MAAS/metadata/status/6fyn4e HTTP/1.1 --> 204 NO_CONTENT (referrer: -; agent: python-requests/2.9.1)
Aug 17 09:40:20 mas01 sh[16658]: 2018-08-17 09:40:20 regiond: [info] 192.168.11.48 POST /MAAS/metadata/status/ppw48h HTTP/1.1 --> 204 NO_CONTENT (referrer: -; agent: python-requests/2.9.1)
Aug 17 09:40:20 mas01 sh[16814]: 2018-08-17 09:40:20 regiond: [info] 192.168.11.47 POST /MAAS/metadata/status/88d3qe HTTP/1.1 --> 204 NO_CONTENT (referrer: -; agent: python-requests/2.9.1)
Aug 17 09:40:20 mas01 sh[16814]: 2018-08-17 09:40:20 regiond: [info] 192.168.11.49 POST /MAAS/metadata/status/6fyn4e HTTP/1.1 --> 204 NO_CONTENT (referrer: -; agent: python-requests/2.9.1)
Aug 17 09:40:20 mas01 sh[16814]: 2018-08-17 09:40:20 regiond: [info] 192.168.11.47 POST /MAAS/metadata/status/88d3qe HTTP/1.1 --> 204 NO_CONTENT (referrer: -; agent: python-requests/2.9.1)
Aug 17 09:40:20 mas01 sh[16658]: 2018-08-17 09:40:20 regiond: [info] 192.168.11.49 POST /MAAS/metadata/status/6fyn4e HTTP/1.1 --> 204 NO_CONTENT (referrer: -; agent: python-requests/2.9.1)
Aug 17 09:40:20 mas01 sh[16526]: 2018-08-17 09:40:20 regiond: [info] 192.168.11.47 POST /MAAS/metadata/status/88d3qe HTTP/1.1 --> 204 NO_CONTENT (referrer: -; agent: python-requests/2.9.1)
Aug 17 09:40:20 mas01 sh[16814]: 2018-08-17 09:40:20 regiond: [info] 192.168.11.47 POST /MAAS/metadata/status/88d3qe HTTP/1.1 --> 204 NO_CONTENT (referrer: -; agent: python-requests/2.9.1)
Aug 17 09:40:20 mas01 sh[16522]: 2018-08-17 09:40:20 regiond: [info] 192.168.11.47 POST /MAAS/metadata/status/88d3qe HTTP/1.1 --> 204 NO_CONTENT (referrer: -; agent: python-requests/2.9.1)
Aug 17 09:40:20 mas01 sh[16658]: 2018-08-17 09:40:20 regiond: [info] 192.168.11.49 POST /MAAS/metadata/status/6fyn4e HTTP/1.1 --> 204 NO_CONTENT (referrer: -; agent: python-requests/2.9.1)
Aug 17 09:40:20 mas01 sh[16522]: 2018-08-17 09:40:20 regiond: [info] 192.168.11.47 POST /MAAS/metadata/status/88d3qe HTTP/1.1 --> 204 NO_CONTENT (referrer: -; agent: python-requests/2.9.1)
Aug 17 09:40:20 mas01 sh[16522]: 2018-08-17 09:40:20 regiond: [info] 192.168.11.49 POST /MAAS/metadata/status/6fyn4e HTTP/1.1 --> 204 NO_CONTENT (referrer: -; agent: python-requests/2.9.1)
Aug 17 09:40:20 mas01 sh[16522]: 2018-08-17 09:40:20 regiond: [info] 192.168.11.47 POST /MAAS/metadata/status/88d3qe HTTP/1.1 --> 204 NO_CONTENT (referrer: -; agent: python-requests/2.9.1)
Aug 17 09:40:20 mas01 sh[16658]: 2018-08-17 09:40:20 regiond: [info] 192.168.11.49 POST /MAAS/metadata/status/6fyn4e HTTP/1.1 --> 204 NO_CONTENT (referrer: -; agent: python-requests/2.9.1)
Aug 17 09:40:20 mas01 sh[16526]: 2018-08-17 09:40:20 regiond: [info] 192.168.11.47 POST /MAAS/metadata/status/88d3qe HTTP/1.1 --> 204 NO_CONTENT (referrer: -; agent: python-requests/2.9.1)
Aug 17 09:40:20 mas01 sh[16522]: 2018-08-17 09:40:20 regiond: [info] 192.168.11.49 POST /MAAS/metadata/status/6fyn4e HTTP/1.1 --> 204 NO_CONTENT (referrer: -; agent: python-requests/2.9.1)
Aug 17 09:40:20 mas01 sh[16522]: 2018-08-17 09:40:20 regiond: [info] 192.168.11.47 POST /MAAS/metadata/status/88d3qe HTTP/1.1 --> 204 NO_CONTENT (referrer: -; agent: python-requests/2.9.1)
Aug 17 09:40:20 mas01 sh[16814]: 2018-08-17 09:40:20 regiond: [info] 192.168.11.49 POST /MAAS/metadata/status/6fyn4e HTTP/1.1 --> 204 NO_CONTENT (referrer: -; agent: python-requests/2.9.1)
Aug 17 09:40:20 mas01 sh[16522]: 2018-08-17 09:40:20 regiond: [info] 192.168.11.49 POST /MAAS/metadata/status/6fyn4e HTTP/1.1 --> 204 NO_CONTENT (referrer: -; agent: python-requests/2.9.1)
Aug 17 09:40:20 mas01 sh[16526]: 2018-08-17 09:40:20 regiond: [info] 192.168.11.49 POST /MAAS/metadata/status/6fyn4e HTTP/1.1 --> 204 NO_CONTENT (referrer: -; agent: python-requests/2.9.1)
Aug 17 09:40:20 mas01 sh[16522]: 2018-08-17 09:40:20 regiond: [info] 192.168.11.49 POST /MAAS/metadata/status/6fyn4e HTTP/1.1 --> 204 NO_CONTENT (referrer: -; agent: python-requests/2.9.1)
Aug 17 09:40:20 mas01 sh[16658]: 2018-08-17 09:40:20 regiond: [info] 192.168.11.49 POST /MAAS/metadata/status/6fyn4e HTTP/1.1 --> 204 NO_CONTENT (referrer: -; agent: python-requests/2.9.1)
Aug 17 09:40:20 mas01 sh[16526]: 2018-08-17 09:40:20 regiond: [info] 192.168.11.47 POST /MAAS/metadata/status/88d3qe HTTP/1.1 --> 204 NO_CONTENT (referrer: -; agent: python-requests/2.9.1)
Aug 17 09:40:20 mas01 sh[16814]: 2018-08-17 09:40:20 regiond: [info] 192.168.11.49 POST /MAAS/metadata/status/6fyn4e HTTP/1.1 --> 204 NO_CONTENT (referrer: -; agent: python-requests/2.9.1)
Aug 17 09:40:20 mas01 sh[16658]: 2018-08-17 09:40:20 regiond: [info] 192.168.11.47 POST /MAAS/metadata/status/88d3qe HTTP/1.1 --> 204 NO_CONTENT (referrer: -; agent: python-requests/2.9.1)
Aug 17 09:40:20 mas01 sh[16658]: 2018-08-17 09:40:20 regiond: [info] 192.168.11.49 POST /MAAS/metadata/status/6fyn4e HTTP/1.1 --> 204 NO_CONTENT (referrer: -; agent: python-requests/2.9.1)
Aug 17 09:40:20 mas01 sh[16522]: 2018-08-17 09:40:20 regiond: [info] 192.168.11.47 POST /MAAS/metadata/status/88d3qe HTTP/1.1 --> 204 NO_CONTENT (referrer: -; agent: python-requests/2.9.1)
Aug 17 09:40:20 mas01 sh[16814]: 2018-08-17 09:40:20 regiond: [info] 192.168.11.49 POST /MAAS/metadata/status/6fyn4e HTTP/1.1 --> 204 NO_CONTENT (referrer: -; agent: python-requests/2.9.1)
Aug 17 09:40:20 mas01 sh[16658]: 2018-08-17 09:40:20 regiond: [info] 192.168.11.47 POST /MAAS/metadata/status/88d3qe HTTP/1.1 --> 204 NO_CONTENT (referrer: -; agent: python-requests/2.9.1)
Aug 17 09:40:20 mas01 sh[16526]: 2018-08-17 09:40:20 regiond: [info] 192.168.11.49 POST /MAAS/metadata/status/6fyn4e HTTP/1.1 --> 204 NO_CONTENT (referrer: -; agent: python-requests/2.9.1)
Aug 17 09:40:20 mas01 sh[16522]: 2018-08-17 09:40:20 regiond: [info] 192.168.11.49 POST /MAAS/metadata/status/6fyn4e HTTP/1.1 --> 204 NO_CONTENT (referrer: -; agent: python-requests/2.9.1)
Aug 17 09:40:20 mas01 sh[16814]: 2018-08-17 09:40:20 regiond: [info] 192.168.11.47 POST /MAAS/metadata/status/88d3qe HTTP/1.1 --> 204 NO_CONTENT (referrer: -; agent: python-requests/2.9.1)
Aug 17 09:40:20 mas01 sh[16814]: 2018-08-17 09:40:20 regiond: [info] 192.168.11.47 POST /MAAS/metadata/status/88d3qe HTTP/1.1 --> 204 NO_CONTENT (referrer: -; agent: python-requests/2.9.1)
Aug 17 09:40:20 mas01 sh[16526]: 2018-08-17 09:40:20 regiond: [info] 192.168.11.47 POST /MAAS/metadata/status/88d3qe HTTP/1.1 --> 204 NO_CONTENT (referrer: -; agent: python-requests/2.9.1)
Aug 17 09:40:20 mas01 sh[16526]: 2018-08-17 09:40:20 regiond: [info] 192.168.11.49 POST /MAAS/metadata/status/6fyn4e HTTP/1.1 --> 204 NO_CONTENT (referrer: -; agent: python-requests/2.9.1)
Aug 17 09:40:20 mas01 sh[16814]: 2018-08-17 09:40:20 regiond: [info] 192.168.11.47 POST /MAAS/metadata/status/88d3qe HTTP/1.1 --> 204 NO_CONTENT (referrer: -; agent: python-requests/2.9.1)
Aug 17 09:40:20 mas01 sh[16526]: 2018-08-17 09:40:20 regiond: [info] 192.168.11.49 POST /MAAS/metadata/status/6fyn4e HTTP/1.1 --> 204 NO_CONTENT (referrer: -; agent: python-requests/2.9.1)
Aug 17 09:40:20 mas01 sh[16522]: 2018-08-17 09:40:20 regiond: [info] 192.168.11.48 POST /MAAS/metadata/status/ppw48h HTTP/1.1 --> 204 NO_CONTENT (referrer: -; agent: python-requests/2.9.1)
Aug 17 09:40:20 mas01 sh[16814]: 2018-08-17 09:40:20 regiond: [info] 192.168.11.47 POST /MAAS/metadata/status/88d3qe HTTP/1.1 --> 204 NO_CONTENT (referrer: -; agent: python-requests/2.9.1)
Aug 17 09:40:20 mas01 sh[16658]: 2018-08-17 09:40:20 regiond: [info] 192.168.11.48 POST /MAAS/metadata/status/ppw48h HTTP/1.1 --> 204 NO_CONTENT (referrer: -; agent: python-requests/2.9.1)
Aug 17 09:40:20 mas01 sh[16526]: 2018-08-17 09:40:20 regiond: [info] 192.168.11.47 POST /MAAS/metadata/status/88d3qe HTTP/1.1 --> 204 NO_CONTENT (referrer: -; agent: python-requests/2.9.1)
Aug 17 09:40:20 mas01 sh[16658]: 2018-08-17 09:40:20 regiond: [info] 192.168.11.48 POST /MAAS/metadata/status/ppw48h HTTP/1.1 --> 204 NO_CONTENT (referrer: -; agent: python-requests/2.9.1)
Aug 17 09:40:20 mas01 sh[16526]: 2018-08-17 09:40:20 regiond: [info] 192.168.11.47 POST /MAAS/metadata/status/88d3qe HTTP/1.1 --> 204 NO_CONTENT (referrer: -; agent: python-requests/2.9.1)
Aug 17 09:40:20 mas01 sh[16526]: 2018-08-17 09:40:20 regiond: [info] 192.168.11.48 POST /MAAS/metadata/status/ppw48h HTTP/1.1 --> 204 NO_CONTENT (referrer: -; agent: python-requests/2.9.1)
Aug 17 09:40:20 mas01 sh[16814]: 2018-08-17 09:40:20 regiond: [info] 192.168.11.47 POST /MAAS/metadata/status/88d3qe HTTP/1.1 --> 204 NO_CONTENT (referrer: -; agent: python-requests/2.9.1)
Aug 17 09:40:20 mas01 sh[16526]: 2018-08-17 09:40:20 regiond: [info] 192.168.11.48 POST /MAAS/metadata/status/ppw48h HTTP/1.1 --> 204 NO_CONTENT (referrer: -; agent: python-requests/2.9.1)
Aug 17 09:40:20 mas01 sh[16814]: 2018-08-17 09:40:20 regiond: [info] 192.168.11.48 POST /MAAS/metadata/status/ppw48h HTTP/1.1 --> 204 NO_CONTENT (referrer: -; agent: python-requests/2.9.1)
Aug 17 09:40:20 mas01 sh[16522]: 2018-08-17 09:40:20 regiond: [info] 192.168.11.47 POST /MAAS/metadata/status/88d3qe HTTP/1.1 --> 204 NO_CONTENT (referrer: -; agent: python-requests/2.9.1)
Aug 17 09:40:20 mas01 sh[16658]: 2018-08-17 09:40:20 regiond: [info] 192.168.11.48 POST /MAAS/metadata/status/ppw48h HTTP/1.1 --> 204 NO_CONTENT (referrer: -; agent: python-requests/2.9.1)
Aug 17 09:40:20 mas01 sh[16814]: 2018-08-17 09:40:20 regiond: [info] 192.168.11.47 POST /MAAS/metadata/status/88d3qe HTTP/1.1 --> 204 NO_CONTENT (referrer: -; agent: python-requests/2.9.1)
Aug 17 09:40:20 mas01 sh[16522]: 2018-08-17 09:40:20 regiond: [info] 192.168.11.48 POST /MAAS/metadata/status/ppw48h HTTP/1.1 --> 204 NO_CONTENT (referrer: -; agent: python-requests/2.9.1)
Aug 17 09:40:20 mas01 sh[16526]: 2018-08-17 09:40:20 regiond: [info] 192.168.11.47 POST /MAAS/metadata/status/88d3qe HTTP/1.1 --> 204 NO_CONTENT (referrer: -; agent: python-requests/2.9.1)
Aug 17 09:40:20 mas01 sh[16526]: 2018-08-17 09:40:20 regiond: [info] 192.168.11.48 POST /MAAS/metadata/status/ppw48h HTTP/1.1 --> 204 NO_CONTENT (referrer: -; agent: python-requests/2.9.1)
Aug 17 09:40:20 mas01 sh[16522]: 2018-08-17 09:40:20 regiond: [info] 192.168.11.47 POST /MAAS/metadata/status/88d3qe HTTP/1.1 --> 204 NO_CONTENT (referrer: -; agent: python-requests/2.9.1)
Aug 17 09:40:20 mas01 sh[16526]: 2018-08-17 09:40:20 regiond: [info] 192.168.11.47 POST /MAAS/metadata/status/88d3qe HTTP/1.1 --> 204 NO_CONTENT (referrer: -; agent: python-requests/2.9.1)
Aug 17 09:40:20 mas01 sh[16526]: 2018-08-17 09:40:20 regiond: [info] 192.168.11.48 POST /MAAS/metadata/status/ppw48h HTTP/1.1 --> 204 NO_CONTENT (referrer: -; agent: python-requests/2.9.1)
Aug 17 09:40:20 mas01 sh[16658]: 2018-08-17 09:40:20 regiond: [info] 192.168.11.47 POST /MAAS/metadata/status/88d3qe HTTP/1.1 --> 204 NO_CONTENT (referrer: -; agent: python-requests/2.9.1)
Aug 17 09:40:20 mas01 sh[16526]: 2018-08-17 09:40:20 regiond: [info] 192.168.11.49 POST /MAAS/metadata/status/6fyn4e HTTP/1.1 --> 204 NO_CONTENT (referrer: -; agent: python-requests/2.9.1)
Aug 17 09:40:20 mas01 sh[16522]: 2018-08-17 09:40:20 regiond: [info] 192.168.11.48 POST /MAAS/metadata/status/ppw48h HTTP/1.1 --> 204 NO_CONTENT (referrer: -; agent: python-requests/2.9.1)
Aug 17 09:40:20 mas01 sh[16658]: 2018-08-17 09:40:20 regiond: [info] 192.168.11.49 POST /MAAS/metadata/status/6fyn4e HTTP/1.1 --> 204 NO_CONTENT (referrer: -; agent: python-requests/2.9.1)
Aug 17 09:40:20 mas01 sh[16522]: 2018-08-17 09:40:20 regiond: [info] 192.168.11.48 POST /MAAS/metadata/status/ppw48h HTTP/1.1 --> 204 NO_CONTENT (referrer: -; agent: python-requests/2.9.1)
Aug 17 09:40:20 mas01 sh[16522]: 2018-08-17 09:40:20 regiond: [info] 192.168.11.48 POST /MAAS/metadata/status/ppw48h HTTP/1.1 --> 204 NO_CONTENT (referrer: -; agent: python-requests/2.9.1)
Aug 17 09:40:20 mas01 sh[16814]: 2018-08-17 09:40:20 regiond: [info] 192.168.11.48 POST /MAAS/metadata/status/ppw48h HTTP/1.1 --> 204 NO_CONTENT (referrer: -; agent: python-requests/2.9.1)
Aug 17 09:40:20 mas01 sh[16658]: 2018-08-17 09:40:20 regiond: [info] 192.168.11.48 POST /MAAS/metadata/status/ppw48h HTTP/1.1 --> 204 NO_CONTENT (referrer: -; agent: python-requests/2.9.1)
Aug 17 09:40:20 mas01 sh[16526]: 2018-08-17 09:40:20 regiond: [info] 192.168.11.48 POST /MAAS/metadata/status/ppw48h HTTP/1.1 --> 204 NO_CONTENT (referrer: -; agent: python-requests/2.9.1)
Aug 17 09:40:20 mas01 sh[16814]: 2018-08-17 09:40:20 regiond: [info] 192.168.11.48 POST /MAAS/metadata/status/ppw48h HTTP/1.1 --> 204 NO_CONTENT (referrer: -; agent: python-requests/2.9.1)
Aug 17 09:40:20 mas01 sh[16522]: 2018-08-17 09:40:20 regiond: [info] 192.168.11.48 POST /MAAS/metadata/status/ppw48h HTTP/1.1 --> 204 NO_CONTENT (referrer: -; agent: python-requests/2.9.1)
Aug 17 09:40:20 mas01 sh[16658]: 2018-08-17 09:40:20 regiond: [info] 192.168.11.48 POST /MAAS/metadata/status/ppw48h HTTP/1.1 --> 204 NO_CONTENT (referrer: -; agent: python-requests/2.9.1)
Aug 17 09:40:20 mas01 sh[16658]: 2018-08-17 09:40:20 regiond: [info] 192.168.11.48 POST /MAAS/metadata/status/ppw48h HTTP/1.1 --> 204 NO_CONTENT (referrer: -; agent: python-requests/2.9.1)
Aug 17 09:40:20 mas01 sh[16526]: 2018-08-17 09:40:20 regiond: [info] 192.168.11.48 POST /MAAS/metadata/status/ppw48h HTTP/1.1 --> 204 NO_CONTENT (referrer: -; agent: python-requests/2.9.1)
Aug 17 09:40:20 mas01 sh[16814]: 2018-08-17 09:40:20 regiond: [info] 192.168.11.47 POST /MAAS/metadata/status/88d3qe HTTP/1.1 --> 204 NO_CONTENT (referrer: -; agent: python-requests/2.9.1)
Aug 17 09:40:20 mas01 sh[16526]: 2018-08-17 09:40:20 regiond: [info] 192.168.11.48 POST /MAAS/metadata/status/ppw48h HTTP/1.1 --> 204 NO_CONTENT (referrer: -; agent: python-requests/2.9.1)
Aug 17 09:40:20 mas01 sh[16522]: 2018-08-17 09:40:20 regiond: [info] 192.168.11.47 POST /MAAS/metadata/status/88d3qe HTTP/1.1 --> 204 NO_CONTENT (referrer: -; agent: python-requests/2.9.1)
Aug 17 09:40:20 mas01 sh[16658]: 2018-08-17 09:40:20 regiond: [info] 192.168.11.48 POST /MAAS/metadata/status/ppw48h HTTP/1.1 --> 204 NO_CONTENT (referrer: -; agent: python-requests/2.9.1)
Aug 17 09:40:20 mas01 sh[16814]: 2018-08-17 09:40:20 regiond: [info] 192.168.11.48 POST /MAAS/metadata/status/ppw48h HTTP/1.1 --> 204 NO_CONTENT (referrer: -; agent: python-requests/2.9.1)
