Aug  9 20:35:07 mas01 sh[16904]: 2018-08-09 20:35:07 regiond: [info] 192.168.11.42 POST /MAAS/metadata/status/7q7rd7 HTTP/1.1 --> 204 NO_CONTENT (referrer: -; agent: python-requests/2.9.1)
Aug  9 20:35:07 mas01 sh[16614]: 2018-08-09 20:35:07 regiond: [info] 192.168.11.42 POST /MAAS/metadata/status/7q7rd7 HTTP/1.1 --> 204 NO_CONTENT (referrer: -; agent: python-requests/2.9.1)
Aug  9 20:35:07 mas01 sh[16621]: 2018-08-09 20:35:07 regiond: [info] 192.168.11.44 POST /MAAS/metadata/status/wq44k3 HTTP/1.1 --> 204 NO_CONTENT (referrer: -; agent: python-requests/2.9.1)
Aug  9 20:35:07 mas01 sh[16614]: 2018-08-09 20:35:07 regiond: [info] 192.168.11.44 POST /MAAS/metadata/status/wq44k3 HTTP/1.1 --> 204 NO_CONTENT (referrer: -; agent: python-requests/2.9.1)
Aug  9 20:35:07 mas01 sh[17162]: 2018-08-09 20:35:07 regiond: [info] 192.168.11.45 POST /MAAS/metadata/status/hdbp33 HTTP/1.1 --> 204 NO_CONTENT (referrer: -; agent: python-requests/2.9.1)
Aug  9 20:35:07 mas01 sh[16614]: 2018-08-09 20:35:07 regiond: [info] 192.168.11.44 POST /MAAS/metadata/status/wq44k3 HTTP/1.1 --> 204 NO_CONTENT (referrer: -; agent: python-requests/2.9.1)
Aug  9 20:35:07 mas01 sh[17162]: 2018-08-09 20:35:07 regiond: [info] 192.168.11.45 POST /MAAS/metadata/status/hdbp33 HTTP/1.1 --> 204 NO_CONTENT (referrer: -; agent: python-requests/2.9.1)
Aug  9 20:35:07 mas01 sh[16904]: 2018-08-09 20:35:07 regiond: [info] 192.168.11.44 POST /MAAS/metadata/status/wq44k3 HTTP/1.1 --> 204 NO_CONTENT (referrer: -; agent: python-requests/2.9.1)
Aug  9 20:35:07 mas01 sh[16904]: 2018-08-09 20:35:07 regiond: [info] 192.168.11.45 POST /MAAS/metadata/status/hdbp33 HTTP/1.1 --> 204 NO_CONTENT (referrer: -; agent: python-requests/2.9.1)
Aug  9 20:35:07 mas01 sh[16621]: 2018-08-09 20:35:07 regiond: [info] 192.168.11.44 POST /MAAS/metadata/status/wq44k3 HTTP/1.1 --> 204 NO_CONTENT (referrer: -; agent: python-requests/2.9.1)
Aug  9 20:35:07 mas01 sh[17162]: 2018-08-09 20:35:07 regiond: [info] 192.168.11.45 POST /MAAS/metadata/status/hdbp33 HTTP/1.1 --> 204 NO_CONTENT (referrer: -; agent: python-requests/2.9.1)
Aug  9 20:35:07 mas01 sh[16614]: 2018-08-09 20:35:07 regiond: [info] 192.168.11.44 POST /MAAS/metadata/status/wq44k3 HTTP/1.1 --> 204 NO_CONTENT (referrer: -; agent: python-requests/2.9.1)
Aug  9 20:35:07 mas01 sh[16614]: 2018-08-09 20:35:07 regiond: [info] 192.168.11.45 POST /MAAS/metadata/status/hdbp33 HTTP/1.1 --> 204 NO_CONTENT (referrer: -; agent: python-requests/2.9.1)
Aug  9 20:35:07 mas01 sh[17162]: 2018-08-09 20:35:07 regiond: [info] 192.168.11.44 POST /MAAS/metadata/status/wq44k3 HTTP/1.1 --> 204 NO_CONTENT (referrer: -; agent: python-requests/2.9.1)
Aug  9 20:35:07 mas01 sh[16904]: 2018-08-09 20:35:07 regiond: [info] 192.168.11.45 POST /MAAS/metadata/status/hdbp33 HTTP/1.1 --> 204 NO_CONTENT (referrer: -; agent: python-requests/2.9.1)
Aug  9 20:35:07 mas01 sh[16904]: 2018-08-09 20:35:07 regiond: [info] 192.168.11.44 POST /MAAS/metadata/status/wq44k3 HTTP/1.1 --> 204 NO_CONTENT (referrer: -; agent: python-requests/2.9.1)
Aug  9 20:35:07 mas01 sh[16904]: 2018-08-09 20:35:07 regiond: [info] 192.168.11.45 POST /MAAS/metadata/status/hdbp33 HTTP/1.1 --> 204 NO_CONTENT (referrer: -; agent: python-requests/2.9.1)
Aug  9 20:35:07 mas01 sh[17162]: 2018-08-09 20:35:07 regiond: [info] 192.168.11.44 POST /MAAS/metadata/status/wq44k3 HTTP/1.1 --> 204 NO_CONTENT (referrer: -; agent: python-requests/2.9.1)
Aug  9 20:35:07 mas01 sh[16614]: 2018-08-09 20:35:07 regiond: [info] 192.168.11.45 POST /MAAS/metadata/status/hdbp33 HTTP/1.1 --> 204 NO_CONTENT (referrer: -; agent: python-requests/2.9.1)
Aug  9 20:35:07 mas01 sh[17162]: 2018-08-09 20:35:07 regiond: [info] 192.168.11.44 POST /MAAS/metadata/status/wq44k3 HTTP/1.1 --> 204 NO_CONTENT (referrer: -; agent: python-requests/2.9.1)
Aug  9 20:35:07 mas01 sh[16621]: 2018-08-09 20:35:07 regiond: [info] 192.168.11.45 POST /MAAS/metadata/status/hdbp33 HTTP/1.1 --> 204 NO_CONTENT (referrer: -; agent: python-requests/2.9.1)
Aug  9 20:35:07 mas01 sh[16904]: 2018-08-09 20:35:07 regiond: [info] 192.168.11.44 POST /MAAS/metadata/status/wq44k3 HTTP/1.1 --> 204 NO_CONTENT (referrer: -; agent: python-requests/2.9.1)
Aug  9 20:35:07 mas01 sh[16614]: 2018-08-09 20:35:07 regiond: [info] 192.168.11.45 POST /MAAS/metadata/status/hdbp33 HTTP/1.1 --> 204 NO_CONTENT (referrer: -; agent: python-requests/2.9.1)
Aug  9 20:35:07 mas01 sh[17162]: 2018-08-09 20:35:07 regiond: [info] 192.168.11.44 POST /MAAS/metadata/status/wq44k3 HTTP/1.1 --> 204 NO_CONTENT (referrer: -; agent: python-requests/2.9.1)
Aug  9 20:35:07 mas01 sh[17162]: 2018-08-09 20:35:07 regiond: [info] 192.168.11.44 POST /MAAS/metadata/status/wq44k3 HTTP/1.1 --> 204 NO_CONTENT (referrer: -; agent: python-requests/2.9.1)
Aug  9 20:35:07 mas01 sh[16904]: 2018-08-09 20:35:07 regiond: [info] 192.168.11.45 POST /MAAS/metadata/status/hdbp33 HTTP/1.1 --> 204 NO_CONTENT (referrer: -; agent: python-requests/2.9.1)
Aug  9 20:35:07 mas01 sh[16621]: 2018-08-09 20:35:07 regiond: [info] 192.168.11.44 POST /MAAS/metadata/status/wq44k3 HTTP/1.1 --> 204 NO_CONTENT (referrer: -; agent: python-requests/2.9.1)
Aug  9 20:35:07 mas01 sh[16904]: 2018-08-09 20:35:07 regiond: [info] 192.168.11.45 POST /MAAS/metadata/status/hdbp33 HTTP/1.1 --> 204 NO_CONTENT (referrer: -; agent: python-requests/2.9.1)
Aug  9 20:35:07 mas01 sh[17162]: 2018-08-09 20:35:07 regiond: [info] 192.168.11.44 POST /MAAS/metadata/status/wq44k3 HTTP/1.1 --> 204 NO_CONTENT (referrer: -; agent: python-requests/2.9.1)
Aug  9 20:35:07 mas01 sh[16614]: 2018-08-09 20:35:07 regiond: [info] 192.168.11.45 POST /MAAS/metadata/status/hdbp33 HTTP/1.1 --> 204 NO_CONTENT (referrer: -; agent: python-requests/2.9.1)
Aug  9 20:35:07 mas01 sh[16614]: 2018-08-09 20:35:07 regiond: [info] 192.168.11.44 POST /MAAS/metadata/status/wq44k3 HTTP/1.1 --> 204 NO_CONTENT (referrer: -; agent: python-requests/2.9.1)
Aug  9 20:35:07 mas01 sh[16621]: 2018-08-09 20:35:07 regiond: [info] 192.168.11.44 POST /MAAS/metadata/status/wq44k3 HTTP/1.1 --> 204 NO_CONTENT (referrer: -; agent: python-requests/2.9.1)
Aug  9 20:35:07 mas01 sh[16904]: 2018-08-09 20:35:07 regiond: [info] 192.168.11.45 POST /MAAS/metadata/status/hdbp33 HTTP/1.1 --> 204 NO_CONTENT (referrer: -; agent: python-requests/2.9.1)
Aug  9 20:35:07 mas01 sh[17162]: 2018-08-09 20:35:07 regiond: [info] 192.168.11.43 POST /MAAS/metadata/status/ggt7eg HTTP/1.1 --> 204 NO_CONTENT (referrer: -; agent: python-requests/2.9.1)
Aug  9 20:35:07 mas01 sh[16621]: 2018-08-09 20:35:07 regiond: [info] 192.168.11.44 POST /MAAS/metadata/status/wq44k3 HTTP/1.1 --> 204 NO_CONTENT (referrer: -; agent: python-requests/2.9.1)
Aug  9 20:35:07 mas01 sh[16621]: 2018-08-09 20:35:07 regiond: [info] 192.168.11.45 POST /MAAS/metadata/status/hdbp33 HTTP/1.1 --> 204 NO_CONTENT (referrer: -; agent: python-requests/2.9.1)
Aug  9 20:35:07 mas01 sh[16621]: 2018-08-09 20:35:07 regiond: [info] 192.168.11.43 POST /MAAS/metadata/status/ggt7eg HTTP/1.1 --> 204 NO_CONTENT (referrer: -; agent: python-requests/2.9.1)
Aug  9 20:35:07 mas01 sh[16904]: 2018-08-09 20:35:07 regiond: [info] 192.168.11.44 POST /MAAS/metadata/status/wq44k3 HTTP/1.1 --> 204 NO_CONTENT (referrer: -; agent: python-requests/2.9.1)
Aug  9 20:35:07 mas01 sh[16621]: 2018-08-09 20:35:07 regiond: [info] 192.168.11.45 POST /MAAS/metadata/status/hdbp33 HTTP/1.1 --> 204 NO_CONTENT (referrer: -; agent: python-requests/2.9.1)
Aug  9 20:35:07 mas01 sh[17162]: 2018-08-09 20:35:07 regiond: [info] 192.168.11.43 POST /MAAS/metadata/status/ggt7eg HTTP/1.1 --> 204 NO_CONTENT (referrer: -; agent: python-requests/2.9.1)
Aug  9 20:35:07 mas01 sh[16904]: 2018-08-09 20:35:07 regiond: [info] 192.168.11.44 POST /MAAS/metadata/status/wq44k3 HTTP/1.1 --> 204 NO_CONTENT (referrer: -; agent: python-requests/2.9.1)
Aug  9 20:35:07 mas01 sh[17162]: 2018-08-09 20:35:07 regiond: [info] 192.168.11.45 POST /MAAS/metadata/status/hdbp33 HTTP/1.1 --> 204 NO_CONTENT (referrer: -; agent: python-requests/2.9.1)
Aug  9 20:35:07 mas01 sh[17162]: 2018-08-09 20:35:07 regiond: [info] 192.168.11.43 POST /MAAS/metadata/status/ggt7eg HTTP/1.1 --> 204 NO_CONTENT (referrer: -; agent: python-requests/2.9.1)
Aug  9 20:35:07 mas01 sh[17162]: 2018-08-09 20:35:07 regiond: [info] 192.168.11.44 POST /MAAS/metadata/status/wq44k3 HTTP/1.1 --> 204 NO_CONTENT (referrer: -; agent: python-requests/2.9.1)
Aug  9 20:35:07 mas01 sh[16614]: 2018-08-09 20:35:07 regiond: [info] 192.168.11.45 POST /MAAS/metadata/status/hdbp33 HTTP/1.1 --> 204 NO_CONTENT (referrer: -; agent: python-requests/2.9.1)
Aug  9 20:35:07 mas01 sh[16621]: 2018-08-09 20:35:07 regiond: [info] 192.168.11.43 POST /MAAS/metadata/status/ggt7eg HTTP/1.1 --> 204 NO_CONTENT (referrer: -; agent: python-requests/2.9.1)
Aug  9 20:35:07 mas01 sh[16904]: 2018-08-09 20:35:07 regiond: [info] 192.168.11.45 POST /MAAS/metadata/status/hdbp33 HTTP/1.1 --> 204 NO_CONTENT (referrer: -; agent: python-requests/2.9.1)
Aug  9 20:35:07 mas01 sh[16614]: 2018-08-09 20:35:07 regiond: [info] 192.168.11.44 POST /MAAS/metadata/status/wq44k3 HTTP/1.1 --> 204 NO_CONTENT (referrer: -; agent: python-requests/2.9.1)
Aug  9 20:35:07 mas01 sh[16904]: 2018-08-09 20:35:07 regiond: [info] 192.168.11.43 POST /MAAS/metadata/status/ggt7eg HTTP/1.1 --> 204 NO_CONTENT (referrer: -; agent: python-requests/2.9.1)
Aug  9 20:35:07 mas01 sh[16904]: 2018-08-09 20:35:07 regiond: [info] 192.168.11.44 POST /MAAS/metadata/status/wq44k3 HTTP/1.1 --> 204 NO_CONTENT (referrer: -; agent: python-requests/2.9.1)
Aug  9 20:35:07 mas01 sh[16621]: 2018-08-09 20:35:07 regiond: [info] 192.168.11.45 POST /MAAS/metadata/status/hdbp33 HTTP/1.1 --> 204 NO_CONTENT (referrer: -; agent: python-requests/2.9.1)
Aug  9 20:35:07 mas01 sh[17162]: 2018-08-09 20:35:07 regiond: [info] 192.168.11.43 POST /MAAS/metadata/status/ggt7eg HTTP/1.1 --> 204 NO_CONTENT (referrer: -; agent: python-requests/2.9.1)
Aug  9 20:35:07 mas01 sh[16904]: 2018-08-09 20:35:07 regiond: [info] 192.168.11.45 POST /MAAS/metadata/status/hdbp33 HTTP/1.1 --> 204 NO_CONTENT (referrer: -; agent: python-requests/2.9.1)
Aug  9 20:35:07 mas01 sh[16621]: 2018-08-09 20:35:07 regiond: [info] 192.168.11.44 POST /MAAS/metadata/status/wq44k3 HTTP/1.1 --> 204 NO_CONTENT (referrer: -; agent: python-requests/2.9.1)
Aug  9 20:35:07 mas01 sh[16614]: 2018-08-09 20:35:07 regiond: [info] 192.168.11.43 POST /MAAS/metadata/status/ggt7eg HTTP/1.1 --> 204 NO_CONTENT (referrer: -; agent: python-requests/2.9.1)
Aug  9 20:35:07 mas01 sh[16904]: 2018-08-09 20:35:07 regiond: [info] 192.168.11.45 POST /MAAS/metadata/status/hdbp33 HTTP/1.1 --> 204 NO_CONTENT (referrer: -; agent: python-requests/2.9.1)
Aug  9 20:35:07 mas01 sh[16621]: 2018-08-09 20:35:07 regiond: [info] 192.168.11.44 POST /MAAS/metadata/status/wq44k3 HTTP/1.1 --> 204 NO_CONTENT (referrer: -; agent: python-requests/2.9.1)
Aug  9 20:35:07 mas01 sh[16904]: 2018-08-09 20:35:07 regiond: [info] 192.168.11.43 POST /MAAS/metadata/status/ggt7eg HTTP/1.1 --> 204 NO_CONTENT (referrer: -; agent: python-requests/2.9.1)
Aug  9 20:35:07 mas01 sh[16614]: 2018-08-09 20:35:07 regiond: [info] 192.168.11.44 POST /MAAS/metadata/status/wq44k3 HTTP/1.1 --> 204 NO_CONTENT (referrer: -; agent: python-requests/2.9.1)
Aug  9 20:35:07 mas01 sh[16621]: 2018-08-09 20:35:07 regiond: [info] 192.168.11.45 POST /MAAS/metadata/status/hdbp33 HTTP/1.1 --> 204 NO_CONTENT (referrer: -; agent: python-requests/2.9.1)
Aug  9 20:35:07 mas01 sh[16904]: 2018-08-09 20:35:07 regiond: [info] 192.168.11.43 POST /MAAS/metadata/status/ggt7eg HTTP/1.1 --> 204 NO_CONTENT (referrer: -; agent: python-requests/2.9.1)
Aug  9 20:35:07 mas01 sh[16614]: 2018-08-09 20:35:07 regiond: [info] 192.168.11.44 POST /MAAS/metadata/status/wq44k3 HTTP/1.1 --> 204 NO_CONTENT (referrer: -; agent: python-requests/2.9.1)
Aug  9 20:35:07 mas01 sh[16904]: 2018-08-09 20:35:07 regiond: [info] 192.168.11.45 POST /MAAS/metadata/status/hdbp33 HTTP/1.1 --> 204 NO_CONTENT (referrer: -; agent: python-requests/2.9.1)
Aug  9 20:35:07 mas01 sh[17162]: 2018-08-09 20:35:07 regiond: [info] 192.168.11.43 POST /MAAS/metadata/status/ggt7eg HTTP/1.1 --> 204 NO_CONTENT (referrer: -; agent: python-requests/2.9.1)
Aug  9 20:35:07 mas01 sh[16904]: 2018-08-09 20:35:07 regiond: [info] 192.168.11.44 POST /MAAS/metadata/status/wq44k3 HTTP/1.1 --> 204 NO_CONTENT (referrer: -; agent: python-requests/2.9.1)
Aug  9 20:35:07 mas01 sh[16614]: 2018-08-09 20:35:07 regiond: [info] 192.168.11.45 POST /MAAS/metadata/status/hdbp33 HTTP/1.1 --> 204 NO_CONTENT (referrer: -; agent: python-requests/2.9.1)
Aug  9 20:35:07 mas01 sh[17162]: 2018-08-09 20:35:07 regiond: [info] 192.168.11.44 POST /MAAS/metadata/status/wq44k3 HTTP/1.1 --> 204 NO_CONTENT (referrer: -; agent: python-requests/2.9.1)
Aug  9 20:35:07 mas01 sh[16614]: 2018-08-09 20:35:07 regiond: [info] 192.168.11.43 POST /MAAS/metadata/status/ggt7eg HTTP/1.1 --> 204 NO_CONTENT (referrer: -; agent: python-requests/2.9.1)
Aug  9 20:35:07 mas01 sh[16904]: 2018-08-09 20:35:07 regiond: [info] 192.168.11.45 POST /MAAS/metadata/status/hdbp33 HTTP/1.1 --> 204 NO_CONTENT (referrer: -; agent: python-requests/2.9.1)
Aug  9 20:35:07 mas01 sh[17162]: 2018-08-09 20:35:07 regiond: [info] 192.168.11.43 POST /MAAS/metadata/status/ggt7eg HTTP/1.1 --> 204 NO_CONTENT (referrer: -; agent: python-requests/2.9.1)
Aug  9 20:35:07 mas01 sh[16904]: 2018-08-09 20:35:07 regiond: [info] 192.168.11.45 POST /MAAS/metadata/status/hdbp33 HTTP/1.1 --> 204 NO_CONTENT (referrer: -; agent: python-requests/2.9.1)
Aug  9 20:35:07 mas01 sh[16904]: 2018-08-09 20:35:07 regiond: [info] 192.168.11.45 POST /MAAS/metadata/status/hdbp33 HTTP/1.1 --> 204 NO_CONTENT (referrer: -; agent: python-requests/2.9.1)
Aug  9 20:35:07 mas01 sh[16621]: 2018-08-09 20:35:07 regiond: [info] 192.168.11.43 POST /MAAS/metadata/status/ggt7eg HTTP/1.1 --> 204 NO_CONTENT (referrer: -; agent: python-requests/2.9.1)
Aug  9 20:35:07 mas01 sh[16904]: 2018-08-09 20:35:07 regiond: [info] 192.168.11.43 POST /MAAS/metadata/status/ggt7eg HTTP/1.1 --> 204 NO_CONTENT (referrer: -; agent: python-requests/2.9.1)
Aug  9 20:35:07 mas01 sh[16614]: 2018-08-09 20:35:07 regiond: [info] 192.168.11.45 POST /MAAS/metadata/status/hdbp33 HTTP/1.1 --> 204 NO_CONTENT (referrer: -; agent: python-requests/2.9.1)
Aug  9 20:35:07 mas01 sh[16614]: 2018-08-09 20:35:07 regiond: [info] 192.168.11.43 POST /MAAS/metadata/status/ggt7eg HTTP/1.1 --> 204 NO_CONTENT (referrer: -; agent: python-requests/2.9.1)
Aug  9 20:35:07 mas01 sh[17162]: 2018-08-09 20:35:07 regiond: [info] 192.168.11.43 POST /MAAS/metadata/status/ggt7eg HTTP/1.1 --> 204 NO_CONTENT (referrer: -; agent: python-requests/2.9.1)
Aug  9 20:35:07 mas01 sh[16614]: 2018-08-09 20:35:07 regiond: [info] 192.168.11.43 POST /MAAS/metadata/status/ggt7eg HTTP/1.1 --> 204 NO_CONTENT (referrer: -; agent: python-requests/2.9.1)
Aug  9 20:35:07 mas01 sh[17162]: 2018-08-09 20:35:07 regiond: [info] 192.168.11.43 POST /MAAS/metadata/status/ggt7eg HTTP/1.1 --> 204 NO_CONTENT (referrer: -; agent: python-requests/2.9.1)
Aug  9 20:35:07 mas01 sh[16621]: 2018-08-09 20:35:07 regiond: [info] 192.168.11.43 POST /MAAS/metadata/status/ggt7eg HTTP/1.1 --> 204 NO_CONTENT (referrer: -; agent: python-requests/2.9.1)
Aug  9 20:35:07 mas01 sh[17162]: 2018-08-09 20:35:07 regiond: [info] 192.168.11.43 POST /MAAS/metadata/status/ggt7eg HTTP/1.1 --> 204 NO_CONTENT (referrer: -; agent: python-requests/2.9.1)
Aug  9 20:35:07 mas01 sh[16614]: 2018-08-09 20:35:07 regiond: [info] 192.168.11.43 POST /MAAS/metadata/status/ggt7eg HTTP/1.1 --> 204 NO_CONTENT (referrer: -; agent: python-requests/2.9.1)
Aug  9 20:35:07 mas01 sh[16614]: message repeated 2 times: [ 2018-08-09 20:35:07 regiond: [info] 192.168.11.43 POST /MAAS/metadata/status/ggt7eg HTTP/1.1 --> 204 NO_CONTENT (referrer: -; agent: python-requests/2.9.1)]
Aug  9 20:35:07 mas01 sh[16621]: 2018-08-09 20:35:07 regiond: [info] 192.168.11.43 POST /MAAS/metadata/status/ggt7eg HTTP/1.1 --> 204 NO_CONTENT (referrer: -; agent: python-requests/2.9.1)
Aug  9 20:35:07 mas01 sh[16621]: 2018-08-09 20:35:07 regiond: [info] 192.168.11.43 POST /MAAS/metadata/status/ggt7eg HTTP/1.1 --> 204 NO_CONTENT (referrer: -; agent: python-requests/2.9.1)
Aug  9 20:35:07 mas01 sh[16614]: 2018-08-09 20:35:07 regiond: [info] 192.168.11.43 POST /MAAS/metadata/status/ggt7eg HTTP/1.1 --> 204 NO_CONTENT (referrer: -; agent: python-requests/2.9.1)
Aug  9 20:35:07 mas01 sh[16614]: 2018-08-09 20:35:07 regiond: [info] 192.168.11.43 POST /MAAS/metadata/status/ggt7eg HTTP/1.1 --> 204 NO_CONTENT (referrer: -; agent: python-requests/2.9.1)
Aug  9 20:35:07 mas01 sh[16904]: 2018-08-09 20:35:07 regiond: [info] 192.168.11.43 POST /MAAS/metadata/status/ggt7eg HTTP/1.1 --> 204 NO_CONTENT (referrer: -; agent: python-requests/2.9.1)
Aug  9 20:35:10 mas01 sh[16621]: 2018-08-09 20:35:10 regiond: [info] 127.0.0.1 GET /MAAS/rpc/ HTTP/1.0 --> 200 OK (referrer: -; agent: provisioningserver.rpc.clusterservice.ClusterClientService)
Aug  9 20:35:11 mas01 sh[16614]: 2018-08-09 20:35:11 regiond: [info] 192.168.11.42 GET /MAAS/metadata/2012-03-01/maas-scripts/ HTTP/1.1 --> 200 OK (referrer: -; agent: Python-urllib/3.5)
Aug  9 20:35:11 mas01 sh[16904]: 2018-08-09 20:35:11 regiond: [info] 192.168.11.42 POST /MAAS/metadata/2012-03-01/ HTTP/1.1 --> 200 OK (referrer: -; agent: Python-urllib/3.5)
Aug  9 20:35:11 mas01 sh[16614]: 2018-08-09 20:35:11 regiond: [info] 192.168.11.45 GET /MAAS/metadata/2012-03-01/maas-scripts/ HTTP/1.1 --> 200 OK (referrer: -; agent: Python-urllib/3.5)
Aug  9 20:35:11 mas01 sh[16904]: 2018-08-09 20:35:11 regiond: [info] 192.168.11.44 GET /MAAS/metadata/2012-03-01/maas-scripts/ HTTP/1.1 --> 200 OK (referrer: -; agent: Python-urllib/3.5)
Aug  9 20:35:11 mas01 sh[16904]: 2018-08-09 20:35:11 regiond: [info] 192.168.11.43 GET /MAAS/metadata/2012-03-01/maas-scripts/ HTTP/1.1 --> 200 OK (referrer: -; agent: Python-urllib/3.5)
Aug  9 20:35:11 mas01 sh[17162]: 2018-08-09 20:35:11 regiond: [info] 192.168.11.42 POST /MAAS/metadata/2012-03-01/ HTTP/1.1 --> 200 OK (referrer: -; agent: Python-urllib/3.5)
Aug  9 20:35:11 mas01 sh[16621]: 2018-08-09 20:35:11 regiond: [info] 192.168.11.43 POST /MAAS/metadata/2012-03-01/ HTTP/1.1 --> 200 OK (referrer: -; agent: Python-urllib/3.5)
Aug  9 20:35:11 mas01 sh[17162]: 2018-08-09 20:35:11 regiond: [info] 192.168.11.45 POST /MAAS/metadata/2012-03-01/ HTTP/1.1 --> 200 OK (referrer: -; agent: Python-urllib/3.5)
Aug  9 20:35:11 mas01 sh[16904]: 2018-08-09 20:35:11 regiond: [info] 192.168.11.44 POST /MAAS/metadata/2012-03-01/ HTTP/1.1 --> 200 OK (referrer: -; agent: Python-urllib/3.5)
Aug  9 20:35:11 mas01 sh[16621]: 2018-08-09 20:35:11 regiond: [info] 192.168.11.45 POST /MAAS/metadata/2012-03-01/ HTTP/1.1 --> 200 OK (referrer: -; agent: Python-urllib/3.5)
Aug  9 20:35:12 mas01 sh[16904]: 2018-08-09 20:35:12 regiond: [info] 192.168.11.43 POST /MAAS/metadata/2012-03-01/ HTTP/1.1 --> 200 OK (referrer: -; agent: Python-urllib/3.5)
Aug  9 20:35:12 mas01 sh[17162]: 2018-08-09 20:35:12 regiond: [info] 192.168.11.44 POST /MAAS/metadata/2012-03-01/ HTTP/1.1 --> 200 OK (referrer: -; agent: Python-urllib/3.5)
Aug  9 20:35:12 mas01 sh[17162]: 2018-08-09 20:35:12 regiond: [info] 192.168.11.42 GET /MAAS/metadata/latest/by-id/7q7rd7/?op=get_preseed HTTP/1.1 --> 200 OK (referrer: -; agent: curl/7.47.0)
Aug  9 20:35:12 mas01 sh[17162]: 2018-08-09 20:35:12 regiond: [info] 192.168.11.44 GET /MAAS/metadata/latest/by-id/wq44k3/?op=get_preseed HTTP/1.1 --> 200 OK (referrer: -; agent: curl/7.47.0)
Aug  9 20:35:12 mas01 sh[16904]: 2018-08-09 20:35:12 regiond: [info] 192.168.11.45 GET /MAAS/metadata/latest/by-id/hdbp33/?op=get_preseed HTTP/1.1 --> 200 OK (referrer: -; agent: curl/7.47.0)
Aug  9 20:35:12 mas01 sh[16904]: 2018-08-09 20:35:12 regiond: [info] 192.168.11.43 GET /MAAS/metadata/latest/by-id/ggt7eg/?op=get_preseed HTTP/1.1 --> 200 OK (referrer: -; agent: curl/7.47.0)
Aug  9 20:35:12 mas01 sh[16621]: 2018-08-09 20:35:12 regiond: [info] 192.168.11.45 POST /MAAS/metadata/2012-03-01/ HTTP/1.1 --> 200 OK (referrer: -; agent: Python-urllib/3.5)
Aug  9 20:35:12 mas01 sh[16904]: 2018-08-09 20:35:12 regiond: [info] 192.168.11.42 POST /MAAS/metadata/2012-03-01/ HTTP/1.1 --> 200 OK (referrer: -; agent: Python-urllib/3.5)
Aug  9 20:35:12 mas01 sh[17162]: 2018-08-09 20:35:12 regiond: [info] 192.168.11.43 POST /MAAS/metadata/2012-03-01/ HTTP/1.1 --> 200 OK (referrer: -; agent: Python-urllib/3.5)
Aug  9 20:35:12 mas01 sh[16904]: 2018-08-09 20:35:12 regiond: [info] 192.168.11.44 POST /MAAS/metadata/2012-03-01/ HTTP/1.1 --> 200 OK (referrer: -; agent: Python-urllib/3.5)
Aug  9 20:35:12 mas01 sh[16621]: 2018-08-09 20:35:12 regiond: [info] 192.168.11.45 POST /MAAS/metadata/2012-03-01/ HTTP/1.1 --> 200 OK (referrer: -; agent: Python-urllib/3.5)
Aug  9 20:35:12 mas01 sh[16621]: 2018-08-09 20:35:12 regiond: [info] 192.168.11.42 POST /MAAS/metadata/2012-03-01/ HTTP/1.1 --> 200 OK (referrer: -; agent: Python-urllib/3.5)
Aug  9 20:35:12 mas01 sh[16614]: 2018-08-09 20:35:12 regiond: [info] 192.168.11.44 POST /MAAS/metadata/2012-03-01/ HTTP/1.1 --> 200 OK (referrer: -; agent: Python-urllib/3.5)
Aug  9 20:35:12 mas01 sh[16621]: 2018-08-09 20:35:12 regiond: [info] 192.168.11.43 POST /MAAS/metadata/2012-03-01/ HTTP/1.1 --> 200 OK (referrer: -; agent: Python-urllib/3.5)
Aug  9 20:35:12 mas01 sh[16614]: 2018-08-09 20:35:12 regiond: [info] 192.168.11.44 POST /MAAS/metadata/2012-03-01/ HTTP/1.1 --> 200 OK (referrer: -; agent: Python-urllib/3.5)
Aug  9 20:35:12 mas01 sh[16621]: 2018-08-09 20:35:12 regiond: [info] 192.168.11.42 POST /MAAS/metadata/2012-03-01/ HTTP/1.1 --> 200 OK (referrer: -; agent: Python-urllib/3.5)
Aug  9 20:35:12 mas01 sh[16621]: 2018-08-09 20:35:12 regiond: [info] 192.168.11.45 POST /MAAS/metadata/2012-03-01/ HTTP/1.1 --> 200 OK (referrer: -; agent: Python-urllib/3.5)
Aug  9 20:35:12 mas01 sh[17162]: 2018-08-09 20:35:12 regiond: [info] 192.168.11.44 POST /MAAS/metadata/2012-03-01/ HTTP/1.1 --> 200 OK (referrer: -; agent: Python-urllib/3.5)
Aug  9 20:35:12 mas01 sh[16621]: 2018-08-09 20:35:12 regiond: [info] 192.168.11.43 POST /MAAS/metadata/2012-03-01/ HTTP/1.1 --> 200 OK (referrer: -; agent: Python-urllib/3.5)
Aug  9 20:35:12 mas01 sh[16614]: 2018-08-09 20:35:12 regiond: [info] 192.168.11.42 POST /MAAS/metadata/2012-03-01/ HTTP/1.1 --> 200 OK (referrer: -; agent: Python-urllib/3.5)
Aug  9 20:35:12 mas01 sh[16621]: 2018-08-09 20:35:12 regiond: [info] 192.168.11.45 POST /MAAS/metadata/2012-03-01/ HTTP/1.1 --> 200 OK (referrer: -; agent: Python-urllib/3.5)
Aug  9 20:35:12 mas01 sh[16621]: 2018-08-09 20:35:12 regiond: [info] 192.168.11.43 POST /MAAS/metadata/2012-03-01/ HTTP/1.1 --> 200 OK (referrer: -; agent: Python-urllib/3.5)
Aug  9 20:35:13 mas01 sh[16621]: 2018-08-09 20:35:13 regiond: [info] 192.168.11.42 POST /MAAS/metadata/2012-03-01/ HTTP/1.1 --> 200 OK (referrer: -; agent: Python-urllib/3.5)
Aug  9 20:35:13 mas01 sh[17162]: 2018-08-09 20:35:13 regiond: [info] 192.168.11.44 POST /MAAS/metadata/2012-03-01/ HTTP/1.1 --> 200 OK (referrer: -; agent: Python-urllib/3.5)
Aug  9 20:35:13 mas01 sh[17162]: 2018-08-09 20:35:13 regiond: [info] 192.168.11.45 POST /MAAS/metadata/2012-03-01/ HTTP/1.1 --> 200 OK (referrer: -; agent: Python-urllib/3.5)
Aug  9 20:35:13 mas01 sh[17162]: 2018-08-09 20:35:13 regiond: [info] 192.168.11.43 POST /MAAS/metadata/2012-03-01/ HTTP/1.1 --> 200 OK (referrer: -; agent: Python-urllib/3.5)
Aug  9 20:35:13 mas01 sh[17162]: 2018-08-09 20:35:13 regiond: [info] 192.168.11.42 POST /MAAS/metadata/2012-03-01/ HTTP/1.1 --> 200 OK (referrer: -; agent: Python-urllib/3.5)
Aug  9 20:35:13 mas01 sh[16904]: 2018-08-09 20:35:13 regiond: [info] 192.168.11.44 POST /MAAS/metadata/2012-03-01/ HTTP/1.1 --> 200 OK (referrer: -; agent: Python-urllib/3.5)
Aug  9 20:35:13 mas01 sh[16621]: 2018-08-09 20:35:13 regiond: [info] 192.168.11.45 POST /MAAS/metadata/2012-03-01/ HTTP/1.1 --> 200 OK (referrer: -; agent: Python-urllib/3.5)
Aug  9 20:35:13 mas01 sh[16621]: 2018-08-09 20:35:13 regiond: [info] 192.168.11.43 POST /MAAS/metadata/2012-03-01/ HTTP/1.1 --> 200 OK (referrer: -; agent: Python-urllib/3.5)
Aug  9 20:35:13 mas01 sh[16904]: 2018-08-09 20:35:13 regiond: [info] 192.168.11.42 POST /MAAS/metadata/2012-03-01/ HTTP/1.1 --> 200 OK (referrer: -; agent: Python-urllib/3.5)
Aug  9 20:35:13 mas01 sh[16621]: 2018-08-09 20:35:13 regiond: [info] 192.168.11.45 POST /MAAS/metadata/2012-03-01/ HTTP/1.1 --> 200 OK (referrer: -; agent: Python-urllib/3.5)
Aug  9 20:35:13 mas01 sh[16614]: 2018-08-09 20:35:13 regiond: [info] 192.168.11.43 POST /MAAS/metadata/2012-03-01/ HTTP/1.1 --> 200 OK (referrer: -; agent: Python-urllib/3.5)
Aug  9 20:35:13 mas01 sh[16904]: 2018-08-09 20:35:13 regiond: [info] 192.168.11.44 POST /MAAS/metadata/2012-03-01/ HTTP/1.1 --> 200 OK (referrer: -; agent: Python-urllib/3.5)
Aug  9 20:35:14 mas01 sh[16621]: 2018-08-09 20:35:14 regiond: [info] 192.168.11.45 POST /MAAS/metadata/2012-03-01/ HTTP/1.1 --> 200 OK (referrer: -; agent: Python-urllib/3.5)
Aug  9 20:35:14 mas01 sh[16614]: 2018-08-09 20:35:14 regiond: [info] 192.168.11.42 POST /MAAS/metadata/2012-03-01/ HTTP/1.1 --> 200 OK (referrer: -; agent: Python-urllib/3.5)
Aug  9 20:35:14 mas01 sh[16614]: 2018-08-09 20:35:14 regiond: [info] 192.168.11.43 POST /MAAS/metadata/2012-03-01/ HTTP/1.1 --> 200 OK (referrer: -; agent: Python-urllib/3.5)
Aug  9 20:35:14 mas01 sh[16614]: 2018-08-09 20:35:14 regiond: [info] 192.168.11.44 POST /MAAS/metadata/2012-03-01/ HTTP/1.1 --> 200 OK (referrer: -; agent: Python-urllib/3.5)
Aug  9 20:35:16 mas01 sh[16904]: 2018-08-09 20:35:16 regiond: [info] 192.168.11.45 POST /MAAS/metadata/2012-03-01/ HTTP/1.1 --> 200 OK (referrer: -; agent: Python-urllib/3.5)
Aug  9 20:35:16 mas01 sh[16621]: 2018-08-09 20:35:16 regiond: [info] 192.168.11.43 POST /MAAS/metadata/2012-03-01/ HTTP/1.1 --> 200 OK (referrer: -; agent: Python-urllib/3.5)
Aug  9 20:35:16 mas01 sh[16621]: 2018-08-09 20:35:16 regiond: [info] 192.168.11.44 POST /MAAS/metadata/2012-03-01/ HTTP/1.1 --> 200 OK (referrer: -; agent: Python-urllib/3.5)
Aug  9 20:35:16 mas01 sh[16904]: 2018-08-09 20:35:16 regiond: [info] 192.168.11.45 POST /MAAS/metadata/2012-03-01/ HTTP/1.1 --> 200 OK (referrer: -; agent: Python-urllib/3.5)
Aug  9 20:35:16 mas01 sh[16904]: 2018-08-09 20:35:16 regiond: [info] 192.168.11.43 POST /MAAS/metadata/2012-03-01/ HTTP/1.1 --> 200 OK (referrer: -; agent: Python-urllib/3.5)
Aug  9 20:35:16 mas01 sh[17162]: 2018-08-09 20:35:16 regiond: [info] 192.168.11.44 POST /MAAS/metadata/2012-03-01/ HTTP/1.1 --> 200 OK (referrer: -; agent: Python-urllib/3.5)
Aug  9 20:35:16 mas01 sh[16904]: 2018-08-09 20:35:16 regiond: [info] 192.168.11.42 POST /MAAS/metadata/2012-03-01/ HTTP/1.1 --> 200 OK (referrer: -; agent: Python-urllib/3.5)
Aug  9 20:35:16 mas01 sh[17162]: 2018-08-09 20:35:16 regiond: [info] 192.168.11.45 POST /MAAS/metadata/2012-03-01/ HTTP/1.1 --> 200 OK (referrer: -; agent: Python-urllib/3.5)
Aug  9 20:35:16 mas01 sh[16621]: 2018-08-09 20:35:16 regiond: [info] 192.168.11.43 POST /MAAS/metadata/2012-03-01/ HTTP/1.1 --> 200 OK (referrer: -; agent: Python-urllib/3.5)
Aug  9 20:35:16 mas01 sh[16904]: 2018-08-09 20:35:16 regiond: [info] 192.168.11.44 POST /MAAS/metadata/2012-03-01/ HTTP/1.1 --> 200 OK (referrer: -; agent: Python-urllib/3.5)
Aug  9 20:35:16 mas01 sh[16614]: 2018-08-09 20:35:16 regiond: [info] 192.168.11.42 POST /MAAS/metadata/2012-03-01/ HTTP/1.1 --> 200 OK (referrer: -; agent: Python-urllib/3.5)
Aug  9 20:35:16 mas01 sh[16614]: 2018-08-09 20:35:16 regiond: [info] 192.168.11.42 POST /MAAS/metadata/2012-03-01/ HTTP/1.1 --> 200 OK (referrer: -; agent: Python-urllib/3.5)
Aug  9 20:35:16 mas01 sh[16614]: 2018-08-09 20:35:16 regiond: [info] 192.168.11.45 POST /MAAS/metadata/2012-03-01/ HTTP/1.1 --> 200 OK (referrer: -; agent: Python-urllib/3.5)
Aug  9 20:35:16 mas01 sh[16904]: 2018-08-09 20:35:16 regiond: [info] 192.168.11.43 POST /MAAS/metadata/2012-03-01/ HTTP/1.1 --> 200 OK (referrer: -; agent: Python-urllib/3.5)
Aug  9 20:35:16 mas01 sh[17162]: 2018-08-09 20:35:16 regiond: [info] 192.168.11.44 POST /MAAS/metadata/2012-03-01/ HTTP/1.1 --> 200 OK (referrer: -; agent: Python-urllib/3.5)
Aug  9 20:35:16 mas01 sh[16614]: 2018-08-09 20:35:16 regiond: [info] 192.168.11.45 POST /MAAS/metadata/2012-03-01/ HTTP/1.1 --> 200 OK (referrer: -; agent: Python-urllib/3.5)
Aug  9 20:35:16 mas01 sh[16621]: 2018-08-09 20:35:16 regiond: [info] 192.168.11.44 POST /MAAS/metadata/2012-03-01/ HTTP/1.1 --> 200 OK (referrer: -; agent: Python-urllib/3.5)
Aug  9 20:35:16 mas01 sh[16614]: 2018-08-09 20:35:16 regiond: [info] 192.168.11.43 POST /MAAS/metadata/2012-03-01/ HTTP/1.1 --> 200 OK (referrer: -; agent: Python-urllib/3.5)
Aug  9 20:35:16 mas01 sh[16614]: 2018-08-09 20:35:16 regiond: [info] 192.168.11.42 POST /MAAS/metadata/2012-03-01/ HTTP/1.1 --> 200 OK (referrer: -; agent: Python-urllib/3.5)
Aug  9 20:35:16 mas01 salt-minion[1346]: [INFO    ] User sudo_ubuntu Executing command state.apply with jid 20180809203516733133
Aug  9 20:35:16 mas01 sh[16904]: 2018-08-09 20:35:16 regiond: [info] 192.168.11.42 POST /MAAS/metadata/2012-03-01/ HTTP/1.1 --> 200 OK (referrer: -; agent: Python-urllib/3.5)
Aug  9 20:35:16 mas01 salt-minion[1346]: [INFO    ] Starting a new job with PID 19730
Aug  9 20:35:16 mas01 sh[16614]: 2018-08-09 20:35:16 regiond: [info] 192.168.11.45 POST /MAAS/metadata/2012-03-01/ HTTP/1.1 --> 200 OK (referrer: -; agent: Python-urllib/3.5)
Aug  9 20:35:16 mas01 sh[16904]: 2018-08-09 20:35:16 regiond: [info] 192.168.11.44 POST /MAAS/metadata/2012-03-01/ HTTP/1.1 --> 200 OK (referrer: -; agent: Python-urllib/3.5)
Aug  9 20:35:16 mas01 sh[17162]: 2018-08-09 20:35:16 regiond: [info] 192.168.11.45 POST /MAAS/metadata/2012-03-01/ HTTP/1.1 --> 200 OK (referrer: -; agent: Python-urllib/3.5)
Aug  9 20:35:16 mas01 sh[16621]: 2018-08-09 20:35:16 regiond: [info] 192.168.11.44 POST /MAAS/metadata/2012-03-01/ HTTP/1.1 --> 200 OK (referrer: -; agent: Python-urllib/3.5)
Aug  9 20:35:17 mas01 sh[16614]: 2018-08-09 20:35:17 regiond: [info] 192.168.11.43 POST /MAAS/metadata/2012-03-01/ HTTP/1.1 --> 200 OK (referrer: -; agent: Python-urllib/3.5)
Aug  9 20:35:17 mas01 sh[17162]: 2018-08-09 20:35:17 regiond: [info] 192.168.11.43 POST /MAAS/metadata/2012-03-01/ HTTP/1.1 --> 200 OK (referrer: -; agent: Python-urllib/3.5)
Aug  9 20:35:17 mas01 sh[16904]: 2018-08-09 20:35:17 regiond: [info] 192.168.11.42 POST /MAAS/metadata/2012-03-01/ HTTP/1.1 --> 200 OK (referrer: -; agent: Python-urllib/3.5)
Aug  9 20:35:17 mas01 sh[16621]: 2018-08-09 20:35:17 regiond: [info] 192.168.11.42 POST /MAAS/metadata/2012-03-01/ HTTP/1.1 --> 200 OK (referrer: -; agent: Python-urllib/3.5)
Aug  9 20:35:18 mas01 salt-minion[1346]: [INFO    ] Loading fresh modules for state activity
Aug  9 20:35:18 mas01 salt-minion[1346]: [INFO    ] Running state [maas-region apikey --username opnfv > /var/lib/maas/.maas_credentials] at time 20:35:18.902057
Aug  9 20:35:18 mas01 salt-minion[1346]: [INFO    ] Executing state cmd.run for [maas-region apikey --username opnfv > /var/lib/maas/.maas_credentials]
Aug  9 20:35:18 mas01 salt-minion[1346]: [INFO    ] Executing command 'maas-region apikey --username opnfv > /var/lib/maas/.maas_credentials' in directory '/root'
Aug  9 20:35:20 mas01 salt-minion[1346]: [INFO    ] {'pid': 19745, 'retcode': 0, 'stderr': '', 'stdout': ''}
Aug  9 20:35:20 mas01 salt-minion[1346]: [INFO    ] Completed state [maas-region apikey --username opnfv > /var/lib/maas/.maas_credentials] at time 20:35:20.535458 duration_in_ms=1633.402
Aug  9 20:35:20 mas01 salt-minion[1346]: [INFO    ] Running state [maas.machines_status] at time 20:35:20.537935
Aug  9 20:35:20 mas01 salt-minion[1346]: [INFO    ] Executing state module.run for [maas.machines_status]
Aug  9 20:35:20 mas01 salt-minion[1346]: [WARNING ] The function "module.run" is using its deprecated version and will expire in version "Sodium".
Aug  9 20:35:21 mas01 sh[16904]: 2018-08-09 20:35:21 regiond: [info] 127.0.0.1 GET /MAAS/api/2.0/machines/ HTTP/1.1 --> 200 OK (referrer: -; agent: Python-urllib/2.7)
Aug  9 20:35:21 mas01 salt-minion[1346]: [INFO    ] {'ret': {'machines': [{'status': 'Commissioning', 'hostname': u'cmp002', 'system_id': u'7q7rd7'}, {'status': 'Commissioning', 'hostname': u'cmp001', 'system_id': u'ggt7eg'}, {'status': 'Commissioning', 'hostname': u'kvm01', 'system_id': u'nc86dp'}, {'status': 'Commissioning', 'hostname': u'kvm03', 'system_id': u'wq44k3'}, {'status': 'Commissioning', 'hostname': u'kvm02', 'system_id': u'hdbp33'}], 'summary': Counter({'Commissioning': 5})}}
Aug  9 20:35:21 mas01 salt-minion[1346]: [INFO    ] Completed state [maas.machines_status] at time 20:35:21.025854 duration_in_ms=487.917
Aug  9 20:35:21 mas01 salt-minion[1346]: [INFO    ] Returning information for job: 20180809203516733133
Aug  9 20:35:26 mas01 sh[16621]: 2018-08-09 20:35:26 regiond: [info] 192.168.11.45 POST /MAAS/metadata/2012-03-01/ HTTP/1.1 --> 200 OK (referrer: -; agent: Python-urllib/3.5)
Aug  9 20:35:26 mas01 sh[16621]: 2018-08-09 20:35:26 regiond: [info] 192.168.11.44 POST /MAAS/metadata/2012-03-01/ HTTP/1.1 --> 200 OK (referrer: -; agent: Python-urllib/3.5)
Aug  9 20:35:26 mas01 sh[16614]: 2018-08-09 20:35:26 regiond: [info] 192.168.11.43 POST /MAAS/metadata/2012-03-01/ HTTP/1.1 --> 200 OK (referrer: -; agent: Python-urllib/3.5)
Aug  9 20:35:26 mas01 sh[16614]: 2018-08-09 20:35:26 regiond: [info] 192.168.11.44 POST /MAAS/metadata/2012-03-01/ HTTP/1.1 --> 200 OK (referrer: -; agent: Python-urllib/3.5)
Aug  9 20:35:26 mas01 sh[16904]: 2018-08-09 20:35:26 regiond: [info] 192.168.11.45 POST /MAAS/metadata/2012-03-01/ HTTP/1.1 --> 200 OK (referrer: -; agent: Python-urllib/3.5)
Aug  9 20:35:26 mas01 sh[16621]: 2018-08-09 20:35:26 regiond: [info] 192.168.11.43 POST /MAAS/metadata/2012-03-01/ HTTP/1.1 --> 200 OK (referrer: -; agent: Python-urllib/3.5)
Aug  9 20:35:26 mas01 sh[16621]: 2018-08-09 20:35:26 regiond: [info] 192.168.11.44 POST /MAAS/metadata/2012-03-01/ HTTP/1.1 --> 200 OK (referrer: -; agent: Python-urllib/3.5)
Aug  9 20:35:26 mas01 sh[16904]: 2018-08-09 20:35:26 regiond: [info] 192.168.11.42 POST /MAAS/metadata/2012-03-01/ HTTP/1.1 --> 200 OK (referrer: -; agent: Python-urllib/3.5)
Aug  9 20:35:26 mas01 sh[17162]: 2018-08-09 20:35:26 regiond: [info] 192.168.11.45 POST /MAAS/metadata/2012-03-01/ HTTP/1.1 --> 200 OK (referrer: -; agent: Python-urllib/3.5)
Aug  9 20:35:26 mas01 sh[16621]: 2018-08-09 20:35:26 regiond: [info] 192.168.11.43 POST /MAAS/metadata/2012-03-01/ HTTP/1.1 --> 200 OK (referrer: -; agent: Python-urllib/3.5)
Aug  9 20:35:26 mas01 sh[17162]: 2018-08-09 20:35:26 regiond: [info] 192.168.11.45 POST /MAAS/metadata/2012-03-01/ HTTP/1.1 --> 200 OK (referrer: -; agent: Python-urllib/3.5)
Aug  9 20:35:26 mas01 sh[16621]: 2018-08-09 20:35:26 regiond: [info] 192.168.11.44 POST /MAAS/metadata/2012-03-01/ HTTP/1.1 --> 200 OK (referrer: -; agent: Python-urllib/3.5)
Aug  9 20:35:26 mas01 sh[16621]: 2018-08-09 20:35:26 regiond: [info] 192.168.11.42 POST /MAAS/metadata/2012-03-01/ HTTP/1.1 --> 200 OK (referrer: -; agent: Python-urllib/3.5)
Aug  9 20:35:26 mas01 sh[16904]: 2018-08-09 20:35:26 regiond: [info] 192.168.11.43 POST /MAAS/metadata/2012-03-01/ HTTP/1.1 --> 200 OK (referrer: -; agent: Python-urllib/3.5)
Aug  9 20:35:26 mas01 sh[16621]: 2018-08-09 20:35:26 regiond: [info] 192.168.11.45 POST /MAAS/metadata/2012-03-01/ HTTP/1.1 --> 200 OK (referrer: -; agent: Python-urllib/3.5)
Aug  9 20:35:26 mas01 sh[17162]: 2018-08-09 20:35:26 regiond: [info] 192.168.11.43 POST /MAAS/metadata/2012-03-01/ HTTP/1.1 --> 200 OK (referrer: -; agent: Python-urllib/3.5)
Aug  9 20:35:26 mas01 sh[16621]: 2018-08-09 20:35:26 regiond: [info] 192.168.11.44 POST /MAAS/metadata/2012-03-01/ HTTP/1.1 --> 200 OK (referrer: -; agent: Python-urllib/3.5)
Aug  9 20:35:26 mas01 sh[17162]: 2018-08-09 20:35:26 regiond: [info] 192.168.11.43 POST /MAAS/metadata/2012-03-01/ HTTP/1.1 --> 200 OK (referrer: -; agent: Python-urllib/3.5)
Aug  9 20:35:26 mas01 sh[16621]: 2018-08-09 20:35:26 regiond: [info] 192.168.11.42 POST /MAAS/metadata/2012-03-01/ HTTP/1.1 --> 200 OK (referrer: -; agent: Python-urllib/3.5)
Aug  9 20:35:26 mas01 sh[16904]: 2018-08-09 20:35:26 regiond: [info] 192.168.11.45 POST /MAAS/metadata/2012-03-01/ HTTP/1.1 --> 200 OK (referrer: -; agent: Python-urllib/3.5)
Aug  9 20:35:26 mas01 sh[16614]: 2018-08-09 20:35:26 regiond: [info] 192.168.11.44 POST /MAAS/metadata/2012-03-01/ HTTP/1.1 --> 200 OK (referrer: -; agent: Python-urllib/3.5)
Aug  9 20:35:26 mas01 sh[16621]: 2018-08-09 20:35:26 regiond: [info] 192.168.11.42 POST /MAAS/metadata/2012-03-01/ HTTP/1.1 --> 200 OK (referrer: -; agent: Python-urllib/3.5)
Aug  9 20:35:26 mas01 sh[16904]: 2018-08-09 20:35:26 regiond: [info] 192.168.11.42 POST /MAAS/metadata/2012-03-01/ HTTP/1.1 --> 200 OK (referrer: -; agent: Python-urllib/3.5)
Aug  9 20:35:26 mas01 sh[16904]: 2018-08-09 20:35:26 regiond: [info] 192.168.11.42 POST /MAAS/metadata/2012-03-01/ HTTP/1.1 --> 200 OK (referrer: -; agent: Python-urllib/3.5)
Aug  9 20:35:31 mas01 salt-minion[1346]: [INFO    ] User sudo_ubuntu Executing command state.apply with jid 20180809203531722168
Aug  9 20:35:31 mas01 salt-minion[1346]: [INFO    ] Starting a new job with PID 19919
Aug  9 20:35:32 mas01 salt-minion[1346]: [INFO    ] Loading fresh modules for state activity
Aug  9 20:35:32 mas01 salt-minion[1346]: [INFO    ] Running state [maas-region apikey --username opnfv > /var/lib/maas/.maas_credentials] at time 20:35:32.361233
Aug  9 20:35:32 mas01 salt-minion[1346]: [INFO    ] Executing state cmd.run for [maas-region apikey --username opnfv > /var/lib/maas/.maas_credentials]
Aug  9 20:35:32 mas01 salt-minion[1346]: [INFO    ] Executing command 'maas-region apikey --username opnfv > /var/lib/maas/.maas_credentials' in directory '/root'
Aug  9 20:35:34 mas01 salt-minion[1346]: [INFO    ] {'pid': 19926, 'retcode': 0, 'stderr': '', 'stdout': ''}
Aug  9 20:35:34 mas01 salt-minion[1346]: [INFO    ] Completed state [maas-region apikey --username opnfv > /var/lib/maas/.maas_credentials] at time 20:35:34.047807 duration_in_ms=1686.572
Aug  9 20:35:34 mas01 salt-minion[1346]: [INFO    ] Running state [maas.machines_status] at time 20:35:34.051553
Aug  9 20:35:34 mas01 salt-minion[1346]: [INFO    ] Executing state module.run for [maas.machines_status]
Aug  9 20:35:34 mas01 salt-minion[1346]: [WARNING ] The function "module.run" is using its deprecated version and will expire in version "Sodium".
Aug  9 20:35:34 mas01 salt-minion[1346]: [INFO    ] {'ret': {'machines': [{'status': 'Commissioning', 'hostname': u'cmp002', 'system_id': u'7q7rd7'}, {'status': 'Commissioning', 'hostname': u'cmp001', 'system_id': u'ggt7eg'}, {'status': 'Commissioning', 'hostname': u'kvm01', 'system_id': u'nc86dp'}, {'status': 'Commissioning', 'hostname': u'kvm03', 'system_id': u'wq44k3'}, {'status': 'Commissioning', 'hostname': u'kvm02', 'system_id': u'hdbp33'}], 'summary': Counter({'Commissioning': 5})}}
Aug  9 20:35:34 mas01 salt-minion[1346]: [INFO    ] Completed state [maas.machines_status] at time 20:35:34.534424 duration_in_ms=482.869
Aug  9 20:35:34 mas01 salt-minion[1346]: [INFO    ] Returning information for job: 20180809203531722168
Aug  9 20:35:40 mas01 sh[17162]: 2018-08-09 20:35:40 regiond: [info] 127.0.0.1 GET /MAAS/rpc/ HTTP/1.0 --> 200 OK (referrer: -; agent: provisioningserver.rpc.clusterservice.ClusterClientService)
Aug  9 20:35:45 mas01 salt-minion[1346]: [INFO    ] User sudo_ubuntu Executing command state.apply with jid 20180809203545237083
Aug  9 20:35:45 mas01 salt-minion[1346]: [INFO    ] Starting a new job with PID 19955
Aug  9 20:35:47 mas01 salt-minion[1346]: [INFO    ] Loading fresh modules for state activity
Aug  9 20:35:47 mas01 salt-minion[1346]: [INFO    ] Running state [maas-region apikey --username opnfv > /var/lib/maas/.maas_credentials] at time 20:35:47.347396
Aug  9 20:35:47 mas01 salt-minion[1346]: [INFO    ] Executing state cmd.run for [maas-region apikey --username opnfv > /var/lib/maas/.maas_credentials]
Aug  9 20:35:47 mas01 salt-minion[1346]: [INFO    ] Executing command 'maas-region apikey --username opnfv > /var/lib/maas/.maas_credentials' in directory '/root'
Aug  9 20:35:49 mas01 salt-minion[1346]: [INFO    ] {'pid': 19962, 'retcode': 0, 'stderr': '', 'stdout': ''}
Aug  9 20:35:49 mas01 salt-minion[1346]: [INFO    ] Completed state [maas-region apikey --username opnfv > /var/lib/maas/.maas_credentials] at time 20:35:49.017294 duration_in_ms=1669.899
Aug  9 20:35:49 mas01 salt-minion[1346]: [INFO    ] Running state [maas.machines_status] at time 20:35:49.018671
Aug  9 20:35:49 mas01 salt-minion[1346]: [INFO    ] Executing state module.run for [maas.machines_status]
Aug  9 20:35:49 mas01 salt-minion[1346]: [WARNING ] The function "module.run" is using its deprecated version and will expire in version "Sodium".
Aug  9 20:35:49 mas01 sh[16621]: 2018-08-09 20:35:49 regiond: [info] 127.0.0.1 GET /MAAS/api/2.0/machines/ HTTP/1.1 --> 200 OK (referrer: -; agent: Python-urllib/2.7)
Aug  9 20:35:49 mas01 salt-minion[1346]: [INFO    ] {'ret': {'machines': [{'status': 'Commissioning', 'hostname': u'cmp002', 'system_id': u'7q7rd7'}, {'status': 'Commissioning', 'hostname': u'cmp001', 'system_id': u'ggt7eg'}, {'status': 'Commissioning', 'hostname': u'kvm01', 'system_id': u'nc86dp'}, {'status': 'Commissioning', 'hostname': u'kvm03', 'system_id': u'wq44k3'}, {'status': 'Commissioning', 'hostname': u'kvm02', 'system_id': u'hdbp33'}], 'summary': Counter({'Commissioning': 5})}}
Aug  9 20:35:49 mas01 salt-minion[1346]: [INFO    ] Completed state [maas.machines_status] at time 20:35:49.699438 duration_in_ms=680.764
Aug  9 20:35:49 mas01 salt-minion[1346]: [INFO    ] Returning information for job: 20180809203545237083
Aug  9 20:35:50 mas01 sh[16614]: 2018-08-09 20:35:50 regiond: [info] 192.168.11.41 POST /MAAS/metadata/2012-03-01/ HTTP/1.1 --> 200 OK (referrer: -; agent: Python-urllib/3.5)
Aug  9 20:35:50 mas01 sh[16904]: 2018-08-09 20:35:50 regiond: [info] 192.168.11.41 POST /MAAS/metadata/2012-03-01/ HTTP/1.1 --> 200 OK (referrer: -; agent: Python-urllib/3.5)
Aug  9 20:35:50 mas01 sh[16614]: 2018-08-09 20:35:50 regiond: [info] 192.168.11.41 POST /MAAS/metadata/2012-03-01/ HTTP/1.1 --> 200 OK (referrer: -; agent: Python-urllib/3.5)
Aug  9 20:35:51 mas01 sh[17162]: 2018-08-09 20:35:51 regiond: [info] 192.168.11.41 POST /MAAS/metadata/2012-03-01/ HTTP/1.1 --> 200 OK (referrer: -; agent: Python-urllib/3.5)
Aug  9 20:35:51 mas01 sh[17162]: 2018-08-09 20:35:51 regiond: [info] 192.168.11.41 POST /MAAS/metadata/2012-03-01/ HTTP/1.1 --> 200 OK (referrer: -; agent: Python-urllib/3.5)
Aug  9 20:35:51 mas01 named[16545]: received control channel command 'reload'
Aug  9 20:35:51 mas01 named[16545]: loading configuration from '/etc/bind/named.conf'
Aug  9 20:35:51 mas01 named[16545]: reading built-in trusted keys from file '/etc/bind/bind.keys'
Aug  9 20:35:51 mas01 named[16545]: initializing GeoIP Country (IPv4) (type 1) DB
Aug  9 20:35:51 mas01 named[16545]: GEO-106FREE 20160408 Bu
Aug  9 20:35:51 mas01 named[16545]: initializing GeoIP Country (IPv6) (type 12) DB
Aug  9 20:35:51 mas01 named[16545]: GEO-106FREE 20160408 Bu
Aug  9 20:35:51 mas01 named[16545]: GeoIP City (IPv4) (type 2) DB not available
Aug  9 20:35:51 mas01 named[16545]: GeoIP City (IPv4) (type 6) DB not available
Aug  9 20:35:51 mas01 named[16545]: GeoIP City (IPv6) (type 30) DB not available
Aug  9 20:35:51 mas01 named[16545]: GeoIP City (IPv6) (type 31) DB not available
Aug  9 20:35:51 mas01 named[16545]: GeoIP Region (type 3) DB not available
Aug  9 20:35:51 mas01 named[16545]: GeoIP Region (type 7) DB not available
Aug  9 20:35:51 mas01 named[16545]: GeoIP ISP (type 4) DB not available
Aug  9 20:35:51 mas01 named[16545]: GeoIP Org (type 5) DB not available
Aug  9 20:35:51 mas01 named[16545]: GeoIP AS (type 9) DB not available
Aug  9 20:35:51 mas01 named[16545]: GeoIP Domain (type 11) DB not available
Aug  9 20:35:51 mas01 named[16545]: GeoIP NetSpeed (type 10) DB not available
Aug  9 20:35:51 mas01 named[16545]: using default UDP/IPv4 port range: [32768, 60999]
Aug  9 20:35:51 mas01 named[16545]: using default UDP/IPv6 port range: [32768, 60999]
Aug  9 20:35:51 mas01 named[16545]: sizing zone task pool based on 9 zones
Aug  9 20:35:51 mas01 named[16545]: automatic empty zone: 10.IN-ADDR.ARPA
Aug  9 20:35:51 mas01 named[16545]: automatic empty zone: 16.172.IN-ADDR.ARPA
Aug  9 20:35:51 mas01 named[16545]: automatic empty zone: 17.172.IN-ADDR.ARPA
Aug  9 20:35:51 mas01 named[16545]: automatic empty zone: 18.172.IN-ADDR.ARPA
Aug  9 20:35:51 mas01 named[16545]: automatic empty zone: 19.172.IN-ADDR.ARPA
Aug  9 20:35:51 mas01 named[16545]: automatic empty zone: 20.172.IN-ADDR.ARPA
Aug  9 20:35:51 mas01 named[16545]: automatic empty zone: 21.172.IN-ADDR.ARPA
Aug  9 20:35:51 mas01 named[16545]: automatic empty zone: 22.172.IN-ADDR.ARPA
Aug  9 20:35:51 mas01 named[16545]: automatic empty zone: 23.172.IN-ADDR.ARPA
Aug  9 20:35:51 mas01 named[16545]: automatic empty zone: 24.172.IN-ADDR.ARPA
Aug  9 20:35:51 mas01 named[16545]: automatic empty zone: 25.172.IN-ADDR.ARPA
Aug  9 20:35:51 mas01 named[16545]: automatic empty zone: 26.172.IN-ADDR.ARPA
Aug  9 20:35:51 mas01 named[16545]: automatic empty zone: 27.172.IN-ADDR.ARPA
Aug  9 20:35:51 mas01 named[16545]: automatic empty zone: 28.172.IN-ADDR.ARPA
Aug  9 20:35:51 mas01 named[16545]: automatic empty zone: 29.172.IN-ADDR.ARPA
Aug  9 20:35:51 mas01 named[16545]: automatic empty zone: 30.172.IN-ADDR.ARPA
Aug  9 20:35:51 mas01 named[16545]: automatic empty zone: 31.172.IN-ADDR.ARPA
Aug  9 20:35:51 mas01 named[16545]: automatic empty zone: 168.192.IN-ADDR.ARPA
Aug  9 20:35:51 mas01 named[16545]: automatic empty zone: 64.100.IN-ADDR.ARPA
Aug  9 20:35:51 mas01 named[16545]: automatic empty zone: 65.100.IN-ADDR.ARPA
Aug  9 20:35:51 mas01 named[16545]: automatic empty zone: 66.100.IN-ADDR.ARPA
Aug  9 20:35:51 mas01 named[16545]: automatic empty zone: 67.100.IN-ADDR.ARPA
Aug  9 20:35:51 mas01 named[16545]: automatic empty zone: 68.100.IN-ADDR.ARPA
Aug  9 20:35:51 mas01 named[16545]: automatic empty zone: 69.100.IN-ADDR.ARPA
Aug  9 20:35:51 mas01 named[16545]: automatic empty zone: 70.100.IN-ADDR.ARPA
Aug  9 20:35:51 mas01 named[16545]: automatic empty zone: 71.100.IN-ADDR.ARPA
Aug  9 20:35:51 mas01 named[16545]: automatic empty zone: 72.100.IN-ADDR.ARPA
Aug  9 20:35:51 mas01 named[16545]: automatic empty zone: 73.100.IN-ADDR.ARPA
Aug  9 20:35:51 mas01 named[16545]: automatic empty zone: 74.100.IN-ADDR.ARPA
Aug  9 20:35:51 mas01 named[16545]: automatic empty zone: 75.100.IN-ADDR.ARPA
Aug  9 20:35:51 mas01 named[16545]: automatic empty zone: 76.100.IN-ADDR.ARPA
Aug  9 20:35:51 mas01 named[16545]: automatic empty zone: 77.100.IN-ADDR.ARPA
Aug  9 20:35:51 mas01 named[16545]: automatic empty zone: 78.100.IN-ADDR.ARPA
Aug  9 20:35:51 mas01 named[16545]: automatic empty zone: 79.100.IN-ADDR.ARPA
Aug  9 20:35:51 mas01 named[16545]: automatic empty zone: 80.100.IN-ADDR.ARPA
Aug  9 20:35:51 mas01 named[16545]: automatic empty zone: 81.100.IN-ADDR.ARPA
Aug  9 20:35:51 mas01 named[16545]: automatic empty zone: 82.100.IN-ADDR.ARPA
Aug  9 20:35:51 mas01 named[16545]: automatic empty zone: 83.100.IN-ADDR.ARPA
Aug  9 20:35:51 mas01 named[16545]: automatic empty zone: 84.100.IN-ADDR.ARPA
Aug  9 20:35:51 mas01 named[16545]: automatic empty zone: 85.100.IN-ADDR.ARPA
Aug  9 20:35:51 mas01 named[16545]: automatic empty zone: 86.100.IN-ADDR.ARPA
Aug  9 20:35:51 mas01 named[16545]: automatic empty zone: 87.100.IN-ADDR.ARPA
Aug  9 20:35:51 mas01 named[16545]: automatic empty zone: 88.100.IN-ADDR.ARPA
Aug  9 20:35:51 mas01 named[16545]: automatic empty zone: 89.100.IN-ADDR.ARPA
Aug  9 20:35:51 mas01 named[16545]: automatic empty zone: 90.100.IN-ADDR.ARPA
Aug  9 20:35:51 mas01 named[16545]: automatic empty zone: 91.100.IN-ADDR.ARPA
Aug  9 20:35:51 mas01 named[16545]: automatic empty zone: 92.100.IN-ADDR.ARPA
Aug  9 20:35:51 mas01 named[16545]: automatic empty zone: 93.100.IN-ADDR.ARPA
Aug  9 20:35:51 mas01 named[16545]: automatic empty zone: 94.100.IN-ADDR.ARPA
Aug  9 20:35:51 mas01 named[16545]: automatic empty zone: 95.100.IN-ADDR.ARPA
Aug  9 20:35:51 mas01 named[16545]: automatic empty zone: 96.100.IN-ADDR.ARPA
Aug  9 20:35:51 mas01 named[16545]: automatic empty zone: 97.100.IN-ADDR.ARPA
Aug  9 20:35:51 mas01 named[16545]: automatic empty zone: 98.100.IN-ADDR.ARPA
Aug  9 20:35:51 mas01 named[16545]: automatic empty zone: 99.100.IN-ADDR.ARPA
Aug  9 20:35:51 mas01 named[16545]: automatic empty zone: 100.100.IN-ADDR.ARPA
Aug  9 20:35:51 mas01 named[16545]: automatic empty zone: 101.100.IN-ADDR.ARPA
Aug  9 20:35:51 mas01 named[16545]: automatic empty zone: 102.100.IN-ADDR.ARPA
Aug  9 20:35:51 mas01 named[16545]: automatic empty zone: 103.100.IN-ADDR.ARPA
Aug  9 20:35:51 mas01 named[16545]: automatic empty zone: 104.100.IN-ADDR.ARPA
Aug  9 20:35:51 mas01 named[16545]: automatic empty zone: 105.100.IN-ADDR.ARPA
Aug  9 20:35:51 mas01 named[16545]: automatic empty zone: 106.100.IN-ADDR.ARPA
Aug  9 20:35:51 mas01 named[16545]: automatic empty zone: 107.100.IN-ADDR.ARPA
Aug  9 20:35:51 mas01 named[16545]: automatic empty zone: 108.100.IN-ADDR.ARPA
Aug  9 20:35:51 mas01 named[16545]: automatic empty zone: 109.100.IN-ADDR.ARPA
Aug  9 20:35:51 mas01 named[16545]: automatic empty zone: 110.100.IN-ADDR.ARPA
Aug  9 20:35:51 mas01 named[16545]: automatic empty zone: 111.100.IN-ADDR.ARPA
Aug  9 20:35:51 mas01 named[16545]: automatic empty zone: 112.100.IN-ADDR.ARPA
Aug  9 20:35:51 mas01 named[16545]: automatic empty zone: 113.100.IN-ADDR.ARPA
Aug  9 20:35:51 mas01 named[16545]: automatic empty zone: 114.100.IN-ADDR.ARPA
Aug  9 20:35:51 mas01 named[16545]: automatic empty zone: 115.100.IN-ADDR.ARPA
Aug  9 20:35:51 mas01 named[16545]: automatic empty zone: 116.100.IN-ADDR.ARPA
Aug  9 20:35:51 mas01 named[16545]: automatic empty zone: 117.100.IN-ADDR.ARPA
Aug  9 20:35:51 mas01 named[16545]: automatic empty zone: 118.100.IN-ADDR.ARPA
Aug  9 20:35:51 mas01 named[16545]: automatic empty zone: 119.100.IN-ADDR.ARPA
Aug  9 20:35:51 mas01 named[16545]: automatic empty zone: 120.100.IN-ADDR.ARPA
