Aug  9 20:34:23 mas01 salt-minion[1346]: [INFO    ] Running state [maas-region apikey --username opnfv > /var/lib/maas/.maas_credentials] at time 20:34:23.045467
Aug  9 20:34:23 mas01 salt-minion[1346]: [INFO    ] Executing state cmd.run for [maas-region apikey --username opnfv > /var/lib/maas/.maas_credentials]
Aug  9 20:34:23 mas01 salt-minion[1346]: [INFO    ] Executing command 'maas-region apikey --username opnfv > /var/lib/maas/.maas_credentials' in directory '/root'
Aug  9 20:34:23 mas01 sh[16199]: 2018-08-09 20:34:23 provisioningserver.rackdservices.tftp: [info] ubuntu/amd64/hwe-16.04/xenial/daily/boot-initrd requested by 00:25:b5:a0:00:3a
Aug  9 20:34:24 mas01 sh[17162]: 2018-08-09 20:34:23 maasserver.region_controller: [info] Reloaded DNS configuration; ip 192.168.11.45 connected to kvm02 on eth0
Aug  9 20:34:24 mas01 sh[16614]: 2018-08-09 20:34:24 regiond: [info] 192.168.11.41 POST /MAAS/metadata/status/nc86dp HTTP/1.1 --> 204 NO_CONTENT (referrer: -; agent: python-requests/2.9.1)
Aug  9 20:34:24 mas01 sh[17162]: 2018-08-09 20:34:24 regiond: [info] 192.168.11.41 POST /MAAS/metadata/status/nc86dp HTTP/1.1 --> 204 NO_CONTENT (referrer: -; agent: python-requests/2.9.1)
Aug  9 20:34:24 mas01 sh[17162]: 2018-08-09 20:34:24 regiond: [info] 192.168.11.41 POST /MAAS/metadata/status/nc86dp HTTP/1.1 --> 204 NO_CONTENT (referrer: -; agent: python-requests/2.9.1)
Aug  9 20:34:24 mas01 sh[16621]: 2018-08-09 20:34:24 regiond: [info] 192.168.11.41 POST /MAAS/metadata/status/nc86dp HTTP/1.1 --> 204 NO_CONTENT (referrer: -; agent: python-requests/2.9.1)
Aug  9 20:34:24 mas01 sh[16614]: 2018-08-09 20:34:24 regiond: [info] 192.168.11.41 POST /MAAS/metadata/status/nc86dp HTTP/1.1 --> 204 NO_CONTENT (referrer: -; agent: python-requests/2.9.1)
Aug  9 20:34:24 mas01 sh[16904]: 2018-08-09 20:34:24 regiond: [info] 192.168.11.41 POST /MAAS/metadata/status/nc86dp HTTP/1.1 --> 204 NO_CONTENT (referrer: -; agent: python-requests/2.9.1)
Aug  9 20:34:24 mas01 sh[16904]: message repeated 2 times: [ 2018-08-09 20:34:24 regiond: [info] 192.168.11.41 POST /MAAS/metadata/status/nc86dp HTTP/1.1 --> 204 NO_CONTENT (referrer: -; agent: python-requests/2.9.1)]
Aug  9 20:34:24 mas01 sh[16614]: 2018-08-09 20:34:24 regiond: [info] 192.168.11.41 POST /MAAS/metadata/status/nc86dp HTTP/1.1 --> 204 NO_CONTENT (referrer: -; agent: python-requests/2.9.1)
Aug  9 20:34:24 mas01 salt-minion[1346]: [INFO    ] {'pid': 19178, 'retcode': 0, 'stderr': '', 'stdout': ''}
Aug  9 20:34:24 mas01 salt-minion[1346]: [INFO    ] Completed state [maas-region apikey --username opnfv > /var/lib/maas/.maas_credentials] at time 20:34:24.717088 duration_in_ms=1671.62
Aug  9 20:34:24 mas01 salt-minion[1346]: [INFO    ] Running state [maas.machines_status] at time 20:34:24.722401
Aug  9 20:34:24 mas01 salt-minion[1346]: [INFO    ] Executing state module.run for [maas.machines_status]
Aug  9 20:34:24 mas01 salt-minion[1346]: [WARNING ] The function "module.run" is using its deprecated version and will expire in version "Sodium".
Aug  9 20:34:24 mas01 sh[16614]: 2018-08-09 20:34:24 regiond: [info] 192.168.11.41 POST /MAAS/metadata/status/nc86dp HTTP/1.1 --> 204 NO_CONTENT (referrer: -; agent: python-requests/2.9.1)
Aug  9 20:34:24 mas01 sh[16904]: 2018-08-09 20:34:24 regiond: [info] 192.168.11.41 POST /MAAS/metadata/status/nc86dp HTTP/1.1 --> 204 NO_CONTENT (referrer: -; agent: python-requests/2.9.1)
Aug  9 20:34:24 mas01 sh[16621]: 2018-08-09 20:34:24 regiond: [info] 192.168.11.41 POST /MAAS/metadata/status/nc86dp HTTP/1.1 --> 204 NO_CONTENT (referrer: -; agent: python-requests/2.9.1)
Aug  9 20:34:24 mas01 sh[16621]: 2018-08-09 20:34:24 regiond: [info] 192.168.11.41 POST /MAAS/metadata/status/nc86dp HTTP/1.1 --> 204 NO_CONTENT (referrer: -; agent: python-requests/2.9.1)
Aug  9 20:34:25 mas01 salt-minion[1346]: [INFO    ] {'ret': {'machines': [{'status': 'Commissioning', 'hostname': u'cmp002', 'system_id': u'7q7rd7'}, {'status': 'Commissioning', 'hostname': u'cmp001', 'system_id': u'ggt7eg'}, {'status': 'Commissioning', 'hostname': u'kvm01', 'system_id': u'nc86dp'}, {'status': 'Commissioning', 'hostname': u'kvm03', 'system_id': u'wq44k3'}, {'status': 'Commissioning', 'hostname': u'kvm02', 'system_id': u'hdbp33'}], 'summary': Counter({'Commissioning': 5})}}
Aug  9 20:34:25 mas01 salt-minion[1346]: [INFO    ] Completed state [maas.machines_status] at time 20:34:25.090353 duration_in_ms=367.951
Aug  9 20:34:25 mas01 sh[16621]: 2018-08-09 20:34:25 regiond: [info] 127.0.0.1 GET /MAAS/api/2.0/machines/ HTTP/1.1 --> 200 OK (referrer: -; agent: Python-urllib/2.7)
Aug  9 20:34:25 mas01 salt-minion[1346]: [INFO    ] Returning information for job: 20180809203421041779
Aug  9 20:34:25 mas01 sh[17162]: 2018-08-09 20:34:25 regiond: [info] 192.168.11.41 POST /MAAS/metadata/status/nc86dp HTTP/1.1 --> 204 NO_CONTENT (referrer: -; agent: python-requests/2.9.1)
Aug  9 20:34:25 mas01 sh[16904]: 2018-08-09 20:34:25 regiond: [info] 192.168.11.41 POST /MAAS/metadata/status/nc86dp HTTP/1.1 --> 204 NO_CONTENT (referrer: -; agent: python-requests/2.9.1)
Aug  9 20:34:25 mas01 sh[16614]: 2018-08-09 20:34:25 regiond: [info] 192.168.11.41 POST /MAAS/metadata/status/nc86dp HTTP/1.1 --> 204 NO_CONTENT (referrer: -; agent: python-requests/2.9.1)
Aug  9 20:34:25 mas01 sh[16614]: message repeated 3 times: [ 2018-08-09 20:34:25 regiond: [info] 192.168.11.41 POST /MAAS/metadata/status/nc86dp HTTP/1.1 --> 204 NO_CONTENT (referrer: -; agent: python-requests/2.9.1)]
Aug  9 20:34:25 mas01 sh[17162]: 2018-08-09 20:34:25 regiond: [info] 192.168.11.41 POST /MAAS/metadata/status/nc86dp HTTP/1.1 --> 204 NO_CONTENT (referrer: -; agent: python-requests/2.9.1)
Aug  9 20:34:25 mas01 sh[17162]: 2018-08-09 20:34:25 regiond: [info] 192.168.11.41 POST /MAAS/metadata/status/nc86dp HTTP/1.1 --> 204 NO_CONTENT (referrer: -; agent: python-requests/2.9.1)
Aug  9 20:34:35 mas01 salt-minion[1346]: [INFO    ] User sudo_ubuntu Executing command state.apply with jid 20180809203435767586
Aug  9 20:34:35 mas01 salt-minion[1346]: [INFO    ] Starting a new job with PID 19211
Aug  9 20:34:36 mas01 salt-minion[1346]: [INFO    ] Loading fresh modules for state activity
Aug  9 20:34:36 mas01 salt-minion[1346]: [INFO    ] Running state [maas-region apikey --username opnfv > /var/lib/maas/.maas_credentials] at time 20:34:36.904689
Aug  9 20:34:36 mas01 salt-minion[1346]: [INFO    ] Executing state cmd.run for [maas-region apikey --username opnfv > /var/lib/maas/.maas_credentials]
Aug  9 20:34:36 mas01 salt-minion[1346]: [INFO    ] Executing command 'maas-region apikey --username opnfv > /var/lib/maas/.maas_credentials' in directory '/root'
Aug  9 20:34:38 mas01 salt-minion[1346]: [INFO    ] {'pid': 19218, 'retcode': 0, 'stderr': '', 'stdout': ''}
Aug  9 20:34:38 mas01 salt-minion[1346]: [INFO    ] Completed state [maas-region apikey --username opnfv > /var/lib/maas/.maas_credentials] at time 20:34:38.442399 duration_in_ms=1537.71
Aug  9 20:34:38 mas01 salt-minion[1346]: [INFO    ] Running state [maas.machines_status] at time 20:34:38.445389
Aug  9 20:34:38 mas01 salt-minion[1346]: [INFO    ] Executing state module.run for [maas.machines_status]
Aug  9 20:34:38 mas01 salt-minion[1346]: [WARNING ] The function "module.run" is using its deprecated version and will expire in version "Sodium".
Aug  9 20:34:38 mas01 sh[17162]: 2018-08-09 20:34:38 regiond: [info] 192.168.11.41 POST /MAAS/metadata/status/nc86dp HTTP/1.1 --> 204 NO_CONTENT (referrer: -; agent: python-requests/2.9.1)
Aug  9 20:34:38 mas01 sh[16621]: 2018-08-09 20:34:38 regiond: [info] 192.168.11.41 POST /MAAS/metadata/status/nc86dp HTTP/1.1 --> 204 NO_CONTENT (referrer: -; agent: python-requests/2.9.1)
Aug  9 20:34:38 mas01 sh[16904]: 2018-08-09 20:34:38 regiond: [info] 192.168.11.41 POST /MAAS/metadata/status/nc86dp HTTP/1.1 --> 204 NO_CONTENT (referrer: -; agent: python-requests/2.9.1)
Aug  9 20:34:38 mas01 sh[16904]: 2018-08-09 20:34:38 regiond: [info] 192.168.11.41 POST /MAAS/metadata/status/nc86dp HTTP/1.1 --> 204 NO_CONTENT (referrer: -; agent: python-requests/2.9.1)
Aug  9 20:34:38 mas01 sh[17162]: 2018-08-09 20:34:38 regiond: [info] 192.168.11.41 POST /MAAS/metadata/status/nc86dp HTTP/1.1 --> 204 NO_CONTENT (referrer: -; agent: python-requests/2.9.1)
Aug  9 20:34:38 mas01 sh[16621]: 2018-08-09 20:34:38 regiond: [info] 192.168.11.41 POST /MAAS/metadata/status/nc86dp HTTP/1.1 --> 204 NO_CONTENT (referrer: -; agent: python-requests/2.9.1)
Aug  9 20:34:38 mas01 sh[17162]: 2018-08-09 20:34:38 regiond: [info] 192.168.11.41 POST /MAAS/metadata/status/nc86dp HTTP/1.1 --> 204 NO_CONTENT (referrer: -; agent: python-requests/2.9.1)
Aug  9 20:34:38 mas01 sh[16904]: 2018-08-09 20:34:38 regiond: [info] 192.168.11.41 POST /MAAS/metadata/status/nc86dp HTTP/1.1 --> 204 NO_CONTENT (referrer: -; agent: python-requests/2.9.1)
Aug  9 20:34:38 mas01 sh[16621]: 2018-08-09 20:34:38 regiond: [info] 192.168.11.41 POST /MAAS/metadata/status/nc86dp HTTP/1.1 --> 204 NO_CONTENT (referrer: -; agent: python-requests/2.9.1)
Aug  9 20:34:38 mas01 salt-minion[1346]: [INFO    ] {'ret': {'machines': [{'status': 'Commissioning', 'hostname': u'cmp002', 'system_id': u'7q7rd7'}, {'status': 'Commissioning', 'hostname': u'cmp001', 'system_id': u'ggt7eg'}, {'status': 'Commissioning', 'hostname': u'kvm01', 'system_id': u'nc86dp'}, {'status': 'Commissioning', 'hostname': u'kvm03', 'system_id': u'wq44k3'}, {'status': 'Commissioning', 'hostname': u'kvm02', 'system_id': u'hdbp33'}], 'summary': Counter({'Commissioning': 5})}}
Aug  9 20:34:38 mas01 salt-minion[1346]: [INFO    ] Completed state [maas.machines_status] at time 20:34:38.739608 duration_in_ms=294.219
Aug  9 20:34:38 mas01 salt-minion[1346]: [INFO    ] Returning information for job: 20180809203435767586
Aug  9 20:34:38 mas01 sh[16621]: 2018-08-09 20:34:38 regiond: [info] 192.168.11.41 POST /MAAS/metadata/status/nc86dp HTTP/1.1 --> 204 NO_CONTENT (referrer: -; agent: python-requests/2.9.1)
Aug  9 20:34:39 mas01 sh[16614]: 2018-08-09 20:34:39 regiond: [info] 192.168.11.41 POST /MAAS/metadata/status/nc86dp HTTP/1.1 --> 204 NO_CONTENT (referrer: -; agent: python-requests/2.9.1)
Aug  9 20:34:39 mas01 sh[17162]: 2018-08-09 20:34:39 regiond: [info] 192.168.11.41 POST /MAAS/metadata/status/nc86dp HTTP/1.1 --> 204 NO_CONTENT (referrer: -; agent: python-requests/2.9.1)
Aug  9 20:34:39 mas01 sh[17162]: 2018-08-09 20:34:39 regiond: [info] 192.168.11.41 POST /MAAS/metadata/status/nc86dp HTTP/1.1 --> 204 NO_CONTENT (referrer: -; agent: python-requests/2.9.1)
Aug  9 20:34:39 mas01 sh[16904]: 2018-08-09 20:34:39 regiond: [info] 192.168.11.41 POST /MAAS/metadata/status/nc86dp HTTP/1.1 --> 204 NO_CONTENT (referrer: -; agent: python-requests/2.9.1)
Aug  9 20:34:39 mas01 sh[17162]: 2018-08-09 20:34:39 regiond: [info] 192.168.11.41 POST /MAAS/metadata/status/nc86dp HTTP/1.1 --> 204 NO_CONTENT (referrer: -; agent: python-requests/2.9.1)
Aug  9 20:34:39 mas01 sh[17162]: 2018-08-09 20:34:39 regiond: [info] 192.168.11.41 POST /MAAS/metadata/status/nc86dp HTTP/1.1 --> 204 NO_CONTENT (referrer: -; agent: python-requests/2.9.1)
Aug  9 20:34:39 mas01 sh[16614]: 2018-08-09 20:34:39 regiond: [info] 192.168.11.41 POST /MAAS/metadata/status/nc86dp HTTP/1.1 --> 204 NO_CONTENT (referrer: -; agent: python-requests/2.9.1)
Aug  9 20:34:39 mas01 sh[16621]: 2018-08-09 20:34:39 regiond: [info] 192.168.11.41 POST /MAAS/metadata/status/nc86dp HTTP/1.1 --> 204 NO_CONTENT (referrer: -; agent: python-requests/2.9.1)
Aug  9 20:34:39 mas01 sh[16904]: 2018-08-09 20:34:39 regiond: [info] 192.168.11.41 POST /MAAS/metadata/status/nc86dp HTTP/1.1 --> 204 NO_CONTENT (referrer: -; agent: python-requests/2.9.1)
Aug  9 20:34:39 mas01 sh[17162]: 2018-08-09 20:34:39 regiond: [info] 192.168.11.41 POST /MAAS/metadata/status/nc86dp HTTP/1.1 --> 204 NO_CONTENT (referrer: -; agent: python-requests/2.9.1)
Aug  9 20:34:39 mas01 sh[16904]: 2018-08-09 20:34:39 regiond: [info] 192.168.11.41 POST /MAAS/metadata/status/nc86dp HTTP/1.1 --> 204 NO_CONTENT (referrer: -; agent: python-requests/2.9.1)
Aug  9 20:34:39 mas01 sh[16614]: 2018-08-09 20:34:39 regiond: [info] 192.168.11.41 POST /MAAS/metadata/status/nc86dp HTTP/1.1 --> 204 NO_CONTENT (referrer: -; agent: python-requests/2.9.1)
Aug  9 20:34:39 mas01 sh[16621]: 2018-08-09 20:34:39 regiond: [info] 192.168.11.41 POST /MAAS/metadata/status/nc86dp HTTP/1.1 --> 204 NO_CONTENT (referrer: -; agent: python-requests/2.9.1)
Aug  9 20:34:39 mas01 sh[17162]: 2018-08-09 20:34:39 regiond: [info] 192.168.11.41 POST /MAAS/metadata/status/nc86dp HTTP/1.1 --> 204 NO_CONTENT (referrer: -; agent: python-requests/2.9.1)
Aug  9 20:34:39 mas01 sh[16614]: 2018-08-09 20:34:39 regiond: [info] 192.168.11.41 POST /MAAS/metadata/status/nc86dp HTTP/1.1 --> 204 NO_CONTENT (referrer: -; agent: python-requests/2.9.1)
Aug  9 20:34:39 mas01 sh[16614]: message repeated 3 times: [ 2018-08-09 20:34:39 regiond: [info] 192.168.11.41 POST /MAAS/metadata/status/nc86dp HTTP/1.1 --> 204 NO_CONTENT (referrer: -; agent: python-requests/2.9.1)]
Aug  9 20:34:39 mas01 sh[17162]: 2018-08-09 20:34:39 regiond: [info] 192.168.11.41 POST /MAAS/metadata/status/nc86dp HTTP/1.1 --> 204 NO_CONTENT (referrer: -; agent: python-requests/2.9.1)
Aug  9 20:34:39 mas01 sh[16614]: 2018-08-09 20:34:39 regiond: [info] 192.168.11.41 POST /MAAS/metadata/status/nc86dp HTTP/1.1 --> 204 NO_CONTENT (referrer: -; agent: python-requests/2.9.1)
Aug  9 20:34:39 mas01 sh[17162]: 2018-08-09 20:34:39 regiond: [info] 192.168.11.41 POST /MAAS/metadata/status/nc86dp HTTP/1.1 --> 204 NO_CONTENT (referrer: -; agent: python-requests/2.9.1)
Aug  9 20:34:39 mas01 sh[16614]: 2018-08-09 20:34:39 regiond: [info] 192.168.11.41 POST /MAAS/metadata/status/nc86dp HTTP/1.1 --> 204 NO_CONTENT (referrer: -; agent: python-requests/2.9.1)
Aug  9 20:34:39 mas01 sh[16621]: 2018-08-09 20:34:39 regiond: [info] 192.168.11.41 POST /MAAS/metadata/status/nc86dp HTTP/1.1 --> 204 NO_CONTENT (referrer: -; agent: python-requests/2.9.1)
Aug  9 20:34:39 mas01 sh[16621]: message repeated 4 times: [ 2018-08-09 20:34:39 regiond: [info] 192.168.11.41 POST /MAAS/metadata/status/nc86dp HTTP/1.1 --> 204 NO_CONTENT (referrer: -; agent: python-requests/2.9.1)]
Aug  9 20:34:39 mas01 sh[16614]: 2018-08-09 20:34:39 regiond: [info] 192.168.11.41 POST /MAAS/metadata/status/nc86dp HTTP/1.1 --> 204 NO_CONTENT (referrer: -; agent: python-requests/2.9.1)
Aug  9 20:34:39 mas01 sh[16904]: 2018-08-09 20:34:39 regiond: [info] 192.168.11.41 POST /MAAS/metadata/status/nc86dp HTTP/1.1 --> 204 NO_CONTENT (referrer: -; agent: python-requests/2.9.1)
Aug  9 20:34:40 mas01 sh[16621]: 2018-08-09 20:34:40 regiond: [info] 127.0.0.1 GET /MAAS/rpc/ HTTP/1.0 --> 200 OK (referrer: -; agent: provisioningserver.rpc.clusterservice.ClusterClientService)
Aug  9 20:34:40 mas01 dhcpd[18339]: DHCPDISCOVER from 00:25:b5:a0:00:6a via ens5
Aug  9 20:34:40 mas01 dhcpd[18339]: DHCPOFFER on 192.168.11.42 to 00:25:b5:a0:00:6a (cmp002) via ens5
Aug  9 20:34:40 mas01 dhcpd[18339]: DHCPDISCOVER from 00:25:b5:a0:00:4a via ens5
Aug  9 20:34:40 mas01 dhcpd[18339]: DHCPOFFER on 192.168.11.44 to 00:25:b5:a0:00:4a (kvm03) via ens5
Aug  9 20:34:40 mas01 dhcpd[18339]: execute_statement argv[0] = /usr/sbin/maas-dhcp-helper
Aug  9 20:34:40 mas01 dhcpd[18339]: execute_statement argv[1] = notify
Aug  9 20:34:40 mas01 dhcpd[18339]: execute_statement argv[2] = --action
Aug  9 20:34:40 mas01 dhcpd[18339]: execute_statement argv[3] = commit
Aug  9 20:34:40 mas01 dhcpd[18339]: execute_statement argv[4] = --mac
Aug  9 20:34:40 mas01 dhcpd[18339]: execute_statement argv[5] = 0:25:b5:a0:0:6a
Aug  9 20:34:40 mas01 dhcpd[18339]: execute_statement argv[6] = --ip-family
Aug  9 20:34:40 mas01 dhcpd[18339]: execute_statement argv[7] = ipv4
Aug  9 20:34:40 mas01 dhcpd[18339]: execute_statement argv[8] = --ip
Aug  9 20:34:40 mas01 dhcpd[18339]: execute_statement argv[9] = 192.168.11.42
Aug  9 20:34:40 mas01 dhcpd[18339]: execute_statement argv[10] = --lease-time
Aug  9 20:34:40 mas01 dhcpd[18339]: execute_statement argv[11] = 600
Aug  9 20:34:40 mas01 dhcpd[18339]: execute_statement argv[12] = --hostname
Aug  9 20:34:40 mas01 dhcpd[18339]: execute_statement argv[13] = cmp002
Aug  9 20:34:40 mas01 dhcpd[18339]: execute_statement argv[14] = --socket
Aug  9 20:34:40 mas01 dhcpd[18339]: execute_statement argv[15] = /var/lib/maas/dhcpd.sock
Aug  9 20:34:40 mas01 dhcpd[18339]: DHCPREQUEST for 192.168.11.42 (192.168.11.3) from 00:25:b5:a0:00:6a (cmp002) via ens5
Aug  9 20:34:40 mas01 dhcpd[18339]: DHCPACK on 192.168.11.42 to 00:25:b5:a0:00:6a (cmp002) via ens5
Aug  9 20:34:40 mas01 dhcpd[18339]: execute_statement argv[0] = /usr/sbin/maas-dhcp-helper
Aug  9 20:34:40 mas01 dhcpd[18339]: execute_statement argv[1] = notify
Aug  9 20:34:40 mas01 dhcpd[18339]: execute_statement argv[2] = --action
Aug  9 20:34:40 mas01 dhcpd[18339]: execute_statement argv[3] = commit
Aug  9 20:34:40 mas01 dhcpd[18339]: execute_statement argv[4] = --mac
Aug  9 20:34:40 mas01 dhcpd[18339]: execute_statement argv[5] = 0:25:b5:a0:0:4a
Aug  9 20:34:40 mas01 dhcpd[18339]: execute_statement argv[6] = --ip-family
Aug  9 20:34:40 mas01 dhcpd[18339]: execute_statement argv[7] = ipv4
Aug  9 20:34:40 mas01 dhcpd[18339]: execute_statement argv[8] = --ip
Aug  9 20:34:40 mas01 dhcpd[18339]: execute_statement argv[9] = 192.168.11.44
Aug  9 20:34:40 mas01 dhcpd[18339]: execute_statement argv[10] = --lease-time
Aug  9 20:34:40 mas01 dhcpd[18339]: execute_statement argv[11] = 600
Aug  9 20:34:40 mas01 dhcpd[18339]: execute_statement argv[12] = --hostname
Aug  9 20:34:40 mas01 dhcpd[18339]: execute_statement argv[13] = kvm03
Aug  9 20:34:40 mas01 dhcpd[18339]: execute_statement argv[14] = --socket
Aug  9 20:34:40 mas01 dhcpd[18339]: execute_statement argv[15] = /var/lib/maas/dhcpd.sock
Aug  9 20:34:40 mas01 sh[17162]: 2018-08-09 20:34:40 maasserver.rpc.leases: [info] Lease update: commit for 192.168.11.42 on 0:25:b5:a0:0:6a at 2018-08-09 20:34:40 (lease time: 600s) (hostname: cmp002)
Aug  9 20:34:40 mas01 dhcpd[18339]: DHCPREQUEST for 192.168.11.44 (192.168.11.3) from 00:25:b5:a0:00:4a (kvm03) via ens5
Aug  9 20:34:40 mas01 dhcpd[18339]: DHCPACK on 192.168.11.44 to 00:25:b5:a0:00:4a (kvm03) via ens5
Aug  9 20:34:40 mas01 dhcpd[18339]: DHCPDISCOVER from 00:25:b5:a0:00:3a via ens5
Aug  9 20:34:40 mas01 dhcpd[18339]: DHCPOFFER on 192.168.11.45 to 00:25:b5:a0:00:3a (kvm02) via ens5
Aug  9 20:34:40 mas01 dhcpd[18339]: DHCPDISCOVER from 00:25:b5:a0:00:5a via ens5
Aug  9 20:34:40 mas01 dhcpd[18339]: DHCPOFFER on 192.168.11.43 to 00:25:b5:a0:00:5a (cmp001) via ens5
Aug  9 20:34:40 mas01 dhcpd[18339]: DHCPDISCOVER from 00:25:b5:a0:00:5a (cmp001) via ens5
Aug  9 20:34:40 mas01 dhcpd[18339]: DHCPOFFER on 192.168.11.43 to 00:25:b5:a0:00:5a (cmp001) via ens5
Aug  9 20:34:40 mas01 dhcpd[18339]: execute_statement argv[0] = /usr/sbin/maas-dhcp-helper
Aug  9 20:34:40 mas01 dhcpd[18339]: execute_statement argv[1] = notify
Aug  9 20:34:40 mas01 dhcpd[18339]: execute_statement argv[2] = --action
Aug  9 20:34:40 mas01 dhcpd[18339]: execute_statement argv[3] = commit
Aug  9 20:34:40 mas01 dhcpd[18339]: execute_statement argv[4] = --mac
Aug  9 20:34:40 mas01 dhcpd[18339]: execute_statement argv[5] = 0:25:b5:a0:0:3a
Aug  9 20:34:40 mas01 dhcpd[18339]: execute_statement argv[6] = --ip-family
Aug  9 20:34:40 mas01 dhcpd[18339]: execute_statement argv[7] = ipv4
Aug  9 20:34:40 mas01 dhcpd[18339]: execute_statement argv[8] = --ip
Aug  9 20:34:40 mas01 dhcpd[18339]: execute_statement argv[9] = 192.168.11.45
Aug  9 20:34:40 mas01 dhcpd[18339]: execute_statement argv[10] = --lease-time
Aug  9 20:34:40 mas01 dhcpd[18339]: execute_statement argv[11] = 600
Aug  9 20:34:40 mas01 dhcpd[18339]: execute_statement argv[12] = --hostname
Aug  9 20:34:40 mas01 dhcpd[18339]: execute_statement argv[13] = kvm02
Aug  9 20:34:40 mas01 dhcpd[18339]: execute_statement argv[14] = --socket
Aug  9 20:34:40 mas01 dhcpd[18339]: execute_statement argv[15] = /var/lib/maas/dhcpd.sock
Aug  9 20:34:40 mas01 sh[16621]: 2018-08-09 20:34:40 maasserver.rpc.leases: [info] Lease update: commit for 192.168.11.44 on 0:25:b5:a0:0:4a at 2018-08-09 20:34:40 (lease time: 600s) (hostname: kvm03)
Aug  9 20:34:40 mas01 dhcpd[18339]: DHCPREQUEST for 192.168.11.45 (192.168.11.3) from 00:25:b5:a0:00:3a (kvm02) via ens5
Aug  9 20:34:40 mas01 dhcpd[18339]: DHCPACK on 192.168.11.45 to 00:25:b5:a0:00:3a (kvm02) via ens5
Aug  9 20:34:40 mas01 dhcpd[18339]: execute_statement argv[0] = /usr/sbin/maas-dhcp-helper
Aug  9 20:34:40 mas01 dhcpd[18339]: execute_statement argv[1] = notify
Aug  9 20:34:40 mas01 dhcpd[18339]: execute_statement argv[2] = --action
Aug  9 20:34:40 mas01 dhcpd[18339]: execute_statement argv[3] = commit
Aug  9 20:34:40 mas01 dhcpd[18339]: execute_statement argv[4] = --mac
Aug  9 20:34:40 mas01 dhcpd[18339]: execute_statement argv[5] = 0:25:b5:a0:0:5a
Aug  9 20:34:40 mas01 dhcpd[18339]: execute_statement argv[6] = --ip-family
Aug  9 20:34:40 mas01 dhcpd[18339]: execute_statement argv[7] = ipv4
Aug  9 20:34:40 mas01 dhcpd[18339]: execute_statement argv[8] = --ip
Aug  9 20:34:40 mas01 dhcpd[18339]: execute_statement argv[9] = 192.168.11.43
Aug  9 20:34:40 mas01 dhcpd[18339]: execute_statement argv[10] = --lease-time
Aug  9 20:34:40 mas01 dhcpd[18339]: execute_statement argv[11] = 600
Aug  9 20:34:40 mas01 dhcpd[18339]: execute_statement argv[12] = --hostname
Aug  9 20:34:40 mas01 dhcpd[18339]: execute_statement argv[13] = cmp001
Aug  9 20:34:40 mas01 dhcpd[18339]: execute_statement argv[14] = --socket
Aug  9 20:34:40 mas01 dhcpd[18339]: execute_statement argv[15] = /var/lib/maas/dhcpd.sock
Aug  9 20:34:40 mas01 sh[16904]: 2018-08-09 20:34:40 maasserver.rpc.leases: [info] Lease update: commit for 192.168.11.45 on 0:25:b5:a0:0:3a at 2018-08-09 20:34:40 (lease time: 600s) (hostname: kvm02)
Aug  9 20:34:40 mas01 dhcpd[18339]: DHCPREQUEST for 192.168.11.43 (192.168.11.3) from 00:25:b5:a0:00:5a (cmp001) via ens5
Aug  9 20:34:40 mas01 dhcpd[18339]: DHCPACK on 192.168.11.43 to 00:25:b5:a0:00:5a (cmp001) via ens5
Aug  9 20:34:40 mas01 sh[16621]: 2018-08-09 20:34:40 maasserver.rpc.leases: [info] Lease update: commit for 192.168.11.43 on 0:25:b5:a0:0:5a at 2018-08-09 20:34:40 (lease time: 600s) (hostname: cmp001)
Aug  9 20:34:41 mas01 sh[16199]: 2018-08-09 20:34:41 rackd: [info] 192.168.11.42 GET /images/ubuntu/amd64/hwe-16.04/xenial/daily/squashfs HTTP/1.1 --> 200 OK (referrer: -; agent: Wget)
Aug  9 20:34:41 mas01 sh[16199]: 2018-08-09 20:34:41 rackd: [info] 192.168.11.44 GET /images/ubuntu/amd64/hwe-16.04/xenial/daily/squashfs HTTP/1.1 --> 200 OK (referrer: -; agent: Wget)
Aug  9 20:34:41 mas01 sh[16199]: 2018-08-09 20:34:41 rackd: [info] 192.168.11.45 GET /images/ubuntu/amd64/hwe-16.04/xenial/daily/squashfs HTTP/1.1 --> 200 OK (referrer: -; agent: Wget)
Aug  9 20:34:41 mas01 sh[16199]: 2018-08-09 20:34:41 rackd: [info] 192.168.11.43 GET /images/ubuntu/amd64/hwe-16.04/xenial/daily/squashfs HTTP/1.1 --> 200 OK (referrer: -; agent: Wget)
Aug  9 20:34:44 mas01 sh[16904]: 2018-08-09 20:34:44 regiond: [info] 192.168.11.45 GET /MAAS/metadata/latest/by-id/hdbp33/?op=get_preseed HTTP/1.1 --> 200 OK (referrer: -; agent: Cloud-Init/18.3-9-g2e62cb8a-0ubuntu1~16.04.2)
Aug  9 20:34:44 mas01 sh[16621]: 2018-08-09 20:34:44 regiond: [info] 192.168.11.44 GET /MAAS/metadata/latest/by-id/wq44k3/?op=get_preseed HTTP/1.1 --> 200 OK (referrer: -; agent: Cloud-Init/18.3-9-g2e62cb8a-0ubuntu1~16.04.2)
Aug  9 20:34:44 mas01 sh[16614]: 2018-08-09 20:34:44 regiond: [info] 192.168.11.42 POST /MAAS/metadata/status/7q7rd7 HTTP/1.1 --> 204 NO_CONTENT (referrer: -; agent: python-requests/2.9.1)
Aug  9 20:34:44 mas01 sh[16621]: 2018-08-09 20:34:44 regiond: [info] 192.168.11.45 POST /MAAS/metadata/status/hdbp33 HTTP/1.1 --> 204 NO_CONTENT (referrer: -; agent: python-requests/2.9.1)
Aug  9 20:34:44 mas01 sh[17162]: 2018-08-09 20:34:44 regiond: [info] 192.168.11.42 POST /MAAS/metadata/status/7q7rd7 HTTP/1.1 --> 204 NO_CONTENT (referrer: -; agent: python-requests/2.9.1)
Aug  9 20:34:44 mas01 sh[16904]: 2018-08-09 20:34:44 regiond: [info] 192.168.11.45 POST /MAAS/metadata/status/hdbp33 HTTP/1.1 --> 204 NO_CONTENT (referrer: -; agent: python-requests/2.9.1)
Aug  9 20:34:44 mas01 sh[16621]: 2018-08-09 20:34:44 regiond: [info] 192.168.11.43 POST /MAAS/metadata/status/ggt7eg HTTP/1.1 --> 204 NO_CONTENT (referrer: -; agent: python-requests/2.9.1)
Aug  9 20:34:44 mas01 sh[16904]: 2018-08-09 20:34:44 regiond: [info] 192.168.11.43 POST /MAAS/metadata/status/ggt7eg HTTP/1.1 --> 204 NO_CONTENT (referrer: -; agent: python-requests/2.9.1)
Aug  9 20:34:44 mas01 sh[16614]: 2018-08-09 20:34:44 regiond: [info] 192.168.11.44 POST /MAAS/metadata/status/wq44k3 HTTP/1.1 --> 204 NO_CONTENT (referrer: -; agent: python-requests/2.9.1)
Aug  9 20:34:44 mas01 sh[17162]: 2018-08-09 20:34:44 regiond: [info] 192.168.11.44 POST /MAAS/metadata/status/wq44k3 HTTP/1.1 --> 204 NO_CONTENT (referrer: -; agent: python-requests/2.9.1)
Aug  9 20:34:44 mas01 sh[16904]: 2018-08-09 20:34:44 regiond: [info] 192.168.11.45 POST /MAAS/metadata/status/hdbp33 HTTP/1.1 --> 204 NO_CONTENT (referrer: -; agent: python-requests/2.9.1)
Aug  9 20:34:44 mas01 sh[17162]: 2018-08-09 20:34:44 regiond: [info] 192.168.11.44 POST /MAAS/metadata/status/wq44k3 HTTP/1.1 --> 204 NO_CONTENT (referrer: -; agent: python-requests/2.9.1)
Aug  9 20:34:44 mas01 sh[16614]: 2018-08-09 20:34:44 regiond: [info] 192.168.11.42 POST /MAAS/metadata/status/7q7rd7 HTTP/1.1 --> 204 NO_CONTENT (referrer: -; agent: python-requests/2.9.1)
Aug  9 20:34:44 mas01 sh[17162]: 2018-08-09 20:34:44 regiond: [info] 192.168.11.43 POST /MAAS/metadata/status/ggt7eg HTTP/1.1 --> 204 NO_CONTENT (referrer: -; agent: python-requests/2.9.1)
Aug  9 20:34:44 mas01 sh[17162]: 2018-08-09 20:34:44 regiond: [info] 192.168.11.45 GET /MAAS/metadata/latest/by-id/hdbp33/?op=get_preseed HTTP/1.1 --> 200 OK (referrer: -; agent: Cloud-Init/18.3-9-g2e62cb8a-0ubuntu1~16.04.2)
Aug  9 20:34:44 mas01 sh[16621]: 2018-08-09 20:34:44 regiond: [info] 192.168.11.45 POST /MAAS/metadata/status/hdbp33 HTTP/1.1 --> 204 NO_CONTENT (referrer: -; agent: python-requests/2.9.1)
Aug  9 20:34:44 mas01 sh[16904]: 2018-08-09 20:34:44 regiond: [info] 192.168.11.45 POST /MAAS/metadata/status/hdbp33 HTTP/1.1 --> 204 NO_CONTENT (referrer: -; agent: python-requests/2.9.1)
Aug  9 20:34:44 mas01 sh[16621]: 2018-08-09 20:34:44 regiond: [info] 192.168.11.45 POST /MAAS/metadata/status/hdbp33 HTTP/1.1 --> 204 NO_CONTENT (referrer: -; agent: python-requests/2.9.1)
Aug  9 20:34:44 mas01 sh[16614]: 2018-08-09 20:34:44 regiond: [info] 192.168.11.42 GET /MAAS/metadata/latest/by-id/7q7rd7/?op=get_preseed HTTP/1.1 --> 200 OK (referrer: -; agent: Cloud-Init/18.3-9-g2e62cb8a-0ubuntu1~16.04.2)
Aug  9 20:34:45 mas01 sh[16621]: 2018-08-09 20:34:45 regiond: [info] 192.168.11.45 GET /MAAS/metadata/2012-03-01/meta-data/instance-id HTTP/1.1 --> 200 OK (referrer: -; agent: Cloud-Init/18.3-9-g2e62cb8a-0ubuntu1~16.04.2)
Aug  9 20:34:45 mas01 sh[17162]: 2018-08-09 20:34:45 regiond: [info] 192.168.11.44 POST /MAAS/metadata/status/wq44k3 HTTP/1.1 --> 204 NO_CONTENT (referrer: -; agent: python-requests/2.9.1)
Aug  9 20:34:45 mas01 sh[16621]: 2018-08-09 20:34:45 regiond: [info] 192.168.11.44 POST /MAAS/metadata/status/wq44k3 HTTP/1.1 --> 204 NO_CONTENT (referrer: -; agent: python-requests/2.9.1)
Aug  9 20:34:45 mas01 sh[16614]: 2018-08-09 20:34:45 regiond: [info] 192.168.11.42 POST /MAAS/metadata/status/7q7rd7 HTTP/1.1 --> 204 NO_CONTENT (referrer: -; agent: python-requests/2.9.1)
Aug  9 20:34:45 mas01 sh[16904]: 2018-08-09 20:34:45 regiond: [info] 192.168.11.44 POST /MAAS/metadata/status/wq44k3 HTTP/1.1 --> 204 NO_CONTENT (referrer: -; agent: python-requests/2.9.1)
Aug  9 20:34:45 mas01 sh[16621]: 2018-08-09 20:34:45 regiond: [info] 192.168.11.42 POST /MAAS/metadata/status/7q7rd7 HTTP/1.1 --> 204 NO_CONTENT (referrer: -; agent: python-requests/2.9.1)
Aug  9 20:34:45 mas01 sh[17162]: 2018-08-09 20:34:45 regiond: [info] 192.168.11.42 POST /MAAS/metadata/status/7q7rd7 HTTP/1.1 --> 204 NO_CONTENT (referrer: -; agent: python-requests/2.9.1)
Aug  9 20:34:45 mas01 sh[17162]: 2018-08-09 20:34:45 regiond: [info] 192.168.11.45 GET /MAAS/metadata/2012-03-01/meta-data/instance-id HTTP/1.1 --> 200 OK (referrer: -; agent: python-requests/2.9.1)
Aug  9 20:34:45 mas01 sh[16904]: 2018-08-09 20:34:45 regiond: [info] 192.168.11.43 GET /MAAS/metadata/latest/by-id/ggt7eg/?op=get_preseed HTTP/1.1 --> 200 OK (referrer: -; agent: Cloud-Init/18.3-9-g2e62cb8a-0ubuntu1~16.04.2)
Aug  9 20:34:45 mas01 sh[16614]: 2018-08-09 20:34:45 regiond: [info] 192.168.11.42 GET /MAAS/metadata/2012-03-01/meta-data/instance-id HTTP/1.1 --> 200 OK (referrer: -; agent: Cloud-Init/18.3-9-g2e62cb8a-0ubuntu1~16.04.2)
Aug  9 20:34:45 mas01 sh[17162]: 2018-08-09 20:34:45 regiond: [info] 192.168.11.44 GET /MAAS/metadata/2012-03-01/meta-data/instance-id HTTP/1.1 --> 200 OK (referrer: -; agent: Cloud-Init/18.3-9-g2e62cb8a-0ubuntu1~16.04.2)
Aug  9 20:34:45 mas01 sh[16614]: 2018-08-09 20:34:45 regiond: [info] 192.168.11.45 GET /MAAS/metadata/2012-03-01/meta-data/local-hostname HTTP/1.1 --> 200 OK (referrer: -; agent: python-requests/2.9.1)
Aug  9 20:34:45 mas01 sh[16614]: 2018-08-09 20:34:45 regiond: [info] 192.168.11.43 POST /MAAS/metadata/status/ggt7eg HTTP/1.1 --> 204 NO_CONTENT (referrer: -; agent: python-requests/2.9.1)
Aug  9 20:34:45 mas01 sh[16614]: 2018-08-09 20:34:45 regiond: [info] 192.168.11.43 POST /MAAS/metadata/status/ggt7eg HTTP/1.1 --> 204 NO_CONTENT (referrer: -; agent: python-requests/2.9.1)
Aug  9 20:34:45 mas01 sh[17162]: 2018-08-09 20:34:45 regiond: [info] 192.168.11.42 GET /MAAS/metadata/2012-03-01/meta-data/instance-id HTTP/1.1 --> 200 OK (referrer: -; agent: python-requests/2.9.1)
Aug  9 20:34:45 mas01 sh[16614]: 2018-08-09 20:34:45 regiond: [info] 192.168.11.43 POST /MAAS/metadata/status/ggt7eg HTTP/1.1 --> 204 NO_CONTENT (referrer: -; agent: python-requests/2.9.1)
Aug  9 20:34:45 mas01 sh[17162]: 2018-08-09 20:34:45 regiond: [info] 192.168.11.44 GET /MAAS/metadata/2012-03-01/meta-data/instance-id HTTP/1.1 --> 200 OK (referrer: -; agent: python-requests/2.9.1)
Aug  9 20:34:45 mas01 sh[16614]: 2018-08-09 20:34:45 regiond: [info] 192.168.11.43 GET /MAAS/metadata/2012-03-01/meta-data/instance-id HTTP/1.1 --> 200 OK (referrer: -; agent: Cloud-Init/18.3-9-g2e62cb8a-0ubuntu1~16.04.2)
Aug  9 20:34:45 mas01 sh[16904]: 2018-08-09 20:34:45 regiond: [info] 192.168.11.44 GET /MAAS/metadata/2012-03-01/meta-data/local-hostname HTTP/1.1 --> 200 OK (referrer: -; agent: python-requests/2.9.1)
Aug  9 20:34:45 mas01 sh[16904]: 2018-08-09 20:34:45 regiond: [info] 192.168.11.42 GET /MAAS/metadata/2012-03-01/meta-data/local-hostname HTTP/1.1 --> 200 OK (referrer: -; agent: python-requests/2.9.1)
Aug  9 20:34:45 mas01 sh[17162]: 2018-08-09 20:34:45 regiond: [info] 192.168.11.45 GET /MAAS/metadata/2012-03-01/meta-data/vendor-data HTTP/1.1 --> 200 OK (referrer: -; agent: python-requests/2.9.1)
Aug  9 20:34:45 mas01 sh[16904]: 2018-08-09 20:34:45 regiond: [info] 192.168.11.43 GET /MAAS/metadata/2012-03-01/meta-data/instance-id HTTP/1.1 --> 200 OK (referrer: -; agent: python-requests/2.9.1)
Aug  9 20:34:45 mas01 sh[16904]: 2018-08-09 20:34:45 regiond: [info] 192.168.11.42 GET /MAAS/metadata/2012-03-01/meta-data/public-keys HTTP/1.1 --> 200 OK (referrer: -; agent: python-requests/2.9.1)
Aug  9 20:34:45 mas01 sh[16621]: 2018-08-09 20:34:45 regiond: [info] 192.168.11.43 GET /MAAS/metadata/2012-03-01/meta-data/local-hostname HTTP/1.1 --> 200 OK (referrer: -; agent: python-requests/2.9.1)
Aug  9 20:34:45 mas01 sh[16614]: 2018-08-09 20:34:45 regiond: [info] 192.168.11.44 GET /MAAS/metadata/2012-03-01/meta-data/vendor-data HTTP/1.1 --> 200 OK (referrer: -; agent: python-requests/2.9.1)
Aug  9 20:34:45 mas01 sh[17162]: 2018-08-09 20:34:45 regiond: [info] 192.168.11.45 POST /MAAS/metadata/status/hdbp33 HTTP/1.1 --> 204 NO_CONTENT (referrer: -; agent: python-requests/2.9.1)
Aug  9 20:34:45 mas01 sh[17162]: 2018-08-09 20:34:45 regiond: [info] 192.168.11.42 GET /MAAS/metadata/2012-03-01/meta-data/vendor-data HTTP/1.1 --> 200 OK (referrer: -; agent: python-requests/2.9.1)
Aug  9 20:34:45 mas01 sh[16904]: 2018-08-09 20:34:45 regiond: [info] 192.168.11.44 GET /MAAS/metadata/2012-03-01/user-data HTTP/1.1 --> 200 OK (referrer: -; agent: python-requests/2.9.1)
Aug  9 20:34:45 mas01 sh[17162]: 2018-08-09 20:34:45 regiond: [info] 192.168.11.44 POST /MAAS/metadata/status/wq44k3 HTTP/1.1 --> 204 NO_CONTENT (referrer: -; agent: python-requests/2.9.1)
Aug  9 20:34:45 mas01 sh[17162]: 2018-08-09 20:34:45 regiond: [info] 192.168.11.41 GET /MAAS/metadata/2012-03-01/maas-scripts/ HTTP/1.1 --> 200 OK (referrer: -; agent: Python-urllib/3.5)
Aug  9 20:34:45 mas01 sh[16621]: 2018-08-09 20:34:45 regiond: [info] 192.168.11.41 POST /MAAS/metadata/2012-03-01/ HTTP/1.1 --> 200 OK (referrer: -; agent: Python-urllib/3.5)
Aug  9 20:34:45 mas01 sh[16904]: 2018-08-09 20:34:45 regiond: [info] 192.168.11.45 POST /MAAS/metadata/status/hdbp33 HTTP/1.1 --> 204 NO_CONTENT (referrer: -; agent: python-requests/2.9.1)
Aug  9 20:34:45 mas01 sh[17162]: 2018-08-09 20:34:45 regiond: [info] 192.168.11.45 POST /MAAS/metadata/status/hdbp33 HTTP/1.1 --> 204 NO_CONTENT (referrer: -; agent: python-requests/2.9.1)
Aug  9 20:34:45 mas01 sh[16621]: 2018-08-09 20:34:45 regiond: [info] 192.168.11.42 POST /MAAS/metadata/status/7q7rd7 HTTP/1.1 --> 204 NO_CONTENT (referrer: -; agent: python-requests/2.9.1)
Aug  9 20:34:45 mas01 sh[17162]: 2018-08-09 20:34:45 regiond: [info] 192.168.11.45 POST /MAAS/metadata/status/hdbp33 HTTP/1.1 --> 204 NO_CONTENT (referrer: -; agent: python-requests/2.9.1)
Aug  9 20:34:45 mas01 sh[16904]: 2018-08-09 20:34:45 regiond: [info] 192.168.11.45 POST /MAAS/metadata/status/hdbp33 HTTP/1.1 --> 204 NO_CONTENT (referrer: -; agent: python-requests/2.9.1)
Aug  9 20:34:45 mas01 sh[17162]: 2018-08-09 20:34:45 regiond: [info] 192.168.11.41 POST /MAAS/metadata/2012-03-01/ HTTP/1.1 --> 200 OK (referrer: -; agent: Python-urllib/3.5)
Aug  9 20:34:45 mas01 sh[16904]: 2018-08-09 20:34:45 regiond: [info] 192.168.11.44 POST /MAAS/metadata/status/wq44k3 HTTP/1.1 --> 204 NO_CONTENT (referrer: -; agent: python-requests/2.9.1)
Aug  9 20:34:45 mas01 sh[16904]: 2018-08-09 20:34:45 regiond: [info] 192.168.11.45 POST /MAAS/metadata/status/hdbp33 HTTP/1.1 --> 204 NO_CONTENT (referrer: -; agent: python-requests/2.9.1)
Aug  9 20:34:45 mas01 sh[17162]: 2018-08-09 20:34:45 regiond: [info] 192.168.11.44 POST /MAAS/metadata/status/wq44k3 HTTP/1.1 --> 204 NO_CONTENT (referrer: -; agent: python-requests/2.9.1)
Aug  9 20:34:45 mas01 sh[16621]: 2018-08-09 20:34:45 regiond: [info] 192.168.11.43 GET /MAAS/metadata/2012-03-01/meta-data/vendor-data HTTP/1.1 --> 200 OK (referrer: -; agent: python-requests/2.9.1)
Aug  9 20:34:45 mas01 sh[16621]: 2018-08-09 20:34:45 regiond: [info] 192.168.11.45 POST /MAAS/metadata/status/hdbp33 HTTP/1.1 --> 204 NO_CONTENT (referrer: -; agent: python-requests/2.9.1)
Aug  9 20:34:45 mas01 sh[16621]: 2018-08-09 20:34:45 regiond: [info] 192.168.11.44 POST /MAAS/metadata/status/wq44k3 HTTP/1.1 --> 204 NO_CONTENT (referrer: -; agent: python-requests/2.9.1)
Aug  9 20:34:45 mas01 sh[17162]: 2018-08-09 20:34:45 regiond: [info] 192.168.11.44 POST /MAAS/metadata/status/wq44k3 HTTP/1.1 --> 204 NO_CONTENT (referrer: -; agent: python-requests/2.9.1)
Aug  9 20:34:45 mas01 sh[16621]: 2018-08-09 20:34:45 regiond: [info] 192.168.11.45 POST /MAAS/metadata/status/hdbp33 HTTP/1.1 --> 204 NO_CONTENT (referrer: -; agent: python-requests/2.9.1)
Aug  9 20:34:45 mas01 sh[16904]: 2018-08-09 20:34:45 regiond: [info] 192.168.11.44 POST /MAAS/metadata/status/wq44k3 HTTP/1.1 --> 204 NO_CONTENT (referrer: -; agent: python-requests/2.9.1)
Aug  9 20:34:45 mas01 sh[16614]: 2018-08-09 20:34:45 regiond: [info] 192.168.11.45 POST /MAAS/metadata/status/hdbp33 HTTP/1.1 --> 204 NO_CONTENT (referrer: -; agent: python-requests/2.9.1)
Aug  9 20:34:45 mas01 sh[16621]: 2018-08-09 20:34:45 regiond: [info] 192.168.11.44 POST /MAAS/metadata/status/wq44k3 HTTP/1.1 --> 204 NO_CONTENT (referrer: -; agent: python-requests/2.9.1)
Aug  9 20:34:45 mas01 sh[16621]: 2018-08-09 20:34:45 regiond: [info] 192.168.11.43 GET /MAAS/metadata/2012-03-01/user-data HTTP/1.1 --> 200 OK (referrer: -; agent: python-requests/2.9.1)
Aug  9 20:34:45 mas01 sh[16614]: 2018-08-09 20:34:45 regiond: [info] 192.168.11.42 POST /MAAS/metadata/status/7q7rd7 HTTP/1.1 --> 204 NO_CONTENT (referrer: -; agent: python-requests/2.9.1)
Aug  9 20:34:45 mas01 sh[17162]: 2018-08-09 20:34:45 regiond: [info] 192.168.11.43 POST /MAAS/metadata/status/ggt7eg HTTP/1.1 --> 204 NO_CONTENT (referrer: -; agent: python-requests/2.9.1)
Aug  9 20:34:45 mas01 sh[16904]: 2018-08-09 20:34:45 regiond: [info] 192.168.11.42 POST /MAAS/metadata/status/7q7rd7 HTTP/1.1 --> 204 NO_CONTENT (referrer: -; agent: python-requests/2.9.1)
Aug  9 20:34:45 mas01 sh[16614]: 2018-08-09 20:34:45 regiond: [info] 192.168.11.44 POST /MAAS/metadata/status/wq44k3 HTTP/1.1 --> 204 NO_CONTENT (referrer: -; agent: python-requests/2.9.1)
Aug  9 20:34:45 mas01 sh[16621]: 2018-08-09 20:34:45 regiond: [info] 192.168.11.44 POST /MAAS/metadata/status/wq44k3 HTTP/1.1 --> 204 NO_CONTENT (referrer: -; agent: python-requests/2.9.1)
Aug  9 20:34:45 mas01 sh[16904]: 2018-08-09 20:34:45 regiond: [info] 192.168.11.42 POST /MAAS/metadata/status/7q7rd7 HTTP/1.1 --> 204 NO_CONTENT (referrer: -; agent: python-requests/2.9.1)
Aug  9 20:34:45 mas01 sh[16621]: 2018-08-09 20:34:45 regiond: [info] 192.168.11.42 POST /MAAS/metadata/status/7q7rd7 HTTP/1.1 --> 204 NO_CONTENT (referrer: -; agent: python-requests/2.9.1)
Aug  9 20:34:45 mas01 sh[16621]: 2018-08-09 20:34:45 regiond: [info] 192.168.11.41 GET /MAAS/metadata/latest/by-id/nc86dp/?op=get_preseed HTTP/1.1 --> 200 OK (referrer: -; agent: curl/7.47.0)
Aug  9 20:34:45 mas01 sh[16621]: 2018-08-09 20:34:45 regiond: [info] 192.168.11.42 POST /MAAS/metadata/status/7q7rd7 HTTP/1.1 --> 204 NO_CONTENT (referrer: -; agent: python-requests/2.9.1)
Aug  9 20:34:45 mas01 sh[16621]: 2018-08-09 20:34:45 regiond: [info] 192.168.11.42 POST /MAAS/metadata/status/7q7rd7 HTTP/1.1 --> 204 NO_CONTENT (referrer: -; agent: python-requests/2.9.1)
Aug  9 20:34:45 mas01 sh[16904]: 2018-08-09 20:34:45 regiond: [info] 192.168.11.43 POST /MAAS/metadata/status/ggt7eg HTTP/1.1 --> 204 NO_CONTENT (referrer: -; agent: python-requests/2.9.1)
Aug  9 20:34:45 mas01 sh[16904]: 2018-08-09 20:34:45 regiond: [info] 192.168.11.43 POST /MAAS/metadata/status/ggt7eg HTTP/1.1 --> 204 NO_CONTENT (referrer: -; agent: python-requests/2.9.1)
Aug  9 20:34:45 mas01 sh[16904]: 2018-08-09 20:34:45 regiond: [info] 192.168.11.42 POST /MAAS/metadata/status/7q7rd7 HTTP/1.1 --> 204 NO_CONTENT (referrer: -; agent: python-requests/2.9.1)
Aug  9 20:34:45 mas01 sh[16614]: 2018-08-09 20:34:45 regiond: [info] 192.168.11.42 POST /MAAS/metadata/status/7q7rd7 HTTP/1.1 --> 204 NO_CONTENT (referrer: -; agent: python-requests/2.9.1)
Aug  9 20:34:45 mas01 sh[17162]: 2018-08-09 20:34:45 regiond: [info] 192.168.11.43 POST /MAAS/metadata/status/ggt7eg HTTP/1.1 --> 204 NO_CONTENT (referrer: -; agent: python-requests/2.9.1)
Aug  9 20:34:45 mas01 sh[17162]: 2018-08-09 20:34:45 regiond: [info] 192.168.11.43 POST /MAAS/metadata/status/ggt7eg HTTP/1.1 --> 204 NO_CONTENT (referrer: -; agent: python-requests/2.9.1)
Aug  9 20:34:45 mas01 sh[16621]: 2018-08-09 20:34:45 regiond: [info] 192.168.11.43 POST /MAAS/metadata/status/ggt7eg HTTP/1.1 --> 204 NO_CONTENT (referrer: -; agent: python-requests/2.9.1)
Aug  9 20:34:45 mas01 sh[16904]: 2018-08-09 20:34:45 regiond: [info] 192.168.11.43 POST /MAAS/metadata/status/ggt7eg HTTP/1.1 --> 204 NO_CONTENT (referrer: -; agent: python-requests/2.9.1)
Aug  9 20:34:45 mas01 sh[16621]: 2018-08-09 20:34:45 regiond: [info] 192.168.11.45 POST /MAAS/metadata/status/hdbp33 HTTP/1.1 --> 204 NO_CONTENT (referrer: -; agent: python-requests/2.9.1)
Aug  9 20:34:45 mas01 sh[16621]: 2018-08-09 20:34:45 regiond: [info] 192.168.11.45 POST /MAAS/metadata/status/hdbp33 HTTP/1.1 --> 204 NO_CONTENT (referrer: -; agent: python-requests/2.9.1)
Aug  9 20:34:45 mas01 sh[16614]: 2018-08-09 20:34:45 regiond: [info] 192.168.11.45 POST /MAAS/metadata/status/hdbp33 HTTP/1.1 --> 204 NO_CONTENT (referrer: -; agent: python-requests/2.9.1)
Aug  9 20:34:45 mas01 sh[16621]: 2018-08-09 20:34:45 regiond: [info] 192.168.11.45 POST /MAAS/metadata/status/hdbp33 HTTP/1.1 --> 204 NO_CONTENT (referrer: -; agent: python-requests/2.9.1)
Aug  9 20:34:45 mas01 sh[16614]: 2018-08-09 20:34:45 regiond: [info] 192.168.11.45 POST /MAAS/metadata/status/hdbp33 HTTP/1.1 --> 204 NO_CONTENT (referrer: -; agent: python-requests/2.9.1)
Aug  9 20:34:45 mas01 sh[16904]: 2018-08-09 20:34:45 regiond: [info] 192.168.11.45 POST /MAAS/metadata/status/hdbp33 HTTP/1.1 --> 204 NO_CONTENT (referrer: -; agent: python-requests/2.9.1)
Aug  9 20:34:45 mas01 sh[17162]: 2018-08-09 20:34:45 regiond: [info] 192.168.11.43 POST /MAAS/metadata/status/ggt7eg HTTP/1.1 --> 204 NO_CONTENT (referrer: -; agent: python-requests/2.9.1)
Aug  9 20:34:45 mas01 sh[16621]: 2018-08-09 20:34:45 regiond: [info] 192.168.11.45 POST /MAAS/metadata/status/hdbp33 HTTP/1.1 --> 204 NO_CONTENT (referrer: -; agent: python-requests/2.9.1)
Aug  9 20:34:45 mas01 sh[16621]: 2018-08-09 20:34:45 regiond: [info] 192.168.11.43 POST /MAAS/metadata/status/ggt7eg HTTP/1.1 --> 204 NO_CONTENT (referrer: -; agent: python-requests/2.9.1)
Aug  9 20:34:45 mas01 sh[17162]: 2018-08-09 20:34:45 regiond: [info] 192.168.11.44 POST /MAAS/metadata/status/wq44k3 HTTP/1.1 --> 204 NO_CONTENT (referrer: -; agent: python-requests/2.9.1)
Aug  9 20:34:45 mas01 sh[16621]: 2018-08-09 20:34:45 regiond: [info] 192.168.11.45 POST /MAAS/metadata/status/hdbp33 HTTP/1.1 --> 204 NO_CONTENT (referrer: -; agent: python-requests/2.9.1)
Aug  9 20:34:45 mas01 sh[16904]: 2018-08-09 20:34:45 regiond: [info] 192.168.11.44 POST /MAAS/metadata/status/wq44k3 HTTP/1.1 --> 204 NO_CONTENT (referrer: -; agent: python-requests/2.9.1)
Aug  9 20:34:45 mas01 sh[16904]: 2018-08-09 20:34:45 regiond: [info] 192.168.11.45 POST /MAAS/metadata/status/hdbp33 HTTP/1.1 --> 204 NO_CONTENT (referrer: -; agent: python-requests/2.9.1)
Aug  9 20:34:45 mas01 sh[17162]: 2018-08-09 20:34:45 regiond: [info] 192.168.11.44 POST /MAAS/metadata/status/wq44k3 HTTP/1.1 --> 204 NO_CONTENT (referrer: -; agent: python-requests/2.9.1)
Aug  9 20:34:45 mas01 sh[16614]: 2018-08-09 20:34:45 regiond: [info] 192.168.11.44 POST /MAAS/metadata/status/wq44k3 HTTP/1.1 --> 204 NO_CONTENT (referrer: -; agent: python-requests/2.9.1)
Aug  9 20:34:45 mas01 sh[17162]: 2018-08-09 20:34:45 regiond: [info] 192.168.11.44 POST /MAAS/metadata/status/wq44k3 HTTP/1.1 --> 204 NO_CONTENT (referrer: -; agent: python-requests/2.9.1)
Aug  9 20:34:45 mas01 sh[16614]: 2018-08-09 20:34:45 regiond: [info] 192.168.11.44 POST /MAAS/metadata/status/wq44k3 HTTP/1.1 --> 204 NO_CONTENT (referrer: -; agent: python-requests/2.9.1)
Aug  9 20:34:45 mas01 sh[17162]: 2018-08-09 20:34:45 regiond: [info] 192.168.11.45 POST /MAAS/metadata/status/hdbp33 HTTP/1.1 --> 204 NO_CONTENT (referrer: -; agent: python-requests/2.9.1)
Aug  9 20:34:45 mas01 sh[16614]: 2018-08-09 20:34:45 regiond: [info] 192.168.11.44 POST /MAAS/metadata/status/wq44k3 HTTP/1.1 --> 204 NO_CONTENT (referrer: -; agent: python-requests/2.9.1)
Aug  9 20:34:45 mas01 sh[16904]: 2018-08-09 20:34:45 regiond: [info] 192.168.11.45 POST /MAAS/metadata/status/hdbp33 HTTP/1.1 --> 204 NO_CONTENT (referrer: -; agent: python-requests/2.9.1)
Aug  9 20:34:45 mas01 sh[16904]: 2018-08-09 20:34:45 regiond: [info] 192.168.11.44 POST /MAAS/metadata/status/wq44k3 HTTP/1.1 --> 204 NO_CONTENT (referrer: -; agent: python-requests/2.9.1)
Aug  9 20:34:45 mas01 sh[16614]: 2018-08-09 20:34:45 regiond: [info] 192.168.11.44 POST /MAAS/metadata/status/wq44k3 HTTP/1.1 --> 204 NO_CONTENT (referrer: -; agent: python-requests/2.9.1)
Aug  9 20:34:45 mas01 sh[16904]: 2018-08-09 20:34:45 regiond: [info] 192.168.11.45 POST /MAAS/metadata/status/hdbp33 HTTP/1.1 --> 204 NO_CONTENT (referrer: -; agent: python-requests/2.9.1)
Aug  9 20:34:45 mas01 sh[16621]: 2018-08-09 20:34:45 regiond: [info] 192.168.11.45 POST /MAAS/metadata/status/hdbp33 HTTP/1.1 --> 204 NO_CONTENT (referrer: -; agent: python-requests/2.9.1)
Aug  9 20:34:45 mas01 sh[16614]: 2018-08-09 20:34:45 regiond: [info] 192.168.11.45 POST /MAAS/metadata/status/hdbp33 HTTP/1.1 --> 204 NO_CONTENT (referrer: -; agent: python-requests/2.9.1)
Aug  9 20:34:45 mas01 sh[16904]: 2018-08-09 20:34:45 regiond: [info] 192.168.11.45 POST /MAAS/metadata/status/hdbp33 HTTP/1.1 --> 204 NO_CONTENT (referrer: -; agent: python-requests/2.9.1)
Aug  9 20:34:45 mas01 sh[17162]: 2018-08-09 20:34:45 regiond: [info] 192.168.11.45 POST /MAAS/metadata/status/hdbp33 HTTP/1.1 --> 204 NO_CONTENT (referrer: -; agent: python-requests/2.9.1)
Aug  9 20:34:45 mas01 sh[16621]: 2018-08-09 20:34:45 regiond: [info] 192.168.11.42 POST /MAAS/metadata/status/7q7rd7 HTTP/1.1 --> 204 NO_CONTENT (referrer: -; agent: python-requests/2.9.1)
Aug  9 20:34:45 mas01 sh[16614]: 2018-08-09 20:34:45 regiond: [info] 192.168.11.44 POST /MAAS/metadata/status/wq44k3 HTTP/1.1 --> 204 NO_CONTENT (referrer: -; agent: python-requests/2.9.1)
Aug  9 20:34:45 mas01 sh[16614]: 2018-08-09 20:34:45 regiond: [info] 192.168.11.45 POST /MAAS/metadata/status/hdbp33 HTTP/1.1 --> 204 NO_CONTENT (referrer: -; agent: python-requests/2.9.1)
Aug  9 20:34:45 mas01 sh[16904]: 2018-08-09 20:34:45 regiond: [info] 192.168.11.44 POST /MAAS/metadata/status/wq44k3 HTTP/1.1 --> 204 NO_CONTENT (referrer: -; agent: python-requests/2.9.1)
Aug  9 20:34:45 mas01 sh[16904]: 2018-08-09 20:34:45 regiond: [info] 192.168.11.42 POST /MAAS/metadata/status/7q7rd7 HTTP/1.1 --> 204 NO_CONTENT (referrer: -; agent: python-requests/2.9.1)
Aug  9 20:34:45 mas01 sh[17162]: 2018-08-09 20:34:45 regiond: [info] 192.168.11.45 POST /MAAS/metadata/status/hdbp33 HTTP/1.1 --> 204 NO_CONTENT (referrer: -; agent: python-requests/2.9.1)
Aug  9 20:34:45 mas01 sh[17162]: 2018-08-09 20:34:45 regiond: [info] 192.168.11.42 POST /MAAS/metadata/status/7q7rd7 HTTP/1.1 --> 204 NO_CONTENT (referrer: -; agent: python-requests/2.9.1)
Aug  9 20:34:45 mas01 sh[16614]: 2018-08-09 20:34:45 regiond: [info] 192.168.11.45 POST /MAAS/metadata/status/hdbp33 HTTP/1.1 --> 204 NO_CONTENT (referrer: -; agent: python-requests/2.9.1)
Aug  9 20:34:45 mas01 sh[16621]: 2018-08-09 20:34:45 regiond: [info] 192.168.11.42 POST /MAAS/metadata/status/7q7rd7 HTTP/1.1 --> 204 NO_CONTENT (referrer: -; agent: python-requests/2.9.1)
Aug  9 20:34:45 mas01 sh[16621]: 2018-08-09 20:34:45 regiond: [info] 192.168.11.45 POST /MAAS/metadata/status/hdbp33 HTTP/1.1 --> 204 NO_CONTENT (referrer: -; agent: python-requests/2.9.1)
Aug  9 20:34:45 mas01 sh[17162]: 2018-08-09 20:34:45 regiond: [info] 192.168.11.44 POST /MAAS/metadata/status/wq44k3 HTTP/1.1 --> 204 NO_CONTENT (referrer: -; agent: python-requests/2.9.1)
Aug  9 20:34:45 mas01 sh[16621]: 2018-08-09 20:34:45 regiond: [info] 192.168.11.42 POST /MAAS/metadata/status/7q7rd7 HTTP/1.1 --> 204 NO_CONTENT (referrer: -; agent: python-requests/2.9.1)
Aug  9 20:34:45 mas01 sh[16614]: 2018-08-09 20:34:45 regiond: [info] 192.168.11.45 POST /MAAS/metadata/status/hdbp33 HTTP/1.1 --> 204 NO_CONTENT (referrer: -; agent: python-requests/2.9.1)
Aug  9 20:34:45 mas01 sh[16904]: 2018-08-09 20:34:45 regiond: [info] 192.168.11.42 POST /MAAS/metadata/status/7q7rd7 HTTP/1.1 --> 204 NO_CONTENT (referrer: -; agent: python-requests/2.9.1)
Aug  9 20:34:45 mas01 sh[16614]: 2018-08-09 20:34:45 regiond: [info] 192.168.11.44 POST /MAAS/metadata/status/wq44k3 HTTP/1.1 --> 204 NO_CONTENT (referrer: -; agent: python-requests/2.9.1)
Aug  9 20:34:45 mas01 sh[17162]: 2018-08-09 20:34:45 regiond: [info] 192.168.11.42 POST /MAAS/metadata/status/7q7rd7 HTTP/1.1 --> 204 NO_CONTENT (referrer: -; agent: python-requests/2.9.1)
Aug  9 20:34:45 mas01 sh[16904]: 2018-08-09 20:34:45 regiond: [info] 192.168.11.44 POST /MAAS/metadata/status/wq44k3 HTTP/1.1 --> 204 NO_CONTENT (referrer: -; agent: python-requests/2.9.1)
Aug  9 20:34:45 mas01 sh[17162]: 2018-08-09 20:34:45 regiond: [info] 192.168.11.42 POST /MAAS/metadata/status/7q7rd7 HTTP/1.1 --> 204 NO_CONTENT (referrer: -; agent: python-requests/2.9.1)
Aug  9 20:34:45 mas01 sh[16621]: 2018-08-09 20:34:45 regiond: [info] 192.168.11.44 POST /MAAS/metadata/status/wq44k3 HTTP/1.1 --> 204 NO_CONTENT (referrer: -; agent: python-requests/2.9.1)
Aug  9 20:34:45 mas01 sh[16904]: 2018-08-09 20:34:45 regiond: [info] 192.168.11.45 POST /MAAS/metadata/status/hdbp33 HTTP/1.1 --> 204 NO_CONTENT (referrer: -; agent: python-requests/2.9.1)
Aug  9 20:34:45 mas01 sh[16614]: 2018-08-09 20:34:45 regiond: [info] 192.168.11.42 POST /MAAS/metadata/status/7q7rd7 HTTP/1.1 --> 204 NO_CONTENT (referrer: -; agent: python-requests/2.9.1)
Aug  9 20:34:45 mas01 sh[16621]: 2018-08-09 20:34:45 regiond: [info] 192.168.11.45 POST /MAAS/metadata/status/hdbp33 HTTP/1.1 --> 204 NO_CONTENT (referrer: -; agent: python-requests/2.9.1)
Aug  9 20:34:45 mas01 sh[17162]: 2018-08-09 20:34:45 regiond: [info] 192.168.11.44 POST /MAAS/metadata/status/wq44k3 HTTP/1.1 --> 204 NO_CONTENT (referrer: -; agent: python-requests/2.9.1)
Aug  9 20:34:45 mas01 sh[17162]: 2018-08-09 20:34:45 regiond: [info] 192.168.11.45 POST /MAAS/metadata/status/hdbp33 HTTP/1.1 --> 204 NO_CONTENT (referrer: -; agent: python-requests/2.9.1)
Aug  9 20:34:45 mas01 sh[16614]: 2018-08-09 20:34:45 regiond: [info] 192.168.11.44 POST /MAAS/metadata/status/wq44k3 HTTP/1.1 --> 204 NO_CONTENT (referrer: -; agent: python-requests/2.9.1)
Aug  9 20:34:45 mas01 sh[16621]: 2018-08-09 20:34:45 regiond: [info] 192.168.11.45 POST /MAAS/metadata/status/hdbp33 HTTP/1.1 --> 204 NO_CONTENT (referrer: -; agent: python-requests/2.9.1)
Aug  9 20:34:45 mas01 sh[17162]: 2018-08-09 20:34:45 regiond: [info] 192.168.11.44 POST /MAAS/metadata/status/wq44k3 HTTP/1.1 --> 204 NO_CONTENT (referrer: -; agent: python-requests/2.9.1)
Aug  9 20:34:45 mas01 sh[16614]: 2018-08-09 20:34:45 regiond: [info] 192.168.11.44 POST /MAAS/metadata/status/wq44k3 HTTP/1.1 --> 204 NO_CONTENT (referrer: -; agent: python-requests/2.9.1)
