Jul 29 20:34:13 mas01 sh[16102]: 2018-07-29 20:34:13 provisioningserver.rackdservices.tftp: [info] ubuntu/amd64/hwe-16.04/xenial/daily/boot-initrd requested by 00:25:b5:a0:00:6a
Jul 29 20:34:15 mas01 salt-minion[1281]: [INFO    ] User sudo_ubuntu Executing command state.apply with jid 20180729203415326165
Jul 29 20:34:15 mas01 salt-minion[1281]: [INFO    ] Starting a new job with PID 21190
Jul 29 20:34:15 mas01 dhcpd[20525]: execute_statement argv[0] = /usr/sbin/maas-dhcp-helper
Jul 29 20:34:15 mas01 dhcpd[20525]: execute_statement argv[1] = notify
Jul 29 20:34:15 mas01 dhcpd[20525]: execute_statement argv[2] = --action
Jul 29 20:34:15 mas01 dhcpd[20525]: execute_statement argv[3] = commit
Jul 29 20:34:15 mas01 dhcpd[20525]: execute_statement argv[4] = --mac
Jul 29 20:34:15 mas01 dhcpd[20525]: execute_statement argv[5] = 0:25:b5:a0:0:5a
Jul 29 20:34:15 mas01 dhcpd[20525]: execute_statement argv[6] = --ip-family
Jul 29 20:34:15 mas01 dhcpd[20525]: execute_statement argv[7] = ipv4
Jul 29 20:34:15 mas01 dhcpd[20525]: execute_statement argv[8] = --ip
Jul 29 20:34:15 mas01 dhcpd[20525]: execute_statement argv[9] = 192.168.11.42
Jul 29 20:34:15 mas01 dhcpd[20525]: execute_statement argv[10] = --lease-time
Jul 29 20:34:15 mas01 dhcpd[20525]: execute_statement argv[11] = 30
Jul 29 20:34:15 mas01 dhcpd[20525]: execute_statement argv[12] = --hostname
Jul 29 20:34:15 mas01 dhcpd[20525]: execute_statement argv[13] = (none)
Jul 29 20:34:15 mas01 dhcpd[20525]: execute_statement argv[14] = --socket
Jul 29 20:34:15 mas01 dhcpd[20525]: execute_statement argv[15] = /var/lib/maas/dhcpd.sock
Jul 29 20:34:15 mas01 dhcpd[20525]: DHCPREQUEST for 192.168.11.42 (192.168.11.3) from 00:25:b5:a0:00:5a via ens5
Jul 29 20:34:15 mas01 dhcpd[20525]: DHCPACK on 192.168.11.42 to 00:25:b5:a0:00:5a via ens5
Jul 29 20:34:15 mas01 sh[16652]: 2018-07-29 20:34:15 maasserver.rpc.leases: [info] Lease update: commit for 192.168.11.42 on 0:25:b5:a0:0:5a at 2018-07-29 20:34:15 (lease time: 30s)
Jul 29 20:34:15 mas01 sh[16102]: 2018-07-29 20:34:15 provisioningserver.rackdservices.tftp: [info] pxelinux.0 requested by 00:25:b5:a0:00:5a
Jul 29 20:34:15 mas01 sh[16102]: 2018-07-29 20:34:15 provisioningserver.rackdservices.tftp: [info] pxelinux.0 requested by 00:25:b5:a0:00:5a
Jul 29 20:34:15 mas01 sh[16102]: 2018-07-29 20:34:15 provisioningserver.rackdservices.tftp: [info] ldlinux.c32 requested by 00:25:b5:a0:00:5a
Jul 29 20:34:15 mas01 dhcpd[20525]: DHCPDISCOVER from 00:25:b5:a0:00:2a (kvm01) via ens5
Jul 29 20:34:15 mas01 sh[16102]: 2018-07-29 20:34:15 provisioningserver.rackdservices.tftp: [info] pxelinux.cfg/f0c9cf06-d8ce-11e4-0000-10000000005f requested by 00:25:b5:a0:00:5a
Jul 29 20:34:15 mas01 sh[16102]: 2018-07-29 20:34:15 provisioningserver.rackdservices.tftp: [info] pxelinux.cfg/01-00-25-b5-a0-00-5a requested by 00:25:b5:a0:00:5a
Jul 29 20:34:15 mas01 salt-minion[1281]: [INFO    ] Loading fresh modules for state activity
Jul 29 20:34:15 mas01 sh[16102]: 2018-07-29 20:34:15 provisioningserver.rackdservices.tftp: [info] pxelinux.cfg/01-00-25-b5-a0-00-5a requested by 00:25:b5:a0:00:5a
Jul 29 20:34:15 mas01 salt-minion[1281]: [INFO    ] Running state [maas-region apikey --username opnfv > /var/lib/maas/.maas_credentials] at time 20:34:15.869338
Jul 29 20:34:15 mas01 salt-minion[1281]: [INFO    ] Executing state cmd.run for maas-region apikey --username opnfv > /var/lib/maas/.maas_credentials
Jul 29 20:34:15 mas01 salt-minion[1281]: [INFO    ] Executing command 'maas-region apikey --username opnfv > /var/lib/maas/.maas_credentials' in directory '/root'
Jul 29 20:34:15 mas01 sh[16102]: 2018-07-29 20:34:15 provisioningserver.rackdservices.tftp: [info] ubuntu/amd64/hwe-16.04/xenial/daily/boot-kernel requested by 00:25:b5:a0:00:5a
Jul 29 20:34:16 mas01 dhcpd[20525]: DHCPOFFER on 192.168.11.43 to 00:25:b5:a0:00:2a via ens5
Jul 29 20:34:17 mas01 sh[16102]: 2018-07-29 20:34:17 provisioningserver.rackdservices.tftp: [info] ubuntu/amd64/hwe-16.04/xenial/daily/boot-initrd requested by 00:25:b5:a0:00:5a
Jul 29 20:34:17 mas01 salt-minion[1281]: [INFO    ] {'pid': 21211, 'retcode': 0, 'stderr': '', 'stdout': ''}
Jul 29 20:34:17 mas01 salt-minion[1281]: [INFO    ] Completed state [maas-region apikey --username opnfv > /var/lib/maas/.maas_credentials] at time 20:34:17.326669 duration_in_ms=1457.33
Jul 29 20:34:17 mas01 salt-minion[1281]: [INFO    ] Running state [maas.machines_status] at time 20:34:17.329899
Jul 29 20:34:17 mas01 salt-minion[1281]: [INFO    ] Executing state module.run for maas.machines_status
Jul 29 20:34:18 mas01 sh[17172]: 2018-07-29 20:34:18 regiond: [info] 127.0.0.1 GET /MAAS/api/2.0/machines/ HTTP/1.1 --> 200 OK (referrer: -; agent: Python-urllib/2.7)
Jul 29 20:34:18 mas01 salt-minion[1281]: [INFO    ] {'ret': {'machines': [{'status': 'Deploying', 'hostname': u'cmp002', 'system_id': u'h6mmyb'}, {'status': 'Deploying', 'hostname': u'cmp001', 'system_id': u'k438ck'}, {'status': 'Deploying', 'hostname': u'kvm01', 'system_id': u'4egq4y'}, {'status': 'Deploying', 'hostname': u'kvm03', 'system_id': u'ffggt6'}, {'status': 'Deploying', 'hostname': u'kvm02', 'system_id': u'axqa3w'}], 'summary': Counter({'Deploying': 5})}}
Jul 29 20:34:18 mas01 salt-minion[1281]: [INFO    ] Completed state [maas.machines_status] at time 20:34:18.015129 duration_in_ms=685.23
Jul 29 20:34:18 mas01 salt-minion[1281]: [INFO    ] Returning information for job: 20180729203415326165
Jul 29 20:34:18 mas01 dhcpd[20525]: DHCPDISCOVER from 00:25:b5:a0:00:4a (kvm03) via ens5
Jul 29 20:34:19 mas01 dhcpd[20525]: DHCPOFFER on 192.168.11.44 to 00:25:b5:a0:00:4a via ens5
Jul 29 20:34:19 mas01 dhcpd[20525]: execute_statement argv[0] = /usr/sbin/maas-dhcp-helper
Jul 29 20:34:19 mas01 dhcpd[20525]: execute_statement argv[1] = notify
Jul 29 20:34:19 mas01 dhcpd[20525]: execute_statement argv[2] = --action
Jul 29 20:34:19 mas01 dhcpd[20525]: execute_statement argv[3] = commit
Jul 29 20:34:19 mas01 dhcpd[20525]: execute_statement argv[4] = --mac
Jul 29 20:34:19 mas01 dhcpd[20525]: execute_statement argv[5] = 0:25:b5:a0:0:2a
Jul 29 20:34:19 mas01 dhcpd[20525]: execute_statement argv[6] = --ip-family
Jul 29 20:34:19 mas01 dhcpd[20525]: execute_statement argv[7] = ipv4
Jul 29 20:34:19 mas01 dhcpd[20525]: execute_statement argv[8] = --ip
Jul 29 20:34:19 mas01 dhcpd[20525]: execute_statement argv[9] = 192.168.11.43
Jul 29 20:34:19 mas01 dhcpd[20525]: execute_statement argv[10] = --lease-time
Jul 29 20:34:19 mas01 dhcpd[20525]: execute_statement argv[11] = 30
Jul 29 20:34:19 mas01 dhcpd[20525]: execute_statement argv[12] = --hostname
Jul 29 20:34:19 mas01 dhcpd[20525]: execute_statement argv[13] = (none)
Jul 29 20:34:19 mas01 dhcpd[20525]: execute_statement argv[14] = --socket
Jul 29 20:34:19 mas01 dhcpd[20525]: execute_statement argv[15] = /var/lib/maas/dhcpd.sock
Jul 29 20:34:19 mas01 dhcpd[20525]: DHCPREQUEST for 192.168.11.43 (192.168.11.3) from 00:25:b5:a0:00:2a via ens5
Jul 29 20:34:19 mas01 dhcpd[20525]: DHCPACK on 192.168.11.43 to 00:25:b5:a0:00:2a via ens5
Jul 29 20:34:19 mas01 sh[16102]: 2018-07-29 20:34:19 provisioningserver.rackdservices.tftp: [info] pxelinux.0 requested by 00:25:b5:a0:00:2a
Jul 29 20:34:19 mas01 sh[16102]: 2018-07-29 20:34:19 provisioningserver.rackdservices.tftp: [info] pxelinux.0 requested by 00:25:b5:a0:00:2a
Jul 29 20:34:19 mas01 sh[16648]: 2018-07-29 20:34:19 maasserver.rpc.leases: [info] Lease update: commit for 192.168.11.43 on 0:25:b5:a0:0:2a at 2018-07-29 20:34:19 (lease time: 30s)
Jul 29 20:34:19 mas01 sh[16102]: 2018-07-29 20:34:19 provisioningserver.rackdservices.tftp: [info] ldlinux.c32 requested by 00:25:b5:a0:00:2a
Jul 29 20:34:19 mas01 sh[16102]: 2018-07-29 20:34:19 provisioningserver.rackdservices.tftp: [info] pxelinux.cfg/f0c9cf06-d8ce-11e4-0000-10000000006f requested by 00:25:b5:a0:00:2a
Jul 29 20:34:19 mas01 sh[16102]: 2018-07-29 20:34:19 provisioningserver.rackdservices.tftp: [info] pxelinux.cfg/01-00-25-b5-a0-00-2a requested by 00:25:b5:a0:00:2a
Jul 29 20:34:20 mas01 sh[16102]: 2018-07-29 20:34:20 provisioningserver.rackdservices.tftp: [info] pxelinux.cfg/01-00-25-b5-a0-00-2a requested by 00:25:b5:a0:00:2a
Jul 29 20:34:20 mas01 sh[16102]: 2018-07-29 20:34:20 provisioningserver.rackdservices.tftp: [info] ubuntu/amd64/hwe-16.04/xenial/daily/boot-kernel requested by 00:25:b5:a0:00:2a
Jul 29 20:34:20 mas01 sh[16652]: 2018-07-29 20:34:20 regiond: [info] 127.0.0.1 GET /MAAS/rpc/ HTTP/1.0 --> 200 OK (referrer: -; agent: provisioningserver.rpc.clusterservice.ClusterClientService)
Jul 29 20:34:21 mas01 dhcpd[20525]: DHCPDISCOVER from 00:25:b5:a0:00:3a (kvm02) via ens5
Jul 29 20:34:22 mas01 sh[16102]: 2018-07-29 20:34:22 provisioningserver.rackdservices.tftp: [info] ubuntu/amd64/hwe-16.04/xenial/daily/boot-initrd requested by 00:25:b5:a0:00:2a
Jul 29 20:34:22 mas01 dhcpd[20525]: execute_statement argv[0] = /usr/sbin/maas-dhcp-helper
Jul 29 20:34:22 mas01 dhcpd[20525]: execute_statement argv[1] = notify
Jul 29 20:34:22 mas01 dhcpd[20525]: execute_statement argv[2] = --action
Jul 29 20:34:22 mas01 dhcpd[20525]: execute_statement argv[3] = commit
Jul 29 20:34:22 mas01 dhcpd[20525]: execute_statement argv[4] = --mac
Jul 29 20:34:22 mas01 dhcpd[20525]: execute_statement argv[5] = 0:25:b5:a0:0:4a
Jul 29 20:34:22 mas01 dhcpd[20525]: execute_statement argv[6] = --ip-family
Jul 29 20:34:22 mas01 dhcpd[20525]: execute_statement argv[7] = ipv4
Jul 29 20:34:22 mas01 dhcpd[20525]: execute_statement argv[8] = --ip
Jul 29 20:34:22 mas01 dhcpd[20525]: execute_statement argv[9] = 192.168.11.44
Jul 29 20:34:22 mas01 dhcpd[20525]: execute_statement argv[10] = --lease-time
Jul 29 20:34:22 mas01 dhcpd[20525]: execute_statement argv[11] = 30
Jul 29 20:34:22 mas01 dhcpd[20525]: execute_statement argv[12] = --hostname
Jul 29 20:34:22 mas01 dhcpd[20525]: execute_statement argv[13] = (none)
Jul 29 20:34:22 mas01 dhcpd[20525]: execute_statement argv[14] = --socket
Jul 29 20:34:22 mas01 dhcpd[20525]: execute_statement argv[15] = /var/lib/maas/dhcpd.sock
Jul 29 20:34:22 mas01 dhcpd[20525]: DHCPREQUEST for 192.168.11.44 (192.168.11.3) from 00:25:b5:a0:00:4a via ens5
Jul 29 20:34:22 mas01 dhcpd[20525]: DHCPACK on 192.168.11.44 to 00:25:b5:a0:00:4a via ens5
Jul 29 20:34:22 mas01 sh[16102]: 2018-07-29 20:34:22 provisioningserver.rackdservices.tftp: [info] pxelinux.0 requested by 00:25:b5:a0:00:4a
Jul 29 20:34:22 mas01 sh[16102]: 2018-07-29 20:34:22 provisioningserver.rackdservices.tftp: [info] pxelinux.0 requested by 00:25:b5:a0:00:4a
Jul 29 20:34:22 mas01 sh[16648]: 2018-07-29 20:34:22 maasserver.rpc.leases: [info] Lease update: commit for 192.168.11.44 on 0:25:b5:a0:0:4a at 2018-07-29 20:34:22 (lease time: 30s)
Jul 29 20:34:22 mas01 sh[16102]: 2018-07-29 20:34:22 provisioningserver.rackdservices.tftp: [info] ldlinux.c32 requested by 00:25:b5:a0:00:4a
Jul 29 20:34:22 mas01 dhcpd[20525]: DHCPOFFER on 192.168.11.45 to 00:25:b5:a0:00:3a via ens5
Jul 29 20:34:22 mas01 sh[16102]: 2018-07-29 20:34:22 provisioningserver.rackdservices.tftp: [info] pxelinux.cfg/f0c9cf06-d8ce-11e4-0000-10000000004f requested by 00:25:b5:a0:00:4a
Jul 29 20:34:22 mas01 sh[16102]: 2018-07-29 20:34:22 provisioningserver.rackdservices.tftp: [info] pxelinux.cfg/01-00-25-b5-a0-00-4a requested by 00:25:b5:a0:00:4a
Jul 29 20:34:22 mas01 sh[16102]: 2018-07-29 20:34:22 provisioningserver.rackdservices.tftp: [info] pxelinux.cfg/01-00-25-b5-a0-00-4a requested by 00:25:b5:a0:00:4a
Jul 29 20:34:22 mas01 sh[16102]: 2018-07-29 20:34:22 provisioningserver.rackdservices.tftp: [info] ubuntu/amd64/hwe-16.04/xenial/daily/boot-kernel requested by 00:25:b5:a0:00:4a
Jul 29 20:34:24 mas01 sh[16102]: 2018-07-29 20:34:24 provisioningserver.rackdservices.tftp: [info] ubuntu/amd64/hwe-16.04/xenial/daily/boot-initrd requested by 00:25:b5:a0:00:4a
Jul 29 20:34:25 mas01 dhcpd[20525]: execute_statement argv[0] = /usr/sbin/maas-dhcp-helper
Jul 29 20:34:25 mas01 dhcpd[20525]: execute_statement argv[1] = notify
Jul 29 20:34:25 mas01 dhcpd[20525]: execute_statement argv[2] = --action
Jul 29 20:34:25 mas01 dhcpd[20525]: execute_statement argv[3] = commit
Jul 29 20:34:25 mas01 dhcpd[20525]: execute_statement argv[4] = --mac
Jul 29 20:34:25 mas01 dhcpd[20525]: execute_statement argv[5] = 0:25:b5:a0:0:3a
Jul 29 20:34:25 mas01 dhcpd[20525]: execute_statement argv[6] = --ip-family
Jul 29 20:34:25 mas01 dhcpd[20525]: execute_statement argv[7] = ipv4
Jul 29 20:34:25 mas01 dhcpd[20525]: execute_statement argv[8] = --ip
Jul 29 20:34:25 mas01 dhcpd[20525]: execute_statement argv[9] = 192.168.11.45
Jul 29 20:34:25 mas01 dhcpd[20525]: execute_statement argv[10] = --lease-time
Jul 29 20:34:25 mas01 dhcpd[20525]: execute_statement argv[11] = 30
Jul 29 20:34:25 mas01 dhcpd[20525]: execute_statement argv[12] = --hostname
Jul 29 20:34:25 mas01 dhcpd[20525]: execute_statement argv[13] = (none)
Jul 29 20:34:25 mas01 dhcpd[20525]: execute_statement argv[14] = --socket
Jul 29 20:34:25 mas01 dhcpd[20525]: execute_statement argv[15] = /var/lib/maas/dhcpd.sock
Jul 29 20:34:25 mas01 dhcpd[20525]: DHCPREQUEST for 192.168.11.45 (192.168.11.3) from 00:25:b5:a0:00:3a via ens5
Jul 29 20:34:25 mas01 dhcpd[20525]: DHCPACK on 192.168.11.45 to 00:25:b5:a0:00:3a via ens5
Jul 29 20:34:25 mas01 sh[16102]: 2018-07-29 20:34:25 provisioningserver.rackdservices.tftp: [info] pxelinux.0 requested by 00:25:b5:a0:00:3a
Jul 29 20:34:25 mas01 sh[16102]: 2018-07-29 20:34:25 provisioningserver.rackdservices.tftp: [info] pxelinux.0 requested by 00:25:b5:a0:00:3a
Jul 29 20:34:25 mas01 sh[16662]: 2018-07-29 20:34:25 maasserver.rpc.leases: [info] Lease update: commit for 192.168.11.45 on 0:25:b5:a0:0:3a at 2018-07-29 20:34:25 (lease time: 30s)
Jul 29 20:34:25 mas01 sh[16102]: 2018-07-29 20:34:25 provisioningserver.rackdservices.tftp: [info] ldlinux.c32 requested by 00:25:b5:a0:00:3a
Jul 29 20:34:25 mas01 sh[16102]: 2018-07-29 20:34:25 provisioningserver.rackdservices.tftp: [info] pxelinux.cfg/f0c9cf06-d8ce-11e4-0000-10000000007f requested by 00:25:b5:a0:00:3a
Jul 29 20:34:25 mas01 sh[16102]: 2018-07-29 20:34:25 provisioningserver.rackdservices.tftp: [info] pxelinux.cfg/01-00-25-b5-a0-00-3a requested by 00:25:b5:a0:00:3a
Jul 29 20:34:25 mas01 sh[16102]: 2018-07-29 20:34:25 provisioningserver.rackdservices.tftp: [info] pxelinux.cfg/01-00-25-b5-a0-00-3a requested by 00:25:b5:a0:00:3a
Jul 29 20:34:25 mas01 sh[16102]: 2018-07-29 20:34:25 provisioningserver.rackdservices.tftp: [info] ubuntu/amd64/hwe-16.04/xenial/daily/boot-kernel requested by 00:25:b5:a0:00:3a
Jul 29 20:34:28 mas01 sh[16102]: 2018-07-29 20:34:28 provisioningserver.rackdservices.tftp: [info] ubuntu/amd64/hwe-16.04/xenial/daily/boot-initrd requested by 00:25:b5:a0:00:3a
Jul 29 20:34:28 mas01 salt-minion[1281]: [INFO    ] User sudo_ubuntu Executing command state.apply with jid 20180729203428664702
Jul 29 20:34:28 mas01 salt-minion[1281]: [INFO    ] Starting a new job with PID 21285
Jul 29 20:34:30 mas01 salt-minion[1281]: [INFO    ] Loading fresh modules for state activity
Jul 29 20:34:30 mas01 salt-minion[1281]: [INFO    ] Running state [maas-region apikey --username opnfv > /var/lib/maas/.maas_credentials] at time 20:34:30.442943
Jul 29 20:34:30 mas01 salt-minion[1281]: [INFO    ] Executing state cmd.run for maas-region apikey --username opnfv > /var/lib/maas/.maas_credentials
Jul 29 20:34:30 mas01 salt-minion[1281]: [INFO    ] Executing command 'maas-region apikey --username opnfv > /var/lib/maas/.maas_credentials' in directory '/root'
Jul 29 20:34:31 mas01 salt-minion[1281]: [INFO    ] {'pid': 21292, 'retcode': 0, 'stderr': '', 'stdout': ''}
Jul 29 20:34:31 mas01 salt-minion[1281]: [INFO    ] Completed state [maas-region apikey --username opnfv > /var/lib/maas/.maas_credentials] at time 20:34:31.870097 duration_in_ms=1427.155
Jul 29 20:34:31 mas01 salt-minion[1281]: [INFO    ] Running state [maas.machines_status] at time 20:34:31.872149
Jul 29 20:34:31 mas01 salt-minion[1281]: [INFO    ] Executing state module.run for maas.machines_status
Jul 29 20:34:32 mas01 sh[17172]: 2018-07-29 20:34:32 regiond: [info] 127.0.0.1 GET /MAAS/api/2.0/machines/ HTTP/1.1 --> 200 OK (referrer: -; agent: Python-urllib/2.7)
Jul 29 20:34:32 mas01 salt-minion[1281]: [INFO    ] {'ret': {'machines': [{'status': 'Deploying', 'hostname': u'cmp002', 'system_id': u'h6mmyb'}, {'status': 'Deploying', 'hostname': u'cmp001', 'system_id': u'k438ck'}, {'status': 'Deploying', 'hostname': u'kvm01', 'system_id': u'4egq4y'}, {'status': 'Deploying', 'hostname': u'kvm03', 'system_id': u'ffggt6'}, {'status': 'Deploying', 'hostname': u'kvm02', 'system_id': u'axqa3w'}], 'summary': Counter({'Deploying': 5})}}
Jul 29 20:34:32 mas01 salt-minion[1281]: [INFO    ] Completed state [maas.machines_status] at time 20:34:32.350406 duration_in_ms=478.263
Jul 29 20:34:32 mas01 salt-minion[1281]: [INFO    ] Returning information for job: 20180729203428664702
Jul 29 20:34:38 mas01 dhcpd[20525]: DHCPDISCOVER from 00:25:b5:a0:00:6a via ens5
Jul 29 20:34:38 mas01 dhcpd[20525]: DHCPOFFER on 192.168.11.41 to 00:25:b5:a0:00:6a (cmp002) via ens5
Jul 29 20:34:38 mas01 dhcpd[20525]: execute_statement argv[0] = /usr/sbin/maas-dhcp-helper
Jul 29 20:34:38 mas01 dhcpd[20525]: execute_statement argv[1] = notify
Jul 29 20:34:38 mas01 dhcpd[20525]: execute_statement argv[2] = --action
Jul 29 20:34:38 mas01 dhcpd[20525]: execute_statement argv[3] = commit
Jul 29 20:34:38 mas01 dhcpd[20525]: execute_statement argv[4] = --mac
Jul 29 20:34:38 mas01 dhcpd[20525]: execute_statement argv[5] = 0:25:b5:a0:0:6a
Jul 29 20:34:38 mas01 dhcpd[20525]: execute_statement argv[6] = --ip-family
Jul 29 20:34:38 mas01 dhcpd[20525]: execute_statement argv[7] = ipv4
Jul 29 20:34:38 mas01 dhcpd[20525]: execute_statement argv[8] = --ip
Jul 29 20:34:38 mas01 dhcpd[20525]: execute_statement argv[9] = 192.168.11.41
Jul 29 20:34:38 mas01 dhcpd[20525]: execute_statement argv[10] = --lease-time
Jul 29 20:34:38 mas01 dhcpd[20525]: execute_statement argv[11] = 600
Jul 29 20:34:38 mas01 dhcpd[20525]: execute_statement argv[12] = --hostname
Jul 29 20:34:38 mas01 dhcpd[20525]: execute_statement argv[13] = cmp002
Jul 29 20:34:38 mas01 dhcpd[20525]: execute_statement argv[14] = --socket
Jul 29 20:34:38 mas01 dhcpd[20525]: execute_statement argv[15] = /var/lib/maas/dhcpd.sock
Jul 29 20:34:38 mas01 dhcpd[20525]: DHCPREQUEST for 192.168.11.41 (192.168.11.3) from 00:25:b5:a0:00:6a (cmp002) via ens5
Jul 29 20:34:38 mas01 dhcpd[20525]: DHCPACK on 192.168.11.41 to 00:25:b5:a0:00:6a (cmp002) via ens5
Jul 29 20:34:38 mas01 dhcpd[20525]: DHCPDISCOVER from 00:25:b5:a0:00:5a via ens5
Jul 29 20:34:38 mas01 dhcpd[20525]: DHCPOFFER on 192.168.11.42 to 00:25:b5:a0:00:5a (cmp001) via ens5
Jul 29 20:34:38 mas01 dhcpd[20525]: execute_statement argv[0] = /usr/sbin/maas-dhcp-helper
Jul 29 20:34:38 mas01 dhcpd[20525]: execute_statement argv[1] = notify
Jul 29 20:34:38 mas01 dhcpd[20525]: execute_statement argv[2] = --action
Jul 29 20:34:38 mas01 dhcpd[20525]: execute_statement argv[3] = commit
Jul 29 20:34:38 mas01 dhcpd[20525]: execute_statement argv[4] = --mac
Jul 29 20:34:38 mas01 dhcpd[20525]: execute_statement argv[5] = 0:25:b5:a0:0:5a
Jul 29 20:34:38 mas01 dhcpd[20525]: execute_statement argv[6] = --ip-family
Jul 29 20:34:38 mas01 dhcpd[20525]: execute_statement argv[7] = ipv4
Jul 29 20:34:38 mas01 dhcpd[20525]: execute_statement argv[8] = --ip
Jul 29 20:34:38 mas01 dhcpd[20525]: execute_statement argv[9] = 192.168.11.42
Jul 29 20:34:38 mas01 dhcpd[20525]: execute_statement argv[10] = --lease-time
Jul 29 20:34:38 mas01 dhcpd[20525]: execute_statement argv[11] = 600
Jul 29 20:34:38 mas01 dhcpd[20525]: execute_statement argv[12] = --hostname
Jul 29 20:34:38 mas01 dhcpd[20525]: execute_statement argv[13] = cmp001
Jul 29 20:34:38 mas01 dhcpd[20525]: execute_statement argv[14] = --socket
Jul 29 20:34:38 mas01 dhcpd[20525]: execute_statement argv[15] = /var/lib/maas/dhcpd.sock
Jul 29 20:34:38 mas01 sh[16662]: 2018-07-29 20:34:38 maasserver.rpc.leases: [info] Lease update: commit for 192.168.11.41 on 0:25:b5:a0:0:6a at 2018-07-29 20:34:38 (lease time: 600s) (hostname: cmp002)
Jul 29 20:34:38 mas01 dhcpd[20525]: DHCPREQUEST for 192.168.11.42 (192.168.11.3) from 00:25:b5:a0:00:5a (cmp001) via ens5
Jul 29 20:34:38 mas01 dhcpd[20525]: DHCPACK on 192.168.11.42 to 00:25:b5:a0:00:5a (cmp001) via ens5
Jul 29 20:34:38 mas01 sh[16648]: 2018-07-29 20:34:38 maasserver.rpc.leases: [info] Lease update: commit for 192.168.11.42 on 0:25:b5:a0:0:5a at 2018-07-29 20:34:38 (lease time: 600s) (hostname: cmp001)
Jul 29 20:34:39 mas01 sh[16102]: 2018-07-29 20:34:39 rackd: [info] 192.168.11.41 GET /images/ubuntu/amd64/hwe-16.04/xenial/daily/squashfs HTTP/1.1 --> 200 OK (referrer: -; agent: Wget)
Jul 29 20:34:39 mas01 sh[16102]: 2018-07-29 20:34:39 rackd: [info] 192.168.11.42 GET /images/ubuntu/amd64/hwe-16.04/xenial/daily/squashfs HTTP/1.1 --> 200 OK (referrer: -; agent: Wget)
Jul 29 20:34:41 mas01 dhcpd[20525]: DHCPDISCOVER from 00:25:b5:a0:00:2a via ens5
Jul 29 20:34:41 mas01 dhcpd[20525]: DHCPOFFER on 192.168.11.43 to 00:25:b5:a0:00:2a (kvm01) via ens5
Jul 29 20:34:41 mas01 dhcpd[20525]: execute_statement argv[0] = /usr/sbin/maas-dhcp-helper
Jul 29 20:34:41 mas01 dhcpd[20525]: execute_statement argv[1] = notify
Jul 29 20:34:41 mas01 dhcpd[20525]: execute_statement argv[2] = --action
Jul 29 20:34:41 mas01 dhcpd[20525]: execute_statement argv[3] = commit
Jul 29 20:34:41 mas01 dhcpd[20525]: execute_statement argv[4] = --mac
Jul 29 20:34:41 mas01 dhcpd[20525]: execute_statement argv[5] = 0:25:b5:a0:0:2a
Jul 29 20:34:41 mas01 dhcpd[20525]: execute_statement argv[6] = --ip-family
Jul 29 20:34:41 mas01 dhcpd[20525]: execute_statement argv[7] = ipv4
Jul 29 20:34:41 mas01 dhcpd[20525]: execute_statement argv[8] = --ip
Jul 29 20:34:41 mas01 dhcpd[20525]: execute_statement argv[9] = 192.168.11.43
Jul 29 20:34:41 mas01 dhcpd[20525]: execute_statement argv[10] = --lease-time
Jul 29 20:34:41 mas01 dhcpd[20525]: execute_statement argv[11] = 600
Jul 29 20:34:41 mas01 dhcpd[20525]: execute_statement argv[12] = --hostname
Jul 29 20:34:41 mas01 dhcpd[20525]: execute_statement argv[13] = kvm01
Jul 29 20:34:41 mas01 dhcpd[20525]: execute_statement argv[14] = --socket
Jul 29 20:34:41 mas01 dhcpd[20525]: execute_statement argv[15] = /var/lib/maas/dhcpd.sock
Jul 29 20:34:41 mas01 sh[17172]: 2018-07-29 20:34:41 maasserver.rpc.leases: [info] Lease update: commit for 192.168.11.43 on 0:25:b5:a0:0:2a at 2018-07-29 20:34:41 (lease time: 600s) (hostname: kvm01)
Jul 29 20:34:41 mas01 dhcpd[20525]: DHCPREQUEST for 192.168.11.43 (192.168.11.3) from 00:25:b5:a0:00:2a (kvm01) via ens5
Jul 29 20:34:41 mas01 dhcpd[20525]: DHCPACK on 192.168.11.43 to 00:25:b5:a0:00:2a (kvm01) via ens5
Jul 29 20:34:42 mas01 sh[16102]: 2018-07-29 20:34:42 rackd: [info] 192.168.11.43 GET /images/ubuntu/amd64/hwe-16.04/xenial/daily/squashfs HTTP/1.1 --> 200 OK (referrer: -; agent: Wget)
Jul 29 20:34:42 mas01 sh[17172]: 2018-07-29 20:34:42 regiond: [info] 192.168.11.41 GET /MAAS/metadata/latest/by-id/h6mmyb/?op=get_preseed HTTP/1.1 --> 200 OK (referrer: -; agent: Cloud-Init/18.2)
Jul 29 20:34:42 mas01 sh[16648]: 2018-07-29 20:34:42 regiond: [info] 192.168.11.41 POST /MAAS/metadata/status/h6mmyb HTTP/1.1 --> 204 NO_CONTENT (referrer: -; agent: python-requests/2.9.1)
Jul 29 20:34:42 mas01 sh[16648]: 2018-07-29 20:34:42 regiond: [info] 192.168.11.41 POST /MAAS/metadata/status/h6mmyb HTTP/1.1 --> 204 NO_CONTENT (referrer: -; agent: python-requests/2.9.1)
Jul 29 20:34:42 mas01 sh[17172]: 2018-07-29 20:34:42 regiond: [info] 192.168.11.42 POST /MAAS/metadata/status/k438ck HTTP/1.1 --> 204 NO_CONTENT (referrer: -; agent: python-requests/2.9.1)
Jul 29 20:34:42 mas01 sh[16662]: 2018-07-29 20:34:42 regiond: [info] 192.168.11.42 POST /MAAS/metadata/status/k438ck HTTP/1.1 --> 204 NO_CONTENT (referrer: -; agent: python-requests/2.9.1)
Jul 29 20:34:42 mas01 sh[16662]: 2018-07-29 20:34:42 regiond: [info] 192.168.11.41 POST /MAAS/metadata/status/h6mmyb HTTP/1.1 --> 204 NO_CONTENT (referrer: -; agent: python-requests/2.9.1)
Jul 29 20:34:42 mas01 sh[17172]: 2018-07-29 20:34:42 regiond: [info] 192.168.11.42 POST /MAAS/metadata/status/k438ck HTTP/1.1 --> 204 NO_CONTENT (referrer: -; agent: python-requests/2.9.1)
Jul 29 20:34:42 mas01 sh[16648]: 2018-07-29 20:34:42 regiond: [info] 192.168.11.42 GET /MAAS/metadata/latest/by-id/k438ck/?op=get_preseed HTTP/1.1 --> 200 OK (referrer: -; agent: Cloud-Init/18.2)
Jul 29 20:34:42 mas01 sh[16648]: 2018-07-29 20:34:42 regiond: [info] 192.168.11.41 POST /MAAS/metadata/status/h6mmyb HTTP/1.1 --> 204 NO_CONTENT (referrer: -; agent: python-requests/2.9.1)
Jul 29 20:34:42 mas01 sh[16662]: 2018-07-29 20:34:42 regiond: [info] 192.168.11.41 POST /MAAS/metadata/status/h6mmyb HTTP/1.1 --> 204 NO_CONTENT (referrer: -; agent: python-requests/2.9.1)
Jul 29 20:34:42 mas01 sh[16662]: 2018-07-29 20:34:42 regiond: [info] 192.168.11.42 POST /MAAS/metadata/status/k438ck HTTP/1.1 --> 204 NO_CONTENT (referrer: -; agent: python-requests/2.9.1)
Jul 29 20:34:42 mas01 sh[16652]: 2018-07-29 20:34:42 regiond: [info] 192.168.11.41 POST /MAAS/metadata/status/h6mmyb HTTP/1.1 --> 204 NO_CONTENT (referrer: -; agent: python-requests/2.9.1)
Jul 29 20:34:42 mas01 sh[16648]: 2018-07-29 20:34:42 regiond: [info] 192.168.11.42 POST /MAAS/metadata/status/k438ck HTTP/1.1 --> 204 NO_CONTENT (referrer: -; agent: python-requests/2.9.1)
Jul 29 20:34:42 mas01 sh[16648]: 2018-07-29 20:34:42 regiond: [info] 192.168.11.42 POST /MAAS/metadata/status/k438ck HTTP/1.1 --> 204 NO_CONTENT (referrer: -; agent: python-requests/2.9.1)
Jul 29 20:34:42 mas01 sh[16662]: 2018-07-29 20:34:42 regiond: [info] 192.168.11.41 GET /MAAS/metadata/curtin/2012-03-01/meta-data/instance-id HTTP/1.1 --> 200 OK (referrer: -; agent: Cloud-Init/18.2)
Jul 29 20:34:42 mas01 sh[16662]: 2018-07-29 20:34:42 regiond: [info] 192.168.11.42 GET /MAAS/metadata/curtin/2012-03-01/meta-data/instance-id HTTP/1.1 --> 200 OK (referrer: -; agent: Cloud-Init/18.2)
Jul 29 20:34:42 mas01 sh[16662]: 2018-07-29 20:34:42 regiond: [info] 192.168.11.42 GET /MAAS/metadata/curtin/2012-03-01/meta-data/instance-id HTTP/1.1 --> 200 OK (referrer: -; agent: python-requests/2.9.1)
Jul 29 20:34:42 mas01 sh[16652]: 2018-07-29 20:34:42 regiond: [info] 192.168.11.41 GET /MAAS/metadata/curtin/2012-03-01/meta-data/instance-id HTTP/1.1 --> 200 OK (referrer: -; agent: python-requests/2.9.1)
Jul 29 20:34:42 mas01 sh[16648]: 2018-07-29 20:34:42 regiond: [info] 192.168.11.42 GET /MAAS/metadata/curtin/2012-03-01/meta-data/local-hostname HTTP/1.1 --> 200 OK (referrer: -; agent: python-requests/2.9.1)
Jul 29 20:34:42 mas01 sh[16648]: 2018-07-29 20:34:42 regiond: [info] 192.168.11.41 GET /MAAS/metadata/curtin/2012-03-01/meta-data/local-hostname HTTP/1.1 --> 200 OK (referrer: -; agent: python-requests/2.9.1)
Jul 29 20:34:42 mas01 salt-minion[1281]: [INFO    ] User sudo_ubuntu Executing command state.apply with jid 20180729203443013468
Jul 29 20:34:43 mas01 salt-minion[1281]: [INFO    ] Starting a new job with PID 21328
Jul 29 20:34:43 mas01 sh[16662]: 2018-07-29 20:34:43 regiond: [info] 192.168.11.41 GET /MAAS/metadata/curtin/2012-03-01/meta-data/public-keys HTTP/1.1 --> 200 OK (referrer: -; agent: python-requests/2.9.1)
Jul 29 20:34:43 mas01 sh[16652]: 2018-07-29 20:34:43 regiond: [info] 192.168.11.42 GET /MAAS/metadata/curtin/2012-03-01/meta-data/public-keys HTTP/1.1 --> 200 OK (referrer: -; agent: python-requests/2.9.1)
Jul 29 20:34:43 mas01 sh[16648]: 2018-07-29 20:34:43 regiond: [info] 192.168.11.41 GET /MAAS/metadata/curtin/2012-03-01/meta-data/vendor-data HTTP/1.1 --> 200 OK (referrer: -; agent: python-requests/2.9.1)
Jul 29 20:34:43 mas01 sh[16648]: 2018-07-29 20:34:43 regiond: [info] 192.168.11.42 GET /MAAS/metadata/curtin/2012-03-01/meta-data/vendor-data HTTP/1.1 --> 200 OK (referrer: -; agent: python-requests/2.9.1)
Jul 29 20:34:43 mas01 sh[16662]: 2018-07-29 20:34:43 maasserver.preseed: [warn] WARNING: '/etc/maas/preseeds/curtin_userdata_amd64_generic_xenial' contains deprecated preseed variables. Please remove: main_archive_directory, ports_archive_directory, http_proxy
Jul 29 20:34:43 mas01 sh[16648]: 2018-07-29 20:34:43 maasserver.preseed: [warn] WARNING: '/etc/maas/preseeds/curtin_userdata_amd64_generic_xenial' contains deprecated preseed variables. Please remove: main_archive_directory, ports_archive_directory, http_proxy
Jul 29 20:34:43 mas01 salt-minion[1281]: [INFO    ] Loading fresh modules for state activity
Jul 29 20:34:43 mas01 salt-minion[1281]: [INFO    ] Running state [maas-region apikey --username opnfv > /var/lib/maas/.maas_credentials] at time 20:34:43.365714
Jul 29 20:34:43 mas01 salt-minion[1281]: [INFO    ] Executing state cmd.run for maas-region apikey --username opnfv > /var/lib/maas/.maas_credentials
Jul 29 20:34:43 mas01 salt-minion[1281]: [INFO    ] Executing command 'maas-region apikey --username opnfv > /var/lib/maas/.maas_credentials' in directory '/root'
Jul 29 20:34:43 mas01 sh[16662]: 2018-07-29 20:34:43 regiond: [info] 192.168.11.41 GET /MAAS/metadata/curtin/2012-03-01/user-data HTTP/1.1 --> 200 OK (referrer: -; agent: python-requests/2.9.1)
Jul 29 20:34:43 mas01 sh[16648]: 2018-07-29 20:34:43 regiond: [info] 192.168.11.42 GET /MAAS/metadata/curtin/2012-03-01/user-data HTTP/1.1 --> 200 OK (referrer: -; agent: python-requests/2.9.1)
Jul 29 20:34:43 mas01 sh[16648]: 2018-07-29 20:34:43 regiond: [info] 192.168.11.41 POST /MAAS/metadata/status/h6mmyb HTTP/1.1 --> 204 NO_CONTENT (referrer: -; agent: python-requests/2.9.1)
Jul 29 20:34:43 mas01 sh[16652]: 2018-07-29 20:34:43 regiond: [info] 192.168.11.42 POST /MAAS/metadata/status/k438ck HTTP/1.1 --> 204 NO_CONTENT (referrer: -; agent: python-requests/2.9.1)
Jul 29 20:34:43 mas01 sh[16652]: 2018-07-29 20:34:43 regiond: [info] 192.168.11.41 POST /MAAS/metadata/status/h6mmyb HTTP/1.1 --> 204 NO_CONTENT (referrer: -; agent: python-requests/2.9.1)
Jul 29 20:34:43 mas01 sh[16648]: 2018-07-29 20:34:43 regiond: [info] 192.168.11.42 POST /MAAS/metadata/status/k438ck HTTP/1.1 --> 204 NO_CONTENT (referrer: -; agent: python-requests/2.9.1)
Jul 29 20:34:43 mas01 sh[17172]: 2018-07-29 20:34:43 regiond: [info] 192.168.11.41 POST /MAAS/metadata/status/h6mmyb HTTP/1.1 --> 204 NO_CONTENT (referrer: -; agent: python-requests/2.9.1)
Jul 29 20:34:43 mas01 sh[16662]: 2018-07-29 20:34:43 regiond: [info] 192.168.11.41 POST /MAAS/metadata/status/h6mmyb HTTP/1.1 --> 204 NO_CONTENT (referrer: -; agent: python-requests/2.9.1)
Jul 29 20:34:43 mas01 sh[16662]: 2018-07-29 20:34:43 regiond: [info] 192.168.11.42 POST /MAAS/metadata/status/k438ck HTTP/1.1 --> 204 NO_CONTENT (referrer: -; agent: python-requests/2.9.1)
Jul 29 20:34:43 mas01 sh[16652]: 2018-07-29 20:34:43 regiond: [info] 192.168.11.42 POST /MAAS/metadata/status/k438ck HTTP/1.1 --> 204 NO_CONTENT (referrer: -; agent: python-requests/2.9.1)
Jul 29 20:34:43 mas01 sh[16648]: 2018-07-29 20:34:43 regiond: [info] 192.168.11.41 POST /MAAS/metadata/status/h6mmyb HTTP/1.1 --> 204 NO_CONTENT (referrer: -; agent: python-requests/2.9.1)
Jul 29 20:34:43 mas01 sh[17172]: 2018-07-29 20:34:43 regiond: [info] 192.168.11.42 POST /MAAS/metadata/status/k438ck HTTP/1.1 --> 204 NO_CONTENT (referrer: -; agent: python-requests/2.9.1)
Jul 29 20:34:43 mas01 sh[16652]: 2018-07-29 20:34:43 regiond: [info] 192.168.11.41 POST /MAAS/metadata/status/h6mmyb HTTP/1.1 --> 204 NO_CONTENT (referrer: -; agent: python-requests/2.9.1)
Jul 29 20:34:43 mas01 sh[16662]: 2018-07-29 20:34:43 regiond: [info] 192.168.11.42 POST /MAAS/metadata/status/k438ck HTTP/1.1 --> 204 NO_CONTENT (referrer: -; agent: python-requests/2.9.1)
Jul 29 20:34:43 mas01 sh[16648]: 2018-07-29 20:34:43 regiond: [info] 192.168.11.41 POST /MAAS/metadata/status/h6mmyb HTTP/1.1 --> 204 NO_CONTENT (referrer: -; agent: python-requests/2.9.1)
Jul 29 20:34:43 mas01 sh[16662]: 2018-07-29 20:34:43 regiond: [info] 192.168.11.41 POST /MAAS/metadata/status/h6mmyb HTTP/1.1 --> 204 NO_CONTENT (referrer: -; agent: python-requests/2.9.1)
Jul 29 20:34:43 mas01 sh[16648]: 2018-07-29 20:34:43 regiond: [info] 192.168.11.42 POST /MAAS/metadata/status/k438ck HTTP/1.1 --> 204 NO_CONTENT (referrer: -; agent: python-requests/2.9.1)
Jul 29 20:34:43 mas01 sh[17172]: 2018-07-29 20:34:43 regiond: [info] 192.168.11.41 POST /MAAS/metadata/status/h6mmyb HTTP/1.1 --> 204 NO_CONTENT (referrer: -; agent: python-requests/2.9.1)
Jul 29 20:34:43 mas01 sh[17172]: 2018-07-29 20:34:43 regiond: [info] 192.168.11.42 POST /MAAS/metadata/status/k438ck HTTP/1.1 --> 204 NO_CONTENT (referrer: -; agent: python-requests/2.9.1)
Jul 29 20:34:43 mas01 sh[17172]: 2018-07-29 20:34:43 regiond: [info] 192.168.11.42 POST /MAAS/metadata/status/k438ck HTTP/1.1 --> 204 NO_CONTENT (referrer: -; agent: python-requests/2.9.1)
Jul 29 20:34:43 mas01 sh[16652]: 2018-07-29 20:34:43 regiond: [info] 192.168.11.41 POST /MAAS/metadata/status/h6mmyb HTTP/1.1 --> 204 NO_CONTENT (referrer: -; agent: python-requests/2.9.1)
Jul 29 20:34:43 mas01 sh[16652]: 2018-07-29 20:34:43 regiond: [info] 192.168.11.42 POST /MAAS/metadata/status/k438ck HTTP/1.1 --> 204 NO_CONTENT (referrer: -; agent: python-requests/2.9.1)
Jul 29 20:34:43 mas01 sh[16652]: 2018-07-29 20:34:43 regiond: [info] 192.168.11.41 POST /MAAS/metadata/status/h6mmyb HTTP/1.1 --> 204 NO_CONTENT (referrer: -; agent: python-requests/2.9.1)
Jul 29 20:34:43 mas01 sh[16652]: 2018-07-29 20:34:43 regiond: [info] 192.168.11.42 POST /MAAS/metadata/status/k438ck HTTP/1.1 --> 204 NO_CONTENT (referrer: -; agent: python-requests/2.9.1)
Jul 29 20:34:43 mas01 sh[16648]: 2018-07-29 20:34:43 regiond: [info] 192.168.11.42 POST /MAAS/metadata/status/k438ck HTTP/1.1 --> 204 NO_CONTENT (referrer: -; agent: python-requests/2.9.1)
Jul 29 20:34:43 mas01 sh[16662]: 2018-07-29 20:34:43 regiond: [info] 192.168.11.41 POST /MAAS/metadata/status/h6mmyb HTTP/1.1 --> 204 NO_CONTENT (referrer: -; agent: python-requests/2.9.1)
Jul 29 20:34:43 mas01 sh[16652]: 2018-07-29 20:34:43 regiond: [info] 192.168.11.42 POST /MAAS/metadata/status/k438ck HTTP/1.1 --> 204 NO_CONTENT (referrer: -; agent: python-requests/2.9.1)
Jul 29 20:34:43 mas01 sh[16652]: 2018-07-29 20:34:43 regiond: [info] 192.168.11.41 POST /MAAS/metadata/status/h6mmyb HTTP/1.1 --> 204 NO_CONTENT (referrer: -; agent: python-requests/2.9.1)
Jul 29 20:34:43 mas01 sh[16652]: 2018-07-29 20:34:43 regiond: [info] 192.168.11.42 POST /MAAS/metadata/status/k438ck HTTP/1.1 --> 204 NO_CONTENT (referrer: -; agent: python-requests/2.9.1)
Jul 29 20:34:43 mas01 sh[16648]: 2018-07-29 20:34:43 regiond: [info] 192.168.11.41 POST /MAAS/metadata/status/h6mmyb HTTP/1.1 --> 204 NO_CONTENT (referrer: -; agent: python-requests/2.9.1)
Jul 29 20:34:43 mas01 sh[16662]: 2018-07-29 20:34:43 regiond: [info] 192.168.11.42 POST /MAAS/metadata/status/k438ck HTTP/1.1 --> 204 NO_CONTENT (referrer: -; agent: python-requests/2.9.1)
Jul 29 20:34:43 mas01 sh[17172]: 2018-07-29 20:34:43 regiond: [info] 192.168.11.41 POST /MAAS/metadata/status/h6mmyb HTTP/1.1 --> 204 NO_CONTENT (referrer: -; agent: python-requests/2.9.1)
Jul 29 20:34:43 mas01 sh[16652]: 2018-07-29 20:34:43 regiond: [info] 192.168.11.42 POST /MAAS/metadata/status/k438ck HTTP/1.1 --> 204 NO_CONTENT (referrer: -; agent: python-requests/2.9.1)
Jul 29 20:34:43 mas01 sh[16652]: 2018-07-29 20:34:43 regiond: [info] 192.168.11.41 POST /MAAS/metadata/status/h6mmyb HTTP/1.1 --> 204 NO_CONTENT (referrer: -; agent: python-requests/2.9.1)
Jul 29 20:34:43 mas01 sh[16662]: 2018-07-29 20:34:43 regiond: [info] 192.168.11.42 POST /MAAS/metadata/status/k438ck HTTP/1.1 --> 204 NO_CONTENT (referrer: -; agent: python-requests/2.9.1)
Jul 29 20:34:43 mas01 sh[16652]: 2018-07-29 20:34:43 regiond: [info] 192.168.11.41 POST /MAAS/metadata/status/h6mmyb HTTP/1.1 --> 204 NO_CONTENT (referrer: -; agent: python-requests/2.9.1)
Jul 29 20:34:43 mas01 sh[16652]: 2018-07-29 20:34:43 regiond: [info] 192.168.11.42 POST /MAAS/metadata/status/k438ck HTTP/1.1 --> 204 NO_CONTENT (referrer: -; agent: python-requests/2.9.1)
Jul 29 20:34:43 mas01 sh[16652]: 2018-07-29 20:34:43 regiond: [info] 192.168.11.41 POST /MAAS/metadata/status/h6mmyb HTTP/1.1 --> 204 NO_CONTENT (referrer: -; agent: python-requests/2.9.1)
Jul 29 20:34:43 mas01 sh[17172]: 2018-07-29 20:34:43 regiond: [info] 192.168.11.42 POST /MAAS/metadata/status/k438ck HTTP/1.1 --> 204 NO_CONTENT (referrer: -; agent: python-requests/2.9.1)
Jul 29 20:34:43 mas01 sh[16648]: 2018-07-29 20:34:43 regiond: [info] 192.168.11.42 POST /MAAS/metadata/status/k438ck HTTP/1.1 --> 204 NO_CONTENT (referrer: -; agent: python-requests/2.9.1)
Jul 29 20:34:43 mas01 sh[16662]: 2018-07-29 20:34:43 regiond: [info] 192.168.11.41 POST /MAAS/metadata/status/h6mmyb HTTP/1.1 --> 204 NO_CONTENT (referrer: -; agent: python-requests/2.9.1)
Jul 29 20:34:43 mas01 sh[17172]: 2018-07-29 20:34:43 regiond: [info] 192.168.11.42 POST /MAAS/metadata/status/k438ck HTTP/1.1 --> 204 NO_CONTENT (referrer: -; agent: python-requests/2.9.1)
Jul 29 20:34:43 mas01 sh[17172]: 2018-07-29 20:34:43 regiond: [info] 192.168.11.41 POST /MAAS/metadata/status/h6mmyb HTTP/1.1 --> 204 NO_CONTENT (referrer: -; agent: python-requests/2.9.1)
Jul 29 20:34:43 mas01 sh[16652]: 2018-07-29 20:34:43 regiond: [info] 192.168.11.42 POST /MAAS/metadata/status/k438ck HTTP/1.1 --> 204 NO_CONTENT (referrer: -; agent: python-requests/2.9.1)
Jul 29 20:34:43 mas01 sh[16652]: 2018-07-29 20:34:43 regiond: [info] 192.168.11.41 POST /MAAS/metadata/status/h6mmyb HTTP/1.1 --> 204 NO_CONTENT (referrer: -; agent: python-requests/2.9.1)
Jul 29 20:34:43 mas01 sh[16648]: 2018-07-29 20:34:43 regiond: [info] 192.168.11.42 POST /MAAS/metadata/status/k438ck HTTP/1.1 --> 204 NO_CONTENT (referrer: -; agent: python-requests/2.9.1)
Jul 29 20:34:43 mas01 sh[16652]: 2018-07-29 20:34:43 regiond: [info] 192.168.11.41 POST /MAAS/metadata/status/h6mmyb HTTP/1.1 --> 204 NO_CONTENT (referrer: -; agent: python-requests/2.9.1)
Jul 29 20:34:43 mas01 sh[16648]: 2018-07-29 20:34:43 regiond: [info] 192.168.11.42 POST /MAAS/metadata/status/k438ck HTTP/1.1 --> 204 NO_CONTENT (referrer: -; agent: python-requests/2.9.1)
Jul 29 20:34:43 mas01 sh[17172]: 2018-07-29 20:34:43 regiond: [info] 192.168.11.41 POST /MAAS/metadata/status/h6mmyb HTTP/1.1 --> 204 NO_CONTENT (referrer: -; agent: python-requests/2.9.1)
Jul 29 20:34:43 mas01 sh[16648]: 2018-07-29 20:34:43 regiond: [info] 192.168.11.42 POST /MAAS/metadata/status/k438ck HTTP/1.1 --> 204 NO_CONTENT (referrer: -; agent: python-requests/2.9.1)
Jul 29 20:34:43 mas01 sh[16652]: 2018-07-29 20:34:43 regiond: [info] 192.168.11.41 POST /MAAS/metadata/status/h6mmyb HTTP/1.1 --> 204 NO_CONTENT (referrer: -; agent: python-requests/2.9.1)
Jul 29 20:34:43 mas01 sh[16648]: 2018-07-29 20:34:43 regiond: [info] 192.168.11.42 POST /MAAS/metadata/status/k438ck HTTP/1.1 --> 204 NO_CONTENT (referrer: -; agent: python-requests/2.9.1)
Jul 29 20:34:43 mas01 sh[16652]: 2018-07-29 20:34:43 regiond: [info] 192.168.11.41 POST /MAAS/metadata/status/h6mmyb HTTP/1.1 --> 204 NO_CONTENT (referrer: -; agent: python-requests/2.9.1)
Jul 29 20:34:43 mas01 sh[17172]: 2018-07-29 20:34:43 regiond: [info] 192.168.11.41 POST /MAAS/metadata/status/h6mmyb HTTP/1.1 --> 204 NO_CONTENT (referrer: -; agent: python-requests/2.9.1)
Jul 29 20:34:43 mas01 sh[16648]: 2018-07-29 20:34:43 regiond: [info] 192.168.11.42 POST /MAAS/metadata/status/k438ck HTTP/1.1 --> 204 NO_CONTENT (referrer: -; agent: python-requests/2.9.1)
Jul 29 20:34:43 mas01 sh[17172]: 2018-07-29 20:34:43 regiond: [info] 192.168.11.42 POST /MAAS/metadata/status/k438ck HTTP/1.1 --> 204 NO_CONTENT (referrer: -; agent: python-requests/2.9.1)
Jul 29 20:34:43 mas01 sh[16652]: 2018-07-29 20:34:43 regiond: [info] 192.168.11.41 POST /MAAS/metadata/status/h6mmyb HTTP/1.1 --> 204 NO_CONTENT (referrer: -; agent: python-requests/2.9.1)
Jul 29 20:34:43 mas01 sh[17172]: 2018-07-29 20:34:43 regiond: [info] 192.168.11.42 POST /MAAS/metadata/status/k438ck HTTP/1.1 --> 204 NO_CONTENT (referrer: -; agent: python-requests/2.9.1)
Jul 29 20:34:43 mas01 sh[16648]: 2018-07-29 20:34:43 regiond: [info] 192.168.11.41 POST /MAAS/metadata/status/h6mmyb HTTP/1.1 --> 204 NO_CONTENT (referrer: -; agent: python-requests/2.9.1)
Jul 29 20:34:43 mas01 sh[16652]: 2018-07-29 20:34:43 regiond: [info] 192.168.11.42 POST /MAAS/metadata/status/k438ck HTTP/1.1 --> 204 NO_CONTENT (referrer: -; agent: python-requests/2.9.1)
Jul 29 20:34:43 mas01 sh[16652]: 2018-07-29 20:34:43 regiond: [info] 192.168.11.41 POST /MAAS/metadata/status/h6mmyb HTTP/1.1 --> 204 NO_CONTENT (referrer: -; agent: python-requests/2.9.1)
Jul 29 20:34:43 mas01 sh[16648]: 2018-07-29 20:34:43 regiond: [info] 192.168.11.41 POST /MAAS/metadata/status/h6mmyb HTTP/1.1 --> 204 NO_CONTENT (referrer: -; agent: python-requests/2.9.1)
Jul 29 20:34:43 mas01 sh[16648]: 2018-07-29 20:34:43 regiond: [info] 192.168.11.42 POST /MAAS/metadata/status/k438ck HTTP/1.1 --> 204 NO_CONTENT (referrer: -; agent: python-requests/2.9.1)
Jul 29 20:34:43 mas01 sh[17172]: 2018-07-29 20:34:43 regiond: [info] 192.168.11.42 POST /MAAS/metadata/status/k438ck HTTP/1.1 --> 204 NO_CONTENT (referrer: -; agent: python-requests/2.9.1)
Jul 29 20:34:43 mas01 sh[16648]: 2018-07-29 20:34:43 regiond: [info] 192.168.11.41 POST /MAAS/metadata/status/h6mmyb HTTP/1.1 --> 204 NO_CONTENT (referrer: -; agent: python-requests/2.9.1)
Jul 29 20:34:43 mas01 sh[16662]: 2018-07-29 20:34:43 regiond: [info] 192.168.11.41 POST /MAAS/metadata/status/h6mmyb HTTP/1.1 --> 204 NO_CONTENT (referrer: -; agent: python-requests/2.9.1)
Jul 29 20:34:44 mas01 sh[16662]: 2018-07-29 20:34:44 regiond: [info] 192.168.11.42 POST /MAAS/metadata/status/k438ck HTTP/1.1 --> 204 NO_CONTENT (referrer: -; agent: python-requests/2.9.1)
Jul 29 20:34:44 mas01 sh[16652]: 2018-07-29 20:34:44 regiond: [info] 192.168.11.42 POST /MAAS/metadata/status/k438ck HTTP/1.1 --> 204 NO_CONTENT (referrer: -; agent: python-requests/2.9.1)
Jul 29 20:34:44 mas01 sh[16662]: 2018-07-29 20:34:44 regiond: [info] 192.168.11.41 POST /MAAS/metadata/status/h6mmyb HTTP/1.1 --> 204 NO_CONTENT (referrer: -; agent: python-requests/2.9.1)
Jul 29 20:34:44 mas01 sh[16662]: 2018-07-29 20:34:44 regiond: [info] 192.168.11.41 POST /MAAS/metadata/status/h6mmyb HTTP/1.1 --> 204 NO_CONTENT (referrer: -; agent: python-requests/2.9.1)
Jul 29 20:34:44 mas01 sh[16662]: 2018-07-29 20:34:44 regiond: [info] 192.168.11.42 POST /MAAS/metadata/status/k438ck HTTP/1.1 --> 204 NO_CONTENT (referrer: -; agent: python-requests/2.9.1)
Jul 29 20:34:44 mas01 sh[16652]: 2018-07-29 20:34:44 regiond: [info] 192.168.11.42 POST /MAAS/metadata/status/k438ck HTTP/1.1 --> 204 NO_CONTENT (referrer: -; agent: python-requests/2.9.1)
Jul 29 20:34:44 mas01 sh[16662]: 2018-07-29 20:34:44 regiond: [info] 192.168.11.41 POST /MAAS/metadata/status/h6mmyb HTTP/1.1 --> 204 NO_CONTENT (referrer: -; agent: python-requests/2.9.1)
Jul 29 20:34:44 mas01 sh[16648]: 2018-07-29 20:34:44 regiond: [info] 192.168.11.41 POST /MAAS/metadata/status/h6mmyb HTTP/1.1 --> 204 NO_CONTENT (referrer: -; agent: python-requests/2.9.1)
Jul 29 20:34:44 mas01 salt-minion[1281]: [INFO    ] {'pid': 21339, 'retcode': 0, 'stderr': '', 'stdout': ''}
Jul 29 20:34:44 mas01 salt-minion[1281]: [INFO    ] Completed state [maas-region apikey --username opnfv > /var/lib/maas/.maas_credentials] at time 20:34:44.955516 duration_in_ms=1589.801
Jul 29 20:34:44 mas01 salt-minion[1281]: [INFO    ] Running state [maas.machines_status] at time 20:34:44.958190
Jul 29 20:34:44 mas01 salt-minion[1281]: [INFO    ] Executing state module.run for maas.machines_status
Jul 29 20:34:45 mas01 sh[17172]: 2018-07-29 20:34:45 regiond: [info] 192.168.11.43 POST /MAAS/metadata/status/4egq4y HTTP/1.1 --> 204 NO_CONTENT (referrer: -; agent: python-requests/2.9.1)
Jul 29 20:34:45 mas01 sh[16662]: 2018-07-29 20:34:45 regiond: [info] 192.168.11.43 POST /MAAS/metadata/status/4egq4y HTTP/1.1 --> 204 NO_CONTENT (referrer: -; agent: python-requests/2.9.1)
Jul 29 20:34:45 mas01 sh[17172]: 2018-07-29 20:34:45 regiond: [info] 192.168.11.43 POST /MAAS/metadata/status/4egq4y HTTP/1.1 --> 204 NO_CONTENT (referrer: -; agent: python-requests/2.9.1)
Jul 29 20:34:45 mas01 sh[16652]: 2018-07-29 20:34:45 regiond: [info] 192.168.11.42 POST /MAAS/metadata/status/k438ck HTTP/1.1 --> 204 NO_CONTENT (referrer: -; agent: python-requests/2.9.1)
Jul 29 20:34:45 mas01 sh[16662]: 2018-07-29 20:34:45 regiond: [info] 192.168.11.42 POST /MAAS/metadata/status/k438ck HTTP/1.1 --> 204 NO_CONTENT (referrer: -; agent: python-requests/2.9.1)
Jul 29 20:34:45 mas01 sh[16652]: 2018-07-29 20:34:45 regiond: [info] 192.168.11.42 POST /MAAS/metadata/status/k438ck HTTP/1.1 --> 204 NO_CONTENT (referrer: -; agent: python-requests/2.9.1)
Jul 29 20:34:45 mas01 sh[16648]: 2018-07-29 20:34:45 regiond: [info] 192.168.11.42 POST /MAAS/metadata/status/k438ck HTTP/1.1 --> 204 NO_CONTENT (referrer: -; agent: python-requests/2.9.1)
Jul 29 20:34:45 mas01 sh[17172]: 2018-07-29 20:34:45 regiond: [info] 192.168.11.42 POST /MAAS/metadata/status/k438ck HTTP/1.1 --> 204 NO_CONTENT (referrer: -; agent: python-requests/2.9.1)
Jul 29 20:34:45 mas01 sh[16652]: 2018-07-29 20:34:45 regiond: [info] 192.168.11.42 POST /MAAS/metadata/status/k438ck HTTP/1.1 --> 204 NO_CONTENT (referrer: -; agent: python-requests/2.9.1)
Jul 29 20:34:45 mas01 sh[16662]: 2018-07-29 20:34:45 regiond: [info] 192.168.11.42 POST /MAAS/metadata/status/k438ck HTTP/1.1 --> 204 NO_CONTENT (referrer: -; agent: python-requests/2.9.1)
Jul 29 20:34:45 mas01 sh[16652]: 2018-07-29 20:34:45 regiond: [info] 192.168.11.42 POST /MAAS/metadata/status/k438ck HTTP/1.1 --> 204 NO_CONTENT (referrer: -; agent: python-requests/2.9.1)
Jul 29 20:34:45 mas01 sh[16662]: 2018-07-29 20:34:45 regiond: [info] 192.168.11.42 POST /MAAS/metadata/status/k438ck HTTP/1.1 --> 204 NO_CONTENT (referrer: -; agent: python-requests/2.9.1)
Jul 29 20:34:45 mas01 sh[16652]: 2018-07-29 20:34:45 regiond: [info] 192.168.11.41 POST /MAAS/metadata/status/h6mmyb HTTP/1.1 --> 204 NO_CONTENT (referrer: -; agent: python-requests/2.9.1)
Jul 29 20:34:45 mas01 sh[17172]: 2018-07-29 20:34:45 regiond: [info] 192.168.11.41 POST /MAAS/metadata/status/h6mmyb HTTP/1.1 --> 204 NO_CONTENT (referrer: -; agent: python-requests/2.9.1)
Jul 29 20:34:45 mas01 sh[16648]: 2018-07-29 20:34:45 regiond: [info] 192.168.11.41 POST /MAAS/metadata/status/h6mmyb HTTP/1.1 --> 204 NO_CONTENT (referrer: -; agent: python-requests/2.9.1)
Jul 29 20:34:45 mas01 sh[17172]: 2018-07-29 20:34:45 regiond: [info] 192.168.11.41 POST /MAAS/metadata/status/h6mmyb HTTP/1.1 --> 204 NO_CONTENT (referrer: -; agent: python-requests/2.9.1)
Jul 29 20:34:45 mas01 sh[16648]: 2018-07-29 20:34:45 regiond: [info] 192.168.11.41 POST /MAAS/metadata/status/h6mmyb HTTP/1.1 --> 204 NO_CONTENT (referrer: -; agent: python-requests/2.9.1)
Jul 29 20:34:45 mas01 sh[16648]: 2018-07-29 20:34:45 regiond: [info] 192.168.11.41 POST /MAAS/metadata/status/h6mmyb HTTP/1.1 --> 204 NO_CONTENT (referrer: -; agent: python-requests/2.9.1)
Jul 29 20:34:45 mas01 sh[16662]: 2018-07-29 20:34:45 regiond: [info] 192.168.11.41 POST /MAAS/metadata/status/h6mmyb HTTP/1.1 --> 204 NO_CONTENT (referrer: -; agent: python-requests/2.9.1)
Jul 29 20:34:45 mas01 sh[16662]: 2018-07-29 20:34:45 regiond: [info] 192.168.11.41 POST /MAAS/metadata/status/h6mmyb HTTP/1.1 --> 204 NO_CONTENT (referrer: -; agent: python-requests/2.9.1)
Jul 29 20:34:45 mas01 sh[16652]: 2018-07-29 20:34:45 regiond: [info] 192.168.11.41 POST /MAAS/metadata/status/h6mmyb HTTP/1.1 --> 204 NO_CONTENT (referrer: -; agent: python-requests/2.9.1)
Jul 29 20:34:45 mas01 sh[17172]: 2018-07-29 20:34:45 regiond: [info] 127.0.0.1 GET /MAAS/api/2.0/machines/ HTTP/1.1 --> 200 OK (referrer: -; agent: Python-urllib/2.7)
Jul 29 20:34:45 mas01 salt-minion[1281]: [INFO    ] {'ret': {'machines': [{'status': 'Deploying', 'hostname': u'cmp002', 'system_id': u'h6mmyb'}, {'status': 'Deploying', 'hostname': u'cmp001', 'system_id': u'k438ck'}, {'status': 'Deploying', 'hostname': u'kvm01', 'system_id': u'4egq4y'}, {'status': 'Deploying', 'hostname': u'kvm03', 'system_id': u'ffggt6'}, {'status': 'Deploying', 'hostname': u'kvm02', 'system_id': u'axqa3w'}], 'summary': Counter({'Deploying': 5})}}
Jul 29 20:34:45 mas01 salt-minion[1281]: [INFO    ] Completed state [maas.machines_status] at time 20:34:45.738153 duration_in_ms=779.963
Jul 29 20:34:45 mas01 salt-minion[1281]: [INFO    ] Returning information for job: 20180729203443013468
Jul 29 20:34:45 mas01 sh[16648]: 2018-07-29 20:34:45 regiond: [info] 192.168.11.43 POST /MAAS/metadata/status/4egq4y HTTP/1.1 --> 204 NO_CONTENT (referrer: -; agent: python-requests/2.9.1)
Jul 29 20:34:45 mas01 sh[16662]: 2018-07-29 20:34:45 regiond: [info] 192.168.11.43 POST /MAAS/metadata/status/4egq4y HTTP/1.1 --> 204 NO_CONTENT (referrer: -; agent: python-requests/2.9.1)
Jul 29 20:34:45 mas01 sh[16662]: 2018-07-29 20:34:45 regiond: [info] 192.168.11.43 POST /MAAS/metadata/status/4egq4y HTTP/1.1 --> 204 NO_CONTENT (referrer: -; agent: python-requests/2.9.1)
Jul 29 20:34:45 mas01 sh[16652]: 2018-07-29 20:34:45 regiond: [info] 192.168.11.43 GET /MAAS/metadata/curtin/2012-03-01/meta-data/instance-id HTTP/1.1 --> 200 OK (referrer: -; agent: Cloud-Init/18.2)
Jul 29 20:34:45 mas01 sh[16662]: 2018-07-29 20:34:45 regiond: [info] 192.168.11.43 GET /MAAS/metadata/curtin/2012-03-01/meta-data/instance-id HTTP/1.1 --> 200 OK (referrer: -; agent: python-requests/2.9.1)
Jul 29 20:34:45 mas01 sh[16648]: 2018-07-29 20:34:45 regiond: [info] 192.168.11.43 GET /MAAS/metadata/curtin/2012-03-01/meta-data/local-hostname HTTP/1.1 --> 200 OK (referrer: -; agent: python-requests/2.9.1)
Jul 29 20:34:45 mas01 sh[16662]: 2018-07-29 20:34:45 regiond: [info] 192.168.11.43 GET /MAAS/metadata/curtin/2012-03-01/meta-data/public-keys HTTP/1.1 --> 200 OK (referrer: -; agent: python-requests/2.9.1)
Jul 29 20:34:45 mas01 sh[16652]: 2018-07-29 20:34:45 regiond: [info] 192.168.11.43 GET /MAAS/metadata/curtin/2012-03-01/meta-data/vendor-data HTTP/1.1 --> 200 OK (referrer: -; agent: python-requests/2.9.1)
