Jul 29 20:30:16 mas01 named[16577]: automatic empty zone: 8.E.F.IP6.ARPA
Jul 29 20:30:16 mas01 named[16577]: automatic empty zone: 9.E.F.IP6.ARPA
Jul 29 20:30:16 mas01 named[16577]: automatic empty zone: A.E.F.IP6.ARPA
Jul 29 20:30:16 mas01 named[16577]: automatic empty zone: B.E.F.IP6.ARPA
Jul 29 20:30:16 mas01 named[16577]: automatic empty zone: 8.B.D.0.1.0.0.2.IP6.ARPA
Jul 29 20:30:16 mas01 named[16577]: automatic empty zone: EMPTY.AS112.ARPA
Jul 29 20:30:16 mas01 named[16577]: configuring command channel from '/etc/bind/rndc.key'
Jul 29 20:30:16 mas01 named[16577]: reloading configuration succeeded
Jul 29 20:30:16 mas01 named[16577]: zone 0.20.10.in-addr.arpa/IN: loaded serial 41
Jul 29 20:30:16 mas01 named[16577]: reloading zones succeeded
Jul 29 20:30:16 mas01 named[16577]: zone 4.167.10.in-addr.arpa/IN: loaded serial 41
Jul 29 20:30:16 mas01 named[16577]: all zones loaded
Jul 29 20:30:16 mas01 named[16577]: running
Jul 29 20:30:16 mas01 named[16577]: zone 11.168.192.in-addr.arpa/IN: loaded serial 41
Jul 29 20:30:16 mas01 named[16577]: zone maas/IN: loaded serial 41
Jul 29 20:30:18 mas01 sh[16102]: 2018-07-29 20:30:18 provisioningserver.rackdservices.tftp: [info] ubuntu/amd64/hwe-16.04/xenial/daily/boot-initrd requested by 00:25:b5:a0:00:3a
Jul 29 20:30:18 mas01 sh[17172]: 2018-07-29 20:30:18 maasserver.region_controller: [info] Reloaded DNS configuration; ip 192.168.11.45 connected to kvm02 on eth0
Jul 29 20:30:20 mas01 sh[16652]: 2018-07-29 20:30:20 regiond: [info] 127.0.0.1 GET /MAAS/rpc/ HTTP/1.0 --> 200 OK (referrer: -; agent: provisioningserver.rpc.clusterservice.ClusterClientService)
Jul 29 20:30:22 mas01 sh[16652]: 2018-07-29 20:30:22 regiond: [info] 192.168.11.41 POST /MAAS/metadata/status/h6mmyb HTTP/1.1 --> 204 NO_CONTENT (referrer: -; agent: python-requests/2.9.1)
Jul 29 20:30:22 mas01 sh[16662]: 2018-07-29 20:30:22 regiond: [info] 192.168.11.41 POST /MAAS/metadata/status/h6mmyb HTTP/1.1 --> 204 NO_CONTENT (referrer: -; agent: python-requests/2.9.1)
Jul 29 20:30:22 mas01 sh[16648]: 2018-07-29 20:30:22 regiond: [info] 192.168.11.41 POST /MAAS/metadata/status/h6mmyb HTTP/1.1 --> 204 NO_CONTENT (referrer: -; agent: python-requests/2.9.1)
Jul 29 20:30:22 mas01 sh[16648]: message repeated 3 times: [ 2018-07-29 20:30:22 regiond: [info] 192.168.11.41 POST /MAAS/metadata/status/h6mmyb HTTP/1.1 --> 204 NO_CONTENT (referrer: -; agent: python-requests/2.9.1)]
Jul 29 20:30:22 mas01 sh[16662]: 2018-07-29 20:30:22 regiond: [info] 192.168.11.41 POST /MAAS/metadata/status/h6mmyb HTTP/1.1 --> 204 NO_CONTENT (referrer: -; agent: python-requests/2.9.1)
Jul 29 20:30:22 mas01 sh[16652]: 2018-07-29 20:30:22 regiond: [info] 192.168.11.41 POST /MAAS/metadata/status/h6mmyb HTTP/1.1 --> 204 NO_CONTENT (referrer: -; agent: python-requests/2.9.1)
Jul 29 20:30:22 mas01 sh[16648]: 2018-07-29 20:30:22 regiond: [info] 192.168.11.41 POST /MAAS/metadata/status/h6mmyb HTTP/1.1 --> 204 NO_CONTENT (referrer: -; agent: python-requests/2.9.1)
Jul 29 20:30:22 mas01 sh[16652]: 2018-07-29 20:30:22 regiond: [info] 192.168.11.41 POST /MAAS/metadata/status/h6mmyb HTTP/1.1 --> 204 NO_CONTENT (referrer: -; agent: python-requests/2.9.1)
Jul 29 20:30:22 mas01 sh[16648]: 2018-07-29 20:30:22 regiond: [info] 192.168.11.41 POST /MAAS/metadata/status/h6mmyb HTTP/1.1 --> 204 NO_CONTENT (referrer: -; agent: python-requests/2.9.1)
Jul 29 20:30:22 mas01 sh[16662]: 2018-07-29 20:30:22 regiond: [info] 192.168.11.41 POST /MAAS/metadata/status/h6mmyb HTTP/1.1 --> 204 NO_CONTENT (referrer: -; agent: python-requests/2.9.1)
Jul 29 20:30:22 mas01 sh[16662]: 2018-07-29 20:30:22 regiond: [info] 192.168.11.41 POST /MAAS/metadata/status/h6mmyb HTTP/1.1 --> 204 NO_CONTENT (referrer: -; agent: python-requests/2.9.1)
Jul 29 20:30:22 mas01 sh[17172]: 2018-07-29 20:30:22 regiond: [info] 192.168.11.41 POST /MAAS/metadata/status/h6mmyb HTTP/1.1 --> 204 NO_CONTENT (referrer: -; agent: python-requests/2.9.1)
Jul 29 20:30:22 mas01 sh[16652]: 2018-07-29 20:30:22 regiond: [info] 192.168.11.41 POST /MAAS/metadata/status/h6mmyb HTTP/1.1 --> 204 NO_CONTENT (referrer: -; agent: python-requests/2.9.1)
Jul 29 20:30:22 mas01 sh[16648]: 2018-07-29 20:30:22 regiond: [info] 192.168.11.41 POST /MAAS/metadata/status/h6mmyb HTTP/1.1 --> 204 NO_CONTENT (referrer: -; agent: python-requests/2.9.1)
Jul 29 20:30:22 mas01 sh[17172]: 2018-07-29 20:30:22 regiond: [info] 192.168.11.41 POST /MAAS/metadata/status/h6mmyb HTTP/1.1 --> 204 NO_CONTENT (referrer: -; agent: python-requests/2.9.1)
Jul 29 20:30:22 mas01 sh[17172]: 2018-07-29 20:30:22 regiond: [info] 192.168.11.41 POST /MAAS/metadata/status/h6mmyb HTTP/1.1 --> 204 NO_CONTENT (referrer: -; agent: python-requests/2.9.1)
Jul 29 20:30:22 mas01 sh[16662]: 2018-07-29 20:30:22 regiond: [info] 192.168.11.41 POST /MAAS/metadata/status/h6mmyb HTTP/1.1 --> 204 NO_CONTENT (referrer: -; agent: python-requests/2.9.1)
Jul 29 20:30:22 mas01 sh[16648]: 2018-07-29 20:30:22 regiond: [info] 192.168.11.41 POST /MAAS/metadata/status/h6mmyb HTTP/1.1 --> 204 NO_CONTENT (referrer: -; agent: python-requests/2.9.1)
Jul 29 20:30:22 mas01 sh[16648]: 2018-07-29 20:30:22 regiond: [info] 192.168.11.41 POST /MAAS/metadata/status/h6mmyb HTTP/1.1 --> 204 NO_CONTENT (referrer: -; agent: python-requests/2.9.1)
Jul 29 20:30:22 mas01 sh[16662]: 2018-07-29 20:30:22 regiond: [info] 192.168.11.41 POST /MAAS/metadata/status/h6mmyb HTTP/1.1 --> 204 NO_CONTENT (referrer: -; agent: python-requests/2.9.1)
Jul 29 20:30:22 mas01 sh[16648]: 2018-07-29 20:30:22 regiond: [info] 192.168.11.41 POST /MAAS/metadata/status/h6mmyb HTTP/1.1 --> 204 NO_CONTENT (referrer: -; agent: python-requests/2.9.1)
Jul 29 20:30:22 mas01 sh[16662]: 2018-07-29 20:30:22 regiond: [info] 192.168.11.41 POST /MAAS/metadata/status/h6mmyb HTTP/1.1 --> 204 NO_CONTENT (referrer: -; agent: python-requests/2.9.1)
Jul 29 20:30:22 mas01 sh[17172]: 2018-07-29 20:30:22 regiond: [info] 192.168.11.41 POST /MAAS/metadata/status/h6mmyb HTTP/1.1 --> 204 NO_CONTENT (referrer: -; agent: python-requests/2.9.1)
Jul 29 20:30:22 mas01 sh[16662]: 2018-07-29 20:30:22 regiond: [info] 192.168.11.41 POST /MAAS/metadata/status/h6mmyb HTTP/1.1 --> 204 NO_CONTENT (referrer: -; agent: python-requests/2.9.1)
Jul 29 20:30:22 mas01 sh[17172]: 2018-07-29 20:30:22 regiond: [info] 192.168.11.41 POST /MAAS/metadata/status/h6mmyb HTTP/1.1 --> 204 NO_CONTENT (referrer: -; agent: python-requests/2.9.1)
Jul 29 20:30:22 mas01 sh[17172]: message repeated 2 times: [ 2018-07-29 20:30:22 regiond: [info] 192.168.11.41 POST /MAAS/metadata/status/h6mmyb HTTP/1.1 --> 204 NO_CONTENT (referrer: -; agent: python-requests/2.9.1)]
Jul 29 20:30:22 mas01 sh[16652]: 2018-07-29 20:30:22 regiond: [info] 192.168.11.41 POST /MAAS/metadata/status/h6mmyb HTTP/1.1 --> 204 NO_CONTENT (referrer: -; agent: python-requests/2.9.1)
Jul 29 20:30:22 mas01 sh[16648]: 2018-07-29 20:30:22 regiond: [info] 192.168.11.41 POST /MAAS/metadata/status/h6mmyb HTTP/1.1 --> 204 NO_CONTENT (referrer: -; agent: python-requests/2.9.1)
Jul 29 20:30:22 mas01 sh[17172]: 2018-07-29 20:30:22 regiond: [info] 192.168.11.41 POST /MAAS/metadata/status/h6mmyb HTTP/1.1 --> 204 NO_CONTENT (referrer: -; agent: python-requests/2.9.1)
Jul 29 20:30:22 mas01 sh[16652]: 2018-07-29 20:30:22 regiond: [info] 192.168.11.41 POST /MAAS/metadata/status/h6mmyb HTTP/1.1 --> 204 NO_CONTENT (referrer: -; agent: python-requests/2.9.1)
Jul 29 20:30:22 mas01 sh[16648]: 2018-07-29 20:30:22 regiond: [info] 192.168.11.41 POST /MAAS/metadata/status/h6mmyb HTTP/1.1 --> 204 NO_CONTENT (referrer: -; agent: python-requests/2.9.1)
Jul 29 20:30:22 mas01 sh[16652]: 2018-07-29 20:30:22 regiond: [info] 192.168.11.41 POST /MAAS/metadata/status/h6mmyb HTTP/1.1 --> 204 NO_CONTENT (referrer: -; agent: python-requests/2.9.1)
Jul 29 20:30:22 mas01 sh[16652]: 2018-07-29 20:30:22 regiond: [info] 192.168.11.41 POST /MAAS/metadata/status/h6mmyb HTTP/1.1 --> 204 NO_CONTENT (referrer: -; agent: python-requests/2.9.1)
Jul 29 20:30:22 mas01 sh[17172]: 2018-07-29 20:30:22 regiond: [info] 192.168.11.41 POST /MAAS/metadata/status/h6mmyb HTTP/1.1 --> 204 NO_CONTENT (referrer: -; agent: python-requests/2.9.1)
Jul 29 20:30:22 mas01 sh[16648]: 2018-07-29 20:30:22 regiond: [info] 192.168.11.41 POST /MAAS/metadata/status/h6mmyb HTTP/1.1 --> 204 NO_CONTENT (referrer: -; agent: python-requests/2.9.1)
Jul 29 20:30:22 mas01 sh[17172]: 2018-07-29 20:30:22 regiond: [info] 192.168.11.41 POST /MAAS/metadata/status/h6mmyb HTTP/1.1 --> 204 NO_CONTENT (referrer: -; agent: python-requests/2.9.1)
Jul 29 20:30:23 mas01 salt-minion[1281]: [INFO    ] User sudo_ubuntu Executing command state.apply with jid 20180729203023780528
Jul 29 20:30:23 mas01 salt-minion[1281]: [INFO    ] Starting a new job with PID 19169
Jul 29 20:30:24 mas01 salt-minion[1281]: [INFO    ] Loading fresh modules for state activity
Jul 29 20:30:24 mas01 salt-minion[1281]: [INFO    ] Running state [maas-region apikey --username opnfv > /var/lib/maas/.maas_credentials] at time 20:30:24.253267
Jul 29 20:30:24 mas01 salt-minion[1281]: [INFO    ] Executing state cmd.run for maas-region apikey --username opnfv > /var/lib/maas/.maas_credentials
Jul 29 20:30:24 mas01 salt-minion[1281]: [INFO    ] Executing command 'maas-region apikey --username opnfv > /var/lib/maas/.maas_credentials' in directory '/root'
Jul 29 20:30:25 mas01 salt-minion[1281]: [INFO    ] {'pid': 19176, 'retcode': 0, 'stderr': '', 'stdout': ''}
Jul 29 20:30:25 mas01 salt-minion[1281]: [INFO    ] Completed state [maas-region apikey --username opnfv > /var/lib/maas/.maas_credentials] at time 20:30:25.744242 duration_in_ms=1490.976
Jul 29 20:30:25 mas01 salt-minion[1281]: [INFO    ] Running state [maas.machines_status] at time 20:30:25.745247
Jul 29 20:30:25 mas01 salt-minion[1281]: [INFO    ] Executing state module.run for maas.machines_status
Jul 29 20:30:25 mas01 salt-minion[1281]: [INFO    ] {'ret': {'machines': [{'status': 'Commissioning', 'hostname': u'cmp002', 'system_id': u'h6mmyb'}, {'status': 'Commissioning', 'hostname': u'cmp001', 'system_id': u'k438ck'}, {'status': 'Commissioning', 'hostname': u'kvm01', 'system_id': u'4egq4y'}, {'status': 'Commissioning', 'hostname': u'kvm03', 'system_id': u'ffggt6'}, {'status': 'Commissioning', 'hostname': u'kvm02', 'system_id': u'axqa3w'}], 'summary': Counter({'Commissioning': 5})}}
Jul 29 20:30:25 mas01 salt-minion[1281]: [INFO    ] Completed state [maas.machines_status] at time 20:30:25.988457 duration_in_ms=243.209
Jul 29 20:30:25 mas01 salt-minion[1281]: [INFO    ] Returning information for job: 20180729203023780528
Jul 29 20:30:28 mas01 dhcpd[18270]: DHCPDISCOVER from 00:25:b5:a0:00:2a via ens5
Jul 29 20:30:28 mas01 dhcpd[18270]: DHCPOFFER on 192.168.11.43 to 00:25:b5:a0:00:2a (kvm01) via ens5
Jul 29 20:30:28 mas01 dhcpd[18270]: execute_statement argv[0] = /usr/sbin/maas-dhcp-helper
Jul 29 20:30:28 mas01 dhcpd[18270]: execute_statement argv[1] = notify
Jul 29 20:30:28 mas01 dhcpd[18270]: execute_statement argv[2] = --action
Jul 29 20:30:28 mas01 dhcpd[18270]: execute_statement argv[3] = commit
Jul 29 20:30:28 mas01 dhcpd[18270]: execute_statement argv[4] = --mac
Jul 29 20:30:28 mas01 dhcpd[18270]: execute_statement argv[5] = 0:25:b5:a0:0:2a
Jul 29 20:30:28 mas01 dhcpd[18270]: execute_statement argv[6] = --ip-family
Jul 29 20:30:28 mas01 dhcpd[18270]: execute_statement argv[7] = ipv4
Jul 29 20:30:28 mas01 dhcpd[18270]: execute_statement argv[8] = --ip
Jul 29 20:30:28 mas01 dhcpd[18270]: execute_statement argv[9] = 192.168.11.43
Jul 29 20:30:28 mas01 dhcpd[18270]: execute_statement argv[10] = --lease-time
Jul 29 20:30:28 mas01 dhcpd[18270]: execute_statement argv[11] = 600
Jul 29 20:30:28 mas01 dhcpd[18270]: execute_statement argv[12] = --hostname
Jul 29 20:30:28 mas01 dhcpd[18270]: execute_statement argv[13] = kvm01
Jul 29 20:30:28 mas01 dhcpd[18270]: execute_statement argv[14] = --socket
Jul 29 20:30:28 mas01 dhcpd[18270]: execute_statement argv[15] = /var/lib/maas/dhcpd.sock
Jul 29 20:30:28 mas01 dhcpd[18270]: DHCPREQUEST for 192.168.11.43 (192.168.11.3) from 00:25:b5:a0:00:2a (kvm01) via ens5
Jul 29 20:30:28 mas01 dhcpd[18270]: DHCPACK on 192.168.11.43 to 00:25:b5:a0:00:2a (kvm01) via ens5
Jul 29 20:30:28 mas01 dhcpd[18270]: DHCPDISCOVER from 00:25:b5:a0:00:5a via ens5
Jul 29 20:30:28 mas01 dhcpd[18270]: DHCPOFFER on 192.168.11.42 to 00:25:b5:a0:00:5a (cmp001) via ens5
Jul 29 20:30:28 mas01 dhcpd[18270]: execute_statement argv[0] = /usr/sbin/maas-dhcp-helper
Jul 29 20:30:28 mas01 dhcpd[18270]: execute_statement argv[1] = notify
Jul 29 20:30:28 mas01 dhcpd[18270]: execute_statement argv[2] = --action
Jul 29 20:30:28 mas01 dhcpd[18270]: execute_statement argv[3] = commit
Jul 29 20:30:28 mas01 dhcpd[18270]: execute_statement argv[4] = --mac
Jul 29 20:30:28 mas01 dhcpd[18270]: execute_statement argv[5] = 0:25:b5:a0:0:5a
Jul 29 20:30:28 mas01 dhcpd[18270]: execute_statement argv[6] = --ip-family
Jul 29 20:30:28 mas01 dhcpd[18270]: execute_statement argv[7] = ipv4
Jul 29 20:30:28 mas01 dhcpd[18270]: execute_statement argv[8] = --ip
Jul 29 20:30:28 mas01 dhcpd[18270]: execute_statement argv[9] = 192.168.11.42
Jul 29 20:30:28 mas01 dhcpd[18270]: execute_statement argv[10] = --lease-time
Jul 29 20:30:28 mas01 dhcpd[18270]: execute_statement argv[11] = 600
Jul 29 20:30:28 mas01 dhcpd[18270]: execute_statement argv[12] = --hostname
Jul 29 20:30:28 mas01 dhcpd[18270]: execute_statement argv[13] = cmp001
Jul 29 20:30:28 mas01 dhcpd[18270]: execute_statement argv[14] = --socket
Jul 29 20:30:28 mas01 dhcpd[18270]: execute_statement argv[15] = /var/lib/maas/dhcpd.sock
Jul 29 20:30:28 mas01 sh[16662]: 2018-07-29 20:30:28 maasserver.rpc.leases: [info] Lease update: commit for 192.168.11.43 on 0:25:b5:a0:0:2a at 2018-07-29 20:30:28 (lease time: 600s) (hostname: kvm01)
Jul 29 20:30:28 mas01 dhcpd[18270]: DHCPREQUEST for 192.168.11.42 (192.168.11.3) from 00:25:b5:a0:00:5a (cmp001) via ens5
Jul 29 20:30:28 mas01 dhcpd[18270]: DHCPACK on 192.168.11.42 to 00:25:b5:a0:00:5a (cmp001) via ens5
Jul 29 20:30:28 mas01 sh[17172]: 2018-07-29 20:30:28 maasserver.rpc.leases: [info] Lease update: commit for 192.168.11.42 on 0:25:b5:a0:0:5a at 2018-07-29 20:30:28 (lease time: 600s) (hostname: cmp001)
Jul 29 20:30:28 mas01 sh[16662]: 2018-07-29 20:30:28 regiond: [info] 192.168.11.41 GET /MAAS/metadata/2012-03-01/maas-scripts/ HTTP/1.1 --> 200 OK (referrer: -; agent: Python-urllib/3.5)
Jul 29 20:30:28 mas01 sh[16648]: 2018-07-29 20:30:28 regiond: [info] 192.168.11.41 POST /MAAS/metadata/2012-03-01/ HTTP/1.1 --> 200 OK (referrer: -; agent: Python-urllib/3.5)
Jul 29 20:30:28 mas01 sh[16648]: 2018-07-29 20:30:28 regiond: [info] 192.168.11.41 POST /MAAS/metadata/2012-03-01/ HTTP/1.1 --> 200 OK (referrer: -; agent: Python-urllib/3.5)
Jul 29 20:30:28 mas01 sh[16662]: 2018-07-29 20:30:28 regiond: [info] 192.168.11.41 GET /MAAS/metadata/latest/by-id/h6mmyb/?op=get_preseed HTTP/1.1 --> 200 OK (referrer: -; agent: curl/7.47.0)
Jul 29 20:30:29 mas01 sh[16102]: 2018-07-29 20:30:29 rackd: [info] 192.168.11.43 GET /images/ubuntu/amd64/hwe-16.04/xenial/daily/squashfs HTTP/1.1 --> 200 OK (referrer: -; agent: Wget)
Jul 29 20:30:29 mas01 sh[16102]: 2018-07-29 20:30:29 rackd: [info] 192.168.11.42 GET /images/ubuntu/amd64/hwe-16.04/xenial/daily/squashfs HTTP/1.1 --> 200 OK (referrer: -; agent: Wget)
Jul 29 20:30:29 mas01 sh[17172]: 2018-07-29 20:30:29 regiond: [info] 192.168.11.41 POST /MAAS/metadata/2012-03-01/ HTTP/1.1 --> 200 OK (referrer: -; agent: Python-urllib/3.5)
Jul 29 20:30:29 mas01 sh[17172]: 2018-07-29 20:30:29 regiond: [info] 192.168.11.41 POST /MAAS/metadata/2012-03-01/ HTTP/1.1 --> 200 OK (referrer: -; agent: Python-urllib/3.5)
Jul 29 20:30:29 mas01 sh[16662]: 2018-07-29 20:30:29 regiond: [info] 192.168.11.41 POST /MAAS/metadata/2012-03-01/ HTTP/1.1 --> 200 OK (referrer: -; agent: Python-urllib/3.5)
Jul 29 20:30:29 mas01 sh[17172]: 2018-07-29 20:30:29 regiond: [info] 192.168.11.41 POST /MAAS/metadata/2012-03-01/ HTTP/1.1 --> 200 OK (referrer: -; agent: Python-urllib/3.5)
Jul 29 20:30:30 mas01 sh[16662]: 2018-07-29 20:30:30 regiond: [info] 192.168.11.41 POST /MAAS/metadata/2012-03-01/ HTTP/1.1 --> 200 OK (referrer: -; agent: Python-urllib/3.5)
Jul 29 20:30:30 mas01 sh[17172]: 2018-07-29 20:30:30 regiond: [info] 192.168.11.41 POST /MAAS/metadata/2012-03-01/ HTTP/1.1 --> 200 OK (referrer: -; agent: Python-urllib/3.5)
Jul 29 20:30:30 mas01 sh[16648]: 2018-07-29 20:30:30 regiond: [info] 192.168.11.41 POST /MAAS/metadata/2012-03-01/ HTTP/1.1 --> 200 OK (referrer: -; agent: Python-urllib/3.5)
Jul 29 20:30:30 mas01 sh[16662]: 2018-07-29 20:30:30 regiond: [info] 192.168.11.41 POST /MAAS/metadata/2012-03-01/ HTTP/1.1 --> 200 OK (referrer: -; agent: Python-urllib/3.5)
Jul 29 20:30:32 mas01 sh[16652]: 2018-07-29 20:30:32 regiond: [info] 192.168.11.43 GET /MAAS/metadata/latest/by-id/4egq4y/?op=get_preseed HTTP/1.1 --> 200 OK (referrer: -; agent: Cloud-Init/18.2)
Jul 29 20:30:32 mas01 sh[16652]: 2018-07-29 20:30:32 regiond: [info] 192.168.11.42 GET /MAAS/metadata/latest/by-id/k438ck/?op=get_preseed HTTP/1.1 --> 200 OK (referrer: -; agent: Cloud-Init/18.2)
Jul 29 20:30:32 mas01 sh[16648]: 2018-07-29 20:30:32 regiond: [info] 192.168.11.43 POST /MAAS/metadata/status/4egq4y HTTP/1.1 --> 204 NO_CONTENT (referrer: -; agent: python-requests/2.9.1)
Jul 29 20:30:32 mas01 sh[16652]: 2018-07-29 20:30:32 regiond: [info] 192.168.11.42 POST /MAAS/metadata/status/k438ck HTTP/1.1 --> 204 NO_CONTENT (referrer: -; agent: python-requests/2.9.1)
Jul 29 20:30:32 mas01 sh[16662]: 2018-07-29 20:30:32 regiond: [info] 192.168.11.43 POST /MAAS/metadata/status/4egq4y HTTP/1.1 --> 204 NO_CONTENT (referrer: -; agent: python-requests/2.9.1)
Jul 29 20:30:32 mas01 sh[16648]: 2018-07-29 20:30:32 regiond: [info] 192.168.11.42 POST /MAAS/metadata/status/k438ck HTTP/1.1 --> 204 NO_CONTENT (referrer: -; agent: python-requests/2.9.1)
Jul 29 20:30:32 mas01 sh[17172]: 2018-07-29 20:30:32 regiond: [info] 192.168.11.42 POST /MAAS/metadata/status/k438ck HTTP/1.1 --> 204 NO_CONTENT (referrer: -; agent: python-requests/2.9.1)
Jul 29 20:30:32 mas01 sh[16662]: 2018-07-29 20:30:32 regiond: [info] 192.168.11.43 POST /MAAS/metadata/status/4egq4y HTTP/1.1 --> 204 NO_CONTENT (referrer: -; agent: python-requests/2.9.1)
Jul 29 20:30:32 mas01 sh[16652]: 2018-07-29 20:30:32 regiond: [info] 192.168.11.43 GET /MAAS/metadata/latest/by-id/4egq4y/?op=get_preseed HTTP/1.1 --> 200 OK (referrer: -; agent: Cloud-Init/18.2)
Jul 29 20:30:33 mas01 sh[17172]: 2018-07-29 20:30:33 regiond: [info] 192.168.11.42 POST /MAAS/metadata/status/k438ck HTTP/1.1 --> 204 NO_CONTENT (referrer: -; agent: python-requests/2.9.1)
Jul 29 20:30:33 mas01 sh[16648]: 2018-07-29 20:30:33 regiond: [info] 192.168.11.42 POST /MAAS/metadata/status/k438ck HTTP/1.1 --> 204 NO_CONTENT (referrer: -; agent: python-requests/2.9.1)
Jul 29 20:30:33 mas01 sh[17172]: 2018-07-29 20:30:33 regiond: [info] 192.168.11.42 POST /MAAS/metadata/status/k438ck HTTP/1.1 --> 204 NO_CONTENT (referrer: -; agent: python-requests/2.9.1)
Jul 29 20:30:33 mas01 sh[16652]: 2018-07-29 20:30:33 regiond: [info] 192.168.11.43 POST /MAAS/metadata/status/4egq4y HTTP/1.1 --> 204 NO_CONTENT (referrer: -; agent: python-requests/2.9.1)
Jul 29 20:30:33 mas01 sh[16662]: 2018-07-29 20:30:33 regiond: [info] 192.168.11.43 POST /MAAS/metadata/status/4egq4y HTTP/1.1 --> 204 NO_CONTENT (referrer: -; agent: python-requests/2.9.1)
Jul 29 20:30:33 mas01 sh[16652]: 2018-07-29 20:30:33 regiond: [info] 192.168.11.43 POST /MAAS/metadata/status/4egq4y HTTP/1.1 --> 204 NO_CONTENT (referrer: -; agent: python-requests/2.9.1)
Jul 29 20:30:33 mas01 sh[16662]: 2018-07-29 20:30:33 regiond: [info] 192.168.11.42 GET /MAAS/metadata/2012-03-01/meta-data/instance-id HTTP/1.1 --> 200 OK (referrer: -; agent: Cloud-Init/18.2)
Jul 29 20:30:33 mas01 sh[16662]: 2018-07-29 20:30:33 regiond: [info] 192.168.11.43 GET /MAAS/metadata/2012-03-01/meta-data/instance-id HTTP/1.1 --> 200 OK (referrer: -; agent: Cloud-Init/18.2)
Jul 29 20:30:33 mas01 sh[16648]: 2018-07-29 20:30:33 regiond: [info] 192.168.11.42 GET /MAAS/metadata/2012-03-01/meta-data/instance-id HTTP/1.1 --> 200 OK (referrer: -; agent: python-requests/2.9.1)
Jul 29 20:30:33 mas01 sh[16652]: 2018-07-29 20:30:33 regiond: [info] 192.168.11.43 GET /MAAS/metadata/2012-03-01/meta-data/instance-id HTTP/1.1 --> 200 OK (referrer: -; agent: python-requests/2.9.1)
Jul 29 20:30:33 mas01 sh[16652]: 2018-07-29 20:30:33 regiond: [info] 192.168.11.42 GET /MAAS/metadata/2012-03-01/meta-data/local-hostname HTTP/1.1 --> 200 OK (referrer: -; agent: python-requests/2.9.1)
Jul 29 20:30:33 mas01 sh[17172]: 2018-07-29 20:30:33 regiond: [info] 192.168.11.43 GET /MAAS/metadata/2012-03-01/meta-data/local-hostname HTTP/1.1 --> 200 OK (referrer: -; agent: python-requests/2.9.1)
Jul 29 20:30:33 mas01 sh[16648]: 2018-07-29 20:30:33 regiond: [info] 192.168.11.42 GET /MAAS/metadata/2012-03-01/meta-data/public-keys HTTP/1.1 --> 200 OK (referrer: -; agent: python-requests/2.9.1)
Jul 29 20:30:33 mas01 sh[16648]: 2018-07-29 20:30:33 regiond: [info] 192.168.11.42 GET /MAAS/metadata/2012-03-01/meta-data/vendor-data HTTP/1.1 --> 200 OK (referrer: -; agent: python-requests/2.9.1)
Jul 29 20:30:33 mas01 sh[16648]: 2018-07-29 20:30:33 regiond: [info] 192.168.11.43 GET /MAAS/metadata/2012-03-01/meta-data/vendor-data HTTP/1.1 --> 200 OK (referrer: -; agent: python-requests/2.9.1)
Jul 29 20:30:33 mas01 sh[16648]: 2018-07-29 20:30:33 regiond: [info] 192.168.11.42 GET /MAAS/metadata/2012-03-01/user-data HTTP/1.1 --> 200 OK (referrer: -; agent: python-requests/2.9.1)
Jul 29 20:30:33 mas01 sh[17172]: 2018-07-29 20:30:33 regiond: [info] 192.168.11.42 POST /MAAS/metadata/status/k438ck HTTP/1.1 --> 204 NO_CONTENT (referrer: -; agent: python-requests/2.9.1)
Jul 29 20:30:33 mas01 sh[16662]: 2018-07-29 20:30:33 regiond: [info] 192.168.11.43 POST /MAAS/metadata/status/4egq4y HTTP/1.1 --> 204 NO_CONTENT (referrer: -; agent: python-requests/2.9.1)
Jul 29 20:30:33 mas01 sh[16662]: 2018-07-29 20:30:33 regiond: [info] 192.168.11.42 POST /MAAS/metadata/status/k438ck HTTP/1.1 --> 204 NO_CONTENT (referrer: -; agent: python-requests/2.9.1)
Jul 29 20:30:33 mas01 sh[16652]: 2018-07-29 20:30:33 regiond: [info] 192.168.11.42 POST /MAAS/metadata/status/k438ck HTTP/1.1 --> 204 NO_CONTENT (referrer: -; agent: python-requests/2.9.1)
Jul 29 20:30:33 mas01 sh[16652]: 2018-07-29 20:30:33 regiond: [info] 192.168.11.42 POST /MAAS/metadata/status/k438ck HTTP/1.1 --> 204 NO_CONTENT (referrer: -; agent: python-requests/2.9.1)
Jul 29 20:30:33 mas01 sh[16648]: 2018-07-29 20:30:33 regiond: [info] 192.168.11.42 POST /MAAS/metadata/status/k438ck HTTP/1.1 --> 204 NO_CONTENT (referrer: -; agent: python-requests/2.9.1)
Jul 29 20:30:33 mas01 sh[16662]: 2018-07-29 20:30:33 regiond: [info] 192.168.11.43 POST /MAAS/metadata/status/4egq4y HTTP/1.1 --> 204 NO_CONTENT (referrer: -; agent: python-requests/2.9.1)
Jul 29 20:30:33 mas01 sh[16662]: 2018-07-29 20:30:33 regiond: [info] 192.168.11.43 POST /MAAS/metadata/status/4egq4y HTTP/1.1 --> 204 NO_CONTENT (referrer: -; agent: python-requests/2.9.1)
Jul 29 20:30:33 mas01 sh[17172]: 2018-07-29 20:30:33 regiond: [info] 192.168.11.43 POST /MAAS/metadata/status/4egq4y HTTP/1.1 --> 204 NO_CONTENT (referrer: -; agent: python-requests/2.9.1)
Jul 29 20:30:33 mas01 sh[16648]: 2018-07-29 20:30:33 regiond: [info] 192.168.11.43 POST /MAAS/metadata/status/4egq4y HTTP/1.1 --> 204 NO_CONTENT (referrer: -; agent: python-requests/2.9.1)
Jul 29 20:30:33 mas01 sh[17172]: 2018-07-29 20:30:33 regiond: [info] 192.168.11.42 POST /MAAS/metadata/status/k438ck HTTP/1.1 --> 204 NO_CONTENT (referrer: -; agent: python-requests/2.9.1)
Jul 29 20:30:33 mas01 sh[17172]: 2018-07-29 20:30:33 regiond: [info] 192.168.11.42 POST /MAAS/metadata/status/k438ck HTTP/1.1 --> 204 NO_CONTENT (referrer: -; agent: python-requests/2.9.1)
Jul 29 20:30:33 mas01 sh[16662]: 2018-07-29 20:30:33 regiond: [info] 192.168.11.42 POST /MAAS/metadata/status/k438ck HTTP/1.1 --> 204 NO_CONTENT (referrer: -; agent: python-requests/2.9.1)
Jul 29 20:30:33 mas01 sh[16662]: 2018-07-29 20:30:33 regiond: [info] 192.168.11.42 POST /MAAS/metadata/status/k438ck HTTP/1.1 --> 204 NO_CONTENT (referrer: -; agent: python-requests/2.9.1)
Jul 29 20:30:33 mas01 sh[16652]: 2018-07-29 20:30:33 regiond: [info] 192.168.11.42 POST /MAAS/metadata/status/k438ck HTTP/1.1 --> 204 NO_CONTENT (referrer: -; agent: python-requests/2.9.1)
Jul 29 20:30:33 mas01 sh[16648]: 2018-07-29 20:30:33 regiond: [info] 192.168.11.42 POST /MAAS/metadata/status/k438ck HTTP/1.1 --> 204 NO_CONTENT (referrer: -; agent: python-requests/2.9.1)
Jul 29 20:30:33 mas01 sh[16652]: 2018-07-29 20:30:33 regiond: [info] 192.168.11.42 POST /MAAS/metadata/status/k438ck HTTP/1.1 --> 204 NO_CONTENT (referrer: -; agent: python-requests/2.9.1)
Jul 29 20:30:33 mas01 sh[16652]: message repeated 2 times: [ 2018-07-29 20:30:33 regiond: [info] 192.168.11.42 POST /MAAS/metadata/status/k438ck HTTP/1.1 --> 204 NO_CONTENT (referrer: -; agent: python-requests/2.9.1)]
Jul 29 20:30:33 mas01 sh[16652]: 2018-07-29 20:30:33 regiond: [info] 192.168.11.43 POST /MAAS/metadata/status/4egq4y HTTP/1.1 --> 204 NO_CONTENT (referrer: -; agent: python-requests/2.9.1)
Jul 29 20:30:33 mas01 sh[16648]: 2018-07-29 20:30:33 regiond: [info] 192.168.11.43 POST /MAAS/metadata/status/4egq4y HTTP/1.1 --> 204 NO_CONTENT (referrer: -; agent: python-requests/2.9.1)
Jul 29 20:30:33 mas01 sh[16648]: 2018-07-29 20:30:33 regiond: [info] 192.168.11.43 POST /MAAS/metadata/status/4egq4y HTTP/1.1 --> 204 NO_CONTENT (referrer: -; agent: python-requests/2.9.1)
Jul 29 20:30:33 mas01 sh[17172]: 2018-07-29 20:30:33 regiond: [info] 192.168.11.43 POST /MAAS/metadata/status/4egq4y HTTP/1.1 --> 204 NO_CONTENT (referrer: -; agent: python-requests/2.9.1)
Jul 29 20:30:33 mas01 sh[16662]: 2018-07-29 20:30:33 regiond: [info] 192.168.11.42 POST /MAAS/metadata/status/k438ck HTTP/1.1 --> 204 NO_CONTENT (referrer: -; agent: python-requests/2.9.1)
Jul 29 20:30:33 mas01 sh[16648]: 2018-07-29 20:30:33 regiond: [info] 192.168.11.43 POST /MAAS/metadata/status/4egq4y HTTP/1.1 --> 204 NO_CONTENT (referrer: -; agent: python-requests/2.9.1)
Jul 29 20:30:33 mas01 sh[16652]: 2018-07-29 20:30:33 regiond: [info] 192.168.11.42 POST /MAAS/metadata/status/k438ck HTTP/1.1 --> 204 NO_CONTENT (referrer: -; agent: python-requests/2.9.1)
Jul 29 20:30:33 mas01 sh[17172]: 2018-07-29 20:30:33 regiond: [info] 192.168.11.43 POST /MAAS/metadata/status/4egq4y HTTP/1.1 --> 204 NO_CONTENT (referrer: -; agent: python-requests/2.9.1)
Jul 29 20:30:33 mas01 sh[16652]: 2018-07-29 20:30:33 regiond: [info] 192.168.11.43 POST /MAAS/metadata/status/4egq4y HTTP/1.1 --> 204 NO_CONTENT (referrer: -; agent: python-requests/2.9.1)
Jul 29 20:30:33 mas01 sh[16662]: 2018-07-29 20:30:33 regiond: [info] 192.168.11.43 POST /MAAS/metadata/status/4egq4y HTTP/1.1 --> 204 NO_CONTENT (referrer: -; agent: python-requests/2.9.1)
Jul 29 20:30:33 mas01 sh[17172]: 2018-07-29 20:30:33 regiond: [info] 192.168.11.42 POST /MAAS/metadata/status/k438ck HTTP/1.1 --> 204 NO_CONTENT (referrer: -; agent: python-requests/2.9.1)
Jul 29 20:30:33 mas01 sh[17172]: 2018-07-29 20:30:33 regiond: [info] 192.168.11.43 POST /MAAS/metadata/status/4egq4y HTTP/1.1 --> 204 NO_CONTENT (referrer: -; agent: python-requests/2.9.1)
Jul 29 20:30:33 mas01 sh[16652]: 2018-07-29 20:30:33 regiond: [info] 192.168.11.42 POST /MAAS/metadata/status/k438ck HTTP/1.1 --> 204 NO_CONTENT (referrer: -; agent: python-requests/2.9.1)
Jul 29 20:30:33 mas01 sh[16648]: 2018-07-29 20:30:33 regiond: [info] 192.168.11.42 POST /MAAS/metadata/status/k438ck HTTP/1.1 --> 204 NO_CONTENT (referrer: -; agent: python-requests/2.9.1)
Jul 29 20:30:33 mas01 sh[16652]: 2018-07-29 20:30:33 regiond: [info] 192.168.11.42 POST /MAAS/metadata/status/k438ck HTTP/1.1 --> 204 NO_CONTENT (referrer: -; agent: python-requests/2.9.1)
Jul 29 20:30:33 mas01 sh[16662]: 2018-07-29 20:30:33 regiond: [info] 192.168.11.42 POST /MAAS/metadata/status/k438ck HTTP/1.1 --> 204 NO_CONTENT (referrer: -; agent: python-requests/2.9.1)
Jul 29 20:30:33 mas01 sh[16652]: 2018-07-29 20:30:33 regiond: [info] 192.168.11.42 POST /MAAS/metadata/status/k438ck HTTP/1.1 --> 204 NO_CONTENT (referrer: -; agent: python-requests/2.9.1)
Jul 29 20:30:33 mas01 sh[17172]: 2018-07-29 20:30:33 regiond: [info] 192.168.11.43 POST /MAAS/metadata/status/4egq4y HTTP/1.1 --> 204 NO_CONTENT (referrer: -; agent: python-requests/2.9.1)
Jul 29 20:30:33 mas01 sh[16648]: 2018-07-29 20:30:33 regiond: [info] 192.168.11.42 POST /MAAS/metadata/status/k438ck HTTP/1.1 --> 204 NO_CONTENT (referrer: -; agent: python-requests/2.9.1)
Jul 29 20:30:33 mas01 sh[16648]: 2018-07-29 20:30:33 regiond: [info] 192.168.11.43 POST /MAAS/metadata/status/4egq4y HTTP/1.1 --> 204 NO_CONTENT (referrer: -; agent: python-requests/2.9.1)
Jul 29 20:30:33 mas01 sh[16648]: 2018-07-29 20:30:33 regiond: [info] 192.168.11.42 POST /MAAS/metadata/status/k438ck HTTP/1.1 --> 204 NO_CONTENT (referrer: -; agent: python-requests/2.9.1)
Jul 29 20:30:33 mas01 sh[16662]: 2018-07-29 20:30:33 regiond: [info] 192.168.11.42 POST /MAAS/metadata/status/k438ck HTTP/1.1 --> 204 NO_CONTENT (referrer: -; agent: python-requests/2.9.1)
Jul 29 20:30:33 mas01 sh[16662]: 2018-07-29 20:30:33 regiond: [info] 192.168.11.43 POST /MAAS/metadata/status/4egq4y HTTP/1.1 --> 204 NO_CONTENT (referrer: -; agent: python-requests/2.9.1)
Jul 29 20:30:33 mas01 sh[16648]: 2018-07-29 20:30:33 regiond: [info] 192.168.11.42 POST /MAAS/metadata/status/k438ck HTTP/1.1 --> 204 NO_CONTENT (referrer: -; agent: python-requests/2.9.1)
Jul 29 20:30:33 mas01 sh[16662]: 2018-07-29 20:30:33 regiond: [info] 192.168.11.43 POST /MAAS/metadata/status/4egq4y HTTP/1.1 --> 204 NO_CONTENT (referrer: -; agent: python-requests/2.9.1)
Jul 29 20:30:33 mas01 sh[17172]: 2018-07-29 20:30:33 regiond: [info] 192.168.11.43 POST /MAAS/metadata/status/4egq4y HTTP/1.1 --> 204 NO_CONTENT (referrer: -; agent: python-requests/2.9.1)
Jul 29 20:30:33 mas01 sh[16652]: 2018-07-29 20:30:33 regiond: [info] 192.168.11.42 POST /MAAS/metadata/status/k438ck HTTP/1.1 --> 204 NO_CONTENT (referrer: -; agent: python-requests/2.9.1)
Jul 29 20:30:33 mas01 sh[16648]: 2018-07-29 20:30:33 regiond: [info] 192.168.11.43 POST /MAAS/metadata/status/4egq4y HTTP/1.1 --> 204 NO_CONTENT (referrer: -; agent: python-requests/2.9.1)
Jul 29 20:30:33 mas01 sh[16662]: 2018-07-29 20:30:33 regiond: [info] 192.168.11.42 POST /MAAS/metadata/status/k438ck HTTP/1.1 --> 204 NO_CONTENT (referrer: -; agent: python-requests/2.9.1)
Jul 29 20:30:33 mas01 sh[16662]: 2018-07-29 20:30:33 regiond: [info] 192.168.11.43 POST /MAAS/metadata/status/4egq4y HTTP/1.1 --> 204 NO_CONTENT (referrer: -; agent: python-requests/2.9.1)
Jul 29 20:30:33 mas01 sh[16652]: 2018-07-29 20:30:33 regiond: [info] 192.168.11.42 POST /MAAS/metadata/status/k438ck HTTP/1.1 --> 204 NO_CONTENT (referrer: -; agent: python-requests/2.9.1)
Jul 29 20:30:33 mas01 sh[16662]: 2018-07-29 20:30:33 regiond: [info] 192.168.11.43 POST /MAAS/metadata/status/4egq4y HTTP/1.1 --> 204 NO_CONTENT (referrer: -; agent: python-requests/2.9.1)
Jul 29 20:30:33 mas01 sh[16652]: 2018-07-29 20:30:33 regiond: [info] 192.168.11.42 POST /MAAS/metadata/status/k438ck HTTP/1.1 --> 204 NO_CONTENT (referrer: -; agent: python-requests/2.9.1)
Jul 29 20:30:33 mas01 sh[16648]: 2018-07-29 20:30:33 regiond: [info] 192.168.11.43 POST /MAAS/metadata/status/4egq4y HTTP/1.1 --> 204 NO_CONTENT (referrer: -; agent: python-requests/2.9.1)
Jul 29 20:30:33 mas01 sh[16648]: 2018-07-29 20:30:33 regiond: [info] 192.168.11.43 POST /MAAS/metadata/status/4egq4y HTTP/1.1 --> 204 NO_CONTENT (referrer: -; agent: python-requests/2.9.1)
Jul 29 20:30:33 mas01 sh[16662]: 2018-07-29 20:30:33 regiond: [info] 192.168.11.43 POST /MAAS/metadata/status/4egq4y HTTP/1.1 --> 204 NO_CONTENT (referrer: -; agent: python-requests/2.9.1)
Jul 29 20:30:33 mas01 sh[16662]: 2018-07-29 20:30:33 regiond: [info] 192.168.11.42 POST /MAAS/metadata/status/k438ck HTTP/1.1 --> 204 NO_CONTENT (referrer: -; agent: python-requests/2.9.1)
Jul 29 20:30:33 mas01 sh[17172]: 2018-07-29 20:30:33 regiond: [info] 192.168.11.43 POST /MAAS/metadata/status/4egq4y HTTP/1.1 --> 204 NO_CONTENT (referrer: -; agent: python-requests/2.9.1)
Jul 29 20:30:33 mas01 sh[16648]: 2018-07-29 20:30:33 regiond: [info] 192.168.11.42 POST /MAAS/metadata/status/k438ck HTTP/1.1 --> 204 NO_CONTENT (referrer: -; agent: python-requests/2.9.1)
Jul 29 20:30:33 mas01 sh[16648]: 2018-07-29 20:30:33 regiond: [info] 192.168.11.43 POST /MAAS/metadata/status/4egq4y HTTP/1.1 --> 204 NO_CONTENT (referrer: -; agent: python-requests/2.9.1)
Jul 29 20:30:33 mas01 sh[16662]: 2018-07-29 20:30:33 regiond: [info] 192.168.11.43 POST /MAAS/metadata/status/4egq4y HTTP/1.1 --> 204 NO_CONTENT (referrer: -; agent: python-requests/2.9.1)
Jul 29 20:30:33 mas01 sh[17172]: 2018-07-29 20:30:33 regiond: [info] 192.168.11.43 POST /MAAS/metadata/status/4egq4y HTTP/1.1 --> 204 NO_CONTENT (referrer: -; agent: python-requests/2.9.1)
Jul 29 20:30:33 mas01 sh[16662]: 2018-07-29 20:30:33 regiond: [info] 192.168.11.43 POST /MAAS/metadata/status/4egq4y HTTP/1.1 --> 204 NO_CONTENT (referrer: -; agent: python-requests/2.9.1)
Jul 29 20:30:33 mas01 sh[16648]: 2018-07-29 20:30:33 regiond: [info] 192.168.11.41 POST /MAAS/metadata/2012-03-01/ HTTP/1.1 --> 200 OK (referrer: -; agent: Python-urllib/3.5)
Jul 29 20:30:33 mas01 sh[16662]: 2018-07-29 20:30:33 regiond: [info] 192.168.11.43 POST /MAAS/metadata/status/4egq4y HTTP/1.1 --> 204 NO_CONTENT (referrer: -; agent: python-requests/2.9.1)
Jul 29 20:30:33 mas01 sh[16652]: 2018-07-29 20:30:33 regiond: [info] 192.168.11.43 POST /MAAS/metadata/status/4egq4y HTTP/1.1 --> 204 NO_CONTENT (referrer: -; agent: python-requests/2.9.1)
Jul 29 20:30:33 mas01 sh[16652]: 2018-07-29 20:30:33 regiond: [info] 192.168.11.42 POST /MAAS/metadata/status/k438ck HTTP/1.1 --> 204 NO_CONTENT (referrer: -; agent: python-requests/2.9.1)
Jul 29 20:30:33 mas01 sh[17172]: 2018-07-29 20:30:33 regiond: [info] 192.168.11.42 POST /MAAS/metadata/status/k438ck HTTP/1.1 --> 204 NO_CONTENT (referrer: -; agent: python-requests/2.9.1)
Jul 29 20:30:33 mas01 sh[16648]: 2018-07-29 20:30:33 regiond: [info] 192.168.11.43 POST /MAAS/metadata/status/4egq4y HTTP/1.1 --> 204 NO_CONTENT (referrer: -; agent: python-requests/2.9.1)
Jul 29 20:30:33 mas01 sh[16652]: 2018-07-29 20:30:33 regiond: [info] 192.168.11.43 POST /MAAS/metadata/status/4egq4y HTTP/1.1 --> 204 NO_CONTENT (referrer: -; agent: python-requests/2.9.1)
Jul 29 20:30:34 mas01 sh[17172]: 2018-07-29 20:30:34 regiond: [info] 192.168.11.41 POST /MAAS/metadata/2012-03-01/ HTTP/1.1 --> 200 OK (referrer: -; agent: Python-urllib/3.5)
Jul 29 20:30:34 mas01 sh[16662]: 2018-07-29 20:30:34 regiond: [info] 192.168.11.42 POST /MAAS/metadata/status/k438ck HTTP/1.1 --> 204 NO_CONTENT (referrer: -; agent: python-requests/2.9.1)
Jul 29 20:30:34 mas01 sh[16648]: 2018-07-29 20:30:34 regiond: [info] 192.168.11.41 POST /MAAS/metadata/2012-03-01/ HTTP/1.1 --> 200 OK (referrer: -; agent: Python-urllib/3.5)
Jul 29 20:30:34 mas01 sh[17172]: 2018-07-29 20:30:34 regiond: [info] 192.168.11.42 POST /MAAS/metadata/status/k438ck HTTP/1.1 --> 204 NO_CONTENT (referrer: -; agent: python-requests/2.9.1)
Jul 29 20:30:34 mas01 sh[16652]: 2018-07-29 20:30:34 regiond: [info] 192.168.11.43 POST /MAAS/metadata/status/4egq4y HTTP/1.1 --> 204 NO_CONTENT (referrer: -; agent: python-requests/2.9.1)
Jul 29 20:30:34 mas01 sh[16648]: 2018-07-29 20:30:34 regiond: [info] 192.168.11.43 POST /MAAS/metadata/status/4egq4y HTTP/1.1 --> 204 NO_CONTENT (referrer: -; agent: python-requests/2.9.1)
Jul 29 20:30:34 mas01 sh[16662]: 2018-07-29 20:30:34 regiond: [info] 192.168.11.41 POST /MAAS/metadata/2012-03-01/ HTTP/1.1 --> 200 OK (referrer: -; agent: Python-urllib/3.5)
Jul 29 20:30:34 mas01 sh[16662]: message repeated 2 times: [ 2018-07-29 20:30:34 regiond: [info] 192.168.11.41 POST /MAAS/metadata/2012-03-01/ HTTP/1.1 --> 200 OK (referrer: -; agent: Python-urllib/3.5)]
Jul 29 20:30:34 mas01 sh[17172]: 2018-07-29 20:30:34 regiond: [info] 192.168.11.41 POST /MAAS/metadata/2012-03-01/ HTTP/1.1 --> 200 OK (referrer: -; agent: Python-urllib/3.5)
Jul 29 20:30:35 mas01 sh[16652]: 2018-07-29 20:30:35 regiond: [info] 192.168.11.42 POST /MAAS/metadata/status/k438ck HTTP/1.1 --> 204 NO_CONTENT (referrer: -; agent: python-requests/2.9.1)
Jul 29 20:30:35 mas01 sh[16652]: message repeated 2 times: [ 2018-07-29 20:30:35 regiond: [info] 192.168.11.42 POST /MAAS/metadata/status/k438ck HTTP/1.1 --> 204 NO_CONTENT (referrer: -; agent: python-requests/2.9.1)]
Jul 29 20:30:35 mas01 sh[16648]: 2018-07-29 20:30:35 regiond: [info] 192.168.11.42 POST /MAAS/metadata/status/k438ck HTTP/1.1 --> 204 NO_CONTENT (referrer: -; agent: python-requests/2.9.1)
Jul 29 20:30:35 mas01 sh[16662]: 2018-07-29 20:30:35 regiond: [info] 192.168.11.42 POST /MAAS/metadata/status/k438ck HTTP/1.1 --> 204 NO_CONTENT (referrer: -; agent: python-requests/2.9.1)
Jul 29 20:30:35 mas01 sh[16662]: 2018-07-29 20:30:35 regiond: [info] 192.168.11.42 POST /MAAS/metadata/status/k438ck HTTP/1.1 --> 204 NO_CONTENT (referrer: -; agent: python-requests/2.9.1)
Jul 29 20:30:35 mas01 sh[17172]: 2018-07-29 20:30:35 regiond: [info] 192.168.11.42 POST /MAAS/metadata/status/k438ck HTTP/1.1 --> 204 NO_CONTENT (referrer: -; agent: python-requests/2.9.1)
Jul 29 20:30:35 mas01 sh[16662]: 2018-07-29 20:30:35 regiond: [info] 192.168.11.42 POST /MAAS/metadata/status/k438ck HTTP/1.1 --> 204 NO_CONTENT (referrer: -; agent: python-requests/2.9.1)
Jul 29 20:30:35 mas01 sh[16652]: 2018-07-29 20:30:35 regiond: [info] 192.168.11.42 POST /MAAS/metadata/status/k438ck HTTP/1.1 --> 204 NO_CONTENT (referrer: -; agent: python-requests/2.9.1)
Jul 29 20:30:35 mas01 sh[16648]: 2018-07-29 20:30:35 regiond: [info] 192.168.11.43 POST /MAAS/metadata/status/4egq4y HTTP/1.1 --> 204 NO_CONTENT (referrer: -; agent: python-requests/2.9.1)
Jul 29 20:30:35 mas01 sh[17172]: 2018-07-29 20:30:35 regiond: [info] 192.168.11.43 POST /MAAS/metadata/status/4egq4y HTTP/1.1 --> 204 NO_CONTENT (referrer: -; agent: python-requests/2.9.1)
Jul 29 20:30:35 mas01 sh[16652]: 2018-07-29 20:30:35 regiond: [info] 192.168.11.43 POST /MAAS/metadata/status/4egq4y HTTP/1.1 --> 204 NO_CONTENT (referrer: -; agent: python-requests/2.9.1)
Jul 29 20:30:35 mas01 sh[16648]: 2018-07-29 20:30:35 regiond: [info] 192.168.11.43 POST /MAAS/metadata/status/4egq4y HTTP/1.1 --> 204 NO_CONTENT (referrer: -; agent: python-requests/2.9.1)
Jul 29 20:30:35 mas01 sh[17172]: 2018-07-29 20:30:35 regiond: [info] 192.168.11.43 POST /MAAS/metadata/status/4egq4y HTTP/1.1 --> 204 NO_CONTENT (referrer: -; agent: python-requests/2.9.1)
Jul 29 20:30:35 mas01 sh[16662]: 2018-07-29 20:30:35 regiond: [info] 192.168.11.43 POST /MAAS/metadata/status/4egq4y HTTP/1.1 --> 204 NO_CONTENT (referrer: -; agent: python-requests/2.9.1)
Jul 29 20:30:35 mas01 sh[16652]: 2018-07-29 20:30:35 regiond: [info] 192.168.11.43 POST /MAAS/metadata/status/4egq4y HTTP/1.1 --> 204 NO_CONTENT (referrer: -; agent: python-requests/2.9.1)
Jul 29 20:30:35 mas01 sh[16648]: 2018-07-29 20:30:35 regiond: [info] 192.168.11.43 POST /MAAS/metadata/status/4egq4y HTTP/1.1 --> 204 NO_CONTENT (referrer: -; agent: python-requests/2.9.1)
Jul 29 20:30:35 mas01 sh[16662]: 2018-07-29 20:30:35 regiond: [info] 192.168.11.43 POST /MAAS/metadata/status/4egq4y HTTP/1.1 --> 204 NO_CONTENT (referrer: -; agent: python-requests/2.9.1)
Jul 29 20:30:36 mas01 sh[17172]: 2018-07-29 20:30:36 regiond: [info] 192.168.11.42 POST /MAAS/metadata/status/k438ck HTTP/1.1 --> 204 NO_CONTENT (referrer: -; agent: python-requests/2.9.1)
Jul 29 20:30:36 mas01 sh[16652]: 2018-07-29 20:30:36 regiond: [info] 192.168.11.42 POST /MAAS/metadata/status/k438ck HTTP/1.1 --> 204 NO_CONTENT (referrer: -; agent: python-requests/2.9.1)
Jul 29 20:30:36 mas01 sh[16662]: 2018-07-29 20:30:36 regiond: [info] 192.168.11.42 POST /MAAS/metadata/status/k438ck HTTP/1.1 --> 204 NO_CONTENT (referrer: -; agent: python-requests/2.9.1)
Jul 29 20:30:36 mas01 sh[16652]: 2018-07-29 20:30:36 regiond: [info] 192.168.11.42 POST /MAAS/metadata/status/k438ck HTTP/1.1 --> 204 NO_CONTENT (referrer: -; agent: python-requests/2.9.1)
Jul 29 20:30:36 mas01 sh[16648]: 2018-07-29 20:30:36 regiond: [info] 192.168.11.43 POST /MAAS/metadata/status/4egq4y HTTP/1.1 --> 204 NO_CONTENT (referrer: -; agent: python-requests/2.9.1)
Jul 29 20:30:36 mas01 sh[16652]: 2018-07-29 20:30:36 regiond: [info] 192.168.11.43 POST /MAAS/metadata/status/4egq4y HTTP/1.1 --> 204 NO_CONTENT (referrer: -; agent: python-requests/2.9.1)
Jul 29 20:30:36 mas01 sh[17172]: 2018-07-29 20:30:36 regiond: [info] 192.168.11.43 POST /MAAS/metadata/status/4egq4y HTTP/1.1 --> 204 NO_CONTENT (referrer: -; agent: python-requests/2.9.1)
Jul 29 20:30:36 mas01 sh[16662]: 2018-07-29 20:30:36 regiond: [info] 192.168.11.43 POST /MAAS/metadata/status/4egq4y HTTP/1.1 --> 204 NO_CONTENT (referrer: -; agent: python-requests/2.9.1)
Jul 29 20:30:36 mas01 sh[17172]: 2018-07-29 20:30:36 regiond: [info] 192.168.11.42 POST /MAAS/metadata/status/k438ck HTTP/1.1 --> 204 NO_CONTENT (referrer: -; agent: python-requests/2.9.1)
Jul 29 20:30:36 mas01 sh[16652]: 2018-07-29 20:30:36 regiond: [info] 192.168.11.42 POST /MAAS/metadata/status/k438ck HTTP/1.1 --> 204 NO_CONTENT (referrer: -; agent: python-requests/2.9.1)
Jul 29 20:30:36 mas01 sh[16648]: 2018-07-29 20:30:36 regiond: [info] 192.168.11.42 POST /MAAS/metadata/status/k438ck HTTP/1.1 --> 204 NO_CONTENT (referrer: -; agent: python-requests/2.9.1)
Jul 29 20:30:36 mas01 sh[16648]: 2018-07-29 20:30:36 regiond: [info] 192.168.11.42 POST /MAAS/metadata/status/k438ck HTTP/1.1 --> 204 NO_CONTENT (referrer: -; agent: python-requests/2.9.1)
Jul 29 20:30:36 mas01 sh[16652]: 2018-07-29 20:30:36 regiond: [info] 192.168.11.43 POST /MAAS/metadata/status/4egq4y HTTP/1.1 --> 204 NO_CONTENT (referrer: -; agent: python-requests/2.9.1)
Jul 29 20:30:36 mas01 sh[16652]: 2018-07-29 20:30:36 regiond: [info] 192.168.11.43 POST /MAAS/metadata/status/4egq4y HTTP/1.1 --> 204 NO_CONTENT (referrer: -; agent: python-requests/2.9.1)
Jul 29 20:30:36 mas01 sh[16662]: 2018-07-29 20:30:36 regiond: [info] 192.168.11.43 POST /MAAS/metadata/status/4egq4y HTTP/1.1 --> 204 NO_CONTENT (referrer: -; agent: python-requests/2.9.1)
Jul 29 20:30:36 mas01 sh[16648]: 2018-07-29 20:30:36 regiond: [info] 192.168.11.43 POST /MAAS/metadata/status/4egq4y HTTP/1.1 --> 204 NO_CONTENT (referrer: -; agent: python-requests/2.9.1)
Jul 29 20:30:36 mas01 sh[17172]: 2018-07-29 20:30:36 regiond: [info] 192.168.11.42 POST /MAAS/metadata/status/k438ck HTTP/1.1 --> 204 NO_CONTENT (referrer: -; agent: python-requests/2.9.1)
Jul 29 20:30:36 mas01 sh[16662]: 2018-07-29 20:30:36 regiond: [info] 192.168.11.42 POST /MAAS/metadata/status/k438ck HTTP/1.1 --> 204 NO_CONTENT (referrer: -; agent: python-requests/2.9.1)
Jul 29 20:30:36 mas01 salt-minion[1281]: [INFO    ] User sudo_ubuntu Executing command state.apply with jid 20180729203036652275
Jul 29 20:30:36 mas01 sh[16648]: 2018-07-29 20:30:36 regiond: [info] 192.168.11.42 POST /MAAS/metadata/status/k438ck HTTP/1.1 --> 204 NO_CONTENT (referrer: -; agent: python-requests/2.9.1)
Jul 29 20:30:36 mas01 sh[16662]: 2018-07-29 20:30:36 regiond: [info] 192.168.11.42 POST /MAAS/metadata/status/k438ck HTTP/1.1 --> 204 NO_CONTENT (referrer: -; agent: python-requests/2.9.1)
Jul 29 20:30:36 mas01 salt-minion[1281]: [INFO    ] Starting a new job with PID 19240
Jul 29 20:30:36 mas01 sh[17172]: 2018-07-29 20:30:36 regiond: [info] 192.168.11.43 POST /MAAS/metadata/status/4egq4y HTTP/1.1 --> 204 NO_CONTENT (referrer: -; agent: python-requests/2.9.1)
Jul 29 20:30:36 mas01 sh[17172]: 2018-07-29 20:30:36 regiond: [info] 192.168.11.43 POST /MAAS/metadata/status/4egq4y HTTP/1.1 --> 204 NO_CONTENT (referrer: -; agent: python-requests/2.9.1)
Jul 29 20:30:36 mas01 sh[16652]: 2018-07-29 20:30:36 regiond: [info] 192.168.11.43 POST /MAAS/metadata/status/4egq4y HTTP/1.1 --> 204 NO_CONTENT (referrer: -; agent: python-requests/2.9.1)
Jul 29 20:30:36 mas01 sh[16662]: 2018-07-29 20:30:36 regiond: [info] 192.168.11.43 POST /MAAS/metadata/status/4egq4y HTTP/1.1 --> 204 NO_CONTENT (referrer: -; agent: python-requests/2.9.1)
Jul 29 20:30:37 mas01 dhcpd[18270]: execute_statement argv[0] = /usr/sbin/maas-dhcp-helper
Jul 29 20:30:37 mas01 dhcpd[18270]: execute_statement argv[1] = notify
Jul 29 20:30:37 mas01 dhcpd[18270]: execute_statement argv[2] = --action
Jul 29 20:30:37 mas01 dhcpd[18270]: execute_statement argv[3] = expiry
Jul 29 20:30:37 mas01 dhcpd[18270]: execute_statement argv[4] = --mac
Jul 29 20:30:37 mas01 dhcpd[18270]: execute_statement argv[5] = 0:25:b5:a0:0:4a
Jul 29 20:30:37 mas01 dhcpd[18270]: execute_statement argv[6] = --ip-family
Jul 29 20:30:37 mas01 dhcpd[18270]: execute_statement argv[7] = ipv4
Jul 29 20:30:37 mas01 dhcpd[18270]: execute_statement argv[8] = --ip
Jul 29 20:30:37 mas01 dhcpd[18270]: execute_statement argv[9] = 192.168.11.44
Jul 29 20:30:37 mas01 dhcpd[18270]: execute_statement argv[10] = --socket
Jul 29 20:30:37 mas01 dhcpd[18270]: execute_statement argv[11] = /var/lib/maas/dhcpd.sock
Jul 29 20:30:37 mas01 sh[16648]: 2018-07-29 20:30:37 maasserver.rpc.leases: [info] Lease update: expiry for 192.168.11.44 on 0:25:b5:a0:0:4a at 2018-07-29 20:30:37
Jul 29 20:30:37 mas01 dhcpd[18270]: DHCPDISCOVER from 00:25:b5:a0:00:4a via ens5
Jul 29 20:30:37 mas01 dhcpd[18270]: DHCPOFFER on 192.168.11.44 to 00:25:b5:a0:00:4a (kvm03) via ens5
Jul 29 20:30:37 mas01 dhcpd[18270]: execute_statement argv[0] = /usr/sbin/maas-dhcp-helper
Jul 29 20:30:37 mas01 dhcpd[18270]: execute_statement argv[1] = notify
Jul 29 20:30:37 mas01 dhcpd[18270]: execute_statement argv[2] = --action
Jul 29 20:30:37 mas01 dhcpd[18270]: execute_statement argv[3] = commit
Jul 29 20:30:37 mas01 dhcpd[18270]: execute_statement argv[4] = --mac
Jul 29 20:30:37 mas01 dhcpd[18270]: execute_statement argv[5] = 0:25:b5:a0:0:4a
Jul 29 20:30:37 mas01 dhcpd[18270]: execute_statement argv[6] = --ip-family
Jul 29 20:30:37 mas01 dhcpd[18270]: execute_statement argv[7] = ipv4
Jul 29 20:30:37 mas01 dhcpd[18270]: execute_statement argv[8] = --ip
Jul 29 20:30:37 mas01 dhcpd[18270]: execute_statement argv[9] = 192.168.11.44
Jul 29 20:30:37 mas01 dhcpd[18270]: execute_statement argv[10] = --lease-time
Jul 29 20:30:37 mas01 dhcpd[18270]: execute_statement argv[11] = 600
Jul 29 20:30:37 mas01 dhcpd[18270]: execute_statement argv[12] = --hostname
Jul 29 20:30:37 mas01 dhcpd[18270]: execute_statement argv[13] = kvm03
Jul 29 20:30:37 mas01 dhcpd[18270]: execute_statement argv[14] = --socket
Jul 29 20:30:37 mas01 dhcpd[18270]: execute_statement argv[15] = /var/lib/maas/dhcpd.sock
Jul 29 20:30:37 mas01 dhcpd[18270]: DHCPREQUEST for 192.168.11.44 (192.168.11.3) from 00:25:b5:a0:00:4a (kvm03) via ens5
Jul 29 20:30:37 mas01 dhcpd[18270]: DHCPACK on 192.168.11.44 to 00:25:b5:a0:00:4a (kvm03) via ens5
Jul 29 20:30:37 mas01 dhcpd[18270]: DHCPDISCOVER from 00:25:b5:a0:00:3a via ens5
Jul 29 20:30:37 mas01 dhcpd[18270]: DHCPOFFER on 192.168.11.45 to 00:25:b5:a0:00:3a (kvm02) via ens5
Jul 29 20:30:37 mas01 dhcpd[18270]: execute_statement argv[0] = /usr/sbin/maas-dhcp-helper
Jul 29 20:30:37 mas01 dhcpd[18270]: execute_statement argv[1] = notify
Jul 29 20:30:37 mas01 dhcpd[18270]: execute_statement argv[2] = --action
Jul 29 20:30:37 mas01 dhcpd[18270]: execute_statement argv[3] = commit
Jul 29 20:30:37 mas01 dhcpd[18270]: execute_statement argv[4] = --mac
Jul 29 20:30:37 mas01 dhcpd[18270]: execute_statement argv[5] = 0:25:b5:a0:0:3a
Jul 29 20:30:37 mas01 dhcpd[18270]: execute_statement argv[6] = --ip-family
Jul 29 20:30:37 mas01 dhcpd[18270]: execute_statement argv[7] = ipv4
Jul 29 20:30:37 mas01 dhcpd[18270]: execute_statement argv[8] = --ip
Jul 29 20:30:37 mas01 dhcpd[18270]: execute_statement argv[9] = 192.168.11.45
Jul 29 20:30:37 mas01 dhcpd[18270]: execute_statement argv[10] = --lease-time
Jul 29 20:30:37 mas01 dhcpd[18270]: execute_statement argv[11] = 600
Jul 29 20:30:37 mas01 dhcpd[18270]: execute_statement argv[12] = --hostname
Jul 29 20:30:37 mas01 dhcpd[18270]: execute_statement argv[13] = kvm02
Jul 29 20:30:37 mas01 dhcpd[18270]: execute_statement argv[14] = --socket
Jul 29 20:30:37 mas01 dhcpd[18270]: execute_statement argv[15] = /var/lib/maas/dhcpd.sock
Jul 29 20:30:37 mas01 dhcpd[18270]: DHCPREQUEST for 192.168.11.45 (192.168.11.3) from 00:25:b5:a0:00:3a (kvm02) via ens5
Jul 29 20:30:37 mas01 dhcpd[18270]: DHCPACK on 192.168.11.45 to 00:25:b5:a0:00:3a (kvm02) via ens5
Jul 29 20:30:37 mas01 sh[16662]: 2018-07-29 20:30:37 maasserver.rpc.leases: [info] Lease update: commit for 192.168.11.44 on 0:25:b5:a0:0:4a at 2018-07-29 20:30:37 (lease time: 600s) (hostname: kvm03)
Jul 29 20:30:37 mas01 sh[16662]: 2018-07-29 20:30:37 maasserver.rpc.leases: [info] Lease update: commit for 192.168.11.45 on 0:25:b5:a0:0:3a at 2018-07-29 20:30:37 (lease time: 600s) (hostname: kvm02)
Jul 29 20:30:37 mas01 named[16577]: received control channel command 'reload'
Jul 29 20:30:37 mas01 named[16577]: loading configuration from '/etc/bind/named.conf'
Jul 29 20:30:37 mas01 named[16577]: reading built-in trusted keys from file '/etc/bind/bind.keys'
Jul 29 20:30:37 mas01 named[16577]: initializing GeoIP Country (IPv4) (type 1) DB
Jul 29 20:30:37 mas01 named[16577]: GEO-106FREE 20160408 Bu
Jul 29 20:30:37 mas01 named[16577]: initializing GeoIP Country (IPv6) (type 12) DB
Jul 29 20:30:37 mas01 named[16577]: GEO-106FREE 20160408 Bu
Jul 29 20:30:37 mas01 named[16577]: GeoIP City (IPv4) (type 2) DB not available
Jul 29 20:30:37 mas01 named[16577]: GeoIP City (IPv4) (type 6) DB not available
Jul 29 20:30:37 mas01 named[16577]: GeoIP City (IPv6) (type 30) DB not available
Jul 29 20:30:37 mas01 named[16577]: GeoIP City (IPv6) (type 31) DB not available
Jul 29 20:30:37 mas01 named[16577]: GeoIP Region (type 3) DB not available
Jul 29 20:30:37 mas01 named[16577]: GeoIP Region (type 7) DB not available
Jul 29 20:30:37 mas01 named[16577]: GeoIP ISP (type 4) DB not available
Jul 29 20:30:37 mas01 named[16577]: GeoIP Org (type 5) DB not available
Jul 29 20:30:37 mas01 named[16577]: GeoIP AS (type 9) DB not available
Jul 29 20:30:37 mas01 named[16577]: GeoIP Domain (type 11) DB not available
