Jul 25 11:11:14 mas01 sh[17291]: 2018-07-25 11:11:14 regiond: [info] 192.168.11.42 POST /MAAS/metadata/status/7ypkcc HTTP/1.1 --> 204 NO_CONTENT (referrer: -; agent: python-requests/2.9.1)
Jul 25 11:11:14 mas01 sh[16817]: 2018-07-25 11:11:14 regiond: [info] 192.168.11.43 POST /MAAS/metadata/status/wxedgd HTTP/1.1 --> 204 NO_CONTENT (referrer: -; agent: python-requests/2.9.1)
Jul 25 11:11:14 mas01 sh[16825]: 2018-07-25 11:11:14 regiond: [info] 192.168.11.41 POST /MAAS/metadata/status/7pn4xc HTTP/1.1 --> 204 NO_CONTENT (referrer: -; agent: python-requests/2.9.1)
Jul 25 11:11:14 mas01 sh[16817]: 2018-07-25 11:11:14 regiond: [info] 192.168.11.42 POST /MAAS/metadata/status/7ypkcc HTTP/1.1 --> 204 NO_CONTENT (referrer: -; agent: python-requests/2.9.1)
Jul 25 11:11:14 mas01 sh[16821]: 2018-07-25 11:11:14 regiond: [info] 192.168.11.43 POST /MAAS/metadata/status/wxedgd HTTP/1.1 --> 204 NO_CONTENT (referrer: -; agent: python-requests/2.9.1)
Jul 25 11:11:14 mas01 sh[17291]: 2018-07-25 11:11:14 regiond: [info] 192.168.11.41 POST /MAAS/metadata/status/7pn4xc HTTP/1.1 --> 204 NO_CONTENT (referrer: -; agent: python-requests/2.9.1)
Jul 25 11:11:14 mas01 sh[16825]: 2018-07-25 11:11:14 regiond: [info] 192.168.11.42 POST /MAAS/metadata/status/7ypkcc HTTP/1.1 --> 204 NO_CONTENT (referrer: -; agent: python-requests/2.9.1)
Jul 25 11:11:14 mas01 sh[16825]: 2018-07-25 11:11:14 regiond: [info] 192.168.11.41 POST /MAAS/metadata/status/7pn4xc HTTP/1.1 --> 204 NO_CONTENT (referrer: -; agent: python-requests/2.9.1)
Jul 25 11:11:14 mas01 sh[16821]: 2018-07-25 11:11:14 regiond: [info] 192.168.11.42 POST /MAAS/metadata/status/7ypkcc HTTP/1.1 --> 204 NO_CONTENT (referrer: -; agent: python-requests/2.9.1)
Jul 25 11:11:14 mas01 sh[17291]: 2018-07-25 11:11:14 regiond: [info] 192.168.11.43 POST /MAAS/metadata/status/wxedgd HTTP/1.1 --> 204 NO_CONTENT (referrer: -; agent: python-requests/2.9.1)
Jul 25 11:11:14 mas01 sh[16821]: 2018-07-25 11:11:14 regiond: [info] 192.168.11.41 POST /MAAS/metadata/status/7pn4xc HTTP/1.1 --> 204 NO_CONTENT (referrer: -; agent: python-requests/2.9.1)
Jul 25 11:11:14 mas01 sh[16821]: 2018-07-25 11:11:14 regiond: [info] 192.168.11.42 POST /MAAS/metadata/status/7ypkcc HTTP/1.1 --> 204 NO_CONTENT (referrer: -; agent: python-requests/2.9.1)
Jul 25 11:11:14 mas01 sh[16817]: 2018-07-25 11:11:14 regiond: [info] 192.168.11.43 POST /MAAS/metadata/status/wxedgd HTTP/1.1 --> 204 NO_CONTENT (referrer: -; agent: python-requests/2.9.1)
Jul 25 11:11:14 mas01 sh[17291]: 2018-07-25 11:11:14 regiond: [info] 192.168.11.41 POST /MAAS/metadata/status/7pn4xc HTTP/1.1 --> 204 NO_CONTENT (referrer: -; agent: python-requests/2.9.1)
Jul 25 11:11:14 mas01 sh[16817]: 2018-07-25 11:11:14 regiond: [info] 192.168.11.43 POST /MAAS/metadata/status/wxedgd HTTP/1.1 --> 204 NO_CONTENT (referrer: -; agent: python-requests/2.9.1)
Jul 25 11:11:14 mas01 sh[16821]: 2018-07-25 11:11:14 regiond: [info] 192.168.11.42 POST /MAAS/metadata/status/7ypkcc HTTP/1.1 --> 204 NO_CONTENT (referrer: -; agent: python-requests/2.9.1)
Jul 25 11:11:14 mas01 sh[16821]: 2018-07-25 11:11:14 regiond: [info] 192.168.11.41 POST /MAAS/metadata/status/7pn4xc HTTP/1.1 --> 204 NO_CONTENT (referrer: -; agent: python-requests/2.9.1)
Jul 25 11:11:14 mas01 sh[17291]: 2018-07-25 11:11:14 regiond: [info] 192.168.11.43 POST /MAAS/metadata/status/wxedgd HTTP/1.1 --> 204 NO_CONTENT (referrer: -; agent: python-requests/2.9.1)
Jul 25 11:11:14 mas01 sh[16825]: 2018-07-25 11:11:14 regiond: [info] 192.168.11.42 POST /MAAS/metadata/status/7ypkcc HTTP/1.1 --> 204 NO_CONTENT (referrer: -; agent: python-requests/2.9.1)
Jul 25 11:11:14 mas01 sh[16817]: 2018-07-25 11:11:14 regiond: [info] 192.168.11.41 POST /MAAS/metadata/status/7pn4xc HTTP/1.1 --> 204 NO_CONTENT (referrer: -; agent: python-requests/2.9.1)
Jul 25 11:11:14 mas01 sh[17291]: 2018-07-25 11:11:14 regiond: [info] 192.168.11.43 POST /MAAS/metadata/status/wxedgd HTTP/1.1 --> 204 NO_CONTENT (referrer: -; agent: python-requests/2.9.1)
Jul 25 11:11:14 mas01 sh[16825]: 2018-07-25 11:11:14 regiond: [info] 192.168.11.42 POST /MAAS/metadata/status/7ypkcc HTTP/1.1 --> 204 NO_CONTENT (referrer: -; agent: python-requests/2.9.1)
Jul 25 11:11:14 mas01 sh[16817]: 2018-07-25 11:11:14 regiond: [info] 192.168.11.41 POST /MAAS/metadata/status/7pn4xc HTTP/1.1 --> 204 NO_CONTENT (referrer: -; agent: python-requests/2.9.1)
Jul 25 11:11:14 mas01 sh[16817]: 2018-07-25 11:11:14 regiond: [info] 192.168.11.42 POST /MAAS/metadata/status/7ypkcc HTTP/1.1 --> 204 NO_CONTENT (referrer: -; agent: python-requests/2.9.1)
Jul 25 11:11:14 mas01 sh[16825]: 2018-07-25 11:11:14 regiond: [info] 192.168.11.43 POST /MAAS/metadata/status/wxedgd HTTP/1.1 --> 204 NO_CONTENT (referrer: -; agent: python-requests/2.9.1)
Jul 25 11:11:14 mas01 sh[16821]: 2018-07-25 11:11:14 regiond: [info] 192.168.11.41 POST /MAAS/metadata/status/7pn4xc HTTP/1.1 --> 204 NO_CONTENT (referrer: -; agent: python-requests/2.9.1)
Jul 25 11:11:14 mas01 sh[16825]: 2018-07-25 11:11:14 regiond: [info] 192.168.11.42 POST /MAAS/metadata/status/7ypkcc HTTP/1.1 --> 204 NO_CONTENT (referrer: -; agent: python-requests/2.9.1)
Jul 25 11:11:14 mas01 sh[16825]: 2018-07-25 11:11:14 regiond: [info] 192.168.11.43 POST /MAAS/metadata/status/wxedgd HTTP/1.1 --> 204 NO_CONTENT (referrer: -; agent: python-requests/2.9.1)
Jul 25 11:11:14 mas01 sh[16821]: 2018-07-25 11:11:14 regiond: [info] 192.168.11.41 POST /MAAS/metadata/status/7pn4xc HTTP/1.1 --> 204 NO_CONTENT (referrer: -; agent: python-requests/2.9.1)
Jul 25 11:11:14 mas01 sh[16817]: 2018-07-25 11:11:14 regiond: [info] 192.168.11.42 POST /MAAS/metadata/status/7ypkcc HTTP/1.1 --> 204 NO_CONTENT (referrer: -; agent: python-requests/2.9.1)
Jul 25 11:11:14 mas01 sh[16817]: 2018-07-25 11:11:14 regiond: [info] 192.168.11.43 POST /MAAS/metadata/status/wxedgd HTTP/1.1 --> 204 NO_CONTENT (referrer: -; agent: python-requests/2.9.1)
Jul 25 11:11:14 mas01 sh[16817]: 2018-07-25 11:11:14 regiond: [info] 192.168.11.42 POST /MAAS/metadata/status/7ypkcc HTTP/1.1 --> 204 NO_CONTENT (referrer: -; agent: python-requests/2.9.1)
Jul 25 11:11:14 mas01 sh[17291]: 2018-07-25 11:11:14 regiond: [info] 192.168.11.41 POST /MAAS/metadata/status/7pn4xc HTTP/1.1 --> 204 NO_CONTENT (referrer: -; agent: python-requests/2.9.1)
Jul 25 11:11:14 mas01 sh[16825]: 2018-07-25 11:11:14 regiond: [info] 192.168.11.43 POST /MAAS/metadata/status/wxedgd HTTP/1.1 --> 204 NO_CONTENT (referrer: -; agent: python-requests/2.9.1)
Jul 25 11:11:14 mas01 sh[16825]: 2018-07-25 11:11:14 regiond: [info] 192.168.11.42 POST /MAAS/metadata/status/7ypkcc HTTP/1.1 --> 204 NO_CONTENT (referrer: -; agent: python-requests/2.9.1)
Jul 25 11:11:14 mas01 sh[16825]: 2018-07-25 11:11:14 regiond: [info] 192.168.11.43 POST /MAAS/metadata/status/wxedgd HTTP/1.1 --> 204 NO_CONTENT (referrer: -; agent: python-requests/2.9.1)
Jul 25 11:11:14 mas01 sh[17291]: 2018-07-25 11:11:14 regiond: [info] 192.168.11.41 POST /MAAS/metadata/status/7pn4xc HTTP/1.1 --> 204 NO_CONTENT (referrer: -; agent: python-requests/2.9.1)
Jul 25 11:11:14 mas01 sh[16817]: 2018-07-25 11:11:14 regiond: [info] 192.168.11.43 POST /MAAS/metadata/status/wxedgd HTTP/1.1 --> 204 NO_CONTENT (referrer: -; agent: python-requests/2.9.1)
Jul 25 11:11:14 mas01 sh[16825]: 2018-07-25 11:11:14 regiond: [info] 192.168.11.41 POST /MAAS/metadata/status/7pn4xc HTTP/1.1 --> 204 NO_CONTENT (referrer: -; agent: python-requests/2.9.1)
Jul 25 11:11:14 mas01 sh[17291]: 2018-07-25 11:11:14 regiond: [info] 192.168.11.42 POST /MAAS/metadata/status/7ypkcc HTTP/1.1 --> 204 NO_CONTENT (referrer: -; agent: python-requests/2.9.1)
Jul 25 11:11:14 mas01 sh[16825]: 2018-07-25 11:11:14 regiond: [info] 192.168.11.42 POST /MAAS/metadata/status/7ypkcc HTTP/1.1 --> 204 NO_CONTENT (referrer: -; agent: python-requests/2.9.1)
Jul 25 11:11:14 mas01 sh[17291]: 2018-07-25 11:11:14 regiond: [info] 192.168.11.43 POST /MAAS/metadata/status/wxedgd HTTP/1.1 --> 204 NO_CONTENT (referrer: -; agent: python-requests/2.9.1)
Jul 25 11:11:14 mas01 sh[16825]: 2018-07-25 11:11:14 regiond: [info] 192.168.11.41 POST /MAAS/metadata/status/7pn4xc HTTP/1.1 --> 204 NO_CONTENT (referrer: -; agent: python-requests/2.9.1)
Jul 25 11:11:14 mas01 sh[16821]: 2018-07-25 11:11:14 regiond: [info] 192.168.11.42 POST /MAAS/metadata/status/7ypkcc HTTP/1.1 --> 204 NO_CONTENT (referrer: -; agent: python-requests/2.9.1)
Jul 25 11:11:14 mas01 sh[16825]: 2018-07-25 11:11:14 regiond: [info] 192.168.11.43 POST /MAAS/metadata/status/wxedgd HTTP/1.1 --> 204 NO_CONTENT (referrer: -; agent: python-requests/2.9.1)
Jul 25 11:11:14 mas01 sh[16817]: 2018-07-25 11:11:14 regiond: [info] 192.168.11.41 POST /MAAS/metadata/status/7pn4xc HTTP/1.1 --> 204 NO_CONTENT (referrer: -; agent: python-requests/2.9.1)
Jul 25 11:11:14 mas01 sh[17291]: 2018-07-25 11:11:14 regiond: [info] 192.168.11.42 POST /MAAS/metadata/status/7ypkcc HTTP/1.1 --> 204 NO_CONTENT (referrer: -; agent: python-requests/2.9.1)
Jul 25 11:11:14 mas01 sh[16825]: 2018-07-25 11:11:14 regiond: [info] 192.168.11.43 POST /MAAS/metadata/status/wxedgd HTTP/1.1 --> 204 NO_CONTENT (referrer: -; agent: python-requests/2.9.1)
Jul 25 11:11:14 mas01 sh[16825]: 2018-07-25 11:11:14 regiond: [info] 192.168.11.41 POST /MAAS/metadata/status/7pn4xc HTTP/1.1 --> 204 NO_CONTENT (referrer: -; agent: python-requests/2.9.1)
Jul 25 11:11:14 mas01 sh[16825]: 2018-07-25 11:11:14 regiond: [info] 192.168.11.42 POST /MAAS/metadata/status/7ypkcc HTTP/1.1 --> 204 NO_CONTENT (referrer: -; agent: python-requests/2.9.1)
Jul 25 11:11:14 mas01 sh[16817]: 2018-07-25 11:11:14 regiond: [info] 192.168.11.43 POST /MAAS/metadata/status/wxedgd HTTP/1.1 --> 204 NO_CONTENT (referrer: -; agent: python-requests/2.9.1)
Jul 25 11:11:14 mas01 sh[16821]: 2018-07-25 11:11:14 regiond: [info] 192.168.11.41 POST /MAAS/metadata/status/7pn4xc HTTP/1.1 --> 204 NO_CONTENT (referrer: -; agent: python-requests/2.9.1)
Jul 25 11:11:14 mas01 sh[17291]: 2018-07-25 11:11:14 regiond: [info] 192.168.11.42 POST /MAAS/metadata/status/7ypkcc HTTP/1.1 --> 204 NO_CONTENT (referrer: -; agent: python-requests/2.9.1)
Jul 25 11:11:14 mas01 sh[16825]: 2018-07-25 11:11:14 regiond: [info] 192.168.11.43 POST /MAAS/metadata/status/wxedgd HTTP/1.1 --> 204 NO_CONTENT (referrer: -; agent: python-requests/2.9.1)
Jul 25 11:11:14 mas01 sh[17291]: 2018-07-25 11:11:14 regiond: [info] 192.168.11.41 POST /MAAS/metadata/status/7pn4xc HTTP/1.1 --> 204 NO_CONTENT (referrer: -; agent: python-requests/2.9.1)
Jul 25 11:11:14 mas01 sh[16821]: 2018-07-25 11:11:14 regiond: [info] 192.168.11.42 POST /MAAS/metadata/status/7ypkcc HTTP/1.1 --> 204 NO_CONTENT (referrer: -; agent: python-requests/2.9.1)
Jul 25 11:11:14 mas01 sh[16817]: 2018-07-25 11:11:14 regiond: [info] 192.168.11.43 POST /MAAS/metadata/status/wxedgd HTTP/1.1 --> 204 NO_CONTENT (referrer: -; agent: python-requests/2.9.1)
Jul 25 11:11:14 mas01 sh[17291]: 2018-07-25 11:11:14 regiond: [info] 192.168.11.42 POST /MAAS/metadata/status/7ypkcc HTTP/1.1 --> 204 NO_CONTENT (referrer: -; agent: python-requests/2.9.1)
Jul 25 11:11:14 mas01 sh[16817]: 2018-07-25 11:11:14 regiond: [info] 192.168.11.43 POST /MAAS/metadata/status/wxedgd HTTP/1.1 --> 204 NO_CONTENT (referrer: -; agent: python-requests/2.9.1)
Jul 25 11:11:14 mas01 sh[16825]: 2018-07-25 11:11:14 regiond: [info] 192.168.11.41 POST /MAAS/metadata/status/7pn4xc HTTP/1.1 --> 204 NO_CONTENT (referrer: -; agent: python-requests/2.9.1)
Jul 25 11:11:14 mas01 sh[16821]: 2018-07-25 11:11:14 regiond: [info] 192.168.11.42 POST /MAAS/metadata/status/7ypkcc HTTP/1.1 --> 204 NO_CONTENT (referrer: -; agent: python-requests/2.9.1)
Jul 25 11:11:14 mas01 sh[16821]: 2018-07-25 11:11:14 regiond: [info] 192.168.11.43 POST /MAAS/metadata/status/wxedgd HTTP/1.1 --> 204 NO_CONTENT (referrer: -; agent: python-requests/2.9.1)
Jul 25 11:11:14 mas01 sh[16817]: 2018-07-25 11:11:14 regiond: [info] 192.168.11.41 POST /MAAS/metadata/status/7pn4xc HTTP/1.1 --> 204 NO_CONTENT (referrer: -; agent: python-requests/2.9.1)
Jul 25 11:11:14 mas01 sh[16817]: 2018-07-25 11:11:14 regiond: [info] 192.168.11.42 POST /MAAS/metadata/status/7ypkcc HTTP/1.1 --> 204 NO_CONTENT (referrer: -; agent: python-requests/2.9.1)
Jul 25 11:11:14 mas01 sh[17291]: 2018-07-25 11:11:14 regiond: [info] 192.168.11.41 POST /MAAS/metadata/status/7pn4xc HTTP/1.1 --> 204 NO_CONTENT (referrer: -; agent: python-requests/2.9.1)
Jul 25 11:11:14 mas01 sh[17291]: 2018-07-25 11:11:14 regiond: [info] 192.168.11.43 POST /MAAS/metadata/status/wxedgd HTTP/1.1 --> 204 NO_CONTENT (referrer: -; agent: python-requests/2.9.1)
Jul 25 11:11:14 mas01 sh[17291]: message repeated 2 times: [ 2018-07-25 11:11:14 regiond: [info] 192.168.11.43 POST /MAAS/metadata/status/wxedgd HTTP/1.1 --> 204 NO_CONTENT (referrer: -; agent: python-requests/2.9.1)]
Jul 25 11:11:14 mas01 sh[16825]: 2018-07-25 11:11:14 regiond: [info] 192.168.11.43 POST /MAAS/metadata/status/wxedgd HTTP/1.1 --> 204 NO_CONTENT (referrer: -; agent: python-requests/2.9.1)
Jul 25 11:11:14 mas01 sh[16817]: 2018-07-25 11:11:14 regiond: [info] 192.168.11.43 POST /MAAS/metadata/status/wxedgd HTTP/1.1 --> 204 NO_CONTENT (referrer: -; agent: python-requests/2.9.1)
Jul 25 11:11:14 mas01 sh[16825]: 2018-07-25 11:11:14 regiond: [info] 192.168.11.43 POST /MAAS/metadata/status/wxedgd HTTP/1.1 --> 204 NO_CONTENT (referrer: -; agent: python-requests/2.9.1)
Jul 25 11:11:19 mas01 sh[16825]: 2018-07-25 11:11:19 regiond: [info] 192.168.11.42 GET /MAAS/metadata/2012-03-01/maas-scripts/ HTTP/1.1 --> 200 OK (referrer: -; agent: Python-urllib/3.5)
Jul 25 11:11:19 mas01 sh[17291]: 2018-07-25 11:11:19 regiond: [info] 192.168.11.42 POST /MAAS/metadata/2012-03-01/ HTTP/1.1 --> 200 OK (referrer: -; agent: Python-urllib/3.5)
Jul 25 11:11:19 mas01 sh[16821]: 2018-07-25 11:11:19 regiond: [info] 192.168.11.43 GET /MAAS/metadata/2012-03-01/maas-scripts/ HTTP/1.1 --> 200 OK (referrer: -; agent: Python-urllib/3.5)
Jul 25 11:11:19 mas01 sh[16825]: 2018-07-25 11:11:19 regiond: [info] 192.168.11.43 POST /MAAS/metadata/2012-03-01/ HTTP/1.1 --> 200 OK (referrer: -; agent: Python-urllib/3.5)
Jul 25 11:11:19 mas01 sh[17291]: 2018-07-25 11:11:19 regiond: [info] 192.168.11.42 POST /MAAS/metadata/2012-03-01/ HTTP/1.1 --> 200 OK (referrer: -; agent: Python-urllib/3.5)
Jul 25 11:11:19 mas01 sh[17291]: 2018-07-25 11:11:19 regiond: [info] 192.168.11.41 POST /MAAS/metadata/2012-03-01/ HTTP/1.1 --> 200 OK (referrer: -; agent: Python-urllib/3.5)
Jul 25 11:11:19 mas01 sh[16817]: 2018-07-25 11:11:19 regiond: [info] 192.168.11.41 GET /MAAS/metadata/2012-03-01/maas-scripts/ HTTP/1.1 --> 200 OK (referrer: -; agent: Python-urllib/3.5)
Jul 25 11:11:19 mas01 sh[16825]: 2018-07-25 11:11:19 regiond: [info] 192.168.11.43 POST /MAAS/metadata/2012-03-01/ HTTP/1.1 --> 200 OK (referrer: -; agent: Python-urllib/3.5)
Jul 25 11:11:19 mas01 sh[16825]: 2018-07-25 11:11:19 regiond: [info] 192.168.11.41 POST /MAAS/metadata/2012-03-01/ HTTP/1.1 --> 200 OK (referrer: -; agent: Python-urllib/3.5)
Jul 25 11:11:19 mas01 sh[16821]: 2018-07-25 11:11:19 regiond: [info] 192.168.11.42 GET /MAAS/metadata/latest/by-id/7ypkcc/?op=get_preseed HTTP/1.1 --> 200 OK (referrer: -; agent: curl/7.47.0)
Jul 25 11:11:19 mas01 sh[17291]: 2018-07-25 11:11:19 regiond: [info] 192.168.11.43 GET /MAAS/metadata/latest/by-id/wxedgd/?op=get_preseed HTTP/1.1 --> 200 OK (referrer: -; agent: curl/7.47.0)
Jul 25 11:11:19 mas01 sh[16825]: 2018-07-25 11:11:19 regiond: [info] 192.168.11.41 GET /MAAS/metadata/latest/by-id/7pn4xc/?op=get_preseed HTTP/1.1 --> 200 OK (referrer: -; agent: curl/7.47.0)
Jul 25 11:11:19 mas01 sh[16825]: 2018-07-25 11:11:19 regiond: [info] 192.168.11.42 POST /MAAS/metadata/2012-03-01/ HTTP/1.1 --> 200 OK (referrer: -; agent: Python-urllib/3.5)
Jul 25 11:11:19 mas01 sh[17291]: 2018-07-25 11:11:19 regiond: [info] 192.168.11.43 POST /MAAS/metadata/2012-03-01/ HTTP/1.1 --> 200 OK (referrer: -; agent: Python-urllib/3.5)
Jul 25 11:11:20 mas01 sh[16817]: 2018-07-25 11:11:20 regiond: [info] 192.168.11.42 POST /MAAS/metadata/2012-03-01/ HTTP/1.1 --> 200 OK (referrer: -; agent: Python-urllib/3.5)
Jul 25 11:11:20 mas01 sh[16825]: 2018-07-25 11:11:20 regiond: [info] 192.168.11.41 POST /MAAS/metadata/2012-03-01/ HTTP/1.1 --> 200 OK (referrer: -; agent: Python-urllib/3.5)
Jul 25 11:11:20 mas01 sh[16821]: 2018-07-25 11:11:20 regiond: [info] 192.168.11.43 POST /MAAS/metadata/2012-03-01/ HTTP/1.1 --> 200 OK (referrer: -; agent: Python-urllib/3.5)
Jul 25 11:11:20 mas01 sh[16817]: 2018-07-25 11:11:20 regiond: [info] 192.168.11.43 POST /MAAS/metadata/2012-03-01/ HTTP/1.1 --> 200 OK (referrer: -; agent: Python-urllib/3.5)
Jul 25 11:11:20 mas01 sh[17291]: 2018-07-25 11:11:20 regiond: [info] 192.168.11.42 POST /MAAS/metadata/2012-03-01/ HTTP/1.1 --> 200 OK (referrer: -; agent: Python-urllib/3.5)
Jul 25 11:11:20 mas01 sh[16821]: 2018-07-25 11:11:20 regiond: [info] 192.168.11.41 POST /MAAS/metadata/2012-03-01/ HTTP/1.1 --> 200 OK (referrer: -; agent: Python-urllib/3.5)
Jul 25 11:11:20 mas01 sh[16817]: 2018-07-25 11:11:20 regiond: [info] 192.168.11.43 POST /MAAS/metadata/2012-03-01/ HTTP/1.1 --> 200 OK (referrer: -; agent: Python-urllib/3.5)
Jul 25 11:11:20 mas01 sh[16821]: 2018-07-25 11:11:20 regiond: [info] 192.168.11.42 POST /MAAS/metadata/2012-03-01/ HTTP/1.1 --> 200 OK (referrer: -; agent: Python-urllib/3.5)
Jul 25 11:11:20 mas01 sh[16817]: 2018-07-25 11:11:20 regiond: [info] 192.168.11.41 POST /MAAS/metadata/2012-03-01/ HTTP/1.1 --> 200 OK (referrer: -; agent: Python-urllib/3.5)
Jul 25 11:11:20 mas01 sh[17291]: 2018-07-25 11:11:20 regiond: [info] 192.168.11.41 POST /MAAS/metadata/2012-03-01/ HTTP/1.1 --> 200 OK (referrer: -; agent: Python-urllib/3.5)
Jul 25 11:11:21 mas01 sh[16825]: 2018-07-25 11:11:21 regiond: [info] 192.168.11.42 POST /MAAS/metadata/2012-03-01/ HTTP/1.1 --> 200 OK (referrer: -; agent: Python-urllib/3.5)
Jul 25 11:11:21 mas01 sh[16821]: 2018-07-25 11:11:21 regiond: [info] 192.168.11.41 POST /MAAS/metadata/2012-03-01/ HTTP/1.1 --> 200 OK (referrer: -; agent: Python-urllib/3.5)
Jul 25 11:11:21 mas01 sh[16817]: 2018-07-25 11:11:21 regiond: [info] 192.168.11.42 POST /MAAS/metadata/2012-03-01/ HTTP/1.1 --> 200 OK (referrer: -; agent: Python-urllib/3.5)
Jul 25 11:11:21 mas01 sh[16817]: 2018-07-25 11:11:21 regiond: [info] 192.168.11.43 POST /MAAS/metadata/2012-03-01/ HTTP/1.1 --> 200 OK (referrer: -; agent: Python-urllib/3.5)
Jul 25 11:11:21 mas01 sh[16821]: 2018-07-25 11:11:21 regiond: [info] 192.168.11.41 POST /MAAS/metadata/2012-03-01/ HTTP/1.1 --> 200 OK (referrer: -; agent: Python-urllib/3.5)
Jul 25 11:11:21 mas01 sh[16821]: 2018-07-25 11:11:21 regiond: [info] 192.168.11.43 POST /MAAS/metadata/2012-03-01/ HTTP/1.1 --> 200 OK (referrer: -; agent: Python-urllib/3.5)
Jul 25 11:11:21 mas01 sh[17291]: 2018-07-25 11:11:21 regiond: [info] 192.168.11.42 POST /MAAS/metadata/2012-03-01/ HTTP/1.1 --> 200 OK (referrer: -; agent: Python-urllib/3.5)
Jul 25 11:11:21 mas01 salt-minion[1414]: [INFO    ] User sudo_ubuntu Executing command state.apply with jid 20180725111121455716
Jul 25 11:11:21 mas01 salt-minion[1414]: [INFO    ] Starting a new job with PID 19733
Jul 25 11:11:21 mas01 sh[16821]: 2018-07-25 11:11:21 regiond: [info] 192.168.11.41 POST /MAAS/metadata/2012-03-01/ HTTP/1.1 --> 200 OK (referrer: -; agent: Python-urllib/3.5)
Jul 25 11:11:21 mas01 sh[17291]: 2018-07-25 11:11:21 regiond: [info] 192.168.11.42 POST /MAAS/metadata/2012-03-01/ HTTP/1.1 --> 200 OK (referrer: -; agent: Python-urllib/3.5)
Jul 25 11:11:21 mas01 sh[17291]: 2018-07-25 11:11:21 regiond: [info] 192.168.11.43 POST /MAAS/metadata/2012-03-01/ HTTP/1.1 --> 200 OK (referrer: -; agent: Python-urllib/3.5)
Jul 25 11:11:21 mas01 sh[16817]: 2018-07-25 11:11:21 regiond: [info] 192.168.11.41 POST /MAAS/metadata/2012-03-01/ HTTP/1.1 --> 200 OK (referrer: -; agent: Python-urllib/3.5)
Jul 25 11:11:21 mas01 sh[17291]: 2018-07-25 11:11:21 regiond: [info] 192.168.11.43 POST /MAAS/metadata/2012-03-01/ HTTP/1.1 --> 200 OK (referrer: -; agent: Python-urllib/3.5)
Jul 25 11:11:23 mas01 salt-minion[1414]: [INFO    ] Loading fresh modules for state activity
Jul 25 11:11:23 mas01 salt-minion[1414]: [INFO    ] Running state [maas-region apikey --username opnfv > /var/lib/maas/.maas_credentials] at time 11:11:23.317277
Jul 25 11:11:23 mas01 salt-minion[1414]: [INFO    ] Executing state cmd.run for maas-region apikey --username opnfv > /var/lib/maas/.maas_credentials
Jul 25 11:11:23 mas01 salt-minion[1414]: [INFO    ] Executing command 'maas-region apikey --username opnfv > /var/lib/maas/.maas_credentials' in directory '/root'
Jul 25 11:11:23 mas01 sh[16825]: 2018-07-25 11:11:23 regiond: [info] 192.168.11.43 POST /MAAS/metadata/2012-03-01/ HTTP/1.1 --> 200 OK (referrer: -; agent: Python-urllib/3.5)
Jul 25 11:11:23 mas01 sh[16825]: 2018-07-25 11:11:23 regiond: [info] 192.168.11.41 POST /MAAS/metadata/2012-03-01/ HTTP/1.1 --> 200 OK (referrer: -; agent: Python-urllib/3.5)
Jul 25 11:11:23 mas01 sh[16825]: 2018-07-25 11:11:23 regiond: [info] 192.168.11.42 POST /MAAS/metadata/2012-03-01/ HTTP/1.1 --> 200 OK (referrer: -; agent: Python-urllib/3.5)
Jul 25 11:11:23 mas01 sh[17291]: 2018-07-25 11:11:23 regiond: [info] 192.168.11.42 POST /MAAS/metadata/2012-03-01/ HTTP/1.1 --> 200 OK (referrer: -; agent: Python-urllib/3.5)
Jul 25 11:11:23 mas01 sh[16825]: 2018-07-25 11:11:23 regiond: [info] 192.168.11.43 POST /MAAS/metadata/2012-03-01/ HTTP/1.1 --> 200 OK (referrer: -; agent: Python-urllib/3.5)
Jul 25 11:11:23 mas01 sh[16821]: 2018-07-25 11:11:23 regiond: [info] 192.168.11.41 POST /MAAS/metadata/2012-03-01/ HTTP/1.1 --> 200 OK (referrer: -; agent: Python-urllib/3.5)
Jul 25 11:11:23 mas01 sh[16825]: 2018-07-25 11:11:23 regiond: [info] 192.168.11.42 POST /MAAS/metadata/2012-03-01/ HTTP/1.1 --> 200 OK (referrer: -; agent: Python-urllib/3.5)
Jul 25 11:11:23 mas01 sh[16821]: 2018-07-25 11:11:23 regiond: [info] 192.168.11.43 POST /MAAS/metadata/2012-03-01/ HTTP/1.1 --> 200 OK (referrer: -; agent: Python-urllib/3.5)
Jul 25 11:11:23 mas01 sh[16825]: 2018-07-25 11:11:23 regiond: [info] 192.168.11.41 POST /MAAS/metadata/2012-03-01/ HTTP/1.1 --> 200 OK (referrer: -; agent: Python-urllib/3.5)
Jul 25 11:11:24 mas01 sh[17291]: 2018-07-25 11:11:24 regiond: [info] 192.168.11.41 POST /MAAS/metadata/2012-03-01/ HTTP/1.1 --> 200 OK (referrer: -; agent: Python-urllib/3.5)
Jul 25 11:11:24 mas01 sh[16817]: 2018-07-25 11:11:24 regiond: [info] 192.168.11.42 POST /MAAS/metadata/2012-03-01/ HTTP/1.1 --> 200 OK (referrer: -; agent: Python-urllib/3.5)
Jul 25 11:11:24 mas01 sh[16817]: 2018-07-25 11:11:24 regiond: [info] 192.168.11.43 POST /MAAS/metadata/2012-03-01/ HTTP/1.1 --> 200 OK (referrer: -; agent: Python-urllib/3.5)
Jul 25 11:11:24 mas01 sh[16817]: 2018-07-25 11:11:24 regiond: [info] 192.168.11.41 POST /MAAS/metadata/2012-03-01/ HTTP/1.1 --> 200 OK (referrer: -; agent: Python-urllib/3.5)
Jul 25 11:11:24 mas01 sh[16817]: 2018-07-25 11:11:24 regiond: [info] 192.168.11.42 POST /MAAS/metadata/2012-03-01/ HTTP/1.1 --> 200 OK (referrer: -; agent: Python-urllib/3.5)
Jul 25 11:11:24 mas01 sh[17291]: 2018-07-25 11:11:24 regiond: [info] 192.168.11.43 POST /MAAS/metadata/2012-03-01/ HTTP/1.1 --> 200 OK (referrer: -; agent: Python-urllib/3.5)
Jul 25 11:11:24 mas01 sh[16825]: 2018-07-25 11:11:24 regiond: [info] 192.168.11.41 POST /MAAS/metadata/2012-03-01/ HTTP/1.1 --> 200 OK (referrer: -; agent: Python-urllib/3.5)
Jul 25 11:11:24 mas01 sh[17291]: 2018-07-25 11:11:24 regiond: [info] 192.168.11.43 POST /MAAS/metadata/2012-03-01/ HTTP/1.1 --> 200 OK (referrer: -; agent: Python-urllib/3.5)
Jul 25 11:11:24 mas01 sh[16817]: 2018-07-25 11:11:24 regiond: [info] 192.168.11.42 POST /MAAS/metadata/2012-03-01/ HTTP/1.1 --> 200 OK (referrer: -; agent: Python-urllib/3.5)
Jul 25 11:11:24 mas01 sh[17291]: 2018-07-25 11:11:24 regiond: [info] 192.168.11.41 POST /MAAS/metadata/2012-03-01/ HTTP/1.1 --> 200 OK (referrer: -; agent: Python-urllib/3.5)
Jul 25 11:11:24 mas01 sh[16817]: 2018-07-25 11:11:24 regiond: [info] 192.168.11.43 POST /MAAS/metadata/2012-03-01/ HTTP/1.1 --> 200 OK (referrer: -; agent: Python-urllib/3.5)
Jul 25 11:11:24 mas01 sh[16817]: 2018-07-25 11:11:24 regiond: [info] 192.168.11.42 POST /MAAS/metadata/2012-03-01/ HTTP/1.1 --> 200 OK (referrer: -; agent: Python-urllib/3.5)
Jul 25 11:11:25 mas01 salt-minion[1414]: [INFO    ] {'pid': 19810, 'retcode': 0, 'stderr': '', 'stdout': ''}
Jul 25 11:11:25 mas01 salt-minion[1414]: [INFO    ] Completed state [maas-region apikey --username opnfv > /var/lib/maas/.maas_credentials] at time 11:11:25.260357 duration_in_ms=1943.083
Jul 25 11:11:25 mas01 salt-minion[1414]: [INFO    ] Running state [maas.machines_status] at time 11:11:25.264466
Jul 25 11:11:25 mas01 salt-minion[1414]: [INFO    ] Executing state module.run for maas.machines_status
Jul 25 11:11:25 mas01 sh[17291]: 2018-07-25 11:11:25 regiond: [info] 127.0.0.1 GET /MAAS/api/2.0/machines/ HTTP/1.1 --> 200 OK (referrer: -; agent: Python-urllib/2.7)
Jul 25 11:11:25 mas01 salt-minion[1414]: [INFO    ] {'ret': {'machines': [{'status': 'Commissioning', 'hostname': u'cmp002', 'system_id': u'h8ff63'}, {'status': 'Commissioning', 'hostname': u'cmp001', 'system_id': u'7pn4xc'}, {'status': 'Commissioning', 'hostname': u'kvm01', 'system_id': u'7ypkcc'}, {'status': 'Commissioning', 'hostname': u'kvm03', 'system_id': u'wxedgd'}, {'status': 'Commissioning', 'hostname': u'kvm02', 'system_id': u'dtdqan'}], 'summary': Counter({'Commissioning': 5})}}
Jul 25 11:11:25 mas01 salt-minion[1414]: [INFO    ] Completed state [maas.machines_status] at time 11:11:25.741215 duration_in_ms=476.747
Jul 25 11:11:25 mas01 salt-minion[1414]: [INFO    ] Returning information for job: 20180725111121455716
Jul 25 11:11:34 mas01 sh[17291]: 2018-07-25 11:11:34 regiond: [info] 192.168.11.41 POST /MAAS/metadata/2012-03-01/ HTTP/1.1 --> 200 OK (referrer: -; agent: Python-urllib/3.5)
Jul 25 11:11:34 mas01 sh[17291]: 2018-07-25 11:11:34 regiond: [info] 192.168.11.43 POST /MAAS/metadata/2012-03-01/ HTTP/1.1 --> 200 OK (referrer: -; agent: Python-urllib/3.5)
Jul 25 11:11:34 mas01 sh[16825]: 2018-07-25 11:11:34 regiond: [info] 192.168.11.42 POST /MAAS/metadata/2012-03-01/ HTTP/1.1 --> 200 OK (referrer: -; agent: Python-urllib/3.5)
Jul 25 11:11:34 mas01 sh[17291]: 2018-07-25 11:11:34 regiond: [info] 192.168.11.42 POST /MAAS/metadata/2012-03-01/ HTTP/1.1 --> 200 OK (referrer: -; agent: Python-urllib/3.5)
Jul 25 11:11:34 mas01 sh[17291]: 2018-07-25 11:11:34 regiond: [info] 192.168.11.41 POST /MAAS/metadata/2012-03-01/ HTTP/1.1 --> 200 OK (referrer: -; agent: Python-urllib/3.5)
Jul 25 11:11:34 mas01 sh[17291]: 2018-07-25 11:11:34 regiond: [info] 192.168.11.43 POST /MAAS/metadata/2012-03-01/ HTTP/1.1 --> 200 OK (referrer: -; agent: Python-urllib/3.5)
Jul 25 11:11:34 mas01 sh[16825]: 2018-07-25 11:11:34 regiond: [info] 192.168.11.41 POST /MAAS/metadata/2012-03-01/ HTTP/1.1 --> 200 OK (referrer: -; agent: Python-urllib/3.5)
Jul 25 11:11:34 mas01 sh[17291]: 2018-07-25 11:11:34 regiond: [info] 192.168.11.43 POST /MAAS/metadata/2012-03-01/ HTTP/1.1 --> 200 OK (referrer: -; agent: Python-urllib/3.5)
Jul 25 11:11:34 mas01 sh[16821]: 2018-07-25 11:11:34 regiond: [info] 192.168.11.42 POST /MAAS/metadata/2012-03-01/ HTTP/1.1 --> 200 OK (referrer: -; agent: Python-urllib/3.5)
Jul 25 11:11:34 mas01 sh[17291]: 2018-07-25 11:11:34 regiond: [info] 192.168.11.41 POST /MAAS/metadata/2012-03-01/ HTTP/1.1 --> 200 OK (referrer: -; agent: Python-urllib/3.5)
Jul 25 11:11:34 mas01 sh[17291]: 2018-07-25 11:11:34 regiond: [info] 192.168.11.42 POST /MAAS/metadata/2012-03-01/ HTTP/1.1 --> 200 OK (referrer: -; agent: Python-urllib/3.5)
Jul 25 11:11:34 mas01 sh[17291]: 2018-07-25 11:11:34 regiond: [info] 192.168.11.43 POST /MAAS/metadata/2012-03-01/ HTTP/1.1 --> 200 OK (referrer: -; agent: Python-urllib/3.5)
Jul 25 11:11:34 mas01 sh[16825]: 2018-07-25 11:11:34 regiond: [info] 192.168.11.41 POST /MAAS/metadata/2012-03-01/ HTTP/1.1 --> 200 OK (referrer: -; agent: Python-urllib/3.5)
Jul 25 11:11:34 mas01 sh[16825]: 2018-07-25 11:11:34 regiond: [info] 192.168.11.42 POST /MAAS/metadata/2012-03-01/ HTTP/1.1 --> 200 OK (referrer: -; agent: Python-urllib/3.5)
Jul 25 11:11:34 mas01 sh[16825]: 2018-07-25 11:11:34 regiond: [info] 192.168.11.43 POST /MAAS/metadata/2012-03-01/ HTTP/1.1 --> 200 OK (referrer: -; agent: Python-urllib/3.5)
Jul 25 11:11:34 mas01 sh[17291]: 2018-07-25 11:11:34 regiond: [info] 192.168.11.41 POST /MAAS/metadata/2012-03-01/ HTTP/1.1 --> 200 OK (referrer: -; agent: Python-urllib/3.5)
Jul 25 11:11:34 mas01 sh[16825]: 2018-07-25 11:11:34 regiond: [info] 192.168.11.42 POST /MAAS/metadata/2012-03-01/ HTTP/1.1 --> 200 OK (referrer: -; agent: Python-urllib/3.5)
Jul 25 11:11:34 mas01 sh[16825]: 2018-07-25 11:11:34 regiond: [info] 192.168.11.43 POST /MAAS/metadata/2012-03-01/ HTTP/1.1 --> 200 OK (referrer: -; agent: Python-urllib/3.5)
Jul 25 11:11:36 mas01 salt-minion[1414]: [INFO    ] User sudo_ubuntu Executing command state.apply with jid 20180725111136424230
Jul 25 11:11:36 mas01 salt-minion[1414]: [INFO    ] Starting a new job with PID 19863
Jul 25 11:11:36 mas01 salt-minion[1414]: [INFO    ] Loading fresh modules for state activity
Jul 25 11:11:37 mas01 salt-minion[1414]: [INFO    ] Running state [maas-region apikey --username opnfv > /var/lib/maas/.maas_credentials] at time 11:11:37.071999
Jul 25 11:11:37 mas01 salt-minion[1414]: [INFO    ] Executing state cmd.run for maas-region apikey --username opnfv > /var/lib/maas/.maas_credentials
Jul 25 11:11:37 mas01 salt-minion[1414]: [INFO    ] Executing command 'maas-region apikey --username opnfv > /var/lib/maas/.maas_credentials' in directory '/root'
Jul 25 11:11:39 mas01 salt-minion[1414]: [INFO    ] {'pid': 19870, 'retcode': 0, 'stderr': '', 'stdout': ''}
Jul 25 11:11:39 mas01 salt-minion[1414]: [INFO    ] Completed state [maas-region apikey --username opnfv > /var/lib/maas/.maas_credentials] at time 11:11:39.060944 duration_in_ms=1988.947
Jul 25 11:11:39 mas01 salt-minion[1414]: [INFO    ] Running state [maas.machines_status] at time 11:11:39.063184
Jul 25 11:11:39 mas01 salt-minion[1414]: [INFO    ] Executing state module.run for maas.machines_status
Jul 25 11:11:39 mas01 salt-minion[1414]: [INFO    ] {'ret': {'machines': [{'status': 'Commissioning', 'hostname': u'cmp002', 'system_id': u'h8ff63'}, {'status': 'Commissioning', 'hostname': u'cmp001', 'system_id': u'7pn4xc'}, {'status': 'Commissioning', 'hostname': u'kvm01', 'system_id': u'7ypkcc'}, {'status': 'Commissioning', 'hostname': u'kvm03', 'system_id': u'wxedgd'}, {'status': 'Commissioning', 'hostname': u'kvm02', 'system_id': u'dtdqan'}], 'summary': Counter({'Commissioning': 5})}}
Jul 25 11:11:39 mas01 salt-minion[1414]: [INFO    ] Completed state [maas.machines_status] at time 11:11:39.565057 duration_in_ms=501.871
Jul 25 11:11:39 mas01 sh[16817]: 2018-07-25 11:11:39 regiond: [info] 127.0.0.1 GET /MAAS/api/2.0/machines/ HTTP/1.1 --> 200 OK (referrer: -; agent: Python-urllib/2.7)
Jul 25 11:11:39 mas01 salt-minion[1414]: [INFO    ] Returning information for job: 20180725111136424230
Jul 25 11:11:40 mas01 sh[16817]: 2018-07-25 11:11:40 regiond: [info] 127.0.0.1 GET /MAAS/rpc/ HTTP/1.0 --> 200 OK (referrer: -; agent: provisioningserver.rpc.clusterservice.ClusterClientService)
Jul 25 11:11:50 mas01 salt-minion[1414]: [INFO    ] User sudo_ubuntu Executing command state.apply with jid 20180725111150233137
Jul 25 11:11:50 mas01 salt-minion[1414]: [INFO    ] Starting a new job with PID 19891
Jul 25 11:11:52 mas01 ntpd[17400]: Soliciting pool server 91.189.89.199
Jul 25 11:11:52 mas01 salt-minion[1414]: [INFO    ] Loading fresh modules for state activity
Jul 25 11:11:52 mas01 salt-minion[1414]: [INFO    ] Running state [maas-region apikey --username opnfv > /var/lib/maas/.maas_credentials] at time 11:11:52.222852
Jul 25 11:11:52 mas01 salt-minion[1414]: [INFO    ] Executing state cmd.run for maas-region apikey --username opnfv > /var/lib/maas/.maas_credentials
Jul 25 11:11:52 mas01 salt-minion[1414]: [INFO    ] Executing command 'maas-region apikey --username opnfv > /var/lib/maas/.maas_credentials' in directory '/root'
Jul 25 11:11:53 mas01 sh[17291]: 2018-07-25 11:11:53 regiond: [info] 192.168.11.39 POST /MAAS/metadata/2012-03-01/ HTTP/1.1 --> 200 OK (referrer: -; agent: Python-urllib/3.5)
Jul 25 11:11:53 mas01 sh[16825]: 2018-07-25 11:11:53 regiond: [info] 192.168.11.39 POST /MAAS/metadata/2012-03-01/ HTTP/1.1 --> 200 OK (referrer: -; agent: Python-urllib/3.5)
Jul 25 11:11:53 mas01 sh[16817]: 2018-07-25 11:11:53 regiond: [info] 192.168.11.40 POST /MAAS/metadata/2012-03-01/ HTTP/1.1 --> 200 OK (referrer: -; agent: Python-urllib/3.5)
Jul 25 11:11:53 mas01 sh[16825]: 2018-07-25 11:11:53 regiond: [info] 192.168.11.40 POST /MAAS/metadata/2012-03-01/ HTTP/1.1 --> 200 OK (referrer: -; agent: Python-urllib/3.5)
Jul 25 11:11:53 mas01 sh[16821]: 2018-07-25 11:11:53 regiond: [info] 192.168.11.39 POST /MAAS/metadata/2012-03-01/ HTTP/1.1 --> 200 OK (referrer: -; agent: Python-urllib/3.5)
Jul 25 11:11:53 mas01 sh[17291]: 2018-07-25 11:11:53 regiond: [info] 192.168.11.39 POST /MAAS/metadata/2012-03-01/ HTTP/1.1 --> 200 OK (referrer: -; agent: Python-urllib/3.5)
Jul 25 11:11:53 mas01 sh[16817]: 2018-07-25 11:11:53 regiond: [info] 192.168.11.40 POST /MAAS/metadata/2012-03-01/ HTTP/1.1 --> 200 OK (referrer: -; agent: Python-urllib/3.5)
Jul 25 11:11:53 mas01 sh[17291]: 2018-07-25 11:11:53 regiond: [info] 192.168.11.39 POST /MAAS/metadata/2012-03-01/ HTTP/1.1 --> 200 OK (referrer: -; agent: Python-urllib/3.5)
Jul 25 11:11:53 mas01 sh[16825]: 2018-07-25 11:11:53 regiond: [info] 192.168.11.40 POST /MAAS/metadata/2012-03-01/ HTTP/1.1 --> 200 OK (referrer: -; agent: Python-urllib/3.5)
Jul 25 11:11:53 mas01 named[16732]: received control channel command 'reload'
Jul 25 11:11:53 mas01 named[16732]: loading configuration from '/etc/bind/named.conf'
Jul 25 11:11:53 mas01 named[16732]: reading built-in trusted keys from file '/etc/bind/bind.keys'
Jul 25 11:11:53 mas01 named[16732]: initializing GeoIP Country (IPv4) (type 1) DB
Jul 25 11:11:53 mas01 named[16732]: GEO-106FREE 20160408 Bu
Jul 25 11:11:53 mas01 named[16732]: initializing GeoIP Country (IPv6) (type 12) DB
Jul 25 11:11:53 mas01 named[16732]: GEO-106FREE 20160408 Bu
Jul 25 11:11:53 mas01 named[16732]: GeoIP City (IPv4) (type 2) DB not available
Jul 25 11:11:53 mas01 named[16732]: GeoIP City (IPv4) (type 6) DB not available
Jul 25 11:11:53 mas01 named[16732]: GeoIP City (IPv6) (type 30) DB not available
Jul 25 11:11:53 mas01 named[16732]: GeoIP City (IPv6) (type 31) DB not available
Jul 25 11:11:53 mas01 named[16732]: GeoIP Region (type 3) DB not available
Jul 25 11:11:53 mas01 named[16732]: GeoIP Region (type 7) DB not available
Jul 25 11:11:53 mas01 named[16732]: GeoIP ISP (type 4) DB not available
Jul 25 11:11:53 mas01 named[16732]: GeoIP Org (type 5) DB not available
Jul 25 11:11:53 mas01 named[16732]: GeoIP AS (type 9) DB not available
Jul 25 11:11:53 mas01 named[16732]: GeoIP Domain (type 11) DB not available
Jul 25 11:11:53 mas01 named[16732]: GeoIP NetSpeed (type 10) DB not available
Jul 25 11:11:53 mas01 named[16732]: using default UDP/IPv4 port range: [32768, 60999]
Jul 25 11:11:53 mas01 named[16732]: using default UDP/IPv6 port range: [32768, 60999]
Jul 25 11:11:53 mas01 named[16732]: sizing zone task pool based on 9 zones
Jul 25 11:11:53 mas01 named[16732]: automatic empty zone: 10.IN-ADDR.ARPA
Jul 25 11:11:53 mas01 named[16732]: automatic empty zone: 16.172.IN-ADDR.ARPA
Jul 25 11:11:53 mas01 named[16732]: automatic empty zone: 17.172.IN-ADDR.ARPA
Jul 25 11:11:53 mas01 named[16732]: automatic empty zone: 18.172.IN-ADDR.ARPA
Jul 25 11:11:53 mas01 named[16732]: automatic empty zone: 19.172.IN-ADDR.ARPA
Jul 25 11:11:53 mas01 named[16732]: automatic empty zone: 20.172.IN-ADDR.ARPA
Jul 25 11:11:53 mas01 named[16732]: automatic empty zone: 21.172.IN-ADDR.ARPA
Jul 25 11:11:53 mas01 named[16732]: automatic empty zone: 22.172.IN-ADDR.ARPA
Jul 25 11:11:53 mas01 named[16732]: automatic empty zone: 23.172.IN-ADDR.ARPA
Jul 25 11:11:53 mas01 named[16732]: automatic empty zone: 24.172.IN-ADDR.ARPA
Jul 25 11:11:53 mas01 named[16732]: automatic empty zone: 25.172.IN-ADDR.ARPA
Jul 25 11:11:53 mas01 named[16732]: automatic empty zone: 26.172.IN-ADDR.ARPA
Jul 25 11:11:53 mas01 named[16732]: automatic empty zone: 27.172.IN-ADDR.ARPA
Jul 25 11:11:53 mas01 named[16732]: automatic empty zone: 28.172.IN-ADDR.ARPA
Jul 25 11:11:53 mas01 named[16732]: automatic empty zone: 29.172.IN-ADDR.ARPA
Jul 25 11:11:53 mas01 named[16732]: automatic empty zone: 30.172.IN-ADDR.ARPA
Jul 25 11:11:53 mas01 named[16732]: automatic empty zone: 31.172.IN-ADDR.ARPA
Jul 25 11:11:53 mas01 named[16732]: automatic empty zone: 168.192.IN-ADDR.ARPA
Jul 25 11:11:53 mas01 named[16732]: automatic empty zone: 64.100.IN-ADDR.ARPA
Jul 25 11:11:53 mas01 named[16732]: automatic empty zone: 65.100.IN-ADDR.ARPA
Jul 25 11:11:53 mas01 named[16732]: automatic empty zone: 66.100.IN-ADDR.ARPA
Jul 25 11:11:53 mas01 named[16732]: automatic empty zone: 67.100.IN-ADDR.ARPA
Jul 25 11:11:53 mas01 named[16732]: automatic empty zone: 68.100.IN-ADDR.ARPA
Jul 25 11:11:53 mas01 named[16732]: automatic empty zone: 69.100.IN-ADDR.ARPA
Jul 25 11:11:53 mas01 named[16732]: automatic empty zone: 70.100.IN-ADDR.ARPA
Jul 25 11:11:53 mas01 named[16732]: automatic empty zone: 71.100.IN-ADDR.ARPA
Jul 25 11:11:53 mas01 named[16732]: automatic empty zone: 72.100.IN-ADDR.ARPA
Jul 25 11:11:53 mas01 named[16732]: automatic empty zone: 73.100.IN-ADDR.ARPA
Jul 25 11:11:53 mas01 named[16732]: automatic empty zone: 74.100.IN-ADDR.ARPA
Jul 25 11:11:53 mas01 named[16732]: automatic empty zone: 75.100.IN-ADDR.ARPA
Jul 25 11:11:53 mas01 named[16732]: automatic empty zone: 76.100.IN-ADDR.ARPA
Jul 25 11:11:53 mas01 named[16732]: automatic empty zone: 77.100.IN-ADDR.ARPA
Jul 25 11:11:53 mas01 named[16732]: automatic empty zone: 78.100.IN-ADDR.ARPA
Jul 25 11:11:53 mas01 named[16732]: automatic empty zone: 79.100.IN-ADDR.ARPA
Jul 25 11:11:53 mas01 named[16732]: automatic empty zone: 80.100.IN-ADDR.ARPA
Jul 25 11:11:53 mas01 named[16732]: automatic empty zone: 81.100.IN-ADDR.ARPA
Jul 25 11:11:53 mas01 named[16732]: automatic empty zone: 82.100.IN-ADDR.ARPA
Jul 25 11:11:53 mas01 named[16732]: automatic empty zone: 83.100.IN-ADDR.ARPA
Jul 25 11:11:53 mas01 named[16732]: automatic empty zone: 84.100.IN-ADDR.ARPA
Jul 25 11:11:53 mas01 named[16732]: automatic empty zone: 85.100.IN-ADDR.ARPA
Jul 25 11:11:53 mas01 named[16732]: automatic empty zone: 86.100.IN-ADDR.ARPA
Jul 25 11:11:53 mas01 named[16732]: automatic empty zone: 87.100.IN-ADDR.ARPA
Jul 25 11:11:53 mas01 named[16732]: automatic empty zone: 88.100.IN-ADDR.ARPA
Jul 25 11:11:53 mas01 named[16732]: automatic empty zone: 89.100.IN-ADDR.ARPA
Jul 25 11:11:53 mas01 named[16732]: automatic empty zone: 90.100.IN-ADDR.ARPA
Jul 25 11:11:53 mas01 sh[16825]: 2018-07-25 11:11:53 regiond: [info] 192.168.11.40 POST /MAAS/metadata/2012-03-01/ HTTP/1.1 --> 200 OK (referrer: -; agent: Python-urllib/3.5)
Jul 25 11:11:53 mas01 named[16732]: automatic empty zone: 91.100.IN-ADDR.ARPA
Jul 25 11:11:53 mas01 named[16732]: automatic empty zone: 92.100.IN-ADDR.ARPA
Jul 25 11:11:53 mas01 named[16732]: automatic empty zone: 93.100.IN-ADDR.ARPA
Jul 25 11:11:53 mas01 named[16732]: automatic empty zone: 94.100.IN-ADDR.ARPA
Jul 25 11:11:53 mas01 named[16732]: automatic empty zone: 95.100.IN-ADDR.ARPA
Jul 25 11:11:53 mas01 named[16732]: automatic empty zone: 96.100.IN-ADDR.ARPA
Jul 25 11:11:53 mas01 named[16732]: automatic empty zone: 97.100.IN-ADDR.ARPA
Jul 25 11:11:53 mas01 named[16732]: automatic empty zone: 98.100.IN-ADDR.ARPA
Jul 25 11:11:53 mas01 named[16732]: automatic empty zone: 99.100.IN-ADDR.ARPA
Jul 25 11:11:53 mas01 named[16732]: automatic empty zone: 100.100.IN-ADDR.ARPA
Jul 25 11:11:53 mas01 named[16732]: automatic empty zone: 101.100.IN-ADDR.ARPA
Jul 25 11:11:53 mas01 named[16732]: automatic empty zone: 102.100.IN-ADDR.ARPA
Jul 25 11:11:53 mas01 named[16732]: automatic empty zone: 103.100.IN-ADDR.ARPA
Jul 25 11:11:53 mas01 named[16732]: automatic empty zone: 104.100.IN-ADDR.ARPA
Jul 25 11:11:53 mas01 named[16732]: automatic empty zone: 105.100.IN-ADDR.ARPA
Jul 25 11:11:53 mas01 named[16732]: automatic empty zone: 106.100.IN-ADDR.ARPA
Jul 25 11:11:53 mas01 named[16732]: automatic empty zone: 107.100.IN-ADDR.ARPA
Jul 25 11:11:53 mas01 named[16732]: automatic empty zone: 108.100.IN-ADDR.ARPA
Jul 25 11:11:53 mas01 named[16732]: automatic empty zone: 109.100.IN-ADDR.ARPA
Jul 25 11:11:53 mas01 named[16732]: automatic empty zone: 110.100.IN-ADDR.ARPA
Jul 25 11:11:53 mas01 named[16732]: automatic empty zone: 111.100.IN-ADDR.ARPA
Jul 25 11:11:53 mas01 named[16732]: automatic empty zone: 112.100.IN-ADDR.ARPA
Jul 25 11:11:53 mas01 named[16732]: automatic empty zone: 113.100.IN-ADDR.ARPA
Jul 25 11:11:53 mas01 named[16732]: automatic empty zone: 114.100.IN-ADDR.ARPA
Jul 25 11:11:53 mas01 named[16732]: automatic empty zone: 115.100.IN-ADDR.ARPA
Jul 25 11:11:53 mas01 named[16732]: automatic empty zone: 116.100.IN-ADDR.ARPA
Jul 25 11:11:53 mas01 named[16732]: automatic empty zone: 117.100.IN-ADDR.ARPA
Jul 25 11:11:53 mas01 named[16732]: automatic empty zone: 118.100.IN-ADDR.ARPA
Jul 25 11:11:53 mas01 named[16732]: automatic empty zone: 119.100.IN-ADDR.ARPA
Jul 25 11:11:53 mas01 named[16732]: automatic empty zone: 120.100.IN-ADDR.ARPA
Jul 25 11:11:53 mas01 named[16732]: automatic empty zone: 121.100.IN-ADDR.ARPA
Jul 25 11:11:53 mas01 named[16732]: automatic empty zone: 122.100.IN-ADDR.ARPA
Jul 25 11:11:53 mas01 named[16732]: automatic empty zone: 123.100.IN-ADDR.ARPA
Jul 25 11:11:53 mas01 named[16732]: automatic empty zone: 124.100.IN-ADDR.ARPA
Jul 25 11:11:53 mas01 named[16732]: automatic empty zone: 125.100.IN-ADDR.ARPA
Jul 25 11:11:53 mas01 named[16732]: automatic empty zone: 126.100.IN-ADDR.ARPA
Jul 25 11:11:53 mas01 named[16732]: automatic empty zone: 127.100.IN-ADDR.ARPA
Jul 25 11:11:53 mas01 named[16732]: automatic empty zone: 254.169.IN-ADDR.ARPA
Jul 25 11:11:53 mas01 named[16732]: automatic empty zone: 2.0.192.IN-ADDR.ARPA
Jul 25 11:11:53 mas01 named[16732]: automatic empty zone: 100.51.198.IN-ADDR.ARPA
Jul 25 11:11:53 mas01 named[16732]: automatic empty zone: 113.0.203.IN-ADDR.ARPA
Jul 25 11:11:53 mas01 named[16732]: automatic empty zone: 255.255.255.255.IN-ADDR.ARPA
Jul 25 11:11:53 mas01 named[16732]: automatic empty zone: 0.0.0.0.0.0.0.0.0.0.0.0.0.0.0.0.0.0.0.0.0.0.0.0.0.0.0.0.0.0.0.0.IP6.ARPA
Jul 25 11:11:53 mas01 named[16732]: automatic empty zone: 1.0.0.0.0.0.0.0.0.0.0.0.0.0.0.0.0.0.0.0.0.0.0.0.0.0.0.0.0.0.0.0.IP6.ARPA
Jul 25 11:11:53 mas01 named[16732]: automatic empty zone: D.F.IP6.ARPA
Jul 25 11:11:53 mas01 named[16732]: automatic empty zone: 8.E.F.IP6.ARPA
Jul 25 11:11:53 mas01 named[16732]: automatic empty zone: 9.E.F.IP6.ARPA
Jul 25 11:11:53 mas01 named[16732]: automatic empty zone: A.E.F.IP6.ARPA
Jul 25 11:11:53 mas01 named[16732]: automatic empty zone: B.E.F.IP6.ARPA
Jul 25 11:11:53 mas01 named[16732]: automatic empty zone: 8.B.D.0.1.0.0.2.IP6.ARPA
Jul 25 11:11:53 mas01 named[16732]: automatic empty zone: EMPTY.AS112.ARPA
Jul 25 11:11:53 mas01 named[16732]: configuring command channel from '/etc/bind/rndc.key'
Jul 25 11:11:53 mas01 named[16732]: reloading configuration succeeded
Jul 25 11:11:53 mas01 named[16732]: reloading zones succeeded
Jul 25 11:11:53 mas01 named[16732]: zone 0.20.10.in-addr.arpa/IN: loaded serial 28
Jul 25 11:11:53 mas01 named[16732]: zone 4.167.10.in-addr.arpa/IN: loaded serial 28
Jul 25 11:11:53 mas01 named[16732]: zone maas/IN: loaded serial 28
Jul 25 11:11:53 mas01 named[16732]: all zones loaded
Jul 25 11:11:53 mas01 named[16732]: running
Jul 25 11:11:53 mas01 named[16732]: zone 11.168.192.in-addr.arpa/IN: loaded serial 28
Jul 25 11:11:53 mas01 maas.node: [info] cmp002: Storage layout was set to lvm.
Jul 25 11:11:53 mas01 salt-minion[1414]: [INFO    ] {'pid': 19899, 'retcode': 0, 'stderr': '', 'stdout': ''}
Jul 25 11:11:53 mas01 salt-minion[1414]: [INFO    ] Completed state [maas-region apikey --username opnfv > /var/lib/maas/.maas_credentials] at time 11:11:53.985130 duration_in_ms=1762.285
Jul 25 11:11:53 mas01 salt-minion[1414]: [INFO    ] Running state [maas.machines_status] at time 11:11:53.986529
Jul 25 11:11:53 mas01 salt-minion[1414]: [INFO    ] Executing state module.run for maas.machines_status
Jul 25 11:11:54 mas01 maas.node: [info] kvm02: Storage layout was set to lvm.
Jul 25 11:11:54 mas01 maas.node: [info] cmp002: Status transition from COMMISSIONING to TESTING
Jul 25 11:11:54 mas01 sh[17291]: 2018-07-25 11:11:54 regiond: [info] 192.168.11.39 POST /MAAS/metadata/2012-03-01/ HTTP/1.1 --> 200 OK (referrer: -; agent: Python-urllib/3.5)
Jul 25 11:11:54 mas01 maas.node: [info] kvm02: Status transition from COMMISSIONING to TESTING
Jul 25 11:11:54 mas01 sh[16817]: 2018-07-25 11:11:54 regiond: [info] 192.168.11.39 GET /MAAS/metadata/2012-03-01/maas-scripts/ HTTP/1.1 --> 200 OK (referrer: -; agent: Python-urllib/3.5)
Jul 25 11:11:54 mas01 sh[16825]: 2018-07-25 11:11:54 regiond: [info] 192.168.11.39 POST /MAAS/metadata/2012-03-01/ HTTP/1.1 --> 200 OK (referrer: -; agent: Python-urllib/3.5)
Jul 25 11:11:54 mas01 sh[16817]: 2018-07-25 11:11:54 regiond: [info] 127.0.0.1 GET /MAAS/api/2.0/machines/ HTTP/1.1 --> 200 OK (referrer: -; agent: Python-urllib/2.7)
Jul 25 11:11:54 mas01 salt-minion[1414]: [INFO    ] {'ret': {'machines': [{'status': 'Commissioning', 'hostname': u'cmp002', 'system_id': u'h8ff63'}, {'status': 'Commissioning', 'hostname': u'cmp001', 'system_id': u'7pn4xc'}, {'status': 'Commissioning', 'hostname': u'kvm01', 'system_id': u'7ypkcc'}, {'status': 'Commissioning', 'hostname': u'kvm03', 'system_id': u'wxedgd'}, {'status': 'Commissioning', 'hostname': u'kvm02', 'system_id': u'dtdqan'}], 'summary': Counter({'Commissioning': 5})}}
Jul 25 11:11:54 mas01 salt-minion[1414]: [INFO    ] Completed state [maas.machines_status] at time 11:11:54.281609 duration_in_ms=295.078
Jul 25 11:11:54 mas01 salt-minion[1414]: [INFO    ] Returning information for job: 20180725111150233137
Jul 25 11:11:54 mas01 sh[17291]: 2018-07-25 11:11:54 regiond: [info] 192.168.11.39 POST /MAAS/metadata/2012-03-01/ HTTP/1.1 --> 200 OK (referrer: -; agent: Python-urllib/3.5)
Jul 25 11:11:54 mas01 maas.node: [info] kvm02: Storage layout was set to lvm.
Jul 25 11:11:54 mas01 maas.node: [info] kvm02: Status transition from COMMISSIONING to TESTING
Jul 25 11:11:54 mas01 sh[16821]: 2018-07-25 11:11:54 regiond: [info] 192.168.11.40 POST /MAAS/metadata/2012-03-01/ HTTP/1.1 --> 200 OK (referrer: -; agent: Python-urllib/3.5)
Jul 25 11:11:54 mas01 sh[16817]: 2018-07-25 11:11:54 regiond: [info] 192.168.11.40 GET /MAAS/metadata/2012-03-01/maas-scripts/ HTTP/1.1 --> 200 OK (referrer: -; agent: Python-urllib/3.5)
Jul 25 11:11:54 mas01 sh[17291]: 2018-07-25 11:11:54 regiond: [info] 192.168.11.40 POST /MAAS/metadata/2012-03-01/ HTTP/1.1 --> 200 OK (referrer: -; agent: Python-urllib/3.5)
Jul 25 11:11:54 mas01 sh[16825]: 2018-07-25 11:11:54 regiond: [info] 192.168.11.40 POST /MAAS/metadata/2012-03-01/ HTTP/1.1 --> 200 OK (referrer: -; agent: Python-urllib/3.5)
Jul 25 11:11:54 mas01 systemd[1]: Stopping MAAS instance of ISC DHCP server for IPv4...
Jul 25 11:11:54 mas01 systemd[1]: Stopped MAAS instance of ISC DHCP server for IPv4.
Jul 25 11:11:54 mas01 systemd[1]: Starting MAAS instance of ISC DHCP server for IPv4...
Jul 25 11:11:54 mas01 systemd[1]: Started MAAS instance of ISC DHCP server for IPv4.
Jul 25 11:11:54 mas01 maas.service_monitor: [info] Service 'maas-dhcpd' has been restarted. Its current state is 'on' and 'running'.
Jul 25 11:11:54 mas01 sh[16825]: 2018-07-25 11:11:54 maasserver.dhcp: [info] Successfully configured DHCPv4 on rack controller 'bpmpbe'.
Jul 25 11:11:54 mas01 sh[16825]: 2018-07-25 11:11:54 maasserver.dhcp: [info] Successfully configured DHCPv6 on rack controller 'bpmpbe'.
Jul 25 11:11:54 mas01 dhcpd[19956]: Wrote 0 class decls to leases file.
Jul 25 11:11:54 mas01 dhcpd[19956]: Wrote 0 deleted host decls to leases file.
Jul 25 11:11:54 mas01 dhcpd[19956]: Wrote 0 new dynamic host decls to leases file.
Jul 25 11:11:54 mas01 dhcpd[19956]: Wrote 6 leases to leases file.
Jul 25 11:11:54 mas01 dhcpd[19956]: Server starting service.
Jul 25 11:11:55 mas01 sh[17291]: 2018-07-25 11:11:55 maasserver.region_controller: [info] Reloaded DNS configuration:
Jul 25 11:11:55 mas01 sh[17291]: #011 * ip 192.168.11.39 connected to cmp002 on enp6s0
Jul 25 11:11:55 mas01 sh[17291]: #011 * ip 192.168.11.39 disconnected from cmp002 on enp6s0
Jul 25 11:11:55 mas01 sh[17291]: #011 * node cmp002 renamed interface eth0 to enp6s0
Jul 25 11:11:56 mas01 named[16732]: received control channel command 'reload'
Jul 25 11:11:56 mas01 named[16732]: loading configuration from '/etc/bind/named.conf'
Jul 25 11:11:56 mas01 named[16732]: reading built-in trusted keys from file '/etc/bind/bind.keys'
Jul 25 11:11:56 mas01 named[16732]: initializing GeoIP Country (IPv4) (type 1) DB
Jul 25 11:11:56 mas01 named[16732]: GEO-106FREE 20160408 Bu
Jul 25 11:11:56 mas01 named[16732]: initializing GeoIP Country (IPv6) (type 12) DB
Jul 25 11:11:56 mas01 named[16732]: GEO-106FREE 20160408 Bu
Jul 25 11:11:56 mas01 named[16732]: GeoIP City (IPv4) (type 2) DB not available
Jul 25 11:11:56 mas01 named[16732]: GeoIP City (IPv4) (type 6) DB not available
Jul 25 11:11:56 mas01 named[16732]: GeoIP City (IPv6) (type 30) DB not available
Jul 25 11:11:56 mas01 named[16732]: GeoIP City (IPv6) (type 31) DB not available
Jul 25 11:11:56 mas01 named[16732]: GeoIP Region (type 3) DB not available
Jul 25 11:11:56 mas01 named[16732]: GeoIP Region (type 7) DB not available
Jul 25 11:11:56 mas01 named[16732]: GeoIP ISP (type 4) DB not available
Jul 25 11:11:56 mas01 named[16732]: GeoIP Org (type 5) DB not available
Jul 25 11:11:56 mas01 named[16732]: GeoIP AS (type 9) DB not available
Jul 25 11:11:56 mas01 named[16732]: GeoIP Domain (type 11) DB not available
Jul 25 11:11:56 mas01 named[16732]: GeoIP NetSpeed (type 10) DB not available
Jul 25 11:11:56 mas01 named[16732]: using default UDP/IPv4 port range: [32768, 60999]
Jul 25 11:11:56 mas01 named[16732]: using default UDP/IPv6 port range: [32768, 60999]
