Jul 25 11:20:17 mas01 sh[16821]: 2018-07-25 11:20:17 regiond: [info] 192.168.11.40 POST /MAAS/metadata/status/dtdqan HTTP/1.1 --> 204 NO_CONTENT (referrer: -; agent: python-requests/2.9.1)
Jul 25 11:20:17 mas01 dhcpd[20250]: DHCPDISCOVER from 00:25:b5:a0:00:4a via ens5
Jul 25 11:20:17 mas01 dhcpd[20250]: DHCPOFFER on 192.168.11.43 to 00:25:b5:a0:00:4a (ubuntu) via ens5
Jul 25 11:20:17 mas01 dhcpd[20250]: execute_statement argv[0] = /usr/sbin/maas-dhcp-helper
Jul 25 11:20:17 mas01 dhcpd[20250]: execute_statement argv[1] = notify
Jul 25 11:20:17 mas01 dhcpd[20250]: execute_statement argv[2] = --action
Jul 25 11:20:17 mas01 dhcpd[20250]: execute_statement argv[3] = commit
Jul 25 11:20:17 mas01 dhcpd[20250]: execute_statement argv[4] = --mac
Jul 25 11:20:17 mas01 dhcpd[20250]: execute_statement argv[5] = 0:25:b5:a0:0:4a
Jul 25 11:20:17 mas01 dhcpd[20250]: execute_statement argv[6] = --ip-family
Jul 25 11:20:17 mas01 dhcpd[20250]: execute_statement argv[7] = ipv4
Jul 25 11:20:17 mas01 dhcpd[20250]: execute_statement argv[8] = --ip
Jul 25 11:20:17 mas01 dhcpd[20250]: execute_statement argv[9] = 192.168.11.43
Jul 25 11:20:17 mas01 dhcpd[20250]: execute_statement argv[10] = --lease-time
Jul 25 11:20:17 mas01 dhcpd[20250]: execute_statement argv[11] = 600
Jul 25 11:20:17 mas01 dhcpd[20250]: execute_statement argv[12] = --hostname
Jul 25 11:20:17 mas01 dhcpd[20250]: execute_statement argv[13] = ubuntu
Jul 25 11:20:17 mas01 dhcpd[20250]: execute_statement argv[14] = --socket
Jul 25 11:20:17 mas01 dhcpd[20250]: execute_statement argv[15] = /var/lib/maas/dhcpd.sock
Jul 25 11:20:17 mas01 dhcpd[20250]: DHCPREQUEST for 192.168.11.43 (192.168.11.3) from 00:25:b5:a0:00:4a (ubuntu) via ens5
Jul 25 11:20:17 mas01 dhcpd[20250]: DHCPACK on 192.168.11.43 to 00:25:b5:a0:00:4a (ubuntu) via ens5
Jul 25 11:20:17 mas01 sh[16817]: 2018-07-25 11:20:17 regiond: [info] 192.168.11.40 POST /MAAS/metadata/status/dtdqan HTTP/1.1 --> 204 NO_CONTENT (referrer: -; agent: python-requests/2.9.1)
Jul 25 11:20:17 mas01 sh[16825]: 2018-07-25 11:20:17 regiond: [info] 192.168.11.40 POST /MAAS/metadata/status/dtdqan HTTP/1.1 --> 204 NO_CONTENT (referrer: -; agent: python-requests/2.9.1)
Jul 25 11:20:17 mas01 sh[17291]: 2018-07-25 11:20:17 regiond: [info] 192.168.11.40 POST /MAAS/metadata/status/dtdqan HTTP/1.1 --> 204 NO_CONTENT (referrer: -; agent: python-requests/2.9.1)
Jul 25 11:20:18 mas01 sh[16821]: 2018-07-25 11:20:18 regiond: [info] 192.168.11.43 POST /MAAS/metadata/status/wxedgd HTTP/1.1 --> 204 NO_CONTENT (referrer: -; agent: python-requests/2.9.1)
Jul 25 11:20:18 mas01 sh[16825]: 2018-07-25 11:20:18 regiond: [info] 192.168.11.43 POST /MAAS/metadata/status/wxedgd HTTP/1.1 --> 204 NO_CONTENT (referrer: -; agent: python-requests/2.9.1)
Jul 25 11:20:18 mas01 sh[16821]: 2018-07-25 11:20:18 regiond: [info] 192.168.11.43 POST /MAAS/metadata/status/wxedgd HTTP/1.1 --> 204 NO_CONTENT (referrer: -; agent: python-requests/2.9.1)
Jul 25 11:20:18 mas01 sh[17291]: 2018-07-25 11:20:18 regiond: [info] 192.168.11.43 GET /MAAS/metadata/2012-03-01/meta-data/instance-id HTTP/1.1 --> 200 OK (referrer: -; agent: Cloud-Init/18.2)
Jul 25 11:20:18 mas01 sh[17291]: 2018-07-25 11:20:18 regiond: [info] 192.168.11.43 GET /MAAS/metadata/2012-03-01/meta-data/instance-id HTTP/1.1 --> 200 OK (referrer: -; agent: python-requests/2.9.1)
Jul 25 11:20:18 mas01 sh[16825]: 2018-07-25 11:20:18 regiond: [info] 192.168.11.43 GET /MAAS/metadata/2012-03-01/meta-data/local-hostname HTTP/1.1 --> 200 OK (referrer: -; agent: python-requests/2.9.1)
Jul 25 11:20:18 mas01 sh[17291]: 2018-07-25 11:20:18 regiond: [info] 192.168.11.41 POST /MAAS/metadata/status/7pn4xc HTTP/1.1 --> 204 NO_CONTENT (referrer: -; agent: python-requests/2.9.1)
Jul 25 11:20:18 mas01 sh[16817]: 2018-07-25 11:20:18 regiond: [info] 192.168.11.41 POST /MAAS/metadata/status/7pn4xc HTTP/1.1 --> 204 NO_CONTENT (referrer: -; agent: python-requests/2.9.1)
Jul 25 11:20:18 mas01 sh[16821]: 2018-07-25 11:20:18 regiond: [info] 192.168.11.41 POST /MAAS/metadata/status/7pn4xc HTTP/1.1 --> 204 NO_CONTENT (referrer: -; agent: python-requests/2.9.1)
Jul 25 11:20:18 mas01 sh[16825]: 2018-07-25 11:20:18 regiond: [info] 192.168.11.41 POST /MAAS/metadata/status/7pn4xc HTTP/1.1 --> 204 NO_CONTENT (referrer: -; agent: python-requests/2.9.1)
Jul 25 11:20:18 mas01 sh[16825]: message repeated 2 times: [ 2018-07-25 11:20:18 regiond: [info] 192.168.11.41 POST /MAAS/metadata/status/7pn4xc HTTP/1.1 --> 204 NO_CONTENT (referrer: -; agent: python-requests/2.9.1)]
Jul 25 11:20:18 mas01 sh[16821]: 2018-07-25 11:20:18 regiond: [info] 192.168.11.41 POST /MAAS/metadata/status/7pn4xc HTTP/1.1 --> 204 NO_CONTENT (referrer: -; agent: python-requests/2.9.1)
Jul 25 11:20:18 mas01 sh[16821]: 2018-07-25 11:20:18 regiond: [info] 192.168.11.41 POST /MAAS/metadata/status/7pn4xc HTTP/1.1 --> 204 NO_CONTENT (referrer: -; agent: python-requests/2.9.1)
Jul 25 11:20:18 mas01 sh[16817]: 2018-07-25 11:20:18 regiond: [info] 192.168.11.43 GET /MAAS/metadata/2012-03-01/meta-data/public-keys HTTP/1.1 --> 200 OK (referrer: -; agent: python-requests/2.9.1)
Jul 25 11:20:18 mas01 sh[16817]: 2018-07-25 11:20:18 regiond: [info] 192.168.11.41 POST /MAAS/metadata/status/7pn4xc HTTP/1.1 --> 204 NO_CONTENT (referrer: -; agent: python-requests/2.9.1)
Jul 25 11:20:18 mas01 sh[16817]: 2018-07-25 11:20:18 regiond: [info] 192.168.11.43 GET /MAAS/metadata/2012-03-01/meta-data/vendor-data HTTP/1.1 --> 200 OK (referrer: -; agent: python-requests/2.9.1)
Jul 25 11:20:18 mas01 sh[16821]: 2018-07-25 11:20:18 regiond: [info] 192.168.11.41 POST /MAAS/metadata/status/7pn4xc HTTP/1.1 --> 204 NO_CONTENT (referrer: -; agent: python-requests/2.9.1)
Jul 25 11:20:18 mas01 maas.node: [info] kvm03: Status transition from DEPLOYING to DEPLOYED
Jul 25 11:20:18 mas01 sh[16825]: 2018-07-25 11:20:18 metadataserver: [info] No user data registered for node named kvm03
Jul 25 11:20:18 mas01 sh[16825]: 2018-07-25 11:20:18 regiond: [info] 192.168.11.43 GET /MAAS/metadata/2012-03-01/user-data HTTP/1.1 --> 404 NOT_FOUND (referrer: -; agent: python-requests/2.9.1)
Jul 25 11:20:18 mas01 sh[16821]: 2018-07-25 11:20:18 regiond: [info] 192.168.11.43 POST /MAAS/metadata/status/wxedgd HTTP/1.1 --> 204 NO_CONTENT (referrer: -; agent: python-requests/2.9.1)
Jul 25 11:20:18 mas01 sh[16821]: message repeated 2 times: [ 2018-07-25 11:20:18 regiond: [info] 192.168.11.43 POST /MAAS/metadata/status/wxedgd HTTP/1.1 --> 204 NO_CONTENT (referrer: -; agent: python-requests/2.9.1)]
Jul 25 11:20:18 mas01 sh[17291]: 2018-07-25 11:20:18 regiond: [info] 192.168.11.43 POST /MAAS/metadata/status/wxedgd HTTP/1.1 --> 204 NO_CONTENT (referrer: -; agent: python-requests/2.9.1)
Jul 25 11:20:18 mas01 sh[16825]: 2018-07-25 11:20:18 regiond: [info] 192.168.11.43 POST /MAAS/metadata/status/wxedgd HTTP/1.1 --> 204 NO_CONTENT (referrer: -; agent: python-requests/2.9.1)
Jul 25 11:20:19 mas01 sh[16817]: 2018-07-25 11:20:19 regiond: [info] 192.168.11.43 POST /MAAS/metadata/status/wxedgd HTTP/1.1 --> 204 NO_CONTENT (referrer: -; agent: python-requests/2.9.1)
Jul 25 11:20:19 mas01 sh[16821]: 2018-07-25 11:20:19 regiond: [info] 192.168.11.43 POST /MAAS/metadata/status/wxedgd HTTP/1.1 --> 204 NO_CONTENT (referrer: -; agent: python-requests/2.9.1)
Jul 25 11:20:19 mas01 sh[16825]: 2018-07-25 11:20:19 regiond: [info] 192.168.11.43 POST /MAAS/metadata/status/wxedgd HTTP/1.1 --> 204 NO_CONTENT (referrer: -; agent: python-requests/2.9.1)
Jul 25 11:20:19 mas01 sh[16825]: 2018-07-25 11:20:19 maasserver.rpc.leases: [info] Lease update: commit for 192.168.11.43 on 0:25:b5:a0:0:4a at 2018-07-25 11:20:17 (lease time: 600s) (hostname: ubuntu)
Jul 25 11:20:19 mas01 sh[16825]: 2018-07-25 11:20:19 regiond: [info] 192.168.11.43 POST /MAAS/metadata/status/wxedgd HTTP/1.1 --> 204 NO_CONTENT (referrer: -; agent: python-requests/2.9.1)
Jul 25 11:20:19 mas01 sh[17291]: 2018-07-25 11:20:19 regiond: [info] 192.168.11.43 POST /MAAS/metadata/status/wxedgd HTTP/1.1 --> 204 NO_CONTENT (referrer: -; agent: python-requests/2.9.1)
Jul 25 11:20:19 mas01 sh[17291]: 2018-07-25 11:20:19 regiond: [info] 192.168.11.43 POST /MAAS/metadata/status/wxedgd HTTP/1.1 --> 204 NO_CONTENT (referrer: -; agent: python-requests/2.9.1)
Jul 25 11:20:19 mas01 sh[16817]: 2018-07-25 11:20:19 regiond: [info] 192.168.11.43 POST /MAAS/metadata/status/wxedgd HTTP/1.1 --> 204 NO_CONTENT (referrer: -; agent: python-requests/2.9.1)
Jul 25 11:20:19 mas01 sh[16817]: 2018-07-25 11:20:19 regiond: [info] 192.168.11.43 POST /MAAS/metadata/status/wxedgd HTTP/1.1 --> 204 NO_CONTENT (referrer: -; agent: python-requests/2.9.1)
Jul 25 11:20:19 mas01 sh[17291]: 2018-07-25 11:20:19 regiond: [info] 192.168.11.43 POST /MAAS/metadata/status/wxedgd HTTP/1.1 --> 204 NO_CONTENT (referrer: -; agent: python-requests/2.9.1)
Jul 25 11:20:19 mas01 sh[16817]: 2018-07-25 11:20:19 regiond: [info] 192.168.11.41 POST /MAAS/metadata/status/7pn4xc HTTP/1.1 --> 204 NO_CONTENT (referrer: -; agent: python-requests/2.9.1)
Jul 25 11:20:19 mas01 sh[16817]: 2018-07-25 11:20:19 regiond: [info] 192.168.11.41 POST /MAAS/metadata/status/7pn4xc HTTP/1.1 --> 204 NO_CONTENT (referrer: -; agent: python-requests/2.9.1)
Jul 25 11:20:19 mas01 sh[16825]: 2018-07-25 11:20:19 regiond: [info] 192.168.11.41 POST /MAAS/metadata/status/7pn4xc HTTP/1.1 --> 204 NO_CONTENT (referrer: -; agent: python-requests/2.9.1)
Jul 25 11:20:19 mas01 sh[16817]: 2018-07-25 11:20:19 regiond: [info] 192.168.11.41 POST /MAAS/metadata/status/7pn4xc HTTP/1.1 --> 204 NO_CONTENT (referrer: -; agent: python-requests/2.9.1)
Jul 25 11:20:19 mas01 sh[16825]: 2018-07-25 11:20:19 regiond: [info] 192.168.11.41 POST /MAAS/metadata/status/7pn4xc HTTP/1.1 --> 204 NO_CONTENT (referrer: -; agent: python-requests/2.9.1)
Jul 25 11:20:19 mas01 sh[16825]: 2018-07-25 11:20:19 maasserver.models.dnsresource: [info] Updated dynamic hostname 'ubuntu.maas' for IP address '192.168.11.43'.
Jul 25 11:20:19 mas01 sh[16821]: 2018-07-25 11:20:19 regiond: [info] 192.168.11.43 POST /MAAS/metadata/status/wxedgd HTTP/1.1 --> 204 NO_CONTENT (referrer: -; agent: python-requests/2.9.1)
Jul 25 11:20:19 mas01 sh[16817]: 2018-07-25 11:20:19 regiond: [info] 192.168.11.41 POST /MAAS/metadata/status/7pn4xc HTTP/1.1 --> 204 NO_CONTENT (referrer: -; agent: python-requests/2.9.1)
Jul 25 11:20:19 mas01 sh[16821]: 2018-07-25 11:20:19 regiond: [info] 192.168.11.43 POST /MAAS/metadata/status/wxedgd HTTP/1.1 --> 204 NO_CONTENT (referrer: -; agent: python-requests/2.9.1)
Jul 25 11:20:19 mas01 sh[16821]: 2018-07-25 11:20:19 regiond: [info] 192.168.11.41 POST /MAAS/metadata/status/7pn4xc HTTP/1.1 --> 204 NO_CONTENT (referrer: -; agent: python-requests/2.9.1)
Jul 25 11:20:19 mas01 sh[16825]: 2018-07-25 11:20:19 regiond: [info] 192.168.11.41 POST /MAAS/metadata/status/7pn4xc HTTP/1.1 --> 204 NO_CONTENT (referrer: -; agent: python-requests/2.9.1)
Jul 25 11:20:19 mas01 sh[16817]: 2018-07-25 11:20:19 regiond: [info] 192.168.11.41 POST /MAAS/metadata/status/7pn4xc HTTP/1.1 --> 204 NO_CONTENT (referrer: -; agent: python-requests/2.9.1)
Jul 25 11:20:19 mas01 sh[17291]: 2018-07-25 11:20:19 regiond: [info] 192.168.11.41 POST /MAAS/metadata/status/7pn4xc HTTP/1.1 --> 204 NO_CONTENT (referrer: -; agent: python-requests/2.9.1)
Jul 25 11:20:19 mas01 sh[16821]: 2018-07-25 11:20:19 regiond: [info] 192.168.11.41 POST /MAAS/metadata/status/7pn4xc HTTP/1.1 --> 204 NO_CONTENT (referrer: -; agent: python-requests/2.9.1)
Jul 25 11:20:19 mas01 sh[16821]: message repeated 3 times: [ 2018-07-25 11:20:19 regiond: [info] 192.168.11.41 POST /MAAS/metadata/status/7pn4xc HTTP/1.1 --> 204 NO_CONTENT (referrer: -; agent: python-requests/2.9.1)]
Jul 25 11:20:19 mas01 sh[16821]: 2018-07-25 11:20:19 regiond: [info] 192.168.11.43 POST /MAAS/metadata/status/wxedgd HTTP/1.1 --> 204 NO_CONTENT (referrer: -; agent: python-requests/2.9.1)
Jul 25 11:20:19 mas01 sh[17291]: 2018-07-25 11:20:19 regiond: [info] 192.168.11.41 POST /MAAS/metadata/status/7pn4xc HTTP/1.1 --> 204 NO_CONTENT (referrer: -; agent: python-requests/2.9.1)
Jul 25 11:20:19 mas01 sh[16817]: 2018-07-25 11:20:19 regiond: [info] 192.168.11.43 POST /MAAS/metadata/status/wxedgd HTTP/1.1 --> 204 NO_CONTENT (referrer: -; agent: python-requests/2.9.1)
Jul 25 11:20:19 mas01 sh[16817]: 2018-07-25 11:20:19 regiond: [info] 192.168.11.41 POST /MAAS/metadata/status/7pn4xc HTTP/1.1 --> 204 NO_CONTENT (referrer: -; agent: python-requests/2.9.1)
Jul 25 11:20:19 mas01 sh[16821]: 2018-07-25 11:20:19 regiond: [info] 192.168.11.43 POST /MAAS/metadata/status/wxedgd HTTP/1.1 --> 204 NO_CONTENT (referrer: -; agent: python-requests/2.9.1)
Jul 25 11:20:19 mas01 sh[16825]: 2018-07-25 11:20:19 regiond: [info] 192.168.11.41 POST /MAAS/metadata/status/7pn4xc HTTP/1.1 --> 204 NO_CONTENT (referrer: -; agent: python-requests/2.9.1)
Jul 25 11:20:19 mas01 sh[16825]: 2018-07-25 11:20:19 regiond: [info] 192.168.11.43 POST /MAAS/metadata/status/wxedgd HTTP/1.1 --> 204 NO_CONTENT (referrer: -; agent: python-requests/2.9.1)
Jul 25 11:20:19 mas01 sh[16817]: 2018-07-25 11:20:19 regiond: [info] 192.168.11.41 POST /MAAS/metadata/status/7pn4xc HTTP/1.1 --> 204 NO_CONTENT (referrer: -; agent: python-requests/2.9.1)
Jul 25 11:20:19 mas01 sh[16825]: 2018-07-25 11:20:19 regiond: [info] 192.168.11.43 POST /MAAS/metadata/status/wxedgd HTTP/1.1 --> 204 NO_CONTENT (referrer: -; agent: python-requests/2.9.1)
Jul 25 11:20:19 mas01 sh[17291]: 2018-07-25 11:20:19 regiond: [info] 192.168.11.41 POST /MAAS/metadata/status/7pn4xc HTTP/1.1 --> 204 NO_CONTENT (referrer: -; agent: python-requests/2.9.1)
Jul 25 11:20:19 mas01 sh[17291]: 2018-07-25 11:20:19 regiond: [info] 192.168.11.43 POST /MAAS/metadata/status/wxedgd HTTP/1.1 --> 204 NO_CONTENT (referrer: -; agent: python-requests/2.9.1)
Jul 25 11:20:19 mas01 sh[16817]: 2018-07-25 11:20:19 regiond: [info] 192.168.11.41 POST /MAAS/metadata/status/7pn4xc HTTP/1.1 --> 204 NO_CONTENT (referrer: -; agent: python-requests/2.9.1)
Jul 25 11:20:19 mas01 sh[16821]: 2018-07-25 11:20:19 regiond: [info] 192.168.11.43 POST /MAAS/metadata/status/wxedgd HTTP/1.1 --> 204 NO_CONTENT (referrer: -; agent: python-requests/2.9.1)
Jul 25 11:20:19 mas01 sh[17291]: 2018-07-25 11:20:19 regiond: [info] 192.168.11.41 POST /MAAS/metadata/status/7pn4xc HTTP/1.1 --> 204 NO_CONTENT (referrer: -; agent: python-requests/2.9.1)
Jul 25 11:20:19 mas01 sh[16817]: 2018-07-25 11:20:19 regiond: [info] 192.168.11.43 POST /MAAS/metadata/status/wxedgd HTTP/1.1 --> 204 NO_CONTENT (referrer: -; agent: python-requests/2.9.1)
Jul 25 11:20:19 mas01 sh[17291]: 2018-07-25 11:20:19 regiond: [info] 192.168.11.41 POST /MAAS/metadata/status/7pn4xc HTTP/1.1 --> 204 NO_CONTENT (referrer: -; agent: python-requests/2.9.1)
Jul 25 11:20:19 mas01 sh[16817]: 2018-07-25 11:20:19 regiond: [info] 192.168.11.43 POST /MAAS/metadata/status/wxedgd HTTP/1.1 --> 204 NO_CONTENT (referrer: -; agent: python-requests/2.9.1)
Jul 25 11:20:19 mas01 sh[16825]: 2018-07-25 11:20:19 regiond: [info] 192.168.11.41 POST /MAAS/metadata/status/7pn4xc HTTP/1.1 --> 204 NO_CONTENT (referrer: -; agent: python-requests/2.9.1)
Jul 25 11:20:19 mas01 sh[16825]: 2018-07-25 11:20:19 regiond: [info] 192.168.11.43 POST /MAAS/metadata/status/wxedgd HTTP/1.1 --> 204 NO_CONTENT (referrer: -; agent: python-requests/2.9.1)
Jul 25 11:20:19 mas01 sh[17291]: 2018-07-25 11:20:19 regiond: [info] 192.168.11.41 POST /MAAS/metadata/status/7pn4xc HTTP/1.1 --> 204 NO_CONTENT (referrer: -; agent: python-requests/2.9.1)
Jul 25 11:20:19 mas01 sh[16817]: 2018-07-25 11:20:19 regiond: [info] 192.168.11.43 POST /MAAS/metadata/status/wxedgd HTTP/1.1 --> 204 NO_CONTENT (referrer: -; agent: python-requests/2.9.1)
Jul 25 11:20:19 mas01 sh[16817]: 2018-07-25 11:20:19 regiond: [info] 192.168.11.41 POST /MAAS/metadata/status/7pn4xc HTTP/1.1 --> 204 NO_CONTENT (referrer: -; agent: python-requests/2.9.1)
Jul 25 11:20:19 mas01 sh[16825]: 2018-07-25 11:20:19 regiond: [info] 192.168.11.43 POST /MAAS/metadata/status/wxedgd HTTP/1.1 --> 204 NO_CONTENT (referrer: -; agent: python-requests/2.9.1)
Jul 25 11:20:19 mas01 sh[16825]: 2018-07-25 11:20:19 regiond: [info] 192.168.11.41 POST /MAAS/metadata/status/7pn4xc HTTP/1.1 --> 204 NO_CONTENT (referrer: -; agent: python-requests/2.9.1)
Jul 25 11:20:19 mas01 sh[17291]: 2018-07-25 11:20:19 regiond: [info] 192.168.11.43 POST /MAAS/metadata/status/wxedgd HTTP/1.1 --> 204 NO_CONTENT (referrer: -; agent: python-requests/2.9.1)
Jul 25 11:20:19 mas01 sh[16817]: 2018-07-25 11:20:19 regiond: [info] 192.168.11.41 POST /MAAS/metadata/status/7pn4xc HTTP/1.1 --> 204 NO_CONTENT (referrer: -; agent: python-requests/2.9.1)
Jul 25 11:20:19 mas01 sh[16817]: 2018-07-25 11:20:19 regiond: [info] 192.168.11.41 POST /MAAS/metadata/status/7pn4xc HTTP/1.1 --> 204 NO_CONTENT (referrer: -; agent: python-requests/2.9.1)
Jul 25 11:20:19 mas01 sh[16821]: 2018-07-25 11:20:19 regiond: [info] 192.168.11.43 POST /MAAS/metadata/status/wxedgd HTTP/1.1 --> 204 NO_CONTENT (referrer: -; agent: python-requests/2.9.1)
Jul 25 11:20:19 mas01 sh[16821]: 2018-07-25 11:20:19 regiond: [info] 192.168.11.41 POST /MAAS/metadata/status/7pn4xc HTTP/1.1 --> 204 NO_CONTENT (referrer: -; agent: python-requests/2.9.1)
Jul 25 11:20:19 mas01 sh[17291]: 2018-07-25 11:20:19 regiond: [info] 192.168.11.43 POST /MAAS/metadata/status/wxedgd HTTP/1.1 --> 204 NO_CONTENT (referrer: -; agent: python-requests/2.9.1)
Jul 25 11:20:19 mas01 sh[16817]: 2018-07-25 11:20:19 regiond: [info] 192.168.11.41 POST /MAAS/metadata/status/7pn4xc HTTP/1.1 --> 204 NO_CONTENT (referrer: -; agent: python-requests/2.9.1)
Jul 25 11:20:19 mas01 sh[17291]: 2018-07-25 11:20:19 regiond: [info] 192.168.11.43 POST /MAAS/metadata/status/wxedgd HTTP/1.1 --> 204 NO_CONTENT (referrer: -; agent: python-requests/2.9.1)
Jul 25 11:20:19 mas01 sh[16821]: 2018-07-25 11:20:19 regiond: [info] 192.168.11.41 POST /MAAS/metadata/status/7pn4xc HTTP/1.1 --> 204 NO_CONTENT (referrer: -; agent: python-requests/2.9.1)
Jul 25 11:20:19 mas01 salt-minion[1414]: [INFO    ] User sudo_ubuntu Executing command state.apply with jid 20180725112019273525
Jul 25 11:20:19 mas01 salt-minion[1414]: [INFO    ] Starting a new job with PID 23472
Jul 25 11:20:19 mas01 sh[16821]: 2018-07-25 11:20:19 regiond: [info] 192.168.11.41 POST /MAAS/metadata/status/7pn4xc HTTP/1.1 --> 204 NO_CONTENT (referrer: -; agent: python-requests/2.9.1)
Jul 25 11:20:19 mas01 sh[17291]: 2018-07-25 11:20:19 regiond: [info] 192.168.11.41 POST /MAAS/metadata/status/7pn4xc HTTP/1.1 --> 204 NO_CONTENT (referrer: -; agent: python-requests/2.9.1)
Jul 25 11:20:19 mas01 named[16732]: received control channel command 'reload'
Jul 25 11:20:19 mas01 named[16732]: loading configuration from '/etc/bind/named.conf'
Jul 25 11:20:19 mas01 named[16732]: reading built-in trusted keys from file '/etc/bind/bind.keys'
Jul 25 11:20:19 mas01 named[16732]: initializing GeoIP Country (IPv4) (type 1) DB
Jul 25 11:20:19 mas01 named[16732]: GEO-106FREE 20160408 Bu
Jul 25 11:20:19 mas01 named[16732]: initializing GeoIP Country (IPv6) (type 12) DB
Jul 25 11:20:19 mas01 named[16732]: GEO-106FREE 20160408 Bu
Jul 25 11:20:19 mas01 named[16732]: GeoIP City (IPv4) (type 2) DB not available
Jul 25 11:20:19 mas01 named[16732]: GeoIP City (IPv4) (type 6) DB not available
Jul 25 11:20:19 mas01 named[16732]: GeoIP City (IPv6) (type 30) DB not available
Jul 25 11:20:19 mas01 named[16732]: GeoIP City (IPv6) (type 31) DB not available
Jul 25 11:20:19 mas01 named[16732]: GeoIP Region (type 3) DB not available
Jul 25 11:20:19 mas01 named[16732]: GeoIP Region (type 7) DB not available
Jul 25 11:20:19 mas01 named[16732]: GeoIP ISP (type 4) DB not available
Jul 25 11:20:19 mas01 named[16732]: GeoIP Org (type 5) DB not available
Jul 25 11:20:19 mas01 named[16732]: GeoIP AS (type 9) DB not available
Jul 25 11:20:19 mas01 named[16732]: GeoIP Domain (type 11) DB not available
Jul 25 11:20:19 mas01 named[16732]: GeoIP NetSpeed (type 10) DB not available
Jul 25 11:20:19 mas01 named[16732]: using default UDP/IPv4 port range: [32768, 60999]
Jul 25 11:20:19 mas01 named[16732]: using default UDP/IPv6 port range: [32768, 60999]
Jul 25 11:20:19 mas01 named[16732]: sizing zone task pool based on 9 zones
Jul 25 11:20:19 mas01 named[16732]: automatic empty zone: 10.IN-ADDR.ARPA
Jul 25 11:20:19 mas01 named[16732]: automatic empty zone: 16.172.IN-ADDR.ARPA
Jul 25 11:20:19 mas01 named[16732]: automatic empty zone: 17.172.IN-ADDR.ARPA
Jul 25 11:20:19 mas01 named[16732]: automatic empty zone: 18.172.IN-ADDR.ARPA
Jul 25 11:20:19 mas01 named[16732]: automatic empty zone: 19.172.IN-ADDR.ARPA
Jul 25 11:20:19 mas01 named[16732]: automatic empty zone: 20.172.IN-ADDR.ARPA
Jul 25 11:20:19 mas01 named[16732]: automatic empty zone: 21.172.IN-ADDR.ARPA
Jul 25 11:20:19 mas01 named[16732]: automatic empty zone: 22.172.IN-ADDR.ARPA
Jul 25 11:20:19 mas01 named[16732]: automatic empty zone: 23.172.IN-ADDR.ARPA
Jul 25 11:20:19 mas01 named[16732]: automatic empty zone: 24.172.IN-ADDR.ARPA
Jul 25 11:20:19 mas01 named[16732]: automatic empty zone: 25.172.IN-ADDR.ARPA
Jul 25 11:20:19 mas01 named[16732]: automatic empty zone: 26.172.IN-ADDR.ARPA
Jul 25 11:20:19 mas01 named[16732]: automatic empty zone: 27.172.IN-ADDR.ARPA
Jul 25 11:20:19 mas01 named[16732]: automatic empty zone: 28.172.IN-ADDR.ARPA
Jul 25 11:20:19 mas01 named[16732]: automatic empty zone: 29.172.IN-ADDR.ARPA
Jul 25 11:20:19 mas01 named[16732]: automatic empty zone: 30.172.IN-ADDR.ARPA
Jul 25 11:20:19 mas01 named[16732]: automatic empty zone: 31.172.IN-ADDR.ARPA
Jul 25 11:20:19 mas01 named[16732]: automatic empty zone: 168.192.IN-ADDR.ARPA
Jul 25 11:20:19 mas01 named[16732]: automatic empty zone: 64.100.IN-ADDR.ARPA
Jul 25 11:20:19 mas01 named[16732]: automatic empty zone: 65.100.IN-ADDR.ARPA
Jul 25 11:20:19 mas01 named[16732]: automatic empty zone: 66.100.IN-ADDR.ARPA
Jul 25 11:20:19 mas01 named[16732]: automatic empty zone: 67.100.IN-ADDR.ARPA
Jul 25 11:20:19 mas01 named[16732]: automatic empty zone: 68.100.IN-ADDR.ARPA
Jul 25 11:20:19 mas01 named[16732]: automatic empty zone: 69.100.IN-ADDR.ARPA
Jul 25 11:20:19 mas01 named[16732]: automatic empty zone: 70.100.IN-ADDR.ARPA
Jul 25 11:20:19 mas01 named[16732]: automatic empty zone: 71.100.IN-ADDR.ARPA
Jul 25 11:20:19 mas01 named[16732]: automatic empty zone: 72.100.IN-ADDR.ARPA
Jul 25 11:20:19 mas01 named[16732]: automatic empty zone: 73.100.IN-ADDR.ARPA
Jul 25 11:20:19 mas01 named[16732]: automatic empty zone: 74.100.IN-ADDR.ARPA
Jul 25 11:20:19 mas01 named[16732]: automatic empty zone: 75.100.IN-ADDR.ARPA
Jul 25 11:20:19 mas01 named[16732]: automatic empty zone: 76.100.IN-ADDR.ARPA
Jul 25 11:20:19 mas01 named[16732]: automatic empty zone: 77.100.IN-ADDR.ARPA
Jul 25 11:20:19 mas01 named[16732]: automatic empty zone: 78.100.IN-ADDR.ARPA
Jul 25 11:20:19 mas01 named[16732]: automatic empty zone: 79.100.IN-ADDR.ARPA
Jul 25 11:20:19 mas01 named[16732]: automatic empty zone: 80.100.IN-ADDR.ARPA
Jul 25 11:20:19 mas01 named[16732]: automatic empty zone: 81.100.IN-ADDR.ARPA
Jul 25 11:20:19 mas01 named[16732]: automatic empty zone: 82.100.IN-ADDR.ARPA
Jul 25 11:20:19 mas01 named[16732]: automatic empty zone: 83.100.IN-ADDR.ARPA
Jul 25 11:20:19 mas01 named[16732]: automatic empty zone: 84.100.IN-ADDR.ARPA
Jul 25 11:20:19 mas01 named[16732]: automatic empty zone: 85.100.IN-ADDR.ARPA
Jul 25 11:20:19 mas01 named[16732]: automatic empty zone: 86.100.IN-ADDR.ARPA
Jul 25 11:20:19 mas01 named[16732]: automatic empty zone: 87.100.IN-ADDR.ARPA
Jul 25 11:20:19 mas01 named[16732]: automatic empty zone: 88.100.IN-ADDR.ARPA
Jul 25 11:20:19 mas01 named[16732]: automatic empty zone: 89.100.IN-ADDR.ARPA
Jul 25 11:20:19 mas01 named[16732]: automatic empty zone: 90.100.IN-ADDR.ARPA
Jul 25 11:20:19 mas01 named[16732]: automatic empty zone: 91.100.IN-ADDR.ARPA
Jul 25 11:20:19 mas01 named[16732]: automatic empty zone: 92.100.IN-ADDR.ARPA
Jul 25 11:20:19 mas01 named[16732]: automatic empty zone: 93.100.IN-ADDR.ARPA
Jul 25 11:20:19 mas01 named[16732]: automatic empty zone: 94.100.IN-ADDR.ARPA
Jul 25 11:20:19 mas01 named[16732]: automatic empty zone: 95.100.IN-ADDR.ARPA
Jul 25 11:20:19 mas01 named[16732]: automatic empty zone: 96.100.IN-ADDR.ARPA
Jul 25 11:20:19 mas01 named[16732]: automatic empty zone: 97.100.IN-ADDR.ARPA
Jul 25 11:20:19 mas01 named[16732]: automatic empty zone: 98.100.IN-ADDR.ARPA
Jul 25 11:20:19 mas01 named[16732]: automatic empty zone: 99.100.IN-ADDR.ARPA
Jul 25 11:20:19 mas01 named[16732]: automatic empty zone: 100.100.IN-ADDR.ARPA
Jul 25 11:20:19 mas01 named[16732]: automatic empty zone: 101.100.IN-ADDR.ARPA
Jul 25 11:20:19 mas01 named[16732]: automatic empty zone: 102.100.IN-ADDR.ARPA
Jul 25 11:20:19 mas01 named[16732]: automatic empty zone: 103.100.IN-ADDR.ARPA
Jul 25 11:20:19 mas01 named[16732]: automatic empty zone: 104.100.IN-ADDR.ARPA
Jul 25 11:20:19 mas01 named[16732]: automatic empty zone: 105.100.IN-ADDR.ARPA
Jul 25 11:20:19 mas01 named[16732]: automatic empty zone: 106.100.IN-ADDR.ARPA
Jul 25 11:20:19 mas01 named[16732]: automatic empty zone: 107.100.IN-ADDR.ARPA
Jul 25 11:20:19 mas01 named[16732]: automatic empty zone: 108.100.IN-ADDR.ARPA
Jul 25 11:20:19 mas01 named[16732]: automatic empty zone: 109.100.IN-ADDR.ARPA
Jul 25 11:20:19 mas01 named[16732]: automatic empty zone: 110.100.IN-ADDR.ARPA
Jul 25 11:20:19 mas01 named[16732]: automatic empty zone: 111.100.IN-ADDR.ARPA
Jul 25 11:20:19 mas01 named[16732]: automatic empty zone: 112.100.IN-ADDR.ARPA
Jul 25 11:20:19 mas01 named[16732]: automatic empty zone: 113.100.IN-ADDR.ARPA
Jul 25 11:20:19 mas01 named[16732]: automatic empty zone: 114.100.IN-ADDR.ARPA
Jul 25 11:20:19 mas01 named[16732]: automatic empty zone: 115.100.IN-ADDR.ARPA
Jul 25 11:20:19 mas01 named[16732]: automatic empty zone: 116.100.IN-ADDR.ARPA
Jul 25 11:20:19 mas01 named[16732]: automatic empty zone: 117.100.IN-ADDR.ARPA
Jul 25 11:20:19 mas01 named[16732]: automatic empty zone: 118.100.IN-ADDR.ARPA
Jul 25 11:20:19 mas01 named[16732]: automatic empty zone: 119.100.IN-ADDR.ARPA
Jul 25 11:20:19 mas01 named[16732]: automatic empty zone: 120.100.IN-ADDR.ARPA
Jul 25 11:20:19 mas01 named[16732]: automatic empty zone: 121.100.IN-ADDR.ARPA
Jul 25 11:20:19 mas01 named[16732]: automatic empty zone: 122.100.IN-ADDR.ARPA
Jul 25 11:20:19 mas01 named[16732]: automatic empty zone: 123.100.IN-ADDR.ARPA
Jul 25 11:20:19 mas01 named[16732]: automatic empty zone: 124.100.IN-ADDR.ARPA
Jul 25 11:20:19 mas01 named[16732]: automatic empty zone: 125.100.IN-ADDR.ARPA
Jul 25 11:20:19 mas01 named[16732]: automatic empty zone: 126.100.IN-ADDR.ARPA
Jul 25 11:20:19 mas01 named[16732]: automatic empty zone: 127.100.IN-ADDR.ARPA
Jul 25 11:20:19 mas01 named[16732]: automatic empty zone: 254.169.IN-ADDR.ARPA
Jul 25 11:20:19 mas01 named[16732]: automatic empty zone: 2.0.192.IN-ADDR.ARPA
Jul 25 11:20:19 mas01 named[16732]: automatic empty zone: 100.51.198.IN-ADDR.ARPA
Jul 25 11:20:19 mas01 named[16732]: automatic empty zone: 113.0.203.IN-ADDR.ARPA
Jul 25 11:20:19 mas01 named[16732]: automatic empty zone: 255.255.255.255.IN-ADDR.ARPA
Jul 25 11:20:19 mas01 named[16732]: automatic empty zone: 0.0.0.0.0.0.0.0.0.0.0.0.0.0.0.0.0.0.0.0.0.0.0.0.0.0.0.0.0.0.0.0.IP6.ARPA
Jul 25 11:20:19 mas01 named[16732]: automatic empty zone: 1.0.0.0.0.0.0.0.0.0.0.0.0.0.0.0.0.0.0.0.0.0.0.0.0.0.0.0.0.0.0.0.IP6.ARPA
Jul 25 11:20:19 mas01 named[16732]: automatic empty zone: D.F.IP6.ARPA
Jul 25 11:20:19 mas01 named[16732]: automatic empty zone: 8.E.F.IP6.ARPA
Jul 25 11:20:19 mas01 named[16732]: automatic empty zone: 9.E.F.IP6.ARPA
Jul 25 11:20:19 mas01 named[16732]: automatic empty zone: A.E.F.IP6.ARPA
Jul 25 11:20:19 mas01 named[16732]: automatic empty zone: B.E.F.IP6.ARPA
Jul 25 11:20:19 mas01 named[16732]: automatic empty zone: 8.B.D.0.1.0.0.2.IP6.ARPA
Jul 25 11:20:19 mas01 named[16732]: automatic empty zone: EMPTY.AS112.ARPA
Jul 25 11:20:19 mas01 named[16732]: configuring command channel from '/etc/bind/rndc.key'
Jul 25 11:20:19 mas01 named[16732]: reloading configuration succeeded
Jul 25 11:20:19 mas01 named[16732]: reloading zones succeeded
Jul 25 11:20:19 mas01 named[16732]: zone 4.167.10.in-addr.arpa/IN: loaded serial 49
Jul 25 11:20:19 mas01 named[16732]: zone 0.20.10.in-addr.arpa/IN: loaded serial 49
Jul 25 11:20:19 mas01 named[16732]: zone 11.168.192.in-addr.arpa/IN: loaded serial 49
Jul 25 11:20:19 mas01 named[16732]: all zones loaded
Jul 25 11:20:19 mas01 named[16732]: running
Jul 25 11:20:19 mas01 named[16732]: zone maas/IN: loaded serial 49
Jul 25 11:20:19 mas01 sh[16817]: 2018-07-25 11:20:19 regiond: [info] 192.168.11.41 POST /MAAS/metadata/status/7pn4xc HTTP/1.1 --> 204 NO_CONTENT (referrer: -; agent: python-requests/2.9.1)
Jul 25 11:20:19 mas01 sh[16825]: 2018-07-25 11:20:19 regiond: [info] 192.168.11.41 POST /MAAS/metadata/status/7pn4xc HTTP/1.1 --> 204 NO_CONTENT (referrer: -; agent: python-requests/2.9.1)
Jul 25 11:20:19 mas01 sh[16817]: 2018-07-25 11:20:19 regiond: [info] 192.168.11.41 POST /MAAS/metadata/status/7pn4xc HTTP/1.1 --> 204 NO_CONTENT (referrer: -; agent: python-requests/2.9.1)
Jul 25 11:20:19 mas01 sh[16817]: message repeated 2 times: [ 2018-07-25 11:20:19 regiond: [info] 192.168.11.41 POST /MAAS/metadata/status/7pn4xc HTTP/1.1 --> 204 NO_CONTENT (referrer: -; agent: python-requests/2.9.1)]
Jul 25 11:20:19 mas01 sh[16825]: 2018-07-25 11:20:19 regiond: [info] 192.168.11.41 POST /MAAS/metadata/status/7pn4xc HTTP/1.1 --> 204 NO_CONTENT (referrer: -; agent: python-requests/2.9.1)
Jul 25 11:20:19 mas01 sh[16825]: 2018-07-25 11:20:19 regiond: [info] 192.168.11.41 POST /MAAS/metadata/status/7pn4xc HTTP/1.1 --> 204 NO_CONTENT (referrer: -; agent: python-requests/2.9.1)
Jul 25 11:20:19 mas01 salt-minion[1414]: [INFO    ] Loading fresh modules for state activity
Jul 25 11:20:19 mas01 sh[16821]: 2018-07-25 11:20:19 regiond: [info] 192.168.11.41 POST /MAAS/metadata/status/7pn4xc HTTP/1.1 --> 204 NO_CONTENT (referrer: -; agent: python-requests/2.9.1)
Jul 25 11:20:19 mas01 salt-minion[1414]: [INFO    ] Running state [maas-region apikey --username opnfv > /var/lib/maas/.maas_credentials] at time 11:20:19.669630
Jul 25 11:20:19 mas01 salt-minion[1414]: [INFO    ] Executing state cmd.run for maas-region apikey --username opnfv > /var/lib/maas/.maas_credentials
Jul 25 11:20:19 mas01 salt-minion[1414]: [INFO    ] Executing command 'maas-region apikey --username opnfv > /var/lib/maas/.maas_credentials' in directory '/root'
Jul 25 11:20:19 mas01 sh[16825]: 2018-07-25 11:20:19 regiond: [info] 192.168.11.43 POST /MAAS/metadata/status/wxedgd HTTP/1.1 --> 204 NO_CONTENT (referrer: -; agent: python-requests/2.9.1)
Jul 25 11:20:19 mas01 sh[16817]: 2018-07-25 11:20:19 regiond: [info] 192.168.11.43 POST /MAAS/metadata/status/wxedgd HTTP/1.1 --> 204 NO_CONTENT (referrer: -; agent: python-requests/2.9.1)
Jul 25 11:20:19 mas01 sh[16817]: 2018-07-25 11:20:19 regiond: [info] 192.168.11.43 POST /MAAS/metadata/status/wxedgd HTTP/1.1 --> 204 NO_CONTENT (referrer: -; agent: python-requests/2.9.1)
Jul 25 11:20:19 mas01 sh[17291]: 2018-07-25 11:20:19 regiond: [info] 192.168.11.43 POST /MAAS/metadata/status/wxedgd HTTP/1.1 --> 204 NO_CONTENT (referrer: -; agent: python-requests/2.9.1)
Jul 25 11:20:21 mas01 sh[16817]: 2018-07-25 11:20:21 regiond: [info] 192.168.11.43 POST /MAAS/metadata/status/wxedgd HTTP/1.1 --> 204 NO_CONTENT (referrer: -; agent: python-requests/2.9.1)
Jul 25 11:20:21 mas01 sh[16821]: 2018-07-25 11:20:21 regiond: [info] 192.168.11.43 POST /MAAS/metadata/status/wxedgd HTTP/1.1 --> 204 NO_CONTENT (referrer: -; agent: python-requests/2.9.1)
Jul 25 11:20:21 mas01 sh[16825]: 2018-07-25 11:20:21 regiond: [info] 192.168.11.43 POST /MAAS/metadata/status/wxedgd HTTP/1.1 --> 204 NO_CONTENT (referrer: -; agent: python-requests/2.9.1)
Jul 25 11:20:21 mas01 sh[16817]: 2018-07-25 11:20:21 regiond: [info] 192.168.11.43 POST /MAAS/metadata/status/wxedgd HTTP/1.1 --> 204 NO_CONTENT (referrer: -; agent: python-requests/2.9.1)
Jul 25 11:20:21 mas01 sh[16817]: 2018-07-25 11:20:21 regiond: [info] 192.168.11.43 POST /MAAS/metadata/status/wxedgd HTTP/1.1 --> 204 NO_CONTENT (referrer: -; agent: python-requests/2.9.1)
Jul 25 11:20:21 mas01 sh[16825]: 2018-07-25 11:20:21 regiond: [info] 192.168.11.43 POST /MAAS/metadata/status/wxedgd HTTP/1.1 --> 204 NO_CONTENT (referrer: -; agent: python-requests/2.9.1)
Jul 25 11:20:21 mas01 sh[16821]: 2018-07-25 11:20:21 regiond: [info] 192.168.11.43 POST /MAAS/metadata/status/wxedgd HTTP/1.1 --> 204 NO_CONTENT (referrer: -; agent: python-requests/2.9.1)
Jul 25 11:20:21 mas01 sh[16825]: 2018-07-25 11:20:21 regiond: [info] 192.168.11.43 POST /MAAS/metadata/status/wxedgd HTTP/1.1 --> 204 NO_CONTENT (referrer: -; agent: python-requests/2.9.1)
Jul 25 11:20:21 mas01 sh[16821]: 2018-07-25 11:20:21 regiond: [info] 192.168.11.43 POST /MAAS/metadata/status/wxedgd HTTP/1.1 --> 204 NO_CONTENT (referrer: -; agent: python-requests/2.9.1)
Jul 25 11:20:21 mas01 salt-minion[1414]: [INFO    ] {'pid': 23485, 'retcode': 0, 'stderr': '', 'stdout': ''}
Jul 25 11:20:21 mas01 salt-minion[1414]: [INFO    ] Completed state [maas-region apikey --username opnfv > /var/lib/maas/.maas_credentials] at time 11:20:21.399598 duration_in_ms=1729.978
Jul 25 11:20:21 mas01 salt-minion[1414]: [INFO    ] Running state [maas.machines_status] at time 11:20:21.404962
Jul 25 11:20:21 mas01 salt-minion[1414]: [INFO    ] Executing state module.run for maas.machines_status
Jul 25 11:20:22 mas01 sh[16821]: 2018-07-25 11:20:22 regiond: [info] 127.0.0.1 GET /MAAS/api/2.0/machines/ HTTP/1.1 --> 200 OK (referrer: -; agent: Python-urllib/2.7)
Jul 25 11:20:22 mas01 salt-minion[1414]: [INFO    ] {'ret': {'machines': [{'status': 'Deployed', 'hostname': u'cmp002', 'system_id': u'h8ff63'}, {'status': 'Deployed', 'hostname': u'cmp001', 'system_id': u'7pn4xc'}, {'status': 'Deploying', 'hostname': u'kvm01', 'system_id': u'7ypkcc'}, {'status': 'Deployed', 'hostname': u'kvm03', 'system_id': u'wxedgd'}, {'status': 'Deployed', 'hostname': u'kvm02', 'system_id': u'dtdqan'}], 'summary': Counter({'Deployed': 4, 'Deploying': 1})}}
Jul 25 11:20:22 mas01 salt-minion[1414]: [INFO    ] Completed state [maas.machines_status] at time 11:20:22.220435 duration_in_ms=815.472
Jul 25 11:20:22 mas01 salt-minion[1414]: [INFO    ] Returning information for job: 20180725112019273525
Jul 25 11:20:22 mas01 sh[17291]: 2018-07-25 11:20:22 regiond: [info] 192.168.11.39 POST /MAAS/metadata/status/h8ff63 HTTP/1.1 --> 204 NO_CONTENT (referrer: -; agent: python-requests/2.9.1)
Jul 25 11:20:22 mas01 sh[16825]: 2018-07-25 11:20:22 regiond: [info] 192.168.11.39 POST /MAAS/metadata/status/h8ff63 HTTP/1.1 --> 204 NO_CONTENT (referrer: -; agent: python-requests/2.9.1)
Jul 25 11:20:22 mas01 sh[16817]: 2018-07-25 11:20:22 regiond: [info] 192.168.11.39 POST /MAAS/metadata/status/h8ff63 HTTP/1.1 --> 204 NO_CONTENT (referrer: -; agent: python-requests/2.9.1)
Jul 25 11:20:22 mas01 sh[17291]: 2018-07-25 11:20:22 regiond: [info] 192.168.11.39 POST /MAAS/metadata/status/h8ff63 HTTP/1.1 --> 204 NO_CONTENT (referrer: -; agent: python-requests/2.9.1)
Jul 25 11:20:22 mas01 sh[16825]: 2018-07-25 11:20:22 regiond: [info] 192.168.11.39 POST /MAAS/metadata/status/h8ff63 HTTP/1.1 --> 204 NO_CONTENT (referrer: -; agent: python-requests/2.9.1)
Jul 25 11:20:22 mas01 sh[16817]: 2018-07-25 11:20:22 regiond: [info] 192.168.11.39 POST /MAAS/metadata/status/h8ff63 HTTP/1.1 --> 204 NO_CONTENT (referrer: -; agent: python-requests/2.9.1)
Jul 25 11:20:22 mas01 sh[16825]: 2018-07-25 11:20:22 regiond: [info] 192.168.11.39 POST /MAAS/metadata/status/h8ff63 HTTP/1.1 --> 204 NO_CONTENT (referrer: -; agent: python-requests/2.9.1)
Jul 25 11:20:22 mas01 sh[16817]: 2018-07-25 11:20:22 regiond: [info] 192.168.11.39 POST /MAAS/metadata/status/h8ff63 HTTP/1.1 --> 204 NO_CONTENT (referrer: -; agent: python-requests/2.9.1)
Jul 25 11:20:22 mas01 sh[17291]: 2018-07-25 11:20:22 regiond: [info] 192.168.11.39 POST /MAAS/metadata/status/h8ff63 HTTP/1.1 --> 204 NO_CONTENT (referrer: -; agent: python-requests/2.9.1)
Jul 25 11:20:22 mas01 sh[16817]: 2018-07-25 11:20:22 regiond: [info] 192.168.11.39 POST /MAAS/metadata/status/h8ff63 HTTP/1.1 --> 204 NO_CONTENT (referrer: -; agent: python-requests/2.9.1)
Jul 25 11:20:23 mas01 sh[16817]: 2018-07-25 11:20:23 regiond: [info] 192.168.11.39 POST /MAAS/metadata/status/h8ff63 HTTP/1.1 --> 204 NO_CONTENT (referrer: -; agent: python-requests/2.9.1)
Jul 25 11:20:23 mas01 sh[16825]: 2018-07-25 11:20:23 regiond: [info] 192.168.11.39 POST /MAAS/metadata/status/h8ff63 HTTP/1.1 --> 204 NO_CONTENT (referrer: -; agent: python-requests/2.9.1)
Jul 25 11:20:23 mas01 sh[16821]: 2018-07-25 11:20:23 regiond: [info] 192.168.11.39 POST /MAAS/metadata/status/h8ff63 HTTP/1.1 --> 204 NO_CONTENT (referrer: -; agent: python-requests/2.9.1)
Jul 25 11:20:23 mas01 sh[16817]: 2018-07-25 11:20:23 regiond: [info] 192.168.11.39 POST /MAAS/metadata/status/h8ff63 HTTP/1.1 --> 204 NO_CONTENT (referrer: -; agent: python-requests/2.9.1)
Jul 25 11:20:23 mas01 sh[16821]: 2018-07-25 11:20:23 regiond: [info] 192.168.11.39 POST /MAAS/metadata/status/h8ff63 HTTP/1.1 --> 204 NO_CONTENT (referrer: -; agent: python-requests/2.9.1)
Jul 25 11:20:23 mas01 sh[16821]: 2018-07-25 11:20:23 regiond: [info] 192.168.11.39 POST /MAAS/metadata/status/h8ff63 HTTP/1.1 --> 204 NO_CONTENT (referrer: -; agent: python-requests/2.9.1)
Jul 25 11:20:23 mas01 sh[16825]: 2018-07-25 11:20:23 regiond: [info] 192.168.11.39 POST /MAAS/metadata/status/h8ff63 HTTP/1.1 --> 204 NO_CONTENT (referrer: -; agent: python-requests/2.9.1)
Jul 25 11:20:23 mas01 sh[16817]: 2018-07-25 11:20:23 regiond: [info] 192.168.11.39 POST /MAAS/metadata/status/h8ff63 HTTP/1.1 --> 204 NO_CONTENT (referrer: -; agent: python-requests/2.9.1)
Jul 25 11:20:23 mas01 sh[17291]: 2018-07-25 11:20:23 regiond: [info] 192.168.11.39 POST /MAAS/metadata/status/h8ff63 HTTP/1.1 --> 204 NO_CONTENT (referrer: -; agent: python-requests/2.9.1)
Jul 25 11:20:23 mas01 sh[17291]: 2018-07-25 11:20:23 regiond: [info] 192.168.11.39 POST /MAAS/metadata/status/h8ff63 HTTP/1.1 --> 204 NO_CONTENT (referrer: -; agent: python-requests/2.9.1)
Jul 25 11:20:23 mas01 sh[16825]: 2018-07-25 11:20:23 regiond: [info] 192.168.11.39 POST /MAAS/metadata/status/h8ff63 HTTP/1.1 --> 204 NO_CONTENT (referrer: -; agent: python-requests/2.9.1)
Jul 25 11:20:23 mas01 sh[16821]: 2018-07-25 11:20:23 regiond: [info] 192.168.11.39 POST /MAAS/metadata/status/h8ff63 HTTP/1.1 --> 204 NO_CONTENT (referrer: -; agent: python-requests/2.9.1)
Jul 25 11:20:23 mas01 sh[16817]: 2018-07-25 11:20:23 regiond: [info] 192.168.11.39 POST /MAAS/metadata/status/h8ff63 HTTP/1.1 --> 204 NO_CONTENT (referrer: -; agent: python-requests/2.9.1)
Jul 25 11:20:23 mas01 sh[16817]: 2018-07-25 11:20:23 regiond: [info] 192.168.11.39 POST /MAAS/metadata/status/h8ff63 HTTP/1.1 --> 204 NO_CONTENT (referrer: -; agent: python-requests/2.9.1)
Jul 25 11:20:23 mas01 sh[16825]: 2018-07-25 11:20:23 regiond: [info] 192.168.11.39 POST /MAAS/metadata/status/h8ff63 HTTP/1.1 --> 204 NO_CONTENT (referrer: -; agent: python-requests/2.9.1)
Jul 25 11:20:23 mas01 sh[16825]: 2018-07-25 11:20:23 regiond: [info] 192.168.11.39 POST /MAAS/metadata/status/h8ff63 HTTP/1.1 --> 204 NO_CONTENT (referrer: -; agent: python-requests/2.9.1)
Jul 25 11:20:23 mas01 sh[17291]: 2018-07-25 11:20:23 regiond: [info] 192.168.11.39 POST /MAAS/metadata/status/h8ff63 HTTP/1.1 --> 204 NO_CONTENT (referrer: -; agent: python-requests/2.9.1)
Jul 25 11:20:23 mas01 sh[16821]: 2018-07-25 11:20:23 regiond: [info] 192.168.11.39 POST /MAAS/metadata/status/h8ff63 HTTP/1.1 --> 204 NO_CONTENT (referrer: -; agent: python-requests/2.9.1)
Jul 25 11:20:23 mas01 sh[16817]: 2018-07-25 11:20:23 regiond: [info] 192.168.11.39 POST /MAAS/metadata/status/h8ff63 HTTP/1.1 --> 204 NO_CONTENT (referrer: -; agent: python-requests/2.9.1)
Jul 25 11:20:23 mas01 sh[16821]: 2018-07-25 11:20:23 regiond: [info] 192.168.11.39 POST /MAAS/metadata/status/h8ff63 HTTP/1.1 --> 204 NO_CONTENT (referrer: -; agent: python-requests/2.9.1)
Jul 25 11:20:23 mas01 sh[16825]: 2018-07-25 11:20:23 regiond: [info] 192.168.11.39 POST /MAAS/metadata/status/h8ff63 HTTP/1.1 --> 204 NO_CONTENT (referrer: -; agent: python-requests/2.9.1)
Jul 25 11:20:23 mas01 sh[16821]: 2018-07-25 11:20:23 regiond: [info] 192.168.11.39 POST /MAAS/metadata/status/h8ff63 HTTP/1.1 --> 204 NO_CONTENT (referrer: -; agent: python-requests/2.9.1)
Jul 25 11:20:23 mas01 sh[17291]: 2018-07-25 11:20:23 regiond: [info] 192.168.11.39 POST /MAAS/metadata/status/h8ff63 HTTP/1.1 --> 204 NO_CONTENT (referrer: -; agent: python-requests/2.9.1)
Jul 25 11:20:23 mas01 sh[17291]: message repeated 3 times: [ 2018-07-25 11:20:23 regiond: [info] 192.168.11.39 POST /MAAS/metadata/status/h8ff63 HTTP/1.1 --> 204 NO_CONTENT (referrer: -; agent: python-requests/2.9.1)]
Jul 25 11:20:23 mas01 sh[16817]: 2018-07-25 11:20:23 regiond: [info] 192.168.11.39 POST /MAAS/metadata/status/h8ff63 HTTP/1.1 --> 204 NO_CONTENT (referrer: -; agent: python-requests/2.9.1)
Jul 25 11:20:23 mas01 sh[17291]: 2018-07-25 11:20:23 regiond: [info] 192.168.11.39 POST /MAAS/metadata/status/h8ff63 HTTP/1.1 --> 204 NO_CONTENT (referrer: -; agent: python-requests/2.9.1)
Jul 25 11:20:23 mas01 sh[17291]: 2018-07-25 11:20:23 regiond: [info] 192.168.11.39 POST /MAAS/metadata/status/h8ff63 HTTP/1.1 --> 204 NO_CONTENT (referrer: -; agent: python-requests/2.9.1)
Jul 25 11:20:23 mas01 sh[16825]: 2018-07-25 11:20:23 regiond: [info] 192.168.11.39 POST /MAAS/metadata/status/h8ff63 HTTP/1.1 --> 204 NO_CONTENT (referrer: -; agent: python-requests/2.9.1)
Jul 25 11:20:23 mas01 sh[16817]: 2018-07-25 11:20:23 regiond: [info] 192.168.11.39 POST /MAAS/metadata/status/h8ff63 HTTP/1.1 --> 204 NO_CONTENT (referrer: -; agent: python-requests/2.9.1)
Jul 25 11:20:23 mas01 sh[16817]: 2018-07-25 11:20:23 regiond: [info] 192.168.11.39 POST /MAAS/metadata/status/h8ff63 HTTP/1.1 --> 204 NO_CONTENT (referrer: -; agent: python-requests/2.9.1)
Jul 25 11:20:23 mas01 sh[17291]: 2018-07-25 11:20:23 regiond: [info] 192.168.11.39 POST /MAAS/metadata/status/h8ff63 HTTP/1.1 --> 204 NO_CONTENT (referrer: -; agent: python-requests/2.9.1)
Jul 25 11:20:23 mas01 sh[17291]: 2018-07-25 11:20:23 maasserver.region_controller: [info] Reloaded DNS configuration:
Jul 25 11:20:23 mas01 sh[17291]: #011 * ip 192.168.11.43 linked to resource ubuntu on zone maas
Jul 25 11:20:23 mas01 sh[17291]: #011 * ip 192.168.11.39 unlinked from resource ubuntu on zone maas
Jul 25 11:20:23 mas01 sh[16821]: 2018-07-25 11:20:23 regiond: [info] 192.168.11.39 POST /MAAS/metadata/status/h8ff63 HTTP/1.1 --> 204 NO_CONTENT (referrer: -; agent: python-requests/2.9.1)
Jul 25 11:20:23 mas01 sh[16821]: 2018-07-25 11:20:23 regiond: [info] 192.168.11.39 POST /MAAS/metadata/status/h8ff63 HTTP/1.1 --> 204 NO_CONTENT (referrer: -; agent: python-requests/2.9.1)
Jul 25 11:20:23 mas01 sh[16817]: 2018-07-25 11:20:23 regiond: [info] 192.168.11.39 POST /MAAS/metadata/status/h8ff63 HTTP/1.1 --> 204 NO_CONTENT (referrer: -; agent: python-requests/2.9.1)
Jul 25 11:20:23 mas01 sh[16817]: 2018-07-25 11:20:23 regiond: [info] 192.168.11.39 POST /MAAS/metadata/status/h8ff63 HTTP/1.1 --> 204 NO_CONTENT (referrer: -; agent: python-requests/2.9.1)
Jul 25 11:20:23 mas01 sh[16825]: 2018-07-25 11:20:23 regiond: [info] 192.168.11.39 POST /MAAS/metadata/status/h8ff63 HTTP/1.1 --> 204 NO_CONTENT (referrer: -; agent: python-requests/2.9.1)
Jul 25 11:20:23 mas01 sh[16817]: 2018-07-25 11:20:23 regiond: [info] 192.168.11.39 POST /MAAS/metadata/status/h8ff63 HTTP/1.1 --> 204 NO_CONTENT (referrer: -; agent: python-requests/2.9.1)
Jul 25 11:20:23 mas01 sh[17291]: 2018-07-25 11:20:23 regiond: [info] 192.168.11.39 POST /MAAS/metadata/status/h8ff63 HTTP/1.1 --> 204 NO_CONTENT (referrer: -; agent: python-requests/2.9.1)
Jul 25 11:20:23 mas01 sh[16817]: 2018-07-25 11:20:23 regiond: [info] 192.168.11.39 POST /MAAS/metadata/status/h8ff63 HTTP/1.1 --> 204 NO_CONTENT (referrer: -; agent: python-requests/2.9.1)
Jul 25 11:20:24 mas01 sh[16817]: 2018-07-25 11:20:24 regiond: [info] 192.168.11.40 POST /MAAS/metadata/status/dtdqan HTTP/1.1 --> 204 NO_CONTENT (referrer: -; agent: python-requests/2.9.1)
Jul 25 11:20:24 mas01 sh[16821]: 2018-07-25 11:20:24 regiond: [info] 192.168.11.40 POST /MAAS/metadata/status/dtdqan HTTP/1.1 --> 204 NO_CONTENT (referrer: -; agent: python-requests/2.9.1)
Jul 25 11:20:24 mas01 sh[17291]: 2018-07-25 11:20:24 regiond: [info] 192.168.11.40 POST /MAAS/metadata/status/dtdqan HTTP/1.1 --> 204 NO_CONTENT (referrer: -; agent: python-requests/2.9.1)
Jul 25 11:20:24 mas01 sh[16817]: 2018-07-25 11:20:24 regiond: [info] 192.168.11.40 POST /MAAS/metadata/status/dtdqan HTTP/1.1 --> 204 NO_CONTENT (referrer: -; agent: python-requests/2.9.1)
Jul 25 11:20:24 mas01 sh[16825]: 2018-07-25 11:20:24 regiond: [info] 192.168.11.40 POST /MAAS/metadata/status/dtdqan HTTP/1.1 --> 204 NO_CONTENT (referrer: -; agent: python-requests/2.9.1)
Jul 25 11:20:24 mas01 sh[16821]: 2018-07-25 11:20:24 regiond: [info] 192.168.11.40 POST /MAAS/metadata/status/dtdqan HTTP/1.1 --> 204 NO_CONTENT (referrer: -; agent: python-requests/2.9.1)
Jul 25 11:20:24 mas01 sh[16821]: 2018-07-25 11:20:24 regiond: [info] 192.168.11.43 POST /MAAS/metadata/status/wxedgd HTTP/1.1 --> 204 NO_CONTENT (referrer: -; agent: python-requests/2.9.1)
Jul 25 11:20:24 mas01 sh[16821]: 2018-07-25 11:20:24 regiond: [info] 192.168.11.43 POST /MAAS/metadata/status/wxedgd HTTP/1.1 --> 204 NO_CONTENT (referrer: -; agent: python-requests/2.9.1)
Jul 25 11:20:24 mas01 sh[17291]: 2018-07-25 11:20:24 regiond: [info] 192.168.11.40 POST /MAAS/metadata/status/dtdqan HTTP/1.1 --> 204 NO_CONTENT (referrer: -; agent: python-requests/2.9.1)
Jul 25 11:20:24 mas01 sh[17291]: 2018-07-25 11:20:24 regiond: [info] 192.168.11.40 POST /MAAS/metadata/status/dtdqan HTTP/1.1 --> 204 NO_CONTENT (referrer: -; agent: python-requests/2.9.1)
Jul 25 11:20:24 mas01 sh[17291]: 2018-07-25 11:20:24 regiond: [info] 192.168.11.43 POST /MAAS/metadata/status/wxedgd HTTP/1.1 --> 204 NO_CONTENT (referrer: -; agent: python-requests/2.9.1)
Jul 25 11:20:24 mas01 sh[16817]: 2018-07-25 11:20:24 regiond: [info] 192.168.11.40 POST /MAAS/metadata/status/dtdqan HTTP/1.1 --> 204 NO_CONTENT (referrer: -; agent: python-requests/2.9.1)
Jul 25 11:20:24 mas01 sh[16817]: 2018-07-25 11:20:24 regiond: [info] 192.168.11.43 POST /MAAS/metadata/status/wxedgd HTTP/1.1 --> 204 NO_CONTENT (referrer: -; agent: python-requests/2.9.1)
Jul 25 11:20:24 mas01 sh[16817]: 2018-07-25 11:20:24 regiond: [info] 192.168.11.40 POST /MAAS/metadata/status/dtdqan HTTP/1.1 --> 204 NO_CONTENT (referrer: -; agent: python-requests/2.9.1)
Jul 25 11:20:25 mas01 sh[17291]: 2018-07-25 11:20:25 regiond: [info] 192.168.11.40 POST /MAAS/metadata/status/dtdqan HTTP/1.1 --> 204 NO_CONTENT (referrer: -; agent: python-requests/2.9.1)
Jul 25 11:20:25 mas01 sh[17291]: message repeated 2 times: [ 2018-07-25 11:20:25 regiond: [info] 192.168.11.40 POST /MAAS/metadata/status/dtdqan HTTP/1.1 --> 204 NO_CONTENT (referrer: -; agent: python-requests/2.9.1)]
Jul 25 11:20:25 mas01 sh[16821]: 2018-07-25 11:20:25 regiond: [info] 192.168.11.40 POST /MAAS/metadata/status/dtdqan HTTP/1.1 --> 204 NO_CONTENT (referrer: -; agent: python-requests/2.9.1)
Jul 25 11:20:25 mas01 sh[16817]: 2018-07-25 11:20:25 regiond: [info] 192.168.11.40 POST /MAAS/metadata/status/dtdqan HTTP/1.1 --> 204 NO_CONTENT (referrer: -; agent: python-requests/2.9.1)
Jul 25 11:20:25 mas01 sh[17291]: 2018-07-25 11:20:25 regiond: [info] 192.168.11.40 POST /MAAS/metadata/status/dtdqan HTTP/1.1 --> 204 NO_CONTENT (referrer: -; agent: python-requests/2.9.1)
Jul 25 11:20:25 mas01 sh[16817]: 2018-07-25 11:20:25 regiond: [info] 192.168.11.40 POST /MAAS/metadata/status/dtdqan HTTP/1.1 --> 204 NO_CONTENT (referrer: -; agent: python-requests/2.9.1)
Jul 25 11:20:25 mas01 sh[16821]: 2018-07-25 11:20:25 regiond: [info] 192.168.11.40 POST /MAAS/metadata/status/dtdqan HTTP/1.1 --> 204 NO_CONTENT (referrer: -; agent: python-requests/2.9.1)
Jul 25 11:20:25 mas01 sh[16821]: 2018-07-25 11:20:25 regiond: [info] 192.168.11.40 POST /MAAS/metadata/status/dtdqan HTTP/1.1 --> 204 NO_CONTENT (referrer: -; agent: python-requests/2.9.1)
Jul 25 11:20:25 mas01 sh[16817]: 2018-07-25 11:20:25 regiond: [info] 192.168.11.40 POST /MAAS/metadata/status/dtdqan HTTP/1.1 --> 204 NO_CONTENT (referrer: -; agent: python-requests/2.9.1)
Jul 25 11:20:25 mas01 sh[16821]: 2018-07-25 11:20:25 regiond: [info] 192.168.11.40 POST /MAAS/metadata/status/dtdqan HTTP/1.1 --> 204 NO_CONTENT (referrer: -; agent: python-requests/2.9.1)
Jul 25 11:20:25 mas01 sh[16817]: 2018-07-25 11:20:25 regiond: [info] 192.168.11.40 POST /MAAS/metadata/status/dtdqan HTTP/1.1 --> 204 NO_CONTENT (referrer: -; agent: python-requests/2.9.1)
Jul 25 11:20:25 mas01 sh[17291]: 2018-07-25 11:20:25 regiond: [info] 192.168.11.40 POST /MAAS/metadata/status/dtdqan HTTP/1.1 --> 204 NO_CONTENT (referrer: -; agent: python-requests/2.9.1)
Jul 25 11:20:25 mas01 sh[16817]: 2018-07-25 11:20:25 regiond: [info] 192.168.11.40 POST /MAAS/metadata/status/dtdqan HTTP/1.1 --> 204 NO_CONTENT (referrer: -; agent: python-requests/2.9.1)
Jul 25 11:20:25 mas01 sh[17291]: 2018-07-25 11:20:25 regiond: [info] 192.168.11.40 POST /MAAS/metadata/status/dtdqan HTTP/1.1 --> 204 NO_CONTENT (referrer: -; agent: python-requests/2.9.1)
Jul 25 11:20:25 mas01 sh[16825]: 2018-07-25 11:20:25 regiond: [info] 192.168.11.40 POST /MAAS/metadata/status/dtdqan HTTP/1.1 --> 204 NO_CONTENT (referrer: -; agent: python-requests/2.9.1)
Jul 25 11:20:25 mas01 sh[16825]: 2018-07-25 11:20:25 regiond: [info] 192.168.11.40 POST /MAAS/metadata/status/dtdqan HTTP/1.1 --> 204 NO_CONTENT (referrer: -; agent: python-requests/2.9.1)
Jul 25 11:20:25 mas01 sh[17291]: 2018-07-25 11:20:25 regiond: [info] 192.168.11.40 POST /MAAS/metadata/status/dtdqan HTTP/1.1 --> 204 NO_CONTENT (referrer: -; agent: python-requests/2.9.1)
Jul 25 11:20:25 mas01 sh[16825]: 2018-07-25 11:20:25 regiond: [info] 192.168.11.40 POST /MAAS/metadata/status/dtdqan HTTP/1.1 --> 204 NO_CONTENT (referrer: -; agent: python-requests/2.9.1)
Jul 25 11:20:25 mas01 sh[16825]: 2018-07-25 11:20:25 regiond: [info] 192.168.11.40 POST /MAAS/metadata/status/dtdqan HTTP/1.1 --> 204 NO_CONTENT (referrer: -; agent: python-requests/2.9.1)
