Jul 22 20:31:43 mas01 sh[16226]: 2018-07-22 20:31:43 provisioningserver.rackdservices.tftp: [info] ldlinux.c32 requested by 00:25:b5:a0:00:6a
Jul 22 20:31:43 mas01 sh[17293]: 2018-07-22 20:31:43 maasserver.rpc.leases: [info] Lease update: commit for 192.168.11.42 on 0:25:b5:a0:0:6a at 2018-07-22 20:31:43 (lease time: 30s)
Jul 22 20:31:43 mas01 dhcpd[20233]: DHCPOFFER on 192.168.11.45 to 00:25:b5:a0:00:5a via ens5
Jul 22 20:31:43 mas01 sh[16226]: 2018-07-22 20:31:43 provisioningserver.rackdservices.tftp: [info] pxelinux.cfg/f0c9cf06-d8ce-11e4-0000-10000000002f requested by 00:25:b5:a0:00:6a
Jul 22 20:31:43 mas01 sh[16226]: 2018-07-22 20:31:43 provisioningserver.rackdservices.tftp: [info] pxelinux.cfg/01-00-25-b5-a0-00-6a requested by 00:25:b5:a0:00:6a
Jul 22 20:31:43 mas01 sh[16226]: 2018-07-22 20:31:43 provisioningserver.rackdservices.tftp: [info] pxelinux.cfg/01-00-25-b5-a0-00-6a requested by 00:25:b5:a0:00:6a
Jul 22 20:31:44 mas01 sh[16226]: 2018-07-22 20:31:44 provisioningserver.rackdservices.tftp: [info] pxelinux.cfg/01-00-25-b5-a0-00-6a requested by 00:25:b5:a0:00:6a
Jul 22 20:31:44 mas01 sh[16226]: 2018-07-22 20:31:44 provisioningserver.rackdservices.tftp: [info] ubuntu/amd64/hwe-16.04/xenial/daily/boot-kernel requested by 00:25:b5:a0:00:6a
Jul 22 20:31:44 mas01 salt-minion[1298]: [INFO    ] User sudo_ubuntu Executing command state.apply with jid 20180722203144808432
Jul 22 20:31:44 mas01 salt-minion[1298]: [INFO    ] Starting a new job with PID 20901
Jul 22 20:31:45 mas01 salt-minion[1298]: [INFO    ] Loading fresh modules for state activity
Jul 22 20:31:45 mas01 salt-minion[1298]: [INFO    ] Running state [maas-region apikey --username opnfv > /var/lib/maas/.maas_credentials] at time 20:31:45.419707
Jul 22 20:31:45 mas01 salt-minion[1298]: [INFO    ] Executing state cmd.run for maas-region apikey --username opnfv > /var/lib/maas/.maas_credentials
Jul 22 20:31:45 mas01 salt-minion[1298]: [INFO    ] Executing command 'maas-region apikey --username opnfv > /var/lib/maas/.maas_credentials' in directory '/root'
Jul 22 20:31:45 mas01 sh[16226]: 2018-07-22 20:31:45 provisioningserver.rackdservices.tftp: [info] ubuntu/amd64/hwe-16.04/xenial/daily/boot-initrd requested by 00:25:b5:a0:00:6a
Jul 22 20:31:45 mas01 ntpd[17412]: Soliciting pool server 91.189.94.4
Jul 22 20:31:46 mas01 dhcpd[20233]: DHCPDISCOVER from 00:25:b5:a0:00:2a (kvm01) via ens5
Jul 22 20:31:46 mas01 salt-minion[1298]: [INFO    ] {'pid': 20908, 'retcode': 0, 'stderr': '', 'stdout': ''}
Jul 22 20:31:46 mas01 salt-minion[1298]: [INFO    ] Completed state [maas-region apikey --username opnfv > /var/lib/maas/.maas_credentials] at time 20:31:46.866818 duration_in_ms=1447.118
Jul 22 20:31:46 mas01 salt-minion[1298]: [INFO    ] Running state [maas.machines_status] at time 20:31:46.871762
Jul 22 20:31:46 mas01 salt-minion[1298]: [INFO    ] Executing state module.run for maas.machines_status
Jul 22 20:31:46 mas01 dhcpd[20233]: execute_statement argv[0] = /usr/sbin/maas-dhcp-helper
Jul 22 20:31:46 mas01 dhcpd[20233]: execute_statement argv[1] = notify
Jul 22 20:31:46 mas01 dhcpd[20233]: execute_statement argv[2] = --action
Jul 22 20:31:46 mas01 dhcpd[20233]: execute_statement argv[3] = commit
Jul 22 20:31:46 mas01 dhcpd[20233]: execute_statement argv[4] = --mac
Jul 22 20:31:46 mas01 dhcpd[20233]: execute_statement argv[5] = 0:25:b5:a0:0:5a
Jul 22 20:31:46 mas01 dhcpd[20233]: execute_statement argv[6] = --ip-family
Jul 22 20:31:46 mas01 dhcpd[20233]: execute_statement argv[7] = ipv4
Jul 22 20:31:46 mas01 dhcpd[20233]: execute_statement argv[8] = --ip
Jul 22 20:31:46 mas01 dhcpd[20233]: execute_statement argv[9] = 192.168.11.45
Jul 22 20:31:46 mas01 dhcpd[20233]: execute_statement argv[10] = --lease-time
Jul 22 20:31:46 mas01 dhcpd[20233]: execute_statement argv[11] = 30
Jul 22 20:31:46 mas01 dhcpd[20233]: execute_statement argv[12] = --hostname
Jul 22 20:31:46 mas01 dhcpd[20233]: execute_statement argv[13] = (none)
Jul 22 20:31:46 mas01 dhcpd[20233]: execute_statement argv[14] = --socket
Jul 22 20:31:46 mas01 dhcpd[20233]: execute_statement argv[15] = /var/lib/maas/dhcpd.sock
Jul 22 20:31:46 mas01 dhcpd[20233]: DHCPREQUEST for 192.168.11.45 (192.168.11.3) from 00:25:b5:a0:00:5a via ens5
Jul 22 20:31:46 mas01 dhcpd[20233]: DHCPACK on 192.168.11.45 to 00:25:b5:a0:00:5a via ens5
Jul 22 20:31:46 mas01 sh[16226]: 2018-07-22 20:31:46 provisioningserver.rackdservices.tftp: [info] pxelinux.0 requested by 00:25:b5:a0:00:5a
Jul 22 20:31:46 mas01 sh[16226]: 2018-07-22 20:31:46 provisioningserver.rackdservices.tftp: [info] pxelinux.0 requested by 00:25:b5:a0:00:5a
Jul 22 20:31:47 mas01 sh[16787]: 2018-07-22 20:31:47 maasserver.rpc.leases: [info] Lease update: commit for 192.168.11.45 on 0:25:b5:a0:0:5a at 2018-07-22 20:31:46 (lease time: 30s)
Jul 22 20:31:47 mas01 sh[16226]: 2018-07-22 20:31:47 provisioningserver.rackdservices.tftp: [info] ldlinux.c32 requested by 00:25:b5:a0:00:5a
Jul 22 20:31:47 mas01 sh[16226]: 2018-07-22 20:31:47 provisioningserver.rackdservices.tftp: [info] pxelinux.cfg/f0c9cf06-d8ce-11e4-0000-10000000005f requested by 00:25:b5:a0:00:5a
Jul 22 20:31:47 mas01 sh[16226]: 2018-07-22 20:31:47 provisioningserver.rackdservices.tftp: [info] pxelinux.cfg/01-00-25-b5-a0-00-5a requested by 00:25:b5:a0:00:5a
Jul 22 20:31:47 mas01 sh[16226]: 2018-07-22 20:31:47 provisioningserver.rackdservices.tftp: [info] pxelinux.cfg/01-00-25-b5-a0-00-5a requested by 00:25:b5:a0:00:5a
Jul 22 20:31:47 mas01 sh[16226]: 2018-07-22 20:31:47 provisioningserver.rackdservices.tftp: [info] ubuntu/amd64/hwe-16.04/xenial/daily/boot-kernel requested by 00:25:b5:a0:00:5a
Jul 22 20:31:47 mas01 dhcpd[20233]: DHCPOFFER on 192.168.11.43 to 00:25:b5:a0:00:2a via ens5
Jul 22 20:31:47 mas01 salt-minion[1298]: [INFO    ] {'ret': {'machines': [{'status': 'Deploying', 'hostname': u'cmp002', 'system_id': u'kb6drs'}, {'status': 'Deploying', 'hostname': u'cmp001', 'system_id': u'ggqnb8'}, {'status': 'Deploying', 'hostname': u'kvm01', 'system_id': u'4aaaeh'}, {'status': 'Deploying', 'hostname': u'kvm03', 'system_id': u'y4ghgf'}, {'status': 'Deploying', 'hostname': u'kvm02', 'system_id': u'7hb6r7'}], 'summary': Counter({'Deploying': 5})}}
Jul 22 20:31:47 mas01 salt-minion[1298]: [INFO    ] Completed state [maas.machines_status] at time 20:31:47.444542 duration_in_ms=572.78
Jul 22 20:31:47 mas01 salt-minion[1298]: [INFO    ] Returning information for job: 20180722203144808432
Jul 22 20:31:48 mas01 dhcpd[20233]: DHCPDISCOVER from 00:25:b5:a0:00:4a (kvm03) via ens5
Jul 22 20:31:48 mas01 sh[16226]: 2018-07-22 20:31:48 provisioningserver.rackdservices.tftp: [info] ubuntu/amd64/hwe-16.04/xenial/daily/boot-initrd requested by 00:25:b5:a0:00:5a
Jul 22 20:31:49 mas01 dhcpd[20233]: DHCPOFFER on 192.168.11.44 to 00:25:b5:a0:00:4a via ens5
Jul 22 20:31:49 mas01 sh[16792]: 2018-07-22 20:31:49 regiond: [info] 127.0.0.1 GET /MAAS/rpc/ HTTP/1.0 --> 200 OK (referrer: -; agent: provisioningserver.rpc.clusterservice.ClusterClientService)
Jul 22 20:31:49 mas01 sh[16226]: 2018-07-22 20:31:49 provisioningserver.rackdservices.dhcp_probe_service: [info] Probe for external DHCP servers started on interfaces: ens5, ens3, ens4.
Jul 22 20:31:49 mas01 dhcpd[20233]: DHCPDISCOVER from 52:54:00:d1:72:57 via ens5
Jul 22 20:31:49 mas01 dhcpd[20233]: DHCPOFFER on 192.168.11.3 to 52:54:00:d1:72:57 via ens5
Jul 22 20:31:50 mas01 dhcpd[20233]: execute_statement argv[0] = /usr/sbin/maas-dhcp-helper
Jul 22 20:31:50 mas01 dhcpd[20233]: execute_statement argv[1] = notify
Jul 22 20:31:50 mas01 dhcpd[20233]: execute_statement argv[2] = --action
Jul 22 20:31:50 mas01 dhcpd[20233]: execute_statement argv[3] = commit
Jul 22 20:31:50 mas01 dhcpd[20233]: execute_statement argv[4] = --mac
Jul 22 20:31:50 mas01 dhcpd[20233]: execute_statement argv[5] = 0:25:b5:a0:0:2a
Jul 22 20:31:50 mas01 dhcpd[20233]: execute_statement argv[6] = --ip-family
Jul 22 20:31:50 mas01 dhcpd[20233]: execute_statement argv[7] = ipv4
Jul 22 20:31:50 mas01 dhcpd[20233]: execute_statement argv[8] = --ip
Jul 22 20:31:50 mas01 dhcpd[20233]: execute_statement argv[9] = 192.168.11.43
Jul 22 20:31:50 mas01 dhcpd[20233]: execute_statement argv[10] = --lease-time
Jul 22 20:31:50 mas01 dhcpd[20233]: execute_statement argv[11] = 30
Jul 22 20:31:50 mas01 dhcpd[20233]: execute_statement argv[12] = --hostname
Jul 22 20:31:50 mas01 dhcpd[20233]: execute_statement argv[13] = (none)
Jul 22 20:31:50 mas01 dhcpd[20233]: execute_statement argv[14] = --socket
Jul 22 20:31:50 mas01 dhcpd[20233]: execute_statement argv[15] = /var/lib/maas/dhcpd.sock
Jul 22 20:31:50 mas01 dhcpd[20233]: DHCPREQUEST for 192.168.11.43 (192.168.11.3) from 00:25:b5:a0:00:2a via ens5
Jul 22 20:31:50 mas01 dhcpd[20233]: DHCPACK on 192.168.11.43 to 00:25:b5:a0:00:2a via ens5
Jul 22 20:31:50 mas01 sh[16226]: 2018-07-22 20:31:50 provisioningserver.rackdservices.tftp: [info] pxelinux.0 requested by 00:25:b5:a0:00:2a
Jul 22 20:31:50 mas01 sh[16226]: 2018-07-22 20:31:50 provisioningserver.rackdservices.tftp: [info] pxelinux.0 requested by 00:25:b5:a0:00:2a
Jul 22 20:31:50 mas01 sh[16792]: 2018-07-22 20:31:50 maasserver.rpc.leases: [info] Lease update: commit for 192.168.11.43 on 0:25:b5:a0:0:2a at 2018-07-22 20:31:50 (lease time: 30s)
Jul 22 20:31:50 mas01 sh[16226]: 2018-07-22 20:31:50 provisioningserver.rackdservices.tftp: [info] ldlinux.c32 requested by 00:25:b5:a0:00:2a
Jul 22 20:31:50 mas01 sh[16226]: 2018-07-22 20:31:50 provisioningserver.rackdservices.tftp: [info] pxelinux.cfg/f0c9cf06-d8ce-11e4-0000-10000000006f requested by 00:25:b5:a0:00:2a
Jul 22 20:31:50 mas01 sh[16226]: 2018-07-22 20:31:50 provisioningserver.rackdservices.tftp: [info] pxelinux.cfg/01-00-25-b5-a0-00-2a requested by 00:25:b5:a0:00:2a
Jul 22 20:31:50 mas01 sh[16226]: message repeated 2 times: [ 2018-07-22 20:31:50 provisioningserver.rackdservices.tftp: [info] pxelinux.cfg/01-00-25-b5-a0-00-2a requested by 00:25:b5:a0:00:2a]
Jul 22 20:31:50 mas01 sh[16226]: 2018-07-22 20:31:50 provisioningserver.rackdservices.tftp: [info] ubuntu/amd64/hwe-16.04/xenial/daily/boot-kernel requested by 00:25:b5:a0:00:2a
Jul 22 20:31:51 mas01 dhcpd[20233]: DHCPDISCOVER from 00:25:b5:a0:00:3a (kvm02) via ens5
Jul 22 20:31:51 mas01 dhcpd[20233]: DHCPDISCOVER from 52:54:00:d1:72:57 via ens5
Jul 22 20:31:51 mas01 dhcpd[20233]: DHCPOFFER on 192.168.11.3 to 52:54:00:d1:72:57 via ens5
Jul 22 20:31:52 mas01 dhcpd[20233]: DHCPOFFER on 192.168.11.46 to 00:25:b5:a0:00:3a via ens5
Jul 22 20:31:52 mas01 dhcpd[20233]: execute_statement argv[0] = /usr/sbin/maas-dhcp-helper
Jul 22 20:31:52 mas01 dhcpd[20233]: execute_statement argv[1] = notify
Jul 22 20:31:52 mas01 dhcpd[20233]: execute_statement argv[2] = --action
Jul 22 20:31:52 mas01 dhcpd[20233]: execute_statement argv[3] = commit
Jul 22 20:31:52 mas01 dhcpd[20233]: execute_statement argv[4] = --mac
Jul 22 20:31:52 mas01 dhcpd[20233]: execute_statement argv[5] = 0:25:b5:a0:0:4a
Jul 22 20:31:52 mas01 dhcpd[20233]: execute_statement argv[6] = --ip-family
Jul 22 20:31:52 mas01 dhcpd[20233]: execute_statement argv[7] = ipv4
Jul 22 20:31:52 mas01 dhcpd[20233]: execute_statement argv[8] = --ip
Jul 22 20:31:52 mas01 dhcpd[20233]: execute_statement argv[9] = 192.168.11.44
Jul 22 20:31:52 mas01 dhcpd[20233]: execute_statement argv[10] = --lease-time
Jul 22 20:31:52 mas01 dhcpd[20233]: execute_statement argv[11] = 30
Jul 22 20:31:52 mas01 dhcpd[20233]: execute_statement argv[12] = --hostname
Jul 22 20:31:52 mas01 dhcpd[20233]: execute_statement argv[13] = (none)
Jul 22 20:31:52 mas01 dhcpd[20233]: execute_statement argv[14] = --socket
Jul 22 20:31:52 mas01 dhcpd[20233]: execute_statement argv[15] = /var/lib/maas/dhcpd.sock
Jul 22 20:31:52 mas01 dhcpd[20233]: DHCPREQUEST for 192.168.11.44 (192.168.11.3) from 00:25:b5:a0:00:4a via ens5
Jul 22 20:31:52 mas01 dhcpd[20233]: DHCPACK on 192.168.11.44 to 00:25:b5:a0:00:4a via ens5
Jul 22 20:31:52 mas01 sh[16226]: 2018-07-22 20:31:52 provisioningserver.rackdservices.tftp: [info] pxelinux.0 requested by 00:25:b5:a0:00:4a
Jul 22 20:31:52 mas01 sh[16226]: 2018-07-22 20:31:52 provisioningserver.rackdservices.tftp: [info] pxelinux.0 requested by 00:25:b5:a0:00:4a
Jul 22 20:31:52 mas01 sh[16792]: 2018-07-22 20:31:52 maasserver.rpc.leases: [info] Lease update: commit for 192.168.11.44 on 0:25:b5:a0:0:4a at 2018-07-22 20:31:52 (lease time: 30s)
Jul 22 20:31:52 mas01 sh[16226]: 2018-07-22 20:31:52 provisioningserver.rackdservices.tftp: [info] ldlinux.c32 requested by 00:25:b5:a0:00:4a
Jul 22 20:31:52 mas01 sh[16226]: 2018-07-22 20:31:52 provisioningserver.rackdservices.tftp: [info] pxelinux.cfg/f0c9cf06-d8ce-11e4-0000-10000000004f requested by 00:25:b5:a0:00:4a
Jul 22 20:31:52 mas01 sh[16226]: 2018-07-22 20:31:52 provisioningserver.rackdservices.tftp: [info] pxelinux.cfg/01-00-25-b5-a0-00-4a requested by 00:25:b5:a0:00:4a
Jul 22 20:31:52 mas01 sh[16226]: 2018-07-22 20:31:52 provisioningserver.rackdservices.tftp: [info] pxelinux.cfg/01-00-25-b5-a0-00-4a requested by 00:25:b5:a0:00:4a
Jul 22 20:31:52 mas01 sh[16226]: 2018-07-22 20:31:52 provisioningserver.rackdservices.tftp: [info] ubuntu/amd64/hwe-16.04/xenial/daily/boot-kernel requested by 00:25:b5:a0:00:4a
Jul 22 20:31:52 mas01 sh[16226]: 2018-07-22 20:31:52 provisioningserver.rackdservices.tftp: [info] ubuntu/amd64/hwe-16.04/xenial/daily/boot-initrd requested by 00:25:b5:a0:00:2a
Jul 22 20:31:53 mas01 dhcpd[20233]: DHCPDISCOVER from 52:54:00:d1:72:57 via ens5
Jul 22 20:31:53 mas01 dhcpd[20233]: DHCPOFFER on 192.168.11.3 to 52:54:00:d1:72:57 via ens5
Jul 22 20:31:55 mas01 sh[16226]: 2018-07-22 20:31:55 provisioningserver.rackdservices.tftp: [info] ubuntu/amd64/hwe-16.04/xenial/daily/boot-initrd requested by 00:25:b5:a0:00:4a
Jul 22 20:31:55 mas01 dhcpd[20233]: execute_statement argv[0] = /usr/sbin/maas-dhcp-helper
Jul 22 20:31:55 mas01 dhcpd[20233]: execute_statement argv[1] = notify
Jul 22 20:31:55 mas01 dhcpd[20233]: execute_statement argv[2] = --action
Jul 22 20:31:55 mas01 dhcpd[20233]: execute_statement argv[3] = commit
Jul 22 20:31:55 mas01 dhcpd[20233]: execute_statement argv[4] = --mac
Jul 22 20:31:55 mas01 dhcpd[20233]: execute_statement argv[5] = 0:25:b5:a0:0:3a
Jul 22 20:31:55 mas01 dhcpd[20233]: execute_statement argv[6] = --ip-family
Jul 22 20:31:55 mas01 dhcpd[20233]: execute_statement argv[7] = ipv4
Jul 22 20:31:55 mas01 dhcpd[20233]: execute_statement argv[8] = --ip
Jul 22 20:31:55 mas01 dhcpd[20233]: execute_statement argv[9] = 192.168.11.46
Jul 22 20:31:55 mas01 dhcpd[20233]: execute_statement argv[10] = --lease-time
Jul 22 20:31:55 mas01 dhcpd[20233]: execute_statement argv[11] = 30
Jul 22 20:31:55 mas01 dhcpd[20233]: execute_statement argv[12] = --hostname
Jul 22 20:31:55 mas01 dhcpd[20233]: execute_statement argv[13] = (none)
Jul 22 20:31:55 mas01 dhcpd[20233]: execute_statement argv[14] = --socket
Jul 22 20:31:55 mas01 dhcpd[20233]: execute_statement argv[15] = /var/lib/maas/dhcpd.sock
Jul 22 20:31:55 mas01 dhcpd[20233]: DHCPREQUEST for 192.168.11.46 (192.168.11.3) from 00:25:b5:a0:00:3a via ens5
Jul 22 20:31:55 mas01 dhcpd[20233]: DHCPACK on 192.168.11.46 to 00:25:b5:a0:00:3a via ens5
Jul 22 20:31:55 mas01 sh[16226]: 2018-07-22 20:31:55 provisioningserver.rackdservices.tftp: [info] pxelinux.0 requested by 00:25:b5:a0:00:3a
Jul 22 20:31:55 mas01 sh[16782]: 2018-07-22 20:31:55 maasserver.rpc.leases: [info] Lease update: commit for 192.168.11.46 on 0:25:b5:a0:0:3a at 2018-07-22 20:31:55 (lease time: 30s)
Jul 22 20:31:55 mas01 sh[16226]: 2018-07-22 20:31:55 provisioningserver.rackdservices.tftp: [info] pxelinux.0 requested by 00:25:b5:a0:00:3a
Jul 22 20:31:55 mas01 sh[16226]: 2018-07-22 20:31:55 provisioningserver.rackdservices.tftp: [info] ldlinux.c32 requested by 00:25:b5:a0:00:3a
Jul 22 20:31:55 mas01 sh[16226]: 2018-07-22 20:31:55 provisioningserver.rackdservices.tftp: [info] pxelinux.cfg/f0c9cf06-d8ce-11e4-0000-10000000007f requested by 00:25:b5:a0:00:3a
Jul 22 20:31:55 mas01 sh[16226]: 2018-07-22 20:31:55 provisioningserver.rackdservices.tftp: [info] pxelinux.cfg/01-00-25-b5-a0-00-3a requested by 00:25:b5:a0:00:3a
Jul 22 20:31:55 mas01 sh[16226]: 2018-07-22 20:31:55 provisioningserver.rackdservices.tftp: [info] ubuntu/amd64/hwe-16.04/xenial/daily/boot-kernel requested by 00:25:b5:a0:00:3a
Jul 22 20:31:57 mas01 dhcpd[20233]: DHCPDISCOVER from 52:54:00:d1:72:57 via ens5
Jul 22 20:31:57 mas01 dhcpd[20233]: DHCPOFFER on 192.168.11.3 to 52:54:00:d1:72:57 via ens5
Jul 22 20:31:58 mas01 salt-minion[1298]: [INFO    ] User sudo_ubuntu Executing command state.apply with jid 20180722203158084092
Jul 22 20:31:58 mas01 salt-minion[1298]: [INFO    ] Starting a new job with PID 21043
Jul 22 20:31:58 mas01 sh[16226]: 2018-07-22 20:31:58 provisioningserver.rackdservices.tftp: [info] ubuntu/amd64/hwe-16.04/xenial/daily/boot-initrd requested by 00:25:b5:a0:00:3a
Jul 22 20:31:59 mas01 salt-minion[1298]: [INFO    ] Loading fresh modules for state activity
Jul 22 20:31:59 mas01 salt-minion[1298]: [INFO    ] Running state [maas-region apikey --username opnfv > /var/lib/maas/.maas_credentials] at time 20:31:59.876887
Jul 22 20:31:59 mas01 salt-minion[1298]: [INFO    ] Executing state cmd.run for maas-region apikey --username opnfv > /var/lib/maas/.maas_credentials
Jul 22 20:31:59 mas01 salt-minion[1298]: [INFO    ] Executing command 'maas-region apikey --username opnfv > /var/lib/maas/.maas_credentials' in directory '/root'
Jul 22 20:32:01 mas01 salt-minion[1298]: [INFO    ] {'pid': 21054, 'retcode': 0, 'stderr': '', 'stdout': ''}
Jul 22 20:32:01 mas01 salt-minion[1298]: [INFO    ] Completed state [maas-region apikey --username opnfv > /var/lib/maas/.maas_credentials] at time 20:32:01.176257 duration_in_ms=1299.373
Jul 22 20:32:01 mas01 salt-minion[1298]: [INFO    ] Running state [maas.machines_status] at time 20:32:01.177536
Jul 22 20:32:01 mas01 salt-minion[1298]: [INFO    ] Executing state module.run for maas.machines_status
Jul 22 20:32:01 mas01 salt-minion[1298]: [INFO    ] {'ret': {'machines': [{'status': 'Deploying', 'hostname': u'cmp002', 'system_id': u'kb6drs'}, {'status': 'Deploying', 'hostname': u'cmp001', 'system_id': u'ggqnb8'}, {'status': 'Deploying', 'hostname': u'kvm01', 'system_id': u'4aaaeh'}, {'status': 'Deploying', 'hostname': u'kvm03', 'system_id': u'y4ghgf'}, {'status': 'Deploying', 'hostname': u'kvm02', 'system_id': u'7hb6r7'}], 'summary': Counter({'Deploying': 5})}}
Jul 22 20:32:01 mas01 salt-minion[1298]: [INFO    ] Completed state [maas.machines_status] at time 20:32:01.823254 duration_in_ms=645.716
Jul 22 20:32:01 mas01 salt-minion[1298]: [INFO    ] Returning information for job: 20180722203158084092
Jul 22 20:32:09 mas01 sh[16226]: 2018-07-22 20:32:09 provisioningserver.dhcp.detect: [info] External DHCP server(s) discovered on interface 'ens3': 10.20.0.1
Jul 22 20:32:09 mas01 dhcpd[20233]: DHCPDISCOVER from 00:25:b5:a0:00:6a via ens5
Jul 22 20:32:09 mas01 dhcpd[20233]: DHCPOFFER on 192.168.11.42 to 00:25:b5:a0:00:6a (cmp002) via ens5
Jul 22 20:32:09 mas01 dhcpd[20233]: execute_statement argv[0] = /usr/sbin/maas-dhcp-helper
Jul 22 20:32:09 mas01 dhcpd[20233]: execute_statement argv[1] = notify
Jul 22 20:32:09 mas01 dhcpd[20233]: execute_statement argv[2] = --action
Jul 22 20:32:09 mas01 dhcpd[20233]: execute_statement argv[3] = commit
Jul 22 20:32:09 mas01 dhcpd[20233]: execute_statement argv[4] = --mac
Jul 22 20:32:09 mas01 dhcpd[20233]: execute_statement argv[5] = 0:25:b5:a0:0:6a
Jul 22 20:32:09 mas01 dhcpd[20233]: execute_statement argv[6] = --ip-family
Jul 22 20:32:09 mas01 dhcpd[20233]: execute_statement argv[7] = ipv4
Jul 22 20:32:09 mas01 dhcpd[20233]: execute_statement argv[8] = --ip
Jul 22 20:32:09 mas01 dhcpd[20233]: execute_statement argv[9] = 192.168.11.42
Jul 22 20:32:09 mas01 dhcpd[20233]: execute_statement argv[10] = --lease-time
Jul 22 20:32:09 mas01 dhcpd[20233]: execute_statement argv[11] = 600
Jul 22 20:32:09 mas01 dhcpd[20233]: execute_statement argv[12] = --hostname
Jul 22 20:32:09 mas01 dhcpd[20233]: execute_statement argv[13] = cmp002
Jul 22 20:32:09 mas01 dhcpd[20233]: execute_statement argv[14] = --socket
Jul 22 20:32:09 mas01 dhcpd[20233]: execute_statement argv[15] = /var/lib/maas/dhcpd.sock
Jul 22 20:32:10 mas01 dhcpd[20233]: DHCPREQUEST for 192.168.11.42 (192.168.11.3) from 00:25:b5:a0:00:6a (cmp002) via ens5
Jul 22 20:32:10 mas01 dhcpd[20233]: DHCPACK on 192.168.11.42 to 00:25:b5:a0:00:6a (cmp002) via ens5
Jul 22 20:32:10 mas01 dhcpd[20233]: DHCPDISCOVER from 00:25:b5:a0:00:5a via ens5
Jul 22 20:32:10 mas01 dhcpd[20233]: DHCPOFFER on 192.168.11.45 to 00:25:b5:a0:00:5a (cmp001) via ens5
Jul 22 20:32:10 mas01 dhcpd[20233]: execute_statement argv[0] = /usr/sbin/maas-dhcp-helper
Jul 22 20:32:10 mas01 dhcpd[20233]: execute_statement argv[1] = notify
Jul 22 20:32:10 mas01 dhcpd[20233]: execute_statement argv[2] = --action
Jul 22 20:32:10 mas01 dhcpd[20233]: execute_statement argv[3] = commit
Jul 22 20:32:10 mas01 dhcpd[20233]: execute_statement argv[4] = --mac
Jul 22 20:32:10 mas01 dhcpd[20233]: execute_statement argv[5] = 0:25:b5:a0:0:5a
Jul 22 20:32:10 mas01 dhcpd[20233]: execute_statement argv[6] = --ip-family
Jul 22 20:32:10 mas01 dhcpd[20233]: execute_statement argv[7] = ipv4
Jul 22 20:32:10 mas01 dhcpd[20233]: execute_statement argv[8] = --ip
Jul 22 20:32:10 mas01 dhcpd[20233]: execute_statement argv[9] = 192.168.11.45
Jul 22 20:32:10 mas01 dhcpd[20233]: execute_statement argv[10] = --lease-time
Jul 22 20:32:10 mas01 dhcpd[20233]: execute_statement argv[11] = 600
Jul 22 20:32:10 mas01 dhcpd[20233]: execute_statement argv[12] = --hostname
Jul 22 20:32:10 mas01 dhcpd[20233]: execute_statement argv[13] = cmp001
Jul 22 20:32:10 mas01 dhcpd[20233]: execute_statement argv[14] = --socket
Jul 22 20:32:10 mas01 dhcpd[20233]: execute_statement argv[15] = /var/lib/maas/dhcpd.sock
Jul 22 20:32:10 mas01 sh[17293]: 2018-07-22 20:32:10 maasserver.rpc.leases: [info] Lease update: commit for 192.168.11.42 on 0:25:b5:a0:0:6a at 2018-07-22 20:32:10 (lease time: 600s) (hostname: cmp002)
Jul 22 20:32:10 mas01 dhcpd[20233]: DHCPREQUEST for 192.168.11.45 (192.168.11.3) from 00:25:b5:a0:00:5a (cmp001) via ens5
Jul 22 20:32:10 mas01 dhcpd[20233]: DHCPACK on 192.168.11.45 to 00:25:b5:a0:00:5a (cmp001) via ens5
Jul 22 20:32:10 mas01 sh[17293]: 2018-07-22 20:32:10 maasserver.rpc.leases: [info] Lease update: commit for 192.168.11.45 on 0:25:b5:a0:0:5a at 2018-07-22 20:32:10 (lease time: 600s) (hostname: cmp001)
Jul 22 20:32:11 mas01 sh[16226]: 2018-07-22 20:32:11 rackd: [info] 192.168.11.42 GET /images/ubuntu/amd64/hwe-16.04/xenial/daily/squashfs HTTP/1.1 --> 200 OK (referrer: -; agent: Wget)
Jul 22 20:32:11 mas01 sh[16226]: 2018-07-22 20:32:11 rackd: [info] 192.168.11.45 GET /images/ubuntu/amd64/hwe-16.04/xenial/daily/squashfs HTTP/1.1 --> 200 OK (referrer: -; agent: Wget)
Jul 22 20:32:11 mas01 dhcpd[20233]: DHCPDISCOVER from 00:25:b5:a0:00:2a via ens5
Jul 22 20:32:11 mas01 dhcpd[20233]: DHCPOFFER on 192.168.11.43 to 00:25:b5:a0:00:2a (kvm01) via ens5
Jul 22 20:32:11 mas01 dhcpd[20233]: execute_statement argv[0] = /usr/sbin/maas-dhcp-helper
Jul 22 20:32:11 mas01 dhcpd[20233]: execute_statement argv[1] = notify
Jul 22 20:32:11 mas01 dhcpd[20233]: execute_statement argv[2] = --action
Jul 22 20:32:11 mas01 dhcpd[20233]: execute_statement argv[3] = commit
Jul 22 20:32:11 mas01 dhcpd[20233]: execute_statement argv[4] = --mac
Jul 22 20:32:11 mas01 dhcpd[20233]: execute_statement argv[5] = 0:25:b5:a0:0:2a
Jul 22 20:32:11 mas01 dhcpd[20233]: execute_statement argv[6] = --ip-family
Jul 22 20:32:11 mas01 dhcpd[20233]: execute_statement argv[7] = ipv4
Jul 22 20:32:11 mas01 dhcpd[20233]: execute_statement argv[8] = --ip
Jul 22 20:32:11 mas01 dhcpd[20233]: execute_statement argv[9] = 192.168.11.43
Jul 22 20:32:11 mas01 dhcpd[20233]: execute_statement argv[10] = --lease-time
Jul 22 20:32:11 mas01 dhcpd[20233]: execute_statement argv[11] = 600
Jul 22 20:32:11 mas01 dhcpd[20233]: execute_statement argv[12] = --hostname
Jul 22 20:32:11 mas01 dhcpd[20233]: execute_statement argv[13] = kvm01
Jul 22 20:32:11 mas01 dhcpd[20233]: execute_statement argv[14] = --socket
Jul 22 20:32:11 mas01 dhcpd[20233]: execute_statement argv[15] = /var/lib/maas/dhcpd.sock
Jul 22 20:32:12 mas01 dhcpd[20233]: DHCPREQUEST for 192.168.11.43 (192.168.11.3) from 00:25:b5:a0:00:2a (kvm01) via ens5
Jul 22 20:32:12 mas01 dhcpd[20233]: DHCPACK on 192.168.11.43 to 00:25:b5:a0:00:2a (kvm01) via ens5
Jul 22 20:32:12 mas01 sh[16782]: 2018-07-22 20:32:12 maasserver.rpc.leases: [info] Lease update: commit for 192.168.11.43 on 0:25:b5:a0:0:2a at 2018-07-22 20:32:12 (lease time: 600s) (hostname: kvm01)
Jul 22 20:32:12 mas01 sh[16226]: 2018-07-22 20:32:12 rackd: [info] 192.168.11.43 GET /images/ubuntu/amd64/hwe-16.04/xenial/daily/squashfs HTTP/1.1 --> 200 OK (referrer: -; agent: Wget)
Jul 22 20:32:12 mas01 salt-minion[1298]: [INFO    ] User sudo_ubuntu Executing command state.apply with jid 20180722203212518948
Jul 22 20:32:12 mas01 salt-minion[1298]: [INFO    ] Starting a new job with PID 21082
Jul 22 20:32:12 mas01 salt-minion[1298]: [INFO    ] Loading fresh modules for state activity
Jul 22 20:32:13 mas01 salt-minion[1298]: [INFO    ] Running state [maas-region apikey --username opnfv > /var/lib/maas/.maas_credentials] at time 20:32:13.005084
Jul 22 20:32:13 mas01 salt-minion[1298]: [INFO    ] Executing state cmd.run for maas-region apikey --username opnfv > /var/lib/maas/.maas_credentials
Jul 22 20:32:13 mas01 salt-minion[1298]: [INFO    ] Executing command 'maas-region apikey --username opnfv > /var/lib/maas/.maas_credentials' in directory '/root'
Jul 22 20:32:13 mas01 dhcpd[20233]: DHCPDISCOVER from 00:25:b5:a0:00:4a via ens5
Jul 22 20:32:13 mas01 dhcpd[20233]: DHCPOFFER on 192.168.11.44 to 00:25:b5:a0:00:4a (kvm03) via ens5
Jul 22 20:32:13 mas01 dhcpd[20233]: execute_statement argv[0] = /usr/sbin/maas-dhcp-helper
Jul 22 20:32:13 mas01 dhcpd[20233]: execute_statement argv[1] = notify
Jul 22 20:32:13 mas01 dhcpd[20233]: execute_statement argv[2] = --action
Jul 22 20:32:13 mas01 dhcpd[20233]: execute_statement argv[3] = commit
Jul 22 20:32:13 mas01 dhcpd[20233]: execute_statement argv[4] = --mac
Jul 22 20:32:13 mas01 dhcpd[20233]: execute_statement argv[5] = 0:25:b5:a0:0:4a
Jul 22 20:32:13 mas01 dhcpd[20233]: execute_statement argv[6] = --ip-family
Jul 22 20:32:13 mas01 dhcpd[20233]: execute_statement argv[7] = ipv4
Jul 22 20:32:13 mas01 dhcpd[20233]: execute_statement argv[8] = --ip
Jul 22 20:32:13 mas01 dhcpd[20233]: execute_statement argv[9] = 192.168.11.44
Jul 22 20:32:13 mas01 dhcpd[20233]: execute_statement argv[10] = --lease-time
Jul 22 20:32:13 mas01 dhcpd[20233]: execute_statement argv[11] = 600
Jul 22 20:32:13 mas01 dhcpd[20233]: execute_statement argv[12] = --hostname
Jul 22 20:32:13 mas01 dhcpd[20233]: execute_statement argv[13] = kvm03
Jul 22 20:32:13 mas01 dhcpd[20233]: execute_statement argv[14] = --socket
Jul 22 20:32:13 mas01 dhcpd[20233]: execute_statement argv[15] = /var/lib/maas/dhcpd.sock
Jul 22 20:32:14 mas01 sh[17293]: 2018-07-22 20:32:14 regiond: [info] 192.168.11.45 GET /MAAS/metadata/latest/by-id/ggqnb8/?op=get_preseed HTTP/1.1 --> 200 OK (referrer: -; agent: Cloud-Init/18.2)
Jul 22 20:32:14 mas01 sh[16787]: 2018-07-22 20:32:14 maasserver.rpc.leases: [info] Lease update: commit for 192.168.11.44 on 0:25:b5:a0:0:4a at 2018-07-22 20:32:14 (lease time: 600s) (hostname: kvm03)
Jul 22 20:32:14 mas01 sh[16782]: 2018-07-22 20:32:14 regiond: [info] 192.168.11.42 POST /MAAS/metadata/status/kb6drs HTTP/1.1 --> 204 NO_CONTENT (referrer: -; agent: python-requests/2.9.1)
Jul 22 20:32:14 mas01 sh[16792]: 2018-07-22 20:32:14 regiond: [info] 192.168.11.42 POST /MAAS/metadata/status/kb6drs HTTP/1.1 --> 204 NO_CONTENT (referrer: -; agent: python-requests/2.9.1)
Jul 22 20:32:14 mas01 sh[16792]: 2018-07-22 20:32:14 regiond: [info] 192.168.11.45 POST /MAAS/metadata/status/ggqnb8 HTTP/1.1 --> 204 NO_CONTENT (referrer: -; agent: python-requests/2.9.1)
Jul 22 20:32:14 mas01 sh[17293]: 2018-07-22 20:32:14 regiond: [info] 192.168.11.45 POST /MAAS/metadata/status/ggqnb8 HTTP/1.1 --> 204 NO_CONTENT (referrer: -; agent: python-requests/2.9.1)
Jul 22 20:32:14 mas01 dhcpd[20233]: DHCPREQUEST for 192.168.11.44 (192.168.11.3) from 00:25:b5:a0:00:4a (kvm03) via ens5
Jul 22 20:32:14 mas01 dhcpd[20233]: DHCPACK on 192.168.11.44 to 00:25:b5:a0:00:4a (kvm03) via ens5
Jul 22 20:32:14 mas01 sh[17293]: 2018-07-22 20:32:14 regiond: [info] 192.168.11.42 POST /MAAS/metadata/status/kb6drs HTTP/1.1 --> 204 NO_CONTENT (referrer: -; agent: python-requests/2.9.1)
Jul 22 20:32:14 mas01 sh[16782]: 2018-07-22 20:32:14 regiond: [info] 192.168.11.45 POST /MAAS/metadata/status/ggqnb8 HTTP/1.1 --> 204 NO_CONTENT (referrer: -; agent: python-requests/2.9.1)
Jul 22 20:32:14 mas01 sh[16226]: 2018-07-22 20:32:14 rackd: [info] 192.168.11.44 GET /images/ubuntu/amd64/hwe-16.04/xenial/daily/squashfs HTTP/1.1 --> 200 OK (referrer: -; agent: Wget)
Jul 22 20:32:14 mas01 dhcpd[20233]: DHCPDISCOVER from 00:25:b5:a0:00:3a via ens5
Jul 22 20:32:14 mas01 dhcpd[20233]: DHCPOFFER on 192.168.11.46 to 00:25:b5:a0:00:3a (kvm02) via ens5
Jul 22 20:32:14 mas01 dhcpd[20233]: execute_statement argv[0] = /usr/sbin/maas-dhcp-helper
Jul 22 20:32:14 mas01 dhcpd[20233]: execute_statement argv[1] = notify
Jul 22 20:32:14 mas01 dhcpd[20233]: execute_statement argv[2] = --action
Jul 22 20:32:14 mas01 dhcpd[20233]: execute_statement argv[3] = commit
Jul 22 20:32:14 mas01 dhcpd[20233]: execute_statement argv[4] = --mac
Jul 22 20:32:14 mas01 dhcpd[20233]: execute_statement argv[5] = 0:25:b5:a0:0:3a
Jul 22 20:32:14 mas01 dhcpd[20233]: execute_statement argv[6] = --ip-family
Jul 22 20:32:14 mas01 dhcpd[20233]: execute_statement argv[7] = ipv4
Jul 22 20:32:14 mas01 dhcpd[20233]: execute_statement argv[8] = --ip
Jul 22 20:32:14 mas01 dhcpd[20233]: execute_statement argv[9] = 192.168.11.46
Jul 22 20:32:14 mas01 dhcpd[20233]: execute_statement argv[10] = --lease-time
Jul 22 20:32:14 mas01 dhcpd[20233]: execute_statement argv[11] = 600
Jul 22 20:32:14 mas01 dhcpd[20233]: execute_statement argv[12] = --hostname
Jul 22 20:32:14 mas01 dhcpd[20233]: execute_statement argv[13] = kvm02
Jul 22 20:32:14 mas01 dhcpd[20233]: execute_statement argv[14] = --socket
Jul 22 20:32:14 mas01 dhcpd[20233]: execute_statement argv[15] = /var/lib/maas/dhcpd.sock
Jul 22 20:32:14 mas01 salt-minion[1298]: [INFO    ] {'pid': 21089, 'retcode': 0, 'stderr': '', 'stdout': ''}
Jul 22 20:32:14 mas01 salt-minion[1298]: [INFO    ] Completed state [maas-region apikey --username opnfv > /var/lib/maas/.maas_credentials] at time 20:32:14.635428 duration_in_ms=1630.345
Jul 22 20:32:14 mas01 salt-minion[1298]: [INFO    ] Running state [maas.machines_status] at time 20:32:14.637568
Jul 22 20:32:14 mas01 salt-minion[1298]: [INFO    ] Executing state module.run for maas.machines_status
Jul 22 20:32:14 mas01 dhcpd[20233]: DHCPREQUEST for 192.168.11.46 (192.168.11.3) from 00:25:b5:a0:00:3a (kvm02) via ens5
Jul 22 20:32:14 mas01 dhcpd[20233]: DHCPACK on 192.168.11.46 to 00:25:b5:a0:00:3a (kvm02) via ens5
Jul 22 20:32:14 mas01 sh[16787]: 2018-07-22 20:32:14 maasserver.rpc.leases: [info] Lease update: commit for 192.168.11.46 on 0:25:b5:a0:0:3a at 2018-07-22 20:32:14 (lease time: 600s) (hostname: kvm02)
Jul 22 20:32:14 mas01 sh[16787]: 2018-07-22 20:32:14 regiond: [info] 192.168.11.45 GET /MAAS/metadata/latest/by-id/ggqnb8/?op=get_preseed HTTP/1.1 --> 200 OK (referrer: -; agent: Cloud-Init/18.2)
Jul 22 20:32:14 mas01 sh[16787]: 2018-07-22 20:32:14 regiond: [info] 192.168.11.42 POST /MAAS/metadata/status/kb6drs HTTP/1.1 --> 204 NO_CONTENT (referrer: -; agent: python-requests/2.9.1)
Jul 22 20:32:14 mas01 sh[16792]: 2018-07-22 20:32:14 regiond: [info] 192.168.11.42 POST /MAAS/metadata/status/kb6drs HTTP/1.1 --> 204 NO_CONTENT (referrer: -; agent: python-requests/2.9.1)
Jul 22 20:32:14 mas01 sh[16792]: 2018-07-22 20:32:14 regiond: [info] 192.168.11.45 POST /MAAS/metadata/status/ggqnb8 HTTP/1.1 --> 204 NO_CONTENT (referrer: -; agent: python-requests/2.9.1)
Jul 22 20:32:14 mas01 sh[17293]: 2018-07-22 20:32:14 regiond: [info] 192.168.11.42 POST /MAAS/metadata/status/kb6drs HTTP/1.1 --> 204 NO_CONTENT (referrer: -; agent: python-requests/2.9.1)
Jul 22 20:32:14 mas01 sh[16782]: 2018-07-22 20:32:14 regiond: [info] 192.168.11.45 POST /MAAS/metadata/status/ggqnb8 HTTP/1.1 --> 204 NO_CONTENT (referrer: -; agent: python-requests/2.9.1)
Jul 22 20:32:14 mas01 sh[17293]: 2018-07-22 20:32:14 regiond: [info] 192.168.11.45 POST /MAAS/metadata/status/ggqnb8 HTTP/1.1 --> 204 NO_CONTENT (referrer: -; agent: python-requests/2.9.1)
Jul 22 20:32:14 mas01 sh[16782]: 2018-07-22 20:32:14 regiond: [info] 192.168.11.45 GET /MAAS/metadata/curtin/2012-03-01/meta-data/instance-id HTTP/1.1 --> 200 OK (referrer: -; agent: Cloud-Init/18.2)
Jul 22 20:32:15 mas01 sh[16226]: 2018-07-22 20:32:15 rackd: [info] 192.168.11.46 GET /images/ubuntu/amd64/hwe-16.04/xenial/daily/squashfs HTTP/1.1 --> 200 OK (referrer: -; agent: Wget)
Jul 22 20:32:15 mas01 sh[17293]: 2018-07-22 20:32:15 regiond: [info] 192.168.11.42 GET /MAAS/metadata/curtin/2012-03-01/meta-data/instance-id HTTP/1.1 --> 200 OK (referrer: -; agent: Cloud-Init/18.2)
Jul 22 20:32:15 mas01 sh[16792]: 2018-07-22 20:32:15 regiond: [info] 192.168.11.45 GET /MAAS/metadata/curtin/2012-03-01/meta-data/instance-id HTTP/1.1 --> 200 OK (referrer: -; agent: python-requests/2.9.1)
Jul 22 20:32:15 mas01 sh[16792]: 2018-07-22 20:32:15 regiond: [info] 192.168.11.42 GET /MAAS/metadata/curtin/2012-03-01/meta-data/instance-id HTTP/1.1 --> 200 OK (referrer: -; agent: python-requests/2.9.1)
Jul 22 20:32:15 mas01 sh[16782]: 2018-07-22 20:32:15 regiond: [info] 192.168.11.45 GET /MAAS/metadata/curtin/2012-03-01/meta-data/local-hostname HTTP/1.1 --> 200 OK (referrer: -; agent: python-requests/2.9.1)
Jul 22 20:32:15 mas01 sh[16787]: 2018-07-22 20:32:15 regiond: [info] 192.168.11.42 GET /MAAS/metadata/curtin/2012-03-01/meta-data/local-hostname HTTP/1.1 --> 200 OK (referrer: -; agent: python-requests/2.9.1)
Jul 22 20:32:15 mas01 sh[17293]: 2018-07-22 20:32:15 regiond: [info] 192.168.11.42 GET /MAAS/metadata/curtin/2012-03-01/meta-data/public-keys HTTP/1.1 --> 200 OK (referrer: -; agent: python-requests/2.9.1)
Jul 22 20:32:15 mas01 sh[16787]: 2018-07-22 20:32:15 regiond: [info] 192.168.11.45 GET /MAAS/metadata/curtin/2012-03-01/meta-data/vendor-data HTTP/1.1 --> 200 OK (referrer: -; agent: python-requests/2.9.1)
Jul 22 20:32:15 mas01 sh[16787]: 2018-07-22 20:32:15 regiond: [info] 192.168.11.42 GET /MAAS/metadata/curtin/2012-03-01/meta-data/vendor-data HTTP/1.1 --> 200 OK (referrer: -; agent: python-requests/2.9.1)
Jul 22 20:32:15 mas01 sh[16792]: 2018-07-22 20:32:15 regiond: [info] 192.168.11.43 POST /MAAS/metadata/status/4aaaeh HTTP/1.1 --> 204 NO_CONTENT (referrer: -; agent: python-requests/2.9.1)
Jul 22 20:32:15 mas01 sh[16792]: 2018-07-22 20:32:15 regiond: [info] 192.168.11.43 POST /MAAS/metadata/status/4aaaeh HTTP/1.1 --> 204 NO_CONTENT (referrer: -; agent: python-requests/2.9.1)
Jul 22 20:32:15 mas01 sh[17293]: 2018-07-22 20:32:15 regiond: [info] 127.0.0.1 GET /MAAS/api/2.0/machines/ HTTP/1.1 --> 200 OK (referrer: -; agent: Python-urllib/2.7)
Jul 22 20:32:15 mas01 salt-minion[1298]: [INFO    ] {'ret': {'machines': [{'status': 'Deploying', 'hostname': u'cmp002', 'system_id': u'kb6drs'}, {'status': 'Deploying', 'hostname': u'cmp001', 'system_id': u'ggqnb8'}, {'status': 'Deploying', 'hostname': u'kvm01', 'system_id': u'4aaaeh'}, {'status': 'Deploying', 'hostname': u'kvm03', 'system_id': u'y4ghgf'}, {'status': 'Deploying', 'hostname': u'kvm02', 'system_id': u'7hb6r7'}], 'summary': Counter({'Deploying': 5})}}
Jul 22 20:32:15 mas01 salt-minion[1298]: [INFO    ] Completed state [maas.machines_status] at time 20:32:15.416324 duration_in_ms=778.755
Jul 22 20:32:15 mas01 salt-minion[1298]: [INFO    ] Returning information for job: 20180722203212518948
Jul 22 20:32:15 mas01 sh[16782]: 2018-07-22 20:32:15 maasserver.preseed: [warn] WARNING: '/etc/maas/preseeds/curtin_userdata_amd64_generic_xenial' contains deprecated preseed variables. Please remove: main_archive_directory, ports_archive_directory, http_proxy
Jul 22 20:32:15 mas01 sh[16792]: 2018-07-22 20:32:15 regiond: [info] 192.168.11.43 POST /MAAS/metadata/status/4aaaeh HTTP/1.1 --> 204 NO_CONTENT (referrer: -; agent: python-requests/2.9.1)
Jul 22 20:32:15 mas01 sh[16782]: 2018-07-22 20:32:15 maasserver.preseed: [warn] WARNING: '/etc/maas/preseeds/curtin_userdata_amd64_generic_xenial' contains deprecated preseed variables. Please remove: main_archive_directory, ports_archive_directory, http_proxy
Jul 22 20:32:15 mas01 sh[16787]: 2018-07-22 20:32:15 regiond: [info] 192.168.11.43 GET /MAAS/metadata/latest/by-id/4aaaeh/?op=get_preseed HTTP/1.1 --> 200 OK (referrer: -; agent: Cloud-Init/18.2)
Jul 22 20:32:16 mas01 sh[16782]: 2018-07-22 20:32:15 regiond: [info] 192.168.11.43 POST /MAAS/metadata/status/4aaaeh HTTP/1.1 --> 204 NO_CONTENT (referrer: -; agent: python-requests/2.9.1)
Jul 22 20:32:16 mas01 sh[16792]: 2018-07-22 20:32:16 regiond: [info] 192.168.11.43 POST /MAAS/metadata/status/4aaaeh HTTP/1.1 --> 204 NO_CONTENT (referrer: -; agent: python-requests/2.9.1)
Jul 22 20:32:16 mas01 sh[16782]: 2018-07-22 20:32:16 regiond: [info] 192.168.11.43 POST /MAAS/metadata/status/4aaaeh HTTP/1.1 --> 204 NO_CONTENT (referrer: -; agent: python-requests/2.9.1)
Jul 22 20:32:16 mas01 sh[16792]: 2018-07-22 20:32:16 regiond: [info] 192.168.11.43 GET /MAAS/metadata/curtin/2012-03-01/meta-data/instance-id HTTP/1.1 --> 200 OK (referrer: -; agent: Cloud-Init/18.2)
Jul 22 20:32:16 mas01 sh[16792]: 2018-07-22 20:32:16 regiond: [info] 192.168.11.43 GET /MAAS/metadata/curtin/2012-03-01/meta-data/instance-id HTTP/1.1 --> 200 OK (referrer: -; agent: python-requests/2.9.1)
Jul 22 20:32:16 mas01 sh[16782]: 2018-07-22 20:32:16 regiond: [info] 192.168.11.45 GET /MAAS/metadata/curtin/2012-03-01/user-data HTTP/1.1 --> 200 OK (referrer: -; agent: python-requests/2.9.1)
Jul 22 20:32:16 mas01 sh[16782]: 2018-07-22 20:32:16 regiond: [info] 192.168.11.42 GET /MAAS/metadata/curtin/2012-03-01/user-data HTTP/1.1 --> 200 OK (referrer: -; agent: python-requests/2.9.1)
Jul 22 20:32:16 mas01 sh[16792]: 2018-07-22 20:32:16 regiond: [info] 192.168.11.45 POST /MAAS/metadata/status/ggqnb8 HTTP/1.1 --> 204 NO_CONTENT (referrer: -; agent: python-requests/2.9.1)
Jul 22 20:32:16 mas01 sh[17293]: 2018-07-22 20:32:16 regiond: [info] 192.168.11.42 POST /MAAS/metadata/status/kb6drs HTTP/1.1 --> 204 NO_CONTENT (referrer: -; agent: python-requests/2.9.1)
Jul 22 20:32:16 mas01 sh[16782]: 2018-07-22 20:32:16 regiond: [info] 192.168.11.43 GET /MAAS/metadata/curtin/2012-03-01/meta-data/local-hostname HTTP/1.1 --> 200 OK (referrer: -; agent: python-requests/2.9.1)
Jul 22 20:32:16 mas01 sh[16792]: 2018-07-22 20:32:16 regiond: [info] 192.168.11.45 POST /MAAS/metadata/status/ggqnb8 HTTP/1.1 --> 204 NO_CONTENT (referrer: -; agent: python-requests/2.9.1)
Jul 22 20:32:16 mas01 sh[16792]: 2018-07-22 20:32:16 regiond: [info] 192.168.11.42 POST /MAAS/metadata/status/kb6drs HTTP/1.1 --> 204 NO_CONTENT (referrer: -; agent: python-requests/2.9.1)
Jul 22 20:32:16 mas01 sh[16792]: 2018-07-22 20:32:16 regiond: [info] 192.168.11.45 POST /MAAS/metadata/status/ggqnb8 HTTP/1.1 --> 204 NO_CONTENT (referrer: -; agent: python-requests/2.9.1)
Jul 22 20:32:16 mas01 sh[16792]: 2018-07-22 20:32:16 regiond: [info] 192.168.11.42 POST /MAAS/metadata/status/kb6drs HTTP/1.1 --> 204 NO_CONTENT (referrer: -; agent: python-requests/2.9.1)
Jul 22 20:32:16 mas01 sh[16782]: 2018-07-22 20:32:16 regiond: [info] 192.168.11.45 POST /MAAS/metadata/status/ggqnb8 HTTP/1.1 --> 204 NO_CONTENT (referrer: -; agent: python-requests/2.9.1)
Jul 22 20:32:16 mas01 sh[16782]: 2018-07-22 20:32:16 regiond: [info] 192.168.11.42 POST /MAAS/metadata/status/kb6drs HTTP/1.1 --> 204 NO_CONTENT (referrer: -; agent: python-requests/2.9.1)
Jul 22 20:32:16 mas01 sh[16792]: 2018-07-22 20:32:16 regiond: [info] 192.168.11.45 POST /MAAS/metadata/status/ggqnb8 HTTP/1.1 --> 204 NO_CONTENT (referrer: -; agent: python-requests/2.9.1)
Jul 22 20:32:16 mas01 sh[17293]: 2018-07-22 20:32:16 regiond: [info] 192.168.11.42 POST /MAAS/metadata/status/kb6drs HTTP/1.1 --> 204 NO_CONTENT (referrer: -; agent: python-requests/2.9.1)
Jul 22 20:32:16 mas01 sh[16787]: 2018-07-22 20:32:16 regiond: [info] 192.168.11.43 GET /MAAS/metadata/curtin/2012-03-01/meta-data/vendor-data HTTP/1.1 --> 200 OK (referrer: -; agent: python-requests/2.9.1)
Jul 22 20:32:16 mas01 sh[16782]: 2018-07-22 20:32:16 regiond: [info] 192.168.11.42 POST /MAAS/metadata/status/kb6drs HTTP/1.1 --> 204 NO_CONTENT (referrer: -; agent: python-requests/2.9.1)
Jul 22 20:32:16 mas01 sh[16782]: 2018-07-22 20:32:16 regiond: [info] 192.168.11.45 POST /MAAS/metadata/status/ggqnb8 HTTP/1.1 --> 204 NO_CONTENT (referrer: -; agent: python-requests/2.9.1)
Jul 22 20:32:16 mas01 sh[16782]: 2018-07-22 20:32:16 regiond: [info] 192.168.11.42 POST /MAAS/metadata/status/kb6drs HTTP/1.1 --> 204 NO_CONTENT (referrer: -; agent: python-requests/2.9.1)
Jul 22 20:32:16 mas01 sh[16792]: 2018-07-22 20:32:16 regiond: [info] 192.168.11.45 POST /MAAS/metadata/status/ggqnb8 HTTP/1.1 --> 204 NO_CONTENT (referrer: -; agent: python-requests/2.9.1)
Jul 22 20:32:16 mas01 sh[17293]: 2018-07-22 20:32:16 regiond: [info] 192.168.11.42 POST /MAAS/metadata/status/kb6drs HTTP/1.1 --> 204 NO_CONTENT (referrer: -; agent: python-requests/2.9.1)
Jul 22 20:32:16 mas01 sh[17293]: 2018-07-22 20:32:16 regiond: [info] 192.168.11.45 POST /MAAS/metadata/status/ggqnb8 HTTP/1.1 --> 204 NO_CONTENT (referrer: -; agent: python-requests/2.9.1)
Jul 22 20:32:16 mas01 sh[16787]: 2018-07-22 20:32:16 regiond: [info] 192.168.11.42 POST /MAAS/metadata/status/kb6drs HTTP/1.1 --> 204 NO_CONTENT (referrer: -; agent: python-requests/2.9.1)
Jul 22 20:32:16 mas01 sh[16787]: 2018-07-22 20:32:16 regiond: [info] 192.168.11.42 POST /MAAS/metadata/status/kb6drs HTTP/1.1 --> 204 NO_CONTENT (referrer: -; agent: python-requests/2.9.1)
Jul 22 20:32:16 mas01 sh[16787]: 2018-07-22 20:32:16 regiond: [info] 192.168.11.45 POST /MAAS/metadata/status/ggqnb8 HTTP/1.1 --> 204 NO_CONTENT (referrer: -; agent: python-requests/2.9.1)
Jul 22 20:32:16 mas01 sh[17293]: 2018-07-22 20:32:16 regiond: [info] 192.168.11.42 POST /MAAS/metadata/status/kb6drs HTTP/1.1 --> 204 NO_CONTENT (referrer: -; agent: python-requests/2.9.1)
Jul 22 20:32:16 mas01 sh[16787]: 2018-07-22 20:32:16 regiond: [info] 192.168.11.42 POST /MAAS/metadata/status/kb6drs HTTP/1.1 --> 204 NO_CONTENT (referrer: -; agent: python-requests/2.9.1)
Jul 22 20:32:16 mas01 sh[17293]: 2018-07-22 20:32:16 regiond: [info] 192.168.11.45 POST /MAAS/metadata/status/ggqnb8 HTTP/1.1 --> 204 NO_CONTENT (referrer: -; agent: python-requests/2.9.1)
Jul 22 20:32:16 mas01 sh[16792]: 2018-07-22 20:32:16 regiond: [info] 192.168.11.45 POST /MAAS/metadata/status/ggqnb8 HTTP/1.1 --> 204 NO_CONTENT (referrer: -; agent: python-requests/2.9.1)
Jul 22 20:32:16 mas01 sh[16782]: 2018-07-22 20:32:16 regiond: [info] 192.168.11.45 POST /MAAS/metadata/status/ggqnb8 HTTP/1.1 --> 204 NO_CONTENT (referrer: -; agent: python-requests/2.9.1)
Jul 22 20:32:16 mas01 sh[17293]: 2018-07-22 20:32:16 regiond: [info] 192.168.11.42 POST /MAAS/metadata/status/kb6drs HTTP/1.1 --> 204 NO_CONTENT (referrer: -; agent: python-requests/2.9.1)
Jul 22 20:32:16 mas01 sh[17293]: 2018-07-22 20:32:16 regiond: [info] 192.168.11.45 POST /MAAS/metadata/status/ggqnb8 HTTP/1.1 --> 204 NO_CONTENT (referrer: -; agent: python-requests/2.9.1)
Jul 22 20:32:16 mas01 sh[17293]: 2018-07-22 20:32:16 regiond: [info] 192.168.11.42 POST /MAAS/metadata/status/kb6drs HTTP/1.1 --> 204 NO_CONTENT (referrer: -; agent: python-requests/2.9.1)
Jul 22 20:32:16 mas01 sh[16792]: 2018-07-22 20:32:16 regiond: [info] 192.168.11.45 POST /MAAS/metadata/status/ggqnb8 HTTP/1.1 --> 204 NO_CONTENT (referrer: -; agent: python-requests/2.9.1)
Jul 22 20:32:16 mas01 sh[16782]: 2018-07-22 20:32:16 regiond: [info] 192.168.11.42 POST /MAAS/metadata/status/kb6drs HTTP/1.1 --> 204 NO_CONTENT (referrer: -; agent: python-requests/2.9.1)
Jul 22 20:32:16 mas01 sh[16787]: 2018-07-22 20:32:16 regiond: [info] 192.168.11.45 POST /MAAS/metadata/status/ggqnb8 HTTP/1.1 --> 204 NO_CONTENT (referrer: -; agent: python-requests/2.9.1)
Jul 22 20:32:16 mas01 sh[16792]: 2018-07-22 20:32:16 regiond: [info] 192.168.11.42 POST /MAAS/metadata/status/kb6drs HTTP/1.1 --> 204 NO_CONTENT (referrer: -; agent: python-requests/2.9.1)
Jul 22 20:32:16 mas01 sh[16782]: 2018-07-22 20:32:16 regiond: [info] 192.168.11.45 POST /MAAS/metadata/status/ggqnb8 HTTP/1.1 --> 204 NO_CONTENT (referrer: -; agent: python-requests/2.9.1)
Jul 22 20:32:16 mas01 sh[16792]: 2018-07-22 20:32:16 regiond: [info] 192.168.11.42 POST /MAAS/metadata/status/kb6drs HTTP/1.1 --> 204 NO_CONTENT (referrer: -; agent: python-requests/2.9.1)
Jul 22 20:32:16 mas01 sh[16787]: 2018-07-22 20:32:16 regiond: [info] 192.168.11.45 POST /MAAS/metadata/status/ggqnb8 HTTP/1.1 --> 204 NO_CONTENT (referrer: -; agent: python-requests/2.9.1)
Jul 22 20:32:16 mas01 sh[16787]: 2018-07-22 20:32:16 regiond: [info] 192.168.11.42 POST /MAAS/metadata/status/kb6drs HTTP/1.1 --> 204 NO_CONTENT (referrer: -; agent: python-requests/2.9.1)
Jul 22 20:32:16 mas01 sh[17293]: 2018-07-22 20:32:16 regiond: [info] 192.168.11.45 POST /MAAS/metadata/status/ggqnb8 HTTP/1.1 --> 204 NO_CONTENT (referrer: -; agent: python-requests/2.9.1)
Jul 22 20:32:16 mas01 sh[16787]: 2018-07-22 20:32:16 regiond: [info] 192.168.11.42 POST /MAAS/metadata/status/kb6drs HTTP/1.1 --> 204 NO_CONTENT (referrer: -; agent: python-requests/2.9.1)
Jul 22 20:32:16 mas01 sh[16787]: 2018-07-22 20:32:16 regiond: [info] 192.168.11.45 POST /MAAS/metadata/status/ggqnb8 HTTP/1.1 --> 204 NO_CONTENT (referrer: -; agent: python-requests/2.9.1)
Jul 22 20:32:16 mas01 sh[16792]: 2018-07-22 20:32:16 regiond: [info] 192.168.11.42 POST /MAAS/metadata/status/kb6drs HTTP/1.1 --> 204 NO_CONTENT (referrer: -; agent: python-requests/2.9.1)
Jul 22 20:32:16 mas01 sh[16792]: 2018-07-22 20:32:16 regiond: [info] 192.168.11.42 POST /MAAS/metadata/status/kb6drs HTTP/1.1 --> 204 NO_CONTENT (referrer: -; agent: python-requests/2.9.1)
Jul 22 20:32:16 mas01 sh[17293]: 2018-07-22 20:32:16 regiond: [info] 192.168.11.45 POST /MAAS/metadata/status/ggqnb8 HTTP/1.1 --> 204 NO_CONTENT (referrer: -; agent: python-requests/2.9.1)
Jul 22 20:32:16 mas01 sh[17293]: 2018-07-22 20:32:16 regiond: [info] 192.168.11.42 POST /MAAS/metadata/status/kb6drs HTTP/1.1 --> 204 NO_CONTENT (referrer: -; agent: python-requests/2.9.1)
Jul 22 20:32:16 mas01 sh[16782]: 2018-07-22 20:32:16 regiond: [info] 192.168.11.42 POST /MAAS/metadata/status/kb6drs HTTP/1.1 --> 204 NO_CONTENT (referrer: -; agent: python-requests/2.9.1)
Jul 22 20:32:16 mas01 sh[16792]: 2018-07-22 20:32:16 regiond: [info] 192.168.11.45 POST /MAAS/metadata/status/ggqnb8 HTTP/1.1 --> 204 NO_CONTENT (referrer: -; agent: python-requests/2.9.1)
Jul 22 20:32:16 mas01 sh[16792]: 2018-07-22 20:32:16 regiond: [info] 192.168.11.42 POST /MAAS/metadata/status/kb6drs HTTP/1.1 --> 204 NO_CONTENT (referrer: -; agent: python-requests/2.9.1)
Jul 22 20:32:16 mas01 sh[16782]: 2018-07-22 20:32:16 regiond: [info] 192.168.11.45 POST /MAAS/metadata/status/ggqnb8 HTTP/1.1 --> 204 NO_CONTENT (referrer: -; agent: python-requests/2.9.1)
Jul 22 20:32:16 mas01 sh[17293]: 2018-07-22 20:32:16 regiond: [info] 192.168.11.45 POST /MAAS/metadata/status/ggqnb8 HTTP/1.1 --> 204 NO_CONTENT (referrer: -; agent: python-requests/2.9.1)
Jul 22 20:32:16 mas01 sh[17293]: 2018-07-22 20:32:16 regiond: [info] 192.168.11.45 POST /MAAS/metadata/status/ggqnb8 HTTP/1.1 --> 204 NO_CONTENT (referrer: -; agent: python-requests/2.9.1)
Jul 22 20:32:16 mas01 sh[16787]: 2018-07-22 20:32:16 regiond: [info] 192.168.11.42 POST /MAAS/metadata/status/kb6drs HTTP/1.1 --> 204 NO_CONTENT (referrer: -; agent: python-requests/2.9.1)
Jul 22 20:32:16 mas01 sh[16782]: 2018-07-22 20:32:16 regiond: [info] 192.168.11.45 POST /MAAS/metadata/status/ggqnb8 HTTP/1.1 --> 204 NO_CONTENT (referrer: -; agent: python-requests/2.9.1)
Jul 22 20:32:16 mas01 sh[16787]: 2018-07-22 20:32:16 regiond: [info] 192.168.11.45 POST /MAAS/metadata/status/ggqnb8 HTTP/1.1 --> 204 NO_CONTENT (referrer: -; agent: python-requests/2.9.1)
Jul 22 20:32:16 mas01 sh[17293]: 2018-07-22 20:32:16 regiond: [info] 192.168.11.42 POST /MAAS/metadata/status/kb6drs HTTP/1.1 --> 204 NO_CONTENT (referrer: -; agent: python-requests/2.9.1)
Jul 22 20:32:16 mas01 sh[16782]: 2018-07-22 20:32:16 regiond: [info] 192.168.11.45 POST /MAAS/metadata/status/ggqnb8 HTTP/1.1 --> 204 NO_CONTENT (referrer: -; agent: python-requests/2.9.1)
Jul 22 20:32:16 mas01 sh[16792]: 2018-07-22 20:32:16 regiond: [info] 192.168.11.42 POST /MAAS/metadata/status/kb6drs HTTP/1.1 --> 204 NO_CONTENT (referrer: -; agent: python-requests/2.9.1)
Jul 22 20:32:16 mas01 sh[17293]: 2018-07-22 20:32:16 regiond: [info] 192.168.11.45 POST /MAAS/metadata/status/ggqnb8 HTTP/1.1 --> 204 NO_CONTENT (referrer: -; agent: python-requests/2.9.1)
Jul 22 20:32:16 mas01 sh[16792]: 2018-07-22 20:32:16 regiond: [info] 192.168.11.42 POST /MAAS/metadata/status/kb6drs HTTP/1.1 --> 204 NO_CONTENT (referrer: -; agent: python-requests/2.9.1)
Jul 22 20:32:16 mas01 sh[17293]: 2018-07-22 20:32:16 regiond: [info] 192.168.11.45 POST /MAAS/metadata/status/ggqnb8 HTTP/1.1 --> 204 NO_CONTENT (referrer: -; agent: python-requests/2.9.1)
Jul 22 20:32:16 mas01 sh[16792]: 2018-07-22 20:32:16 regiond: [info] 192.168.11.42 POST /MAAS/metadata/status/kb6drs HTTP/1.1 --> 204 NO_CONTENT (referrer: -; agent: python-requests/2.9.1)
Jul 22 20:32:16 mas01 sh[16787]: 2018-07-22 20:32:16 maasserver.preseed: [warn] WARNING: '/etc/maas/preseeds/curtin_userdata_amd64_generic_xenial' contains deprecated preseed variables. Please remove: main_archive_directory, ports_archive_directory, http_proxy
Jul 22 20:32:16 mas01 sh[17293]: 2018-07-22 20:32:16 regiond: [info] 192.168.11.45 POST /MAAS/metadata/status/ggqnb8 HTTP/1.1 --> 204 NO_CONTENT (referrer: -; agent: python-requests/2.9.1)
