Jul 21 20:27:11 mas01 named[20921]: zone maas/IN: loaded serial 38
Jul 21 20:27:11 mas01 named[20921]: zone 11.168.192.in-addr.arpa/IN: loaded serial 38
Jul 21 20:27:11 mas01 named[20921]: all zones loaded
Jul 21 20:27:11 mas01 named[20921]: running
Jul 21 20:27:12 mas01 sh[21003]: 2018-07-21 20:27:12 regiond: [info] 127.0.0.1 GET /MAAS/rpc/ HTTP/1.0 --> 200 OK (referrer: -; agent: provisioningserver.rpc.clusterservice.ClusterClientService)
Jul 21 20:27:12 mas01 sh[20438]: 2018-07-21 20:27:12 provisioningserver.rackdservices.tftp: [info] ubuntu/amd64/hwe-16.04/xenial/daily/boot-initrd requested by 00:25:b5:a0:00:6a
Jul 21 20:27:13 mas01 dhcpd[22400]: DHCPDISCOVER from 00:25:b5:a0:00:4a via ens5
Jul 21 20:27:13 mas01 dhcpd[22400]: DHCPOFFER on 192.168.11.47 to 00:25:b5:a0:00:4a (kvm03) via ens5
Jul 21 20:27:13 mas01 dhcpd[22400]: execute_statement argv[0] = /usr/sbin/maas-dhcp-helper
Jul 21 20:27:13 mas01 dhcpd[22400]: execute_statement argv[1] = notify
Jul 21 20:27:13 mas01 dhcpd[22400]: execute_statement argv[2] = --action
Jul 21 20:27:13 mas01 dhcpd[22400]: execute_statement argv[3] = commit
Jul 21 20:27:13 mas01 dhcpd[22400]: execute_statement argv[4] = --mac
Jul 21 20:27:13 mas01 dhcpd[22400]: execute_statement argv[5] = 0:25:b5:a0:0:4a
Jul 21 20:27:13 mas01 dhcpd[22400]: execute_statement argv[6] = --ip-family
Jul 21 20:27:13 mas01 dhcpd[22400]: execute_statement argv[7] = ipv4
Jul 21 20:27:13 mas01 dhcpd[22400]: execute_statement argv[8] = --ip
Jul 21 20:27:13 mas01 dhcpd[22400]: execute_statement argv[9] = 192.168.11.47
Jul 21 20:27:13 mas01 dhcpd[22400]: execute_statement argv[10] = --lease-time
Jul 21 20:27:13 mas01 dhcpd[22400]: execute_statement argv[11] = 600
Jul 21 20:27:13 mas01 dhcpd[22400]: execute_statement argv[12] = --hostname
Jul 21 20:27:13 mas01 dhcpd[22400]: execute_statement argv[13] = kvm03
Jul 21 20:27:13 mas01 dhcpd[22400]: execute_statement argv[14] = --socket
Jul 21 20:27:13 mas01 dhcpd[22400]: execute_statement argv[15] = /var/lib/maas/dhcpd.sock
Jul 21 20:27:13 mas01 dhcpd[22400]: DHCPREQUEST for 192.168.11.47 (192.168.11.3) from 00:25:b5:a0:00:4a (kvm03) via ens5
Jul 21 20:27:13 mas01 dhcpd[22400]: DHCPACK on 192.168.11.47 to 00:25:b5:a0:00:4a (kvm03) via ens5
Jul 21 20:27:13 mas01 dhcpd[22400]: DHCPDISCOVER from 00:25:b5:a0:00:5a via ens5
Jul 21 20:27:13 mas01 dhcpd[22400]: DHCPOFFER on 192.168.11.46 to 00:25:b5:a0:00:5a (cmp001) via ens5
Jul 21 20:27:13 mas01 dhcpd[22400]: execute_statement argv[0] = /usr/sbin/maas-dhcp-helper
Jul 21 20:27:13 mas01 dhcpd[22400]: execute_statement argv[1] = notify
Jul 21 20:27:13 mas01 dhcpd[22400]: execute_statement argv[2] = --action
Jul 21 20:27:13 mas01 dhcpd[22400]: execute_statement argv[3] = commit
Jul 21 20:27:13 mas01 dhcpd[22400]: execute_statement argv[4] = --mac
Jul 21 20:27:13 mas01 dhcpd[22400]: execute_statement argv[5] = 0:25:b5:a0:0:5a
Jul 21 20:27:13 mas01 dhcpd[22400]: execute_statement argv[6] = --ip-family
Jul 21 20:27:13 mas01 dhcpd[22400]: execute_statement argv[7] = ipv4
Jul 21 20:27:13 mas01 dhcpd[22400]: execute_statement argv[8] = --ip
Jul 21 20:27:13 mas01 dhcpd[22400]: execute_statement argv[9] = 192.168.11.46
Jul 21 20:27:13 mas01 dhcpd[22400]: execute_statement argv[10] = --lease-time
Jul 21 20:27:13 mas01 dhcpd[22400]: execute_statement argv[11] = 600
Jul 21 20:27:13 mas01 dhcpd[22400]: execute_statement argv[12] = --hostname
Jul 21 20:27:13 mas01 dhcpd[22400]: execute_statement argv[13] = cmp001
Jul 21 20:27:13 mas01 dhcpd[22400]: execute_statement argv[14] = --socket
Jul 21 20:27:13 mas01 dhcpd[22400]: execute_statement argv[15] = /var/lib/maas/dhcpd.sock
Jul 21 20:27:13 mas01 sh[21003]: 2018-07-21 20:27:13 maasserver.rpc.leases: [info] Lease update: commit for 192.168.11.47 on 0:25:b5:a0:0:4a at 2018-07-21 20:27:13 (lease time: 600s) (hostname: kvm03)
Jul 21 20:27:13 mas01 dhcpd[22400]: DHCPREQUEST for 192.168.11.46 (192.168.11.3) from 00:25:b5:a0:00:5a (cmp001) via ens5
Jul 21 20:27:13 mas01 dhcpd[22400]: DHCPACK on 192.168.11.46 to 00:25:b5:a0:00:5a (cmp001) via ens5
Jul 21 20:27:13 mas01 sh[20998]: 2018-07-21 20:27:13 maasserver.rpc.leases: [info] Lease update: commit for 192.168.11.46 on 0:25:b5:a0:0:5a at 2018-07-21 20:27:13 (lease time: 600s) (hostname: cmp001)
Jul 21 20:27:13 mas01 sh[21532]: 2018-07-21 20:27:13 maasserver.region_controller: [info] Reloaded DNS configuration; ip 192.168.11.49 connected to cmp002 on eth0
Jul 21 20:27:13 mas01 sh[20438]: 2018-07-21 20:27:13 rackd: [info] 192.168.11.47 GET /images/ubuntu/amd64/hwe-16.04/xenial/daily/squashfs HTTP/1.1 --> 200 OK (referrer: -; agent: Wget)
Jul 21 20:27:13 mas01 sh[20438]: 2018-07-21 20:27:13 rackd: [info] 192.168.11.46 GET /images/ubuntu/amd64/hwe-16.04/xenial/daily/squashfs HTTP/1.1 --> 200 OK (referrer: -; agent: Wget)
Jul 21 20:27:14 mas01 dhcpd[22400]: DHCPDISCOVER from 00:25:b5:a0:00:2a via ens5
Jul 21 20:27:14 mas01 dhcpd[22400]: DHCPDISCOVER from 00:25:b5:a0:00:3a via ens5
Jul 21 20:27:14 mas01 dhcpd[22400]: DHCPOFFER on 192.168.11.48 to 00:25:b5:a0:00:3a (kvm02) via ens5
Jul 21 20:27:14 mas01 dhcpd[22400]: execute_statement argv[0] = /usr/sbin/maas-dhcp-helper
Jul 21 20:27:14 mas01 dhcpd[22400]: execute_statement argv[1] = notify
Jul 21 20:27:14 mas01 dhcpd[22400]: execute_statement argv[2] = --action
Jul 21 20:27:14 mas01 dhcpd[22400]: execute_statement argv[3] = commit
Jul 21 20:27:14 mas01 dhcpd[22400]: execute_statement argv[4] = --mac
Jul 21 20:27:14 mas01 dhcpd[22400]: execute_statement argv[5] = 0:25:b5:a0:0:3a
Jul 21 20:27:14 mas01 dhcpd[22400]: execute_statement argv[6] = --ip-family
Jul 21 20:27:14 mas01 dhcpd[22400]: execute_statement argv[7] = ipv4
Jul 21 20:27:14 mas01 dhcpd[22400]: execute_statement argv[8] = --ip
Jul 21 20:27:14 mas01 dhcpd[22400]: execute_statement argv[9] = 192.168.11.48
Jul 21 20:27:14 mas01 dhcpd[22400]: execute_statement argv[10] = --lease-time
Jul 21 20:27:14 mas01 dhcpd[22400]: execute_statement argv[11] = 600
Jul 21 20:27:14 mas01 dhcpd[22400]: execute_statement argv[12] = --hostname
Jul 21 20:27:14 mas01 dhcpd[22400]: execute_statement argv[13] = kvm02
Jul 21 20:27:14 mas01 dhcpd[22400]: execute_statement argv[14] = --socket
Jul 21 20:27:14 mas01 dhcpd[22400]: execute_statement argv[15] = /var/lib/maas/dhcpd.sock
Jul 21 20:27:14 mas01 dhcpd[22400]: DHCPREQUEST for 192.168.11.48 (192.168.11.3) from 00:25:b5:a0:00:3a (kvm02) via ens5
Jul 21 20:27:14 mas01 dhcpd[22400]: DHCPACK on 192.168.11.48 to 00:25:b5:a0:00:3a (kvm02) via ens5
Jul 21 20:27:14 mas01 sh[21008]: 2018-07-21 20:27:14 maasserver.rpc.leases: [info] Lease update: commit for 192.168.11.48 on 0:25:b5:a0:0:3a at 2018-07-21 20:27:14 (lease time: 600s) (hostname: kvm02)
Jul 21 20:27:15 mas01 sh[20438]: 2018-07-21 20:27:15 rackd: [info] 192.168.11.48 GET /images/ubuntu/amd64/hwe-16.04/xenial/daily/squashfs HTTP/1.1 --> 200 OK (referrer: -; agent: Wget)
Jul 21 20:27:15 mas01 dhcpd[22400]: DHCPOFFER on 192.168.11.50 to 00:25:b5:a0:00:2a via ens5
Jul 21 20:27:16 mas01 sh[21003]: 2018-07-21 20:27:16 regiond: [info] 192.168.11.46 GET /MAAS/metadata/latest/by-id/4fbwqr/?op=get_preseed HTTP/1.1 --> 200 OK (referrer: -; agent: Cloud-Init/18.2)
Jul 21 20:27:16 mas01 sh[21003]: 2018-07-21 20:27:16 regiond: [info] 192.168.11.47 POST /MAAS/metadata/status/677xqp HTTP/1.1 --> 204 NO_CONTENT (referrer: -; agent: python-requests/2.9.1)
Jul 21 20:27:16 mas01 sh[21008]: 2018-07-21 20:27:16 regiond: [info] 192.168.11.47 POST /MAAS/metadata/status/677xqp HTTP/1.1 --> 204 NO_CONTENT (referrer: -; agent: python-requests/2.9.1)
Jul 21 20:27:16 mas01 sh[20998]: 2018-07-21 20:27:16 regiond: [info] 192.168.11.46 POST /MAAS/metadata/status/4fbwqr HTTP/1.1 --> 204 NO_CONTENT (referrer: -; agent: python-requests/2.9.1)
Jul 21 20:27:16 mas01 sh[21003]: 2018-07-21 20:27:16 regiond: [info] 192.168.11.46 POST /MAAS/metadata/status/4fbwqr HTTP/1.1 --> 204 NO_CONTENT (referrer: -; agent: python-requests/2.9.1)
Jul 21 20:27:16 mas01 sh[21008]: 2018-07-21 20:27:16 regiond: [info] 192.168.11.47 POST /MAAS/metadata/status/677xqp HTTP/1.1 --> 204 NO_CONTENT (referrer: -; agent: python-requests/2.9.1)
Jul 21 20:27:16 mas01 sh[20998]: 2018-07-21 20:27:16 regiond: [info] 192.168.11.46 POST /MAAS/metadata/status/4fbwqr HTTP/1.1 --> 204 NO_CONTENT (referrer: -; agent: python-requests/2.9.1)
Jul 21 20:27:17 mas01 sh[21003]: 2018-07-21 20:27:17 regiond: [info] 192.168.11.46 GET /MAAS/metadata/latest/by-id/4fbwqr/?op=get_preseed HTTP/1.1 --> 200 OK (referrer: -; agent: Cloud-Init/18.2)
Jul 21 20:27:17 mas01 sh[21003]: 2018-07-21 20:27:17 regiond: [info] 192.168.11.47 GET /MAAS/metadata/latest/by-id/677xqp/?op=get_preseed HTTP/1.1 --> 200 OK (referrer: -; agent: Cloud-Init/18.2)
Jul 21 20:27:17 mas01 sh[21003]: 2018-07-21 20:27:17 regiond: [info] 192.168.11.46 POST /MAAS/metadata/status/4fbwqr HTTP/1.1 --> 204 NO_CONTENT (referrer: -; agent: python-requests/2.9.1)
Jul 21 20:27:17 mas01 sh[21008]: 2018-07-21 20:27:17 regiond: [info] 192.168.11.46 POST /MAAS/metadata/status/4fbwqr HTTP/1.1 --> 204 NO_CONTENT (referrer: -; agent: python-requests/2.9.1)
Jul 21 20:27:17 mas01 sh[21008]: 2018-07-21 20:27:17 regiond: [info] 192.168.11.47 POST /MAAS/metadata/status/677xqp HTTP/1.1 --> 204 NO_CONTENT (referrer: -; agent: python-requests/2.9.1)
Jul 21 20:27:17 mas01 sh[20998]: 2018-07-21 20:27:17 regiond: [info] 192.168.11.47 POST /MAAS/metadata/status/677xqp HTTP/1.1 --> 204 NO_CONTENT (referrer: -; agent: python-requests/2.9.1)
Jul 21 20:27:17 mas01 sh[20998]: 2018-07-21 20:27:17 regiond: [info] 192.168.11.46 POST /MAAS/metadata/status/4fbwqr HTTP/1.1 --> 204 NO_CONTENT (referrer: -; agent: python-requests/2.9.1)
Jul 21 20:27:17 mas01 sh[21003]: 2018-07-21 20:27:17 regiond: [info] 192.168.11.47 POST /MAAS/metadata/status/677xqp HTTP/1.1 --> 204 NO_CONTENT (referrer: -; agent: python-requests/2.9.1)
Jul 21 20:27:17 mas01 sh[20998]: 2018-07-21 20:27:17 regiond: [info] 192.168.11.46 GET /MAAS/metadata/2012-03-01/meta-data/instance-id HTTP/1.1 --> 200 OK (referrer: -; agent: Cloud-Init/18.2)
Jul 21 20:27:17 mas01 sh[21532]: 2018-07-21 20:27:17 regiond: [info] 192.168.11.47 GET /MAAS/metadata/2012-03-01/meta-data/instance-id HTTP/1.1 --> 200 OK (referrer: -; agent: Cloud-Init/18.2)
Jul 21 20:27:17 mas01 sh[20998]: 2018-07-21 20:27:17 regiond: [info] 192.168.11.46 GET /MAAS/metadata/2012-03-01/meta-data/instance-id HTTP/1.1 --> 200 OK (referrer: -; agent: python-requests/2.9.1)
Jul 21 20:27:17 mas01 sh[21532]: 2018-07-21 20:27:17 regiond: [info] 192.168.11.47 GET /MAAS/metadata/2012-03-01/meta-data/instance-id HTTP/1.1 --> 200 OK (referrer: -; agent: python-requests/2.9.1)
Jul 21 20:27:17 mas01 sh[21008]: 2018-07-21 20:27:17 regiond: [info] 192.168.11.46 GET /MAAS/metadata/2012-03-01/meta-data/local-hostname HTTP/1.1 --> 200 OK (referrer: -; agent: python-requests/2.9.1)
Jul 21 20:27:17 mas01 sh[21008]: 2018-07-21 20:27:17 regiond: [info] 192.168.11.47 GET /MAAS/metadata/2012-03-01/meta-data/local-hostname HTTP/1.1 --> 200 OK (referrer: -; agent: python-requests/2.9.1)
Jul 21 20:27:17 mas01 sh[21532]: 2018-07-21 20:27:17 regiond: [info] 192.168.11.46 GET /MAAS/metadata/2012-03-01/meta-data/public-keys HTTP/1.1 --> 200 OK (referrer: -; agent: python-requests/2.9.1)
Jul 21 20:27:17 mas01 sh[21532]: 2018-07-21 20:27:17 regiond: [info] 192.168.11.46 GET /MAAS/metadata/2012-03-01/meta-data/vendor-data HTTP/1.1 --> 200 OK (referrer: -; agent: python-requests/2.9.1)
Jul 21 20:27:17 mas01 sh[21003]: 2018-07-21 20:27:17 regiond: [info] 192.168.11.47 GET /MAAS/metadata/2012-03-01/meta-data/vendor-data HTTP/1.1 --> 200 OK (referrer: -; agent: python-requests/2.9.1)
Jul 21 20:27:17 mas01 sh[21008]: 2018-07-21 20:27:17 regiond: [info] 192.168.11.46 GET /MAAS/metadata/2012-03-01/user-data HTTP/1.1 --> 200 OK (referrer: -; agent: python-requests/2.9.1)
Jul 21 20:27:17 mas01 sh[20998]: 2018-07-21 20:27:17 regiond: [info] 192.168.11.46 POST /MAAS/metadata/status/4fbwqr HTTP/1.1 --> 204 NO_CONTENT (referrer: -; agent: python-requests/2.9.1)
Jul 21 20:27:17 mas01 sh[21008]: 2018-07-21 20:27:17 regiond: [info] 192.168.11.47 POST /MAAS/metadata/status/677xqp HTTP/1.1 --> 204 NO_CONTENT (referrer: -; agent: python-requests/2.9.1)
Jul 21 20:27:17 mas01 sh[21008]: 2018-07-21 20:27:17 regiond: [info] 192.168.11.48 POST /MAAS/metadata/status/fc7ggw HTTP/1.1 --> 204 NO_CONTENT (referrer: -; agent: python-requests/2.9.1)
Jul 21 20:27:17 mas01 sh[21003]: 2018-07-21 20:27:17 regiond: [info] 192.168.11.48 POST /MAAS/metadata/status/fc7ggw HTTP/1.1 --> 204 NO_CONTENT (referrer: -; agent: python-requests/2.9.1)
Jul 21 20:27:18 mas01 sh[21532]: 2018-07-21 20:27:18 regiond: [info] 192.168.11.46 POST /MAAS/metadata/status/4fbwqr HTTP/1.1 --> 204 NO_CONTENT (referrer: -; agent: python-requests/2.9.1)
Jul 21 20:27:18 mas01 sh[21003]: 2018-07-21 20:27:18 regiond: [info] 192.168.11.47 POST /MAAS/metadata/status/677xqp HTTP/1.1 --> 204 NO_CONTENT (referrer: -; agent: python-requests/2.9.1)
Jul 21 20:27:18 mas01 sh[21532]: 2018-07-21 20:27:18 regiond: [info] 192.168.11.46 POST /MAAS/metadata/status/4fbwqr HTTP/1.1 --> 204 NO_CONTENT (referrer: -; agent: python-requests/2.9.1)
Jul 21 20:27:18 mas01 sh[21532]: 2018-07-21 20:27:18 regiond: [info] 192.168.11.46 POST /MAAS/metadata/status/4fbwqr HTTP/1.1 --> 204 NO_CONTENT (referrer: -; agent: python-requests/2.9.1)
Jul 21 20:27:18 mas01 sh[21008]: 2018-07-21 20:27:18 regiond: [info] 192.168.11.47 POST /MAAS/metadata/status/677xqp HTTP/1.1 --> 204 NO_CONTENT (referrer: -; agent: python-requests/2.9.1)
Jul 21 20:27:18 mas01 sh[21008]: 2018-07-21 20:27:18 regiond: [info] 192.168.11.47 POST /MAAS/metadata/status/677xqp HTTP/1.1 --> 204 NO_CONTENT (referrer: -; agent: python-requests/2.9.1)
Jul 21 20:27:18 mas01 sh[20998]: 2018-07-21 20:27:18 regiond: [info] 192.168.11.46 POST /MAAS/metadata/status/4fbwqr HTTP/1.1 --> 204 NO_CONTENT (referrer: -; agent: python-requests/2.9.1)
Jul 21 20:27:18 mas01 sh[21532]: 2018-07-21 20:27:18 regiond: [info] 192.168.11.47 POST /MAAS/metadata/status/677xqp HTTP/1.1 --> 204 NO_CONTENT (referrer: -; agent: python-requests/2.9.1)
Jul 21 20:27:18 mas01 sh[20998]: 2018-07-21 20:27:18 regiond: [info] 192.168.11.48 POST /MAAS/metadata/status/fc7ggw HTTP/1.1 --> 204 NO_CONTENT (referrer: -; agent: python-requests/2.9.1)
Jul 21 20:27:18 mas01 sh[21008]: 2018-07-21 20:27:18 regiond: [info] 192.168.11.46 POST /MAAS/metadata/status/4fbwqr HTTP/1.1 --> 204 NO_CONTENT (referrer: -; agent: python-requests/2.9.1)
Jul 21 20:27:18 mas01 sh[20998]: 2018-07-21 20:27:18 regiond: [info] 192.168.11.47 POST /MAAS/metadata/status/677xqp HTTP/1.1 --> 204 NO_CONTENT (referrer: -; agent: python-requests/2.9.1)
Jul 21 20:27:18 mas01 sh[21008]: 2018-07-21 20:27:18 regiond: [info] 192.168.11.46 POST /MAAS/metadata/status/4fbwqr HTTP/1.1 --> 204 NO_CONTENT (referrer: -; agent: python-requests/2.9.1)
Jul 21 20:27:18 mas01 sh[21003]: 2018-07-21 20:27:18 regiond: [info] 192.168.11.47 POST /MAAS/metadata/status/677xqp HTTP/1.1 --> 204 NO_CONTENT (referrer: -; agent: python-requests/2.9.1)
Jul 21 20:27:18 mas01 sh[21003]: 2018-07-21 20:27:18 regiond: [info] 192.168.11.46 POST /MAAS/metadata/status/4fbwqr HTTP/1.1 --> 204 NO_CONTENT (referrer: -; agent: python-requests/2.9.1)
Jul 21 20:27:18 mas01 sh[20998]: 2018-07-21 20:27:18 regiond: [info] 192.168.11.47 POST /MAAS/metadata/status/677xqp HTTP/1.1 --> 204 NO_CONTENT (referrer: -; agent: python-requests/2.9.1)
Jul 21 20:27:18 mas01 sh[21532]: 2018-07-21 20:27:18 regiond: [info] 192.168.11.46 POST /MAAS/metadata/status/4fbwqr HTTP/1.1 --> 204 NO_CONTENT (referrer: -; agent: python-requests/2.9.1)
Jul 21 20:27:18 mas01 sh[20998]: 2018-07-21 20:27:18 regiond: [info] 192.168.11.47 POST /MAAS/metadata/status/677xqp HTTP/1.1 --> 204 NO_CONTENT (referrer: -; agent: python-requests/2.9.1)
Jul 21 20:27:18 mas01 sh[20998]: 2018-07-21 20:27:18 regiond: [info] 192.168.11.46 POST /MAAS/metadata/status/4fbwqr HTTP/1.1 --> 204 NO_CONTENT (referrer: -; agent: python-requests/2.9.1)
Jul 21 20:27:18 mas01 sh[21003]: 2018-07-21 20:27:18 regiond: [info] 192.168.11.47 POST /MAAS/metadata/status/677xqp HTTP/1.1 --> 204 NO_CONTENT (referrer: -; agent: python-requests/2.9.1)
Jul 21 20:27:18 mas01 sh[21532]: 2018-07-21 20:27:18 regiond: [info] 192.168.11.46 POST /MAAS/metadata/status/4fbwqr HTTP/1.1 --> 204 NO_CONTENT (referrer: -; agent: python-requests/2.9.1)
Jul 21 20:27:18 mas01 sh[21008]: 2018-07-21 20:27:18 regiond: [info] 192.168.11.47 POST /MAAS/metadata/status/677xqp HTTP/1.1 --> 204 NO_CONTENT (referrer: -; agent: python-requests/2.9.1)
Jul 21 20:27:18 mas01 sh[21532]: 2018-07-21 20:27:18 regiond: [info] 192.168.11.46 POST /MAAS/metadata/status/4fbwqr HTTP/1.1 --> 204 NO_CONTENT (referrer: -; agent: python-requests/2.9.1)
Jul 21 20:27:18 mas01 sh[21003]: 2018-07-21 20:27:18 regiond: [info] 192.168.11.47 POST /MAAS/metadata/status/677xqp HTTP/1.1 --> 204 NO_CONTENT (referrer: -; agent: python-requests/2.9.1)
Jul 21 20:27:18 mas01 sh[21003]: 2018-07-21 20:27:18 regiond: [info] 192.168.11.46 POST /MAAS/metadata/status/4fbwqr HTTP/1.1 --> 204 NO_CONTENT (referrer: -; agent: python-requests/2.9.1)
Jul 21 20:27:18 mas01 sh[20998]: 2018-07-21 20:27:18 regiond: [info] 192.168.11.47 POST /MAAS/metadata/status/677xqp HTTP/1.1 --> 204 NO_CONTENT (referrer: -; agent: python-requests/2.9.1)
Jul 21 20:27:18 mas01 sh[21003]: 2018-07-21 20:27:18 regiond: [info] 192.168.11.46 POST /MAAS/metadata/status/4fbwqr HTTP/1.1 --> 204 NO_CONTENT (referrer: -; agent: python-requests/2.9.1)
Jul 21 20:27:18 mas01 sh[21532]: 2018-07-21 20:27:18 regiond: [info] 192.168.11.47 POST /MAAS/metadata/status/677xqp HTTP/1.1 --> 204 NO_CONTENT (referrer: -; agent: python-requests/2.9.1)
Jul 21 20:27:18 mas01 sh[21003]: 2018-07-21 20:27:18 regiond: [info] 192.168.11.46 POST /MAAS/metadata/status/4fbwqr HTTP/1.1 --> 204 NO_CONTENT (referrer: -; agent: python-requests/2.9.1)
Jul 21 20:27:18 mas01 sh[21532]: 2018-07-21 20:27:18 regiond: [info] 192.168.11.46 POST /MAAS/metadata/status/4fbwqr HTTP/1.1 --> 204 NO_CONTENT (referrer: -; agent: python-requests/2.9.1)
Jul 21 20:27:18 mas01 sh[21003]: 2018-07-21 20:27:18 regiond: [info] 192.168.11.47 POST /MAAS/metadata/status/677xqp HTTP/1.1 --> 204 NO_CONTENT (referrer: -; agent: python-requests/2.9.1)
Jul 21 20:27:18 mas01 sh[21008]: 2018-07-21 20:27:18 regiond: [info] 192.168.11.47 POST /MAAS/metadata/status/677xqp HTTP/1.1 --> 204 NO_CONTENT (referrer: -; agent: python-requests/2.9.1)
Jul 21 20:27:18 mas01 sh[21003]: 2018-07-21 20:27:18 regiond: [info] 192.168.11.46 POST /MAAS/metadata/status/4fbwqr HTTP/1.1 --> 204 NO_CONTENT (referrer: -; agent: python-requests/2.9.1)
Jul 21 20:27:18 mas01 sh[20998]: 2018-07-21 20:27:18 regiond: [info] 192.168.11.46 POST /MAAS/metadata/status/4fbwqr HTTP/1.1 --> 204 NO_CONTENT (referrer: -; agent: python-requests/2.9.1)
Jul 21 20:27:18 mas01 sh[21003]: 2018-07-21 20:27:18 regiond: [info] 192.168.11.47 POST /MAAS/metadata/status/677xqp HTTP/1.1 --> 204 NO_CONTENT (referrer: -; agent: python-requests/2.9.1)
Jul 21 20:27:18 mas01 sh[20998]: 2018-07-21 20:27:18 regiond: [info] 192.168.11.46 POST /MAAS/metadata/status/4fbwqr HTTP/1.1 --> 204 NO_CONTENT (referrer: -; agent: python-requests/2.9.1)
Jul 21 20:27:18 mas01 sh[21532]: 2018-07-21 20:27:18 regiond: [info] 192.168.11.47 POST /MAAS/metadata/status/677xqp HTTP/1.1 --> 204 NO_CONTENT (referrer: -; agent: python-requests/2.9.1)
Jul 21 20:27:18 mas01 sh[20998]: 2018-07-21 20:27:18 regiond: [info] 192.168.11.46 POST /MAAS/metadata/status/4fbwqr HTTP/1.1 --> 204 NO_CONTENT (referrer: -; agent: python-requests/2.9.1)
Jul 21 20:27:18 mas01 sh[20998]: 2018-07-21 20:27:18 regiond: [info] 192.168.11.47 POST /MAAS/metadata/status/677xqp HTTP/1.1 --> 204 NO_CONTENT (referrer: -; agent: python-requests/2.9.1)
Jul 21 20:27:18 mas01 sh[21003]: 2018-07-21 20:27:18 regiond: [info] 192.168.11.46 POST /MAAS/metadata/status/4fbwqr HTTP/1.1 --> 204 NO_CONTENT (referrer: -; agent: python-requests/2.9.1)
Jul 21 20:27:18 mas01 sh[21003]: 2018-07-21 20:27:18 regiond: [info] 192.168.11.47 POST /MAAS/metadata/status/677xqp HTTP/1.1 --> 204 NO_CONTENT (referrer: -; agent: python-requests/2.9.1)
Jul 21 20:27:18 mas01 sh[21532]: 2018-07-21 20:27:18 regiond: [info] 192.168.11.46 POST /MAAS/metadata/status/4fbwqr HTTP/1.1 --> 204 NO_CONTENT (referrer: -; agent: python-requests/2.9.1)
Jul 21 20:27:18 mas01 sh[21008]: 2018-07-21 20:27:18 regiond: [info] 192.168.11.47 POST /MAAS/metadata/status/677xqp HTTP/1.1 --> 204 NO_CONTENT (referrer: -; agent: python-requests/2.9.1)
Jul 21 20:27:18 mas01 sh[21003]: 2018-07-21 20:27:18 regiond: [info] 192.168.11.46 POST /MAAS/metadata/status/4fbwqr HTTP/1.1 --> 204 NO_CONTENT (referrer: -; agent: python-requests/2.9.1)
Jul 21 20:27:18 mas01 sh[21003]: 2018-07-21 20:27:18 regiond: [info] 192.168.11.47 POST /MAAS/metadata/status/677xqp HTTP/1.1 --> 204 NO_CONTENT (referrer: -; agent: python-requests/2.9.1)
Jul 21 20:27:18 mas01 sh[21003]: 2018-07-21 20:27:18 regiond: [info] 192.168.11.46 POST /MAAS/metadata/status/4fbwqr HTTP/1.1 --> 204 NO_CONTENT (referrer: -; agent: python-requests/2.9.1)
Jul 21 20:27:18 mas01 sh[21008]: 2018-07-21 20:27:18 regiond: [info] 192.168.11.47 POST /MAAS/metadata/status/677xqp HTTP/1.1 --> 204 NO_CONTENT (referrer: -; agent: python-requests/2.9.1)
Jul 21 20:27:18 mas01 sh[20998]: 2018-07-21 20:27:18 regiond: [info] 192.168.11.46 POST /MAAS/metadata/status/4fbwqr HTTP/1.1 --> 204 NO_CONTENT (referrer: -; agent: python-requests/2.9.1)
Jul 21 20:27:18 mas01 sh[21532]: 2018-07-21 20:27:18 regiond: [info] 192.168.11.47 POST /MAAS/metadata/status/677xqp HTTP/1.1 --> 204 NO_CONTENT (referrer: -; agent: python-requests/2.9.1)
Jul 21 20:27:18 mas01 sh[21532]: 2018-07-21 20:27:18 regiond: [info] 192.168.11.46 POST /MAAS/metadata/status/4fbwqr HTTP/1.1 --> 204 NO_CONTENT (referrer: -; agent: python-requests/2.9.1)
Jul 21 20:27:18 mas01 sh[21003]: 2018-07-21 20:27:18 regiond: [info] 192.168.11.47 POST /MAAS/metadata/status/677xqp HTTP/1.1 --> 204 NO_CONTENT (referrer: -; agent: python-requests/2.9.1)
Jul 21 20:27:18 mas01 sh[21003]: 2018-07-21 20:27:18 regiond: [info] 192.168.11.47 POST /MAAS/metadata/status/677xqp HTTP/1.1 --> 204 NO_CONTENT (referrer: -; agent: python-requests/2.9.1)
Jul 21 20:27:18 mas01 sh[20998]: 2018-07-21 20:27:18 regiond: [info] 192.168.11.46 POST /MAAS/metadata/status/4fbwqr HTTP/1.1 --> 204 NO_CONTENT (referrer: -; agent: python-requests/2.9.1)
Jul 21 20:27:18 mas01 sh[21008]: 2018-07-21 20:27:18 regiond: [info] 192.168.11.46 POST /MAAS/metadata/status/4fbwqr HTTP/1.1 --> 204 NO_CONTENT (referrer: -; agent: python-requests/2.9.1)
Jul 21 20:27:18 mas01 sh[21003]: 2018-07-21 20:27:18 regiond: [info] 192.168.11.47 POST /MAAS/metadata/status/677xqp HTTP/1.1 --> 204 NO_CONTENT (referrer: -; agent: python-requests/2.9.1)
Jul 21 20:27:18 mas01 sh[21008]: 2018-07-21 20:27:18 regiond: [info] 192.168.11.46 POST /MAAS/metadata/status/4fbwqr HTTP/1.1 --> 204 NO_CONTENT (referrer: -; agent: python-requests/2.9.1)
Jul 21 20:27:18 mas01 sh[21008]: 2018-07-21 20:27:18 regiond: [info] 192.168.11.47 POST /MAAS/metadata/status/677xqp HTTP/1.1 --> 204 NO_CONTENT (referrer: -; agent: python-requests/2.9.1)
Jul 21 20:27:18 mas01 sh[21003]: 2018-07-21 20:27:18 regiond: [info] 192.168.11.46 POST /MAAS/metadata/status/4fbwqr HTTP/1.1 --> 204 NO_CONTENT (referrer: -; agent: python-requests/2.9.1)
Jul 21 20:27:18 mas01 sh[21003]: 2018-07-21 20:27:18 regiond: [info] 192.168.11.47 POST /MAAS/metadata/status/677xqp HTTP/1.1 --> 204 NO_CONTENT (referrer: -; agent: python-requests/2.9.1)
Jul 21 20:27:18 mas01 sh[21008]: 2018-07-21 20:27:18 regiond: [info] 192.168.11.47 POST /MAAS/metadata/status/677xqp HTTP/1.1 --> 204 NO_CONTENT (referrer: -; agent: python-requests/2.9.1)
Jul 21 20:27:18 mas01 sh[21532]: 2018-07-21 20:27:18 regiond: [info] 192.168.11.46 POST /MAAS/metadata/status/4fbwqr HTTP/1.1 --> 204 NO_CONTENT (referrer: -; agent: python-requests/2.9.1)
Jul 21 20:27:18 mas01 sh[21532]: 2018-07-21 20:27:18 regiond: [info] 192.168.11.46 POST /MAAS/metadata/status/4fbwqr HTTP/1.1 --> 204 NO_CONTENT (referrer: -; agent: python-requests/2.9.1)
Jul 21 20:27:18 mas01 sh[21003]: 2018-07-21 20:27:18 regiond: [info] 192.168.11.47 POST /MAAS/metadata/status/677xqp HTTP/1.1 --> 204 NO_CONTENT (referrer: -; agent: python-requests/2.9.1)
Jul 21 20:27:18 mas01 sh[21532]: 2018-07-21 20:27:18 regiond: [info] 192.168.11.47 POST /MAAS/metadata/status/677xqp HTTP/1.1 --> 204 NO_CONTENT (referrer: -; agent: python-requests/2.9.1)
Jul 21 20:27:18 mas01 sh[20998]: 2018-07-21 20:27:18 regiond: [info] 192.168.11.46 POST /MAAS/metadata/status/4fbwqr HTTP/1.1 --> 204 NO_CONTENT (referrer: -; agent: python-requests/2.9.1)
Jul 21 20:27:18 mas01 sh[21008]: 2018-07-21 20:27:18 regiond: [info] 192.168.11.46 POST /MAAS/metadata/status/4fbwqr HTTP/1.1 --> 204 NO_CONTENT (referrer: -; agent: python-requests/2.9.1)
Jul 21 20:27:18 mas01 sh[21003]: 2018-07-21 20:27:18 regiond: [info] 192.168.11.47 POST /MAAS/metadata/status/677xqp HTTP/1.1 --> 204 NO_CONTENT (referrer: -; agent: python-requests/2.9.1)
Jul 21 20:27:18 mas01 sh[21008]: 2018-07-21 20:27:18 regiond: [info] 192.168.11.47 POST /MAAS/metadata/status/677xqp HTTP/1.1 --> 204 NO_CONTENT (referrer: -; agent: python-requests/2.9.1)
Jul 21 20:27:18 mas01 sh[20998]: 2018-07-21 20:27:18 regiond: [info] 192.168.11.48 GET /MAAS/metadata/latest/by-id/fc7ggw/?op=get_preseed HTTP/1.1 --> 200 OK (referrer: -; agent: Cloud-Init/18.2)
Jul 21 20:27:18 mas01 sh[21003]: 2018-07-21 20:27:18 regiond: [info] 192.168.11.46 POST /MAAS/metadata/status/4fbwqr HTTP/1.1 --> 204 NO_CONTENT (referrer: -; agent: python-requests/2.9.1)
Jul 21 20:27:18 mas01 sh[21008]: 2018-07-21 20:27:18 regiond: [info] 192.168.11.47 POST /MAAS/metadata/status/677xqp HTTP/1.1 --> 204 NO_CONTENT (referrer: -; agent: python-requests/2.9.1)
Jul 21 20:27:18 mas01 sh[20998]: 2018-07-21 20:27:18 regiond: [info] 192.168.11.48 POST /MAAS/metadata/status/fc7ggw HTTP/1.1 --> 204 NO_CONTENT (referrer: -; agent: python-requests/2.9.1)
Jul 21 20:27:18 mas01 sh[20998]: 2018-07-21 20:27:18 regiond: [info] 192.168.11.48 POST /MAAS/metadata/status/fc7ggw HTTP/1.1 --> 204 NO_CONTENT (referrer: -; agent: python-requests/2.9.1)
Jul 21 20:27:18 mas01 sh[21532]: 2018-07-21 20:27:18 regiond: [info] 192.168.11.48 POST /MAAS/metadata/status/fc7ggw HTTP/1.1 --> 204 NO_CONTENT (referrer: -; agent: python-requests/2.9.1)
Jul 21 20:27:18 mas01 sh[20998]: 2018-07-21 20:27:18 regiond: [info] 192.168.11.47 POST /MAAS/metadata/status/677xqp HTTP/1.1 --> 204 NO_CONTENT (referrer: -; agent: python-requests/2.9.1)
Jul 21 20:27:18 mas01 sh[21532]: 2018-07-21 20:27:18 regiond: [info] 192.168.11.48 GET /MAAS/metadata/2012-03-01/meta-data/instance-id HTTP/1.1 --> 200 OK (referrer: -; agent: Cloud-Init/18.2)
Jul 21 20:27:18 mas01 sh[20998]: 2018-07-21 20:27:18 regiond: [info] 192.168.11.46 POST /MAAS/metadata/status/4fbwqr HTTP/1.1 --> 204 NO_CONTENT (referrer: -; agent: python-requests/2.9.1)
Jul 21 20:27:18 mas01 sh[21532]: 2018-07-21 20:27:18 regiond: [info] 192.168.11.48 GET /MAAS/metadata/2012-03-01/meta-data/instance-id HTTP/1.1 --> 200 OK (referrer: -; agent: python-requests/2.9.1)
Jul 21 20:27:18 mas01 sh[21532]: 2018-07-21 20:27:18 regiond: [info] 192.168.11.48 GET /MAAS/metadata/2012-03-01/meta-data/local-hostname HTTP/1.1 --> 200 OK (referrer: -; agent: python-requests/2.9.1)
Jul 21 20:27:18 mas01 sh[20998]: 2018-07-21 20:27:18 regiond: [info] 192.168.11.48 GET /MAAS/metadata/2012-03-01/meta-data/vendor-data HTTP/1.1 --> 200 OK (referrer: -; agent: python-requests/2.9.1)
Jul 21 20:27:18 mas01 sh[21532]: 2018-07-21 20:27:18 regiond: [info] 192.168.11.48 GET /MAAS/metadata/2012-03-01/user-data HTTP/1.1 --> 200 OK (referrer: -; agent: python-requests/2.9.1)
Jul 21 20:27:18 mas01 sh[21003]: 2018-07-21 20:27:18 regiond: [info] 192.168.11.48 POST /MAAS/metadata/status/fc7ggw HTTP/1.1 --> 204 NO_CONTENT (referrer: -; agent: python-requests/2.9.1)
Jul 21 20:27:19 mas01 sh[20998]: 2018-07-21 20:27:19 regiond: [info] 192.168.11.48 POST /MAAS/metadata/status/fc7ggw HTTP/1.1 --> 204 NO_CONTENT (referrer: -; agent: python-requests/2.9.1)
Jul 21 20:27:19 mas01 sh[21003]: 2018-07-21 20:27:19 regiond: [info] 192.168.11.48 POST /MAAS/metadata/status/fc7ggw HTTP/1.1 --> 204 NO_CONTENT (referrer: -; agent: python-requests/2.9.1)
Jul 21 20:27:19 mas01 sh[21003]: 2018-07-21 20:27:19 regiond: [info] 192.168.11.48 POST /MAAS/metadata/status/fc7ggw HTTP/1.1 --> 204 NO_CONTENT (referrer: -; agent: python-requests/2.9.1)
Jul 21 20:27:19 mas01 sh[20998]: 2018-07-21 20:27:19 regiond: [info] 192.168.11.48 POST /MAAS/metadata/status/fc7ggw HTTP/1.1 --> 204 NO_CONTENT (referrer: -; agent: python-requests/2.9.1)
Jul 21 20:27:19 mas01 sh[20998]: 2018-07-21 20:27:19 regiond: [info] 192.168.11.48 POST /MAAS/metadata/status/fc7ggw HTTP/1.1 --> 204 NO_CONTENT (referrer: -; agent: python-requests/2.9.1)
Jul 21 20:27:19 mas01 sh[21003]: 2018-07-21 20:27:19 regiond: [info] 192.168.11.48 POST /MAAS/metadata/status/fc7ggw HTTP/1.1 --> 204 NO_CONTENT (referrer: -; agent: python-requests/2.9.1)
Jul 21 20:27:19 mas01 sh[21532]: 2018-07-21 20:27:19 regiond: [info] 192.168.11.48 POST /MAAS/metadata/status/fc7ggw HTTP/1.1 --> 204 NO_CONTENT (referrer: -; agent: python-requests/2.9.1)
Jul 21 20:27:19 mas01 sh[20998]: 2018-07-21 20:27:19 regiond: [info] 192.168.11.48 POST /MAAS/metadata/status/fc7ggw HTTP/1.1 --> 204 NO_CONTENT (referrer: -; agent: python-requests/2.9.1)
Jul 21 20:27:19 mas01 sh[21003]: 2018-07-21 20:27:19 regiond: [info] 192.168.11.48 POST /MAAS/metadata/status/fc7ggw HTTP/1.1 --> 204 NO_CONTENT (referrer: -; agent: python-requests/2.9.1)
Jul 21 20:27:19 mas01 sh[21532]: 2018-07-21 20:27:19 regiond: [info] 192.168.11.48 POST /MAAS/metadata/status/fc7ggw HTTP/1.1 --> 204 NO_CONTENT (referrer: -; agent: python-requests/2.9.1)
Jul 21 20:27:19 mas01 sh[21532]: 2018-07-21 20:27:19 regiond: [info] 192.168.11.48 POST /MAAS/metadata/status/fc7ggw HTTP/1.1 --> 204 NO_CONTENT (referrer: -; agent: python-requests/2.9.1)
Jul 21 20:27:19 mas01 sh[20998]: 2018-07-21 20:27:19 regiond: [info] 192.168.11.48 POST /MAAS/metadata/status/fc7ggw HTTP/1.1 --> 204 NO_CONTENT (referrer: -; agent: python-requests/2.9.1)
Jul 21 20:27:19 mas01 sh[21532]: 2018-07-21 20:27:19 regiond: [info] 192.168.11.48 POST /MAAS/metadata/status/fc7ggw HTTP/1.1 --> 204 NO_CONTENT (referrer: -; agent: python-requests/2.9.1)
Jul 21 20:27:19 mas01 sh[21532]: message repeated 2 times: [ 2018-07-21 20:27:19 regiond: [info] 192.168.11.48 POST /MAAS/metadata/status/fc7ggw HTTP/1.1 --> 204 NO_CONTENT (referrer: -; agent: python-requests/2.9.1)]
Jul 21 20:27:19 mas01 sh[21003]: 2018-07-21 20:27:19 regiond: [info] 192.168.11.48 POST /MAAS/metadata/status/fc7ggw HTTP/1.1 --> 204 NO_CONTENT (referrer: -; agent: python-requests/2.9.1)
Jul 21 20:27:19 mas01 sh[21532]: 2018-07-21 20:27:19 regiond: [info] 192.168.11.48 POST /MAAS/metadata/status/fc7ggw HTTP/1.1 --> 204 NO_CONTENT (referrer: -; agent: python-requests/2.9.1)
Jul 21 20:27:19 mas01 sh[21003]: 2018-07-21 20:27:19 regiond: [info] 192.168.11.48 POST /MAAS/metadata/status/fc7ggw HTTP/1.1 --> 204 NO_CONTENT (referrer: -; agent: python-requests/2.9.1)
Jul 21 20:27:19 mas01 sh[21003]: 2018-07-21 20:27:19 regiond: [info] 192.168.11.48 POST /MAAS/metadata/status/fc7ggw HTTP/1.1 --> 204 NO_CONTENT (referrer: -; agent: python-requests/2.9.1)
Jul 21 20:27:19 mas01 sh[20998]: 2018-07-21 20:27:19 regiond: [info] 192.168.11.48 POST /MAAS/metadata/status/fc7ggw HTTP/1.1 --> 204 NO_CONTENT (referrer: -; agent: python-requests/2.9.1)
Jul 21 20:27:19 mas01 sh[21003]: 2018-07-21 20:27:19 regiond: [info] 192.168.11.48 POST /MAAS/metadata/status/fc7ggw HTTP/1.1 --> 204 NO_CONTENT (referrer: -; agent: python-requests/2.9.1)
Jul 21 20:27:19 mas01 sh[21003]: 2018-07-21 20:27:19 regiond: [info] 192.168.11.48 POST /MAAS/metadata/status/fc7ggw HTTP/1.1 --> 204 NO_CONTENT (referrer: -; agent: python-requests/2.9.1)
Jul 21 20:27:19 mas01 sh[20998]: 2018-07-21 20:27:19 regiond: [info] 192.168.11.48 POST /MAAS/metadata/status/fc7ggw HTTP/1.1 --> 204 NO_CONTENT (referrer: -; agent: python-requests/2.9.1)
Jul 21 20:27:19 mas01 sh[21532]: 2018-07-21 20:27:19 regiond: [info] 192.168.11.48 POST /MAAS/metadata/status/fc7ggw HTTP/1.1 --> 204 NO_CONTENT (referrer: -; agent: python-requests/2.9.1)
Jul 21 20:27:19 mas01 sh[21003]: 2018-07-21 20:27:19 regiond: [info] 192.168.11.48 POST /MAAS/metadata/status/fc7ggw HTTP/1.1 --> 204 NO_CONTENT (referrer: -; agent: python-requests/2.9.1)
Jul 21 20:27:19 mas01 sh[20998]: 2018-07-21 20:27:19 regiond: [info] 192.168.11.48 POST /MAAS/metadata/status/fc7ggw HTTP/1.1 --> 204 NO_CONTENT (referrer: -; agent: python-requests/2.9.1)
Jul 21 20:27:19 mas01 sh[21003]: 2018-07-21 20:27:19 regiond: [info] 192.168.11.48 POST /MAAS/metadata/status/fc7ggw HTTP/1.1 --> 204 NO_CONTENT (referrer: -; agent: python-requests/2.9.1)
Jul 21 20:27:19 mas01 sh[21008]: 2018-07-21 20:27:19 regiond: [info] 192.168.11.48 POST /MAAS/metadata/status/fc7ggw HTTP/1.1 --> 204 NO_CONTENT (referrer: -; agent: python-requests/2.9.1)
Jul 21 20:27:19 mas01 sh[21003]: 2018-07-21 20:27:19 regiond: [info] 192.168.11.48 POST /MAAS/metadata/status/fc7ggw HTTP/1.1 --> 204 NO_CONTENT (referrer: -; agent: python-requests/2.9.1)
Jul 21 20:27:19 mas01 sh[20998]: 2018-07-21 20:27:19 regiond: [info] 192.168.11.48 POST /MAAS/metadata/status/fc7ggw HTTP/1.1 --> 204 NO_CONTENT (referrer: -; agent: python-requests/2.9.1)
Jul 21 20:27:19 mas01 sh[21008]: 2018-07-21 20:27:19 regiond: [info] 192.168.11.48 POST /MAAS/metadata/status/fc7ggw HTTP/1.1 --> 204 NO_CONTENT (referrer: -; agent: python-requests/2.9.1)
Jul 21 20:27:19 mas01 salt-minion[6062]: [INFO    ] User sudo_ubuntu Executing command state.apply with jid 20180721202719326267
Jul 21 20:27:19 mas01 salt-minion[6062]: [INFO    ] Starting a new job with PID 23209
Jul 21 20:27:19 mas01 sh[20998]: 2018-07-21 20:27:19 regiond: [info] 192.168.11.48 POST /MAAS/metadata/status/fc7ggw HTTP/1.1 --> 204 NO_CONTENT (referrer: -; agent: python-requests/2.9.1)
Jul 21 20:27:19 mas01 sh[21003]: 2018-07-21 20:27:19 regiond: [info] 192.168.11.48 POST /MAAS/metadata/status/fc7ggw HTTP/1.1 --> 204 NO_CONTENT (referrer: -; agent: python-requests/2.9.1)
Jul 21 20:27:19 mas01 sh[21003]: 2018-07-21 20:27:19 regiond: [info] 192.168.11.48 POST /MAAS/metadata/status/fc7ggw HTTP/1.1 --> 204 NO_CONTENT (referrer: -; agent: python-requests/2.9.1)
Jul 21 20:27:19 mas01 sh[21532]: 2018-07-21 20:27:19 regiond: [info] 192.168.11.48 POST /MAAS/metadata/status/fc7ggw HTTP/1.1 --> 204 NO_CONTENT (referrer: -; agent: python-requests/2.9.1)
Jul 21 20:27:19 mas01 sh[21532]: 2018-07-21 20:27:19 maasserver.regiondservices.active_discovery: [info] Active network discovery: Active scanning is not enabled on any subnet. Skipping periodic scan.
Jul 21 20:27:19 mas01 sh[21532]: 2018-07-21 20:27:19 regiond: [info] 192.168.11.47 POST /MAAS/metadata/status/677xqp HTTP/1.1 --> 204 NO_CONTENT (referrer: -; agent: python-requests/2.9.1)
Jul 21 20:27:19 mas01 sh[21532]: 2018-07-21 20:27:19 regiond: [info] 192.168.11.47 POST /MAAS/metadata/status/677xqp HTTP/1.1 --> 204 NO_CONTENT (referrer: -; agent: python-requests/2.9.1)
Jul 21 20:27:19 mas01 sh[21003]: 2018-07-21 20:27:19 regiond: [info] 192.168.11.46 POST /MAAS/metadata/status/4fbwqr HTTP/1.1 --> 204 NO_CONTENT (referrer: -; agent: python-requests/2.9.1)
Jul 21 20:27:19 mas01 sh[21532]: 2018-07-21 20:27:19 regiond: [info] 192.168.11.47 POST /MAAS/metadata/status/677xqp HTTP/1.1 --> 204 NO_CONTENT (referrer: -; agent: python-requests/2.9.1)
Jul 21 20:27:19 mas01 sh[21008]: 2018-07-21 20:27:19 regiond: [info] 192.168.11.46 POST /MAAS/metadata/status/4fbwqr HTTP/1.1 --> 204 NO_CONTENT (referrer: -; agent: python-requests/2.9.1)
Jul 21 20:27:19 mas01 sh[21003]: 2018-07-21 20:27:19 regiond: [info] 192.168.11.47 POST /MAAS/metadata/status/677xqp HTTP/1.1 --> 204 NO_CONTENT (referrer: -; agent: python-requests/2.9.1)
Jul 21 20:27:19 mas01 sh[21003]: 2018-07-21 20:27:19 regiond: [info] 192.168.11.47 POST /MAAS/metadata/status/677xqp HTTP/1.1 --> 204 NO_CONTENT (referrer: -; agent: python-requests/2.9.1)
Jul 21 20:27:19 mas01 sh[21532]: 2018-07-21 20:27:19 regiond: [info] 192.168.11.47 POST /MAAS/metadata/status/677xqp HTTP/1.1 --> 204 NO_CONTENT (referrer: -; agent: python-requests/2.9.1)
Jul 21 20:27:19 mas01 sh[21008]: 2018-07-21 20:27:19 regiond: [info] 192.168.11.47 POST /MAAS/metadata/status/677xqp HTTP/1.1 --> 204 NO_CONTENT (referrer: -; agent: python-requests/2.9.1)
Jul 21 20:27:19 mas01 sh[21008]: 2018-07-21 20:27:19 regiond: [info] 192.168.11.47 POST /MAAS/metadata/status/677xqp HTTP/1.1 --> 204 NO_CONTENT (referrer: -; agent: python-requests/2.9.1)
Jul 21 20:27:19 mas01 sh[21532]: 2018-07-21 20:27:19 regiond: [info] 192.168.11.47 POST /MAAS/metadata/status/677xqp HTTP/1.1 --> 204 NO_CONTENT (referrer: -; agent: python-requests/2.9.1)
Jul 21 20:27:19 mas01 sh[20998]: 2018-07-21 20:27:19 regiond: [info] 192.168.11.46 POST /MAAS/metadata/status/4fbwqr HTTP/1.1 --> 204 NO_CONTENT (referrer: -; agent: python-requests/2.9.1)
Jul 21 20:27:19 mas01 sh[21008]: 2018-07-21 20:27:19 regiond: [info] 192.168.11.46 POST /MAAS/metadata/status/4fbwqr HTTP/1.1 --> 204 NO_CONTENT (referrer: -; agent: python-requests/2.9.1)
Jul 21 20:27:19 mas01 sh[21003]: 2018-07-21 20:27:19 regiond: [info] 192.168.11.46 POST /MAAS/metadata/status/4fbwqr HTTP/1.1 --> 204 NO_CONTENT (referrer: -; agent: python-requests/2.9.1)
Jul 21 20:27:19 mas01 sh[21532]: 2018-07-21 20:27:19 regiond: [info] 192.168.11.46 POST /MAAS/metadata/status/4fbwqr HTTP/1.1 --> 204 NO_CONTENT (referrer: -; agent: python-requests/2.9.1)
Jul 21 20:27:19 mas01 sh[21008]: 2018-07-21 20:27:19 regiond: [info] 192.168.11.46 POST /MAAS/metadata/status/4fbwqr HTTP/1.1 --> 204 NO_CONTENT (referrer: -; agent: python-requests/2.9.1)
Jul 21 20:27:19 mas01 sh[20998]: 2018-07-21 20:27:19 regiond: [info] 192.168.11.46 POST /MAAS/metadata/status/4fbwqr HTTP/1.1 --> 204 NO_CONTENT (referrer: -; agent: python-requests/2.9.1)
Jul 21 20:27:19 mas01 sh[21003]: 2018-07-21 20:27:19 regiond: [info] 192.168.11.46 POST /MAAS/metadata/status/4fbwqr HTTP/1.1 --> 204 NO_CONTENT (referrer: -; agent: python-requests/2.9.1)
Jul 21 20:27:20 mas01 sh[20998]: 2018-07-21 20:27:20 regiond: [info] 192.168.11.47 POST /MAAS/metadata/status/677xqp HTTP/1.1 --> 204 NO_CONTENT (referrer: -; agent: python-requests/2.9.1)
Jul 21 20:27:20 mas01 sh[20998]: 2018-07-21 20:27:20 regiond: [info] 192.168.11.47 POST /MAAS/metadata/status/677xqp HTTP/1.1 --> 204 NO_CONTENT (referrer: -; agent: python-requests/2.9.1)
Jul 21 20:27:20 mas01 sh[21532]: 2018-07-21 20:27:20 regiond: [info] 192.168.11.46 POST /MAAS/metadata/status/4fbwqr HTTP/1.1 --> 204 NO_CONTENT (referrer: -; agent: python-requests/2.9.1)
Jul 21 20:27:20 mas01 sh[21003]: 2018-07-21 20:27:20 regiond: [info] 192.168.11.47 POST /MAAS/metadata/status/677xqp HTTP/1.1 --> 204 NO_CONTENT (referrer: -; agent: python-requests/2.9.1)
Jul 21 20:27:20 mas01 sh[20998]: 2018-07-21 20:27:20 regiond: [info] 192.168.11.46 POST /MAAS/metadata/status/4fbwqr HTTP/1.1 --> 204 NO_CONTENT (referrer: -; agent: python-requests/2.9.1)
Jul 21 20:27:20 mas01 sh[20998]: 2018-07-21 20:27:20 regiond: [info] 192.168.11.47 POST /MAAS/metadata/status/677xqp HTTP/1.1 --> 204 NO_CONTENT (referrer: -; agent: python-requests/2.9.1)
Jul 21 20:27:20 mas01 sh[20998]: 2018-07-21 20:27:20 regiond: [info] 192.168.11.46 POST /MAAS/metadata/status/4fbwqr HTTP/1.1 --> 204 NO_CONTENT (referrer: -; agent: python-requests/2.9.1)
Jul 21 20:27:20 mas01 sh[21003]: 2018-07-21 20:27:20 regiond: [info] 192.168.11.46 POST /MAAS/metadata/status/4fbwqr HTTP/1.1 --> 204 NO_CONTENT (referrer: -; agent: python-requests/2.9.1)
Jul 21 20:27:20 mas01 sh[21003]: 2018-07-21 20:27:20 regiond: [info] 192.168.11.48 POST /MAAS/metadata/status/fc7ggw HTTP/1.1 --> 204 NO_CONTENT (referrer: -; agent: python-requests/2.9.1)
Jul 21 20:27:20 mas01 sh[21008]: 2018-07-21 20:27:20 regiond: [info] 192.168.11.48 POST /MAAS/metadata/status/fc7ggw HTTP/1.1 --> 204 NO_CONTENT (referrer: -; agent: python-requests/2.9.1)
Jul 21 20:27:20 mas01 sh[21003]: 2018-07-21 20:27:20 regiond: [info] 192.168.11.48 POST /MAAS/metadata/status/fc7ggw HTTP/1.1 --> 204 NO_CONTENT (referrer: -; agent: python-requests/2.9.1)
Jul 21 20:27:20 mas01 sh[21008]: 2018-07-21 20:27:20 regiond: [info] 192.168.11.48 POST /MAAS/metadata/status/fc7ggw HTTP/1.1 --> 204 NO_CONTENT (referrer: -; agent: python-requests/2.9.1)
Jul 21 20:27:20 mas01 sh[21003]: 2018-07-21 20:27:20 regiond: [info] 192.168.11.48 POST /MAAS/metadata/status/fc7ggw HTTP/1.1 --> 204 NO_CONTENT (referrer: -; agent: python-requests/2.9.1)
Jul 21 20:27:20 mas01 sh[20998]: 2018-07-21 20:27:20 regiond: [info] 192.168.11.48 POST /MAAS/metadata/status/fc7ggw HTTP/1.1 --> 204 NO_CONTENT (referrer: -; agent: python-requests/2.9.1)
Jul 21 20:27:20 mas01 sh[20998]: message repeated 2 times: [ 2018-07-21 20:27:20 regiond: [info] 192.168.11.48 POST /MAAS/metadata/status/fc7ggw HTTP/1.1 --> 204 NO_CONTENT (referrer: -; agent: python-requests/2.9.1)]
Jul 21 20:27:20 mas01 sh[21008]: 2018-07-21 20:27:20 regiond: [info] 192.168.11.48 POST /MAAS/metadata/status/fc7ggw HTTP/1.1 --> 204 NO_CONTENT (referrer: -; agent: python-requests/2.9.1)
Jul 21 20:27:20 mas01 sh[21008]: 2018-07-21 20:27:20 regiond: [info] 192.168.11.47 POST /MAAS/metadata/status/677xqp HTTP/1.1 --> 204 NO_CONTENT (referrer: -; agent: python-requests/2.9.1)
Jul 21 20:27:20 mas01 sh[21003]: 2018-07-21 20:27:20 regiond: [info] 192.168.11.46 POST /MAAS/metadata/status/4fbwqr HTTP/1.1 --> 204 NO_CONTENT (referrer: -; agent: python-requests/2.9.1)
Jul 21 20:27:20 mas01 sh[21003]: 2018-07-21 20:27:20 regiond: [info] 192.168.11.47 POST /MAAS/metadata/status/677xqp HTTP/1.1 --> 204 NO_CONTENT (referrer: -; agent: python-requests/2.9.1)
Jul 21 20:27:20 mas01 sh[21003]: 2018-07-21 20:27:20 regiond: [info] 192.168.11.46 POST /MAAS/metadata/status/4fbwqr HTTP/1.1 --> 204 NO_CONTENT (referrer: -; agent: python-requests/2.9.1)
Jul 21 20:27:20 mas01 sh[21008]: 2018-07-21 20:27:20 regiond: [info] 192.168.11.47 POST /MAAS/metadata/status/677xqp HTTP/1.1 --> 204 NO_CONTENT (referrer: -; agent: python-requests/2.9.1)
Jul 21 20:27:20 mas01 sh[20998]: 2018-07-21 20:27:20 regiond: [info] 192.168.11.46 POST /MAAS/metadata/status/4fbwqr HTTP/1.1 --> 204 NO_CONTENT (referrer: -; agent: python-requests/2.9.1)
Jul 21 20:27:20 mas01 sh[20998]: 2018-07-21 20:27:20 regiond: [info] 192.168.11.47 POST /MAAS/metadata/status/677xqp HTTP/1.1 --> 204 NO_CONTENT (referrer: -; agent: python-requests/2.9.1)
Jul 21 20:27:20 mas01 sh[21532]: 2018-07-21 20:27:20 regiond: [info] 192.168.11.46 POST /MAAS/metadata/status/4fbwqr HTTP/1.1 --> 204 NO_CONTENT (referrer: -; agent: python-requests/2.9.1)
Jul 21 20:27:21 mas01 sh[20998]: 2018-07-21 20:27:21 regiond: [info] 192.168.11.47 POST /MAAS/metadata/status/677xqp HTTP/1.1 --> 204 NO_CONTENT (referrer: -; agent: python-requests/2.9.1)
Jul 21 20:27:21 mas01 sh[20998]: 2018-07-21 20:27:21 regiond: [info] 192.168.11.46 POST /MAAS/metadata/status/4fbwqr HTTP/1.1 --> 204 NO_CONTENT (referrer: -; agent: python-requests/2.9.1)
Jul 21 20:27:21 mas01 sh[21003]: 2018-07-21 20:27:21 regiond: [info] 192.168.11.47 POST /MAAS/metadata/status/677xqp HTTP/1.1 --> 204 NO_CONTENT (referrer: -; agent: python-requests/2.9.1)
Jul 21 20:27:21 mas01 sh[21008]: 2018-07-21 20:27:21 regiond: [info] 192.168.11.46 POST /MAAS/metadata/status/4fbwqr HTTP/1.1 --> 204 NO_CONTENT (referrer: -; agent: python-requests/2.9.1)
Jul 21 20:27:21 mas01 sh[21003]: 2018-07-21 20:27:21 regiond: [info] 192.168.11.46 POST /MAAS/metadata/status/4fbwqr HTTP/1.1 --> 204 NO_CONTENT (referrer: -; agent: python-requests/2.9.1)
Jul 21 20:27:21 mas01 sh[21532]: 2018-07-21 20:27:21 regiond: [info] 192.168.11.47 POST /MAAS/metadata/status/677xqp HTTP/1.1 --> 204 NO_CONTENT (referrer: -; agent: python-requests/2.9.1)
Jul 21 20:27:21 mas01 sh[21532]: 2018-07-21 20:27:21 regiond: [info] 192.168.11.47 POST /MAAS/metadata/status/677xqp HTTP/1.1 --> 204 NO_CONTENT (referrer: -; agent: python-requests/2.9.1)
Jul 21 20:27:21 mas01 sh[21008]: 2018-07-21 20:27:21 regiond: [info] 192.168.11.46 POST /MAAS/metadata/status/4fbwqr HTTP/1.1 --> 204 NO_CONTENT (referrer: -; agent: python-requests/2.9.1)
Jul 21 20:27:21 mas01 salt-minion[6062]: [INFO    ] Loading fresh modules for state activity
Jul 21 20:27:21 mas01 salt-minion[6062]: [INFO    ] Running state [maas-region apikey --username opnfv > /var/lib/maas/.maas_credentials] at time 20:27:21.191943
Jul 21 20:27:21 mas01 salt-minion[6062]: [INFO    ] Executing state cmd.run for maas-region apikey --username opnfv > /var/lib/maas/.maas_credentials
Jul 21 20:27:21 mas01 salt-minion[6062]: [INFO    ] Executing command 'maas-region apikey --username opnfv > /var/lib/maas/.maas_credentials' in directory '/root'
Jul 21 20:27:21 mas01 sh[21532]: 2018-07-21 20:27:21 regiond: [info] 192.168.11.48 POST /MAAS/metadata/status/fc7ggw HTTP/1.1 --> 204 NO_CONTENT (referrer: -; agent: python-requests/2.9.1)
Jul 21 20:27:21 mas01 sh[21532]: 2018-07-21 20:27:21 regiond: [info] 192.168.11.48 POST /MAAS/metadata/status/fc7ggw HTTP/1.1 --> 204 NO_CONTENT (referrer: -; agent: python-requests/2.9.1)
Jul 21 20:27:21 mas01 sh[20998]: 2018-07-21 20:27:21 regiond: [info] 192.168.11.48 POST /MAAS/metadata/status/fc7ggw HTTP/1.1 --> 204 NO_CONTENT (referrer: -; agent: python-requests/2.9.1)
Jul 21 20:27:21 mas01 sh[21008]: 2018-07-21 20:27:21 regiond: [info] 192.168.11.48 POST /MAAS/metadata/status/fc7ggw HTTP/1.1 --> 204 NO_CONTENT (referrer: -; agent: python-requests/2.9.1)
Jul 21 20:27:21 mas01 sh[21003]: 2018-07-21 20:27:21 regiond: [info] 192.168.11.48 POST /MAAS/metadata/status/fc7ggw HTTP/1.1 --> 204 NO_CONTENT (referrer: -; agent: python-requests/2.9.1)
Jul 21 20:27:21 mas01 sh[20998]: 2018-07-21 20:27:21 regiond: [info] 192.168.11.48 POST /MAAS/metadata/status/fc7ggw HTTP/1.1 --> 204 NO_CONTENT (referrer: -; agent: python-requests/2.9.1)
Jul 21 20:27:21 mas01 sh[21008]: 2018-07-21 20:27:21 regiond: [info] 192.168.11.48 POST /MAAS/metadata/status/fc7ggw HTTP/1.1 --> 204 NO_CONTENT (referrer: -; agent: python-requests/2.9.1)
Jul 21 20:27:21 mas01 sh[21008]: 2018-07-21 20:27:21 regiond: [info] 192.168.11.48 POST /MAAS/metadata/status/fc7ggw HTTP/1.1 --> 204 NO_CONTENT (referrer: -; agent: python-requests/2.9.1)
Jul 21 20:27:22 mas01 sh[21008]: 2018-07-21 20:27:22 regiond: [info] 192.168.11.48 POST /MAAS/metadata/status/fc7ggw HTTP/1.1 --> 204 NO_CONTENT (referrer: -; agent: python-requests/2.9.1)
Jul 21 20:27:22 mas01 sh[21003]: 2018-07-21 20:27:22 regiond: [info] 192.168.11.48 POST /MAAS/metadata/status/fc7ggw HTTP/1.1 --> 204 NO_CONTENT (referrer: -; agent: python-requests/2.9.1)
Jul 21 20:27:22 mas01 sh[21008]: 2018-07-21 20:27:22 regiond: [info] 192.168.11.48 POST /MAAS/metadata/status/fc7ggw HTTP/1.1 --> 204 NO_CONTENT (referrer: -; agent: python-requests/2.9.1)
Jul 21 20:27:22 mas01 sh[20998]: 2018-07-21 20:27:22 regiond: [info] 192.168.11.48 POST /MAAS/metadata/status/fc7ggw HTTP/1.1 --> 204 NO_CONTENT (referrer: -; agent: python-requests/2.9.1)
Jul 21 20:27:22 mas01 dhcpd[22400]: execute_statement argv[0] = /usr/sbin/maas-dhcp-helper
Jul 21 20:27:22 mas01 dhcpd[22400]: execute_statement argv[1] = notify
Jul 21 20:27:22 mas01 dhcpd[22400]: execute_statement argv[2] = --action
Jul 21 20:27:22 mas01 dhcpd[22400]: execute_statement argv[3] = commit
Jul 21 20:27:22 mas01 dhcpd[22400]: execute_statement argv[4] = --mac
Jul 21 20:27:22 mas01 dhcpd[22400]: execute_statement argv[5] = 0:25:b5:a0:0:2a
Jul 21 20:27:22 mas01 dhcpd[22400]: execute_statement argv[6] = --ip-family
Jul 21 20:27:22 mas01 dhcpd[22400]: execute_statement argv[7] = ipv4
Jul 21 20:27:22 mas01 dhcpd[22400]: execute_statement argv[8] = --ip
Jul 21 20:27:22 mas01 dhcpd[22400]: execute_statement argv[9] = 192.168.11.50
Jul 21 20:27:22 mas01 dhcpd[22400]: execute_statement argv[10] = --lease-time
Jul 21 20:27:22 mas01 dhcpd[22400]: execute_statement argv[11] = 30
Jul 21 20:27:22 mas01 dhcpd[22400]: execute_statement argv[12] = --hostname
Jul 21 20:27:22 mas01 dhcpd[22400]: execute_statement argv[13] = (none)
Jul 21 20:27:22 mas01 dhcpd[22400]: execute_statement argv[14] = --socket
Jul 21 20:27:22 mas01 dhcpd[22400]: execute_statement argv[15] = /var/lib/maas/dhcpd.sock
Jul 21 20:27:22 mas01 dhcpd[22400]: DHCPREQUEST for 192.168.11.50 (192.168.11.3) from 00:25:b5:a0:00:2a via ens5
Jul 21 20:27:22 mas01 dhcpd[22400]: DHCPACK on 192.168.11.50 to 00:25:b5:a0:00:2a via ens5
Jul 21 20:27:22 mas01 sh[20438]: 2018-07-21 20:27:22 provisioningserver.rackdservices.tftp: [info] pxelinux.0 requested by 00:25:b5:a0:00:2a
Jul 21 20:27:22 mas01 sh[20438]: 2018-07-21 20:27:22 provisioningserver.rackdservices.tftp: [info] pxelinux.0 requested by 00:25:b5:a0:00:2a
Jul 21 20:27:22 mas01 sh[21003]: 2018-07-21 20:27:22 maasserver.rpc.leases: [info] Lease update: commit for 192.168.11.50 on 0:25:b5:a0:0:2a at 2018-07-21 20:27:22 (lease time: 30s)
Jul 21 20:27:22 mas01 maas.interface: [info] ens5 (physical) on mas01: New MAC, IP binding observed: 00:25:b5:a0:00:2a, 192.168.11.50
Jul 21 20:27:22 mas01 sh[20438]: 2018-07-21 20:27:22 provisioningserver.rackdservices.tftp: [info] ldlinux.c32 requested by 00:25:b5:a0:00:2a
Jul 21 20:27:22 mas01 sh[20438]: 2018-07-21 20:27:22 provisioningserver.rackdservices.tftp: [info] pxelinux.cfg/f0c9cf06-d8ce-11e4-0000-10000000006f requested by 00:25:b5:a0:00:2a
Jul 21 20:27:22 mas01 sh[20438]: 2018-07-21 20:27:22 provisioningserver.rackdservices.tftp: [info] pxelinux.cfg/01-00-25-b5-a0-00-2a requested by 00:25:b5:a0:00:2a
Jul 21 20:27:22 mas01 sh[20998]: 2018-07-21 20:27:22 maasserver.models.signals.interfaces: [info] eth0 (physical) on kvm01: deleted IP addresses due to VLAN update (None -> 5005).
Jul 21 20:27:22 mas01 sh[20438]: 2018-07-21 20:27:22 provisioningserver.rackdservices.tftp: [info] pxelinux.cfg/01-00-25-b5-a0-00-2a requested by 00:25:b5:a0:00:2a
