Jul 12 05:47:11 mas01 named[16601]: using default UDP/IPv6 port range: [32768, 60999]
Jul 12 05:47:11 mas01 named[16601]: sizing zone task pool based on 9 zones
Jul 12 05:47:11 mas01 named[16601]: automatic empty zone: 10.IN-ADDR.ARPA
Jul 12 05:47:11 mas01 named[16601]: automatic empty zone: 16.172.IN-ADDR.ARPA
Jul 12 05:47:11 mas01 named[16601]: automatic empty zone: 17.172.IN-ADDR.ARPA
Jul 12 05:47:11 mas01 named[16601]: automatic empty zone: 18.172.IN-ADDR.ARPA
Jul 12 05:47:11 mas01 named[16601]: automatic empty zone: 19.172.IN-ADDR.ARPA
Jul 12 05:47:11 mas01 named[16601]: automatic empty zone: 20.172.IN-ADDR.ARPA
Jul 12 05:47:11 mas01 named[16601]: automatic empty zone: 21.172.IN-ADDR.ARPA
Jul 12 05:47:11 mas01 named[16601]: automatic empty zone: 22.172.IN-ADDR.ARPA
Jul 12 05:47:11 mas01 named[16601]: automatic empty zone: 23.172.IN-ADDR.ARPA
Jul 12 05:47:11 mas01 named[16601]: automatic empty zone: 24.172.IN-ADDR.ARPA
Jul 12 05:47:11 mas01 named[16601]: automatic empty zone: 25.172.IN-ADDR.ARPA
Jul 12 05:47:11 mas01 named[16601]: automatic empty zone: 26.172.IN-ADDR.ARPA
Jul 12 05:47:11 mas01 named[16601]: automatic empty zone: 27.172.IN-ADDR.ARPA
Jul 12 05:47:11 mas01 named[16601]: automatic empty zone: 28.172.IN-ADDR.ARPA
Jul 12 05:47:11 mas01 named[16601]: automatic empty zone: 29.172.IN-ADDR.ARPA
Jul 12 05:47:11 mas01 named[16601]: automatic empty zone: 30.172.IN-ADDR.ARPA
Jul 12 05:47:11 mas01 named[16601]: automatic empty zone: 31.172.IN-ADDR.ARPA
Jul 12 05:47:11 mas01 named[16601]: automatic empty zone: 168.192.IN-ADDR.ARPA
Jul 12 05:47:11 mas01 named[16601]: automatic empty zone: 64.100.IN-ADDR.ARPA
Jul 12 05:47:11 mas01 named[16601]: automatic empty zone: 65.100.IN-ADDR.ARPA
Jul 12 05:47:11 mas01 named[16601]: automatic empty zone: 66.100.IN-ADDR.ARPA
Jul 12 05:47:11 mas01 named[16601]: automatic empty zone: 67.100.IN-ADDR.ARPA
Jul 12 05:47:11 mas01 named[16601]: automatic empty zone: 68.100.IN-ADDR.ARPA
Jul 12 05:47:11 mas01 named[16601]: automatic empty zone: 69.100.IN-ADDR.ARPA
Jul 12 05:47:11 mas01 named[16601]: automatic empty zone: 70.100.IN-ADDR.ARPA
Jul 12 05:47:11 mas01 named[16601]: automatic empty zone: 71.100.IN-ADDR.ARPA
Jul 12 05:47:11 mas01 named[16601]: automatic empty zone: 72.100.IN-ADDR.ARPA
Jul 12 05:47:11 mas01 named[16601]: automatic empty zone: 73.100.IN-ADDR.ARPA
Jul 12 05:47:11 mas01 named[16601]: automatic empty zone: 74.100.IN-ADDR.ARPA
Jul 12 05:47:11 mas01 named[16601]: automatic empty zone: 75.100.IN-ADDR.ARPA
Jul 12 05:47:11 mas01 named[16601]: automatic empty zone: 76.100.IN-ADDR.ARPA
Jul 12 05:47:11 mas01 named[16601]: automatic empty zone: 77.100.IN-ADDR.ARPA
Jul 12 05:47:11 mas01 named[16601]: automatic empty zone: 78.100.IN-ADDR.ARPA
Jul 12 05:47:11 mas01 named[16601]: automatic empty zone: 79.100.IN-ADDR.ARPA
Jul 12 05:47:11 mas01 named[16601]: automatic empty zone: 80.100.IN-ADDR.ARPA
Jul 12 05:47:11 mas01 named[16601]: automatic empty zone: 81.100.IN-ADDR.ARPA
Jul 12 05:47:11 mas01 named[16601]: automatic empty zone: 82.100.IN-ADDR.ARPA
Jul 12 05:47:11 mas01 named[16601]: automatic empty zone: 83.100.IN-ADDR.ARPA
Jul 12 05:47:11 mas01 named[16601]: automatic empty zone: 84.100.IN-ADDR.ARPA
Jul 12 05:47:11 mas01 named[16601]: automatic empty zone: 85.100.IN-ADDR.ARPA
Jul 12 05:47:11 mas01 named[16601]: automatic empty zone: 86.100.IN-ADDR.ARPA
Jul 12 05:47:11 mas01 named[16601]: automatic empty zone: 87.100.IN-ADDR.ARPA
Jul 12 05:47:11 mas01 named[16601]: automatic empty zone: 88.100.IN-ADDR.ARPA
Jul 12 05:47:11 mas01 named[16601]: automatic empty zone: 89.100.IN-ADDR.ARPA
Jul 12 05:47:11 mas01 named[16601]: automatic empty zone: 90.100.IN-ADDR.ARPA
Jul 12 05:47:11 mas01 named[16601]: automatic empty zone: 91.100.IN-ADDR.ARPA
Jul 12 05:47:11 mas01 named[16601]: automatic empty zone: 92.100.IN-ADDR.ARPA
Jul 12 05:47:11 mas01 named[16601]: automatic empty zone: 93.100.IN-ADDR.ARPA
Jul 12 05:47:11 mas01 named[16601]: automatic empty zone: 94.100.IN-ADDR.ARPA
Jul 12 05:47:11 mas01 named[16601]: automatic empty zone: 95.100.IN-ADDR.ARPA
Jul 12 05:47:11 mas01 named[16601]: automatic empty zone: 96.100.IN-ADDR.ARPA
Jul 12 05:47:11 mas01 named[16601]: automatic empty zone: 97.100.IN-ADDR.ARPA
Jul 12 05:47:11 mas01 named[16601]: automatic empty zone: 98.100.IN-ADDR.ARPA
Jul 12 05:47:11 mas01 named[16601]: automatic empty zone: 99.100.IN-ADDR.ARPA
Jul 12 05:47:11 mas01 named[16601]: automatic empty zone: 100.100.IN-ADDR.ARPA
Jul 12 05:47:11 mas01 named[16601]: automatic empty zone: 101.100.IN-ADDR.ARPA
Jul 12 05:47:11 mas01 named[16601]: automatic empty zone: 102.100.IN-ADDR.ARPA
Jul 12 05:47:11 mas01 named[16601]: automatic empty zone: 103.100.IN-ADDR.ARPA
Jul 12 05:47:11 mas01 named[16601]: automatic empty zone: 104.100.IN-ADDR.ARPA
Jul 12 05:47:11 mas01 named[16601]: automatic empty zone: 105.100.IN-ADDR.ARPA
Jul 12 05:47:11 mas01 named[16601]: automatic empty zone: 106.100.IN-ADDR.ARPA
Jul 12 05:47:11 mas01 named[16601]: automatic empty zone: 107.100.IN-ADDR.ARPA
Jul 12 05:47:11 mas01 named[16601]: automatic empty zone: 108.100.IN-ADDR.ARPA
Jul 12 05:47:11 mas01 named[16601]: automatic empty zone: 109.100.IN-ADDR.ARPA
Jul 12 05:47:11 mas01 named[16601]: automatic empty zone: 110.100.IN-ADDR.ARPA
Jul 12 05:47:11 mas01 named[16601]: automatic empty zone: 111.100.IN-ADDR.ARPA
Jul 12 05:47:11 mas01 named[16601]: automatic empty zone: 112.100.IN-ADDR.ARPA
Jul 12 05:47:11 mas01 named[16601]: automatic empty zone: 113.100.IN-ADDR.ARPA
Jul 12 05:47:11 mas01 named[16601]: automatic empty zone: 114.100.IN-ADDR.ARPA
Jul 12 05:47:11 mas01 named[16601]: automatic empty zone: 115.100.IN-ADDR.ARPA
Jul 12 05:47:11 mas01 named[16601]: automatic empty zone: 116.100.IN-ADDR.ARPA
Jul 12 05:47:11 mas01 named[16601]: automatic empty zone: 117.100.IN-ADDR.ARPA
Jul 12 05:47:11 mas01 named[16601]: automatic empty zone: 118.100.IN-ADDR.ARPA
Jul 12 05:47:11 mas01 named[16601]: automatic empty zone: 119.100.IN-ADDR.ARPA
Jul 12 05:47:11 mas01 named[16601]: automatic empty zone: 120.100.IN-ADDR.ARPA
Jul 12 05:47:11 mas01 named[16601]: automatic empty zone: 121.100.IN-ADDR.ARPA
Jul 12 05:47:11 mas01 named[16601]: automatic empty zone: 122.100.IN-ADDR.ARPA
Jul 12 05:47:11 mas01 named[16601]: automatic empty zone: 123.100.IN-ADDR.ARPA
Jul 12 05:47:11 mas01 named[16601]: automatic empty zone: 124.100.IN-ADDR.ARPA
Jul 12 05:47:11 mas01 named[16601]: automatic empty zone: 125.100.IN-ADDR.ARPA
Jul 12 05:47:11 mas01 named[16601]: automatic empty zone: 126.100.IN-ADDR.ARPA
Jul 12 05:47:11 mas01 named[16601]: automatic empty zone: 127.100.IN-ADDR.ARPA
Jul 12 05:47:11 mas01 named[16601]: automatic empty zone: 254.169.IN-ADDR.ARPA
Jul 12 05:47:11 mas01 named[16601]: automatic empty zone: 2.0.192.IN-ADDR.ARPA
Jul 12 05:47:11 mas01 named[16601]: automatic empty zone: 100.51.198.IN-ADDR.ARPA
Jul 12 05:47:11 mas01 named[16601]: automatic empty zone: 113.0.203.IN-ADDR.ARPA
Jul 12 05:47:11 mas01 named[16601]: automatic empty zone: 255.255.255.255.IN-ADDR.ARPA
Jul 12 05:47:11 mas01 named[16601]: automatic empty zone: 0.0.0.0.0.0.0.0.0.0.0.0.0.0.0.0.0.0.0.0.0.0.0.0.0.0.0.0.0.0.0.0.IP6.ARPA
Jul 12 05:47:11 mas01 named[16601]: automatic empty zone: 1.0.0.0.0.0.0.0.0.0.0.0.0.0.0.0.0.0.0.0.0.0.0.0.0.0.0.0.0.0.0.0.IP6.ARPA
Jul 12 05:47:11 mas01 named[16601]: automatic empty zone: D.F.IP6.ARPA
Jul 12 05:47:11 mas01 named[16601]: automatic empty zone: 8.E.F.IP6.ARPA
Jul 12 05:47:11 mas01 named[16601]: automatic empty zone: 9.E.F.IP6.ARPA
Jul 12 05:47:11 mas01 named[16601]: automatic empty zone: A.E.F.IP6.ARPA
Jul 12 05:47:11 mas01 named[16601]: automatic empty zone: B.E.F.IP6.ARPA
Jul 12 05:47:11 mas01 named[16601]: automatic empty zone: 8.B.D.0.1.0.0.2.IP6.ARPA
Jul 12 05:47:11 mas01 named[16601]: automatic empty zone: EMPTY.AS112.ARPA
Jul 12 05:47:11 mas01 named[16601]: configuring command channel from '/etc/bind/rndc.key'
Jul 12 05:47:11 mas01 named[16601]: reloading configuration succeeded
Jul 12 05:47:11 mas01 named[16601]: reloading zones succeeded
Jul 12 05:47:11 mas01 named[16601]: zone 4.167.10.in-addr.arpa/IN: loaded serial 25
Jul 12 05:47:11 mas01 named[16601]: zone 0.20.10.in-addr.arpa/IN: loaded serial 25
Jul 12 05:47:11 mas01 named[16601]: zone maas/IN: loaded serial 25
Jul 12 05:47:11 mas01 named[16601]: zone 11.168.192.in-addr.arpa/IN: loaded serial 25
Jul 12 05:47:11 mas01 named[16601]: all zones loaded
Jul 12 05:47:11 mas01 named[16601]: running
Jul 12 05:47:12 mas01 sh[16679]: 2018-07-12 05:47:12 regiond: [info] 127.0.0.1 GET /MAAS/rpc/ HTTP/1.0 --> 200 OK (referrer: -; agent: provisioningserver.rpc.clusterservice.ClusterClientService)
Jul 12 05:47:12 mas01 salt-minion[1361]: [INFO    ] User sudo_ubuntu Executing command state.apply with jid 20180712054712504598
Jul 12 05:47:12 mas01 salt-minion[1361]: [INFO    ] Starting a new job with PID 22705
Jul 12 05:47:13 mas01 sh[16938]: 2018-07-12 05:47:13 maasserver.region_controller: [info] Reloaded DNS configuration; ip 192.168.11.40 connected to kvm02 on eth0
Jul 12 05:47:14 mas01 salt-minion[1361]: [INFO    ] Loading fresh modules for state activity
Jul 12 05:47:14 mas01 salt-minion[1361]: [INFO    ] Running state [maas-region apikey --username opnfv > /var/lib/maas/.maas_credentials] at time 05:47:14.514020
Jul 12 05:47:14 mas01 salt-minion[1361]: [INFO    ] Executing state cmd.run for maas-region apikey --username opnfv > /var/lib/maas/.maas_credentials
Jul 12 05:47:14 mas01 salt-minion[1361]: [INFO    ] Executing command 'maas-region apikey --username opnfv > /var/lib/maas/.maas_credentials' in directory '/root'
Jul 12 05:47:16 mas01 salt-minion[1361]: [INFO    ] {'pid': 22713, 'retcode': 0, 'stderr': '', 'stdout': ''}
Jul 12 05:47:16 mas01 salt-minion[1361]: [INFO    ] Completed state [maas-region apikey --username opnfv > /var/lib/maas/.maas_credentials] at time 05:47:16.509721 duration_in_ms=1995.701
Jul 12 05:47:16 mas01 salt-minion[1361]: [INFO    ] Running state [maas.machines_status] at time 05:47:16.511029
Jul 12 05:47:16 mas01 salt-minion[1361]: [INFO    ] Executing state module.run for maas.machines_status
Jul 12 05:47:16 mas01 salt-minion[1361]: [INFO    ] {'ret': {'machines': [{'status': 'Commissioning', 'hostname': u'cmp002', 'system_id': u'b7pxr7'}, {'status': 'Commissioning', 'hostname': u'cmp001', 'system_id': u'ke73wg'}, {'status': 'Commissioning', 'hostname': u'kvm01', 'system_id': u's4d4fx'}, {'status': 'Commissioning', 'hostname': u'kvm03', 'system_id': u'nhxfyw'}, {'status': 'Commissioning', 'hostname': u'kvm02', 'system_id': u'eggmf3'}], 'summary': Counter({'Commissioning': 5})}}
Jul 12 05:47:16 mas01 salt-minion[1361]: [INFO    ] Completed state [maas.machines_status] at time 05:47:16.751866 duration_in_ms=240.835
Jul 12 05:47:16 mas01 salt-minion[1361]: [INFO    ] Returning information for job: 20180712054712504598
Jul 12 05:47:19 mas01 sh[16938]: 2018-07-12 05:47:19 regiond: [info] 192.168.11.38 POST /MAAS/metadata/2012-03-01/ HTTP/1.1 --> 200 OK (referrer: -; agent: Python-urllib/3.5)
Jul 12 05:47:19 mas01 sh[16671]: 2018-07-12 05:47:19 regiond: [info] 192.168.11.38 POST /MAAS/metadata/2012-03-01/ HTTP/1.1 --> 200 OK (referrer: -; agent: Python-urllib/3.5)
Jul 12 05:47:20 mas01 sh[16938]: 2018-07-12 05:47:20 regiond: [info] 192.168.11.38 POST /MAAS/metadata/2012-03-01/ HTTP/1.1 --> 200 OK (referrer: -; agent: Python-urllib/3.5)
Jul 12 05:47:20 mas01 sh[16679]: 2018-07-12 05:47:20 regiond: [info] 192.168.11.38 POST /MAAS/metadata/2012-03-01/ HTTP/1.1 --> 200 OK (referrer: -; agent: Python-urllib/3.5)
Jul 12 05:47:20 mas01 sh[16675]: 2018-07-12 05:47:20 regiond: [info] 192.168.11.38 POST /MAAS/metadata/2012-03-01/ HTTP/1.1 --> 200 OK (referrer: -; agent: Python-urllib/3.5)
Jul 12 05:47:20 mas01 sh[16675]: 2018-07-12 05:47:20 regiond: [info] 192.168.11.38 POST /MAAS/metadata/2012-03-01/ HTTP/1.1 --> 200 OK (referrer: -; agent: Python-urllib/3.5)
Jul 12 05:47:24 mas01 dhcpd[22074]: DHCPDISCOVER from 00:25:b5:a0:00:6a via ens5
Jul 12 05:47:24 mas01 dhcpd[22074]: DHCPOFFER on 192.168.11.39 to 00:25:b5:a0:00:6a (cmp002) via ens5
Jul 12 05:47:24 mas01 dhcpd[22074]: execute_statement argv[0] = /usr/sbin/maas-dhcp-helper
Jul 12 05:47:24 mas01 dhcpd[22074]: execute_statement argv[1] = notify
Jul 12 05:47:24 mas01 dhcpd[22074]: execute_statement argv[2] = --action
Jul 12 05:47:24 mas01 dhcpd[22074]: execute_statement argv[3] = commit
Jul 12 05:47:24 mas01 dhcpd[22074]: execute_statement argv[4] = --mac
Jul 12 05:47:24 mas01 dhcpd[22074]: execute_statement argv[5] = 0:25:b5:a0:0:6a
Jul 12 05:47:24 mas01 dhcpd[22074]: execute_statement argv[6] = --ip-family
Jul 12 05:47:24 mas01 dhcpd[22074]: execute_statement argv[7] = ipv4
Jul 12 05:47:24 mas01 dhcpd[22074]: execute_statement argv[8] = --ip
Jul 12 05:47:24 mas01 dhcpd[22074]: execute_statement argv[9] = 192.168.11.39
Jul 12 05:47:24 mas01 dhcpd[22074]: execute_statement argv[10] = --lease-time
Jul 12 05:47:24 mas01 dhcpd[22074]: execute_statement argv[11] = 600
Jul 12 05:47:24 mas01 dhcpd[22074]: execute_statement argv[12] = --hostname
Jul 12 05:47:24 mas01 dhcpd[22074]: execute_statement argv[13] = cmp002
Jul 12 05:47:24 mas01 dhcpd[22074]: execute_statement argv[14] = --socket
Jul 12 05:47:24 mas01 dhcpd[22074]: execute_statement argv[15] = /var/lib/maas/dhcpd.sock
Jul 12 05:47:24 mas01 sh[16938]: 2018-07-12 05:47:24 maasserver.regiondservices.active_discovery: [info] Active network discovery: Active scanning is not enabled on any subnet. Skipping periodic scan.
Jul 12 05:47:24 mas01 dhcpd[22074]: DHCPREQUEST for 192.168.11.39 (192.168.11.3) from 00:25:b5:a0:00:6a (cmp002) via ens5
Jul 12 05:47:24 mas01 dhcpd[22074]: DHCPACK on 192.168.11.39 to 00:25:b5:a0:00:6a (cmp002) via ens5
Jul 12 05:47:24 mas01 dhcpd[22074]: DHCPDISCOVER from 00:25:b5:a0:00:2a via ens5
Jul 12 05:47:24 mas01 dhcpd[22074]: DHCPOFFER on 192.168.11.37 to 00:25:b5:a0:00:2a (kvm01) via ens5
Jul 12 05:47:24 mas01 dhcpd[22074]: DHCPDISCOVER from 00:25:b5:a0:00:3a via ens5
Jul 12 05:47:24 mas01 dhcpd[22074]: DHCPOFFER on 192.168.11.40 to 00:25:b5:a0:00:3a (kvm02) via ens5
Jul 12 05:47:24 mas01 dhcpd[22074]: execute_statement argv[0] = /usr/sbin/maas-dhcp-helper
Jul 12 05:47:24 mas01 dhcpd[22074]: execute_statement argv[1] = notify
Jul 12 05:47:24 mas01 dhcpd[22074]: execute_statement argv[2] = --action
Jul 12 05:47:24 mas01 dhcpd[22074]: execute_statement argv[3] = commit
Jul 12 05:47:24 mas01 dhcpd[22074]: execute_statement argv[4] = --mac
Jul 12 05:47:24 mas01 dhcpd[22074]: execute_statement argv[5] = 0:25:b5:a0:0:2a
Jul 12 05:47:24 mas01 dhcpd[22074]: execute_statement argv[6] = --ip-family
Jul 12 05:47:24 mas01 dhcpd[22074]: execute_statement argv[7] = ipv4
Jul 12 05:47:24 mas01 sh[16671]: 2018-07-12 05:47:24 regiond: [info] 192.168.11.36 POST /MAAS/metadata/status/ke73wg HTTP/1.1 --> 204 NO_CONTENT (referrer: -; agent: python-requests/2.9.1)
Jul 12 05:47:24 mas01 dhcpd[22074]: execute_statement argv[8] = --ip
Jul 12 05:47:24 mas01 dhcpd[22074]: execute_statement argv[9] = 192.168.11.37
Jul 12 05:47:24 mas01 dhcpd[22074]: execute_statement argv[10] = --lease-time
Jul 12 05:47:24 mas01 dhcpd[22074]: execute_statement argv[11] = 600
Jul 12 05:47:24 mas01 dhcpd[22074]: execute_statement argv[12] = --hostname
Jul 12 05:47:24 mas01 dhcpd[22074]: execute_statement argv[13] = kvm01
Jul 12 05:47:24 mas01 dhcpd[22074]: execute_statement argv[14] = --socket
Jul 12 05:47:24 mas01 dhcpd[22074]: execute_statement argv[15] = /var/lib/maas/dhcpd.sock
Jul 12 05:47:24 mas01 sh[16675]: 2018-07-12 05:47:24 regiond: [info] 192.168.11.36 POST /MAAS/metadata/status/ke73wg HTTP/1.1 --> 204 NO_CONTENT (referrer: -; agent: python-requests/2.9.1)
Jul 12 05:47:24 mas01 sh[16675]: message repeated 2 times: [ 2018-07-12 05:47:24 regiond: [info] 192.168.11.36 POST /MAAS/metadata/status/ke73wg HTTP/1.1 --> 204 NO_CONTENT (referrer: -; agent: python-requests/2.9.1)]
Jul 12 05:47:24 mas01 sh[16938]: 2018-07-12 05:47:24 regiond: [info] 192.168.11.36 POST /MAAS/metadata/status/ke73wg HTTP/1.1 --> 204 NO_CONTENT (referrer: -; agent: python-requests/2.9.1)
Jul 12 05:47:24 mas01 sh[16671]: 2018-07-12 05:47:24 regiond: [info] 192.168.11.36 POST /MAAS/metadata/status/ke73wg HTTP/1.1 --> 204 NO_CONTENT (referrer: -; agent: python-requests/2.9.1)
Jul 12 05:47:24 mas01 sh[16938]: 2018-07-12 05:47:24 regiond: [info] 192.168.11.36 POST /MAAS/metadata/status/ke73wg HTTP/1.1 --> 204 NO_CONTENT (referrer: -; agent: python-requests/2.9.1)
Jul 12 05:47:24 mas01 sh[16675]: 2018-07-12 05:47:24 regiond: [info] 192.168.11.36 POST /MAAS/metadata/status/ke73wg HTTP/1.1 --> 204 NO_CONTENT (referrer: -; agent: python-requests/2.9.1)
Jul 12 05:47:24 mas01 sh[16671]: 2018-07-12 05:47:24 regiond: [info] 192.168.11.36 POST /MAAS/metadata/status/ke73wg HTTP/1.1 --> 204 NO_CONTENT (referrer: -; agent: python-requests/2.9.1)
Jul 12 05:47:24 mas01 dhcpd[22074]: DHCPREQUEST for 192.168.11.37 (192.168.11.3) from 00:25:b5:a0:00:2a (kvm01) via ens5
Jul 12 05:47:24 mas01 dhcpd[22074]: DHCPACK on 192.168.11.37 to 00:25:b5:a0:00:2a (kvm01) via ens5
Jul 12 05:47:24 mas01 dhcpd[22074]: execute_statement argv[0] = /usr/sbin/maas-dhcp-helper
Jul 12 05:47:24 mas01 dhcpd[22074]: execute_statement argv[1] = notify
Jul 12 05:47:24 mas01 dhcpd[22074]: execute_statement argv[2] = --action
Jul 12 05:47:24 mas01 dhcpd[22074]: execute_statement argv[3] = commit
Jul 12 05:47:24 mas01 dhcpd[22074]: execute_statement argv[4] = --mac
Jul 12 05:47:24 mas01 dhcpd[22074]: execute_statement argv[5] = 0:25:b5:a0:0:3a
Jul 12 05:47:24 mas01 dhcpd[22074]: execute_statement argv[6] = --ip-family
Jul 12 05:47:24 mas01 dhcpd[22074]: execute_statement argv[7] = ipv4
Jul 12 05:47:24 mas01 dhcpd[22074]: execute_statement argv[8] = --ip
Jul 12 05:47:24 mas01 dhcpd[22074]: execute_statement argv[9] = 192.168.11.40
Jul 12 05:47:24 mas01 dhcpd[22074]: execute_statement argv[10] = --lease-time
Jul 12 05:47:24 mas01 dhcpd[22074]: execute_statement argv[11] = 600
Jul 12 05:47:24 mas01 dhcpd[22074]: execute_statement argv[12] = --hostname
Jul 12 05:47:24 mas01 dhcpd[22074]: execute_statement argv[13] = kvm02
Jul 12 05:47:24 mas01 dhcpd[22074]: execute_statement argv[14] = --socket
Jul 12 05:47:24 mas01 dhcpd[22074]: execute_statement argv[15] = /var/lib/maas/dhcpd.sock
Jul 12 05:47:24 mas01 sh[16675]: 2018-07-12 05:47:24 regiond: [info] 192.168.11.36 POST /MAAS/metadata/status/ke73wg HTTP/1.1 --> 204 NO_CONTENT (referrer: -; agent: python-requests/2.9.1)
Jul 12 05:47:24 mas01 dhcpd[22074]: DHCPREQUEST for 192.168.11.40 (192.168.11.3) from 00:25:b5:a0:00:3a (kvm02) via ens5
Jul 12 05:47:24 mas01 dhcpd[22074]: DHCPACK on 192.168.11.40 to 00:25:b5:a0:00:3a (kvm02) via ens5
Jul 12 05:47:24 mas01 sh[16938]: 2018-07-12 05:47:24 regiond: [info] 192.168.11.36 POST /MAAS/metadata/status/ke73wg HTTP/1.1 --> 204 NO_CONTENT (referrer: -; agent: python-requests/2.9.1)
Jul 12 05:47:24 mas01 sh[16671]: 2018-07-12 05:47:24 regiond: [info] 192.168.11.36 POST /MAAS/metadata/status/ke73wg HTTP/1.1 --> 204 NO_CONTENT (referrer: -; agent: python-requests/2.9.1)
Jul 12 05:47:24 mas01 sh[16675]: 2018-07-12 05:47:24 regiond: [info] 192.168.11.36 POST /MAAS/metadata/status/ke73wg HTTP/1.1 --> 204 NO_CONTENT (referrer: -; agent: python-requests/2.9.1)
Jul 12 05:47:24 mas01 sh[16671]: 2018-07-12 05:47:24 regiond: [info] 192.168.11.36 POST /MAAS/metadata/status/ke73wg HTTP/1.1 --> 204 NO_CONTENT (referrer: -; agent: python-requests/2.9.1)
Jul 12 05:47:24 mas01 sh[16679]: 2018-07-12 05:47:24 regiond: [info] 192.168.11.36 POST /MAAS/metadata/status/ke73wg HTTP/1.1 --> 204 NO_CONTENT (referrer: -; agent: python-requests/2.9.1)
Jul 12 05:47:24 mas01 sh[16671]: 2018-07-12 05:47:24 regiond: [info] 192.168.11.36 POST /MAAS/metadata/status/ke73wg HTTP/1.1 --> 204 NO_CONTENT (referrer: -; agent: python-requests/2.9.1)
Jul 12 05:47:24 mas01 sh[16671]: 2018-07-12 05:47:24 regiond: [info] 192.168.11.36 POST /MAAS/metadata/status/ke73wg HTTP/1.1 --> 204 NO_CONTENT (referrer: -; agent: python-requests/2.9.1)
Jul 12 05:47:24 mas01 sh[16675]: 2018-07-12 05:47:24 regiond: [info] 192.168.11.36 POST /MAAS/metadata/status/ke73wg HTTP/1.1 --> 204 NO_CONTENT (referrer: -; agent: python-requests/2.9.1)
Jul 12 05:47:24 mas01 sh[16679]: 2018-07-12 05:47:24 regiond: [info] 192.168.11.36 POST /MAAS/metadata/status/ke73wg HTTP/1.1 --> 204 NO_CONTENT (referrer: -; agent: python-requests/2.9.1)
Jul 12 05:47:24 mas01 sh[16938]: 2018-07-12 05:47:24 regiond: [info] 192.168.11.36 POST /MAAS/metadata/status/ke73wg HTTP/1.1 --> 204 NO_CONTENT (referrer: -; agent: python-requests/2.9.1)
Jul 12 05:47:24 mas01 sh[16938]: message repeated 3 times: [ 2018-07-12 05:47:24 regiond: [info] 192.168.11.36 POST /MAAS/metadata/status/ke73wg HTTP/1.1 --> 204 NO_CONTENT (referrer: -; agent: python-requests/2.9.1)]
Jul 12 05:47:24 mas01 sh[16671]: 2018-07-12 05:47:24 regiond: [info] 192.168.11.36 POST /MAAS/metadata/status/ke73wg HTTP/1.1 --> 204 NO_CONTENT (referrer: -; agent: python-requests/2.9.1)
Jul 12 05:47:24 mas01 sh[16671]: 2018-07-12 05:47:24 regiond: [info] 192.168.11.36 POST /MAAS/metadata/status/ke73wg HTTP/1.1 --> 204 NO_CONTENT (referrer: -; agent: python-requests/2.9.1)
Jul 12 05:47:24 mas01 sh[16675]: 2018-07-12 05:47:24 regiond: [info] 192.168.11.36 POST /MAAS/metadata/status/ke73wg HTTP/1.1 --> 204 NO_CONTENT (referrer: -; agent: python-requests/2.9.1)
Jul 12 05:47:24 mas01 sh[16671]: 2018-07-12 05:47:24 regiond: [info] 192.168.11.36 POST /MAAS/metadata/status/ke73wg HTTP/1.1 --> 204 NO_CONTENT (referrer: -; agent: python-requests/2.9.1)
Jul 12 05:47:24 mas01 sh[16675]: 2018-07-12 05:47:24 regiond: [info] 192.168.11.36 POST /MAAS/metadata/status/ke73wg HTTP/1.1 --> 204 NO_CONTENT (referrer: -; agent: python-requests/2.9.1)
Jul 12 05:47:24 mas01 sh[16679]: 2018-07-12 05:47:24 regiond: [info] 192.168.11.36 POST /MAAS/metadata/status/ke73wg HTTP/1.1 --> 204 NO_CONTENT (referrer: -; agent: python-requests/2.9.1)
Jul 12 05:47:24 mas01 sh[16671]: 2018-07-12 05:47:24 regiond: [info] 192.168.11.36 POST /MAAS/metadata/status/ke73wg HTTP/1.1 --> 204 NO_CONTENT (referrer: -; agent: python-requests/2.9.1)
Jul 12 05:47:24 mas01 sh[16671]: 2018-07-12 05:47:24 regiond: [info] 192.168.11.36 POST /MAAS/metadata/status/ke73wg HTTP/1.1 --> 204 NO_CONTENT (referrer: -; agent: python-requests/2.9.1)
Jul 12 05:47:24 mas01 sh[16679]: 2018-07-12 05:47:24 regiond: [info] 192.168.11.36 POST /MAAS/metadata/status/ke73wg HTTP/1.1 --> 204 NO_CONTENT (referrer: -; agent: python-requests/2.9.1)
Jul 12 05:47:24 mas01 sh[16679]: 2018-07-12 05:47:24 regiond: [info] 192.168.11.36 POST /MAAS/metadata/status/ke73wg HTTP/1.1 --> 204 NO_CONTENT (referrer: -; agent: python-requests/2.9.1)
Jul 12 05:47:24 mas01 sh[16675]: 2018-07-12 05:47:24 regiond: [info] 192.168.11.36 POST /MAAS/metadata/status/ke73wg HTTP/1.1 --> 204 NO_CONTENT (referrer: -; agent: python-requests/2.9.1)
Jul 12 05:47:24 mas01 sh[16675]: 2018-07-12 05:47:24 regiond: [info] 192.168.11.36 POST /MAAS/metadata/status/ke73wg HTTP/1.1 --> 204 NO_CONTENT (referrer: -; agent: python-requests/2.9.1)
Jul 12 05:47:24 mas01 sh[16671]: 2018-07-12 05:47:24 regiond: [info] 192.168.11.36 POST /MAAS/metadata/status/ke73wg HTTP/1.1 --> 204 NO_CONTENT (referrer: -; agent: python-requests/2.9.1)
Jul 12 05:47:24 mas01 sh[16675]: 2018-07-12 05:47:24 regiond: [info] 192.168.11.36 POST /MAAS/metadata/status/ke73wg HTTP/1.1 --> 204 NO_CONTENT (referrer: -; agent: python-requests/2.9.1)
Jul 12 05:47:24 mas01 sh[16671]: 2018-07-12 05:47:24 regiond: [info] 192.168.11.36 POST /MAAS/metadata/status/ke73wg HTTP/1.1 --> 204 NO_CONTENT (referrer: -; agent: python-requests/2.9.1)
Jul 12 05:47:24 mas01 sh[16679]: 2018-07-12 05:47:24 regiond: [info] 192.168.11.36 POST /MAAS/metadata/status/ke73wg HTTP/1.1 --> 204 NO_CONTENT (referrer: -; agent: python-requests/2.9.1)
Jul 12 05:47:25 mas01 sh[16164]: 2018-07-12 05:47:25 rackd: [info] 192.168.11.39 GET /images/ubuntu/amd64/hwe-16.04/xenial/daily/squashfs HTTP/1.1 --> 200 OK (referrer: -; agent: Wget)
Jul 12 05:47:25 mas01 sh[16164]: 2018-07-12 05:47:25 rackd: [info] 192.168.11.37 GET /images/ubuntu/amd64/hwe-16.04/xenial/daily/squashfs HTTP/1.1 --> 200 OK (referrer: -; agent: Wget)
Jul 12 05:47:25 mas01 sh[16164]: 2018-07-12 05:47:25 rackd: [info] 192.168.11.40 GET /images/ubuntu/amd64/hwe-16.04/xenial/daily/squashfs HTTP/1.1 --> 200 OK (referrer: -; agent: Wget)
Jul 12 05:47:25 mas01 sh[16938]: 2018-07-12 05:47:25 maasserver.rpc.leases: [info] Lease update: commit for 192.168.11.39 on 0:25:b5:a0:0:6a at 2018-07-12 05:47:24 (lease time: 600s) (hostname: cmp002)
Jul 12 05:47:25 mas01 sh[16938]: 2018-07-12 05:47:25 maasserver.rpc.leases: [info] Lease update: commit for 192.168.11.37 on 0:25:b5:a0:0:2a at 2018-07-12 05:47:24 (lease time: 600s) (hostname: kvm01)
Jul 12 05:47:25 mas01 sh[16671]: 2018-07-12 05:47:25 maasserver.rpc.leases: [info] Lease update: commit for 192.168.11.40 on 0:25:b5:a0:0:3a at 2018-07-12 05:47:24 (lease time: 600s) (hostname: kvm02)
Jul 12 05:47:27 mas01 salt-minion[1361]: [INFO    ] User sudo_ubuntu Executing command state.apply with jid 20180712054727500187
Jul 12 05:47:27 mas01 salt-minion[1361]: [INFO    ] Starting a new job with PID 22941
Jul 12 05:47:27 mas01 sh[16938]: 2018-07-12 05:47:27 regiond: [info] 192.168.11.39 GET /MAAS/metadata/latest/by-id/b7pxr7/?op=get_preseed HTTP/1.1 --> 200 OK (referrer: -; agent: Cloud-Init/18.2)
Jul 12 05:47:27 mas01 salt-minion[1361]: [INFO    ] Loading fresh modules for state activity
Jul 12 05:47:27 mas01 sh[16938]: 2018-07-12 05:47:27 regiond: [info] 192.168.11.39 POST /MAAS/metadata/status/b7pxr7 HTTP/1.1 --> 204 NO_CONTENT (referrer: -; agent: python-requests/2.9.1)
Jul 12 05:47:27 mas01 sh[16938]: 2018-07-12 05:47:27 regiond: [info] 192.168.11.39 POST /MAAS/metadata/status/b7pxr7 HTTP/1.1 --> 204 NO_CONTENT (referrer: -; agent: python-requests/2.9.1)
Jul 12 05:47:28 mas01 salt-minion[1361]: [INFO    ] Running state [maas-region apikey --username opnfv > /var/lib/maas/.maas_credentials] at time 05:47:28.021971
Jul 12 05:47:28 mas01 salt-minion[1361]: [INFO    ] Executing state cmd.run for maas-region apikey --username opnfv > /var/lib/maas/.maas_credentials
Jul 12 05:47:28 mas01 salt-minion[1361]: [INFO    ] Executing command 'maas-region apikey --username opnfv > /var/lib/maas/.maas_credentials' in directory '/root'
Jul 12 05:47:28 mas01 sh[16679]: 2018-07-12 05:47:28 regiond: [info] 192.168.11.37 GET /MAAS/metadata/latest/by-id/s4d4fx/?op=get_preseed HTTP/1.1 --> 200 OK (referrer: -; agent: Cloud-Init/18.2)
Jul 12 05:47:28 mas01 sh[16679]: 2018-07-12 05:47:28 regiond: [info] 192.168.11.37 POST /MAAS/metadata/status/s4d4fx HTTP/1.1 --> 204 NO_CONTENT (referrer: -; agent: python-requests/2.9.1)
Jul 12 05:47:28 mas01 sh[16671]: 2018-07-12 05:47:28 regiond: [info] 192.168.11.37 POST /MAAS/metadata/status/s4d4fx HTTP/1.1 --> 204 NO_CONTENT (referrer: -; agent: python-requests/2.9.1)
Jul 12 05:47:28 mas01 sh[16679]: 2018-07-12 05:47:28 regiond: [info] 192.168.11.40 POST /MAAS/metadata/status/eggmf3 HTTP/1.1 --> 204 NO_CONTENT (referrer: -; agent: python-requests/2.9.1)
Jul 12 05:47:28 mas01 sh[16938]: 2018-07-12 05:47:28 regiond: [info] 192.168.11.40 POST /MAAS/metadata/status/eggmf3 HTTP/1.1 --> 204 NO_CONTENT (referrer: -; agent: python-requests/2.9.1)
Jul 12 05:47:28 mas01 sh[16679]: 2018-07-12 05:47:28 regiond: [info] 192.168.11.39 POST /MAAS/metadata/status/b7pxr7 HTTP/1.1 --> 204 NO_CONTENT (referrer: -; agent: python-requests/2.9.1)
Jul 12 05:47:28 mas01 sh[16675]: 2018-07-12 05:47:28 regiond: [info] 192.168.11.37 POST /MAAS/metadata/status/s4d4fx HTTP/1.1 --> 204 NO_CONTENT (referrer: -; agent: python-requests/2.9.1)
Jul 12 05:47:28 mas01 sh[16938]: 2018-07-12 05:47:28 regiond: [info] 192.168.11.40 POST /MAAS/metadata/status/eggmf3 HTTP/1.1 --> 204 NO_CONTENT (referrer: -; agent: python-requests/2.9.1)
Jul 12 05:47:28 mas01 sh[16938]: 2018-07-12 05:47:28 regiond: [info] 192.168.11.39 GET /MAAS/metadata/latest/by-id/b7pxr7/?op=get_preseed HTTP/1.1 --> 200 OK (referrer: -; agent: Cloud-Init/18.2)
Jul 12 05:47:28 mas01 sh[16679]: 2018-07-12 05:47:28 regiond: [info] 192.168.11.39 POST /MAAS/metadata/status/b7pxr7 HTTP/1.1 --> 204 NO_CONTENT (referrer: -; agent: python-requests/2.9.1)
Jul 12 05:47:28 mas01 sh[16675]: 2018-07-12 05:47:28 regiond: [info] 192.168.11.39 POST /MAAS/metadata/status/b7pxr7 HTTP/1.1 --> 204 NO_CONTENT (referrer: -; agent: python-requests/2.9.1)
Jul 12 05:47:28 mas01 sh[16679]: 2018-07-12 05:47:28 regiond: [info] 192.168.11.39 POST /MAAS/metadata/status/b7pxr7 HTTP/1.1 --> 204 NO_CONTENT (referrer: -; agent: python-requests/2.9.1)
Jul 12 05:47:28 mas01 sh[16938]: 2018-07-12 05:47:28 regiond: [info] 192.168.11.39 GET /MAAS/metadata/2012-03-01/meta-data/instance-id HTTP/1.1 --> 200 OK (referrer: -; agent: Cloud-Init/18.2)
Jul 12 05:47:28 mas01 sh[16671]: 2018-07-12 05:47:28 regiond: [info] 192.168.11.40 POST /MAAS/metadata/status/eggmf3 HTTP/1.1 --> 204 NO_CONTENT (referrer: -; agent: python-requests/2.9.1)
Jul 12 05:47:28 mas01 sh[16675]: 2018-07-12 05:47:28 regiond: [info] 192.168.11.40 POST /MAAS/metadata/status/eggmf3 HTTP/1.1 --> 204 NO_CONTENT (referrer: -; agent: python-requests/2.9.1)
Jul 12 05:47:28 mas01 sh[16679]: 2018-07-12 05:47:28 regiond: [info] 192.168.11.40 POST /MAAS/metadata/status/eggmf3 HTTP/1.1 --> 204 NO_CONTENT (referrer: -; agent: python-requests/2.9.1)
Jul 12 05:47:28 mas01 sh[16938]: 2018-07-12 05:47:28 regiond: [info] 192.168.11.39 GET /MAAS/metadata/2012-03-01/meta-data/instance-id HTTP/1.1 --> 200 OK (referrer: -; agent: python-requests/2.9.1)
Jul 12 05:47:28 mas01 sh[16938]: 2018-07-12 05:47:28 regiond: [info] 192.168.11.37 POST /MAAS/metadata/status/s4d4fx HTTP/1.1 --> 204 NO_CONTENT (referrer: -; agent: python-requests/2.9.1)
Jul 12 05:47:28 mas01 sh[16938]: 2018-07-12 05:47:28 regiond: [info] 192.168.11.37 POST /MAAS/metadata/status/s4d4fx HTTP/1.1 --> 204 NO_CONTENT (referrer: -; agent: python-requests/2.9.1)
Jul 12 05:47:28 mas01 sh[16679]: 2018-07-12 05:47:28 regiond: [info] 192.168.11.37 POST /MAAS/metadata/status/s4d4fx HTTP/1.1 --> 204 NO_CONTENT (referrer: -; agent: python-requests/2.9.1)
Jul 12 05:47:28 mas01 sh[16675]: 2018-07-12 05:47:28 regiond: [info] 192.168.11.40 GET /MAAS/metadata/2012-03-01/meta-data/instance-id HTTP/1.1 --> 200 OK (referrer: -; agent: Cloud-Init/18.2)
Jul 12 05:47:28 mas01 sh[16938]: 2018-07-12 05:47:28 regiond: [info] 192.168.11.39 GET /MAAS/metadata/2012-03-01/meta-data/local-hostname HTTP/1.1 --> 200 OK (referrer: -; agent: python-requests/2.9.1)
Jul 12 05:47:28 mas01 sh[16671]: 2018-07-12 05:47:28 regiond: [info] 192.168.11.37 GET /MAAS/metadata/2012-03-01/meta-data/instance-id HTTP/1.1 --> 200 OK (referrer: -; agent: Cloud-Init/18.2)
Jul 12 05:47:28 mas01 sh[16671]: 2018-07-12 05:47:28 regiond: [info] 192.168.11.40 GET /MAAS/metadata/2012-03-01/meta-data/instance-id HTTP/1.1 --> 200 OK (referrer: -; agent: python-requests/2.9.1)
Jul 12 05:47:28 mas01 sh[16938]: 2018-07-12 05:47:28 regiond: [info] 192.168.11.39 GET /MAAS/metadata/2012-03-01/meta-data/public-keys HTTP/1.1 --> 200 OK (referrer: -; agent: python-requests/2.9.1)
Jul 12 05:47:28 mas01 sh[16679]: 2018-07-12 05:47:28 regiond: [info] 192.168.11.37 GET /MAAS/metadata/2012-03-01/meta-data/instance-id HTTP/1.1 --> 200 OK (referrer: -; agent: python-requests/2.9.1)
Jul 12 05:47:28 mas01 sh[16671]: 2018-07-12 05:47:28 regiond: [info] 192.168.11.40 GET /MAAS/metadata/2012-03-01/meta-data/local-hostname HTTP/1.1 --> 200 OK (referrer: -; agent: python-requests/2.9.1)
Jul 12 05:47:28 mas01 sh[16675]: 2018-07-12 05:47:28 regiond: [info] 192.168.11.39 GET /MAAS/metadata/2012-03-01/meta-data/vendor-data HTTP/1.1 --> 200 OK (referrer: -; agent: python-requests/2.9.1)
Jul 12 05:47:29 mas01 sh[16938]: 2018-07-12 05:47:29 regiond: [info] 192.168.11.37 GET /MAAS/metadata/2012-03-01/meta-data/local-hostname HTTP/1.1 --> 200 OK (referrer: -; agent: python-requests/2.9.1)
Jul 12 05:47:29 mas01 sh[16679]: 2018-07-12 05:47:29 regiond: [info] 192.168.11.40 GET /MAAS/metadata/2012-03-01/meta-data/public-keys HTTP/1.1 --> 200 OK (referrer: -; agent: python-requests/2.9.1)
Jul 12 05:47:29 mas01 sh[16671]: 2018-07-12 05:47:29 regiond: [info] 192.168.11.39 GET /MAAS/metadata/2012-03-01/user-data HTTP/1.1 --> 200 OK (referrer: -; agent: python-requests/2.9.1)
Jul 12 05:47:29 mas01 sh[16675]: 2018-07-12 05:47:29 regiond: [info] 192.168.11.39 POST /MAAS/metadata/status/b7pxr7 HTTP/1.1 --> 204 NO_CONTENT (referrer: -; agent: python-requests/2.9.1)
Jul 12 05:47:29 mas01 sh[16675]: 2018-07-12 05:47:29 regiond: [info] 192.168.11.40 GET /MAAS/metadata/2012-03-01/meta-data/vendor-data HTTP/1.1 --> 200 OK (referrer: -; agent: python-requests/2.9.1)
Jul 12 05:47:29 mas01 sh[16671]: 2018-07-12 05:47:29 regiond: [info] 192.168.11.37 GET /MAAS/metadata/2012-03-01/meta-data/vendor-data HTTP/1.1 --> 200 OK (referrer: -; agent: python-requests/2.9.1)
Jul 12 05:47:29 mas01 sh[16679]: 2018-07-12 05:47:29 regiond: [info] 192.168.11.39 POST /MAAS/metadata/status/b7pxr7 HTTP/1.1 --> 204 NO_CONTENT (referrer: -; agent: python-requests/2.9.1)
Jul 12 05:47:29 mas01 sh[16679]: 2018-07-12 05:47:29 regiond: [info] 192.168.11.39 POST /MAAS/metadata/status/b7pxr7 HTTP/1.1 --> 204 NO_CONTENT (referrer: -; agent: python-requests/2.9.1)
Jul 12 05:47:29 mas01 sh[16675]: 2018-07-12 05:47:29 regiond: [info] 192.168.11.40 GET /MAAS/metadata/2012-03-01/user-data HTTP/1.1 --> 200 OK (referrer: -; agent: python-requests/2.9.1)
Jul 12 05:47:29 mas01 sh[16679]: 2018-07-12 05:47:29 regiond: [info] 192.168.11.39 POST /MAAS/metadata/status/b7pxr7 HTTP/1.1 --> 204 NO_CONTENT (referrer: -; agent: python-requests/2.9.1)
Jul 12 05:47:29 mas01 sh[16675]: 2018-07-12 05:47:29 regiond: [info] 192.168.11.40 POST /MAAS/metadata/status/eggmf3 HTTP/1.1 --> 204 NO_CONTENT (referrer: -; agent: python-requests/2.9.1)
Jul 12 05:47:29 mas01 sh[16675]: 2018-07-12 05:47:29 regiond: [info] 192.168.11.39 POST /MAAS/metadata/status/b7pxr7 HTTP/1.1 --> 204 NO_CONTENT (referrer: -; agent: python-requests/2.9.1)
Jul 12 05:47:29 mas01 sh[16671]: 2018-07-12 05:47:29 regiond: [info] 192.168.11.37 POST /MAAS/metadata/status/s4d4fx HTTP/1.1 --> 204 NO_CONTENT (referrer: -; agent: python-requests/2.9.1)
Jul 12 05:47:29 mas01 sh[16679]: 2018-07-12 05:47:29 regiond: [info] 192.168.11.40 POST /MAAS/metadata/status/eggmf3 HTTP/1.1 --> 204 NO_CONTENT (referrer: -; agent: python-requests/2.9.1)
Jul 12 05:47:29 mas01 sh[16675]: 2018-07-12 05:47:29 regiond: [info] 192.168.11.40 POST /MAAS/metadata/status/eggmf3 HTTP/1.1 --> 204 NO_CONTENT (referrer: -; agent: python-requests/2.9.1)
Jul 12 05:47:29 mas01 sh[16679]: 2018-07-12 05:47:29 regiond: [info] 192.168.11.40 POST /MAAS/metadata/status/eggmf3 HTTP/1.1 --> 204 NO_CONTENT (referrer: -; agent: python-requests/2.9.1)
Jul 12 05:47:29 mas01 sh[16671]: 2018-07-12 05:47:29 regiond: [info] 192.168.11.40 POST /MAAS/metadata/status/eggmf3 HTTP/1.1 --> 204 NO_CONTENT (referrer: -; agent: python-requests/2.9.1)
Jul 12 05:47:29 mas01 sh[16671]: 2018-07-12 05:47:29 regiond: [info] 192.168.11.37 POST /MAAS/metadata/status/s4d4fx HTTP/1.1 --> 204 NO_CONTENT (referrer: -; agent: python-requests/2.9.1)
Jul 12 05:47:29 mas01 sh[16671]: 2018-07-12 05:47:29 regiond: [info] 192.168.11.37 POST /MAAS/metadata/status/s4d4fx HTTP/1.1 --> 204 NO_CONTENT (referrer: -; agent: python-requests/2.9.1)
Jul 12 05:47:29 mas01 sh[16679]: 2018-07-12 05:47:29 regiond: [info] 192.168.11.39 POST /MAAS/metadata/status/b7pxr7 HTTP/1.1 --> 204 NO_CONTENT (referrer: -; agent: python-requests/2.9.1)
Jul 12 05:47:29 mas01 sh[16675]: 2018-07-12 05:47:29 regiond: [info] 192.168.11.37 POST /MAAS/metadata/status/s4d4fx HTTP/1.1 --> 204 NO_CONTENT (referrer: -; agent: python-requests/2.9.1)
Jul 12 05:47:29 mas01 sh[16675]: 2018-07-12 05:47:29 regiond: [info] 192.168.11.39 POST /MAAS/metadata/status/b7pxr7 HTTP/1.1 --> 204 NO_CONTENT (referrer: -; agent: python-requests/2.9.1)
Jul 12 05:47:29 mas01 sh[16679]: 2018-07-12 05:47:29 regiond: [info] 192.168.11.39 POST /MAAS/metadata/status/b7pxr7 HTTP/1.1 --> 204 NO_CONTENT (referrer: -; agent: python-requests/2.9.1)
Jul 12 05:47:29 mas01 sh[16671]: 2018-07-12 05:47:29 regiond: [info] 192.168.11.37 POST /MAAS/metadata/status/s4d4fx HTTP/1.1 --> 204 NO_CONTENT (referrer: -; agent: python-requests/2.9.1)
Jul 12 05:47:29 mas01 sh[16679]: 2018-07-12 05:47:29 regiond: [info] 192.168.11.39 POST /MAAS/metadata/status/b7pxr7 HTTP/1.1 --> 204 NO_CONTENT (referrer: -; agent: python-requests/2.9.1)
Jul 12 05:47:29 mas01 sh[16938]: 2018-07-12 05:47:29 regiond: [info] 192.168.11.39 POST /MAAS/metadata/status/b7pxr7 HTTP/1.1 --> 204 NO_CONTENT (referrer: -; agent: python-requests/2.9.1)
Jul 12 05:47:29 mas01 sh[16938]: 2018-07-12 05:47:29 regiond: [info] 192.168.11.39 POST /MAAS/metadata/status/b7pxr7 HTTP/1.1 --> 204 NO_CONTENT (referrer: -; agent: python-requests/2.9.1)
Jul 12 05:47:29 mas01 sh[16671]: 2018-07-12 05:47:29 regiond: [info] 192.168.11.39 POST /MAAS/metadata/status/b7pxr7 HTTP/1.1 --> 204 NO_CONTENT (referrer: -; agent: python-requests/2.9.1)
Jul 12 05:47:29 mas01 sh[16938]: 2018-07-12 05:47:29 regiond: [info] 192.168.11.39 POST /MAAS/metadata/status/b7pxr7 HTTP/1.1 --> 204 NO_CONTENT (referrer: -; agent: python-requests/2.9.1)
Jul 12 05:47:29 mas01 sh[16938]: 2018-07-12 05:47:29 regiond: [info] 192.168.11.39 POST /MAAS/metadata/status/b7pxr7 HTTP/1.1 --> 204 NO_CONTENT (referrer: -; agent: python-requests/2.9.1)
Jul 12 05:47:29 mas01 sh[16675]: 2018-07-12 05:47:29 regiond: [info] 192.168.11.39 POST /MAAS/metadata/status/b7pxr7 HTTP/1.1 --> 204 NO_CONTENT (referrer: -; agent: python-requests/2.9.1)
Jul 12 05:47:29 mas01 sh[16938]: 2018-07-12 05:47:29 regiond: [info] 192.168.11.39 POST /MAAS/metadata/status/b7pxr7 HTTP/1.1 --> 204 NO_CONTENT (referrer: -; agent: python-requests/2.9.1)
Jul 12 05:47:29 mas01 sh[16675]: 2018-07-12 05:47:29 regiond: [info] 192.168.11.39 POST /MAAS/metadata/status/b7pxr7 HTTP/1.1 --> 204 NO_CONTENT (referrer: -; agent: python-requests/2.9.1)
Jul 12 05:47:29 mas01 sh[16679]: 2018-07-12 05:47:29 regiond: [info] 192.168.11.39 POST /MAAS/metadata/status/b7pxr7 HTTP/1.1 --> 204 NO_CONTENT (referrer: -; agent: python-requests/2.9.1)
Jul 12 05:47:29 mas01 sh[16679]: 2018-07-12 05:47:29 regiond: [info] 192.168.11.39 POST /MAAS/metadata/status/b7pxr7 HTTP/1.1 --> 204 NO_CONTENT (referrer: -; agent: python-requests/2.9.1)
Jul 12 05:47:29 mas01 sh[16675]: 2018-07-12 05:47:29 regiond: [info] 192.168.11.39 POST /MAAS/metadata/status/b7pxr7 HTTP/1.1 --> 204 NO_CONTENT (referrer: -; agent: python-requests/2.9.1)
Jul 12 05:47:29 mas01 sh[16938]: 2018-07-12 05:47:29 regiond: [info] 192.168.11.39 POST /MAAS/metadata/status/b7pxr7 HTTP/1.1 --> 204 NO_CONTENT (referrer: -; agent: python-requests/2.9.1)
Jul 12 05:47:29 mas01 sh[16679]: 2018-07-12 05:47:29 regiond: [info] 192.168.11.39 POST /MAAS/metadata/status/b7pxr7 HTTP/1.1 --> 204 NO_CONTENT (referrer: -; agent: python-requests/2.9.1)
Jul 12 05:47:29 mas01 sh[16679]: 2018-07-12 05:47:29 regiond: [info] 192.168.11.39 POST /MAAS/metadata/status/b7pxr7 HTTP/1.1 --> 204 NO_CONTENT (referrer: -; agent: python-requests/2.9.1)
Jul 12 05:47:29 mas01 sh[16938]: 2018-07-12 05:47:29 regiond: [info] 192.168.11.39 POST /MAAS/metadata/status/b7pxr7 HTTP/1.1 --> 204 NO_CONTENT (referrer: -; agent: python-requests/2.9.1)
Jul 12 05:47:29 mas01 sh[16671]: 2018-07-12 05:47:29 regiond: [info] 192.168.11.40 POST /MAAS/metadata/status/eggmf3 HTTP/1.1 --> 204 NO_CONTENT (referrer: -; agent: python-requests/2.9.1)
Jul 12 05:47:29 mas01 sh[16938]: 2018-07-12 05:47:29 regiond: [info] 192.168.11.39 POST /MAAS/metadata/status/b7pxr7 HTTP/1.1 --> 204 NO_CONTENT (referrer: -; agent: python-requests/2.9.1)
Jul 12 05:47:29 mas01 sh[16679]: 2018-07-12 05:47:29 regiond: [info] 192.168.11.40 POST /MAAS/metadata/status/eggmf3 HTTP/1.1 --> 204 NO_CONTENT (referrer: -; agent: python-requests/2.9.1)
Jul 12 05:47:29 mas01 sh[16938]: 2018-07-12 05:47:29 regiond: [info] 192.168.11.39 POST /MAAS/metadata/status/b7pxr7 HTTP/1.1 --> 204 NO_CONTENT (referrer: -; agent: python-requests/2.9.1)
Jul 12 05:47:29 mas01 sh[16938]: 2018-07-12 05:47:29 regiond: [info] 192.168.11.40 POST /MAAS/metadata/status/eggmf3 HTTP/1.1 --> 204 NO_CONTENT (referrer: -; agent: python-requests/2.9.1)
Jul 12 05:47:29 mas01 sh[16671]: 2018-07-12 05:47:29 regiond: [info] 192.168.11.40 POST /MAAS/metadata/status/eggmf3 HTTP/1.1 --> 204 NO_CONTENT (referrer: -; agent: python-requests/2.9.1)
Jul 12 05:47:29 mas01 sh[16938]: 2018-07-12 05:47:29 regiond: [info] 192.168.11.39 POST /MAAS/metadata/status/b7pxr7 HTTP/1.1 --> 204 NO_CONTENT (referrer: -; agent: python-requests/2.9.1)
Jul 12 05:47:29 mas01 sh[16679]: 2018-07-12 05:47:29 regiond: [info] 192.168.11.39 POST /MAAS/metadata/status/b7pxr7 HTTP/1.1 --> 204 NO_CONTENT (referrer: -; agent: python-requests/2.9.1)
Jul 12 05:47:29 mas01 sh[16938]: 2018-07-12 05:47:29 regiond: [info] 192.168.11.40 POST /MAAS/metadata/status/eggmf3 HTTP/1.1 --> 204 NO_CONTENT (referrer: -; agent: python-requests/2.9.1)
Jul 12 05:47:29 mas01 sh[16679]: 2018-07-12 05:47:29 regiond: [info] 192.168.11.39 POST /MAAS/metadata/status/b7pxr7 HTTP/1.1 --> 204 NO_CONTENT (referrer: -; agent: python-requests/2.9.1)
Jul 12 05:47:29 mas01 sh[16679]: 2018-07-12 05:47:29 regiond: [info] 192.168.11.40 POST /MAAS/metadata/status/eggmf3 HTTP/1.1 --> 204 NO_CONTENT (referrer: -; agent: python-requests/2.9.1)
Jul 12 05:47:29 mas01 sh[16679]: 2018-07-12 05:47:29 regiond: [info] 192.168.11.39 POST /MAAS/metadata/status/b7pxr7 HTTP/1.1 --> 204 NO_CONTENT (referrer: -; agent: python-requests/2.9.1)
Jul 12 05:47:29 mas01 sh[16938]: 2018-07-12 05:47:29 regiond: [info] 192.168.11.40 POST /MAAS/metadata/status/eggmf3 HTTP/1.1 --> 204 NO_CONTENT (referrer: -; agent: python-requests/2.9.1)
Jul 12 05:47:29 mas01 sh[16671]: 2018-07-12 05:47:29 regiond: [info] 192.168.11.36 GET /MAAS/metadata/2012-03-01/maas-scripts/ HTTP/1.1 --> 200 OK (referrer: -; agent: Python-urllib/3.5)
Jul 12 05:47:29 mas01 sh[16671]: 2018-07-12 05:47:29 regiond: [info] 192.168.11.39 POST /MAAS/metadata/status/b7pxr7 HTTP/1.1 --> 204 NO_CONTENT (referrer: -; agent: python-requests/2.9.1)
Jul 12 05:47:29 mas01 sh[16671]: 2018-07-12 05:47:29 regiond: [info] 192.168.11.40 POST /MAAS/metadata/status/eggmf3 HTTP/1.1 --> 204 NO_CONTENT (referrer: -; agent: python-requests/2.9.1)
Jul 12 05:47:29 mas01 sh[16938]: 2018-07-12 05:47:29 regiond: [info] 192.168.11.39 POST /MAAS/metadata/status/b7pxr7 HTTP/1.1 --> 204 NO_CONTENT (referrer: -; agent: python-requests/2.9.1)
Jul 12 05:47:29 mas01 sh[16679]: 2018-07-12 05:47:29 regiond: [info] 192.168.11.40 POST /MAAS/metadata/status/eggmf3 HTTP/1.1 --> 204 NO_CONTENT (referrer: -; agent: python-requests/2.9.1)
Jul 12 05:47:29 mas01 sh[16938]: 2018-07-12 05:47:29 regiond: [info] 192.168.11.36 POST /MAAS/metadata/2012-03-01/ HTTP/1.1 --> 200 OK (referrer: -; agent: Python-urllib/3.5)
Jul 12 05:47:29 mas01 sh[16671]: 2018-07-12 05:47:29 regiond: [info] 192.168.11.40 POST /MAAS/metadata/status/eggmf3 HTTP/1.1 --> 204 NO_CONTENT (referrer: -; agent: python-requests/2.9.1)
Jul 12 05:47:29 mas01 sh[16679]: 2018-07-12 05:47:29 regiond: [info] 192.168.11.40 POST /MAAS/metadata/status/eggmf3 HTTP/1.1 --> 204 NO_CONTENT (referrer: -; agent: python-requests/2.9.1)
Jul 12 05:47:29 mas01 sh[16679]: 2018-07-12 05:47:29 regiond: [info] 192.168.11.37 POST /MAAS/metadata/status/s4d4fx HTTP/1.1 --> 204 NO_CONTENT (referrer: -; agent: python-requests/2.9.1)
Jul 12 05:47:29 mas01 sh[16938]: 2018-07-12 05:47:29 regiond: [info] 192.168.11.40 POST /MAAS/metadata/status/eggmf3 HTTP/1.1 --> 204 NO_CONTENT (referrer: -; agent: python-requests/2.9.1)
Jul 12 05:47:29 mas01 sh[16675]: 2018-07-12 05:47:29 regiond: [info] 192.168.11.37 POST /MAAS/metadata/status/s4d4fx HTTP/1.1 --> 204 NO_CONTENT (referrer: -; agent: python-requests/2.9.1)
Jul 12 05:47:29 mas01 sh[16675]: 2018-07-12 05:47:29 regiond: [info] 192.168.11.37 POST /MAAS/metadata/status/s4d4fx HTTP/1.1 --> 204 NO_CONTENT (referrer: -; agent: python-requests/2.9.1)
Jul 12 05:47:29 mas01 sh[16671]: 2018-07-12 05:47:29 regiond: [info] 192.168.11.40 POST /MAAS/metadata/status/eggmf3 HTTP/1.1 --> 204 NO_CONTENT (referrer: -; agent: python-requests/2.9.1)
Jul 12 05:47:29 mas01 sh[16679]: 2018-07-12 05:47:29 regiond: [info] 192.168.11.37 POST /MAAS/metadata/status/s4d4fx HTTP/1.1 --> 204 NO_CONTENT (referrer: -; agent: python-requests/2.9.1)
Jul 12 05:47:29 mas01 sh[16671]: 2018-07-12 05:47:29 regiond: [info] 192.168.11.40 POST /MAAS/metadata/status/eggmf3 HTTP/1.1 --> 204 NO_CONTENT (referrer: -; agent: python-requests/2.9.1)
Jul 12 05:47:29 mas01 sh[16671]: 2018-07-12 05:47:29 regiond: [info] 192.168.11.37 POST /MAAS/metadata/status/s4d4fx HTTP/1.1 --> 204 NO_CONTENT (referrer: -; agent: python-requests/2.9.1)
Jul 12 05:47:29 mas01 sh[16671]: 2018-07-12 05:47:29 regiond: [info] 192.168.11.39 POST /MAAS/metadata/status/b7pxr7 HTTP/1.1 --> 204 NO_CONTENT (referrer: -; agent: python-requests/2.9.1)
Jul 12 05:47:29 mas01 sh[16671]: 2018-07-12 05:47:29 regiond: [info] 192.168.11.40 POST /MAAS/metadata/status/eggmf3 HTTP/1.1 --> 204 NO_CONTENT (referrer: -; agent: python-requests/2.9.1)
Jul 12 05:47:29 mas01 sh[16679]: 2018-07-12 05:47:29 regiond: [info] 192.168.11.37 POST /MAAS/metadata/status/s4d4fx HTTP/1.1 --> 204 NO_CONTENT (referrer: -; agent: python-requests/2.9.1)
Jul 12 05:47:29 mas01 sh[16679]: 2018-07-12 05:47:29 regiond: [info] 192.168.11.39 POST /MAAS/metadata/status/b7pxr7 HTTP/1.1 --> 204 NO_CONTENT (referrer: -; agent: python-requests/2.9.1)
Jul 12 05:47:29 mas01 sh[16671]: 2018-07-12 05:47:29 regiond: [info] 192.168.11.40 POST /MAAS/metadata/status/eggmf3 HTTP/1.1 --> 204 NO_CONTENT (referrer: -; agent: python-requests/2.9.1)
Jul 12 05:47:29 mas01 sh[16938]: 2018-07-12 05:47:29 regiond: [info] 192.168.11.37 POST /MAAS/metadata/status/s4d4fx HTTP/1.1 --> 204 NO_CONTENT (referrer: -; agent: python-requests/2.9.1)
Jul 12 05:47:29 mas01 sh[16675]: 2018-07-12 05:47:29 regiond: [info] 192.168.11.40 POST /MAAS/metadata/status/eggmf3 HTTP/1.1 --> 204 NO_CONTENT (referrer: -; agent: python-requests/2.9.1)
Jul 12 05:47:29 mas01 sh[16675]: 2018-07-12 05:47:29 regiond: [info] 192.168.11.37 POST /MAAS/metadata/status/s4d4fx HTTP/1.1 --> 204 NO_CONTENT (referrer: -; agent: python-requests/2.9.1)
Jul 12 05:47:29 mas01 sh[16679]: 2018-07-12 05:47:29 regiond: [info] 192.168.11.40 POST /MAAS/metadata/status/eggmf3 HTTP/1.1 --> 204 NO_CONTENT (referrer: -; agent: python-requests/2.9.1)
Jul 12 05:47:29 mas01 sh[16679]: 2018-07-12 05:47:29 regiond: [info] 192.168.11.37 POST /MAAS/metadata/status/s4d4fx HTTP/1.1 --> 204 NO_CONTENT (referrer: -; agent: python-requests/2.9.1)
Jul 12 05:47:29 mas01 sh[16679]: 2018-07-12 05:47:29 regiond: [info] 192.168.11.40 POST /MAAS/metadata/status/eggmf3 HTTP/1.1 --> 204 NO_CONTENT (referrer: -; agent: python-requests/2.9.1)
Jul 12 05:47:29 mas01 sh[16675]: 2018-07-12 05:47:29 regiond: [info] 192.168.11.40 POST /MAAS/metadata/status/eggmf3 HTTP/1.1 --> 204 NO_CONTENT (referrer: -; agent: python-requests/2.9.1)
Jul 12 05:47:29 mas01 sh[16675]: 2018-07-12 05:47:29 regiond: [info] 192.168.11.40 POST /MAAS/metadata/status/eggmf3 HTTP/1.1 --> 204 NO_CONTENT (referrer: -; agent: python-requests/2.9.1)
Jul 12 05:47:29 mas01 sh[16671]: 2018-07-12 05:47:29 regiond: [info] 192.168.11.37 POST /MAAS/metadata/status/s4d4fx HTTP/1.1 --> 204 NO_CONTENT (referrer: -; agent: python-requests/2.9.1)
Jul 12 05:47:29 mas01 sh[16938]: 2018-07-12 05:47:29 regiond: [info] 192.168.11.40 POST /MAAS/metadata/status/eggmf3 HTTP/1.1 --> 204 NO_CONTENT (referrer: -; agent: python-requests/2.9.1)
Jul 12 05:47:29 mas01 sh[16938]: 2018-07-12 05:47:29 regiond: [info] 192.168.11.40 POST /MAAS/metadata/status/eggmf3 HTTP/1.1 --> 204 NO_CONTENT (referrer: -; agent: python-requests/2.9.1)
Jul 12 05:47:29 mas01 sh[16679]: 2018-07-12 05:47:29 regiond: [info] 192.168.11.37 POST /MAAS/metadata/status/s4d4fx HTTP/1.1 --> 204 NO_CONTENT (referrer: -; agent: python-requests/2.9.1)
Jul 12 05:47:29 mas01 sh[16679]: 2018-07-12 05:47:29 regiond: [info] 192.168.11.40 POST /MAAS/metadata/status/eggmf3 HTTP/1.1 --> 204 NO_CONTENT (referrer: -; agent: python-requests/2.9.1)
Jul 12 05:47:29 mas01 sh[16679]: 2018-07-12 05:47:29 regiond: [info] 192.168.11.40 POST /MAAS/metadata/status/eggmf3 HTTP/1.1 --> 204 NO_CONTENT (referrer: -; agent: python-requests/2.9.1)
Jul 12 05:47:29 mas01 sh[16675]: 2018-07-12 05:47:29 regiond: [info] 192.168.11.37 POST /MAAS/metadata/status/s4d4fx HTTP/1.1 --> 204 NO_CONTENT (referrer: -; agent: python-requests/2.9.1)
Jul 12 05:47:29 mas01 sh[16679]: 2018-07-12 05:47:29 regiond: [info] 192.168.11.37 POST /MAAS/metadata/status/s4d4fx HTTP/1.1 --> 204 NO_CONTENT (referrer: -; agent: python-requests/2.9.1)
Jul 12 05:47:29 mas01 sh[16679]: 2018-07-12 05:47:29 regiond: [info] 192.168.11.40 POST /MAAS/metadata/status/eggmf3 HTTP/1.1 --> 204 NO_CONTENT (referrer: -; agent: python-requests/2.9.1)
Jul 12 05:47:29 mas01 sh[16679]: 2018-07-12 05:47:29 regiond: [info] 192.168.11.37 POST /MAAS/metadata/status/s4d4fx HTTP/1.1 --> 204 NO_CONTENT (referrer: -; agent: python-requests/2.9.1)
Jul 12 05:47:29 mas01 sh[16675]: 2018-07-12 05:47:29 regiond: [info] 192.168.11.37 POST /MAAS/metadata/status/s4d4fx HTTP/1.1 --> 204 NO_CONTENT (referrer: -; agent: python-requests/2.9.1)
Jul 12 05:47:29 mas01 sh[16671]: 2018-07-12 05:47:29 regiond: [info] 192.168.11.40 POST /MAAS/metadata/status/eggmf3 HTTP/1.1 --> 204 NO_CONTENT (referrer: -; agent: python-requests/2.9.1)
Jul 12 05:47:29 mas01 sh[16671]: 2018-07-12 05:47:29 regiond: [info] 192.168.11.37 POST /MAAS/metadata/status/s4d4fx HTTP/1.1 --> 204 NO_CONTENT (referrer: -; agent: python-requests/2.9.1)
Jul 12 05:47:29 mas01 sh[16675]: 2018-07-12 05:47:29 regiond: [info] 192.168.11.37 POST /MAAS/metadata/status/s4d4fx HTTP/1.1 --> 204 NO_CONTENT (referrer: -; agent: python-requests/2.9.1)
